I0507 20:05:15.827956 673 consensus_queue.cc:227] T 7161aaf1a71d455883ef478337dfaf19 P d1bf0f72a88f4483a1906bc8246849dd [NON_LEADER]: Queue going to NON_LEADER mode. State: All replicated index: 0, Majority replicated index: 0, Committed index: 0, Last appended: 0.0, Last appended by leader: 0, Current term: 0, Majority size: -1, State: 0, Mode: NON_LEADER, active raft config: opid_index: -1 OBSOLETE_local: false peers { permanent_uuid: "5014824b94b64fd49da2c1a645c078aa" member_type: VOTER last_known_addr { host: "127.0.52.194" port: 43942 } } peers { permanent_uuid: "d1bf0f72a88f4483a1906bc8246849dd" member_type: VOTER last_known_addr { host: "127.0.52.193" port: 46057 } } peers { permanent_uuid: "b5e887ddd8a14cf3b2c24a0aa14be025" member_type: VOTER last_known_addr { host: "127.0.52.195" port: 38453 } }
W0507 20:05:15.829473 420 leader_election.cc:292] T 7161aaf1a71d455883ef478337dfaf19 P 5014824b94b64fd49da2c1a645c078aa [CANDIDATE]: Term 1 election: Tablet error from VoteRequest() call to peer d1bf0f72a88f4483a1906bc8246849dd: Illegal state: must be running to vote when last-logged opid is not known
W0507 20:05:15.830251 420 leader_election.cc:292] T d80f4fae4b9f4d238f7f626507290390 P 5014824b94b64fd49da2c1a645c078aa [CANDIDATE]: Term 1 pre-election: Tablet error from VoteRequest() call to peer d1bf0f72a88f4483a1906bc8246849dd: Illegal state: must be running to vote when last-logged opid is not known
I0507 20:05:15.832355 679 raft_consensus.cc:435] T 7161aaf1a71d455883ef478337dfaf19 P d1bf0f72a88f4483a1906bc8246849dd [term 0 FOLLOWER]: Starting pre-election (no leader contacted us within the election timeout)
I0507 20:05:15.832459 679 raft_consensus.cc:2704] T 7161aaf1a71d455883ef478337dfaf19 P d1bf0f72a88f4483a1906bc8246849dd: Snoozing failure detection for 0.092s (starting election)
I0507 20:05:15.832546 679 raft_consensus.cc:457] T 7161aaf1a71d455883ef478337dfaf19 P d1bf0f72a88f4483a1906bc8246849dd [term 0 FOLLOWER]: Starting pre-election with config: opid_index: -1 OBSOLETE_local: false peers { permanent_uuid: "5014824b94b64fd49da2c1a645c078aa" member_type: VOTER last_known_addr { host: "127.0.52.194" port: 43942 } } peers { permanent_uuid: "d1bf0f72a88f4483a1906bc8246849dd" member_type: VOTER last_known_addr { host: "127.0.52.193" port: 46057 } } peers { permanent_uuid: "b5e887ddd8a14cf3b2c24a0aa14be025" member_type: VOTER last_known_addr { host: "127.0.52.195" port: 38453 } }
I0507 20:05:15.833535 679 leader_election.cc:230] T 7161aaf1a71d455883ef478337dfaf19 P d1bf0f72a88f4483a1906bc8246849dd [CANDIDATE]: Term 1 pre-election: Requesting pre-vote from peer 5014824b94b64fd49da2c1a645c078aa
I0507 20:05:15.833712 363 raft_consensus.cc:2219] T a0376a5e3b9f495aa00d366b35594a27 P d1bf0f72a88f4483a1906bc8246849dd [term 1 FOLLOWER]: Leader election vote request: Granting yes vote for candidate 5014824b94b64fd49da2c1a645c078aa in term 1.
I0507 20:05:15.833900 679 leader_election.cc:230] T 7161aaf1a71d455883ef478337dfaf19 P d1bf0f72a88f4483a1906bc8246849dd [CANDIDATE]: Term 1 pre-election: Requesting pre-vote from peer b5e887ddd8a14cf3b2c24a0aa14be025
I0507 20:05:15.834503 420 leader_election.cc:362] T a0376a5e3b9f495aa00d366b35594a27 P 5014824b94b64fd49da2c1a645c078aa [CANDIDATE]: Term 1 election: Vote granted by peer d1bf0f72a88f4483a1906bc8246849dd
I0507 20:05:15.834604 420 leader_election.cc:257] T a0376a5e3b9f495aa00d366b35594a27 P 5014824b94b64fd49da2c1a645c078aa [CANDIDATE]: Term 1 election: Election decided. Result: candidate won.
I0507 20:05:15.838786 683 raft_consensus.cc:2704] T d80f4fae4b9f4d238f7f626507290390 P 5014824b94b64fd49da2c1a645c078aa: Snoozing failure detection for 0.096s (election complete)
I0507 20:05:15.839174 683 raft_consensus.cc:2459] T d80f4fae4b9f4d238f7f626507290390 P 5014824b94b64fd49da2c1a645c078aa [term 1 FOLLOWER]: Leader election lost for term 1. Reason: could not achieve majority
I0507 20:05:15.839821 673 ts_tablet_manager.cc:1073] T 7161aaf1a71d455883ef478337dfaf19 P d1bf0f72a88f4483a1906bc8246849dd: Time spent starting tablet: real 0.013s user 0.004s sys 0.000s
I0507 20:05:15.839939 683 raft_consensus.cc:2704] T a0376a5e3b9f495aa00d366b35594a27 P 5014824b94b64fd49da2c1a645c078aa: Snoozing failure detection for 0.095s (election complete)
I0507 20:05:15.839960 673 ts_tablet_manager.cc:1028] T d80f4fae4b9f4d238f7f626507290390 P d1bf0f72a88f4483a1906bc8246849dd: Bootstrapping tablet
I0507 20:05:15.840119 673 tablet_bootstrap.cc:436] T d80f4fae4b9f4d238f7f626507290390 P d1bf0f72a88f4483a1906bc8246849dd: Bootstrap starting.
I0507 20:05:15.840255 683 raft_consensus.cc:2511] T a0376a5e3b9f495aa00d366b35594a27 P 5014824b94b64fd49da2c1a645c078aa [term 1 FOLLOWER]: Leader election won for term 1
I0507 20:05:15.840488 683 raft_consensus.cc:571] T a0376a5e3b9f495aa00d366b35594a27 P 5014824b94b64fd49da2c1a645c078aa [term 1 LEADER]: Becoming Leader. State: Replica: 5014824b94b64fd49da2c1a645c078aa, State: Running, Role: LEADER
I0507 20:05:15.841167 683 consensus_queue.cc:204] T a0376a5e3b9f495aa00d366b35594a27 P 5014824b94b64fd49da2c1a645c078aa [LEADER]: Queue going to LEADER mode. State: All replicated index: 0, Majority replicated index: 0, Committed index: 0, Last appended: 0.0, Last appended by leader: 0, Current term: 1, Majority size: 2, State: 0, Mode: LEADER, active raft config: opid_index: -1 OBSOLETE_local: false peers { permanent_uuid: "b5e887ddd8a14cf3b2c24a0aa14be025" member_type: VOTER last_known_addr { host: "127.0.52.195" port: 38453 } } peers { permanent_uuid: "d1bf0f72a88f4483a1906bc8246849dd" member_type: VOTER last_known_addr { host: "127.0.52.193" port: 46057 } } peers { permanent_uuid: "5014824b94b64fd49da2c1a645c078aa" member_type: VOTER last_known_addr { host: "127.0.52.194" port: 43942 } }
I0507 20:05:15.841681 673 tablet_bootstrap.cc:587] T d80f4fae4b9f4d238f7f626507290390 P d1bf0f72a88f4483a1906bc8246849dd: No blocks or log segments found. Creating new log.
I0507 20:05:15.846860 485 tablet_service.cc:998] Received RequestConsensusVote() RPC: tablet_id: "d80f4fae4b9f4d238f7f626507290390" candidate_uuid: "b5e887ddd8a14cf3b2c24a0aa14be025" candidate_term: 1 candidate_status { last_received { term: 0 index: 0 } } ignore_live_leader: false dest_uuid: "5014824b94b64fd49da2c1a645c078aa"
I0507 20:05:15.847172 485 raft_consensus.cc:2149] T d80f4fae4b9f4d238f7f626507290390 P 5014824b94b64fd49da2c1a645c078aa [term 1 FOLLOWER]: Leader election vote request: Denying vote to candidate b5e887ddd8a14cf3b2c24a0aa14be025 in current term 1: Already voted for candidate 5014824b94b64fd49da2c1a645c078aa in this term.
I0507 20:05:15.847419 673 tablet_bootstrap.cc:436] T d80f4fae4b9f4d238f7f626507290390 P d1bf0f72a88f4483a1906bc8246849dd: No bootstrap required, opened a new log
I0507 20:05:15.847555 673 ts_tablet_manager.cc:1045] T d80f4fae4b9f4d238f7f626507290390 P d1bf0f72a88f4483a1906bc8246849dd: Time spent bootstrapping tablet: real 0.008s user 0.000s sys 0.004s
I0507 20:05:15.847978 541 leader_election.cc:376] T d80f4fae4b9f4d238f7f626507290390 P b5e887ddd8a14cf3b2c24a0aa14be025 [CANDIDATE]: Term 1 election: Vote denied by peer 5014824b94b64fd49da2c1a645c078aa. Message: Invalid argument: T d80f4fae4b9f4d238f7f626507290390 P 5014824b94b64fd49da2c1a645c078aa [term 1 FOLLOWER]: Leader election vote request: Denying vote to candidate b5e887ddd8a14cf3b2c24a0aa14be025 in current term 1: Already voted for candidate 5014824b94b64fd49da2c1a645c078aa in this term.
I0507 20:05:15.848141 541 leader_election.cc:257] T d80f4fae4b9f4d238f7f626507290390 P b5e887ddd8a14cf3b2c24a0aa14be025 [CANDIDATE]: Term 1 election: Election decided. Result: candidate lost.
I0507 20:05:15.848484 684 raft_consensus.cc:2704] T d80f4fae4b9f4d238f7f626507290390 P b5e887ddd8a14cf3b2c24a0aa14be025: Snoozing failure detection for 0.094s (election complete)
I0507 20:05:15.848590 684 raft_consensus.cc:2459] T d80f4fae4b9f4d238f7f626507290390 P b5e887ddd8a14cf3b2c24a0aa14be025 [term 1 FOLLOWER]: Leader election lost for term 1. Reason: could not achieve majority
I0507 20:05:15.848636 673 raft_consensus.cc:303] T d80f4fae4b9f4d238f7f626507290390 P d1bf0f72a88f4483a1906bc8246849dd [term 0 FOLLOWER]: Replica starting. Triggering 0 pending transactions. Active config: opid_index: -1 OBSOLETE_local: false peers { permanent_uuid: "5014824b94b64fd49da2c1a645c078aa" member_type: VOTER last_known_addr { host: "127.0.52.194" port: 43942 } } peers { permanent_uuid: "d1bf0f72a88f4483a1906bc8246849dd" member_type: VOTER last_known_addr { host: "127.0.52.193" port: 46057 } } peers { permanent_uuid: "b5e887ddd8a14cf3b2c24a0aa14be025" member_type: VOTER last_known_addr { host: "127.0.52.195" port: 38453 } }
I0507 20:05:15.848815 673 raft_consensus.cc:329] T d80f4fae4b9f4d238f7f626507290390 P d1bf0f72a88f4483a1906bc8246849dd [term 0 FOLLOWER]: Consensus starting up: Expiring failure detector timer to make a prompt election more likely
I0507 20:05:15.848860 673 raft_consensus.cc:604] T d80f4fae4b9f4d238f7f626507290390 P d1bf0f72a88f4483a1906bc8246849dd [term 0 FOLLOWER]: Becoming Follower/Learner. State: Replica: d1bf0f72a88f4483a1906bc8246849dd, State: Initialized, Role: FOLLOWER
I0507 20:05:15.848927 675 raft_consensus.cc:571] T 7161aaf1a71d455883ef478337dfaf19 P 5014824b94b64fd49da2c1a645c078aa [term 1 LEADER]: Becoming Leader. State: Replica: 5014824b94b64fd49da2c1a645c078aa, State: Running, Role: LEADER
I0507 20:05:15.849040 673 consensus_queue.cc:227] T d80f4fae4b9f4d238f7f626507290390 P d1bf0f72a88f4483a1906bc8246849dd [NON_LEADER]: Queue going to NON_LEADER mode. State: All replicated index: 0, Majority replicated index: 0, Committed index: 0, Last appended: 0.0, Last appended by leader: 0, Current term: 0, Majority size: -1, State: 0, Mode: NON_LEADER, active raft config: opid_index: -1 OBSOLETE_local: false peers { permanent_uuid: "5014824b94b64fd49da2c1a645c078aa" member_type: VOTER last_known_addr { host: "127.0.52.194" port: 43942 } } peers { permanent_uuid: "d1bf0f72a88f4483a1906bc8246849dd" member_type: VOTER last_known_addr { host: "127.0.52.193" port: 46057 } } peers { permanent_uuid: "b5e887ddd8a14cf3b2c24a0aa14be025" member_type: VOTER last_known_addr { host: "127.0.52.195" port: 38453 } }
I0507 20:05:15.849290 675 consensus_queue.cc:204] T 7161aaf1a71d455883ef478337dfaf19 P 5014824b94b64fd49da2c1a645c078aa [LEADER]: Queue going to LEADER mode. State: All replicated index: 0, Majority replicated index: 0, Committed index: 0, Last appended: 0.0, Last appended by leader: 0, Current term: 1, Majority size: 2, State: 0, Mode: LEADER, active raft config: opid_index: -1 OBSOLETE_local: false peers { permanent_uuid: "5014824b94b64fd49da2c1a645c078aa" member_type: VOTER last_known_addr { host: "127.0.52.194" port: 43942 } } peers { permanent_uuid: "d1bf0f72a88f4483a1906bc8246849dd" member_type: VOTER last_known_addr { host: "127.0.52.193" port: 46057 } } peers { permanent_uuid: "b5e887ddd8a14cf3b2c24a0aa14be025" member_type: VOTER last_known_addr { host: "127.0.52.195" port: 38453 } }
I0507 20:05:15.851673 673 ts_tablet_manager.cc:1073] T d80f4fae4b9f4d238f7f626507290390 P d1bf0f72a88f4483a1906bc8246849dd: Time spent starting tablet: real 0.004s user 0.000s sys 0.000s
W0507 20:05:15.856155 530 tablet.cc:1678] T 7161aaf1a71d455883ef478337dfaf19 P 5014824b94b64fd49da2c1a645c078aa: Can't schedule compaction. Clean time has not been advanced past its initial value.
I0507 20:05:15.857195 608 tablet_service.cc:998] Received RequestConsensusVote() RPC: tablet_id: "7161aaf1a71d455883ef478337dfaf19" candidate_uuid: "d1bf0f72a88f4483a1906bc8246849dd" candidate_term: 1 candidate_status { last_received { term: 0 index: 0 } } ignore_live_leader: false dest_uuid: "b5e887ddd8a14cf3b2c24a0aa14be025" is_pre_election: true
I0507 20:05:15.857385 670 tablet_bootstrap.cc:436] T a0376a5e3b9f495aa00d366b35594a27 P b5e887ddd8a14cf3b2c24a0aa14be025: No bootstrap required, opened a new log
I0507 20:05:15.857467 608 raft_consensus.cc:2149] T 7161aaf1a71d455883ef478337dfaf19 P b5e887ddd8a14cf3b2c24a0aa14be025 [term 1 FOLLOWER]: Leader pre-election vote request: Denying vote to candidate d1bf0f72a88f4483a1906bc8246849dd in current term 1: Already voted for candidate 5014824b94b64fd49da2c1a645c078aa in this term.
I0507 20:05:15.858422 670 ts_tablet_manager.cc:1045] T a0376a5e3b9f495aa00d366b35594a27 P b5e887ddd8a14cf3b2c24a0aa14be025: Time spent bootstrapping tablet: real 0.071s user 0.000s sys 0.008s
I0507 20:05:15.859011 297 leader_election.cc:376] T 7161aaf1a71d455883ef478337dfaf19 P d1bf0f72a88f4483a1906bc8246849dd [CANDIDATE]: Term 1 pre-election: Vote denied by peer b5e887ddd8a14cf3b2c24a0aa14be025. Message: Invalid argument: T 7161aaf1a71d455883ef478337dfaf19 P b5e887ddd8a14cf3b2c24a0aa14be025 [term 1 FOLLOWER]: Leader pre-election vote request: Denying vote to candidate d1bf0f72a88f4483a1906bc8246849dd in current term 1: Already voted for candidate 5014824b94b64fd49da2c1a645c078aa in this term.
I0507 20:05:15.859016 485 tablet_service.cc:998] Received RequestConsensusVote() RPC: tablet_id: "7161aaf1a71d455883ef478337dfaf19" candidate_uuid: "d1bf0f72a88f4483a1906bc8246849dd" candidate_term: 1 candidate_status { last_received { term: 0 index: 0 } } ignore_live_leader: false dest_uuid: "5014824b94b64fd49da2c1a645c078aa" is_pre_election: true
I0507 20:05:15.859169 670 raft_consensus.cc:303] T a0376a5e3b9f495aa00d366b35594a27 P b5e887ddd8a14cf3b2c24a0aa14be025 [term 0 FOLLOWER]: Replica starting. Triggering 0 pending transactions. Active config: opid_index: -1 OBSOLETE_local: false peers { permanent_uuid: "b5e887ddd8a14cf3b2c24a0aa14be025" member_type: VOTER last_known_addr { host: "127.0.52.195" port: 38453 } } peers { permanent_uuid: "d1bf0f72a88f4483a1906bc8246849dd" member_type: VOTER last_known_addr { host: "127.0.52.193" port: 46057 } } peers { permanent_uuid: "5014824b94b64fd49da2c1a645c078aa" member_type: VOTER last_known_addr { host: "127.0.52.194" port: 43942 } }
I0507 20:05:15.859359 670 raft_consensus.cc:329] T a0376a5e3b9f495aa00d366b35594a27 P b5e887ddd8a14cf3b2c24a0aa14be025 [term 0 FOLLOWER]: Consensus starting up: Expiring failure detector timer to make a prompt election more likely
I0507 20:05:15.859407 670 raft_consensus.cc:604] T a0376a5e3b9f495aa00d366b35594a27 P b5e887ddd8a14cf3b2c24a0aa14be025 [term 0 FOLLOWER]: Becoming Follower/Learner. State: Replica: b5e887ddd8a14cf3b2c24a0aa14be025, State: Initialized, Role: FOLLOWER
I0507 20:05:15.859583 670 consensus_queue.cc:227] T a0376a5e3b9f495aa00d366b35594a27 P b5e887ddd8a14cf3b2c24a0aa14be025 [NON_LEADER]: Queue going to NON_LEADER mode. State: All replicated index: 0, Majority replicated index: 0, Committed index: 0, Last appended: 0.0, Last appended by leader: 0, Current term: 0, Majority size: -1, State: 0, Mode: NON_LEADER, active raft config: opid_index: -1 OBSOLETE_local: false peers { permanent_uuid: "b5e887ddd8a14cf3b2c24a0aa14be025" member_type: VOTER last_known_addr { host: "127.0.52.195" port: 38453 } } peers { permanent_uuid: "d1bf0f72a88f4483a1906bc8246849dd" member_type: VOTER last_known_addr { host: "127.0.52.193" port: 46057 } } peers { permanent_uuid: "5014824b94b64fd49da2c1a645c078aa" member_type: VOTER last_known_addr { host: "127.0.52.194" port: 43942 } }
W0507 20:05:15.859928 652 tablet.cc:1678] T 7161aaf1a71d455883ef478337dfaf19 P b5e887ddd8a14cf3b2c24a0aa14be025: Can't schedule compaction. Clean time has not been advanced past its initial value.
I0507 20:05:15.861130 670 ts_tablet_manager.cc:1073] T a0376a5e3b9f495aa00d366b35594a27 P b5e887ddd8a14cf3b2c24a0aa14be025: Time spent starting tablet: real 0.003s user 0.004s sys 0.000s
I0507 20:05:15.862498 485 raft_consensus.cc:2180] T 7161aaf1a71d455883ef478337dfaf19 P 5014824b94b64fd49da2c1a645c078aa [term 1 LEADER]: Leader pre-election vote request: Denying vote to candidate d1bf0f72a88f4483a1906bc8246849dd for term 1 because replica is either leader or believes a valid leader to be alive.
I0507 20:05:15.863190 679 raft_consensus.cc:435] T d80f4fae4b9f4d238f7f626507290390 P d1bf0f72a88f4483a1906bc8246849dd [term 0 FOLLOWER]: Starting pre-election (no leader contacted us within the election timeout)
I0507 20:05:15.863214 296 leader_election.cc:376] T 7161aaf1a71d455883ef478337dfaf19 P d1bf0f72a88f4483a1906bc8246849dd [CANDIDATE]: Term 1 pre-election: Vote denied by peer 5014824b94b64fd49da2c1a645c078aa. Message: Invalid argument: T 7161aaf1a71d455883ef478337dfaf19 P 5014824b94b64fd49da2c1a645c078aa [term 1 LEADER]: Leader pre-election vote request: Denying vote to candidate d1bf0f72a88f4483a1906bc8246849dd for term 1 because replica is either leader or believes a valid leader to be alive.
I0507 20:05:15.863287 296 leader_election.cc:257] T 7161aaf1a71d455883ef478337dfaf19 P d1bf0f72a88f4483a1906bc8246849dd [CANDIDATE]: Term 1 pre-election: Election decided. Result: candidate lost.
I0507 20:05:15.863281 679 raft_consensus.cc:2704] T d80f4fae4b9f4d238f7f626507290390 P d1bf0f72a88f4483a1906bc8246849dd: Snoozing failure detection for 0.094s (starting election)
I0507 20:05:15.863354 679 raft_consensus.cc:457] T d80f4fae4b9f4d238f7f626507290390 P d1bf0f72a88f4483a1906bc8246849dd [term 0 FOLLOWER]: Starting pre-election with config: opid_index: -1 OBSOLETE_local: false peers { permanent_uuid: "5014824b94b64fd49da2c1a645c078aa" member_type: VOTER last_known_addr { host: "127.0.52.194" port: 43942 } } peers { permanent_uuid: "d1bf0f72a88f4483a1906bc8246849dd" member_type: VOTER last_known_addr { host: "127.0.52.193" port: 46057 } } peers { permanent_uuid: "b5e887ddd8a14cf3b2c24a0aa14be025" member_type: VOTER last_known_addr { host: "127.0.52.195" port: 38453 } }
I0507 20:05:15.863765 679 leader_election.cc:230] T d80f4fae4b9f4d238f7f626507290390 P d1bf0f72a88f4483a1906bc8246849dd [CANDIDATE]: Term 1 pre-election: Requesting pre-vote from peer 5014824b94b64fd49da2c1a645c078aa
I0507 20:05:15.863894 679 leader_election.cc:230] T d80f4fae4b9f4d238f7f626507290390 P d1bf0f72a88f4483a1906bc8246849dd [CANDIDATE]: Term 1 pre-election: Requesting pre-vote from peer b5e887ddd8a14cf3b2c24a0aa14be025
I0507 20:05:15.863459 242 catalog_manager.cc:3716] T 7161aaf1a71d455883ef478337dfaf19 P 5014824b94b64fd49da2c1a645c078aa reported cstate change: term changed from 0 to 1, leader changed from to 5014824b94b64fd49da2c1a645c078aa (127.0.52.194). New cstate: current_term: 1 leader_uuid: "5014824b94b64fd49da2c1a645c078aa" committed_config { opid_index: -1 OBSOLETE_local: false peers { permanent_uuid: "5014824b94b64fd49da2c1a645c078aa" member_type: VOTER last_known_addr { host: "127.0.52.194" port: 43942 } health_report { overall_health: HEALTHY } } peers { permanent_uuid: "d1bf0f72a88f4483a1906bc8246849dd" member_type: VOTER last_known_addr { host: "127.0.52.193" port: 46057 } health_report { overall_health: UNKNOWN } } peers { permanent_uuid: "b5e887ddd8a14cf3b2c24a0aa14be025" member_type: VOTER last_known_addr { host: "127.0.52.195" port: 38453 } health_report { overall_health: UNKNOWN } } }
I0507 20:05:15.864074 679 raft_consensus.cc:2704] T 7161aaf1a71d455883ef478337dfaf19 P d1bf0f72a88f4483a1906bc8246849dd: Snoozing failure detection for 0.103s (election complete)
I0507 20:05:15.864135 679 raft_consensus.cc:2756] T 7161aaf1a71d455883ef478337dfaf19 P d1bf0f72a88f4483a1906bc8246849dd [term 0 FOLLOWER]: Advancing to term 1
I0507 20:05:15.866379 679 raft_consensus.cc:2459] T 7161aaf1a71d455883ef478337dfaf19 P d1bf0f72a88f4483a1906bc8246849dd [term 1 FOLLOWER]: Leader pre-election lost for term 1. Reason: could not achieve majority
I0507 20:05:15.867118 608 tablet_service.cc:998] Received RequestConsensusVote() RPC: tablet_id: "d80f4fae4b9f4d238f7f626507290390" candidate_uuid: "d1bf0f72a88f4483a1906bc8246849dd" candidate_term: 1 candidate_status { last_received { term: 0 index: 0 } } ignore_live_leader: false dest_uuid: "b5e887ddd8a14cf3b2c24a0aa14be025" is_pre_election: true
I0507 20:05:15.867326 608 raft_consensus.cc:2149] T d80f4fae4b9f4d238f7f626507290390 P b5e887ddd8a14cf3b2c24a0aa14be025 [term 1 FOLLOWER]: Leader pre-election vote request: Denying vote to candidate d1bf0f72a88f4483a1906bc8246849dd in current term 1: Already voted for candidate b5e887ddd8a14cf3b2c24a0aa14be025 in this term.
I0507 20:05:15.867761 607 raft_consensus.cc:2756] T a0376a5e3b9f495aa00d366b35594a27 P b5e887ddd8a14cf3b2c24a0aa14be025 [term 0 FOLLOWER]: Advancing to term 1
I0507 20:05:15.867799 297 leader_election.cc:376] T d80f4fae4b9f4d238f7f626507290390 P d1bf0f72a88f4483a1906bc8246849dd [CANDIDATE]: Term 1 pre-election: Vote denied by peer b5e887ddd8a14cf3b2c24a0aa14be025. Message: Invalid argument: T d80f4fae4b9f4d238f7f626507290390 P b5e887ddd8a14cf3b2c24a0aa14be025 [term 1 FOLLOWER]: Leader pre-election vote request: Denying vote to candidate d1bf0f72a88f4483a1906bc8246849dd in current term 1: Already voted for candidate b5e887ddd8a14cf3b2c24a0aa14be025 in this term.
I0507 20:05:15.867934 485 tablet_service.cc:998] Received RequestConsensusVote() RPC: tablet_id: "d80f4fae4b9f4d238f7f626507290390" candidate_uuid: "d1bf0f72a88f4483a1906bc8246849dd" candidate_term: 1 candidate_status { last_received { term: 0 index: 0 } } ignore_live_leader: false dest_uuid: "5014824b94b64fd49da2c1a645c078aa" is_pre_election: true
I0507 20:05:15.868136 485 raft_consensus.cc:2149] T d80f4fae4b9f4d238f7f626507290390 P 5014824b94b64fd49da2c1a645c078aa [term 1 FOLLOWER]: Leader pre-election vote request: Denying vote to candidate d1bf0f72a88f4483a1906bc8246849dd in current term 1: Already voted for candidate 5014824b94b64fd49da2c1a645c078aa in this term.
I0507 20:05:15.868629 296 leader_election.cc:376] T d80f4fae4b9f4d238f7f626507290390 P d1bf0f72a88f4483a1906bc8246849dd [CANDIDATE]: Term 1 pre-election: Vote denied by peer 5014824b94b64fd49da2c1a645c078aa. Message: Invalid argument: T d80f4fae4b9f4d238f7f626507290390 P 5014824b94b64fd49da2c1a645c078aa [term 1 FOLLOWER]: Leader pre-election vote request: Denying vote to candidate d1bf0f72a88f4483a1906bc8246849dd in current term 1: Already voted for candidate 5014824b94b64fd49da2c1a645c078aa in this term.
I0507 20:05:15.868685 296 leader_election.cc:257] T d80f4fae4b9f4d238f7f626507290390 P d1bf0f72a88f4483a1906bc8246849dd [CANDIDATE]: Term 1 pre-election: Election decided. Result: candidate lost.
I0507 20:05:15.868978 679 raft_consensus.cc:2704] T d80f4fae4b9f4d238f7f626507290390 P d1bf0f72a88f4483a1906bc8246849dd: Snoozing failure detection for 0.110s (election complete)
I0507 20:05:15.869055 679 raft_consensus.cc:2756] T d80f4fae4b9f4d238f7f626507290390 P d1bf0f72a88f4483a1906bc8246849dd [term 0 FOLLOWER]: Advancing to term 1
I0507 20:05:15.869298 242 catalog_manager.cc:3716] T a0376a5e3b9f495aa00d366b35594a27 P 5014824b94b64fd49da2c1a645c078aa reported cstate change: term changed from 0 to 1, leader changed from to 5014824b94b64fd49da2c1a645c078aa (127.0.52.194). New cstate: current_term: 1 leader_uuid: "5014824b94b64fd49da2c1a645c078aa" committed_config { opid_index: -1 OBSOLETE_local: false peers { permanent_uuid: "b5e887ddd8a14cf3b2c24a0aa14be025" member_type: VOTER last_known_addr { host: "127.0.52.195" port: 38453 } health_report { overall_health: UNKNOWN } } peers { permanent_uuid: "d1bf0f72a88f4483a1906bc8246849dd" member_type: VOTER last_known_addr { host: "127.0.52.193" port: 46057 } health_report { overall_health: UNKNOWN } } peers { permanent_uuid: "5014824b94b64fd49da2c1a645c078aa" member_type: VOTER last_known_addr { host: "127.0.52.194" port: 43942 } health_report { overall_health: HEALTHY } } }
I0507 20:05:15.869915 607 raft_consensus.cc:1057] T a0376a5e3b9f495aa00d366b35594a27 P b5e887ddd8a14cf3b2c24a0aa14be025 [term 1 FOLLOWER]: Refusing update from remote peer 5014824b94b64fd49da2c1a645c078aa: Log matching property violated. Preceding OpId in replica: term: 0 index: 0. Preceding OpId from leader: term: 1 index: 1. (index mismatch)
I0507 20:05:15.870039 363 raft_consensus.cc:1057] T a0376a5e3b9f495aa00d366b35594a27 P d1bf0f72a88f4483a1906bc8246849dd [term 1 FOLLOWER]: Refusing update from remote peer 5014824b94b64fd49da2c1a645c078aa: Log matching property violated. Preceding OpId in replica: term: 0 index: 0. Preceding OpId from leader: term: 1 index: 1. (index mismatch)
I0507 20:05:15.870764 675 consensus_queue.cc:963] T a0376a5e3b9f495aa00d366b35594a27 P 5014824b94b64fd49da2c1a645c078aa [LEADER]: Connected to new peer: Peer: permanent_uuid: "b5e887ddd8a14cf3b2c24a0aa14be025" member_type: VOTER last_known_addr { host: "127.0.52.195" port: 38453 }, Status: LMP_MISMATCH, Last received: 0.0, Next index: 1, Last known committed idx: 0, Time since last communication: 0.000s
I0507 20:05:15.871022 683 consensus_queue.cc:963] T a0376a5e3b9f495aa00d366b35594a27 P 5014824b94b64fd49da2c1a645c078aa [LEADER]: Connected to new peer: Peer: permanent_uuid: "d1bf0f72a88f4483a1906bc8246849dd" member_type: VOTER last_known_addr { host: "127.0.52.193" port: 46057 }, Status: LMP_MISMATCH, Last received: 0.0, Next index: 1, Last known committed idx: 0, Time since last communication: 0.000s
I0507 20:05:15.872639 679 raft_consensus.cc:2459] T d80f4fae4b9f4d238f7f626507290390 P d1bf0f72a88f4483a1906bc8246849dd [term 1 FOLLOWER]: Leader pre-election lost for term 1. Reason: could not achieve majority
I0507 20:05:15.873425 363 raft_consensus.cc:1057] T 7161aaf1a71d455883ef478337dfaf19 P d1bf0f72a88f4483a1906bc8246849dd [term 1 FOLLOWER]: Refusing update from remote peer 5014824b94b64fd49da2c1a645c078aa: Log matching property violated. Preceding OpId in replica: term: 0 index: 0. Preceding OpId from leader: term: 1 index: 1. (index mismatch)
I0507 20:05:15.875241 683 consensus_queue.cc:963] T 7161aaf1a71d455883ef478337dfaf19 P 5014824b94b64fd49da2c1a645c078aa [LEADER]: Connected to new peer: Peer: permanent_uuid: "d1bf0f72a88f4483a1906bc8246849dd" member_type: VOTER last_known_addr { host: "127.0.52.193" port: 46057 }, Status: LMP_MISMATCH, Last received: 0.0, Next index: 1, Last known committed idx: 0, Time since last communication: 0.000s
I0507 20:05:15.882158 608 raft_consensus.cc:1057] T 7161aaf1a71d455883ef478337dfaf19 P b5e887ddd8a14cf3b2c24a0aa14be025 [term 1 FOLLOWER]: Refusing update from remote peer 5014824b94b64fd49da2c1a645c078aa: Log matching property violated. Preceding OpId in replica: term: 0 index: 0. Preceding OpId from leader: term: 1 index: 1. (index mismatch)
I0507 20:05:15.883111 675 consensus_queue.cc:963] T 7161aaf1a71d455883ef478337dfaf19 P 5014824b94b64fd49da2c1a645c078aa [LEADER]: Connected to new peer: Peer: permanent_uuid: "b5e887ddd8a14cf3b2c24a0aa14be025" member_type: VOTER last_known_addr { host: "127.0.52.195" port: 38453 }, Status: LMP_MISMATCH, Last received: 0.0, Next index: 1, Last known committed idx: 0, Time since last communication: 0.000s
I0507 20:05:15.936283 675 raft_consensus.cc:435] T d80f4fae4b9f4d238f7f626507290390 P 5014824b94b64fd49da2c1a645c078aa [term 1 FOLLOWER]: Starting pre-election (no leader contacted us within the election timeout)
I0507 20:05:15.936410 675 raft_consensus.cc:2704] T d80f4fae4b9f4d238f7f626507290390 P 5014824b94b64fd49da2c1a645c078aa: Snoozing failure detection for 0.104s (starting election)
I0507 20:05:15.936496 675 raft_consensus.cc:457] T d80f4fae4b9f4d238f7f626507290390 P 5014824b94b64fd49da2c1a645c078aa [term 1 FOLLOWER]: Starting pre-election with config: opid_index: -1 OBSOLETE_local: false peers { permanent_uuid: "5014824b94b64fd49da2c1a645c078aa" member_type: VOTER last_known_addr { host: "127.0.52.194" port: 43942 } } peers { permanent_uuid: "d1bf0f72a88f4483a1906bc8246849dd" member_type: VOTER last_known_addr { host: "127.0.52.193" port: 46057 } } peers { permanent_uuid: "b5e887ddd8a14cf3b2c24a0aa14be025" member_type: VOTER last_known_addr { host: "127.0.52.195" port: 38453 } }
I0507 20:05:15.936920 675 leader_election.cc:230] T d80f4fae4b9f4d238f7f626507290390 P 5014824b94b64fd49da2c1a645c078aa [CANDIDATE]: Term 2 pre-election: Requesting pre-vote from peer d1bf0f72a88f4483a1906bc8246849dd
I0507 20:05:15.937124 675 leader_election.cc:230] T d80f4fae4b9f4d238f7f626507290390 P 5014824b94b64fd49da2c1a645c078aa [CANDIDATE]: Term 2 pre-election: Requesting pre-vote from peer b5e887ddd8a14cf3b2c24a0aa14be025
I0507 20:05:15.938025 361 tablet_service.cc:998] Received RequestConsensusVote() RPC: tablet_id: "d80f4fae4b9f4d238f7f626507290390" candidate_uuid: "5014824b94b64fd49da2c1a645c078aa" candidate_term: 2 candidate_status { last_received { term: 0 index: 0 } } ignore_live_leader: false dest_uuid: "d1bf0f72a88f4483a1906bc8246849dd" is_pre_election: true
I0507 20:05:15.938112 607 tablet_service.cc:998] Received RequestConsensusVote() RPC: tablet_id: "d80f4fae4b9f4d238f7f626507290390" candidate_uuid: "5014824b94b64fd49da2c1a645c078aa" candidate_term: 2 candidate_status { last_received { term: 0 index: 0 } } ignore_live_leader: false dest_uuid: "b5e887ddd8a14cf3b2c24a0aa14be025" is_pre_election: true
I0507 20:05:15.938236 361 raft_consensus.cc:2704] T d80f4fae4b9f4d238f7f626507290390 P d1bf0f72a88f4483a1906bc8246849dd: Snoozing failure detection for 0.117s (vote granted)
I0507 20:05:15.938302 361 raft_consensus.cc:2219] T d80f4fae4b9f4d238f7f626507290390 P d1bf0f72a88f4483a1906bc8246849dd [term 1 FOLLOWER]: Leader pre-election vote request: Granting yes vote for candidate 5014824b94b64fd49da2c1a645c078aa in term 1.
I0507 20:05:15.939162 607 raft_consensus.cc:2704] T d80f4fae4b9f4d238f7f626507290390 P b5e887ddd8a14cf3b2c24a0aa14be025: Snoozing failure detection for 0.125s (vote granted)
I0507 20:05:15.939237 607 raft_consensus.cc:2219] T d80f4fae4b9f4d238f7f626507290390 P b5e887ddd8a14cf3b2c24a0aa14be025 [term 1 FOLLOWER]: Leader pre-election vote request: Granting yes vote for candidate 5014824b94b64fd49da2c1a645c078aa in term 1.
I0507 20:05:15.939740 420 leader_election.cc:362] T d80f4fae4b9f4d238f7f626507290390 P 5014824b94b64fd49da2c1a645c078aa [CANDIDATE]: Term 2 pre-election: Vote granted by peer b5e887ddd8a14cf3b2c24a0aa14be025
I0507 20:05:15.939784 420 leader_election.cc:257] T d80f4fae4b9f4d238f7f626507290390 P 5014824b94b64fd49da2c1a645c078aa [CANDIDATE]: Term 2 pre-election: Election decided. Result: candidate won.
I0507 20:05:15.940019 420 leader_election.cc:362] T d80f4fae4b9f4d238f7f626507290390 P 5014824b94b64fd49da2c1a645c078aa [CANDIDATE]: Term 2 pre-election: Vote granted by peer d1bf0f72a88f4483a1906bc8246849dd
I0507 20:05:15.940186 675 raft_consensus.cc:2704] T d80f4fae4b9f4d238f7f626507290390 P 5014824b94b64fd49da2c1a645c078aa: Snoozing failure detection for 0.168s (election complete)
I0507 20:05:15.940241 675 raft_consensus.cc:2511] T d80f4fae4b9f4d238f7f626507290390 P 5014824b94b64fd49da2c1a645c078aa [term 1 FOLLOWER]: Leader pre-election won for term 2
I0507 20:05:15.940285 675 raft_consensus.cc:435] T d80f4fae4b9f4d238f7f626507290390 P 5014824b94b64fd49da2c1a645c078aa [term 1 FOLLOWER]: Starting leader election (no leader contacted us within the election timeout)
I0507 20:05:15.940322 675 raft_consensus.cc:2704] T d80f4fae4b9f4d238f7f626507290390 P 5014824b94b64fd49da2c1a645c078aa: Snoozing failure detection for 0.112s (starting election)
I0507 20:05:15.940366 675 raft_consensus.cc:2756] T d80f4fae4b9f4d238f7f626507290390 P 5014824b94b64fd49da2c1a645c078aa [term 1 FOLLOWER]: Advancing to term 2
I0507 20:05:15.942049 675 raft_consensus.cc:457] T d80f4fae4b9f4d238f7f626507290390 P 5014824b94b64fd49da2c1a645c078aa [term 2 FOLLOWER]: Starting leader election with config: opid_index: -1 OBSOLETE_local: false peers { permanent_uuid: "5014824b94b64fd49da2c1a645c078aa" member_type: VOTER last_known_addr { host: "127.0.52.194" port: 43942 } } peers { permanent_uuid: "d1bf0f72a88f4483a1906bc8246849dd" member_type: VOTER last_known_addr { host: "127.0.52.193" port: 46057 } } peers { permanent_uuid: "b5e887ddd8a14cf3b2c24a0aa14be025" member_type: VOTER last_known_addr { host: "127.0.52.195" port: 38453 } }
I0507 20:05:15.942373 675 leader_election.cc:230] T d80f4fae4b9f4d238f7f626507290390 P 5014824b94b64fd49da2c1a645c078aa [CANDIDATE]: Term 2 election: Requesting vote from peer d1bf0f72a88f4483a1906bc8246849dd
I0507 20:05:15.942487 675 leader_election.cc:230] T d80f4fae4b9f4d238f7f626507290390 P 5014824b94b64fd49da2c1a645c078aa [CANDIDATE]: Term 2 election: Requesting vote from peer b5e887ddd8a14cf3b2c24a0aa14be025
I0507 20:05:15.943126 361 tablet_service.cc:998] Received RequestConsensusVote() RPC: tablet_id: "d80f4fae4b9f4d238f7f626507290390" candidate_uuid: "5014824b94b64fd49da2c1a645c078aa" candidate_term: 2 candidate_status { last_received { term: 0 index: 0 } } ignore_live_leader: false dest_uuid: "d1bf0f72a88f4483a1906bc8246849dd"
I0507 20:05:15.943281 361 raft_consensus.cc:2756] T d80f4fae4b9f4d238f7f626507290390 P d1bf0f72a88f4483a1906bc8246849dd [term 1 FOLLOWER]: Advancing to term 2
I0507 20:05:15.943367 361 raft_consensus.cc:2704] T d80f4fae4b9f4d238f7f626507290390 P d1bf0f72a88f4483a1906bc8246849dd: Snoozing failure detection for 0.168s (vote granted)
I0507 20:05:15.943317 607 tablet_service.cc:998] Received RequestConsensusVote() RPC: tablet_id: "d80f4fae4b9f4d238f7f626507290390" candidate_uuid: "5014824b94b64fd49da2c1a645c078aa" candidate_term: 2 candidate_status { last_received { term: 0 index: 0 } } ignore_live_leader: false dest_uuid: "b5e887ddd8a14cf3b2c24a0aa14be025"
I0507 20:05:15.943470 607 raft_consensus.cc:2756] T d80f4fae4b9f4d238f7f626507290390 P b5e887ddd8a14cf3b2c24a0aa14be025 [term 1 FOLLOWER]: Advancing to term 2
I0507 20:05:15.943581 607 raft_consensus.cc:2704] T d80f4fae4b9f4d238f7f626507290390 P b5e887ddd8a14cf3b2c24a0aa14be025: Snoozing failure detection for 0.157s (vote granted)
I0507 20:05:15.945482 361 raft_consensus.cc:2219] T d80f4fae4b9f4d238f7f626507290390 P d1bf0f72a88f4483a1906bc8246849dd [term 2 FOLLOWER]: Leader election vote request: Granting yes vote for candidate 5014824b94b64fd49da2c1a645c078aa in term 2.
I0507 20:05:15.946007 607 raft_consensus.cc:2219] T d80f4fae4b9f4d238f7f626507290390 P b5e887ddd8a14cf3b2c24a0aa14be025 [term 2 FOLLOWER]: Leader election vote request: Granting yes vote for candidate 5014824b94b64fd49da2c1a645c078aa in term 2.
I0507 20:05:15.946588 420 leader_election.cc:362] T d80f4fae4b9f4d238f7f626507290390 P 5014824b94b64fd49da2c1a645c078aa [CANDIDATE]: Term 2 election: Vote granted by peer d1bf0f72a88f4483a1906bc8246849dd
I0507 20:05:15.946655 420 leader_election.cc:257] T d80f4fae4b9f4d238f7f626507290390 P 5014824b94b64fd49da2c1a645c078aa [CANDIDATE]: Term 2 election: Election decided. Result: candidate won.
I0507 20:05:15.946836 689 raft_consensus.cc:2704] T d80f4fae4b9f4d238f7f626507290390 P 5014824b94b64fd49da2c1a645c078aa: Snoozing failure detection for 0.164s (election complete)
I0507 20:05:15.946956 689 raft_consensus.cc:2511] T d80f4fae4b9f4d238f7f626507290390 P 5014824b94b64fd49da2c1a645c078aa [term 2 FOLLOWER]: Leader election won for term 2
I0507 20:05:15.947064 689 raft_consensus.cc:571] T d80f4fae4b9f4d238f7f626507290390 P 5014824b94b64fd49da2c1a645c078aa [term 2 LEADER]: Becoming Leader. State: Replica: 5014824b94b64fd49da2c1a645c078aa, State: Running, Role: LEADER
I0507 20:05:15.947324 689 consensus_queue.cc:204] T d80f4fae4b9f4d238f7f626507290390 P 5014824b94b64fd49da2c1a645c078aa [LEADER]: Queue going to LEADER mode. State: All replicated index: 0, Majority replicated index: 0, Committed index: 0, Last appended: 0.0, Last appended by leader: 0, Current term: 2, Majority size: 2, State: 0, Mode: LEADER, active raft config: opid_index: -1 OBSOLETE_local: false peers { permanent_uuid: "5014824b94b64fd49da2c1a645c078aa" member_type: VOTER last_known_addr { host: "127.0.52.194" port: 43942 } } peers { permanent_uuid: "d1bf0f72a88f4483a1906bc8246849dd" member_type: VOTER last_known_addr { host: "127.0.52.193" port: 46057 } } peers { permanent_uuid: "b5e887ddd8a14cf3b2c24a0aa14be025" member_type: VOTER last_known_addr { host: "127.0.52.195" port: 38453 } }
I0507 20:05:15.948875 420 leader_election.cc:362] T d80f4fae4b9f4d238f7f626507290390 P 5014824b94b64fd49da2c1a645c078aa [CANDIDATE]: Term 2 election: Vote granted by peer b5e887ddd8a14cf3b2c24a0aa14be025
I0507 20:05:15.951681 241 catalog_manager.cc:3716] T d80f4fae4b9f4d238f7f626507290390 P 5014824b94b64fd49da2c1a645c078aa reported cstate change: term changed from 0 to 2, leader changed from to 5014824b94b64fd49da2c1a645c078aa (127.0.52.194). New cstate: current_term: 2 leader_uuid: "5014824b94b64fd49da2c1a645c078aa" committed_config { opid_index: -1 OBSOLETE_local: false peers { permanent_uuid: "5014824b94b64fd49da2c1a645c078aa" member_type: VOTER last_known_addr { host: "127.0.52.194" port: 43942 } health_report { overall_health: HEALTHY } } peers { permanent_uuid: "d1bf0f72a88f4483a1906bc8246849dd" member_type: VOTER last_known_addr { host: "127.0.52.193" port: 46057 } health_report { overall_health: UNKNOWN } } peers { permanent_uuid: "b5e887ddd8a14cf3b2c24a0aa14be025" member_type: VOTER last_known_addr { host: "127.0.52.195" port: 38453 } health_report { overall_health: UNKNOWN } } }
I0507 20:05:15.969058 361 raft_consensus.cc:1057] T d80f4fae4b9f4d238f7f626507290390 P d1bf0f72a88f4483a1906bc8246849dd [term 2 FOLLOWER]: Refusing update from remote peer 5014824b94b64fd49da2c1a645c078aa: Log matching property violated. Preceding OpId in replica: term: 0 index: 0. Preceding OpId from leader: term: 2 index: 1. (index mismatch)
I0507 20:05:15.969684 675 consensus_queue.cc:963] T d80f4fae4b9f4d238f7f626507290390 P 5014824b94b64fd49da2c1a645c078aa [LEADER]: Connected to new peer: Peer: permanent_uuid: "d1bf0f72a88f4483a1906bc8246849dd" member_type: VOTER last_known_addr { host: "127.0.52.193" port: 46057 }, Status: LMP_MISMATCH, Last received: 0.0, Next index: 1, Last known committed idx: 0, Time since last communication: 0.000s
I0507 20:05:15.970052 607 raft_consensus.cc:1057] T d80f4fae4b9f4d238f7f626507290390 P b5e887ddd8a14cf3b2c24a0aa14be025 [term 2 FOLLOWER]: Refusing update from remote peer 5014824b94b64fd49da2c1a645c078aa: Log matching property violated. Preceding OpId in replica: term: 0 index: 0. Preceding OpId from leader: term: 2 index: 1. (index mismatch)
I0507 20:05:15.972375 689 consensus_queue.cc:963] T d80f4fae4b9f4d238f7f626507290390 P 5014824b94b64fd49da2c1a645c078aa [LEADER]: Connected to new peer: Peer: permanent_uuid: "b5e887ddd8a14cf3b2c24a0aa14be025" member_type: VOTER last_known_addr { host: "127.0.52.195" port: 38453 }, Status: LMP_MISMATCH, Last received: 0.0, Next index: 1, Last known committed idx: 0, Time since last communication: 0.000s
I0507 20:05:17.028301 679 raft_consensus.cc:435] T 7161aaf1a71d455883ef478337dfaf19 P d1bf0f72a88f4483a1906bc8246849dd [term 1 FOLLOWER]: Starting pre-election (detected failure of leader 5014824b94b64fd49da2c1a645c078aa)
I0507 20:05:17.028435 679 raft_consensus.cc:2704] T 7161aaf1a71d455883ef478337dfaf19 P d1bf0f72a88f4483a1906bc8246849dd: Snoozing failure detection for 0.093s (starting election)
I0507 20:05:17.028560 679 raft_consensus.cc:457] T 7161aaf1a71d455883ef478337dfaf19 P d1bf0f72a88f4483a1906bc8246849dd [term 1 FOLLOWER]: Starting pre-election with config: opid_index: -1 OBSOLETE_local: false peers { permanent_uuid: "5014824b94b64fd49da2c1a645c078aa" member_type: VOTER last_known_addr { host: "127.0.52.194" port: 43942 } } peers { permanent_uuid: "d1bf0f72a88f4483a1906bc8246849dd" member_type: VOTER last_known_addr { host: "127.0.52.193" port: 46057 } } peers { permanent_uuid: "b5e887ddd8a14cf3b2c24a0aa14be025" member_type: VOTER last_known_addr { host: "127.0.52.195" port: 38453 } }
I0507 20:05:17.029028 679 leader_election.cc:230] T 7161aaf1a71d455883ef478337dfaf19 P d1bf0f72a88f4483a1906bc8246849dd [CANDIDATE]: Term 2 pre-election: Requesting pre-vote from peer 5014824b94b64fd49da2c1a645c078aa
I0507 20:05:17.029201 679 leader_election.cc:230] T 7161aaf1a71d455883ef478337dfaf19 P d1bf0f72a88f4483a1906bc8246849dd [CANDIDATE]: Term 2 pre-election: Requesting pre-vote from peer b5e887ddd8a14cf3b2c24a0aa14be025
I0507 20:05:17.035099 679 raft_consensus.cc:435] T a0376a5e3b9f495aa00d366b35594a27 P d1bf0f72a88f4483a1906bc8246849dd [term 1 FOLLOWER]: Starting pre-election (detected failure of leader 5014824b94b64fd49da2c1a645c078aa)
I0507 20:05:17.035189 679 raft_consensus.cc:2704] T a0376a5e3b9f495aa00d366b35594a27 P d1bf0f72a88f4483a1906bc8246849dd: Snoozing failure detection for 0.079s (starting election)
I0507 20:05:17.035274 679 raft_consensus.cc:457] T a0376a5e3b9f495aa00d366b35594a27 P d1bf0f72a88f4483a1906bc8246849dd [term 1 FOLLOWER]: Starting pre-election with config: opid_index: -1 OBSOLETE_local: false peers { permanent_uuid: "b5e887ddd8a14cf3b2c24a0aa14be025" member_type: VOTER last_known_addr { host: "127.0.52.195" port: 38453 } } peers { permanent_uuid: "d1bf0f72a88f4483a1906bc8246849dd" member_type: VOTER last_known_addr { host: "127.0.52.193" port: 46057 } } peers { permanent_uuid: "5014824b94b64fd49da2c1a645c078aa" member_type: VOTER last_known_addr { host: "127.0.52.194" port: 43942 } }
I0507 20:05:17.035523 704 raft_consensus.cc:435] T d80f4fae4b9f4d238f7f626507290390 P d1bf0f72a88f4483a1906bc8246849dd [term 2 FOLLOWER]: Starting pre-election (detected failure of leader 5014824b94b64fd49da2c1a645c078aa)
I0507 20:05:17.035598 704 raft_consensus.cc:2704] T d80f4fae4b9f4d238f7f626507290390 P d1bf0f72a88f4483a1906bc8246849dd: Snoozing failure detection for 0.111s (starting election)
I0507 20:05:17.035748 679 leader_election.cc:230] T a0376a5e3b9f495aa00d366b35594a27 P d1bf0f72a88f4483a1906bc8246849dd [CANDIDATE]: Term 2 pre-election: Requesting pre-vote from peer b5e887ddd8a14cf3b2c24a0aa14be025
I0507 20:05:17.035699 704 raft_consensus.cc:457] T d80f4fae4b9f4d238f7f626507290390 P d1bf0f72a88f4483a1906bc8246849dd [term 2 FOLLOWER]: Starting pre-election with config: opid_index: -1 OBSOLETE_local: false peers { permanent_uuid: "5014824b94b64fd49da2c1a645c078aa" member_type: VOTER last_known_addr { host: "127.0.52.194" port: 43942 } } peers { permanent_uuid: "d1bf0f72a88f4483a1906bc8246849dd" member_type: VOTER last_known_addr { host: "127.0.52.193" port: 46057 } } peers { permanent_uuid: "b5e887ddd8a14cf3b2c24a0aa14be025" member_type: VOTER last_known_addr { host: "127.0.52.195" port: 38453 } }
I0507 20:05:17.035940 679 leader_election.cc:230] T a0376a5e3b9f495aa00d366b35594a27 P d1bf0f72a88f4483a1906bc8246849dd [CANDIDATE]: Term 2 pre-election: Requesting pre-vote from peer 5014824b94b64fd49da2c1a645c078aa
I0507 20:05:17.036114 704 leader_election.cc:230] T d80f4fae4b9f4d238f7f626507290390 P d1bf0f72a88f4483a1906bc8246849dd [CANDIDATE]: Term 3 pre-election: Requesting pre-vote from peer 5014824b94b64fd49da2c1a645c078aa
I0507 20:05:17.036262 704 leader_election.cc:230] T d80f4fae4b9f4d238f7f626507290390 P d1bf0f72a88f4483a1906bc8246849dd [CANDIDATE]: Term 3 pre-election: Requesting pre-vote from peer b5e887ddd8a14cf3b2c24a0aa14be025
I0507 20:05:17.055104 608 tablet_service.cc:998] Received RequestConsensusVote() RPC: tablet_id: "a0376a5e3b9f495aa00d366b35594a27" candidate_uuid: "d1bf0f72a88f4483a1906bc8246849dd" candidate_term: 2 candidate_status { last_received { term: 1 index: 1 } } ignore_live_leader: false dest_uuid: "b5e887ddd8a14cf3b2c24a0aa14be025" is_pre_election: true
I0507 20:05:17.055379 608 raft_consensus.cc:2704] T a0376a5e3b9f495aa00d366b35594a27 P b5e887ddd8a14cf3b2c24a0aa14be025: Snoozing failure detection for 0.103s (vote granted)
I0507 20:05:17.055461 608 raft_consensus.cc:2219] T a0376a5e3b9f495aa00d366b35594a27 P b5e887ddd8a14cf3b2c24a0aa14be025 [term 1 FOLLOWER]: Leader pre-election vote request: Granting yes vote for candidate d1bf0f72a88f4483a1906bc8246849dd in term 1.
I0507 20:05:17.059762 607 tablet_service.cc:998] Received RequestConsensusVote() RPC: tablet_id: "7161aaf1a71d455883ef478337dfaf19" candidate_uuid: "d1bf0f72a88f4483a1906bc8246849dd" candidate_term: 2 candidate_status { last_received { term: 1 index: 1 } } ignore_live_leader: false dest_uuid: "b5e887ddd8a14cf3b2c24a0aa14be025" is_pre_election: true
I0507 20:05:17.060257 607 raft_consensus.cc:2704] T 7161aaf1a71d455883ef478337dfaf19 P b5e887ddd8a14cf3b2c24a0aa14be025: Snoozing failure detection for 0.078s (vote granted)
I0507 20:05:17.060969 297 leader_election.cc:362] T a0376a5e3b9f495aa00d366b35594a27 P d1bf0f72a88f4483a1906bc8246849dd [CANDIDATE]: Term 2 pre-election: Vote granted by peer b5e887ddd8a14cf3b2c24a0aa14be025
I0507 20:05:17.061048 297 leader_election.cc:257] T a0376a5e3b9f495aa00d366b35594a27 P d1bf0f72a88f4483a1906bc8246849dd [CANDIDATE]: Term 2 pre-election: Election decided. Result: candidate won.
I0507 20:05:17.061296 704 raft_consensus.cc:2704] T a0376a5e3b9f495aa00d366b35594a27 P d1bf0f72a88f4483a1906bc8246849dd: Snoozing failure detection for 0.081s (election complete)
I0507 20:05:17.061372 704 raft_consensus.cc:2511] T a0376a5e3b9f495aa00d366b35594a27 P d1bf0f72a88f4483a1906bc8246849dd [term 1 FOLLOWER]: Leader pre-election won for term 2
I0507 20:05:17.061414 704 raft_consensus.cc:435] T a0376a5e3b9f495aa00d366b35594a27 P d1bf0f72a88f4483a1906bc8246849dd [term 1 FOLLOWER]: Starting leader election (detected failure of leader 5014824b94b64fd49da2c1a645c078aa)
I0507 20:05:17.061461 704 raft_consensus.cc:2704] T a0376a5e3b9f495aa00d366b35594a27 P d1bf0f72a88f4483a1906bc8246849dd: Snoozing failure detection for 0.086s (starting election)
I0507 20:05:17.061497 704 raft_consensus.cc:2756] T a0376a5e3b9f495aa00d366b35594a27 P d1bf0f72a88f4483a1906bc8246849dd [term 1 FOLLOWER]: Advancing to term 2
I0507 20:05:17.063969 704 raft_consensus.cc:457] T a0376a5e3b9f495aa00d366b35594a27 P d1bf0f72a88f4483a1906bc8246849dd [term 2 FOLLOWER]: Starting leader election with config: opid_index: -1 OBSOLETE_local: false peers { permanent_uuid: "b5e887ddd8a14cf3b2c24a0aa14be025" member_type: VOTER last_known_addr { host: "127.0.52.195" port: 38453 } } peers { permanent_uuid: "d1bf0f72a88f4483a1906bc8246849dd" member_type: VOTER last_known_addr { host: "127.0.52.193" port: 46057 } } peers { permanent_uuid: "5014824b94b64fd49da2c1a645c078aa" member_type: VOTER last_known_addr { host: "127.0.52.194" port: 43942 } }
I0507 20:05:17.064414 704 leader_election.cc:230] T a0376a5e3b9f495aa00d366b35594a27 P d1bf0f72a88f4483a1906bc8246849dd [CANDIDATE]: Term 2 election: Requesting vote from peer b5e887ddd8a14cf3b2c24a0aa14be025
I0507 20:05:17.064574 704 leader_election.cc:230] T a0376a5e3b9f495aa00d366b35594a27 P d1bf0f72a88f4483a1906bc8246849dd [CANDIDATE]: Term 2 election: Requesting vote from peer 5014824b94b64fd49da2c1a645c078aa
I0507 20:05:17.060472 608 tablet_service.cc:998] Received RequestConsensusVote() RPC: tablet_id: "d80f4fae4b9f4d238f7f626507290390" candidate_uuid: "d1bf0f72a88f4483a1906bc8246849dd" candidate_term: 3 candidate_status { last_received { term: 2 index: 1 } } ignore_live_leader: false dest_uuid: "b5e887ddd8a14cf3b2c24a0aa14be025" is_pre_election: true
I0507 20:05:17.065997 705 raft_consensus.cc:435] T a0376a5e3b9f495aa00d366b35594a27 P b5e887ddd8a14cf3b2c24a0aa14be025 [term 1 FOLLOWER]: Starting pre-election (detected failure of leader 5014824b94b64fd49da2c1a645c078aa)
I0507 20:05:17.066056 608 raft_consensus.cc:2704] T d80f4fae4b9f4d238f7f626507290390 P b5e887ddd8a14cf3b2c24a0aa14be025: Snoozing failure detection for 0.110s (vote granted)
I0507 20:05:17.066143 608 raft_consensus.cc:2219] T d80f4fae4b9f4d238f7f626507290390 P b5e887ddd8a14cf3b2c24a0aa14be025 [term 2 FOLLOWER]: Leader pre-election vote request: Granting yes vote for candidate d1bf0f72a88f4483a1906bc8246849dd in term 2.
I0507 20:05:17.066097 705 raft_consensus.cc:2704] T a0376a5e3b9f495aa00d366b35594a27 P b5e887ddd8a14cf3b2c24a0aa14be025: Snoozing failure detection for 0.088s (starting election)
I0507 20:05:17.066790 608 tablet_service.cc:998] Received RequestConsensusVote() RPC: tablet_id: "a0376a5e3b9f495aa00d366b35594a27" candidate_uuid: "d1bf0f72a88f4483a1906bc8246849dd" candidate_term: 2 candidate_status { last_received { term: 1 index: 1 } } ignore_live_leader: false dest_uuid: "b5e887ddd8a14cf3b2c24a0aa14be025"
I0507 20:05:17.069732 607 raft_consensus.cc:2219] T 7161aaf1a71d455883ef478337dfaf19 P b5e887ddd8a14cf3b2c24a0aa14be025 [term 1 FOLLOWER]: Leader pre-election vote request: Granting yes vote for candidate d1bf0f72a88f4483a1906bc8246849dd in term 1.
I0507 20:05:17.070035 706 raft_consensus.cc:435] T d80f4fae4b9f4d238f7f626507290390 P b5e887ddd8a14cf3b2c24a0aa14be025 [term 2 FOLLOWER]: Starting pre-election (detected failure of leader 5014824b94b64fd49da2c1a645c078aa)
I0507 20:05:17.070109 706 raft_consensus.cc:2704] T d80f4fae4b9f4d238f7f626507290390 P b5e887ddd8a14cf3b2c24a0aa14be025: Snoozing failure detection for 0.105s (starting election)
I0507 20:05:17.070040 705 raft_consensus.cc:457] T a0376a5e3b9f495aa00d366b35594a27 P b5e887ddd8a14cf3b2c24a0aa14be025 [term 1 FOLLOWER]: Starting pre-election with config: opid_index: -1 OBSOLETE_local: false peers { permanent_uuid: "b5e887ddd8a14cf3b2c24a0aa14be025" member_type: VOTER last_known_addr { host: "127.0.52.195" port: 38453 } } peers { permanent_uuid: "d1bf0f72a88f4483a1906bc8246849dd" member_type: VOTER last_known_addr { host: "127.0.52.193" port: 46057 } } peers { permanent_uuid: "5014824b94b64fd49da2c1a645c078aa" member_type: VOTER last_known_addr { host: "127.0.52.194" port: 43942 } }
I0507 20:05:17.070209 706 raft_consensus.cc:457] T d80f4fae4b9f4d238f7f626507290390 P b5e887ddd8a14cf3b2c24a0aa14be025 [term 2 FOLLOWER]: Starting pre-election with config: opid_index: -1 OBSOLETE_local: false peers { permanent_uuid: "5014824b94b64fd49da2c1a645c078aa" member_type: VOTER last_known_addr { host: "127.0.52.194" port: 43942 } } peers { permanent_uuid: "d1bf0f72a88f4483a1906bc8246849dd" member_type: VOTER last_known_addr { host: "127.0.52.193" port: 46057 } } peers { permanent_uuid: "b5e887ddd8a14cf3b2c24a0aa14be025" member_type: VOTER last_known_addr { host: "127.0.52.195" port: 38453 } }
I0507 20:05:17.070513 705 leader_election.cc:230] T a0376a5e3b9f495aa00d366b35594a27 P b5e887ddd8a14cf3b2c24a0aa14be025 [CANDIDATE]: Term 2 pre-election: Requesting pre-vote from peer d1bf0f72a88f4483a1906bc8246849dd
