W0507 20:05:33.352288 788 negotiation.cc:313] Failed RPC negotiation. Trace: 0507 20:05:33.347433 (+ 0us) reactor.cc:577] Submitting negotiation task for server connection from 127.0.0.1:59088 0507 20:05:33.348409 (+ 976us) server_negotiation.cc:176] Beginning negotiation 0507 20:05:33.348412 (+ 3us) server_negotiation.cc:365] Waiting for connection header 0507 20:05:33.348428 (+ 16us) server_negotiation.cc:373] Connection header received 0507 20:05:33.348463 (+ 35us) server_negotiation.cc:329] Received NEGOTIATE NegotiatePB request 0507 20:05:33.348467 (+ 4us) server_negotiation.cc:412] Received NEGOTIATE request from client 0507 20:05:33.348528 (+ 61us) server_negotiation.cc:341] Sending NEGOTIATE NegotiatePB response 0507 20:05:33.348680 (+ 152us) negotiation.cc:304] Negotiation complete: Network error: Server connection negotiation failed: server connection from 127.0.0.1:59088: BlockingWrite error: write error: Broken pipe (error 32) Metrics: {"server-negotiator.queue_time_us":861,"thread_start_us":162,"threads_started":1}
I0507 20:05:33.352596 733 consensus_queue.cc:974] T d80f4fae4b9f4d238f7f626507290390 P d1bf0f72a88f4483a1906bc8246849dd [LEADER]: Peer responded invalid term: Peer: permanent_uuid: "b5e887ddd8a14cf3b2c24a0aa14be025" member_type: VOTER last_known_addr { host: "127.0.52.195" port: 38453 }, Status: INVALID_TERM, Last received: 3.3, Next index: 4, Last known committed idx: 5, Time since last communication: 0.000s
I0507 20:05:33.352769 786 consensus_queue.cc:974] T a0376a5e3b9f495aa00d366b35594a27 P d1bf0f72a88f4483a1906bc8246849dd [LEADER]: Peer responded invalid term: Peer: permanent_uuid: "b5e887ddd8a14cf3b2c24a0aa14be025" member_type: VOTER last_known_addr { host: "127.0.52.195" port: 38453 }, Status: INVALID_TERM, Last received: 2.4, Next index: 5, Last known committed idx: 6, Time since last communication: 0.000s
I0507 20:05:33.353931 786 consensus_queue.cc:1102] T a0376a5e3b9f495aa00d366b35594a27 P d1bf0f72a88f4483a1906bc8246849dd [LEADER]: Peer b5e887ddd8a14cf3b2c24a0aa14be025 log is divergent from this leader: its last log entry 3.6 is not in this leader's log and it has not received anything from this leader yet. Falling back to committed index 6
I0507 20:05:33.352773 363 tablet_service.cc:998] Received RequestConsensusVote() RPC: tablet_id: "d80f4fae4b9f4d238f7f626507290390" candidate_uuid: "b5e887ddd8a14cf3b2c24a0aa14be025" candidate_term: 4 candidate_status { last_received { term: 3 index: 3 } } ignore_live_leader: false dest_uuid: "d1bf0f72a88f4483a1906bc8246849dd" is_pre_election: true
I0507 20:05:33.354075 785 raft_consensus.cc:2751] T a0376a5e3b9f495aa00d366b35594a27 P d1bf0f72a88f4483a1906bc8246849dd [term 2 LEADER]: Stepping down as leader of term 2
I0507 20:05:33.354187 785 raft_consensus.cc:604] T a0376a5e3b9f495aa00d366b35594a27 P d1bf0f72a88f4483a1906bc8246849dd [term 2 LEADER]: Becoming Follower/Learner. State: Replica: d1bf0f72a88f4483a1906bc8246849dd, State: Running, Role: LEADER
I0507 20:05:33.355439 362 tablet_service.cc:998] Received RequestConsensusVote() RPC: tablet_id: "a0376a5e3b9f495aa00d366b35594a27" candidate_uuid: "b5e887ddd8a14cf3b2c24a0aa14be025" candidate_term: 3 candidate_status { last_received { term: 2 index: 4 } } ignore_live_leader: false dest_uuid: "d1bf0f72a88f4483a1906bc8246849dd" is_pre_election: true
I0507 20:05:33.354476 785 consensus_queue.cc:227] T a0376a5e3b9f495aa00d366b35594a27 P d1bf0f72a88f4483a1906bc8246849dd [NON_LEADER]: Queue going to NON_LEADER mode. State: All replicated index: 0, Majority replicated index: 4, Committed index: 4, Last appended: 2.4, Last appended by leader: 4, Current term: 2, Majority size: -1, State: 0, Mode: NON_LEADER, active raft config: opid_index: -1 OBSOLETE_local: false peers { permanent_uuid: "b5e887ddd8a14cf3b2c24a0aa14be025" member_type: VOTER last_known_addr { host: "127.0.52.195" port: 38453 } } peers { permanent_uuid: "d1bf0f72a88f4483a1906bc8246849dd" member_type: VOTER last_known_addr { host: "127.0.52.193" port: 46057 } } peers { permanent_uuid: "5014824b94b64fd49da2c1a645c078aa" member_type: VOTER last_known_addr { host: "127.0.52.194" port: 43942 } }
I0507 20:05:33.355868 785 consensus_peers.cc:456] T a0376a5e3b9f495aa00d366b35594a27 P d1bf0f72a88f4483a1906bc8246849dd -> Peer 5014824b94b64fd49da2c1a645c078aa (127.0.52.194:43942): Closing peer: 5014824b94b64fd49da2c1a645c078aa
I0507 20:05:33.356286 785 consensus_peers.cc:456] T a0376a5e3b9f495aa00d366b35594a27 P d1bf0f72a88f4483a1906bc8246849dd -> Peer b5e887ddd8a14cf3b2c24a0aa14be025 (127.0.52.195:38453): Closing peer: b5e887ddd8a14cf3b2c24a0aa14be025
I0507 20:05:33.356628 785 raft_consensus.cc:2756] T a0376a5e3b9f495aa00d366b35594a27 P d1bf0f72a88f4483a1906bc8246849dd [term 2 FOLLOWER]: Advancing to term 3
I0507 20:05:33.357547 360 tablet_service.cc:998] Received RequestConsensusVote() RPC: tablet_id: "d80f4fae4b9f4d238f7f626507290390" candidate_uuid: "b5e887ddd8a14cf3b2c24a0aa14be025" candidate_term: 4 candidate_status { last_received { term: 3 index: 3 } } ignore_live_leader: false dest_uuid: "d1bf0f72a88f4483a1906bc8246849dd"
I0507 20:05:33.357851 361 tablet_service.cc:998] Received RequestConsensusVote() RPC: tablet_id: "d80f4fae4b9f4d238f7f626507290390" candidate_uuid: "b5e887ddd8a14cf3b2c24a0aa14be025" candidate_term: 4 candidate_status { last_received { term: 3 index: 3 } } ignore_live_leader: false dest_uuid: "d1bf0f72a88f4483a1906bc8246849dd" is_pre_election: true
I0507 20:05:33.359174 358 tablet_service.cc:998] Received RequestConsensusVote() RPC: tablet_id: "7161aaf1a71d455883ef478337dfaf19" candidate_uuid: "b5e887ddd8a14cf3b2c24a0aa14be025" candidate_term: 3 candidate_status { last_received { term: 2 index: 2 } } ignore_live_leader: false dest_uuid: "d1bf0f72a88f4483a1906bc8246849dd"
I0507 20:05:33.356323 359 tablet_service.cc:998] Received RequestConsensusVote() RPC: tablet_id: "7161aaf1a71d455883ef478337dfaf19" candidate_uuid: "b5e887ddd8a14cf3b2c24a0aa14be025" candidate_term: 3 candidate_status { last_received { term: 2 index: 2 } } ignore_live_leader: false dest_uuid: "d1bf0f72a88f4483a1906bc8246849dd" is_pre_election: true
I0507 20:05:33.359448 355 tablet_service.cc:998] Received RequestConsensusVote() RPC: tablet_id: "a0376a5e3b9f495aa00d366b35594a27" candidate_uuid: "b5e887ddd8a14cf3b2c24a0aa14be025" candidate_term: 3 candidate_status { last_received { term: 2 index: 4 } } ignore_live_leader: false dest_uuid: "d1bf0f72a88f4483a1906bc8246849dd" is_pre_election: true
I0507 20:05:33.359858 356 raft_consensus.cc:2751] T 7161aaf1a71d455883ef478337dfaf19 P d1bf0f72a88f4483a1906bc8246849dd [term 2 LEADER]: Stepping down as leader of term 2
I0507 20:05:33.359925 356 raft_consensus.cc:604] T 7161aaf1a71d455883ef478337dfaf19 P d1bf0f72a88f4483a1906bc8246849dd [term 2 LEADER]: Becoming Follower/Learner. State: Replica: d1bf0f72a88f4483a1906bc8246849dd, State: Running, Role: LEADER
I0507 20:05:33.360329 356 consensus_queue.cc:227] T 7161aaf1a71d455883ef478337dfaf19 P d1bf0f72a88f4483a1906bc8246849dd [NON_LEADER]: Queue going to NON_LEADER mode. State: All replicated index: 0, Majority replicated index: 2, Committed index: 2, Last appended: 2.2, Last appended by leader: 2, Current term: 2, Majority size: -1, State: 0, Mode: NON_LEADER, active raft config: opid_index: -1 OBSOLETE_local: false peers { permanent_uuid: "5014824b94b64fd49da2c1a645c078aa" member_type: VOTER last_known_addr { host: "127.0.52.194" port: 43942 } } peers { permanent_uuid: "d1bf0f72a88f4483a1906bc8246849dd" member_type: VOTER last_known_addr { host: "127.0.52.193" port: 46057 } } peers { permanent_uuid: "b5e887ddd8a14cf3b2c24a0aa14be025" member_type: VOTER last_known_addr { host: "127.0.52.195" port: 38453 } }
I0507 20:05:33.361647 356 consensus_peers.cc:456] T 7161aaf1a71d455883ef478337dfaf19 P d1bf0f72a88f4483a1906bc8246849dd -> Peer b5e887ddd8a14cf3b2c24a0aa14be025 (127.0.52.195:38453): Closing peer: b5e887ddd8a14cf3b2c24a0aa14be025
I0507 20:05:33.361284 354 tablet_service.cc:998] Received RequestConsensusVote() RPC: tablet_id: "a0376a5e3b9f495aa00d366b35594a27" candidate_uuid: "b5e887ddd8a14cf3b2c24a0aa14be025" candidate_term: 3 candidate_status { last_received { term: 2 index: 4 } } ignore_live_leader: false dest_uuid: "d1bf0f72a88f4483a1906bc8246849dd"
I0507 20:05:33.361888 356 consensus_peers.cc:456] T 7161aaf1a71d455883ef478337dfaf19 P d1bf0f72a88f4483a1906bc8246849dd -> Peer 5014824b94b64fd49da2c1a645c078aa (127.0.52.194:43942): Closing peer: 5014824b94b64fd49da2c1a645c078aa
I0507 20:05:33.362156 356 raft_consensus.cc:2756] T 7161aaf1a71d455883ef478337dfaf19 P d1bf0f72a88f4483a1906bc8246849dd [term 2 FOLLOWER]: Advancing to term 3
I0507 20:05:33.362352 733 consensus_queue.cc:1102] T d80f4fae4b9f4d238f7f626507290390 P d1bf0f72a88f4483a1906bc8246849dd [LEADER]: Peer b5e887ddd8a14cf3b2c24a0aa14be025 log is divergent from this leader: its last log entry 4.6 is not in this leader's log and it has not received anything from this leader yet. Falling back to committed index 5
I0507 20:05:33.362948 363 raft_consensus.cc:2180] T d80f4fae4b9f4d238f7f626507290390 P d1bf0f72a88f4483a1906bc8246849dd [term 3 LEADER]: Leader pre-election vote request: Denying vote to candidate b5e887ddd8a14cf3b2c24a0aa14be025 for term 4 because replica is either leader or believes a valid leader to be alive.
I0507 20:05:33.363258 360 raft_consensus.cc:2194] T d80f4fae4b9f4d238f7f626507290390 P d1bf0f72a88f4483a1906bc8246849dd [term 3 LEADER]: Leader election vote request: Denying vote to candidate b5e887ddd8a14cf3b2c24a0aa14be025 for term 4 because replica is already servicing an update from a current leader or another vote.
I0507 20:05:33.363713 357 raft_consensus.cc:2751] T d80f4fae4b9f4d238f7f626507290390 P d1bf0f72a88f4483a1906bc8246849dd [term 3 LEADER]: Stepping down as leader of term 3
I0507 20:05:33.363787 357 raft_consensus.cc:604] T d80f4fae4b9f4d238f7f626507290390 P d1bf0f72a88f4483a1906bc8246849dd [term 3 LEADER]: Becoming Follower/Learner. State: Replica: d1bf0f72a88f4483a1906bc8246849dd, State: Running, Role: LEADER
I0507 20:05:33.364279 357 consensus_queue.cc:227] T d80f4fae4b9f4d238f7f626507290390 P d1bf0f72a88f4483a1906bc8246849dd [NON_LEADER]: Queue going to NON_LEADER mode. State: All replicated index: 0, Majority replicated index: 3, Committed index: 3, Last appended: 3.3, Last appended by leader: 3, Current term: 3, Majority size: -1, State: 0, Mode: NON_LEADER, active raft config: opid_index: -1 OBSOLETE_local: false peers { permanent_uuid: "5014824b94b64fd49da2c1a645c078aa" member_type: VOTER last_known_addr { host: "127.0.52.194" port: 43942 } } peers { permanent_uuid: "d1bf0f72a88f4483a1906bc8246849dd" member_type: VOTER last_known_addr { host: "127.0.52.193" port: 46057 } } peers { permanent_uuid: "b5e887ddd8a14cf3b2c24a0aa14be025" member_type: VOTER last_known_addr { host: "127.0.52.195" port: 38453 } }
I0507 20:05:33.364724 357 consensus_peers.cc:456] T d80f4fae4b9f4d238f7f626507290390 P d1bf0f72a88f4483a1906bc8246849dd -> Peer b5e887ddd8a14cf3b2c24a0aa14be025 (127.0.52.195:38453): Closing peer: b5e887ddd8a14cf3b2c24a0aa14be025
I0507 20:05:33.364785 357 consensus_peers.cc:456] T d80f4fae4b9f4d238f7f626507290390 P d1bf0f72a88f4483a1906bc8246849dd -> Peer 5014824b94b64fd49da2c1a645c078aa (127.0.52.194:43942): Closing peer: 5014824b94b64fd49da2c1a645c078aa
I0507 20:05:33.364852 362 raft_consensus.cc:2704] T a0376a5e3b9f495aa00d366b35594a27 P d1bf0f72a88f4483a1906bc8246849dd: Snoozing failure detection for 0.101s (vote granted)
I0507 20:05:33.364887 357 raft_consensus.cc:2756] T d80f4fae4b9f4d238f7f626507290390 P d1bf0f72a88f4483a1906bc8246849dd [term 3 FOLLOWER]: Advancing to term 4
I0507 20:05:33.364917 362 raft_consensus.cc:2219] T a0376a5e3b9f495aa00d366b35594a27 P d1bf0f72a88f4483a1906bc8246849dd [term 3 FOLLOWER]: Leader pre-election vote request: Granting yes vote for candidate b5e887ddd8a14cf3b2c24a0aa14be025 in term 3.
I0507 20:05:33.365119 355 raft_consensus.cc:2194] T a0376a5e3b9f495aa00d366b35594a27 P d1bf0f72a88f4483a1906bc8246849dd [term 3 FOLLOWER]: Leader pre-election vote request: Denying vote to candidate b5e887ddd8a14cf3b2c24a0aa14be025 for term 3 because replica is already servicing an update from a current leader or another vote.
I0507 20:05:33.365558 354 raft_consensus.cc:2194] T a0376a5e3b9f495aa00d366b35594a27 P d1bf0f72a88f4483a1906bc8246849dd [term 3 FOLLOWER]: Leader election vote request: Denying vote to candidate b5e887ddd8a14cf3b2c24a0aa14be025 for term 3 because replica is already servicing an update from a current leader or another vote.
I0507 20:05:33.365931 353 raft_consensus.cc:1057] T a0376a5e3b9f495aa00d366b35594a27 P d1bf0f72a88f4483a1906bc8246849dd [term 3 FOLLOWER]: Refusing update from remote peer b5e887ddd8a14cf3b2c24a0aa14be025: Log matching property violated. Preceding OpId in replica: term: 2 index: 4. Preceding OpId from leader: term: 3 index: 5. (index mismatch)
I0507 20:05:33.366497 356 raft_consensus.cc:1057] T 7161aaf1a71d455883ef478337dfaf19 P d1bf0f72a88f4483a1906bc8246849dd [term 3 FOLLOWER]: Refusing update from remote peer b5e887ddd8a14cf3b2c24a0aa14be025: Log matching property violated. Preceding OpId in replica: term: 2 index: 2. Preceding OpId from leader: term: 3 index: 3. (index mismatch)
I0507 20:05:33.367693 357 raft_consensus.cc:1057] T d80f4fae4b9f4d238f7f626507290390 P d1bf0f72a88f4483a1906bc8246849dd [term 4 FOLLOWER]: Refusing update from remote peer b5e887ddd8a14cf3b2c24a0aa14be025: Log matching property violated. Preceding OpId in replica: term: 3 index: 3. Preceding OpId from leader: term: 4 index: 4. (index mismatch)
W0507 20:05:33.367892 786 raft_consensus.cc:746] Couldn't advance consensus term.: Illegal state: Can't advance term to: 4 current term: 4 is higher.
I0507 20:05:33.368818 358 raft_consensus.cc:2194] T 7161aaf1a71d455883ef478337dfaf19 P d1bf0f72a88f4483a1906bc8246849dd [term 3 FOLLOWER]: Leader election vote request: Denying vote to candidate b5e887ddd8a14cf3b2c24a0aa14be025 for term 3 because replica is already servicing an update from a current leader or another vote.
I0507 20:05:33.368831 361 raft_consensus.cc:2194] T d80f4fae4b9f4d238f7f626507290390 P d1bf0f72a88f4483a1906bc8246849dd [term 4 FOLLOWER]: Leader pre-election vote request: Denying vote to candidate b5e887ddd8a14cf3b2c24a0aa14be025 for term 4 because replica is already servicing an update from a current leader or another vote.
I0507 20:05:33.369074 359 raft_consensus.cc:2194] T 7161aaf1a71d455883ef478337dfaf19 P d1bf0f72a88f4483a1906bc8246849dd [term 3 FOLLOWER]: Leader pre-election vote request: Denying vote to candidate b5e887ddd8a14cf3b2c24a0aa14be025 for term 3 because replica is already servicing an update from a current leader or another vote.
I0507 20:05:33.369889 740 consensus_queue.cc:963] T a0376a5e3b9f495aa00d366b35594a27 P b5e887ddd8a14cf3b2c24a0aa14be025 [LEADER]: Connected to new peer: Peer: permanent_uuid: "d1bf0f72a88f4483a1906bc8246849dd" member_type: VOTER last_known_addr { host: "127.0.52.193" port: 46057 }, Status: LMP_MISMATCH, Last received: 0.0, Next index: 5, Last known committed idx: 4, Time since last communication: 0.000s
I0507 20:05:33.370363 740 consensus_queue.cc:963] T 7161aaf1a71d455883ef478337dfaf19 P b5e887ddd8a14cf3b2c24a0aa14be025 [LEADER]: Connected to new peer: Peer: permanent_uuid: "d1bf0f72a88f4483a1906bc8246849dd" member_type: VOTER last_known_addr { host: "127.0.52.193" port: 46057 }, Status: LMP_MISMATCH, Last received: 0.0, Next index: 3, Last known committed idx: 2, Time since last communication: 0.000s
I0507 20:05:33.370672 740 consensus_queue.cc:963] T d80f4fae4b9f4d238f7f626507290390 P b5e887ddd8a14cf3b2c24a0aa14be025 [LEADER]: Connected to new peer: Peer: permanent_uuid: "d1bf0f72a88f4483a1906bc8246849dd" member_type: VOTER last_known_addr { host: "127.0.52.193" port: 46057 }, Status: LMP_MISMATCH, Last received: 0.0, Next index: 4, Last known committed idx: 3, Time since last communication: 0.000s
I0507 20:05:34.452628 806 raft_consensus.cc:435] T 7161aaf1a71d455883ef478337dfaf19 P 5014824b94b64fd49da2c1a645c078aa [term 3 FOLLOWER]: Starting pre-election (detected failure of leader b5e887ddd8a14cf3b2c24a0aa14be025)
I0507 20:05:34.453202 806 raft_consensus.cc:2704] T 7161aaf1a71d455883ef478337dfaf19 P 5014824b94b64fd49da2c1a645c078aa: Snoozing failure detection for 0.094s (starting election)
I0507 20:05:34.453341 806 raft_consensus.cc:457] T 7161aaf1a71d455883ef478337dfaf19 P 5014824b94b64fd49da2c1a645c078aa [term 3 FOLLOWER]: Starting pre-election with config: opid_index: -1 OBSOLETE_local: false peers { permanent_uuid: "5014824b94b64fd49da2c1a645c078aa" member_type: VOTER last_known_addr { host: "127.0.52.194" port: 43942 } } peers { permanent_uuid: "d1bf0f72a88f4483a1906bc8246849dd" member_type: VOTER last_known_addr { host: "127.0.52.193" port: 46057 } } peers { permanent_uuid: "b5e887ddd8a14cf3b2c24a0aa14be025" member_type: VOTER last_known_addr { host: "127.0.52.195" port: 38453 } }
I0507 20:05:34.453927 806 leader_election.cc:230] T 7161aaf1a71d455883ef478337dfaf19 P 5014824b94b64fd49da2c1a645c078aa [CANDIDATE]: Term 4 pre-election: Requesting pre-vote from peer d1bf0f72a88f4483a1906bc8246849dd
I0507 20:05:34.454141 806 leader_election.cc:230] T 7161aaf1a71d455883ef478337dfaf19 P 5014824b94b64fd49da2c1a645c078aa [CANDIDATE]: Term 4 pre-election: Requesting pre-vote from peer b5e887ddd8a14cf3b2c24a0aa14be025
I0507 20:05:34.454300 806 raft_consensus.cc:435] T a0376a5e3b9f495aa00d366b35594a27 P 5014824b94b64fd49da2c1a645c078aa [term 3 FOLLOWER]: Starting pre-election (detected failure of leader b5e887ddd8a14cf3b2c24a0aa14be025)
I0507 20:05:34.454380 806 raft_consensus.cc:2704] T a0376a5e3b9f495aa00d366b35594a27 P 5014824b94b64fd49da2c1a645c078aa: Snoozing failure detection for 0.152s (starting election)
I0507 20:05:34.454460 806 raft_consensus.cc:457] T a0376a5e3b9f495aa00d366b35594a27 P 5014824b94b64fd49da2c1a645c078aa [term 3 FOLLOWER]: Starting pre-election with config: opid_index: -1 OBSOLETE_local: false peers { permanent_uuid: "b5e887ddd8a14cf3b2c24a0aa14be025" member_type: VOTER last_known_addr { host: "127.0.52.195" port: 38453 } } peers { permanent_uuid: "d1bf0f72a88f4483a1906bc8246849dd" member_type: VOTER last_known_addr { host: "127.0.52.193" port: 46057 } } peers { permanent_uuid: "5014824b94b64fd49da2c1a645c078aa" member_type: VOTER last_known_addr { host: "127.0.52.194" port: 43942 } }
I0507 20:05:34.454778 806 leader_election.cc:230] T a0376a5e3b9f495aa00d366b35594a27 P 5014824b94b64fd49da2c1a645c078aa [CANDIDATE]: Term 4 pre-election: Requesting pre-vote from peer b5e887ddd8a14cf3b2c24a0aa14be025
I0507 20:05:34.454915 806 leader_election.cc:230] T a0376a5e3b9f495aa00d366b35594a27 P 5014824b94b64fd49da2c1a645c078aa [CANDIDATE]: Term 4 pre-election: Requesting pre-vote from peer d1bf0f72a88f4483a1906bc8246849dd
I0507 20:05:34.455044 806 raft_consensus.cc:435] T d80f4fae4b9f4d238f7f626507290390 P 5014824b94b64fd49da2c1a645c078aa [term 4 FOLLOWER]: Starting pre-election (detected failure of leader b5e887ddd8a14cf3b2c24a0aa14be025)
I0507 20:05:34.455101 806 raft_consensus.cc:2704] T d80f4fae4b9f4d238f7f626507290390 P 5014824b94b64fd49da2c1a645c078aa: Snoozing failure detection for 0.089s (starting election)
I0507 20:05:34.455193 806 raft_consensus.cc:457] T d80f4fae4b9f4d238f7f626507290390 P 5014824b94b64fd49da2c1a645c078aa [term 4 FOLLOWER]: Starting pre-election with config: opid_index: -1 OBSOLETE_local: false peers { permanent_uuid: "5014824b94b64fd49da2c1a645c078aa" member_type: VOTER last_known_addr { host: "127.0.52.194" port: 43942 } } peers { permanent_uuid: "d1bf0f72a88f4483a1906bc8246849dd" member_type: VOTER last_known_addr { host: "127.0.52.193" port: 46057 } } peers { permanent_uuid: "b5e887ddd8a14cf3b2c24a0aa14be025" member_type: VOTER last_known_addr { host: "127.0.52.195" port: 38453 } }
I0507 20:05:34.455458 806 leader_election.cc:230] T d80f4fae4b9f4d238f7f626507290390 P 5014824b94b64fd49da2c1a645c078aa [CANDIDATE]: Term 5 pre-election: Requesting pre-vote from peer d1bf0f72a88f4483a1906bc8246849dd
I0507 20:05:34.455598 806 leader_election.cc:230] T d80f4fae4b9f4d238f7f626507290390 P 5014824b94b64fd49da2c1a645c078aa [CANDIDATE]: Term 5 pre-election: Requesting pre-vote from peer b5e887ddd8a14cf3b2c24a0aa14be025
W0507 20:05:34.456295 417 thread.cc:554] raft [worker] (thread pool) Time spent creating pthread: real 1.040s user 0.004s sys 0.012s
W0507 20:05:34.456351 417 thread.cc:521] raft [worker] (thread pool) Time spent starting thread: real 1.040s user 0.004s sys 0.012s
W0507 20:05:34.462823 420 thread.cc:554] raft [worker] (thread pool) Time spent creating pthread: real 1.046s user 0.004s sys 0.004s
W0507 20:05:34.462929 420 thread.cc:521] raft [worker] (thread pool) Time spent starting thread: real 1.046s user 0.004s sys 0.004s
I0507 20:05:34.464130 608 tablet_service.cc:998] Received RequestConsensusVote() RPC: tablet_id: "7161aaf1a71d455883ef478337dfaf19" candidate_uuid: "5014824b94b64fd49da2c1a645c078aa" candidate_term: 4 candidate_status { last_received { term: 3 index: 4 } } ignore_live_leader: false dest_uuid: "b5e887ddd8a14cf3b2c24a0aa14be025" is_pre_election: true
I0507 20:05:34.464365 608 raft_consensus.cc:2180] T 7161aaf1a71d455883ef478337dfaf19 P b5e887ddd8a14cf3b2c24a0aa14be025 [term 3 LEADER]: Leader pre-election vote request: Denying vote to candidate 5014824b94b64fd49da2c1a645c078aa for term 4 because replica is either leader or believes a valid leader to be alive.
I0507 20:05:34.465667 608 tablet_service.cc:998] Received RequestConsensusVote() RPC: tablet_id: "a0376a5e3b9f495aa00d366b35594a27" candidate_uuid: "5014824b94b64fd49da2c1a645c078aa" candidate_term: 4 candidate_status { last_received { term: 3 index: 6 } } ignore_live_leader: false dest_uuid: "b5e887ddd8a14cf3b2c24a0aa14be025" is_pre_election: true
I0507 20:05:34.465837 608 raft_consensus.cc:2180] T a0376a5e3b9f495aa00d366b35594a27 P b5e887ddd8a14cf3b2c24a0aa14be025 [term 3 LEADER]: Leader pre-election vote request: Denying vote to candidate 5014824b94b64fd49da2c1a645c078aa for term 4 because replica is either leader or believes a valid leader to be alive.
I0507 20:05:34.465997 606 tablet_service.cc:998] Received RequestConsensusVote() RPC: tablet_id: "d80f4fae4b9f4d238f7f626507290390" candidate_uuid: "5014824b94b64fd49da2c1a645c078aa" candidate_term: 5 candidate_status { last_received { term: 4 index: 5 } } ignore_live_leader: false dest_uuid: "b5e887ddd8a14cf3b2c24a0aa14be025" is_pre_election: true
I0507 20:05:34.466286 606 raft_consensus.cc:2180] T d80f4fae4b9f4d238f7f626507290390 P b5e887ddd8a14cf3b2c24a0aa14be025 [term 4 LEADER]: Leader pre-election vote request: Denying vote to candidate 5014824b94b64fd49da2c1a645c078aa for term 5 because replica is either leader or believes a valid leader to be alive.
I0507 20:05:34.470232 482 raft_consensus.cc:1002] T d80f4fae4b9f4d238f7f626507290390 P 5014824b94b64fd49da2c1a645c078aa [term 4 FOLLOWER]: Deduplicated request from leader. Original: 2.1->[3.2-3.3] Dedup: 3.3->[]
I0507 20:05:34.470823 482 raft_consensus.cc:1025] T d80f4fae4b9f4d238f7f626507290390 P 5014824b94b64fd49da2c1a645c078aa [term 4 FOLLOWER]: Rejecting Update request from peer d1bf0f72a88f4483a1906bc8246849dd for earlier term 3. Current term is 4. Ops: [3.2-3.3]
I0507 20:05:34.478137 420 leader_election.cc:376] T 7161aaf1a71d455883ef478337dfaf19 P 5014824b94b64fd49da2c1a645c078aa [CANDIDATE]: Term 4 pre-election: Vote denied by peer b5e887ddd8a14cf3b2c24a0aa14be025. Message: Invalid argument: T 7161aaf1a71d455883ef478337dfaf19 P b5e887ddd8a14cf3b2c24a0aa14be025 [term 3 LEADER]: Leader pre-election vote request: Denying vote to candidate 5014824b94b64fd49da2c1a645c078aa for term 4 because replica is either leader or believes a valid leader to be alive.
I0507 20:05:34.479208 482 raft_consensus.cc:1002] T a0376a5e3b9f495aa00d366b35594a27 P 5014824b94b64fd49da2c1a645c078aa [term 3 FOLLOWER]: Deduplicated request from leader. Original: 1.1->[2.2-2.4] Dedup: 2.4->[]
I0507 20:05:34.479905 482 raft_consensus.cc:1025] T a0376a5e3b9f495aa00d366b35594a27 P 5014824b94b64fd49da2c1a645c078aa [term 3 FOLLOWER]: Rejecting Update request from peer d1bf0f72a88f4483a1906bc8246849dd for earlier term 2. Current term is 3. Ops: [2.2-2.4]
W0507 20:05:34.480247 418 thread.cc:554] raft [worker] (thread pool) Time spent creating pthread: real 1.055s user 0.004s sys 0.008s
W0507 20:05:34.480334 418 thread.cc:521] raft [worker] (thread pool) Time spent starting thread: real 1.064s user 0.004s sys 0.008s
I0507 20:05:34.480393 420 leader_election.cc:376] T a0376a5e3b9f495aa00d366b35594a27 P 5014824b94b64fd49da2c1a645c078aa [CANDIDATE]: Term 4 pre-election: Vote denied by peer b5e887ddd8a14cf3b2c24a0aa14be025. Message: Invalid argument: T a0376a5e3b9f495aa00d366b35594a27 P b5e887ddd8a14cf3b2c24a0aa14be025 [term 3 LEADER]: Leader pre-election vote request: Denying vote to candidate 5014824b94b64fd49da2c1a645c078aa for term 4 because replica is either leader or believes a valid leader to be alive.
I0507 20:05:34.481042 482 raft_consensus.cc:1002] T 7161aaf1a71d455883ef478337dfaf19 P 5014824b94b64fd49da2c1a645c078aa [term 3 FOLLOWER]: Deduplicated request from leader. Original: 1.1->[2.2-2.2] Dedup: 2.2->[]
I0507 20:05:34.481128 482 raft_consensus.cc:1025] T 7161aaf1a71d455883ef478337dfaf19 P 5014824b94b64fd49da2c1a645c078aa [term 3 FOLLOWER]: Rejecting Update request from peer d1bf0f72a88f4483a1906bc8246849dd for earlier term 2. Current term is 3. Ops: [2.2-2.2]
I0507 20:05:34.482152 420 leader_election.cc:376] T d80f4fae4b9f4d238f7f626507290390 P 5014824b94b64fd49da2c1a645c078aa [CANDIDATE]: Term 5 pre-election: Vote denied by peer b5e887ddd8a14cf3b2c24a0aa14be025. Message: Invalid argument: T d80f4fae4b9f4d238f7f626507290390 P b5e887ddd8a14cf3b2c24a0aa14be025 [term 4 LEADER]: Leader pre-election vote request: Denying vote to candidate 5014824b94b64fd49da2c1a645c078aa for term 5 because replica is either leader or believes a valid leader to be alive.
I0507 20:05:35.568154 786 raft_consensus.cc:435] T 7161aaf1a71d455883ef478337dfaf19 P d1bf0f72a88f4483a1906bc8246849dd [term 3 FOLLOWER]: Starting pre-election (detected failure of leader b5e887ddd8a14cf3b2c24a0aa14be025)
I0507 20:05:35.568300 786 raft_consensus.cc:2704] T 7161aaf1a71d455883ef478337dfaf19 P d1bf0f72a88f4483a1906bc8246849dd: Snoozing failure detection for 0.109s (starting election)
I0507 20:05:35.568395 786 raft_consensus.cc:457] T 7161aaf1a71d455883ef478337dfaf19 P d1bf0f72a88f4483a1906bc8246849dd [term 3 FOLLOWER]: Starting pre-election with config: opid_index: -1 OBSOLETE_local: false peers { permanent_uuid: "5014824b94b64fd49da2c1a645c078aa" member_type: VOTER last_known_addr { host: "127.0.52.194" port: 43942 } } peers { permanent_uuid: "d1bf0f72a88f4483a1906bc8246849dd" member_type: VOTER last_known_addr { host: "127.0.52.193" port: 46057 } } peers { permanent_uuid: "b5e887ddd8a14cf3b2c24a0aa14be025" member_type: VOTER last_known_addr { host: "127.0.52.195" port: 38453 } }
I0507 20:05:35.570822 733 raft_consensus.cc:435] T a0376a5e3b9f495aa00d366b35594a27 P d1bf0f72a88f4483a1906bc8246849dd [term 3 FOLLOWER]: Starting pre-election (detected failure of leader b5e887ddd8a14cf3b2c24a0aa14be025)
I0507 20:05:35.572201 785 raft_consensus.cc:435] T d80f4fae4b9f4d238f7f626507290390 P d1bf0f72a88f4483a1906bc8246849dd [term 4 FOLLOWER]: Starting pre-election (detected failure of leader b5e887ddd8a14cf3b2c24a0aa14be025)
I0507 20:05:35.572576 733 raft_consensus.cc:2704] T a0376a5e3b9f495aa00d366b35594a27 P d1bf0f72a88f4483a1906bc8246849dd: Snoozing failure detection for 0.105s (starting election)
I0507 20:05:35.572813 359 tablet_service.cc:998] Received RequestConsensusVote() RPC: tablet_id: "7161aaf1a71d455883ef478337dfaf19" candidate_uuid: "5014824b94b64fd49da2c1a645c078aa" candidate_term: 4 candidate_status { last_received { term: 3 index: 4 } } ignore_live_leader: false dest_uuid: "d1bf0f72a88f4483a1906bc8246849dd" is_pre_election: true
I0507 20:05:35.573438 785 raft_consensus.cc:2704] T d80f4fae4b9f4d238f7f626507290390 P d1bf0f72a88f4483a1906bc8246849dd: Snoozing failure detection for 0.085s (starting election)
I0507 20:05:35.573850 733 raft_consensus.cc:457] T a0376a5e3b9f495aa00d366b35594a27 P d1bf0f72a88f4483a1906bc8246849dd [term 3 FOLLOWER]: Starting pre-election with config: opid_index: -1 OBSOLETE_local: false peers { permanent_uuid: "b5e887ddd8a14cf3b2c24a0aa14be025" member_type: VOTER last_known_addr { host: "127.0.52.195" port: 38453 } } peers { permanent_uuid: "d1bf0f72a88f4483a1906bc8246849dd" member_type: VOTER last_known_addr { host: "127.0.52.193" port: 46057 } } peers { permanent_uuid: "5014824b94b64fd49da2c1a645c078aa" member_type: VOTER last_known_addr { host: "127.0.52.194" port: 43942 } }
I0507 20:05:35.574213 786 leader_election.cc:230] T 7161aaf1a71d455883ef478337dfaf19 P d1bf0f72a88f4483a1906bc8246849dd [CANDIDATE]: Term 4 pre-election: Requesting pre-vote from peer 5014824b94b64fd49da2c1a645c078aa
I0507 20:05:35.574786 358 tablet_service.cc:998] Received RequestConsensusVote() RPC: tablet_id: "a0376a5e3b9f495aa00d366b35594a27" candidate_uuid: "5014824b94b64fd49da2c1a645c078aa" candidate_term: 4 candidate_status { last_received { term: 3 index: 6 } } ignore_live_leader: false dest_uuid: "d1bf0f72a88f4483a1906bc8246849dd" is_pre_election: true
I0507 20:05:35.575366 359 raft_consensus.cc:2166] T 7161aaf1a71d455883ef478337dfaf19 P d1bf0f72a88f4483a1906bc8246849dd [term 3 FOLLOWER]: Leader pre-election vote request: Denying vote to candidate 5014824b94b64fd49da2c1a645c078aa for term 4 because replica has last-logged OpId of term: 3 index: 5, which is greater than that of the candidate, which has last-logged OpId of term: 3 index: 4.
I0507 20:05:35.575731 733 leader_election.cc:230] T a0376a5e3b9f495aa00d366b35594a27 P d1bf0f72a88f4483a1906bc8246849dd [CANDIDATE]: Term 4 pre-election: Requesting pre-vote from peer b5e887ddd8a14cf3b2c24a0aa14be025
I0507 20:05:35.575835 733 leader_election.cc:230] T a0376a5e3b9f495aa00d366b35594a27 P d1bf0f72a88f4483a1906bc8246849dd [CANDIDATE]: Term 4 pre-election: Requesting pre-vote from peer 5014824b94b64fd49da2c1a645c078aa
I0507 20:05:35.575915 356 tablet_service.cc:998] Received RequestConsensusVote() RPC: tablet_id: "d80f4fae4b9f4d238f7f626507290390" candidate_uuid: "5014824b94b64fd49da2c1a645c078aa" candidate_term: 5 candidate_status { last_received { term: 4 index: 5 } } ignore_live_leader: false dest_uuid: "d1bf0f72a88f4483a1906bc8246849dd" is_pre_election: true
I0507 20:05:35.576380 786 leader_election.cc:230] T 7161aaf1a71d455883ef478337dfaf19 P d1bf0f72a88f4483a1906bc8246849dd [CANDIDATE]: Term 4 pre-election: Requesting pre-vote from peer b5e887ddd8a14cf3b2c24a0aa14be025
I0507 20:05:35.576711 358 raft_consensus.cc:2180] T a0376a5e3b9f495aa00d366b35594a27 P d1bf0f72a88f4483a1906bc8246849dd [term 3 FOLLOWER]: Leader pre-election vote request: Denying vote to candidate 5014824b94b64fd49da2c1a645c078aa for term 4 because replica is either leader or believes a valid leader to be alive.
I0507 20:05:35.576879 785 raft_consensus.cc:457] T d80f4fae4b9f4d238f7f626507290390 P d1bf0f72a88f4483a1906bc8246849dd [term 4 FOLLOWER]: Starting pre-election with config: opid_index: -1 OBSOLETE_local: false peers { permanent_uuid: "5014824b94b64fd49da2c1a645c078aa" member_type: VOTER last_known_addr { host: "127.0.52.194" port: 43942 } } peers { permanent_uuid: "d1bf0f72a88f4483a1906bc8246849dd" member_type: VOTER last_known_addr { host: "127.0.52.193" port: 46057 } } peers { permanent_uuid: "b5e887ddd8a14cf3b2c24a0aa14be025" member_type: VOTER last_known_addr { host: "127.0.52.195" port: 38453 } }
I0507 20:05:35.577213 785 leader_election.cc:230] T d80f4fae4b9f4d238f7f626507290390 P d1bf0f72a88f4483a1906bc8246849dd [CANDIDATE]: Term 5 pre-election: Requesting pre-vote from peer 5014824b94b64fd49da2c1a645c078aa
I0507 20:05:35.578256 606 tablet_service.cc:998] Received RequestConsensusVote() RPC: tablet_id: "a0376a5e3b9f495aa00d366b35594a27" candidate_uuid: "d1bf0f72a88f4483a1906bc8246849dd" candidate_term: 4 candidate_status { last_received { term: 3 index: 6 } } ignore_live_leader: false dest_uuid: "b5e887ddd8a14cf3b2c24a0aa14be025" is_pre_election: true
I0507 20:05:35.578462 606 raft_consensus.cc:2180] T a0376a5e3b9f495aa00d366b35594a27 P b5e887ddd8a14cf3b2c24a0aa14be025 [term 3 LEADER]: Leader pre-election vote request: Denying vote to candidate d1bf0f72a88f4483a1906bc8246849dd for term 4 because replica is either leader or believes a valid leader to be alive.
I0507 20:05:35.578794 785 leader_election.cc:230] T d80f4fae4b9f4d238f7f626507290390 P d1bf0f72a88f4483a1906bc8246849dd [CANDIDATE]: Term 5 pre-election: Requesting pre-vote from peer b5e887ddd8a14cf3b2c24a0aa14be025
I0507 20:05:35.579272 356 raft_consensus.cc:2194] T d80f4fae4b9f4d238f7f626507290390 P d1bf0f72a88f4483a1906bc8246849dd [term 4 FOLLOWER]: Leader pre-election vote request: Denying vote to candidate 5014824b94b64fd49da2c1a645c078aa for term 5 because replica is already servicing an update from a current leader or another vote.
I0507 20:05:35.581181 606 tablet_service.cc:998] Received RequestConsensusVote() RPC: tablet_id: "7161aaf1a71d455883ef478337dfaf19" candidate_uuid: "d1bf0f72a88f4483a1906bc8246849dd" candidate_term: 4 candidate_status { last_received { term: 3 index: 5 } } ignore_live_leader: false dest_uuid: "b5e887ddd8a14cf3b2c24a0aa14be025" is_pre_election: true
I0507 20:05:35.581378 606 raft_consensus.cc:2180] T 7161aaf1a71d455883ef478337dfaf19 P b5e887ddd8a14cf3b2c24a0aa14be025 [term 3 LEADER]: Leader pre-election vote request: Denying vote to candidate d1bf0f72a88f4483a1906bc8246849dd for term 4 because replica is either leader or believes a valid leader to be alive.
I0507 20:05:35.584628 297 leader_election.cc:376] T a0376a5e3b9f495aa00d366b35594a27 P d1bf0f72a88f4483a1906bc8246849dd [CANDIDATE]: Term 4 pre-election: Vote denied by peer b5e887ddd8a14cf3b2c24a0aa14be025. Message: Invalid argument: T a0376a5e3b9f495aa00d366b35594a27 P b5e887ddd8a14cf3b2c24a0aa14be025 [term 3 LEADER]: Leader pre-election vote request: Denying vote to candidate d1bf0f72a88f4483a1906bc8246849dd for term 4 because replica is either leader or believes a valid leader to be alive.
I0507 20:05:35.591488 297 leader_election.cc:376] T 7161aaf1a71d455883ef478337dfaf19 P d1bf0f72a88f4483a1906bc8246849dd [CANDIDATE]: Term 4 pre-election: Vote denied by peer b5e887ddd8a14cf3b2c24a0aa14be025. Message: Invalid argument: T 7161aaf1a71d455883ef478337dfaf19 P b5e887ddd8a14cf3b2c24a0aa14be025 [term 3 LEADER]: Leader pre-election vote request: Denying vote to candidate d1bf0f72a88f4483a1906bc8246849dd for term 4 because replica is either leader or believes a valid leader to be alive.
I0507 20:05:35.595032 606 tablet_service.cc:998] Received RequestConsensusVote() RPC: tablet_id: "d80f4fae4b9f4d238f7f626507290390" candidate_uuid: "d1bf0f72a88f4483a1906bc8246849dd" candidate_term: 5 candidate_status { last_received { term: 4 index: 7 } } ignore_live_leader: false dest_uuid: "b5e887ddd8a14cf3b2c24a0aa14be025" is_pre_election: true
I0507 20:05:35.596204 606 raft_consensus.cc:2180] T d80f4fae4b9f4d238f7f626507290390 P b5e887ddd8a14cf3b2c24a0aa14be025 [term 4 LEADER]: Leader pre-election vote request: Denying vote to candidate d1bf0f72a88f4483a1906bc8246849dd for term 5 because replica is either leader or believes a valid leader to be alive.
I0507 20:05:35.597538 297 leader_election.cc:376] T d80f4fae4b9f4d238f7f626507290390 P d1bf0f72a88f4483a1906bc8246849dd [CANDIDATE]: Term 5 pre-election: Vote denied by peer b5e887ddd8a14cf3b2c24a0aa14be025. Message: Invalid argument: T d80f4fae4b9f4d238f7f626507290390 P b5e887ddd8a14cf3b2c24a0aa14be025 [term 4 LEADER]: Leader pre-election vote request: Denying vote to candidate d1bf0f72a88f4483a1906bc8246849dd for term 5 because replica is either leader or believes a valid leader to be alive.
W0507 20:05:35.639009 420 leader_election.cc:286] T d80f4fae4b9f4d238f7f626507290390 P 5014824b94b64fd49da2c1a645c078aa [CANDIDATE]: Term 5 pre-election: RPC error from VoteRequest() call to peer d1bf0f72a88f4483a1906bc8246849dd: Timed out: RequestConsensusVote RPC to 127.0.52.193:46057 timed out after 0.089s (SENT)
I0507 20:05:35.639442 420 leader_election.cc:257] T d80f4fae4b9f4d238f7f626507290390 P 5014824b94b64fd49da2c1a645c078aa [CANDIDATE]: Term 5 pre-election: Election decided. Result: candidate lost.
I0507 20:05:35.638790 808 raft_consensus.cc:435] T 7161aaf1a71d455883ef478337dfaf19 P 5014824b94b64fd49da2c1a645c078aa [term 3 FOLLOWER]: Starting pre-election (detected failure of leader b5e887ddd8a14cf3b2c24a0aa14be025)
I0507 20:05:35.639330 807 raft_consensus.cc:435] T a0376a5e3b9f495aa00d366b35594a27 P 5014824b94b64fd49da2c1a645c078aa [term 3 FOLLOWER]: Starting pre-election (detected failure of leader b5e887ddd8a14cf3b2c24a0aa14be025)
I0507 20:05:35.640544 808 raft_consensus.cc:2704] T 7161aaf1a71d455883ef478337dfaf19 P 5014824b94b64fd49da2c1a645c078aa: Snoozing failure detection for 0.087s (starting election)
I0507 20:05:35.640920 807 raft_consensus.cc:2704] T a0376a5e3b9f495aa00d366b35594a27 P 5014824b94b64fd49da2c1a645c078aa: Snoozing failure detection for 0.131s (starting election)
I0507 20:05:35.641901 808 raft_consensus.cc:457] T 7161aaf1a71d455883ef478337dfaf19 P 5014824b94b64fd49da2c1a645c078aa [term 3 FOLLOWER]: Starting pre-election with config: opid_index: -1 OBSOLETE_local: false peers { permanent_uuid: "5014824b94b64fd49da2c1a645c078aa" member_type: VOTER last_known_addr { host: "127.0.52.194" port: 43942 } } peers { permanent_uuid: "d1bf0f72a88f4483a1906bc8246849dd" member_type: VOTER last_known_addr { host: "127.0.52.193" port: 46057 } } peers { permanent_uuid: "b5e887ddd8a14cf3b2c24a0aa14be025" member_type: VOTER last_known_addr { host: "127.0.52.195" port: 38453 } }
I0507 20:05:35.643298 808 leader_election.cc:230] T 7161aaf1a71d455883ef478337dfaf19 P 5014824b94b64fd49da2c1a645c078aa [CANDIDATE]: Term 4 pre-election: Requesting pre-vote from peer d1bf0f72a88f4483a1906bc8246849dd
I0507 20:05:35.642153 807 raft_consensus.cc:457] T a0376a5e3b9f495aa00d366b35594a27 P 5014824b94b64fd49da2c1a645c078aa [term 3 FOLLOWER]: Starting pre-election with config: opid_index: -1 OBSOLETE_local: false peers { permanent_uuid: "b5e887ddd8a14cf3b2c24a0aa14be025" member_type: VOTER last_known_addr { host: "127.0.52.195" port: 38453 } } peers { permanent_uuid: "d1bf0f72a88f4483a1906bc8246849dd" member_type: VOTER last_known_addr { host: "127.0.52.193" port: 46057 } } peers { permanent_uuid: "5014824b94b64fd49da2c1a645c078aa" member_type: VOTER last_known_addr { host: "127.0.52.194" port: 43942 } }
I0507 20:05:35.644771 807 leader_election.cc:230] T a0376a5e3b9f495aa00d366b35594a27 P 5014824b94b64fd49da2c1a645c078aa [CANDIDATE]: Term 4 pre-election: Requesting pre-vote from peer b5e887ddd8a14cf3b2c24a0aa14be025
I0507 20:05:35.645370 808 leader_election.cc:230] T 7161aaf1a71d455883ef478337dfaf19 P 5014824b94b64fd49da2c1a645c078aa [CANDIDATE]: Term 4 pre-election: Requesting pre-vote from peer b5e887ddd8a14cf3b2c24a0aa14be025
I0507 20:05:35.645665 807 leader_election.cc:230] T a0376a5e3b9f495aa00d366b35594a27 P 5014824b94b64fd49da2c1a645c078aa [CANDIDATE]: Term 4 pre-election: Requesting pre-vote from peer d1bf0f72a88f4483a1906bc8246849dd
W0507 20:05:36.671355 486 thread.cc:554] prepare [worker] (thread pool) Time spent creating pthread: real 1.026s user 0.000s sys 0.000s
W0507 20:05:36.671449 486 thread.cc:521] prepare [worker] (thread pool) Time spent starting thread: real 1.026s user 0.000s sys 0.000s
W0507 20:05:36.702807 420 thread.cc:554] raft [worker] (thread pool) Time spent creating pthread: real 1.051s user 0.004s sys 0.008s
W0507 20:05:36.707060 420 thread.cc:521] raft [worker] (thread pool) Time spent starting thread: real 1.063s user 0.004s sys 0.008s
W0507 20:05:36.707970 420 outbound_call.cc:287] RPC callback for RPC call kudu.consensus.ConsensusService.RequestConsensusVote -> {remote=127.0.52.193:46057, user_credentials={real_user=slave}} blocked reactor thread for 1.07115e+06us
W0507 20:05:36.712491 420 leader_election.cc:286] T 7161aaf1a71d455883ef478337dfaf19 P 5014824b94b64fd49da2c1a645c078aa [CANDIDATE]: Term 4 pre-election: RPC error from VoteRequest() call to peer d1bf0f72a88f4483a1906bc8246849dd: Timed out: RequestConsensusVote RPC to 127.0.52.193:46057 timed out after 0.094s (SENT)
I0507 20:05:36.712954 420 leader_election.cc:257] T 7161aaf1a71d455883ef478337dfaf19 P 5014824b94b64fd49da2c1a645c078aa [CANDIDATE]: Term 4 pre-election: Election decided. Result: candidate lost.
I0507 20:05:36.713380 808 raft_consensus.cc:2704] T d80f4fae4b9f4d238f7f626507290390 P 5014824b94b64fd49da2c1a645c078aa: Snoozing failure detection for 0.086s (election complete)
I0507 20:05:36.713625 486 rpcz_store.cc:265] Call kudu.consensus.ConsensusService.UpdateConsensus from 127.0.52.195:50287 (request call id 1155) took 1069ms. Request Metrics: {"thread_start_us":19008,"threads_started":1,"wal-append.queue_time_us":22300,"child_traces":[["txn",{"apply.queue_time_us":21450,"apply.run_cpu_time_us":765,"apply.run_wall_time_us":1252,"num_ops":1,"prepare.queue_time_us":1177,"prepare.run_cpu_time_us":529,"prepare.run_wall_time_us":1025605,"replication_time_us":1045927,"thread_start_us":1048139,"threads_started":2}]]}
I0507 20:05:36.716373 808 raft_consensus.cc:2459] T d80f4fae4b9f4d238f7f626507290390 P 5014824b94b64fd49da2c1a645c078aa [term 4 FOLLOWER]: Leader pre-election lost for term 5. Reason: could not achieve majority
W0507 20:05:36.718973 420 leader_election.cc:286] T a0376a5e3b9f495aa00d366b35594a27 P 5014824b94b64fd49da2c1a645c078aa [CANDIDATE]: Term 4 pre-election: RPC error from VoteRequest() call to peer d1bf0f72a88f4483a1906bc8246849dd: Timed out: RequestConsensusVote RPC to 127.0.52.193:46057 timed out after 0.152s (SENT)
I0507 20:05:36.719306 420 leader_election.cc:257] T a0376a5e3b9f495aa00d366b35594a27 P 5014824b94b64fd49da2c1a645c078aa [CANDIDATE]: Term 4 pre-election: Election decided. Result: candidate lost.
I0507 20:05:36.721719 839 raft_consensus.cc:2704] T 7161aaf1a71d455883ef478337dfaf19 P 5014824b94b64fd49da2c1a645c078aa: Snoozing failure detection for 0.092s (election complete)
I0507 20:05:36.721812 839 raft_consensus.cc:2459] T 7161aaf1a71d455883ef478337dfaf19 P 5014824b94b64fd49da2c1a645c078aa [term 3 FOLLOWER]: Leader pre-election lost for term 4. Reason: could not achieve majority
I0507 20:05:36.722112 807 raft_consensus.cc:435] T 7161aaf1a71d455883ef478337dfaf19 P 5014824b94b64fd49da2c1a645c078aa [term 3 FOLLOWER]: Starting pre-election (detected failure of leader b5e887ddd8a14cf3b2c24a0aa14be025)
I0507 20:05:36.722398 807 raft_consensus.cc:2704] T 7161aaf1a71d455883ef478337dfaf19 P 5014824b94b64fd49da2c1a645c078aa: Snoozing failure detection for 0.105s (starting election)
I0507 20:05:36.722491 807 raft_consensus.cc:457] T 7161aaf1a71d455883ef478337dfaf19 P 5014824b94b64fd49da2c1a645c078aa [term 3 FOLLOWER]: Starting pre-election with config: opid_index: -1 OBSOLETE_local: false peers { permanent_uuid: "5014824b94b64fd49da2c1a645c078aa" member_type: VOTER last_known_addr { host: "127.0.52.194" port: 43942 } } peers { permanent_uuid: "d1bf0f72a88f4483a1906bc8246849dd" member_type: VOTER last_known_addr { host: "127.0.52.193" port: 46057 } } peers { permanent_uuid: "b5e887ddd8a14cf3b2c24a0aa14be025" member_type: VOTER last_known_addr { host: "127.0.52.195" port: 38453 } }
I0507 20:05:36.722976 808 raft_consensus.cc:2704] T a0376a5e3b9f495aa00d366b35594a27 P 5014824b94b64fd49da2c1a645c078aa: Snoozing failure detection for 0.125s (election complete)
I0507 20:05:36.723067 808 raft_consensus.cc:2459] T a0376a5e3b9f495aa00d366b35594a27 P 5014824b94b64fd49da2c1a645c078aa [term 3 FOLLOWER]: Leader pre-election lost for term 4. Reason: could not achieve majority
I0507 20:05:36.723155 807 leader_election.cc:230] T 7161aaf1a71d455883ef478337dfaf19 P 5014824b94b64fd49da2c1a645c078aa [CANDIDATE]: Term 4 pre-election: Requesting pre-vote from peer d1bf0f72a88f4483a1906bc8246849dd
I0507 20:05:36.723314 807 leader_election.cc:230] T 7161aaf1a71d455883ef478337dfaf19 P 5014824b94b64fd49da2c1a645c078aa [CANDIDATE]: Term 4 pre-election: Requesting pre-vote from peer b5e887ddd8a14cf3b2c24a0aa14be025
I0507 20:05:36.723224 482 rpcz_store.cc:265] Call kudu.consensus.ConsensusService.UpdateConsensus from 127.0.52.195:50287 (request call id 1156) took 1077ms. Request Metrics: {"thread_start_us":13292,"threads_started":1,"wal-append.queue_time_us":15085,"child_traces":[["txn",{"apply.queue_time_us":38,"apply.run_cpu_time_us":530,"apply.run_wall_time_us":530,"num_ops":1,"prepare.queue_time_us":742,"prepare.run_cpu_time_us":345,"prepare.run_wall_time_us":344,"replication_time_us":49668,"thread_start_us":35613,"threads_started":1}]]}
I0507 20:05:36.724472 606 tablet_service.cc:998] Received RequestConsensusVote() RPC: tablet_id: "a0376a5e3b9f495aa00d366b35594a27" candidate_uuid: "5014824b94b64fd49da2c1a645c078aa" candidate_term: 4 candidate_status { last_received { term: 3 index: 7 } } ignore_live_leader: false dest_uuid: "b5e887ddd8a14cf3b2c24a0aa14be025" is_pre_election: true
I0507 20:05:36.724679 606 raft_consensus.cc:2180] T a0376a5e3b9f495aa00d366b35594a27 P b5e887ddd8a14cf3b2c24a0aa14be025 [term 3 LEADER]: Leader pre-election vote request: Denying vote to candidate 5014824b94b64fd49da2c1a645c078aa for term 4 because replica is either leader or believes a valid leader to be alive.
I0507 20:05:36.724731 608 tablet_service.cc:998] Received RequestConsensusVote() RPC: tablet_id: "7161aaf1a71d455883ef478337dfaf19" candidate_uuid: "5014824b94b64fd49da2c1a645c078aa" candidate_term: 4 candidate_status { last_received { term: 3 index: 7 } } ignore_live_leader: false dest_uuid: "b5e887ddd8a14cf3b2c24a0aa14be025" is_pre_election: true
I0507 20:05:36.724874 608 raft_consensus.cc:2180] T 7161aaf1a71d455883ef478337dfaf19 P b5e887ddd8a14cf3b2c24a0aa14be025 [term 3 LEADER]: Leader pre-election vote request: Denying vote to candidate 5014824b94b64fd49da2c1a645c078aa for term 4 because replica is either leader or believes a valid leader to be alive.
I0507 20:05:36.732409 486 tablet_service.cc:998] Received RequestConsensusVote() RPC: tablet_id: "7161aaf1a71d455883ef478337dfaf19" candidate_uuid: "d1bf0f72a88f4483a1906bc8246849dd" candidate_term: 4 candidate_status { last_received { term: 3 index: 5 } } ignore_live_leader: false dest_uuid: "5014824b94b64fd49da2c1a645c078aa" is_pre_election: true
I0507 20:05:36.732641 486 raft_consensus.cc:2180] T 7161aaf1a71d455883ef478337dfaf19 P 5014824b94b64fd49da2c1a645c078aa [term 3 FOLLOWER]: Leader pre-election vote request: Denying vote to candidate d1bf0f72a88f4483a1906bc8246849dd for term 4 because replica is either leader or believes a valid leader to be alive.
I0507 20:05:36.733644 420 leader_election.cc:376] T a0376a5e3b9f495aa00d366b35594a27 P 5014824b94b64fd49da2c1a645c078aa [CANDIDATE]: Term 4 pre-election: Vote denied by peer b5e887ddd8a14cf3b2c24a0aa14be025. Message: Invalid argument: T a0376a5e3b9f495aa00d366b35594a27 P b5e887ddd8a14cf3b2c24a0aa14be025 [term 3 LEADER]: Leader pre-election vote request: Denying vote to candidate 5014824b94b64fd49da2c1a645c078aa for term 4 because replica is either leader or believes a valid leader to be alive.
I0507 20:05:36.734380 608 tablet_service.cc:998] Received RequestConsensusVote() RPC: tablet_id: "7161aaf1a71d455883ef478337dfaf19" candidate_uuid: "5014824b94b64fd49da2c1a645c078aa" candidate_term: 4 candidate_status { last_received { term: 3 index: 8 } } ignore_live_leader: false dest_uuid: "b5e887ddd8a14cf3b2c24a0aa14be025" is_pre_election: true
I0507 20:05:36.734570 480 rpcz_store.cc:265] Call kudu.consensus.ConsensusService.UpdateConsensus from 127.0.52.195:50287 (request call id 1157) took 1088ms. Request Metrics: {"thread_start_us":19614,"threads_started":1,"wal-append.queue_time_us":31314,"child_traces":[["txn",{"apply.queue_time_us":24,"apply.run_cpu_time_us":365,"apply.run_wall_time_us":364,"num_ops":1,"prepare.queue_time_us":703,"prepare.run_cpu_time_us":132,"prepare.run_wall_time_us":132,"replication_time_us":50697,"thread_start_us":30389,"threads_started":1}]]}
I0507 20:05:36.735255 608 raft_consensus.cc:2180] T 7161aaf1a71d455883ef478337dfaf19 P b5e887ddd8a14cf3b2c24a0aa14be025 [term 3 LEADER]: Leader pre-election vote request: Denying vote to candidate 5014824b94b64fd49da2c1a645c078aa for term 4 because replica is either leader or believes a valid leader to be alive.
I0507 20:05:36.735822 482 tablet_service.cc:998] Received RequestConsensusVote() RPC: tablet_id: "a0376a5e3b9f495aa00d366b35594a27" candidate_uuid: "d1bf0f72a88f4483a1906bc8246849dd" candidate_term: 4 candidate_status { last_received { term: 3 index: 6 } } ignore_live_leader: false dest_uuid: "5014824b94b64fd49da2c1a645c078aa" is_pre_election: true
I0507 20:05:36.736038 482 raft_consensus.cc:2180] T a0376a5e3b9f495aa00d366b35594a27 P 5014824b94b64fd49da2c1a645c078aa [term 3 FOLLOWER]: Leader pre-election vote request: Denying vote to candidate d1bf0f72a88f4483a1906bc8246849dd for term 4 because replica is either leader or believes a valid leader to be alive.
I0507 20:05:36.736584 420 leader_election.cc:376] T 7161aaf1a71d455883ef478337dfaf19 P 5014824b94b64fd49da2c1a645c078aa [CANDIDATE]: Term 4 pre-election: Vote denied by peer b5e887ddd8a14cf3b2c24a0aa14be025. Message: Invalid argument: T 7161aaf1a71d455883ef478337dfaf19 P b5e887ddd8a14cf3b2c24a0aa14be025 [term 3 LEADER]: Leader pre-election vote request: Denying vote to candidate 5014824b94b64fd49da2c1a645c078aa for term 4 because replica is either leader or believes a valid leader to be alive.
