I0507 20:05:17.070643 608 raft_consensus.cc:2756] T a0376a5e3b9f495aa00d366b35594a27 P b5e887ddd8a14cf3b2c24a0aa14be025 [term 1 FOLLOWER]: Advancing to term 2
I0507 20:05:17.070777 608 raft_consensus.cc:2704] T a0376a5e3b9f495aa00d366b35594a27 P b5e887ddd8a14cf3b2c24a0aa14be025: Snoozing failure detection for 0.110s (vote granted)
I0507 20:05:17.070789 706 leader_election.cc:230] T d80f4fae4b9f4d238f7f626507290390 P b5e887ddd8a14cf3b2c24a0aa14be025 [CANDIDATE]: Term 3 pre-election: Requesting pre-vote from peer 5014824b94b64fd49da2c1a645c078aa
I0507 20:05:17.071521 297 leader_election.cc:362] T d80f4fae4b9f4d238f7f626507290390 P d1bf0f72a88f4483a1906bc8246849dd [CANDIDATE]: Term 3 pre-election: Vote granted by peer b5e887ddd8a14cf3b2c24a0aa14be025
I0507 20:05:17.071580 297 leader_election.cc:257] T d80f4fae4b9f4d238f7f626507290390 P d1bf0f72a88f4483a1906bc8246849dd [CANDIDATE]: Term 3 pre-election: Election decided. Result: candidate won.
I0507 20:05:17.071805 704 raft_consensus.cc:2704] T d80f4fae4b9f4d238f7f626507290390 P d1bf0f72a88f4483a1906bc8246849dd: Snoozing failure detection for 0.088s (election complete)
I0507 20:05:17.071887 704 raft_consensus.cc:2511] T d80f4fae4b9f4d238f7f626507290390 P d1bf0f72a88f4483a1906bc8246849dd [term 2 FOLLOWER]: Leader pre-election won for term 3
I0507 20:05:17.071928 704 raft_consensus.cc:435] T d80f4fae4b9f4d238f7f626507290390 P d1bf0f72a88f4483a1906bc8246849dd [term 2 FOLLOWER]: Starting leader election (detected failure of leader 5014824b94b64fd49da2c1a645c078aa)
I0507 20:05:17.071977 704 raft_consensus.cc:2704] T d80f4fae4b9f4d238f7f626507290390 P d1bf0f72a88f4483a1906bc8246849dd: Snoozing failure detection for 0.080s (starting election)
I0507 20:05:17.072016 704 raft_consensus.cc:2756] T d80f4fae4b9f4d238f7f626507290390 P d1bf0f72a88f4483a1906bc8246849dd [term 2 FOLLOWER]: Advancing to term 3
I0507 20:05:17.072077 363 tablet_service.cc:998] Received RequestConsensusVote() RPC: tablet_id: "a0376a5e3b9f495aa00d366b35594a27" candidate_uuid: "b5e887ddd8a14cf3b2c24a0aa14be025" candidate_term: 2 candidate_status { last_received { term: 1 index: 1 } } ignore_live_leader: false dest_uuid: "d1bf0f72a88f4483a1906bc8246849dd" is_pre_election: true
I0507 20:05:17.072304 363 raft_consensus.cc:2149] T a0376a5e3b9f495aa00d366b35594a27 P d1bf0f72a88f4483a1906bc8246849dd [term 2 FOLLOWER]: Leader pre-election vote request: Denying vote to candidate b5e887ddd8a14cf3b2c24a0aa14be025 in current term 2: Already voted for candidate d1bf0f72a88f4483a1906bc8246849dd in this term.
I0507 20:05:17.073105 297 leader_election.cc:362] T 7161aaf1a71d455883ef478337dfaf19 P d1bf0f72a88f4483a1906bc8246849dd [CANDIDATE]: Term 2 pre-election: Vote granted by peer b5e887ddd8a14cf3b2c24a0aa14be025
I0507 20:05:17.073166 297 leader_election.cc:257] T 7161aaf1a71d455883ef478337dfaf19 P d1bf0f72a88f4483a1906bc8246849dd [CANDIDATE]: Term 2 pre-election: Election decided. Result: candidate won.
I0507 20:05:17.073398 679 raft_consensus.cc:2704] T 7161aaf1a71d455883ef478337dfaf19 P d1bf0f72a88f4483a1906bc8246849dd: Snoozing failure detection for 0.079s (election complete)
I0507 20:05:17.073467 679 raft_consensus.cc:2511] T 7161aaf1a71d455883ef478337dfaf19 P d1bf0f72a88f4483a1906bc8246849dd [term 1 FOLLOWER]: Leader pre-election won for term 2
I0507 20:05:17.073521 679 raft_consensus.cc:435] T 7161aaf1a71d455883ef478337dfaf19 P d1bf0f72a88f4483a1906bc8246849dd [term 1 FOLLOWER]: Starting leader election (detected failure of leader 5014824b94b64fd49da2c1a645c078aa)
I0507 20:05:17.073568 679 raft_consensus.cc:2704] T 7161aaf1a71d455883ef478337dfaf19 P d1bf0f72a88f4483a1906bc8246849dd: Snoozing failure detection for 0.089s (starting election)
I0507 20:05:17.073622 679 raft_consensus.cc:2756] T 7161aaf1a71d455883ef478337dfaf19 P d1bf0f72a88f4483a1906bc8246849dd [term 1 FOLLOWER]: Advancing to term 2
I0507 20:05:17.073632 542 leader_election.cc:376] T a0376a5e3b9f495aa00d366b35594a27 P b5e887ddd8a14cf3b2c24a0aa14be025 [CANDIDATE]: Term 2 pre-election: Vote denied by peer d1bf0f72a88f4483a1906bc8246849dd. Message: Invalid argument: T a0376a5e3b9f495aa00d366b35594a27 P d1bf0f72a88f4483a1906bc8246849dd [term 2 FOLLOWER]: Leader pre-election vote request: Denying vote to candidate b5e887ddd8a14cf3b2c24a0aa14be025 in current term 2: Already voted for candidate d1bf0f72a88f4483a1906bc8246849dd in this term.
I0507 20:05:17.073757 706 leader_election.cc:230] T d80f4fae4b9f4d238f7f626507290390 P b5e887ddd8a14cf3b2c24a0aa14be025 [CANDIDATE]: Term 3 pre-election: Requesting pre-vote from peer d1bf0f72a88f4483a1906bc8246849dd
I0507 20:05:17.073931 706 raft_consensus.cc:435] T 7161aaf1a71d455883ef478337dfaf19 P b5e887ddd8a14cf3b2c24a0aa14be025 [term 1 FOLLOWER]: Starting pre-election (detected failure of leader 5014824b94b64fd49da2c1a645c078aa)
I0507 20:05:17.074008 706 raft_consensus.cc:2704] T 7161aaf1a71d455883ef478337dfaf19 P b5e887ddd8a14cf3b2c24a0aa14be025: Snoozing failure detection for 0.088s (starting election)
I0507 20:05:17.074074 706 raft_consensus.cc:457] T 7161aaf1a71d455883ef478337dfaf19 P b5e887ddd8a14cf3b2c24a0aa14be025 [term 1 FOLLOWER]: Starting pre-election with config: opid_index: -1 OBSOLETE_local: false peers { permanent_uuid: "5014824b94b64fd49da2c1a645c078aa" member_type: VOTER last_known_addr { host: "127.0.52.194" port: 43942 } } peers { permanent_uuid: "d1bf0f72a88f4483a1906bc8246849dd" member_type: VOTER last_known_addr { host: "127.0.52.193" port: 46057 } } peers { permanent_uuid: "b5e887ddd8a14cf3b2c24a0aa14be025" member_type: VOTER last_known_addr { host: "127.0.52.195" port: 38453 } }
I0507 20:05:17.074112 704 raft_consensus.cc:457] T d80f4fae4b9f4d238f7f626507290390 P d1bf0f72a88f4483a1906bc8246849dd [term 3 FOLLOWER]: Starting leader election with config: opid_index: -1 OBSOLETE_local: false peers { permanent_uuid: "5014824b94b64fd49da2c1a645c078aa" member_type: VOTER last_known_addr { host: "127.0.52.194" port: 43942 } } peers { permanent_uuid: "d1bf0f72a88f4483a1906bc8246849dd" member_type: VOTER last_known_addr { host: "127.0.52.193" port: 46057 } } peers { permanent_uuid: "b5e887ddd8a14cf3b2c24a0aa14be025" member_type: VOTER last_known_addr { host: "127.0.52.195" port: 38453 } }
I0507 20:05:17.074450 706 leader_election.cc:230] T 7161aaf1a71d455883ef478337dfaf19 P b5e887ddd8a14cf3b2c24a0aa14be025 [CANDIDATE]: Term 2 pre-election: Requesting pre-vote from peer 5014824b94b64fd49da2c1a645c078aa
I0507 20:05:17.074467 704 leader_election.cc:230] T d80f4fae4b9f4d238f7f626507290390 P d1bf0f72a88f4483a1906bc8246849dd [CANDIDATE]: Term 3 election: Requesting vote from peer 5014824b94b64fd49da2c1a645c078aa
I0507 20:05:17.074561 706 leader_election.cc:230] T 7161aaf1a71d455883ef478337dfaf19 P b5e887ddd8a14cf3b2c24a0aa14be025 [CANDIDATE]: Term 2 pre-election: Requesting pre-vote from peer d1bf0f72a88f4483a1906bc8246849dd
I0507 20:05:17.074683 608 raft_consensus.cc:2219] T a0376a5e3b9f495aa00d366b35594a27 P b5e887ddd8a14cf3b2c24a0aa14be025 [term 2 FOLLOWER]: Leader election vote request: Granting yes vote for candidate d1bf0f72a88f4483a1906bc8246849dd in term 2.
I0507 20:05:17.075047 705 leader_election.cc:230] T a0376a5e3b9f495aa00d366b35594a27 P b5e887ddd8a14cf3b2c24a0aa14be025 [CANDIDATE]: Term 2 pre-election: Requesting pre-vote from peer 5014824b94b64fd49da2c1a645c078aa
I0507 20:05:17.075614 297 leader_election.cc:362] T a0376a5e3b9f495aa00d366b35594a27 P d1bf0f72a88f4483a1906bc8246849dd [CANDIDATE]: Term 2 election: Vote granted by peer b5e887ddd8a14cf3b2c24a0aa14be025
I0507 20:05:17.075667 297 leader_election.cc:257] T a0376a5e3b9f495aa00d366b35594a27 P d1bf0f72a88f4483a1906bc8246849dd [CANDIDATE]: Term 2 election: Election decided. Result: candidate won.
I0507 20:05:17.076674 679 raft_consensus.cc:457] T 7161aaf1a71d455883ef478337dfaf19 P d1bf0f72a88f4483a1906bc8246849dd [term 2 FOLLOWER]: Starting leader election with config: opid_index: -1 OBSOLETE_local: false peers { permanent_uuid: "5014824b94b64fd49da2c1a645c078aa" member_type: VOTER last_known_addr { host: "127.0.52.194" port: 43942 } } peers { permanent_uuid: "d1bf0f72a88f4483a1906bc8246849dd" member_type: VOTER last_known_addr { host: "127.0.52.193" port: 46057 } } peers { permanent_uuid: "b5e887ddd8a14cf3b2c24a0aa14be025" member_type: VOTER last_known_addr { host: "127.0.52.195" port: 38453 } }
I0507 20:05:17.077589 361 tablet_service.cc:998] Received RequestConsensusVote() RPC: tablet_id: "7161aaf1a71d455883ef478337dfaf19" candidate_uuid: "b5e887ddd8a14cf3b2c24a0aa14be025" candidate_term: 2 candidate_status { last_received { term: 1 index: 1 } } ignore_live_leader: false dest_uuid: "d1bf0f72a88f4483a1906bc8246849dd" is_pre_election: true
I0507 20:05:17.077903 363 tablet_service.cc:998] Received RequestConsensusVote() RPC: tablet_id: "d80f4fae4b9f4d238f7f626507290390" candidate_uuid: "b5e887ddd8a14cf3b2c24a0aa14be025" candidate_term: 3 candidate_status { last_received { term: 2 index: 1 } } ignore_live_leader: false dest_uuid: "d1bf0f72a88f4483a1906bc8246849dd" is_pre_election: true
I0507 20:05:17.077973 361 raft_consensus.cc:2180] T 7161aaf1a71d455883ef478337dfaf19 P d1bf0f72a88f4483a1906bc8246849dd [term 2 FOLLOWER]: Leader pre-election vote request: Denying vote to candidate b5e887ddd8a14cf3b2c24a0aa14be025 for term 2 because replica is either leader or believes a valid leader to be alive.
I0507 20:05:17.078053 363 raft_consensus.cc:2149] T d80f4fae4b9f4d238f7f626507290390 P d1bf0f72a88f4483a1906bc8246849dd [term 3 FOLLOWER]: Leader pre-election vote request: Denying vote to candidate b5e887ddd8a14cf3b2c24a0aa14be025 in current term 3: Already voted for candidate d1bf0f72a88f4483a1906bc8246849dd in this term.
I0507 20:05:17.078189 679 leader_election.cc:230] T 7161aaf1a71d455883ef478337dfaf19 P d1bf0f72a88f4483a1906bc8246849dd [CANDIDATE]: Term 2 election: Requesting vote from peer 5014824b94b64fd49da2c1a645c078aa
I0507 20:05:17.078562 679 leader_election.cc:230] T 7161aaf1a71d455883ef478337dfaf19 P d1bf0f72a88f4483a1906bc8246849dd [CANDIDATE]: Term 2 election: Requesting vote from peer b5e887ddd8a14cf3b2c24a0aa14be025
I0507 20:05:17.078567 542 leader_election.cc:376] T 7161aaf1a71d455883ef478337dfaf19 P b5e887ddd8a14cf3b2c24a0aa14be025 [CANDIDATE]: Term 2 pre-election: Vote denied by peer d1bf0f72a88f4483a1906bc8246849dd. Message: Invalid argument: T 7161aaf1a71d455883ef478337dfaf19 P d1bf0f72a88f4483a1906bc8246849dd [term 2 FOLLOWER]: Leader pre-election vote request: Denying vote to candidate b5e887ddd8a14cf3b2c24a0aa14be025 for term 2 because replica is either leader or believes a valid leader to be alive.
I0507 20:05:17.078727 679 raft_consensus.cc:2704] T a0376a5e3b9f495aa00d366b35594a27 P d1bf0f72a88f4483a1906bc8246849dd: Snoozing failure detection for 0.088s (election complete)
I0507 20:05:17.078780 679 raft_consensus.cc:2511] T a0376a5e3b9f495aa00d366b35594a27 P d1bf0f72a88f4483a1906bc8246849dd [term 2 FOLLOWER]: Leader election won for term 2
I0507 20:05:17.078860 679 raft_consensus.cc:571] T a0376a5e3b9f495aa00d366b35594a27 P d1bf0f72a88f4483a1906bc8246849dd [term 2 LEADER]: Becoming Leader. State: Replica: d1bf0f72a88f4483a1906bc8246849dd, State: Running, Role: LEADER
I0507 20:05:17.079057 542 leader_election.cc:376] T d80f4fae4b9f4d238f7f626507290390 P b5e887ddd8a14cf3b2c24a0aa14be025 [CANDIDATE]: Term 3 pre-election: Vote denied by peer d1bf0f72a88f4483a1906bc8246849dd. Message: Invalid argument: T d80f4fae4b9f4d238f7f626507290390 P d1bf0f72a88f4483a1906bc8246849dd [term 3 FOLLOWER]: Leader pre-election vote request: Denying vote to candidate b5e887ddd8a14cf3b2c24a0aa14be025 in current term 3: Already voted for candidate d1bf0f72a88f4483a1906bc8246849dd in this term.
I0507 20:05:17.079197 679 consensus_queue.cc:204] T a0376a5e3b9f495aa00d366b35594a27 P d1bf0f72a88f4483a1906bc8246849dd [LEADER]: Queue going to LEADER mode. State: All replicated index: 0, Majority replicated index: 1, Committed index: 1, Last appended: 1.1, Last appended by leader: 1, Current term: 2, Majority size: 2, State: 0, Mode: LEADER, active raft config: opid_index: -1 OBSOLETE_local: false peers { permanent_uuid: "b5e887ddd8a14cf3b2c24a0aa14be025" member_type: VOTER last_known_addr { host: "127.0.52.195" port: 38453 } } peers { permanent_uuid: "d1bf0f72a88f4483a1906bc8246849dd" member_type: VOTER last_known_addr { host: "127.0.52.193" port: 46057 } } peers { permanent_uuid: "5014824b94b64fd49da2c1a645c078aa" member_type: VOTER last_known_addr { host: "127.0.52.194" port: 43942 } }
I0507 20:05:17.080214 704 leader_election.cc:230] T d80f4fae4b9f4d238f7f626507290390 P d1bf0f72a88f4483a1906bc8246849dd [CANDIDATE]: Term 3 election: Requesting vote from peer b5e887ddd8a14cf3b2c24a0aa14be025
I0507 20:05:17.081126 608 tablet_service.cc:998] Received RequestConsensusVote() RPC: tablet_id: "7161aaf1a71d455883ef478337dfaf19" candidate_uuid: "d1bf0f72a88f4483a1906bc8246849dd" candidate_term: 2 candidate_status { last_received { term: 1 index: 1 } } ignore_live_leader: false dest_uuid: "b5e887ddd8a14cf3b2c24a0aa14be025"
I0507 20:05:17.081275 608 raft_consensus.cc:2756] T 7161aaf1a71d455883ef478337dfaf19 P b5e887ddd8a14cf3b2c24a0aa14be025 [term 1 FOLLOWER]: Advancing to term 2
I0507 20:05:17.081337 608 raft_consensus.cc:2704] T 7161aaf1a71d455883ef478337dfaf19 P b5e887ddd8a14cf3b2c24a0aa14be025: Snoozing failure detection for 0.088s (vote granted)
I0507 20:05:17.082056 242 catalog_manager.cc:3716] T a0376a5e3b9f495aa00d366b35594a27 P d1bf0f72a88f4483a1906bc8246849dd reported cstate change: term changed from 1 to 2, leader changed from 5014824b94b64fd49da2c1a645c078aa (127.0.52.194) to d1bf0f72a88f4483a1906bc8246849dd (127.0.52.193). New cstate: current_term: 2 leader_uuid: "d1bf0f72a88f4483a1906bc8246849dd" committed_config { opid_index: -1 OBSOLETE_local: false peers { permanent_uuid: "b5e887ddd8a14cf3b2c24a0aa14be025" member_type: VOTER last_known_addr { host: "127.0.52.195" port: 38453 } health_report { overall_health: UNKNOWN } } peers { permanent_uuid: "d1bf0f72a88f4483a1906bc8246849dd" member_type: VOTER last_known_addr { host: "127.0.52.193" port: 46057 } health_report { overall_health: HEALTHY } } peers { permanent_uuid: "5014824b94b64fd49da2c1a645c078aa" member_type: VOTER last_known_addr { host: "127.0.52.194" port: 43942 } health_report { overall_health: UNKNOWN } } }
I0507 20:05:17.082720 608 raft_consensus.cc:2219] T 7161aaf1a71d455883ef478337dfaf19 P b5e887ddd8a14cf3b2c24a0aa14be025 [term 2 FOLLOWER]: Leader election vote request: Granting yes vote for candidate d1bf0f72a88f4483a1906bc8246849dd in term 2.
I0507 20:05:17.083286 608 tablet_service.cc:998] Received RequestConsensusVote() RPC: tablet_id: "d80f4fae4b9f4d238f7f626507290390" candidate_uuid: "d1bf0f72a88f4483a1906bc8246849dd" candidate_term: 3 candidate_status { last_received { term: 2 index: 1 } } ignore_live_leader: false dest_uuid: "b5e887ddd8a14cf3b2c24a0aa14be025"
I0507 20:05:17.083477 297 leader_election.cc:362] T 7161aaf1a71d455883ef478337dfaf19 P d1bf0f72a88f4483a1906bc8246849dd [CANDIDATE]: Term 2 election: Vote granted by peer b5e887ddd8a14cf3b2c24a0aa14be025
I0507 20:05:17.083477 608 raft_consensus.cc:2756] T d80f4fae4b9f4d238f7f626507290390 P b5e887ddd8a14cf3b2c24a0aa14be025 [term 2 FOLLOWER]: Advancing to term 3
I0507 20:05:17.083529 297 leader_election.cc:257] T 7161aaf1a71d455883ef478337dfaf19 P d1bf0f72a88f4483a1906bc8246849dd [CANDIDATE]: Term 2 election: Election decided. Result: candidate won.
I0507 20:05:17.083542 608 raft_consensus.cc:2704] T d80f4fae4b9f4d238f7f626507290390 P b5e887ddd8a14cf3b2c24a0aa14be025: Snoozing failure detection for 0.083s (vote granted)
I0507 20:05:17.083745 679 raft_consensus.cc:2704] T 7161aaf1a71d455883ef478337dfaf19 P d1bf0f72a88f4483a1906bc8246849dd: Snoozing failure detection for 0.096s (election complete)
I0507 20:05:17.083809 679 raft_consensus.cc:2511] T 7161aaf1a71d455883ef478337dfaf19 P d1bf0f72a88f4483a1906bc8246849dd [term 2 FOLLOWER]: Leader election won for term 2
I0507 20:05:17.083900 679 raft_consensus.cc:571] T 7161aaf1a71d455883ef478337dfaf19 P d1bf0f72a88f4483a1906bc8246849dd [term 2 LEADER]: Becoming Leader. State: Replica: d1bf0f72a88f4483a1906bc8246849dd, State: Running, Role: LEADER
I0507 20:05:17.084074 679 consensus_queue.cc:204] T 7161aaf1a71d455883ef478337dfaf19 P d1bf0f72a88f4483a1906bc8246849dd [LEADER]: Queue going to LEADER mode. State: All replicated index: 0, Majority replicated index: 1, Committed index: 1, Last appended: 1.1, Last appended by leader: 1, Current term: 2, Majority size: 2, State: 0, Mode: LEADER, active raft config: opid_index: -1 OBSOLETE_local: false peers { permanent_uuid: "5014824b94b64fd49da2c1a645c078aa" member_type: VOTER last_known_addr { host: "127.0.52.194" port: 43942 } } peers { permanent_uuid: "d1bf0f72a88f4483a1906bc8246849dd" member_type: VOTER last_known_addr { host: "127.0.52.193" port: 46057 } } peers { permanent_uuid: "b5e887ddd8a14cf3b2c24a0aa14be025" member_type: VOTER last_known_addr { host: "127.0.52.195" port: 38453 } }
I0507 20:05:17.085386 608 raft_consensus.cc:2219] T d80f4fae4b9f4d238f7f626507290390 P b5e887ddd8a14cf3b2c24a0aa14be025 [term 3 FOLLOWER]: Leader election vote request: Granting yes vote for candidate d1bf0f72a88f4483a1906bc8246849dd in term 3.
I0507 20:05:17.085973 297 leader_election.cc:362] T d80f4fae4b9f4d238f7f626507290390 P d1bf0f72a88f4483a1906bc8246849dd [CANDIDATE]: Term 3 election: Vote granted by peer b5e887ddd8a14cf3b2c24a0aa14be025
I0507 20:05:17.086056 297 leader_election.cc:257] T d80f4fae4b9f4d238f7f626507290390 P d1bf0f72a88f4483a1906bc8246849dd [CANDIDATE]: Term 3 election: Election decided. Result: candidate won.
I0507 20:05:17.086251 708 raft_consensus.cc:2704] T d80f4fae4b9f4d238f7f626507290390 P d1bf0f72a88f4483a1906bc8246849dd: Snoozing failure detection for 0.104s (election complete)
I0507 20:05:17.086345 708 raft_consensus.cc:2511] T d80f4fae4b9f4d238f7f626507290390 P d1bf0f72a88f4483a1906bc8246849dd [term 3 FOLLOWER]: Leader election won for term 3
I0507 20:05:17.086716 708 raft_consensus.cc:571] T d80f4fae4b9f4d238f7f626507290390 P d1bf0f72a88f4483a1906bc8246849dd [term 3 LEADER]: Becoming Leader. State: Replica: d1bf0f72a88f4483a1906bc8246849dd, State: Running, Role: LEADER
I0507 20:05:17.086966 708 consensus_queue.cc:204] T d80f4fae4b9f4d238f7f626507290390 P d1bf0f72a88f4483a1906bc8246849dd [LEADER]: Queue going to LEADER mode. State: All replicated index: 0, Majority replicated index: 1, Committed index: 1, Last appended: 2.1, Last appended by leader: 1, Current term: 3, Majority size: 2, State: 0, Mode: LEADER, active raft config: opid_index: -1 OBSOLETE_local: false peers { permanent_uuid: "5014824b94b64fd49da2c1a645c078aa" member_type: VOTER last_known_addr { host: "127.0.52.194" port: 43942 } } peers { permanent_uuid: "d1bf0f72a88f4483a1906bc8246849dd" member_type: VOTER last_known_addr { host: "127.0.52.193" port: 46057 } } peers { permanent_uuid: "b5e887ddd8a14cf3b2c24a0aa14be025" member_type: VOTER last_known_addr { host: "127.0.52.195" port: 38453 } }
I0507 20:05:17.090498 242 catalog_manager.cc:3716] T 7161aaf1a71d455883ef478337dfaf19 P d1bf0f72a88f4483a1906bc8246849dd reported cstate change: term changed from 1 to 2, leader changed from 5014824b94b64fd49da2c1a645c078aa (127.0.52.194) to d1bf0f72a88f4483a1906bc8246849dd (127.0.52.193). New cstate: current_term: 2 leader_uuid: "d1bf0f72a88f4483a1906bc8246849dd" committed_config { opid_index: -1 OBSOLETE_local: false peers { permanent_uuid: "5014824b94b64fd49da2c1a645c078aa" member_type: VOTER last_known_addr { host: "127.0.52.194" port: 43942 } health_report { overall_health: UNKNOWN } } peers { permanent_uuid: "d1bf0f72a88f4483a1906bc8246849dd" member_type: VOTER last_known_addr { host: "127.0.52.193" port: 46057 } health_report { overall_health: HEALTHY } } peers { permanent_uuid: "b5e887ddd8a14cf3b2c24a0aa14be025" member_type: VOTER last_known_addr { host: "127.0.52.195" port: 38453 } health_report { overall_health: UNKNOWN } } }
I0507 20:05:17.090936 242 catalog_manager.cc:3716] T d80f4fae4b9f4d238f7f626507290390 P d1bf0f72a88f4483a1906bc8246849dd reported cstate change: term changed from 2 to 3, leader changed from 5014824b94b64fd49da2c1a645c078aa (127.0.52.194) to d1bf0f72a88f4483a1906bc8246849dd (127.0.52.193). New cstate: current_term: 3 leader_uuid: "d1bf0f72a88f4483a1906bc8246849dd" committed_config { opid_index: -1 OBSOLETE_local: false peers { permanent_uuid: "5014824b94b64fd49da2c1a645c078aa" member_type: VOTER last_known_addr { host: "127.0.52.194" port: 43942 } health_report { overall_health: UNKNOWN } } peers { permanent_uuid: "d1bf0f72a88f4483a1906bc8246849dd" member_type: VOTER last_known_addr { host: "127.0.52.193" port: 46057 } health_report { overall_health: HEALTHY } } peers { permanent_uuid: "b5e887ddd8a14cf3b2c24a0aa14be025" member_type: VOTER last_known_addr { host: "127.0.52.195" port: 38453 } health_report { overall_health: UNKNOWN } } }
I0507 20:05:17.105494 608 raft_consensus.cc:1057] T a0376a5e3b9f495aa00d366b35594a27 P b5e887ddd8a14cf3b2c24a0aa14be025 [term 2 FOLLOWER]: Refusing update from remote peer d1bf0f72a88f4483a1906bc8246849dd: Log matching property violated. Preceding OpId in replica: term: 1 index: 1. Preceding OpId from leader: term: 2 index: 2. (index mismatch)
I0507 20:05:17.106297 704 consensus_queue.cc:963] T a0376a5e3b9f495aa00d366b35594a27 P d1bf0f72a88f4483a1906bc8246849dd [LEADER]: Connected to new peer: Peer: permanent_uuid: "b5e887ddd8a14cf3b2c24a0aa14be025" member_type: VOTER last_known_addr { host: "127.0.52.195" port: 38453 }, Status: LMP_MISMATCH, Last received: 0.0, Next index: 2, Last known committed idx: 1, Time since last communication: 0.000s
I0507 20:05:17.108342 607 raft_consensus.cc:1057] T d80f4fae4b9f4d238f7f626507290390 P b5e887ddd8a14cf3b2c24a0aa14be025 [term 3 FOLLOWER]: Refusing update from remote peer d1bf0f72a88f4483a1906bc8246849dd: Log matching property violated. Preceding OpId in replica: term: 2 index: 1. Preceding OpId from leader: term: 3 index: 2. (index mismatch)
I0507 20:05:17.109252 679 consensus_queue.cc:963] T d80f4fae4b9f4d238f7f626507290390 P d1bf0f72a88f4483a1906bc8246849dd [LEADER]: Connected to new peer: Peer: permanent_uuid: "b5e887ddd8a14cf3b2c24a0aa14be025" member_type: VOTER last_known_addr { host: "127.0.52.195" port: 38453 }, Status: LMP_MISMATCH, Last received: 0.0, Next index: 2, Last known committed idx: 1, Time since last communication: 0.000s
I0507 20:05:17.109571 608 raft_consensus.cc:1057] T 7161aaf1a71d455883ef478337dfaf19 P b5e887ddd8a14cf3b2c24a0aa14be025 [term 2 FOLLOWER]: Refusing update from remote peer d1bf0f72a88f4483a1906bc8246849dd: Log matching property violated. Preceding OpId in replica: term: 1 index: 1. Preceding OpId from leader: term: 2 index: 2. (index mismatch)
I0507 20:05:17.110205 708 consensus_queue.cc:963] T 7161aaf1a71d455883ef478337dfaf19 P d1bf0f72a88f4483a1906bc8246849dd [LEADER]: Connected to new peer: Peer: permanent_uuid: "b5e887ddd8a14cf3b2c24a0aa14be025" member_type: VOTER last_known_addr { host: "127.0.52.195" port: 38453 }, Status: LMP_MISMATCH, Last received: 0.0, Next index: 2, Last known committed idx: 1, Time since last communication: 0.000s
W0507 20:05:17.115999 296 leader_election.cc:286] T a0376a5e3b9f495aa00d366b35594a27 P d1bf0f72a88f4483a1906bc8246849dd [CANDIDATE]: Term 2 pre-election: RPC error from VoteRequest() call to peer 5014824b94b64fd49da2c1a645c078aa: Timed out: RequestConsensusVote RPC to 127.0.52.194:43942 timed out after 0.079s (SENT)
W0507 20:05:17.122359 296 leader_election.cc:286] T 7161aaf1a71d455883ef478337dfaf19 P d1bf0f72a88f4483a1906bc8246849dd [CANDIDATE]: Term 2 pre-election: RPC error from VoteRequest() call to peer 5014824b94b64fd49da2c1a645c078aa: Timed out: RequestConsensusVote RPC to 127.0.52.194:43942 timed out after 0.093s (SENT)
W0507 20:05:17.148422 296 leader_election.cc:286] T d80f4fae4b9f4d238f7f626507290390 P d1bf0f72a88f4483a1906bc8246849dd [CANDIDATE]: Term 3 pre-election: RPC error from VoteRequest() call to peer 5014824b94b64fd49da2c1a645c078aa: Timed out: RequestConsensusVote RPC to 127.0.52.194:43942 timed out after 0.111s (SENT)
W0507 20:05:17.151844 296 leader_election.cc:286] T a0376a5e3b9f495aa00d366b35594a27 P d1bf0f72a88f4483a1906bc8246849dd [CANDIDATE]: Term 2 election: RPC error from VoteRequest() call to peer 5014824b94b64fd49da2c1a645c078aa: Timed out: RequestConsensusVote RPC to 127.0.52.194:43942 timed out after 0.086s (SENT)
W0507 20:05:17.156257 296 leader_election.cc:286] T d80f4fae4b9f4d238f7f626507290390 P d1bf0f72a88f4483a1906bc8246849dd [CANDIDATE]: Term 3 election: RPC error from VoteRequest() call to peer 5014824b94b64fd49da2c1a645c078aa: Timed out: RequestConsensusVote RPC to 127.0.52.194:43942 timed out after 0.080s (SENT)
W0507 20:05:17.164803 541 leader_election.cc:286] T a0376a5e3b9f495aa00d366b35594a27 P b5e887ddd8a14cf3b2c24a0aa14be025 [CANDIDATE]: Term 2 pre-election: RPC error from VoteRequest() call to peer 5014824b94b64fd49da2c1a645c078aa: Timed out: RequestConsensusVote RPC to 127.0.52.194:43942 timed out after 0.088s (SENT)
I0507 20:05:17.164908 541 leader_election.cc:257] T a0376a5e3b9f495aa00d366b35594a27 P b5e887ddd8a14cf3b2c24a0aa14be025 [CANDIDATE]: Term 2 pre-election: Election decided. Result: candidate lost.
I0507 20:05:17.165161 707 raft_consensus.cc:2704] T a0376a5e3b9f495aa00d366b35594a27 P b5e887ddd8a14cf3b2c24a0aa14be025: Snoozing failure detection for 0.095s (election complete)
I0507 20:05:17.165248 707 raft_consensus.cc:2459] T a0376a5e3b9f495aa00d366b35594a27 P b5e887ddd8a14cf3b2c24a0aa14be025 [term 2 FOLLOWER]: Leader pre-election lost for term 2. Reason: could not achieve majority
W0507 20:05:17.165295 541 leader_election.cc:286] T 7161aaf1a71d455883ef478337dfaf19 P b5e887ddd8a14cf3b2c24a0aa14be025 [CANDIDATE]: Term 2 pre-election: RPC error from VoteRequest() call to peer 5014824b94b64fd49da2c1a645c078aa: Timed out: RequestConsensusVote RPC to 127.0.52.194:43942 timed out after 0.088s (SENT)
I0507 20:05:17.165341 541 leader_election.cc:257] T 7161aaf1a71d455883ef478337dfaf19 P b5e887ddd8a14cf3b2c24a0aa14be025 [CANDIDATE]: Term 2 pre-election: Election decided. Result: candidate lost.
I0507 20:05:17.165493 707 raft_consensus.cc:2704] T 7161aaf1a71d455883ef478337dfaf19 P b5e887ddd8a14cf3b2c24a0aa14be025: Snoozing failure detection for 0.110s (election complete)
I0507 20:05:17.165554 707 raft_consensus.cc:2459] T 7161aaf1a71d455883ef478337dfaf19 P b5e887ddd8a14cf3b2c24a0aa14be025 [term 2 FOLLOWER]: Leader pre-election lost for term 2. Reason: could not achieve majority
W0507 20:05:17.168004 296 leader_election.cc:286] T 7161aaf1a71d455883ef478337dfaf19 P d1bf0f72a88f4483a1906bc8246849dd [CANDIDATE]: Term 2 election: RPC error from VoteRequest() call to peer 5014824b94b64fd49da2c1a645c078aa: Timed out: RequestConsensusVote RPC to 127.0.52.194:43942 timed out after 0.089s (SENT)
W0507 20:05:17.181025 541 leader_election.cc:286] T d80f4fae4b9f4d238f7f626507290390 P b5e887ddd8a14cf3b2c24a0aa14be025 [CANDIDATE]: Term 3 pre-election: RPC error from VoteRequest() call to peer 5014824b94b64fd49da2c1a645c078aa: Timed out: RequestConsensusVote RPC to 127.0.52.194:43942 timed out after 0.105s (SENT)
I0507 20:05:17.181114 541 leader_election.cc:257] T d80f4fae4b9f4d238f7f626507290390 P b5e887ddd8a14cf3b2c24a0aa14be025 [CANDIDATE]: Term 3 pre-election: Election decided. Result: candidate lost.
I0507 20:05:17.181370 707 raft_consensus.cc:2704] T d80f4fae4b9f4d238f7f626507290390 P b5e887ddd8a14cf3b2c24a0aa14be025: Snoozing failure detection for 0.096s (election complete)
I0507 20:05:17.181438 707 raft_consensus.cc:2459] T d80f4fae4b9f4d238f7f626507290390 P b5e887ddd8a14cf3b2c24a0aa14be025 [term 3 FOLLOWER]: Leader pre-election lost for term 3. Reason: could not achieve majority
W0507 20:05:19.036597 660 negotiation.cc:313] Failed RPC negotiation. Trace: 0507 20:05:16.037889 (+ 0us) reactor.cc:577] Submitting negotiation task for client connection to 127.0.52.194:43942 0507 20:05:16.038106 (+ 217us) negotiation.cc:98] Waiting for socket to connect 0507 20:05:16.038121 (+ 15us) client_negotiation.cc:160] Beginning negotiation 0507 20:05:16.038231 (+ 110us) client_negotiation.cc:237] Sending NEGOTIATE NegotiatePB request 0507 20:05:19.035180 (+2996949us) negotiation.cc:304] Negotiation complete: Timed out: Client connection negotiation failed: client connection to 127.0.52.194:43942 Metrics: {"client-negotiator.queue_time_us":57}
W0507 20:05:19.036927 658 meta_cache.cc:216] Tablet a0376a5e3b9f495aa00d366b35594a27: Replica 5014824b94b64fd49da2c1a645c078aa (127.0.52.194:43942) has failed: Timed out: Client connection negotiation failed: client connection to 127.0.52.194:43942
W0507 20:05:22.079358 660 negotiation.cc:313] Failed RPC negotiation. Trace: 0507 20:05:19.082071 (+ 0us) reactor.cc:577] Submitting negotiation task for client connection to 127.0.52.194:43942 0507 20:05:19.082315 (+ 244us) negotiation.cc:98] Waiting for socket to connect 0507 20:05:19.082330 (+ 15us) client_negotiation.cc:160] Beginning negotiation 0507 20:05:19.082440 (+ 110us) client_negotiation.cc:237] Sending NEGOTIATE NegotiatePB request 0507 20:05:22.079122 (+2996682us) negotiation.cc:304] Negotiation complete: Timed out: Client connection negotiation failed: client connection to 127.0.52.194:43942 Metrics: {"client-negotiator.queue_time_us":54}
W0507 20:05:22.079550 658 meta_cache.cc:216] Tablet d80f4fae4b9f4d238f7f626507290390: Replica 5014824b94b64fd49da2c1a645c078aa (127.0.52.194:43942) has failed: Timed out: Client connection negotiation failed: client connection to 127.0.52.194:43942
I0507 20:05:23.135113 485 tablet_service.cc:998] Received RequestConsensusVote() RPC: tablet_id: "7161aaf1a71d455883ef478337dfaf19" candidate_uuid: "d1bf0f72a88f4483a1906bc8246849dd" candidate_term: 2 candidate_status { last_received { term: 1 index: 1 } } ignore_live_leader: false dest_uuid: "5014824b94b64fd49da2c1a645c078aa" is_pre_election: true
I0507 20:05:23.137821 486 tablet_service.cc:998] Received RequestConsensusVote() RPC: tablet_id: "a0376a5e3b9f495aa00d366b35594a27" candidate_uuid: "d1bf0f72a88f4483a1906bc8246849dd" candidate_term: 2 candidate_status { last_received { term: 1 index: 1 } } ignore_live_leader: false dest_uuid: "5014824b94b64fd49da2c1a645c078aa" is_pre_election: true
I0507 20:05:23.138404 485 raft_consensus.cc:2180] T 7161aaf1a71d455883ef478337dfaf19 P 5014824b94b64fd49da2c1a645c078aa [term 1 LEADER]: Leader pre-election vote request: Denying vote to candidate d1bf0f72a88f4483a1906bc8246849dd for term 2 because replica is either leader or believes a valid leader to be alive.
I0507 20:05:23.139636 608 raft_consensus.cc:1025] T d80f4fae4b9f4d238f7f626507290390 P b5e887ddd8a14cf3b2c24a0aa14be025 [term 3 FOLLOWER]: Rejecting Update request from peer 5014824b94b64fd49da2c1a645c078aa for earlier term 2. Current term is 3. Ops: []
I0507 20:05:23.140202 608 raft_consensus.cc:1025] T a0376a5e3b9f495aa00d366b35594a27 P b5e887ddd8a14cf3b2c24a0aa14be025 [term 2 FOLLOWER]: Rejecting Update request from peer 5014824b94b64fd49da2c1a645c078aa for earlier term 1. Current term is 2. Ops: []
I0507 20:05:23.144950 486 raft_consensus.cc:2180] T a0376a5e3b9f495aa00d366b35594a27 P 5014824b94b64fd49da2c1a645c078aa [term 1 LEADER]: Leader pre-election vote request: Denying vote to candidate d1bf0f72a88f4483a1906bc8246849dd for term 2 because replica is either leader or believes a valid leader to be alive.
I0507 20:05:23.147119 739 raft_consensus.cc:435] T 7161aaf1a71d455883ef478337dfaf19 P b5e887ddd8a14cf3b2c24a0aa14be025 [term 2 FOLLOWER]: Starting pre-election (detected failure of leader d1bf0f72a88f4483a1906bc8246849dd)
I0507 20:05:23.147233 739 raft_consensus.cc:2704] T 7161aaf1a71d455883ef478337dfaf19 P b5e887ddd8a14cf3b2c24a0aa14be025: Snoozing failure detection for 0.094s (starting election)
I0507 20:05:23.147405 739 raft_consensus.cc:457] T 7161aaf1a71d455883ef478337dfaf19 P b5e887ddd8a14cf3b2c24a0aa14be025 [term 2 FOLLOWER]: Starting pre-election with config: opid_index: -1 OBSOLETE_local: false peers { permanent_uuid: "5014824b94b64fd49da2c1a645c078aa" member_type: VOTER last_known_addr { host: "127.0.52.194" port: 43942 } } peers { permanent_uuid: "d1bf0f72a88f4483a1906bc8246849dd" member_type: VOTER last_known_addr { host: "127.0.52.193" port: 46057 } } peers { permanent_uuid: "b5e887ddd8a14cf3b2c24a0aa14be025" member_type: VOTER last_known_addr { host: "127.0.52.195" port: 38453 } }
I0507 20:05:23.147964 608 raft_consensus.cc:1025] T 7161aaf1a71d455883ef478337dfaf19 P b5e887ddd8a14cf3b2c24a0aa14be025 [term 2 FOLLOWER]: Rejecting Update request from peer 5014824b94b64fd49da2c1a645c078aa for earlier term 1. Current term is 2. Ops: []
I0507 20:05:23.148417 739 leader_election.cc:230] T 7161aaf1a71d455883ef478337dfaf19 P b5e887ddd8a14cf3b2c24a0aa14be025 [CANDIDATE]: Term 3 pre-election: Requesting pre-vote from peer 5014824b94b64fd49da2c1a645c078aa
I0507 20:05:23.148624 739 leader_election.cc:230] T 7161aaf1a71d455883ef478337dfaf19 P b5e887ddd8a14cf3b2c24a0aa14be025 [CANDIDATE]: Term 3 pre-election: Requesting pre-vote from peer d1bf0f72a88f4483a1906bc8246849dd
I0507 20:05:23.149003 739 raft_consensus.cc:435] T d80f4fae4b9f4d238f7f626507290390 P b5e887ddd8a14cf3b2c24a0aa14be025 [term 3 FOLLOWER]: Starting pre-election (detected failure of leader d1bf0f72a88f4483a1906bc8246849dd)
I0507 20:05:23.149104 739 raft_consensus.cc:2704] T d80f4fae4b9f4d238f7f626507290390 P b5e887ddd8a14cf3b2c24a0aa14be025: Snoozing failure detection for 0.152s (starting election)
I0507 20:05:23.149204 739 raft_consensus.cc:457] T d80f4fae4b9f4d238f7f626507290390 P b5e887ddd8a14cf3b2c24a0aa14be025 [term 3 FOLLOWER]: Starting pre-election with config: opid_index: -1 OBSOLETE_local: false peers { permanent_uuid: "5014824b94b64fd49da2c1a645c078aa" member_type: VOTER last_known_addr { host: "127.0.52.194" port: 43942 } } peers { permanent_uuid: "d1bf0f72a88f4483a1906bc8246849dd" member_type: VOTER last_known_addr { host: "127.0.52.193" port: 46057 } } peers { permanent_uuid: "b5e887ddd8a14cf3b2c24a0aa14be025" member_type: VOTER last_known_addr { host: "127.0.52.195" port: 38453 } }
I0507 20:05:23.149591 739 leader_election.cc:230] T d80f4fae4b9f4d238f7f626507290390 P b5e887ddd8a14cf3b2c24a0aa14be025 [CANDIDATE]: Term 4 pre-election: Requesting pre-vote from peer 5014824b94b64fd49da2c1a645c078aa
I0507 20:05:23.149541 486 tablet_service.cc:998] Received RequestConsensusVote() RPC: tablet_id: "d80f4fae4b9f4d238f7f626507290390" candidate_uuid: "d1bf0f72a88f4483a1906bc8246849dd" candidate_term: 3 candidate_status { last_received { term: 2 index: 1 } } ignore_live_leader: false dest_uuid: "5014824b94b64fd49da2c1a645c078aa" is_pre_election: true
I0507 20:05:23.149850 486 raft_consensus.cc:2180] T d80f4fae4b9f4d238f7f626507290390 P 5014824b94b64fd49da2c1a645c078aa [term 2 LEADER]: Leader pre-election vote request: Denying vote to candidate d1bf0f72a88f4483a1906bc8246849dd for term 3 because replica is either leader or believes a valid leader to be alive.
I0507 20:05:23.149909 739 leader_election.cc:230] T d80f4fae4b9f4d238f7f626507290390 P b5e887ddd8a14cf3b2c24a0aa14be025 [CANDIDATE]: Term 4 pre-election: Requesting pre-vote from peer d1bf0f72a88f4483a1906bc8246849dd
I0507 20:05:23.149787 740 raft_consensus.cc:435] T a0376a5e3b9f495aa00d366b35594a27 P b5e887ddd8a14cf3b2c24a0aa14be025 [term 2 FOLLOWER]: Starting pre-election (detected failure of leader d1bf0f72a88f4483a1906bc8246849dd)
I0507 20:05:23.150135 740 raft_consensus.cc:2704] T a0376a5e3b9f495aa00d366b35594a27 P b5e887ddd8a14cf3b2c24a0aa14be025: Snoozing failure detection for 0.076s (starting election)
I0507 20:05:23.150255 740 raft_consensus.cc:457] T a0376a5e3b9f495aa00d366b35594a27 P b5e887ddd8a14cf3b2c24a0aa14be025 [term 2 FOLLOWER]: Starting pre-election with config: opid_index: -1 OBSOLETE_local: false peers { permanent_uuid: "b5e887ddd8a14cf3b2c24a0aa14be025" member_type: VOTER last_known_addr { host: "127.0.52.195" port: 38453 } } peers { permanent_uuid: "d1bf0f72a88f4483a1906bc8246849dd" member_type: VOTER last_known_addr { host: "127.0.52.193" port: 46057 } } peers { permanent_uuid: "5014824b94b64fd49da2c1a645c078aa" member_type: VOTER last_known_addr { host: "127.0.52.194" port: 43942 } }
I0507 20:05:23.150640 740 leader_election.cc:230] T a0376a5e3b9f495aa00d366b35594a27 P b5e887ddd8a14cf3b2c24a0aa14be025 [CANDIDATE]: Term 3 pre-election: Requesting pre-vote from peer d1bf0f72a88f4483a1906bc8246849dd
I0507 20:05:23.151039 740 leader_election.cc:230] T a0376a5e3b9f495aa00d366b35594a27 P b5e887ddd8a14cf3b2c24a0aa14be025 [CANDIDATE]: Term 3 pre-election: Requesting pre-vote from peer 5014824b94b64fd49da2c1a645c078aa
I0507 20:05:23.168236 683 consensus_queue.cc:974] T d80f4fae4b9f4d238f7f626507290390 P 5014824b94b64fd49da2c1a645c078aa [LEADER]: Peer responded invalid term: Peer: permanent_uuid: "b5e887ddd8a14cf3b2c24a0aa14be025" member_type: VOTER last_known_addr { host: "127.0.52.195" port: 38453 }, Status: INVALID_TERM, Last received: 2.1, Next index: 2, Last known committed idx: 3, Time since last communication: 0.018s
I0507 20:05:23.168743 683 raft_consensus.cc:2751] T d80f4fae4b9f4d238f7f626507290390 P 5014824b94b64fd49da2c1a645c078aa [term 2 LEADER]: Stepping down as leader of term 2
I0507 20:05:23.169694 683 raft_consensus.cc:604] T d80f4fae4b9f4d238f7f626507290390 P 5014824b94b64fd49da2c1a645c078aa [term 2 LEADER]: Becoming Follower/Learner. State: Replica: 5014824b94b64fd49da2c1a645c078aa, State: Running, Role: LEADER
I0507 20:05:23.170714 486 tablet_service.cc:998] Received RequestConsensusVote() RPC: tablet_id: "a0376a5e3b9f495aa00d366b35594a27" candidate_uuid: "d1bf0f72a88f4483a1906bc8246849dd" candidate_term: 2 candidate_status { last_received { term: 1 index: 1 } } ignore_live_leader: false dest_uuid: "5014824b94b64fd49da2c1a645c078aa"
I0507 20:05:23.172232 486 raft_consensus.cc:2180] T a0376a5e3b9f495aa00d366b35594a27 P 5014824b94b64fd49da2c1a645c078aa [term 1 LEADER]: Leader election vote request: Denying vote to candidate d1bf0f72a88f4483a1906bc8246849dd for term 2 because replica is either leader or believes a valid leader to be alive.
I0507 20:05:23.173617 485 tablet_service.cc:998] Received RequestConsensusVote() RPC: tablet_id: "d80f4fae4b9f4d238f7f626507290390" candidate_uuid: "b5e887ddd8a14cf3b2c24a0aa14be025" candidate_term: 3 candidate_status { last_received { term: 2 index: 1 } } ignore_live_leader: false dest_uuid: "5014824b94b64fd49da2c1a645c078aa" is_pre_election: true
I0507 20:05:23.171456 683 consensus_queue.cc:227] T d80f4fae4b9f4d238f7f626507290390 P 5014824b94b64fd49da2c1a645c078aa [NON_LEADER]: Queue going to NON_LEADER mode. State: All replicated index: 0, Majority replicated index: 1, Committed index: 1, Last appended: 2.1, Last appended by leader: 1, Current term: 2, Majority size: -1, State: 0, Mode: NON_LEADER, active raft config: opid_index: -1 OBSOLETE_local: false peers { permanent_uuid: "5014824b94b64fd49da2c1a645c078aa" member_type: VOTER last_known_addr { host: "127.0.52.194" port: 43942 } } peers { permanent_uuid: "d1bf0f72a88f4483a1906bc8246849dd" member_type: VOTER last_known_addr { host: "127.0.52.193" port: 46057 } } peers { permanent_uuid: "b5e887ddd8a14cf3b2c24a0aa14be025" member_type: VOTER last_known_addr { host: "127.0.52.195" port: 38453 } }
I0507 20:05:23.174275 689 consensus_queue.cc:974] T a0376a5e3b9f495aa00d366b35594a27 P 5014824b94b64fd49da2c1a645c078aa [LEADER]: Peer responded invalid term: Peer: permanent_uuid: "b5e887ddd8a14cf3b2c24a0aa14be025" member_type: VOTER last_known_addr { host: "127.0.52.195" port: 38453 }, Status: INVALID_TERM, Last received: 1.1, Next index: 2, Last known committed idx: 4, Time since last communication: 0.001s
I0507 20:05:23.174765 486 tablet_service.cc:998] Received RequestConsensusVote() RPC: tablet_id: "7161aaf1a71d455883ef478337dfaf19" candidate_uuid: "b5e887ddd8a14cf3b2c24a0aa14be025" candidate_term: 2 candidate_status { last_received { term: 1 index: 1 } } ignore_live_leader: false dest_uuid: "5014824b94b64fd49da2c1a645c078aa" is_pre_election: true
I0507 20:05:23.176700 486 raft_consensus.cc:2180] T 7161aaf1a71d455883ef478337dfaf19 P 5014824b94b64fd49da2c1a645c078aa [term 1 LEADER]: Leader pre-election vote request: Denying vote to candidate b5e887ddd8a14cf3b2c24a0aa14be025 for term 2 because replica is either leader or believes a valid leader to be alive.
I0507 20:05:23.176867 484 tablet_service.cc:998] Received RequestConsensusVote() RPC: tablet_id: "a0376a5e3b9f495aa00d366b35594a27" candidate_uuid: "b5e887ddd8a14cf3b2c24a0aa14be025" candidate_term: 2 candidate_status { last_received { term: 1 index: 1 } } ignore_live_leader: false dest_uuid: "5014824b94b64fd49da2c1a645c078aa" is_pre_election: true
I0507 20:05:23.183840 683 consensus_peers.cc:456] T d80f4fae4b9f4d238f7f626507290390 P 5014824b94b64fd49da2c1a645c078aa -> Peer b5e887ddd8a14cf3b2c24a0aa14be025 (127.0.52.195:38453): Closing peer: b5e887ddd8a14cf3b2c24a0aa14be025
I0507 20:05:23.183955 683 consensus_peers.cc:456] T d80f4fae4b9f4d238f7f626507290390 P 5014824b94b64fd49da2c1a645c078aa -> Peer d1bf0f72a88f4483a1906bc8246849dd (127.0.52.193:46057): Closing peer: d1bf0f72a88f4483a1906bc8246849dd
I0507 20:05:23.176609 483 tablet_service.cc:998] Received RequestConsensusVote() RPC: tablet_id: "d80f4fae4b9f4d238f7f626507290390" candidate_uuid: "d1bf0f72a88f4483a1906bc8246849dd" candidate_term: 3 candidate_status { last_received { term: 2 index: 1 } } ignore_live_leader: false dest_uuid: "5014824b94b64fd49da2c1a645c078aa"
I0507 20:05:23.185611 486 tablet_service.cc:998] Received RequestConsensusVote() RPC: tablet_id: "a0376a5e3b9f495aa00d366b35594a27" candidate_uuid: "b5e887ddd8a14cf3b2c24a0aa14be025" candidate_term: 3 candidate_status { last_received { term: 2 index: 4 } } ignore_live_leader: false dest_uuid: "5014824b94b64fd49da2c1a645c078aa" is_pre_election: true
I0507 20:05:23.186033 683 raft_consensus.cc:2756] T d80f4fae4b9f4d238f7f626507290390 P 5014824b94b64fd49da2c1a645c078aa [term 2 FOLLOWER]: Advancing to term 3
I0507 20:05:23.186050 482 tablet_service.cc:998] Received RequestConsensusVote() RPC: tablet_id: "7161aaf1a71d455883ef478337dfaf19" candidate_uuid: "b5e887ddd8a14cf3b2c24a0aa14be025" candidate_term: 3 candidate_status { last_received { term: 2 index: 2 } } ignore_live_leader: false dest_uuid: "5014824b94b64fd49da2c1a645c078aa" is_pre_election: true
I0507 20:05:23.186583 482 raft_consensus.cc:2180] T 7161aaf1a71d455883ef478337dfaf19 P 5014824b94b64fd49da2c1a645c078aa [term 1 LEADER]: Leader pre-election vote request: Denying vote to candidate b5e887ddd8a14cf3b2c24a0aa14be025 for term 3 because replica is either leader or believes a valid leader to be alive.
I0507 20:05:23.186192 481 tablet_service.cc:998] Received RequestConsensusVote() RPC: tablet_id: "d80f4fae4b9f4d238f7f626507290390" candidate_uuid: "b5e887ddd8a14cf3b2c24a0aa14be025" candidate_term: 4 candidate_status { last_received { term: 3 index: 3 } } ignore_live_leader: false dest_uuid: "5014824b94b64fd49da2c1a645c078aa" is_pre_election: true
I0507 20:05:23.186290 480 tablet_service.cc:998] Received RequestConsensusVote() RPC: tablet_id: "7161aaf1a71d455883ef478337dfaf19" candidate_uuid: "d1bf0f72a88f4483a1906bc8246849dd" candidate_term: 2 candidate_status { last_received { term: 1 index: 1 } } ignore_live_leader: false dest_uuid: "5014824b94b64fd49da2c1a645c078aa"
I0507 20:05:23.187474 541 leader_election.cc:376] T 7161aaf1a71d455883ef478337dfaf19 P b5e887ddd8a14cf3b2c24a0aa14be025 [CANDIDATE]: Term 3 pre-election: Vote denied by peer 5014824b94b64fd49da2c1a645c078aa. Message: Invalid argument: T 7161aaf1a71d455883ef478337dfaf19 P 5014824b94b64fd49da2c1a645c078aa [term 1 LEADER]: Leader pre-election vote request: Denying vote to candidate b5e887ddd8a14cf3b2c24a0aa14be025 for term 3 because replica is either leader or believes a valid leader to be alive.
I0507 20:05:23.187683 480 raft_consensus.cc:2180] T 7161aaf1a71d455883ef478337dfaf19 P 5014824b94b64fd49da2c1a645c078aa [term 1 LEADER]: Leader election vote request: Denying vote to candidate d1bf0f72a88f4483a1906bc8246849dd for term 2 because replica is either leader or believes a valid leader to be alive.
W0507 20:05:23.195045 743 negotiation.cc:313] Failed RPC negotiation. Trace: 0507 20:05:23.135286 (+ 0us) reactor.cc:577] Submitting negotiation task for server connection from 127.0.0.1:50986 0507 20:05:23.171135 (+ 35849us) server_negotiation.cc:176] Beginning negotiation 0507 20:05:23.171139 (+ 4us) server_negotiation.cc:365] Waiting for connection header 0507 20:05:23.171157 (+ 18us) server_negotiation.cc:373] Connection header received 0507 20:05:23.171233 (+ 76us) server_negotiation.cc:329] Received NEGOTIATE NegotiatePB request 0507 20:05:23.171236 (+ 3us) server_negotiation.cc:412] Received NEGOTIATE request from client 0507 20:05:23.171314 (+ 78us) server_negotiation.cc:341] Sending NEGOTIATE NegotiatePB response 0507 20:05:23.174529 (+ 3215us) negotiation.cc:304] Negotiation complete: Network error: Server connection negotiation failed: server connection from 127.0.0.1:50986: BlockingWrite error: write error: Broken pipe (error 32) Metrics: {"server-negotiator.queue_time_us":35697,"thread_start_us":35347,"threads_started":1}
I0507 20:05:23.189558 482 raft_consensus.cc:2751] T 7161aaf1a71d455883ef478337dfaf19 P 5014824b94b64fd49da2c1a645c078aa [term 1 LEADER]: Stepping down as leader of term 1
W0507 20:05:23.196074 742 negotiation.cc:313] Failed RPC negotiation. Trace: 0507 20:05:23.137707 (+ 0us) reactor.cc:577] Submitting negotiation task for server connection from 127.0.0.1:50989 0507 20:05:23.171903 (+ 34196us) server_negotiation.cc:176] Beginning negotiation 0507 20:05:23.171907 (+ 4us) server_negotiation.cc:365] Waiting for connection header 0507 20:05:23.171920 (+ 13us) server_negotiation.cc:373] Connection header received 0507 20:05:23.171976 (+ 56us) server_negotiation.cc:329] Received NEGOTIATE NegotiatePB request 0507 20:05:23.171980 (+ 4us) server_negotiation.cc:412] Received NEGOTIATE request from client 0507 20:05:23.172054 (+ 74us) server_negotiation.cc:341] Sending NEGOTIATE NegotiatePB response 0507 20:05:23.176083 (+ 4029us) negotiation.cc:304] Negotiation complete: Network error: Server connection negotiation failed: server connection from 127.0.0.1:50989: BlockingWrite error: write error: Broken pipe (error 32) Metrics: {"server-negotiator.queue_time_us":34079,"thread_start_us":33856,"threads_started":1}
I0507 20:05:23.197276 683 consensus_queue.cc:974] T 7161aaf1a71d455883ef478337dfaf19 P 5014824b94b64fd49da2c1a645c078aa [LEADER]: Peer responded invalid term: Peer: permanent_uuid: "b5e887ddd8a14cf3b2c24a0aa14be025" member_type: VOTER last_known_addr { host: "127.0.52.195" port: 38453 }, Status: INVALID_TERM, Last received: 1.1, Next index: 2, Last known committed idx: 2, Time since last communication: 0.000s
I0507 20:05:23.198076 485 raft_consensus.cc:2704] T d80f4fae4b9f4d238f7f626507290390 P 5014824b94b64fd49da2c1a645c078aa: Snoozing failure detection for 0.100s (vote granted)
I0507 20:05:23.198150 485 raft_consensus.cc:2219] T d80f4fae4b9f4d238f7f626507290390 P 5014824b94b64fd49da2c1a645c078aa [term 3 FOLLOWER]: Leader pre-election vote request: Granting yes vote for candidate b5e887ddd8a14cf3b2c24a0aa14be025 in term 3.
I0507 20:05:23.198428 483 raft_consensus.cc:2194] T d80f4fae4b9f4d238f7f626507290390 P 5014824b94b64fd49da2c1a645c078aa [term 3 FOLLOWER]: Leader election vote request: Denying vote to candidate d1bf0f72a88f4483a1906bc8246849dd for term 3 because replica is already servicing an update from a current leader or another vote.
I0507 20:05:23.198982 481 raft_consensus.cc:2194] T d80f4fae4b9f4d238f7f626507290390 P 5014824b94b64fd49da2c1a645c078aa [term 3 FOLLOWER]: Leader pre-election vote request: Denying vote to candidate b5e887ddd8a14cf3b2c24a0aa14be025 for term 4 because replica is already servicing an update from a current leader or another vote.
I0507 20:05:23.200268 541 leader_election.cc:376] T d80f4fae4b9f4d238f7f626507290390 P b5e887ddd8a14cf3b2c24a0aa14be025 [CANDIDATE]: Term 4 pre-election: Vote denied by peer 5014824b94b64fd49da2c1a645c078aa. Message: Service unavailable: T d80f4fae4b9f4d238f7f626507290390 P 5014824b94b64fd49da2c1a645c078aa [term 3 FOLLOWER]: Leader pre-election vote request: Denying vote to candidate b5e887ddd8a14cf3b2c24a0aa14be025 for term 4 because replica is already servicing an update from a current leader or another vote.
I0507 20:05:23.200393 482 raft_consensus.cc:604] T 7161aaf1a71d455883ef478337dfaf19 P 5014824b94b64fd49da2c1a645c078aa [term 1 LEADER]: Becoming Follower/Learner. State: Replica: 5014824b94b64fd49da2c1a645c078aa, State: Running, Role: LEADER
I0507 20:05:23.200595 481 raft_consensus.cc:1057] T d80f4fae4b9f4d238f7f626507290390 P 5014824b94b64fd49da2c1a645c078aa [term 3 FOLLOWER]: Refusing update from remote peer d1bf0f72a88f4483a1906bc8246849dd: Log matching property violated. Preceding OpId in replica: term: 2 index: 1. Preceding OpId from leader: term: 3 index: 2. (index mismatch)
I0507 20:05:23.202921 484 raft_consensus.cc:2180] T a0376a5e3b9f495aa00d366b35594a27 P 5014824b94b64fd49da2c1a645c078aa [term 1 LEADER]: Leader pre-election vote request: Denying vote to candidate b5e887ddd8a14cf3b2c24a0aa14be025 for term 2 because replica is either leader or believes a valid leader to be alive.
