I0507 20:05:23.202764 482 consensus_queue.cc:227] T 7161aaf1a71d455883ef478337dfaf19 P 5014824b94b64fd49da2c1a645c078aa [NON_LEADER]: Queue going to NON_LEADER mode. State: All replicated index: 0, Majority replicated index: 1, Committed index: 1, Last appended: 1.1, Last appended by leader: 1, Current term: 1, Majority size: -1, State: 0, Mode: NON_LEADER, active raft config: opid_index: -1 OBSOLETE_local: false peers { permanent_uuid: "5014824b94b64fd49da2c1a645c078aa" member_type: VOTER last_known_addr { host: "127.0.52.194" port: 43942 } } peers { permanent_uuid: "d1bf0f72a88f4483a1906bc8246849dd" member_type: VOTER last_known_addr { host: "127.0.52.193" port: 46057 } } peers { permanent_uuid: "b5e887ddd8a14cf3b2c24a0aa14be025" member_type: VOTER last_known_addr { host: "127.0.52.195" port: 38453 } }
I0507 20:05:23.203244 486 raft_consensus.cc:2194] T a0376a5e3b9f495aa00d366b35594a27 P 5014824b94b64fd49da2c1a645c078aa [term 1 LEADER]: Leader pre-election vote request: Denying vote to candidate b5e887ddd8a14cf3b2c24a0aa14be025 for term 3 because replica is already servicing an update from a current leader or another vote.
I0507 20:05:23.203245 482 consensus_peers.cc:456] T 7161aaf1a71d455883ef478337dfaf19 P 5014824b94b64fd49da2c1a645c078aa -> Peer b5e887ddd8a14cf3b2c24a0aa14be025 (127.0.52.195:38453): Closing peer: b5e887ddd8a14cf3b2c24a0aa14be025
I0507 20:05:23.203415 675 raft_consensus.cc:2751] T a0376a5e3b9f495aa00d366b35594a27 P 5014824b94b64fd49da2c1a645c078aa [term 1 LEADER]: Stepping down as leader of term 1
I0507 20:05:23.203986 675 raft_consensus.cc:604] T a0376a5e3b9f495aa00d366b35594a27 P 5014824b94b64fd49da2c1a645c078aa [term 1 LEADER]: Becoming Follower/Learner. State: Replica: 5014824b94b64fd49da2c1a645c078aa, State: Running, Role: LEADER
I0507 20:05:23.204011 541 leader_election.cc:376] T a0376a5e3b9f495aa00d366b35594a27 P b5e887ddd8a14cf3b2c24a0aa14be025 [CANDIDATE]: Term 3 pre-election: Vote denied by peer 5014824b94b64fd49da2c1a645c078aa. Message: Service unavailable: T a0376a5e3b9f495aa00d366b35594a27 P 5014824b94b64fd49da2c1a645c078aa [term 1 LEADER]: Leader pre-election vote request: Denying vote to candidate b5e887ddd8a14cf3b2c24a0aa14be025 for term 3 because replica is already servicing an update from a current leader or another vote.
I0507 20:05:23.204278 675 consensus_queue.cc:227] T a0376a5e3b9f495aa00d366b35594a27 P 5014824b94b64fd49da2c1a645c078aa [NON_LEADER]: Queue going to NON_LEADER mode. State: All replicated index: 0, Majority replicated index: 1, Committed index: 1, Last appended: 1.1, Last appended by leader: 1, Current term: 1, Majority size: -1, State: 0, Mode: NON_LEADER, active raft config: opid_index: -1 OBSOLETE_local: false peers { permanent_uuid: "b5e887ddd8a14cf3b2c24a0aa14be025" member_type: VOTER last_known_addr { host: "127.0.52.195" port: 38453 } } peers { permanent_uuid: "d1bf0f72a88f4483a1906bc8246849dd" member_type: VOTER last_known_addr { host: "127.0.52.193" port: 46057 } } peers { permanent_uuid: "5014824b94b64fd49da2c1a645c078aa" member_type: VOTER last_known_addr { host: "127.0.52.194" port: 43942 } }
I0507 20:05:23.204495 675 consensus_peers.cc:456] T a0376a5e3b9f495aa00d366b35594a27 P 5014824b94b64fd49da2c1a645c078aa -> Peer d1bf0f72a88f4483a1906bc8246849dd (127.0.52.193:46057): Closing peer: d1bf0f72a88f4483a1906bc8246849dd
I0507 20:05:23.204550 675 consensus_peers.cc:456] T a0376a5e3b9f495aa00d366b35594a27 P 5014824b94b64fd49da2c1a645c078aa -> Peer b5e887ddd8a14cf3b2c24a0aa14be025 (127.0.52.195:38453): Closing peer: b5e887ddd8a14cf3b2c24a0aa14be025
I0507 20:05:23.204711 675 raft_consensus.cc:2756] T a0376a5e3b9f495aa00d366b35594a27 P 5014824b94b64fd49da2c1a645c078aa [term 1 FOLLOWER]: Advancing to term 2
I0507 20:05:23.207108 482 consensus_peers.cc:456] T 7161aaf1a71d455883ef478337dfaf19 P 5014824b94b64fd49da2c1a645c078aa -> Peer d1bf0f72a88f4483a1906bc8246849dd (127.0.52.193:46057): Closing peer: d1bf0f72a88f4483a1906bc8246849dd
I0507 20:05:23.207260 482 raft_consensus.cc:2756] T 7161aaf1a71d455883ef478337dfaf19 P 5014824b94b64fd49da2c1a645c078aa [term 1 FOLLOWER]: Advancing to term 2
I0507 20:05:23.208528 480 raft_consensus.cc:1057] T a0376a5e3b9f495aa00d366b35594a27 P 5014824b94b64fd49da2c1a645c078aa [term 2 FOLLOWER]: Refusing update from remote peer d1bf0f72a88f4483a1906bc8246849dd: Log matching property violated. Preceding OpId in replica: term: 1 index: 1. Preceding OpId from leader: term: 2 index: 2. (index mismatch)
I0507 20:05:23.210053 482 raft_consensus.cc:1057] T 7161aaf1a71d455883ef478337dfaf19 P 5014824b94b64fd49da2c1a645c078aa [term 2 FOLLOWER]: Refusing update from remote peer d1bf0f72a88f4483a1906bc8246849dd: Log matching property violated. Preceding OpId in replica: term: 1 index: 1. Preceding OpId from leader: term: 2 index: 2. (index mismatch)
W0507 20:05:23.210166 683 raft_consensus.cc:746] Couldn't advance consensus term.: Illegal state: Can't advance term to: 2 current term: 2 is higher.
I0507 20:05:23.223737 744 raft_consensus.cc:435] T d80f4fae4b9f4d238f7f626507290390 P b5e887ddd8a14cf3b2c24a0aa14be025 [term 3 FOLLOWER]: Starting pre-election (detected failure of leader d1bf0f72a88f4483a1906bc8246849dd)
I0507 20:05:23.223845 744 raft_consensus.cc:2704] T d80f4fae4b9f4d238f7f626507290390 P b5e887ddd8a14cf3b2c24a0aa14be025: Snoozing failure detection for 0.163s (starting election)
I0507 20:05:23.223932 744 raft_consensus.cc:457] T d80f4fae4b9f4d238f7f626507290390 P b5e887ddd8a14cf3b2c24a0aa14be025 [term 3 FOLLOWER]: Starting pre-election with config: opid_index: -1 OBSOLETE_local: false peers { permanent_uuid: "5014824b94b64fd49da2c1a645c078aa" member_type: VOTER last_known_addr { host: "127.0.52.194" port: 43942 } } peers { permanent_uuid: "d1bf0f72a88f4483a1906bc8246849dd" member_type: VOTER last_known_addr { host: "127.0.52.193" port: 46057 } } peers { permanent_uuid: "b5e887ddd8a14cf3b2c24a0aa14be025" member_type: VOTER last_known_addr { host: "127.0.52.195" port: 38453 } }
I0507 20:05:23.224356 744 leader_election.cc:230] T d80f4fae4b9f4d238f7f626507290390 P b5e887ddd8a14cf3b2c24a0aa14be025 [CANDIDATE]: Term 4 pre-election: Requesting pre-vote from peer 5014824b94b64fd49da2c1a645c078aa
I0507 20:05:23.224548 744 leader_election.cc:230] T d80f4fae4b9f4d238f7f626507290390 P b5e887ddd8a14cf3b2c24a0aa14be025 [CANDIDATE]: Term 4 pre-election: Requesting pre-vote from peer d1bf0f72a88f4483a1906bc8246849dd
I0507 20:05:23.225339 482 tablet_service.cc:998] Received RequestConsensusVote() RPC: tablet_id: "d80f4fae4b9f4d238f7f626507290390" candidate_uuid: "b5e887ddd8a14cf3b2c24a0aa14be025" candidate_term: 4 candidate_status { last_received { term: 3 index: 3 } } ignore_live_leader: false dest_uuid: "5014824b94b64fd49da2c1a645c078aa" is_pre_election: true
I0507 20:05:23.225518 482 raft_consensus.cc:2704] T d80f4fae4b9f4d238f7f626507290390 P 5014824b94b64fd49da2c1a645c078aa: Snoozing failure detection for 0.091s (vote granted)
I0507 20:05:23.225572 482 raft_consensus.cc:2219] T d80f4fae4b9f4d238f7f626507290390 P 5014824b94b64fd49da2c1a645c078aa [term 3 FOLLOWER]: Leader pre-election vote request: Granting yes vote for candidate b5e887ddd8a14cf3b2c24a0aa14be025 in term 3.
I0507 20:05:23.225992 541 leader_election.cc:362] T d80f4fae4b9f4d238f7f626507290390 P b5e887ddd8a14cf3b2c24a0aa14be025 [CANDIDATE]: Term 4 pre-election: Vote granted by peer 5014824b94b64fd49da2c1a645c078aa
I0507 20:05:23.226066 541 leader_election.cc:257] T d80f4fae4b9f4d238f7f626507290390 P b5e887ddd8a14cf3b2c24a0aa14be025 [CANDIDATE]: Term 4 pre-election: Election decided. Result: candidate won.
I0507 20:05:23.226279 744 raft_consensus.cc:2704] T d80f4fae4b9f4d238f7f626507290390 P b5e887ddd8a14cf3b2c24a0aa14be025: Snoozing failure detection for 0.127s (election complete)
I0507 20:05:23.226351 744 raft_consensus.cc:2511] T d80f4fae4b9f4d238f7f626507290390 P b5e887ddd8a14cf3b2c24a0aa14be025 [term 3 FOLLOWER]: Leader pre-election won for term 4
I0507 20:05:23.226393 744 raft_consensus.cc:435] T d80f4fae4b9f4d238f7f626507290390 P b5e887ddd8a14cf3b2c24a0aa14be025 [term 3 FOLLOWER]: Starting leader election (detected failure of leader d1bf0f72a88f4483a1906bc8246849dd)
I0507 20:05:23.226461 744 raft_consensus.cc:2704] T d80f4fae4b9f4d238f7f626507290390 P b5e887ddd8a14cf3b2c24a0aa14be025: Snoozing failure detection for 0.145s (starting election)
I0507 20:05:23.226503 744 raft_consensus.cc:2756] T d80f4fae4b9f4d238f7f626507290390 P b5e887ddd8a14cf3b2c24a0aa14be025 [term 3 FOLLOWER]: Advancing to term 4
W0507 20:05:23.227143 542 leader_election.cc:286] T a0376a5e3b9f495aa00d366b35594a27 P b5e887ddd8a14cf3b2c24a0aa14be025 [CANDIDATE]: Term 3 pre-election: RPC error from VoteRequest() call to peer d1bf0f72a88f4483a1906bc8246849dd: Timed out: RequestConsensusVote RPC to 127.0.52.193:46057 timed out after 0.076s (SENT)
I0507 20:05:23.227207 542 leader_election.cc:257] T a0376a5e3b9f495aa00d366b35594a27 P b5e887ddd8a14cf3b2c24a0aa14be025 [CANDIDATE]: Term 3 pre-election: Election decided. Result: candidate lost.
I0507 20:05:23.228243 744 raft_consensus.cc:457] T d80f4fae4b9f4d238f7f626507290390 P b5e887ddd8a14cf3b2c24a0aa14be025 [term 4 FOLLOWER]: Starting leader election with config: opid_index: -1 OBSOLETE_local: false peers { permanent_uuid: "5014824b94b64fd49da2c1a645c078aa" member_type: VOTER last_known_addr { host: "127.0.52.194" port: 43942 } } peers { permanent_uuid: "d1bf0f72a88f4483a1906bc8246849dd" member_type: VOTER last_known_addr { host: "127.0.52.193" port: 46057 } } peers { permanent_uuid: "b5e887ddd8a14cf3b2c24a0aa14be025" member_type: VOTER last_known_addr { host: "127.0.52.195" port: 38453 } }
I0507 20:05:23.228555 744 leader_election.cc:230] T d80f4fae4b9f4d238f7f626507290390 P b5e887ddd8a14cf3b2c24a0aa14be025 [CANDIDATE]: Term 4 election: Requesting vote from peer 5014824b94b64fd49da2c1a645c078aa
I0507 20:05:23.228696 744 leader_election.cc:230] T d80f4fae4b9f4d238f7f626507290390 P b5e887ddd8a14cf3b2c24a0aa14be025 [CANDIDATE]: Term 4 election: Requesting vote from peer d1bf0f72a88f4483a1906bc8246849dd
I0507 20:05:23.228854 744 raft_consensus.cc:2704] T a0376a5e3b9f495aa00d366b35594a27 P b5e887ddd8a14cf3b2c24a0aa14be025: Snoozing failure detection for 0.111s (election complete)
I0507 20:05:23.229013 744 raft_consensus.cc:2459] T a0376a5e3b9f495aa00d366b35594a27 P b5e887ddd8a14cf3b2c24a0aa14be025 [term 2 FOLLOWER]: Leader pre-election lost for term 3. Reason: could not achieve majority
I0507 20:05:23.229315 482 tablet_service.cc:998] Received RequestConsensusVote() RPC: tablet_id: "d80f4fae4b9f4d238f7f626507290390" candidate_uuid: "b5e887ddd8a14cf3b2c24a0aa14be025" candidate_term: 4 candidate_status { last_received { term: 3 index: 3 } } ignore_live_leader: false dest_uuid: "5014824b94b64fd49da2c1a645c078aa"
I0507 20:05:23.229454 482 raft_consensus.cc:2756] T d80f4fae4b9f4d238f7f626507290390 P 5014824b94b64fd49da2c1a645c078aa [term 3 FOLLOWER]: Advancing to term 4
I0507 20:05:23.229528 482 raft_consensus.cc:2704] T d80f4fae4b9f4d238f7f626507290390 P 5014824b94b64fd49da2c1a645c078aa: Snoozing failure detection for 0.080s (vote granted)
I0507 20:05:23.231155 482 raft_consensus.cc:2219] T d80f4fae4b9f4d238f7f626507290390 P 5014824b94b64fd49da2c1a645c078aa [term 4 FOLLOWER]: Leader election vote request: Granting yes vote for candidate b5e887ddd8a14cf3b2c24a0aa14be025 in term 4.
I0507 20:05:23.231597 541 leader_election.cc:362] T d80f4fae4b9f4d238f7f626507290390 P b5e887ddd8a14cf3b2c24a0aa14be025 [CANDIDATE]: Term 4 election: Vote granted by peer 5014824b94b64fd49da2c1a645c078aa
I0507 20:05:23.231663 541 leader_election.cc:257] T d80f4fae4b9f4d238f7f626507290390 P b5e887ddd8a14cf3b2c24a0aa14be025 [CANDIDATE]: Term 4 election: Election decided. Result: candidate won.
I0507 20:05:23.231842 744 raft_consensus.cc:2704] T d80f4fae4b9f4d238f7f626507290390 P b5e887ddd8a14cf3b2c24a0aa14be025: Snoozing failure detection for 0.076s (election complete)
I0507 20:05:23.231906 744 raft_consensus.cc:2511] T d80f4fae4b9f4d238f7f626507290390 P b5e887ddd8a14cf3b2c24a0aa14be025 [term 4 FOLLOWER]: Leader election won for term 4
I0507 20:05:23.232004 744 raft_consensus.cc:571] T d80f4fae4b9f4d238f7f626507290390 P b5e887ddd8a14cf3b2c24a0aa14be025 [term 4 LEADER]: Becoming Leader. State: Replica: b5e887ddd8a14cf3b2c24a0aa14be025, State: Running, Role: LEADER
I0507 20:05:23.233201 744 consensus_queue.cc:204] T d80f4fae4b9f4d238f7f626507290390 P b5e887ddd8a14cf3b2c24a0aa14be025 [LEADER]: Queue going to LEADER mode. State: All replicated index: 0, Majority replicated index: 3, Committed index: 3, Last appended: 3.3, Last appended by leader: 3, Current term: 4, Majority size: 2, State: 0, Mode: LEADER, active raft config: opid_index: -1 OBSOLETE_local: false peers { permanent_uuid: "5014824b94b64fd49da2c1a645c078aa" member_type: VOTER last_known_addr { host: "127.0.52.194" port: 43942 } } peers { permanent_uuid: "d1bf0f72a88f4483a1906bc8246849dd" member_type: VOTER last_known_addr { host: "127.0.52.193" port: 46057 } } peers { permanent_uuid: "b5e887ddd8a14cf3b2c24a0aa14be025" member_type: VOTER last_known_addr { host: "127.0.52.195" port: 38453 } }
I0507 20:05:23.236193 241 catalog_manager.cc:3716] T d80f4fae4b9f4d238f7f626507290390 P b5e887ddd8a14cf3b2c24a0aa14be025 reported cstate change: term changed from 3 to 4, leader changed from d1bf0f72a88f4483a1906bc8246849dd (127.0.52.193) to b5e887ddd8a14cf3b2c24a0aa14be025 (127.0.52.195). New cstate: current_term: 4 leader_uuid: "b5e887ddd8a14cf3b2c24a0aa14be025" committed_config { opid_index: -1 OBSOLETE_local: false peers { permanent_uuid: "5014824b94b64fd49da2c1a645c078aa" member_type: VOTER last_known_addr { host: "127.0.52.194" port: 43942 } health_report { overall_health: UNKNOWN } } peers { permanent_uuid: "d1bf0f72a88f4483a1906bc8246849dd" member_type: VOTER last_known_addr { host: "127.0.52.193" port: 46057 } health_report { overall_health: UNKNOWN } } peers { permanent_uuid: "b5e887ddd8a14cf3b2c24a0aa14be025" member_type: VOTER last_known_addr { host: "127.0.52.195" port: 38453 } health_report { overall_health: HEALTHY } } }
I0507 20:05:23.242419 744 raft_consensus.cc:435] T 7161aaf1a71d455883ef478337dfaf19 P b5e887ddd8a14cf3b2c24a0aa14be025 [term 2 FOLLOWER]: Starting pre-election (detected failure of leader d1bf0f72a88f4483a1906bc8246849dd)
I0507 20:05:23.242540 744 raft_consensus.cc:2704] T 7161aaf1a71d455883ef478337dfaf19 P b5e887ddd8a14cf3b2c24a0aa14be025: Snoozing failure detection for 0.097s (starting election)
I0507 20:05:23.242633 744 raft_consensus.cc:457] T 7161aaf1a71d455883ef478337dfaf19 P b5e887ddd8a14cf3b2c24a0aa14be025 [term 2 FOLLOWER]: Starting pre-election with config: opid_index: -1 OBSOLETE_local: false peers { permanent_uuid: "5014824b94b64fd49da2c1a645c078aa" member_type: VOTER last_known_addr { host: "127.0.52.194" port: 43942 } } peers { permanent_uuid: "d1bf0f72a88f4483a1906bc8246849dd" member_type: VOTER last_known_addr { host: "127.0.52.193" port: 46057 } } peers { permanent_uuid: "b5e887ddd8a14cf3b2c24a0aa14be025" member_type: VOTER last_known_addr { host: "127.0.52.195" port: 38453 } }
I0507 20:05:23.243106 744 leader_election.cc:230] T 7161aaf1a71d455883ef478337dfaf19 P b5e887ddd8a14cf3b2c24a0aa14be025 [CANDIDATE]: Term 3 pre-election: Requesting pre-vote from peer 5014824b94b64fd49da2c1a645c078aa
I0507 20:05:23.243265 744 leader_election.cc:230] T 7161aaf1a71d455883ef478337dfaf19 P b5e887ddd8a14cf3b2c24a0aa14be025 [CANDIDATE]: Term 3 pre-election: Requesting pre-vote from peer d1bf0f72a88f4483a1906bc8246849dd
W0507 20:05:23.243535 542 leader_election.cc:286] T 7161aaf1a71d455883ef478337dfaf19 P b5e887ddd8a14cf3b2c24a0aa14be025 [CANDIDATE]: Term 3 pre-election: RPC error from VoteRequest() call to peer d1bf0f72a88f4483a1906bc8246849dd: Timed out: RequestConsensusVote RPC to 127.0.52.193:46057 timed out after 0.094s (SENT)
I0507 20:05:23.243613 542 leader_election.cc:257] T 7161aaf1a71d455883ef478337dfaf19 P b5e887ddd8a14cf3b2c24a0aa14be025 [CANDIDATE]: Term 3 pre-election: Election decided. Result: candidate lost.
I0507 20:05:23.243795 744 raft_consensus.cc:2704] T 7161aaf1a71d455883ef478337dfaf19 P b5e887ddd8a14cf3b2c24a0aa14be025: Snoozing failure detection for 0.164s (election complete)
I0507 20:05:23.243851 744 raft_consensus.cc:2459] T 7161aaf1a71d455883ef478337dfaf19 P b5e887ddd8a14cf3b2c24a0aa14be025 [term 2 FOLLOWER]: Leader pre-election lost for term 3. Reason: could not achieve majority
I0507 20:05:23.244108 482 tablet_service.cc:998] Received RequestConsensusVote() RPC: tablet_id: "7161aaf1a71d455883ef478337dfaf19" candidate_uuid: "b5e887ddd8a14cf3b2c24a0aa14be025" candidate_term: 3 candidate_status { last_received { term: 2 index: 2 } } ignore_live_leader: false dest_uuid: "5014824b94b64fd49da2c1a645c078aa" is_pre_election: true
I0507 20:05:23.244277 482 raft_consensus.cc:2704] T 7161aaf1a71d455883ef478337dfaf19 P 5014824b94b64fd49da2c1a645c078aa: Snoozing failure detection for 0.098s (vote granted)
I0507 20:05:23.244343 482 raft_consensus.cc:2219] T 7161aaf1a71d455883ef478337dfaf19 P 5014824b94b64fd49da2c1a645c078aa [term 2 FOLLOWER]: Leader pre-election vote request: Granting yes vote for candidate b5e887ddd8a14cf3b2c24a0aa14be025 in term 2.
I0507 20:05:23.244850 541 leader_election.cc:362] T 7161aaf1a71d455883ef478337dfaf19 P b5e887ddd8a14cf3b2c24a0aa14be025 [CANDIDATE]: Term 3 pre-election: Vote granted by peer 5014824b94b64fd49da2c1a645c078aa
I0507 20:05:23.244915 541 leader_election.cc:257] T 7161aaf1a71d455883ef478337dfaf19 P b5e887ddd8a14cf3b2c24a0aa14be025 [CANDIDATE]: Term 3 pre-election: Election decided. Result: candidate won.
I0507 20:05:23.245162 744 raft_consensus.cc:2704] T 7161aaf1a71d455883ef478337dfaf19 P b5e887ddd8a14cf3b2c24a0aa14be025: Snoozing failure detection for 0.110s (election complete)
I0507 20:05:23.245234 744 raft_consensus.cc:2511] T 7161aaf1a71d455883ef478337dfaf19 P b5e887ddd8a14cf3b2c24a0aa14be025 [term 2 FOLLOWER]: Leader pre-election won for term 3
I0507 20:05:23.245293 744 raft_consensus.cc:435] T 7161aaf1a71d455883ef478337dfaf19 P b5e887ddd8a14cf3b2c24a0aa14be025 [term 2 FOLLOWER]: Starting leader election (detected failure of leader d1bf0f72a88f4483a1906bc8246849dd)
I0507 20:05:23.245342 744 raft_consensus.cc:2704] T 7161aaf1a71d455883ef478337dfaf19 P b5e887ddd8a14cf3b2c24a0aa14be025: Snoozing failure detection for 0.116s (starting election)
I0507 20:05:23.245401 744 raft_consensus.cc:2756] T 7161aaf1a71d455883ef478337dfaf19 P b5e887ddd8a14cf3b2c24a0aa14be025 [term 2 FOLLOWER]: Advancing to term 3
I0507 20:05:23.247334 744 raft_consensus.cc:457] T 7161aaf1a71d455883ef478337dfaf19 P b5e887ddd8a14cf3b2c24a0aa14be025 [term 3 FOLLOWER]: Starting leader election with config: opid_index: -1 OBSOLETE_local: false peers { permanent_uuid: "5014824b94b64fd49da2c1a645c078aa" member_type: VOTER last_known_addr { host: "127.0.52.194" port: 43942 } } peers { permanent_uuid: "d1bf0f72a88f4483a1906bc8246849dd" member_type: VOTER last_known_addr { host: "127.0.52.193" port: 46057 } } peers { permanent_uuid: "b5e887ddd8a14cf3b2c24a0aa14be025" member_type: VOTER last_known_addr { host: "127.0.52.195" port: 38453 } }
I0507 20:05:23.247685 744 leader_election.cc:230] T 7161aaf1a71d455883ef478337dfaf19 P b5e887ddd8a14cf3b2c24a0aa14be025 [CANDIDATE]: Term 3 election: Requesting vote from peer 5014824b94b64fd49da2c1a645c078aa
I0507 20:05:23.247833 744 leader_election.cc:230] T 7161aaf1a71d455883ef478337dfaf19 P b5e887ddd8a14cf3b2c24a0aa14be025 [CANDIDATE]: Term 3 election: Requesting vote from peer d1bf0f72a88f4483a1906bc8246849dd
I0507 20:05:23.248584 482 tablet_service.cc:998] Received RequestConsensusVote() RPC: tablet_id: "7161aaf1a71d455883ef478337dfaf19" candidate_uuid: "b5e887ddd8a14cf3b2c24a0aa14be025" candidate_term: 3 candidate_status { last_received { term: 2 index: 2 } } ignore_live_leader: false dest_uuid: "5014824b94b64fd49da2c1a645c078aa"
I0507 20:05:23.248750 482 raft_consensus.cc:2756] T 7161aaf1a71d455883ef478337dfaf19 P 5014824b94b64fd49da2c1a645c078aa [term 2 FOLLOWER]: Advancing to term 3
I0507 20:05:23.248831 482 raft_consensus.cc:2704] T 7161aaf1a71d455883ef478337dfaf19 P 5014824b94b64fd49da2c1a645c078aa: Snoozing failure detection for 0.096s (vote granted)
I0507 20:05:23.250439 482 raft_consensus.cc:2219] T 7161aaf1a71d455883ef478337dfaf19 P 5014824b94b64fd49da2c1a645c078aa [term 3 FOLLOWER]: Leader election vote request: Granting yes vote for candidate b5e887ddd8a14cf3b2c24a0aa14be025 in term 3.
I0507 20:05:23.250985 541 leader_election.cc:362] T 7161aaf1a71d455883ef478337dfaf19 P b5e887ddd8a14cf3b2c24a0aa14be025 [CANDIDATE]: Term 3 election: Vote granted by peer 5014824b94b64fd49da2c1a645c078aa
I0507 20:05:23.251054 541 leader_election.cc:257] T 7161aaf1a71d455883ef478337dfaf19 P b5e887ddd8a14cf3b2c24a0aa14be025 [CANDIDATE]: Term 3 election: Election decided. Result: candidate won.
I0507 20:05:23.251281 744 raft_consensus.cc:2704] T 7161aaf1a71d455883ef478337dfaf19 P b5e887ddd8a14cf3b2c24a0aa14be025: Snoozing failure detection for 0.108s (election complete)
I0507 20:05:23.251348 744 raft_consensus.cc:2511] T 7161aaf1a71d455883ef478337dfaf19 P b5e887ddd8a14cf3b2c24a0aa14be025 [term 3 FOLLOWER]: Leader election won for term 3
I0507 20:05:23.251497 744 raft_consensus.cc:571] T 7161aaf1a71d455883ef478337dfaf19 P b5e887ddd8a14cf3b2c24a0aa14be025 [term 3 LEADER]: Becoming Leader. State: Replica: b5e887ddd8a14cf3b2c24a0aa14be025, State: Running, Role: LEADER
I0507 20:05:23.251703 744 consensus_queue.cc:204] T 7161aaf1a71d455883ef478337dfaf19 P b5e887ddd8a14cf3b2c24a0aa14be025 [LEADER]: Queue going to LEADER mode. State: All replicated index: 0, Majority replicated index: 2, Committed index: 2, Last appended: 2.2, Last appended by leader: 2, Current term: 3, Majority size: 2, State: 0, Mode: LEADER, active raft config: opid_index: -1 OBSOLETE_local: false peers { permanent_uuid: "5014824b94b64fd49da2c1a645c078aa" member_type: VOTER last_known_addr { host: "127.0.52.194" port: 43942 } } peers { permanent_uuid: "d1bf0f72a88f4483a1906bc8246849dd" member_type: VOTER last_known_addr { host: "127.0.52.193" port: 46057 } } peers { permanent_uuid: "b5e887ddd8a14cf3b2c24a0aa14be025" member_type: VOTER last_known_addr { host: "127.0.52.195" port: 38453 } }
I0507 20:05:23.254166 242 catalog_manager.cc:3716] T 7161aaf1a71d455883ef478337dfaf19 P b5e887ddd8a14cf3b2c24a0aa14be025 reported cstate change: term changed from 2 to 3, leader changed from d1bf0f72a88f4483a1906bc8246849dd (127.0.52.193) to b5e887ddd8a14cf3b2c24a0aa14be025 (127.0.52.195). New cstate: current_term: 3 leader_uuid: "b5e887ddd8a14cf3b2c24a0aa14be025" committed_config { opid_index: -1 OBSOLETE_local: false peers { permanent_uuid: "5014824b94b64fd49da2c1a645c078aa" member_type: VOTER last_known_addr { host: "127.0.52.194" port: 43942 } health_report { overall_health: UNKNOWN } } peers { permanent_uuid: "d1bf0f72a88f4483a1906bc8246849dd" member_type: VOTER last_known_addr { host: "127.0.52.193" port: 46057 } health_report { overall_health: UNKNOWN } } peers { permanent_uuid: "b5e887ddd8a14cf3b2c24a0aa14be025" member_type: VOTER last_known_addr { host: "127.0.52.195" port: 38453 } health_report { overall_health: HEALTHY } } }
I0507 20:05:23.257102 482 raft_consensus.cc:1057] T d80f4fae4b9f4d238f7f626507290390 P 5014824b94b64fd49da2c1a645c078aa [term 4 FOLLOWER]: Refusing update from remote peer b5e887ddd8a14cf3b2c24a0aa14be025: Log matching property violated. Preceding OpId in replica: term: 2 index: 1. Preceding OpId from leader: term: 4 index: 4. (index mismatch)
I0507 20:05:23.257773 744 consensus_queue.cc:963] T d80f4fae4b9f4d238f7f626507290390 P b5e887ddd8a14cf3b2c24a0aa14be025 [LEADER]: Connected to new peer: Peer: permanent_uuid: "5014824b94b64fd49da2c1a645c078aa" member_type: VOTER last_known_addr { host: "127.0.52.194" port: 43942 }, Status: LMP_MISMATCH, Last received: 0.0, Next index: 4, Last known committed idx: 1, Time since last communication: 0.000s
I0507 20:05:23.268942 683 raft_consensus.cc:435] T a0376a5e3b9f495aa00d366b35594a27 P 5014824b94b64fd49da2c1a645c078aa [term 2 FOLLOWER]: Starting pre-election (no leader contacted us within the election timeout)
I0507 20:05:23.269038 683 raft_consensus.cc:2704] T a0376a5e3b9f495aa00d366b35594a27 P 5014824b94b64fd49da2c1a645c078aa: Snoozing failure detection for 0.111s (starting election)
I0507 20:05:23.269119 683 raft_consensus.cc:457] T a0376a5e3b9f495aa00d366b35594a27 P 5014824b94b64fd49da2c1a645c078aa [term 2 FOLLOWER]: Starting pre-election with config: opid_index: -1 OBSOLETE_local: false peers { permanent_uuid: "b5e887ddd8a14cf3b2c24a0aa14be025" member_type: VOTER last_known_addr { host: "127.0.52.195" port: 38453 } } peers { permanent_uuid: "d1bf0f72a88f4483a1906bc8246849dd" member_type: VOTER last_known_addr { host: "127.0.52.193" port: 46057 } } peers { permanent_uuid: "5014824b94b64fd49da2c1a645c078aa" member_type: VOTER last_known_addr { host: "127.0.52.194" port: 43942 } }
I0507 20:05:23.269549 683 leader_election.cc:230] T a0376a5e3b9f495aa00d366b35594a27 P 5014824b94b64fd49da2c1a645c078aa [CANDIDATE]: Term 3 pre-election: Requesting pre-vote from peer b5e887ddd8a14cf3b2c24a0aa14be025
I0507 20:05:23.269693 683 leader_election.cc:230] T a0376a5e3b9f495aa00d366b35594a27 P 5014824b94b64fd49da2c1a645c078aa [CANDIDATE]: Term 3 pre-election: Requesting pre-vote from peer d1bf0f72a88f4483a1906bc8246849dd
I0507 20:05:23.270491 608 tablet_service.cc:998] Received RequestConsensusVote() RPC: tablet_id: "a0376a5e3b9f495aa00d366b35594a27" candidate_uuid: "5014824b94b64fd49da2c1a645c078aa" candidate_term: 3 candidate_status { last_received { term: 1 index: 1 } } ignore_live_leader: false dest_uuid: "b5e887ddd8a14cf3b2c24a0aa14be025" is_pre_election: true
I0507 20:05:23.270743 608 raft_consensus.cc:2166] T a0376a5e3b9f495aa00d366b35594a27 P b5e887ddd8a14cf3b2c24a0aa14be025 [term 2 FOLLOWER]: Leader pre-election vote request: Denying vote to candidate 5014824b94b64fd49da2c1a645c078aa for term 3 because replica has last-logged OpId of term: 2 index: 4, which is greater than that of the candidate, which has last-logged OpId of term: 1 index: 1.
I0507 20:05:23.271287 420 leader_election.cc:376] T a0376a5e3b9f495aa00d366b35594a27 P 5014824b94b64fd49da2c1a645c078aa [CANDIDATE]: Term 3 pre-election: Vote denied by peer b5e887ddd8a14cf3b2c24a0aa14be025. Message: Invalid argument: T a0376a5e3b9f495aa00d366b35594a27 P b5e887ddd8a14cf3b2c24a0aa14be025 [term 2 FOLLOWER]: Leader pre-election vote request: Denying vote to candidate 5014824b94b64fd49da2c1a645c078aa for term 3 because replica has last-logged OpId of term: 2 index: 4, which is greater than that of the candidate, which has last-logged OpId of term: 1 index: 1.
I0507 20:05:23.281529 482 raft_consensus.cc:1057] T 7161aaf1a71d455883ef478337dfaf19 P 5014824b94b64fd49da2c1a645c078aa [term 3 FOLLOWER]: Refusing update from remote peer b5e887ddd8a14cf3b2c24a0aa14be025: Log matching property violated. Preceding OpId in replica: term: 1 index: 1. Preceding OpId from leader: term: 3 index: 3. (index mismatch)
I0507 20:05:23.282232 744 consensus_queue.cc:963] T 7161aaf1a71d455883ef478337dfaf19 P b5e887ddd8a14cf3b2c24a0aa14be025 [LEADER]: Connected to new peer: Peer: permanent_uuid: "5014824b94b64fd49da2c1a645c078aa" member_type: VOTER last_known_addr { host: "127.0.52.194" port: 43942 }, Status: LMP_MISMATCH, Last received: 0.0, Next index: 3, Last known committed idx: 1, Time since last communication: 0.000s
W0507 20:05:23.302737 542 leader_election.cc:286] T d80f4fae4b9f4d238f7f626507290390 P b5e887ddd8a14cf3b2c24a0aa14be025 [CANDIDATE]: Term 4 pre-election: RPC error from VoteRequest() call to peer d1bf0f72a88f4483a1906bc8246849dd: Timed out: RequestConsensusVote RPC to 127.0.52.193:46057 timed out after 0.152s (SENT)
I0507 20:05:23.302829 542 leader_election.cc:257] T d80f4fae4b9f4d238f7f626507290390 P b5e887ddd8a14cf3b2c24a0aa14be025 [CANDIDATE]: Term 4 pre-election: Election decided. Result: candidate lost.
I0507 20:05:23.303081 740 raft_consensus.cc:2704] T d80f4fae4b9f4d238f7f626507290390 P b5e887ddd8a14cf3b2c24a0aa14be025: Snoozing failure detection for 0.099s (election complete)
I0507 20:05:23.303174 740 raft_consensus.cc:2459] T d80f4fae4b9f4d238f7f626507290390 P b5e887ddd8a14cf3b2c24a0aa14be025 [term 4 LEADER]: Leader pre-election lost for term 4. Reason: could not achieve majority
I0507 20:05:23.340993 740 raft_consensus.cc:435] T a0376a5e3b9f495aa00d366b35594a27 P b5e887ddd8a14cf3b2c24a0aa14be025 [term 2 FOLLOWER]: Starting pre-election (detected failure of leader d1bf0f72a88f4483a1906bc8246849dd)
I0507 20:05:23.341121 740 raft_consensus.cc:2704] T a0376a5e3b9f495aa00d366b35594a27 P b5e887ddd8a14cf3b2c24a0aa14be025: Snoozing failure detection for 0.248s (starting election)
W0507 20:05:23.341308 542 leader_election.cc:286] T 7161aaf1a71d455883ef478337dfaf19 P b5e887ddd8a14cf3b2c24a0aa14be025 [CANDIDATE]: Term 3 pre-election: RPC error from VoteRequest() call to peer d1bf0f72a88f4483a1906bc8246849dd: Timed out: RequestConsensusVote RPC to 127.0.52.193:46057 timed out after 0.097s (SENT)
I0507 20:05:23.341210 740 raft_consensus.cc:457] T a0376a5e3b9f495aa00d366b35594a27 P b5e887ddd8a14cf3b2c24a0aa14be025 [term 2 FOLLOWER]: Starting pre-election with config: opid_index: -1 OBSOLETE_local: false peers { permanent_uuid: "b5e887ddd8a14cf3b2c24a0aa14be025" member_type: VOTER last_known_addr { host: "127.0.52.195" port: 38453 } } peers { permanent_uuid: "d1bf0f72a88f4483a1906bc8246849dd" member_type: VOTER last_known_addr { host: "127.0.52.193" port: 46057 } } peers { permanent_uuid: "5014824b94b64fd49da2c1a645c078aa" member_type: VOTER last_known_addr { host: "127.0.52.194" port: 43942 } }
I0507 20:05:23.341686 740 leader_election.cc:230] T a0376a5e3b9f495aa00d366b35594a27 P b5e887ddd8a14cf3b2c24a0aa14be025 [CANDIDATE]: Term 3 pre-election: Requesting pre-vote from peer d1bf0f72a88f4483a1906bc8246849dd
I0507 20:05:23.341837 740 leader_election.cc:230] T a0376a5e3b9f495aa00d366b35594a27 P b5e887ddd8a14cf3b2c24a0aa14be025 [CANDIDATE]: Term 3 pre-election: Requesting pre-vote from peer 5014824b94b64fd49da2c1a645c078aa
I0507 20:05:23.342592 482 tablet_service.cc:998] Received RequestConsensusVote() RPC: tablet_id: "a0376a5e3b9f495aa00d366b35594a27" candidate_uuid: "b5e887ddd8a14cf3b2c24a0aa14be025" candidate_term: 3 candidate_status { last_received { term: 2 index: 4 } } ignore_live_leader: false dest_uuid: "5014824b94b64fd49da2c1a645c078aa" is_pre_election: true
I0507 20:05:23.342759 482 raft_consensus.cc:2704] T a0376a5e3b9f495aa00d366b35594a27 P 5014824b94b64fd49da2c1a645c078aa: Snoozing failure detection for 0.090s (vote granted)
I0507 20:05:23.342813 482 raft_consensus.cc:2219] T a0376a5e3b9f495aa00d366b35594a27 P 5014824b94b64fd49da2c1a645c078aa [term 2 FOLLOWER]: Leader pre-election vote request: Granting yes vote for candidate b5e887ddd8a14cf3b2c24a0aa14be025 in term 2.
I0507 20:05:23.343256 541 leader_election.cc:362] T a0376a5e3b9f495aa00d366b35594a27 P b5e887ddd8a14cf3b2c24a0aa14be025 [CANDIDATE]: Term 3 pre-election: Vote granted by peer 5014824b94b64fd49da2c1a645c078aa
I0507 20:05:23.343324 541 leader_election.cc:257] T a0376a5e3b9f495aa00d366b35594a27 P b5e887ddd8a14cf3b2c24a0aa14be025 [CANDIDATE]: Term 3 pre-election: Election decided. Result: candidate won.
I0507 20:05:23.343535 740 raft_consensus.cc:2704] T a0376a5e3b9f495aa00d366b35594a27 P b5e887ddd8a14cf3b2c24a0aa14be025: Snoozing failure detection for 0.108s (election complete)
I0507 20:05:23.343595 740 raft_consensus.cc:2511] T a0376a5e3b9f495aa00d366b35594a27 P b5e887ddd8a14cf3b2c24a0aa14be025 [term 2 FOLLOWER]: Leader pre-election won for term 3
I0507 20:05:23.343636 740 raft_consensus.cc:435] T a0376a5e3b9f495aa00d366b35594a27 P b5e887ddd8a14cf3b2c24a0aa14be025 [term 2 FOLLOWER]: Starting leader election (detected failure of leader d1bf0f72a88f4483a1906bc8246849dd)
I0507 20:05:23.343667 740 raft_consensus.cc:2704] T a0376a5e3b9f495aa00d366b35594a27 P b5e887ddd8a14cf3b2c24a0aa14be025: Snoozing failure detection for 0.126s (starting election)
I0507 20:05:23.343708 740 raft_consensus.cc:2756] T a0376a5e3b9f495aa00d366b35594a27 P b5e887ddd8a14cf3b2c24a0aa14be025 [term 2 FOLLOWER]: Advancing to term 3
I0507 20:05:23.345487 740 raft_consensus.cc:457] T a0376a5e3b9f495aa00d366b35594a27 P b5e887ddd8a14cf3b2c24a0aa14be025 [term 3 FOLLOWER]: Starting leader election with config: opid_index: -1 OBSOLETE_local: false peers { permanent_uuid: "b5e887ddd8a14cf3b2c24a0aa14be025" member_type: VOTER last_known_addr { host: "127.0.52.195" port: 38453 } } peers { permanent_uuid: "d1bf0f72a88f4483a1906bc8246849dd" member_type: VOTER last_known_addr { host: "127.0.52.193" port: 46057 } } peers { permanent_uuid: "5014824b94b64fd49da2c1a645c078aa" member_type: VOTER last_known_addr { host: "127.0.52.194" port: 43942 } }
I0507 20:05:23.345829 740 leader_election.cc:230] T a0376a5e3b9f495aa00d366b35594a27 P b5e887ddd8a14cf3b2c24a0aa14be025 [CANDIDATE]: Term 3 election: Requesting vote from peer d1bf0f72a88f4483a1906bc8246849dd
I0507 20:05:23.345943 740 leader_election.cc:230] T a0376a5e3b9f495aa00d366b35594a27 P b5e887ddd8a14cf3b2c24a0aa14be025 [CANDIDATE]: Term 3 election: Requesting vote from peer 5014824b94b64fd49da2c1a645c078aa
I0507 20:05:23.346683 482 tablet_service.cc:998] Received RequestConsensusVote() RPC: tablet_id: "a0376a5e3b9f495aa00d366b35594a27" candidate_uuid: "b5e887ddd8a14cf3b2c24a0aa14be025" candidate_term: 3 candidate_status { last_received { term: 2 index: 4 } } ignore_live_leader: false dest_uuid: "5014824b94b64fd49da2c1a645c078aa"
I0507 20:05:23.346853 482 raft_consensus.cc:2756] T a0376a5e3b9f495aa00d366b35594a27 P 5014824b94b64fd49da2c1a645c078aa [term 2 FOLLOWER]: Advancing to term 3
I0507 20:05:23.346958 482 raft_consensus.cc:2704] T a0376a5e3b9f495aa00d366b35594a27 P 5014824b94b64fd49da2c1a645c078aa: Snoozing failure detection for 0.102s (vote granted)
I0507 20:05:23.348662 482 raft_consensus.cc:2219] T a0376a5e3b9f495aa00d366b35594a27 P 5014824b94b64fd49da2c1a645c078aa [term 3 FOLLOWER]: Leader election vote request: Granting yes vote for candidate b5e887ddd8a14cf3b2c24a0aa14be025 in term 3.
I0507 20:05:23.349109 541 leader_election.cc:362] T a0376a5e3b9f495aa00d366b35594a27 P b5e887ddd8a14cf3b2c24a0aa14be025 [CANDIDATE]: Term 3 election: Vote granted by peer 5014824b94b64fd49da2c1a645c078aa
I0507 20:05:23.349177 541 leader_election.cc:257] T a0376a5e3b9f495aa00d366b35594a27 P b5e887ddd8a14cf3b2c24a0aa14be025 [CANDIDATE]: Term 3 election: Election decided. Result: candidate won.
I0507 20:05:23.349393 740 raft_consensus.cc:2704] T a0376a5e3b9f495aa00d366b35594a27 P b5e887ddd8a14cf3b2c24a0aa14be025: Snoozing failure detection for 0.086s (election complete)
I0507 20:05:23.349474 740 raft_consensus.cc:2511] T a0376a5e3b9f495aa00d366b35594a27 P b5e887ddd8a14cf3b2c24a0aa14be025 [term 3 FOLLOWER]: Leader election won for term 3
I0507 20:05:23.349586 740 raft_consensus.cc:571] T a0376a5e3b9f495aa00d366b35594a27 P b5e887ddd8a14cf3b2c24a0aa14be025 [term 3 LEADER]: Becoming Leader. State: Replica: b5e887ddd8a14cf3b2c24a0aa14be025, State: Running, Role: LEADER
I0507 20:05:23.349793 740 consensus_queue.cc:204] T a0376a5e3b9f495aa00d366b35594a27 P b5e887ddd8a14cf3b2c24a0aa14be025 [LEADER]: Queue going to LEADER mode. State: All replicated index: 0, Majority replicated index: 4, Committed index: 4, Last appended: 2.4, Last appended by leader: 4, Current term: 3, Majority size: 2, State: 0, Mode: LEADER, active raft config: opid_index: -1 OBSOLETE_local: false peers { permanent_uuid: "b5e887ddd8a14cf3b2c24a0aa14be025" member_type: VOTER last_known_addr { host: "127.0.52.195" port: 38453 } } peers { permanent_uuid: "d1bf0f72a88f4483a1906bc8246849dd" member_type: VOTER last_known_addr { host: "127.0.52.193" port: 46057 } } peers { permanent_uuid: "5014824b94b64fd49da2c1a645c078aa" member_type: VOTER last_known_addr { host: "127.0.52.194" port: 43942 } }
I0507 20:05:23.352468 242 catalog_manager.cc:3716] T a0376a5e3b9f495aa00d366b35594a27 P b5e887ddd8a14cf3b2c24a0aa14be025 reported cstate change: term changed from 2 to 3, leader changed from d1bf0f72a88f4483a1906bc8246849dd (127.0.52.193) to b5e887ddd8a14cf3b2c24a0aa14be025 (127.0.52.195). New cstate: current_term: 3 leader_uuid: "b5e887ddd8a14cf3b2c24a0aa14be025" committed_config { opid_index: -1 OBSOLETE_local: false peers { permanent_uuid: "b5e887ddd8a14cf3b2c24a0aa14be025" member_type: VOTER last_known_addr { host: "127.0.52.195" port: 38453 } health_report { overall_health: HEALTHY } } peers { permanent_uuid: "d1bf0f72a88f4483a1906bc8246849dd" member_type: VOTER last_known_addr { host: "127.0.52.193" port: 46057 } health_report { overall_health: UNKNOWN } } peers { permanent_uuid: "5014824b94b64fd49da2c1a645c078aa" member_type: VOTER last_known_addr { host: "127.0.52.194" port: 43942 } health_report { overall_health: UNKNOWN } } }
W0507 20:05:23.364323 542 leader_election.cc:286] T 7161aaf1a71d455883ef478337dfaf19 P b5e887ddd8a14cf3b2c24a0aa14be025 [CANDIDATE]: Term 3 election: RPC error from VoteRequest() call to peer d1bf0f72a88f4483a1906bc8246849dd: Timed out: RequestConsensusVote RPC to 127.0.52.193:46057 timed out after 0.116s (SENT)
W0507 20:05:23.375610 542 leader_election.cc:286] T d80f4fae4b9f4d238f7f626507290390 P b5e887ddd8a14cf3b2c24a0aa14be025 [CANDIDATE]: Term 4 election: RPC error from VoteRequest() call to peer d1bf0f72a88f4483a1906bc8246849dd: Timed out: RequestConsensusVote RPC to 127.0.52.193:46057 timed out after 0.145s (SENT)
I0507 20:05:23.377871 482 raft_consensus.cc:1057] T a0376a5e3b9f495aa00d366b35594a27 P 5014824b94b64fd49da2c1a645c078aa [term 3 FOLLOWER]: Refusing update from remote peer b5e887ddd8a14cf3b2c24a0aa14be025: Log matching property violated. Preceding OpId in replica: term: 1 index: 1. Preceding OpId from leader: term: 3 index: 5. (index mismatch)
I0507 20:05:23.378530 740 consensus_queue.cc:963] T a0376a5e3b9f495aa00d366b35594a27 P b5e887ddd8a14cf3b2c24a0aa14be025 [LEADER]: Connected to new peer: Peer: permanent_uuid: "5014824b94b64fd49da2c1a645c078aa" member_type: VOTER last_known_addr { host: "127.0.52.194" port: 43942 }, Status: LMP_MISMATCH, Last received: 0.0, Next index: 5, Last known committed idx: 1, Time since last communication: 0.000s
W0507 20:05:23.381114 420 leader_election.cc:286] T a0376a5e3b9f495aa00d366b35594a27 P 5014824b94b64fd49da2c1a645c078aa [CANDIDATE]: Term 3 pre-election: RPC error from VoteRequest() call to peer d1bf0f72a88f4483a1906bc8246849dd: Timed out: RequestConsensusVote RPC to 127.0.52.193:46057 timed out after 0.111s (SENT)
I0507 20:05:23.381206 420 leader_election.cc:257] T a0376a5e3b9f495aa00d366b35594a27 P 5014824b94b64fd49da2c1a645c078aa [CANDIDATE]: Term 3 pre-election: Election decided. Result: candidate lost.
I0507 20:05:23.383507 683 raft_consensus.cc:2704] T a0376a5e3b9f495aa00d366b35594a27 P 5014824b94b64fd49da2c1a645c078aa: Snoozing failure detection for 0.109s (election complete)
I0507 20:05:23.383589 683 raft_consensus.cc:2459] T a0376a5e3b9f495aa00d366b35594a27 P 5014824b94b64fd49da2c1a645c078aa [term 3 FOLLOWER]: Leader pre-election lost for term 3. Reason: could not achieve majority
W0507 20:05:23.388511 542 leader_election.cc:286] T d80f4fae4b9f4d238f7f626507290390 P b5e887ddd8a14cf3b2c24a0aa14be025 [CANDIDATE]: Term 4 pre-election: RPC error from VoteRequest() call to peer d1bf0f72a88f4483a1906bc8246849dd: Timed out: RequestConsensusVote RPC to 127.0.52.193:46057 timed out after 0.163s (SENT)
W0507 20:05:23.472944 542 leader_election.cc:286] T a0376a5e3b9f495aa00d366b35594a27 P b5e887ddd8a14cf3b2c24a0aa14be025 [CANDIDATE]: Term 3 election: RPC error from VoteRequest() call to peer d1bf0f72a88f4483a1906bc8246849dd: Timed out: RequestConsensusVote RPC to 127.0.52.193:46057 timed out after 0.126s (SENT)
W0507 20:05:23.590140 542 leader_election.cc:286] T a0376a5e3b9f495aa00d366b35594a27 P b5e887ddd8a14cf3b2c24a0aa14be025 [CANDIDATE]: Term 3 pre-election: RPC error from VoteRequest() call to peer d1bf0f72a88f4483a1906bc8246849dd: Timed out: RequestConsensusVote RPC to 127.0.52.193:46057 timed out after 0.248s (SENT)
W0507 20:05:26.219467 660 negotiation.cc:313] Failed RPC negotiation. Trace: 0507 20:05:23.219696 (+ 0us) reactor.cc:577] Submitting negotiation task for client connection to 127.0.52.193:46057 0507 20:05:23.219973 (+ 277us) negotiation.cc:98] Waiting for socket to connect 0507 20:05:23.219987 (+ 14us) client_negotiation.cc:160] Beginning negotiation 0507 20:05:23.220097 (+ 110us) client_negotiation.cc:237] Sending NEGOTIATE NegotiatePB request 0507 20:05:26.219176 (+2999079us) negotiation.cc:304] Negotiation complete: Timed out: Client connection negotiation failed: client connection to 127.0.52.193:46057 Metrics: {"client-negotiator.queue_time_us":74}
W0507 20:05:26.219700 659 meta_cache.cc:216] Tablet 7161aaf1a71d455883ef478337dfaf19: Replica d1bf0f72a88f4483a1906bc8246849dd (127.0.52.193:46057) has failed: Timed out: Client connection negotiation failed: client connection to 127.0.52.193:46057
W0507 20:05:29.239563 660 negotiation.cc:313] Failed RPC negotiation. Trace: 0507 20:05:26.241294 (+ 0us) reactor.cc:577] Submitting negotiation task for client connection to 127.0.52.193:46057 0507 20:05:26.241523 (+ 229us) negotiation.cc:98] Waiting for socket to connect 0507 20:05:26.241538 (+ 15us) client_negotiation.cc:160] Beginning negotiation 0507 20:05:26.241644 (+ 106us) client_negotiation.cc:237] Sending NEGOTIATE NegotiatePB request 0507 20:05:29.239179 (+2997535us) negotiation.cc:304] Negotiation complete: Timed out: Client connection negotiation failed: client connection to 127.0.52.193:46057 Metrics: {"client-negotiator.queue_time_us":64}
W0507 20:05:29.239842 659 meta_cache.cc:216] Tablet a0376a5e3b9f495aa00d366b35594a27: Replica d1bf0f72a88f4483a1906bc8246849dd (127.0.52.193:46057) has failed: Timed out: Client connection negotiation failed: client connection to 127.0.52.193:46057
W0507 20:05:32.263381 660 negotiation.cc:313] Failed RPC negotiation. Trace: 0507 20:05:29.264048 (+ 0us) reactor.cc:577] Submitting negotiation task for client connection to 127.0.52.193:46057 0507 20:05:29.264349 (+ 301us) negotiation.cc:98] Waiting for socket to connect 0507 20:05:29.264362 (+ 13us) client_negotiation.cc:160] Beginning negotiation 0507 20:05:29.264480 (+ 118us) client_negotiation.cc:237] Sending NEGOTIATE NegotiatePB request 0507 20:05:32.263118 (+2998638us) negotiation.cc:304] Negotiation complete: Timed out: Client connection negotiation failed: client connection to 127.0.52.193:46057 Metrics: {"client-negotiator.queue_time_us":130}
W0507 20:05:32.263617 659 meta_cache.cc:216] Tablet d80f4fae4b9f4d238f7f626507290390: Replica d1bf0f72a88f4483a1906bc8246849dd (127.0.52.193:46057) has failed: Timed out: Client connection negotiation failed: client connection to 127.0.52.193:46057
I0507 20:05:33.317754 360 tablet_service.cc:998] Received RequestConsensusVote() RPC: tablet_id: "a0376a5e3b9f495aa00d366b35594a27" candidate_uuid: "5014824b94b64fd49da2c1a645c078aa" candidate_term: 3 candidate_status { last_received { term: 1 index: 1 } } ignore_live_leader: false dest_uuid: "d1bf0f72a88f4483a1906bc8246849dd" is_pre_election: true
I0507 20:05:33.318048 360 raft_consensus.cc:2180] T a0376a5e3b9f495aa00d366b35594a27 P d1bf0f72a88f4483a1906bc8246849dd [term 2 LEADER]: Leader pre-election vote request: Denying vote to candidate 5014824b94b64fd49da2c1a645c078aa for term 3 because replica is either leader or believes a valid leader to be alive.
I0507 20:05:33.318599 361 raft_consensus.cc:1025] T a0376a5e3b9f495aa00d366b35594a27 P d1bf0f72a88f4483a1906bc8246849dd [term 2 LEADER]: Rejecting Update request from peer 5014824b94b64fd49da2c1a645c078aa for earlier term 1. Current term is 2. Ops: []
I0507 20:05:33.319263 362 raft_consensus.cc:1025] T 7161aaf1a71d455883ef478337dfaf19 P d1bf0f72a88f4483a1906bc8246849dd [term 2 LEADER]: Rejecting Update request from peer 5014824b94b64fd49da2c1a645c078aa for earlier term 1. Current term is 2. Ops: []
I0507 20:05:33.319880 733 consensus_queue.cc:963] T d80f4fae4b9f4d238f7f626507290390 P d1bf0f72a88f4483a1906bc8246849dd [LEADER]: Connected to new peer: Peer: permanent_uuid: "5014824b94b64fd49da2c1a645c078aa" member_type: VOTER last_known_addr { host: "127.0.52.194" port: 43942 }, Status: LMP_MISMATCH, Last received: 0.0, Next index: 2, Last known committed idx: 1, Time since last communication: 0.001s
I0507 20:05:33.321444 733 consensus_queue.cc:963] T a0376a5e3b9f495aa00d366b35594a27 P d1bf0f72a88f4483a1906bc8246849dd [LEADER]: Connected to new peer: Peer: permanent_uuid: "5014824b94b64fd49da2c1a645c078aa" member_type: VOTER last_known_addr { host: "127.0.52.194" port: 43942 }, Status: LMP_MISMATCH, Last received: 0.0, Next index: 2, Last known committed idx: 1, Time since last communication: 0.001s
I0507 20:05:33.338580 363 raft_consensus.cc:1025] T d80f4fae4b9f4d238f7f626507290390 P d1bf0f72a88f4483a1906bc8246849dd [term 3 LEADER]: Rejecting Update request from peer 5014824b94b64fd49da2c1a645c078aa for earlier term 2. Current term is 3. Ops: []
I0507 20:05:33.348132 733 consensus_queue.cc:963] T 7161aaf1a71d455883ef478337dfaf19 P d1bf0f72a88f4483a1906bc8246849dd [LEADER]: Connected to new peer: Peer: permanent_uuid: "5014824b94b64fd49da2c1a645c078aa" member_type: VOTER last_known_addr { host: "127.0.52.194" port: 43942 }, Status: LMP_MISMATCH, Last received: 0.0, Next index: 2, Last known committed idx: 1, Time since last communication: 0.000s
W0507 20:05:33.349349 791 negotiation.cc:313] Failed RPC negotiation. Trace: 0507 20:05:33.319584 (+ 0us) reactor.cc:577] Submitting negotiation task for server connection from 127.0.0.1:59090 0507 20:05:33.347901 (+ 28317us) server_negotiation.cc:176] Beginning negotiation 0507 20:05:33.347906 (+ 5us) server_negotiation.cc:365] Waiting for connection header 0507 20:05:33.347925 (+ 19us) server_negotiation.cc:373] Connection header received 0507 20:05:33.347984 (+ 59us) server_negotiation.cc:329] Received NEGOTIATE NegotiatePB request 0507 20:05:33.347988 (+ 4us) server_negotiation.cc:412] Received NEGOTIATE request from client 0507 20:05:33.348076 (+ 88us) server_negotiation.cc:341] Sending NEGOTIATE NegotiatePB response 0507 20:05:33.348296 (+ 220us) negotiation.cc:304] Negotiation complete: Network error: Server connection negotiation failed: server connection from 127.0.0.1:59090: BlockingWrite error: write error: Broken pipe (error 32) Metrics: {"server-negotiator.queue_time_us":26784,"threads_started":1}
I0507 20:05:33.350270 363 tablet_service.cc:998] Received RequestConsensusVote() RPC: tablet_id: "7161aaf1a71d455883ef478337dfaf19" candidate_uuid: "b5e887ddd8a14cf3b2c24a0aa14be025" candidate_term: 3 candidate_status { last_received { term: 2 index: 2 } } ignore_live_leader: false dest_uuid: "d1bf0f72a88f4483a1906bc8246849dd" is_pre_election: true
I0507 20:05:33.350515 363 raft_consensus.cc:2180] T 7161aaf1a71d455883ef478337dfaf19 P d1bf0f72a88f4483a1906bc8246849dd [term 2 LEADER]: Leader pre-election vote request: Denying vote to candidate b5e887ddd8a14cf3b2c24a0aa14be025 for term 3 because replica is either leader or believes a valid leader to be alive.
I0507 20:05:33.350565 608 raft_consensus.cc:1025] T d80f4fae4b9f4d238f7f626507290390 P b5e887ddd8a14cf3b2c24a0aa14be025 [term 4 LEADER]: Rejecting Update request from peer d1bf0f72a88f4483a1906bc8246849dd for earlier term 3. Current term is 4. Ops: []
I0507 20:05:33.351606 606 raft_consensus.cc:1025] T a0376a5e3b9f495aa00d366b35594a27 P b5e887ddd8a14cf3b2c24a0aa14be025 [term 3 LEADER]: Rejecting Update request from peer d1bf0f72a88f4483a1906bc8246849dd for earlier term 2. Current term is 3. Ops: []
I0507 20:05:33.352030 608 raft_consensus.cc:1025] T 7161aaf1a71d455883ef478337dfaf19 P b5e887ddd8a14cf3b2c24a0aa14be025 [term 3 LEADER]: Rejecting Update request from peer d1bf0f72a88f4483a1906bc8246849dd for earlier term 2. Current term is 3. Ops: []
W0507 20:05:33.352203 791 negotiation.cc:313] Failed RPC negotiation. Trace: 0507 20:05:33.349107 (+ 0us) reactor.cc:577] Submitting negotiation task for server connection from 127.0.0.1:59086 0507 20:05:33.349636 (+ 529us) server_negotiation.cc:176] Beginning negotiation 0507 20:05:33.349639 (+ 3us) server_negotiation.cc:365] Waiting for connection header 0507 20:05:33.349651 (+ 12us) server_negotiation.cc:373] Connection header received 0507 20:05:33.349690 (+ 39us) server_negotiation.cc:329] Received NEGOTIATE NegotiatePB request 0507 20:05:33.349693 (+ 3us) server_negotiation.cc:412] Received NEGOTIATE request from client 0507 20:05:33.349777 (+ 84us) server_negotiation.cc:341] Sending NEGOTIATE NegotiatePB response 0507 20:05:33.349886 (+ 109us) negotiation.cc:304] Negotiation complete: Network error: Server connection negotiation failed: server connection from 127.0.0.1:59086: BlockingWrite error: write error: Broken pipe (error 32) Metrics: {"server-negotiator.queue_time_us":452,"thread_start_us":241,"threads_started":1}
