I0507 20:07:11.873267 1046 raft_consensus.cc:2704] T d80f4fae4b9f4d238f7f626507290390 P d1bf0f72a88f4483a1906bc8246849dd: Snoozing failure detection for 0.490s (election complete)
I0507 20:07:11.873350 1046 raft_consensus.cc:2459] T d80f4fae4b9f4d238f7f626507290390 P d1bf0f72a88f4483a1906bc8246849dd [term 4 FOLLOWER]: Leader pre-election lost for term 5. Reason: could not achieve majority
W0507 20:07:11.889559 297 leader_election.cc:286] T a0376a5e3b9f495aa00d366b35594a27 P d1bf0f72a88f4483a1906bc8246849dd [CANDIDATE]: Term 4 pre-election: RPC error from VoteRequest() call to peer b5e887ddd8a14cf3b2c24a0aa14be025: Timed out: RequestConsensusVote RPC to 127.0.52.195:38453 timed out after 0.196s (SENT)
I0507 20:07:11.889673 297 leader_election.cc:257] T a0376a5e3b9f495aa00d366b35594a27 P d1bf0f72a88f4483a1906bc8246849dd [CANDIDATE]: Term 4 pre-election: Election decided. Result: candidate lost.
I0507 20:07:11.889998 1046 raft_consensus.cc:2704] T a0376a5e3b9f495aa00d366b35594a27 P d1bf0f72a88f4483a1906bc8246849dd: Snoozing failure detection for 0.765s (election complete)
I0507 20:07:11.890131 1046 raft_consensus.cc:2459] T a0376a5e3b9f495aa00d366b35594a27 P d1bf0f72a88f4483a1906bc8246849dd [term 3 FOLLOWER]: Leader pre-election lost for term 4. Reason: could not achieve majority
W0507 20:07:11.974575 297 leader_election.cc:286] T 7161aaf1a71d455883ef478337dfaf19 P d1bf0f72a88f4483a1906bc8246849dd [CANDIDATE]: Term 4 pre-election: RPC error from VoteRequest() call to peer b5e887ddd8a14cf3b2c24a0aa14be025: Timed out: RequestConsensusVote RPC to 127.0.52.195:38453 timed out after 0.155s (SENT)
I0507 20:07:11.974699 297 leader_election.cc:257] T 7161aaf1a71d455883ef478337dfaf19 P d1bf0f72a88f4483a1906bc8246849dd [CANDIDATE]: Term 4 pre-election: Election decided. Result: candidate lost.
I0507 20:07:11.975067 1046 raft_consensus.cc:2704] T 7161aaf1a71d455883ef478337dfaf19 P d1bf0f72a88f4483a1906bc8246849dd: Snoozing failure detection for 0.135s (election complete)
I0507 20:07:11.975216 1046 raft_consensus.cc:2459] T 7161aaf1a71d455883ef478337dfaf19 P d1bf0f72a88f4483a1906bc8246849dd [term 3 FOLLOWER]: Leader pre-election lost for term 4. Reason: could not achieve majority
I0507 20:07:12.110715 1046 raft_consensus.cc:435] T 7161aaf1a71d455883ef478337dfaf19 P d1bf0f72a88f4483a1906bc8246849dd [term 3 FOLLOWER]: Starting pre-election (detected failure of leader b5e887ddd8a14cf3b2c24a0aa14be025)
I0507 20:07:12.110872 1046 raft_consensus.cc:2704] T 7161aaf1a71d455883ef478337dfaf19 P d1bf0f72a88f4483a1906bc8246849dd: Snoozing failure detection for 0.681s (starting election)
I0507 20:07:12.110992 1046 raft_consensus.cc:457] T 7161aaf1a71d455883ef478337dfaf19 P d1bf0f72a88f4483a1906bc8246849dd [term 3 FOLLOWER]: Starting pre-election with config: opid_index: -1 OBSOLETE_local: false peers { permanent_uuid: "5014824b94b64fd49da2c1a645c078aa" member_type: VOTER last_known_addr { host: "127.0.52.194" port: 43942 } } peers { permanent_uuid: "d1bf0f72a88f4483a1906bc8246849dd" member_type: VOTER last_known_addr { host: "127.0.52.193" port: 46057 } } peers { permanent_uuid: "b5e887ddd8a14cf3b2c24a0aa14be025" member_type: VOTER last_known_addr { host: "127.0.52.195" port: 38453 } }
I0507 20:07:12.111425 1046 leader_election.cc:230] T 7161aaf1a71d455883ef478337dfaf19 P d1bf0f72a88f4483a1906bc8246849dd [CANDIDATE]: Term 4 pre-election: Requesting pre-vote from peer 5014824b94b64fd49da2c1a645c078aa
I0507 20:07:12.111567 1046 leader_election.cc:230] T 7161aaf1a71d455883ef478337dfaf19 P d1bf0f72a88f4483a1906bc8246849dd [CANDIDATE]: Term 4 pre-election: Requesting pre-vote from peer b5e887ddd8a14cf3b2c24a0aa14be025
W0507 20:07:12.112321 296 leader_election.cc:286] T 7161aaf1a71d455883ef478337dfaf19 P d1bf0f72a88f4483a1906bc8246849dd [CANDIDATE]: Term 4 pre-election: RPC error from VoteRequest() call to peer 5014824b94b64fd49da2c1a645c078aa: Network error: Client connection negotiation failed: client connection to 127.0.52.194:43942: connect: Connection refused (error 111)
I0507 20:07:12.363965 1046 raft_consensus.cc:435] T d80f4fae4b9f4d238f7f626507290390 P d1bf0f72a88f4483a1906bc8246849dd [term 4 FOLLOWER]: Starting pre-election (detected failure of leader b5e887ddd8a14cf3b2c24a0aa14be025)
I0507 20:07:12.364082 1046 raft_consensus.cc:2704] T d80f4fae4b9f4d238f7f626507290390 P d1bf0f72a88f4483a1906bc8246849dd: Snoozing failure detection for 0.774s (starting election)
I0507 20:07:12.364181 1046 raft_consensus.cc:457] T d80f4fae4b9f4d238f7f626507290390 P d1bf0f72a88f4483a1906bc8246849dd [term 4 FOLLOWER]: Starting pre-election with config: opid_index: -1 OBSOLETE_local: false peers { permanent_uuid: "5014824b94b64fd49da2c1a645c078aa" member_type: VOTER last_known_addr { host: "127.0.52.194" port: 43942 } } peers { permanent_uuid: "d1bf0f72a88f4483a1906bc8246849dd" member_type: VOTER last_known_addr { host: "127.0.52.193" port: 46057 } } peers { permanent_uuid: "b5e887ddd8a14cf3b2c24a0aa14be025" member_type: VOTER last_known_addr { host: "127.0.52.195" port: 38453 } }
I0507 20:07:12.364624 1046 leader_election.cc:230] T d80f4fae4b9f4d238f7f626507290390 P d1bf0f72a88f4483a1906bc8246849dd [CANDIDATE]: Term 5 pre-election: Requesting pre-vote from peer 5014824b94b64fd49da2c1a645c078aa
I0507 20:07:12.364815 1046 leader_election.cc:230] T d80f4fae4b9f4d238f7f626507290390 P d1bf0f72a88f4483a1906bc8246849dd [CANDIDATE]: Term 5 pre-election: Requesting pre-vote from peer b5e887ddd8a14cf3b2c24a0aa14be025
W0507 20:07:12.365798 296 leader_election.cc:286] T d80f4fae4b9f4d238f7f626507290390 P d1bf0f72a88f4483a1906bc8246849dd [CANDIDATE]: Term 5 pre-election: RPC error from VoteRequest() call to peer 5014824b94b64fd49da2c1a645c078aa: Network error: Client connection negotiation failed: client connection to 127.0.52.194:43942: connect: Connection refused (error 111)
I0507 20:07:12.656293 1046 raft_consensus.cc:435] T a0376a5e3b9f495aa00d366b35594a27 P d1bf0f72a88f4483a1906bc8246849dd [term 3 FOLLOWER]: Starting pre-election (detected failure of leader b5e887ddd8a14cf3b2c24a0aa14be025)
I0507 20:07:12.656437 1046 raft_consensus.cc:2704] T a0376a5e3b9f495aa00d366b35594a27 P d1bf0f72a88f4483a1906bc8246849dd: Snoozing failure detection for 0.615s (starting election)
I0507 20:07:12.656536 1046 raft_consensus.cc:457] T a0376a5e3b9f495aa00d366b35594a27 P d1bf0f72a88f4483a1906bc8246849dd [term 3 FOLLOWER]: Starting pre-election with config: opid_index: -1 OBSOLETE_local: false peers { permanent_uuid: "b5e887ddd8a14cf3b2c24a0aa14be025" member_type: VOTER last_known_addr { host: "127.0.52.195" port: 38453 } } peers { permanent_uuid: "d1bf0f72a88f4483a1906bc8246849dd" member_type: VOTER last_known_addr { host: "127.0.52.193" port: 46057 } } peers { permanent_uuid: "5014824b94b64fd49da2c1a645c078aa" member_type: VOTER last_known_addr { host: "127.0.52.194" port: 43942 } }
I0507 20:07:12.657038 1046 leader_election.cc:230] T a0376a5e3b9f495aa00d366b35594a27 P d1bf0f72a88f4483a1906bc8246849dd [CANDIDATE]: Term 4 pre-election: Requesting pre-vote from peer b5e887ddd8a14cf3b2c24a0aa14be025
I0507 20:07:12.657253 1046 leader_election.cc:230] T a0376a5e3b9f495aa00d366b35594a27 P d1bf0f72a88f4483a1906bc8246849dd [CANDIDATE]: Term 4 pre-election: Requesting pre-vote from peer 5014824b94b64fd49da2c1a645c078aa
W0507 20:07:12.658252 296 leader_election.cc:286] T a0376a5e3b9f495aa00d366b35594a27 P d1bf0f72a88f4483a1906bc8246849dd [CANDIDATE]: Term 4 pre-election: RPC error from VoteRequest() call to peer 5014824b94b64fd49da2c1a645c078aa: Network error: Client connection negotiation failed: client connection to 127.0.52.194:43942: connect: Connection refused (error 111)
W0507 20:07:12.755728 297 leader_election.cc:286] T d80f4fae4b9f4d238f7f626507290390 P d1bf0f72a88f4483a1906bc8246849dd [CANDIDATE]: Term 5 pre-election: RPC error from VoteRequest() call to peer b5e887ddd8a14cf3b2c24a0aa14be025: Timed out: RequestConsensusVote RPC to 127.0.52.195:38453 timed out after 0.882s (SENT)
I0507 20:07:12.755846 297 leader_election.cc:257] T d80f4fae4b9f4d238f7f626507290390 P d1bf0f72a88f4483a1906bc8246849dd [CANDIDATE]: Term 5 pre-election: Election decided. Result: candidate lost.
I0507 20:07:12.756167 1046 raft_consensus.cc:2704] T d80f4fae4b9f4d238f7f626507290390 P d1bf0f72a88f4483a1906bc8246849dd: Snoozing failure detection for 0.447s (election complete)
I0507 20:07:12.756268 1046 raft_consensus.cc:2459] T d80f4fae4b9f4d238f7f626507290390 P d1bf0f72a88f4483a1906bc8246849dd [term 4 FOLLOWER]: Leader pre-election lost for term 5. Reason: could not achieve majority
I0507 20:07:12.793273 1046 raft_consensus.cc:435] T 7161aaf1a71d455883ef478337dfaf19 P d1bf0f72a88f4483a1906bc8246849dd [term 3 FOLLOWER]: Starting pre-election (detected failure of leader b5e887ddd8a14cf3b2c24a0aa14be025)
I0507 20:07:12.793395 1046 raft_consensus.cc:2704] T 7161aaf1a71d455883ef478337dfaf19 P d1bf0f72a88f4483a1906bc8246849dd: Snoozing failure detection for 0.278s (starting election)
W0507 20:07:12.793555 297 leader_election.cc:286] T 7161aaf1a71d455883ef478337dfaf19 P d1bf0f72a88f4483a1906bc8246849dd [CANDIDATE]: Term 4 pre-election: RPC error from VoteRequest() call to peer b5e887ddd8a14cf3b2c24a0aa14be025: Timed out: RequestConsensusVote RPC to 127.0.52.195:38453 timed out after 0.681s (SENT)
I0507 20:07:12.793658 297 leader_election.cc:257] T 7161aaf1a71d455883ef478337dfaf19 P d1bf0f72a88f4483a1906bc8246849dd [CANDIDATE]: Term 4 pre-election: Election decided. Result: candidate lost.
I0507 20:07:12.793536 1046 raft_consensus.cc:457] T 7161aaf1a71d455883ef478337dfaf19 P d1bf0f72a88f4483a1906bc8246849dd [term 3 FOLLOWER]: Starting pre-election with config: opid_index: -1 OBSOLETE_local: false peers { permanent_uuid: "5014824b94b64fd49da2c1a645c078aa" member_type: VOTER last_known_addr { host: "127.0.52.194" port: 43942 } } peers { permanent_uuid: "d1bf0f72a88f4483a1906bc8246849dd" member_type: VOTER last_known_addr { host: "127.0.52.193" port: 46057 } } peers { permanent_uuid: "b5e887ddd8a14cf3b2c24a0aa14be025" member_type: VOTER last_known_addr { host: "127.0.52.195" port: 38453 } }
I0507 20:07:12.793999 1046 leader_election.cc:230] T 7161aaf1a71d455883ef478337dfaf19 P d1bf0f72a88f4483a1906bc8246849dd [CANDIDATE]: Term 4 pre-election: Requesting pre-vote from peer 5014824b94b64fd49da2c1a645c078aa
I0507 20:07:12.794193 1046 leader_election.cc:230] T 7161aaf1a71d455883ef478337dfaf19 P d1bf0f72a88f4483a1906bc8246849dd [CANDIDATE]: Term 4 pre-election: Requesting pre-vote from peer b5e887ddd8a14cf3b2c24a0aa14be025
I0507 20:07:12.794286 1047 raft_consensus.cc:2704] T 7161aaf1a71d455883ef478337dfaf19 P d1bf0f72a88f4483a1906bc8246849dd: Snoozing failure detection for 0.439s (election complete)
I0507 20:07:12.794402 1047 raft_consensus.cc:2459] T 7161aaf1a71d455883ef478337dfaf19 P d1bf0f72a88f4483a1906bc8246849dd [term 3 FOLLOWER]: Leader pre-election lost for term 4. Reason: could not achieve majority
W0507 20:07:12.795207 296 leader_election.cc:286] T 7161aaf1a71d455883ef478337dfaf19 P d1bf0f72a88f4483a1906bc8246849dd [CANDIDATE]: Term 4 pre-election: RPC error from VoteRequest() call to peer 5014824b94b64fd49da2c1a645c078aa: Network error: Client connection negotiation failed: client connection to 127.0.52.194:43942: connect: Connection refused (error 111)
W0507 20:07:13.073335 297 leader_election.cc:286] T 7161aaf1a71d455883ef478337dfaf19 P d1bf0f72a88f4483a1906bc8246849dd [CANDIDATE]: Term 4 pre-election: RPC error from VoteRequest() call to peer b5e887ddd8a14cf3b2c24a0aa14be025: Timed out: RequestConsensusVote RPC to 127.0.52.195:38453 timed out after 0.278s (SENT)
I0507 20:07:13.073444 297 leader_election.cc:257] T 7161aaf1a71d455883ef478337dfaf19 P d1bf0f72a88f4483a1906bc8246849dd [CANDIDATE]: Term 4 pre-election: Election decided. Result: candidate lost.
I0507 20:07:13.073738 1047 raft_consensus.cc:2704] T 7161aaf1a71d455883ef478337dfaf19 P d1bf0f72a88f4483a1906bc8246849dd: Snoozing failure detection for 0.217s (election complete)
I0507 20:07:13.073971 1047 raft_consensus.cc:2459] T 7161aaf1a71d455883ef478337dfaf19 P d1bf0f72a88f4483a1906bc8246849dd [term 3 FOLLOWER]: Leader pre-election lost for term 4. Reason: could not achieve majority
W0507 20:07:13.140421 297 leader_election.cc:286] T d80f4fae4b9f4d238f7f626507290390 P d1bf0f72a88f4483a1906bc8246849dd [CANDIDATE]: Term 5 pre-election: RPC error from VoteRequest() call to peer b5e887ddd8a14cf3b2c24a0aa14be025: Timed out: RequestConsensusVote RPC to 127.0.52.195:38453 timed out after 0.774s (SENT)
I0507 20:07:13.140521 297 leader_election.cc:257] T d80f4fae4b9f4d238f7f626507290390 P d1bf0f72a88f4483a1906bc8246849dd [CANDIDATE]: Term 5 pre-election: Election decided. Result: candidate lost.
I0507 20:07:13.140887 1047 raft_consensus.cc:2704] T d80f4fae4b9f4d238f7f626507290390 P d1bf0f72a88f4483a1906bc8246849dd: Snoozing failure detection for 0.855s (election complete)
I0507 20:07:13.140965 1047 raft_consensus.cc:2459] T d80f4fae4b9f4d238f7f626507290390 P d1bf0f72a88f4483a1906bc8246849dd [term 4 FOLLOWER]: Leader pre-election lost for term 5. Reason: could not achieve majority
I0507 20:07:13.271802 1047 raft_consensus.cc:435] T a0376a5e3b9f495aa00d366b35594a27 P d1bf0f72a88f4483a1906bc8246849dd [term 3 FOLLOWER]: Starting pre-election (detected failure of leader b5e887ddd8a14cf3b2c24a0aa14be025)
I0507 20:07:13.271937 1047 raft_consensus.cc:2704] T a0376a5e3b9f495aa00d366b35594a27 P d1bf0f72a88f4483a1906bc8246849dd: Snoozing failure detection for 0.156s (starting election)
I0507 20:07:13.272070 1047 raft_consensus.cc:457] T a0376a5e3b9f495aa00d366b35594a27 P d1bf0f72a88f4483a1906bc8246849dd [term 3 FOLLOWER]: Starting pre-election with config: opid_index: -1 OBSOLETE_local: false peers { permanent_uuid: "b5e887ddd8a14cf3b2c24a0aa14be025" member_type: VOTER last_known_addr { host: "127.0.52.195" port: 38453 } } peers { permanent_uuid: "d1bf0f72a88f4483a1906bc8246849dd" member_type: VOTER last_known_addr { host: "127.0.52.193" port: 46057 } } peers { permanent_uuid: "5014824b94b64fd49da2c1a645c078aa" member_type: VOTER last_known_addr { host: "127.0.52.194" port: 43942 } }
I0507 20:07:13.272512 1047 leader_election.cc:230] T a0376a5e3b9f495aa00d366b35594a27 P d1bf0f72a88f4483a1906bc8246849dd [CANDIDATE]: Term 4 pre-election: Requesting pre-vote from peer b5e887ddd8a14cf3b2c24a0aa14be025
I0507 20:07:13.272689 1047 leader_election.cc:230] T a0376a5e3b9f495aa00d366b35594a27 P d1bf0f72a88f4483a1906bc8246849dd [CANDIDATE]: Term 4 pre-election: Requesting pre-vote from peer 5014824b94b64fd49da2c1a645c078aa
W0507 20:07:13.273746 296 leader_election.cc:286] T a0376a5e3b9f495aa00d366b35594a27 P d1bf0f72a88f4483a1906bc8246849dd [CANDIDATE]: Term 4 pre-election: RPC error from VoteRequest() call to peer 5014824b94b64fd49da2c1a645c078aa: Network error: Client connection negotiation failed: client connection to 127.0.52.194:43942: connect: Connection refused (error 111)
W0507 20:07:13.274541 297 leader_election.cc:286] T a0376a5e3b9f495aa00d366b35594a27 P d1bf0f72a88f4483a1906bc8246849dd [CANDIDATE]: Term 4 pre-election: RPC error from VoteRequest() call to peer b5e887ddd8a14cf3b2c24a0aa14be025: Timed out: RequestConsensusVote RPC to 127.0.52.195:38453 timed out after 0.615s (SENT)
I0507 20:07:13.274612 297 leader_election.cc:257] T a0376a5e3b9f495aa00d366b35594a27 P d1bf0f72a88f4483a1906bc8246849dd [CANDIDATE]: Term 4 pre-election: Election decided. Result: candidate lost.
I0507 20:07:13.274804 1047 raft_consensus.cc:2704] T a0376a5e3b9f495aa00d366b35594a27 P d1bf0f72a88f4483a1906bc8246849dd: Snoozing failure detection for 0.757s (election complete)
I0507 20:07:13.274921 1047 raft_consensus.cc:2459] T a0376a5e3b9f495aa00d366b35594a27 P d1bf0f72a88f4483a1906bc8246849dd [term 3 FOLLOWER]: Leader pre-election lost for term 4. Reason: could not achieve majority
I0507 20:07:13.291556 1047 raft_consensus.cc:435] T 7161aaf1a71d455883ef478337dfaf19 P d1bf0f72a88f4483a1906bc8246849dd [term 3 FOLLOWER]: Starting pre-election (detected failure of leader b5e887ddd8a14cf3b2c24a0aa14be025)
I0507 20:07:13.291697 1047 raft_consensus.cc:2704] T 7161aaf1a71d455883ef478337dfaf19 P d1bf0f72a88f4483a1906bc8246849dd: Snoozing failure detection for 0.427s (starting election)
I0507 20:07:13.291795 1047 raft_consensus.cc:457] T 7161aaf1a71d455883ef478337dfaf19 P d1bf0f72a88f4483a1906bc8246849dd [term 3 FOLLOWER]: Starting pre-election with config: opid_index: -1 OBSOLETE_local: false peers { permanent_uuid: "5014824b94b64fd49da2c1a645c078aa" member_type: VOTER last_known_addr { host: "127.0.52.194" port: 43942 } } peers { permanent_uuid: "d1bf0f72a88f4483a1906bc8246849dd" member_type: VOTER last_known_addr { host: "127.0.52.193" port: 46057 } } peers { permanent_uuid: "b5e887ddd8a14cf3b2c24a0aa14be025" member_type: VOTER last_known_addr { host: "127.0.52.195" port: 38453 } }
I0507 20:07:13.292376 1047 leader_election.cc:230] T 7161aaf1a71d455883ef478337dfaf19 P d1bf0f72a88f4483a1906bc8246849dd [CANDIDATE]: Term 4 pre-election: Requesting pre-vote from peer 5014824b94b64fd49da2c1a645c078aa
I0507 20:07:13.292647 1047 leader_election.cc:230] T 7161aaf1a71d455883ef478337dfaf19 P d1bf0f72a88f4483a1906bc8246849dd [CANDIDATE]: Term 4 pre-election: Requesting pre-vote from peer b5e887ddd8a14cf3b2c24a0aa14be025
W0507 20:07:13.293776 296 leader_election.cc:286] T 7161aaf1a71d455883ef478337dfaf19 P d1bf0f72a88f4483a1906bc8246849dd [CANDIDATE]: Term 4 pre-election: RPC error from VoteRequest() call to peer 5014824b94b64fd49da2c1a645c078aa: Network error: Client connection negotiation failed: client connection to 127.0.52.194:43942: connect: Connection refused (error 111)
W0507 20:07:13.429680 297 leader_election.cc:286] T a0376a5e3b9f495aa00d366b35594a27 P d1bf0f72a88f4483a1906bc8246849dd [CANDIDATE]: Term 4 pre-election: RPC error from VoteRequest() call to peer b5e887ddd8a14cf3b2c24a0aa14be025: Timed out: RequestConsensusVote RPC to 127.0.52.195:38453 timed out after 0.156s (SENT)
I0507 20:07:13.429807 297 leader_election.cc:257] T a0376a5e3b9f495aa00d366b35594a27 P d1bf0f72a88f4483a1906bc8246849dd [CANDIDATE]: Term 4 pre-election: Election decided. Result: candidate lost.
I0507 20:07:13.430162 1047 raft_consensus.cc:2704] T a0376a5e3b9f495aa00d366b35594a27 P d1bf0f72a88f4483a1906bc8246849dd: Snoozing failure detection for 0.379s (election complete)
I0507 20:07:13.430238 1047 raft_consensus.cc:2459] T a0376a5e3b9f495aa00d366b35594a27 P d1bf0f72a88f4483a1906bc8246849dd [term 3 FOLLOWER]: Leader pre-election lost for term 4. Reason: could not achieve majority
W0507 20:07:13.527451 660 negotiation.cc:313] Failed RPC negotiation. Trace: 0507 20:07:10.530325 (+ 0us) reactor.cc:577] Submitting negotiation task for client connection to 127.0.52.195:38453 0507 20:07:10.530564 (+ 239us) negotiation.cc:98] Waiting for socket to connect 0507 20:07:10.530576 (+ 12us) client_negotiation.cc:160] Beginning negotiation 0507 20:07:10.530708 (+ 132us) client_negotiation.cc:237] Sending NEGOTIATE NegotiatePB request 0507 20:07:13.527198 (+2996490us) negotiation.cc:304] Negotiation complete: Timed out: Client connection negotiation failed: client connection to 127.0.52.195:38453 Metrics: {"client-negotiator.queue_time_us":74}
W0507 20:07:13.527709 659 meta_cache.cc:216] Tablet a0376a5e3b9f495aa00d366b35594a27: Replica b5e887ddd8a14cf3b2c24a0aa14be025 (127.0.52.195:38453) has failed: Timed out: Client connection negotiation failed: client connection to 127.0.52.195:38453
I0507 20:07:13.719528 1047 raft_consensus.cc:435] T 7161aaf1a71d455883ef478337dfaf19 P d1bf0f72a88f4483a1906bc8246849dd [term 3 FOLLOWER]: Starting pre-election (detected failure of leader b5e887ddd8a14cf3b2c24a0aa14be025)
I0507 20:07:13.719633 1047 raft_consensus.cc:2704] T 7161aaf1a71d455883ef478337dfaf19 P d1bf0f72a88f4483a1906bc8246849dd: Snoozing failure detection for 0.313s (starting election)
I0507 20:07:13.719750 1047 raft_consensus.cc:457] T 7161aaf1a71d455883ef478337dfaf19 P d1bf0f72a88f4483a1906bc8246849dd [term 3 FOLLOWER]: Starting pre-election with config: opid_index: -1 OBSOLETE_local: false peers { permanent_uuid: "5014824b94b64fd49da2c1a645c078aa" member_type: VOTER last_known_addr { host: "127.0.52.194" port: 43942 } } peers { permanent_uuid: "d1bf0f72a88f4483a1906bc8246849dd" member_type: VOTER last_known_addr { host: "127.0.52.193" port: 46057 } } peers { permanent_uuid: "b5e887ddd8a14cf3b2c24a0aa14be025" member_type: VOTER last_known_addr { host: "127.0.52.195" port: 38453 } }
I0507 20:07:13.720963 1047 leader_election.cc:230] T 7161aaf1a71d455883ef478337dfaf19 P d1bf0f72a88f4483a1906bc8246849dd [CANDIDATE]: Term 4 pre-election: Requesting pre-vote from peer 5014824b94b64fd49da2c1a645c078aa
W0507 20:07:13.721027 297 leader_election.cc:286] T 7161aaf1a71d455883ef478337dfaf19 P d1bf0f72a88f4483a1906bc8246849dd [CANDIDATE]: Term 4 pre-election: RPC error from VoteRequest() call to peer b5e887ddd8a14cf3b2c24a0aa14be025: Timed out: RequestConsensusVote RPC to 127.0.52.195:38453 timed out after 0.427s (SENT)
I0507 20:07:13.721140 297 leader_election.cc:257] T 7161aaf1a71d455883ef478337dfaf19 P d1bf0f72a88f4483a1906bc8246849dd [CANDIDATE]: Term 4 pre-election: Election decided. Result: candidate lost.
I0507 20:07:13.721176 1047 leader_election.cc:230] T 7161aaf1a71d455883ef478337dfaf19 P d1bf0f72a88f4483a1906bc8246849dd [CANDIDATE]: Term 4 pre-election: Requesting pre-vote from peer b5e887ddd8a14cf3b2c24a0aa14be025
I0507 20:07:13.721432 1047 raft_consensus.cc:2704] T 7161aaf1a71d455883ef478337dfaf19 P d1bf0f72a88f4483a1906bc8246849dd: Snoozing failure detection for 0.608s (election complete)
I0507 20:07:13.721496 1047 raft_consensus.cc:2459] T 7161aaf1a71d455883ef478337dfaf19 P d1bf0f72a88f4483a1906bc8246849dd [term 3 FOLLOWER]: Leader pre-election lost for term 4. Reason: could not achieve majority
W0507 20:07:13.722000 296 leader_election.cc:286] T 7161aaf1a71d455883ef478337dfaf19 P d1bf0f72a88f4483a1906bc8246849dd [CANDIDATE]: Term 4 pre-election: RPC error from VoteRequest() call to peer 5014824b94b64fd49da2c1a645c078aa: Network error: Client connection negotiation failed: client connection to 127.0.52.194:43942: connect: Connection refused (error 111)
I0507 20:07:13.810029 1047 raft_consensus.cc:435] T a0376a5e3b9f495aa00d366b35594a27 P d1bf0f72a88f4483a1906bc8246849dd [term 3 FOLLOWER]: Starting pre-election (detected failure of leader b5e887ddd8a14cf3b2c24a0aa14be025)
I0507 20:07:13.810144 1047 raft_consensus.cc:2704] T a0376a5e3b9f495aa00d366b35594a27 P d1bf0f72a88f4483a1906bc8246849dd: Snoozing failure detection for 0.740s (starting election)
I0507 20:07:13.810235 1047 raft_consensus.cc:457] T a0376a5e3b9f495aa00d366b35594a27 P d1bf0f72a88f4483a1906bc8246849dd [term 3 FOLLOWER]: Starting pre-election with config: opid_index: -1 OBSOLETE_local: false peers { permanent_uuid: "b5e887ddd8a14cf3b2c24a0aa14be025" member_type: VOTER last_known_addr { host: "127.0.52.195" port: 38453 } } peers { permanent_uuid: "d1bf0f72a88f4483a1906bc8246849dd" member_type: VOTER last_known_addr { host: "127.0.52.193" port: 46057 } } peers { permanent_uuid: "5014824b94b64fd49da2c1a645c078aa" member_type: VOTER last_known_addr { host: "127.0.52.194" port: 43942 } }
I0507 20:07:13.810655 1047 leader_election.cc:230] T a0376a5e3b9f495aa00d366b35594a27 P d1bf0f72a88f4483a1906bc8246849dd [CANDIDATE]: Term 4 pre-election: Requesting pre-vote from peer b5e887ddd8a14cf3b2c24a0aa14be025
I0507 20:07:13.810802 1047 leader_election.cc:230] T a0376a5e3b9f495aa00d366b35594a27 P d1bf0f72a88f4483a1906bc8246849dd [CANDIDATE]: Term 4 pre-election: Requesting pre-vote from peer 5014824b94b64fd49da2c1a645c078aa
W0507 20:07:13.811560 296 leader_election.cc:286] T a0376a5e3b9f495aa00d366b35594a27 P d1bf0f72a88f4483a1906bc8246849dd [CANDIDATE]: Term 4 pre-election: RPC error from VoteRequest() call to peer 5014824b94b64fd49da2c1a645c078aa: Network error: Client connection negotiation failed: client connection to 127.0.52.194:43942: connect: Connection refused (error 111)
I0507 20:07:13.882210 1047 raft_consensus.cc:435] T a0376a5e3b9f495aa00d366b35594a27 P d1bf0f72a88f4483a1906bc8246849dd [term 3 FOLLOWER]: Starting pre-election (detected failure of leader b5e887ddd8a14cf3b2c24a0aa14be025)
I0507 20:07:13.882318 1047 raft_consensus.cc:2704] T a0376a5e3b9f495aa00d366b35594a27 P d1bf0f72a88f4483a1906bc8246849dd: Snoozing failure detection for 0.393s (starting election)
I0507 20:07:13.882434 1047 raft_consensus.cc:457] T a0376a5e3b9f495aa00d366b35594a27 P d1bf0f72a88f4483a1906bc8246849dd [term 3 FOLLOWER]: Starting pre-election with config: opid_index: -1 OBSOLETE_local: false peers { permanent_uuid: "b5e887ddd8a14cf3b2c24a0aa14be025" member_type: VOTER last_known_addr { host: "127.0.52.195" port: 38453 } } peers { permanent_uuid: "d1bf0f72a88f4483a1906bc8246849dd" member_type: VOTER last_known_addr { host: "127.0.52.193" port: 46057 } } peers { permanent_uuid: "5014824b94b64fd49da2c1a645c078aa" member_type: VOTER last_known_addr { host: "127.0.52.194" port: 43942 } }
I0507 20:07:13.882920 1047 leader_election.cc:230] T a0376a5e3b9f495aa00d366b35594a27 P d1bf0f72a88f4483a1906bc8246849dd [CANDIDATE]: Term 4 pre-election: Requesting pre-vote from peer b5e887ddd8a14cf3b2c24a0aa14be025
I0507 20:07:13.883095 1047 leader_election.cc:230] T a0376a5e3b9f495aa00d366b35594a27 P d1bf0f72a88f4483a1906bc8246849dd [CANDIDATE]: Term 4 pre-election: Requesting pre-vote from peer 5014824b94b64fd49da2c1a645c078aa
W0507 20:07:13.883954 296 leader_election.cc:286] T a0376a5e3b9f495aa00d366b35594a27 P d1bf0f72a88f4483a1906bc8246849dd [CANDIDATE]: Term 4 pre-election: RPC error from VoteRequest() call to peer 5014824b94b64fd49da2c1a645c078aa: Network error: Client connection negotiation failed: client connection to 127.0.52.194:43942: connect: Connection refused (error 111)
I0507 20:07:13.996393 1047 raft_consensus.cc:435] T d80f4fae4b9f4d238f7f626507290390 P d1bf0f72a88f4483a1906bc8246849dd [term 4 FOLLOWER]: Starting pre-election (detected failure of leader b5e887ddd8a14cf3b2c24a0aa14be025)
I0507 20:07:13.996522 1047 raft_consensus.cc:2704] T d80f4fae4b9f4d238f7f626507290390 P d1bf0f72a88f4483a1906bc8246849dd: Snoozing failure detection for 0.243s (starting election)
I0507 20:07:13.996620 1047 raft_consensus.cc:457] T d80f4fae4b9f4d238f7f626507290390 P d1bf0f72a88f4483a1906bc8246849dd [term 4 FOLLOWER]: Starting pre-election with config: opid_index: -1 OBSOLETE_local: false peers { permanent_uuid: "5014824b94b64fd49da2c1a645c078aa" member_type: VOTER last_known_addr { host: "127.0.52.194" port: 43942 } } peers { permanent_uuid: "d1bf0f72a88f4483a1906bc8246849dd" member_type: VOTER last_known_addr { host: "127.0.52.193" port: 46057 } } peers { permanent_uuid: "b5e887ddd8a14cf3b2c24a0aa14be025" member_type: VOTER last_known_addr { host: "127.0.52.195" port: 38453 } }
I0507 20:07:13.997068 1047 leader_election.cc:230] T d80f4fae4b9f4d238f7f626507290390 P d1bf0f72a88f4483a1906bc8246849dd [CANDIDATE]: Term 5 pre-election: Requesting pre-vote from peer 5014824b94b64fd49da2c1a645c078aa
I0507 20:07:13.997253 1047 leader_election.cc:230] T d80f4fae4b9f4d238f7f626507290390 P d1bf0f72a88f4483a1906bc8246849dd [CANDIDATE]: Term 5 pre-election: Requesting pre-vote from peer b5e887ddd8a14cf3b2c24a0aa14be025
W0507 20:07:13.997946 296 leader_election.cc:286] T d80f4fae4b9f4d238f7f626507290390 P d1bf0f72a88f4483a1906bc8246849dd [CANDIDATE]: Term 5 pre-election: RPC error from VoteRequest() call to peer 5014824b94b64fd49da2c1a645c078aa: Network error: Client connection negotiation failed: client connection to 127.0.52.194:43942: connect: Connection refused (error 111)
W0507 20:07:14.035465 297 leader_election.cc:286] T 7161aaf1a71d455883ef478337dfaf19 P d1bf0f72a88f4483a1906bc8246849dd [CANDIDATE]: Term 4 pre-election: RPC error from VoteRequest() call to peer b5e887ddd8a14cf3b2c24a0aa14be025: Timed out: RequestConsensusVote RPC to 127.0.52.195:38453 timed out after 0.313s (SENT)
I0507 20:07:14.035568 297 leader_election.cc:257] T 7161aaf1a71d455883ef478337dfaf19 P d1bf0f72a88f4483a1906bc8246849dd [CANDIDATE]: Term 4 pre-election: Election decided. Result: candidate lost.
I0507 20:07:14.035907 1047 raft_consensus.cc:2704] T 7161aaf1a71d455883ef478337dfaf19 P d1bf0f72a88f4483a1906bc8246849dd: Snoozing failure detection for 0.429s (election complete)
I0507 20:07:14.035987 1047 raft_consensus.cc:2459] T 7161aaf1a71d455883ef478337dfaf19 P d1bf0f72a88f4483a1906bc8246849dd [term 3 FOLLOWER]: Leader pre-election lost for term 4. Reason: could not achieve majority
I0507 20:07:14.240437 1047 raft_consensus.cc:435] T d80f4fae4b9f4d238f7f626507290390 P d1bf0f72a88f4483a1906bc8246849dd [term 4 FOLLOWER]: Starting pre-election (detected failure of leader b5e887ddd8a14cf3b2c24a0aa14be025)
W0507 20:07:14.240510 297 leader_election.cc:286] T d80f4fae4b9f4d238f7f626507290390 P d1bf0f72a88f4483a1906bc8246849dd [CANDIDATE]: Term 5 pre-election: RPC error from VoteRequest() call to peer b5e887ddd8a14cf3b2c24a0aa14be025: Timed out: RequestConsensusVote RPC to 127.0.52.195:38453 timed out after 0.243s (SENT)
I0507 20:07:14.240555 1047 raft_consensus.cc:2704] T d80f4fae4b9f4d238f7f626507290390 P d1bf0f72a88f4483a1906bc8246849dd: Snoozing failure detection for 0.466s (starting election)
I0507 20:07:14.240592 297 leader_election.cc:257] T d80f4fae4b9f4d238f7f626507290390 P d1bf0f72a88f4483a1906bc8246849dd [CANDIDATE]: Term 5 pre-election: Election decided. Result: candidate lost.
I0507 20:07:14.240659 1047 raft_consensus.cc:457] T d80f4fae4b9f4d238f7f626507290390 P d1bf0f72a88f4483a1906bc8246849dd [term 4 FOLLOWER]: Starting pre-election with config: opid_index: -1 OBSOLETE_local: false peers { permanent_uuid: "5014824b94b64fd49da2c1a645c078aa" member_type: VOTER last_known_addr { host: "127.0.52.194" port: 43942 } } peers { permanent_uuid: "d1bf0f72a88f4483a1906bc8246849dd" member_type: VOTER last_known_addr { host: "127.0.52.193" port: 46057 } } peers { permanent_uuid: "b5e887ddd8a14cf3b2c24a0aa14be025" member_type: VOTER last_known_addr { host: "127.0.52.195" port: 38453 } }
I0507 20:07:14.241128 1047 leader_election.cc:230] T d80f4fae4b9f4d238f7f626507290390 P d1bf0f72a88f4483a1906bc8246849dd [CANDIDATE]: Term 5 pre-election: Requesting pre-vote from peer 5014824b94b64fd49da2c1a645c078aa
I0507 20:07:14.241138 1050 raft_consensus.cc:2704] T d80f4fae4b9f4d238f7f626507290390 P d1bf0f72a88f4483a1906bc8246849dd: Snoozing failure detection for 0.850s (election complete)
I0507 20:07:14.241204 1050 raft_consensus.cc:2459] T d80f4fae4b9f4d238f7f626507290390 P d1bf0f72a88f4483a1906bc8246849dd [term 4 FOLLOWER]: Leader pre-election lost for term 5. Reason: could not achieve majority
I0507 20:07:14.241367 1047 leader_election.cc:230] T d80f4fae4b9f4d238f7f626507290390 P d1bf0f72a88f4483a1906bc8246849dd [CANDIDATE]: Term 5 pre-election: Requesting pre-vote from peer b5e887ddd8a14cf3b2c24a0aa14be025
W0507 20:07:14.241951 296 leader_election.cc:286] T d80f4fae4b9f4d238f7f626507290390 P d1bf0f72a88f4483a1906bc8246849dd [CANDIDATE]: Term 5 pre-election: RPC error from VoteRequest() call to peer 5014824b94b64fd49da2c1a645c078aa: Network error: Client connection negotiation failed: client connection to 127.0.52.194:43942: connect: Connection refused (error 111)
I0507 20:07:14.275990 1047 raft_consensus.cc:435] T a0376a5e3b9f495aa00d366b35594a27 P d1bf0f72a88f4483a1906bc8246849dd [term 3 FOLLOWER]: Starting pre-election (detected failure of leader b5e887ddd8a14cf3b2c24a0aa14be025)
I0507 20:07:14.276137 1047 raft_consensus.cc:2704] T a0376a5e3b9f495aa00d366b35594a27 P d1bf0f72a88f4483a1906bc8246849dd: Snoozing failure detection for 0.653s (starting election)
I0507 20:07:14.276254 1047 raft_consensus.cc:457] T a0376a5e3b9f495aa00d366b35594a27 P d1bf0f72a88f4483a1906bc8246849dd [term 3 FOLLOWER]: Starting pre-election with config: opid_index: -1 OBSOLETE_local: false peers { permanent_uuid: "b5e887ddd8a14cf3b2c24a0aa14be025" member_type: VOTER last_known_addr { host: "127.0.52.195" port: 38453 } } peers { permanent_uuid: "d1bf0f72a88f4483a1906bc8246849dd" member_type: VOTER last_known_addr { host: "127.0.52.193" port: 46057 } } peers { permanent_uuid: "5014824b94b64fd49da2c1a645c078aa" member_type: VOTER last_known_addr { host: "127.0.52.194" port: 43942 } }
I0507 20:07:14.276793 1047 leader_election.cc:230] T a0376a5e3b9f495aa00d366b35594a27 P d1bf0f72a88f4483a1906bc8246849dd [CANDIDATE]: Term 4 pre-election: Requesting pre-vote from peer b5e887ddd8a14cf3b2c24a0aa14be025
I0507 20:07:14.277014 1047 leader_election.cc:230] T a0376a5e3b9f495aa00d366b35594a27 P d1bf0f72a88f4483a1906bc8246849dd [CANDIDATE]: Term 4 pre-election: Requesting pre-vote from peer 5014824b94b64fd49da2c1a645c078aa
W0507 20:07:14.277264 297 leader_election.cc:286] T a0376a5e3b9f495aa00d366b35594a27 P d1bf0f72a88f4483a1906bc8246849dd [CANDIDATE]: Term 4 pre-election: RPC error from VoteRequest() call to peer b5e887ddd8a14cf3b2c24a0aa14be025: Timed out: RequestConsensusVote RPC to 127.0.52.195:38453 timed out after 0.393s (SENT)
I0507 20:07:14.277333 297 leader_election.cc:257] T a0376a5e3b9f495aa00d366b35594a27 P d1bf0f72a88f4483a1906bc8246849dd [CANDIDATE]: Term 4 pre-election: Election decided. Result: candidate lost.
I0507 20:07:14.277577 1047 raft_consensus.cc:2704] T a0376a5e3b9f495aa00d366b35594a27 P d1bf0f72a88f4483a1906bc8246849dd: Snoozing failure detection for 0.213s (election complete)
I0507 20:07:14.277642 1047 raft_consensus.cc:2459] T a0376a5e3b9f495aa00d366b35594a27 P d1bf0f72a88f4483a1906bc8246849dd [term 3 FOLLOWER]: Leader pre-election lost for term 4. Reason: could not achieve majority
W0507 20:07:14.277879 296 leader_election.cc:286] T a0376a5e3b9f495aa00d366b35594a27 P d1bf0f72a88f4483a1906bc8246849dd [CANDIDATE]: Term 4 pre-election: RPC error from VoteRequest() call to peer 5014824b94b64fd49da2c1a645c078aa: Network error: Client connection negotiation failed: client connection to 127.0.52.194:43942: connect: Connection refused (error 111)
I0507 20:07:14.465883 1047 raft_consensus.cc:435] T 7161aaf1a71d455883ef478337dfaf19 P d1bf0f72a88f4483a1906bc8246849dd [term 3 FOLLOWER]: Starting pre-election (detected failure of leader b5e887ddd8a14cf3b2c24a0aa14be025)
I0507 20:07:14.466014 1047 raft_consensus.cc:2704] T 7161aaf1a71d455883ef478337dfaf19 P d1bf0f72a88f4483a1906bc8246849dd: Snoozing failure detection for 0.123s (starting election)
I0507 20:07:14.466110 1047 raft_consensus.cc:457] T 7161aaf1a71d455883ef478337dfaf19 P d1bf0f72a88f4483a1906bc8246849dd [term 3 FOLLOWER]: Starting pre-election with config: opid_index: -1 OBSOLETE_local: false peers { permanent_uuid: "5014824b94b64fd49da2c1a645c078aa" member_type: VOTER last_known_addr { host: "127.0.52.194" port: 43942 } } peers { permanent_uuid: "d1bf0f72a88f4483a1906bc8246849dd" member_type: VOTER last_known_addr { host: "127.0.52.193" port: 46057 } } peers { permanent_uuid: "b5e887ddd8a14cf3b2c24a0aa14be025" member_type: VOTER last_known_addr { host: "127.0.52.195" port: 38453 } }
I0507 20:07:14.466545 1047 leader_election.cc:230] T 7161aaf1a71d455883ef478337dfaf19 P d1bf0f72a88f4483a1906bc8246849dd [CANDIDATE]: Term 4 pre-election: Requesting pre-vote from peer 5014824b94b64fd49da2c1a645c078aa
I0507 20:07:14.466734 1047 leader_election.cc:230] T 7161aaf1a71d455883ef478337dfaf19 P d1bf0f72a88f4483a1906bc8246849dd [CANDIDATE]: Term 4 pre-election: Requesting pre-vote from peer b5e887ddd8a14cf3b2c24a0aa14be025
W0507 20:07:14.467460 296 leader_election.cc:286] T 7161aaf1a71d455883ef478337dfaf19 P d1bf0f72a88f4483a1906bc8246849dd [CANDIDATE]: Term 4 pre-election: RPC error from VoteRequest() call to peer 5014824b94b64fd49da2c1a645c078aa: Network error: Client connection negotiation failed: client connection to 127.0.52.194:43942: connect: Connection refused (error 111)
I0507 20:07:14.491521 1047 raft_consensus.cc:435] T a0376a5e3b9f495aa00d366b35594a27 P d1bf0f72a88f4483a1906bc8246849dd [term 3 FOLLOWER]: Starting pre-election (detected failure of leader b5e887ddd8a14cf3b2c24a0aa14be025)
I0507 20:07:14.491667 1047 raft_consensus.cc:2704] T a0376a5e3b9f495aa00d366b35594a27 P d1bf0f72a88f4483a1906bc8246849dd: Snoozing failure detection for 0.169s (starting election)
I0507 20:07:14.491776 1047 raft_consensus.cc:457] T a0376a5e3b9f495aa00d366b35594a27 P d1bf0f72a88f4483a1906bc8246849dd [term 3 FOLLOWER]: Starting pre-election with config: opid_index: -1 OBSOLETE_local: false peers { permanent_uuid: "b5e887ddd8a14cf3b2c24a0aa14be025" member_type: VOTER last_known_addr { host: "127.0.52.195" port: 38453 } } peers { permanent_uuid: "d1bf0f72a88f4483a1906bc8246849dd" member_type: VOTER last_known_addr { host: "127.0.52.193" port: 46057 } } peers { permanent_uuid: "5014824b94b64fd49da2c1a645c078aa" member_type: VOTER last_known_addr { host: "127.0.52.194" port: 43942 } }
I0507 20:07:14.492234 1047 leader_election.cc:230] T a0376a5e3b9f495aa00d366b35594a27 P d1bf0f72a88f4483a1906bc8246849dd [CANDIDATE]: Term 4 pre-election: Requesting pre-vote from peer b5e887ddd8a14cf3b2c24a0aa14be025
I0507 20:07:14.492406 1047 leader_election.cc:230] T a0376a5e3b9f495aa00d366b35594a27 P d1bf0f72a88f4483a1906bc8246849dd [CANDIDATE]: Term 4 pre-election: Requesting pre-vote from peer 5014824b94b64fd49da2c1a645c078aa
W0507 20:07:14.493177 296 leader_election.cc:286] T a0376a5e3b9f495aa00d366b35594a27 P d1bf0f72a88f4483a1906bc8246849dd [CANDIDATE]: Term 4 pre-election: RPC error from VoteRequest() call to peer 5014824b94b64fd49da2c1a645c078aa: Network error: Client connection negotiation failed: client connection to 127.0.52.194:43942: connect: Connection refused (error 111)
W0507 20:07:14.551653 297 leader_election.cc:286] T a0376a5e3b9f495aa00d366b35594a27 P d1bf0f72a88f4483a1906bc8246849dd [CANDIDATE]: Term 4 pre-election: RPC error from VoteRequest() call to peer b5e887ddd8a14cf3b2c24a0aa14be025: Timed out: RequestConsensusVote RPC to 127.0.52.195:38453 timed out after 0.740s (SENT)
I0507 20:07:14.551759 297 leader_election.cc:257] T a0376a5e3b9f495aa00d366b35594a27 P d1bf0f72a88f4483a1906bc8246849dd [CANDIDATE]: Term 4 pre-election: Election decided. Result: candidate lost.
I0507 20:07:14.552084 1047 raft_consensus.cc:2704] T a0376a5e3b9f495aa00d366b35594a27 P d1bf0f72a88f4483a1906bc8246849dd: Snoozing failure detection for 0.834s (election complete)
I0507 20:07:14.552182 1047 raft_consensus.cc:2459] T a0376a5e3b9f495aa00d366b35594a27 P d1bf0f72a88f4483a1906bc8246849dd [term 3 FOLLOWER]: Leader pre-election lost for term 4. Reason: could not achieve majority
I0507 20:07:14.590142 1047 raft_consensus.cc:435] T 7161aaf1a71d455883ef478337dfaf19 P d1bf0f72a88f4483a1906bc8246849dd [term 3 FOLLOWER]: Starting pre-election (detected failure of leader b5e887ddd8a14cf3b2c24a0aa14be025)
I0507 20:07:14.590255 1047 raft_consensus.cc:2704] T 7161aaf1a71d455883ef478337dfaf19 P d1bf0f72a88f4483a1906bc8246849dd: Snoozing failure detection for 0.847s (starting election)
W0507 20:07:14.590308 297 leader_election.cc:286] T 7161aaf1a71d455883ef478337dfaf19 P d1bf0f72a88f4483a1906bc8246849dd [CANDIDATE]: Term 4 pre-election: RPC error from VoteRequest() call to peer b5e887ddd8a14cf3b2c24a0aa14be025: Timed out: RequestConsensusVote RPC to 127.0.52.195:38453 timed out after 0.123s (SENT)
I0507 20:07:14.590415 297 leader_election.cc:257] T 7161aaf1a71d455883ef478337dfaf19 P d1bf0f72a88f4483a1906bc8246849dd [CANDIDATE]: Term 4 pre-election: Election decided. Result: candidate lost.
I0507 20:07:14.590386 1047 raft_consensus.cc:457] T 7161aaf1a71d455883ef478337dfaf19 P d1bf0f72a88f4483a1906bc8246849dd [term 3 FOLLOWER]: Starting pre-election with config: opid_index: -1 OBSOLETE_local: false peers { permanent_uuid: "5014824b94b64fd49da2c1a645c078aa" member_type: VOTER last_known_addr { host: "127.0.52.194" port: 43942 } } peers { permanent_uuid: "d1bf0f72a88f4483a1906bc8246849dd" member_type: VOTER last_known_addr { host: "127.0.52.193" port: 46057 } } peers { permanent_uuid: "b5e887ddd8a14cf3b2c24a0aa14be025" member_type: VOTER last_known_addr { host: "127.0.52.195" port: 38453 } }
I0507 20:07:14.590831 1047 leader_election.cc:230] T 7161aaf1a71d455883ef478337dfaf19 P d1bf0f72a88f4483a1906bc8246849dd [CANDIDATE]: Term 4 pre-election: Requesting pre-vote from peer 5014824b94b64fd49da2c1a645c078aa
I0507 20:07:14.590901 1050 raft_consensus.cc:2704] T 7161aaf1a71d455883ef478337dfaf19 P d1bf0f72a88f4483a1906bc8246849dd: Snoozing failure detection for 0.519s (election complete)
I0507 20:07:14.590976 1050 raft_consensus.cc:2459] T 7161aaf1a71d455883ef478337dfaf19 P d1bf0f72a88f4483a1906bc8246849dd [term 3 FOLLOWER]: Leader pre-election lost for term 4. Reason: could not achieve majority
I0507 20:07:14.591006 1047 leader_election.cc:230] T 7161aaf1a71d455883ef478337dfaf19 P d1bf0f72a88f4483a1906bc8246849dd [CANDIDATE]: Term 4 pre-election: Requesting pre-vote from peer b5e887ddd8a14cf3b2c24a0aa14be025
W0507 20:07:14.591825 296 leader_election.cc:286] T 7161aaf1a71d455883ef478337dfaf19 P d1bf0f72a88f4483a1906bc8246849dd [CANDIDATE]: Term 4 pre-election: RPC error from VoteRequest() call to peer 5014824b94b64fd49da2c1a645c078aa: Network error: Client connection negotiation failed: client connection to 127.0.52.194:43942: connect: Connection refused (error 111)
W0507 20:07:14.662344 297 leader_election.cc:286] T a0376a5e3b9f495aa00d366b35594a27 P d1bf0f72a88f4483a1906bc8246849dd [CANDIDATE]: Term 4 pre-election: RPC error from VoteRequest() call to peer b5e887ddd8a14cf3b2c24a0aa14be025: Timed out: RequestConsensusVote RPC to 127.0.52.195:38453 timed out after 0.169s (SENT)
I0507 20:07:14.662458 297 leader_election.cc:257] T a0376a5e3b9f495aa00d366b35594a27 P d1bf0f72a88f4483a1906bc8246849dd [CANDIDATE]: Term 4 pre-election: Election decided. Result: candidate lost.
I0507 20:07:14.662808 1047 raft_consensus.cc:2704] T a0376a5e3b9f495aa00d366b35594a27 P d1bf0f72a88f4483a1906bc8246849dd: Snoozing failure detection for 0.310s (election complete)
I0507 20:07:14.662955 1047 raft_consensus.cc:2459] T a0376a5e3b9f495aa00d366b35594a27 P d1bf0f72a88f4483a1906bc8246849dd [term 3 FOLLOWER]: Leader pre-election lost for term 4. Reason: could not achieve majority
W0507 20:07:14.708155 297 leader_election.cc:286] T d80f4fae4b9f4d238f7f626507290390 P d1bf0f72a88f4483a1906bc8246849dd [CANDIDATE]: Term 5 pre-election: RPC error from VoteRequest() call to peer b5e887ddd8a14cf3b2c24a0aa14be025: Timed out: RequestConsensusVote RPC to 127.0.52.195:38453 timed out after 0.466s (SENT)
I0507 20:07:14.708252 297 leader_election.cc:257] T d80f4fae4b9f4d238f7f626507290390 P d1bf0f72a88f4483a1906bc8246849dd [CANDIDATE]: Term 5 pre-election: Election decided. Result: candidate lost.
I0507 20:07:14.708582 1047 raft_consensus.cc:2704] T d80f4fae4b9f4d238f7f626507290390 P d1bf0f72a88f4483a1906bc8246849dd: Snoozing failure detection for 0.294s (election complete)
I0507 20:07:14.708696 1047 raft_consensus.cc:2459] T d80f4fae4b9f4d238f7f626507290390 P d1bf0f72a88f4483a1906bc8246849dd [term 4 FOLLOWER]: Leader pre-election lost for term 5. Reason: could not achieve majority
I0507 20:07:14.922499 232 maintenance_manager.cc:304] P 476aed1601be4605b69e0622e3eeb7fc: Scheduling FlushMRSOp(00000000000000000000000000000000): perf score=0.033367
I0507 20:07:14.923892 231 tablet.cc:1152] T 00000000000000000000000000000000 P 476aed1601be4605b69e0622e3eeb7fc: Flush: entering stage 1 (old memrowset already frozen for inserts)
I0507 20:07:14.923952 231 compaction.cc:913] Selected 1 rowsets to compact:
I0507 20:07:14.923995 231 compaction.cc:916] memrowset(current size on disk: ~0 bytes)
I0507 20:07:14.924019 231 tablet.cc:1154] T 00000000000000000000000000000000 P 476aed1601be4605b69e0622e3eeb7fc: Memstore in-memory size: 7909 bytes
I0507 20:07:14.924062 231 tablet.cc:1443] T 00000000000000000000000000000000 P 476aed1601be4605b69e0622e3eeb7fc: Flush: entering phase 1 (flushing snapshot). Phase 1 snapshot: MvccSnapshot[committed={T|T < 6249363551657701376 or (T in {6249363551657701376})}]
I0507 20:07:14.930258 231 multi_column_writer.cc:98] Opened CFile writers for 3 column(s)
W0507 20:07:14.930899 297 leader_election.cc:286] T a0376a5e3b9f495aa00d366b35594a27 P d1bf0f72a88f4483a1906bc8246849dd [CANDIDATE]: Term 4 pre-election: RPC error from VoteRequest() call to peer b5e887ddd8a14cf3b2c24a0aa14be025: Timed out: RequestConsensusVote RPC to 127.0.52.195:38453 timed out after 0.653s (SENT)
I0507 20:07:14.930985 297 leader_election.cc:257] T a0376a5e3b9f495aa00d366b35594a27 P d1bf0f72a88f4483a1906bc8246849dd [CANDIDATE]: Term 4 pre-election: Election decided. Result: candidate lost.
I0507 20:07:14.931301 1047 raft_consensus.cc:2704] T a0376a5e3b9f495aa00d366b35594a27 P d1bf0f72a88f4483a1906bc8246849dd: Snoozing failure detection for 0.818s (election complete)
I0507 20:07:14.931393 1047 raft_consensus.cc:2459] T a0376a5e3b9f495aa00d366b35594a27 P d1bf0f72a88f4483a1906bc8246849dd [term 3 FOLLOWER]: Leader pre-election lost for term 4. Reason: could not achieve majority
I0507 20:07:14.942577 231 tablet.cc:1528] T 00000000000000000000000000000000 P 476aed1601be4605b69e0622e3eeb7fc: Flush: entering phase 2 (starting to duplicate updates in new rowsets)
I0507 20:07:14.943122 231 tablet.cc:1583] T 00000000000000000000000000000000 P 476aed1601be4605b69e0622e3eeb7fc: Flush Phase 2: carrying over any updates which arrived during Phase 1
I0507 20:07:14.943194 231 tablet.cc:1585] T 00000000000000000000000000000000 P 476aed1601be4605b69e0622e3eeb7fc: Phase 2 snapshot: MvccSnapshot[committed={T|T < 6249363551657701376 or (T in {6249363551657701376})}]
I0507 20:07:14.948113 231 tablet.cc:1633] T 00000000000000000000000000000000 P 476aed1601be4605b69e0622e3eeb7fc: Flush successful on 6 rows (7518 bytes)
I0507 20:07:14.948684 231 maintenance_manager.cc:494] P 476aed1601be4605b69e0622e3eeb7fc: FlushMRSOp(00000000000000000000000000000000) complete. Timing: real 0.025s user 0.024s sys 0.000s Metrics: {"cfile_init":1,"data dirs.queue_time_us":365,"data dirs.run_cpu_time_us":232,"data dirs.run_wall_time_us":1090,"lbm_read_time_us":62,"lbm_reads_lt_1ms":4,"lbm_write_time_us":457,"lbm_writes_lt_1ms":27,"thread_start_us":360,"threads_started":2,"wal-append.queue_time_us":324}
I0507 20:07:14.950422 232 maintenance_manager.cc:304] P 476aed1601be4605b69e0622e3eeb7fc: Scheduling UndoDeltaBlockGCOp(00000000000000000000000000000000): 766 bytes on disk
I0507 20:07:14.951251 231 maintenance_manager.cc:494] P 476aed1601be4605b69e0622e3eeb7fc: UndoDeltaBlockGCOp(00000000000000000000000000000000) complete. Timing: real 0.001s user 0.000s sys 0.000s Metrics: {"cfile_init":1,"lbm_read_time_us":78,"lbm_reads_lt_1ms":4}
I0507 20:07:15.003196 1047 raft_consensus.cc:435] T d80f4fae4b9f4d238f7f626507290390 P d1bf0f72a88f4483a1906bc8246849dd [term 4 FOLLOWER]: Starting pre-election (detected failure of leader b5e887ddd8a14cf3b2c24a0aa14be025)
I0507 20:07:15.003345 1047 raft_consensus.cc:2704] T d80f4fae4b9f4d238f7f626507290390 P d1bf0f72a88f4483a1906bc8246849dd: Snoozing failure detection for 0.435s (starting election)
I0507 20:07:15.003448 1047 raft_consensus.cc:457] T d80f4fae4b9f4d238f7f626507290390 P d1bf0f72a88f4483a1906bc8246849dd [term 4 FOLLOWER]: Starting pre-election with config: opid_index: -1 OBSOLETE_local: false peers { permanent_uuid: "5014824b94b64fd49da2c1a645c078aa" member_type: VOTER last_known_addr { host: "127.0.52.194" port: 43942 } } peers { permanent_uuid: "d1bf0f72a88f4483a1906bc8246849dd" member_type: VOTER last_known_addr { host: "127.0.52.193" port: 46057 } } peers { permanent_uuid: "b5e887ddd8a14cf3b2c24a0aa14be025" member_type: VOTER last_known_addr { host: "127.0.52.195" port: 38453 } }
I0507 20:07:15.003999 1047 leader_election.cc:230] T d80f4fae4b9f4d238f7f626507290390 P d1bf0f72a88f4483a1906bc8246849dd [CANDIDATE]: Term 5 pre-election: Requesting pre-vote from peer 5014824b94b64fd49da2c1a645c078aa
I0507 20:07:15.004168 1047 leader_election.cc:230] T d80f4fae4b9f4d238f7f626507290390 P d1bf0f72a88f4483a1906bc8246849dd [CANDIDATE]: Term 5 pre-election: Requesting pre-vote from peer b5e887ddd8a14cf3b2c24a0aa14be025
W0507 20:07:15.005136 296 leader_election.cc:286] T d80f4fae4b9f4d238f7f626507290390 P d1bf0f72a88f4483a1906bc8246849dd [CANDIDATE]: Term 5 pre-election: RPC error from VoteRequest() call to peer 5014824b94b64fd49da2c1a645c078aa: Network error: Client connection negotiation failed: client connection to 127.0.52.194:43942: connect: Connection refused (error 111)
I0507 20:07:15.111084 1047 raft_consensus.cc:435] T 7161aaf1a71d455883ef478337dfaf19 P d1bf0f72a88f4483a1906bc8246849dd [term 3 FOLLOWER]: Starting pre-election (detected failure of leader b5e887ddd8a14cf3b2c24a0aa14be025)
I0507 20:07:15.111203 1047 raft_consensus.cc:2704] T 7161aaf1a71d455883ef478337dfaf19 P d1bf0f72a88f4483a1906bc8246849dd: Snoozing failure detection for 0.415s (starting election)
I0507 20:07:15.111310 1047 raft_consensus.cc:457] T 7161aaf1a71d455883ef478337dfaf19 P d1bf0f72a88f4483a1906bc8246849dd [term 3 FOLLOWER]: Starting pre-election with config: opid_index: -1 OBSOLETE_local: false peers { permanent_uuid: "5014824b94b64fd49da2c1a645c078aa" member_type: VOTER last_known_addr { host: "127.0.52.194" port: 43942 } } peers { permanent_uuid: "d1bf0f72a88f4483a1906bc8246849dd" member_type: VOTER last_known_addr { host: "127.0.52.193" port: 46057 } } peers { permanent_uuid: "b5e887ddd8a14cf3b2c24a0aa14be025" member_type: VOTER last_known_addr { host: "127.0.52.195" port: 38453 } }
I0507 20:07:15.111747 1047 leader_election.cc:230] T 7161aaf1a71d455883ef478337dfaf19 P d1bf0f72a88f4483a1906bc8246849dd [CANDIDATE]: Term 4 pre-election: Requesting pre-vote from peer 5014824b94b64fd49da2c1a645c078aa
I0507 20:07:15.111985 1047 leader_election.cc:230] T 7161aaf1a71d455883ef478337dfaf19 P d1bf0f72a88f4483a1906bc8246849dd [CANDIDATE]: Term 4 pre-election: Requesting pre-vote from peer b5e887ddd8a14cf3b2c24a0aa14be025
