W0507 20:07:15.112813 296 leader_election.cc:286] T 7161aaf1a71d455883ef478337dfaf19 P d1bf0f72a88f4483a1906bc8246849dd [CANDIDATE]: Term 4 pre-election: RPC error from VoteRequest() call to peer 5014824b94b64fd49da2c1a645c078aa: Network error: Client connection negotiation failed: client connection to 127.0.52.194:43942: connect: Connection refused (error 111)
I0507 20:07:15.439251 1047 raft_consensus.cc:435] T d80f4fae4b9f4d238f7f626507290390 P d1bf0f72a88f4483a1906bc8246849dd [term 4 FOLLOWER]: Starting pre-election (detected failure of leader b5e887ddd8a14cf3b2c24a0aa14be025)
W0507 20:07:15.439297 297 leader_election.cc:286] T 7161aaf1a71d455883ef478337dfaf19 P d1bf0f72a88f4483a1906bc8246849dd [CANDIDATE]: Term 4 pre-election: RPC error from VoteRequest() call to peer b5e887ddd8a14cf3b2c24a0aa14be025: Timed out: RequestConsensusVote RPC to 127.0.52.195:38453 timed out after 0.847s (SENT)
I0507 20:07:15.439375 1047 raft_consensus.cc:2704] T d80f4fae4b9f4d238f7f626507290390 P d1bf0f72a88f4483a1906bc8246849dd: Snoozing failure detection for 0.385s (starting election)
I0507 20:07:15.439394 297 leader_election.cc:257] T 7161aaf1a71d455883ef478337dfaf19 P d1bf0f72a88f4483a1906bc8246849dd [CANDIDATE]: Term 4 pre-election: Election decided. Result: candidate lost.
I0507 20:07:15.439469 1047 raft_consensus.cc:457] T d80f4fae4b9f4d238f7f626507290390 P d1bf0f72a88f4483a1906bc8246849dd [term 4 FOLLOWER]: Starting pre-election with config: opid_index: -1 OBSOLETE_local: false peers { permanent_uuid: "5014824b94b64fd49da2c1a645c078aa" member_type: VOTER last_known_addr { host: "127.0.52.194" port: 43942 } } peers { permanent_uuid: "d1bf0f72a88f4483a1906bc8246849dd" member_type: VOTER last_known_addr { host: "127.0.52.193" port: 46057 } } peers { permanent_uuid: "b5e887ddd8a14cf3b2c24a0aa14be025" member_type: VOTER last_known_addr { host: "127.0.52.195" port: 38453 } }
I0507 20:07:15.440930 1047 leader_election.cc:230] T d80f4fae4b9f4d238f7f626507290390 P d1bf0f72a88f4483a1906bc8246849dd [CANDIDATE]: Term 5 pre-election: Requesting pre-vote from peer 5014824b94b64fd49da2c1a645c078aa
I0507 20:07:15.440942 1053 raft_consensus.cc:2704] T 7161aaf1a71d455883ef478337dfaf19 P d1bf0f72a88f4483a1906bc8246849dd: Snoozing failure detection for 0.441s (election complete)
I0507 20:07:15.441022 1053 raft_consensus.cc:2459] T 7161aaf1a71d455883ef478337dfaf19 P d1bf0f72a88f4483a1906bc8246849dd [term 3 FOLLOWER]: Leader pre-election lost for term 4. Reason: could not achieve majority
W0507 20:07:15.441084 297 leader_election.cc:286] T d80f4fae4b9f4d238f7f626507290390 P d1bf0f72a88f4483a1906bc8246849dd [CANDIDATE]: Term 5 pre-election: RPC error from VoteRequest() call to peer b5e887ddd8a14cf3b2c24a0aa14be025: Timed out: RequestConsensusVote RPC to 127.0.52.195:38453 timed out after 0.435s (SENT)
I0507 20:07:15.441145 297 leader_election.cc:257] T d80f4fae4b9f4d238f7f626507290390 P d1bf0f72a88f4483a1906bc8246849dd [CANDIDATE]: Term 5 pre-election: Election decided. Result: candidate lost.
I0507 20:07:15.441143 1047 leader_election.cc:230] T d80f4fae4b9f4d238f7f626507290390 P d1bf0f72a88f4483a1906bc8246849dd [CANDIDATE]: Term 5 pre-election: Requesting pre-vote from peer b5e887ddd8a14cf3b2c24a0aa14be025
I0507 20:07:15.441351 1047 raft_consensus.cc:2704] T d80f4fae4b9f4d238f7f626507290390 P d1bf0f72a88f4483a1906bc8246849dd: Snoozing failure detection for 0.948s (election complete)
I0507 20:07:15.441418 1047 raft_consensus.cc:2459] T d80f4fae4b9f4d238f7f626507290390 P d1bf0f72a88f4483a1906bc8246849dd [term 4 FOLLOWER]: Leader pre-election lost for term 5. Reason: could not achieve majority
W0507 20:07:15.441961 296 leader_election.cc:286] T d80f4fae4b9f4d238f7f626507290390 P d1bf0f72a88f4483a1906bc8246849dd [CANDIDATE]: Term 5 pre-election: RPC error from VoteRequest() call to peer 5014824b94b64fd49da2c1a645c078aa: Network error: Client connection negotiation failed: client connection to 127.0.52.194:43942: connect: Connection refused (error 111)
W0507 20:07:15.527850 297 leader_election.cc:286] T 7161aaf1a71d455883ef478337dfaf19 P d1bf0f72a88f4483a1906bc8246849dd [CANDIDATE]: Term 4 pre-election: RPC error from VoteRequest() call to peer b5e887ddd8a14cf3b2c24a0aa14be025: Timed out: RequestConsensusVote RPC to 127.0.52.195:38453 timed out after 0.415s (SENT)
I0507 20:07:15.527956 297 leader_election.cc:257] T 7161aaf1a71d455883ef478337dfaf19 P d1bf0f72a88f4483a1906bc8246849dd [CANDIDATE]: Term 4 pre-election: Election decided. Result: candidate lost.
I0507 20:07:15.528246 1047 raft_consensus.cc:2704] T 7161aaf1a71d455883ef478337dfaf19 P d1bf0f72a88f4483a1906bc8246849dd: Snoozing failure detection for 0.723s (election complete)
I0507 20:07:15.528329 1047 raft_consensus.cc:2459] T 7161aaf1a71d455883ef478337dfaf19 P d1bf0f72a88f4483a1906bc8246849dd [term 3 FOLLOWER]: Leader pre-election lost for term 4. Reason: could not achieve majority
I0507 20:07:15.750721 1047 raft_consensus.cc:435] T a0376a5e3b9f495aa00d366b35594a27 P d1bf0f72a88f4483a1906bc8246849dd [term 3 FOLLOWER]: Starting pre-election (detected failure of leader b5e887ddd8a14cf3b2c24a0aa14be025)
I0507 20:07:15.750829 1047 raft_consensus.cc:2704] T a0376a5e3b9f495aa00d366b35594a27 P d1bf0f72a88f4483a1906bc8246849dd: Snoozing failure detection for 0.299s (starting election)
I0507 20:07:15.750936 1047 raft_consensus.cc:457] T a0376a5e3b9f495aa00d366b35594a27 P d1bf0f72a88f4483a1906bc8246849dd [term 3 FOLLOWER]: Starting pre-election with config: opid_index: -1 OBSOLETE_local: false peers { permanent_uuid: "b5e887ddd8a14cf3b2c24a0aa14be025" member_type: VOTER last_known_addr { host: "127.0.52.195" port: 38453 } } peers { permanent_uuid: "d1bf0f72a88f4483a1906bc8246849dd" member_type: VOTER last_known_addr { host: "127.0.52.193" port: 46057 } } peers { permanent_uuid: "5014824b94b64fd49da2c1a645c078aa" member_type: VOTER last_known_addr { host: "127.0.52.194" port: 43942 } }
I0507 20:07:15.751376 1047 leader_election.cc:230] T a0376a5e3b9f495aa00d366b35594a27 P d1bf0f72a88f4483a1906bc8246849dd [CANDIDATE]: Term 4 pre-election: Requesting pre-vote from peer b5e887ddd8a14cf3b2c24a0aa14be025
I0507 20:07:15.751566 1047 leader_election.cc:230] T a0376a5e3b9f495aa00d366b35594a27 P d1bf0f72a88f4483a1906bc8246849dd [CANDIDATE]: Term 4 pre-election: Requesting pre-vote from peer 5014824b94b64fd49da2c1a645c078aa
W0507 20:07:15.752405 296 leader_election.cc:286] T a0376a5e3b9f495aa00d366b35594a27 P d1bf0f72a88f4483a1906bc8246849dd [CANDIDATE]: Term 4 pre-election: RPC error from VoteRequest() call to peer 5014824b94b64fd49da2c1a645c078aa: Network error: Client connection negotiation failed: client connection to 127.0.52.194:43942: connect: Connection refused (error 111)
W0507 20:07:15.826966 297 leader_election.cc:286] T d80f4fae4b9f4d238f7f626507290390 P d1bf0f72a88f4483a1906bc8246849dd [CANDIDATE]: Term 5 pre-election: RPC error from VoteRequest() call to peer b5e887ddd8a14cf3b2c24a0aa14be025: Timed out: RequestConsensusVote RPC to 127.0.52.195:38453 timed out after 0.385s (SENT)
I0507 20:07:15.827091 297 leader_election.cc:257] T d80f4fae4b9f4d238f7f626507290390 P d1bf0f72a88f4483a1906bc8246849dd [CANDIDATE]: Term 5 pre-election: Election decided. Result: candidate lost.
I0507 20:07:15.827448 1047 raft_consensus.cc:2704] T d80f4fae4b9f4d238f7f626507290390 P d1bf0f72a88f4483a1906bc8246849dd: Snoozing failure detection for 0.437s (election complete)
I0507 20:07:15.827555 1047 raft_consensus.cc:2459] T d80f4fae4b9f4d238f7f626507290390 P d1bf0f72a88f4483a1906bc8246849dd [term 4 FOLLOWER]: Leader pre-election lost for term 5. Reason: could not achieve majority
I0507 20:07:15.963389 407 maintenance_manager.cc:304] P d1bf0f72a88f4483a1906bc8246849dd: Scheduling FlushMRSOp(a0376a5e3b9f495aa00d366b35594a27): perf score=0.033384
I0507 20:07:15.964857 301 tablet.cc:1152] T a0376a5e3b9f495aa00d366b35594a27 P d1bf0f72a88f4483a1906bc8246849dd: Flush: entering stage 1 (old memrowset already frozen for inserts)
I0507 20:07:15.964942 301 compaction.cc:913] Selected 1 rowsets to compact:
I0507 20:07:15.964983 301 compaction.cc:916] memrowset(current size on disk: ~0 bytes)
I0507 20:07:15.965009 301 tablet.cc:1154] T a0376a5e3b9f495aa00d366b35594a27 P d1bf0f72a88f4483a1906bc8246849dd: Memstore in-memory size: 763 bytes
I0507 20:07:15.965814 301 tablet.cc:1443] T a0376a5e3b9f495aa00d366b35594a27 P d1bf0f72a88f4483a1906bc8246849dd: Flush: entering phase 1 (flushing snapshot). Phase 1 snapshot: MvccSnapshot[committed={T|T < 6249363610975170560 or (T in {6249363610975170560})}]
I0507 20:07:15.973246 301 multi_column_writer.cc:98] Opened CFile writers for 2 column(s)
I0507 20:07:15.984108 301 tablet.cc:1528] T a0376a5e3b9f495aa00d366b35594a27 P d1bf0f72a88f4483a1906bc8246849dd: Flush: entering phase 2 (starting to duplicate updates in new rowsets)
I0507 20:07:15.985337 301 tablet.cc:1583] T a0376a5e3b9f495aa00d366b35594a27 P d1bf0f72a88f4483a1906bc8246849dd: Flush Phase 2: carrying over any updates which arrived during Phase 1
I0507 20:07:15.985407 301 tablet.cc:1585] T a0376a5e3b9f495aa00d366b35594a27 P d1bf0f72a88f4483a1906bc8246849dd: Phase 2 snapshot: MvccSnapshot[committed={T|T < 6249363610975170560 or (T in {6249363610975170560})}]
I0507 20:07:15.990154 301 tablet.cc:1633] T a0376a5e3b9f495aa00d366b35594a27 P d1bf0f72a88f4483a1906bc8246849dd: Flush successful on 6 rows (4492 bytes)
I0507 20:07:15.990772 301 maintenance_manager.cc:494] P d1bf0f72a88f4483a1906bc8246849dd: FlushMRSOp(a0376a5e3b9f495aa00d366b35594a27) complete. Timing: real 0.027s user 0.024s sys 0.000s Metrics: {"cfile_init":1,"compiler_manager_pool.queue_time_us":385,"data dirs.queue_time_us":343,"data dirs.run_cpu_time_us":228,"data dirs.run_wall_time_us":1163,"lbm_read_time_us":68,"lbm_reads_lt_1ms":4,"lbm_write_time_us":352,"lbm_writes_lt_1ms":18,"thread_start_us":624,"threads_started":3,"wal-append.queue_time_us":392}
I0507 20:07:15.992372 407 maintenance_manager.cc:304] P d1bf0f72a88f4483a1906bc8246849dd: Scheduling UndoDeltaBlockGCOp(a0376a5e3b9f495aa00d366b35594a27): 223 bytes on disk
I0507 20:07:15.993263 301 maintenance_manager.cc:494] P d1bf0f72a88f4483a1906bc8246849dd: UndoDeltaBlockGCOp(a0376a5e3b9f495aa00d366b35594a27) complete. Timing: real 0.001s user 0.000s sys 0.000s Metrics: {"cfile_init":1,"lbm_read_time_us":85,"lbm_reads_lt_1ms":4}
I0507 20:07:15.993872 407 maintenance_manager.cc:304] P d1bf0f72a88f4483a1906bc8246849dd: Scheduling FlushMRSOp(7161aaf1a71d455883ef478337dfaf19): perf score=0.033376
I0507 20:07:15.994398 301 tablet.cc:1152] T 7161aaf1a71d455883ef478337dfaf19 P d1bf0f72a88f4483a1906bc8246849dd: Flush: entering stage 1 (old memrowset already frozen for inserts)
I0507 20:07:15.994468 301 compaction.cc:913] Selected 1 rowsets to compact:
I0507 20:07:15.994505 301 compaction.cc:916] memrowset(current size on disk: ~0 bytes)
I0507 20:07:15.994532 301 tablet.cc:1154] T 7161aaf1a71d455883ef478337dfaf19 P d1bf0f72a88f4483a1906bc8246849dd: Memstore in-memory size: 763 bytes
I0507 20:07:15.994602 301 tablet.cc:1443] T 7161aaf1a71d455883ef478337dfaf19 P d1bf0f72a88f4483a1906bc8246849dd: Flush: entering phase 1 (flushing snapshot). Phase 1 snapshot: MvccSnapshot[committed={T|T < 6249363615459508224 or (T in {6249363615459508224})}]
I0507 20:07:15.995577 301 multi_column_writer.cc:98] Opened CFile writers for 2 column(s)
I0507 20:07:16.000417 301 tablet.cc:1528] T 7161aaf1a71d455883ef478337dfaf19 P d1bf0f72a88f4483a1906bc8246849dd: Flush: entering phase 2 (starting to duplicate updates in new rowsets)
I0507 20:07:16.000655 301 tablet.cc:1583] T 7161aaf1a71d455883ef478337dfaf19 P d1bf0f72a88f4483a1906bc8246849dd: Flush Phase 2: carrying over any updates which arrived during Phase 1
I0507 20:07:16.000716 301 tablet.cc:1585] T 7161aaf1a71d455883ef478337dfaf19 P d1bf0f72a88f4483a1906bc8246849dd: Phase 2 snapshot: MvccSnapshot[committed={T|T < 6249363615459508224 or (T in {6249363615459508224})}]
I0507 20:07:16.005028 301 tablet.cc:1633] T 7161aaf1a71d455883ef478337dfaf19 P d1bf0f72a88f4483a1906bc8246849dd: Flush successful on 10 rows (4506 bytes)
I0507 20:07:16.005264 301 maintenance_manager.cc:494] P d1bf0f72a88f4483a1906bc8246849dd: FlushMRSOp(7161aaf1a71d455883ef478337dfaf19) complete. Timing: real 0.011s user 0.008s sys 0.000s Metrics: {"cfile_init":1,"data dirs.queue_time_us":68,"data dirs.run_cpu_time_us":264,"data dirs.run_wall_time_us":1944,"lbm_read_time_us":120,"lbm_reads_lt_1ms":4,"lbm_write_time_us":388,"lbm_writes_lt_1ms":18,"thread_start_us":290,"threads_started":1,"wal-append.queue_time_us":510}
I0507 20:07:16.006081 407 maintenance_manager.cc:304] P d1bf0f72a88f4483a1906bc8246849dd: Scheduling FlushMRSOp(d80f4fae4b9f4d238f7f626507290390): perf score=0.033376
I0507 20:07:16.006538 301 tablet.cc:1152] T d80f4fae4b9f4d238f7f626507290390 P d1bf0f72a88f4483a1906bc8246849dd: Flush: entering stage 1 (old memrowset already frozen for inserts)
I0507 20:07:16.006677 301 compaction.cc:913] Selected 1 rowsets to compact:
I0507 20:07:16.006712 301 compaction.cc:916] memrowset(current size on disk: ~0 bytes)
I0507 20:07:16.006772 301 tablet.cc:1154] T d80f4fae4b9f4d238f7f626507290390 P d1bf0f72a88f4483a1906bc8246849dd: Memstore in-memory size: 763 bytes
I0507 20:07:16.006817 301 tablet.cc:1443] T d80f4fae4b9f4d238f7f626507290390 P d1bf0f72a88f4483a1906bc8246849dd: Flush: entering phase 1 (flushing snapshot). Phase 1 snapshot: MvccSnapshot[committed={T|T < 6249363615674081280 or (T in {6249363615674081280})}]
I0507 20:07:16.008605 301 multi_column_writer.cc:98] Opened CFile writers for 2 column(s)
I0507 20:07:16.011587 301 tablet.cc:1528] T d80f4fae4b9f4d238f7f626507290390 P d1bf0f72a88f4483a1906bc8246849dd: Flush: entering phase 2 (starting to duplicate updates in new rowsets)
I0507 20:07:16.011857 301 tablet.cc:1583] T d80f4fae4b9f4d238f7f626507290390 P d1bf0f72a88f4483a1906bc8246849dd: Flush Phase 2: carrying over any updates which arrived during Phase 1
I0507 20:07:16.011898 301 tablet.cc:1585] T d80f4fae4b9f4d238f7f626507290390 P d1bf0f72a88f4483a1906bc8246849dd: Phase 2 snapshot: MvccSnapshot[committed={T|T < 6249363615674081280 or (T in {6249363615674081280})}]
I0507 20:07:16.015481 301 tablet.cc:1633] T d80f4fae4b9f4d238f7f626507290390 P d1bf0f72a88f4483a1906bc8246849dd: Flush successful on 8 rows (4479 bytes)
I0507 20:07:16.015719 301 maintenance_manager.cc:494] P d1bf0f72a88f4483a1906bc8246849dd: FlushMRSOp(d80f4fae4b9f4d238f7f626507290390) complete. Timing: real 0.009s user 0.008s sys 0.000s Metrics: {"cfile_init":1,"data dirs.queue_time_us":84,"data dirs.run_cpu_time_us":233,"data dirs.run_wall_time_us":1683,"lbm_read_time_us":54,"lbm_reads_lt_1ms":4,"lbm_write_time_us":350,"lbm_writes_lt_1ms":18,"thread_start_us":191,"threads_started":1,"wal-append.queue_time_us":359}
I0507 20:07:16.016464 407 maintenance_manager.cc:304] P d1bf0f72a88f4483a1906bc8246849dd: Scheduling UndoDeltaBlockGCOp(7161aaf1a71d455883ef478337dfaf19): 274 bytes on disk
I0507 20:07:16.016963 301 maintenance_manager.cc:494] P d1bf0f72a88f4483a1906bc8246849dd: UndoDeltaBlockGCOp(7161aaf1a71d455883ef478337dfaf19) complete. Timing: real 0.000s user 0.000s sys 0.000s Metrics: {"cfile_init":1,"lbm_read_time_us":67,"lbm_reads_lt_1ms":4}
I0507 20:07:16.017328 407 maintenance_manager.cc:304] P d1bf0f72a88f4483a1906bc8246849dd: Scheduling UndoDeltaBlockGCOp(d80f4fae4b9f4d238f7f626507290390): 246 bytes on disk
I0507 20:07:16.017726 301 maintenance_manager.cc:494] P d1bf0f72a88f4483a1906bc8246849dd: UndoDeltaBlockGCOp(d80f4fae4b9f4d238f7f626507290390) complete. Timing: real 0.000s user 0.000s sys 0.000s Metrics: {"cfile_init":1,"lbm_read_time_us":48,"lbm_reads_lt_1ms":4}
I0507 20:07:16.050274 1047 raft_consensus.cc:435] T a0376a5e3b9f495aa00d366b35594a27 P d1bf0f72a88f4483a1906bc8246849dd [term 3 FOLLOWER]: Starting pre-election (detected failure of leader b5e887ddd8a14cf3b2c24a0aa14be025)
I0507 20:07:16.050385 1047 raft_consensus.cc:2704] T a0376a5e3b9f495aa00d366b35594a27 P d1bf0f72a88f4483a1906bc8246849dd: Snoozing failure detection for 0.502s (starting election)
I0507 20:07:16.050467 1047 raft_consensus.cc:457] T a0376a5e3b9f495aa00d366b35594a27 P d1bf0f72a88f4483a1906bc8246849dd [term 3 FOLLOWER]: Starting pre-election with config: opid_index: -1 OBSOLETE_local: false peers { permanent_uuid: "b5e887ddd8a14cf3b2c24a0aa14be025" member_type: VOTER last_known_addr { host: "127.0.52.195" port: 38453 } } peers { permanent_uuid: "d1bf0f72a88f4483a1906bc8246849dd" member_type: VOTER last_known_addr { host: "127.0.52.193" port: 46057 } } peers { permanent_uuid: "5014824b94b64fd49da2c1a645c078aa" member_type: VOTER last_known_addr { host: "127.0.52.194" port: 43942 } }
I0507 20:07:16.050922 1047 leader_election.cc:230] T a0376a5e3b9f495aa00d366b35594a27 P d1bf0f72a88f4483a1906bc8246849dd [CANDIDATE]: Term 4 pre-election: Requesting pre-vote from peer b5e887ddd8a14cf3b2c24a0aa14be025
I0507 20:07:16.051097 1047 leader_election.cc:230] T a0376a5e3b9f495aa00d366b35594a27 P d1bf0f72a88f4483a1906bc8246849dd [CANDIDATE]: Term 4 pre-election: Requesting pre-vote from peer 5014824b94b64fd49da2c1a645c078aa
W0507 20:07:16.051328 297 leader_election.cc:286] T a0376a5e3b9f495aa00d366b35594a27 P d1bf0f72a88f4483a1906bc8246849dd [CANDIDATE]: Term 4 pre-election: RPC error from VoteRequest() call to peer b5e887ddd8a14cf3b2c24a0aa14be025: Timed out: RequestConsensusVote RPC to 127.0.52.195:38453 timed out after 0.299s (SENT)
I0507 20:07:16.051376 297 leader_election.cc:257] T a0376a5e3b9f495aa00d366b35594a27 P d1bf0f72a88f4483a1906bc8246849dd [CANDIDATE]: Term 4 pre-election: Election decided. Result: candidate lost.
I0507 20:07:16.051581 1047 raft_consensus.cc:2704] T a0376a5e3b9f495aa00d366b35594a27 P d1bf0f72a88f4483a1906bc8246849dd: Snoozing failure detection for 0.887s (election complete)
I0507 20:07:16.051625 1047 raft_consensus.cc:2459] T a0376a5e3b9f495aa00d366b35594a27 P d1bf0f72a88f4483a1906bc8246849dd [term 3 FOLLOWER]: Leader pre-election lost for term 4. Reason: could not achieve majority
W0507 20:07:16.052034 296 leader_election.cc:286] T a0376a5e3b9f495aa00d366b35594a27 P d1bf0f72a88f4483a1906bc8246849dd [CANDIDATE]: Term 4 pre-election: RPC error from VoteRequest() call to peer 5014824b94b64fd49da2c1a645c078aa: Network error: Client connection negotiation failed: client connection to 127.0.52.194:43942: connect: Connection refused (error 111)
I0507 20:07:16.252305 1047 raft_consensus.cc:435] T 7161aaf1a71d455883ef478337dfaf19 P d1bf0f72a88f4483a1906bc8246849dd [term 3 FOLLOWER]: Starting pre-election (detected failure of leader b5e887ddd8a14cf3b2c24a0aa14be025)
I0507 20:07:16.252418 1047 raft_consensus.cc:2704] T 7161aaf1a71d455883ef478337dfaf19 P d1bf0f72a88f4483a1906bc8246849dd: Snoozing failure detection for 0.937s (starting election)
I0507 20:07:16.252509 1047 raft_consensus.cc:457] T 7161aaf1a71d455883ef478337dfaf19 P d1bf0f72a88f4483a1906bc8246849dd [term 3 FOLLOWER]: Starting pre-election with config: opid_index: -1 OBSOLETE_local: false peers { permanent_uuid: "5014824b94b64fd49da2c1a645c078aa" member_type: VOTER last_known_addr { host: "127.0.52.194" port: 43942 } } peers { permanent_uuid: "d1bf0f72a88f4483a1906bc8246849dd" member_type: VOTER last_known_addr { host: "127.0.52.193" port: 46057 } } peers { permanent_uuid: "b5e887ddd8a14cf3b2c24a0aa14be025" member_type: VOTER last_known_addr { host: "127.0.52.195" port: 38453 } }
I0507 20:07:16.252996 1047 leader_election.cc:230] T 7161aaf1a71d455883ef478337dfaf19 P d1bf0f72a88f4483a1906bc8246849dd [CANDIDATE]: Term 4 pre-election: Requesting pre-vote from peer 5014824b94b64fd49da2c1a645c078aa
I0507 20:07:16.253212 1047 leader_election.cc:230] T 7161aaf1a71d455883ef478337dfaf19 P d1bf0f72a88f4483a1906bc8246849dd [CANDIDATE]: Term 4 pre-election: Requesting pre-vote from peer b5e887ddd8a14cf3b2c24a0aa14be025
W0507 20:07:16.254601 296 leader_election.cc:286] T 7161aaf1a71d455883ef478337dfaf19 P d1bf0f72a88f4483a1906bc8246849dd [CANDIDATE]: Term 4 pre-election: RPC error from VoteRequest() call to peer 5014824b94b64fd49da2c1a645c078aa: Network error: Client connection negotiation failed: client connection to 127.0.52.194:43942: connect: Connection refused (error 111)
I0507 20:07:16.265693 1047 raft_consensus.cc:435] T d80f4fae4b9f4d238f7f626507290390 P d1bf0f72a88f4483a1906bc8246849dd [term 4 FOLLOWER]: Starting pre-election (detected failure of leader b5e887ddd8a14cf3b2c24a0aa14be025)
I0507 20:07:16.265802 1047 raft_consensus.cc:2704] T d80f4fae4b9f4d238f7f626507290390 P d1bf0f72a88f4483a1906bc8246849dd: Snoozing failure detection for 0.795s (starting election)
I0507 20:07:16.265933 1047 raft_consensus.cc:457] T d80f4fae4b9f4d238f7f626507290390 P d1bf0f72a88f4483a1906bc8246849dd [term 4 FOLLOWER]: Starting pre-election with config: opid_index: -1 OBSOLETE_local: false peers { permanent_uuid: "5014824b94b64fd49da2c1a645c078aa" member_type: VOTER last_known_addr { host: "127.0.52.194" port: 43942 } } peers { permanent_uuid: "d1bf0f72a88f4483a1906bc8246849dd" member_type: VOTER last_known_addr { host: "127.0.52.193" port: 46057 } } peers { permanent_uuid: "b5e887ddd8a14cf3b2c24a0aa14be025" member_type: VOTER last_known_addr { host: "127.0.52.195" port: 38453 } }
I0507 20:07:16.266412 1047 leader_election.cc:230] T d80f4fae4b9f4d238f7f626507290390 P d1bf0f72a88f4483a1906bc8246849dd [CANDIDATE]: Term 5 pre-election: Requesting pre-vote from peer 5014824b94b64fd49da2c1a645c078aa
I0507 20:07:16.266599 1047 leader_election.cc:230] T d80f4fae4b9f4d238f7f626507290390 P d1bf0f72a88f4483a1906bc8246849dd [CANDIDATE]: Term 5 pre-election: Requesting pre-vote from peer b5e887ddd8a14cf3b2c24a0aa14be025
W0507 20:07:16.267349 296 leader_election.cc:286] T d80f4fae4b9f4d238f7f626507290390 P d1bf0f72a88f4483a1906bc8246849dd [CANDIDATE]: Term 5 pre-election: RPC error from VoteRequest() call to peer 5014824b94b64fd49da2c1a645c078aa: Network error: Client connection negotiation failed: client connection to 127.0.52.194:43942: connect: Connection refused (error 111)
W0507 20:07:16.553958 297 leader_election.cc:286] T a0376a5e3b9f495aa00d366b35594a27 P d1bf0f72a88f4483a1906bc8246849dd [CANDIDATE]: Term 4 pre-election: RPC error from VoteRequest() call to peer b5e887ddd8a14cf3b2c24a0aa14be025: Timed out: RequestConsensusVote RPC to 127.0.52.195:38453 timed out after 0.502s (SENT)
I0507 20:07:16.554047 297 leader_election.cc:257] T a0376a5e3b9f495aa00d366b35594a27 P d1bf0f72a88f4483a1906bc8246849dd [CANDIDATE]: Term 4 pre-election: Election decided. Result: candidate lost.
I0507 20:07:16.554311 1047 raft_consensus.cc:2704] T a0376a5e3b9f495aa00d366b35594a27 P d1bf0f72a88f4483a1906bc8246849dd: Snoozing failure detection for 0.614s (election complete)
I0507 20:07:16.554388 1047 raft_consensus.cc:2459] T a0376a5e3b9f495aa00d366b35594a27 P d1bf0f72a88f4483a1906bc8246849dd [term 3 FOLLOWER]: Leader pre-election lost for term 4. Reason: could not achieve majority
W0507 20:07:16.815560 660 negotiation.cc:313] Failed RPC negotiation. Trace: 0507 20:07:13.816005 (+ 0us) reactor.cc:577] Submitting negotiation task for client connection to 127.0.52.195:38453 0507 20:07:13.816269 (+ 264us) negotiation.cc:98] Waiting for socket to connect 0507 20:07:13.816284 (+ 15us) client_negotiation.cc:160] Beginning negotiation 0507 20:07:13.816380 (+ 96us) client_negotiation.cc:237] Sending NEGOTIATE NegotiatePB request 0507 20:07:16.815223 (+2998843us) negotiation.cc:304] Negotiation complete: Timed out: Client connection negotiation failed: client connection to 127.0.52.195:38453 Metrics: {"client-negotiator.queue_time_us":83}
W0507 20:07:16.815827 659 meta_cache.cc:216] Tablet a0376a5e3b9f495aa00d366b35594a27: Replica b5e887ddd8a14cf3b2c24a0aa14be025 (127.0.52.195:38453) has failed: Timed out: Client connection negotiation failed: client connection to 127.0.52.195:38453
I0507 20:07:17.062131 1060 raft_consensus.cc:435] T d80f4fae4b9f4d238f7f626507290390 P d1bf0f72a88f4483a1906bc8246849dd [term 4 FOLLOWER]: Starting pre-election (detected failure of leader b5e887ddd8a14cf3b2c24a0aa14be025)
I0507 20:07:17.062232 1060 raft_consensus.cc:2704] T d80f4fae4b9f4d238f7f626507290390 P d1bf0f72a88f4483a1906bc8246849dd: Snoozing failure detection for 0.610s (starting election)
I0507 20:07:17.062305 1060 raft_consensus.cc:457] T d80f4fae4b9f4d238f7f626507290390 P d1bf0f72a88f4483a1906bc8246849dd [term 4 FOLLOWER]: Starting pre-election with config: opid_index: -1 OBSOLETE_local: false peers { permanent_uuid: "5014824b94b64fd49da2c1a645c078aa" member_type: VOTER last_known_addr { host: "127.0.52.194" port: 43942 } } peers { permanent_uuid: "d1bf0f72a88f4483a1906bc8246849dd" member_type: VOTER last_known_addr { host: "127.0.52.193" port: 46057 } } peers { permanent_uuid: "b5e887ddd8a14cf3b2c24a0aa14be025" member_type: VOTER last_known_addr { host: "127.0.52.195" port: 38453 } }
I0507 20:07:17.062728 1060 leader_election.cc:230] T d80f4fae4b9f4d238f7f626507290390 P d1bf0f72a88f4483a1906bc8246849dd [CANDIDATE]: Term 5 pre-election: Requesting pre-vote from peer 5014824b94b64fd49da2c1a645c078aa
I0507 20:07:17.062906 1060 leader_election.cc:230] T d80f4fae4b9f4d238f7f626507290390 P d1bf0f72a88f4483a1906bc8246849dd [CANDIDATE]: Term 5 pre-election: Requesting pre-vote from peer b5e887ddd8a14cf3b2c24a0aa14be025
W0507 20:07:17.062981 297 leader_election.cc:286] T d80f4fae4b9f4d238f7f626507290390 P d1bf0f72a88f4483a1906bc8246849dd [CANDIDATE]: Term 5 pre-election: RPC error from VoteRequest() call to peer b5e887ddd8a14cf3b2c24a0aa14be025: Timed out: RequestConsensusVote RPC to 127.0.52.195:38453 timed out after 0.795s (SENT)
I0507 20:07:17.063060 297 leader_election.cc:257] T d80f4fae4b9f4d238f7f626507290390 P d1bf0f72a88f4483a1906bc8246849dd [CANDIDATE]: Term 5 pre-election: Election decided. Result: candidate lost.
I0507 20:07:17.063205 1060 raft_consensus.cc:2704] T d80f4fae4b9f4d238f7f626507290390 P d1bf0f72a88f4483a1906bc8246849dd: Snoozing failure detection for 0.480s (election complete)
I0507 20:07:17.063256 1060 raft_consensus.cc:2459] T d80f4fae4b9f4d238f7f626507290390 P d1bf0f72a88f4483a1906bc8246849dd [term 4 FOLLOWER]: Leader pre-election lost for term 5. Reason: could not achieve majority
W0507 20:07:17.063668 296 leader_election.cc:286] T d80f4fae4b9f4d238f7f626507290390 P d1bf0f72a88f4483a1906bc8246849dd [CANDIDATE]: Term 5 pre-election: RPC error from VoteRequest() call to peer 5014824b94b64fd49da2c1a645c078aa: Network error: Client connection negotiation failed: client connection to 127.0.52.194:43942: connect: Connection refused (error 111)
I0507 20:07:17.169379 1060 raft_consensus.cc:435] T a0376a5e3b9f495aa00d366b35594a27 P d1bf0f72a88f4483a1906bc8246849dd [term 3 FOLLOWER]: Starting pre-election (detected failure of leader b5e887ddd8a14cf3b2c24a0aa14be025)
I0507 20:07:17.169513 1060 raft_consensus.cc:2704] T a0376a5e3b9f495aa00d366b35594a27 P d1bf0f72a88f4483a1906bc8246849dd: Snoozing failure detection for 0.745s (starting election)
I0507 20:07:17.169592 1060 raft_consensus.cc:457] T a0376a5e3b9f495aa00d366b35594a27 P d1bf0f72a88f4483a1906bc8246849dd [term 3 FOLLOWER]: Starting pre-election with config: opid_index: -1 OBSOLETE_local: false peers { permanent_uuid: "b5e887ddd8a14cf3b2c24a0aa14be025" member_type: VOTER last_known_addr { host: "127.0.52.195" port: 38453 } } peers { permanent_uuid: "d1bf0f72a88f4483a1906bc8246849dd" member_type: VOTER last_known_addr { host: "127.0.52.193" port: 46057 } } peers { permanent_uuid: "5014824b94b64fd49da2c1a645c078aa" member_type: VOTER last_known_addr { host: "127.0.52.194" port: 43942 } }
I0507 20:07:17.170029 1060 leader_election.cc:230] T a0376a5e3b9f495aa00d366b35594a27 P d1bf0f72a88f4483a1906bc8246849dd [CANDIDATE]: Term 4 pre-election: Requesting pre-vote from peer b5e887ddd8a14cf3b2c24a0aa14be025
I0507 20:07:17.170193 1060 leader_election.cc:230] T a0376a5e3b9f495aa00d366b35594a27 P d1bf0f72a88f4483a1906bc8246849dd [CANDIDATE]: Term 4 pre-election: Requesting pre-vote from peer 5014824b94b64fd49da2c1a645c078aa
W0507 20:07:17.171034 296 leader_election.cc:286] T a0376a5e3b9f495aa00d366b35594a27 P d1bf0f72a88f4483a1906bc8246849dd [CANDIDATE]: Term 4 pre-election: RPC error from VoteRequest() call to peer 5014824b94b64fd49da2c1a645c078aa: Network error: Client connection negotiation failed: client connection to 127.0.52.194:43942: connect: Connection refused (error 111)
I0507 20:07:17.190804 1060 raft_consensus.cc:435] T 7161aaf1a71d455883ef478337dfaf19 P d1bf0f72a88f4483a1906bc8246849dd [term 3 FOLLOWER]: Starting pre-election (detected failure of leader b5e887ddd8a14cf3b2c24a0aa14be025)
I0507 20:07:17.190924 1060 raft_consensus.cc:2704] T 7161aaf1a71d455883ef478337dfaf19 P d1bf0f72a88f4483a1906bc8246849dd: Snoozing failure detection for 0.832s (starting election)
I0507 20:07:17.191007 1060 raft_consensus.cc:457] T 7161aaf1a71d455883ef478337dfaf19 P d1bf0f72a88f4483a1906bc8246849dd [term 3 FOLLOWER]: Starting pre-election with config: opid_index: -1 OBSOLETE_local: false peers { permanent_uuid: "5014824b94b64fd49da2c1a645c078aa" member_type: VOTER last_known_addr { host: "127.0.52.194" port: 43942 } } peers { permanent_uuid: "d1bf0f72a88f4483a1906bc8246849dd" member_type: VOTER last_known_addr { host: "127.0.52.193" port: 46057 } } peers { permanent_uuid: "b5e887ddd8a14cf3b2c24a0aa14be025" member_type: VOTER last_known_addr { host: "127.0.52.195" port: 38453 } }
I0507 20:07:17.191408 1060 leader_election.cc:230] T 7161aaf1a71d455883ef478337dfaf19 P d1bf0f72a88f4483a1906bc8246849dd [CANDIDATE]: Term 4 pre-election: Requesting pre-vote from peer 5014824b94b64fd49da2c1a645c078aa
I0507 20:07:17.191619 1060 leader_election.cc:230] T 7161aaf1a71d455883ef478337dfaf19 P d1bf0f72a88f4483a1906bc8246849dd [CANDIDATE]: Term 4 pre-election: Requesting pre-vote from peer b5e887ddd8a14cf3b2c24a0aa14be025
W0507 20:07:17.191869 297 leader_election.cc:286] T 7161aaf1a71d455883ef478337dfaf19 P d1bf0f72a88f4483a1906bc8246849dd [CANDIDATE]: Term 4 pre-election: RPC error from VoteRequest() call to peer b5e887ddd8a14cf3b2c24a0aa14be025: Timed out: RequestConsensusVote RPC to 127.0.52.195:38453 timed out after 0.937s (SENT)
I0507 20:07:17.191922 297 leader_election.cc:257] T 7161aaf1a71d455883ef478337dfaf19 P d1bf0f72a88f4483a1906bc8246849dd [CANDIDATE]: Term 4 pre-election: Election decided. Result: candidate lost.
I0507 20:07:17.192095 1060 raft_consensus.cc:2704] T 7161aaf1a71d455883ef478337dfaf19 P d1bf0f72a88f4483a1906bc8246849dd: Snoozing failure detection for 0.560s (election complete)
I0507 20:07:17.192142 1060 raft_consensus.cc:2459] T 7161aaf1a71d455883ef478337dfaf19 P d1bf0f72a88f4483a1906bc8246849dd [term 3 FOLLOWER]: Leader pre-election lost for term 4. Reason: could not achieve majority
W0507 20:07:17.192479 296 leader_election.cc:286] T 7161aaf1a71d455883ef478337dfaf19 P d1bf0f72a88f4483a1906bc8246849dd [CANDIDATE]: Term 4 pre-election: RPC error from VoteRequest() call to peer 5014824b94b64fd49da2c1a645c078aa: Network error: Client connection negotiation failed: client connection to 127.0.52.194:43942: connect: Connection refused (error 111)
I0507 20:07:17.544284 1060 raft_consensus.cc:435] T d80f4fae4b9f4d238f7f626507290390 P d1bf0f72a88f4483a1906bc8246849dd [term 4 FOLLOWER]: Starting pre-election (detected failure of leader b5e887ddd8a14cf3b2c24a0aa14be025)
I0507 20:07:17.544401 1060 raft_consensus.cc:2704] T d80f4fae4b9f4d238f7f626507290390 P d1bf0f72a88f4483a1906bc8246849dd: Snoozing failure detection for 0.510s (starting election)
I0507 20:07:17.544489 1060 raft_consensus.cc:457] T d80f4fae4b9f4d238f7f626507290390 P d1bf0f72a88f4483a1906bc8246849dd [term 4 FOLLOWER]: Starting pre-election with config: opid_index: -1 OBSOLETE_local: false peers { permanent_uuid: "5014824b94b64fd49da2c1a645c078aa" member_type: VOTER last_known_addr { host: "127.0.52.194" port: 43942 } } peers { permanent_uuid: "d1bf0f72a88f4483a1906bc8246849dd" member_type: VOTER last_known_addr { host: "127.0.52.193" port: 46057 } } peers { permanent_uuid: "b5e887ddd8a14cf3b2c24a0aa14be025" member_type: VOTER last_known_addr { host: "127.0.52.195" port: 38453 } }
I0507 20:07:17.544955 1060 leader_election.cc:230] T d80f4fae4b9f4d238f7f626507290390 P d1bf0f72a88f4483a1906bc8246849dd [CANDIDATE]: Term 5 pre-election: Requesting pre-vote from peer 5014824b94b64fd49da2c1a645c078aa
I0507 20:07:17.545111 1060 leader_election.cc:230] T d80f4fae4b9f4d238f7f626507290390 P d1bf0f72a88f4483a1906bc8246849dd [CANDIDATE]: Term 5 pre-election: Requesting pre-vote from peer b5e887ddd8a14cf3b2c24a0aa14be025
W0507 20:07:17.545852 296 leader_election.cc:286] T d80f4fae4b9f4d238f7f626507290390 P d1bf0f72a88f4483a1906bc8246849dd [CANDIDATE]: Term 5 pre-election: RPC error from VoteRequest() call to peer 5014824b94b64fd49da2c1a645c078aa: Network error: Client connection negotiation failed: client connection to 127.0.52.194:43942: connect: Connection refused (error 111)
W0507 20:07:17.674353 297 leader_election.cc:286] T d80f4fae4b9f4d238f7f626507290390 P d1bf0f72a88f4483a1906bc8246849dd [CANDIDATE]: Term 5 pre-election: RPC error from VoteRequest() call to peer b5e887ddd8a14cf3b2c24a0aa14be025: Timed out: RequestConsensusVote RPC to 127.0.52.195:38453 timed out after 0.610s (SENT)
I0507 20:07:17.674448 297 leader_election.cc:257] T d80f4fae4b9f4d238f7f626507290390 P d1bf0f72a88f4483a1906bc8246849dd [CANDIDATE]: Term 5 pre-election: Election decided. Result: candidate lost.
I0507 20:07:17.674695 1060 raft_consensus.cc:2704] T d80f4fae4b9f4d238f7f626507290390 P d1bf0f72a88f4483a1906bc8246849dd: Snoozing failure detection for 0.499s (election complete)
I0507 20:07:17.674764 1060 raft_consensus.cc:2459] T d80f4fae4b9f4d238f7f626507290390 P d1bf0f72a88f4483a1906bc8246849dd [term 4 FOLLOWER]: Leader pre-election lost for term 5. Reason: could not achieve majority
I0507 20:07:17.753121 1060 raft_consensus.cc:435] T 7161aaf1a71d455883ef478337dfaf19 P d1bf0f72a88f4483a1906bc8246849dd [term 3 FOLLOWER]: Starting pre-election (detected failure of leader b5e887ddd8a14cf3b2c24a0aa14be025)
I0507 20:07:17.753244 1060 raft_consensus.cc:2704] T 7161aaf1a71d455883ef478337dfaf19 P d1bf0f72a88f4483a1906bc8246849dd: Snoozing failure detection for 0.418s (starting election)
I0507 20:07:17.753334 1060 raft_consensus.cc:457] T 7161aaf1a71d455883ef478337dfaf19 P d1bf0f72a88f4483a1906bc8246849dd [term 3 FOLLOWER]: Starting pre-election with config: opid_index: -1 OBSOLETE_local: false peers { permanent_uuid: "5014824b94b64fd49da2c1a645c078aa" member_type: VOTER last_known_addr { host: "127.0.52.194" port: 43942 } } peers { permanent_uuid: "d1bf0f72a88f4483a1906bc8246849dd" member_type: VOTER last_known_addr { host: "127.0.52.193" port: 46057 } } peers { permanent_uuid: "b5e887ddd8a14cf3b2c24a0aa14be025" member_type: VOTER last_known_addr { host: "127.0.52.195" port: 38453 } }
I0507 20:07:17.753859 1060 leader_election.cc:230] T 7161aaf1a71d455883ef478337dfaf19 P d1bf0f72a88f4483a1906bc8246849dd [CANDIDATE]: Term 4 pre-election: Requesting pre-vote from peer 5014824b94b64fd49da2c1a645c078aa
I0507 20:07:17.754005 1060 leader_election.cc:230] T 7161aaf1a71d455883ef478337dfaf19 P d1bf0f72a88f4483a1906bc8246849dd [CANDIDATE]: Term 4 pre-election: Requesting pre-vote from peer b5e887ddd8a14cf3b2c24a0aa14be025
W0507 20:07:17.754647 296 leader_election.cc:286] T 7161aaf1a71d455883ef478337dfaf19 P d1bf0f72a88f4483a1906bc8246849dd [CANDIDATE]: Term 4 pre-election: RPC error from VoteRequest() call to peer 5014824b94b64fd49da2c1a645c078aa: Network error: Client connection negotiation failed: client connection to 127.0.52.194:43942: connect: Connection refused (error 111)
I0507 20:07:17.915259 1060 raft_consensus.cc:435] T a0376a5e3b9f495aa00d366b35594a27 P d1bf0f72a88f4483a1906bc8246849dd [term 3 FOLLOWER]: Starting pre-election (detected failure of leader b5e887ddd8a14cf3b2c24a0aa14be025)
I0507 20:07:17.915380 1060 raft_consensus.cc:2704] T a0376a5e3b9f495aa00d366b35594a27 P d1bf0f72a88f4483a1906bc8246849dd: Snoozing failure detection for 0.184s (starting election)
I0507 20:07:17.915452 1060 raft_consensus.cc:457] T a0376a5e3b9f495aa00d366b35594a27 P d1bf0f72a88f4483a1906bc8246849dd [term 3 FOLLOWER]: Starting pre-election with config: opid_index: -1 OBSOLETE_local: false peers { permanent_uuid: "b5e887ddd8a14cf3b2c24a0aa14be025" member_type: VOTER last_known_addr { host: "127.0.52.195" port: 38453 } } peers { permanent_uuid: "d1bf0f72a88f4483a1906bc8246849dd" member_type: VOTER last_known_addr { host: "127.0.52.193" port: 46057 } } peers { permanent_uuid: "5014824b94b64fd49da2c1a645c078aa" member_type: VOTER last_known_addr { host: "127.0.52.194" port: 43942 } }
I0507 20:07:17.915915 1060 leader_election.cc:230] T a0376a5e3b9f495aa00d366b35594a27 P d1bf0f72a88f4483a1906bc8246849dd [CANDIDATE]: Term 4 pre-election: Requesting pre-vote from peer b5e887ddd8a14cf3b2c24a0aa14be025
I0507 20:07:17.916069 1060 leader_election.cc:230] T a0376a5e3b9f495aa00d366b35594a27 P d1bf0f72a88f4483a1906bc8246849dd [CANDIDATE]: Term 4 pre-election: Requesting pre-vote from peer 5014824b94b64fd49da2c1a645c078aa
W0507 20:07:17.916278 297 leader_election.cc:286] T a0376a5e3b9f495aa00d366b35594a27 P d1bf0f72a88f4483a1906bc8246849dd [CANDIDATE]: Term 4 pre-election: RPC error from VoteRequest() call to peer b5e887ddd8a14cf3b2c24a0aa14be025: Timed out: RequestConsensusVote RPC to 127.0.52.195:38453 timed out after 0.745s (SENT)
I0507 20:07:17.916337 297 leader_election.cc:257] T a0376a5e3b9f495aa00d366b35594a27 P d1bf0f72a88f4483a1906bc8246849dd [CANDIDATE]: Term 4 pre-election: Election decided. Result: candidate lost.
I0507 20:07:17.916539 1060 raft_consensus.cc:2704] T a0376a5e3b9f495aa00d366b35594a27 P d1bf0f72a88f4483a1906bc8246849dd: Snoozing failure detection for 0.816s (election complete)
I0507 20:07:17.916590 1060 raft_consensus.cc:2459] T a0376a5e3b9f495aa00d366b35594a27 P d1bf0f72a88f4483a1906bc8246849dd [term 3 FOLLOWER]: Leader pre-election lost for term 4. Reason: could not achieve majority
W0507 20:07:17.916864 296 leader_election.cc:286] T a0376a5e3b9f495aa00d366b35594a27 P d1bf0f72a88f4483a1906bc8246849dd [CANDIDATE]: Term 4 pre-election: RPC error from VoteRequest() call to peer 5014824b94b64fd49da2c1a645c078aa: Network error: Client connection negotiation failed: client connection to 127.0.52.194:43942: connect: Connection refused (error 111)
W0507 20:07:18.024655 297 leader_election.cc:286] T 7161aaf1a71d455883ef478337dfaf19 P d1bf0f72a88f4483a1906bc8246849dd [CANDIDATE]: Term 4 pre-election: RPC error from VoteRequest() call to peer b5e887ddd8a14cf3b2c24a0aa14be025: Timed out: RequestConsensusVote RPC to 127.0.52.195:38453 timed out after 0.832s (SENT)
I0507 20:07:18.024752 297 leader_election.cc:257] T 7161aaf1a71d455883ef478337dfaf19 P d1bf0f72a88f4483a1906bc8246849dd [CANDIDATE]: Term 4 pre-election: Election decided. Result: candidate lost.
I0507 20:07:18.025023 1060 raft_consensus.cc:2704] T 7161aaf1a71d455883ef478337dfaf19 P d1bf0f72a88f4483a1906bc8246849dd: Snoozing failure detection for 0.400s (election complete)
I0507 20:07:18.025092 1060 raft_consensus.cc:2459] T 7161aaf1a71d455883ef478337dfaf19 P d1bf0f72a88f4483a1906bc8246849dd [term 3 FOLLOWER]: Leader pre-election lost for term 4. Reason: could not achieve majority
W0507 20:07:18.056552 297 leader_election.cc:286] T d80f4fae4b9f4d238f7f626507290390 P d1bf0f72a88f4483a1906bc8246849dd [CANDIDATE]: Term 5 pre-election: RPC error from VoteRequest() call to peer b5e887ddd8a14cf3b2c24a0aa14be025: Timed out: RequestConsensusVote RPC to 127.0.52.195:38453 timed out after 0.510s (SENT)
I0507 20:07:18.056637 297 leader_election.cc:257] T d80f4fae4b9f4d238f7f626507290390 P d1bf0f72a88f4483a1906bc8246849dd [CANDIDATE]: Term 5 pre-election: Election decided. Result: candidate lost.
I0507 20:07:18.056882 1060 raft_consensus.cc:2704] T d80f4fae4b9f4d238f7f626507290390 P d1bf0f72a88f4483a1906bc8246849dd: Snoozing failure detection for 0.797s (election complete)
I0507 20:07:18.056951 1060 raft_consensus.cc:2459] T d80f4fae4b9f4d238f7f626507290390 P d1bf0f72a88f4483a1906bc8246849dd [term 4 FOLLOWER]: Leader pre-election lost for term 5. Reason: could not achieve majority
W0507 20:07:18.101019 297 leader_election.cc:286] T a0376a5e3b9f495aa00d366b35594a27 P d1bf0f72a88f4483a1906bc8246849dd [CANDIDATE]: Term 4 pre-election: RPC error from VoteRequest() call to peer b5e887ddd8a14cf3b2c24a0aa14be025: Timed out: RequestConsensusVote RPC to 127.0.52.195:38453 timed out after 0.184s (SENT)
I0507 20:07:18.101131 297 leader_election.cc:257] T a0376a5e3b9f495aa00d366b35594a27 P d1bf0f72a88f4483a1906bc8246849dd [CANDIDATE]: Term 4 pre-election: Election decided. Result: candidate lost.
I0507 20:07:18.101500 1060 raft_consensus.cc:2704] T a0376a5e3b9f495aa00d366b35594a27 P d1bf0f72a88f4483a1906bc8246849dd: Snoozing failure detection for 0.523s (election complete)
I0507 20:07:18.101575 1060 raft_consensus.cc:2459] T a0376a5e3b9f495aa00d366b35594a27 P d1bf0f72a88f4483a1906bc8246849dd [term 3 FOLLOWER]: Leader pre-election lost for term 4. Reason: could not achieve majority
W0507 20:07:18.172857 297 leader_election.cc:286] T 7161aaf1a71d455883ef478337dfaf19 P d1bf0f72a88f4483a1906bc8246849dd [CANDIDATE]: Term 4 pre-election: RPC error from VoteRequest() call to peer b5e887ddd8a14cf3b2c24a0aa14be025: Timed out: RequestConsensusVote RPC to 127.0.52.195:38453 timed out after 0.418s (SENT)
I0507 20:07:18.172945 297 leader_election.cc:257] T 7161aaf1a71d455883ef478337dfaf19 P d1bf0f72a88f4483a1906bc8246849dd [CANDIDATE]: Term 4 pre-election: Election decided. Result: candidate lost.
I0507 20:07:18.173221 1060 raft_consensus.cc:2704] T 7161aaf1a71d455883ef478337dfaf19 P d1bf0f72a88f4483a1906bc8246849dd: Snoozing failure detection for 0.082s (election complete)
I0507 20:07:18.173290 1060 raft_consensus.cc:2459] T 7161aaf1a71d455883ef478337dfaf19 P d1bf0f72a88f4483a1906bc8246849dd [term 3 FOLLOWER]: Leader pre-election lost for term 4. Reason: could not achieve majority
I0507 20:07:18.256595 1060 raft_consensus.cc:435] T 7161aaf1a71d455883ef478337dfaf19 P d1bf0f72a88f4483a1906bc8246849dd [term 3 FOLLOWER]: Starting pre-election (detected failure of leader b5e887ddd8a14cf3b2c24a0aa14be025)
I0507 20:07:18.256700 1060 raft_consensus.cc:2704] T 7161aaf1a71d455883ef478337dfaf19 P d1bf0f72a88f4483a1906bc8246849dd: Snoozing failure detection for 0.807s (starting election)
I0507 20:07:18.256816 1060 raft_consensus.cc:457] T 7161aaf1a71d455883ef478337dfaf19 P d1bf0f72a88f4483a1906bc8246849dd [term 3 FOLLOWER]: Starting pre-election with config: opid_index: -1 OBSOLETE_local: false peers { permanent_uuid: "5014824b94b64fd49da2c1a645c078aa" member_type: VOTER last_known_addr { host: "127.0.52.194" port: 43942 } } peers { permanent_uuid: "d1bf0f72a88f4483a1906bc8246849dd" member_type: VOTER last_known_addr { host: "127.0.52.193" port: 46057 } } peers { permanent_uuid: "b5e887ddd8a14cf3b2c24a0aa14be025" member_type: VOTER last_known_addr { host: "127.0.52.195" port: 38453 } }
I0507 20:07:18.257227 1060 leader_election.cc:230] T 7161aaf1a71d455883ef478337dfaf19 P d1bf0f72a88f4483a1906bc8246849dd [CANDIDATE]: Term 4 pre-election: Requesting pre-vote from peer 5014824b94b64fd49da2c1a645c078aa
I0507 20:07:18.257398 1060 leader_election.cc:230] T 7161aaf1a71d455883ef478337dfaf19 P d1bf0f72a88f4483a1906bc8246849dd [CANDIDATE]: Term 4 pre-election: Requesting pre-vote from peer b5e887ddd8a14cf3b2c24a0aa14be025
W0507 20:07:18.258098 296 leader_election.cc:286] T 7161aaf1a71d455883ef478337dfaf19 P d1bf0f72a88f4483a1906bc8246849dd [CANDIDATE]: Term 4 pre-election: RPC error from VoteRequest() call to peer 5014824b94b64fd49da2c1a645c078aa: Network error: Client connection negotiation failed: client connection to 127.0.52.194:43942: connect: Connection refused (error 111)
I0507 20:07:18.625802 1060 raft_consensus.cc:435] T a0376a5e3b9f495aa00d366b35594a27 P d1bf0f72a88f4483a1906bc8246849dd [term 3 FOLLOWER]: Starting pre-election (detected failure of leader b5e887ddd8a14cf3b2c24a0aa14be025)
I0507 20:07:18.625916 1060 raft_consensus.cc:2704] T a0376a5e3b9f495aa00d366b35594a27 P d1bf0f72a88f4483a1906bc8246849dd: Snoozing failure detection for 0.595s (starting election)
I0507 20:07:18.625993 1060 raft_consensus.cc:457] T a0376a5e3b9f495aa00d366b35594a27 P d1bf0f72a88f4483a1906bc8246849dd [term 3 FOLLOWER]: Starting pre-election with config: opid_index: -1 OBSOLETE_local: false peers { permanent_uuid: "b5e887ddd8a14cf3b2c24a0aa14be025" member_type: VOTER last_known_addr { host: "127.0.52.195" port: 38453 } } peers { permanent_uuid: "d1bf0f72a88f4483a1906bc8246849dd" member_type: VOTER last_known_addr { host: "127.0.52.193" port: 46057 } } peers { permanent_uuid: "5014824b94b64fd49da2c1a645c078aa" member_type: VOTER last_known_addr { host: "127.0.52.194" port: 43942 } }
I0507 20:07:18.626451 1060 leader_election.cc:230] T a0376a5e3b9f495aa00d366b35594a27 P d1bf0f72a88f4483a1906bc8246849dd [CANDIDATE]: Term 4 pre-election: Requesting pre-vote from peer b5e887ddd8a14cf3b2c24a0aa14be025
I0507 20:07:18.626605 1060 leader_election.cc:230] T a0376a5e3b9f495aa00d366b35594a27 P d1bf0f72a88f4483a1906bc8246849dd [CANDIDATE]: Term 4 pre-election: Requesting pre-vote from peer 5014824b94b64fd49da2c1a645c078aa
W0507 20:07:18.627421 296 leader_election.cc:286] T a0376a5e3b9f495aa00d366b35594a27 P d1bf0f72a88f4483a1906bc8246849dd [CANDIDATE]: Term 4 pre-election: RPC error from VoteRequest() call to peer 5014824b94b64fd49da2c1a645c078aa: Network error: Client connection negotiation failed: client connection to 127.0.52.194:43942: connect: Connection refused (error 111)
I0507 20:07:18.855108 1060 raft_consensus.cc:435] T d80f4fae4b9f4d238f7f626507290390 P d1bf0f72a88f4483a1906bc8246849dd [term 4 FOLLOWER]: Starting pre-election (detected failure of leader b5e887ddd8a14cf3b2c24a0aa14be025)
I0507 20:07:18.855208 1060 raft_consensus.cc:2704] T d80f4fae4b9f4d238f7f626507290390 P d1bf0f72a88f4483a1906bc8246849dd: Snoozing failure detection for 0.519s (starting election)
I0507 20:07:18.855283 1060 raft_consensus.cc:457] T d80f4fae4b9f4d238f7f626507290390 P d1bf0f72a88f4483a1906bc8246849dd [term 4 FOLLOWER]: Starting pre-election with config: opid_index: -1 OBSOLETE_local: false peers { permanent_uuid: "5014824b94b64fd49da2c1a645c078aa" member_type: VOTER last_known_addr { host: "127.0.52.194" port: 43942 } } peers { permanent_uuid: "d1bf0f72a88f4483a1906bc8246849dd" member_type: VOTER last_known_addr { host: "127.0.52.193" port: 46057 } } peers { permanent_uuid: "b5e887ddd8a14cf3b2c24a0aa14be025" member_type: VOTER last_known_addr { host: "127.0.52.195" port: 38453 } }
I0507 20:07:18.855728 1060 leader_election.cc:230] T d80f4fae4b9f4d238f7f626507290390 P d1bf0f72a88f4483a1906bc8246849dd [CANDIDATE]: Term 5 pre-election: Requesting pre-vote from peer 5014824b94b64fd49da2c1a645c078aa
I0507 20:07:18.855878 1060 leader_election.cc:230] T d80f4fae4b9f4d238f7f626507290390 P d1bf0f72a88f4483a1906bc8246849dd [CANDIDATE]: Term 5 pre-election: Requesting pre-vote from peer b5e887ddd8a14cf3b2c24a0aa14be025
W0507 20:07:18.856614 296 leader_election.cc:286] T d80f4fae4b9f4d238f7f626507290390 P d1bf0f72a88f4483a1906bc8246849dd [CANDIDATE]: Term 5 pre-election: RPC error from VoteRequest() call to peer 5014824b94b64fd49da2c1a645c078aa: Network error: Client connection negotiation failed: client connection to 127.0.52.194:43942: connect: Connection refused (error 111)
I0507 20:07:19.065043 1060 raft_consensus.cc:435] T 7161aaf1a71d455883ef478337dfaf19 P d1bf0f72a88f4483a1906bc8246849dd [term 3 FOLLOWER]: Starting pre-election (detected failure of leader b5e887ddd8a14cf3b2c24a0aa14be025)
I0507 20:07:19.065150 1060 raft_consensus.cc:2704] T 7161aaf1a71d455883ef478337dfaf19 P d1bf0f72a88f4483a1906bc8246849dd: Snoozing failure detection for 0.116s (starting election)
I0507 20:07:19.065232 1060 raft_consensus.cc:457] T 7161aaf1a71d455883ef478337dfaf19 P d1bf0f72a88f4483a1906bc8246849dd [term 3 FOLLOWER]: Starting pre-election with config: opid_index: -1 OBSOLETE_local: false peers { permanent_uuid: "5014824b94b64fd49da2c1a645c078aa" member_type: VOTER last_known_addr { host: "127.0.52.194" port: 43942 } } peers { permanent_uuid: "d1bf0f72a88f4483a1906bc8246849dd" member_type: VOTER last_known_addr { host: "127.0.52.193" port: 46057 } } peers { permanent_uuid: "b5e887ddd8a14cf3b2c24a0aa14be025" member_type: VOTER last_known_addr { host: "127.0.52.195" port: 38453 } }
I0507 20:07:19.065702 1060 leader_election.cc:230] T 7161aaf1a71d455883ef478337dfaf19 P d1bf0f72a88f4483a1906bc8246849dd [CANDIDATE]: Term 4 pre-election: Requesting pre-vote from peer 5014824b94b64fd49da2c1a645c078aa
W0507 20:07:19.065835 297 leader_election.cc:286] T 7161aaf1a71d455883ef478337dfaf19 P d1bf0f72a88f4483a1906bc8246849dd [CANDIDATE]: Term 4 pre-election: RPC error from VoteRequest() call to peer b5e887ddd8a14cf3b2c24a0aa14be025: Timed out: RequestConsensusVote RPC to 127.0.52.195:38453 timed out after 0.807s (SENT)
I0507 20:07:19.065878 1060 leader_election.cc:230] T 7161aaf1a71d455883ef478337dfaf19 P d1bf0f72a88f4483a1906bc8246849dd [CANDIDATE]: Term 4 pre-election: Requesting pre-vote from peer b5e887ddd8a14cf3b2c24a0aa14be025
I0507 20:07:19.065892 297 leader_election.cc:257] T 7161aaf1a71d455883ef478337dfaf19 P d1bf0f72a88f4483a1906bc8246849dd [CANDIDATE]: Term 4 pre-election: Election decided. Result: candidate lost.
I0507 20:07:19.066099 1060 raft_consensus.cc:2704] T 7161aaf1a71d455883ef478337dfaf19 P d1bf0f72a88f4483a1906bc8246849dd: Snoozing failure detection for 0.083s (election complete)
I0507 20:07:19.066146 1060 raft_consensus.cc:2459] T 7161aaf1a71d455883ef478337dfaf19 P d1bf0f72a88f4483a1906bc8246849dd [term 3 FOLLOWER]: Leader pre-election lost for term 4. Reason: could not achieve majority
