I0507 20:05:15.747004 342 ts_tablet_manager.cc:1173] T d80f4fae4b9f4d238f7f626507290390 P d1bf0f72a88f4483a1906bc8246849dd: Registered tablet (data state: TABLET_DATA_READY)
I0507 20:05:15.747117 673 tablet_bootstrap.cc:436] T a0376a5e3b9f495aa00d366b35594a27 P d1bf0f72a88f4483a1906bc8246849dd: Bootstrap starting.
I0507 20:05:15.747455 670 tablet_bootstrap.cc:587] T 7161aaf1a71d455883ef478337dfaf19 P b5e887ddd8a14cf3b2c24a0aa14be025: No blocks or log segments found. Creating new log.
I0507 20:05:15.750026 670 log.cc:520] T 7161aaf1a71d455883ef478337dfaf19 P b5e887ddd8a14cf3b2c24a0aa14be025: Log is configured to *not* fsync() on all Append() calls
I0507 20:05:15.752017 671 raft_consensus.cc:303] T a0376a5e3b9f495aa00d366b35594a27 P 5014824b94b64fd49da2c1a645c078aa [term 0 FOLLOWER]: Replica starting. Triggering 0 pending transactions. Active config: opid_index: -1 OBSOLETE_local: false peers { permanent_uuid: "b5e887ddd8a14cf3b2c24a0aa14be025" member_type: VOTER last_known_addr { host: "127.0.52.195" port: 38453 } } peers { permanent_uuid: "d1bf0f72a88f4483a1906bc8246849dd" member_type: VOTER last_known_addr { host: "127.0.52.193" port: 46057 } } peers { permanent_uuid: "5014824b94b64fd49da2c1a645c078aa" member_type: VOTER last_known_addr { host: "127.0.52.194" port: 43942 } }
I0507 20:05:15.752415 671 raft_consensus.cc:329] T a0376a5e3b9f495aa00d366b35594a27 P 5014824b94b64fd49da2c1a645c078aa [term 0 FOLLOWER]: Consensus starting up: Expiring failure detector timer to make a prompt election more likely
I0507 20:05:15.752501 671 raft_consensus.cc:604] T a0376a5e3b9f495aa00d366b35594a27 P 5014824b94b64fd49da2c1a645c078aa [term 0 FOLLOWER]: Becoming Follower/Learner. State: Replica: 5014824b94b64fd49da2c1a645c078aa, State: Initialized, Role: FOLLOWER
I0507 20:05:15.753134 671 consensus_queue.cc:227] T a0376a5e3b9f495aa00d366b35594a27 P 5014824b94b64fd49da2c1a645c078aa [NON_LEADER]: Queue going to NON_LEADER mode. State: All replicated index: 0, Majority replicated index: 0, Committed index: 0, Last appended: 0.0, Last appended by leader: 0, Current term: 0, Majority size: -1, State: 0, Mode: NON_LEADER, active raft config: opid_index: -1 OBSOLETE_local: false peers { permanent_uuid: "b5e887ddd8a14cf3b2c24a0aa14be025" member_type: VOTER last_known_addr { host: "127.0.52.195" port: 38453 } } peers { permanent_uuid: "d1bf0f72a88f4483a1906bc8246849dd" member_type: VOTER last_known_addr { host: "127.0.52.193" port: 46057 } } peers { permanent_uuid: "5014824b94b64fd49da2c1a645c078aa" member_type: VOTER last_known_addr { host: "127.0.52.194" port: 43942 } }
I0507 20:05:15.753798 673 tablet_bootstrap.cc:587] T a0376a5e3b9f495aa00d366b35594a27 P d1bf0f72a88f4483a1906bc8246849dd: No blocks or log segments found. Creating new log.
I0507 20:05:15.754848 673 log.cc:520] T a0376a5e3b9f495aa00d366b35594a27 P d1bf0f72a88f4483a1906bc8246849dd: Log is configured to *not* fsync() on all Append() calls
I0507 20:05:15.755084 670 tablet_bootstrap.cc:436] T 7161aaf1a71d455883ef478337dfaf19 P b5e887ddd8a14cf3b2c24a0aa14be025: No bootstrap required, opened a new log
I0507 20:05:15.755373 670 ts_tablet_manager.cc:1045] T 7161aaf1a71d455883ef478337dfaf19 P b5e887ddd8a14cf3b2c24a0aa14be025: Time spent bootstrapping tablet: real 0.020s user 0.000s sys 0.008s
I0507 20:05:15.759807 671 ts_tablet_manager.cc:1073] T a0376a5e3b9f495aa00d366b35594a27 P 5014824b94b64fd49da2c1a645c078aa: Time spent starting tablet: real 0.016s user 0.008s sys 0.004s
I0507 20:05:15.760043 671 ts_tablet_manager.cc:1028] T d80f4fae4b9f4d238f7f626507290390 P 5014824b94b64fd49da2c1a645c078aa: Bootstrapping tablet
I0507 20:05:15.760200 671 tablet_bootstrap.cc:436] T d80f4fae4b9f4d238f7f626507290390 P 5014824b94b64fd49da2c1a645c078aa: Bootstrap starting.
I0507 20:05:15.761389 671 tablet_bootstrap.cc:587] T d80f4fae4b9f4d238f7f626507290390 P 5014824b94b64fd49da2c1a645c078aa: No blocks or log segments found. Creating new log.
I0507 20:05:15.763478 671 tablet_bootstrap.cc:436] T d80f4fae4b9f4d238f7f626507290390 P 5014824b94b64fd49da2c1a645c078aa: No bootstrap required, opened a new log
I0507 20:05:15.763595 671 ts_tablet_manager.cc:1045] T d80f4fae4b9f4d238f7f626507290390 P 5014824b94b64fd49da2c1a645c078aa: Time spent bootstrapping tablet: real 0.003s user 0.000s sys 0.004s
I0507 20:05:15.763741 673 tablet_bootstrap.cc:436] T a0376a5e3b9f495aa00d366b35594a27 P d1bf0f72a88f4483a1906bc8246849dd: No bootstrap required, opened a new log
I0507 20:05:15.764031 673 ts_tablet_manager.cc:1045] T a0376a5e3b9f495aa00d366b35594a27 P d1bf0f72a88f4483a1906bc8246849dd: Time spent bootstrapping tablet: real 0.017s user 0.008s sys 0.004s
I0507 20:05:15.764484 671 raft_consensus.cc:303] T d80f4fae4b9f4d238f7f626507290390 P 5014824b94b64fd49da2c1a645c078aa [term 0 FOLLOWER]: Replica starting. Triggering 0 pending transactions. Active config: opid_index: -1 OBSOLETE_local: false peers { permanent_uuid: "5014824b94b64fd49da2c1a645c078aa" member_type: VOTER last_known_addr { host: "127.0.52.194" port: 43942 } } peers { permanent_uuid: "d1bf0f72a88f4483a1906bc8246849dd" member_type: VOTER last_known_addr { host: "127.0.52.193" port: 46057 } } peers { permanent_uuid: "b5e887ddd8a14cf3b2c24a0aa14be025" member_type: VOTER last_known_addr { host: "127.0.52.195" port: 38453 } }
I0507 20:05:15.764679 671 raft_consensus.cc:329] T d80f4fae4b9f4d238f7f626507290390 P 5014824b94b64fd49da2c1a645c078aa [term 0 FOLLOWER]: Consensus starting up: Expiring failure detector timer to make a prompt election more likely
I0507 20:05:15.764349 670 raft_consensus.cc:303] T 7161aaf1a71d455883ef478337dfaf19 P b5e887ddd8a14cf3b2c24a0aa14be025 [term 0 FOLLOWER]: Replica starting. Triggering 0 pending transactions. Active config: opid_index: -1 OBSOLETE_local: false peers { permanent_uuid: "5014824b94b64fd49da2c1a645c078aa" member_type: VOTER last_known_addr { host: "127.0.52.194" port: 43942 } } peers { permanent_uuid: "d1bf0f72a88f4483a1906bc8246849dd" member_type: VOTER last_known_addr { host: "127.0.52.193" port: 46057 } } peers { permanent_uuid: "b5e887ddd8a14cf3b2c24a0aa14be025" member_type: VOTER last_known_addr { host: "127.0.52.195" port: 38453 } }
I0507 20:05:15.766294 670 raft_consensus.cc:329] T 7161aaf1a71d455883ef478337dfaf19 P b5e887ddd8a14cf3b2c24a0aa14be025 [term 0 FOLLOWER]: Consensus starting up: Expiring failure detector timer to make a prompt election more likely
I0507 20:05:15.766369 670 raft_consensus.cc:604] T 7161aaf1a71d455883ef478337dfaf19 P b5e887ddd8a14cf3b2c24a0aa14be025 [term 0 FOLLOWER]: Becoming Follower/Learner. State: Replica: b5e887ddd8a14cf3b2c24a0aa14be025, State: Initialized, Role: FOLLOWER
I0507 20:05:15.766571 675 raft_consensus.cc:435] T a0376a5e3b9f495aa00d366b35594a27 P 5014824b94b64fd49da2c1a645c078aa [term 0 FOLLOWER]: Starting pre-election (no leader contacted us within the election timeout)
I0507 20:05:15.766695 675 raft_consensus.cc:2704] T a0376a5e3b9f495aa00d366b35594a27 P 5014824b94b64fd49da2c1a645c078aa: Snoozing failure detection for 0.103s (starting election)
I0507 20:05:15.766804 675 raft_consensus.cc:457] T a0376a5e3b9f495aa00d366b35594a27 P 5014824b94b64fd49da2c1a645c078aa [term 0 FOLLOWER]: Starting pre-election with config: opid_index: -1 OBSOLETE_local: false peers { permanent_uuid: "b5e887ddd8a14cf3b2c24a0aa14be025" member_type: VOTER last_known_addr { host: "127.0.52.195" port: 38453 } } peers { permanent_uuid: "d1bf0f72a88f4483a1906bc8246849dd" member_type: VOTER last_known_addr { host: "127.0.52.193" port: 46057 } } peers { permanent_uuid: "5014824b94b64fd49da2c1a645c078aa" member_type: VOTER last_known_addr { host: "127.0.52.194" port: 43942 } }
I0507 20:05:15.767050 670 consensus_queue.cc:227] T 7161aaf1a71d455883ef478337dfaf19 P b5e887ddd8a14cf3b2c24a0aa14be025 [NON_LEADER]: Queue going to NON_LEADER mode. State: All replicated index: 0, Majority replicated index: 0, Committed index: 0, Last appended: 0.0, Last appended by leader: 0, Current term: 0, Majority size: -1, State: 0, Mode: NON_LEADER, active raft config: opid_index: -1 OBSOLETE_local: false peers { permanent_uuid: "5014824b94b64fd49da2c1a645c078aa" member_type: VOTER last_known_addr { host: "127.0.52.194" port: 43942 } } peers { permanent_uuid: "d1bf0f72a88f4483a1906bc8246849dd" member_type: VOTER last_known_addr { host: "127.0.52.193" port: 46057 } } peers { permanent_uuid: "b5e887ddd8a14cf3b2c24a0aa14be025" member_type: VOTER last_known_addr { host: "127.0.52.195" port: 38453 } }
I0507 20:05:15.767879 675 leader_election.cc:230] T a0376a5e3b9f495aa00d366b35594a27 P 5014824b94b64fd49da2c1a645c078aa [CANDIDATE]: Term 1 pre-election: Requesting pre-vote from peer b5e887ddd8a14cf3b2c24a0aa14be025
I0507 20:05:15.773232 673 raft_consensus.cc:303] T a0376a5e3b9f495aa00d366b35594a27 P d1bf0f72a88f4483a1906bc8246849dd [term 0 FOLLOWER]: Replica starting. Triggering 0 pending transactions. Active config: opid_index: -1 OBSOLETE_local: false peers { permanent_uuid: "b5e887ddd8a14cf3b2c24a0aa14be025" member_type: VOTER last_known_addr { host: "127.0.52.195" port: 38453 } } peers { permanent_uuid: "d1bf0f72a88f4483a1906bc8246849dd" member_type: VOTER last_known_addr { host: "127.0.52.193" port: 46057 } } peers { permanent_uuid: "5014824b94b64fd49da2c1a645c078aa" member_type: VOTER last_known_addr { host: "127.0.52.194" port: 43942 } }
I0507 20:05:15.773667 673 raft_consensus.cc:329] T a0376a5e3b9f495aa00d366b35594a27 P d1bf0f72a88f4483a1906bc8246849dd [term 0 FOLLOWER]: Consensus starting up: Expiring failure detector timer to make a prompt election more likely
I0507 20:05:15.773732 673 raft_consensus.cc:604] T a0376a5e3b9f495aa00d366b35594a27 P d1bf0f72a88f4483a1906bc8246849dd [term 0 FOLLOWER]: Becoming Follower/Learner. State: Replica: d1bf0f72a88f4483a1906bc8246849dd, State: Initialized, Role: FOLLOWER
I0507 20:05:15.774286 673 consensus_queue.cc:227] T a0376a5e3b9f495aa00d366b35594a27 P d1bf0f72a88f4483a1906bc8246849dd [NON_LEADER]: Queue going to NON_LEADER mode. State: All replicated index: 0, Majority replicated index: 0, Committed index: 0, Last appended: 0.0, Last appended by leader: 0, Current term: 0, Majority size: -1, State: 0, Mode: NON_LEADER, active raft config: opid_index: -1 OBSOLETE_local: false peers { permanent_uuid: "b5e887ddd8a14cf3b2c24a0aa14be025" member_type: VOTER last_known_addr { host: "127.0.52.195" port: 38453 } } peers { permanent_uuid: "d1bf0f72a88f4483a1906bc8246849dd" member_type: VOTER last_known_addr { host: "127.0.52.193" port: 46057 } } peers { permanent_uuid: "5014824b94b64fd49da2c1a645c078aa" member_type: VOTER last_known_addr { host: "127.0.52.194" port: 43942 } }
I0507 20:05:15.775838 675 leader_election.cc:230] T a0376a5e3b9f495aa00d366b35594a27 P 5014824b94b64fd49da2c1a645c078aa [CANDIDATE]: Term 1 pre-election: Requesting pre-vote from peer d1bf0f72a88f4483a1906bc8246849dd
I0507 20:05:15.776450 608 tablet_service.cc:998] Received RequestConsensusVote() RPC: tablet_id: "a0376a5e3b9f495aa00d366b35594a27" candidate_uuid: "5014824b94b64fd49da2c1a645c078aa" candidate_term: 1 candidate_status { last_received { term: 0 index: 0 } } ignore_live_leader: false dest_uuid: "b5e887ddd8a14cf3b2c24a0aa14be025" is_pre_election: true
I0507 20:05:15.778172 671 raft_consensus.cc:604] T d80f4fae4b9f4d238f7f626507290390 P 5014824b94b64fd49da2c1a645c078aa [term 0 FOLLOWER]: Becoming Follower/Learner. State: Replica: 5014824b94b64fd49da2c1a645c078aa, State: Initialized, Role: FOLLOWER
I0507 20:05:15.778368 671 consensus_queue.cc:227] T d80f4fae4b9f4d238f7f626507290390 P 5014824b94b64fd49da2c1a645c078aa [NON_LEADER]: Queue going to NON_LEADER mode. State: All replicated index: 0, Majority replicated index: 0, Committed index: 0, Last appended: 0.0, Last appended by leader: 0, Current term: 0, Majority size: -1, State: 0, Mode: NON_LEADER, active raft config: opid_index: -1 OBSOLETE_local: false peers { permanent_uuid: "5014824b94b64fd49da2c1a645c078aa" member_type: VOTER last_known_addr { host: "127.0.52.194" port: 43942 } } peers { permanent_uuid: "d1bf0f72a88f4483a1906bc8246849dd" member_type: VOTER last_known_addr { host: "127.0.52.193" port: 46057 } } peers { permanent_uuid: "b5e887ddd8a14cf3b2c24a0aa14be025" member_type: VOTER last_known_addr { host: "127.0.52.195" port: 38453 } }
I0507 20:05:15.779320 671 ts_tablet_manager.cc:1073] T d80f4fae4b9f4d238f7f626507290390 P 5014824b94b64fd49da2c1a645c078aa: Time spent starting tablet: real 0.015s user 0.004s sys 0.000s
I0507 20:05:15.779449 671 ts_tablet_manager.cc:1028] T 7161aaf1a71d455883ef478337dfaf19 P 5014824b94b64fd49da2c1a645c078aa: Bootstrapping tablet
I0507 20:05:15.779626 671 tablet_bootstrap.cc:436] T 7161aaf1a71d455883ef478337dfaf19 P 5014824b94b64fd49da2c1a645c078aa: Bootstrap starting.
I0507 20:05:15.779708 670 ts_tablet_manager.cc:1073] T 7161aaf1a71d455883ef478337dfaf19 P b5e887ddd8a14cf3b2c24a0aa14be025: Time spent starting tablet: real 0.024s user 0.016s sys 0.008s
I0507 20:05:15.779950 670 ts_tablet_manager.cc:1028] T d80f4fae4b9f4d238f7f626507290390 P b5e887ddd8a14cf3b2c24a0aa14be025: Bootstrapping tablet
I0507 20:05:15.780119 670 tablet_bootstrap.cc:436] T d80f4fae4b9f4d238f7f626507290390 P b5e887ddd8a14cf3b2c24a0aa14be025: Bootstrap starting.
W0507 20:05:15.780498 420 leader_election.cc:292] T a0376a5e3b9f495aa00d366b35594a27 P 5014824b94b64fd49da2c1a645c078aa [CANDIDATE]: Term 1 pre-election: Tablet error from VoteRequest() call to peer b5e887ddd8a14cf3b2c24a0aa14be025: Illegal state: must be running to vote when last-logged opid is not known
I0507 20:05:15.781491 670 tablet_bootstrap.cc:587] T d80f4fae4b9f4d238f7f626507290390 P b5e887ddd8a14cf3b2c24a0aa14be025: No blocks or log segments found. Creating new log.
I0507 20:05:15.782361 673 ts_tablet_manager.cc:1073] T a0376a5e3b9f495aa00d366b35594a27 P d1bf0f72a88f4483a1906bc8246849dd: Time spent starting tablet: real 0.018s user 0.008s sys 0.004s
I0507 20:05:15.782562 673 ts_tablet_manager.cc:1028] T 7161aaf1a71d455883ef478337dfaf19 P d1bf0f72a88f4483a1906bc8246849dd: Bootstrapping tablet
I0507 20:05:15.782678 673 tablet_bootstrap.cc:436] T 7161aaf1a71d455883ef478337dfaf19 P d1bf0f72a88f4483a1906bc8246849dd: Bootstrap starting.
I0507 20:05:15.783171 670 tablet_bootstrap.cc:436] T d80f4fae4b9f4d238f7f626507290390 P b5e887ddd8a14cf3b2c24a0aa14be025: No bootstrap required, opened a new log
I0507 20:05:15.783287 670 ts_tablet_manager.cc:1045] T d80f4fae4b9f4d238f7f626507290390 P b5e887ddd8a14cf3b2c24a0aa14be025: Time spent bootstrapping tablet: real 0.003s user 0.004s sys 0.000s
I0507 20:05:15.785383 671 tablet_bootstrap.cc:587] T 7161aaf1a71d455883ef478337dfaf19 P 5014824b94b64fd49da2c1a645c078aa: No blocks or log segments found. Creating new log.
I0507 20:05:15.785552 673 tablet_bootstrap.cc:587] T 7161aaf1a71d455883ef478337dfaf19 P d1bf0f72a88f4483a1906bc8246849dd: No blocks or log segments found. Creating new log.
I0507 20:05:15.785454 670 raft_consensus.cc:303] T d80f4fae4b9f4d238f7f626507290390 P b5e887ddd8a14cf3b2c24a0aa14be025 [term 0 FOLLOWER]: Replica starting. Triggering 0 pending transactions. Active config: opid_index: -1 OBSOLETE_local: false peers { permanent_uuid: "5014824b94b64fd49da2c1a645c078aa" member_type: VOTER last_known_addr { host: "127.0.52.194" port: 43942 } } peers { permanent_uuid: "d1bf0f72a88f4483a1906bc8246849dd" member_type: VOTER last_known_addr { host: "127.0.52.193" port: 46057 } } peers { permanent_uuid: "b5e887ddd8a14cf3b2c24a0aa14be025" member_type: VOTER last_known_addr { host: "127.0.52.195" port: 38453 } }
I0507 20:05:15.785636 670 raft_consensus.cc:329] T d80f4fae4b9f4d238f7f626507290390 P b5e887ddd8a14cf3b2c24a0aa14be025 [term 0 FOLLOWER]: Consensus starting up: Expiring failure detector timer to make a prompt election more likely
I0507 20:05:15.785682 670 raft_consensus.cc:604] T d80f4fae4b9f4d238f7f626507290390 P b5e887ddd8a14cf3b2c24a0aa14be025 [term 0 FOLLOWER]: Becoming Follower/Learner. State: Replica: b5e887ddd8a14cf3b2c24a0aa14be025, State: Initialized, Role: FOLLOWER
I0507 20:05:15.785900 670 consensus_queue.cc:227] T d80f4fae4b9f4d238f7f626507290390 P b5e887ddd8a14cf3b2c24a0aa14be025 [NON_LEADER]: Queue going to NON_LEADER mode. State: All replicated index: 0, Majority replicated index: 0, Committed index: 0, Last appended: 0.0, Last appended by leader: 0, Current term: 0, Majority size: -1, State: 0, Mode: NON_LEADER, active raft config: opid_index: -1 OBSOLETE_local: false peers { permanent_uuid: "5014824b94b64fd49da2c1a645c078aa" member_type: VOTER last_known_addr { host: "127.0.52.194" port: 43942 } } peers { permanent_uuid: "d1bf0f72a88f4483a1906bc8246849dd" member_type: VOTER last_known_addr { host: "127.0.52.193" port: 46057 } } peers { permanent_uuid: "b5e887ddd8a14cf3b2c24a0aa14be025" member_type: VOTER last_known_addr { host: "127.0.52.195" port: 38453 } }
I0507 20:05:15.786777 670 ts_tablet_manager.cc:1073] T d80f4fae4b9f4d238f7f626507290390 P b5e887ddd8a14cf3b2c24a0aa14be025: Time spent starting tablet: real 0.003s user 0.004s sys 0.000s
I0507 20:05:15.786937 670 ts_tablet_manager.cc:1028] T a0376a5e3b9f495aa00d366b35594a27 P b5e887ddd8a14cf3b2c24a0aa14be025: Bootstrapping tablet
I0507 20:05:15.787071 670 tablet_bootstrap.cc:436] T a0376a5e3b9f495aa00d366b35594a27 P b5e887ddd8a14cf3b2c24a0aa14be025: Bootstrap starting.
I0507 20:05:15.788261 678 raft_consensus.cc:435] T 7161aaf1a71d455883ef478337dfaf19 P b5e887ddd8a14cf3b2c24a0aa14be025 [term 0 FOLLOWER]: Starting pre-election (no leader contacted us within the election timeout)
I0507 20:05:15.788405 678 raft_consensus.cc:2704] T 7161aaf1a71d455883ef478337dfaf19 P b5e887ddd8a14cf3b2c24a0aa14be025: Snoozing failure detection for 0.080s (starting election)
I0507 20:05:15.788520 678 raft_consensus.cc:457] T 7161aaf1a71d455883ef478337dfaf19 P b5e887ddd8a14cf3b2c24a0aa14be025 [term 0 FOLLOWER]: Starting pre-election with config: opid_index: -1 OBSOLETE_local: false peers { permanent_uuid: "5014824b94b64fd49da2c1a645c078aa" member_type: VOTER last_known_addr { host: "127.0.52.194" port: 43942 } } peers { permanent_uuid: "d1bf0f72a88f4483a1906bc8246849dd" member_type: VOTER last_known_addr { host: "127.0.52.193" port: 46057 } } peers { permanent_uuid: "b5e887ddd8a14cf3b2c24a0aa14be025" member_type: VOTER last_known_addr { host: "127.0.52.195" port: 38453 } }
I0507 20:05:15.789479 678 leader_election.cc:230] T 7161aaf1a71d455883ef478337dfaf19 P b5e887ddd8a14cf3b2c24a0aa14be025 [CANDIDATE]: Term 1 pre-election: Requesting pre-vote from peer 5014824b94b64fd49da2c1a645c078aa
I0507 20:05:15.791297 678 leader_election.cc:230] T 7161aaf1a71d455883ef478337dfaf19 P b5e887ddd8a14cf3b2c24a0aa14be025 [CANDIDATE]: Term 1 pre-election: Requesting pre-vote from peer d1bf0f72a88f4483a1906bc8246849dd
I0507 20:05:15.792703 363 tablet_service.cc:998] Received RequestConsensusVote() RPC: tablet_id: "a0376a5e3b9f495aa00d366b35594a27" candidate_uuid: "5014824b94b64fd49da2c1a645c078aa" candidate_term: 1 candidate_status { last_received { term: 0 index: 0 } } ignore_live_leader: false dest_uuid: "d1bf0f72a88f4483a1906bc8246849dd" is_pre_election: true
I0507 20:05:15.793076 363 raft_consensus.cc:2704] T a0376a5e3b9f495aa00d366b35594a27 P d1bf0f72a88f4483a1906bc8246849dd: Snoozing failure detection for 0.098s (vote granted)
I0507 20:05:15.793203 363 raft_consensus.cc:2219] T a0376a5e3b9f495aa00d366b35594a27 P d1bf0f72a88f4483a1906bc8246849dd [term 0 FOLLOWER]: Leader pre-election vote request: Granting yes vote for candidate 5014824b94b64fd49da2c1a645c078aa in term 0.
I0507 20:05:15.794042 420 leader_election.cc:362] T a0376a5e3b9f495aa00d366b35594a27 P 5014824b94b64fd49da2c1a645c078aa [CANDIDATE]: Term 1 pre-election: Vote granted by peer d1bf0f72a88f4483a1906bc8246849dd
I0507 20:05:15.794134 420 leader_election.cc:257] T a0376a5e3b9f495aa00d366b35594a27 P 5014824b94b64fd49da2c1a645c078aa [CANDIDATE]: Term 1 pre-election: Election decided. Result: candidate won.
I0507 20:05:15.794792 675 raft_consensus.cc:2704] T a0376a5e3b9f495aa00d366b35594a27 P 5014824b94b64fd49da2c1a645c078aa: Snoozing failure detection for 0.088s (election complete)
I0507 20:05:15.794909 675 raft_consensus.cc:2511] T a0376a5e3b9f495aa00d366b35594a27 P 5014824b94b64fd49da2c1a645c078aa [term 0 FOLLOWER]: Leader pre-election won for term 1
I0507 20:05:15.794996 675 raft_consensus.cc:435] T a0376a5e3b9f495aa00d366b35594a27 P 5014824b94b64fd49da2c1a645c078aa [term 0 FOLLOWER]: Starting leader election (no leader contacted us within the election timeout)
I0507 20:05:15.795064 675 raft_consensus.cc:2704] T a0376a5e3b9f495aa00d366b35594a27 P 5014824b94b64fd49da2c1a645c078aa: Snoozing failure detection for 0.081s (starting election)
I0507 20:05:15.795122 675 raft_consensus.cc:2756] T a0376a5e3b9f495aa00d366b35594a27 P 5014824b94b64fd49da2c1a645c078aa [term 0 FOLLOWER]: Advancing to term 1
I0507 20:05:15.797791 675 raft_consensus.cc:457] T a0376a5e3b9f495aa00d366b35594a27 P 5014824b94b64fd49da2c1a645c078aa [term 1 FOLLOWER]: Starting leader election with config: opid_index: -1 OBSOLETE_local: false peers { permanent_uuid: "b5e887ddd8a14cf3b2c24a0aa14be025" member_type: VOTER last_known_addr { host: "127.0.52.195" port: 38453 } } peers { permanent_uuid: "d1bf0f72a88f4483a1906bc8246849dd" member_type: VOTER last_known_addr { host: "127.0.52.193" port: 46057 } } peers { permanent_uuid: "5014824b94b64fd49da2c1a645c078aa" member_type: VOTER last_known_addr { host: "127.0.52.194" port: 43942 } }
I0507 20:05:15.798290 675 leader_election.cc:230] T a0376a5e3b9f495aa00d366b35594a27 P 5014824b94b64fd49da2c1a645c078aa [CANDIDATE]: Term 1 election: Requesting vote from peer b5e887ddd8a14cf3b2c24a0aa14be025
I0507 20:05:15.798501 675 leader_election.cc:230] T a0376a5e3b9f495aa00d366b35594a27 P 5014824b94b64fd49da2c1a645c078aa [CANDIDATE]: Term 1 election: Requesting vote from peer d1bf0f72a88f4483a1906bc8246849dd
I0507 20:05:15.800683 608 tablet_service.cc:998] Received RequestConsensusVote() RPC: tablet_id: "a0376a5e3b9f495aa00d366b35594a27" candidate_uuid: "5014824b94b64fd49da2c1a645c078aa" candidate_term: 1 candidate_status { last_received { term: 0 index: 0 } } ignore_live_leader: false dest_uuid: "b5e887ddd8a14cf3b2c24a0aa14be025"
I0507 20:05:15.800868 363 tablet_service.cc:998] Received RequestConsensusVote() RPC: tablet_id: "7161aaf1a71d455883ef478337dfaf19" candidate_uuid: "b5e887ddd8a14cf3b2c24a0aa14be025" candidate_term: 1 candidate_status { last_received { term: 0 index: 0 } } ignore_live_leader: false dest_uuid: "d1bf0f72a88f4483a1906bc8246849dd" is_pre_election: true
W0507 20:05:15.801410 420 leader_election.cc:292] T a0376a5e3b9f495aa00d366b35594a27 P 5014824b94b64fd49da2c1a645c078aa [CANDIDATE]: Term 1 election: Tablet error from VoteRequest() call to peer b5e887ddd8a14cf3b2c24a0aa14be025: Illegal state: must be running to vote when last-logged opid is not known
I0507 20:05:15.802186 363 tablet_service.cc:998] Received RequestConsensusVote() RPC: tablet_id: "a0376a5e3b9f495aa00d366b35594a27" candidate_uuid: "5014824b94b64fd49da2c1a645c078aa" candidate_term: 1 candidate_status { last_received { term: 0 index: 0 } } ignore_live_leader: false dest_uuid: "d1bf0f72a88f4483a1906bc8246849dd"
W0507 20:05:15.802294 542 leader_election.cc:292] T 7161aaf1a71d455883ef478337dfaf19 P b5e887ddd8a14cf3b2c24a0aa14be025 [CANDIDATE]: Term 1 pre-election: Tablet error from VoteRequest() call to peer d1bf0f72a88f4483a1906bc8246849dd: Illegal state: must be running to vote when last-logged opid is not known
I0507 20:05:15.802335 363 raft_consensus.cc:2756] T a0376a5e3b9f495aa00d366b35594a27 P d1bf0f72a88f4483a1906bc8246849dd [term 0 FOLLOWER]: Advancing to term 1
I0507 20:05:15.802476 678 raft_consensus.cc:435] T d80f4fae4b9f4d238f7f626507290390 P b5e887ddd8a14cf3b2c24a0aa14be025 [term 0 FOLLOWER]: Starting pre-election (no leader contacted us within the election timeout)
I0507 20:05:15.802484 363 raft_consensus.cc:2704] T a0376a5e3b9f495aa00d366b35594a27 P d1bf0f72a88f4483a1906bc8246849dd: Snoozing failure detection for 0.090s (vote granted)
I0507 20:05:15.802548 678 raft_consensus.cc:2704] T d80f4fae4b9f4d238f7f626507290390 P b5e887ddd8a14cf3b2c24a0aa14be025: Snoozing failure detection for 0.106s (starting election)
I0507 20:05:15.802634 678 raft_consensus.cc:457] T d80f4fae4b9f4d238f7f626507290390 P b5e887ddd8a14cf3b2c24a0aa14be025 [term 0 FOLLOWER]: Starting pre-election with config: opid_index: -1 OBSOLETE_local: false peers { permanent_uuid: "5014824b94b64fd49da2c1a645c078aa" member_type: VOTER last_known_addr { host: "127.0.52.194" port: 43942 } } peers { permanent_uuid: "d1bf0f72a88f4483a1906bc8246849dd" member_type: VOTER last_known_addr { host: "127.0.52.193" port: 46057 } } peers { permanent_uuid: "b5e887ddd8a14cf3b2c24a0aa14be025" member_type: VOTER last_known_addr { host: "127.0.52.195" port: 38453 } }
I0507 20:05:15.802944 670 tablet_bootstrap.cc:587] T a0376a5e3b9f495aa00d366b35594a27 P b5e887ddd8a14cf3b2c24a0aa14be025: No blocks or log segments found. Creating new log.
I0507 20:05:15.803088 678 leader_election.cc:230] T d80f4fae4b9f4d238f7f626507290390 P b5e887ddd8a14cf3b2c24a0aa14be025 [CANDIDATE]: Term 1 pre-election: Requesting pre-vote from peer 5014824b94b64fd49da2c1a645c078aa
I0507 20:05:15.803542 678 leader_election.cc:230] T d80f4fae4b9f4d238f7f626507290390 P b5e887ddd8a14cf3b2c24a0aa14be025 [CANDIDATE]: Term 1 pre-election: Requesting pre-vote from peer d1bf0f72a88f4483a1906bc8246849dd
I0507 20:05:15.804358 675 raft_consensus.cc:435] T d80f4fae4b9f4d238f7f626507290390 P 5014824b94b64fd49da2c1a645c078aa [term 0 FOLLOWER]: Starting pre-election (no leader contacted us within the election timeout)
I0507 20:05:15.804443 675 raft_consensus.cc:2704] T d80f4fae4b9f4d238f7f626507290390 P 5014824b94b64fd49da2c1a645c078aa: Snoozing failure detection for 0.106s (starting election)
I0507 20:05:15.804527 675 raft_consensus.cc:457] T d80f4fae4b9f4d238f7f626507290390 P 5014824b94b64fd49da2c1a645c078aa [term 0 FOLLOWER]: Starting pre-election with config: opid_index: -1 OBSOLETE_local: false peers { permanent_uuid: "5014824b94b64fd49da2c1a645c078aa" member_type: VOTER last_known_addr { host: "127.0.52.194" port: 43942 } } peers { permanent_uuid: "d1bf0f72a88f4483a1906bc8246849dd" member_type: VOTER last_known_addr { host: "127.0.52.193" port: 46057 } } peers { permanent_uuid: "b5e887ddd8a14cf3b2c24a0aa14be025" member_type: VOTER last_known_addr { host: "127.0.52.195" port: 38453 } }
I0507 20:05:15.804920 675 leader_election.cc:230] T d80f4fae4b9f4d238f7f626507290390 P 5014824b94b64fd49da2c1a645c078aa [CANDIDATE]: Term 1 pre-election: Requesting pre-vote from peer d1bf0f72a88f4483a1906bc8246849dd
I0507 20:05:15.805083 486 tablet_service.cc:998] Received RequestConsensusVote() RPC: tablet_id: "7161aaf1a71d455883ef478337dfaf19" candidate_uuid: "b5e887ddd8a14cf3b2c24a0aa14be025" candidate_term: 1 candidate_status { last_received { term: 0 index: 0 } } ignore_live_leader: false dest_uuid: "5014824b94b64fd49da2c1a645c078aa" is_pre_election: true
I0507 20:05:15.805408 675 leader_election.cc:230] T d80f4fae4b9f4d238f7f626507290390 P 5014824b94b64fd49da2c1a645c078aa [CANDIDATE]: Term 1 pre-election: Requesting pre-vote from peer b5e887ddd8a14cf3b2c24a0aa14be025
I0507 20:05:15.805809 485 tablet_service.cc:998] Received RequestConsensusVote() RPC: tablet_id: "d80f4fae4b9f4d238f7f626507290390" candidate_uuid: "b5e887ddd8a14cf3b2c24a0aa14be025" candidate_term: 1 candidate_status { last_received { term: 0 index: 0 } } ignore_live_leader: false dest_uuid: "5014824b94b64fd49da2c1a645c078aa" is_pre_election: true
I0507 20:05:15.806059 485 raft_consensus.cc:2704] T d80f4fae4b9f4d238f7f626507290390 P 5014824b94b64fd49da2c1a645c078aa: Snoozing failure detection for 0.112s (vote granted)
I0507 20:05:15.806063 608 tablet_service.cc:998] Received RequestConsensusVote() RPC: tablet_id: "d80f4fae4b9f4d238f7f626507290390" candidate_uuid: "5014824b94b64fd49da2c1a645c078aa" candidate_term: 1 candidate_status { last_received { term: 0 index: 0 } } ignore_live_leader: false dest_uuid: "b5e887ddd8a14cf3b2c24a0aa14be025" is_pre_election: true
I0507 20:05:15.806146 485 raft_consensus.cc:2219] T d80f4fae4b9f4d238f7f626507290390 P 5014824b94b64fd49da2c1a645c078aa [term 0 FOLLOWER]: Leader pre-election vote request: Granting yes vote for candidate b5e887ddd8a14cf3b2c24a0aa14be025 in term 0.
I0507 20:05:15.806215 608 raft_consensus.cc:2704] T d80f4fae4b9f4d238f7f626507290390 P b5e887ddd8a14cf3b2c24a0aa14be025: Snoozing failure detection for 0.092s (vote granted)
I0507 20:05:15.806282 608 raft_consensus.cc:2219] T d80f4fae4b9f4d238f7f626507290390 P b5e887ddd8a14cf3b2c24a0aa14be025 [term 0 FOLLOWER]: Leader pre-election vote request: Granting yes vote for candidate 5014824b94b64fd49da2c1a645c078aa in term 0.
I0507 20:05:15.806793 420 leader_election.cc:362] T d80f4fae4b9f4d238f7f626507290390 P 5014824b94b64fd49da2c1a645c078aa [CANDIDATE]: Term 1 pre-election: Vote granted by peer b5e887ddd8a14cf3b2c24a0aa14be025
W0507 20:05:15.806792 541 leader_election.cc:292] T 7161aaf1a71d455883ef478337dfaf19 P b5e887ddd8a14cf3b2c24a0aa14be025 [CANDIDATE]: Term 1 pre-election: Tablet error from VoteRequest() call to peer 5014824b94b64fd49da2c1a645c078aa: Illegal state: must be running to vote when last-logged opid is not known
I0507 20:05:15.806849 420 leader_election.cc:257] T d80f4fae4b9f4d238f7f626507290390 P 5014824b94b64fd49da2c1a645c078aa [CANDIDATE]: Term 1 pre-election: Election decided. Result: candidate won.
I0507 20:05:15.806865 541 leader_election.cc:257] T 7161aaf1a71d455883ef478337dfaf19 P b5e887ddd8a14cf3b2c24a0aa14be025 [CANDIDATE]: Term 1 pre-election: Election decided. Result: candidate lost.
I0507 20:05:15.807493 675 raft_consensus.cc:2704] T d80f4fae4b9f4d238f7f626507290390 P 5014824b94b64fd49da2c1a645c078aa: Snoozing failure detection for 0.076s (election complete)
I0507 20:05:15.807526 541 leader_election.cc:362] T d80f4fae4b9f4d238f7f626507290390 P b5e887ddd8a14cf3b2c24a0aa14be025 [CANDIDATE]: Term 1 pre-election: Vote granted by peer 5014824b94b64fd49da2c1a645c078aa
I0507 20:05:15.807572 541 leader_election.cc:257] T d80f4fae4b9f4d238f7f626507290390 P b5e887ddd8a14cf3b2c24a0aa14be025 [CANDIDATE]: Term 1 pre-election: Election decided. Result: candidate won.
I0507 20:05:15.807565 675 raft_consensus.cc:2511] T d80f4fae4b9f4d238f7f626507290390 P 5014824b94b64fd49da2c1a645c078aa [term 0 FOLLOWER]: Leader pre-election won for term 1
I0507 20:05:15.807617 675 raft_consensus.cc:435] T d80f4fae4b9f4d238f7f626507290390 P 5014824b94b64fd49da2c1a645c078aa [term 0 FOLLOWER]: Starting leader election (no leader contacted us within the election timeout)
I0507 20:05:15.807659 675 raft_consensus.cc:2704] T d80f4fae4b9f4d238f7f626507290390 P 5014824b94b64fd49da2c1a645c078aa: Snoozing failure detection for 0.103s (starting election)
I0507 20:05:15.807714 675 raft_consensus.cc:2756] T d80f4fae4b9f4d238f7f626507290390 P 5014824b94b64fd49da2c1a645c078aa [term 0 FOLLOWER]: Advancing to term 1
I0507 20:05:15.807834 678 raft_consensus.cc:2704] T 7161aaf1a71d455883ef478337dfaf19 P b5e887ddd8a14cf3b2c24a0aa14be025: Snoozing failure detection for 0.079s (election complete)
I0507 20:05:15.807883 678 raft_consensus.cc:2459] T 7161aaf1a71d455883ef478337dfaf19 P b5e887ddd8a14cf3b2c24a0aa14be025 [term 0 FOLLOWER]: Leader pre-election lost for term 1. Reason: could not achieve majority
I0507 20:05:15.807997 678 raft_consensus.cc:2704] T d80f4fae4b9f4d238f7f626507290390 P b5e887ddd8a14cf3b2c24a0aa14be025: Snoozing failure detection for 0.101s (election complete)
I0507 20:05:15.808044 678 raft_consensus.cc:2511] T d80f4fae4b9f4d238f7f626507290390 P b5e887ddd8a14cf3b2c24a0aa14be025 [term 0 FOLLOWER]: Leader pre-election won for term 1
I0507 20:05:15.808089 678 raft_consensus.cc:435] T d80f4fae4b9f4d238f7f626507290390 P b5e887ddd8a14cf3b2c24a0aa14be025 [term 0 FOLLOWER]: Starting leader election (no leader contacted us within the election timeout)
I0507 20:05:15.808123 678 raft_consensus.cc:2704] T d80f4fae4b9f4d238f7f626507290390 P b5e887ddd8a14cf3b2c24a0aa14be025: Snoozing failure detection for 0.105s (starting election)
I0507 20:05:15.808168 678 raft_consensus.cc:2756] T d80f4fae4b9f4d238f7f626507290390 P b5e887ddd8a14cf3b2c24a0aa14be025 [term 0 FOLLOWER]: Advancing to term 1
I0507 20:05:15.810690 675 raft_consensus.cc:457] T d80f4fae4b9f4d238f7f626507290390 P 5014824b94b64fd49da2c1a645c078aa [term 1 FOLLOWER]: Starting leader election with config: opid_index: -1 OBSOLETE_local: false peers { permanent_uuid: "5014824b94b64fd49da2c1a645c078aa" member_type: VOTER last_known_addr { host: "127.0.52.194" port: 43942 } } peers { permanent_uuid: "d1bf0f72a88f4483a1906bc8246849dd" member_type: VOTER last_known_addr { host: "127.0.52.193" port: 46057 } } peers { permanent_uuid: "b5e887ddd8a14cf3b2c24a0aa14be025" member_type: VOTER last_known_addr { host: "127.0.52.195" port: 38453 } }
I0507 20:05:15.811094 675 leader_election.cc:230] T d80f4fae4b9f4d238f7f626507290390 P 5014824b94b64fd49da2c1a645c078aa [CANDIDATE]: Term 1 election: Requesting vote from peer d1bf0f72a88f4483a1906bc8246849dd
I0507 20:05:15.811231 675 leader_election.cc:230] T d80f4fae4b9f4d238f7f626507290390 P 5014824b94b64fd49da2c1a645c078aa [CANDIDATE]: Term 1 election: Requesting vote from peer b5e887ddd8a14cf3b2c24a0aa14be025
I0507 20:05:15.812258 671 tablet_bootstrap.cc:436] T 7161aaf1a71d455883ef478337dfaf19 P 5014824b94b64fd49da2c1a645c078aa: No bootstrap required, opened a new log
I0507 20:05:15.812392 671 ts_tablet_manager.cc:1045] T 7161aaf1a71d455883ef478337dfaf19 P 5014824b94b64fd49da2c1a645c078aa: Time spent bootstrapping tablet: real 0.033s user 0.004s sys 0.012s
I0507 20:05:15.812542 678 raft_consensus.cc:457] T d80f4fae4b9f4d238f7f626507290390 P b5e887ddd8a14cf3b2c24a0aa14be025 [term 1 FOLLOWER]: Starting leader election with config: opid_index: -1 OBSOLETE_local: false peers { permanent_uuid: "5014824b94b64fd49da2c1a645c078aa" member_type: VOTER last_known_addr { host: "127.0.52.194" port: 43942 } } peers { permanent_uuid: "d1bf0f72a88f4483a1906bc8246849dd" member_type: VOTER last_known_addr { host: "127.0.52.193" port: 46057 } } peers { permanent_uuid: "b5e887ddd8a14cf3b2c24a0aa14be025" member_type: VOTER last_known_addr { host: "127.0.52.195" port: 38453 } }
I0507 20:05:15.812873 608 tablet_service.cc:998] Received RequestConsensusVote() RPC: tablet_id: "d80f4fae4b9f4d238f7f626507290390" candidate_uuid: "5014824b94b64fd49da2c1a645c078aa" candidate_term: 1 candidate_status { last_received { term: 0 index: 0 } } ignore_live_leader: false dest_uuid: "b5e887ddd8a14cf3b2c24a0aa14be025"
I0507 20:05:15.812993 678 leader_election.cc:230] T d80f4fae4b9f4d238f7f626507290390 P b5e887ddd8a14cf3b2c24a0aa14be025 [CANDIDATE]: Term 1 election: Requesting vote from peer 5014824b94b64fd49da2c1a645c078aa
I0507 20:05:15.813100 608 raft_consensus.cc:2149] T d80f4fae4b9f4d238f7f626507290390 P b5e887ddd8a14cf3b2c24a0aa14be025 [term 1 FOLLOWER]: Leader election vote request: Denying vote to candidate 5014824b94b64fd49da2c1a645c078aa in current term 1: Already voted for candidate b5e887ddd8a14cf3b2c24a0aa14be025 in this term.
I0507 20:05:15.813139 678 leader_election.cc:230] T d80f4fae4b9f4d238f7f626507290390 P b5e887ddd8a14cf3b2c24a0aa14be025 [CANDIDATE]: Term 1 election: Requesting vote from peer d1bf0f72a88f4483a1906bc8246849dd
I0507 20:05:15.813094 671 raft_consensus.cc:303] T 7161aaf1a71d455883ef478337dfaf19 P 5014824b94b64fd49da2c1a645c078aa [term 0 FOLLOWER]: Replica starting. Triggering 0 pending transactions. Active config: opid_index: -1 OBSOLETE_local: false peers { permanent_uuid: "5014824b94b64fd49da2c1a645c078aa" member_type: VOTER last_known_addr { host: "127.0.52.194" port: 43942 } } peers { permanent_uuid: "d1bf0f72a88f4483a1906bc8246849dd" member_type: VOTER last_known_addr { host: "127.0.52.193" port: 46057 } } peers { permanent_uuid: "b5e887ddd8a14cf3b2c24a0aa14be025" member_type: VOTER last_known_addr { host: "127.0.52.195" port: 38453 } }
I0507 20:05:15.813263 671 raft_consensus.cc:329] T 7161aaf1a71d455883ef478337dfaf19 P 5014824b94b64fd49da2c1a645c078aa [term 0 FOLLOWER]: Consensus starting up: Expiring failure detector timer to make a prompt election more likely
I0507 20:05:15.813313 671 raft_consensus.cc:604] T 7161aaf1a71d455883ef478337dfaf19 P 5014824b94b64fd49da2c1a645c078aa [term 0 FOLLOWER]: Becoming Follower/Learner. State: Replica: 5014824b94b64fd49da2c1a645c078aa, State: Initialized, Role: FOLLOWER
I0507 20:05:15.813701 671 consensus_queue.cc:227] T 7161aaf1a71d455883ef478337dfaf19 P 5014824b94b64fd49da2c1a645c078aa [NON_LEADER]: Queue going to NON_LEADER mode. State: All replicated index: 0, Majority replicated index: 0, Committed index: 0, Last appended: 0.0, Last appended by leader: 0, Current term: 0, Majority size: -1, State: 0, Mode: NON_LEADER, active raft config: opid_index: -1 OBSOLETE_local: false peers { permanent_uuid: "5014824b94b64fd49da2c1a645c078aa" member_type: VOTER last_known_addr { host: "127.0.52.194" port: 43942 } } peers { permanent_uuid: "d1bf0f72a88f4483a1906bc8246849dd" member_type: VOTER last_known_addr { host: "127.0.52.193" port: 46057 } } peers { permanent_uuid: "b5e887ddd8a14cf3b2c24a0aa14be025" member_type: VOTER last_known_addr { host: "127.0.52.195" port: 38453 } }
I0507 20:05:15.813923 675 raft_consensus.cc:435] T 7161aaf1a71d455883ef478337dfaf19 P 5014824b94b64fd49da2c1a645c078aa [term 0 FOLLOWER]: Starting pre-election (no leader contacted us within the election timeout)
I0507 20:05:15.813982 675 raft_consensus.cc:2704] T 7161aaf1a71d455883ef478337dfaf19 P 5014824b94b64fd49da2c1a645c078aa: Snoozing failure detection for 0.081s (starting election)
I0507 20:05:15.814054 675 raft_consensus.cc:457] T 7161aaf1a71d455883ef478337dfaf19 P 5014824b94b64fd49da2c1a645c078aa [term 0 FOLLOWER]: Starting pre-election with config: opid_index: -1 OBSOLETE_local: false peers { permanent_uuid: "5014824b94b64fd49da2c1a645c078aa" member_type: VOTER last_known_addr { host: "127.0.52.194" port: 43942 } } peers { permanent_uuid: "d1bf0f72a88f4483a1906bc8246849dd" member_type: VOTER last_known_addr { host: "127.0.52.193" port: 46057 } } peers { permanent_uuid: "b5e887ddd8a14cf3b2c24a0aa14be025" member_type: VOTER last_known_addr { host: "127.0.52.195" port: 38453 } }
I0507 20:05:15.814378 675 leader_election.cc:230] T 7161aaf1a71d455883ef478337dfaf19 P 5014824b94b64fd49da2c1a645c078aa [CANDIDATE]: Term 1 pre-election: Requesting pre-vote from peer d1bf0f72a88f4483a1906bc8246849dd
I0507 20:05:15.814507 675 leader_election.cc:230] T 7161aaf1a71d455883ef478337dfaf19 P 5014824b94b64fd49da2c1a645c078aa [CANDIDATE]: Term 1 pre-election: Requesting pre-vote from peer b5e887ddd8a14cf3b2c24a0aa14be025
I0507 20:05:15.814997 671 ts_tablet_manager.cc:1073] T 7161aaf1a71d455883ef478337dfaf19 P 5014824b94b64fd49da2c1a645c078aa: Time spent starting tablet: real 0.003s user 0.004s sys 0.000s
I0507 20:05:15.816071 420 leader_election.cc:376] T d80f4fae4b9f4d238f7f626507290390 P 5014824b94b64fd49da2c1a645c078aa [CANDIDATE]: Term 1 election: Vote denied by peer b5e887ddd8a14cf3b2c24a0aa14be025. Message: Invalid argument: T d80f4fae4b9f4d238f7f626507290390 P b5e887ddd8a14cf3b2c24a0aa14be025 [term 1 FOLLOWER]: Leader election vote request: Denying vote to candidate 5014824b94b64fd49da2c1a645c078aa in current term 1: Already voted for candidate b5e887ddd8a14cf3b2c24a0aa14be025 in this term.
I0507 20:05:15.816656 608 tablet_service.cc:998] Received RequestConsensusVote() RPC: tablet_id: "7161aaf1a71d455883ef478337dfaf19" candidate_uuid: "5014824b94b64fd49da2c1a645c078aa" candidate_term: 1 candidate_status { last_received { term: 0 index: 0 } } ignore_live_leader: false dest_uuid: "b5e887ddd8a14cf3b2c24a0aa14be025" is_pre_election: true
I0507 20:05:15.816833 608 raft_consensus.cc:2704] T 7161aaf1a71d455883ef478337dfaf19 P b5e887ddd8a14cf3b2c24a0aa14be025: Snoozing failure detection for 0.130s (vote granted)
I0507 20:05:15.816895 608 raft_consensus.cc:2219] T 7161aaf1a71d455883ef478337dfaf19 P b5e887ddd8a14cf3b2c24a0aa14be025 [term 0 FOLLOWER]: Leader pre-election vote request: Granting yes vote for candidate 5014824b94b64fd49da2c1a645c078aa in term 0.
I0507 20:05:15.817833 420 leader_election.cc:362] T 7161aaf1a71d455883ef478337dfaf19 P 5014824b94b64fd49da2c1a645c078aa [CANDIDATE]: Term 1 pre-election: Vote granted by peer b5e887ddd8a14cf3b2c24a0aa14be025
I0507 20:05:15.817903 420 leader_election.cc:257] T 7161aaf1a71d455883ef478337dfaf19 P 5014824b94b64fd49da2c1a645c078aa [CANDIDATE]: Term 1 pre-election: Election decided. Result: candidate won.
I0507 20:05:15.818107 683 raft_consensus.cc:2704] T 7161aaf1a71d455883ef478337dfaf19 P 5014824b94b64fd49da2c1a645c078aa: Snoozing failure detection for 0.099s (election complete)
I0507 20:05:15.818214 683 raft_consensus.cc:2511] T 7161aaf1a71d455883ef478337dfaf19 P 5014824b94b64fd49da2c1a645c078aa [term 0 FOLLOWER]: Leader pre-election won for term 1
I0507 20:05:15.818284 683 raft_consensus.cc:435] T 7161aaf1a71d455883ef478337dfaf19 P 5014824b94b64fd49da2c1a645c078aa [term 0 FOLLOWER]: Starting leader election (no leader contacted us within the election timeout)
I0507 20:05:15.818348 683 raft_consensus.cc:2704] T 7161aaf1a71d455883ef478337dfaf19 P 5014824b94b64fd49da2c1a645c078aa: Snoozing failure detection for 0.091s (starting election)
I0507 20:05:15.818400 683 raft_consensus.cc:2756] T 7161aaf1a71d455883ef478337dfaf19 P 5014824b94b64fd49da2c1a645c078aa [term 0 FOLLOWER]: Advancing to term 1
W0507 20:05:15.818536 407 tablet.cc:1678] T a0376a5e3b9f495aa00d366b35594a27 P d1bf0f72a88f4483a1906bc8246849dd: Can't schedule compaction. Clean time has not been advanced past its initial value.
I0507 20:05:15.820546 683 raft_consensus.cc:457] T 7161aaf1a71d455883ef478337dfaf19 P 5014824b94b64fd49da2c1a645c078aa [term 1 FOLLOWER]: Starting leader election with config: opid_index: -1 OBSOLETE_local: false peers { permanent_uuid: "5014824b94b64fd49da2c1a645c078aa" member_type: VOTER last_known_addr { host: "127.0.52.194" port: 43942 } } peers { permanent_uuid: "d1bf0f72a88f4483a1906bc8246849dd" member_type: VOTER last_known_addr { host: "127.0.52.193" port: 46057 } } peers { permanent_uuid: "b5e887ddd8a14cf3b2c24a0aa14be025" member_type: VOTER last_known_addr { host: "127.0.52.195" port: 38453 } }
I0507 20:05:15.821357 683 leader_election.cc:230] T 7161aaf1a71d455883ef478337dfaf19 P 5014824b94b64fd49da2c1a645c078aa [CANDIDATE]: Term 1 election: Requesting vote from peer d1bf0f72a88f4483a1906bc8246849dd
I0507 20:05:15.821776 683 leader_election.cc:230] T 7161aaf1a71d455883ef478337dfaf19 P 5014824b94b64fd49da2c1a645c078aa [CANDIDATE]: Term 1 election: Requesting vote from peer b5e887ddd8a14cf3b2c24a0aa14be025
I0507 20:05:15.804289 362 tablet_service.cc:998] Received RequestConsensusVote() RPC: tablet_id: "d80f4fae4b9f4d238f7f626507290390" candidate_uuid: "b5e887ddd8a14cf3b2c24a0aa14be025" candidate_term: 1 candidate_status { last_received { term: 0 index: 0 } } ignore_live_leader: false dest_uuid: "d1bf0f72a88f4483a1906bc8246849dd" is_pre_election: true
I0507 20:05:15.822402 608 tablet_service.cc:998] Received RequestConsensusVote() RPC: tablet_id: "7161aaf1a71d455883ef478337dfaf19" candidate_uuid: "5014824b94b64fd49da2c1a645c078aa" candidate_term: 1 candidate_status { last_received { term: 0 index: 0 } } ignore_live_leader: false dest_uuid: "b5e887ddd8a14cf3b2c24a0aa14be025"
I0507 20:05:15.822563 608 raft_consensus.cc:2756] T 7161aaf1a71d455883ef478337dfaf19 P b5e887ddd8a14cf3b2c24a0aa14be025 [term 0 FOLLOWER]: Advancing to term 1
I0507 20:05:15.822638 608 raft_consensus.cc:2704] T 7161aaf1a71d455883ef478337dfaf19 P b5e887ddd8a14cf3b2c24a0aa14be025: Snoozing failure detection for 0.098s (vote granted)
I0507 20:05:15.822127 360 tablet_service.cc:998] Received RequestConsensusVote() RPC: tablet_id: "d80f4fae4b9f4d238f7f626507290390" candidate_uuid: "5014824b94b64fd49da2c1a645c078aa" candidate_term: 1 candidate_status { last_received { term: 0 index: 0 } } ignore_live_leader: false dest_uuid: "d1bf0f72a88f4483a1906bc8246849dd"
I0507 20:05:15.822329 361 tablet_service.cc:998] Received RequestConsensusVote() RPC: tablet_id: "d80f4fae4b9f4d238f7f626507290390" candidate_uuid: "5014824b94b64fd49da2c1a645c078aa" candidate_term: 1 candidate_status { last_received { term: 0 index: 0 } } ignore_live_leader: false dest_uuid: "d1bf0f72a88f4483a1906bc8246849dd" is_pre_election: true
I0507 20:05:15.821538 358 tablet_service.cc:998] Received RequestConsensusVote() RPC: tablet_id: "7161aaf1a71d455883ef478337dfaf19" candidate_uuid: "5014824b94b64fd49da2c1a645c078aa" candidate_term: 1 candidate_status { last_received { term: 0 index: 0 } } ignore_live_leader: false dest_uuid: "d1bf0f72a88f4483a1906bc8246849dd" is_pre_election: true
I0507 20:05:15.823348 359 tablet_service.cc:998] Received RequestConsensusVote() RPC: tablet_id: "d80f4fae4b9f4d238f7f626507290390" candidate_uuid: "b5e887ddd8a14cf3b2c24a0aa14be025" candidate_term: 1 candidate_status { last_received { term: 0 index: 0 } } ignore_live_leader: false dest_uuid: "d1bf0f72a88f4483a1906bc8246849dd"
I0507 20:05:15.824124 362 tablet_service.cc:998] Received RequestConsensusVote() RPC: tablet_id: "7161aaf1a71d455883ef478337dfaf19" candidate_uuid: "5014824b94b64fd49da2c1a645c078aa" candidate_term: 1 candidate_status { last_received { term: 0 index: 0 } } ignore_live_leader: false dest_uuid: "d1bf0f72a88f4483a1906bc8246849dd"
I0507 20:05:15.824867 608 raft_consensus.cc:2219] T 7161aaf1a71d455883ef478337dfaf19 P b5e887ddd8a14cf3b2c24a0aa14be025 [term 1 FOLLOWER]: Leader election vote request: Granting yes vote for candidate 5014824b94b64fd49da2c1a645c078aa in term 1.
W0507 20:05:15.825366 542 leader_election.cc:292] T d80f4fae4b9f4d238f7f626507290390 P b5e887ddd8a14cf3b2c24a0aa14be025 [CANDIDATE]: Term 1 pre-election: Tablet error from VoteRequest() call to peer d1bf0f72a88f4483a1906bc8246849dd: Illegal state: must be running to vote when last-logged opid is not known
W0507 20:05:15.825681 542 leader_election.cc:292] T d80f4fae4b9f4d238f7f626507290390 P b5e887ddd8a14cf3b2c24a0aa14be025 [CANDIDATE]: Term 1 election: Tablet error from VoteRequest() call to peer d1bf0f72a88f4483a1906bc8246849dd: Illegal state: must be running to vote when last-logged opid is not known
I0507 20:05:15.825821 420 leader_election.cc:362] T 7161aaf1a71d455883ef478337dfaf19 P 5014824b94b64fd49da2c1a645c078aa [CANDIDATE]: Term 1 election: Vote granted by peer b5e887ddd8a14cf3b2c24a0aa14be025
I0507 20:05:15.825903 420 leader_election.cc:257] T 7161aaf1a71d455883ef478337dfaf19 P 5014824b94b64fd49da2c1a645c078aa [CANDIDATE]: Term 1 election: Election decided. Result: candidate won.
W0507 20:05:15.826211 420 leader_election.cc:292] T 7161aaf1a71d455883ef478337dfaf19 P 5014824b94b64fd49da2c1a645c078aa [CANDIDATE]: Term 1 pre-election: Tablet error from VoteRequest() call to peer d1bf0f72a88f4483a1906bc8246849dd: Illegal state: must be running to vote when last-logged opid is not known
I0507 20:05:15.826516 673 tablet_bootstrap.cc:436] T 7161aaf1a71d455883ef478337dfaf19 P d1bf0f72a88f4483a1906bc8246849dd: No bootstrap required, opened a new log
W0507 20:05:15.826609 420 leader_election.cc:292] T d80f4fae4b9f4d238f7f626507290390 P 5014824b94b64fd49da2c1a645c078aa [CANDIDATE]: Term 1 election: Tablet error from VoteRequest() call to peer d1bf0f72a88f4483a1906bc8246849dd: Illegal state: must be running to vote when last-logged opid is not known
I0507 20:05:15.826650 673 ts_tablet_manager.cc:1045] T 7161aaf1a71d455883ef478337dfaf19 P d1bf0f72a88f4483a1906bc8246849dd: Time spent bootstrapping tablet: real 0.044s user 0.004s sys 0.004s
I0507 20:05:15.826818 420 leader_election.cc:257] T d80f4fae4b9f4d238f7f626507290390 P 5014824b94b64fd49da2c1a645c078aa [CANDIDATE]: Term 1 election: Election decided. Result: candidate lost.
I0507 20:05:15.827028 675 raft_consensus.cc:2704] T 7161aaf1a71d455883ef478337dfaf19 P 5014824b94b64fd49da2c1a645c078aa: Snoozing failure detection for 0.093s (election complete)
I0507 20:05:15.827100 675 raft_consensus.cc:2511] T 7161aaf1a71d455883ef478337dfaf19 P 5014824b94b64fd49da2c1a645c078aa [term 1 FOLLOWER]: Leader election won for term 1
I0507 20:05:15.827507 673 raft_consensus.cc:303] T 7161aaf1a71d455883ef478337dfaf19 P d1bf0f72a88f4483a1906bc8246849dd [term 0 FOLLOWER]: Replica starting. Triggering 0 pending transactions. Active config: opid_index: -1 OBSOLETE_local: false peers { permanent_uuid: "5014824b94b64fd49da2c1a645c078aa" member_type: VOTER last_known_addr { host: "127.0.52.194" port: 43942 } } peers { permanent_uuid: "d1bf0f72a88f4483a1906bc8246849dd" member_type: VOTER last_known_addr { host: "127.0.52.193" port: 46057 } } peers { permanent_uuid: "b5e887ddd8a14cf3b2c24a0aa14be025" member_type: VOTER last_known_addr { host: "127.0.52.195" port: 38453 } }
I0507 20:05:15.827708 673 raft_consensus.cc:329] T 7161aaf1a71d455883ef478337dfaf19 P d1bf0f72a88f4483a1906bc8246849dd [term 0 FOLLOWER]: Consensus starting up: Expiring failure detector timer to make a prompt election more likely
I0507 20:05:15.827754 673 raft_consensus.cc:604] T 7161aaf1a71d455883ef478337dfaf19 P d1bf0f72a88f4483a1906bc8246849dd [term 0 FOLLOWER]: Becoming Follower/Learner. State: Replica: d1bf0f72a88f4483a1906bc8246849dd, State: Initialized, Role: FOLLOWER
