I0312 20:10:12.685691 1096 tablet_service.cc:993] Received RequestConsensusVote() RPC: tablet_id: "92318a1b744e4baa9c7d3f3b9758739b" candidate_uuid: "6885de38238442d6a9e5f1eb9fb569ff" candidate_term: 20 candidate_status { last_received { term: 19 index: 95 } } ignore_live_leader: false dest_uuid: "ded9b7f8677940fb91e1a8c8bceceaed" is_pre_election: true
I0312 20:10:12.690184 1416 raft_consensus.cc:2455] T 92318a1b744e4baa9c7d3f3b9758739b P 6885de38238442d6a9e5f1eb9fb569ff [term 20 FOLLOWER]: Leader pre-election lost for term 20. Reason: could not achieve majority
I0312 20:10:12.691550 1345 tablet_service.cc:993] Received RequestConsensusVote() RPC: tablet_id: "92318a1b744e4baa9c7d3f3b9758739b" candidate_uuid: "6885de38238442d6a9e5f1eb9fb569ff" candidate_term: 20 candidate_status { last_received { term: 19 index: 95 } } ignore_live_leader: false dest_uuid: "f78a2351568c4a268ee1112681e22bec" is_pre_election: true
W0312 20:10:12.693433 1278 leader_election.cc:287] T 92318a1b744e4baa9c7d3f3b9758739b P f78a2351568c4a268ee1112681e22bec [CANDIDATE]: Term 21 pre-election: RPC error from VoteRequest() call to peer ded9b7f8677940fb91e1a8c8bceceaed: Timed out: RequestConsensusVote RPC to 127.0.53.1:35037 timed out after 0.029s (SENT)
I0312 20:10:12.693667 1278 leader_election.cc:258] T 92318a1b744e4baa9c7d3f3b9758739b P f78a2351568c4a268ee1112681e22bec [CANDIDATE]: Term 21 pre-election: Election decided. Result: candidate lost.
I0312 20:10:12.694479 1345 raft_consensus.cc:2145] T 92318a1b744e4baa9c7d3f3b9758739b P f78a2351568c4a268ee1112681e22bec [term 20 FOLLOWER]: Leader pre-election vote request: Denying vote to candidate 6885de38238442d6a9e5f1eb9fb569ff in current term 20: Already voted for candidate f78a2351568c4a268ee1112681e22bec in this term.
I0312 20:10:12.695384 1464 raft_consensus.cc:2700] T 92318a1b744e4baa9c7d3f3b9758739b P f78a2351568c4a268ee1112681e22bec: Snoozing failure detection for 0.139s (election complete)
I0312 20:10:12.695614 1464 raft_consensus.cc:2455] T 92318a1b744e4baa9c7d3f3b9758739b P f78a2351568c4a268ee1112681e22bec [term 20 FOLLOWER]: Leader pre-election lost for term 21. Reason: could not achieve majority
I0312 20:10:12.696538 1152 leader_election.cc:377] T 92318a1b744e4baa9c7d3f3b9758739b P 6885de38238442d6a9e5f1eb9fb569ff [CANDIDATE]: Term 20 pre-election: Vote denied by peer f78a2351568c4a268ee1112681e22bec. Message: Invalid argument: T 92318a1b744e4baa9c7d3f3b9758739b P f78a2351568c4a268ee1112681e22bec [term 20 FOLLOWER]: Leader pre-election vote request: Denying vote to candidate 6885de38238442d6a9e5f1eb9fb569ff in current term 20: Already voted for candidate f78a2351568c4a268ee1112681e22bec in this term.
I0312 20:10:12.706660 1416 raft_consensus.cc:436] T 92318a1b744e4baa9c7d3f3b9758739b P 6885de38238442d6a9e5f1eb9fb569ff [term 20 FOLLOWER]: Starting pre-election (no leader contacted us within the election timeout)
I0312 20:10:12.706929 1416 raft_consensus.cc:2700] T 92318a1b744e4baa9c7d3f3b9758739b P 6885de38238442d6a9e5f1eb9fb569ff: Snoozing failure detection for 0.024s (starting election)
I0312 20:10:12.707340 1416 raft_consensus.cc:458] T 92318a1b744e4baa9c7d3f3b9758739b P 6885de38238442d6a9e5f1eb9fb569ff [term 20 FOLLOWER]: Starting pre-election with config: opid_index: -1 OBSOLETE_local: false peers { permanent_uuid: "f78a2351568c4a268ee1112681e22bec" member_type: VOTER last_known_addr { host: "127.0.53.3" port: 43274 } } peers { permanent_uuid: "6885de38238442d6a9e5f1eb9fb569ff" member_type: VOTER last_known_addr { host: "127.0.53.2" port: 51697 } } peers { permanent_uuid: "ded9b7f8677940fb91e1a8c8bceceaed" member_type: VOTER last_known_addr { host: "127.0.53.1" port: 35037 } }
I0312 20:10:12.708458 1416 leader_election.cc:231] T 92318a1b744e4baa9c7d3f3b9758739b P 6885de38238442d6a9e5f1eb9fb569ff [CANDIDATE]: Term 21 pre-election: Requesting pre-vote from peer f78a2351568c4a268ee1112681e22bec
I0312 20:10:12.710083 1418 raft_consensus.cc:458] T 92318a1b744e4baa9c7d3f3b9758739b P ded9b7f8677940fb91e1a8c8bceceaed [term 21 FOLLOWER]: Starting leader election with config: opid_index: -1 OBSOLETE_local: false peers { permanent_uuid: "f78a2351568c4a268ee1112681e22bec" member_type: VOTER last_known_addr { host: "127.0.53.3" port: 43274 } } peers { permanent_uuid: "6885de38238442d6a9e5f1eb9fb569ff" member_type: VOTER last_known_addr { host: "127.0.53.2" port: 51697 } } peers { permanent_uuid: "ded9b7f8677940fb91e1a8c8bceceaed" member_type: VOTER last_known_addr { host: "127.0.53.1" port: 35037 } }
I0312 20:10:12.711233 1418 leader_election.cc:231] T 92318a1b744e4baa9c7d3f3b9758739b P ded9b7f8677940fb91e1a8c8bceceaed [CANDIDATE]: Term 21 election: Requesting vote from peer f78a2351568c4a268ee1112681e22bec
I0312 20:10:12.711644 1418 leader_election.cc:231] T 92318a1b744e4baa9c7d3f3b9758739b P ded9b7f8677940fb91e1a8c8bceceaed [CANDIDATE]: Term 21 election: Requesting vote from peer 6885de38238442d6a9e5f1eb9fb569ff
I0312 20:10:12.711702 1096 raft_consensus.cc:2190] T 92318a1b744e4baa9c7d3f3b9758739b P ded9b7f8677940fb91e1a8c8bceceaed [term 21 FOLLOWER]: Leader pre-election vote request: Denying vote to candidate 6885de38238442d6a9e5f1eb9fb569ff for term 20 because replica is already servicing an update from a current leader or another vote.
W0312 20:10:12.712813 1096 rpcz_store.cc:251] Call kudu.consensus.ConsensusService.RequestConsensusVote from 127.0.53.2:38849 (request call id 39) took 27ms (client timeout 33).
W0312 20:10:12.714465 1096 rpcz_store.cc:255] Trace: 0312 20:10:12.685436 (+ 0us) service_pool.cc:163] Inserting onto call queue 0312 20:10:12.685544 (+ 108us) service_pool.cc:222] Handling call 0312 20:10:12.712674 (+ 27130us) spinlock_profiling.cc:261] Waited 25.5 ms on lock 0x7b480003c09c. stack: 00007f2232dd2c74 00007f2232dd2b70 00007f22318c2314 00007f223a90f294 00007f223a90f229 00007f22394b9606 00007f223a94d56b 00007f2235300b24 00007f2235300ab1 00007f22353009c4 00007f223495cc29 00007f223495c6ec 00007f223495dbcd 00007f223495f946 00007f223495f89a 00007f223495f823 0312 20:10:12.712765 (+ 91us) inbound_call.cc:157] Queueing success response Metrics: {"spinlock_wait_cycles":58562432}
I0312 20:10:12.715932 1094 raft_consensus.cc:2145] T 92318a1b744e4baa9c7d3f3b9758739b P ded9b7f8677940fb91e1a8c8bceceaed [term 21 FOLLOWER]: Leader pre-election vote request: Denying vote to candidate f78a2351568c4a268ee1112681e22bec in current term 21: Already voted for candidate ded9b7f8677940fb91e1a8c8bceceaed in this term.
W0312 20:10:12.716446 1094 rpcz_store.cc:251] Call kudu.consensus.ConsensusService.RequestConsensusVote from 127.0.53.3:55789 (request call id 105) took 51ms (client timeout 29).
I0312 20:10:12.717254 1095 raft_consensus.cc:2190] T 92318a1b744e4baa9c7d3f3b9758739b P ded9b7f8677940fb91e1a8c8bceceaed [term 21 FOLLOWER]: Leader pre-election vote request: Denying vote to candidate 6885de38238442d6a9e5f1eb9fb569ff for term 20 because replica is already servicing an update from a current leader or another vote.
W0312 20:10:12.717707 1095 rpcz_store.cc:251] Call kudu.consensus.ConsensusService.RequestConsensusVote from 127.0.53.2:38849 (request call id 38) took 47ms (client timeout 15).
W0312 20:10:12.718392 1095 rpcz_store.cc:255] Trace: 0312 20:10:12.670545 (+ 0us) service_pool.cc:163] Inserting onto call queue 0312 20:10:12.670658 (+ 113us) service_pool.cc:222] Handling call 0312 20:10:12.717580 (+ 46922us) spinlock_profiling.cc:261] Waited 45.9 ms on lock 0x7b480003c09c. stack: 00007f2232dd2c74 00007f2232dd2b70 00007f22318c2314 00007f223a90f294 00007f223a90f229 00007f22394b9606 00007f223a94d56b 00007f2235300b24 00007f2235300ab1 00007f22353009c4 00007f223495cc29 00007f223495c6ec 00007f223495dbcd 00007f223495f946 00007f223495f89a 00007f223495f823 0312 20:10:12.717664 (+ 84us) inbound_call.cc:157] Queueing success response Metrics: {"spinlock_wait_cycles":105552768}
I0312 20:10:12.719516 1456 raft_consensus.cc:436] T 92318a1b744e4baa9c7d3f3b9758739b P ded9b7f8677940fb91e1a8c8bceceaed [term 21 FOLLOWER]: Starting pre-election (no leader contacted us within the election timeout)
I0312 20:10:12.719740 1456 raft_consensus.cc:2700] T 92318a1b744e4baa9c7d3f3b9758739b P ded9b7f8677940fb91e1a8c8bceceaed: Snoozing failure detection for 0.016s (starting election)
I0312 20:10:12.719961 1456 raft_consensus.cc:458] T 92318a1b744e4baa9c7d3f3b9758739b P ded9b7f8677940fb91e1a8c8bceceaed [term 21 FOLLOWER]: Starting pre-election with config: opid_index: -1 OBSOLETE_local: false peers { permanent_uuid: "f78a2351568c4a268ee1112681e22bec" member_type: VOTER last_known_addr { host: "127.0.53.3" port: 43274 } } peers { permanent_uuid: "6885de38238442d6a9e5f1eb9fb569ff" member_type: VOTER last_known_addr { host: "127.0.53.2" port: 51697 } } peers { permanent_uuid: "ded9b7f8677940fb91e1a8c8bceceaed" member_type: VOTER last_known_addr { host: "127.0.53.1" port: 35037 } }
I0312 20:10:12.721364 1345 tablet_service.cc:993] Received RequestConsensusVote() RPC: tablet_id: "92318a1b744e4baa9c7d3f3b9758739b" candidate_uuid: "ded9b7f8677940fb91e1a8c8bceceaed" candidate_term: 21 candidate_status { last_received { term: 19 index: 95 } } ignore_live_leader: false dest_uuid: "f78a2351568c4a268ee1112681e22bec"
I0312 20:10:12.721810 1345 raft_consensus.cc:2752] T 92318a1b744e4baa9c7d3f3b9758739b P f78a2351568c4a268ee1112681e22bec [term 20 FOLLOWER]: Advancing to term 21
I0312 20:10:12.722074 1345 raft_consensus.cc:2700] T 92318a1b744e4baa9c7d3f3b9758739b P f78a2351568c4a268ee1112681e22bec: Snoozing failure detection for 0.135s (vote granted)
I0312 20:10:12.721056 1456 leader_election.cc:231] T 92318a1b744e4baa9c7d3f3b9758739b P ded9b7f8677940fb91e1a8c8bceceaed [CANDIDATE]: Term 22 pre-election: Requesting pre-vote from peer f78a2351568c4a268ee1112681e22bec
I0312 20:10:12.725594 1456 leader_election.cc:231] T 92318a1b744e4baa9c7d3f3b9758739b P ded9b7f8677940fb91e1a8c8bceceaed [CANDIDATE]: Term 22 pre-election: Requesting pre-vote from peer 6885de38238442d6a9e5f1eb9fb569ff
I0312 20:10:12.727461 1344 tablet_service.cc:993] Received RequestConsensusVote() RPC: tablet_id: "92318a1b744e4baa9c7d3f3b9758739b" candidate_uuid: "ded9b7f8677940fb91e1a8c8bceceaed" candidate_term: 22 candidate_status { last_received { term: 19 index: 95 } } ignore_live_leader: false dest_uuid: "f78a2351568c4a268ee1112681e22bec" is_pre_election: true
W0312 20:10:12.728127 1094 rpcz_store.cc:255] Trace: 0312 20:10:12.665455 (+ 0us) service_pool.cc:163] Inserting onto call queue 0312 20:10:12.665577 (+ 122us) service_pool.cc:222] Handling call 0312 20:10:12.716306 (+ 50729us) spinlock_profiling.cc:261] Waited 49.5 ms on lock 0x7b480003c09c. stack: 00007f2232dd2c74 00007f2232dd2b70 00007f22318c2314 00007f223a90f294 00007f223a90f229 00007f22394b9af3 00007f223a94d56b 00007f2235300b24 00007f2235300ab1 00007f22353009c4 00007f223495cc29 00007f223495c6ec 00007f223495dbcd 00007f223495f946 00007f223495f89a 00007f223495f823 0312 20:10:12.716399 (+ 93us) inbound_call.cc:157] Queueing success response Metrics: {"spinlock_wait_cycles":113958656}
W0312 20:10:12.730648 1029 leader_election.cc:287] T 92318a1b744e4baa9c7d3f3b9758739b P ded9b7f8677940fb91e1a8c8bceceaed [CANDIDATE]: Term 21 election: RPC error from VoteRequest() call to peer 6885de38238442d6a9e5f1eb9fb569ff: Timed out: RequestConsensusVote RPC to 127.0.53.2:51697 timed out after 0.018s (SENT)
W0312 20:10:12.732434 1027 leader_election.cc:287] T 92318a1b744e4baa9c7d3f3b9758739b P ded9b7f8677940fb91e1a8c8bceceaed [CANDIDATE]: Term 21 election: RPC error from VoteRequest() call to peer f78a2351568c4a268ee1112681e22bec: Timed out: RequestConsensusVote RPC to 127.0.53.3:43274 timed out after 0.018s (SENT)
I0312 20:10:12.732667 1027 leader_election.cc:258] T 92318a1b744e4baa9c7d3f3b9758739b P ded9b7f8677940fb91e1a8c8bceceaed [CANDIDATE]: Term 21 election: Election decided. Result: candidate lost.
I0312 20:10:12.733455 1418 raft_consensus.cc:2700] T 92318a1b744e4baa9c7d3f3b9758739b P ded9b7f8677940fb91e1a8c8bceceaed: Snoozing failure detection for 0.015s (election complete)
I0312 20:10:12.733659 1418 raft_consensus.cc:2455] T 92318a1b744e4baa9c7d3f3b9758739b P ded9b7f8677940fb91e1a8c8bceceaed [term 21 FOLLOWER]: Leader election lost for term 21. Reason: could not achieve majority
W0312 20:10:12.715431 1153 leader_election.cc:347] T 92318a1b744e4baa9c7d3f3b9758739b P 6885de38238442d6a9e5f1eb9fb569ff [CANDIDATE]: Term 20 pre-election: Vote denied by peer ded9b7f8677940fb91e1a8c8bceceaed with higher term. Message: Service unavailable: T 92318a1b744e4baa9c7d3f3b9758739b P ded9b7f8677940fb91e1a8c8bceceaed [term 21 FOLLOWER]: Leader pre-election vote request: Denying vote to candidate 6885de38238442d6a9e5f1eb9fb569ff for term 20 because replica is already servicing an update from a current leader or another vote.
I0312 20:10:12.737990 1153 leader_election.cc:350] T 92318a1b744e4baa9c7d3f3b9758739b P 6885de38238442d6a9e5f1eb9fb569ff [CANDIDATE]: Term 20 pre-election: Cancelling election due to peer responding with higher term
I0312 20:10:12.738890 1454 raft_consensus.cc:2700] T 92318a1b744e4baa9c7d3f3b9758739b P 6885de38238442d6a9e5f1eb9fb569ff: Snoozing failure detection for 0.040s (election complete)
I0312 20:10:12.739110 1454 raft_consensus.cc:2752] T 92318a1b744e4baa9c7d3f3b9758739b P 6885de38238442d6a9e5f1eb9fb569ff [term 20 FOLLOWER]: Advancing to term 21
I0312 20:10:12.731518 1216 tablet_service.cc:993] Received RequestConsensusVote() RPC: tablet_id: "92318a1b744e4baa9c7d3f3b9758739b" candidate_uuid: "ded9b7f8677940fb91e1a8c8bceceaed" candidate_term: 21 candidate_status { last_received { term: 19 index: 95 } } ignore_live_leader: false dest_uuid: "6885de38238442d6a9e5f1eb9fb569ff"
W0312 20:10:12.744063 1029 leader_election.cc:287] T 92318a1b744e4baa9c7d3f3b9758739b P ded9b7f8677940fb91e1a8c8bceceaed [CANDIDATE]: Term 22 pre-election: RPC error from VoteRequest() call to peer 6885de38238442d6a9e5f1eb9fb569ff: Timed out: RequestConsensusVote RPC to 127.0.53.2:51697 timed out after 0.016s (SENT)
W0312 20:10:12.744766 1027 leader_election.cc:287] T 92318a1b744e4baa9c7d3f3b9758739b P ded9b7f8677940fb91e1a8c8bceceaed [CANDIDATE]: Term 22 pre-election: RPC error from VoteRequest() call to peer f78a2351568c4a268ee1112681e22bec: Timed out: RequestConsensusVote RPC to 127.0.53.3:43274 timed out after 0.016s (SENT)
I0312 20:10:12.744956 1027 leader_election.cc:258] T 92318a1b744e4baa9c7d3f3b9758739b P ded9b7f8677940fb91e1a8c8bceceaed [CANDIDATE]: Term 22 pre-election: Election decided. Result: candidate lost.
I0312 20:10:12.745607 1418 raft_consensus.cc:2700] T 92318a1b744e4baa9c7d3f3b9758739b P ded9b7f8677940fb91e1a8c8bceceaed: Snoozing failure detection for 0.021s (election complete)
I0312 20:10:12.746181 1418 raft_consensus.cc:2455] T 92318a1b744e4baa9c7d3f3b9758739b P ded9b7f8677940fb91e1a8c8bceceaed [term 21 FOLLOWER]: Leader pre-election lost for term 22. Reason: could not achieve majority
I0312 20:10:12.746711 1416 leader_election.cc:231] T 92318a1b744e4baa9c7d3f3b9758739b P 6885de38238442d6a9e5f1eb9fb569ff [CANDIDATE]: Term 21 pre-election: Requesting pre-vote from peer ded9b7f8677940fb91e1a8c8bceceaed
I0312 20:10:12.748827 1346 tablet_service.cc:993] Received RequestConsensusVote() RPC: tablet_id: "92318a1b744e4baa9c7d3f3b9758739b" candidate_uuid: "6885de38238442d6a9e5f1eb9fb569ff" candidate_term: 21 candidate_status { last_received { term: 19 index: 95 } } ignore_live_leader: false dest_uuid: "f78a2351568c4a268ee1112681e22bec" is_pre_election: true
I0312 20:10:12.747354 1220 tablet_service.cc:993] Received RequestConsensusVote() RPC: tablet_id: "92318a1b744e4baa9c7d3f3b9758739b" candidate_uuid: "ded9b7f8677940fb91e1a8c8bceceaed" candidate_term: 22 candidate_status { last_received { term: 19 index: 95 } } ignore_live_leader: false dest_uuid: "6885de38238442d6a9e5f1eb9fb569ff" is_pre_election: true
I0312 20:10:12.751687 1094 tablet_service.cc:993] Received RequestConsensusVote() RPC: tablet_id: "92318a1b744e4baa9c7d3f3b9758739b" candidate_uuid: "6885de38238442d6a9e5f1eb9fb569ff" candidate_term: 21 candidate_status { last_received { term: 19 index: 95 } } ignore_live_leader: false dest_uuid: "ded9b7f8677940fb91e1a8c8bceceaed" is_pre_election: true
I0312 20:10:12.752280 1094 raft_consensus.cc:2145] T 92318a1b744e4baa9c7d3f3b9758739b P ded9b7f8677940fb91e1a8c8bceceaed [term 21 FOLLOWER]: Leader pre-election vote request: Denying vote to candidate 6885de38238442d6a9e5f1eb9fb569ff in current term 21: Already voted for candidate ded9b7f8677940fb91e1a8c8bceceaed in this term.
I0312 20:10:12.753338 1153 leader_election.cc:377] T 92318a1b744e4baa9c7d3f3b9758739b P 6885de38238442d6a9e5f1eb9fb569ff [CANDIDATE]: Term 21 pre-election: Vote denied by peer ded9b7f8677940fb91e1a8c8bceceaed. Message: Invalid argument: T 92318a1b744e4baa9c7d3f3b9758739b P ded9b7f8677940fb91e1a8c8bceceaed [term 21 FOLLOWER]: Leader pre-election vote request: Denying vote to candidate 6885de38238442d6a9e5f1eb9fb569ff in current term 21: Already voted for candidate ded9b7f8677940fb91e1a8c8bceceaed in this term.
I0312 20:10:12.748797 1345 raft_consensus.cc:2215] T 92318a1b744e4baa9c7d3f3b9758739b P f78a2351568c4a268ee1112681e22bec [term 21 FOLLOWER]: Leader election vote request: Granting yes vote for candidate ded9b7f8677940fb91e1a8c8bceceaed in term 21.
I0312 20:10:12.754123 1346 raft_consensus.cc:2190] T 92318a1b744e4baa9c7d3f3b9758739b P f78a2351568c4a268ee1112681e22bec [term 21 FOLLOWER]: Leader pre-election vote request: Denying vote to candidate 6885de38238442d6a9e5f1eb9fb569ff for term 21 because replica is already servicing an update from a current leader or another vote.
I0312 20:10:12.754513 1344 raft_consensus.cc:2190] T 92318a1b744e4baa9c7d3f3b9758739b P f78a2351568c4a268ee1112681e22bec [term 21 FOLLOWER]: Leader pre-election vote request: Denying vote to candidate ded9b7f8677940fb91e1a8c8bceceaed for term 22 because replica is already servicing an update from a current leader or another vote.
W0312 20:10:12.755000 1344 rpcz_store.cc:251] Call kudu.consensus.ConsensusService.RequestConsensusVote from 127.0.53.1:47760 (request call id 80) took 27ms (client timeout 16).
I0312 20:10:12.755312 1152 leader_election.cc:377] T 92318a1b744e4baa9c7d3f3b9758739b P 6885de38238442d6a9e5f1eb9fb569ff [CANDIDATE]: Term 21 pre-election: Vote denied by peer f78a2351568c4a268ee1112681e22bec. Message: Service unavailable: T 92318a1b744e4baa9c7d3f3b9758739b P f78a2351568c4a268ee1112681e22bec [term 21 FOLLOWER]: Leader pre-election vote request: Denying vote to candidate 6885de38238442d6a9e5f1eb9fb569ff for term 21 because replica is already servicing an update from a current leader or another vote.
I0312 20:10:12.755524 1152 leader_election.cc:258] T 92318a1b744e4baa9c7d3f3b9758739b P 6885de38238442d6a9e5f1eb9fb569ff [CANDIDATE]: Term 21 pre-election: Election decided. Result: candidate lost.
W0312 20:10:12.755658 1344 rpcz_store.cc:255] Trace: 0312 20:10:12.727213 (+ 0us) service_pool.cc:163] Inserting onto call queue 0312 20:10:12.727321 (+ 108us) service_pool.cc:222] Handling call 0312 20:10:12.754868 (+ 27547us) spinlock_profiling.cc:261] Waited 26.5 ms on lock 0x7b480003009c. stack: 00007f173be47c74 00007f173be47b70 00007f173a937314 00007f1743984294 00007f1743984229 00007f174252e606 00007f17439c256b 00007f173e375b24 00007f173e375ab1 00007f173e3759c4 00007f173d9d1c29 00007f173d9d16ec 00007f173d9d2bcd 00007f173d9d4946 00007f173d9d489a 00007f173d9d4823 0312 20:10:12.754954 (+ 86us) inbound_call.cc:157] Queueing success response Metrics: {"spinlock_wait_cycles":61033728}
W0312 20:10:12.754060 1345 rpcz_store.cc:251] Call kudu.consensus.ConsensusService.RequestConsensusVote from 127.0.53.1:47760 (request call id 79) took 40ms (client timeout 18).
W0312 20:10:12.756517 1345 rpcz_store.cc:255] Trace: 0312 20:10:12.713966 (+ 0us) service_pool.cc:163] Inserting onto call queue 0312 20:10:12.721194 (+ 7228us) service_pool.cc:222] Handling call 0312 20:10:12.754003 (+ 32809us) inbound_call.cc:157] Queueing success response Metrics: {}
I0312 20:10:12.768506 1418 raft_consensus.cc:436] T 92318a1b744e4baa9c7d3f3b9758739b P ded9b7f8677940fb91e1a8c8bceceaed [term 21 FOLLOWER]: Starting pre-election (no leader contacted us within the election timeout)
I0312 20:10:12.768745 1418 raft_consensus.cc:2700] T 92318a1b744e4baa9c7d3f3b9758739b P ded9b7f8677940fb91e1a8c8bceceaed: Snoozing failure detection for 0.028s (starting election)
I0312 20:10:12.769007 1418 raft_consensus.cc:458] T 92318a1b744e4baa9c7d3f3b9758739b P ded9b7f8677940fb91e1a8c8bceceaed [term 21 FOLLOWER]: Starting pre-election with config: opid_index: -1 OBSOLETE_local: false peers { permanent_uuid: "f78a2351568c4a268ee1112681e22bec" member_type: VOTER last_known_addr { host: "127.0.53.3" port: 43274 } } peers { permanent_uuid: "6885de38238442d6a9e5f1eb9fb569ff" member_type: VOTER last_known_addr { host: "127.0.53.2" port: 51697 } } peers { permanent_uuid: "ded9b7f8677940fb91e1a8c8bceceaed" member_type: VOTER last_known_addr { host: "127.0.53.1" port: 35037 } }
I0312 20:10:12.770241 1418 leader_election.cc:231] T 92318a1b744e4baa9c7d3f3b9758739b P ded9b7f8677940fb91e1a8c8bceceaed [CANDIDATE]: Term 22 pre-election: Requesting pre-vote from peer f78a2351568c4a268ee1112681e22bec
I0312 20:10:12.770628 1418 leader_election.cc:231] T 92318a1b744e4baa9c7d3f3b9758739b P ded9b7f8677940fb91e1a8c8bceceaed [CANDIDATE]: Term 22 pre-election: Requesting pre-vote from peer 6885de38238442d6a9e5f1eb9fb569ff
I0312 20:10:12.771695 1345 tablet_service.cc:993] Received RequestConsensusVote() RPC: tablet_id: "92318a1b744e4baa9c7d3f3b9758739b" candidate_uuid: "ded9b7f8677940fb91e1a8c8bceceaed" candidate_term: 22 candidate_status { last_received { term: 19 index: 95 } } ignore_live_leader: false dest_uuid: "f78a2351568c4a268ee1112681e22bec" is_pre_election: true
I0312 20:10:12.772125 1345 raft_consensus.cc:2700] T 92318a1b744e4baa9c7d3f3b9758739b P f78a2351568c4a268ee1112681e22bec: Snoozing failure detection for 0.154s (vote granted)
I0312 20:10:12.772341 1345 raft_consensus.cc:2215] T 92318a1b744e4baa9c7d3f3b9758739b P f78a2351568c4a268ee1112681e22bec [term 21 FOLLOWER]: Leader pre-election vote request: Granting yes vote for candidate ded9b7f8677940fb91e1a8c8bceceaed in term 21.
I0312 20:10:12.773234 1027 leader_election.cc:363] T 92318a1b744e4baa9c7d3f3b9758739b P ded9b7f8677940fb91e1a8c8bceceaed [CANDIDATE]: Term 22 pre-election: Vote granted by peer f78a2351568c4a268ee1112681e22bec
I0312 20:10:12.773388 1027 leader_election.cc:258] T 92318a1b744e4baa9c7d3f3b9758739b P ded9b7f8677940fb91e1a8c8bceceaed [CANDIDATE]: Term 22 pre-election: Election decided. Result: candidate won.
I0312 20:10:12.773705 1418 raft_consensus.cc:2700] T 92318a1b744e4baa9c7d3f3b9758739b P ded9b7f8677940fb91e1a8c8bceceaed: Snoozing failure detection for 0.028s (election complete)
I0312 20:10:12.773950 1418 raft_consensus.cc:2507] T 92318a1b744e4baa9c7d3f3b9758739b P ded9b7f8677940fb91e1a8c8bceceaed [term 21 FOLLOWER]: Leader pre-election won for term 22
I0312 20:10:12.774174 1418 raft_consensus.cc:436] T 92318a1b744e4baa9c7d3f3b9758739b P ded9b7f8677940fb91e1a8c8bceceaed [term 21 FOLLOWER]: Starting leader election (no leader contacted us within the election timeout)
I0312 20:10:12.774402 1418 raft_consensus.cc:2700] T 92318a1b744e4baa9c7d3f3b9758739b P ded9b7f8677940fb91e1a8c8bceceaed: Snoozing failure detection for 0.039s (starting election)
I0312 20:10:12.774358 1219 tablet_service.cc:993] Received RequestConsensusVote() RPC: tablet_id: "92318a1b744e4baa9c7d3f3b9758739b" candidate_uuid: "ded9b7f8677940fb91e1a8c8bceceaed" candidate_term: 22 candidate_status { last_received { term: 19 index: 95 } } ignore_live_leader: false dest_uuid: "6885de38238442d6a9e5f1eb9fb569ff" is_pre_election: true
I0312 20:10:12.774663 1418 raft_consensus.cc:2752] T 92318a1b744e4baa9c7d3f3b9758739b P ded9b7f8677940fb91e1a8c8bceceaed [term 21 FOLLOWER]: Advancing to term 22
I0312 20:10:12.779775 1418 raft_consensus.cc:458] T 92318a1b744e4baa9c7d3f3b9758739b P ded9b7f8677940fb91e1a8c8bceceaed [term 22 FOLLOWER]: Starting leader election with config: opid_index: -1 OBSOLETE_local: false peers { permanent_uuid: "f78a2351568c4a268ee1112681e22bec" member_type: VOTER last_known_addr { host: "127.0.53.3" port: 43274 } } peers { permanent_uuid: "6885de38238442d6a9e5f1eb9fb569ff" member_type: VOTER last_known_addr { host: "127.0.53.2" port: 51697 } } peers { permanent_uuid: "ded9b7f8677940fb91e1a8c8bceceaed" member_type: VOTER last_known_addr { host: "127.0.53.1" port: 35037 } }
I0312 20:10:12.780884 1418 leader_election.cc:231] T 92318a1b744e4baa9c7d3f3b9758739b P ded9b7f8677940fb91e1a8c8bceceaed [CANDIDATE]: Term 22 election: Requesting vote from peer f78a2351568c4a268ee1112681e22bec
I0312 20:10:12.782202 1345 tablet_service.cc:993] Received RequestConsensusVote() RPC: tablet_id: "92318a1b744e4baa9c7d3f3b9758739b" candidate_uuid: "ded9b7f8677940fb91e1a8c8bceceaed" candidate_term: 22 candidate_status { last_received { term: 19 index: 95 } } ignore_live_leader: false dest_uuid: "f78a2351568c4a268ee1112681e22bec"
I0312 20:10:12.782586 1345 raft_consensus.cc:2752] T 92318a1b744e4baa9c7d3f3b9758739b P f78a2351568c4a268ee1112681e22bec [term 21 FOLLOWER]: Advancing to term 22
I0312 20:10:12.782800 1345 raft_consensus.cc:2700] T 92318a1b744e4baa9c7d3f3b9758739b P f78a2351568c4a268ee1112681e22bec: Snoozing failure detection for 0.174s (vote granted)
I0312 20:10:12.787358 1418 leader_election.cc:231] T 92318a1b744e4baa9c7d3f3b9758739b P ded9b7f8677940fb91e1a8c8bceceaed [CANDIDATE]: Term 22 election: Requesting vote from peer 6885de38238442d6a9e5f1eb9fb569ff
I0312 20:10:12.790870 1215 tablet_service.cc:993] Received RequestConsensusVote() RPC: tablet_id: "92318a1b744e4baa9c7d3f3b9758739b" candidate_uuid: "ded9b7f8677940fb91e1a8c8bceceaed" candidate_term: 22 candidate_status { last_received { term: 19 index: 95 } } ignore_live_leader: false dest_uuid: "6885de38238442d6a9e5f1eb9fb569ff"
I0312 20:10:12.794687 1454 raft_consensus.cc:2455] T 92318a1b744e4baa9c7d3f3b9758739b P 6885de38238442d6a9e5f1eb9fb569ff [term 21 FOLLOWER]: Leader pre-election lost for term 20. Reason: Vote denied by peer ded9b7f8677940fb91e1a8c8bceceaed with higher term. Message: Service unavailable: T 92318a1b744e4baa9c7d3f3b9758739b P ded9b7f8677940fb91e1a8c8bceceaed [term 21 FOLLOWER]: Leader pre-election vote request: Denying vote to candidate 6885de38238442d6a9e5f1eb9fb569ff for term 20 because replica is already servicing an update from a current leader or another vote.
I0312 20:10:12.795177 1220 raft_consensus.cc:2190] T 92318a1b744e4baa9c7d3f3b9758739b P 6885de38238442d6a9e5f1eb9fb569ff [term 21 FOLLOWER]: Leader pre-election vote request: Denying vote to candidate ded9b7f8677940fb91e1a8c8bceceaed for term 22 because replica is already servicing an update from a current leader or another vote.
W0312 20:10:12.795686 1220 rpcz_store.cc:251] Call kudu.consensus.ConsensusService.RequestConsensusVote from 127.0.53.1:43660 (request call id 81) took 57ms (client timeout 16).
W0312 20:10:12.796360 1220 rpcz_store.cc:255] Trace: 0312 20:10:12.737864 (+ 0us) service_pool.cc:163] Inserting onto call queue 0312 20:10:12.747200 (+ 9336us) service_pool.cc:222] Handling call 0312 20:10:12.795539 (+ 48339us) spinlock_profiling.cc:261] Waited 44.8 ms on lock 0x7b480003009c. stack: 00007efc5efb2c74 00007efc5efb2b70 00007efc5daa2314 00007efc66aef294 00007efc66aef229 00007efc65699606 00007efc66b2d56b 00007efc614e0b24 00007efc614e0ab1 00007efc614e09c4 00007efc60b3cc29 00007efc60b3c6ec 00007efc60b3dbcd 00007efc60b3f946 00007efc60b3f89a 00007efc60b3f823 0312 20:10:12.795639 (+ 100us) inbound_call.cc:157] Queueing success response Metrics: {"spinlock_wait_cycles":103107840}
I0312 20:10:12.796757 1467 raft_consensus.cc:436] T 92318a1b744e4baa9c7d3f3b9758739b P 6885de38238442d6a9e5f1eb9fb569ff [term 21 FOLLOWER]: Starting pre-election (no leader contacted us within the election timeout)
I0312 20:10:12.796999 1467 raft_consensus.cc:2700] T 92318a1b744e4baa9c7d3f3b9758739b P 6885de38238442d6a9e5f1eb9fb569ff: Snoozing failure detection for 0.054s (starting election)
I0312 20:10:12.797260 1467 raft_consensus.cc:458] T 92318a1b744e4baa9c7d3f3b9758739b P 6885de38238442d6a9e5f1eb9fb569ff [term 21 FOLLOWER]: Starting pre-election with config: opid_index: -1 OBSOLETE_local: false peers { permanent_uuid: "f78a2351568c4a268ee1112681e22bec" member_type: VOTER last_known_addr { host: "127.0.53.3" port: 43274 } } peers { permanent_uuid: "6885de38238442d6a9e5f1eb9fb569ff" member_type: VOTER last_known_addr { host: "127.0.53.2" port: 51697 } } peers { permanent_uuid: "ded9b7f8677940fb91e1a8c8bceceaed" member_type: VOTER last_known_addr { host: "127.0.53.1" port: 35037 } }
I0312 20:10:12.798228 1215 raft_consensus.cc:2190] T 92318a1b744e4baa9c7d3f3b9758739b P 6885de38238442d6a9e5f1eb9fb569ff [term 21 FOLLOWER]: Leader election vote request: Denying vote to candidate ded9b7f8677940fb91e1a8c8bceceaed for term 22 because replica is already servicing an update from a current leader or another vote.
I0312 20:10:12.798230 1467 leader_election.cc:231] T 92318a1b744e4baa9c7d3f3b9758739b P 6885de38238442d6a9e5f1eb9fb569ff [CANDIDATE]: Term 22 pre-election: Requesting pre-vote from peer f78a2351568c4a268ee1112681e22bec
I0312 20:10:12.798905 1216 raft_consensus.cc:2700] T 92318a1b744e4baa9c7d3f3b9758739b P 6885de38238442d6a9e5f1eb9fb569ff: Snoozing failure detection for 0.067s (vote granted)
I0312 20:10:12.798614 1467 leader_election.cc:231] T 92318a1b744e4baa9c7d3f3b9758739b P 6885de38238442d6a9e5f1eb9fb569ff [CANDIDATE]: Term 22 pre-election: Requesting pre-vote from peer ded9b7f8677940fb91e1a8c8bceceaed
I0312 20:10:12.800645 1094 tablet_service.cc:993] Received RequestConsensusVote() RPC: tablet_id: "92318a1b744e4baa9c7d3f3b9758739b" candidate_uuid: "6885de38238442d6a9e5f1eb9fb569ff" candidate_term: 22 candidate_status { last_received { term: 19 index: 95 } } ignore_live_leader: false dest_uuid: "ded9b7f8677940fb91e1a8c8bceceaed" is_pre_election: true
I0312 20:10:12.801167 1094 raft_consensus.cc:2145] T 92318a1b744e4baa9c7d3f3b9758739b P ded9b7f8677940fb91e1a8c8bceceaed [term 22 FOLLOWER]: Leader pre-election vote request: Denying vote to candidate 6885de38238442d6a9e5f1eb9fb569ff in current term 22: Already voted for candidate ded9b7f8677940fb91e1a8c8bceceaed in this term.
W0312 20:10:12.801275 1029 leader_election.cc:287] T 92318a1b744e4baa9c7d3f3b9758739b P ded9b7f8677940fb91e1a8c8bceceaed [CANDIDATE]: Term 22 pre-election: RPC error from VoteRequest() call to peer 6885de38238442d6a9e5f1eb9fb569ff: Timed out: RequestConsensusVote RPC to 127.0.53.2:51697 timed out after 0.028s (SENT)
I0312 20:10:12.802201 1153 leader_election.cc:377] T 92318a1b744e4baa9c7d3f3b9758739b P 6885de38238442d6a9e5f1eb9fb569ff [CANDIDATE]: Term 22 pre-election: Vote denied by peer ded9b7f8677940fb91e1a8c8bceceaed. Message: Invalid argument: T 92318a1b744e4baa9c7d3f3b9758739b P ded9b7f8677940fb91e1a8c8bceceaed [term 22 FOLLOWER]: Leader pre-election vote request: Denying vote to candidate 6885de38238442d6a9e5f1eb9fb569ff in current term 22: Already voted for candidate ded9b7f8677940fb91e1a8c8bceceaed in this term.
I0312 20:10:12.803614 1344 tablet_service.cc:993] Received RequestConsensusVote() RPC: tablet_id: "92318a1b744e4baa9c7d3f3b9758739b" candidate_uuid: "6885de38238442d6a9e5f1eb9fb569ff" candidate_term: 22 candidate_status { last_received { term: 19 index: 95 } } ignore_live_leader: false dest_uuid: "f78a2351568c4a268ee1112681e22bec" is_pre_election: true
I0312 20:10:12.804247 1029 leader_election.cc:377] T 92318a1b744e4baa9c7d3f3b9758739b P ded9b7f8677940fb91e1a8c8bceceaed [CANDIDATE]: Term 22 election: Vote denied by peer 6885de38238442d6a9e5f1eb9fb569ff. Message: Service unavailable: T 92318a1b744e4baa9c7d3f3b9758739b P 6885de38238442d6a9e5f1eb9fb569ff [term 21 FOLLOWER]: Leader election vote request: Denying vote to candidate ded9b7f8677940fb91e1a8c8bceceaed for term 22 because replica is already servicing an update from a current leader or another vote.
I0312 20:10:12.815130 1418 raft_consensus.cc:436] T 92318a1b744e4baa9c7d3f3b9758739b P ded9b7f8677940fb91e1a8c8bceceaed [term 22 FOLLOWER]: Starting pre-election (no leader contacted us within the election timeout)
I0312 20:10:12.815390 1418 raft_consensus.cc:2700] T 92318a1b744e4baa9c7d3f3b9758739b P ded9b7f8677940fb91e1a8c8bceceaed: Snoozing failure detection for 0.038s (starting election)
I0312 20:10:12.815802 1418 raft_consensus.cc:458] T 92318a1b744e4baa9c7d3f3b9758739b P ded9b7f8677940fb91e1a8c8bceceaed [term 22 FOLLOWER]: Starting pre-election with config: opid_index: -1 OBSOLETE_local: false peers { permanent_uuid: "f78a2351568c4a268ee1112681e22bec" member_type: VOTER last_known_addr { host: "127.0.53.3" port: 43274 } } peers { permanent_uuid: "6885de38238442d6a9e5f1eb9fb569ff" member_type: VOTER last_known_addr { host: "127.0.53.2" port: 51697 } } peers { permanent_uuid: "ded9b7f8677940fb91e1a8c8bceceaed" member_type: VOTER last_known_addr { host: "127.0.53.1" port: 35037 } }
I0312 20:10:12.816956 1418 leader_election.cc:231] T 92318a1b744e4baa9c7d3f3b9758739b P ded9b7f8677940fb91e1a8c8bceceaed [CANDIDATE]: Term 23 pre-election: Requesting pre-vote from peer f78a2351568c4a268ee1112681e22bec
I0312 20:10:12.818290 1346 tablet_service.cc:993] Received RequestConsensusVote() RPC: tablet_id: "92318a1b744e4baa9c7d3f3b9758739b" candidate_uuid: "ded9b7f8677940fb91e1a8c8bceceaed" candidate_term: 23 candidate_status { last_received { term: 19 index: 95 } } ignore_live_leader: false dest_uuid: "f78a2351568c4a268ee1112681e22bec" is_pre_election: true
I0312 20:10:12.818548 1418 leader_election.cc:231] T 92318a1b744e4baa9c7d3f3b9758739b P ded9b7f8677940fb91e1a8c8bceceaed [CANDIDATE]: Term 23 pre-election: Requesting pre-vote from peer 6885de38238442d6a9e5f1eb9fb569ff
I0312 20:10:12.819878 1215 tablet_service.cc:993] Received RequestConsensusVote() RPC: tablet_id: "92318a1b744e4baa9c7d3f3b9758739b" candidate_uuid: "ded9b7f8677940fb91e1a8c8bceceaed" candidate_term: 23 candidate_status { last_received { term: 19 index: 95 } } ignore_live_leader: false dest_uuid: "6885de38238442d6a9e5f1eb9fb569ff" is_pre_election: true
W0312 20:10:12.820542 1027 leader_election.cc:287] T 92318a1b744e4baa9c7d3f3b9758739b P ded9b7f8677940fb91e1a8c8bceceaed [CANDIDATE]: Term 22 election: RPC error from VoteRequest() call to peer f78a2351568c4a268ee1112681e22bec: Timed out: RequestConsensusVote RPC to 127.0.53.3:43274 timed out after 0.039s (SENT)
I0312 20:10:12.820772 1027 leader_election.cc:258] T 92318a1b744e4baa9c7d3f3b9758739b P ded9b7f8677940fb91e1a8c8bceceaed [CANDIDATE]: Term 22 election: Election decided. Result: candidate lost.
I0312 20:10:12.821421 1456 raft_consensus.cc:2700] T 92318a1b744e4baa9c7d3f3b9758739b P ded9b7f8677940fb91e1a8c8bceceaed: Snoozing failure detection for 0.021s (election complete)
I0312 20:10:12.821630 1456 raft_consensus.cc:2455] T 92318a1b744e4baa9c7d3f3b9758739b P ded9b7f8677940fb91e1a8c8bceceaed [term 22 FOLLOWER]: Leader election lost for term 22. Reason: could not achieve majority
I0312 20:10:12.823781 1345 raft_consensus.cc:2215] T 92318a1b744e4baa9c7d3f3b9758739b P f78a2351568c4a268ee1112681e22bec [term 22 FOLLOWER]: Leader election vote request: Granting yes vote for candidate ded9b7f8677940fb91e1a8c8bceceaed in term 22.
I0312 20:10:12.825268 1346 raft_consensus.cc:2190] T 92318a1b744e4baa9c7d3f3b9758739b P f78a2351568c4a268ee1112681e22bec [term 22 FOLLOWER]: Leader pre-election vote request: Denying vote to candidate ded9b7f8677940fb91e1a8c8bceceaed for term 23 because replica is already servicing an update from a current leader or another vote.
I0312 20:10:12.827394 1344 raft_consensus.cc:2190] T 92318a1b744e4baa9c7d3f3b9758739b P f78a2351568c4a268ee1112681e22bec [term 22 FOLLOWER]: Leader pre-election vote request: Denying vote to candidate 6885de38238442d6a9e5f1eb9fb569ff for term 22 because replica is already servicing an update from a current leader or another vote.
I0312 20:10:12.828855 1152 leader_election.cc:377] T 92318a1b744e4baa9c7d3f3b9758739b P 6885de38238442d6a9e5f1eb9fb569ff [CANDIDATE]: Term 22 pre-election: Vote denied by peer f78a2351568c4a268ee1112681e22bec. Message: Service unavailable: T 92318a1b744e4baa9c7d3f3b9758739b P f78a2351568c4a268ee1112681e22bec [term 22 FOLLOWER]: Leader pre-election vote request: Denying vote to candidate 6885de38238442d6a9e5f1eb9fb569ff for term 22 because replica is already servicing an update from a current leader or another vote.
I0312 20:10:12.829629 1027 leader_election.cc:377] T 92318a1b744e4baa9c7d3f3b9758739b P ded9b7f8677940fb91e1a8c8bceceaed [CANDIDATE]: Term 23 pre-election: Vote denied by peer f78a2351568c4a268ee1112681e22bec. Message: Service unavailable: T 92318a1b744e4baa9c7d3f3b9758739b P f78a2351568c4a268ee1112681e22bec [term 22 FOLLOWER]: Leader pre-election vote request: Denying vote to candidate ded9b7f8677940fb91e1a8c8bceceaed for term 23 because replica is already servicing an update from a current leader or another vote.
I0312 20:10:12.829988 1152 leader_election.cc:258] T 92318a1b744e4baa9c7d3f3b9758739b P 6885de38238442d6a9e5f1eb9fb569ff [CANDIDATE]: Term 22 pre-election: Election decided. Result: candidate lost.
W0312 20:10:12.830852 1345 rpcz_store.cc:251] Call kudu.consensus.ConsensusService.RequestConsensusVote from 127.0.53.1:47760 (request call id 82) took 43ms (client timeout 39).
W0312 20:10:12.831470 1345 rpcz_store.cc:255] Trace: 0312 20:10:12.781973 (+ 0us) service_pool.cc:163] Inserting onto call queue 0312 20:10:12.782073 (+ 100us) service_pool.cc:222] Handling call 0312 20:10:12.825029 (+ 42956us) inbound_call.cc:157] Queueing success response Metrics: {}
I0312 20:10:12.843032 1418 raft_consensus.cc:436] T 92318a1b744e4baa9c7d3f3b9758739b P ded9b7f8677940fb91e1a8c8bceceaed [term 22 FOLLOWER]: Starting pre-election (no leader contacted us within the election timeout)
I0312 20:10:12.843325 1418 raft_consensus.cc:2700] T 92318a1b744e4baa9c7d3f3b9758739b P ded9b7f8677940fb91e1a8c8bceceaed: Snoozing failure detection for 0.018s (starting election)
I0312 20:10:12.843559 1418 raft_consensus.cc:458] T 92318a1b744e4baa9c7d3f3b9758739b P ded9b7f8677940fb91e1a8c8bceceaed [term 22 FOLLOWER]: Starting pre-election with config: opid_index: -1 OBSOLETE_local: false peers { permanent_uuid: "f78a2351568c4a268ee1112681e22bec" member_type: VOTER last_known_addr { host: "127.0.53.3" port: 43274 } } peers { permanent_uuid: "6885de38238442d6a9e5f1eb9fb569ff" member_type: VOTER last_known_addr { host: "127.0.53.2" port: 51697 } } peers { permanent_uuid: "ded9b7f8677940fb91e1a8c8bceceaed" member_type: VOTER last_known_addr { host: "127.0.53.1" port: 35037 } }
I0312 20:10:12.845823 1216 raft_consensus.cc:2215] T 92318a1b744e4baa9c7d3f3b9758739b P 6885de38238442d6a9e5f1eb9fb569ff [term 21 FOLLOWER]: Leader election vote request: Granting yes vote for candidate ded9b7f8677940fb91e1a8c8bceceaed in term 21.
W0312 20:10:12.846385 1216 rpcz_store.cc:251] Call kudu.consensus.ConsensusService.RequestConsensusVote from 127.0.53.1:43660 (request call id 80) took 115ms (client timeout 18).
W0312 20:10:12.847025 1216 rpcz_store.cc:255] Trace: 0312 20:10:12.731221 (+ 0us) service_pool.cc:163] Inserting onto call queue 0312 20:10:12.731353 (+ 132us) service_pool.cc:222] Handling call 0312 20:10:12.846263 (+114910us) spinlock_profiling.cc:261] Waited 57.7 ms on lock 0x7b480003009c. stack: 00007efc5efb2c74 00007efc5efb2b70 00007efc5daa2314 00007efc66aef294 00007efc66aef229 00007efc65699af3 00007efc66b2d56b 00007efc614e0b24 00007efc614e0ab1 00007efc614e09c4 00007efc60b3cc29 00007efc60b3c6ec 00007efc60b3dbcd 00007efc60b3f946 00007efc60b3f89a 00007efc60b3f823 0312 20:10:12.846339 (+ 76us) inbound_call.cc:157] Queueing success response Metrics: {"spinlock_wait_cycles":132673792}
I0312 20:10:12.847329 1467 raft_consensus.cc:2700] T 92318a1b744e4baa9c7d3f3b9758739b P 6885de38238442d6a9e5f1eb9fb569ff: Snoozing failure detection for 0.054s (election complete)
I0312 20:10:12.847566 1467 raft_consensus.cc:2752] T 92318a1b744e4baa9c7d3f3b9758739b P 6885de38238442d6a9e5f1eb9fb569ff [term 21 FOLLOWER]: Advancing to term 22
I0312 20:10:12.854221 1418 leader_election.cc:231] T 92318a1b744e4baa9c7d3f3b9758739b P ded9b7f8677940fb91e1a8c8bceceaed [CANDIDATE]: Term 23 pre-election: Requesting pre-vote from peer f78a2351568c4a268ee1112681e22bec
I0312 20:10:12.855576 1345 tablet_service.cc:993] Received RequestConsensusVote() RPC: tablet_id: "92318a1b744e4baa9c7d3f3b9758739b" candidate_uuid: "ded9b7f8677940fb91e1a8c8bceceaed" candidate_term: 23 candidate_status { last_received { term: 19 index: 95 } } ignore_live_leader: false dest_uuid: "f78a2351568c4a268ee1112681e22bec" is_pre_election: true
I0312 20:10:12.856132 1345 raft_consensus.cc:2700] T 92318a1b744e4baa9c7d3f3b9758739b P f78a2351568c4a268ee1112681e22bec: Snoozing failure detection for 0.242s (vote granted)
I0312 20:10:12.856374 1345 raft_consensus.cc:2215] T 92318a1b744e4baa9c7d3f3b9758739b P f78a2351568c4a268ee1112681e22bec [term 22 FOLLOWER]: Leader pre-election vote request: Granting yes vote for candidate ded9b7f8677940fb91e1a8c8bceceaed in term 22.
I0312 20:10:12.857340 1027 leader_election.cc:363] T 92318a1b744e4baa9c7d3f3b9758739b P ded9b7f8677940fb91e1a8c8bceceaed [CANDIDATE]: Term 23 pre-election: Vote granted by peer f78a2351568c4a268ee1112681e22bec
I0312 20:10:12.857559 1027 leader_election.cc:258] T 92318a1b744e4baa9c7d3f3b9758739b P ded9b7f8677940fb91e1a8c8bceceaed [CANDIDATE]: Term 23 pre-election: Election decided. Result: candidate won.
I0312 20:10:12.858135 1456 raft_consensus.cc:2700] T 92318a1b744e4baa9c7d3f3b9758739b P ded9b7f8677940fb91e1a8c8bceceaed: Snoozing failure detection for 0.055s (election complete)
I0312 20:10:12.858405 1456 raft_consensus.cc:2507] T 92318a1b744e4baa9c7d3f3b9758739b P ded9b7f8677940fb91e1a8c8bceceaed [term 22 FOLLOWER]: Leader pre-election won for term 23
I0312 20:10:12.858613 1456 raft_consensus.cc:436] T 92318a1b744e4baa9c7d3f3b9758739b P ded9b7f8677940fb91e1a8c8bceceaed [term 22 FOLLOWER]: Starting leader election (no leader contacted us within the election timeout)
I0312 20:10:12.858847 1456 raft_consensus.cc:2700] T 92318a1b744e4baa9c7d3f3b9758739b P ded9b7f8677940fb91e1a8c8bceceaed: Snoozing failure detection for 0.029s (starting election)
I0312 20:10:12.859061 1456 raft_consensus.cc:2752] T 92318a1b744e4baa9c7d3f3b9758739b P ded9b7f8677940fb91e1a8c8bceceaed [term 22 FOLLOWER]: Advancing to term 23
W0312 20:10:12.857517 1029 leader_election.cc:287] T 92318a1b744e4baa9c7d3f3b9758739b P ded9b7f8677940fb91e1a8c8bceceaed [CANDIDATE]: Term 23 pre-election: RPC error from VoteRequest() call to peer 6885de38238442d6a9e5f1eb9fb569ff: Timed out: RequestConsensusVote RPC to 127.0.53.2:51697 timed out after 0.038s (SENT)
I0312 20:10:12.865195 1029 leader_election.cc:258] T 92318a1b744e4baa9c7d3f3b9758739b P ded9b7f8677940fb91e1a8c8bceceaed [CANDIDATE]: Term 23 pre-election: Election decided. Result: candidate lost.
I0312 20:10:12.864751 1456 raft_consensus.cc:458] T 92318a1b744e4baa9c7d3f3b9758739b P ded9b7f8677940fb91e1a8c8bceceaed [term 23 FOLLOWER]: Starting leader election with config: opid_index: -1 OBSOLETE_local: false peers { permanent_uuid: "f78a2351568c4a268ee1112681e22bec" member_type: VOTER last_known_addr { host: "127.0.53.3" port: 43274 } } peers { permanent_uuid: "6885de38238442d6a9e5f1eb9fb569ff" member_type: VOTER last_known_addr { host: "127.0.53.2" port: 51697 } } peers { permanent_uuid: "ded9b7f8677940fb91e1a8c8bceceaed" member_type: VOTER last_known_addr { host: "127.0.53.1" port: 35037 } }
I0312 20:10:12.865855 1456 leader_election.cc:231] T 92318a1b744e4baa9c7d3f3b9758739b P ded9b7f8677940fb91e1a8c8bceceaed [CANDIDATE]: Term 23 election: Requesting vote from peer f78a2351568c4a268ee1112681e22bec
I0312 20:10:12.865906 1417 raft_consensus.cc:2700] T 92318a1b744e4baa9c7d3f3b9758739b P ded9b7f8677940fb91e1a8c8bceceaed: Snoozing failure detection for 0.060s (election complete)
I0312 20:10:12.866128 1417 raft_consensus.cc:2455] T 92318a1b744e4baa9c7d3f3b9758739b P ded9b7f8677940fb91e1a8c8bceceaed [term 23 FOLLOWER]: Leader pre-election lost for term 23. Reason: could not achieve majority
I0312 20:10:12.867280 1345 tablet_service.cc:993] Received RequestConsensusVote() RPC: tablet_id: "92318a1b744e4baa9c7d3f3b9758739b" candidate_uuid: "ded9b7f8677940fb91e1a8c8bceceaed" candidate_term: 23 candidate_status { last_received { term: 19 index: 95 } } ignore_live_leader: false dest_uuid: "f78a2351568c4a268ee1112681e22bec"
I0312 20:10:12.867722 1345 raft_consensus.cc:2752] T 92318a1b744e4baa9c7d3f3b9758739b P f78a2351568c4a268ee1112681e22bec [term 22 FOLLOWER]: Advancing to term 23
I0312 20:10:12.867940 1345 raft_consensus.cc:2700] T 92318a1b744e4baa9c7d3f3b9758739b P f78a2351568c4a268ee1112681e22bec: Snoozing failure detection for 0.176s (vote granted)
I0312 20:10:12.872313 1345 raft_consensus.cc:2215] T 92318a1b744e4baa9c7d3f3b9758739b P f78a2351568c4a268ee1112681e22bec [term 23 FOLLOWER]: Leader election vote request: Granting yes vote for candidate ded9b7f8677940fb91e1a8c8bceceaed in term 23.
I0312 20:10:12.872627 1456 leader_election.cc:231] T 92318a1b744e4baa9c7d3f3b9758739b P ded9b7f8677940fb91e1a8c8bceceaed [CANDIDATE]: Term 23 election: Requesting vote from peer 6885de38238442d6a9e5f1eb9fb569ff
I0312 20:10:12.872886 1418 leader_election.cc:231] T 92318a1b744e4baa9c7d3f3b9758739b P ded9b7f8677940fb91e1a8c8bceceaed [CANDIDATE]: Term 23 pre-election: Requesting pre-vote from peer 6885de38238442d6a9e5f1eb9fb569ff
I0312 20:10:12.874739 1220 tablet_service.cc:993] Received RequestConsensusVote() RPC: tablet_id: "92318a1b744e4baa9c7d3f3b9758739b" candidate_uuid: "ded9b7f8677940fb91e1a8c8bceceaed" candidate_term: 23 candidate_status { last_received { term: 19 index: 95 } } ignore_live_leader: false dest_uuid: "6885de38238442d6a9e5f1eb9fb569ff" is_pre_election: true
I0312 20:10:12.875481 1216 tablet_service.cc:993] Received RequestConsensusVote() RPC: tablet_id: "92318a1b744e4baa9c7d3f3b9758739b" candidate_uuid: "ded9b7f8677940fb91e1a8c8bceceaed" candidate_term: 23 candidate_status { last_received { term: 19 index: 95 } } ignore_live_leader: false dest_uuid: "6885de38238442d6a9e5f1eb9fb569ff"
I0312 20:10:12.878115 1027 leader_election.cc:363] T 92318a1b744e4baa9c7d3f3b9758739b P ded9b7f8677940fb91e1a8c8bceceaed [CANDIDATE]: Term 23 election: Vote granted by peer f78a2351568c4a268ee1112681e22bec
I0312 20:10:12.878314 1027 leader_election.cc:258] T 92318a1b744e4baa9c7d3f3b9758739b P ded9b7f8677940fb91e1a8c8bceceaed [CANDIDATE]: Term 23 election: Election decided. Result: candidate won.
I0312 20:10:12.879138 1418 raft_consensus.cc:2700] T 92318a1b744e4baa9c7d3f3b9758739b P ded9b7f8677940fb91e1a8c8bceceaed: Snoozing failure detection for 0.047s (election complete)
I0312 20:10:12.879361 1418 raft_consensus.cc:2507] T 92318a1b744e4baa9c7d3f3b9758739b P ded9b7f8677940fb91e1a8c8bceceaed [term 23 FOLLOWER]: Leader election won for term 23
I0312 20:10:12.880271 1418 raft_consensus.cc:572] T 92318a1b744e4baa9c7d3f3b9758739b P ded9b7f8677940fb91e1a8c8bceceaed [term 23 LEADER]: Becoming Leader. State: Replica: ded9b7f8677940fb91e1a8c8bceceaed, State: Running, Role: LEADER
I0312 20:10:12.881275 1418 consensus_queue.cc:196] T 92318a1b744e4baa9c7d3f3b9758739b P ded9b7f8677940fb91e1a8c8bceceaed [LEADER]: Queue going to LEADER mode. State: All replicated index: 0, Majority replicated index: 93, Committed index: 93, Last appended: 19.95, Last appended by leader: 95, Current term: 23, Majority size: 2, State: 0, Mode: LEADER, active raft config: opid_index: -1 OBSOLETE_local: false peers { permanent_uuid: "f78a2351568c4a268ee1112681e22bec" member_type: VOTER last_known_addr { host: "127.0.53.3" port: 43274 } } peers { permanent_uuid: "6885de38238442d6a9e5f1eb9fb569ff" member_type: VOTER last_known_addr { host: "127.0.53.2" port: 51697 } } peers { permanent_uuid: "ded9b7f8677940fb91e1a8c8bceceaed" member_type: VOTER last_known_addr { host: "127.0.53.1" port: 35037 } }
I0312 20:10:12.886577 974 catalog_manager.cc:3592] T 92318a1b744e4baa9c7d3f3b9758739b P ded9b7f8677940fb91e1a8c8bceceaed reported cstate change: term changed from 19 to 23. New cstate: current_term: 23 leader_uuid: "ded9b7f8677940fb91e1a8c8bceceaed" committed_config { opid_index: -1 OBSOLETE_local: false peers { permanent_uuid: "f78a2351568c4a268ee1112681e22bec" member_type: VOTER last_known_addr { host: "127.0.53.3" port: 43274 } health_report { overall_health: UNKNOWN } } peers { permanent_uuid: "6885de38238442d6a9e5f1eb9fb569ff" member_type: VOTER last_known_addr { host: "127.0.53.2" port: 51697 } health_report { overall_health: UNKNOWN } } peers { permanent_uuid: "ded9b7f8677940fb91e1a8c8bceceaed" member_type: VOTER last_known_addr { host: "127.0.53.1" port: 35037 } health_report { overall_health: HEALTHY } } }
W0312 20:10:12.893476 1029 leader_election.cc:287] T 92318a1b744e4baa9c7d3f3b9758739b P ded9b7f8677940fb91e1a8c8bceceaed [CANDIDATE]: Term 23 pre-election: RPC error from VoteRequest() call to peer 6885de38238442d6a9e5f1eb9fb569ff: Timed out: RequestConsensusVote RPC to 127.0.53.2:51697 timed out after 0.018s (SENT)
I0312 20:10:12.900499 1467 raft_consensus.cc:2455] T 92318a1b744e4baa9c7d3f3b9758739b P 6885de38238442d6a9e5f1eb9fb569ff [term 22 FOLLOWER]: Leader pre-election lost for term 22. Reason: could not achieve majority
I0312 20:10:12.900796 1416 raft_consensus.cc:2700] T 92318a1b744e4baa9c7d3f3b9758739b P 6885de38238442d6a9e5f1eb9fb569ff: Snoozing failure detection for 0.052s (election complete)
I0312 20:10:12.901032 1416 raft_consensus.cc:2455] T 92318a1b744e4baa9c7d3f3b9758739b P 6885de38238442d6a9e5f1eb9fb569ff [term 22 FOLLOWER]: Leader pre-election lost for term 21. Reason: could not achieve majority
