I0312 20:10:49.915499 1797 leader_election.cc:258] T 7581a0a77de54ef8943c1521124c7728 P 012786a8f1b64995847cf7dacbc029a4 [CANDIDATE]: Term 6 pre-election: Election decided. Result: candidate lost.
I0312 20:10:49.916797 2180 raft_consensus.cc:2700] T 7581a0a77de54ef8943c1521124c7728 P 012786a8f1b64995847cf7dacbc029a4: Snoozing failure detection for 0.091s (election complete)
I0312 20:10:49.916954 2180 raft_consensus.cc:2455] T 7581a0a77de54ef8943c1521124c7728 P 012786a8f1b64995847cf7dacbc029a4 [term 5 FOLLOWER]: Leader pre-election lost for term 6. Reason: could not achieve majority
I0312 20:10:50.598835 2182 raft_consensus.cc:436] T 7581a0a77de54ef8943c1521124c7728 P e3aa58d3045c4a05b94b94eb8bf58ae1 [term 5 FOLLOWER]: Starting pre-election (detected failure of leader 9da22e5afdce42078fe8f94ad166ac3c)
I0312 20:10:50.599031 2182 raft_consensus.cc:2700] T 7581a0a77de54ef8943c1521124c7728 P e3aa58d3045c4a05b94b94eb8bf58ae1: Snoozing failure detection for 8.479s (starting election)
I0312 20:10:50.599222 2182 raft_consensus.cc:458] T 7581a0a77de54ef8943c1521124c7728 P e3aa58d3045c4a05b94b94eb8bf58ae1 [term 5 FOLLOWER]: Starting pre-election with config: opid_index: -1 OBSOLETE_local: false peers { permanent_uuid: "012786a8f1b64995847cf7dacbc029a4" member_type: VOTER last_known_addr { host: "127.0.53.2" port: 43059 } } peers { permanent_uuid: "e3aa58d3045c4a05b94b94eb8bf58ae1" member_type: VOTER last_known_addr { host: "127.0.53.3" port: 49316 } } peers { permanent_uuid: "9da22e5afdce42078fe8f94ad166ac3c" member_type: VOTER last_known_addr { host: "127.0.53.1" port: 39175 } }
I0312 20:10:50.600030 2182 leader_election.cc:231] T 7581a0a77de54ef8943c1521124c7728 P e3aa58d3045c4a05b94b94eb8bf58ae1 [CANDIDATE]: Term 6 pre-election: Requesting pre-vote from peer 012786a8f1b64995847cf7dacbc029a4
I0312 20:10:50.601222 1865 tablet_service.cc:993] Received RequestConsensusVote() RPC: tablet_id: "7581a0a77de54ef8943c1521124c7728" candidate_uuid: "e3aa58d3045c4a05b94b94eb8bf58ae1" candidate_term: 6 candidate_status { last_received { term: 5 index: 703 } } ignore_live_leader: false dest_uuid: "012786a8f1b64995847cf7dacbc029a4" is_pre_election: true
I0312 20:10:50.601632 1865 raft_consensus.cc:2176] T 7581a0a77de54ef8943c1521124c7728 P 012786a8f1b64995847cf7dacbc029a4 [term 5 FOLLOWER]: Leader pre-election vote request: Denying vote to candidate e3aa58d3045c4a05b94b94eb8bf58ae1 for term 6 because replica is either leader or believes a valid leader to be alive.
I0312 20:10:50.601135 2182 leader_election.cc:231] T 7581a0a77de54ef8943c1521124c7728 P e3aa58d3045c4a05b94b94eb8bf58ae1 [CANDIDATE]: Term 6 pre-election: Requesting pre-vote from peer 9da22e5afdce42078fe8f94ad166ac3c
I0312 20:10:50.602727 1926 leader_election.cc:377] T 7581a0a77de54ef8943c1521124c7728 P e3aa58d3045c4a05b94b94eb8bf58ae1 [CANDIDATE]: Term 6 pre-election: Vote denied by peer 012786a8f1b64995847cf7dacbc029a4. Message: Invalid argument: T 7581a0a77de54ef8943c1521124c7728 P 012786a8f1b64995847cf7dacbc029a4 [term 5 FOLLOWER]: Leader pre-election vote request: Denying vote to candidate e3aa58d3045c4a05b94b94eb8bf58ae1 for term 6 because replica is either leader or believes a valid leader to be alive.
I0312 20:10:50.603781 1738 tablet_service.cc:993] Received RequestConsensusVote() RPC: tablet_id: "7581a0a77de54ef8943c1521124c7728" candidate_uuid: "e3aa58d3045c4a05b94b94eb8bf58ae1" candidate_term: 6 candidate_status { last_received { term: 5 index: 703 } } ignore_live_leader: false dest_uuid: "9da22e5afdce42078fe8f94ad166ac3c" is_pre_election: true
I0312 20:10:50.604210 1738 raft_consensus.cc:2176] T 7581a0a77de54ef8943c1521124c7728 P 9da22e5afdce42078fe8f94ad166ac3c [term 5 LEADER]: Leader pre-election vote request: Denying vote to candidate e3aa58d3045c4a05b94b94eb8bf58ae1 for term 6 because replica is either leader or believes a valid leader to be alive.
I0312 20:10:50.606101 1922 leader_election.cc:377] T 7581a0a77de54ef8943c1521124c7728 P e3aa58d3045c4a05b94b94eb8bf58ae1 [CANDIDATE]: Term 6 pre-election: Vote denied by peer 9da22e5afdce42078fe8f94ad166ac3c. Message: Invalid argument: T 7581a0a77de54ef8943c1521124c7728 P 9da22e5afdce42078fe8f94ad166ac3c [term 5 LEADER]: Leader pre-election vote request: Denying vote to candidate e3aa58d3045c4a05b94b94eb8bf58ae1 for term 6 because replica is either leader or believes a valid leader to be alive.
I0312 20:10:50.606289 1922 leader_election.cc:258] T 7581a0a77de54ef8943c1521124c7728 P e3aa58d3045c4a05b94b94eb8bf58ae1 [CANDIDATE]: Term 6 pre-election: Election decided. Result: candidate lost.
I0312 20:10:50.606895 2182 raft_consensus.cc:2700] T 7581a0a77de54ef8943c1521124c7728 P e3aa58d3045c4a05b94b94eb8bf58ae1: Snoozing failure detection for 7.182s (election complete)
I0312 20:10:50.607064 2182 raft_consensus.cc:2455] T 7581a0a77de54ef8943c1521124c7728 P e3aa58d3045c4a05b94b94eb8bf58ae1 [term 5 FOLLOWER]: Leader pre-election lost for term 6. Reason: could not achieve majority
W0312 20:10:51.202178 1927 debug-util.cc:396] Leaking SignalData structure 0x7b080002b060 after lost signal to thread 1914
W0312 20:10:51.202899 1927 debug-util.cc:396] Leaking SignalData structure 0x7b080000cb40 after lost signal to thread 2032
I0312 20:10:51.225708 2183 raft_consensus.cc:436] T 7581a0a77de54ef8943c1521124c7728 P 012786a8f1b64995847cf7dacbc029a4 [term 5 FOLLOWER]: Starting pre-election (detected failure of leader 9da22e5afdce42078fe8f94ad166ac3c)
I0312 20:10:51.226020 2183 raft_consensus.cc:2700] T 7581a0a77de54ef8943c1521124c7728 P 012786a8f1b64995847cf7dacbc029a4: Snoozing failure detection for 0.621s (starting election)
I0312 20:10:51.226213 2183 raft_consensus.cc:458] T 7581a0a77de54ef8943c1521124c7728 P 012786a8f1b64995847cf7dacbc029a4 [term 5 FOLLOWER]: Starting pre-election with config: opid_index: -1 OBSOLETE_local: false peers { permanent_uuid: "012786a8f1b64995847cf7dacbc029a4" member_type: VOTER last_known_addr { host: "127.0.53.2" port: 43059 } } peers { permanent_uuid: "e3aa58d3045c4a05b94b94eb8bf58ae1" member_type: VOTER last_known_addr { host: "127.0.53.3" port: 49316 } } peers { permanent_uuid: "9da22e5afdce42078fe8f94ad166ac3c" member_type: VOTER last_known_addr { host: "127.0.53.1" port: 39175 } }
I0312 20:10:51.227176 2183 leader_election.cc:231] T 7581a0a77de54ef8943c1521124c7728 P 012786a8f1b64995847cf7dacbc029a4 [CANDIDATE]: Term 6 pre-election: Requesting pre-vote from peer e3aa58d3045c4a05b94b94eb8bf58ae1
I0312 20:10:51.228278 2183 leader_election.cc:231] T 7581a0a77de54ef8943c1521124c7728 P 012786a8f1b64995847cf7dacbc029a4 [CANDIDATE]: Term 6 pre-election: Requesting pre-vote from peer 9da22e5afdce42078fe8f94ad166ac3c
I0312 20:10:51.228924 1989 tablet_service.cc:993] Received RequestConsensusVote() RPC: tablet_id: "7581a0a77de54ef8943c1521124c7728" candidate_uuid: "012786a8f1b64995847cf7dacbc029a4" candidate_term: 6 candidate_status { last_received { term: 5 index: 724 } } ignore_live_leader: false dest_uuid: "e3aa58d3045c4a05b94b94eb8bf58ae1" is_pre_election: true
I0312 20:10:51.229326 1989 raft_consensus.cc:2176] T 7581a0a77de54ef8943c1521124c7728 P e3aa58d3045c4a05b94b94eb8bf58ae1 [term 5 FOLLOWER]: Leader pre-election vote request: Denying vote to candidate 012786a8f1b64995847cf7dacbc029a4 for term 6 because replica is either leader or believes a valid leader to be alive.
I0312 20:10:51.229317 1738 tablet_service.cc:993] Received RequestConsensusVote() RPC: tablet_id: "7581a0a77de54ef8943c1521124c7728" candidate_uuid: "012786a8f1b64995847cf7dacbc029a4" candidate_term: 6 candidate_status { last_received { term: 5 index: 724 } } ignore_live_leader: false dest_uuid: "9da22e5afdce42078fe8f94ad166ac3c" is_pre_election: true
I0312 20:10:51.229734 1738 raft_consensus.cc:2176] T 7581a0a77de54ef8943c1521124c7728 P 9da22e5afdce42078fe8f94ad166ac3c [term 5 LEADER]: Leader pre-election vote request: Denying vote to candidate 012786a8f1b64995847cf7dacbc029a4 for term 6 because replica is either leader or believes a valid leader to be alive.
I0312 20:10:51.230542 1797 leader_election.cc:377] T 7581a0a77de54ef8943c1521124c7728 P 012786a8f1b64995847cf7dacbc029a4 [CANDIDATE]: Term 6 pre-election: Vote denied by peer e3aa58d3045c4a05b94b94eb8bf58ae1. Message: Invalid argument: T 7581a0a77de54ef8943c1521124c7728 P e3aa58d3045c4a05b94b94eb8bf58ae1 [term 5 FOLLOWER]: Leader pre-election vote request: Denying vote to candidate 012786a8f1b64995847cf7dacbc029a4 for term 6 because replica is either leader or believes a valid leader to be alive.
I0312 20:10:51.230867 1797 leader_election.cc:377] T 7581a0a77de54ef8943c1521124c7728 P 012786a8f1b64995847cf7dacbc029a4 [CANDIDATE]: Term 6 pre-election: Vote denied by peer 9da22e5afdce42078fe8f94ad166ac3c. Message: Invalid argument: T 7581a0a77de54ef8943c1521124c7728 P 9da22e5afdce42078fe8f94ad166ac3c [term 5 LEADER]: Leader pre-election vote request: Denying vote to candidate 012786a8f1b64995847cf7dacbc029a4 for term 6 because replica is either leader or believes a valid leader to be alive.
I0312 20:10:51.231016 1797 leader_election.cc:258] T 7581a0a77de54ef8943c1521124c7728 P 012786a8f1b64995847cf7dacbc029a4 [CANDIDATE]: Term 6 pre-election: Election decided. Result: candidate lost.
I0312 20:10:51.231355 2183 raft_consensus.cc:2700] T 7581a0a77de54ef8943c1521124c7728 P 012786a8f1b64995847cf7dacbc029a4: Snoozing failure detection for 0.648s (election complete)
I0312 20:10:51.231536 2183 raft_consensus.cc:2455] T 7581a0a77de54ef8943c1521124c7728 P 012786a8f1b64995847cf7dacbc029a4 [term 5 FOLLOWER]: Leader pre-election lost for term 6. Reason: could not achieve majority
I0312 20:10:51.342484 2183 raft_consensus.cc:436] T 7581a0a77de54ef8943c1521124c7728 P 012786a8f1b64995847cf7dacbc029a4 [term 5 FOLLOWER]: Starting pre-election (detected failure of leader 9da22e5afdce42078fe8f94ad166ac3c)
I0312 20:10:51.342667 2183 raft_consensus.cc:2700] T 7581a0a77de54ef8943c1521124c7728 P 012786a8f1b64995847cf7dacbc029a4: Snoozing failure detection for 1.207s (starting election)
I0312 20:10:51.342818 2183 raft_consensus.cc:458] T 7581a0a77de54ef8943c1521124c7728 P 012786a8f1b64995847cf7dacbc029a4 [term 5 FOLLOWER]: Starting pre-election with config: opid_index: -1 OBSOLETE_local: false peers { permanent_uuid: "012786a8f1b64995847cf7dacbc029a4" member_type: VOTER last_known_addr { host: "127.0.53.2" port: 43059 } } peers { permanent_uuid: "e3aa58d3045c4a05b94b94eb8bf58ae1" member_type: VOTER last_known_addr { host: "127.0.53.3" port: 49316 } } peers { permanent_uuid: "9da22e5afdce42078fe8f94ad166ac3c" member_type: VOTER last_known_addr { host: "127.0.53.1" port: 39175 } }
I0312 20:10:51.343523 2183 leader_election.cc:231] T 7581a0a77de54ef8943c1521124c7728 P 012786a8f1b64995847cf7dacbc029a4 [CANDIDATE]: Term 6 pre-election: Requesting pre-vote from peer e3aa58d3045c4a05b94b94eb8bf58ae1
I0312 20:10:51.343773 2183 leader_election.cc:231] T 7581a0a77de54ef8943c1521124c7728 P 012786a8f1b64995847cf7dacbc029a4 [CANDIDATE]: Term 6 pre-election: Requesting pre-vote from peer 9da22e5afdce42078fe8f94ad166ac3c
I0312 20:10:51.344923 1989 tablet_service.cc:993] Received RequestConsensusVote() RPC: tablet_id: "7581a0a77de54ef8943c1521124c7728" candidate_uuid: "012786a8f1b64995847cf7dacbc029a4" candidate_term: 6 candidate_status { last_received { term: 5 index: 726 } } ignore_live_leader: false dest_uuid: "e3aa58d3045c4a05b94b94eb8bf58ae1" is_pre_election: true
I0312 20:10:51.345319 1989 raft_consensus.cc:2176] T 7581a0a77de54ef8943c1521124c7728 P e3aa58d3045c4a05b94b94eb8bf58ae1 [term 5 FOLLOWER]: Leader pre-election vote request: Denying vote to candidate 012786a8f1b64995847cf7dacbc029a4 for term 6 because replica is either leader or believes a valid leader to be alive.
I0312 20:10:51.345654 1738 tablet_service.cc:993] Received RequestConsensusVote() RPC: tablet_id: "7581a0a77de54ef8943c1521124c7728" candidate_uuid: "012786a8f1b64995847cf7dacbc029a4" candidate_term: 6 candidate_status { last_received { term: 5 index: 726 } } ignore_live_leader: false dest_uuid: "9da22e5afdce42078fe8f94ad166ac3c" is_pre_election: true
I0312 20:10:51.346071 1738 raft_consensus.cc:2176] T 7581a0a77de54ef8943c1521124c7728 P 9da22e5afdce42078fe8f94ad166ac3c [term 5 LEADER]: Leader pre-election vote request: Denying vote to candidate 012786a8f1b64995847cf7dacbc029a4 for term 6 because replica is either leader or believes a valid leader to be alive.
I0312 20:10:51.346040 1797 leader_election.cc:377] T 7581a0a77de54ef8943c1521124c7728 P 012786a8f1b64995847cf7dacbc029a4 [CANDIDATE]: Term 6 pre-election: Vote denied by peer e3aa58d3045c4a05b94b94eb8bf58ae1. Message: Invalid argument: T 7581a0a77de54ef8943c1521124c7728 P e3aa58d3045c4a05b94b94eb8bf58ae1 [term 5 FOLLOWER]: Leader pre-election vote request: Denying vote to candidate 012786a8f1b64995847cf7dacbc029a4 for term 6 because replica is either leader or believes a valid leader to be alive.
I0312 20:10:51.346657 1797 leader_election.cc:377] T 7581a0a77de54ef8943c1521124c7728 P 012786a8f1b64995847cf7dacbc029a4 [CANDIDATE]: Term 6 pre-election: Vote denied by peer 9da22e5afdce42078fe8f94ad166ac3c. Message: Invalid argument: T 7581a0a77de54ef8943c1521124c7728 P 9da22e5afdce42078fe8f94ad166ac3c [term 5 LEADER]: Leader pre-election vote request: Denying vote to candidate 012786a8f1b64995847cf7dacbc029a4 for term 6 because replica is either leader or believes a valid leader to be alive.
I0312 20:10:51.346806 1797 leader_election.cc:258] T 7581a0a77de54ef8943c1521124c7728 P 012786a8f1b64995847cf7dacbc029a4 [CANDIDATE]: Term 6 pre-election: Election decided. Result: candidate lost.
I0312 20:10:51.347291 2183 raft_consensus.cc:2700] T 7581a0a77de54ef8943c1521124c7728 P 012786a8f1b64995847cf7dacbc029a4: Snoozing failure detection for 0.845s (election complete)
I0312 20:10:51.347429 2183 raft_consensus.cc:2455] T 7581a0a77de54ef8943c1521124c7728 P 012786a8f1b64995847cf7dacbc029a4 [term 5 FOLLOWER]: Leader pre-election lost for term 6. Reason: could not achieve majority
I0312 20:10:51.353493 2184 raft_consensus.cc:436] T 7581a0a77de54ef8943c1521124c7728 P e3aa58d3045c4a05b94b94eb8bf58ae1 [term 5 FOLLOWER]: Starting pre-election (detected failure of leader 9da22e5afdce42078fe8f94ad166ac3c)
I0312 20:10:51.353673 2184 raft_consensus.cc:2700] T 7581a0a77de54ef8943c1521124c7728 P e3aa58d3045c4a05b94b94eb8bf58ae1: Snoozing failure detection for 8.780s (starting election)
I0312 20:10:51.353849 2184 raft_consensus.cc:458] T 7581a0a77de54ef8943c1521124c7728 P e3aa58d3045c4a05b94b94eb8bf58ae1 [term 5 FOLLOWER]: Starting pre-election with config: opid_index: -1 OBSOLETE_local: false peers { permanent_uuid: "012786a8f1b64995847cf7dacbc029a4" member_type: VOTER last_known_addr { host: "127.0.53.2" port: 43059 } } peers { permanent_uuid: "e3aa58d3045c4a05b94b94eb8bf58ae1" member_type: VOTER last_known_addr { host: "127.0.53.3" port: 49316 } } peers { permanent_uuid: "9da22e5afdce42078fe8f94ad166ac3c" member_type: VOTER last_known_addr { host: "127.0.53.1" port: 39175 } }
I0312 20:10:51.354596 2184 leader_election.cc:231] T 7581a0a77de54ef8943c1521124c7728 P e3aa58d3045c4a05b94b94eb8bf58ae1 [CANDIDATE]: Term 6 pre-election: Requesting pre-vote from peer 012786a8f1b64995847cf7dacbc029a4
I0312 20:10:51.354866 2184 leader_election.cc:231] T 7581a0a77de54ef8943c1521124c7728 P e3aa58d3045c4a05b94b94eb8bf58ae1 [CANDIDATE]: Term 6 pre-election: Requesting pre-vote from peer 9da22e5afdce42078fe8f94ad166ac3c
I0312 20:10:51.356277 1738 tablet_service.cc:993] Received RequestConsensusVote() RPC: tablet_id: "7581a0a77de54ef8943c1521124c7728" candidate_uuid: "e3aa58d3045c4a05b94b94eb8bf58ae1" candidate_term: 6 candidate_status { last_received { term: 5 index: 726 } } ignore_live_leader: false dest_uuid: "9da22e5afdce42078fe8f94ad166ac3c" is_pre_election: true
I0312 20:10:51.356024 1865 tablet_service.cc:993] Received RequestConsensusVote() RPC: tablet_id: "7581a0a77de54ef8943c1521124c7728" candidate_uuid: "e3aa58d3045c4a05b94b94eb8bf58ae1" candidate_term: 6 candidate_status { last_received { term: 5 index: 726 } } ignore_live_leader: false dest_uuid: "012786a8f1b64995847cf7dacbc029a4" is_pre_election: true
I0312 20:10:51.356639 1738 raft_consensus.cc:2176] T 7581a0a77de54ef8943c1521124c7728 P 9da22e5afdce42078fe8f94ad166ac3c [term 5 LEADER]: Leader pre-election vote request: Denying vote to candidate e3aa58d3045c4a05b94b94eb8bf58ae1 for term 6 because replica is either leader or believes a valid leader to be alive.
I0312 20:10:51.356771 1865 raft_consensus.cc:2176] T 7581a0a77de54ef8943c1521124c7728 P 012786a8f1b64995847cf7dacbc029a4 [term 5 FOLLOWER]: Leader pre-election vote request: Denying vote to candidate e3aa58d3045c4a05b94b94eb8bf58ae1 for term 6 because replica is either leader or believes a valid leader to be alive.
I0312 20:10:51.357456 1926 leader_election.cc:377] T 7581a0a77de54ef8943c1521124c7728 P e3aa58d3045c4a05b94b94eb8bf58ae1 [CANDIDATE]: Term 6 pre-election: Vote denied by peer 012786a8f1b64995847cf7dacbc029a4. Message: Invalid argument: T 7581a0a77de54ef8943c1521124c7728 P 012786a8f1b64995847cf7dacbc029a4 [term 5 FOLLOWER]: Leader pre-election vote request: Denying vote to candidate e3aa58d3045c4a05b94b94eb8bf58ae1 for term 6 because replica is either leader or believes a valid leader to be alive.
I0312 20:10:51.361198 1922 leader_election.cc:377] T 7581a0a77de54ef8943c1521124c7728 P e3aa58d3045c4a05b94b94eb8bf58ae1 [CANDIDATE]: Term 6 pre-election: Vote denied by peer 9da22e5afdce42078fe8f94ad166ac3c. Message: Invalid argument: T 7581a0a77de54ef8943c1521124c7728 P 9da22e5afdce42078fe8f94ad166ac3c [term 5 LEADER]: Leader pre-election vote request: Denying vote to candidate e3aa58d3045c4a05b94b94eb8bf58ae1 for term 6 because replica is either leader or believes a valid leader to be alive.
I0312 20:10:51.361385 1922 leader_election.cc:258] T 7581a0a77de54ef8943c1521124c7728 P e3aa58d3045c4a05b94b94eb8bf58ae1 [CANDIDATE]: Term 6 pre-election: Election decided. Result: candidate lost.
I0312 20:10:51.362977 2184 raft_consensus.cc:2700] T 7581a0a77de54ef8943c1521124c7728 P e3aa58d3045c4a05b94b94eb8bf58ae1: Snoozing failure detection for 2.788s (election complete)
I0312 20:10:51.363135 2184 raft_consensus.cc:2455] T 7581a0a77de54ef8943c1521124c7728 P e3aa58d3045c4a05b94b94eb8bf58ae1 [term 5 FOLLOWER]: Leader pre-election lost for term 6. Reason: could not achieve majority
I0312 20:10:51.383484 2183 raft_consensus.cc:436] T 7581a0a77de54ef8943c1521124c7728 P 012786a8f1b64995847cf7dacbc029a4 [term 5 FOLLOWER]: Starting pre-election (detected failure of leader 9da22e5afdce42078fe8f94ad166ac3c)
I0312 20:10:51.383667 2183 raft_consensus.cc:2700] T 7581a0a77de54ef8943c1521124c7728 P 012786a8f1b64995847cf7dacbc029a4: Snoozing failure detection for 1.156s (starting election)
I0312 20:10:51.383828 2183 raft_consensus.cc:458] T 7581a0a77de54ef8943c1521124c7728 P 012786a8f1b64995847cf7dacbc029a4 [term 5 FOLLOWER]: Starting pre-election with config: opid_index: -1 OBSOLETE_local: false peers { permanent_uuid: "012786a8f1b64995847cf7dacbc029a4" member_type: VOTER last_known_addr { host: "127.0.53.2" port: 43059 } } peers { permanent_uuid: "e3aa58d3045c4a05b94b94eb8bf58ae1" member_type: VOTER last_known_addr { host: "127.0.53.3" port: 49316 } } peers { permanent_uuid: "9da22e5afdce42078fe8f94ad166ac3c" member_type: VOTER last_known_addr { host: "127.0.53.1" port: 39175 } }
I0312 20:10:51.384573 2183 leader_election.cc:231] T 7581a0a77de54ef8943c1521124c7728 P 012786a8f1b64995847cf7dacbc029a4 [CANDIDATE]: Term 6 pre-election: Requesting pre-vote from peer e3aa58d3045c4a05b94b94eb8bf58ae1
I0312 20:10:51.384841 2183 leader_election.cc:231] T 7581a0a77de54ef8943c1521124c7728 P 012786a8f1b64995847cf7dacbc029a4 [CANDIDATE]: Term 6 pre-election: Requesting pre-vote from peer 9da22e5afdce42078fe8f94ad166ac3c
I0312 20:10:51.386221 1989 tablet_service.cc:993] Received RequestConsensusVote() RPC: tablet_id: "7581a0a77de54ef8943c1521124c7728" candidate_uuid: "012786a8f1b64995847cf7dacbc029a4" candidate_term: 6 candidate_status { last_received { term: 5 index: 728 } } ignore_live_leader: false dest_uuid: "e3aa58d3045c4a05b94b94eb8bf58ae1" is_pre_election: true
I0312 20:10:51.386551 1989 raft_consensus.cc:2700] T 7581a0a77de54ef8943c1521124c7728 P e3aa58d3045c4a05b94b94eb8bf58ae1: Snoozing failure detection for 14.768s (vote granted)
I0312 20:10:51.386679 1989 raft_consensus.cc:2215] T 7581a0a77de54ef8943c1521124c7728 P e3aa58d3045c4a05b94b94eb8bf58ae1 [term 5 FOLLOWER]: Leader pre-election vote request: Granting yes vote for candidate 012786a8f1b64995847cf7dacbc029a4 in term 5.
I0312 20:10:51.387403 1797 leader_election.cc:363] T 7581a0a77de54ef8943c1521124c7728 P 012786a8f1b64995847cf7dacbc029a4 [CANDIDATE]: Term 6 pre-election: Vote granted by peer e3aa58d3045c4a05b94b94eb8bf58ae1
I0312 20:10:51.387547 1797 leader_election.cc:258] T 7581a0a77de54ef8943c1521124c7728 P 012786a8f1b64995847cf7dacbc029a4 [CANDIDATE]: Term 6 pre-election: Election decided. Result: candidate won.
I0312 20:10:51.387965 2183 raft_consensus.cc:2700] T 7581a0a77de54ef8943c1521124c7728 P 012786a8f1b64995847cf7dacbc029a4: Snoozing failure detection for 1.789s (election complete)
I0312 20:10:51.388131 2183 raft_consensus.cc:2507] T 7581a0a77de54ef8943c1521124c7728 P 012786a8f1b64995847cf7dacbc029a4 [term 5 FOLLOWER]: Leader pre-election won for term 6
I0312 20:10:51.388249 2183 raft_consensus.cc:436] T 7581a0a77de54ef8943c1521124c7728 P 012786a8f1b64995847cf7dacbc029a4 [term 5 FOLLOWER]: Starting leader election (detected failure of leader 9da22e5afdce42078fe8f94ad166ac3c)
I0312 20:10:51.388375 2183 raft_consensus.cc:2700] T 7581a0a77de54ef8943c1521124c7728 P 012786a8f1b64995847cf7dacbc029a4: Snoozing failure detection for 0.447s (starting election)
I0312 20:10:51.388484 2183 raft_consensus.cc:2752] T 7581a0a77de54ef8943c1521124c7728 P 012786a8f1b64995847cf7dacbc029a4 [term 5 FOLLOWER]: Advancing to term 6
I0312 20:10:51.392325 2183 raft_consensus.cc:458] T 7581a0a77de54ef8943c1521124c7728 P 012786a8f1b64995847cf7dacbc029a4 [term 6 FOLLOWER]: Starting leader election with config: opid_index: -1 OBSOLETE_local: false peers { permanent_uuid: "012786a8f1b64995847cf7dacbc029a4" member_type: VOTER last_known_addr { host: "127.0.53.2" port: 43059 } } peers { permanent_uuid: "e3aa58d3045c4a05b94b94eb8bf58ae1" member_type: VOTER last_known_addr { host: "127.0.53.3" port: 49316 } } peers { permanent_uuid: "9da22e5afdce42078fe8f94ad166ac3c" member_type: VOTER last_known_addr { host: "127.0.53.1" port: 39175 } }
I0312 20:10:51.393030 2183 leader_election.cc:231] T 7581a0a77de54ef8943c1521124c7728 P 012786a8f1b64995847cf7dacbc029a4 [CANDIDATE]: Term 6 election: Requesting vote from peer e3aa58d3045c4a05b94b94eb8bf58ae1
I0312 20:10:51.394201 1989 tablet_service.cc:993] Received RequestConsensusVote() RPC: tablet_id: "7581a0a77de54ef8943c1521124c7728" candidate_uuid: "012786a8f1b64995847cf7dacbc029a4" candidate_term: 6 candidate_status { last_received { term: 5 index: 728 } } ignore_live_leader: false dest_uuid: "e3aa58d3045c4a05b94b94eb8bf58ae1"
I0312 20:10:51.394462 1989 raft_consensus.cc:2752] T 7581a0a77de54ef8943c1521124c7728 P e3aa58d3045c4a05b94b94eb8bf58ae1 [term 5 FOLLOWER]: Advancing to term 6
I0312 20:10:51.394598 1989 raft_consensus.cc:2700] T 7581a0a77de54ef8943c1521124c7728 P e3aa58d3045c4a05b94b94eb8bf58ae1: Snoozing failure detection for 14.697s (vote granted)
I0312 20:10:51.397909 1738 tablet_service.cc:993] Received RequestConsensusVote() RPC: tablet_id: "7581a0a77de54ef8943c1521124c7728" candidate_uuid: "012786a8f1b64995847cf7dacbc029a4" candidate_term: 6 candidate_status { last_received { term: 5 index: 728 } } ignore_live_leader: false dest_uuid: "9da22e5afdce42078fe8f94ad166ac3c" is_pre_election: true
I0312 20:10:51.398314 1738 raft_consensus.cc:2176] T 7581a0a77de54ef8943c1521124c7728 P 9da22e5afdce42078fe8f94ad166ac3c [term 5 LEADER]: Leader pre-election vote request: Denying vote to candidate 012786a8f1b64995847cf7dacbc029a4 for term 6 because replica is either leader or believes a valid leader to be alive.
I0312 20:10:51.398368 1865 raft_consensus.cc:1026] T 7581a0a77de54ef8943c1521124c7728 P 012786a8f1b64995847cf7dacbc029a4 [term 6 FOLLOWER]: Rejecting Update request from peer 9da22e5afdce42078fe8f94ad166ac3c for earlier term 5. Current term is 6. Ops: []
I0312 20:10:51.398442 1989 raft_consensus.cc:2215] T 7581a0a77de54ef8943c1521124c7728 P e3aa58d3045c4a05b94b94eb8bf58ae1 [term 6 FOLLOWER]: Leader election vote request: Granting yes vote for candidate 012786a8f1b64995847cf7dacbc029a4 in term 6.
I0312 20:10:51.399112 1797 leader_election.cc:363] T 7581a0a77de54ef8943c1521124c7728 P 012786a8f1b64995847cf7dacbc029a4 [CANDIDATE]: Term 6 election: Vote granted by peer e3aa58d3045c4a05b94b94eb8bf58ae1
I0312 20:10:51.399262 1797 leader_election.cc:258] T 7581a0a77de54ef8943c1521124c7728 P 012786a8f1b64995847cf7dacbc029a4 [CANDIDATE]: Term 6 election: Election decided. Result: candidate won.
I0312 20:10:51.400015 2183 leader_election.cc:231] T 7581a0a77de54ef8943c1521124c7728 P 012786a8f1b64995847cf7dacbc029a4 [CANDIDATE]: Term 6 election: Requesting vote from peer 9da22e5afdce42078fe8f94ad166ac3c
I0312 20:10:51.400233 2187 raft_consensus.cc:2700] T 7581a0a77de54ef8943c1521124c7728 P 012786a8f1b64995847cf7dacbc029a4: Snoozing failure detection for 0.147s (election complete)
I0312 20:10:51.400133 2171 consensus_queue.cc:1028] T 7581a0a77de54ef8943c1521124c7728 P 9da22e5afdce42078fe8f94ad166ac3c [LEADER]: Peer responded invalid term: Peer: permanent_uuid: "012786a8f1b64995847cf7dacbc029a4" member_type: VOTER last_known_addr { host: "127.0.53.2" port: 43059 }, Status: INVALID_TERM, Last received: 5.728, Next index: 729, Last known committed idx: 728, Time since last communication: 0.000s
I0312 20:10:51.400717 1797 leader_election.cc:377] T 7581a0a77de54ef8943c1521124c7728 P 012786a8f1b64995847cf7dacbc029a4 [CANDIDATE]: Term 6 pre-election: Vote denied by peer 9da22e5afdce42078fe8f94ad166ac3c. Message: Invalid argument: T 7581a0a77de54ef8943c1521124c7728 P 9da22e5afdce42078fe8f94ad166ac3c [term 5 LEADER]: Leader pre-election vote request: Denying vote to candidate 012786a8f1b64995847cf7dacbc029a4 for term 6 because replica is either leader or believes a valid leader to be alive.
I0312 20:10:51.400909 2187 raft_consensus.cc:2507] T 7581a0a77de54ef8943c1521124c7728 P 012786a8f1b64995847cf7dacbc029a4 [term 6 FOLLOWER]: Leader election won for term 6
I0312 20:10:51.401151 2187 raft_consensus.cc:572] T 7581a0a77de54ef8943c1521124c7728 P 012786a8f1b64995847cf7dacbc029a4 [term 6 LEADER]: Becoming Leader. State: Replica: 012786a8f1b64995847cf7dacbc029a4, State: Running, Role: LEADER
I0312 20:10:51.401693 1989 raft_consensus.cc:1026] T 7581a0a77de54ef8943c1521124c7728 P e3aa58d3045c4a05b94b94eb8bf58ae1 [term 6 FOLLOWER]: Rejecting Update request from peer 9da22e5afdce42078fe8f94ad166ac3c for earlier term 5. Current term is 6. Ops: []
I0312 20:10:51.401513 2187 consensus_queue.cc:196] T 7581a0a77de54ef8943c1521124c7728 P 012786a8f1b64995847cf7dacbc029a4 [LEADER]: Queue going to LEADER mode. State: All replicated index: 0, Majority replicated index: 728, Committed index: 728, Last appended: 5.728, Last appended by leader: 728, Current term: 6, Majority size: 2, State: 0, Mode: LEADER, active raft config: opid_index: -1 OBSOLETE_local: false peers { permanent_uuid: "012786a8f1b64995847cf7dacbc029a4" member_type: VOTER last_known_addr { host: "127.0.53.2" port: 43059 } } peers { permanent_uuid: "e3aa58d3045c4a05b94b94eb8bf58ae1" member_type: VOTER last_known_addr { host: "127.0.53.3" port: 49316 } } peers { permanent_uuid: "9da22e5afdce42078fe8f94ad166ac3c" member_type: VOTER last_known_addr { host: "127.0.53.1" port: 39175 } }
I0312 20:10:51.401885 1738 tablet_service.cc:993] Received RequestConsensusVote() RPC: tablet_id: "7581a0a77de54ef8943c1521124c7728" candidate_uuid: "012786a8f1b64995847cf7dacbc029a4" candidate_term: 6 candidate_status { last_received { term: 5 index: 728 } } ignore_live_leader: false dest_uuid: "9da22e5afdce42078fe8f94ad166ac3c"
I0312 20:10:51.402215 1738 raft_consensus.cc:2176] T 7581a0a77de54ef8943c1521124c7728 P 9da22e5afdce42078fe8f94ad166ac3c [term 5 LEADER]: Leader election vote request: Denying vote to candidate 012786a8f1b64995847cf7dacbc029a4 for term 6 because replica is either leader or believes a valid leader to be alive.
I0312 20:10:51.402715 2171 consensus_queue.cc:1028] T 7581a0a77de54ef8943c1521124c7728 P 9da22e5afdce42078fe8f94ad166ac3c [LEADER]: Peer responded invalid term: Peer: permanent_uuid: "e3aa58d3045c4a05b94b94eb8bf58ae1" member_type: VOTER last_known_addr { host: "127.0.53.3" port: 49316 }, Status: INVALID_TERM, Last received: 5.727, Next index: 728, Last known committed idx: 726, Time since last communication: 0.000s
I0312 20:10:51.402935 1797 leader_election.cc:377] T 7581a0a77de54ef8943c1521124c7728 P 012786a8f1b64995847cf7dacbc029a4 [CANDIDATE]: Term 6 election: Vote denied by peer 9da22e5afdce42078fe8f94ad166ac3c. Message: Invalid argument: T 7581a0a77de54ef8943c1521124c7728 P 9da22e5afdce42078fe8f94ad166ac3c [term 5 LEADER]: Leader election vote request: Denying vote to candidate 012786a8f1b64995847cf7dacbc029a4 for term 6 because replica is either leader or believes a valid leader to be alive.
I0312 20:10:51.403509 1865 raft_consensus.cc:1026] T 7581a0a77de54ef8943c1521124c7728 P 012786a8f1b64995847cf7dacbc029a4 [term 6 LEADER]: Rejecting Update request from peer 9da22e5afdce42078fe8f94ad166ac3c for earlier term 5. Current term is 6. Ops: []
I0312 20:10:51.404661 2171 consensus_queue.cc:1004] T 7581a0a77de54ef8943c1521124c7728 P 9da22e5afdce42078fe8f94ad166ac3c [LEADER]: Peer 012786a8f1b64995847cf7dacbc029a4 log is divergent from this leader: its last log entry 6.729 is not in this leader's log and it has not received anything from this leader yet. Falling back to committed index 728
I0312 20:10:51.404798 2171 consensus_queue.cc:1028] T 7581a0a77de54ef8943c1521124c7728 P 9da22e5afdce42078fe8f94ad166ac3c [LEADER]: Peer responded invalid term: Peer: permanent_uuid: "012786a8f1b64995847cf7dacbc029a4" member_type: VOTER last_known_addr { host: "127.0.53.2" port: 43059 }, Status: INVALID_TERM, Last received: 5.728, Next index: 729, Last known committed idx: 728, Time since last communication: 0.000s
I0312 20:10:51.405485 1617 catalog_manager.cc:3592] T 7581a0a77de54ef8943c1521124c7728 P 012786a8f1b64995847cf7dacbc029a4 reported cstate change: term changed from 5 to 6, leader changed from 9da22e5afdce42078fe8f94ad166ac3c (127.0.53.1) to 012786a8f1b64995847cf7dacbc029a4 (127.0.53.2). New cstate: current_term: 6 leader_uuid: "012786a8f1b64995847cf7dacbc029a4" committed_config { opid_index: -1 OBSOLETE_local: false peers { permanent_uuid: "012786a8f1b64995847cf7dacbc029a4" member_type: VOTER last_known_addr { host: "127.0.53.2" port: 43059 } health_report { overall_health: HEALTHY } } peers { permanent_uuid: "e3aa58d3045c4a05b94b94eb8bf58ae1" member_type: VOTER last_known_addr { host: "127.0.53.3" port: 49316 } health_report { overall_health: UNKNOWN } } peers { permanent_uuid: "9da22e5afdce42078fe8f94ad166ac3c" member_type: VOTER last_known_addr { host: "127.0.53.1" port: 39175 } health_report { overall_health: UNKNOWN } } }
I0312 20:10:51.407742 1989 raft_consensus.cc:1058] T 7581a0a77de54ef8943c1521124c7728 P e3aa58d3045c4a05b94b94eb8bf58ae1 [term 6 FOLLOWER]: Refusing update from remote peer 012786a8f1b64995847cf7dacbc029a4: Log matching property violated. Preceding OpId in replica: term: 5 index: 727. Preceding OpId from leader: term: 6 index: 729. (index mismatch)
I0312 20:10:51.408093 1990 raft_consensus.cc:1026] T 7581a0a77de54ef8943c1521124c7728 P e3aa58d3045c4a05b94b94eb8bf58ae1 [term 6 FOLLOWER]: Rejecting Update request from peer 9da22e5afdce42078fe8f94ad166ac3c for earlier term 5. Current term is 6. Ops: []
I0312 20:10:51.408996 2187 consensus_queue.cc:1017] T 7581a0a77de54ef8943c1521124c7728 P 012786a8f1b64995847cf7dacbc029a4 [LEADER]: Connected to new peer: Peer: permanent_uuid: "e3aa58d3045c4a05b94b94eb8bf58ae1" member_type: VOTER last_known_addr { host: "127.0.53.3" port: 49316 }, Status: LMP_MISMATCH, Last received: 5.727, Next index: 728, Last known committed idx: 726, Time since last communication: 0.000s
I0312 20:10:51.409768 2171 consensus_queue.cc:1028] T 7581a0a77de54ef8943c1521124c7728 P 9da22e5afdce42078fe8f94ad166ac3c [LEADER]: Peer responded invalid term: Peer: permanent_uuid: "e3aa58d3045c4a05b94b94eb8bf58ae1" member_type: VOTER last_known_addr { host: "127.0.53.3" port: 49316 }, Status: INVALID_TERM, Last received: 5.727, Next index: 728, Last known committed idx: 726, Time since last communication: 0.000s
I0312 20:10:51.410588 1865 raft_consensus.cc:1026] T 7581a0a77de54ef8943c1521124c7728 P 012786a8f1b64995847cf7dacbc029a4 [term 6 LEADER]: Rejecting Update request from peer 9da22e5afdce42078fe8f94ad166ac3c for earlier term 5. Current term is 6. Ops: []
I0312 20:10:51.413861 2171 consensus_queue.cc:1004] T 7581a0a77de54ef8943c1521124c7728 P 9da22e5afdce42078fe8f94ad166ac3c [LEADER]: Peer 012786a8f1b64995847cf7dacbc029a4 log is divergent from this leader: its last log entry 6.729 is not in this leader's log and it has not received anything from this leader yet. Falling back to committed index 728
I0312 20:10:51.414002 2171 consensus_queue.cc:1028] T 7581a0a77de54ef8943c1521124c7728 P 9da22e5afdce42078fe8f94ad166ac3c [LEADER]: Peer responded invalid term: Peer: permanent_uuid: "012786a8f1b64995847cf7dacbc029a4" member_type: VOTER last_known_addr { host: "127.0.53.2" port: 43059 }, Status: INVALID_TERM, Last received: 5.728, Next index: 729, Last known committed idx: 728, Time since last communication: 0.000s
I0312 20:10:51.414659 1738 raft_consensus.cc:2747] T 7581a0a77de54ef8943c1521124c7728 P 9da22e5afdce42078fe8f94ad166ac3c [term 5 LEADER]: Stepping down as leader of term 5
I0312 20:10:51.414813 1738 raft_consensus.cc:605] T 7581a0a77de54ef8943c1521124c7728 P 9da22e5afdce42078fe8f94ad166ac3c [term 5 LEADER]: Becoming Follower/Learner. State: Replica: 9da22e5afdce42078fe8f94ad166ac3c, State: Running, Role: LEADER
I0312 20:10:51.415107 1738 consensus_queue.cc:219] T 7581a0a77de54ef8943c1521124c7728 P 9da22e5afdce42078fe8f94ad166ac3c [NON_LEADER]: Queue going to NON_LEADER mode. State: All replicated index: 0, Majority replicated index: 728, Committed index: 728, Last appended: 5.728, Last appended by leader: 728, Current term: 5, Majority size: -1, State: 0, Mode: NON_LEADER, active raft config: opid_index: -1 OBSOLETE_local: false peers { permanent_uuid: "012786a8f1b64995847cf7dacbc029a4" member_type: VOTER last_known_addr { host: "127.0.53.2" port: 43059 } } peers { permanent_uuid: "e3aa58d3045c4a05b94b94eb8bf58ae1" member_type: VOTER last_known_addr { host: "127.0.53.3" port: 49316 } } peers { permanent_uuid: "9da22e5afdce42078fe8f94ad166ac3c" member_type: VOTER last_known_addr { host: "127.0.53.1" port: 39175 } }
I0312 20:10:51.415524 1738 consensus_peers.cc:458] T 7581a0a77de54ef8943c1521124c7728 P 9da22e5afdce42078fe8f94ad166ac3c -> Peer e3aa58d3045c4a05b94b94eb8bf58ae1 (127.0.53.3:49316): Closing peer: e3aa58d3045c4a05b94b94eb8bf58ae1
I0312 20:10:51.415645 1738 consensus_peers.cc:458] T 7581a0a77de54ef8943c1521124c7728 P 9da22e5afdce42078fe8f94ad166ac3c -> Peer 012786a8f1b64995847cf7dacbc029a4 (127.0.53.2:43059): Closing peer: 012786a8f1b64995847cf7dacbc029a4
I0312 20:10:51.415765 1738 raft_consensus.cc:2752] T 7581a0a77de54ef8943c1521124c7728 P 9da22e5afdce42078fe8f94ad166ac3c [term 5 FOLLOWER]: Advancing to term 6
I0312 20:10:51.416100 1990 raft_consensus.cc:1003] T 7581a0a77de54ef8943c1521124c7728 P e3aa58d3045c4a05b94b94eb8bf58ae1 [term 6 FOLLOWER]: Deduplicated request from leader. Original: 5.727->[5.728-5.728] Dedup: 5.728->[]
I0312 20:10:51.416311 1990 raft_consensus.cc:1026] T 7581a0a77de54ef8943c1521124c7728 P e3aa58d3045c4a05b94b94eb8bf58ae1 [term 6 FOLLOWER]: Rejecting Update request from peer 9da22e5afdce42078fe8f94ad166ac3c for earlier term 5. Current term is 6. Ops: [5.728-5.728]
W0312 20:10:51.419492 2187 fault_injection.cc:41] FAULT INJECTION ENABLED!
W0312 20:10:51.419615 2187 fault_injection.cc:42] THIS SERVER MAY CRASH!
I0312 20:10:51.419286 1738 raft_consensus.cc:1058] T 7581a0a77de54ef8943c1521124c7728 P 9da22e5afdce42078fe8f94ad166ac3c [term 6 FOLLOWER]: Refusing update from remote peer 012786a8f1b64995847cf7dacbc029a4: Log matching property violated. Preceding OpId in replica: term: 5 index: 728. Preceding OpId from leader: term: 6 index: 729. (index mismatch)
I0312 20:10:51.422734 2183 consensus_queue.cc:1017] T 7581a0a77de54ef8943c1521124c7728 P 012786a8f1b64995847cf7dacbc029a4 [LEADER]: Connected to new peer: Peer: permanent_uuid: "9da22e5afdce42078fe8f94ad166ac3c" member_type: VOTER last_known_addr { host: "127.0.53.1" port: 39175 }, Status: LMP_MISMATCH, Last received: 5.728, Next index: 729, Last known committed idx: 728, Time since last communication: 0.000s
I0312 20:10:51.439654 2185 raft_consensus.cc:436] T 7581a0a77de54ef8943c1521124c7728 P 9da22e5afdce42078fe8f94ad166ac3c [term 6 FOLLOWER]: Starting pre-election (detected failure of leader 012786a8f1b64995847cf7dacbc029a4)
I0312 20:10:51.439842 2185 raft_consensus.cc:2700] T 7581a0a77de54ef8943c1521124c7728 P 9da22e5afdce42078fe8f94ad166ac3c: Snoozing failure detection for 0.021s (starting election)
I0312 20:10:51.440007 2185 raft_consensus.cc:458] T 7581a0a77de54ef8943c1521124c7728 P 9da22e5afdce42078fe8f94ad166ac3c [term 6 FOLLOWER]: Starting pre-election with config: opid_index: -1 OBSOLETE_local: false peers { permanent_uuid: "012786a8f1b64995847cf7dacbc029a4" member_type: VOTER last_known_addr { host: "127.0.53.2" port: 43059 } } peers { permanent_uuid: "e3aa58d3045c4a05b94b94eb8bf58ae1" member_type: VOTER last_known_addr { host: "127.0.53.3" port: 49316 } } peers { permanent_uuid: "9da22e5afdce42078fe8f94ad166ac3c" member_type: VOTER last_known_addr { host: "127.0.53.1" port: 39175 } }
I0312 20:10:51.440768 2185 leader_election.cc:231] T 7581a0a77de54ef8943c1521124c7728 P 9da22e5afdce42078fe8f94ad166ac3c [CANDIDATE]: Term 7 pre-election: Requesting pre-vote from peer 012786a8f1b64995847cf7dacbc029a4
I0312 20:10:51.441051 2185 leader_election.cc:231] T 7581a0a77de54ef8943c1521124c7728 P 9da22e5afdce42078fe8f94ad166ac3c [CANDIDATE]: Term 7 pre-election: Requesting pre-vote from peer e3aa58d3045c4a05b94b94eb8bf58ae1
I0312 20:10:51.442217 1990 tablet_service.cc:993] Received RequestConsensusVote() RPC: tablet_id: "7581a0a77de54ef8943c1521124c7728" candidate_uuid: "9da22e5afdce42078fe8f94ad166ac3c" candidate_term: 7 candidate_status { last_received { term: 6 index: 729 } } ignore_live_leader: false dest_uuid: "e3aa58d3045c4a05b94b94eb8bf58ae1" is_pre_election: true
I0312 20:10:51.442566 1990 raft_consensus.cc:2176] T 7581a0a77de54ef8943c1521124c7728 P e3aa58d3045c4a05b94b94eb8bf58ae1 [term 6 FOLLOWER]: Leader pre-election vote request: Denying vote to candidate 9da22e5afdce42078fe8f94ad166ac3c for term 7 because replica is either leader or believes a valid leader to be alive.
I0312 20:10:51.443616 1663 leader_election.cc:377] T 7581a0a77de54ef8943c1521124c7728 P 9da22e5afdce42078fe8f94ad166ac3c [CANDIDATE]: Term 7 pre-election: Vote denied by peer e3aa58d3045c4a05b94b94eb8bf58ae1. Message: Invalid argument: T 7581a0a77de54ef8943c1521124c7728 P e3aa58d3045c4a05b94b94eb8bf58ae1 [term 6 FOLLOWER]: Leader pre-election vote request: Denying vote to candidate 9da22e5afdce42078fe8f94ad166ac3c for term 7 because replica is either leader or believes a valid leader to be alive.
I0312 20:10:51.448746 1865 tablet_service.cc:993] Received RequestConsensusVote() RPC: tablet_id: "7581a0a77de54ef8943c1521124c7728" candidate_uuid: "9da22e5afdce42078fe8f94ad166ac3c" candidate_term: 7 candidate_status { last_received { term: 6 index: 729 } } ignore_live_leader: false dest_uuid: "012786a8f1b64995847cf7dacbc029a4" is_pre_election: true
I0312 20:10:51.449092 1865 raft_consensus.cc:2190] T 7581a0a77de54ef8943c1521124c7728 P 012786a8f1b64995847cf7dacbc029a4 [term 6 LEADER]: Leader pre-election vote request: Denying vote to candidate 9da22e5afdce42078fe8f94ad166ac3c for term 7 because replica is already servicing an update from a current leader or another vote.
I0312 20:10:51.452514 2184 raft_consensus.cc:436] T 7581a0a77de54ef8943c1521124c7728 P e3aa58d3045c4a05b94b94eb8bf58ae1 [term 6 FOLLOWER]: Starting pre-election (detected failure of leader 012786a8f1b64995847cf7dacbc029a4)
I0312 20:10:51.452678 2184 raft_consensus.cc:2700] T 7581a0a77de54ef8943c1521124c7728 P e3aa58d3045c4a05b94b94eb8bf58ae1: Snoozing failure detection for 0.018s (starting election)
I0312 20:10:51.452857 2184 raft_consensus.cc:458] T 7581a0a77de54ef8943c1521124c7728 P e3aa58d3045c4a05b94b94eb8bf58ae1 [term 6 FOLLOWER]: Starting pre-election with config: opid_index: -1 OBSOLETE_local: false peers { permanent_uuid: "012786a8f1b64995847cf7dacbc029a4" member_type: VOTER last_known_addr { host: "127.0.53.2" port: 43059 } } peers { permanent_uuid: "e3aa58d3045c4a05b94b94eb8bf58ae1" member_type: VOTER last_known_addr { host: "127.0.53.3" port: 49316 } } peers { permanent_uuid: "9da22e5afdce42078fe8f94ad166ac3c" member_type: VOTER last_known_addr { host: "127.0.53.1" port: 39175 } }
I0312 20:10:51.453814 2184 leader_election.cc:231] T 7581a0a77de54ef8943c1521124c7728 P e3aa58d3045c4a05b94b94eb8bf58ae1 [CANDIDATE]: Term 7 pre-election: Requesting pre-vote from peer 012786a8f1b64995847cf7dacbc029a4
I0312 20:10:51.454084 2184 leader_election.cc:231] T 7581a0a77de54ef8943c1521124c7728 P e3aa58d3045c4a05b94b94eb8bf58ae1 [CANDIDATE]: Term 7 pre-election: Requesting pre-vote from peer 9da22e5afdce42078fe8f94ad166ac3c
I0312 20:10:51.454962 1738 tablet_service.cc:993] Received RequestConsensusVote() RPC: tablet_id: "7581a0a77de54ef8943c1521124c7728" candidate_uuid: "e3aa58d3045c4a05b94b94eb8bf58ae1" candidate_term: 7 candidate_status { last_received { term: 6 index: 730 } } ignore_live_leader: false dest_uuid: "9da22e5afdce42078fe8f94ad166ac3c" is_pre_election: true
I0312 20:10:51.455338 1738 raft_consensus.cc:2176] T 7581a0a77de54ef8943c1521124c7728 P 9da22e5afdce42078fe8f94ad166ac3c [term 6 FOLLOWER]: Leader pre-election vote request: Denying vote to candidate e3aa58d3045c4a05b94b94eb8bf58ae1 for term 7 because replica is either leader or believes a valid leader to be alive.
I0312 20:10:51.455960 1922 leader_election.cc:377] T 7581a0a77de54ef8943c1521124c7728 P e3aa58d3045c4a05b94b94eb8bf58ae1 [CANDIDATE]: Term 7 pre-election: Vote denied by peer 9da22e5afdce42078fe8f94ad166ac3c. Message: Invalid argument: T 7581a0a77de54ef8943c1521124c7728 P 9da22e5afdce42078fe8f94ad166ac3c [term 6 FOLLOWER]: Leader pre-election vote request: Denying vote to candidate e3aa58d3045c4a05b94b94eb8bf58ae1 for term 7 because replica is either leader or believes a valid leader to be alive.
I0312 20:10:51.460081 2185 raft_consensus.cc:436] T 7581a0a77de54ef8943c1521124c7728 P 9da22e5afdce42078fe8f94ad166ac3c [term 6 FOLLOWER]: Starting pre-election (detected failure of leader 012786a8f1b64995847cf7dacbc029a4)
I0312 20:10:51.460243 2185 raft_consensus.cc:2700] T 7581a0a77de54ef8943c1521124c7728 P 9da22e5afdce42078fe8f94ad166ac3c: Snoozing failure detection for 0.019s (starting election)
I0312 20:10:51.460392 2185 raft_consensus.cc:458] T 7581a0a77de54ef8943c1521124c7728 P 9da22e5afdce42078fe8f94ad166ac3c [term 6 FOLLOWER]: Starting pre-election with config: opid_index: -1 OBSOLETE_local: false peers { permanent_uuid: "012786a8f1b64995847cf7dacbc029a4" member_type: VOTER last_known_addr { host: "127.0.53.2" port: 43059 } } peers { permanent_uuid: "e3aa58d3045c4a05b94b94eb8bf58ae1" member_type: VOTER last_known_addr { host: "127.0.53.3" port: 49316 } } peers { permanent_uuid: "9da22e5afdce42078fe8f94ad166ac3c" member_type: VOTER last_known_addr { host: "127.0.53.1" port: 39175 } }
I0312 20:10:51.461053 2185 leader_election.cc:231] T 7581a0a77de54ef8943c1521124c7728 P 9da22e5afdce42078fe8f94ad166ac3c [CANDIDATE]: Term 7 pre-election: Requesting pre-vote from peer 012786a8f1b64995847cf7dacbc029a4
I0312 20:10:51.461333 2185 leader_election.cc:231] T 7581a0a77de54ef8943c1521124c7728 P 9da22e5afdce42078fe8f94ad166ac3c [CANDIDATE]: Term 7 pre-election: Requesting pre-vote from peer e3aa58d3045c4a05b94b94eb8bf58ae1
I0312 20:10:51.462206 1990 tablet_service.cc:993] Received RequestConsensusVote() RPC: tablet_id: "7581a0a77de54ef8943c1521124c7728" candidate_uuid: "9da22e5afdce42078fe8f94ad166ac3c" candidate_term: 7 candidate_status { last_received { term: 6 index: 730 } } ignore_live_leader: false dest_uuid: "e3aa58d3045c4a05b94b94eb8bf58ae1" is_pre_election: true
I0312 20:10:51.462568 1990 raft_consensus.cc:2700] T 7581a0a77de54ef8943c1521124c7728 P e3aa58d3045c4a05b94b94eb8bf58ae1: Snoozing failure detection for 0.016s (vote granted)
I0312 20:10:51.462854 1990 raft_consensus.cc:2215] T 7581a0a77de54ef8943c1521124c7728 P e3aa58d3045c4a05b94b94eb8bf58ae1 [term 6 FOLLOWER]: Leader pre-election vote request: Granting yes vote for candidate 9da22e5afdce42078fe8f94ad166ac3c in term 6.
I0312 20:10:51.463493 1663 leader_election.cc:363] T 7581a0a77de54ef8943c1521124c7728 P 9da22e5afdce42078fe8f94ad166ac3c [CANDIDATE]: Term 7 pre-election: Vote granted by peer e3aa58d3045c4a05b94b94eb8bf58ae1
I0312 20:10:51.463624 1663 leader_election.cc:258] T 7581a0a77de54ef8943c1521124c7728 P 9da22e5afdce42078fe8f94ad166ac3c [CANDIDATE]: Term 7 pre-election: Election decided. Result: candidate won.
I0312 20:10:51.464155 2185 raft_consensus.cc:2700] T 7581a0a77de54ef8943c1521124c7728 P 9da22e5afdce42078fe8f94ad166ac3c: Snoozing failure detection for 0.016s (election complete)
I0312 20:10:51.464303 2185 raft_consensus.cc:2507] T 7581a0a77de54ef8943c1521124c7728 P 9da22e5afdce42078fe8f94ad166ac3c [term 6 FOLLOWER]: Leader pre-election won for term 7
I0312 20:10:51.464431 2185 raft_consensus.cc:436] T 7581a0a77de54ef8943c1521124c7728 P 9da22e5afdce42078fe8f94ad166ac3c [term 6 FOLLOWER]: Starting leader election (detected failure of leader 012786a8f1b64995847cf7dacbc029a4)
I0312 20:10:51.464557 2185 raft_consensus.cc:2700] T 7581a0a77de54ef8943c1521124c7728 P 9da22e5afdce42078fe8f94ad166ac3c: Snoozing failure detection for 0.019s (starting election)
I0312 20:10:51.464674 2185 raft_consensus.cc:2752] T 7581a0a77de54ef8943c1521124c7728 P 9da22e5afdce42078fe8f94ad166ac3c [term 6 FOLLOWER]: Advancing to term 7
I0312 20:10:51.468156 2185 raft_consensus.cc:458] T 7581a0a77de54ef8943c1521124c7728 P 9da22e5afdce42078fe8f94ad166ac3c [term 7 FOLLOWER]: Starting leader election with config: opid_index: -1 OBSOLETE_local: false peers { permanent_uuid: "012786a8f1b64995847cf7dacbc029a4" member_type: VOTER last_known_addr { host: "127.0.53.2" port: 43059 } } peers { permanent_uuid: "e3aa58d3045c4a05b94b94eb8bf58ae1" member_type: VOTER last_known_addr { host: "127.0.53.3" port: 49316 } } peers { permanent_uuid: "9da22e5afdce42078fe8f94ad166ac3c" member_type: VOTER last_known_addr { host: "127.0.53.1" port: 39175 } }
I0312 20:10:51.468643 1865 tablet_service.cc:993] Received RequestConsensusVote() RPC: tablet_id: "7581a0a77de54ef8943c1521124c7728" candidate_uuid: "e3aa58d3045c4a05b94b94eb8bf58ae1" candidate_term: 7 candidate_status { last_received { term: 6 index: 730 } } ignore_live_leader: false dest_uuid: "012786a8f1b64995847cf7dacbc029a4" is_pre_election: true
I0312 20:10:51.469024 1865 raft_consensus.cc:2176] T 7581a0a77de54ef8943c1521124c7728 P 012786a8f1b64995847cf7dacbc029a4 [term 6 LEADER]: Leader pre-election vote request: Denying vote to candidate e3aa58d3045c4a05b94b94eb8bf58ae1 for term 7 because replica is either leader or believes a valid leader to be alive.
I0312 20:10:51.469790 1926 leader_election.cc:377] T 7581a0a77de54ef8943c1521124c7728 P e3aa58d3045c4a05b94b94eb8bf58ae1 [CANDIDATE]: Term 7 pre-election: Vote denied by peer 012786a8f1b64995847cf7dacbc029a4. Message: Invalid argument: T 7581a0a77de54ef8943c1521124c7728 P 012786a8f1b64995847cf7dacbc029a4 [term 6 LEADER]: Leader pre-election vote request: Denying vote to candidate e3aa58d3045c4a05b94b94eb8bf58ae1 for term 7 because replica is either leader or believes a valid leader to be alive.
I0312 20:10:51.469952 1926 leader_election.cc:258] T 7581a0a77de54ef8943c1521124c7728 P e3aa58d3045c4a05b94b94eb8bf58ae1 [CANDIDATE]: Term 7 pre-election: Election decided. Result: candidate lost.
I0312 20:10:51.470842 2184 raft_consensus.cc:2700] T 7581a0a77de54ef8943c1521124c7728 P e3aa58d3045c4a05b94b94eb8bf58ae1: Snoozing failure detection for 0.019s (election complete)
I0312 20:10:51.470993 2184 raft_consensus.cc:2455] T 7581a0a77de54ef8943c1521124c7728 P e3aa58d3045c4a05b94b94eb8bf58ae1 [term 6 FOLLOWER]: Leader pre-election lost for term 7. Reason: could not achieve majority
I0312 20:10:51.472370 2185 leader_election.cc:231] T 7581a0a77de54ef8943c1521124c7728 P 9da22e5afdce42078fe8f94ad166ac3c [CANDIDATE]: Term 7 election: Requesting vote from peer 012786a8f1b64995847cf7dacbc029a4
I0312 20:10:51.472668 2185 leader_election.cc:231] T 7581a0a77de54ef8943c1521124c7728 P 9da22e5afdce42078fe8f94ad166ac3c [CANDIDATE]: Term 7 election: Requesting vote from peer e3aa58d3045c4a05b94b94eb8bf58ae1
I0312 20:10:51.473700 1990 tablet_service.cc:993] Received RequestConsensusVote() RPC: tablet_id: "7581a0a77de54ef8943c1521124c7728" candidate_uuid: "9da22e5afdce42078fe8f94ad166ac3c" candidate_term: 7 candidate_status { last_received { term: 6 index: 730 } } ignore_live_leader: false dest_uuid: "e3aa58d3045c4a05b94b94eb8bf58ae1"
I0312 20:10:51.474063 1990 raft_consensus.cc:2176] T 7581a0a77de54ef8943c1521124c7728 P e3aa58d3045c4a05b94b94eb8bf58ae1 [term 6 FOLLOWER]: Leader election vote request: Denying vote to candidate 9da22e5afdce42078fe8f94ad166ac3c for term 7 because replica is either leader or believes a valid leader to be alive.
