I0312 20:10:04.498024 687 raft_consensus.cc:304] T 041f375b4ec14b1c9cec5fe2a1503b98 P 2777b13979e24d25b4f50048a0a1ecb4 [term 0 FOLLOWER]: Replica starting. Triggering 0 pending transactions. Active config: opid_index: -1 OBSOLETE_local: false peers { permanent_uuid: "90c2a1b6af6d40fa8b9148fb40ab6f90" member_type: VOTER last_known_addr { host: "127.0.53.1" port: 43100 } } peers { permanent_uuid: "15558bb7548e42789ec21ac818f1b4b8" member_type: VOTER last_known_addr { host: "127.0.53.3" port: 33977 } } peers { permanent_uuid: "2777b13979e24d25b4f50048a0a1ecb4" member_type: VOTER last_known_addr { host: "127.0.53.2" port: 59907 } }
I0312 20:10:04.498770 687 raft_consensus.cc:330] T 041f375b4ec14b1c9cec5fe2a1503b98 P 2777b13979e24d25b4f50048a0a1ecb4 [term 0 FOLLOWER]: Consensus starting up: Expiring failure detector timer to make a prompt election more likely
I0312 20:10:04.498965 687 raft_consensus.cc:605] T 041f375b4ec14b1c9cec5fe2a1503b98 P 2777b13979e24d25b4f50048a0a1ecb4 [term 0 FOLLOWER]: Becoming Follower/Learner. State: Replica: 2777b13979e24d25b4f50048a0a1ecb4, State: Initialized, Role: FOLLOWER
I0312 20:10:04.499594 687 consensus_queue.cc:219] T 041f375b4ec14b1c9cec5fe2a1503b98 P 2777b13979e24d25b4f50048a0a1ecb4 [NON_LEADER]: Queue going to NON_LEADER mode. State: All replicated index: 0, Majority replicated index: 0, Committed index: 0, Last appended: 0.0, Last appended by leader: 0, Current term: 0, Majority size: -1, State: 0, Mode: NON_LEADER, active raft config: opid_index: -1 OBSOLETE_local: false peers { permanent_uuid: "90c2a1b6af6d40fa8b9148fb40ab6f90" member_type: VOTER last_known_addr { host: "127.0.53.1" port: 43100 } } peers { permanent_uuid: "15558bb7548e42789ec21ac818f1b4b8" member_type: VOTER last_known_addr { host: "127.0.53.3" port: 33977 } } peers { permanent_uuid: "2777b13979e24d25b4f50048a0a1ecb4" member_type: VOTER last_known_addr { host: "127.0.53.2" port: 59907 } }
I0312 20:10:04.505949 667 heartbeater.cc:467] Master 127.0.53.62:54194 was elected leader, sending a full tablet report...
I0312 20:10:04.505944 542 heartbeater.cc:467] Master 127.0.53.62:54194 was elected leader, sending a full tablet report...
I0312 20:10:04.507004 687 ts_tablet_manager.cc:1063] T 041f375b4ec14b1c9cec5fe2a1503b98 P 2777b13979e24d25b4f50048a0a1ecb4: Time spent starting tablet: real 0.033s user 0.016s sys 0.016s
I0312 20:10:04.508463 688 ts_tablet_manager.cc:1063] T 041f375b4ec14b1c9cec5fe2a1503b98 P 15558bb7548e42789ec21ac818f1b4b8: Time spent starting tablet: real 0.026s user 0.012s sys 0.012s
I0312 20:10:04.514456 689 raft_consensus.cc:304] T 041f375b4ec14b1c9cec5fe2a1503b98 P 90c2a1b6af6d40fa8b9148fb40ab6f90 [term 0 FOLLOWER]: Replica starting. Triggering 0 pending transactions. Active config: opid_index: -1 OBSOLETE_local: false peers { permanent_uuid: "90c2a1b6af6d40fa8b9148fb40ab6f90" member_type: VOTER last_known_addr { host: "127.0.53.1" port: 43100 } } peers { permanent_uuid: "15558bb7548e42789ec21ac818f1b4b8" member_type: VOTER last_known_addr { host: "127.0.53.3" port: 33977 } } peers { permanent_uuid: "2777b13979e24d25b4f50048a0a1ecb4" member_type: VOTER last_known_addr { host: "127.0.53.2" port: 59907 } }
I0312 20:10:04.514983 689 raft_consensus.cc:330] T 041f375b4ec14b1c9cec5fe2a1503b98 P 90c2a1b6af6d40fa8b9148fb40ab6f90 [term 0 FOLLOWER]: Consensus starting up: Expiring failure detector timer to make a prompt election more likely
I0312 20:10:04.515111 689 raft_consensus.cc:605] T 041f375b4ec14b1c9cec5fe2a1503b98 P 90c2a1b6af6d40fa8b9148fb40ab6f90 [term 0 FOLLOWER]: Becoming Follower/Learner. State: Replica: 90c2a1b6af6d40fa8b9148fb40ab6f90, State: Initialized, Role: FOLLOWER
I0312 20:10:04.515483 689 consensus_queue.cc:219] T 041f375b4ec14b1c9cec5fe2a1503b98 P 90c2a1b6af6d40fa8b9148fb40ab6f90 [NON_LEADER]: Queue going to NON_LEADER mode. State: All replicated index: 0, Majority replicated index: 0, Committed index: 0, Last appended: 0.0, Last appended by leader: 0, Current term: 0, Majority size: -1, State: 0, Mode: NON_LEADER, active raft config: opid_index: -1 OBSOLETE_local: false peers { permanent_uuid: "90c2a1b6af6d40fa8b9148fb40ab6f90" member_type: VOTER last_known_addr { host: "127.0.53.1" port: 43100 } } peers { permanent_uuid: "15558bb7548e42789ec21ac818f1b4b8" member_type: VOTER last_known_addr { host: "127.0.53.3" port: 33977 } } peers { permanent_uuid: "2777b13979e24d25b4f50048a0a1ecb4" member_type: VOTER last_known_addr { host: "127.0.53.2" port: 59907 } }
I0312 20:10:04.517956 689 ts_tablet_manager.cc:1063] T 041f375b4ec14b1c9cec5fe2a1503b98 P 90c2a1b6af6d40fa8b9148fb40ab6f90: Time spent starting tablet: real 0.022s user 0.008s sys 0.016s
W0312 20:10:04.540125 668 tablet.cc:1679] T 041f375b4ec14b1c9cec5fe2a1503b98 P 15558bb7548e42789ec21ac818f1b4b8: Can't schedule compaction. Clean time has not been advanced past its initial value.
W0312 20:10:04.545809 543 tablet.cc:1679] T 041f375b4ec14b1c9cec5fe2a1503b98 P 2777b13979e24d25b4f50048a0a1ecb4: Can't schedule compaction. Clean time has not been advanced past its initial value.
I0312 20:10:04.608572 693 raft_consensus.cc:436] T 041f375b4ec14b1c9cec5fe2a1503b98 P 15558bb7548e42789ec21ac818f1b4b8 [term 0 FOLLOWER]: Starting pre-election (no leader contacted us within the election timeout)
I0312 20:10:04.608791 693 raft_consensus.cc:2700] T 041f375b4ec14b1c9cec5fe2a1503b98 P 15558bb7548e42789ec21ac818f1b4b8: Snoozing failure detection for 1.909s (starting election)
I0312 20:10:04.609005 693 raft_consensus.cc:458] T 041f375b4ec14b1c9cec5fe2a1503b98 P 15558bb7548e42789ec21ac818f1b4b8 [term 0 FOLLOWER]: Starting pre-election with config: opid_index: -1 OBSOLETE_local: false peers { permanent_uuid: "90c2a1b6af6d40fa8b9148fb40ab6f90" member_type: VOTER last_known_addr { host: "127.0.53.1" port: 43100 } } peers { permanent_uuid: "15558bb7548e42789ec21ac818f1b4b8" member_type: VOTER last_known_addr { host: "127.0.53.3" port: 33977 } } peers { permanent_uuid: "2777b13979e24d25b4f50048a0a1ecb4" member_type: VOTER last_known_addr { host: "127.0.53.2" port: 59907 } }
I0312 20:10:04.610149 693 leader_election.cc:231] T 041f375b4ec14b1c9cec5fe2a1503b98 P 15558bb7548e42789ec21ac818f1b4b8 [CANDIDATE]: Term 1 pre-election: Requesting pre-vote from peer 90c2a1b6af6d40fa8b9148fb40ab6f90
I0312 20:10:04.610615 693 leader_election.cc:231] T 041f375b4ec14b1c9cec5fe2a1503b98 P 15558bb7548e42789ec21ac818f1b4b8 [CANDIDATE]: Term 1 pre-election: Requesting pre-vote from peer 2777b13979e24d25b4f50048a0a1ecb4
I0312 20:10:04.622818 374 tablet_service.cc:993] Received RequestConsensusVote() RPC: tablet_id: "041f375b4ec14b1c9cec5fe2a1503b98" candidate_uuid: "15558bb7548e42789ec21ac818f1b4b8" candidate_term: 1 candidate_status { last_received { term: 0 index: 0 } } ignore_live_leader: false dest_uuid: "90c2a1b6af6d40fa8b9148fb40ab6f90" is_pre_election: true
I0312 20:10:04.623227 374 raft_consensus.cc:2700] T 041f375b4ec14b1c9cec5fe2a1503b98 P 90c2a1b6af6d40fa8b9148fb40ab6f90: Snoozing failure detection for 1.664s (vote granted)
I0312 20:10:04.623430 374 raft_consensus.cc:2215] T 041f375b4ec14b1c9cec5fe2a1503b98 P 90c2a1b6af6d40fa8b9148fb40ab6f90 [term 0 FOLLOWER]: Leader pre-election vote request: Granting yes vote for candidate 15558bb7548e42789ec21ac818f1b4b8 in term 0.
I0312 20:10:04.624250 557 leader_election.cc:363] T 041f375b4ec14b1c9cec5fe2a1503b98 P 15558bb7548e42789ec21ac818f1b4b8 [CANDIDATE]: Term 1 pre-election: Vote granted by peer 90c2a1b6af6d40fa8b9148fb40ab6f90
I0312 20:10:04.624402 557 leader_election.cc:258] T 041f375b4ec14b1c9cec5fe2a1503b98 P 15558bb7548e42789ec21ac818f1b4b8 [CANDIDATE]: Term 1 pre-election: Election decided. Result: candidate won.
I0312 20:10:04.624763 693 raft_consensus.cc:2700] T 041f375b4ec14b1c9cec5fe2a1503b98 P 15558bb7548e42789ec21ac818f1b4b8: Snoozing failure detection for 1.852s (election complete)
I0312 20:10:04.624958 693 raft_consensus.cc:2507] T 041f375b4ec14b1c9cec5fe2a1503b98 P 15558bb7548e42789ec21ac818f1b4b8 [term 0 FOLLOWER]: Leader pre-election won for term 1
I0312 20:10:04.625160 693 raft_consensus.cc:436] T 041f375b4ec14b1c9cec5fe2a1503b98 P 15558bb7548e42789ec21ac818f1b4b8 [term 0 FOLLOWER]: Starting leader election (no leader contacted us within the election timeout)
I0312 20:10:04.625339 693 raft_consensus.cc:2700] T 041f375b4ec14b1c9cec5fe2a1503b98 P 15558bb7548e42789ec21ac818f1b4b8: Snoozing failure detection for 1.841s (starting election)
I0312 20:10:04.625499 693 raft_consensus.cc:2752] T 041f375b4ec14b1c9cec5fe2a1503b98 P 15558bb7548e42789ec21ac818f1b4b8 [term 0 FOLLOWER]: Advancing to term 1
I0312 20:10:04.628749 499 tablet_service.cc:993] Received RequestConsensusVote() RPC: tablet_id: "041f375b4ec14b1c9cec5fe2a1503b98" candidate_uuid: "15558bb7548e42789ec21ac818f1b4b8" candidate_term: 1 candidate_status { last_received { term: 0 index: 0 } } ignore_live_leader: false dest_uuid: "2777b13979e24d25b4f50048a0a1ecb4" is_pre_election: true
I0312 20:10:04.630378 499 raft_consensus.cc:2700] T 041f375b4ec14b1c9cec5fe2a1503b98 P 2777b13979e24d25b4f50048a0a1ecb4: Snoozing failure detection for 1.548s (vote granted)
I0312 20:10:04.630628 499 raft_consensus.cc:2215] T 041f375b4ec14b1c9cec5fe2a1503b98 P 2777b13979e24d25b4f50048a0a1ecb4 [term 0 FOLLOWER]: Leader pre-election vote request: Granting yes vote for candidate 15558bb7548e42789ec21ac818f1b4b8 in term 0.
I0312 20:10:04.631209 693 raft_consensus.cc:458] T 041f375b4ec14b1c9cec5fe2a1503b98 P 15558bb7548e42789ec21ac818f1b4b8 [term 1 FOLLOWER]: Starting leader election with config: opid_index: -1 OBSOLETE_local: false peers { permanent_uuid: "90c2a1b6af6d40fa8b9148fb40ab6f90" member_type: VOTER last_known_addr { host: "127.0.53.1" port: 43100 } } peers { permanent_uuid: "15558bb7548e42789ec21ac818f1b4b8" member_type: VOTER last_known_addr { host: "127.0.53.3" port: 33977 } } peers { permanent_uuid: "2777b13979e24d25b4f50048a0a1ecb4" member_type: VOTER last_known_addr { host: "127.0.53.2" port: 59907 } }
I0312 20:10:04.631764 559 leader_election.cc:363] T 041f375b4ec14b1c9cec5fe2a1503b98 P 15558bb7548e42789ec21ac818f1b4b8 [CANDIDATE]: Term 1 pre-election: Vote granted by peer 2777b13979e24d25b4f50048a0a1ecb4
I0312 20:10:04.631956 693 leader_election.cc:231] T 041f375b4ec14b1c9cec5fe2a1503b98 P 15558bb7548e42789ec21ac818f1b4b8 [CANDIDATE]: Term 1 election: Requesting vote from peer 90c2a1b6af6d40fa8b9148fb40ab6f90
I0312 20:10:04.632272 693 leader_election.cc:231] T 041f375b4ec14b1c9cec5fe2a1503b98 P 15558bb7548e42789ec21ac818f1b4b8 [CANDIDATE]: Term 1 election: Requesting vote from peer 2777b13979e24d25b4f50048a0a1ecb4
I0312 20:10:04.632984 374 tablet_service.cc:993] Received RequestConsensusVote() RPC: tablet_id: "041f375b4ec14b1c9cec5fe2a1503b98" candidate_uuid: "15558bb7548e42789ec21ac818f1b4b8" candidate_term: 1 candidate_status { last_received { term: 0 index: 0 } } ignore_live_leader: false dest_uuid: "90c2a1b6af6d40fa8b9148fb40ab6f90"
I0312 20:10:04.633337 374 raft_consensus.cc:2752] T 041f375b4ec14b1c9cec5fe2a1503b98 P 90c2a1b6af6d40fa8b9148fb40ab6f90 [term 0 FOLLOWER]: Advancing to term 1
I0312 20:10:04.633538 374 raft_consensus.cc:2700] T 041f375b4ec14b1c9cec5fe2a1503b98 P 90c2a1b6af6d40fa8b9148fb40ab6f90: Snoozing failure detection for 2.018s (vote granted)
I0312 20:10:04.633560 499 tablet_service.cc:993] Received RequestConsensusVote() RPC: tablet_id: "041f375b4ec14b1c9cec5fe2a1503b98" candidate_uuid: "15558bb7548e42789ec21ac818f1b4b8" candidate_term: 1 candidate_status { last_received { term: 0 index: 0 } } ignore_live_leader: false dest_uuid: "2777b13979e24d25b4f50048a0a1ecb4"
I0312 20:10:04.633954 499 raft_consensus.cc:2752] T 041f375b4ec14b1c9cec5fe2a1503b98 P 2777b13979e24d25b4f50048a0a1ecb4 [term 0 FOLLOWER]: Advancing to term 1
I0312 20:10:04.634186 499 raft_consensus.cc:2700] T 041f375b4ec14b1c9cec5fe2a1503b98 P 2777b13979e24d25b4f50048a0a1ecb4: Snoozing failure detection for 1.537s (vote granted)
I0312 20:10:04.637239 374 raft_consensus.cc:2215] T 041f375b4ec14b1c9cec5fe2a1503b98 P 90c2a1b6af6d40fa8b9148fb40ab6f90 [term 1 FOLLOWER]: Leader election vote request: Granting yes vote for candidate 15558bb7548e42789ec21ac818f1b4b8 in term 1.
I0312 20:10:04.638947 557 leader_election.cc:363] T 041f375b4ec14b1c9cec5fe2a1503b98 P 15558bb7548e42789ec21ac818f1b4b8 [CANDIDATE]: Term 1 election: Vote granted by peer 90c2a1b6af6d40fa8b9148fb40ab6f90
I0312 20:10:04.639117 557 leader_election.cc:258] T 041f375b4ec14b1c9cec5fe2a1503b98 P 15558bb7548e42789ec21ac818f1b4b8 [CANDIDATE]: Term 1 election: Election decided. Result: candidate won.
I0312 20:10:04.639430 693 raft_consensus.cc:2700] T 041f375b4ec14b1c9cec5fe2a1503b98 P 15558bb7548e42789ec21ac818f1b4b8: Snoozing failure detection for 1.506s (election complete)
I0312 20:10:04.639605 693 raft_consensus.cc:2507] T 041f375b4ec14b1c9cec5fe2a1503b98 P 15558bb7548e42789ec21ac818f1b4b8 [term 1 FOLLOWER]: Leader election won for term 1
I0312 20:10:04.639883 499 raft_consensus.cc:2215] T 041f375b4ec14b1c9cec5fe2a1503b98 P 2777b13979e24d25b4f50048a0a1ecb4 [term 1 FOLLOWER]: Leader election vote request: Granting yes vote for candidate 15558bb7548e42789ec21ac818f1b4b8 in term 1.
I0312 20:10:04.640683 559 leader_election.cc:363] T 041f375b4ec14b1c9cec5fe2a1503b98 P 15558bb7548e42789ec21ac818f1b4b8 [CANDIDATE]: Term 1 election: Vote granted by peer 2777b13979e24d25b4f50048a0a1ecb4
I0312 20:10:04.642279 693 raft_consensus.cc:572] T 041f375b4ec14b1c9cec5fe2a1503b98 P 15558bb7548e42789ec21ac818f1b4b8 [term 1 LEADER]: Becoming Leader. State: Replica: 15558bb7548e42789ec21ac818f1b4b8, State: Running, Role: LEADER
I0312 20:10:04.642725 693 consensus_queue.cc:196] T 041f375b4ec14b1c9cec5fe2a1503b98 P 15558bb7548e42789ec21ac818f1b4b8 [LEADER]: Queue going to LEADER mode. State: All replicated index: 0, Majority replicated index: 0, Committed index: 0, Last appended: 0.0, Last appended by leader: 0, Current term: 1, Majority size: 2, State: 0, Mode: LEADER, active raft config: opid_index: -1 OBSOLETE_local: false peers { permanent_uuid: "90c2a1b6af6d40fa8b9148fb40ab6f90" member_type: VOTER last_known_addr { host: "127.0.53.1" port: 43100 } } peers { permanent_uuid: "15558bb7548e42789ec21ac818f1b4b8" member_type: VOTER last_known_addr { host: "127.0.53.3" port: 33977 } } peers { permanent_uuid: "2777b13979e24d25b4f50048a0a1ecb4" member_type: VOTER last_known_addr { host: "127.0.53.2" port: 59907 } }
I0312 20:10:04.648891 252 catalog_manager.cc:3592] T 041f375b4ec14b1c9cec5fe2a1503b98 P 15558bb7548e42789ec21ac818f1b4b8 reported cstate change: term changed from 0 to 1, leader changed from to 15558bb7548e42789ec21ac818f1b4b8 (127.0.53.3). New cstate: current_term: 1 leader_uuid: "15558bb7548e42789ec21ac818f1b4b8" committed_config { opid_index: -1 OBSOLETE_local: false peers { permanent_uuid: "90c2a1b6af6d40fa8b9148fb40ab6f90" member_type: VOTER last_known_addr { host: "127.0.53.1" port: 43100 } health_report { overall_health: UNKNOWN } } peers { permanent_uuid: "15558bb7548e42789ec21ac818f1b4b8" member_type: VOTER last_known_addr { host: "127.0.53.3" port: 33977 } health_report { overall_health: HEALTHY } } peers { permanent_uuid: "2777b13979e24d25b4f50048a0a1ecb4" member_type: VOTER last_known_addr { host: "127.0.53.2" port: 59907 } health_report { overall_health: UNKNOWN } } }
W0312 20:10:04.649924 418 tablet.cc:1679] T 041f375b4ec14b1c9cec5fe2a1503b98 P 90c2a1b6af6d40fa8b9148fb40ab6f90: Can't schedule compaction. Clean time has not been advanced past its initial value.
I0312 20:10:04.671703 212 external_mini_cluster.cc:498] 3 TS(s) registered with all masters
I0312 20:10:04.673851 212 ts_itest-base.cc:233] Waiting for 1 tablets on tserver 90c2a1b6af6d40fa8b9148fb40ab6f90 to finish bootstrapping
I0312 20:10:04.682778 212 ts_itest-base.cc:233] Waiting for 1 tablets on tserver 2777b13979e24d25b4f50048a0a1ecb4 to finish bootstrapping
I0312 20:10:04.691844 212 ts_itest-base.cc:233] Waiting for 1 tablets on tserver 15558bb7548e42789ec21ac818f1b4b8 to finish bootstrapping
I0312 20:10:04.730600 499 raft_consensus.cc:1058] T 041f375b4ec14b1c9cec5fe2a1503b98 P 2777b13979e24d25b4f50048a0a1ecb4 [term 1 FOLLOWER]: Refusing update from remote peer 15558bb7548e42789ec21ac818f1b4b8: Log matching property violated. Preceding OpId in replica: term: 0 index: 0. Preceding OpId from leader: term: 1 index: 2. (index mismatch)
I0312 20:10:04.731600 374 raft_consensus.cc:1058] T 041f375b4ec14b1c9cec5fe2a1503b98 P 90c2a1b6af6d40fa8b9148fb40ab6f90 [term 1 FOLLOWER]: Refusing update from remote peer 15558bb7548e42789ec21ac818f1b4b8: Log matching property violated. Preceding OpId in replica: term: 0 index: 0. Preceding OpId from leader: term: 1 index: 2. (index mismatch)
I0312 20:10:04.731853 697 consensus_queue.cc:1017] T 041f375b4ec14b1c9cec5fe2a1503b98 P 15558bb7548e42789ec21ac818f1b4b8 [LEADER]: Connected to new peer: Peer: permanent_uuid: "2777b13979e24d25b4f50048a0a1ecb4" member_type: VOTER last_known_addr { host: "127.0.53.2" port: 59907 }, Status: LMP_MISMATCH, Last received: 0.0, Next index: 1, Last known committed idx: 0, Time since last communication: 0.000s
I0312 20:10:04.732806 693 consensus_queue.cc:1017] T 041f375b4ec14b1c9cec5fe2a1503b98 P 15558bb7548e42789ec21ac818f1b4b8 [LEADER]: Connected to new peer: Peer: permanent_uuid: "90c2a1b6af6d40fa8b9148fb40ab6f90" member_type: VOTER last_known_addr { host: "127.0.53.1" port: 43100 }, Status: LMP_MISMATCH, Last received: 0.0, Next index: 1, Last known committed idx: 0, Time since last communication: 0.000s Connected to the Master Fetched info from all 3 Tablet Servers Table TestTable is HEALTHY (1 tablet(s) checked) Table Summary Name | Status | Total Tablets | Healthy | Recovering | Under-replicated | Unavailable -----------+---------+---------------+---------+------------+------------------+------------- TestTable | HEALTHY | 1 | 1 | 0 | 0 | 0 The metadata for 1 table(s) is HEALTHY Checksum finished in 0s: 0/3 replicas remaining (0B from disk, 150 rows summed) ----------------------- TestTable ----------------------- T 041f375b4ec14b1c9cec5fe2a1503b98 P 2777b13979e24d25b4f50048a0a1ecb4 (127.0.53.2:59907): Checksum: 108787617684 T 041f375b4ec14b1c9cec5fe2a1503b98 P 15558bb7548e42789ec21ac818f1b4b8 (127.0.53.3:33977): Checksum: 108787617684 T 041f375b4ec14b1c9cec5fe2a1503b98 P 90c2a1b6af6d40fa8b9148fb40ab6f90 (127.0.53.1:43100): Checksum: 108787617684
I0312 20:10:04.952978 212 log_verifier.cc:121] Checking tablet 041f375b4ec14b1c9cec5fe2a1503b98
I0312 20:10:05.077141 212 log_verifier.cc:172] Verified matching terms for 6 ops in tablet 041f375b4ec14b1c9cec5fe2a1503b98
I0312 20:10:05.299046 212 external_mini_cluster.cc:997] Killing /tmp/dist-test-task3bwPeE/build/tsan/bin/kudu-tserver with pid 546
W0312 20:10:05.327541 235 connection.cc:513] client connection to 127.0.53.3:33977 recv error: Network error: failed to read from TLS socket: Connection reset by peer (error 104)
W0312 20:10:05.328618 237 connection.cc:513] server connection from 127.0.53.3:43785 recv error: Network error: failed to read from TLS socket: Connection reset by peer (error 104)
W0312 20:10:05.339395 306 connection.cc:513] server connection from 127.0.53.3:53446 recv error: Network error: failed to read from TLS socket: Connection reset by peer (error 104)
W0312 20:10:05.340399 430 connection.cc:513] server connection from 127.0.53.3:52486 recv error: Network error: failed to read from TLS socket: Connection reset by peer (error 104)
I0312 20:10:05.343243 499 tablet_service.cc:1105] Received Run Leader Election RPC: tablet_id: "041f375b4ec14b1c9cec5fe2a1503b98" dest_uuid: "2777b13979e24d25b4f50048a0a1ecb4" from {username='slave'} at 127.0.0.1:51461
I0312 20:10:05.343641 499 raft_consensus.cc:436] T 041f375b4ec14b1c9cec5fe2a1503b98 P 2777b13979e24d25b4f50048a0a1ecb4 [term 1 FOLLOWER]: Starting forced leader election (received explicit request)
I0312 20:10:05.343843 499 raft_consensus.cc:2700] T 041f375b4ec14b1c9cec5fe2a1503b98 P 2777b13979e24d25b4f50048a0a1ecb4: Snoozing failure detection for 1.691s (starting election)
I0312 20:10:05.344040 499 raft_consensus.cc:2752] T 041f375b4ec14b1c9cec5fe2a1503b98 P 2777b13979e24d25b4f50048a0a1ecb4 [term 1 FOLLOWER]: Advancing to term 2
I0312 20:10:05.348438 499 raft_consensus.cc:458] T 041f375b4ec14b1c9cec5fe2a1503b98 P 2777b13979e24d25b4f50048a0a1ecb4 [term 2 FOLLOWER]: Starting forced leader election with config: opid_index: -1 OBSOLETE_local: false peers { permanent_uuid: "90c2a1b6af6d40fa8b9148fb40ab6f90" member_type: VOTER last_known_addr { host: "127.0.53.1" port: 43100 } } peers { permanent_uuid: "15558bb7548e42789ec21ac818f1b4b8" member_type: VOTER last_known_addr { host: "127.0.53.3" port: 33977 } } peers { permanent_uuid: "2777b13979e24d25b4f50048a0a1ecb4" member_type: VOTER last_known_addr { host: "127.0.53.2" port: 59907 } }
I0312 20:10:05.349933 499 leader_election.cc:231] T 041f375b4ec14b1c9cec5fe2a1503b98 P 2777b13979e24d25b4f50048a0a1ecb4 [CANDIDATE]: Term 2 election: Requesting vote from peer 90c2a1b6af6d40fa8b9148fb40ab6f90
I0312 20:10:05.350469 499 leader_election.cc:231] T 041f375b4ec14b1c9cec5fe2a1503b98 P 2777b13979e24d25b4f50048a0a1ecb4 [CANDIDATE]: Term 2 election: Requesting vote from peer 15558bb7548e42789ec21ac818f1b4b8
W0312 20:10:05.329463 223 connection.cc:513] client connection to 127.0.53.3:33977 recv error: Network error: failed to read from TLS socket: Connection reset by peer (error 104)
W0312 20:10:05.401542 432 leader_election.cc:287] T 041f375b4ec14b1c9cec5fe2a1503b98 P 2777b13979e24d25b4f50048a0a1ecb4 [CANDIDATE]: Term 2 election: RPC error from VoteRequest() call to peer 15558bb7548e42789ec21ac818f1b4b8: Network error: Client connection negotiation failed: client connection to 127.0.53.3:33977: connect: Connection refused (error 111)
I0312 20:10:05.402734 374 tablet_service.cc:993] Received RequestConsensusVote() RPC: tablet_id: "041f375b4ec14b1c9cec5fe2a1503b98" candidate_uuid: "2777b13979e24d25b4f50048a0a1ecb4" candidate_term: 2 candidate_status { last_received { term: 1 index: 6 } } ignore_live_leader: true dest_uuid: "90c2a1b6af6d40fa8b9148fb40ab6f90"
I0312 20:10:05.403174 374 raft_consensus.cc:2752] T 041f375b4ec14b1c9cec5fe2a1503b98 P 90c2a1b6af6d40fa8b9148fb40ab6f90 [term 1 FOLLOWER]: Advancing to term 2
I0312 20:10:05.403406 374 raft_consensus.cc:2700] T 041f375b4ec14b1c9cec5fe2a1503b98 P 90c2a1b6af6d40fa8b9148fb40ab6f90: Snoozing failure detection for 1.661s (vote granted)
I0312 20:10:05.407501 374 raft_consensus.cc:2215] T 041f375b4ec14b1c9cec5fe2a1503b98 P 90c2a1b6af6d40fa8b9148fb40ab6f90 [term 2 FOLLOWER]: Leader election vote request: Granting yes vote for candidate 2777b13979e24d25b4f50048a0a1ecb4 in term 2.
I0312 20:10:05.408628 432 leader_election.cc:363] T 041f375b4ec14b1c9cec5fe2a1503b98 P 2777b13979e24d25b4f50048a0a1ecb4 [CANDIDATE]: Term 2 election: Vote granted by peer 90c2a1b6af6d40fa8b9148fb40ab6f90
I0312 20:10:05.408849 432 leader_election.cc:258] T 041f375b4ec14b1c9cec5fe2a1503b98 P 2777b13979e24d25b4f50048a0a1ecb4 [CANDIDATE]: Term 2 election: Election decided. Result: candidate won.
I0312 20:10:05.417708 742 raft_consensus.cc:2700] T 041f375b4ec14b1c9cec5fe2a1503b98 P 2777b13979e24d25b4f50048a0a1ecb4: Snoozing failure detection for 2.218s (election complete)
I0312 20:10:05.417994 742 raft_consensus.cc:2507] T 041f375b4ec14b1c9cec5fe2a1503b98 P 2777b13979e24d25b4f50048a0a1ecb4 [term 2 FOLLOWER]: Leader election won for term 2
I0312 20:10:05.423002 742 raft_consensus.cc:572] T 041f375b4ec14b1c9cec5fe2a1503b98 P 2777b13979e24d25b4f50048a0a1ecb4 [term 2 LEADER]: Becoming Leader. State: Replica: 2777b13979e24d25b4f50048a0a1ecb4, State: Running, Role: LEADER
I0312 20:10:05.423516 742 consensus_queue.cc:196] T 041f375b4ec14b1c9cec5fe2a1503b98 P 2777b13979e24d25b4f50048a0a1ecb4 [LEADER]: Queue going to LEADER mode. State: All replicated index: 0, Majority replicated index: 6, Committed index: 6, Last appended: 1.6, Last appended by leader: 6, Current term: 2, Majority size: 2, State: 0, Mode: LEADER, active raft config: opid_index: -1 OBSOLETE_local: false peers { permanent_uuid: "90c2a1b6af6d40fa8b9148fb40ab6f90" member_type: VOTER last_known_addr { host: "127.0.53.1" port: 43100 } } peers { permanent_uuid: "15558bb7548e42789ec21ac818f1b4b8" member_type: VOTER last_known_addr { host: "127.0.53.3" port: 33977 } } peers { permanent_uuid: "2777b13979e24d25b4f50048a0a1ecb4" member_type: VOTER last_known_addr { host: "127.0.53.2" port: 59907 } }
I0312 20:10:05.428375 252 catalog_manager.cc:3592] T 041f375b4ec14b1c9cec5fe2a1503b98 P 2777b13979e24d25b4f50048a0a1ecb4 reported cstate change: term changed from 1 to 2, leader changed from 15558bb7548e42789ec21ac818f1b4b8 (127.0.53.3) to 2777b13979e24d25b4f50048a0a1ecb4 (127.0.53.2). New cstate: current_term: 2 leader_uuid: "2777b13979e24d25b4f50048a0a1ecb4" committed_config { opid_index: -1 OBSOLETE_local: false peers { permanent_uuid: "90c2a1b6af6d40fa8b9148fb40ab6f90" member_type: VOTER last_known_addr { host: "127.0.53.1" port: 43100 } health_report { overall_health: UNKNOWN } } peers { permanent_uuid: "15558bb7548e42789ec21ac818f1b4b8" member_type: VOTER last_known_addr { host: "127.0.53.3" port: 33977 } health_report { overall_health: UNKNOWN } } peers { permanent_uuid: "2777b13979e24d25b4f50048a0a1ecb4" member_type: VOTER last_known_addr { host: "127.0.53.2" port: 59907 } health_report { overall_health: HEALTHY } } }
W0312 20:10:05.341357 674 connection.cc:513] client connection to 127.0.53.3:33977 recv error: Network error: failed to read from TLS socket: Connection reset by peer (error 104)
W0312 20:10:05.341687 220 connection.cc:513] client connection to 127.0.53.3:33977 recv error: Network error: failed to read from TLS socket: Connection reset by peer (error 104)
W0312 20:10:05.483992 674 meta_cache.cc:218] Tablet 041f375b4ec14b1c9cec5fe2a1503b98: Replica 15558bb7548e42789ec21ac818f1b4b8 (127.0.53.3:33977) has failed: Network error: Client connection negotiation failed: client connection to 127.0.53.3:33977: connect: Connection refused (error 111)
W0312 20:10:05.548449 432 consensus_peers.cc:436] T 041f375b4ec14b1c9cec5fe2a1503b98 P 2777b13979e24d25b4f50048a0a1ecb4 -> Peer 15558bb7548e42789ec21ac818f1b4b8 (127.0.53.3:33977): Couldn't send request to peer 15558bb7548e42789ec21ac818f1b4b8 for tablet 041f375b4ec14b1c9cec5fe2a1503b98. Status: Network error: Client connection negotiation failed: client connection to 127.0.53.3:33977: connect: Connection refused (error 111). Retrying in the next heartbeat period. Already tried 1 times.
I0312 20:10:05.550302 374 raft_consensus.cc:1058] T 041f375b4ec14b1c9cec5fe2a1503b98 P 90c2a1b6af6d40fa8b9148fb40ab6f90 [term 2 FOLLOWER]: Refusing update from remote peer 2777b13979e24d25b4f50048a0a1ecb4: Log matching property violated. Preceding OpId in replica: term: 1 index: 6. Preceding OpId from leader: term: 2 index: 8. (index mismatch)
I0312 20:10:05.551718 742 consensus_queue.cc:1017] T 041f375b4ec14b1c9cec5fe2a1503b98 P 2777b13979e24d25b4f50048a0a1ecb4 [LEADER]: Connected to new peer: Peer: permanent_uuid: "90c2a1b6af6d40fa8b9148fb40ab6f90" member_type: VOTER last_known_addr { host: "127.0.53.1" port: 43100 }, Status: LMP_MISMATCH, Last received: 1.6, Next index: 7, Last known committed idx: 6, Time since last communication: 0.000s
I0312 20:10:05.660923 212 external_mini_cluster.cc:805] Running /tmp/dist-test-task3bwPeE/build/tsan/bin/kudu-tserver /tmp/dist-test-task3bwPeE/build/tsan/bin/kudu-tserver --fs_wal_dir=/tmp/dist-test-task3bwPeE/test-tmp/raft_consensus_election-itest.RaftConsensusElectionITest.RunLeaderElection.1520885401735786-212/raft_consensus-itest-cluster/ts-2/wal --fs_data_dirs=/tmp/dist-test-task3bwPeE/test-tmp/raft_consensus_election-itest.RaftConsensusElectionITest.RunLeaderElection.1520885401735786-212/raft_consensus-itest-cluster/ts-2/data --block_manager=log --rpc_bind_addresses=127.0.53.3:33977 --local_ip_for_outbound_sockets=127.0.53.3 --webserver_port=39202 --webserver_interface=127.0.53.3 --tserver_master_addrs=127.0.53.62:54194 --never_fsync --ipki_server_key_size=1024 --enable_minidumps=false --redact=none --metrics_log_interval_ms=1000 --logtostderr --logbuflevel=-1 --log_dir=/tmp/dist-test-task3bwPeE/test-tmp/raft_consensus_election-itest.RaftConsensusElectionITest.RunLeaderElection.1520885401735786-212/raft_consensus-itest-cluster/ts-2/logs --server_dump_info_path=/tmp/dist-test-task3bwPeE/test-tmp/raft_consensus_election-itest.RaftConsensusElectionITest.RunLeaderElection.1520885401735786-212/raft_consensus-itest-cluster/ts-2/data/info.pb --server_dump_info_format=pb --rpc_server_allow_ephemeral_ports --unlock_experimental_flags --unlock_unsafe_flags --log_cache_size_limit_mb=10 --consensus_rpc_timeout_ms=1000 with env {} WARNING: Logging before InitGoogleLogging() is written to STDERR
W0312 20:10:05.878998 756 flags.cc:412] Enabled unsafe flag: --rpc_server_allow_ephemeral_ports=true
W0312 20:10:05.879482 756 flags.cc:412] Enabled unsafe flag: --never_fsync=true
W0312 20:10:05.902765 756 flags.cc:412] Enabled experimental flag: --ipki_server_key_size=1024
W0312 20:10:05.903214 756 flags.cc:412] Enabled experimental flag: --local_ip_for_outbound_sockets=127.0.53.3
I0312 20:10:05.949389 756 tablet_server_main.cc:72] Tablet server non-default flags: --consensus_rpc_timeout_ms=1000 --log_cache_size_limit_mb=10 --fs_data_dirs=/tmp/dist-test-task3bwPeE/test-tmp/raft_consensus_election-itest.RaftConsensusElectionITest.RunLeaderElection.1520885401735786-212/raft_consensus-itest-cluster/ts-2/data --fs_wal_dir=/tmp/dist-test-task3bwPeE/test-tmp/raft_consensus_election-itest.RaftConsensusElectionITest.RunLeaderElection.1520885401735786-212/raft_consensus-itest-cluster/ts-2/wal --ipki_server_key_size=1024 --rpc_bind_addresses=127.0.53.3:33977 --rpc_server_allow_ephemeral_ports=true --metrics_log_interval_ms=1000 --server_dump_info_format=pb --server_dump_info_path=/tmp/dist-test-task3bwPeE/test-tmp/raft_consensus_election-itest.RaftConsensusElectionITest.RunLeaderElection.1520885401735786-212/raft_consensus-itest-cluster/ts-2/data/info.pb --webserver_interface=127.0.53.3 --webserver_port=39202 --tserver_master_addrs=127.0.53.62:54194 --never_fsync=true --redact=none --unlock_experimental_flags=true --unlock_unsafe_flags=true --enable_minidumps=false --local_ip_for_outbound_sockets=127.0.53.3 --log_dir=/tmp/dist-test-task3bwPeE/test-tmp/raft_consensus_election-itest.RaftConsensusElectionITest.RunLeaderElection.1520885401735786-212/raft_consensus-itest-cluster/ts-2/logs --logbuflevel=-1 --logtostderr=true Tablet server version: kudu 1.7.0-SNAPSHOT revision 13e10c63c46de30ac85f34b543cdd6fb44881f61 build type FASTDEBUG built by None at 12 Mar 2018 20:06:40 UTC on jenkins-slave-vn0g build id 12388 TSAN enabled
I0312 20:10:05.985438 756 tablet_server_main.cc:79] Initializing tablet server...
I0312 20:10:05.999120 756 system_ntp.cc:143] NTP initialized. Skew: 500ppm Current error: 1069776us
I0312 20:10:05.999719 756 fs_manager.cc:260] Metadata directory not provided
I0312 20:10:05.999899 756 fs_manager.cc:266] Using write-ahead log directory (fs_wal_dir) as metadata directory
I0312 20:10:06.017515 756 fs_manager.cc:406] Time spent opening directory manager: real 0.014s user 0.004s sys 0.000s
I0312 20:10:06.017848 756 env_posix.cc:1620] Not raising this process' open files per process limit of 65536; it is already as high as it can go
I0312 20:10:06.018229 756 file_cache.cc:470] Constructed file cache lbm with capacity 26214
I0312 20:10:06.037940 756 fs_manager.cc:418] Time spent opening block manager: real 0.011s user 0.000s sys 0.000s
I0312 20:10:06.038095 756 fs_manager.cc:429] Opened local filesystem: /tmp/dist-test-task3bwPeE/test-tmp/raft_consensus_election-itest.RaftConsensusElectionITest.RunLeaderElection.1520885401735786-212/raft_consensus-itest-cluster/ts-2/data,/tmp/dist-test-task3bwPeE/test-tmp/raft_consensus_election-itest.RaftConsensusElectionITest.RunLeaderElection.1520885401735786-212/raft_consensus-itest-cluster/ts-2/wal uuid: "15558bb7548e42789ec21ac818f1b4b8" format_stamp: "Formatted at 2018-03-12 20:10:03 on dist-test-slave-dist-test-slave-f27p"
I0312 20:10:06.039794 756 fs_report.cc:347] Block manager report -------------------- 1 data directories: /tmp/dist-test-task3bwPeE/test-tmp/raft_consensus_election-itest.RaftConsensusElectionITest.RunLeaderElection.1520885401735786-212/raft_consensus-itest-cluster/ts-2/data/data Total live blocks: 0 Total live bytes: 0 Total live bytes (after alignment): 0 Total number of LBM containers: 0 (0 full) Did not check for missing blocks Did not check for orphaned blocks Total full LBM containers with extra space: 0 (0 repaired) Total full LBM container extra space in bytes: 0 (0 repaired) Total incomplete LBM containers: 0 (0 repaired) Total LBM partial records: 0 (0 repaired)
W0312 20:10:06.120198 432 consensus_peers.cc:436] T 041f375b4ec14b1c9cec5fe2a1503b98 P 2777b13979e24d25b4f50048a0a1ecb4 -> Peer 15558bb7548e42789ec21ac818f1b4b8 (127.0.53.3:33977): Couldn't send request to peer 15558bb7548e42789ec21ac818f1b4b8 for tablet 041f375b4ec14b1c9cec5fe2a1503b98. Status: Network error: Client connection negotiation failed: client connection to 127.0.53.3:33977: connect: Connection refused (error 111). Retrying in the next heartbeat period. Already tried 2 times.
I0312 20:10:06.550180 756 env_posix.cc:1620] Not raising this process' running threads per effective uid limit of 60284; it is already as high as it can go
I0312 20:10:06.552062 756 ts_tablet_manager.cc:337] Loading tablet metadata (0/1 complete)
I0312 20:10:06.552275 756 ts_tablet_manager.cc:995] T 041f375b4ec14b1c9cec5fe2a1503b98 P 15558bb7548e42789ec21ac818f1b4b8: Loading tablet metadata
I0312 20:10:06.558619 756 ts_tablet_manager.cc:349] Loaded tablet metadata (1 live tablets)
I0312 20:10:06.563237 756 ts_tablet_manager.cc:1163] T 041f375b4ec14b1c9cec5fe2a1503b98 P 15558bb7548e42789ec21ac818f1b4b8: Registered tablet (data state: TABLET_DATA_READY)
I0312 20:10:06.577705 774 ts_tablet_manager.cc:1018] T 041f375b4ec14b1c9cec5fe2a1503b98 P 15558bb7548e42789ec21ac818f1b4b8: Bootstrapping tablet
I0312 20:10:06.579066 774 tablet_bootstrap.cc:436] T 041f375b4ec14b1c9cec5fe2a1503b98 P 15558bb7548e42789ec21ac818f1b4b8: Bootstrap starting.
I0312 20:10:06.612620 774 log.cc:520] T 041f375b4ec14b1c9cec5fe2a1503b98 P 15558bb7548e42789ec21ac818f1b4b8: Log is configured to *not* fsync() on all Append() calls
W0312 20:10:06.633725 432 consensus_peers.cc:436] T 041f375b4ec14b1c9cec5fe2a1503b98 P 2777b13979e24d25b4f50048a0a1ecb4 -> Peer 15558bb7548e42789ec21ac818f1b4b8 (127.0.53.3:33977): Couldn't send request to peer 15558bb7548e42789ec21ac818f1b4b8 for tablet 041f375b4ec14b1c9cec5fe2a1503b98. Status: Network error: Client connection negotiation failed: client connection to 127.0.53.3:33977: connect: Connection refused (error 111). Retrying in the next heartbeat period. Already tried 3 times.
I0312 20:10:06.589632 756 tablet_server_main.cc:84] Starting tablet server...
I0312 20:10:06.693248 774 tablet_bootstrap.cc:436] T 041f375b4ec14b1c9cec5fe2a1503b98 P 15558bb7548e42789ec21ac818f1b4b8: Bootstrap replayed 1/1 log segments. Stats: ops{read=6 overwritten=0 applied=6 ignored=0} inserts{seen=50 ignored=0} mutations{seen=0 ignored=0} orphaned_commits=0. Pending: 0 replicates
I0312 20:10:06.695382 774 tablet_bootstrap.cc:436] T 041f375b4ec14b1c9cec5fe2a1503b98 P 15558bb7548e42789ec21ac818f1b4b8: Bootstrap complete.
I0312 20:10:06.696756 774 ts_tablet_manager.cc:1035] T 041f375b4ec14b1c9cec5fe2a1503b98 P 15558bb7548e42789ec21ac818f1b4b8: Time spent bootstrapping tablet: real 0.118s user 0.048s sys 0.016s
I0312 20:10:06.725759 774 raft_consensus.cc:304] T 041f375b4ec14b1c9cec5fe2a1503b98 P 15558bb7548e42789ec21ac818f1b4b8 [term 1 FOLLOWER]: Replica starting. Triggering 0 pending transactions. Active config: opid_index: -1 OBSOLETE_local: false peers { permanent_uuid: "90c2a1b6af6d40fa8b9148fb40ab6f90" member_type: VOTER last_known_addr { host: "127.0.53.1" port: 43100 } } peers { permanent_uuid: "15558bb7548e42789ec21ac818f1b4b8" member_type: VOTER last_known_addr { host: "127.0.53.3" port: 33977 } } peers { permanent_uuid: "2777b13979e24d25b4f50048a0a1ecb4" member_type: VOTER last_known_addr { host: "127.0.53.2" port: 59907 } }
I0312 20:10:06.733827 774 raft_consensus.cc:605] T 041f375b4ec14b1c9cec5fe2a1503b98 P 15558bb7548e42789ec21ac818f1b4b8 [term 1 FOLLOWER]: Becoming Follower/Learner. State: Replica: 15558bb7548e42789ec21ac818f1b4b8, State: Initialized, Role: FOLLOWER
I0312 20:10:06.734643 774 consensus_queue.cc:219] T 041f375b4ec14b1c9cec5fe2a1503b98 P 15558bb7548e42789ec21ac818f1b4b8 [NON_LEADER]: Queue going to NON_LEADER mode. State: All replicated index: 0, Majority replicated index: 0, Committed index: 6, Last appended: 1.6, Last appended by leader: 6, Current term: 0, Majority size: -1, State: 0, Mode: NON_LEADER, active raft config: opid_index: -1 OBSOLETE_local: false peers { permanent_uuid: "90c2a1b6af6d40fa8b9148fb40ab6f90" member_type: VOTER last_known_addr { host: "127.0.53.1" port: 43100 } } peers { permanent_uuid: "15558bb7548e42789ec21ac818f1b4b8" member_type: VOTER last_known_addr { host: "127.0.53.3" port: 33977 } } peers { permanent_uuid: "2777b13979e24d25b4f50048a0a1ecb4" member_type: VOTER last_known_addr { host: "127.0.53.2" port: 59907 } }
I0312 20:10:06.737726 774 ts_tablet_manager.cc:1063] T 041f375b4ec14b1c9cec5fe2a1503b98 P 15558bb7548e42789ec21ac818f1b4b8: Time spent starting tablet: real 0.041s user 0.032s sys 0.000s
I0312 20:10:06.904320 756 rpc_server.cc:201] RPC server started. Bound to: 127.0.53.3:33977
I0312 20:10:06.905295 756 webserver.cc:173] Starting webserver on 127.0.53.3:39202
I0312 20:10:06.905453 756 webserver.cc:184] Document root disabled
I0312 20:10:06.906838 756 webserver.cc:311] Webserver started. Bound to: http://127.0.53.3:39202/
I0312 20:10:06.907567 756 server_base.cc:607] Dumped server information to /tmp/dist-test-task3bwPeE/test-tmp/raft_consensus_election-itest.RaftConsensusElectionITest.RunLeaderElection.1520885401735786-212/raft_consensus-itest-cluster/ts-2/data/info.pb
I0312 20:10:06.910789 756 tablet_server_main.cc:87] Tablet server successfully started.
I0312 20:10:06.913872 883 process_memory.cc:182] Process hard memory limit is 11.777631 GB
I0312 20:10:06.914005 883 process_memory.cc:184] Process soft memory limit is 9.422105 GB
I0312 20:10:06.913916 212 external_mini_cluster.cc:867] Started /tmp/dist-test-task3bwPeE/build/tsan/bin/kudu-tserver as pid 756
I0312 20:10:06.914095 883 process_memory.cc:187] Process memory pressure threshold is 7.066578 GB
I0312 20:10:06.928454 882 heartbeater.cc:346] Connected to a master server at 127.0.53.62:54194
I0312 20:10:06.928696 882 heartbeater.cc:426] Registering TS with master...
I0312 20:10:06.929247 882 heartbeater.cc:475] Master 127.0.53.62:54194 requested a full tablet report, sending...
I0312 20:10:06.931313 252 ts_manager.cc:87] Re-registered known tserver with Master: 15558bb7548e42789ec21ac818f1b4b8 (127.0.53.3:33977)
I0312 20:10:06.933315 252 master_service.cc:243] Signed X509 certificate for tserver {username='slave'} at 127.0.53.3:60731 Connected to the Master Fetched info from all 3 Tablet Servers Tablet 041f375b4ec14b1c9cec5fe2a1503b98 of table 'TestTable' is conflicted: Tablet 041f375b4ec14b1c9cec5fe2a1503b98 of table 'TestTable' replicas' active configs disagree with the master's 15558bb7548e42789ec21ac818f1b4b8 (127.0.53.3:33977): RUNNING 2777b13979e24d25b4f50048a0a1ecb4 (127.0.53.2:59907): RUNNING [LEADER] 90c2a1b6af6d40fa8b9148fb40ab6f90 (127.0.53.1:43100): RUNNING All the peers reported by the master and tablet servers are: A = 15558bb7548e42789ec21ac818f1b4b8 B = 2777b13979e24d25b4f50048a0a1ecb4 C = 90c2a1b6af6d40fa8b9148fb40ab6f90 The consensus matrix is: Config source | Replicas | Current term | Config index | Committed? ---------------+--------------+--------------+--------------+------------ master | A B* C | | | Yes A | A B C | 1 | -1 | Yes B | A B* C | 2 | -1 | Yes C | A B* C | 2 | -1 | Yes Table TestTable has 1 tablet(s) with mismatched consensus Table Summary Name | Status | Total Tablets | Healthy | Recovering | Under-replicated | Unavailable -----------+-------------+---------------+---------+------------+------------------+------------- TestTable | UNAVAILABLE | 1 | 0 | 0 | 0 | 1
I0312 20:10:07.030138 212 cluster_verifier.cc:83] Check not successful yet, sleeping and retrying: Corruption: 1 out of 1 table(s) are not healthy
I0312 20:10:07.116642 839 raft_consensus.cc:2752] T 041f375b4ec14b1c9cec5fe2a1503b98 P 15558bb7548e42789ec21ac818f1b4b8 [term 1 FOLLOWER]: Advancing to term 2
I0312 20:10:07.120609 882 heartbeater.cc:467] Master 127.0.53.62:54194 was elected leader, sending a full tablet report... Connected to the Master Fetched info from all 3 Tablet Servers Table TestTable is HEALTHY (1 tablet(s) checked) Table Summary Name | Status | Total Tablets | Healthy | Recovering | Under-replicated | Unavailable -----------+---------+---------------+---------+------------+------------------+------------- TestTable | HEALTHY | 1 | 1 | 0 | 0 | 0 The metadata for 1 table(s) is HEALTHY Checksum finished in 0s: 0/3 replicas remaining (0B from disk, 300 rows summed) ----------------------- TestTable ----------------------- T 041f375b4ec14b1c9cec5fe2a1503b98 P 2777b13979e24d25b4f50048a0a1ecb4 (127.0.53.2:59907): Checksum: 214634478652 T 041f375b4ec14b1c9cec5fe2a1503b98 P 15558bb7548e42789ec21ac818f1b4b8 (127.0.53.3:33977): Checksum: 214634478652 T 041f375b4ec14b1c9cec5fe2a1503b98 P 90c2a1b6af6d40fa8b9148fb40ab6f90 (127.0.53.1:43100): Checksum: 214634478652
I0312 20:10:07.287250 212 log_verifier.cc:121] Checking tablet 041f375b4ec14b1c9cec5fe2a1503b98
