I0312 20:10:12.901643 1215 raft_consensus.cc:2190] T 92318a1b744e4baa9c7d3f3b9758739b P 6885de38238442d6a9e5f1eb9fb569ff [term 22 FOLLOWER]: Leader pre-election vote request: Denying vote to candidate ded9b7f8677940fb91e1a8c8bceceaed for term 23 because replica is already servicing an update from a current leader or another vote.
W0312 20:10:12.903023 1215 rpcz_store.cc:251] Call kudu.consensus.ConsensusService.RequestConsensusVote from 127.0.53.1:43660 (request call id 84) took 83ms (client timeout 38).
I0312 20:10:12.903647 1220 raft_consensus.cc:2700] T 92318a1b744e4baa9c7d3f3b9758739b P 6885de38238442d6a9e5f1eb9fb569ff: Snoozing failure detection for 0.081s (vote granted)
I0312 20:10:12.903919 1220 raft_consensus.cc:2215] T 92318a1b744e4baa9c7d3f3b9758739b P 6885de38238442d6a9e5f1eb9fb569ff [term 22 FOLLOWER]: Leader pre-election vote request: Granting yes vote for candidate ded9b7f8677940fb91e1a8c8bceceaed in term 22.
W0312 20:10:12.906298 1220 rpcz_store.cc:251] Call kudu.consensus.ConsensusService.RequestConsensusVote from 127.0.53.1:43660 (request call id 86) took 31ms (client timeout 18).
W0312 20:10:12.906949 1220 rpcz_store.cc:255] Trace: 0312 20:10:12.874448 (+ 0us) service_pool.cc:163] Inserting onto call queue 0312 20:10:12.874555 (+ 107us) service_pool.cc:222] Handling call 0312 20:10:12.906169 (+ 31614us) spinlock_profiling.cc:261] Waited 28.4 ms on lock 0x7b480003009c. stack: 00007efc5efb2c74 00007efc5efb2b70 00007efc5daa2314 00007efc66aef294 00007efc66aef229 00007efc65699af3 00007efc66b2d56b 00007efc614e0b24 00007efc614e0ab1 00007efc614e09c4 00007efc60b3cc29 00007efc60b3c6ec 00007efc60b3dbcd 00007efc60b3f946 00007efc60b3f89a 00007efc60b3f823 0312 20:10:12.906252 (+ 83us) inbound_call.cc:157] Queueing success response Metrics: {"spinlock_wait_cycles":65282432}
I0312 20:10:12.907383 1219 raft_consensus.cc:2190] T 92318a1b744e4baa9c7d3f3b9758739b P 6885de38238442d6a9e5f1eb9fb569ff [term 22 FOLLOWER]: Leader pre-election vote request: Denying vote to candidate ded9b7f8677940fb91e1a8c8bceceaed for term 22 because replica is already servicing an update from a current leader or another vote.
W0312 20:10:12.907953 1219 rpcz_store.cc:251] Call kudu.consensus.ConsensusService.RequestConsensusVote from 127.0.53.1:43660 (request call id 82) took 133ms (client timeout 28).
I0312 20:10:12.908849 1218 raft_consensus.cc:2752] T 92318a1b744e4baa9c7d3f3b9758739b P 6885de38238442d6a9e5f1eb9fb569ff [term 22 FOLLOWER]: Advancing to term 23
W0312 20:10:12.920078 1219 rpcz_store.cc:255] Trace: 0312 20:10:12.774096 (+ 0us) service_pool.cc:163] Inserting onto call queue 0312 20:10:12.774210 (+ 114us) service_pool.cc:222] Handling call 0312 20:10:12.907745 (+133535us) spinlock_profiling.cc:261] Waited 133 ms on lock 0x7b480003009c. stack: 00007efc5efb2c74 00007efc5efb2b70 00007efc5daa2314 00007efc66aef294 00007efc66aef229 00007efc65699606 00007efc66b2d56b 00007efc614e0b24 00007efc614e0ab1 00007efc614e09c4 00007efc60b3cc29 00007efc60b3c6ec 00007efc60b3dbcd 00007efc60b3f946 00007efc60b3f89a 00007efc60b3f823 0312 20:10:12.907838 (+ 93us) inbound_call.cc:157] Queueing success response Metrics: {"spinlock_wait_cycles":304848768}
W0312 20:10:12.903717 1215 rpcz_store.cc:255] Trace: 0312 20:10:12.819567 (+ 0us) service_pool.cc:163] Inserting onto call queue 0312 20:10:12.819676 (+ 109us) service_pool.cc:222] Handling call 0312 20:10:12.902021 (+ 82345us) spinlock_profiling.cc:261] Waited 81.2 ms on lock 0x7b480003009c. stack: 00007efc5efb2c74 00007efc5efb2b70 00007efc5daa2314 00007efc66aef294 00007efc66aef229 00007efc65699606 00007efc66b2d56b 00007efc614e0b24 00007efc614e0ab1 00007efc614e09c4 00007efc60b3cc29 00007efc60b3c6ec 00007efc60b3dbcd 00007efc60b3f946 00007efc60b3f89a 00007efc60b3f823 0312 20:10:12.902965 (+ 944us) inbound_call.cc:157] Queueing success response Metrics: {"spinlock_wait_cycles":186839424}
W0312 20:10:12.924887 1029 leader_election.cc:287] T 92318a1b744e4baa9c7d3f3b9758739b P ded9b7f8677940fb91e1a8c8bceceaed [CANDIDATE]: Term 23 election: RPC error from VoteRequest() call to peer 6885de38238442d6a9e5f1eb9fb569ff: Timed out: RequestConsensusVote RPC to 127.0.53.2:51697 timed out after 0.029s (SENT)
I0312 20:10:12.927992 1218 raft_consensus.cc:1058] T 92318a1b744e4baa9c7d3f3b9758739b P 6885de38238442d6a9e5f1eb9fb569ff [term 23 FOLLOWER]: Refusing update from remote peer ded9b7f8677940fb91e1a8c8bceceaed: Log matching property violated. Preceding OpId in replica: term: 19 index: 95. Preceding OpId from leader: term: 23 index: 96. (index mismatch)
I0312 20:10:12.928927 1216 raft_consensus.cc:2190] T 92318a1b744e4baa9c7d3f3b9758739b P 6885de38238442d6a9e5f1eb9fb569ff [term 23 FOLLOWER]: Leader election vote request: Denying vote to candidate ded9b7f8677940fb91e1a8c8bceceaed for term 23 because replica is already servicing an update from a current leader or another vote.
W0312 20:10:12.929446 1216 rpcz_store.cc:251] Call kudu.consensus.ConsensusService.RequestConsensusVote from 127.0.53.1:43660 (request call id 85) took 55ms (client timeout 29).
W0312 20:10:12.929977 1216 rpcz_store.cc:255] Trace: 0312 20:10:12.874065 (+ 0us) service_pool.cc:163] Inserting onto call queue 0312 20:10:12.875305 (+ 1240us) service_pool.cc:222] Handling call 0312 20:10:12.929333 (+ 54028us) spinlock_profiling.cc:261] Waited 53 ms on lock 0x7b480003009c. stack: 00007efc5efb2c74 00007efc5efb2b70 00007efc5daa2314 00007efc66aef294 00007efc66aef229 00007efc65699606 00007efc66b2d56b 00007efc614e0b24 00007efc614e0ab1 00007efc614e09c4 00007efc60b3cc29 00007efc60b3c6ec 00007efc60b3dbcd 00007efc60b3f946 00007efc60b3f89a 00007efc60b3f823 0312 20:10:12.929407 (+ 74us) inbound_call.cc:157] Queueing success response Metrics: {"spinlock_wait_cycles":121813760}
I0312 20:10:12.931577 1345 raft_consensus.cc:1058] T 92318a1b744e4baa9c7d3f3b9758739b P f78a2351568c4a268ee1112681e22bec [term 23 FOLLOWER]: Refusing update from remote peer ded9b7f8677940fb91e1a8c8bceceaed: Log matching property violated. Preceding OpId in replica: term: 19 index: 93. Preceding OpId from leader: term: 23 index: 96. (index mismatch)
I0312 20:10:12.931897 1456 consensus_queue.cc:1017] T 92318a1b744e4baa9c7d3f3b9758739b P ded9b7f8677940fb91e1a8c8bceceaed [LEADER]: Connected to new peer: Peer: permanent_uuid: "6885de38238442d6a9e5f1eb9fb569ff" member_type: VOTER last_known_addr { host: "127.0.53.2" port: 51697 }, Status: LMP_MISMATCH, Last received: 19.95, Next index: 96, Last known committed idx: 93, Time since last communication: 0.001s
I0312 20:10:12.932780 1417 consensus_queue.cc:1017] T 92318a1b744e4baa9c7d3f3b9758739b P ded9b7f8677940fb91e1a8c8bceceaed [LEADER]: Connected to new peer: Peer: permanent_uuid: "f78a2351568c4a268ee1112681e22bec" member_type: VOTER last_known_addr { host: "127.0.53.3" port: 43274 }, Status: LMP_MISMATCH, Last received: 19.93, Next index: 94, Last known committed idx: 93, Time since last communication: 0.000s
I0312 20:10:12.951432 1467 raft_consensus.cc:436] T 92318a1b744e4baa9c7d3f3b9758739b P 6885de38238442d6a9e5f1eb9fb569ff [term 23 FOLLOWER]: Starting pre-election (detected failure of leader ded9b7f8677940fb91e1a8c8bceceaed)
I0312 20:10:12.951728 1467 raft_consensus.cc:2700] T 92318a1b744e4baa9c7d3f3b9758739b P 6885de38238442d6a9e5f1eb9fb569ff: Snoozing failure detection for 0.015s (starting election)
I0312 20:10:12.952023 1467 raft_consensus.cc:458] T 92318a1b744e4baa9c7d3f3b9758739b P 6885de38238442d6a9e5f1eb9fb569ff [term 23 FOLLOWER]: Starting pre-election with config: opid_index: -1 OBSOLETE_local: false peers { permanent_uuid: "f78a2351568c4a268ee1112681e22bec" member_type: VOTER last_known_addr { host: "127.0.53.3" port: 43274 } } peers { permanent_uuid: "6885de38238442d6a9e5f1eb9fb569ff" member_type: VOTER last_known_addr { host: "127.0.53.2" port: 51697 } } peers { permanent_uuid: "ded9b7f8677940fb91e1a8c8bceceaed" member_type: VOTER last_known_addr { host: "127.0.53.1" port: 35037 } }
I0312 20:10:12.953054 1464 raft_consensus.cc:436] T 92318a1b744e4baa9c7d3f3b9758739b P f78a2351568c4a268ee1112681e22bec [term 23 FOLLOWER]: Starting pre-election (detected failure of leader ded9b7f8677940fb91e1a8c8bceceaed)
I0312 20:10:12.953308 1464 raft_consensus.cc:2700] T 92318a1b744e4baa9c7d3f3b9758739b P f78a2351568c4a268ee1112681e22bec: Snoozing failure detection for 0.017s (starting election)
I0312 20:10:12.953526 1464 raft_consensus.cc:458] T 92318a1b744e4baa9c7d3f3b9758739b P f78a2351568c4a268ee1112681e22bec [term 23 FOLLOWER]: Starting pre-election with config: opid_index: -1 OBSOLETE_local: false peers { permanent_uuid: "f78a2351568c4a268ee1112681e22bec" member_type: VOTER last_known_addr { host: "127.0.53.3" port: 43274 } } peers { permanent_uuid: "6885de38238442d6a9e5f1eb9fb569ff" member_type: VOTER last_known_addr { host: "127.0.53.2" port: 51697 } } peers { permanent_uuid: "ded9b7f8677940fb91e1a8c8bceceaed" member_type: VOTER last_known_addr { host: "127.0.53.1" port: 35037 } }
I0312 20:10:12.954504 1464 leader_election.cc:231] T 92318a1b744e4baa9c7d3f3b9758739b P f78a2351568c4a268ee1112681e22bec [CANDIDATE]: Term 24 pre-election: Requesting pre-vote from peer 6885de38238442d6a9e5f1eb9fb569ff
I0312 20:10:12.954861 1464 leader_election.cc:231] T 92318a1b744e4baa9c7d3f3b9758739b P f78a2351568c4a268ee1112681e22bec [CANDIDATE]: Term 24 pre-election: Requesting pre-vote from peer ded9b7f8677940fb91e1a8c8bceceaed
I0312 20:10:12.957132 1094 tablet_service.cc:993] Received RequestConsensusVote() RPC: tablet_id: "92318a1b744e4baa9c7d3f3b9758739b" candidate_uuid: "f78a2351568c4a268ee1112681e22bec" candidate_term: 24 candidate_status { last_received { term: 23 index: 96 } } ignore_live_leader: false dest_uuid: "ded9b7f8677940fb91e1a8c8bceceaed" is_pre_election: true
I0312 20:10:12.957696 1094 raft_consensus.cc:2176] T 92318a1b744e4baa9c7d3f3b9758739b P ded9b7f8677940fb91e1a8c8bceceaed [term 23 LEADER]: Leader pre-election vote request: Denying vote to candidate f78a2351568c4a268ee1112681e22bec for term 24 because replica is either leader or believes a valid leader to be alive.
I0312 20:10:12.958878 1278 leader_election.cc:377] T 92318a1b744e4baa9c7d3f3b9758739b P f78a2351568c4a268ee1112681e22bec [CANDIDATE]: Term 24 pre-election: Vote denied by peer ded9b7f8677940fb91e1a8c8bceceaed. Message: Invalid argument: T 92318a1b744e4baa9c7d3f3b9758739b P ded9b7f8677940fb91e1a8c8bceceaed [term 23 LEADER]: Leader pre-election vote request: Denying vote to candidate f78a2351568c4a268ee1112681e22bec for term 24 because replica is either leader or believes a valid leader to be alive.
W0312 20:10:12.974043 1279 leader_election.cc:287] T 92318a1b744e4baa9c7d3f3b9758739b P f78a2351568c4a268ee1112681e22bec [CANDIDATE]: Term 24 pre-election: RPC error from VoteRequest() call to peer 6885de38238442d6a9e5f1eb9fb569ff: Timed out: RequestConsensusVote RPC to 127.0.53.2:51697 timed out after 0.017s (SENT)
I0312 20:10:12.975122 1279 leader_election.cc:258] T 92318a1b744e4baa9c7d3f3b9758739b P f78a2351568c4a268ee1112681e22bec [CANDIDATE]: Term 24 pre-election: Election decided. Result: candidate lost.
I0312 20:10:12.976114 1464 raft_consensus.cc:2700] T 92318a1b744e4baa9c7d3f3b9758739b P f78a2351568c4a268ee1112681e22bec: Snoozing failure detection for 0.018s (election complete)
I0312 20:10:12.976330 1464 raft_consensus.cc:2455] T 92318a1b744e4baa9c7d3f3b9758739b P f78a2351568c4a268ee1112681e22bec [term 23 FOLLOWER]: Leader pre-election lost for term 24. Reason: could not achieve majority
I0312 20:10:12.977535 1467 leader_election.cc:231] T 92318a1b744e4baa9c7d3f3b9758739b P 6885de38238442d6a9e5f1eb9fb569ff [CANDIDATE]: Term 24 pre-election: Requesting pre-vote from peer f78a2351568c4a268ee1112681e22bec
I0312 20:10:12.979722 1344 tablet_service.cc:993] Received RequestConsensusVote() RPC: tablet_id: "92318a1b744e4baa9c7d3f3b9758739b" candidate_uuid: "6885de38238442d6a9e5f1eb9fb569ff" candidate_term: 24 candidate_status { last_received { term: 23 index: 96 } } ignore_live_leader: false dest_uuid: "f78a2351568c4a268ee1112681e22bec" is_pre_election: true
I0312 20:10:12.980278 1344 raft_consensus.cc:2176] T 92318a1b744e4baa9c7d3f3b9758739b P f78a2351568c4a268ee1112681e22bec [term 23 FOLLOWER]: Leader pre-election vote request: Denying vote to candidate 6885de38238442d6a9e5f1eb9fb569ff for term 24 because replica is either leader or believes a valid leader to be alive.
I0312 20:10:12.981228 1152 leader_election.cc:377] T 92318a1b744e4baa9c7d3f3b9758739b P 6885de38238442d6a9e5f1eb9fb569ff [CANDIDATE]: Term 24 pre-election: Vote denied by peer f78a2351568c4a268ee1112681e22bec. Message: Invalid argument: T 92318a1b744e4baa9c7d3f3b9758739b P f78a2351568c4a268ee1112681e22bec [term 23 FOLLOWER]: Leader pre-election vote request: Denying vote to candidate 6885de38238442d6a9e5f1eb9fb569ff for term 24 because replica is either leader or believes a valid leader to be alive.
I0312 20:10:12.982522 1467 leader_election.cc:231] T 92318a1b744e4baa9c7d3f3b9758739b P 6885de38238442d6a9e5f1eb9fb569ff [CANDIDATE]: Term 24 pre-election: Requesting pre-vote from peer ded9b7f8677940fb91e1a8c8bceceaed
I0312 20:10:13.008275 1094 tablet_service.cc:993] Received RequestConsensusVote() RPC: tablet_id: "92318a1b744e4baa9c7d3f3b9758739b" candidate_uuid: "6885de38238442d6a9e5f1eb9fb569ff" candidate_term: 24 candidate_status { last_received { term: 23 index: 96 } } ignore_live_leader: false dest_uuid: "ded9b7f8677940fb91e1a8c8bceceaed" is_pre_election: true
I0312 20:10:13.008808 1094 raft_consensus.cc:2176] T 92318a1b744e4baa9c7d3f3b9758739b P ded9b7f8677940fb91e1a8c8bceceaed [term 23 LEADER]: Leader pre-election vote request: Denying vote to candidate 6885de38238442d6a9e5f1eb9fb569ff for term 24 because replica is either leader or believes a valid leader to be alive.
W0312 20:10:13.009258 1218 rpcz_store.cc:251] Call kudu.consensus.ConsensusService.RequestConsensusVote from 127.0.53.3:38196 (request call id 78) took 53ms (client timeout 17).
I0312 20:10:13.009493 1464 raft_consensus.cc:436] T 92318a1b744e4baa9c7d3f3b9758739b P f78a2351568c4a268ee1112681e22bec [term 23 FOLLOWER]: Starting pre-election (detected failure of leader ded9b7f8677940fb91e1a8c8bceceaed)
I0312 20:10:13.009737 1464 raft_consensus.cc:2700] T 92318a1b744e4baa9c7d3f3b9758739b P f78a2351568c4a268ee1112681e22bec: Snoozing failure detection for 0.030s (starting election)
W0312 20:10:13.009783 1218 rpcz_store.cc:255] Trace: 0312 20:10:12.956275 (+ 0us) service_pool.cc:163] Inserting onto call queue 0312 20:10:13.009131 (+ 52856us) service_pool.cc:207] Skipping call since client already timed out 0312 20:10:13.009210 (+ 79us) inbound_call.cc:157] Queueing failure response Metrics: {}
I0312 20:10:13.009979 1464 raft_consensus.cc:458] T 92318a1b744e4baa9c7d3f3b9758739b P f78a2351568c4a268ee1112681e22bec [term 23 FOLLOWER]: Starting pre-election with config: opid_index: -1 OBSOLETE_local: false peers { permanent_uuid: "f78a2351568c4a268ee1112681e22bec" member_type: VOTER last_known_addr { host: "127.0.53.3" port: 43274 } } peers { permanent_uuid: "6885de38238442d6a9e5f1eb9fb569ff" member_type: VOTER last_known_addr { host: "127.0.53.2" port: 51697 } } peers { permanent_uuid: "ded9b7f8677940fb91e1a8c8bceceaed" member_type: VOTER last_known_addr { host: "127.0.53.1" port: 35037 } }
I0312 20:10:13.011915 1464 leader_election.cc:231] T 92318a1b744e4baa9c7d3f3b9758739b P f78a2351568c4a268ee1112681e22bec [CANDIDATE]: Term 24 pre-election: Requesting pre-vote from peer 6885de38238442d6a9e5f1eb9fb569ff
I0312 20:10:13.012115 1153 leader_election.cc:377] T 92318a1b744e4baa9c7d3f3b9758739b P 6885de38238442d6a9e5f1eb9fb569ff [CANDIDATE]: Term 24 pre-election: Vote denied by peer ded9b7f8677940fb91e1a8c8bceceaed. Message: Invalid argument: T 92318a1b744e4baa9c7d3f3b9758739b P ded9b7f8677940fb91e1a8c8bceceaed [term 23 LEADER]: Leader pre-election vote request: Denying vote to candidate 6885de38238442d6a9e5f1eb9fb569ff for term 24 because replica is either leader or believes a valid leader to be alive.
I0312 20:10:13.012293 1464 leader_election.cc:231] T 92318a1b744e4baa9c7d3f3b9758739b P f78a2351568c4a268ee1112681e22bec [CANDIDATE]: Term 24 pre-election: Requesting pre-vote from peer ded9b7f8677940fb91e1a8c8bceceaed
I0312 20:10:13.012339 1153 leader_election.cc:258] T 92318a1b744e4baa9c7d3f3b9758739b P 6885de38238442d6a9e5f1eb9fb569ff [CANDIDATE]: Term 24 pre-election: Election decided. Result: candidate lost.
I0312 20:10:13.013998 1216 tablet_service.cc:993] Received RequestConsensusVote() RPC: tablet_id: "92318a1b744e4baa9c7d3f3b9758739b" candidate_uuid: "f78a2351568c4a268ee1112681e22bec" candidate_term: 24 candidate_status { last_received { term: 23 index: 99 } } ignore_live_leader: false dest_uuid: "6885de38238442d6a9e5f1eb9fb569ff" is_pre_election: true
I0312 20:10:13.014546 1216 raft_consensus.cc:2176] T 92318a1b744e4baa9c7d3f3b9758739b P 6885de38238442d6a9e5f1eb9fb569ff [term 23 FOLLOWER]: Leader pre-election vote request: Denying vote to candidate f78a2351568c4a268ee1112681e22bec for term 24 because replica is either leader or believes a valid leader to be alive.
I0312 20:10:13.015408 1279 leader_election.cc:377] T 92318a1b744e4baa9c7d3f3b9758739b P f78a2351568c4a268ee1112681e22bec [CANDIDATE]: Term 24 pre-election: Vote denied by peer 6885de38238442d6a9e5f1eb9fb569ff. Message: Invalid argument: T 92318a1b744e4baa9c7d3f3b9758739b P 6885de38238442d6a9e5f1eb9fb569ff [term 23 FOLLOWER]: Leader pre-election vote request: Denying vote to candidate f78a2351568c4a268ee1112681e22bec for term 24 because replica is either leader or believes a valid leader to be alive.
I0312 20:10:13.016041 1467 raft_consensus.cc:2700] T 92318a1b744e4baa9c7d3f3b9758739b P 6885de38238442d6a9e5f1eb9fb569ff: Snoozing failure detection for 0.018s (election complete)
I0312 20:10:13.017040 1467 raft_consensus.cc:2455] T 92318a1b744e4baa9c7d3f3b9758739b P 6885de38238442d6a9e5f1eb9fb569ff [term 23 FOLLOWER]: Leader pre-election lost for term 24. Reason: could not achieve majority
I0312 20:10:13.026515 1094 tablet_service.cc:993] Received RequestConsensusVote() RPC: tablet_id: "92318a1b744e4baa9c7d3f3b9758739b" candidate_uuid: "f78a2351568c4a268ee1112681e22bec" candidate_term: 24 candidate_status { last_received { term: 23 index: 99 } } ignore_live_leader: false dest_uuid: "ded9b7f8677940fb91e1a8c8bceceaed" is_pre_election: true
I0312 20:10:13.027051 1094 raft_consensus.cc:2176] T 92318a1b744e4baa9c7d3f3b9758739b P ded9b7f8677940fb91e1a8c8bceceaed [term 23 LEADER]: Leader pre-election vote request: Denying vote to candidate f78a2351568c4a268ee1112681e22bec for term 24 because replica is either leader or believes a valid leader to be alive.
I0312 20:10:13.036342 1464 raft_consensus.cc:436] T 92318a1b744e4baa9c7d3f3b9758739b P f78a2351568c4a268ee1112681e22bec [term 23 FOLLOWER]: Starting pre-election (detected failure of leader ded9b7f8677940fb91e1a8c8bceceaed)
I0312 20:10:13.036638 1464 raft_consensus.cc:2700] T 92318a1b744e4baa9c7d3f3b9758739b P f78a2351568c4a268ee1112681e22bec: Snoozing failure detection for 0.018s (starting election)
I0312 20:10:13.036886 1464 raft_consensus.cc:458] T 92318a1b744e4baa9c7d3f3b9758739b P f78a2351568c4a268ee1112681e22bec [term 23 FOLLOWER]: Starting pre-election with config: opid_index: -1 OBSOLETE_local: false peers { permanent_uuid: "f78a2351568c4a268ee1112681e22bec" member_type: VOTER last_known_addr { host: "127.0.53.3" port: 43274 } } peers { permanent_uuid: "6885de38238442d6a9e5f1eb9fb569ff" member_type: VOTER last_known_addr { host: "127.0.53.2" port: 51697 } } peers { permanent_uuid: "ded9b7f8677940fb91e1a8c8bceceaed" member_type: VOTER last_known_addr { host: "127.0.53.1" port: 35037 } }
I0312 20:10:13.037911 1464 leader_election.cc:231] T 92318a1b744e4baa9c7d3f3b9758739b P f78a2351568c4a268ee1112681e22bec [CANDIDATE]: Term 24 pre-election: Requesting pre-vote from peer 6885de38238442d6a9e5f1eb9fb569ff
I0312 20:10:13.038277 1464 leader_election.cc:231] T 92318a1b744e4baa9c7d3f3b9758739b P f78a2351568c4a268ee1112681e22bec [CANDIDATE]: Term 24 pre-election: Requesting pre-vote from peer ded9b7f8677940fb91e1a8c8bceceaed
I0312 20:10:13.039942 1216 tablet_service.cc:993] Received RequestConsensusVote() RPC: tablet_id: "92318a1b744e4baa9c7d3f3b9758739b" candidate_uuid: "f78a2351568c4a268ee1112681e22bec" candidate_term: 24 candidate_status { last_received { term: 23 index: 100 } } ignore_live_leader: false dest_uuid: "6885de38238442d6a9e5f1eb9fb569ff" is_pre_election: true
I0312 20:10:13.040482 1216 raft_consensus.cc:2176] T 92318a1b744e4baa9c7d3f3b9758739b P 6885de38238442d6a9e5f1eb9fb569ff [term 23 FOLLOWER]: Leader pre-election vote request: Denying vote to candidate f78a2351568c4a268ee1112681e22bec for term 24 because replica is either leader or believes a valid leader to be alive.
I0312 20:10:13.041373 1279 leader_election.cc:377] T 92318a1b744e4baa9c7d3f3b9758739b P f78a2351568c4a268ee1112681e22bec [CANDIDATE]: Term 24 pre-election: Vote denied by peer 6885de38238442d6a9e5f1eb9fb569ff. Message: Invalid argument: T 92318a1b744e4baa9c7d3f3b9758739b P 6885de38238442d6a9e5f1eb9fb569ff [term 23 FOLLOWER]: Leader pre-election vote request: Denying vote to candidate f78a2351568c4a268ee1112681e22bec for term 24 because replica is either leader or believes a valid leader to be alive.
I0312 20:10:13.042807 1094 tablet_service.cc:993] Received RequestConsensusVote() RPC: tablet_id: "92318a1b744e4baa9c7d3f3b9758739b" candidate_uuid: "f78a2351568c4a268ee1112681e22bec" candidate_term: 24 candidate_status { last_received { term: 23 index: 100 } } ignore_live_leader: false dest_uuid: "ded9b7f8677940fb91e1a8c8bceceaed" is_pre_election: true
I0312 20:10:13.043334 1094 raft_consensus.cc:2176] T 92318a1b744e4baa9c7d3f3b9758739b P ded9b7f8677940fb91e1a8c8bceceaed [term 23 LEADER]: Leader pre-election vote request: Denying vote to candidate f78a2351568c4a268ee1112681e22bec for term 24 because replica is either leader or believes a valid leader to be alive.
W0312 20:10:13.043319 1278 leader_election.cc:287] T 92318a1b744e4baa9c7d3f3b9758739b P f78a2351568c4a268ee1112681e22bec [CANDIDATE]: Term 24 pre-election: RPC error from VoteRequest() call to peer ded9b7f8677940fb91e1a8c8bceceaed: Timed out: RequestConsensusVote RPC to 127.0.53.1:35037 timed out after 0.030s (SENT)
I0312 20:10:13.043579 1278 leader_election.cc:258] T 92318a1b744e4baa9c7d3f3b9758739b P f78a2351568c4a268ee1112681e22bec [CANDIDATE]: Term 24 pre-election: Election decided. Result: candidate lost.
I0312 20:10:13.044399 1464 raft_consensus.cc:2700] T 92318a1b744e4baa9c7d3f3b9758739b P f78a2351568c4a268ee1112681e22bec: Snoozing failure detection for 0.028s (election complete)
I0312 20:10:13.044612 1464 raft_consensus.cc:2455] T 92318a1b744e4baa9c7d3f3b9758739b P f78a2351568c4a268ee1112681e22bec [term 23 FOLLOWER]: Leader pre-election lost for term 24. Reason: could not achieve majority
I0312 20:10:13.051273 1278 leader_election.cc:377] T 92318a1b744e4baa9c7d3f3b9758739b P f78a2351568c4a268ee1112681e22bec [CANDIDATE]: Term 24 pre-election: Vote denied by peer ded9b7f8677940fb91e1a8c8bceceaed. Message: Invalid argument: T 92318a1b744e4baa9c7d3f3b9758739b P ded9b7f8677940fb91e1a8c8bceceaed [term 23 LEADER]: Leader pre-election vote request: Denying vote to candidate f78a2351568c4a268ee1112681e22bec for term 24 because replica is either leader or believes a valid leader to be alive.
I0312 20:10:13.051524 1278 leader_election.cc:258] T 92318a1b744e4baa9c7d3f3b9758739b P f78a2351568c4a268ee1112681e22bec [CANDIDATE]: Term 24 pre-election: Election decided. Result: candidate lost.
I0312 20:10:13.055503 1464 raft_consensus.cc:2700] T 92318a1b744e4baa9c7d3f3b9758739b P f78a2351568c4a268ee1112681e22bec: Snoozing failure detection for 0.032s (election complete)
I0312 20:10:13.055719 1464 raft_consensus.cc:2455] T 92318a1b744e4baa9c7d3f3b9758739b P f78a2351568c4a268ee1112681e22bec [term 23 FOLLOWER]: Leader pre-election lost for term 24. Reason: could not achieve majority
I0312 20:10:13.088378 1464 raft_consensus.cc:436] T 92318a1b744e4baa9c7d3f3b9758739b P f78a2351568c4a268ee1112681e22bec [term 23 FOLLOWER]: Starting pre-election (detected failure of leader ded9b7f8677940fb91e1a8c8bceceaed)
I0312 20:10:13.088652 1464 raft_consensus.cc:2700] T 92318a1b744e4baa9c7d3f3b9758739b P f78a2351568c4a268ee1112681e22bec: Snoozing failure detection for 0.029s (starting election)
I0312 20:10:13.088896 1464 raft_consensus.cc:458] T 92318a1b744e4baa9c7d3f3b9758739b P f78a2351568c4a268ee1112681e22bec [term 23 FOLLOWER]: Starting pre-election with config: opid_index: -1 OBSOLETE_local: false peers { permanent_uuid: "f78a2351568c4a268ee1112681e22bec" member_type: VOTER last_known_addr { host: "127.0.53.3" port: 43274 } } peers { permanent_uuid: "6885de38238442d6a9e5f1eb9fb569ff" member_type: VOTER last_known_addr { host: "127.0.53.2" port: 51697 } } peers { permanent_uuid: "ded9b7f8677940fb91e1a8c8bceceaed" member_type: VOTER last_known_addr { host: "127.0.53.1" port: 35037 } }
I0312 20:10:13.089948 1464 leader_election.cc:231] T 92318a1b744e4baa9c7d3f3b9758739b P f78a2351568c4a268ee1112681e22bec [CANDIDATE]: Term 24 pre-election: Requesting pre-vote from peer 6885de38238442d6a9e5f1eb9fb569ff
I0312 20:10:13.090343 1464 leader_election.cc:231] T 92318a1b744e4baa9c7d3f3b9758739b P f78a2351568c4a268ee1112681e22bec [CANDIDATE]: Term 24 pre-election: Requesting pre-vote from peer ded9b7f8677940fb91e1a8c8bceceaed
I0312 20:10:13.092025 1218 tablet_service.cc:993] Received RequestConsensusVote() RPC: tablet_id: "92318a1b744e4baa9c7d3f3b9758739b" candidate_uuid: "f78a2351568c4a268ee1112681e22bec" candidate_term: 24 candidate_status { last_received { term: 23 index: 101 } } ignore_live_leader: false dest_uuid: "6885de38238442d6a9e5f1eb9fb569ff" is_pre_election: true
I0312 20:10:13.092571 1218 raft_consensus.cc:2176] T 92318a1b744e4baa9c7d3f3b9758739b P 6885de38238442d6a9e5f1eb9fb569ff [term 23 FOLLOWER]: Leader pre-election vote request: Denying vote to candidate f78a2351568c4a268ee1112681e22bec for term 24 because replica is either leader or believes a valid leader to be alive.
I0312 20:10:13.094825 1279 leader_election.cc:377] T 92318a1b744e4baa9c7d3f3b9758739b P f78a2351568c4a268ee1112681e22bec [CANDIDATE]: Term 24 pre-election: Vote denied by peer 6885de38238442d6a9e5f1eb9fb569ff. Message: Invalid argument: T 92318a1b744e4baa9c7d3f3b9758739b P 6885de38238442d6a9e5f1eb9fb569ff [term 23 FOLLOWER]: Leader pre-election vote request: Denying vote to candidate f78a2351568c4a268ee1112681e22bec for term 24 because replica is either leader or believes a valid leader to be alive.
I0312 20:10:13.114856 1094 tablet_service.cc:993] Received RequestConsensusVote() RPC: tablet_id: "92318a1b744e4baa9c7d3f3b9758739b" candidate_uuid: "f78a2351568c4a268ee1112681e22bec" candidate_term: 24 candidate_status { last_received { term: 23 index: 101 } } ignore_live_leader: false dest_uuid: "ded9b7f8677940fb91e1a8c8bceceaed" is_pre_election: true
I0312 20:10:13.115463 1094 raft_consensus.cc:2176] T 92318a1b744e4baa9c7d3f3b9758739b P ded9b7f8677940fb91e1a8c8bceceaed [term 23 LEADER]: Leader pre-election vote request: Denying vote to candidate f78a2351568c4a268ee1112681e22bec for term 24 because replica is either leader or believes a valid leader to be alive.
I0312 20:10:13.116014 1464 raft_consensus.cc:436] T 92318a1b744e4baa9c7d3f3b9758739b P f78a2351568c4a268ee1112681e22bec [term 23 FOLLOWER]: Starting pre-election (detected failure of leader ded9b7f8677940fb91e1a8c8bceceaed)
I0312 20:10:13.116291 1464 raft_consensus.cc:2700] T 92318a1b744e4baa9c7d3f3b9758739b P f78a2351568c4a268ee1112681e22bec: Snoozing failure detection for 0.072s (starting election)
I0312 20:10:13.116533 1464 raft_consensus.cc:458] T 92318a1b744e4baa9c7d3f3b9758739b P f78a2351568c4a268ee1112681e22bec [term 23 FOLLOWER]: Starting pre-election with config: opid_index: -1 OBSOLETE_local: false peers { permanent_uuid: "f78a2351568c4a268ee1112681e22bec" member_type: VOTER last_known_addr { host: "127.0.53.3" port: 43274 } } peers { permanent_uuid: "6885de38238442d6a9e5f1eb9fb569ff" member_type: VOTER last_known_addr { host: "127.0.53.2" port: 51697 } } peers { permanent_uuid: "ded9b7f8677940fb91e1a8c8bceceaed" member_type: VOTER last_known_addr { host: "127.0.53.1" port: 35037 } }
I0312 20:10:13.117625 1464 leader_election.cc:231] T 92318a1b744e4baa9c7d3f3b9758739b P f78a2351568c4a268ee1112681e22bec [CANDIDATE]: Term 24 pre-election: Requesting pre-vote from peer 6885de38238442d6a9e5f1eb9fb569ff
I0312 20:10:13.117995 1464 leader_election.cc:231] T 92318a1b744e4baa9c7d3f3b9758739b P f78a2351568c4a268ee1112681e22bec [CANDIDATE]: Term 24 pre-election: Requesting pre-vote from peer ded9b7f8677940fb91e1a8c8bceceaed
I0312 20:10:13.120539 1218 tablet_service.cc:993] Received RequestConsensusVote() RPC: tablet_id: "92318a1b744e4baa9c7d3f3b9758739b" candidate_uuid: "f78a2351568c4a268ee1112681e22bec" candidate_term: 24 candidate_status { last_received { term: 23 index: 103 } } ignore_live_leader: false dest_uuid: "6885de38238442d6a9e5f1eb9fb569ff" is_pre_election: true
W0312 20:10:13.121275 1278 leader_election.cc:287] T 92318a1b744e4baa9c7d3f3b9758739b P f78a2351568c4a268ee1112681e22bec [CANDIDATE]: Term 24 pre-election: RPC error from VoteRequest() call to peer ded9b7f8677940fb91e1a8c8bceceaed: Timed out: RequestConsensusVote RPC to 127.0.53.1:35037 timed out after 0.029s (SENT)
I0312 20:10:13.121510 1278 leader_election.cc:258] T 92318a1b744e4baa9c7d3f3b9758739b P f78a2351568c4a268ee1112681e22bec [CANDIDATE]: Term 24 pre-election: Election decided. Result: candidate lost.
I0312 20:10:13.122134 1218 raft_consensus.cc:2176] T 92318a1b744e4baa9c7d3f3b9758739b P 6885de38238442d6a9e5f1eb9fb569ff [term 23 FOLLOWER]: Leader pre-election vote request: Denying vote to candidate f78a2351568c4a268ee1112681e22bec for term 24 because replica is either leader or believes a valid leader to be alive.
I0312 20:10:13.123188 1279 leader_election.cc:377] T 92318a1b744e4baa9c7d3f3b9758739b P f78a2351568c4a268ee1112681e22bec [CANDIDATE]: Term 24 pre-election: Vote denied by peer 6885de38238442d6a9e5f1eb9fb569ff. Message: Invalid argument: T 92318a1b744e4baa9c7d3f3b9758739b P 6885de38238442d6a9e5f1eb9fb569ff [term 23 FOLLOWER]: Leader pre-election vote request: Denying vote to candidate f78a2351568c4a268ee1112681e22bec for term 24 because replica is either leader or believes a valid leader to be alive.
I0312 20:10:13.123585 1464 raft_consensus.cc:2700] T 92318a1b744e4baa9c7d3f3b9758739b P f78a2351568c4a268ee1112681e22bec: Snoozing failure detection for 0.027s (election complete)
I0312 20:10:13.123787 1464 raft_consensus.cc:2455] T 92318a1b744e4baa9c7d3f3b9758739b P f78a2351568c4a268ee1112681e22bec [term 23 FOLLOWER]: Leader pre-election lost for term 24. Reason: could not achieve majority
I0312 20:10:13.126687 1094 tablet_service.cc:993] Received RequestConsensusVote() RPC: tablet_id: "92318a1b744e4baa9c7d3f3b9758739b" candidate_uuid: "f78a2351568c4a268ee1112681e22bec" candidate_term: 24 candidate_status { last_received { term: 23 index: 103 } } ignore_live_leader: false dest_uuid: "ded9b7f8677940fb91e1a8c8bceceaed" is_pre_election: true
I0312 20:10:13.127323 1094 raft_consensus.cc:2176] T 92318a1b744e4baa9c7d3f3b9758739b P ded9b7f8677940fb91e1a8c8bceceaed [term 23 LEADER]: Leader pre-election vote request: Denying vote to candidate f78a2351568c4a268ee1112681e22bec for term 24 because replica is either leader or believes a valid leader to be alive.
I0312 20:10:13.131868 1278 leader_election.cc:377] T 92318a1b744e4baa9c7d3f3b9758739b P f78a2351568c4a268ee1112681e22bec [CANDIDATE]: Term 24 pre-election: Vote denied by peer ded9b7f8677940fb91e1a8c8bceceaed. Message: Invalid argument: T 92318a1b744e4baa9c7d3f3b9758739b P ded9b7f8677940fb91e1a8c8bceceaed [term 23 LEADER]: Leader pre-election vote request: Denying vote to candidate f78a2351568c4a268ee1112681e22bec for term 24 because replica is either leader or believes a valid leader to be alive.
I0312 20:10:13.132109 1278 leader_election.cc:258] T 92318a1b744e4baa9c7d3f3b9758739b P f78a2351568c4a268ee1112681e22bec [CANDIDATE]: Term 24 pre-election: Election decided. Result: candidate lost.
I0312 20:10:13.138159 1464 raft_consensus.cc:2700] T 92318a1b744e4baa9c7d3f3b9758739b P f78a2351568c4a268ee1112681e22bec: Snoozing failure detection for 0.029s (election complete)
I0312 20:10:13.138360 1464 raft_consensus.cc:2455] T 92318a1b744e4baa9c7d3f3b9758739b P f78a2351568c4a268ee1112681e22bec [term 23 FOLLOWER]: Leader pre-election lost for term 24. Reason: could not achieve majority
I0312 20:10:13.162755 1464 raft_consensus.cc:436] T 92318a1b744e4baa9c7d3f3b9758739b P f78a2351568c4a268ee1112681e22bec [term 23 FOLLOWER]: Starting pre-election (detected failure of leader ded9b7f8677940fb91e1a8c8bceceaed)
I0312 20:10:13.162997 1464 raft_consensus.cc:2700] T 92318a1b744e4baa9c7d3f3b9758739b P f78a2351568c4a268ee1112681e22bec: Snoozing failure detection for 0.126s (starting election)
I0312 20:10:13.163209 1464 raft_consensus.cc:458] T 92318a1b744e4baa9c7d3f3b9758739b P f78a2351568c4a268ee1112681e22bec [term 23 FOLLOWER]: Starting pre-election with config: opid_index: -1 OBSOLETE_local: false peers { permanent_uuid: "f78a2351568c4a268ee1112681e22bec" member_type: VOTER last_known_addr { host: "127.0.53.3" port: 43274 } } peers { permanent_uuid: "6885de38238442d6a9e5f1eb9fb569ff" member_type: VOTER last_known_addr { host: "127.0.53.2" port: 51697 } } peers { permanent_uuid: "ded9b7f8677940fb91e1a8c8bceceaed" member_type: VOTER last_known_addr { host: "127.0.53.1" port: 35037 } }
I0312 20:10:13.164307 1464 leader_election.cc:231] T 92318a1b744e4baa9c7d3f3b9758739b P f78a2351568c4a268ee1112681e22bec [CANDIDATE]: Term 24 pre-election: Requesting pre-vote from peer 6885de38238442d6a9e5f1eb9fb569ff
I0312 20:10:13.164674 1464 leader_election.cc:231] T 92318a1b744e4baa9c7d3f3b9758739b P f78a2351568c4a268ee1112681e22bec [CANDIDATE]: Term 24 pre-election: Requesting pre-vote from peer ded9b7f8677940fb91e1a8c8bceceaed
I0312 20:10:13.166334 1216 tablet_service.cc:993] Received RequestConsensusVote() RPC: tablet_id: "92318a1b744e4baa9c7d3f3b9758739b" candidate_uuid: "f78a2351568c4a268ee1112681e22bec" candidate_term: 24 candidate_status { last_received { term: 23 index: 106 } } ignore_live_leader: false dest_uuid: "6885de38238442d6a9e5f1eb9fb569ff" is_pre_election: true
I0312 20:10:13.166872 1216 raft_consensus.cc:2176] T 92318a1b744e4baa9c7d3f3b9758739b P 6885de38238442d6a9e5f1eb9fb569ff [term 23 FOLLOWER]: Leader pre-election vote request: Denying vote to candidate f78a2351568c4a268ee1112681e22bec for term 24 because replica is either leader or believes a valid leader to be alive.
I0312 20:10:13.167903 1279 leader_election.cc:377] T 92318a1b744e4baa9c7d3f3b9758739b P f78a2351568c4a268ee1112681e22bec [CANDIDATE]: Term 24 pre-election: Vote denied by peer 6885de38238442d6a9e5f1eb9fb569ff. Message: Invalid argument: T 92318a1b744e4baa9c7d3f3b9758739b P 6885de38238442d6a9e5f1eb9fb569ff [term 23 FOLLOWER]: Leader pre-election vote request: Denying vote to candidate f78a2351568c4a268ee1112681e22bec for term 24 because replica is either leader or believes a valid leader to be alive.
I0312 20:10:13.179033 1094 tablet_service.cc:993] Received RequestConsensusVote() RPC: tablet_id: "92318a1b744e4baa9c7d3f3b9758739b" candidate_uuid: "f78a2351568c4a268ee1112681e22bec" candidate_term: 24 candidate_status { last_received { term: 23 index: 106 } } ignore_live_leader: false dest_uuid: "ded9b7f8677940fb91e1a8c8bceceaed" is_pre_election: true
I0312 20:10:13.179558 1094 raft_consensus.cc:2176] T 92318a1b744e4baa9c7d3f3b9758739b P ded9b7f8677940fb91e1a8c8bceceaed [term 23 LEADER]: Leader pre-election vote request: Denying vote to candidate f78a2351568c4a268ee1112681e22bec for term 24 because replica is either leader or believes a valid leader to be alive.
I0312 20:10:13.193167 1278 leader_election.cc:377] T 92318a1b744e4baa9c7d3f3b9758739b P f78a2351568c4a268ee1112681e22bec [CANDIDATE]: Term 24 pre-election: Vote denied by peer ded9b7f8677940fb91e1a8c8bceceaed. Message: Invalid argument: T 92318a1b744e4baa9c7d3f3b9758739b P ded9b7f8677940fb91e1a8c8bceceaed [term 23 LEADER]: Leader pre-election vote request: Denying vote to candidate f78a2351568c4a268ee1112681e22bec for term 24 because replica is either leader or believes a valid leader to be alive.
I0312 20:10:13.194622 1278 leader_election.cc:258] T 92318a1b744e4baa9c7d3f3b9758739b P f78a2351568c4a268ee1112681e22bec [CANDIDATE]: Term 24 pre-election: Election decided. Result: candidate lost.
I0312 20:10:13.195279 1464 raft_consensus.cc:2700] T 92318a1b744e4baa9c7d3f3b9758739b P f78a2351568c4a268ee1112681e22bec: Snoozing failure detection for 0.088s (election complete)
I0312 20:10:13.195508 1464 raft_consensus.cc:2455] T 92318a1b744e4baa9c7d3f3b9758739b P f78a2351568c4a268ee1112681e22bec [term 23 FOLLOWER]: Leader pre-election lost for term 24. Reason: could not achieve majority
I0312 20:10:13.224953 1464 raft_consensus.cc:436] T 92318a1b744e4baa9c7d3f3b9758739b P f78a2351568c4a268ee1112681e22bec [term 23 FOLLOWER]: Starting pre-election (detected failure of leader ded9b7f8677940fb91e1a8c8bceceaed)
I0312 20:10:13.225227 1464 raft_consensus.cc:2700] T 92318a1b744e4baa9c7d3f3b9758739b P f78a2351568c4a268ee1112681e22bec: Snoozing failure detection for 0.070s (starting election)
I0312 20:10:13.226496 1464 raft_consensus.cc:458] T 92318a1b744e4baa9c7d3f3b9758739b P f78a2351568c4a268ee1112681e22bec [term 23 FOLLOWER]: Starting pre-election with config: opid_index: -1 OBSOLETE_local: false peers { permanent_uuid: "f78a2351568c4a268ee1112681e22bec" member_type: VOTER last_known_addr { host: "127.0.53.3" port: 43274 } } peers { permanent_uuid: "6885de38238442d6a9e5f1eb9fb569ff" member_type: VOTER last_known_addr { host: "127.0.53.2" port: 51697 } } peers { permanent_uuid: "ded9b7f8677940fb91e1a8c8bceceaed" member_type: VOTER last_known_addr { host: "127.0.53.1" port: 35037 } }
I0312 20:10:13.227540 1464 leader_election.cc:231] T 92318a1b744e4baa9c7d3f3b9758739b P f78a2351568c4a268ee1112681e22bec [CANDIDATE]: Term 24 pre-election: Requesting pre-vote from peer 6885de38238442d6a9e5f1eb9fb569ff
I0312 20:10:13.228695 1464 leader_election.cc:231] T 92318a1b744e4baa9c7d3f3b9758739b P f78a2351568c4a268ee1112681e22bec [CANDIDATE]: Term 24 pre-election: Requesting pre-vote from peer ded9b7f8677940fb91e1a8c8bceceaed
I0312 20:10:13.228830 1218 tablet_service.cc:993] Received RequestConsensusVote() RPC: tablet_id: "92318a1b744e4baa9c7d3f3b9758739b" candidate_uuid: "f78a2351568c4a268ee1112681e22bec" candidate_term: 24 candidate_status { last_received { term: 23 index: 108 } } ignore_live_leader: false dest_uuid: "6885de38238442d6a9e5f1eb9fb569ff" is_pre_election: true
I0312 20:10:13.229398 1218 raft_consensus.cc:2176] T 92318a1b744e4baa9c7d3f3b9758739b P 6885de38238442d6a9e5f1eb9fb569ff [term 23 FOLLOWER]: Leader pre-election vote request: Denying vote to candidate f78a2351568c4a268ee1112681e22bec for term 24 because replica is either leader or believes a valid leader to be alive.
I0312 20:10:13.230628 1279 leader_election.cc:377] T 92318a1b744e4baa9c7d3f3b9758739b P f78a2351568c4a268ee1112681e22bec [CANDIDATE]: Term 24 pre-election: Vote denied by peer 6885de38238442d6a9e5f1eb9fb569ff. Message: Invalid argument: T 92318a1b744e4baa9c7d3f3b9758739b P 6885de38238442d6a9e5f1eb9fb569ff [term 23 FOLLOWER]: Leader pre-election vote request: Denying vote to candidate f78a2351568c4a268ee1112681e22bec for term 24 because replica is either leader or believes a valid leader to be alive.
I0312 20:10:13.237610 1094 tablet_service.cc:993] Received RequestConsensusVote() RPC: tablet_id: "92318a1b744e4baa9c7d3f3b9758739b" candidate_uuid: "f78a2351568c4a268ee1112681e22bec" candidate_term: 24 candidate_status { last_received { term: 23 index: 108 } } ignore_live_leader: false dest_uuid: "ded9b7f8677940fb91e1a8c8bceceaed" is_pre_election: true
I0312 20:10:13.238176 1094 raft_consensus.cc:2176] T 92318a1b744e4baa9c7d3f3b9758739b P ded9b7f8677940fb91e1a8c8bceceaed [term 23 LEADER]: Leader pre-election vote request: Denying vote to candidate f78a2351568c4a268ee1112681e22bec for term 24 because replica is either leader or believes a valid leader to be alive.
I0312 20:10:13.239351 1278 leader_election.cc:377] T 92318a1b744e4baa9c7d3f3b9758739b P f78a2351568c4a268ee1112681e22bec [CANDIDATE]: Term 24 pre-election: Vote denied by peer ded9b7f8677940fb91e1a8c8bceceaed. Message: Invalid argument: T 92318a1b744e4baa9c7d3f3b9758739b P ded9b7f8677940fb91e1a8c8bceceaed [term 23 LEADER]: Leader pre-election vote request: Denying vote to candidate f78a2351568c4a268ee1112681e22bec for term 24 because replica is either leader or believes a valid leader to be alive.
I0312 20:10:13.239585 1278 leader_election.cc:258] T 92318a1b744e4baa9c7d3f3b9758739b P f78a2351568c4a268ee1112681e22bec [CANDIDATE]: Term 24 pre-election: Election decided. Result: candidate lost.
I0312 20:10:13.240216 1464 raft_consensus.cc:2700] T 92318a1b744e4baa9c7d3f3b9758739b P f78a2351568c4a268ee1112681e22bec: Snoozing failure detection for 0.078s (election complete)
I0312 20:10:13.240429 1464 raft_consensus.cc:2455] T 92318a1b744e4baa9c7d3f3b9758739b P f78a2351568c4a268ee1112681e22bec [term 23 FOLLOWER]: Leader pre-election lost for term 24. Reason: could not achieve majority
I0312 20:10:13.343585 1464 raft_consensus.cc:436] T 92318a1b744e4baa9c7d3f3b9758739b P f78a2351568c4a268ee1112681e22bec [term 23 FOLLOWER]: Starting pre-election (detected failure of leader ded9b7f8677940fb91e1a8c8bceceaed)
I0312 20:10:13.343853 1464 raft_consensus.cc:2700] T 92318a1b744e4baa9c7d3f3b9758739b P f78a2351568c4a268ee1112681e22bec: Snoozing failure detection for 0.313s (starting election)
I0312 20:10:13.344079 1464 raft_consensus.cc:458] T 92318a1b744e4baa9c7d3f3b9758739b P f78a2351568c4a268ee1112681e22bec [term 23 FOLLOWER]: Starting pre-election with config: opid_index: -1 OBSOLETE_local: false peers { permanent_uuid: "f78a2351568c4a268ee1112681e22bec" member_type: VOTER last_known_addr { host: "127.0.53.3" port: 43274 } } peers { permanent_uuid: "6885de38238442d6a9e5f1eb9fb569ff" member_type: VOTER last_known_addr { host: "127.0.53.2" port: 51697 } } peers { permanent_uuid: "ded9b7f8677940fb91e1a8c8bceceaed" member_type: VOTER last_known_addr { host: "127.0.53.1" port: 35037 } }
I0312 20:10:13.345161 1464 leader_election.cc:231] T 92318a1b744e4baa9c7d3f3b9758739b P f78a2351568c4a268ee1112681e22bec [CANDIDATE]: Term 24 pre-election: Requesting pre-vote from peer 6885de38238442d6a9e5f1eb9fb569ff
I0312 20:10:13.345532 1464 leader_election.cc:231] T 92318a1b744e4baa9c7d3f3b9758739b P f78a2351568c4a268ee1112681e22bec [CANDIDATE]: Term 24 pre-election: Requesting pre-vote from peer ded9b7f8677940fb91e1a8c8bceceaed
I0312 20:10:13.347154 1218 tablet_service.cc:993] Received RequestConsensusVote() RPC: tablet_id: "92318a1b744e4baa9c7d3f3b9758739b" candidate_uuid: "f78a2351568c4a268ee1112681e22bec" candidate_term: 24 candidate_status { last_received { term: 23 index: 118 } } ignore_live_leader: false dest_uuid: "6885de38238442d6a9e5f1eb9fb569ff" is_pre_election: true
I0312 20:10:13.349756 1094 tablet_service.cc:993] Received RequestConsensusVote() RPC: tablet_id: "92318a1b744e4baa9c7d3f3b9758739b" candidate_uuid: "f78a2351568c4a268ee1112681e22bec" candidate_term: 24 candidate_status { last_received { term: 23 index: 118 } } ignore_live_leader: false dest_uuid: "ded9b7f8677940fb91e1a8c8bceceaed" is_pre_election: true
I0312 20:10:13.350294 1094 raft_consensus.cc:2176] T 92318a1b744e4baa9c7d3f3b9758739b P ded9b7f8677940fb91e1a8c8bceceaed [term 23 LEADER]: Leader pre-election vote request: Denying vote to candidate f78a2351568c4a268ee1112681e22bec for term 24 because replica is either leader or believes a valid leader to be alive.
I0312 20:10:13.353492 1467 raft_consensus.cc:436] T 92318a1b744e4baa9c7d3f3b9758739b P 6885de38238442d6a9e5f1eb9fb569ff [term 23 FOLLOWER]: Starting pre-election (detected failure of leader ded9b7f8677940fb91e1a8c8bceceaed)
I0312 20:10:13.353744 1467 raft_consensus.cc:2700] T 92318a1b744e4baa9c7d3f3b9758739b P 6885de38238442d6a9e5f1eb9fb569ff: Snoozing failure detection for 0.033s (starting election)
I0312 20:10:13.354013 1467 raft_consensus.cc:458] T 92318a1b744e4baa9c7d3f3b9758739b P 6885de38238442d6a9e5f1eb9fb569ff [term 23 FOLLOWER]: Starting pre-election with config: opid_index: -1 OBSOLETE_local: false peers { permanent_uuid: "f78a2351568c4a268ee1112681e22bec" member_type: VOTER last_known_addr { host: "127.0.53.3" port: 43274 } } peers { permanent_uuid: "6885de38238442d6a9e5f1eb9fb569ff" member_type: VOTER last_known_addr { host: "127.0.53.2" port: 51697 } } peers { permanent_uuid: "ded9b7f8677940fb91e1a8c8bceceaed" member_type: VOTER last_known_addr { host: "127.0.53.1" port: 35037 } }
I0312 20:10:13.355880 1467 leader_election.cc:231] T 92318a1b744e4baa9c7d3f3b9758739b P 6885de38238442d6a9e5f1eb9fb569ff [CANDIDATE]: Term 24 pre-election: Requesting pre-vote from peer f78a2351568c4a268ee1112681e22bec
I0312 20:10:13.356273 1467 leader_election.cc:231] T 92318a1b744e4baa9c7d3f3b9758739b P 6885de38238442d6a9e5f1eb9fb569ff [CANDIDATE]: Term 24 pre-election: Requesting pre-vote from peer ded9b7f8677940fb91e1a8c8bceceaed
I0312 20:10:13.357309 1218 raft_consensus.cc:2190] T 92318a1b744e4baa9c7d3f3b9758739b P 6885de38238442d6a9e5f1eb9fb569ff [term 23 FOLLOWER]: Leader pre-election vote request: Denying vote to candidate f78a2351568c4a268ee1112681e22bec for term 24 because replica is already servicing an update from a current leader or another vote.
I0312 20:10:13.357499 1278 leader_election.cc:377] T 92318a1b744e4baa9c7d3f3b9758739b P f78a2351568c4a268ee1112681e22bec [CANDIDATE]: Term 24 pre-election: Vote denied by peer ded9b7f8677940fb91e1a8c8bceceaed. Message: Invalid argument: T 92318a1b744e4baa9c7d3f3b9758739b P ded9b7f8677940fb91e1a8c8bceceaed [term 23 LEADER]: Leader pre-election vote request: Denying vote to candidate f78a2351568c4a268ee1112681e22bec for term 24 because replica is either leader or believes a valid leader to be alive.
I0312 20:10:13.358417 1279 leader_election.cc:377] T 92318a1b744e4baa9c7d3f3b9758739b P f78a2351568c4a268ee1112681e22bec [CANDIDATE]: Term 24 pre-election: Vote denied by peer 6885de38238442d6a9e5f1eb9fb569ff. Message: Service unavailable: T 92318a1b744e4baa9c7d3f3b9758739b P 6885de38238442d6a9e5f1eb9fb569ff [term 23 FOLLOWER]: Leader pre-election vote request: Denying vote to candidate f78a2351568c4a268ee1112681e22bec for term 24 because replica is already servicing an update from a current leader or another vote.
I0312 20:10:13.358644 1279 leader_election.cc:258] T 92318a1b744e4baa9c7d3f3b9758739b P f78a2351568c4a268ee1112681e22bec [CANDIDATE]: Term 24 pre-election: Election decided. Result: candidate lost.
I0312 20:10:13.358825 1094 tablet_service.cc:993] Received RequestConsensusVote() RPC: tablet_id: "92318a1b744e4baa9c7d3f3b9758739b" candidate_uuid: "6885de38238442d6a9e5f1eb9fb569ff" candidate_term: 24 candidate_status { last_received { term: 23 index: 118 } } ignore_live_leader: false dest_uuid: "ded9b7f8677940fb91e1a8c8bceceaed" is_pre_election: true
I0312 20:10:13.359381 1094 raft_consensus.cc:2176] T 92318a1b744e4baa9c7d3f3b9758739b P ded9b7f8677940fb91e1a8c8bceceaed [term 23 LEADER]: Leader pre-election vote request: Denying vote to candidate 6885de38238442d6a9e5f1eb9fb569ff for term 24 because replica is either leader or believes a valid leader to be alive.
I0312 20:10:13.360476 1153 leader_election.cc:377] T 92318a1b744e4baa9c7d3f3b9758739b P 6885de38238442d6a9e5f1eb9fb569ff [CANDIDATE]: Term 24 pre-election: Vote denied by peer ded9b7f8677940fb91e1a8c8bceceaed. Message: Invalid argument: T 92318a1b744e4baa9c7d3f3b9758739b P ded9b7f8677940fb91e1a8c8bceceaed [term 23 LEADER]: Leader pre-election vote request: Denying vote to candidate 6885de38238442d6a9e5f1eb9fb569ff for term 24 because replica is either leader or believes a valid leader to be alive.
I0312 20:10:13.361819 1344 tablet_service.cc:993] Received RequestConsensusVote() RPC: tablet_id: "92318a1b744e4baa9c7d3f3b9758739b" candidate_uuid: "6885de38238442d6a9e5f1eb9fb569ff" candidate_term: 24 candidate_status { last_received { term: 23 index: 118 } } ignore_live_leader: false dest_uuid: "f78a2351568c4a268ee1112681e22bec" is_pre_election: true
I0312 20:10:13.376157 1344 raft_consensus.cc:2190] T 92318a1b744e4baa9c7d3f3b9758739b P f78a2351568c4a268ee1112681e22bec [term 23 FOLLOWER]: Leader pre-election vote request: Denying vote to candidate 6885de38238442d6a9e5f1eb9fb569ff for term 24 because replica is already servicing an update from a current leader or another vote.
I0312 20:10:13.377346 1152 leader_election.cc:377] T 92318a1b744e4baa9c7d3f3b9758739b P 6885de38238442d6a9e5f1eb9fb569ff [CANDIDATE]: Term 24 pre-election: Vote denied by peer f78a2351568c4a268ee1112681e22bec. Message: Service unavailable: T 92318a1b744e4baa9c7d3f3b9758739b P f78a2351568c4a268ee1112681e22bec [term 23 FOLLOWER]: Leader pre-election vote request: Denying vote to candidate 6885de38238442d6a9e5f1eb9fb569ff for term 24 because replica is already servicing an update from a current leader or another vote.
I0312 20:10:13.377346 1464 raft_consensus.cc:2700] T 92318a1b744e4baa9c7d3f3b9758739b P f78a2351568c4a268ee1112681e22bec: Snoozing failure detection for 0.077s (election complete)
I0312 20:10:13.377568 1152 leader_election.cc:258] T 92318a1b744e4baa9c7d3f3b9758739b P 6885de38238442d6a9e5f1eb9fb569ff [CANDIDATE]: Term 24 pre-election: Election decided. Result: candidate lost.
I0312 20:10:13.377569 1464 raft_consensus.cc:2455] T 92318a1b744e4baa9c7d3f3b9758739b P f78a2351568c4a268ee1112681e22bec [term 23 FOLLOWER]: Leader pre-election lost for term 24. Reason: could not achieve majority
I0312 20:10:13.377961 1467 raft_consensus.cc:2700] T 92318a1b744e4baa9c7d3f3b9758739b P 6885de38238442d6a9e5f1eb9fb569ff: Snoozing failure detection for 0.019s (election complete)
