I0312 20:10:52.202020 2183 consensus_queue.cc:1028] T 7581a0a77de54ef8943c1521124c7728 P 012786a8f1b64995847cf7dacbc029a4 [LEADER]: Peer responded invalid term: Peer: permanent_uuid: "e3aa58d3045c4a05b94b94eb8bf58ae1" member_type: VOTER last_known_addr { host: "127.0.53.3" port: 49316 }, Status: INVALID_TERM, Last received: 8.735, Next index: 736, Last known committed idx: 734, Time since last communication: 0.000s
W0312 20:10:52.205454 2187 raft_consensus.cc:747] Couldn't advance consensus term.: Illegal state: Can't advance term to: 7 current term: 8 is higher.
I0312 20:10:52.206627 1990 raft_consensus.cc:1026] T 7581a0a77de54ef8943c1521124c7728 P e3aa58d3045c4a05b94b94eb8bf58ae1 [term 9 FOLLOWER]: Rejecting Update request from peer 012786a8f1b64995847cf7dacbc029a4 for earlier term 8. Current term is 9. Ops: []
I0312 20:10:52.207499 2187 consensus_queue.cc:1028] T 7581a0a77de54ef8943c1521124c7728 P 012786a8f1b64995847cf7dacbc029a4 [LEADER]: Peer responded invalid term: Peer: permanent_uuid: "e3aa58d3045c4a05b94b94eb8bf58ae1" member_type: VOTER last_known_addr { host: "127.0.53.3" port: 49316 }, Status: INVALID_TERM, Last received: 8.735, Next index: 736, Last known committed idx: 734, Time since last communication: 0.000s
I0312 20:10:52.211231 1990 raft_consensus.cc:1026] T 7581a0a77de54ef8943c1521124c7728 P e3aa58d3045c4a05b94b94eb8bf58ae1 [term 9 FOLLOWER]: Rejecting Update request from peer 012786a8f1b64995847cf7dacbc029a4 for earlier term 8. Current term is 9. Ops: []
I0312 20:10:52.212021 2194 consensus_queue.cc:1028] T 7581a0a77de54ef8943c1521124c7728 P 012786a8f1b64995847cf7dacbc029a4 [LEADER]: Peer responded invalid term: Peer: permanent_uuid: "e3aa58d3045c4a05b94b94eb8bf58ae1" member_type: VOTER last_known_addr { host: "127.0.53.3" port: 49316 }, Status: INVALID_TERM, Last received: 8.735, Next index: 736, Last known committed idx: 734, Time since last communication: 0.000s
I0312 20:10:52.214412 1990 raft_consensus.cc:1026] T 7581a0a77de54ef8943c1521124c7728 P e3aa58d3045c4a05b94b94eb8bf58ae1 [term 9 FOLLOWER]: Rejecting Update request from peer 012786a8f1b64995847cf7dacbc029a4 for earlier term 8. Current term is 9. Ops: []
I0312 20:10:52.215184 2187 consensus_queue.cc:1028] T 7581a0a77de54ef8943c1521124c7728 P 012786a8f1b64995847cf7dacbc029a4 [LEADER]: Peer responded invalid term: Peer: permanent_uuid: "e3aa58d3045c4a05b94b94eb8bf58ae1" member_type: VOTER last_known_addr { host: "127.0.53.3" port: 49316 }, Status: INVALID_TERM, Last received: 8.735, Next index: 736, Last known committed idx: 734, Time since last communication: 0.000s
I0312 20:10:52.217655 1990 raft_consensus.cc:1026] T 7581a0a77de54ef8943c1521124c7728 P e3aa58d3045c4a05b94b94eb8bf58ae1 [term 9 FOLLOWER]: Rejecting Update request from peer 012786a8f1b64995847cf7dacbc029a4 for earlier term 8. Current term is 9. Ops: []
I0312 20:10:52.218365 2194 consensus_queue.cc:1028] T 7581a0a77de54ef8943c1521124c7728 P 012786a8f1b64995847cf7dacbc029a4 [LEADER]: Peer responded invalid term: Peer: permanent_uuid: "e3aa58d3045c4a05b94b94eb8bf58ae1" member_type: VOTER last_known_addr { host: "127.0.53.3" port: 49316 }, Status: INVALID_TERM, Last received: 8.735, Next index: 736, Last known committed idx: 734, Time since last communication: 0.000s
I0312 20:10:52.222051 1990 raft_consensus.cc:1026] T 7581a0a77de54ef8943c1521124c7728 P e3aa58d3045c4a05b94b94eb8bf58ae1 [term 9 FOLLOWER]: Rejecting Update request from peer 012786a8f1b64995847cf7dacbc029a4 for earlier term 8. Current term is 9. Ops: []
I0312 20:10:52.222864 2194 consensus_queue.cc:1028] T 7581a0a77de54ef8943c1521124c7728 P 012786a8f1b64995847cf7dacbc029a4 [LEADER]: Peer responded invalid term: Peer: permanent_uuid: "e3aa58d3045c4a05b94b94eb8bf58ae1" member_type: VOTER last_known_addr { host: "127.0.53.3" port: 49316 }, Status: INVALID_TERM, Last received: 8.735, Next index: 736, Last known committed idx: 734, Time since last communication: 0.000s
I0312 20:10:52.226501 1990 raft_consensus.cc:1026] T 7581a0a77de54ef8943c1521124c7728 P e3aa58d3045c4a05b94b94eb8bf58ae1 [term 9 FOLLOWER]: Rejecting Update request from peer 012786a8f1b64995847cf7dacbc029a4 for earlier term 8. Current term is 9. Ops: []
I0312 20:10:52.227340 2194 consensus_queue.cc:1028] T 7581a0a77de54ef8943c1521124c7728 P 012786a8f1b64995847cf7dacbc029a4 [LEADER]: Peer responded invalid term: Peer: permanent_uuid: "e3aa58d3045c4a05b94b94eb8bf58ae1" member_type: VOTER last_known_addr { host: "127.0.53.3" port: 49316 }, Status: INVALID_TERM, Last received: 8.735, Next index: 736, Last known committed idx: 734, Time since last communication: 0.000s
I0312 20:10:52.230013 1990 raft_consensus.cc:1026] T 7581a0a77de54ef8943c1521124c7728 P e3aa58d3045c4a05b94b94eb8bf58ae1 [term 9 FOLLOWER]: Rejecting Update request from peer 012786a8f1b64995847cf7dacbc029a4 for earlier term 8. Current term is 9. Ops: []
I0312 20:10:52.230733 2194 consensus_queue.cc:1028] T 7581a0a77de54ef8943c1521124c7728 P 012786a8f1b64995847cf7dacbc029a4 [LEADER]: Peer responded invalid term: Peer: permanent_uuid: "e3aa58d3045c4a05b94b94eb8bf58ae1" member_type: VOTER last_known_addr { host: "127.0.53.3" port: 49316 }, Status: INVALID_TERM, Last received: 8.735, Next index: 736, Last known committed idx: 734, Time since last communication: 0.000s
I0312 20:10:52.234314 1990 raft_consensus.cc:1026] T 7581a0a77de54ef8943c1521124c7728 P e3aa58d3045c4a05b94b94eb8bf58ae1 [term 9 FOLLOWER]: Rejecting Update request from peer 012786a8f1b64995847cf7dacbc029a4 for earlier term 8. Current term is 9. Ops: []
I0312 20:10:52.234628 2184 raft_consensus.cc:436] T 7581a0a77de54ef8943c1521124c7728 P e3aa58d3045c4a05b94b94eb8bf58ae1 [term 9 FOLLOWER]: Starting pre-election (no leader contacted us within the election timeout)
I0312 20:10:52.234810 2184 raft_consensus.cc:2700] T 7581a0a77de54ef8943c1521124c7728 P e3aa58d3045c4a05b94b94eb8bf58ae1: Snoozing failure detection for 0.156s (starting election)
I0312 20:10:52.235091 2194 consensus_queue.cc:1028] T 7581a0a77de54ef8943c1521124c7728 P 012786a8f1b64995847cf7dacbc029a4 [LEADER]: Peer responded invalid term: Peer: permanent_uuid: "e3aa58d3045c4a05b94b94eb8bf58ae1" member_type: VOTER last_known_addr { host: "127.0.53.3" port: 49316 }, Status: INVALID_TERM, Last received: 8.735, Next index: 736, Last known committed idx: 734, Time since last communication: 0.000s
I0312 20:10:52.234982 2184 raft_consensus.cc:458] T 7581a0a77de54ef8943c1521124c7728 P e3aa58d3045c4a05b94b94eb8bf58ae1 [term 9 FOLLOWER]: Starting pre-election with config: opid_index: -1 OBSOLETE_local: false peers { permanent_uuid: "012786a8f1b64995847cf7dacbc029a4" member_type: VOTER last_known_addr { host: "127.0.53.2" port: 43059 } } peers { permanent_uuid: "e3aa58d3045c4a05b94b94eb8bf58ae1" member_type: VOTER last_known_addr { host: "127.0.53.3" port: 49316 } } peers { permanent_uuid: "9da22e5afdce42078fe8f94ad166ac3c" member_type: VOTER last_known_addr { host: "127.0.53.1" port: 39175 } }
I0312 20:10:52.235775 2184 leader_election.cc:231] T 7581a0a77de54ef8943c1521124c7728 P e3aa58d3045c4a05b94b94eb8bf58ae1 [CANDIDATE]: Term 10 pre-election: Requesting pre-vote from peer 012786a8f1b64995847cf7dacbc029a4
I0312 20:10:52.236073 2184 leader_election.cc:231] T 7581a0a77de54ef8943c1521124c7728 P e3aa58d3045c4a05b94b94eb8bf58ae1 [CANDIDATE]: Term 10 pre-election: Requesting pre-vote from peer 9da22e5afdce42078fe8f94ad166ac3c
I0312 20:10:52.236742 1865 tablet_service.cc:993] Received RequestConsensusVote() RPC: tablet_id: "7581a0a77de54ef8943c1521124c7728" candidate_uuid: "e3aa58d3045c4a05b94b94eb8bf58ae1" candidate_term: 10 candidate_status { last_received { term: 8 index: 735 } } ignore_live_leader: false dest_uuid: "012786a8f1b64995847cf7dacbc029a4" is_pre_election: true
I0312 20:10:52.237140 1865 raft_consensus.cc:2176] T 7581a0a77de54ef8943c1521124c7728 P 012786a8f1b64995847cf7dacbc029a4 [term 8 LEADER]: Leader pre-election vote request: Denying vote to candidate e3aa58d3045c4a05b94b94eb8bf58ae1 for term 10 because replica is either leader or believes a valid leader to be alive.
I0312 20:10:52.237053 1738 tablet_service.cc:993] Received RequestConsensusVote() RPC: tablet_id: "7581a0a77de54ef8943c1521124c7728" candidate_uuid: "e3aa58d3045c4a05b94b94eb8bf58ae1" candidate_term: 10 candidate_status { last_received { term: 8 index: 735 } } ignore_live_leader: false dest_uuid: "9da22e5afdce42078fe8f94ad166ac3c" is_pre_election: true
I0312 20:10:52.237426 1738 raft_consensus.cc:2176] T 7581a0a77de54ef8943c1521124c7728 P 9da22e5afdce42078fe8f94ad166ac3c [term 8 FOLLOWER]: Leader pre-election vote request: Denying vote to candidate e3aa58d3045c4a05b94b94eb8bf58ae1 for term 10 because replica is either leader or believes a valid leader to be alive.
I0312 20:10:52.237753 1926 leader_election.cc:377] T 7581a0a77de54ef8943c1521124c7728 P e3aa58d3045c4a05b94b94eb8bf58ae1 [CANDIDATE]: Term 10 pre-election: Vote denied by peer 012786a8f1b64995847cf7dacbc029a4. Message: Invalid argument: T 7581a0a77de54ef8943c1521124c7728 P 012786a8f1b64995847cf7dacbc029a4 [term 8 LEADER]: Leader pre-election vote request: Denying vote to candidate e3aa58d3045c4a05b94b94eb8bf58ae1 for term 10 because replica is either leader or believes a valid leader to be alive.
I0312 20:10:52.238162 1922 leader_election.cc:377] T 7581a0a77de54ef8943c1521124c7728 P e3aa58d3045c4a05b94b94eb8bf58ae1 [CANDIDATE]: Term 10 pre-election: Vote denied by peer 9da22e5afdce42078fe8f94ad166ac3c. Message: Invalid argument: T 7581a0a77de54ef8943c1521124c7728 P 9da22e5afdce42078fe8f94ad166ac3c [term 8 FOLLOWER]: Leader pre-election vote request: Denying vote to candidate e3aa58d3045c4a05b94b94eb8bf58ae1 for term 10 because replica is either leader or believes a valid leader to be alive.
I0312 20:10:52.238349 1922 leader_election.cc:258] T 7581a0a77de54ef8943c1521124c7728 P e3aa58d3045c4a05b94b94eb8bf58ae1 [CANDIDATE]: Term 10 pre-election: Election decided. Result: candidate lost.
I0312 20:10:52.238739 2184 raft_consensus.cc:2700] T 7581a0a77de54ef8943c1521124c7728 P e3aa58d3045c4a05b94b94eb8bf58ae1: Snoozing failure detection for 0.195s (election complete)
I0312 20:10:52.238906 2184 raft_consensus.cc:2455] T 7581a0a77de54ef8943c1521124c7728 P e3aa58d3045c4a05b94b94eb8bf58ae1 [term 9 FOLLOWER]: Leader pre-election lost for term 10. Reason: could not achieve majority
I0312 20:10:52.239116 1990 raft_consensus.cc:1026] T 7581a0a77de54ef8943c1521124c7728 P e3aa58d3045c4a05b94b94eb8bf58ae1 [term 9 FOLLOWER]: Rejecting Update request from peer 012786a8f1b64995847cf7dacbc029a4 for earlier term 8. Current term is 9. Ops: []
I0312 20:10:52.239943 2194 consensus_queue.cc:1028] T 7581a0a77de54ef8943c1521124c7728 P 012786a8f1b64995847cf7dacbc029a4 [LEADER]: Peer responded invalid term: Peer: permanent_uuid: "e3aa58d3045c4a05b94b94eb8bf58ae1" member_type: VOTER last_known_addr { host: "127.0.53.3" port: 49316 }, Status: INVALID_TERM, Last received: 8.735, Next index: 736, Last known committed idx: 734, Time since last communication: 0.000s
W0312 20:10:52.240842 2183 raft_consensus.cc:747] Couldn't advance consensus term.: Illegal state: Can't advance term to: 7 current term: 8 is higher.
I0312 20:10:52.244211 1990 raft_consensus.cc:1026] T 7581a0a77de54ef8943c1521124c7728 P e3aa58d3045c4a05b94b94eb8bf58ae1 [term 9 FOLLOWER]: Rejecting Update request from peer 012786a8f1b64995847cf7dacbc029a4 for earlier term 8. Current term is 9. Ops: []
I0312 20:10:52.244947 2187 consensus_queue.cc:1028] T 7581a0a77de54ef8943c1521124c7728 P 012786a8f1b64995847cf7dacbc029a4 [LEADER]: Peer responded invalid term: Peer: permanent_uuid: "e3aa58d3045c4a05b94b94eb8bf58ae1" member_type: VOTER last_known_addr { host: "127.0.53.3" port: 49316 }, Status: INVALID_TERM, Last received: 8.735, Next index: 736, Last known committed idx: 734, Time since last communication: 0.000s
I0312 20:10:52.248400 1990 raft_consensus.cc:1026] T 7581a0a77de54ef8943c1521124c7728 P e3aa58d3045c4a05b94b94eb8bf58ae1 [term 9 FOLLOWER]: Rejecting Update request from peer 012786a8f1b64995847cf7dacbc029a4 for earlier term 8. Current term is 9. Ops: []
I0312 20:10:52.249112 2187 consensus_queue.cc:1028] T 7581a0a77de54ef8943c1521124c7728 P 012786a8f1b64995847cf7dacbc029a4 [LEADER]: Peer responded invalid term: Peer: permanent_uuid: "e3aa58d3045c4a05b94b94eb8bf58ae1" member_type: VOTER last_known_addr { host: "127.0.53.3" port: 49316 }, Status: INVALID_TERM, Last received: 8.735, Next index: 736, Last known committed idx: 734, Time since last communication: 0.000s
I0312 20:10:52.252929 1990 raft_consensus.cc:1026] T 7581a0a77de54ef8943c1521124c7728 P e3aa58d3045c4a05b94b94eb8bf58ae1 [term 9 FOLLOWER]: Rejecting Update request from peer 012786a8f1b64995847cf7dacbc029a4 for earlier term 8. Current term is 9. Ops: []
I0312 20:10:52.253648 2187 consensus_queue.cc:1028] T 7581a0a77de54ef8943c1521124c7728 P 012786a8f1b64995847cf7dacbc029a4 [LEADER]: Peer responded invalid term: Peer: permanent_uuid: "e3aa58d3045c4a05b94b94eb8bf58ae1" member_type: VOTER last_known_addr { host: "127.0.53.3" port: 49316 }, Status: INVALID_TERM, Last received: 8.735, Next index: 736, Last known committed idx: 734, Time since last communication: 0.000s
I0312 20:10:52.257354 1990 raft_consensus.cc:1026] T 7581a0a77de54ef8943c1521124c7728 P e3aa58d3045c4a05b94b94eb8bf58ae1 [term 9 FOLLOWER]: Rejecting Update request from peer 012786a8f1b64995847cf7dacbc029a4 for earlier term 8. Current term is 9. Ops: []
I0312 20:10:52.258085 2187 consensus_queue.cc:1028] T 7581a0a77de54ef8943c1521124c7728 P 012786a8f1b64995847cf7dacbc029a4 [LEADER]: Peer responded invalid term: Peer: permanent_uuid: "e3aa58d3045c4a05b94b94eb8bf58ae1" member_type: VOTER last_known_addr { host: "127.0.53.3" port: 49316 }, Status: INVALID_TERM, Last received: 8.735, Next index: 736, Last known committed idx: 734, Time since last communication: 0.000s
I0312 20:10:52.260686 1990 raft_consensus.cc:1026] T 7581a0a77de54ef8943c1521124c7728 P e3aa58d3045c4a05b94b94eb8bf58ae1 [term 9 FOLLOWER]: Rejecting Update request from peer 012786a8f1b64995847cf7dacbc029a4 for earlier term 8. Current term is 9. Ops: []
I0312 20:10:52.261420 2187 consensus_queue.cc:1028] T 7581a0a77de54ef8943c1521124c7728 P 012786a8f1b64995847cf7dacbc029a4 [LEADER]: Peer responded invalid term: Peer: permanent_uuid: "e3aa58d3045c4a05b94b94eb8bf58ae1" member_type: VOTER last_known_addr { host: "127.0.53.3" port: 49316 }, Status: INVALID_TERM, Last received: 8.735, Next index: 736, Last known committed idx: 734, Time since last communication: 0.000s
I0312 20:10:52.264089 1990 raft_consensus.cc:1026] T 7581a0a77de54ef8943c1521124c7728 P e3aa58d3045c4a05b94b94eb8bf58ae1 [term 9 FOLLOWER]: Rejecting Update request from peer 012786a8f1b64995847cf7dacbc029a4 for earlier term 8. Current term is 9. Ops: []
I0312 20:10:52.264853 2187 consensus_queue.cc:1028] T 7581a0a77de54ef8943c1521124c7728 P 012786a8f1b64995847cf7dacbc029a4 [LEADER]: Peer responded invalid term: Peer: permanent_uuid: "e3aa58d3045c4a05b94b94eb8bf58ae1" member_type: VOTER last_known_addr { host: "127.0.53.3" port: 49316 }, Status: INVALID_TERM, Last received: 8.735, Next index: 736, Last known committed idx: 734, Time since last communication: 0.000s
I0312 20:10:52.267470 1990 raft_consensus.cc:1026] T 7581a0a77de54ef8943c1521124c7728 P e3aa58d3045c4a05b94b94eb8bf58ae1 [term 9 FOLLOWER]: Rejecting Update request from peer 012786a8f1b64995847cf7dacbc029a4 for earlier term 8. Current term is 9. Ops: []
I0312 20:10:52.268214 2187 consensus_queue.cc:1028] T 7581a0a77de54ef8943c1521124c7728 P 012786a8f1b64995847cf7dacbc029a4 [LEADER]: Peer responded invalid term: Peer: permanent_uuid: "e3aa58d3045c4a05b94b94eb8bf58ae1" member_type: VOTER last_known_addr { host: "127.0.53.3" port: 49316 }, Status: INVALID_TERM, Last received: 8.735, Next index: 736, Last known committed idx: 734, Time since last communication: 0.000s
I0312 20:10:52.271726 1990 raft_consensus.cc:1026] T 7581a0a77de54ef8943c1521124c7728 P e3aa58d3045c4a05b94b94eb8bf58ae1 [term 9 FOLLOWER]: Rejecting Update request from peer 012786a8f1b64995847cf7dacbc029a4 for earlier term 8. Current term is 9. Ops: []
I0312 20:10:52.272591 2187 consensus_queue.cc:1028] T 7581a0a77de54ef8943c1521124c7728 P 012786a8f1b64995847cf7dacbc029a4 [LEADER]: Peer responded invalid term: Peer: permanent_uuid: "e3aa58d3045c4a05b94b94eb8bf58ae1" member_type: VOTER last_known_addr { host: "127.0.53.3" port: 49316 }, Status: INVALID_TERM, Last received: 8.735, Next index: 736, Last known committed idx: 734, Time since last communication: 0.000s
W0312 20:10:52.275131 2183 raft_consensus.cc:747] Couldn't advance consensus term.: Illegal state: Can't advance term to: 7 current term: 8 is higher.
I0312 20:10:52.276238 1990 raft_consensus.cc:1026] T 7581a0a77de54ef8943c1521124c7728 P e3aa58d3045c4a05b94b94eb8bf58ae1 [term 9 FOLLOWER]: Rejecting Update request from peer 012786a8f1b64995847cf7dacbc029a4 for earlier term 8. Current term is 9. Ops: []
I0312 20:10:52.276993 2187 consensus_queue.cc:1028] T 7581a0a77de54ef8943c1521124c7728 P 012786a8f1b64995847cf7dacbc029a4 [LEADER]: Peer responded invalid term: Peer: permanent_uuid: "e3aa58d3045c4a05b94b94eb8bf58ae1" member_type: VOTER last_known_addr { host: "127.0.53.3" port: 49316 }, Status: INVALID_TERM, Last received: 8.735, Next index: 736, Last known committed idx: 734, Time since last communication: 0.000s
I0312 20:10:52.280670 1990 raft_consensus.cc:1026] T 7581a0a77de54ef8943c1521124c7728 P e3aa58d3045c4a05b94b94eb8bf58ae1 [term 9 FOLLOWER]: Rejecting Update request from peer 012786a8f1b64995847cf7dacbc029a4 for earlier term 8. Current term is 9. Ops: []
I0312 20:10:52.281476 2187 consensus_queue.cc:1028] T 7581a0a77de54ef8943c1521124c7728 P 012786a8f1b64995847cf7dacbc029a4 [LEADER]: Peer responded invalid term: Peer: permanent_uuid: "e3aa58d3045c4a05b94b94eb8bf58ae1" member_type: VOTER last_known_addr { host: "127.0.53.3" port: 49316 }, Status: INVALID_TERM, Last received: 8.735, Next index: 736, Last known committed idx: 734, Time since last communication: 0.000s
I0312 20:10:52.283988 1990 raft_consensus.cc:1026] T 7581a0a77de54ef8943c1521124c7728 P e3aa58d3045c4a05b94b94eb8bf58ae1 [term 9 FOLLOWER]: Rejecting Update request from peer 012786a8f1b64995847cf7dacbc029a4 for earlier term 8. Current term is 9. Ops: []
I0312 20:10:52.284759 2187 consensus_queue.cc:1028] T 7581a0a77de54ef8943c1521124c7728 P 012786a8f1b64995847cf7dacbc029a4 [LEADER]: Peer responded invalid term: Peer: permanent_uuid: "e3aa58d3045c4a05b94b94eb8bf58ae1" member_type: VOTER last_known_addr { host: "127.0.53.3" port: 49316 }, Status: INVALID_TERM, Last received: 8.735, Next index: 736, Last known committed idx: 734, Time since last communication: 0.000s
I0312 20:10:52.288421 1990 raft_consensus.cc:1026] T 7581a0a77de54ef8943c1521124c7728 P e3aa58d3045c4a05b94b94eb8bf58ae1 [term 9 FOLLOWER]: Rejecting Update request from peer 012786a8f1b64995847cf7dacbc029a4 for earlier term 8. Current term is 9. Ops: []
I0312 20:10:52.289189 2187 consensus_queue.cc:1028] T 7581a0a77de54ef8943c1521124c7728 P 012786a8f1b64995847cf7dacbc029a4 [LEADER]: Peer responded invalid term: Peer: permanent_uuid: "e3aa58d3045c4a05b94b94eb8bf58ae1" member_type: VOTER last_known_addr { host: "127.0.53.3" port: 49316 }, Status: INVALID_TERM, Last received: 8.735, Next index: 736, Last known committed idx: 734, Time since last communication: 0.000s
I0312 20:10:52.293958 1990 raft_consensus.cc:1026] T 7581a0a77de54ef8943c1521124c7728 P e3aa58d3045c4a05b94b94eb8bf58ae1 [term 9 FOLLOWER]: Rejecting Update request from peer 012786a8f1b64995847cf7dacbc029a4 for earlier term 8. Current term is 9. Ops: []
I0312 20:10:52.294805 2194 consensus_queue.cc:1028] T 7581a0a77de54ef8943c1521124c7728 P 012786a8f1b64995847cf7dacbc029a4 [LEADER]: Peer responded invalid term: Peer: permanent_uuid: "e3aa58d3045c4a05b94b94eb8bf58ae1" member_type: VOTER last_known_addr { host: "127.0.53.3" port: 49316 }, Status: INVALID_TERM, Last received: 8.735, Next index: 736, Last known committed idx: 734, Time since last communication: 0.000s
I0312 20:10:52.297193 1990 raft_consensus.cc:1026] T 7581a0a77de54ef8943c1521124c7728 P e3aa58d3045c4a05b94b94eb8bf58ae1 [term 9 FOLLOWER]: Rejecting Update request from peer 012786a8f1b64995847cf7dacbc029a4 for earlier term 8. Current term is 9. Ops: []
I0312 20:10:52.297927 2194 consensus_queue.cc:1028] T 7581a0a77de54ef8943c1521124c7728 P 012786a8f1b64995847cf7dacbc029a4 [LEADER]: Peer responded invalid term: Peer: permanent_uuid: "e3aa58d3045c4a05b94b94eb8bf58ae1" member_type: VOTER last_known_addr { host: "127.0.53.3" port: 49316 }, Status: INVALID_TERM, Last received: 8.735, Next index: 736, Last known committed idx: 734, Time since last communication: 0.000s
I0312 20:10:52.300552 1990 raft_consensus.cc:1026] T 7581a0a77de54ef8943c1521124c7728 P e3aa58d3045c4a05b94b94eb8bf58ae1 [term 9 FOLLOWER]: Rejecting Update request from peer 012786a8f1b64995847cf7dacbc029a4 for earlier term 8. Current term is 9. Ops: []
I0312 20:10:52.301259 2194 consensus_queue.cc:1028] T 7581a0a77de54ef8943c1521124c7728 P 012786a8f1b64995847cf7dacbc029a4 [LEADER]: Peer responded invalid term: Peer: permanent_uuid: "e3aa58d3045c4a05b94b94eb8bf58ae1" member_type: VOTER last_known_addr { host: "127.0.53.3" port: 49316 }, Status: INVALID_TERM, Last received: 8.735, Next index: 736, Last known committed idx: 734, Time since last communication: 0.000s
I0312 20:10:52.305029 1990 raft_consensus.cc:1026] T 7581a0a77de54ef8943c1521124c7728 P e3aa58d3045c4a05b94b94eb8bf58ae1 [term 9 FOLLOWER]: Rejecting Update request from peer 012786a8f1b64995847cf7dacbc029a4 for earlier term 8. Current term is 9. Ops: []
I0312 20:10:52.305832 2194 consensus_queue.cc:1028] T 7581a0a77de54ef8943c1521124c7728 P 012786a8f1b64995847cf7dacbc029a4 [LEADER]: Peer responded invalid term: Peer: permanent_uuid: "e3aa58d3045c4a05b94b94eb8bf58ae1" member_type: VOTER last_known_addr { host: "127.0.53.3" port: 49316 }, Status: INVALID_TERM, Last received: 8.735, Next index: 736, Last known committed idx: 734, Time since last communication: 0.000s
I0312 20:10:52.310614 1990 raft_consensus.cc:1026] T 7581a0a77de54ef8943c1521124c7728 P e3aa58d3045c4a05b94b94eb8bf58ae1 [term 9 FOLLOWER]: Rejecting Update request from peer 012786a8f1b64995847cf7dacbc029a4 for earlier term 8. Current term is 9. Ops: []
I0312 20:10:52.311408 2187 consensus_queue.cc:1028] T 7581a0a77de54ef8943c1521124c7728 P 012786a8f1b64995847cf7dacbc029a4 [LEADER]: Peer responded invalid term: Peer: permanent_uuid: "e3aa58d3045c4a05b94b94eb8bf58ae1" member_type: VOTER last_known_addr { host: "127.0.53.3" port: 49316 }, Status: INVALID_TERM, Last received: 8.735, Next index: 736, Last known committed idx: 734, Time since last communication: 0.000s
I0312 20:10:52.315035 1990 raft_consensus.cc:1026] T 7581a0a77de54ef8943c1521124c7728 P e3aa58d3045c4a05b94b94eb8bf58ae1 [term 9 FOLLOWER]: Rejecting Update request from peer 012786a8f1b64995847cf7dacbc029a4 for earlier term 8. Current term is 9. Ops: []
I0312 20:10:52.315800 2194 consensus_queue.cc:1028] T 7581a0a77de54ef8943c1521124c7728 P 012786a8f1b64995847cf7dacbc029a4 [LEADER]: Peer responded invalid term: Peer: permanent_uuid: "e3aa58d3045c4a05b94b94eb8bf58ae1" member_type: VOTER last_known_addr { host: "127.0.53.3" port: 49316 }, Status: INVALID_TERM, Last received: 8.735, Next index: 736, Last known committed idx: 734, Time since last communication: 0.000s
I0312 20:10:52.319345 1990 raft_consensus.cc:1026] T 7581a0a77de54ef8943c1521124c7728 P e3aa58d3045c4a05b94b94eb8bf58ae1 [term 9 FOLLOWER]: Rejecting Update request from peer 012786a8f1b64995847cf7dacbc029a4 for earlier term 8. Current term is 9. Ops: []
W0312 20:10:52.319420 2183 raft_consensus.cc:747] Couldn't advance consensus term.: Illegal state: Can't advance term to: 7 current term: 8 is higher.
I0312 20:10:52.320107 2194 consensus_queue.cc:1028] T 7581a0a77de54ef8943c1521124c7728 P 012786a8f1b64995847cf7dacbc029a4 [LEADER]: Peer responded invalid term: Peer: permanent_uuid: "e3aa58d3045c4a05b94b94eb8bf58ae1" member_type: VOTER last_known_addr { host: "127.0.53.3" port: 49316 }, Status: INVALID_TERM, Last received: 8.735, Next index: 736, Last known committed idx: 734, Time since last communication: 0.000s
I0312 20:10:52.324889 1990 raft_consensus.cc:1026] T 7581a0a77de54ef8943c1521124c7728 P e3aa58d3045c4a05b94b94eb8bf58ae1 [term 9 FOLLOWER]: Rejecting Update request from peer 012786a8f1b64995847cf7dacbc029a4 for earlier term 8. Current term is 9. Ops: []
I0312 20:10:52.325747 2194 consensus_queue.cc:1028] T 7581a0a77de54ef8943c1521124c7728 P 012786a8f1b64995847cf7dacbc029a4 [LEADER]: Peer responded invalid term: Peer: permanent_uuid: "e3aa58d3045c4a05b94b94eb8bf58ae1" member_type: VOTER last_known_addr { host: "127.0.53.3" port: 49316 }, Status: INVALID_TERM, Last received: 8.735, Next index: 736, Last known committed idx: 734, Time since last communication: 0.000s
I0312 20:10:52.328359 1990 raft_consensus.cc:1026] T 7581a0a77de54ef8943c1521124c7728 P e3aa58d3045c4a05b94b94eb8bf58ae1 [term 9 FOLLOWER]: Rejecting Update request from peer 012786a8f1b64995847cf7dacbc029a4 for earlier term 8. Current term is 9. Ops: []
I0312 20:10:52.329257 2194 consensus_queue.cc:1028] T 7581a0a77de54ef8943c1521124c7728 P 012786a8f1b64995847cf7dacbc029a4 [LEADER]: Peer responded invalid term: Peer: permanent_uuid: "e3aa58d3045c4a05b94b94eb8bf58ae1" member_type: VOTER last_known_addr { host: "127.0.53.3" port: 49316 }, Status: INVALID_TERM, Last received: 8.735, Next index: 736, Last known committed idx: 734, Time since last communication: 0.000s
I0312 20:10:52.332815 1990 raft_consensus.cc:1026] T 7581a0a77de54ef8943c1521124c7728 P e3aa58d3045c4a05b94b94eb8bf58ae1 [term 9 FOLLOWER]: Rejecting Update request from peer 012786a8f1b64995847cf7dacbc029a4 for earlier term 8. Current term is 9. Ops: []
I0312 20:10:52.333678 2194 consensus_queue.cc:1028] T 7581a0a77de54ef8943c1521124c7728 P 012786a8f1b64995847cf7dacbc029a4 [LEADER]: Peer responded invalid term: Peer: permanent_uuid: "e3aa58d3045c4a05b94b94eb8bf58ae1" member_type: VOTER last_known_addr { host: "127.0.53.3" port: 49316 }, Status: INVALID_TERM, Last received: 8.735, Next index: 736, Last known committed idx: 734, Time since last communication: 0.000s
I0312 20:10:52.336124 1990 raft_consensus.cc:1026] T 7581a0a77de54ef8943c1521124c7728 P e3aa58d3045c4a05b94b94eb8bf58ae1 [term 9 FOLLOWER]: Rejecting Update request from peer 012786a8f1b64995847cf7dacbc029a4 for earlier term 8. Current term is 9. Ops: []
I0312 20:10:52.336961 2187 consensus_queue.cc:1028] T 7581a0a77de54ef8943c1521124c7728 P 012786a8f1b64995847cf7dacbc029a4 [LEADER]: Peer responded invalid term: Peer: permanent_uuid: "e3aa58d3045c4a05b94b94eb8bf58ae1" member_type: VOTER last_known_addr { host: "127.0.53.3" port: 49316 }, Status: INVALID_TERM, Last received: 8.735, Next index: 736, Last known committed idx: 734, Time since last communication: 0.000s
I0312 20:10:52.340709 1990 raft_consensus.cc:1026] T 7581a0a77de54ef8943c1521124c7728 P e3aa58d3045c4a05b94b94eb8bf58ae1 [term 9 FOLLOWER]: Rejecting Update request from peer 012786a8f1b64995847cf7dacbc029a4 for earlier term 8. Current term is 9. Ops: []
I0312 20:10:52.341475 2194 consensus_queue.cc:1028] T 7581a0a77de54ef8943c1521124c7728 P 012786a8f1b64995847cf7dacbc029a4 [LEADER]: Peer responded invalid term: Peer: permanent_uuid: "e3aa58d3045c4a05b94b94eb8bf58ae1" member_type: VOTER last_known_addr { host: "127.0.53.3" port: 49316 }, Status: INVALID_TERM, Last received: 8.735, Next index: 736, Last known committed idx: 734, Time since last communication: 0.000s
I0312 20:10:52.345039 1990 raft_consensus.cc:1026] T 7581a0a77de54ef8943c1521124c7728 P e3aa58d3045c4a05b94b94eb8bf58ae1 [term 9 FOLLOWER]: Rejecting Update request from peer 012786a8f1b64995847cf7dacbc029a4 for earlier term 8. Current term is 9. Ops: []
I0312 20:10:52.345793 2194 consensus_queue.cc:1028] T 7581a0a77de54ef8943c1521124c7728 P 012786a8f1b64995847cf7dacbc029a4 [LEADER]: Peer responded invalid term: Peer: permanent_uuid: "e3aa58d3045c4a05b94b94eb8bf58ae1" member_type: VOTER last_known_addr { host: "127.0.53.3" port: 49316 }, Status: INVALID_TERM, Last received: 8.735, Next index: 736, Last known committed idx: 734, Time since last communication: 0.000s
I0312 20:10:52.350497 1990 raft_consensus.cc:1026] T 7581a0a77de54ef8943c1521124c7728 P e3aa58d3045c4a05b94b94eb8bf58ae1 [term 9 FOLLOWER]: Rejecting Update request from peer 012786a8f1b64995847cf7dacbc029a4 for earlier term 8. Current term is 9. Ops: []
I0312 20:10:52.351333 2187 consensus_queue.cc:1028] T 7581a0a77de54ef8943c1521124c7728 P 012786a8f1b64995847cf7dacbc029a4 [LEADER]: Peer responded invalid term: Peer: permanent_uuid: "e3aa58d3045c4a05b94b94eb8bf58ae1" member_type: VOTER last_known_addr { host: "127.0.53.3" port: 49316 }, Status: INVALID_TERM, Last received: 8.735, Next index: 736, Last known committed idx: 734, Time since last communication: 0.000s
I0312 20:10:52.355074 1990 raft_consensus.cc:1026] T 7581a0a77de54ef8943c1521124c7728 P e3aa58d3045c4a05b94b94eb8bf58ae1 [term 9 FOLLOWER]: Rejecting Update request from peer 012786a8f1b64995847cf7dacbc029a4 for earlier term 8. Current term is 9. Ops: []
I0312 20:10:52.355916 2194 consensus_queue.cc:1028] T 7581a0a77de54ef8943c1521124c7728 P 012786a8f1b64995847cf7dacbc029a4 [LEADER]: Peer responded invalid term: Peer: permanent_uuid: "e3aa58d3045c4a05b94b94eb8bf58ae1" member_type: VOTER last_known_addr { host: "127.0.53.3" port: 49316 }, Status: INVALID_TERM, Last received: 8.735, Next index: 736, Last known committed idx: 734, Time since last communication: 0.000s
W0312 20:10:52.358719 2183 raft_consensus.cc:747] Couldn't advance consensus term.: Illegal state: Can't advance term to: 7 current term: 8 is higher.
I0312 20:10:52.360654 1990 raft_consensus.cc:1026] T 7581a0a77de54ef8943c1521124c7728 P e3aa58d3045c4a05b94b94eb8bf58ae1 [term 9 FOLLOWER]: Rejecting Update request from peer 012786a8f1b64995847cf7dacbc029a4 for earlier term 8. Current term is 9. Ops: []
I0312 20:10:52.361671 2194 consensus_queue.cc:1028] T 7581a0a77de54ef8943c1521124c7728 P 012786a8f1b64995847cf7dacbc029a4 [LEADER]: Peer responded invalid term: Peer: permanent_uuid: "e3aa58d3045c4a05b94b94eb8bf58ae1" member_type: VOTER last_known_addr { host: "127.0.53.3" port: 49316 }, Status: INVALID_TERM, Last received: 8.735, Next index: 736, Last known committed idx: 734, Time since last communication: 0.000s
I0312 20:10:52.366036 1990 raft_consensus.cc:1026] T 7581a0a77de54ef8943c1521124c7728 P e3aa58d3045c4a05b94b94eb8bf58ae1 [term 9 FOLLOWER]: Rejecting Update request from peer 012786a8f1b64995847cf7dacbc029a4 for earlier term 8. Current term is 9. Ops: []
I0312 20:10:52.366752 2194 consensus_queue.cc:1028] T 7581a0a77de54ef8943c1521124c7728 P 012786a8f1b64995847cf7dacbc029a4 [LEADER]: Peer responded invalid term: Peer: permanent_uuid: "e3aa58d3045c4a05b94b94eb8bf58ae1" member_type: VOTER last_known_addr { host: "127.0.53.3" port: 49316 }, Status: INVALID_TERM, Last received: 8.735, Next index: 736, Last known committed idx: 734, Time since last communication: 0.000s
W0312 20:10:52.369179 1677 debug-util.cc:396] Leaking SignalData structure 0x7b080002b080 after lost signal to thread 1655
I0312 20:10:52.369429 1990 raft_consensus.cc:1026] T 7581a0a77de54ef8943c1521124c7728 P e3aa58d3045c4a05b94b94eb8bf58ae1 [term 9 FOLLOWER]: Rejecting Update request from peer 012786a8f1b64995847cf7dacbc029a4 for earlier term 8. Current term is 9. Ops: []
W0312 20:10:52.369873 1677 debug-util.cc:396] Leaking SignalData structure 0x7b080009b700 after lost signal to thread 1782
I0312 20:10:52.370287 2194 consensus_queue.cc:1028] T 7581a0a77de54ef8943c1521124c7728 P 012786a8f1b64995847cf7dacbc029a4 [LEADER]: Peer responded invalid term: Peer: permanent_uuid: "e3aa58d3045c4a05b94b94eb8bf58ae1" member_type: VOTER last_known_addr { host: "127.0.53.3" port: 49316 }, Status: INVALID_TERM, Last received: 8.735, Next index: 736, Last known committed idx: 734, Time since last communication: 0.000s
I0312 20:10:52.372750 1990 raft_consensus.cc:1026] T 7581a0a77de54ef8943c1521124c7728 P e3aa58d3045c4a05b94b94eb8bf58ae1 [term 9 FOLLOWER]: Rejecting Update request from peer 012786a8f1b64995847cf7dacbc029a4 for earlier term 8. Current term is 9. Ops: []
I0312 20:10:52.373694 2194 consensus_queue.cc:1028] T 7581a0a77de54ef8943c1521124c7728 P 012786a8f1b64995847cf7dacbc029a4 [LEADER]: Peer responded invalid term: Peer: permanent_uuid: "e3aa58d3045c4a05b94b94eb8bf58ae1" member_type: VOTER last_known_addr { host: "127.0.53.3" port: 49316 }, Status: INVALID_TERM, Last received: 8.735, Next index: 736, Last known committed idx: 734, Time since last communication: 0.000s
I0312 20:10:52.375942 1990 raft_consensus.cc:1026] T 7581a0a77de54ef8943c1521124c7728 P e3aa58d3045c4a05b94b94eb8bf58ae1 [term 9 FOLLOWER]: Rejecting Update request from peer 012786a8f1b64995847cf7dacbc029a4 for earlier term 8. Current term is 9. Ops: []
I0312 20:10:52.376802 2191 consensus_queue.cc:1028] T 7581a0a77de54ef8943c1521124c7728 P 012786a8f1b64995847cf7dacbc029a4 [LEADER]: Peer responded invalid term: Peer: permanent_uuid: "e3aa58d3045c4a05b94b94eb8bf58ae1" member_type: VOTER last_known_addr { host: "127.0.53.3" port: 49316 }, Status: INVALID_TERM, Last received: 8.735, Next index: 736, Last known committed idx: 734, Time since last communication: 0.000s
I0312 20:10:52.380475 1990 raft_consensus.cc:1026] T 7581a0a77de54ef8943c1521124c7728 P e3aa58d3045c4a05b94b94eb8bf58ae1 [term 9 FOLLOWER]: Rejecting Update request from peer 012786a8f1b64995847cf7dacbc029a4 for earlier term 8. Current term is 9. Ops: []
I0312 20:10:52.381270 2191 consensus_queue.cc:1028] T 7581a0a77de54ef8943c1521124c7728 P 012786a8f1b64995847cf7dacbc029a4 [LEADER]: Peer responded invalid term: Peer: permanent_uuid: "e3aa58d3045c4a05b94b94eb8bf58ae1" member_type: VOTER last_known_addr { host: "127.0.53.3" port: 49316 }, Status: INVALID_TERM, Last received: 8.735, Next index: 736, Last known committed idx: 734, Time since last communication: 0.000s
W0312 20:10:52.385006 2183 raft_consensus.cc:747] Couldn't advance consensus term.: Illegal state: Can't advance term to: 7 current term: 8 is higher.
I0312 20:10:52.385169 1990 raft_consensus.cc:1026] T 7581a0a77de54ef8943c1521124c7728 P e3aa58d3045c4a05b94b94eb8bf58ae1 [term 9 FOLLOWER]: Rejecting Update request from peer 012786a8f1b64995847cf7dacbc029a4 for earlier term 8. Current term is 9. Ops: []
I0312 20:10:52.386092 2191 consensus_queue.cc:1028] T 7581a0a77de54ef8943c1521124c7728 P 012786a8f1b64995847cf7dacbc029a4 [LEADER]: Peer responded invalid term: Peer: permanent_uuid: "e3aa58d3045c4a05b94b94eb8bf58ae1" member_type: VOTER last_known_addr { host: "127.0.53.3" port: 49316 }, Status: INVALID_TERM, Last received: 8.735, Next index: 736, Last known committed idx: 734, Time since last communication: 0.000s
I0312 20:10:52.390810 1990 raft_consensus.cc:1026] T 7581a0a77de54ef8943c1521124c7728 P e3aa58d3045c4a05b94b94eb8bf58ae1 [term 9 FOLLOWER]: Rejecting Update request from peer 012786a8f1b64995847cf7dacbc029a4 for earlier term 8. Current term is 9. Ops: []
I0312 20:10:52.391635 2187 consensus_queue.cc:1028] T 7581a0a77de54ef8943c1521124c7728 P 012786a8f1b64995847cf7dacbc029a4 [LEADER]: Peer responded invalid term: Peer: permanent_uuid: "e3aa58d3045c4a05b94b94eb8bf58ae1" member_type: VOTER last_known_addr { host: "127.0.53.3" port: 49316 }, Status: INVALID_TERM, Last received: 8.735, Next index: 736, Last known committed idx: 734, Time since last communication: 0.000s
I0312 20:10:52.395777 1990 raft_consensus.cc:1026] T 7581a0a77de54ef8943c1521124c7728 P e3aa58d3045c4a05b94b94eb8bf58ae1 [term 9 FOLLOWER]: Rejecting Update request from peer 012786a8f1b64995847cf7dacbc029a4 for earlier term 8. Current term is 9. Ops: []
I0312 20:10:52.397908 2187 consensus_queue.cc:1028] T 7581a0a77de54ef8943c1521124c7728 P 012786a8f1b64995847cf7dacbc029a4 [LEADER]: Peer responded invalid term: Peer: permanent_uuid: "e3aa58d3045c4a05b94b94eb8bf58ae1" member_type: VOTER last_known_addr { host: "127.0.53.3" port: 49316 }, Status: INVALID_TERM, Last received: 8.735, Next index: 736, Last known committed idx: 734, Time since last communication: 0.000s
I0312 20:10:52.401876 1990 raft_consensus.cc:1026] T 7581a0a77de54ef8943c1521124c7728 P e3aa58d3045c4a05b94b94eb8bf58ae1 [term 9 FOLLOWER]: Rejecting Update request from peer 012786a8f1b64995847cf7dacbc029a4 for earlier term 8. Current term is 9. Ops: []
I0312 20:10:52.402707 2194 consensus_queue.cc:1028] T 7581a0a77de54ef8943c1521124c7728 P 012786a8f1b64995847cf7dacbc029a4 [LEADER]: Peer responded invalid term: Peer: permanent_uuid: "e3aa58d3045c4a05b94b94eb8bf58ae1" member_type: VOTER last_known_addr { host: "127.0.53.3" port: 49316 }, Status: INVALID_TERM, Last received: 8.735, Next index: 736, Last known committed idx: 734, Time since last communication: 0.000s
I0312 20:10:52.406394 1990 raft_consensus.cc:1026] T 7581a0a77de54ef8943c1521124c7728 P e3aa58d3045c4a05b94b94eb8bf58ae1 [term 9 FOLLOWER]: Rejecting Update request from peer 012786a8f1b64995847cf7dacbc029a4 for earlier term 8. Current term is 9. Ops: []
I0312 20:10:52.407176 2187 consensus_queue.cc:1028] T 7581a0a77de54ef8943c1521124c7728 P 012786a8f1b64995847cf7dacbc029a4 [LEADER]: Peer responded invalid term: Peer: permanent_uuid: "e3aa58d3045c4a05b94b94eb8bf58ae1" member_type: VOTER last_known_addr { host: "127.0.53.3" port: 49316 }, Status: INVALID_TERM, Last received: 8.735, Next index: 736, Last known committed idx: 734, Time since last communication: 0.000s
I0312 20:10:52.409574 1990 raft_consensus.cc:1026] T 7581a0a77de54ef8943c1521124c7728 P e3aa58d3045c4a05b94b94eb8bf58ae1 [term 9 FOLLOWER]: Rejecting Update request from peer 012786a8f1b64995847cf7dacbc029a4 for earlier term 8. Current term is 9. Ops: []
I0312 20:10:52.410785 2187 consensus_queue.cc:1028] T 7581a0a77de54ef8943c1521124c7728 P 012786a8f1b64995847cf7dacbc029a4 [LEADER]: Peer responded invalid term: Peer: permanent_uuid: "e3aa58d3045c4a05b94b94eb8bf58ae1" member_type: VOTER last_known_addr { host: "127.0.53.3" port: 49316 }, Status: INVALID_TERM, Last received: 8.735, Next index: 736, Last known committed idx: 734, Time since last communication: 0.000s
I0312 20:10:52.413965 1990 raft_consensus.cc:1026] T 7581a0a77de54ef8943c1521124c7728 P e3aa58d3045c4a05b94b94eb8bf58ae1 [term 9 FOLLOWER]: Rejecting Update request from peer 012786a8f1b64995847cf7dacbc029a4 for earlier term 8. Current term is 9. Ops: []
I0312 20:10:52.415166 2187 consensus_queue.cc:1028] T 7581a0a77de54ef8943c1521124c7728 P 012786a8f1b64995847cf7dacbc029a4 [LEADER]: Peer responded invalid term: Peer: permanent_uuid: "e3aa58d3045c4a05b94b94eb8bf58ae1" member_type: VOTER last_known_addr { host: "127.0.53.3" port: 49316 }, Status: INVALID_TERM, Last received: 8.735, Next index: 736, Last known committed idx: 734, Time since last communication: 0.000s
I0312 20:10:52.417400 1990 raft_consensus.cc:1026] T 7581a0a77de54ef8943c1521124c7728 P e3aa58d3045c4a05b94b94eb8bf58ae1 [term 9 FOLLOWER]: Rejecting Update request from peer 012786a8f1b64995847cf7dacbc029a4 for earlier term 8. Current term is 9. Ops: []
I0312 20:10:52.418274 2187 consensus_queue.cc:1028] T 7581a0a77de54ef8943c1521124c7728 P 012786a8f1b64995847cf7dacbc029a4 [LEADER]: Peer responded invalid term: Peer: permanent_uuid: "e3aa58d3045c4a05b94b94eb8bf58ae1" member_type: VOTER last_known_addr { host: "127.0.53.3" port: 49316 }, Status: INVALID_TERM, Last received: 8.735, Next index: 736, Last known committed idx: 734, Time since last communication: 0.000s
I0312 20:10:52.420114 1990 raft_consensus.cc:1026] T 7581a0a77de54ef8943c1521124c7728 P e3aa58d3045c4a05b94b94eb8bf58ae1 [term 9 FOLLOWER]: Rejecting Update request from peer 012786a8f1b64995847cf7dacbc029a4 for earlier term 8. Current term is 9. Ops: []
I0312 20:10:52.421138 2194 consensus_queue.cc:1028] T 7581a0a77de54ef8943c1521124c7728 P 012786a8f1b64995847cf7dacbc029a4 [LEADER]: Peer responded invalid term: Peer: permanent_uuid: "e3aa58d3045c4a05b94b94eb8bf58ae1" member_type: VOTER last_known_addr { host: "127.0.53.3" port: 49316 }, Status: INVALID_TERM, Last received: 8.735, Next index: 736, Last known committed idx: 734, Time since last communication: 0.000s
I0312 20:10:52.423954 1990 raft_consensus.cc:1026] T 7581a0a77de54ef8943c1521124c7728 P e3aa58d3045c4a05b94b94eb8bf58ae1 [term 9 FOLLOWER]: Rejecting Update request from peer 012786a8f1b64995847cf7dacbc029a4 for earlier term 8. Current term is 9. Ops: []
I0312 20:10:52.424919 2187 consensus_queue.cc:1028] T 7581a0a77de54ef8943c1521124c7728 P 012786a8f1b64995847cf7dacbc029a4 [LEADER]: Peer responded invalid term: Peer: permanent_uuid: "e3aa58d3045c4a05b94b94eb8bf58ae1" member_type: VOTER last_known_addr { host: "127.0.53.3" port: 49316 }, Status: INVALID_TERM, Last received: 8.735, Next index: 736, Last known committed idx: 734, Time since last communication: 0.000s
I0312 20:10:52.429585 1990 raft_consensus.cc:1026] T 7581a0a77de54ef8943c1521124c7728 P e3aa58d3045c4a05b94b94eb8bf58ae1 [term 9 FOLLOWER]: Rejecting Update request from peer 012786a8f1b64995847cf7dacbc029a4 for earlier term 8. Current term is 9. Ops: []
I0312 20:10:52.430560 2194 consensus_queue.cc:1028] T 7581a0a77de54ef8943c1521124c7728 P 012786a8f1b64995847cf7dacbc029a4 [LEADER]: Peer responded invalid term: Peer: permanent_uuid: "e3aa58d3045c4a05b94b94eb8bf58ae1" member_type: VOTER last_known_addr { host: "127.0.53.3" port: 49316 }, Status: INVALID_TERM, Last received: 8.735, Next index: 736, Last known committed idx: 734, Time since last communication: 0.000s
I0312 20:10:52.432832 1990 raft_consensus.cc:1026] T 7581a0a77de54ef8943c1521124c7728 P e3aa58d3045c4a05b94b94eb8bf58ae1 [term 9 FOLLOWER]: Rejecting Update request from peer 012786a8f1b64995847cf7dacbc029a4 for earlier term 8. Current term is 9. Ops: []
I0312 20:10:52.433697 2194 consensus_queue.cc:1028] T 7581a0a77de54ef8943c1521124c7728 P 012786a8f1b64995847cf7dacbc029a4 [LEADER]: Peer responded invalid term: Peer: permanent_uuid: "e3aa58d3045c4a05b94b94eb8bf58ae1" member_type: VOTER last_known_addr { host: "127.0.53.3" port: 49316 }, Status: INVALID_TERM, Last received: 8.735, Next index: 736, Last known committed idx: 734, Time since last communication: 0.000s
I0312 20:10:52.434538 2184 raft_consensus.cc:436] T 7581a0a77de54ef8943c1521124c7728 P e3aa58d3045c4a05b94b94eb8bf58ae1 [term 9 FOLLOWER]: Starting pre-election (no leader contacted us within the election timeout)
I0312 20:10:52.434720 2184 raft_consensus.cc:2700] T 7581a0a77de54ef8943c1521124c7728 P e3aa58d3045c4a05b94b94eb8bf58ae1: Snoozing failure detection for 0.223s (starting election)
I0312 20:10:52.434890 2184 raft_consensus.cc:458] T 7581a0a77de54ef8943c1521124c7728 P e3aa58d3045c4a05b94b94eb8bf58ae1 [term 9 FOLLOWER]: Starting pre-election with config: opid_index: -1 OBSOLETE_local: false peers { permanent_uuid: "012786a8f1b64995847cf7dacbc029a4" member_type: VOTER last_known_addr { host: "127.0.53.2" port: 43059 } } peers { permanent_uuid: "e3aa58d3045c4a05b94b94eb8bf58ae1" member_type: VOTER last_known_addr { host: "127.0.53.3" port: 49316 } } peers { permanent_uuid: "9da22e5afdce42078fe8f94ad166ac3c" member_type: VOTER last_known_addr { host: "127.0.53.1" port: 39175 } }
I0312 20:10:52.435602 2184 leader_election.cc:231] T 7581a0a77de54ef8943c1521124c7728 P e3aa58d3045c4a05b94b94eb8bf58ae1 [CANDIDATE]: Term 10 pre-election: Requesting pre-vote from peer 012786a8f1b64995847cf7dacbc029a4
I0312 20:10:52.435878 2184 leader_election.cc:231] T 7581a0a77de54ef8943c1521124c7728 P e3aa58d3045c4a05b94b94eb8bf58ae1 [CANDIDATE]: Term 10 pre-election: Requesting pre-vote from peer 9da22e5afdce42078fe8f94ad166ac3c
I0312 20:10:52.436784 1738 tablet_service.cc:993] Received RequestConsensusVote() RPC: tablet_id: "7581a0a77de54ef8943c1521124c7728" candidate_uuid: "e3aa58d3045c4a05b94b94eb8bf58ae1" candidate_term: 10 candidate_status { last_received { term: 8 index: 735 } } ignore_live_leader: false dest_uuid: "9da22e5afdce42078fe8f94ad166ac3c" is_pre_election: true
I0312 20:10:52.436801 1865 tablet_service.cc:993] Received RequestConsensusVote() RPC: tablet_id: "7581a0a77de54ef8943c1521124c7728" candidate_uuid: "e3aa58d3045c4a05b94b94eb8bf58ae1" candidate_term: 10 candidate_status { last_received { term: 8 index: 735 } } ignore_live_leader: false dest_uuid: "012786a8f1b64995847cf7dacbc029a4" is_pre_election: true
I0312 20:10:52.437178 1738 raft_consensus.cc:2176] T 7581a0a77de54ef8943c1521124c7728 P 9da22e5afdce42078fe8f94ad166ac3c [term 8 FOLLOWER]: Leader pre-election vote request: Denying vote to candidate e3aa58d3045c4a05b94b94eb8bf58ae1 for term 10 because replica is either leader or believes a valid leader to be alive.
I0312 20:10:52.437299 1865 raft_consensus.cc:2176] T 7581a0a77de54ef8943c1521124c7728 P 012786a8f1b64995847cf7dacbc029a4 [term 8 LEADER]: Leader pre-election vote request: Denying vote to candidate e3aa58d3045c4a05b94b94eb8bf58ae1 for term 10 because replica is either leader or believes a valid leader to be alive.
I0312 20:10:52.437814 1922 leader_election.cc:377] T 7581a0a77de54ef8943c1521124c7728 P e3aa58d3045c4a05b94b94eb8bf58ae1 [CANDIDATE]: Term 10 pre-election: Vote denied by peer 9da22e5afdce42078fe8f94ad166ac3c. Message: Invalid argument: T 7581a0a77de54ef8943c1521124c7728 P 9da22e5afdce42078fe8f94ad166ac3c [term 8 FOLLOWER]: Leader pre-election vote request: Denying vote to candidate e3aa58d3045c4a05b94b94eb8bf58ae1 for term 10 because replica is either leader or believes a valid leader to be alive.
I0312 20:10:52.438053 1926 leader_election.cc:377] T 7581a0a77de54ef8943c1521124c7728 P e3aa58d3045c4a05b94b94eb8bf58ae1 [CANDIDATE]: Term 10 pre-election: Vote denied by peer 012786a8f1b64995847cf7dacbc029a4. Message: Invalid argument: T 7581a0a77de54ef8943c1521124c7728 P 012786a8f1b64995847cf7dacbc029a4 [term 8 LEADER]: Leader pre-election vote request: Denying vote to candidate e3aa58d3045c4a05b94b94eb8bf58ae1 for term 10 because replica is either leader or believes a valid leader to be alive.
I0312 20:10:52.438241 1926 leader_election.cc:258] T 7581a0a77de54ef8943c1521124c7728 P e3aa58d3045c4a05b94b94eb8bf58ae1 [CANDIDATE]: Term 10 pre-election: Election decided. Result: candidate lost.
I0312 20:10:52.438542 1990 raft_consensus.cc:1026] T 7581a0a77de54ef8943c1521124c7728 P e3aa58d3045c4a05b94b94eb8bf58ae1 [term 9 FOLLOWER]: Rejecting Update request from peer 012786a8f1b64995847cf7dacbc029a4 for earlier term 8. Current term is 9. Ops: []
I0312 20:10:52.438789 2184 raft_consensus.cc:2700] T 7581a0a77de54ef8943c1521124c7728 P e3aa58d3045c4a05b94b94eb8bf58ae1: Snoozing failure detection for 0.331s (election complete)
I0312 20:10:52.438944 2184 raft_consensus.cc:2455] T 7581a0a77de54ef8943c1521124c7728 P e3aa58d3045c4a05b94b94eb8bf58ae1 [term 9 FOLLOWER]: Leader pre-election lost for term 10. Reason: could not achieve majority
I0312 20:10:52.440448 2194 consensus_queue.cc:1028] T 7581a0a77de54ef8943c1521124c7728 P 012786a8f1b64995847cf7dacbc029a4 [LEADER]: Peer responded invalid term: Peer: permanent_uuid: "e3aa58d3045c4a05b94b94eb8bf58ae1" member_type: VOTER last_known_addr { host: "127.0.53.3" port: 49316 }, Status: INVALID_TERM, Last received: 8.735, Next index: 736, Last known committed idx: 734, Time since last communication: 0.000s
I0312 20:10:52.442291 1990 raft_consensus.cc:1026] T 7581a0a77de54ef8943c1521124c7728 P e3aa58d3045c4a05b94b94eb8bf58ae1 [term 9 FOLLOWER]: Rejecting Update request from peer 012786a8f1b64995847cf7dacbc029a4 for earlier term 8. Current term is 9. Ops: []
I0312 20:10:52.443060 2187 consensus_queue.cc:1028] T 7581a0a77de54ef8943c1521124c7728 P 012786a8f1b64995847cf7dacbc029a4 [LEADER]: Peer responded invalid term: Peer: permanent_uuid: "e3aa58d3045c4a05b94b94eb8bf58ae1" member_type: VOTER last_known_addr { host: "127.0.53.3" port: 49316 }, Status: INVALID_TERM, Last received: 8.735, Next index: 736, Last known committed idx: 734, Time since last communication: 0.000s
I0312 20:10:52.446162 1990 raft_consensus.cc:1026] T 7581a0a77de54ef8943c1521124c7728 P e3aa58d3045c4a05b94b94eb8bf58ae1 [term 9 FOLLOWER]: Rejecting Update request from peer 012786a8f1b64995847cf7dacbc029a4 for earlier term 8. Current term is 9. Ops: []
I0312 20:10:52.446877 2194 consensus_queue.cc:1028] T 7581a0a77de54ef8943c1521124c7728 P 012786a8f1b64995847cf7dacbc029a4 [LEADER]: Peer responded invalid term: Peer: permanent_uuid: "e3aa58d3045c4a05b94b94eb8bf58ae1" member_type: VOTER last_known_addr { host: "127.0.53.3" port: 49316 }, Status: INVALID_TERM, Last received: 8.735, Next index: 736, Last known committed idx: 734, Time since last communication: 0.000s
I0312 20:10:52.449039 1990 raft_consensus.cc:1026] T 7581a0a77de54ef8943c1521124c7728 P e3aa58d3045c4a05b94b94eb8bf58ae1 [term 9 FOLLOWER]: Rejecting Update request from peer 012786a8f1b64995847cf7dacbc029a4 for earlier term 8. Current term is 9. Ops: []
I0312 20:10:52.450233 2194 consensus_queue.cc:1028] T 7581a0a77de54ef8943c1521124c7728 P 012786a8f1b64995847cf7dacbc029a4 [LEADER]: Peer responded invalid term: Peer: permanent_uuid: "e3aa58d3045c4a05b94b94eb8bf58ae1" member_type: VOTER last_known_addr { host: "127.0.53.3" port: 49316 }, Status: INVALID_TERM, Last received: 8.735, Next index: 736, Last known committed idx: 734, Time since last communication: 0.000s
I0312 20:10:52.454597 1990 raft_consensus.cc:1026] T 7581a0a77de54ef8943c1521124c7728 P e3aa58d3045c4a05b94b94eb8bf58ae1 [term 9 FOLLOWER]: Rejecting Update request from peer 012786a8f1b64995847cf7dacbc029a4 for earlier term 8. Current term is 9. Ops: []
