I0312 20:10:11.640662 1221 tablet_service.cc:993] Received RequestConsensusVote() RPC: tablet_id: "92318a1b744e4baa9c7d3f3b9758739b" candidate_uuid: "ded9b7f8677940fb91e1a8c8bceceaed" candidate_term: 8 candidate_status { last_received { term: 5 index: 68 } } ignore_live_leader: false dest_uuid: "6885de38238442d6a9e5f1eb9fb569ff" is_pre_election: true
I0312 20:10:11.660585 1219 tablet_service.cc:993] Received RequestConsensusVote() RPC: tablet_id: "92318a1b744e4baa9c7d3f3b9758739b" candidate_uuid: "ded9b7f8677940fb91e1a8c8bceceaed" candidate_term: 9 candidate_status { last_received { term: 5 index: 68 } } ignore_live_leader: false dest_uuid: "6885de38238442d6a9e5f1eb9fb569ff" is_pre_election: true
I0312 20:10:11.665551 1221 raft_consensus.cc:2190] T 92318a1b744e4baa9c7d3f3b9758739b P 6885de38238442d6a9e5f1eb9fb569ff [term 7 FOLLOWER]: Leader pre-election vote request: Denying vote to candidate ded9b7f8677940fb91e1a8c8bceceaed for term 8 because replica is already servicing an update from a current leader or another vote.
W0312 20:10:11.665832 1221 rpcz_store.cc:251] Call kudu.consensus.ConsensusService.RequestConsensusVote from 127.0.53.1:43660 (request call id 38) took 25ms (client timeout 17).
W0312 20:10:11.666381 1221 rpcz_store.cc:255] Trace: 0312 20:10:11.640406 (+ 0us) service_pool.cc:163] Inserting onto call queue 0312 20:10:11.640517 (+ 111us) service_pool.cc:222] Handling call 0312 20:10:11.665785 (+ 25268us) inbound_call.cc:157] Queueing success response Metrics: {"spinlock_wait_cycles":515968}
I0312 20:10:11.666918 1346 raft_consensus.cc:2215] T 92318a1b744e4baa9c7d3f3b9758739b P f78a2351568c4a268ee1112681e22bec [term 8 FOLLOWER]: Leader election vote request: Granting yes vote for candidate ded9b7f8677940fb91e1a8c8bceceaed in term 8.
I0312 20:10:11.667228 1219 raft_consensus.cc:2190] T 92318a1b744e4baa9c7d3f3b9758739b P 6885de38238442d6a9e5f1eb9fb569ff [term 7 FOLLOWER]: Leader pre-election vote request: Denying vote to candidate ded9b7f8677940fb91e1a8c8bceceaed for term 9 because replica is already servicing an update from a current leader or another vote.
I0312 20:10:11.667299 1345 raft_consensus.cc:2190] T 92318a1b744e4baa9c7d3f3b9758739b P f78a2351568c4a268ee1112681e22bec [term 8 FOLLOWER]: Leader pre-election vote request: Denying vote to candidate ded9b7f8677940fb91e1a8c8bceceaed for term 9 because replica is already servicing an update from a current leader or another vote.
I0312 20:10:11.668612 1029 leader_election.cc:377] T 92318a1b744e4baa9c7d3f3b9758739b P ded9b7f8677940fb91e1a8c8bceceaed [CANDIDATE]: Term 9 pre-election: Vote denied by peer 6885de38238442d6a9e5f1eb9fb569ff. Message: Service unavailable: T 92318a1b744e4baa9c7d3f3b9758739b P 6885de38238442d6a9e5f1eb9fb569ff [term 7 FOLLOWER]: Leader pre-election vote request: Denying vote to candidate ded9b7f8677940fb91e1a8c8bceceaed for term 9 because replica is already servicing an update from a current leader or another vote.
W0312 20:10:11.669088 1279 leader_election.cc:287] T 92318a1b744e4baa9c7d3f3b9758739b P f78a2351568c4a268ee1112681e22bec [CANDIDATE]: Term 7 election: RPC error from VoteRequest() call to peer 6885de38238442d6a9e5f1eb9fb569ff: Timed out: RequestConsensusVote RPC to 127.0.53.2:51697 timed out after 0.046s (SENT)
I0312 20:10:11.669121 1417 leader_election.cc:231] T 92318a1b744e4baa9c7d3f3b9758739b P ded9b7f8677940fb91e1a8c8bceceaed [CANDIDATE]: Term 7 election: Requesting vote from peer f78a2351568c4a268ee1112681e22bec
I0312 20:10:11.669490 1417 leader_election.cc:231] T 92318a1b744e4baa9c7d3f3b9758739b P ded9b7f8677940fb91e1a8c8bceceaed [CANDIDATE]: Term 7 election: Requesting vote from peer 6885de38238442d6a9e5f1eb9fb569ff
I0312 20:10:11.669735 1027 leader_election.cc:377] T 92318a1b744e4baa9c7d3f3b9758739b P ded9b7f8677940fb91e1a8c8bceceaed [CANDIDATE]: Term 9 pre-election: Vote denied by peer f78a2351568c4a268ee1112681e22bec. Message: Service unavailable: T 92318a1b744e4baa9c7d3f3b9758739b P f78a2351568c4a268ee1112681e22bec [term 8 FOLLOWER]: Leader pre-election vote request: Denying vote to candidate ded9b7f8677940fb91e1a8c8bceceaed for term 9 because replica is already servicing an update from a current leader or another vote.
I0312 20:10:11.670011 1027 leader_election.cc:258] T 92318a1b744e4baa9c7d3f3b9758739b P ded9b7f8677940fb91e1a8c8bceceaed [CANDIDATE]: Term 9 pre-election: Election decided. Result: candidate lost.
I0312 20:10:11.670423 1456 raft_consensus.cc:2700] T 92318a1b744e4baa9c7d3f3b9758739b P ded9b7f8677940fb91e1a8c8bceceaed: Snoozing failure detection for 0.017s (election complete)
I0312 20:10:11.671319 1456 raft_consensus.cc:2455] T 92318a1b744e4baa9c7d3f3b9758739b P ded9b7f8677940fb91e1a8c8bceceaed [term 8 FOLLOWER]: Leader pre-election lost for term 9. Reason: could not achieve majority
I0312 20:10:11.671581 1219 tablet_service.cc:993] Received RequestConsensusVote() RPC: tablet_id: "92318a1b744e4baa9c7d3f3b9758739b" candidate_uuid: "ded9b7f8677940fb91e1a8c8bceceaed" candidate_term: 7 candidate_status { last_received { term: 5 index: 68 } } ignore_live_leader: false dest_uuid: "6885de38238442d6a9e5f1eb9fb569ff"
I0312 20:10:11.672075 1219 raft_consensus.cc:2145] T 92318a1b744e4baa9c7d3f3b9758739b P 6885de38238442d6a9e5f1eb9fb569ff [term 7 FOLLOWER]: Leader election vote request: Denying vote to candidate ded9b7f8677940fb91e1a8c8bceceaed in current term 7: Already voted for candidate f78a2351568c4a268ee1112681e22bec in this term.
I0312 20:10:11.672256 1027 leader_election.cc:363] T 92318a1b744e4baa9c7d3f3b9758739b P ded9b7f8677940fb91e1a8c8bceceaed [CANDIDATE]: Term 8 election: Vote granted by peer f78a2351568c4a268ee1112681e22bec
I0312 20:10:11.672466 1027 leader_election.cc:258] T 92318a1b744e4baa9c7d3f3b9758739b P ded9b7f8677940fb91e1a8c8bceceaed [CANDIDATE]: Term 8 election: Election decided. Result: candidate won.
I0312 20:10:11.672888 1456 raft_consensus.cc:2700] T 92318a1b744e4baa9c7d3f3b9758739b P ded9b7f8677940fb91e1a8c8bceceaed: Snoozing failure detection for 0.029s (election complete)
I0312 20:10:11.672935 1029 leader_election.cc:377] T 92318a1b744e4baa9c7d3f3b9758739b P ded9b7f8677940fb91e1a8c8bceceaed [CANDIDATE]: Term 7 election: Vote denied by peer 6885de38238442d6a9e5f1eb9fb569ff. Message: Invalid argument: T 92318a1b744e4baa9c7d3f3b9758739b P 6885de38238442d6a9e5f1eb9fb569ff [term 7 FOLLOWER]: Leader election vote request: Denying vote to candidate ded9b7f8677940fb91e1a8c8bceceaed in current term 7: Already voted for candidate f78a2351568c4a268ee1112681e22bec in this term.
I0312 20:10:11.673126 1456 raft_consensus.cc:2507] T 92318a1b744e4baa9c7d3f3b9758739b P ded9b7f8677940fb91e1a8c8bceceaed [term 8 FOLLOWER]: Leader election won for term 8
I0312 20:10:11.673251 1455 leader_election.cc:231] T 92318a1b744e4baa9c7d3f3b9758739b P ded9b7f8677940fb91e1a8c8bceceaed [CANDIDATE]: Term 8 election: Requesting vote from peer 6885de38238442d6a9e5f1eb9fb569ff
W0312 20:10:11.668952 1220 rpcz_store.cc:251] Call kudu.consensus.ConsensusService.RequestConsensusVote from 127.0.53.3:38196 (request call id 55) took 45ms (client timeout 46).
W0312 20:10:11.673945 1220 rpcz_store.cc:255] Trace: 0312 20:10:11.623051 (+ 0us) service_pool.cc:163] Inserting onto call queue 0312 20:10:11.623144 (+ 93us) service_pool.cc:222] Handling call 0312 20:10:11.668905 (+ 45761us) inbound_call.cc:157] Queueing success response Metrics: {}
I0312 20:10:11.674038 1456 raft_consensus.cc:572] T 92318a1b744e4baa9c7d3f3b9758739b P ded9b7f8677940fb91e1a8c8bceceaed [term 8 LEADER]: Becoming Leader. State: Replica: ded9b7f8677940fb91e1a8c8bceceaed, State: Running, Role: LEADER
I0312 20:10:11.674535 1456 consensus_queue.cc:196] T 92318a1b744e4baa9c7d3f3b9758739b P ded9b7f8677940fb91e1a8c8bceceaed [LEADER]: Queue going to LEADER mode. State: All replicated index: 0, Majority replicated index: 66, Committed index: 66, Last appended: 5.68, Last appended by leader: 68, Current term: 8, Majority size: 2, State: 0, Mode: LEADER, active raft config: opid_index: -1 OBSOLETE_local: false peers { permanent_uuid: "f78a2351568c4a268ee1112681e22bec" member_type: VOTER last_known_addr { host: "127.0.53.3" port: 43274 } } peers { permanent_uuid: "6885de38238442d6a9e5f1eb9fb569ff" member_type: VOTER last_known_addr { host: "127.0.53.2" port: 51697 } } peers { permanent_uuid: "ded9b7f8677940fb91e1a8c8bceceaed" member_type: VOTER last_known_addr { host: "127.0.53.1" port: 35037 } }
I0312 20:10:11.675046 1219 tablet_service.cc:993] Received RequestConsensusVote() RPC: tablet_id: "92318a1b744e4baa9c7d3f3b9758739b" candidate_uuid: "ded9b7f8677940fb91e1a8c8bceceaed" candidate_term: 8 candidate_status { last_received { term: 5 index: 68 } } ignore_live_leader: false dest_uuid: "6885de38238442d6a9e5f1eb9fb569ff"
I0312 20:10:11.675611 1219 raft_consensus.cc:2752] T 92318a1b744e4baa9c7d3f3b9758739b P 6885de38238442d6a9e5f1eb9fb569ff [term 7 FOLLOWER]: Advancing to term 8
I0312 20:10:11.675823 1219 raft_consensus.cc:2700] T 92318a1b744e4baa9c7d3f3b9758739b P 6885de38238442d6a9e5f1eb9fb569ff: Snoozing failure detection for 0.088s (vote granted)
I0312 20:10:11.679092 973 catalog_manager.cc:3592] T 92318a1b744e4baa9c7d3f3b9758739b P ded9b7f8677940fb91e1a8c8bceceaed reported cstate change: term changed from 5 to 8. New cstate: current_term: 8 leader_uuid: "ded9b7f8677940fb91e1a8c8bceceaed" committed_config { opid_index: -1 OBSOLETE_local: false peers { permanent_uuid: "f78a2351568c4a268ee1112681e22bec" member_type: VOTER last_known_addr { host: "127.0.53.3" port: 43274 } health_report { overall_health: UNKNOWN } } peers { permanent_uuid: "6885de38238442d6a9e5f1eb9fb569ff" member_type: VOTER last_known_addr { host: "127.0.53.2" port: 51697 } health_report { overall_health: UNKNOWN } } peers { permanent_uuid: "ded9b7f8677940fb91e1a8c8bceceaed" member_type: VOTER last_known_addr { host: "127.0.53.1" port: 35037 } health_report { overall_health: HEALTHY } } }
I0312 20:10:11.679774 1219 raft_consensus.cc:2215] T 92318a1b744e4baa9c7d3f3b9758739b P 6885de38238442d6a9e5f1eb9fb569ff [term 8 FOLLOWER]: Leader election vote request: Granting yes vote for candidate ded9b7f8677940fb91e1a8c8bceceaed in term 8.
I0312 20:10:11.683485 1029 leader_election.cc:363] T 92318a1b744e4baa9c7d3f3b9758739b P ded9b7f8677940fb91e1a8c8bceceaed [CANDIDATE]: Term 8 election: Vote granted by peer 6885de38238442d6a9e5f1eb9fb569ff
I0312 20:10:11.684906 1346 tablet_service.cc:993] Received RequestConsensusVote() RPC: tablet_id: "92318a1b744e4baa9c7d3f3b9758739b" candidate_uuid: "ded9b7f8677940fb91e1a8c8bceceaed" candidate_term: 7 candidate_status { last_received { term: 5 index: 68 } } ignore_live_leader: false dest_uuid: "f78a2351568c4a268ee1112681e22bec"
I0312 20:10:11.685457 1346 raft_consensus.cc:2120] T 92318a1b744e4baa9c7d3f3b9758739b P f78a2351568c4a268ee1112681e22bec [term 8 FOLLOWER]: Leader election vote request: Denying vote to candidate ded9b7f8677940fb91e1a8c8bceceaed for earlier term 7. Current term is 8.
W0312 20:10:11.686782 1027 leader_election.cc:347] T 92318a1b744e4baa9c7d3f3b9758739b P ded9b7f8677940fb91e1a8c8bceceaed [CANDIDATE]: Term 7 election: Vote denied by peer f78a2351568c4a268ee1112681e22bec with higher term. Message: Invalid argument: T 92318a1b744e4baa9c7d3f3b9758739b P f78a2351568c4a268ee1112681e22bec [term 8 FOLLOWER]: Leader election vote request: Denying vote to candidate ded9b7f8677940fb91e1a8c8bceceaed for earlier term 7. Current term is 8.
I0312 20:10:11.687036 1027 leader_election.cc:350] T 92318a1b744e4baa9c7d3f3b9758739b P ded9b7f8677940fb91e1a8c8bceceaed [CANDIDATE]: Term 7 election: Cancelling election due to peer responding with higher term
I0312 20:10:11.688606 1346 raft_consensus.cc:1058] T 92318a1b744e4baa9c7d3f3b9758739b P f78a2351568c4a268ee1112681e22bec [term 8 FOLLOWER]: Refusing update from remote peer ded9b7f8677940fb91e1a8c8bceceaed: Log matching property violated. Preceding OpId in replica: term: 5 index: 68. Preceding OpId from leader: term: 8 index: 69. (index mismatch)
I0312 20:10:11.689458 1417 raft_consensus.cc:2700] T 92318a1b744e4baa9c7d3f3b9758739b P ded9b7f8677940fb91e1a8c8bceceaed: Snoozing failure detection for 0.016s (election complete)
I0312 20:10:11.689880 1417 raft_consensus.cc:2455] T 92318a1b744e4baa9c7d3f3b9758739b P ded9b7f8677940fb91e1a8c8bceceaed [term 8 LEADER]: Leader election lost for term 7. Reason: Vote denied by peer f78a2351568c4a268ee1112681e22bec with higher term. Message: Invalid argument: T 92318a1b744e4baa9c7d3f3b9758739b P f78a2351568c4a268ee1112681e22bec [term 8 FOLLOWER]: Leader election vote request: Denying vote to candidate ded9b7f8677940fb91e1a8c8bceceaed for earlier term 7. Current term is 8.
I0312 20:10:11.691427 1456 consensus_queue.cc:1017] T 92318a1b744e4baa9c7d3f3b9758739b P ded9b7f8677940fb91e1a8c8bceceaed [LEADER]: Connected to new peer: Peer: permanent_uuid: "f78a2351568c4a268ee1112681e22bec" member_type: VOTER last_known_addr { host: "127.0.53.3" port: 43274 }, Status: LMP_MISMATCH, Last received: 5.68, Next index: 69, Last known committed idx: 66, Time since last communication: 0.000s
I0312 20:10:11.692103 1220 raft_consensus.cc:1058] T 92318a1b744e4baa9c7d3f3b9758739b P 6885de38238442d6a9e5f1eb9fb569ff [term 8 FOLLOWER]: Refusing update from remote peer ded9b7f8677940fb91e1a8c8bceceaed: Log matching property violated. Preceding OpId in replica: term: 5 index: 66. Preceding OpId from leader: term: 8 index: 69. (index mismatch)
I0312 20:10:11.694200 1456 consensus_queue.cc:1017] T 92318a1b744e4baa9c7d3f3b9758739b P ded9b7f8677940fb91e1a8c8bceceaed [LEADER]: Connected to new peer: Peer: permanent_uuid: "6885de38238442d6a9e5f1eb9fb569ff" member_type: VOTER last_known_addr { host: "127.0.53.2" port: 51697 }, Status: LMP_MISMATCH, Last received: 5.66, Next index: 67, Last known committed idx: 65, Time since last communication: 0.000s
I0312 20:10:11.716059 1424 raft_consensus.cc:436] T 92318a1b744e4baa9c7d3f3b9758739b P f78a2351568c4a268ee1112681e22bec [term 8 FOLLOWER]: Starting pre-election (detected failure of leader ded9b7f8677940fb91e1a8c8bceceaed)
I0312 20:10:11.716317 1424 raft_consensus.cc:2700] T 92318a1b744e4baa9c7d3f3b9758739b P f78a2351568c4a268ee1112681e22bec: Snoozing failure detection for 0.016s (starting election)
I0312 20:10:11.716563 1424 raft_consensus.cc:458] T 92318a1b744e4baa9c7d3f3b9758739b P f78a2351568c4a268ee1112681e22bec [term 8 FOLLOWER]: Starting pre-election with config: opid_index: -1 OBSOLETE_local: false peers { permanent_uuid: "f78a2351568c4a268ee1112681e22bec" member_type: VOTER last_known_addr { host: "127.0.53.3" port: 43274 } } peers { permanent_uuid: "6885de38238442d6a9e5f1eb9fb569ff" member_type: VOTER last_known_addr { host: "127.0.53.2" port: 51697 } } peers { permanent_uuid: "ded9b7f8677940fb91e1a8c8bceceaed" member_type: VOTER last_known_addr { host: "127.0.53.1" port: 35037 } }
I0312 20:10:11.717602 1424 leader_election.cc:231] T 92318a1b744e4baa9c7d3f3b9758739b P f78a2351568c4a268ee1112681e22bec [CANDIDATE]: Term 9 pre-election: Requesting pre-vote from peer 6885de38238442d6a9e5f1eb9fb569ff
I0312 20:10:11.718974 1219 tablet_service.cc:993] Received RequestConsensusVote() RPC: tablet_id: "92318a1b744e4baa9c7d3f3b9758739b" candidate_uuid: "f78a2351568c4a268ee1112681e22bec" candidate_term: 9 candidate_status { last_received { term: 8 index: 69 } } ignore_live_leader: false dest_uuid: "6885de38238442d6a9e5f1eb9fb569ff" is_pre_election: true
I0312 20:10:11.719491 1424 leader_election.cc:231] T 92318a1b744e4baa9c7d3f3b9758739b P f78a2351568c4a268ee1112681e22bec [CANDIDATE]: Term 9 pre-election: Requesting pre-vote from peer ded9b7f8677940fb91e1a8c8bceceaed
I0312 20:10:11.730684 1454 raft_consensus.cc:436] T 92318a1b744e4baa9c7d3f3b9758739b P 6885de38238442d6a9e5f1eb9fb569ff [term 8 FOLLOWER]: Starting pre-election (detected failure of leader ded9b7f8677940fb91e1a8c8bceceaed)
I0312 20:10:11.730906 1454 raft_consensus.cc:2700] T 92318a1b744e4baa9c7d3f3b9758739b P 6885de38238442d6a9e5f1eb9fb569ff: Snoozing failure detection for 0.017s (starting election)
I0312 20:10:11.731117 1454 raft_consensus.cc:458] T 92318a1b744e4baa9c7d3f3b9758739b P 6885de38238442d6a9e5f1eb9fb569ff [term 8 FOLLOWER]: Starting pre-election with config: opid_index: -1 OBSOLETE_local: false peers { permanent_uuid: "f78a2351568c4a268ee1112681e22bec" member_type: VOTER last_known_addr { host: "127.0.53.3" port: 43274 } } peers { permanent_uuid: "6885de38238442d6a9e5f1eb9fb569ff" member_type: VOTER last_known_addr { host: "127.0.53.2" port: 51697 } } peers { permanent_uuid: "ded9b7f8677940fb91e1a8c8bceceaed" member_type: VOTER last_known_addr { host: "127.0.53.1" port: 35037 } }
I0312 20:10:11.732062 1454 leader_election.cc:231] T 92318a1b744e4baa9c7d3f3b9758739b P 6885de38238442d6a9e5f1eb9fb569ff [CANDIDATE]: Term 9 pre-election: Requesting pre-vote from peer f78a2351568c4a268ee1112681e22bec
I0312 20:10:11.732391 1454 leader_election.cc:231] T 92318a1b744e4baa9c7d3f3b9758739b P 6885de38238442d6a9e5f1eb9fb569ff [CANDIDATE]: Term 9 pre-election: Requesting pre-vote from peer ded9b7f8677940fb91e1a8c8bceceaed
I0312 20:10:11.733819 1096 tablet_service.cc:993] Received RequestConsensusVote() RPC: tablet_id: "92318a1b744e4baa9c7d3f3b9758739b" candidate_uuid: "6885de38238442d6a9e5f1eb9fb569ff" candidate_term: 9 candidate_status { last_received { term: 8 index: 69 } } ignore_live_leader: false dest_uuid: "ded9b7f8677940fb91e1a8c8bceceaed" is_pre_election: true
I0312 20:10:11.734341 1096 raft_consensus.cc:2176] T 92318a1b744e4baa9c7d3f3b9758739b P ded9b7f8677940fb91e1a8c8bceceaed [term 8 LEADER]: Leader pre-election vote request: Denying vote to candidate 6885de38238442d6a9e5f1eb9fb569ff for term 9 because replica is either leader or believes a valid leader to be alive.
W0312 20:10:11.734261 1279 leader_election.cc:287] T 92318a1b744e4baa9c7d3f3b9758739b P f78a2351568c4a268ee1112681e22bec [CANDIDATE]: Term 9 pre-election: RPC error from VoteRequest() call to peer 6885de38238442d6a9e5f1eb9fb569ff: Timed out: RequestConsensusVote RPC to 127.0.53.2:51697 timed out after 0.016s (SENT)
I0312 20:10:11.735043 1096 tablet_service.cc:993] Received RequestConsensusVote() RPC: tablet_id: "92318a1b744e4baa9c7d3f3b9758739b" candidate_uuid: "f78a2351568c4a268ee1112681e22bec" candidate_term: 9 candidate_status { last_received { term: 8 index: 69 } } ignore_live_leader: false dest_uuid: "ded9b7f8677940fb91e1a8c8bceceaed" is_pre_election: true
I0312 20:10:11.735352 1153 leader_election.cc:377] T 92318a1b744e4baa9c7d3f3b9758739b P 6885de38238442d6a9e5f1eb9fb569ff [CANDIDATE]: Term 9 pre-election: Vote denied by peer ded9b7f8677940fb91e1a8c8bceceaed. Message: Invalid argument: T 92318a1b744e4baa9c7d3f3b9758739b P ded9b7f8677940fb91e1a8c8bceceaed [term 8 LEADER]: Leader pre-election vote request: Denying vote to candidate 6885de38238442d6a9e5f1eb9fb569ff for term 9 because replica is either leader or believes a valid leader to be alive.
I0312 20:10:11.735556 1096 raft_consensus.cc:2176] T 92318a1b744e4baa9c7d3f3b9758739b P ded9b7f8677940fb91e1a8c8bceceaed [term 8 LEADER]: Leader pre-election vote request: Denying vote to candidate f78a2351568c4a268ee1112681e22bec for term 9 because replica is either leader or believes a valid leader to be alive.
W0312 20:10:11.736127 1278 leader_election.cc:287] T 92318a1b744e4baa9c7d3f3b9758739b P f78a2351568c4a268ee1112681e22bec [CANDIDATE]: Term 9 pre-election: RPC error from VoteRequest() call to peer ded9b7f8677940fb91e1a8c8bceceaed: Timed out: RequestConsensusVote RPC to 127.0.53.1:35037 timed out after 0.016s (SENT)
I0312 20:10:11.736340 1278 leader_election.cc:258] T 92318a1b744e4baa9c7d3f3b9758739b P f78a2351568c4a268ee1112681e22bec [CANDIDATE]: Term 9 pre-election: Election decided. Result: candidate lost.
I0312 20:10:11.736979 1424 raft_consensus.cc:2700] T 92318a1b744e4baa9c7d3f3b9758739b P f78a2351568c4a268ee1112681e22bec: Snoozing failure detection for 0.015s (election complete)
I0312 20:10:11.737232 1424 raft_consensus.cc:2455] T 92318a1b744e4baa9c7d3f3b9758739b P f78a2351568c4a268ee1112681e22bec [term 8 FOLLOWER]: Leader pre-election lost for term 9. Reason: could not achieve majority
I0312 20:10:11.740042 1346 tablet_service.cc:993] Received RequestConsensusVote() RPC: tablet_id: "92318a1b744e4baa9c7d3f3b9758739b" candidate_uuid: "6885de38238442d6a9e5f1eb9fb569ff" candidate_term: 9 candidate_status { last_received { term: 8 index: 69 } } ignore_live_leader: false dest_uuid: "f78a2351568c4a268ee1112681e22bec" is_pre_election: true
I0312 20:10:11.741168 1219 raft_consensus.cc:2190] T 92318a1b744e4baa9c7d3f3b9758739b P 6885de38238442d6a9e5f1eb9fb569ff [term 8 FOLLOWER]: Leader pre-election vote request: Denying vote to candidate f78a2351568c4a268ee1112681e22bec for term 9 because replica is already servicing an update from a current leader or another vote.
I0312 20:10:11.742508 1346 raft_consensus.cc:2700] T 92318a1b744e4baa9c7d3f3b9758739b P f78a2351568c4a268ee1112681e22bec: Snoozing failure detection for 0.021s (vote granted)
W0312 20:10:11.742072 1219 rpcz_store.cc:251] Call kudu.consensus.ConsensusService.RequestConsensusVote from 127.0.53.3:38196 (request call id 56) took 23ms (client timeout 16).
W0312 20:10:11.743827 1219 rpcz_store.cc:255] Trace: 0312 20:10:11.718750 (+ 0us) service_pool.cc:163] Inserting onto call queue 0312 20:10:11.718843 (+ 93us) service_pool.cc:222] Handling call 0312 20:10:11.741946 (+ 23103us) spinlock_profiling.cc:261] Waited 21.7 ms on lock 0x7b480003009c. stack: 00007efc5efb2c74 00007efc5efb2b70 00007efc5daa2314 00007efc66aef294 00007efc66aef229 00007efc65699606 00007efc66b2d56b 00007efc614e0b24 00007efc614e0ab1 00007efc614e09c4 00007efc60b3cc29 00007efc60b3c6ec 00007efc60b3dbcd 00007efc60b3f946 00007efc60b3f89a 00007efc60b3f823 0312 20:10:11.742031 (+ 85us) inbound_call.cc:157] Queueing success response Metrics: {"spinlock_wait_cycles":49819392}
I0312 20:10:11.743206 1346 raft_consensus.cc:2215] T 92318a1b744e4baa9c7d3f3b9758739b P f78a2351568c4a268ee1112681e22bec [term 8 FOLLOWER]: Leader pre-election vote request: Granting yes vote for candidate 6885de38238442d6a9e5f1eb9fb569ff in term 8.
I0312 20:10:11.745245 1152 leader_election.cc:363] T 92318a1b744e4baa9c7d3f3b9758739b P 6885de38238442d6a9e5f1eb9fb569ff [CANDIDATE]: Term 9 pre-election: Vote granted by peer f78a2351568c4a268ee1112681e22bec
I0312 20:10:11.745960 1152 leader_election.cc:258] T 92318a1b744e4baa9c7d3f3b9758739b P 6885de38238442d6a9e5f1eb9fb569ff [CANDIDATE]: Term 9 pre-election: Election decided. Result: candidate won.
I0312 20:10:11.746611 1454 raft_consensus.cc:2700] T 92318a1b744e4baa9c7d3f3b9758739b P 6885de38238442d6a9e5f1eb9fb569ff: Snoozing failure detection for 0.021s (election complete)
I0312 20:10:11.746834 1454 raft_consensus.cc:2507] T 92318a1b744e4baa9c7d3f3b9758739b P 6885de38238442d6a9e5f1eb9fb569ff [term 8 FOLLOWER]: Leader pre-election won for term 9
I0312 20:10:11.747023 1454 raft_consensus.cc:436] T 92318a1b744e4baa9c7d3f3b9758739b P 6885de38238442d6a9e5f1eb9fb569ff [term 8 FOLLOWER]: Starting leader election (detected failure of leader ded9b7f8677940fb91e1a8c8bceceaed)
I0312 20:10:11.747234 1454 raft_consensus.cc:2700] T 92318a1b744e4baa9c7d3f3b9758739b P 6885de38238442d6a9e5f1eb9fb569ff: Snoozing failure detection for 0.017s (starting election)
I0312 20:10:11.747448 1454 raft_consensus.cc:2752] T 92318a1b744e4baa9c7d3f3b9758739b P 6885de38238442d6a9e5f1eb9fb569ff [term 8 FOLLOWER]: Advancing to term 9
I0312 20:10:11.753274 1454 raft_consensus.cc:458] T 92318a1b744e4baa9c7d3f3b9758739b P 6885de38238442d6a9e5f1eb9fb569ff [term 9 FOLLOWER]: Starting leader election with config: opid_index: -1 OBSOLETE_local: false peers { permanent_uuid: "f78a2351568c4a268ee1112681e22bec" member_type: VOTER last_known_addr { host: "127.0.53.3" port: 43274 } } peers { permanent_uuid: "6885de38238442d6a9e5f1eb9fb569ff" member_type: VOTER last_known_addr { host: "127.0.53.2" port: 51697 } } peers { permanent_uuid: "ded9b7f8677940fb91e1a8c8bceceaed" member_type: VOTER last_known_addr { host: "127.0.53.1" port: 35037 } }
I0312 20:10:11.755188 1454 leader_election.cc:231] T 92318a1b744e4baa9c7d3f3b9758739b P 6885de38238442d6a9e5f1eb9fb569ff [CANDIDATE]: Term 9 election: Requesting vote from peer f78a2351568c4a268ee1112681e22bec
I0312 20:10:11.758021 1219 raft_consensus.cc:1026] T 92318a1b744e4baa9c7d3f3b9758739b P 6885de38238442d6a9e5f1eb9fb569ff [term 9 FOLLOWER]: Rejecting Update request from peer ded9b7f8677940fb91e1a8c8bceceaed for earlier term 8. Current term is 9. Ops: []
I0312 20:10:11.763556 1456 consensus_queue.cc:1028] T 92318a1b744e4baa9c7d3f3b9758739b P ded9b7f8677940fb91e1a8c8bceceaed [LEADER]: Peer responded invalid term: Peer: permanent_uuid: "6885de38238442d6a9e5f1eb9fb569ff" member_type: VOTER last_known_addr { host: "127.0.53.2" port: 51697 }, Status: INVALID_TERM, Last received: 8.69, Next index: 70, Last known committed idx: 69, Time since last communication: 0.000s
I0312 20:10:11.764176 1417 raft_consensus.cc:2747] T 92318a1b744e4baa9c7d3f3b9758739b P ded9b7f8677940fb91e1a8c8bceceaed [term 8 LEADER]: Stepping down as leader of term 8
I0312 20:10:11.764392 1417 raft_consensus.cc:605] T 92318a1b744e4baa9c7d3f3b9758739b P ded9b7f8677940fb91e1a8c8bceceaed [term 8 LEADER]: Becoming Follower/Learner. State: Replica: ded9b7f8677940fb91e1a8c8bceceaed, State: Running, Role: LEADER
I0312 20:10:11.764894 1417 consensus_queue.cc:219] T 92318a1b744e4baa9c7d3f3b9758739b P ded9b7f8677940fb91e1a8c8bceceaed [NON_LEADER]: Queue going to NON_LEADER mode. State: All replicated index: 0, Majority replicated index: 70, Committed index: 70, Last appended: 8.72, Last appended by leader: 72, Current term: 8, Majority size: -1, State: 0, Mode: NON_LEADER, active raft config: opid_index: -1 OBSOLETE_local: false peers { permanent_uuid: "f78a2351568c4a268ee1112681e22bec" member_type: VOTER last_known_addr { host: "127.0.53.3" port: 43274 } } peers { permanent_uuid: "6885de38238442d6a9e5f1eb9fb569ff" member_type: VOTER last_known_addr { host: "127.0.53.2" port: 51697 } } peers { permanent_uuid: "ded9b7f8677940fb91e1a8c8bceceaed" member_type: VOTER last_known_addr { host: "127.0.53.1" port: 35037 } }
I0312 20:10:11.765538 1417 consensus_peers.cc:458] T 92318a1b744e4baa9c7d3f3b9758739b P ded9b7f8677940fb91e1a8c8bceceaed -> Peer 6885de38238442d6a9e5f1eb9fb569ff (127.0.53.2:51697): Closing peer: 6885de38238442d6a9e5f1eb9fb569ff
I0312 20:10:11.765727 1417 consensus_peers.cc:458] T 92318a1b744e4baa9c7d3f3b9758739b P ded9b7f8677940fb91e1a8c8bceceaed -> Peer f78a2351568c4a268ee1112681e22bec (127.0.53.3:43274): Closing peer: f78a2351568c4a268ee1112681e22bec
I0312 20:10:11.765741 1424 raft_consensus.cc:436] T 92318a1b744e4baa9c7d3f3b9758739b P f78a2351568c4a268ee1112681e22bec [term 8 FOLLOWER]: Starting pre-election (detected failure of leader ded9b7f8677940fb91e1a8c8bceceaed)
I0312 20:10:11.765913 1417 raft_consensus.cc:2752] T 92318a1b744e4baa9c7d3f3b9758739b P ded9b7f8677940fb91e1a8c8bceceaed [term 8 FOLLOWER]: Advancing to term 9
I0312 20:10:11.765972 1424 raft_consensus.cc:2700] T 92318a1b744e4baa9c7d3f3b9758739b P f78a2351568c4a268ee1112681e22bec: Snoozing failure detection for 0.024s (starting election)
I0312 20:10:11.766191 1424 raft_consensus.cc:458] T 92318a1b744e4baa9c7d3f3b9758739b P f78a2351568c4a268ee1112681e22bec [term 8 FOLLOWER]: Starting pre-election with config: opid_index: -1 OBSOLETE_local: false peers { permanent_uuid: "f78a2351568c4a268ee1112681e22bec" member_type: VOTER last_known_addr { host: "127.0.53.3" port: 43274 } } peers { permanent_uuid: "6885de38238442d6a9e5f1eb9fb569ff" member_type: VOTER last_known_addr { host: "127.0.53.2" port: 51697 } } peers { permanent_uuid: "ded9b7f8677940fb91e1a8c8bceceaed" member_type: VOTER last_known_addr { host: "127.0.53.1" port: 35037 } }
I0312 20:10:11.767124 1424 leader_election.cc:231] T 92318a1b744e4baa9c7d3f3b9758739b P f78a2351568c4a268ee1112681e22bec [CANDIDATE]: Term 9 pre-election: Requesting pre-vote from peer 6885de38238442d6a9e5f1eb9fb569ff
I0312 20:10:11.767196 1416 raft_consensus.cc:436] T 92318a1b744e4baa9c7d3f3b9758739b P 6885de38238442d6a9e5f1eb9fb569ff [term 9 FOLLOWER]: Starting pre-election (no leader contacted us within the election timeout)
I0312 20:10:11.767391 1416 raft_consensus.cc:2700] T 92318a1b744e4baa9c7d3f3b9758739b P 6885de38238442d6a9e5f1eb9fb569ff: Snoozing failure detection for 0.020s (starting election)
I0312 20:10:11.767484 1424 leader_election.cc:231] T 92318a1b744e4baa9c7d3f3b9758739b P f78a2351568c4a268ee1112681e22bec [CANDIDATE]: Term 9 pre-election: Requesting pre-vote from peer ded9b7f8677940fb91e1a8c8bceceaed
I0312 20:10:11.767611 1416 raft_consensus.cc:458] T 92318a1b744e4baa9c7d3f3b9758739b P 6885de38238442d6a9e5f1eb9fb569ff [term 9 FOLLOWER]: Starting pre-election with config: opid_index: -1 OBSOLETE_local: false peers { permanent_uuid: "f78a2351568c4a268ee1112681e22bec" member_type: VOTER last_known_addr { host: "127.0.53.3" port: 43274 } } peers { permanent_uuid: "6885de38238442d6a9e5f1eb9fb569ff" member_type: VOTER last_known_addr { host: "127.0.53.2" port: 51697 } } peers { permanent_uuid: "ded9b7f8677940fb91e1a8c8bceceaed" member_type: VOTER last_known_addr { host: "127.0.53.1" port: 35037 } }
I0312 20:10:11.768555 1416 leader_election.cc:231] T 92318a1b744e4baa9c7d3f3b9758739b P 6885de38238442d6a9e5f1eb9fb569ff [CANDIDATE]: Term 10 pre-election: Requesting pre-vote from peer f78a2351568c4a268ee1112681e22bec
I0312 20:10:11.768893 1416 leader_election.cc:231] T 92318a1b744e4baa9c7d3f3b9758739b P 6885de38238442d6a9e5f1eb9fb569ff [CANDIDATE]: Term 10 pre-election: Requesting pre-vote from peer ded9b7f8677940fb91e1a8c8bceceaed
I0312 20:10:11.770184 1096 tablet_service.cc:993] Received RequestConsensusVote() RPC: tablet_id: "92318a1b744e4baa9c7d3f3b9758739b" candidate_uuid: "6885de38238442d6a9e5f1eb9fb569ff" candidate_term: 10 candidate_status { last_received { term: 8 index: 69 } } ignore_live_leader: false dest_uuid: "ded9b7f8677940fb91e1a8c8bceceaed" is_pre_election: true
I0312 20:10:11.770793 1096 raft_consensus.cc:2162] T 92318a1b744e4baa9c7d3f3b9758739b P ded9b7f8677940fb91e1a8c8bceceaed [term 9 FOLLOWER]: Leader pre-election vote request: Denying vote to candidate 6885de38238442d6a9e5f1eb9fb569ff for term 10 because replica has last-logged OpId of term: 8 index: 72, which is greater than that of the candidate, which has last-logged OpId of term: 8 index: 69.
I0312 20:10:11.770777 1454 leader_election.cc:231] T 92318a1b744e4baa9c7d3f3b9758739b P 6885de38238442d6a9e5f1eb9fb569ff [CANDIDATE]: Term 9 election: Requesting vote from peer ded9b7f8677940fb91e1a8c8bceceaed
I0312 20:10:11.771317 1095 tablet_service.cc:993] Received RequestConsensusVote() RPC: tablet_id: "92318a1b744e4baa9c7d3f3b9758739b" candidate_uuid: "f78a2351568c4a268ee1112681e22bec" candidate_term: 9 candidate_status { last_received { term: 8 index: 70 } } ignore_live_leader: false dest_uuid: "ded9b7f8677940fb91e1a8c8bceceaed" is_pre_election: true
I0312 20:10:11.771906 1095 raft_consensus.cc:2162] T 92318a1b744e4baa9c7d3f3b9758739b P ded9b7f8677940fb91e1a8c8bceceaed [term 9 FOLLOWER]: Leader pre-election vote request: Denying vote to candidate f78a2351568c4a268ee1112681e22bec for term 9 because replica has last-logged OpId of term: 8 index: 72, which is greater than that of the candidate, which has last-logged OpId of term: 8 index: 70.
I0312 20:10:11.773330 1219 tablet_service.cc:993] Received RequestConsensusVote() RPC: tablet_id: "92318a1b744e4baa9c7d3f3b9758739b" candidate_uuid: "f78a2351568c4a268ee1112681e22bec" candidate_term: 9 candidate_status { last_received { term: 8 index: 70 } } ignore_live_leader: false dest_uuid: "6885de38238442d6a9e5f1eb9fb569ff" is_pre_election: true
I0312 20:10:11.773725 1346 tablet_service.cc:993] Received RequestConsensusVote() RPC: tablet_id: "92318a1b744e4baa9c7d3f3b9758739b" candidate_uuid: "6885de38238442d6a9e5f1eb9fb569ff" candidate_term: 9 candidate_status { last_received { term: 8 index: 69 } } ignore_live_leader: false dest_uuid: "f78a2351568c4a268ee1112681e22bec"
I0312 20:10:11.774029 1219 raft_consensus.cc:2145] T 92318a1b744e4baa9c7d3f3b9758739b P 6885de38238442d6a9e5f1eb9fb569ff [term 9 FOLLOWER]: Leader pre-election vote request: Denying vote to candidate f78a2351568c4a268ee1112681e22bec in current term 9: Already voted for candidate 6885de38238442d6a9e5f1eb9fb569ff in this term.
I0312 20:10:11.773939 1095 tablet_service.cc:993] Received RequestConsensusVote() RPC: tablet_id: "92318a1b744e4baa9c7d3f3b9758739b" candidate_uuid: "6885de38238442d6a9e5f1eb9fb569ff" candidate_term: 9 candidate_status { last_received { term: 8 index: 69 } } ignore_live_leader: false dest_uuid: "ded9b7f8677940fb91e1a8c8bceceaed"
I0312 20:10:11.774307 1346 raft_consensus.cc:2176] T 92318a1b744e4baa9c7d3f3b9758739b P f78a2351568c4a268ee1112681e22bec [term 8 FOLLOWER]: Leader election vote request: Denying vote to candidate 6885de38238442d6a9e5f1eb9fb569ff for term 9 because replica is either leader or believes a valid leader to be alive.
I0312 20:10:11.774258 1153 leader_election.cc:377] T 92318a1b744e4baa9c7d3f3b9758739b P 6885de38238442d6a9e5f1eb9fb569ff [CANDIDATE]: Term 10 pre-election: Vote denied by peer ded9b7f8677940fb91e1a8c8bceceaed. Message: Invalid argument: T 92318a1b744e4baa9c7d3f3b9758739b P ded9b7f8677940fb91e1a8c8bceceaed [term 9 FOLLOWER]: Leader pre-election vote request: Denying vote to candidate 6885de38238442d6a9e5f1eb9fb569ff for term 10 because replica has last-logged OpId of term: 8 index: 72, which is greater than that of the candidate, which has last-logged OpId of term: 8 index: 69.
I0312 20:10:11.774477 1095 raft_consensus.cc:2162] T 92318a1b744e4baa9c7d3f3b9758739b P ded9b7f8677940fb91e1a8c8bceceaed [term 9 FOLLOWER]: Leader election vote request: Denying vote to candidate 6885de38238442d6a9e5f1eb9fb569ff for term 9 because replica has last-logged OpId of term: 8 index: 72, which is greater than that of the candidate, which has last-logged OpId of term: 8 index: 69.
I0312 20:10:11.775094 1279 leader_election.cc:377] T 92318a1b744e4baa9c7d3f3b9758739b P f78a2351568c4a268ee1112681e22bec [CANDIDATE]: Term 9 pre-election: Vote denied by peer 6885de38238442d6a9e5f1eb9fb569ff. Message: Invalid argument: T 92318a1b744e4baa9c7d3f3b9758739b P 6885de38238442d6a9e5f1eb9fb569ff [term 9 FOLLOWER]: Leader pre-election vote request: Denying vote to candidate f78a2351568c4a268ee1112681e22bec in current term 9: Already voted for candidate 6885de38238442d6a9e5f1eb9fb569ff in this term.
I0312 20:10:11.775279 1153 leader_election.cc:377] T 92318a1b744e4baa9c7d3f3b9758739b P 6885de38238442d6a9e5f1eb9fb569ff [CANDIDATE]: Term 9 election: Vote denied by peer ded9b7f8677940fb91e1a8c8bceceaed. Message: Invalid argument: T 92318a1b744e4baa9c7d3f3b9758739b P ded9b7f8677940fb91e1a8c8bceceaed [term 9 FOLLOWER]: Leader election vote request: Denying vote to candidate 6885de38238442d6a9e5f1eb9fb569ff for term 9 because replica has last-logged OpId of term: 8 index: 72, which is greater than that of the candidate, which has last-logged OpId of term: 8 index: 69.
I0312 20:10:11.775825 1152 leader_election.cc:377] T 92318a1b744e4baa9c7d3f3b9758739b P 6885de38238442d6a9e5f1eb9fb569ff [CANDIDATE]: Term 9 election: Vote denied by peer f78a2351568c4a268ee1112681e22bec. Message: Invalid argument: T 92318a1b744e4baa9c7d3f3b9758739b P f78a2351568c4a268ee1112681e22bec [term 8 FOLLOWER]: Leader election vote request: Denying vote to candidate 6885de38238442d6a9e5f1eb9fb569ff for term 9 because replica is either leader or believes a valid leader to be alive.
I0312 20:10:11.776067 1152 leader_election.cc:258] T 92318a1b744e4baa9c7d3f3b9758739b P 6885de38238442d6a9e5f1eb9fb569ff [CANDIDATE]: Term 9 election: Election decided. Result: candidate lost.
I0312 20:10:11.776521 1454 raft_consensus.cc:2700] T 92318a1b744e4baa9c7d3f3b9758739b P 6885de38238442d6a9e5f1eb9fb569ff: Snoozing failure detection for 0.017s (election complete)
I0312 20:10:11.776751 1454 raft_consensus.cc:2455] T 92318a1b744e4baa9c7d3f3b9758739b P 6885de38238442d6a9e5f1eb9fb569ff [term 9 FOLLOWER]: Leader election lost for term 9. Reason: could not achieve majority
I0312 20:10:11.777274 1346 tablet_service.cc:993] Received RequestConsensusVote() RPC: tablet_id: "92318a1b744e4baa9c7d3f3b9758739b" candidate_uuid: "6885de38238442d6a9e5f1eb9fb569ff" candidate_term: 10 candidate_status { last_received { term: 8 index: 69 } } ignore_live_leader: false dest_uuid: "f78a2351568c4a268ee1112681e22bec" is_pre_election: true
I0312 20:10:11.777621 1456 raft_consensus.cc:436] T 92318a1b744e4baa9c7d3f3b9758739b P ded9b7f8677940fb91e1a8c8bceceaed [term 9 FOLLOWER]: Starting pre-election (no leader contacted us within the election timeout)
I0312 20:10:11.777863 1456 raft_consensus.cc:2700] T 92318a1b744e4baa9c7d3f3b9758739b P ded9b7f8677940fb91e1a8c8bceceaed: Snoozing failure detection for 0.024s (starting election)
I0312 20:10:11.777925 1346 raft_consensus.cc:2176] T 92318a1b744e4baa9c7d3f3b9758739b P f78a2351568c4a268ee1112681e22bec [term 8 FOLLOWER]: Leader pre-election vote request: Denying vote to candidate 6885de38238442d6a9e5f1eb9fb569ff for term 10 because replica is either leader or believes a valid leader to be alive.
I0312 20:10:11.778108 1456 raft_consensus.cc:458] T 92318a1b744e4baa9c7d3f3b9758739b P ded9b7f8677940fb91e1a8c8bceceaed [term 9 FOLLOWER]: Starting pre-election with config: opid_index: -1 OBSOLETE_local: false peers { permanent_uuid: "f78a2351568c4a268ee1112681e22bec" member_type: VOTER last_known_addr { host: "127.0.53.3" port: 43274 } } peers { permanent_uuid: "6885de38238442d6a9e5f1eb9fb569ff" member_type: VOTER last_known_addr { host: "127.0.53.2" port: 51697 } } peers { permanent_uuid: "ded9b7f8677940fb91e1a8c8bceceaed" member_type: VOTER last_known_addr { host: "127.0.53.1" port: 35037 } }
I0312 20:10:11.778887 1152 leader_election.cc:377] T 92318a1b744e4baa9c7d3f3b9758739b P 6885de38238442d6a9e5f1eb9fb569ff [CANDIDATE]: Term 10 pre-election: Vote denied by peer f78a2351568c4a268ee1112681e22bec. Message: Invalid argument: T 92318a1b744e4baa9c7d3f3b9758739b P f78a2351568c4a268ee1112681e22bec [term 8 FOLLOWER]: Leader pre-election vote request: Denying vote to candidate 6885de38238442d6a9e5f1eb9fb569ff for term 10 because replica is either leader or believes a valid leader to be alive.
I0312 20:10:11.779120 1456 leader_election.cc:231] T 92318a1b744e4baa9c7d3f3b9758739b P ded9b7f8677940fb91e1a8c8bceceaed [CANDIDATE]: Term 10 pre-election: Requesting pre-vote from peer f78a2351568c4a268ee1112681e22bec
I0312 20:10:11.779253 1152 leader_election.cc:258] T 92318a1b744e4baa9c7d3f3b9758739b P 6885de38238442d6a9e5f1eb9fb569ff [CANDIDATE]: Term 10 pre-election: Election decided. Result: candidate lost.
I0312 20:10:11.779484 1456 leader_election.cc:231] T 92318a1b744e4baa9c7d3f3b9758739b P ded9b7f8677940fb91e1a8c8bceceaed [CANDIDATE]: Term 10 pre-election: Requesting pre-vote from peer 6885de38238442d6a9e5f1eb9fb569ff
I0312 20:10:11.780195 1454 raft_consensus.cc:2700] T 92318a1b744e4baa9c7d3f3b9758739b P 6885de38238442d6a9e5f1eb9fb569ff: Snoozing failure detection for 0.023s (election complete)
I0312 20:10:11.781164 1454 raft_consensus.cc:2455] T 92318a1b744e4baa9c7d3f3b9758739b P 6885de38238442d6a9e5f1eb9fb569ff [term 9 FOLLOWER]: Leader pre-election lost for term 10. Reason: could not achieve majority
I0312 20:10:11.780740 1219 tablet_service.cc:993] Received RequestConsensusVote() RPC: tablet_id: "92318a1b744e4baa9c7d3f3b9758739b" candidate_uuid: "ded9b7f8677940fb91e1a8c8bceceaed" candidate_term: 10 candidate_status { last_received { term: 8 index: 72 } } ignore_live_leader: false dest_uuid: "6885de38238442d6a9e5f1eb9fb569ff" is_pre_election: true
I0312 20:10:11.781446 1278 leader_election.cc:377] T 92318a1b744e4baa9c7d3f3b9758739b P f78a2351568c4a268ee1112681e22bec [CANDIDATE]: Term 9 pre-election: Vote denied by peer ded9b7f8677940fb91e1a8c8bceceaed. Message: Invalid argument: T 92318a1b744e4baa9c7d3f3b9758739b P ded9b7f8677940fb91e1a8c8bceceaed [term 9 FOLLOWER]: Leader pre-election vote request: Denying vote to candidate f78a2351568c4a268ee1112681e22bec for term 9 because replica has last-logged OpId of term: 8 index: 72, which is greater than that of the candidate, which has last-logged OpId of term: 8 index: 70.
I0312 20:10:11.781576 1219 raft_consensus.cc:2700] T 92318a1b744e4baa9c7d3f3b9758739b P 6885de38238442d6a9e5f1eb9fb569ff: Snoozing failure detection for 0.037s (vote granted)
I0312 20:10:11.781667 1278 leader_election.cc:258] T 92318a1b744e4baa9c7d3f3b9758739b P f78a2351568c4a268ee1112681e22bec [CANDIDATE]: Term 9 pre-election: Election decided. Result: candidate lost.
I0312 20:10:11.781775 1219 raft_consensus.cc:2215] T 92318a1b744e4baa9c7d3f3b9758739b P 6885de38238442d6a9e5f1eb9fb569ff [term 9 FOLLOWER]: Leader pre-election vote request: Granting yes vote for candidate ded9b7f8677940fb91e1a8c8bceceaed in term 9.
I0312 20:10:11.782243 1424 raft_consensus.cc:2700] T 92318a1b744e4baa9c7d3f3b9758739b P f78a2351568c4a268ee1112681e22bec: Snoozing failure detection for 0.032s (election complete)
I0312 20:10:11.782450 1424 raft_consensus.cc:2752] T 92318a1b744e4baa9c7d3f3b9758739b P f78a2351568c4a268ee1112681e22bec [term 8 FOLLOWER]: Advancing to term 9
I0312 20:10:11.786527 1424 raft_consensus.cc:2455] T 92318a1b744e4baa9c7d3f3b9758739b P f78a2351568c4a268ee1112681e22bec [term 9 FOLLOWER]: Leader pre-election lost for term 9. Reason: could not achieve majority
I0312 20:10:11.787303 1029 leader_election.cc:363] T 92318a1b744e4baa9c7d3f3b9758739b P ded9b7f8677940fb91e1a8c8bceceaed [CANDIDATE]: Term 10 pre-election: Vote granted by peer 6885de38238442d6a9e5f1eb9fb569ff
I0312 20:10:11.787547 1029 leader_election.cc:258] T 92318a1b744e4baa9c7d3f3b9758739b P ded9b7f8677940fb91e1a8c8bceceaed [CANDIDATE]: Term 10 pre-election: Election decided. Result: candidate won.
I0312 20:10:11.788069 1456 raft_consensus.cc:2700] T 92318a1b744e4baa9c7d3f3b9758739b P ded9b7f8677940fb91e1a8c8bceceaed: Snoozing failure detection for 0.017s (election complete)
I0312 20:10:11.788317 1456 raft_consensus.cc:2507] T 92318a1b744e4baa9c7d3f3b9758739b P ded9b7f8677940fb91e1a8c8bceceaed [term 9 FOLLOWER]: Leader pre-election won for term 10
I0312 20:10:11.788542 1456 raft_consensus.cc:436] T 92318a1b744e4baa9c7d3f3b9758739b P ded9b7f8677940fb91e1a8c8bceceaed [term 9 FOLLOWER]: Starting leader election (no leader contacted us within the election timeout)
I0312 20:10:11.789918 1346 tablet_service.cc:993] Received RequestConsensusVote() RPC: tablet_id: "92318a1b744e4baa9c7d3f3b9758739b" candidate_uuid: "ded9b7f8677940fb91e1a8c8bceceaed" candidate_term: 10 candidate_status { last_received { term: 8 index: 72 } } ignore_live_leader: false dest_uuid: "f78a2351568c4a268ee1112681e22bec" is_pre_election: true
I0312 20:10:11.790359 1346 raft_consensus.cc:2700] T 92318a1b744e4baa9c7d3f3b9758739b P f78a2351568c4a268ee1112681e22bec: Snoozing failure detection for 0.021s (vote granted)
I0312 20:10:11.790575 1346 raft_consensus.cc:2215] T 92318a1b744e4baa9c7d3f3b9758739b P f78a2351568c4a268ee1112681e22bec [term 9 FOLLOWER]: Leader pre-election vote request: Granting yes vote for candidate ded9b7f8677940fb91e1a8c8bceceaed in term 9.
I0312 20:10:11.791354 1456 raft_consensus.cc:2700] T 92318a1b744e4baa9c7d3f3b9758739b P ded9b7f8677940fb91e1a8c8bceceaed: Snoozing failure detection for 0.021s (starting election)
I0312 20:10:11.791592 1456 raft_consensus.cc:2752] T 92318a1b744e4baa9c7d3f3b9758739b P ded9b7f8677940fb91e1a8c8bceceaed [term 9 FOLLOWER]: Advancing to term 10
I0312 20:10:11.793020 1027 leader_election.cc:363] T 92318a1b744e4baa9c7d3f3b9758739b P ded9b7f8677940fb91e1a8c8bceceaed [CANDIDATE]: Term 10 pre-election: Vote granted by peer f78a2351568c4a268ee1112681e22bec
I0312 20:10:11.796913 1456 raft_consensus.cc:458] T 92318a1b744e4baa9c7d3f3b9758739b P ded9b7f8677940fb91e1a8c8bceceaed [term 10 FOLLOWER]: Starting leader election with config: opid_index: -1 OBSOLETE_local: false peers { permanent_uuid: "f78a2351568c4a268ee1112681e22bec" member_type: VOTER last_known_addr { host: "127.0.53.3" port: 43274 } } peers { permanent_uuid: "6885de38238442d6a9e5f1eb9fb569ff" member_type: VOTER last_known_addr { host: "127.0.53.2" port: 51697 } } peers { permanent_uuid: "ded9b7f8677940fb91e1a8c8bceceaed" member_type: VOTER last_known_addr { host: "127.0.53.1" port: 35037 } }
I0312 20:10:11.797968 1456 leader_election.cc:231] T 92318a1b744e4baa9c7d3f3b9758739b P ded9b7f8677940fb91e1a8c8bceceaed [CANDIDATE]: Term 10 election: Requesting vote from peer f78a2351568c4a268ee1112681e22bec
I0312 20:10:11.799310 1346 tablet_service.cc:993] Received RequestConsensusVote() RPC: tablet_id: "92318a1b744e4baa9c7d3f3b9758739b" candidate_uuid: "ded9b7f8677940fb91e1a8c8bceceaed" candidate_term: 10 candidate_status { last_received { term: 8 index: 72 } } ignore_live_leader: false dest_uuid: "f78a2351568c4a268ee1112681e22bec"
I0312 20:10:11.799711 1346 raft_consensus.cc:2752] T 92318a1b744e4baa9c7d3f3b9758739b P f78a2351568c4a268ee1112681e22bec [term 9 FOLLOWER]: Advancing to term 10
I0312 20:10:11.799927 1346 raft_consensus.cc:2700] T 92318a1b744e4baa9c7d3f3b9758739b P f78a2351568c4a268ee1112681e22bec: Snoozing failure detection for 0.033s (vote granted)
I0312 20:10:11.803889 1346 raft_consensus.cc:2215] T 92318a1b744e4baa9c7d3f3b9758739b P f78a2351568c4a268ee1112681e22bec [term 10 FOLLOWER]: Leader election vote request: Granting yes vote for candidate ded9b7f8677940fb91e1a8c8bceceaed in term 10.
I0312 20:10:11.805044 1027 leader_election.cc:363] T 92318a1b744e4baa9c7d3f3b9758739b P ded9b7f8677940fb91e1a8c8bceceaed [CANDIDATE]: Term 10 election: Vote granted by peer f78a2351568c4a268ee1112681e22bec
I0312 20:10:11.805290 1027 leader_election.cc:258] T 92318a1b744e4baa9c7d3f3b9758739b P ded9b7f8677940fb91e1a8c8bceceaed [CANDIDATE]: Term 10 election: Election decided. Result: candidate won.
I0312 20:10:11.805856 1417 raft_consensus.cc:2700] T 92318a1b744e4baa9c7d3f3b9758739b P ded9b7f8677940fb91e1a8c8bceceaed: Snoozing failure detection for 0.018s (election complete)
I0312 20:10:11.806071 1417 raft_consensus.cc:2507] T 92318a1b744e4baa9c7d3f3b9758739b P ded9b7f8677940fb91e1a8c8bceceaed [term 10 FOLLOWER]: Leader election won for term 10
I0312 20:10:11.806339 1417 raft_consensus.cc:572] T 92318a1b744e4baa9c7d3f3b9758739b P ded9b7f8677940fb91e1a8c8bceceaed [term 10 LEADER]: Becoming Leader. State: Replica: ded9b7f8677940fb91e1a8c8bceceaed, State: Running, Role: LEADER
I0312 20:10:11.807227 1417 consensus_queue.cc:196] T 92318a1b744e4baa9c7d3f3b9758739b P ded9b7f8677940fb91e1a8c8bceceaed [LEADER]: Queue going to LEADER mode. State: All replicated index: 0, Majority replicated index: 70, Committed index: 70, Last appended: 8.72, Last appended by leader: 72, Current term: 10, Majority size: 2, State: 0, Mode: LEADER, active raft config: opid_index: -1 OBSOLETE_local: false peers { permanent_uuid: "f78a2351568c4a268ee1112681e22bec" member_type: VOTER last_known_addr { host: "127.0.53.3" port: 43274 } } peers { permanent_uuid: "6885de38238442d6a9e5f1eb9fb569ff" member_type: VOTER last_known_addr { host: "127.0.53.2" port: 51697 } } peers { permanent_uuid: "ded9b7f8677940fb91e1a8c8bceceaed" member_type: VOTER last_known_addr { host: "127.0.53.1" port: 35037 } }
I0312 20:10:11.810703 1456 leader_election.cc:231] T 92318a1b744e4baa9c7d3f3b9758739b P ded9b7f8677940fb91e1a8c8bceceaed [CANDIDATE]: Term 10 election: Requesting vote from peer 6885de38238442d6a9e5f1eb9fb569ff
I0312 20:10:11.812172 1219 tablet_service.cc:993] Received RequestConsensusVote() RPC: tablet_id: "92318a1b744e4baa9c7d3f3b9758739b" candidate_uuid: "ded9b7f8677940fb91e1a8c8bceceaed" candidate_term: 10 candidate_status { last_received { term: 8 index: 72 } } ignore_live_leader: false dest_uuid: "6885de38238442d6a9e5f1eb9fb569ff"
I0312 20:10:11.811650 974 catalog_manager.cc:3592] T 92318a1b744e4baa9c7d3f3b9758739b P ded9b7f8677940fb91e1a8c8bceceaed reported cstate change: term changed from 8 to 10. New cstate: current_term: 10 leader_uuid: "ded9b7f8677940fb91e1a8c8bceceaed" committed_config { opid_index: -1 OBSOLETE_local: false peers { permanent_uuid: "f78a2351568c4a268ee1112681e22bec" member_type: VOTER last_known_addr { host: "127.0.53.3" port: 43274 } health_report { overall_health: UNKNOWN } } peers { permanent_uuid: "6885de38238442d6a9e5f1eb9fb569ff" member_type: VOTER last_known_addr { host: "127.0.53.2" port: 51697 } health_report { overall_health: UNKNOWN } } peers { permanent_uuid: "ded9b7f8677940fb91e1a8c8bceceaed" member_type: VOTER last_known_addr { host: "127.0.53.1" port: 35037 } health_report { overall_health: HEALTHY } } }
I0312 20:10:11.812585 1219 raft_consensus.cc:2752] T 92318a1b744e4baa9c7d3f3b9758739b P 6885de38238442d6a9e5f1eb9fb569ff [term 9 FOLLOWER]: Advancing to term 10
I0312 20:10:11.812809 1219 raft_consensus.cc:2700] T 92318a1b744e4baa9c7d3f3b9758739b P 6885de38238442d6a9e5f1eb9fb569ff: Snoozing failure detection for 0.019s (vote granted)
I0312 20:10:11.816895 1219 raft_consensus.cc:2215] T 92318a1b744e4baa9c7d3f3b9758739b P 6885de38238442d6a9e5f1eb9fb569ff [term 10 FOLLOWER]: Leader election vote request: Granting yes vote for candidate ded9b7f8677940fb91e1a8c8bceceaed in term 10.
I0312 20:10:11.819504 1346 raft_consensus.cc:1058] T 92318a1b744e4baa9c7d3f3b9758739b P f78a2351568c4a268ee1112681e22bec [term 10 FOLLOWER]: Refusing update from remote peer ded9b7f8677940fb91e1a8c8bceceaed: Log matching property violated. Preceding OpId in replica: term: 8 index: 71. Preceding OpId from leader: term: 10 index: 73. (index mismatch)
I0312 20:10:11.819936 1220 raft_consensus.cc:1058] T 92318a1b744e4baa9c7d3f3b9758739b P 6885de38238442d6a9e5f1eb9fb569ff [term 10 FOLLOWER]: Refusing update from remote peer ded9b7f8677940fb91e1a8c8bceceaed: Log matching property violated. Preceding OpId in replica: term: 8 index: 69. Preceding OpId from leader: term: 10 index: 73. (index mismatch)
