W0312 20:10:29.792409 1676 leader_election.cc:287] T 7581a0a77de54ef8943c1521124c7728 P 9da22e5afdce42078fe8f94ad166ac3c [CANDIDATE]: Term 1 pre-election: RPC error from VoteRequest() call to peer 012786a8f1b64995847cf7dacbc029a4: Timed out: connection negotiation to 127.0.53.2:43059 for RPC RequestConsensusVote timed out after 0.018s (ON_OUTBOUND_QUEUE)
W0312 20:10:29.793607 1663 leader_election.cc:287] T 7581a0a77de54ef8943c1521124c7728 P 9da22e5afdce42078fe8f94ad166ac3c [CANDIDATE]: Term 1 pre-election: RPC error from VoteRequest() call to peer e3aa58d3045c4a05b94b94eb8bf58ae1: Timed out: connection negotiation to 127.0.53.3:49316 for RPC RequestConsensusVote timed out after 0.018s (ON_OUTBOUND_QUEUE)
I0312 20:10:29.793732 2064 leader_election.cc:231] T 7581a0a77de54ef8943c1521124c7728 P e3aa58d3045c4a05b94b94eb8bf58ae1 [CANDIDATE]: Term 1 election: Requesting vote from peer 012786a8f1b64995847cf7dacbc029a4
I0312 20:10:29.794045 2064 leader_election.cc:231] T 7581a0a77de54ef8943c1521124c7728 P e3aa58d3045c4a05b94b94eb8bf58ae1 [CANDIDATE]: Term 1 election: Requesting vote from peer 9da22e5afdce42078fe8f94ad166ac3c
I0312 20:10:29.794881 2063 raft_consensus.cc:2700] T 7581a0a77de54ef8943c1521124c7728 P e3aa58d3045c4a05b94b94eb8bf58ae1: Snoozing failure detection for 0.019s (election complete)
I0312 20:10:29.795114 2063 raft_consensus.cc:2470] T 7581a0a77de54ef8943c1521124c7728 P e3aa58d3045c4a05b94b94eb8bf58ae1 [term 1 FOLLOWER]: Leader pre-election decision vote started in defunct term 0: won
I0312 20:10:29.795076 1866 tablet_service.cc:993] Received RequestConsensusVote() RPC: tablet_id: "7581a0a77de54ef8943c1521124c7728" candidate_uuid: "e3aa58d3045c4a05b94b94eb8bf58ae1" candidate_term: 1 candidate_status { last_received { term: 0 index: 0 } } ignore_live_leader: false dest_uuid: "012786a8f1b64995847cf7dacbc029a4"
I0312 20:10:29.795563 1866 raft_consensus.cc:2752] T 7581a0a77de54ef8943c1521124c7728 P 012786a8f1b64995847cf7dacbc029a4 [term 0 FOLLOWER]: Advancing to term 1
I0312 20:10:29.794646 1663 leader_election.cc:258] T 7581a0a77de54ef8943c1521124c7728 P 9da22e5afdce42078fe8f94ad166ac3c [CANDIDATE]: Term 1 pre-election: Election decided. Result: candidate lost.
I0312 20:10:29.795771 1866 raft_consensus.cc:2700] T 7581a0a77de54ef8943c1521124c7728 P 012786a8f1b64995847cf7dacbc029a4: Snoozing failure detection for 0.058s (vote granted)
W0312 20:10:29.799811 1922 leader_election.cc:287] T 7581a0a77de54ef8943c1521124c7728 P e3aa58d3045c4a05b94b94eb8bf58ae1 [CANDIDATE]: Term 1 pre-election: RPC error from VoteRequest() call to peer 9da22e5afdce42078fe8f94ad166ac3c: Timed out: RequestConsensusVote RPC to 127.0.53.1:39175 timed out after 0.015s (ON_OUTBOUND_QUEUE)
I0312 20:10:29.799942 1866 raft_consensus.cc:2215] T 7581a0a77de54ef8943c1521124c7728 P 012786a8f1b64995847cf7dacbc029a4 [term 1 FOLLOWER]: Leader election vote request: Granting yes vote for candidate e3aa58d3045c4a05b94b94eb8bf58ae1 in term 1.
I0312 20:10:29.800715 1926 leader_election.cc:363] T 7581a0a77de54ef8943c1521124c7728 P e3aa58d3045c4a05b94b94eb8bf58ae1 [CANDIDATE]: Term 1 election: Vote granted by peer 012786a8f1b64995847cf7dacbc029a4
I0312 20:10:29.801112 1926 leader_election.cc:258] T 7581a0a77de54ef8943c1521124c7728 P e3aa58d3045c4a05b94b94eb8bf58ae1 [CANDIDATE]: Term 1 election: Election decided. Result: candidate won.
I0312 20:10:29.801224 1741 tablet_service.cc:993] Received RequestConsensusVote() RPC: tablet_id: "7581a0a77de54ef8943c1521124c7728" candidate_uuid: "e3aa58d3045c4a05b94b94eb8bf58ae1" candidate_term: 1 candidate_status { last_received { term: 0 index: 0 } } ignore_live_leader: false dest_uuid: "9da22e5afdce42078fe8f94ad166ac3c"
I0312 20:10:29.801584 2064 raft_consensus.cc:2700] T 7581a0a77de54ef8943c1521124c7728 P e3aa58d3045c4a05b94b94eb8bf58ae1: Snoozing failure detection for 0.022s (election complete)
I0312 20:10:29.801854 2064 raft_consensus.cc:2507] T 7581a0a77de54ef8943c1521124c7728 P e3aa58d3045c4a05b94b94eb8bf58ae1 [term 1 FOLLOWER]: Leader election won for term 1
I0312 20:10:29.802150 2064 raft_consensus.cc:572] T 7581a0a77de54ef8943c1521124c7728 P e3aa58d3045c4a05b94b94eb8bf58ae1 [term 1 LEADER]: Becoming Leader. State: Replica: e3aa58d3045c4a05b94b94eb8bf58ae1, State: Running, Role: LEADER
I0312 20:10:29.802711 2064 consensus_queue.cc:196] T 7581a0a77de54ef8943c1521124c7728 P e3aa58d3045c4a05b94b94eb8bf58ae1 [LEADER]: Queue going to LEADER mode. State: All replicated index: 0, Majority replicated index: 0, Committed index: 0, Last appended: 0.0, Last appended by leader: 0, Current term: 1, Majority size: 2, State: 0, Mode: LEADER, active raft config: opid_index: -1 OBSOLETE_local: false peers { permanent_uuid: "012786a8f1b64995847cf7dacbc029a4" member_type: VOTER last_known_addr { host: "127.0.53.2" port: 43059 } } peers { permanent_uuid: "e3aa58d3045c4a05b94b94eb8bf58ae1" member_type: VOTER last_known_addr { host: "127.0.53.3" port: 49316 } } peers { permanent_uuid: "9da22e5afdce42078fe8f94ad166ac3c" member_type: VOTER last_known_addr { host: "127.0.53.1" port: 39175 } }
I0312 20:10:29.800423 2065 raft_consensus.cc:2700] T 7581a0a77de54ef8943c1521124c7728 P 9da22e5afdce42078fe8f94ad166ac3c: Snoozing failure detection for 0.019s (election complete)
I0312 20:10:29.804149 2065 raft_consensus.cc:2455] T 7581a0a77de54ef8943c1521124c7728 P 9da22e5afdce42078fe8f94ad166ac3c [term 0 FOLLOWER]: Leader pre-election lost for term 1. Reason: could not achieve majority
I0312 20:10:29.805182 1741 raft_consensus.cc:2752] T 7581a0a77de54ef8943c1521124c7728 P 9da22e5afdce42078fe8f94ad166ac3c [term 0 FOLLOWER]: Advancing to term 1
I0312 20:10:29.805419 1741 raft_consensus.cc:2700] T 7581a0a77de54ef8943c1521124c7728 P 9da22e5afdce42078fe8f94ad166ac3c: Snoozing failure detection for 0.032s (vote granted)
I0312 20:10:29.806555 1866 tablet_service.cc:993] Received RequestConsensusVote() RPC: tablet_id: "7581a0a77de54ef8943c1521124c7728" candidate_uuid: "9da22e5afdce42078fe8f94ad166ac3c" candidate_term: 1 candidate_status { last_received { term: 0 index: 0 } } ignore_live_leader: false dest_uuid: "012786a8f1b64995847cf7dacbc029a4" is_pre_election: true
I0312 20:10:29.807123 1866 raft_consensus.cc:2145] T 7581a0a77de54ef8943c1521124c7728 P 012786a8f1b64995847cf7dacbc029a4 [term 1 FOLLOWER]: Leader pre-election vote request: Denying vote to candidate 9da22e5afdce42078fe8f94ad166ac3c in current term 1: Already voted for candidate e3aa58d3045c4a05b94b94eb8bf58ae1 in this term.
I0312 20:10:29.808385 1676 leader_election.cc:377] T 7581a0a77de54ef8943c1521124c7728 P 9da22e5afdce42078fe8f94ad166ac3c [CANDIDATE]: Term 1 pre-election: Vote denied by peer 012786a8f1b64995847cf7dacbc029a4. Message: Invalid argument: T 7581a0a77de54ef8943c1521124c7728 P 012786a8f1b64995847cf7dacbc029a4 [term 1 FOLLOWER]: Leader pre-election vote request: Denying vote to candidate 9da22e5afdce42078fe8f94ad166ac3c in current term 1: Already voted for candidate e3aa58d3045c4a05b94b94eb8bf58ae1 in this term.
I0312 20:10:29.808992 1741 raft_consensus.cc:2215] T 7581a0a77de54ef8943c1521124c7728 P 9da22e5afdce42078fe8f94ad166ac3c [term 1 FOLLOWER]: Leader election vote request: Granting yes vote for candidate e3aa58d3045c4a05b94b94eb8bf58ae1 in term 1.
I0312 20:10:29.810289 1922 leader_election.cc:363] T 7581a0a77de54ef8943c1521124c7728 P e3aa58d3045c4a05b94b94eb8bf58ae1 [CANDIDATE]: Term 1 election: Vote granted by peer 9da22e5afdce42078fe8f94ad166ac3c
I0312 20:10:29.811234 1866 raft_consensus.cc:1058] T 7581a0a77de54ef8943c1521124c7728 P 012786a8f1b64995847cf7dacbc029a4 [term 1 FOLLOWER]: Refusing update from remote peer e3aa58d3045c4a05b94b94eb8bf58ae1: Log matching property violated. Preceding OpId in replica: term: 0 index: 0. Preceding OpId from leader: term: 1 index: 1. (index mismatch)
I0312 20:10:29.811362 1618 catalog_manager.cc:3592] T 7581a0a77de54ef8943c1521124c7728 P e3aa58d3045c4a05b94b94eb8bf58ae1 reported cstate change: term changed from 0 to 1, leader changed from to e3aa58d3045c4a05b94b94eb8bf58ae1 (127.0.53.3). New cstate: current_term: 1 leader_uuid: "e3aa58d3045c4a05b94b94eb8bf58ae1" committed_config { opid_index: -1 OBSOLETE_local: false peers { permanent_uuid: "012786a8f1b64995847cf7dacbc029a4" member_type: VOTER last_known_addr { host: "127.0.53.2" port: 43059 } health_report { overall_health: UNKNOWN } } peers { permanent_uuid: "e3aa58d3045c4a05b94b94eb8bf58ae1" member_type: VOTER last_known_addr { host: "127.0.53.3" port: 49316 } health_report { overall_health: HEALTHY } } peers { permanent_uuid: "9da22e5afdce42078fe8f94ad166ac3c" member_type: VOTER last_known_addr { host: "127.0.53.1" port: 39175 } health_report { overall_health: UNKNOWN } } }
I0312 20:10:29.812270 2064 consensus_queue.cc:1017] T 7581a0a77de54ef8943c1521124c7728 P e3aa58d3045c4a05b94b94eb8bf58ae1 [LEADER]: Connected to new peer: Peer: permanent_uuid: "012786a8f1b64995847cf7dacbc029a4" member_type: VOTER last_known_addr { host: "127.0.53.2" port: 43059 }, Status: LMP_MISMATCH, Last received: 0.0, Next index: 1, Last known committed idx: 0, Time since last communication: 0.000s
I0312 20:10:29.814577 1741 raft_consensus.cc:1058] T 7581a0a77de54ef8943c1521124c7728 P 9da22e5afdce42078fe8f94ad166ac3c [term 1 FOLLOWER]: Refusing update from remote peer e3aa58d3045c4a05b94b94eb8bf58ae1: Log matching property violated. Preceding OpId in replica: term: 0 index: 0. Preceding OpId from leader: term: 1 index: 1. (index mismatch)
I0312 20:10:29.815850 2064 consensus_queue.cc:1017] T 7581a0a77de54ef8943c1521124c7728 P e3aa58d3045c4a05b94b94eb8bf58ae1 [LEADER]: Connected to new peer: Peer: permanent_uuid: "9da22e5afdce42078fe8f94ad166ac3c" member_type: VOTER last_known_addr { host: "127.0.53.1" port: 39175 }, Status: LMP_MISMATCH, Last received: 0.0, Next index: 1, Last known committed idx: 0, Time since last communication: 0.000s
W0312 20:10:29.816269 1663 leader_election.cc:287] T 7581a0a77de54ef8943c1521124c7728 P 9da22e5afdce42078fe8f94ad166ac3c [CANDIDATE]: Term 1 pre-election: RPC error from VoteRequest() call to peer e3aa58d3045c4a05b94b94eb8bf58ae1: Timed out: RequestConsensusVote RPC to 127.0.53.3:49316 timed out after 0.020s (ON_OUTBOUND_QUEUE)
I0312 20:10:29.816470 1663 leader_election.cc:258] T 7581a0a77de54ef8943c1521124c7728 P 9da22e5afdce42078fe8f94ad166ac3c [CANDIDATE]: Term 1 pre-election: Election decided. Result: candidate lost.
I0312 20:10:29.816838 2065 raft_consensus.cc:2700] T 7581a0a77de54ef8943c1521124c7728 P 9da22e5afdce42078fe8f94ad166ac3c: Snoozing failure detection for 0.027s (election complete)
I0312 20:10:29.817024 2065 raft_consensus.cc:2455] T 7581a0a77de54ef8943c1521124c7728 P 9da22e5afdce42078fe8f94ad166ac3c [term 1 FOLLOWER]: Leader pre-election lost for term 1. Reason: could not achieve majority
W0312 20:10:29.823451 2035 tablet.cc:1679] T 7581a0a77de54ef8943c1521124c7728 P e3aa58d3045c4a05b94b94eb8bf58ae1: Can't schedule compaction. Clean time has not been advanced past its initial value.
W0312 20:10:29.828938 2075 fault_injection.cc:41] FAULT INJECTION ENABLED!
W0312 20:10:29.829128 2075 fault_injection.cc:42] THIS SERVER MAY CRASH!
I0312 20:10:29.830446 2059 raft_consensus.cc:436] T 7581a0a77de54ef8943c1521124c7728 P 012786a8f1b64995847cf7dacbc029a4 [term 1 FOLLOWER]: Starting pre-election (detected failure of leader e3aa58d3045c4a05b94b94eb8bf58ae1)
I0312 20:10:29.830699 2059 raft_consensus.cc:2700] T 7581a0a77de54ef8943c1521124c7728 P 012786a8f1b64995847cf7dacbc029a4: Snoozing failure detection for 0.021s (starting election)
I0312 20:10:29.830921 2059 raft_consensus.cc:458] T 7581a0a77de54ef8943c1521124c7728 P 012786a8f1b64995847cf7dacbc029a4 [term 1 FOLLOWER]: Starting pre-election with config: opid_index: -1 OBSOLETE_local: false peers { permanent_uuid: "012786a8f1b64995847cf7dacbc029a4" member_type: VOTER last_known_addr { host: "127.0.53.2" port: 43059 } } peers { permanent_uuid: "e3aa58d3045c4a05b94b94eb8bf58ae1" member_type: VOTER last_known_addr { host: "127.0.53.3" port: 49316 } } peers { permanent_uuid: "9da22e5afdce42078fe8f94ad166ac3c" member_type: VOTER last_known_addr { host: "127.0.53.1" port: 39175 } }
W0312 20:10:29.831558 1785 tablet.cc:1679] T 7581a0a77de54ef8943c1521124c7728 P 9da22e5afdce42078fe8f94ad166ac3c: Can't schedule compaction. Clean time has not been advanced past its initial value.
I0312 20:10:29.831912 2059 leader_election.cc:231] T 7581a0a77de54ef8943c1521124c7728 P 012786a8f1b64995847cf7dacbc029a4 [CANDIDATE]: Term 2 pre-election: Requesting pre-vote from peer e3aa58d3045c4a05b94b94eb8bf58ae1
I0312 20:10:29.832280 2059 leader_election.cc:231] T 7581a0a77de54ef8943c1521124c7728 P 012786a8f1b64995847cf7dacbc029a4 [CANDIDATE]: Term 2 pre-election: Requesting pre-vote from peer 9da22e5afdce42078fe8f94ad166ac3c
I0312 20:10:29.834187 1991 tablet_service.cc:993] Received RequestConsensusVote() RPC: tablet_id: "7581a0a77de54ef8943c1521124c7728" candidate_uuid: "012786a8f1b64995847cf7dacbc029a4" candidate_term: 2 candidate_status { last_received { term: 1 index: 1 } } ignore_live_leader: false dest_uuid: "e3aa58d3045c4a05b94b94eb8bf58ae1" is_pre_election: true
I0312 20:10:29.834725 1991 raft_consensus.cc:2176] T 7581a0a77de54ef8943c1521124c7728 P e3aa58d3045c4a05b94b94eb8bf58ae1 [term 1 LEADER]: Leader pre-election vote request: Denying vote to candidate 012786a8f1b64995847cf7dacbc029a4 for term 2 because replica is either leader or believes a valid leader to be alive.
I0312 20:10:29.835144 1740 tablet_service.cc:993] Received RequestConsensusVote() RPC: tablet_id: "7581a0a77de54ef8943c1521124c7728" candidate_uuid: "012786a8f1b64995847cf7dacbc029a4" candidate_term: 2 candidate_status { last_received { term: 1 index: 1 } } ignore_live_leader: false dest_uuid: "9da22e5afdce42078fe8f94ad166ac3c" is_pre_election: true
I0312 20:10:29.835729 1740 raft_consensus.cc:2190] T 7581a0a77de54ef8943c1521124c7728 P 9da22e5afdce42078fe8f94ad166ac3c [term 1 FOLLOWER]: Leader pre-election vote request: Denying vote to candidate 012786a8f1b64995847cf7dacbc029a4 for term 2 because replica is already servicing an update from a current leader or another vote.
I0312 20:10:29.835817 1797 leader_election.cc:377] T 7581a0a77de54ef8943c1521124c7728 P 012786a8f1b64995847cf7dacbc029a4 [CANDIDATE]: Term 2 pre-election: Vote denied by peer e3aa58d3045c4a05b94b94eb8bf58ae1. Message: Invalid argument: T 7581a0a77de54ef8943c1521124c7728 P e3aa58d3045c4a05b94b94eb8bf58ae1 [term 1 LEADER]: Leader pre-election vote request: Denying vote to candidate 012786a8f1b64995847cf7dacbc029a4 for term 2 because replica is either leader or believes a valid leader to be alive.
I0312 20:10:29.836704 1797 leader_election.cc:377] T 7581a0a77de54ef8943c1521124c7728 P 012786a8f1b64995847cf7dacbc029a4 [CANDIDATE]: Term 2 pre-election: Vote denied by peer 9da22e5afdce42078fe8f94ad166ac3c. Message: Service unavailable: T 7581a0a77de54ef8943c1521124c7728 P 9da22e5afdce42078fe8f94ad166ac3c [term 1 FOLLOWER]: Leader pre-election vote request: Denying vote to candidate 012786a8f1b64995847cf7dacbc029a4 for term 2 because replica is already servicing an update from a current leader or another vote.
I0312 20:10:29.836922 1797 leader_election.cc:258] T 7581a0a77de54ef8943c1521124c7728 P 012786a8f1b64995847cf7dacbc029a4 [CANDIDATE]: Term 2 pre-election: Election decided. Result: candidate lost.
I0312 20:10:29.839957 2059 raft_consensus.cc:2700] T 7581a0a77de54ef8943c1521124c7728 P 012786a8f1b64995847cf7dacbc029a4: Snoozing failure detection for 0.017s (election complete)
I0312 20:10:29.840165 2059 raft_consensus.cc:2455] T 7581a0a77de54ef8943c1521124c7728 P 012786a8f1b64995847cf7dacbc029a4 [term 1 FOLLOWER]: Leader pre-election lost for term 2. Reason: could not achieve majority
W0312 20:10:29.851691 1910 tablet.cc:1679] T 7581a0a77de54ef8943c1521124c7728 P 012786a8f1b64995847cf7dacbc029a4: Can't schedule compaction. Clean time has not been advanced past its initial value.
I0312 20:10:29.881681 2059 raft_consensus.cc:436] T 7581a0a77de54ef8943c1521124c7728 P 012786a8f1b64995847cf7dacbc029a4 [term 1 FOLLOWER]: Starting pre-election (detected failure of leader e3aa58d3045c4a05b94b94eb8bf58ae1)
I0312 20:10:29.881904 2059 raft_consensus.cc:2700] T 7581a0a77de54ef8943c1521124c7728 P 012786a8f1b64995847cf7dacbc029a4: Snoozing failure detection for 0.016s (starting election)
I0312 20:10:29.882130 2059 raft_consensus.cc:458] T 7581a0a77de54ef8943c1521124c7728 P 012786a8f1b64995847cf7dacbc029a4 [term 1 FOLLOWER]: Starting pre-election with config: opid_index: -1 OBSOLETE_local: false peers { permanent_uuid: "012786a8f1b64995847cf7dacbc029a4" member_type: VOTER last_known_addr { host: "127.0.53.2" port: 43059 } } peers { permanent_uuid: "e3aa58d3045c4a05b94b94eb8bf58ae1" member_type: VOTER last_known_addr { host: "127.0.53.3" port: 49316 } } peers { permanent_uuid: "9da22e5afdce42078fe8f94ad166ac3c" member_type: VOTER last_known_addr { host: "127.0.53.1" port: 39175 } }
I0312 20:10:29.883277 2059 leader_election.cc:231] T 7581a0a77de54ef8943c1521124c7728 P 012786a8f1b64995847cf7dacbc029a4 [CANDIDATE]: Term 2 pre-election: Requesting pre-vote from peer e3aa58d3045c4a05b94b94eb8bf58ae1
I0312 20:10:29.883638 2059 leader_election.cc:231] T 7581a0a77de54ef8943c1521124c7728 P 012786a8f1b64995847cf7dacbc029a4 [CANDIDATE]: Term 2 pre-election: Requesting pre-vote from peer 9da22e5afdce42078fe8f94ad166ac3c
I0312 20:10:29.884896 1741 tablet_service.cc:993] Received RequestConsensusVote() RPC: tablet_id: "7581a0a77de54ef8943c1521124c7728" candidate_uuid: "012786a8f1b64995847cf7dacbc029a4" candidate_term: 2 candidate_status { last_received { term: 1 index: 2 } } ignore_live_leader: false dest_uuid: "9da22e5afdce42078fe8f94ad166ac3c" is_pre_election: true
I0312 20:10:29.884974 1991 tablet_service.cc:993] Received RequestConsensusVote() RPC: tablet_id: "7581a0a77de54ef8943c1521124c7728" candidate_uuid: "012786a8f1b64995847cf7dacbc029a4" candidate_term: 2 candidate_status { last_received { term: 1 index: 2 } } ignore_live_leader: false dest_uuid: "e3aa58d3045c4a05b94b94eb8bf58ae1" is_pre_election: true
I0312 20:10:29.885473 1741 raft_consensus.cc:2176] T 7581a0a77de54ef8943c1521124c7728 P 9da22e5afdce42078fe8f94ad166ac3c [term 1 FOLLOWER]: Leader pre-election vote request: Denying vote to candidate 012786a8f1b64995847cf7dacbc029a4 for term 2 because replica is either leader or believes a valid leader to be alive.
I0312 20:10:29.885545 1991 raft_consensus.cc:2176] T 7581a0a77de54ef8943c1521124c7728 P e3aa58d3045c4a05b94b94eb8bf58ae1 [term 1 LEADER]: Leader pre-election vote request: Denying vote to candidate 012786a8f1b64995847cf7dacbc029a4 for term 2 because replica is either leader or believes a valid leader to be alive.
I0312 20:10:29.886812 1797 leader_election.cc:377] T 7581a0a77de54ef8943c1521124c7728 P 012786a8f1b64995847cf7dacbc029a4 [CANDIDATE]: Term 2 pre-election: Vote denied by peer 9da22e5afdce42078fe8f94ad166ac3c. Message: Invalid argument: T 7581a0a77de54ef8943c1521124c7728 P 9da22e5afdce42078fe8f94ad166ac3c [term 1 FOLLOWER]: Leader pre-election vote request: Denying vote to candidate 012786a8f1b64995847cf7dacbc029a4 for term 2 because replica is either leader or believes a valid leader to be alive.
I0312 20:10:29.887228 1797 leader_election.cc:377] T 7581a0a77de54ef8943c1521124c7728 P 012786a8f1b64995847cf7dacbc029a4 [CANDIDATE]: Term 2 pre-election: Vote denied by peer e3aa58d3045c4a05b94b94eb8bf58ae1. Message: Invalid argument: T 7581a0a77de54ef8943c1521124c7728 P e3aa58d3045c4a05b94b94eb8bf58ae1 [term 1 LEADER]: Leader pre-election vote request: Denying vote to candidate 012786a8f1b64995847cf7dacbc029a4 for term 2 because replica is either leader or believes a valid leader to be alive.
I0312 20:10:29.887420 1797 leader_election.cc:258] T 7581a0a77de54ef8943c1521124c7728 P 012786a8f1b64995847cf7dacbc029a4 [CANDIDATE]: Term 2 pre-election: Election decided. Result: candidate lost.
I0312 20:10:29.888181 2059 raft_consensus.cc:2700] T 7581a0a77de54ef8943c1521124c7728 P 012786a8f1b64995847cf7dacbc029a4: Snoozing failure detection for 0.026s (election complete)
I0312 20:10:29.888383 2059 raft_consensus.cc:2455] T 7581a0a77de54ef8943c1521124c7728 P 012786a8f1b64995847cf7dacbc029a4 [term 1 FOLLOWER]: Leader pre-election lost for term 2. Reason: could not achieve majority
I0312 20:10:30.109333 2065 raft_consensus.cc:436] T 7581a0a77de54ef8943c1521124c7728 P 9da22e5afdce42078fe8f94ad166ac3c [term 1 FOLLOWER]: Starting pre-election (detected failure of leader e3aa58d3045c4a05b94b94eb8bf58ae1)
I0312 20:10:30.109642 2065 raft_consensus.cc:2700] T 7581a0a77de54ef8943c1521124c7728 P 9da22e5afdce42078fe8f94ad166ac3c: Snoozing failure detection for 0.017s (starting election)
I0312 20:10:30.109879 2065 raft_consensus.cc:458] T 7581a0a77de54ef8943c1521124c7728 P 9da22e5afdce42078fe8f94ad166ac3c [term 1 FOLLOWER]: Starting pre-election with config: opid_index: -1 OBSOLETE_local: false peers { permanent_uuid: "012786a8f1b64995847cf7dacbc029a4" member_type: VOTER last_known_addr { host: "127.0.53.2" port: 43059 } } peers { permanent_uuid: "e3aa58d3045c4a05b94b94eb8bf58ae1" member_type: VOTER last_known_addr { host: "127.0.53.3" port: 49316 } } peers { permanent_uuid: "9da22e5afdce42078fe8f94ad166ac3c" member_type: VOTER last_known_addr { host: "127.0.53.1" port: 39175 } }
I0312 20:10:30.110919 2065 leader_election.cc:231] T 7581a0a77de54ef8943c1521124c7728 P 9da22e5afdce42078fe8f94ad166ac3c [CANDIDATE]: Term 2 pre-election: Requesting pre-vote from peer 012786a8f1b64995847cf7dacbc029a4
I0312 20:10:30.111281 2065 leader_election.cc:231] T 7581a0a77de54ef8943c1521124c7728 P 9da22e5afdce42078fe8f94ad166ac3c [CANDIDATE]: Term 2 pre-election: Requesting pre-vote from peer e3aa58d3045c4a05b94b94eb8bf58ae1
I0312 20:10:30.112720 1991 tablet_service.cc:993] Received RequestConsensusVote() RPC: tablet_id: "7581a0a77de54ef8943c1521124c7728" candidate_uuid: "9da22e5afdce42078fe8f94ad166ac3c" candidate_term: 2 candidate_status { last_received { term: 1 index: 9 } } ignore_live_leader: false dest_uuid: "e3aa58d3045c4a05b94b94eb8bf58ae1" is_pre_election: true
I0312 20:10:30.112735 1865 tablet_service.cc:993] Received RequestConsensusVote() RPC: tablet_id: "7581a0a77de54ef8943c1521124c7728" candidate_uuid: "9da22e5afdce42078fe8f94ad166ac3c" candidate_term: 2 candidate_status { last_received { term: 1 index: 9 } } ignore_live_leader: false dest_uuid: "012786a8f1b64995847cf7dacbc029a4" is_pre_election: true
I0312 20:10:30.113152 1991 raft_consensus.cc:2176] T 7581a0a77de54ef8943c1521124c7728 P e3aa58d3045c4a05b94b94eb8bf58ae1 [term 1 LEADER]: Leader pre-election vote request: Denying vote to candidate 9da22e5afdce42078fe8f94ad166ac3c for term 2 because replica is either leader or believes a valid leader to be alive.
I0312 20:10:30.113179 1865 raft_consensus.cc:2190] T 7581a0a77de54ef8943c1521124c7728 P 012786a8f1b64995847cf7dacbc029a4 [term 1 FOLLOWER]: Leader pre-election vote request: Denying vote to candidate 9da22e5afdce42078fe8f94ad166ac3c for term 2 because replica is already servicing an update from a current leader or another vote.
I0312 20:10:30.114274 1676 leader_election.cc:377] T 7581a0a77de54ef8943c1521124c7728 P 9da22e5afdce42078fe8f94ad166ac3c [CANDIDATE]: Term 2 pre-election: Vote denied by peer 012786a8f1b64995847cf7dacbc029a4. Message: Service unavailable: T 7581a0a77de54ef8943c1521124c7728 P 012786a8f1b64995847cf7dacbc029a4 [term 1 FOLLOWER]: Leader pre-election vote request: Denying vote to candidate 9da22e5afdce42078fe8f94ad166ac3c for term 2 because replica is already servicing an update from a current leader or another vote.
I0312 20:10:30.121341 1663 leader_election.cc:377] T 7581a0a77de54ef8943c1521124c7728 P 9da22e5afdce42078fe8f94ad166ac3c [CANDIDATE]: Term 2 pre-election: Vote denied by peer e3aa58d3045c4a05b94b94eb8bf58ae1. Message: Invalid argument: T 7581a0a77de54ef8943c1521124c7728 P e3aa58d3045c4a05b94b94eb8bf58ae1 [term 1 LEADER]: Leader pre-election vote request: Denying vote to candidate 9da22e5afdce42078fe8f94ad166ac3c for term 2 because replica is either leader or believes a valid leader to be alive.
I0312 20:10:30.121520 1663 leader_election.cc:258] T 7581a0a77de54ef8943c1521124c7728 P 9da22e5afdce42078fe8f94ad166ac3c [CANDIDATE]: Term 2 pre-election: Election decided. Result: candidate lost.
I0312 20:10:30.121858 2065 raft_consensus.cc:2700] T 7581a0a77de54ef8943c1521124c7728 P 9da22e5afdce42078fe8f94ad166ac3c: Snoozing failure detection for 0.020s (election complete)
I0312 20:10:30.122058 2065 raft_consensus.cc:2455] T 7581a0a77de54ef8943c1521124c7728 P 9da22e5afdce42078fe8f94ad166ac3c [term 1 FOLLOWER]: Leader pre-election lost for term 2. Reason: could not achieve majority
I0312 20:10:30.125715 2059 raft_consensus.cc:436] T 7581a0a77de54ef8943c1521124c7728 P 012786a8f1b64995847cf7dacbc029a4 [term 1 FOLLOWER]: Starting pre-election (detected failure of leader e3aa58d3045c4a05b94b94eb8bf58ae1)
I0312 20:10:30.125929 2059 raft_consensus.cc:2700] T 7581a0a77de54ef8943c1521124c7728 P 012786a8f1b64995847cf7dacbc029a4: Snoozing failure detection for 0.022s (starting election)
I0312 20:10:30.126127 2059 raft_consensus.cc:458] T 7581a0a77de54ef8943c1521124c7728 P 012786a8f1b64995847cf7dacbc029a4 [term 1 FOLLOWER]: Starting pre-election with config: opid_index: -1 OBSOLETE_local: false peers { permanent_uuid: "012786a8f1b64995847cf7dacbc029a4" member_type: VOTER last_known_addr { host: "127.0.53.2" port: 43059 } } peers { permanent_uuid: "e3aa58d3045c4a05b94b94eb8bf58ae1" member_type: VOTER last_known_addr { host: "127.0.53.3" port: 49316 } } peers { permanent_uuid: "9da22e5afdce42078fe8f94ad166ac3c" member_type: VOTER last_known_addr { host: "127.0.53.1" port: 39175 } }
I0312 20:10:30.126966 2059 leader_election.cc:231] T 7581a0a77de54ef8943c1521124c7728 P 012786a8f1b64995847cf7dacbc029a4 [CANDIDATE]: Term 2 pre-election: Requesting pre-vote from peer e3aa58d3045c4a05b94b94eb8bf58ae1
I0312 20:10:30.127280 2059 leader_election.cc:231] T 7581a0a77de54ef8943c1521124c7728 P 012786a8f1b64995847cf7dacbc029a4 [CANDIDATE]: Term 2 pre-election: Requesting pre-vote from peer 9da22e5afdce42078fe8f94ad166ac3c
I0312 20:10:30.128545 1741 tablet_service.cc:993] Received RequestConsensusVote() RPC: tablet_id: "7581a0a77de54ef8943c1521124c7728" candidate_uuid: "012786a8f1b64995847cf7dacbc029a4" candidate_term: 2 candidate_status { last_received { term: 1 index: 11 } } ignore_live_leader: false dest_uuid: "9da22e5afdce42078fe8f94ad166ac3c" is_pre_election: true
I0312 20:10:30.129092 1741 raft_consensus.cc:2176] T 7581a0a77de54ef8943c1521124c7728 P 9da22e5afdce42078fe8f94ad166ac3c [term 1 FOLLOWER]: Leader pre-election vote request: Denying vote to candidate 012786a8f1b64995847cf7dacbc029a4 for term 2 because replica is either leader or believes a valid leader to be alive.
I0312 20:10:30.130125 1797 leader_election.cc:377] T 7581a0a77de54ef8943c1521124c7728 P 012786a8f1b64995847cf7dacbc029a4 [CANDIDATE]: Term 2 pre-election: Vote denied by peer 9da22e5afdce42078fe8f94ad166ac3c. Message: Invalid argument: T 7581a0a77de54ef8943c1521124c7728 P 9da22e5afdce42078fe8f94ad166ac3c [term 1 FOLLOWER]: Leader pre-election vote request: Denying vote to candidate 012786a8f1b64995847cf7dacbc029a4 for term 2 because replica is either leader or believes a valid leader to be alive.
I0312 20:10:30.135601 1991 tablet_service.cc:993] Received RequestConsensusVote() RPC: tablet_id: "7581a0a77de54ef8943c1521124c7728" candidate_uuid: "012786a8f1b64995847cf7dacbc029a4" candidate_term: 2 candidate_status { last_received { term: 1 index: 11 } } ignore_live_leader: false dest_uuid: "e3aa58d3045c4a05b94b94eb8bf58ae1" is_pre_election: true
I0312 20:10:30.141330 1991 raft_consensus.cc:2176] T 7581a0a77de54ef8943c1521124c7728 P e3aa58d3045c4a05b94b94eb8bf58ae1 [term 1 LEADER]: Leader pre-election vote request: Denying vote to candidate 012786a8f1b64995847cf7dacbc029a4 for term 2 because replica is either leader or believes a valid leader to be alive.
I0312 20:10:30.143265 1797 leader_election.cc:377] T 7581a0a77de54ef8943c1521124c7728 P 012786a8f1b64995847cf7dacbc029a4 [CANDIDATE]: Term 2 pre-election: Vote denied by peer e3aa58d3045c4a05b94b94eb8bf58ae1. Message: Invalid argument: T 7581a0a77de54ef8943c1521124c7728 P e3aa58d3045c4a05b94b94eb8bf58ae1 [term 1 LEADER]: Leader pre-election vote request: Denying vote to candidate 012786a8f1b64995847cf7dacbc029a4 for term 2 because replica is either leader or believes a valid leader to be alive.
I0312 20:10:30.143496 1797 leader_election.cc:258] T 7581a0a77de54ef8943c1521124c7728 P 012786a8f1b64995847cf7dacbc029a4 [CANDIDATE]: Term 2 pre-election: Election decided. Result: candidate lost.
I0312 20:10:30.144265 2059 raft_consensus.cc:2700] T 7581a0a77de54ef8943c1521124c7728 P 012786a8f1b64995847cf7dacbc029a4: Snoozing failure detection for 0.031s (election complete)
I0312 20:10:30.144471 2059 raft_consensus.cc:2455] T 7581a0a77de54ef8943c1521124c7728 P 012786a8f1b64995847cf7dacbc029a4 [term 1 FOLLOWER]: Leader pre-election lost for term 2. Reason: could not achieve majority
W0312 20:10:30.384552 2072 log.cc:662] Time spent T 7581a0a77de54ef8943c1521124c7728 P e3aa58d3045c4a05b94b94eb8bf58ae1: Append to log took a long time: real 0.127s user 0.004s sys 0.000s
W0312 20:10:30.644258 2072 log.cc:662] Time spent T 7581a0a77de54ef8943c1521124c7728 P e3aa58d3045c4a05b94b94eb8bf58ae1: Append to log took a long time: real 0.259s user 0.000s sys 0.000s
W0312 20:10:30.644307 2073 log.cc:662] Time spent T 7581a0a77de54ef8943c1521124c7728 P 012786a8f1b64995847cf7dacbc029a4: Append to log took a long time: real 0.384s user 0.000s sys 0.000s
W0312 20:10:30.645185 2074 log.cc:662] Time spent T 7581a0a77de54ef8943c1521124c7728 P 9da22e5afdce42078fe8f94ad166ac3c: Append to log took a long time: real 0.385s user 0.000s sys 0.000s
I0312 20:10:30.913683 2098 raft_consensus.cc:436] T 7581a0a77de54ef8943c1521124c7728 P 9da22e5afdce42078fe8f94ad166ac3c [term 1 FOLLOWER]: Starting pre-election (detected failure of leader e3aa58d3045c4a05b94b94eb8bf58ae1)
I0312 20:10:30.914021 2098 raft_consensus.cc:2700] T 7581a0a77de54ef8943c1521124c7728 P 9da22e5afdce42078fe8f94ad166ac3c: Snoozing failure detection for 0.027s (starting election)
I0312 20:10:30.914294 2098 raft_consensus.cc:458] T 7581a0a77de54ef8943c1521124c7728 P 9da22e5afdce42078fe8f94ad166ac3c [term 1 FOLLOWER]: Starting pre-election with config: opid_index: -1 OBSOLETE_local: false peers { permanent_uuid: "012786a8f1b64995847cf7dacbc029a4" member_type: VOTER last_known_addr { host: "127.0.53.2" port: 43059 } } peers { permanent_uuid: "e3aa58d3045c4a05b94b94eb8bf58ae1" member_type: VOTER last_known_addr { host: "127.0.53.3" port: 49316 } } peers { permanent_uuid: "9da22e5afdce42078fe8f94ad166ac3c" member_type: VOTER last_known_addr { host: "127.0.53.1" port: 39175 } }
I0312 20:10:30.922595 2098 leader_election.cc:231] T 7581a0a77de54ef8943c1521124c7728 P 9da22e5afdce42078fe8f94ad166ac3c [CANDIDATE]: Term 2 pre-election: Requesting pre-vote from peer 012786a8f1b64995847cf7dacbc029a4
I0312 20:10:30.926154 1866 tablet_service.cc:993] Received RequestConsensusVote() RPC: tablet_id: "7581a0a77de54ef8943c1521124c7728" candidate_uuid: "9da22e5afdce42078fe8f94ad166ac3c" candidate_term: 2 candidate_status { last_received { term: 1 index: 31 } } ignore_live_leader: false dest_uuid: "012786a8f1b64995847cf7dacbc029a4" is_pre_election: true
I0312 20:10:30.926779 1866 raft_consensus.cc:2176] T 7581a0a77de54ef8943c1521124c7728 P 012786a8f1b64995847cf7dacbc029a4 [term 1 FOLLOWER]: Leader pre-election vote request: Denying vote to candidate 9da22e5afdce42078fe8f94ad166ac3c for term 2 because replica is either leader or believes a valid leader to be alive.
I0312 20:10:30.927685 2098 leader_election.cc:231] T 7581a0a77de54ef8943c1521124c7728 P 9da22e5afdce42078fe8f94ad166ac3c [CANDIDATE]: Term 2 pre-election: Requesting pre-vote from peer e3aa58d3045c4a05b94b94eb8bf58ae1
I0312 20:10:30.930568 1991 tablet_service.cc:993] Received RequestConsensusVote() RPC: tablet_id: "7581a0a77de54ef8943c1521124c7728" candidate_uuid: "9da22e5afdce42078fe8f94ad166ac3c" candidate_term: 2 candidate_status { last_received { term: 1 index: 31 } } ignore_live_leader: false dest_uuid: "e3aa58d3045c4a05b94b94eb8bf58ae1" is_pre_election: true
I0312 20:10:30.931125 1991 raft_consensus.cc:2176] T 7581a0a77de54ef8943c1521124c7728 P e3aa58d3045c4a05b94b94eb8bf58ae1 [term 1 LEADER]: Leader pre-election vote request: Denying vote to candidate 9da22e5afdce42078fe8f94ad166ac3c for term 2 because replica is either leader or believes a valid leader to be alive.
I0312 20:10:30.933306 1676 leader_election.cc:377] T 7581a0a77de54ef8943c1521124c7728 P 9da22e5afdce42078fe8f94ad166ac3c [CANDIDATE]: Term 2 pre-election: Vote denied by peer 012786a8f1b64995847cf7dacbc029a4. Message: Invalid argument: T 7581a0a77de54ef8943c1521124c7728 P 012786a8f1b64995847cf7dacbc029a4 [term 1 FOLLOWER]: Leader pre-election vote request: Denying vote to candidate 9da22e5afdce42078fe8f94ad166ac3c for term 2 because replica is either leader or believes a valid leader to be alive.
I0312 20:10:30.944038 2098 raft_consensus.cc:436] T 7581a0a77de54ef8943c1521124c7728 P 9da22e5afdce42078fe8f94ad166ac3c [term 1 FOLLOWER]: Starting pre-election (detected failure of leader e3aa58d3045c4a05b94b94eb8bf58ae1)
I0312 20:10:30.944310 2098 raft_consensus.cc:2700] T 7581a0a77de54ef8943c1521124c7728 P 9da22e5afdce42078fe8f94ad166ac3c: Snoozing failure detection for 0.025s (starting election)
I0312 20:10:30.944583 2098 raft_consensus.cc:458] T 7581a0a77de54ef8943c1521124c7728 P 9da22e5afdce42078fe8f94ad166ac3c [term 1 FOLLOWER]: Starting pre-election with config: opid_index: -1 OBSOLETE_local: false peers { permanent_uuid: "012786a8f1b64995847cf7dacbc029a4" member_type: VOTER last_known_addr { host: "127.0.53.2" port: 43059 } } peers { permanent_uuid: "e3aa58d3045c4a05b94b94eb8bf58ae1" member_type: VOTER last_known_addr { host: "127.0.53.3" port: 49316 } } peers { permanent_uuid: "9da22e5afdce42078fe8f94ad166ac3c" member_type: VOTER last_known_addr { host: "127.0.53.1" port: 39175 } }
I0312 20:10:30.945569 2098 leader_election.cc:231] T 7581a0a77de54ef8943c1521124c7728 P 9da22e5afdce42078fe8f94ad166ac3c [CANDIDATE]: Term 2 pre-election: Requesting pre-vote from peer 012786a8f1b64995847cf7dacbc029a4
I0312 20:10:30.946444 2098 leader_election.cc:231] T 7581a0a77de54ef8943c1521124c7728 P 9da22e5afdce42078fe8f94ad166ac3c [CANDIDATE]: Term 2 pre-election: Requesting pre-vote from peer e3aa58d3045c4a05b94b94eb8bf58ae1
I0312 20:10:30.948084 1663 leader_election.cc:377] T 7581a0a77de54ef8943c1521124c7728 P 9da22e5afdce42078fe8f94ad166ac3c [CANDIDATE]: Term 2 pre-election: Vote denied by peer e3aa58d3045c4a05b94b94eb8bf58ae1. Message: Invalid argument: T 7581a0a77de54ef8943c1521124c7728 P e3aa58d3045c4a05b94b94eb8bf58ae1 [term 1 LEADER]: Leader pre-election vote request: Denying vote to candidate 9da22e5afdce42078fe8f94ad166ac3c for term 2 because replica is either leader or believes a valid leader to be alive.
I0312 20:10:30.948376 1663 leader_election.cc:258] T 7581a0a77de54ef8943c1521124c7728 P 9da22e5afdce42078fe8f94ad166ac3c [CANDIDATE]: Term 2 pre-election: Election decided. Result: candidate lost.
I0312 20:10:30.949196 2098 raft_consensus.cc:2700] T 7581a0a77de54ef8943c1521124c7728 P 9da22e5afdce42078fe8f94ad166ac3c: Snoozing failure detection for 0.028s (election complete)
I0312 20:10:30.949425 2098 raft_consensus.cc:2455] T 7581a0a77de54ef8943c1521124c7728 P 9da22e5afdce42078fe8f94ad166ac3c [term 1 FOLLOWER]: Leader pre-election lost for term 2. Reason: could not achieve majority
I0312 20:10:30.951846 1991 tablet_service.cc:993] Received RequestConsensusVote() RPC: tablet_id: "7581a0a77de54ef8943c1521124c7728" candidate_uuid: "9da22e5afdce42078fe8f94ad166ac3c" candidate_term: 2 candidate_status { last_received { term: 1 index: 32 } } ignore_live_leader: false dest_uuid: "e3aa58d3045c4a05b94b94eb8bf58ae1" is_pre_election: true
I0312 20:10:30.952358 1991 raft_consensus.cc:2176] T 7581a0a77de54ef8943c1521124c7728 P e3aa58d3045c4a05b94b94eb8bf58ae1 [term 1 LEADER]: Leader pre-election vote request: Denying vote to candidate 9da22e5afdce42078fe8f94ad166ac3c for term 2 because replica is either leader or believes a valid leader to be alive.
I0312 20:10:30.954365 1865 tablet_service.cc:993] Received RequestConsensusVote() RPC: tablet_id: "7581a0a77de54ef8943c1521124c7728" candidate_uuid: "9da22e5afdce42078fe8f94ad166ac3c" candidate_term: 2 candidate_status { last_received { term: 1 index: 32 } } ignore_live_leader: false dest_uuid: "012786a8f1b64995847cf7dacbc029a4" is_pre_election: true
I0312 20:10:30.954916 1865 raft_consensus.cc:2176] T 7581a0a77de54ef8943c1521124c7728 P 012786a8f1b64995847cf7dacbc029a4 [term 1 FOLLOWER]: Leader pre-election vote request: Denying vote to candidate 9da22e5afdce42078fe8f94ad166ac3c for term 2 because replica is either leader or believes a valid leader to be alive.
I0312 20:10:30.955812 1676 leader_election.cc:377] T 7581a0a77de54ef8943c1521124c7728 P 9da22e5afdce42078fe8f94ad166ac3c [CANDIDATE]: Term 2 pre-election: Vote denied by peer 012786a8f1b64995847cf7dacbc029a4. Message: Invalid argument: T 7581a0a77de54ef8943c1521124c7728 P 012786a8f1b64995847cf7dacbc029a4 [term 1 FOLLOWER]: Leader pre-election vote request: Denying vote to candidate 9da22e5afdce42078fe8f94ad166ac3c for term 2 because replica is either leader or believes a valid leader to be alive.
I0312 20:10:30.956833 1663 leader_election.cc:377] T 7581a0a77de54ef8943c1521124c7728 P 9da22e5afdce42078fe8f94ad166ac3c [CANDIDATE]: Term 2 pre-election: Vote denied by peer e3aa58d3045c4a05b94b94eb8bf58ae1. Message: Invalid argument: T 7581a0a77de54ef8943c1521124c7728 P e3aa58d3045c4a05b94b94eb8bf58ae1 [term 1 LEADER]: Leader pre-election vote request: Denying vote to candidate 9da22e5afdce42078fe8f94ad166ac3c for term 2 because replica is either leader or believes a valid leader to be alive.
I0312 20:10:30.957093 1663 leader_election.cc:258] T 7581a0a77de54ef8943c1521124c7728 P 9da22e5afdce42078fe8f94ad166ac3c [CANDIDATE]: Term 2 pre-election: Election decided. Result: candidate lost.
I0312 20:10:30.957478 2098 raft_consensus.cc:2700] T 7581a0a77de54ef8943c1521124c7728 P 9da22e5afdce42078fe8f94ad166ac3c: Snoozing failure detection for 0.028s (election complete)
I0312 20:10:30.957789 2098 raft_consensus.cc:2455] T 7581a0a77de54ef8943c1521124c7728 P 9da22e5afdce42078fe8f94ad166ac3c [term 1 FOLLOWER]: Leader pre-election lost for term 2. Reason: could not achieve majority
I0312 20:10:30.961699 2099 raft_consensus.cc:436] T 7581a0a77de54ef8943c1521124c7728 P 012786a8f1b64995847cf7dacbc029a4 [term 1 FOLLOWER]: Starting pre-election (detected failure of leader e3aa58d3045c4a05b94b94eb8bf58ae1)
I0312 20:10:30.969172 2099 raft_consensus.cc:2700] T 7581a0a77de54ef8943c1521124c7728 P 012786a8f1b64995847cf7dacbc029a4: Snoozing failure detection for 0.070s (starting election)
I0312 20:10:30.969431 2099 raft_consensus.cc:458] T 7581a0a77de54ef8943c1521124c7728 P 012786a8f1b64995847cf7dacbc029a4 [term 1 FOLLOWER]: Starting pre-election with config: opid_index: -1 OBSOLETE_local: false peers { permanent_uuid: "012786a8f1b64995847cf7dacbc029a4" member_type: VOTER last_known_addr { host: "127.0.53.2" port: 43059 } } peers { permanent_uuid: "e3aa58d3045c4a05b94b94eb8bf58ae1" member_type: VOTER last_known_addr { host: "127.0.53.3" port: 49316 } } peers { permanent_uuid: "9da22e5afdce42078fe8f94ad166ac3c" member_type: VOTER last_known_addr { host: "127.0.53.1" port: 39175 } }
I0312 20:10:30.977125 2099 leader_election.cc:231] T 7581a0a77de54ef8943c1521124c7728 P 012786a8f1b64995847cf7dacbc029a4 [CANDIDATE]: Term 2 pre-election: Requesting pre-vote from peer e3aa58d3045c4a05b94b94eb8bf58ae1
I0312 20:10:30.977988 2099 leader_election.cc:231] T 7581a0a77de54ef8943c1521124c7728 P 012786a8f1b64995847cf7dacbc029a4 [CANDIDATE]: Term 2 pre-election: Requesting pre-vote from peer 9da22e5afdce42078fe8f94ad166ac3c
I0312 20:10:30.978420 1991 tablet_service.cc:993] Received RequestConsensusVote() RPC: tablet_id: "7581a0a77de54ef8943c1521124c7728" candidate_uuid: "012786a8f1b64995847cf7dacbc029a4" candidate_term: 2 candidate_status { last_received { term: 1 index: 33 } } ignore_live_leader: false dest_uuid: "e3aa58d3045c4a05b94b94eb8bf58ae1" is_pre_election: true
I0312 20:10:30.978932 1991 raft_consensus.cc:2176] T 7581a0a77de54ef8943c1521124c7728 P e3aa58d3045c4a05b94b94eb8bf58ae1 [term 1 LEADER]: Leader pre-election vote request: Denying vote to candidate 012786a8f1b64995847cf7dacbc029a4 for term 2 because replica is either leader or believes a valid leader to be alive.
I0312 20:10:30.979297 1741 tablet_service.cc:993] Received RequestConsensusVote() RPC: tablet_id: "7581a0a77de54ef8943c1521124c7728" candidate_uuid: "012786a8f1b64995847cf7dacbc029a4" candidate_term: 2 candidate_status { last_received { term: 1 index: 33 } } ignore_live_leader: false dest_uuid: "9da22e5afdce42078fe8f94ad166ac3c" is_pre_election: true
I0312 20:10:30.980134 1797 leader_election.cc:377] T 7581a0a77de54ef8943c1521124c7728 P 012786a8f1b64995847cf7dacbc029a4 [CANDIDATE]: Term 2 pre-election: Vote denied by peer e3aa58d3045c4a05b94b94eb8bf58ae1. Message: Invalid argument: T 7581a0a77de54ef8943c1521124c7728 P e3aa58d3045c4a05b94b94eb8bf58ae1 [term 1 LEADER]: Leader pre-election vote request: Denying vote to candidate 012786a8f1b64995847cf7dacbc029a4 for term 2 because replica is either leader or believes a valid leader to be alive.
I0312 20:10:30.981891 1741 raft_consensus.cc:2190] T 7581a0a77de54ef8943c1521124c7728 P 9da22e5afdce42078fe8f94ad166ac3c [term 1 FOLLOWER]: Leader pre-election vote request: Denying vote to candidate 012786a8f1b64995847cf7dacbc029a4 for term 2 because replica is already servicing an update from a current leader or another vote.
I0312 20:10:30.983085 1797 leader_election.cc:377] T 7581a0a77de54ef8943c1521124c7728 P 012786a8f1b64995847cf7dacbc029a4 [CANDIDATE]: Term 2 pre-election: Vote denied by peer 9da22e5afdce42078fe8f94ad166ac3c. Message: Service unavailable: T 7581a0a77de54ef8943c1521124c7728 P 9da22e5afdce42078fe8f94ad166ac3c [term 1 FOLLOWER]: Leader pre-election vote request: Denying vote to candidate 012786a8f1b64995847cf7dacbc029a4 for term 2 because replica is already servicing an update from a current leader or another vote.
I0312 20:10:30.983260 1797 leader_election.cc:258] T 7581a0a77de54ef8943c1521124c7728 P 012786a8f1b64995847cf7dacbc029a4 [CANDIDATE]: Term 2 pre-election: Election decided. Result: candidate lost.
I0312 20:10:30.983577 2099 raft_consensus.cc:2700] T 7581a0a77de54ef8943c1521124c7728 P 012786a8f1b64995847cf7dacbc029a4: Snoozing failure detection for 0.043s (election complete)
I0312 20:10:30.983788 2099 raft_consensus.cc:2455] T 7581a0a77de54ef8943c1521124c7728 P 012786a8f1b64995847cf7dacbc029a4 [term 1 FOLLOWER]: Leader pre-election lost for term 2. Reason: could not achieve majority
I0312 20:10:31.506639 2100 raft_consensus.cc:436] T 7581a0a77de54ef8943c1521124c7728 P 012786a8f1b64995847cf7dacbc029a4 [term 1 FOLLOWER]: Starting pre-election (detected failure of leader e3aa58d3045c4a05b94b94eb8bf58ae1)
I0312 20:10:31.506969 2100 raft_consensus.cc:2700] T 7581a0a77de54ef8943c1521124c7728 P 012786a8f1b64995847cf7dacbc029a4: Snoozing failure detection for 0.019s (starting election)
I0312 20:10:31.507239 2100 raft_consensus.cc:458] T 7581a0a77de54ef8943c1521124c7728 P 012786a8f1b64995847cf7dacbc029a4 [term 1 FOLLOWER]: Starting pre-election with config: opid_index: -1 OBSOLETE_local: false peers { permanent_uuid: "012786a8f1b64995847cf7dacbc029a4" member_type: VOTER last_known_addr { host: "127.0.53.2" port: 43059 } } peers { permanent_uuid: "e3aa58d3045c4a05b94b94eb8bf58ae1" member_type: VOTER last_known_addr { host: "127.0.53.3" port: 49316 } } peers { permanent_uuid: "9da22e5afdce42078fe8f94ad166ac3c" member_type: VOTER last_known_addr { host: "127.0.53.1" port: 39175 } }
I0312 20:10:31.517805 2100 leader_election.cc:231] T 7581a0a77de54ef8943c1521124c7728 P 012786a8f1b64995847cf7dacbc029a4 [CANDIDATE]: Term 2 pre-election: Requesting pre-vote from peer e3aa58d3045c4a05b94b94eb8bf58ae1
I0312 20:10:31.519769 1991 tablet_service.cc:993] Received RequestConsensusVote() RPC: tablet_id: "7581a0a77de54ef8943c1521124c7728" candidate_uuid: "012786a8f1b64995847cf7dacbc029a4" candidate_term: 2 candidate_status { last_received { term: 1 index: 53 } } ignore_live_leader: false dest_uuid: "e3aa58d3045c4a05b94b94eb8bf58ae1" is_pre_election: true
I0312 20:10:31.520320 1991 raft_consensus.cc:2176] T 7581a0a77de54ef8943c1521124c7728 P e3aa58d3045c4a05b94b94eb8bf58ae1 [term 1 LEADER]: Leader pre-election vote request: Denying vote to candidate 012786a8f1b64995847cf7dacbc029a4 for term 2 because replica is either leader or believes a valid leader to be alive.
I0312 20:10:31.521440 1797 leader_election.cc:377] T 7581a0a77de54ef8943c1521124c7728 P 012786a8f1b64995847cf7dacbc029a4 [CANDIDATE]: Term 2 pre-election: Vote denied by peer e3aa58d3045c4a05b94b94eb8bf58ae1. Message: Invalid argument: T 7581a0a77de54ef8943c1521124c7728 P e3aa58d3045c4a05b94b94eb8bf58ae1 [term 1 LEADER]: Leader pre-election vote request: Denying vote to candidate 012786a8f1b64995847cf7dacbc029a4 for term 2 because replica is either leader or believes a valid leader to be alive.
I0312 20:10:31.522485 2100 leader_election.cc:231] T 7581a0a77de54ef8943c1521124c7728 P 012786a8f1b64995847cf7dacbc029a4 [CANDIDATE]: Term 2 pre-election: Requesting pre-vote from peer 9da22e5afdce42078fe8f94ad166ac3c
I0312 20:10:31.525887 1740 tablet_service.cc:993] Received RequestConsensusVote() RPC: tablet_id: "7581a0a77de54ef8943c1521124c7728" candidate_uuid: "012786a8f1b64995847cf7dacbc029a4" candidate_term: 2 candidate_status { last_received { term: 1 index: 53 } } ignore_live_leader: false dest_uuid: "9da22e5afdce42078fe8f94ad166ac3c" is_pre_election: true
I0312 20:10:31.526506 1740 raft_consensus.cc:2176] T 7581a0a77de54ef8943c1521124c7728 P 9da22e5afdce42078fe8f94ad166ac3c [term 1 FOLLOWER]: Leader pre-election vote request: Denying vote to candidate 012786a8f1b64995847cf7dacbc029a4 for term 2 because replica is either leader or believes a valid leader to be alive.
I0312 20:10:31.527621 1797 leader_election.cc:377] T 7581a0a77de54ef8943c1521124c7728 P 012786a8f1b64995847cf7dacbc029a4 [CANDIDATE]: Term 2 pre-election: Vote denied by peer 9da22e5afdce42078fe8f94ad166ac3c. Message: Invalid argument: T 7581a0a77de54ef8943c1521124c7728 P 9da22e5afdce42078fe8f94ad166ac3c [term 1 FOLLOWER]: Leader pre-election vote request: Denying vote to candidate 012786a8f1b64995847cf7dacbc029a4 for term 2 because replica is either leader or believes a valid leader to be alive.
I0312 20:10:31.527848 1797 leader_election.cc:258] T 7581a0a77de54ef8943c1521124c7728 P 012786a8f1b64995847cf7dacbc029a4 [CANDIDATE]: Term 2 pre-election: Election decided. Result: candidate lost.
I0312 20:10:31.528487 2100 raft_consensus.cc:2700] T 7581a0a77de54ef8943c1521124c7728 P 012786a8f1b64995847cf7dacbc029a4: Snoozing failure detection for 0.058s (election complete)
I0312 20:10:31.528702 2100 raft_consensus.cc:2455] T 7581a0a77de54ef8943c1521124c7728 P 012786a8f1b64995847cf7dacbc029a4 [term 1 FOLLOWER]: Leader pre-election lost for term 2. Reason: could not achieve majority
I0312 20:10:31.709786 2101 raft_consensus.cc:436] T 7581a0a77de54ef8943c1521124c7728 P 9da22e5afdce42078fe8f94ad166ac3c [term 1 FOLLOWER]: Starting pre-election (detected failure of leader e3aa58d3045c4a05b94b94eb8bf58ae1)
I0312 20:10:31.713173 2101 raft_consensus.cc:2700] T 7581a0a77de54ef8943c1521124c7728 P 9da22e5afdce42078fe8f94ad166ac3c: Snoozing failure detection for 0.030s (starting election)
I0312 20:10:31.713526 2101 raft_consensus.cc:458] T 7581a0a77de54ef8943c1521124c7728 P 9da22e5afdce42078fe8f94ad166ac3c [term 1 FOLLOWER]: Starting pre-election with config: opid_index: -1 OBSOLETE_local: false peers { permanent_uuid: "012786a8f1b64995847cf7dacbc029a4" member_type: VOTER last_known_addr { host: "127.0.53.2" port: 43059 } } peers { permanent_uuid: "e3aa58d3045c4a05b94b94eb8bf58ae1" member_type: VOTER last_known_addr { host: "127.0.53.3" port: 49316 } } peers { permanent_uuid: "9da22e5afdce42078fe8f94ad166ac3c" member_type: VOTER last_known_addr { host: "127.0.53.1" port: 39175 } }
I0312 20:10:31.714617 2101 leader_election.cc:231] T 7581a0a77de54ef8943c1521124c7728 P 9da22e5afdce42078fe8f94ad166ac3c [CANDIDATE]: Term 2 pre-election: Requesting pre-vote from peer 012786a8f1b64995847cf7dacbc029a4
I0312 20:10:31.717797 1866 tablet_service.cc:993] Received RequestConsensusVote() RPC: tablet_id: "7581a0a77de54ef8943c1521124c7728" candidate_uuid: "9da22e5afdce42078fe8f94ad166ac3c" candidate_term: 2 candidate_status { last_received { term: 1 index: 60 } } ignore_live_leader: false dest_uuid: "012786a8f1b64995847cf7dacbc029a4" is_pre_election: true
I0312 20:10:31.718219 2101 leader_election.cc:231] T 7581a0a77de54ef8943c1521124c7728 P 9da22e5afdce42078fe8f94ad166ac3c [CANDIDATE]: Term 2 pre-election: Requesting pre-vote from peer e3aa58d3045c4a05b94b94eb8bf58ae1
I0312 20:10:31.718603 1866 raft_consensus.cc:2176] T 7581a0a77de54ef8943c1521124c7728 P 012786a8f1b64995847cf7dacbc029a4 [term 1 FOLLOWER]: Leader pre-election vote request: Denying vote to candidate 9da22e5afdce42078fe8f94ad166ac3c for term 2 because replica is either leader or believes a valid leader to be alive.
I0312 20:10:31.719969 1991 tablet_service.cc:993] Received RequestConsensusVote() RPC: tablet_id: "7581a0a77de54ef8943c1521124c7728" candidate_uuid: "9da22e5afdce42078fe8f94ad166ac3c" candidate_term: 2 candidate_status { last_received { term: 1 index: 60 } } ignore_live_leader: false dest_uuid: "e3aa58d3045c4a05b94b94eb8bf58ae1" is_pre_election: true
