I0312 20:10:51.474675 1663 leader_election.cc:377] T 7581a0a77de54ef8943c1521124c7728 P 9da22e5afdce42078fe8f94ad166ac3c [CANDIDATE]: Term 7 election: Vote denied by peer e3aa58d3045c4a05b94b94eb8bf58ae1. Message: Invalid argument: T 7581a0a77de54ef8943c1521124c7728 P e3aa58d3045c4a05b94b94eb8bf58ae1 [term 6 FOLLOWER]: Leader election vote request: Denying vote to candidate 9da22e5afdce42078fe8f94ad166ac3c for term 7 because replica is either leader or believes a valid leader to be alive.
W0312 20:10:51.475468 1676 leader_election.cc:287] T 7581a0a77de54ef8943c1521124c7728 P 9da22e5afdce42078fe8f94ad166ac3c [CANDIDATE]: Term 7 pre-election: RPC error from VoteRequest() call to peer 012786a8f1b64995847cf7dacbc029a4: Timed out: RequestConsensusVote RPC to 127.0.53.2:43059 timed out after 0.021s (SENT)
I0312 20:10:51.475637 1676 leader_election.cc:258] T 7581a0a77de54ef8943c1521124c7728 P 9da22e5afdce42078fe8f94ad166ac3c [CANDIDATE]: Term 7 pre-election: Election decided. Result: candidate lost.
I0312 20:10:51.476572 2185 raft_consensus.cc:2700] T 7581a0a77de54ef8943c1521124c7728 P 9da22e5afdce42078fe8f94ad166ac3c: Snoozing failure detection for 0.017s (election complete)
I0312 20:10:51.476642 1865 tablet_service.cc:993] Received RequestConsensusVote() RPC: tablet_id: "7581a0a77de54ef8943c1521124c7728" candidate_uuid: "9da22e5afdce42078fe8f94ad166ac3c" candidate_term: 7 candidate_status { last_received { term: 6 index: 730 } } ignore_live_leader: false dest_uuid: "012786a8f1b64995847cf7dacbc029a4" is_pre_election: true
I0312 20:10:51.476779 2185 raft_consensus.cc:2455] T 7581a0a77de54ef8943c1521124c7728 P 9da22e5afdce42078fe8f94ad166ac3c [term 7 FOLLOWER]: Leader pre-election lost for term 7. Reason: could not achieve majority
I0312 20:10:51.476979 1865 raft_consensus.cc:2176] T 7581a0a77de54ef8943c1521124c7728 P 012786a8f1b64995847cf7dacbc029a4 [term 6 LEADER]: Leader pre-election vote request: Denying vote to candidate 9da22e5afdce42078fe8f94ad166ac3c for term 7 because replica is either leader or believes a valid leader to be alive.
I0312 20:10:51.477421 1865 tablet_service.cc:993] Received RequestConsensusVote() RPC: tablet_id: "7581a0a77de54ef8943c1521124c7728" candidate_uuid: "9da22e5afdce42078fe8f94ad166ac3c" candidate_term: 7 candidate_status { last_received { term: 6 index: 730 } } ignore_live_leader: false dest_uuid: "012786a8f1b64995847cf7dacbc029a4"
I0312 20:10:51.477725 1865 raft_consensus.cc:2176] T 7581a0a77de54ef8943c1521124c7728 P 012786a8f1b64995847cf7dacbc029a4 [term 6 LEADER]: Leader election vote request: Denying vote to candidate 9da22e5afdce42078fe8f94ad166ac3c for term 7 because replica is either leader or believes a valid leader to be alive.
I0312 20:10:51.477885 1676 leader_election.cc:377] T 7581a0a77de54ef8943c1521124c7728 P 9da22e5afdce42078fe8f94ad166ac3c [CANDIDATE]: Term 7 pre-election: Vote denied by peer 012786a8f1b64995847cf7dacbc029a4. Message: Invalid argument: T 7581a0a77de54ef8943c1521124c7728 P 012786a8f1b64995847cf7dacbc029a4 [term 6 LEADER]: Leader pre-election vote request: Denying vote to candidate 9da22e5afdce42078fe8f94ad166ac3c for term 7 because replica is either leader or believes a valid leader to be alive.
I0312 20:10:51.478346 1738 raft_consensus.cc:1026] T 7581a0a77de54ef8943c1521124c7728 P 9da22e5afdce42078fe8f94ad166ac3c [term 7 FOLLOWER]: Rejecting Update request from peer 012786a8f1b64995847cf7dacbc029a4 for earlier term 6. Current term is 7. Ops: []
I0312 20:10:51.478832 1676 leader_election.cc:377] T 7581a0a77de54ef8943c1521124c7728 P 9da22e5afdce42078fe8f94ad166ac3c [CANDIDATE]: Term 7 election: Vote denied by peer 012786a8f1b64995847cf7dacbc029a4. Message: Invalid argument: T 7581a0a77de54ef8943c1521124c7728 P 012786a8f1b64995847cf7dacbc029a4 [term 6 LEADER]: Leader election vote request: Denying vote to candidate 9da22e5afdce42078fe8f94ad166ac3c for term 7 because replica is either leader or believes a valid leader to be alive.
I0312 20:10:51.478987 1676 leader_election.cc:258] T 7581a0a77de54ef8943c1521124c7728 P 9da22e5afdce42078fe8f94ad166ac3c [CANDIDATE]: Term 7 election: Election decided. Result: candidate lost.
I0312 20:10:51.479256 2185 raft_consensus.cc:2700] T 7581a0a77de54ef8943c1521124c7728 P 9da22e5afdce42078fe8f94ad166ac3c: Snoozing failure detection for 0.024s (election complete)
I0312 20:10:51.479429 2185 raft_consensus.cc:2455] T 7581a0a77de54ef8943c1521124c7728 P 9da22e5afdce42078fe8f94ad166ac3c [term 7 FOLLOWER]: Leader election lost for term 7. Reason: could not achieve majority
I0312 20:10:51.479868 2191 consensus_queue.cc:1028] T 7581a0a77de54ef8943c1521124c7728 P 012786a8f1b64995847cf7dacbc029a4 [LEADER]: Peer responded invalid term: Peer: permanent_uuid: "9da22e5afdce42078fe8f94ad166ac3c" member_type: VOTER last_known_addr { host: "127.0.53.1" port: 39175 }, Status: INVALID_TERM, Last received: 6.730, Next index: 731, Last known committed idx: 730, Time since last communication: 0.000s
I0312 20:10:51.481914 1738 raft_consensus.cc:1026] T 7581a0a77de54ef8943c1521124c7728 P 9da22e5afdce42078fe8f94ad166ac3c [term 7 FOLLOWER]: Rejecting Update request from peer 012786a8f1b64995847cf7dacbc029a4 for earlier term 6. Current term is 7. Ops: []
I0312 20:10:51.482843 2191 consensus_queue.cc:1028] T 7581a0a77de54ef8943c1521124c7728 P 012786a8f1b64995847cf7dacbc029a4 [LEADER]: Peer responded invalid term: Peer: permanent_uuid: "9da22e5afdce42078fe8f94ad166ac3c" member_type: VOTER last_known_addr { host: "127.0.53.1" port: 39175 }, Status: INVALID_TERM, Last received: 6.730, Next index: 731, Last known committed idx: 730, Time since last communication: 0.000s
I0312 20:10:51.487226 1738 raft_consensus.cc:1026] T 7581a0a77de54ef8943c1521124c7728 P 9da22e5afdce42078fe8f94ad166ac3c [term 7 FOLLOWER]: Rejecting Update request from peer 012786a8f1b64995847cf7dacbc029a4 for earlier term 6. Current term is 7. Ops: []
I0312 20:10:51.488183 2193 consensus_queue.cc:1028] T 7581a0a77de54ef8943c1521124c7728 P 012786a8f1b64995847cf7dacbc029a4 [LEADER]: Peer responded invalid term: Peer: permanent_uuid: "9da22e5afdce42078fe8f94ad166ac3c" member_type: VOTER last_known_addr { host: "127.0.53.1" port: 39175 }, Status: INVALID_TERM, Last received: 6.730, Next index: 731, Last known committed idx: 730, Time since last communication: 0.000s
I0312 20:10:51.491663 1738 raft_consensus.cc:1026] T 7581a0a77de54ef8943c1521124c7728 P 9da22e5afdce42078fe8f94ad166ac3c [term 7 FOLLOWER]: Rejecting Update request from peer 012786a8f1b64995847cf7dacbc029a4 for earlier term 6. Current term is 7. Ops: []
I0312 20:10:51.492496 2191 consensus_queue.cc:1028] T 7581a0a77de54ef8943c1521124c7728 P 012786a8f1b64995847cf7dacbc029a4 [LEADER]: Peer responded invalid term: Peer: permanent_uuid: "9da22e5afdce42078fe8f94ad166ac3c" member_type: VOTER last_known_addr { host: "127.0.53.1" port: 39175 }, Status: INVALID_TERM, Last received: 6.730, Next index: 731, Last known committed idx: 730, Time since last communication: 0.000s
I0312 20:10:51.496239 1738 raft_consensus.cc:1026] T 7581a0a77de54ef8943c1521124c7728 P 9da22e5afdce42078fe8f94ad166ac3c [term 7 FOLLOWER]: Rejecting Update request from peer 012786a8f1b64995847cf7dacbc029a4 for earlier term 6. Current term is 7. Ops: []
I0312 20:10:51.497123 2183 consensus_queue.cc:1028] T 7581a0a77de54ef8943c1521124c7728 P 012786a8f1b64995847cf7dacbc029a4 [LEADER]: Peer responded invalid term: Peer: permanent_uuid: "9da22e5afdce42078fe8f94ad166ac3c" member_type: VOTER last_known_addr { host: "127.0.53.1" port: 39175 }, Status: INVALID_TERM, Last received: 6.730, Next index: 731, Last known committed idx: 730, Time since last communication: 0.000s
I0312 20:10:51.500711 1738 raft_consensus.cc:1026] T 7581a0a77de54ef8943c1521124c7728 P 9da22e5afdce42078fe8f94ad166ac3c [term 7 FOLLOWER]: Rejecting Update request from peer 012786a8f1b64995847cf7dacbc029a4 for earlier term 6. Current term is 7. Ops: []
I0312 20:10:51.502130 2193 consensus_queue.cc:1028] T 7581a0a77de54ef8943c1521124c7728 P 012786a8f1b64995847cf7dacbc029a4 [LEADER]: Peer responded invalid term: Peer: permanent_uuid: "9da22e5afdce42078fe8f94ad166ac3c" member_type: VOTER last_known_addr { host: "127.0.53.1" port: 39175 }, Status: INVALID_TERM, Last received: 6.730, Next index: 731, Last known committed idx: 730, Time since last communication: 0.000s
I0312 20:10:51.504797 2185 raft_consensus.cc:436] T 7581a0a77de54ef8943c1521124c7728 P 9da22e5afdce42078fe8f94ad166ac3c [term 7 FOLLOWER]: Starting pre-election (no leader contacted us within the election timeout)
I0312 20:10:51.504974 2185 raft_consensus.cc:2700] T 7581a0a77de54ef8943c1521124c7728 P 9da22e5afdce42078fe8f94ad166ac3c: Snoozing failure detection for 0.042s (starting election)
I0312 20:10:51.505161 2185 raft_consensus.cc:458] T 7581a0a77de54ef8943c1521124c7728 P 9da22e5afdce42078fe8f94ad166ac3c [term 7 FOLLOWER]: Starting pre-election with config: opid_index: -1 OBSOLETE_local: false peers { permanent_uuid: "012786a8f1b64995847cf7dacbc029a4" member_type: VOTER last_known_addr { host: "127.0.53.2" port: 43059 } } peers { permanent_uuid: "e3aa58d3045c4a05b94b94eb8bf58ae1" member_type: VOTER last_known_addr { host: "127.0.53.3" port: 49316 } } peers { permanent_uuid: "9da22e5afdce42078fe8f94ad166ac3c" member_type: VOTER last_known_addr { host: "127.0.53.1" port: 39175 } }
I0312 20:10:51.506018 2185 leader_election.cc:231] T 7581a0a77de54ef8943c1521124c7728 P 9da22e5afdce42078fe8f94ad166ac3c [CANDIDATE]: Term 8 pre-election: Requesting pre-vote from peer 012786a8f1b64995847cf7dacbc029a4
I0312 20:10:51.508178 2185 leader_election.cc:231] T 7581a0a77de54ef8943c1521124c7728 P 9da22e5afdce42078fe8f94ad166ac3c [CANDIDATE]: Term 8 pre-election: Requesting pre-vote from peer e3aa58d3045c4a05b94b94eb8bf58ae1
I0312 20:10:51.508847 1865 tablet_service.cc:993] Received RequestConsensusVote() RPC: tablet_id: "7581a0a77de54ef8943c1521124c7728" candidate_uuid: "9da22e5afdce42078fe8f94ad166ac3c" candidate_term: 8 candidate_status { last_received { term: 6 index: 730 } } ignore_live_leader: false dest_uuid: "012786a8f1b64995847cf7dacbc029a4" is_pre_election: true
I0312 20:10:51.509004 1990 tablet_service.cc:993] Received RequestConsensusVote() RPC: tablet_id: "7581a0a77de54ef8943c1521124c7728" candidate_uuid: "9da22e5afdce42078fe8f94ad166ac3c" candidate_term: 8 candidate_status { last_received { term: 6 index: 730 } } ignore_live_leader: false dest_uuid: "e3aa58d3045c4a05b94b94eb8bf58ae1" is_pre_election: true
I0312 20:10:51.509194 1865 raft_consensus.cc:2176] T 7581a0a77de54ef8943c1521124c7728 P 012786a8f1b64995847cf7dacbc029a4 [term 6 LEADER]: Leader pre-election vote request: Denying vote to candidate 9da22e5afdce42078fe8f94ad166ac3c for term 8 because replica is either leader or believes a valid leader to be alive.
I0312 20:10:51.509371 1990 raft_consensus.cc:2176] T 7581a0a77de54ef8943c1521124c7728 P e3aa58d3045c4a05b94b94eb8bf58ae1 [term 6 FOLLOWER]: Leader pre-election vote request: Denying vote to candidate 9da22e5afdce42078fe8f94ad166ac3c for term 8 because replica is either leader or believes a valid leader to be alive.
I0312 20:10:51.509933 1663 leader_election.cc:377] T 7581a0a77de54ef8943c1521124c7728 P 9da22e5afdce42078fe8f94ad166ac3c [CANDIDATE]: Term 8 pre-election: Vote denied by peer e3aa58d3045c4a05b94b94eb8bf58ae1. Message: Invalid argument: T 7581a0a77de54ef8943c1521124c7728 P e3aa58d3045c4a05b94b94eb8bf58ae1 [term 6 FOLLOWER]: Leader pre-election vote request: Denying vote to candidate 9da22e5afdce42078fe8f94ad166ac3c for term 8 because replica is either leader or believes a valid leader to be alive.
I0312 20:10:51.511801 1676 leader_election.cc:377] T 7581a0a77de54ef8943c1521124c7728 P 9da22e5afdce42078fe8f94ad166ac3c [CANDIDATE]: Term 8 pre-election: Vote denied by peer 012786a8f1b64995847cf7dacbc029a4. Message: Invalid argument: T 7581a0a77de54ef8943c1521124c7728 P 012786a8f1b64995847cf7dacbc029a4 [term 6 LEADER]: Leader pre-election vote request: Denying vote to candidate 9da22e5afdce42078fe8f94ad166ac3c for term 8 because replica is either leader or believes a valid leader to be alive.
I0312 20:10:51.512063 1676 leader_election.cc:258] T 7581a0a77de54ef8943c1521124c7728 P 9da22e5afdce42078fe8f94ad166ac3c [CANDIDATE]: Term 8 pre-election: Election decided. Result: candidate lost.
I0312 20:10:51.512339 2185 raft_consensus.cc:2700] T 7581a0a77de54ef8943c1521124c7728 P 9da22e5afdce42078fe8f94ad166ac3c: Snoozing failure detection for 0.029s (election complete)
I0312 20:10:51.512493 2185 raft_consensus.cc:2455] T 7581a0a77de54ef8943c1521124c7728 P 9da22e5afdce42078fe8f94ad166ac3c [term 7 FOLLOWER]: Leader pre-election lost for term 8. Reason: could not achieve majority
I0312 20:10:51.512887 1738 raft_consensus.cc:1026] T 7581a0a77de54ef8943c1521124c7728 P 9da22e5afdce42078fe8f94ad166ac3c [term 7 FOLLOWER]: Rejecting Update request from peer 012786a8f1b64995847cf7dacbc029a4 for earlier term 6. Current term is 7. Ops: []
I0312 20:10:51.513989 2193 consensus_queue.cc:1028] T 7581a0a77de54ef8943c1521124c7728 P 012786a8f1b64995847cf7dacbc029a4 [LEADER]: Peer responded invalid term: Peer: permanent_uuid: "9da22e5afdce42078fe8f94ad166ac3c" member_type: VOTER last_known_addr { host: "127.0.53.1" port: 39175 }, Status: INVALID_TERM, Last received: 6.730, Next index: 731, Last known committed idx: 730, Time since last communication: 0.000s
I0312 20:10:51.517503 1738 raft_consensus.cc:1026] T 7581a0a77de54ef8943c1521124c7728 P 9da22e5afdce42078fe8f94ad166ac3c [term 7 FOLLOWER]: Rejecting Update request from peer 012786a8f1b64995847cf7dacbc029a4 for earlier term 6. Current term is 7. Ops: []
I0312 20:10:51.519125 2183 consensus_queue.cc:1028] T 7581a0a77de54ef8943c1521124c7728 P 012786a8f1b64995847cf7dacbc029a4 [LEADER]: Peer responded invalid term: Peer: permanent_uuid: "9da22e5afdce42078fe8f94ad166ac3c" member_type: VOTER last_known_addr { host: "127.0.53.1" port: 39175 }, Status: INVALID_TERM, Last received: 6.730, Next index: 731, Last known committed idx: 730, Time since last communication: 0.000s
I0312 20:10:51.521273 1738 raft_consensus.cc:1026] T 7581a0a77de54ef8943c1521124c7728 P 9da22e5afdce42078fe8f94ad166ac3c [term 7 FOLLOWER]: Rejecting Update request from peer 012786a8f1b64995847cf7dacbc029a4 for earlier term 6. Current term is 7. Ops: []
I0312 20:10:51.522095 2191 consensus_queue.cc:1028] T 7581a0a77de54ef8943c1521124c7728 P 012786a8f1b64995847cf7dacbc029a4 [LEADER]: Peer responded invalid term: Peer: permanent_uuid: "9da22e5afdce42078fe8f94ad166ac3c" member_type: VOTER last_known_addr { host: "127.0.53.1" port: 39175 }, Status: INVALID_TERM, Last received: 6.730, Next index: 731, Last known committed idx: 730, Time since last communication: 0.000s
I0312 20:10:51.524660 1738 raft_consensus.cc:1026] T 7581a0a77de54ef8943c1521124c7728 P 9da22e5afdce42078fe8f94ad166ac3c [term 7 FOLLOWER]: Rejecting Update request from peer 012786a8f1b64995847cf7dacbc029a4 for earlier term 6. Current term is 7. Ops: []
I0312 20:10:51.525540 2191 consensus_queue.cc:1028] T 7581a0a77de54ef8943c1521124c7728 P 012786a8f1b64995847cf7dacbc029a4 [LEADER]: Peer responded invalid term: Peer: permanent_uuid: "9da22e5afdce42078fe8f94ad166ac3c" member_type: VOTER last_known_addr { host: "127.0.53.1" port: 39175 }, Status: INVALID_TERM, Last received: 6.730, Next index: 731, Last known committed idx: 730, Time since last communication: 0.000s
I0312 20:10:51.529115 1738 raft_consensus.cc:1026] T 7581a0a77de54ef8943c1521124c7728 P 9da22e5afdce42078fe8f94ad166ac3c [term 7 FOLLOWER]: Rejecting Update request from peer 012786a8f1b64995847cf7dacbc029a4 for earlier term 6. Current term is 7. Ops: []
I0312 20:10:51.530122 2191 consensus_queue.cc:1028] T 7581a0a77de54ef8943c1521124c7728 P 012786a8f1b64995847cf7dacbc029a4 [LEADER]: Peer responded invalid term: Peer: permanent_uuid: "9da22e5afdce42078fe8f94ad166ac3c" member_type: VOTER last_known_addr { host: "127.0.53.1" port: 39175 }, Status: INVALID_TERM, Last received: 6.730, Next index: 731, Last known committed idx: 730, Time since last communication: 0.000s
I0312 20:10:51.534770 1738 raft_consensus.cc:1026] T 7581a0a77de54ef8943c1521124c7728 P 9da22e5afdce42078fe8f94ad166ac3c [term 7 FOLLOWER]: Rejecting Update request from peer 012786a8f1b64995847cf7dacbc029a4 for earlier term 6. Current term is 7. Ops: []
I0312 20:10:51.535665 2191 consensus_queue.cc:1028] T 7581a0a77de54ef8943c1521124c7728 P 012786a8f1b64995847cf7dacbc029a4 [LEADER]: Peer responded invalid term: Peer: permanent_uuid: "9da22e5afdce42078fe8f94ad166ac3c" member_type: VOTER last_known_addr { host: "127.0.53.1" port: 39175 }, Status: INVALID_TERM, Last received: 6.730, Next index: 731, Last known committed idx: 730, Time since last communication: 0.000s
I0312 20:10:51.539252 1738 raft_consensus.cc:1026] T 7581a0a77de54ef8943c1521124c7728 P 9da22e5afdce42078fe8f94ad166ac3c [term 7 FOLLOWER]: Rejecting Update request from peer 012786a8f1b64995847cf7dacbc029a4 for earlier term 6. Current term is 7. Ops: []
I0312 20:10:51.540127 2191 consensus_queue.cc:1028] T 7581a0a77de54ef8943c1521124c7728 P 012786a8f1b64995847cf7dacbc029a4 [LEADER]: Peer responded invalid term: Peer: permanent_uuid: "9da22e5afdce42078fe8f94ad166ac3c" member_type: VOTER last_known_addr { host: "127.0.53.1" port: 39175 }, Status: INVALID_TERM, Last received: 6.730, Next index: 731, Last known committed idx: 730, Time since last communication: 0.000s
I0312 20:10:51.542047 2185 raft_consensus.cc:436] T 7581a0a77de54ef8943c1521124c7728 P 9da22e5afdce42078fe8f94ad166ac3c [term 7 FOLLOWER]: Starting pre-election (no leader contacted us within the election timeout)
I0312 20:10:51.542203 2185 raft_consensus.cc:2700] T 7581a0a77de54ef8943c1521124c7728 P 9da22e5afdce42078fe8f94ad166ac3c: Snoozing failure detection for 0.046s (starting election)
I0312 20:10:51.542356 2185 raft_consensus.cc:458] T 7581a0a77de54ef8943c1521124c7728 P 9da22e5afdce42078fe8f94ad166ac3c [term 7 FOLLOWER]: Starting pre-election with config: opid_index: -1 OBSOLETE_local: false peers { permanent_uuid: "012786a8f1b64995847cf7dacbc029a4" member_type: VOTER last_known_addr { host: "127.0.53.2" port: 43059 } } peers { permanent_uuid: "e3aa58d3045c4a05b94b94eb8bf58ae1" member_type: VOTER last_known_addr { host: "127.0.53.3" port: 49316 } } peers { permanent_uuid: "9da22e5afdce42078fe8f94ad166ac3c" member_type: VOTER last_known_addr { host: "127.0.53.1" port: 39175 } }
I0312 20:10:51.543005 2185 leader_election.cc:231] T 7581a0a77de54ef8943c1521124c7728 P 9da22e5afdce42078fe8f94ad166ac3c [CANDIDATE]: Term 8 pre-election: Requesting pre-vote from peer 012786a8f1b64995847cf7dacbc029a4
I0312 20:10:51.543283 2185 leader_election.cc:231] T 7581a0a77de54ef8943c1521124c7728 P 9da22e5afdce42078fe8f94ad166ac3c [CANDIDATE]: Term 8 pre-election: Requesting pre-vote from peer e3aa58d3045c4a05b94b94eb8bf58ae1
I0312 20:10:51.543586 1738 raft_consensus.cc:1026] T 7581a0a77de54ef8943c1521124c7728 P 9da22e5afdce42078fe8f94ad166ac3c [term 7 FOLLOWER]: Rejecting Update request from peer 012786a8f1b64995847cf7dacbc029a4 for earlier term 6. Current term is 7. Ops: []
I0312 20:10:51.544028 1865 tablet_service.cc:993] Received RequestConsensusVote() RPC: tablet_id: "7581a0a77de54ef8943c1521124c7728" candidate_uuid: "9da22e5afdce42078fe8f94ad166ac3c" candidate_term: 8 candidate_status { last_received { term: 6 index: 730 } } ignore_live_leader: false dest_uuid: "012786a8f1b64995847cf7dacbc029a4" is_pre_election: true
I0312 20:10:51.544239 1990 tablet_service.cc:993] Received RequestConsensusVote() RPC: tablet_id: "7581a0a77de54ef8943c1521124c7728" candidate_uuid: "9da22e5afdce42078fe8f94ad166ac3c" candidate_term: 8 candidate_status { last_received { term: 6 index: 730 } } ignore_live_leader: false dest_uuid: "e3aa58d3045c4a05b94b94eb8bf58ae1" is_pre_election: true
I0312 20:10:51.544389 1865 raft_consensus.cc:2176] T 7581a0a77de54ef8943c1521124c7728 P 012786a8f1b64995847cf7dacbc029a4 [term 6 LEADER]: Leader pre-election vote request: Denying vote to candidate 9da22e5afdce42078fe8f94ad166ac3c for term 8 because replica is either leader or believes a valid leader to be alive.
I0312 20:10:51.544567 1990 raft_consensus.cc:2176] T 7581a0a77de54ef8943c1521124c7728 P e3aa58d3045c4a05b94b94eb8bf58ae1 [term 6 FOLLOWER]: Leader pre-election vote request: Denying vote to candidate 9da22e5afdce42078fe8f94ad166ac3c for term 8 because replica is either leader or believes a valid leader to be alive.
I0312 20:10:51.545104 1676 leader_election.cc:377] T 7581a0a77de54ef8943c1521124c7728 P 9da22e5afdce42078fe8f94ad166ac3c [CANDIDATE]: Term 8 pre-election: Vote denied by peer 012786a8f1b64995847cf7dacbc029a4. Message: Invalid argument: T 7581a0a77de54ef8943c1521124c7728 P 012786a8f1b64995847cf7dacbc029a4 [term 6 LEADER]: Leader pre-election vote request: Denying vote to candidate 9da22e5afdce42078fe8f94ad166ac3c for term 8 because replica is either leader or believes a valid leader to be alive.
I0312 20:10:51.545353 1663 leader_election.cc:377] T 7581a0a77de54ef8943c1521124c7728 P 9da22e5afdce42078fe8f94ad166ac3c [CANDIDATE]: Term 8 pre-election: Vote denied by peer e3aa58d3045c4a05b94b94eb8bf58ae1. Message: Invalid argument: T 7581a0a77de54ef8943c1521124c7728 P e3aa58d3045c4a05b94b94eb8bf58ae1 [term 6 FOLLOWER]: Leader pre-election vote request: Denying vote to candidate 9da22e5afdce42078fe8f94ad166ac3c for term 8 because replica is either leader or believes a valid leader to be alive.
I0312 20:10:51.545511 1663 leader_election.cc:258] T 7581a0a77de54ef8943c1521124c7728 P 9da22e5afdce42078fe8f94ad166ac3c [CANDIDATE]: Term 8 pre-election: Election decided. Result: candidate lost.
I0312 20:10:51.545471 2191 consensus_queue.cc:1028] T 7581a0a77de54ef8943c1521124c7728 P 012786a8f1b64995847cf7dacbc029a4 [LEADER]: Peer responded invalid term: Peer: permanent_uuid: "9da22e5afdce42078fe8f94ad166ac3c" member_type: VOTER last_known_addr { host: "127.0.53.1" port: 39175 }, Status: INVALID_TERM, Last received: 6.730, Next index: 731, Last known committed idx: 730, Time since last communication: 0.000s
I0312 20:10:51.545965 2185 raft_consensus.cc:2700] T 7581a0a77de54ef8943c1521124c7728 P 9da22e5afdce42078fe8f94ad166ac3c: Snoozing failure detection for 0.048s (election complete)
I0312 20:10:51.546118 2185 raft_consensus.cc:2455] T 7581a0a77de54ef8943c1521124c7728 P 9da22e5afdce42078fe8f94ad166ac3c [term 7 FOLLOWER]: Leader pre-election lost for term 8. Reason: could not achieve majority
I0312 20:10:51.550806 1738 raft_consensus.cc:1026] T 7581a0a77de54ef8943c1521124c7728 P 9da22e5afdce42078fe8f94ad166ac3c [term 7 FOLLOWER]: Rejecting Update request from peer 012786a8f1b64995847cf7dacbc029a4 for earlier term 6. Current term is 7. Ops: []
I0312 20:10:51.551748 2191 consensus_queue.cc:1028] T 7581a0a77de54ef8943c1521124c7728 P 012786a8f1b64995847cf7dacbc029a4 [LEADER]: Peer responded invalid term: Peer: permanent_uuid: "9da22e5afdce42078fe8f94ad166ac3c" member_type: VOTER last_known_addr { host: "127.0.53.1" port: 39175 }, Status: INVALID_TERM, Last received: 6.730, Next index: 731, Last known committed idx: 730, Time since last communication: 0.000s
I0312 20:10:51.556686 1738 raft_consensus.cc:1026] T 7581a0a77de54ef8943c1521124c7728 P 9da22e5afdce42078fe8f94ad166ac3c [term 7 FOLLOWER]: Rejecting Update request from peer 012786a8f1b64995847cf7dacbc029a4 for earlier term 6. Current term is 7. Ops: []
I0312 20:10:51.559103 2187 consensus_queue.cc:1028] T 7581a0a77de54ef8943c1521124c7728 P 012786a8f1b64995847cf7dacbc029a4 [LEADER]: Peer responded invalid term: Peer: permanent_uuid: "9da22e5afdce42078fe8f94ad166ac3c" member_type: VOTER last_known_addr { host: "127.0.53.1" port: 39175 }, Status: INVALID_TERM, Last received: 6.730, Next index: 731, Last known committed idx: 730, Time since last communication: 0.000s
I0312 20:10:51.562155 1738 raft_consensus.cc:1026] T 7581a0a77de54ef8943c1521124c7728 P 9da22e5afdce42078fe8f94ad166ac3c [term 7 FOLLOWER]: Rejecting Update request from peer 012786a8f1b64995847cf7dacbc029a4 for earlier term 6. Current term is 7. Ops: []
I0312 20:10:51.563508 2187 consensus_queue.cc:1028] T 7581a0a77de54ef8943c1521124c7728 P 012786a8f1b64995847cf7dacbc029a4 [LEADER]: Peer responded invalid term: Peer: permanent_uuid: "9da22e5afdce42078fe8f94ad166ac3c" member_type: VOTER last_known_addr { host: "127.0.53.1" port: 39175 }, Status: INVALID_TERM, Last received: 6.730, Next index: 731, Last known committed idx: 730, Time since last communication: 0.000s
I0312 20:10:51.567085 1738 raft_consensus.cc:1026] T 7581a0a77de54ef8943c1521124c7728 P 9da22e5afdce42078fe8f94ad166ac3c [term 7 FOLLOWER]: Rejecting Update request from peer 012786a8f1b64995847cf7dacbc029a4 for earlier term 6. Current term is 7. Ops: []
I0312 20:10:51.568042 2187 consensus_queue.cc:1028] T 7581a0a77de54ef8943c1521124c7728 P 012786a8f1b64995847cf7dacbc029a4 [LEADER]: Peer responded invalid term: Peer: permanent_uuid: "9da22e5afdce42078fe8f94ad166ac3c" member_type: VOTER last_known_addr { host: "127.0.53.1" port: 39175 }, Status: INVALID_TERM, Last received: 6.730, Next index: 731, Last known committed idx: 730, Time since last communication: 0.000s
I0312 20:10:51.571590 1738 raft_consensus.cc:1026] T 7581a0a77de54ef8943c1521124c7728 P 9da22e5afdce42078fe8f94ad166ac3c [term 7 FOLLOWER]: Rejecting Update request from peer 012786a8f1b64995847cf7dacbc029a4 for earlier term 6. Current term is 7. Ops: []
I0312 20:10:51.572487 2187 consensus_queue.cc:1028] T 7581a0a77de54ef8943c1521124c7728 P 012786a8f1b64995847cf7dacbc029a4 [LEADER]: Peer responded invalid term: Peer: permanent_uuid: "9da22e5afdce42078fe8f94ad166ac3c" member_type: VOTER last_known_addr { host: "127.0.53.1" port: 39175 }, Status: INVALID_TERM, Last received: 6.730, Next index: 731, Last known committed idx: 730, Time since last communication: 0.000s
I0312 20:10:51.575238 1738 raft_consensus.cc:1026] T 7581a0a77de54ef8943c1521124c7728 P 9da22e5afdce42078fe8f94ad166ac3c [term 7 FOLLOWER]: Rejecting Update request from peer 012786a8f1b64995847cf7dacbc029a4 for earlier term 6. Current term is 7. Ops: []
I0312 20:10:51.576126 2187 consensus_queue.cc:1028] T 7581a0a77de54ef8943c1521124c7728 P 012786a8f1b64995847cf7dacbc029a4 [LEADER]: Peer responded invalid term: Peer: permanent_uuid: "9da22e5afdce42078fe8f94ad166ac3c" member_type: VOTER last_known_addr { host: "127.0.53.1" port: 39175 }, Status: INVALID_TERM, Last received: 6.730, Next index: 731, Last known committed idx: 730, Time since last communication: 0.000s
I0312 20:10:51.580483 1738 raft_consensus.cc:1026] T 7581a0a77de54ef8943c1521124c7728 P 9da22e5afdce42078fe8f94ad166ac3c [term 7 FOLLOWER]: Rejecting Update request from peer 012786a8f1b64995847cf7dacbc029a4 for earlier term 6. Current term is 7. Ops: []
I0312 20:10:51.581461 2187 consensus_queue.cc:1028] T 7581a0a77de54ef8943c1521124c7728 P 012786a8f1b64995847cf7dacbc029a4 [LEADER]: Peer responded invalid term: Peer: permanent_uuid: "9da22e5afdce42078fe8f94ad166ac3c" member_type: VOTER last_known_addr { host: "127.0.53.1" port: 39175 }, Status: INVALID_TERM, Last received: 6.730, Next index: 731, Last known committed idx: 730, Time since last communication: 0.000s
I0312 20:10:51.584903 1738 raft_consensus.cc:1026] T 7581a0a77de54ef8943c1521124c7728 P 9da22e5afdce42078fe8f94ad166ac3c [term 7 FOLLOWER]: Rejecting Update request from peer 012786a8f1b64995847cf7dacbc029a4 for earlier term 6. Current term is 7. Ops: []
I0312 20:10:51.586138 2187 consensus_queue.cc:1028] T 7581a0a77de54ef8943c1521124c7728 P 012786a8f1b64995847cf7dacbc029a4 [LEADER]: Peer responded invalid term: Peer: permanent_uuid: "9da22e5afdce42078fe8f94ad166ac3c" member_type: VOTER last_known_addr { host: "127.0.53.1" port: 39175 }, Status: INVALID_TERM, Last received: 6.730, Next index: 731, Last known committed idx: 730, Time since last communication: 0.000s
I0312 20:10:51.589342 1738 raft_consensus.cc:1026] T 7581a0a77de54ef8943c1521124c7728 P 9da22e5afdce42078fe8f94ad166ac3c [term 7 FOLLOWER]: Rejecting Update request from peer 012786a8f1b64995847cf7dacbc029a4 for earlier term 6. Current term is 7. Ops: []
I0312 20:10:51.590298 2187 consensus_queue.cc:1028] T 7581a0a77de54ef8943c1521124c7728 P 012786a8f1b64995847cf7dacbc029a4 [LEADER]: Peer responded invalid term: Peer: permanent_uuid: "9da22e5afdce42078fe8f94ad166ac3c" member_type: VOTER last_known_addr { host: "127.0.53.1" port: 39175 }, Status: INVALID_TERM, Last received: 6.730, Next index: 731, Last known committed idx: 730, Time since last communication: 0.000s
I0312 20:10:51.592635 1738 raft_consensus.cc:1026] T 7581a0a77de54ef8943c1521124c7728 P 9da22e5afdce42078fe8f94ad166ac3c [term 7 FOLLOWER]: Rejecting Update request from peer 012786a8f1b64995847cf7dacbc029a4 for earlier term 6. Current term is 7. Ops: []
I0312 20:10:51.593551 2187 consensus_queue.cc:1028] T 7581a0a77de54ef8943c1521124c7728 P 012786a8f1b64995847cf7dacbc029a4 [LEADER]: Peer responded invalid term: Peer: permanent_uuid: "9da22e5afdce42078fe8f94ad166ac3c" member_type: VOTER last_known_addr { host: "127.0.53.1" port: 39175 }, Status: INVALID_TERM, Last received: 6.730, Next index: 731, Last known committed idx: 730, Time since last communication: 0.000s
I0312 20:10:51.594318 2185 raft_consensus.cc:436] T 7581a0a77de54ef8943c1521124c7728 P 9da22e5afdce42078fe8f94ad166ac3c [term 7 FOLLOWER]: Starting pre-election (no leader contacted us within the election timeout)
I0312 20:10:51.594485 2185 raft_consensus.cc:2700] T 7581a0a77de54ef8943c1521124c7728 P 9da22e5afdce42078fe8f94ad166ac3c: Snoozing failure detection for 0.047s (starting election)
I0312 20:10:51.594653 2185 raft_consensus.cc:458] T 7581a0a77de54ef8943c1521124c7728 P 9da22e5afdce42078fe8f94ad166ac3c [term 7 FOLLOWER]: Starting pre-election with config: opid_index: -1 OBSOLETE_local: false peers { permanent_uuid: "012786a8f1b64995847cf7dacbc029a4" member_type: VOTER last_known_addr { host: "127.0.53.2" port: 43059 } } peers { permanent_uuid: "e3aa58d3045c4a05b94b94eb8bf58ae1" member_type: VOTER last_known_addr { host: "127.0.53.3" port: 49316 } } peers { permanent_uuid: "9da22e5afdce42078fe8f94ad166ac3c" member_type: VOTER last_known_addr { host: "127.0.53.1" port: 39175 } }
I0312 20:10:51.595320 2185 leader_election.cc:231] T 7581a0a77de54ef8943c1521124c7728 P 9da22e5afdce42078fe8f94ad166ac3c [CANDIDATE]: Term 8 pre-election: Requesting pre-vote from peer 012786a8f1b64995847cf7dacbc029a4
I0312 20:10:51.595624 2185 leader_election.cc:231] T 7581a0a77de54ef8943c1521124c7728 P 9da22e5afdce42078fe8f94ad166ac3c [CANDIDATE]: Term 8 pre-election: Requesting pre-vote from peer e3aa58d3045c4a05b94b94eb8bf58ae1
I0312 20:10:51.596673 1865 tablet_service.cc:993] Received RequestConsensusVote() RPC: tablet_id: "7581a0a77de54ef8943c1521124c7728" candidate_uuid: "9da22e5afdce42078fe8f94ad166ac3c" candidate_term: 8 candidate_status { last_received { term: 6 index: 730 } } ignore_live_leader: false dest_uuid: "012786a8f1b64995847cf7dacbc029a4" is_pre_election: true
I0312 20:10:51.596657 1990 tablet_service.cc:993] Received RequestConsensusVote() RPC: tablet_id: "7581a0a77de54ef8943c1521124c7728" candidate_uuid: "9da22e5afdce42078fe8f94ad166ac3c" candidate_term: 8 candidate_status { last_received { term: 6 index: 730 } } ignore_live_leader: false dest_uuid: "e3aa58d3045c4a05b94b94eb8bf58ae1" is_pre_election: true
I0312 20:10:51.597015 1865 raft_consensus.cc:2176] T 7581a0a77de54ef8943c1521124c7728 P 012786a8f1b64995847cf7dacbc029a4 [term 6 LEADER]: Leader pre-election vote request: Denying vote to candidate 9da22e5afdce42078fe8f94ad166ac3c for term 8 because replica is either leader or believes a valid leader to be alive.
I0312 20:10:51.597041 1990 raft_consensus.cc:2176] T 7581a0a77de54ef8943c1521124c7728 P e3aa58d3045c4a05b94b94eb8bf58ae1 [term 6 FOLLOWER]: Leader pre-election vote request: Denying vote to candidate 9da22e5afdce42078fe8f94ad166ac3c for term 8 because replica is either leader or believes a valid leader to be alive.
I0312 20:10:51.597805 1676 leader_election.cc:377] T 7581a0a77de54ef8943c1521124c7728 P 9da22e5afdce42078fe8f94ad166ac3c [CANDIDATE]: Term 8 pre-election: Vote denied by peer 012786a8f1b64995847cf7dacbc029a4. Message: Invalid argument: T 7581a0a77de54ef8943c1521124c7728 P 012786a8f1b64995847cf7dacbc029a4 [term 6 LEADER]: Leader pre-election vote request: Denying vote to candidate 9da22e5afdce42078fe8f94ad166ac3c for term 8 because replica is either leader or believes a valid leader to be alive.
I0312 20:10:51.598021 1663 leader_election.cc:377] T 7581a0a77de54ef8943c1521124c7728 P 9da22e5afdce42078fe8f94ad166ac3c [CANDIDATE]: Term 8 pre-election: Vote denied by peer e3aa58d3045c4a05b94b94eb8bf58ae1. Message: Invalid argument: T 7581a0a77de54ef8943c1521124c7728 P e3aa58d3045c4a05b94b94eb8bf58ae1 [term 6 FOLLOWER]: Leader pre-election vote request: Denying vote to candidate 9da22e5afdce42078fe8f94ad166ac3c for term 8 because replica is either leader or believes a valid leader to be alive.
I0312 20:10:51.598033 2191 raft_consensus.cc:2747] T 7581a0a77de54ef8943c1521124c7728 P 012786a8f1b64995847cf7dacbc029a4 [term 6 LEADER]: Stepping down as leader of term 6
I0312 20:10:51.598147 1663 leader_election.cc:258] T 7581a0a77de54ef8943c1521124c7728 P 9da22e5afdce42078fe8f94ad166ac3c [CANDIDATE]: Term 8 pre-election: Election decided. Result: candidate lost.
I0312 20:10:51.598177 2191 raft_consensus.cc:605] T 7581a0a77de54ef8943c1521124c7728 P 012786a8f1b64995847cf7dacbc029a4 [term 6 LEADER]: Becoming Follower/Learner. State: Replica: 012786a8f1b64995847cf7dacbc029a4, State: Running, Role: LEADER
I0312 20:10:51.598518 2185 raft_consensus.cc:2700] T 7581a0a77de54ef8943c1521124c7728 P 9da22e5afdce42078fe8f94ad166ac3c: Snoozing failure detection for 0.042s (election complete)
I0312 20:10:51.598515 2191 consensus_queue.cc:219] T 7581a0a77de54ef8943c1521124c7728 P 012786a8f1b64995847cf7dacbc029a4 [NON_LEADER]: Queue going to NON_LEADER mode. State: All replicated index: 0, Majority replicated index: 733, Committed index: 733, Last appended: 6.733, Last appended by leader: 733, Current term: 6, Majority size: -1, State: 0, Mode: NON_LEADER, active raft config: opid_index: -1 OBSOLETE_local: false peers { permanent_uuid: "012786a8f1b64995847cf7dacbc029a4" member_type: VOTER last_known_addr { host: "127.0.53.2" port: 43059 } } peers { permanent_uuid: "e3aa58d3045c4a05b94b94eb8bf58ae1" member_type: VOTER last_known_addr { host: "127.0.53.3" port: 49316 } } peers { permanent_uuid: "9da22e5afdce42078fe8f94ad166ac3c" member_type: VOTER last_known_addr { host: "127.0.53.1" port: 39175 } }
I0312 20:10:51.598887 2185 raft_consensus.cc:2455] T 7581a0a77de54ef8943c1521124c7728 P 9da22e5afdce42078fe8f94ad166ac3c [term 7 FOLLOWER]: Leader pre-election lost for term 8. Reason: could not achieve majority
I0312 20:10:51.598990 2191 consensus_peers.cc:458] T 7581a0a77de54ef8943c1521124c7728 P 012786a8f1b64995847cf7dacbc029a4 -> Peer 9da22e5afdce42078fe8f94ad166ac3c (127.0.53.1:39175): Closing peer: 9da22e5afdce42078fe8f94ad166ac3c
I0312 20:10:51.599239 2187 consensus_peers.cc:230] T 7581a0a77de54ef8943c1521124c7728 P 012786a8f1b64995847cf7dacbc029a4 -> Peer e3aa58d3045c4a05b94b94eb8bf58ae1 (127.0.53.3:49316): Could not obtain request from queue for peer: e3aa58d3045c4a05b94b94eb8bf58ae1. Status: Not found: Peer not tracked or queue not in leader mode.
I0312 20:10:51.599432 2191 consensus_peers.cc:458] T 7581a0a77de54ef8943c1521124c7728 P 012786a8f1b64995847cf7dacbc029a4 -> Peer e3aa58d3045c4a05b94b94eb8bf58ae1 (127.0.53.3:49316): Closing peer: e3aa58d3045c4a05b94b94eb8bf58ae1
I0312 20:10:51.599750 2191 raft_consensus.cc:2752] T 7581a0a77de54ef8943c1521124c7728 P 012786a8f1b64995847cf7dacbc029a4 [term 6 FOLLOWER]: Advancing to term 7
I0312 20:10:51.599930 1738 raft_consensus.cc:1026] T 7581a0a77de54ef8943c1521124c7728 P 9da22e5afdce42078fe8f94ad166ac3c [term 7 FOLLOWER]: Rejecting Update request from peer 012786a8f1b64995847cf7dacbc029a4 for earlier term 6. Current term is 7. Ops: []
I0312 20:10:51.610280 2187 raft_consensus.cc:436] T 7581a0a77de54ef8943c1521124c7728 P 012786a8f1b64995847cf7dacbc029a4 [term 7 FOLLOWER]: Starting pre-election (no leader contacted us within the election timeout)
I0312 20:10:51.610446 2187 raft_consensus.cc:2700] T 7581a0a77de54ef8943c1521124c7728 P 012786a8f1b64995847cf7dacbc029a4: Snoozing failure detection for 0.020s (starting election)
I0312 20:10:51.610673 2187 raft_consensus.cc:458] T 7581a0a77de54ef8943c1521124c7728 P 012786a8f1b64995847cf7dacbc029a4 [term 7 FOLLOWER]: Starting pre-election with config: opid_index: -1 OBSOLETE_local: false peers { permanent_uuid: "012786a8f1b64995847cf7dacbc029a4" member_type: VOTER last_known_addr { host: "127.0.53.2" port: 43059 } } peers { permanent_uuid: "e3aa58d3045c4a05b94b94eb8bf58ae1" member_type: VOTER last_known_addr { host: "127.0.53.3" port: 49316 } } peers { permanent_uuid: "9da22e5afdce42078fe8f94ad166ac3c" member_type: VOTER last_known_addr { host: "127.0.53.1" port: 39175 } }
I0312 20:10:51.611506 2187 leader_election.cc:231] T 7581a0a77de54ef8943c1521124c7728 P 012786a8f1b64995847cf7dacbc029a4 [CANDIDATE]: Term 8 pre-election: Requesting pre-vote from peer e3aa58d3045c4a05b94b94eb8bf58ae1
I0312 20:10:51.611781 2187 leader_election.cc:231] T 7581a0a77de54ef8943c1521124c7728 P 012786a8f1b64995847cf7dacbc029a4 [CANDIDATE]: Term 8 pre-election: Requesting pre-vote from peer 9da22e5afdce42078fe8f94ad166ac3c
I0312 20:10:51.612449 2184 raft_consensus.cc:436] T 7581a0a77de54ef8943c1521124c7728 P e3aa58d3045c4a05b94b94eb8bf58ae1 [term 6 FOLLOWER]: Starting pre-election (detected failure of leader 012786a8f1b64995847cf7dacbc029a4)
I0312 20:10:51.612419 1990 tablet_service.cc:993] Received RequestConsensusVote() RPC: tablet_id: "7581a0a77de54ef8943c1521124c7728" candidate_uuid: "012786a8f1b64995847cf7dacbc029a4" candidate_term: 8 candidate_status { last_received { term: 6 index: 733 } } ignore_live_leader: false dest_uuid: "e3aa58d3045c4a05b94b94eb8bf58ae1" is_pre_election: true
I0312 20:10:51.612643 2184 raft_consensus.cc:2700] T 7581a0a77de54ef8943c1521124c7728 P e3aa58d3045c4a05b94b94eb8bf58ae1: Snoozing failure detection for 0.021s (starting election)
I0312 20:10:51.612800 2184 raft_consensus.cc:458] T 7581a0a77de54ef8943c1521124c7728 P e3aa58d3045c4a05b94b94eb8bf58ae1 [term 6 FOLLOWER]: Starting pre-election with config: opid_index: -1 OBSOLETE_local: false peers { permanent_uuid: "012786a8f1b64995847cf7dacbc029a4" member_type: VOTER last_known_addr { host: "127.0.53.2" port: 43059 } } peers { permanent_uuid: "e3aa58d3045c4a05b94b94eb8bf58ae1" member_type: VOTER last_known_addr { host: "127.0.53.3" port: 49316 } } peers { permanent_uuid: "9da22e5afdce42078fe8f94ad166ac3c" member_type: VOTER last_known_addr { host: "127.0.53.1" port: 39175 } }
I0312 20:10:51.613445 1738 tablet_service.cc:993] Received RequestConsensusVote() RPC: tablet_id: "7581a0a77de54ef8943c1521124c7728" candidate_uuid: "012786a8f1b64995847cf7dacbc029a4" candidate_term: 8 candidate_status { last_received { term: 6 index: 733 } } ignore_live_leader: false dest_uuid: "9da22e5afdce42078fe8f94ad166ac3c" is_pre_election: true
I0312 20:10:51.613601 2184 leader_election.cc:231] T 7581a0a77de54ef8943c1521124c7728 P e3aa58d3045c4a05b94b94eb8bf58ae1 [CANDIDATE]: Term 7 pre-election: Requesting pre-vote from peer 012786a8f1b64995847cf7dacbc029a4
I0312 20:10:51.613770 1738 raft_consensus.cc:2700] T 7581a0a77de54ef8943c1521124c7728 P 9da22e5afdce42078fe8f94ad166ac3c: Snoozing failure detection for 0.110s (vote granted)
I0312 20:10:51.613883 2184 leader_election.cc:231] T 7581a0a77de54ef8943c1521124c7728 P e3aa58d3045c4a05b94b94eb8bf58ae1 [CANDIDATE]: Term 7 pre-election: Requesting pre-vote from peer 9da22e5afdce42078fe8f94ad166ac3c
I0312 20:10:51.613987 1738 raft_consensus.cc:2215] T 7581a0a77de54ef8943c1521124c7728 P 9da22e5afdce42078fe8f94ad166ac3c [term 7 FOLLOWER]: Leader pre-election vote request: Granting yes vote for candidate 012786a8f1b64995847cf7dacbc029a4 in term 7.
I0312 20:10:51.614524 1990 raft_consensus.cc:2700] T 7581a0a77de54ef8943c1521124c7728 P e3aa58d3045c4a05b94b94eb8bf58ae1: Snoozing failure detection for 0.032s (vote granted)
I0312 20:10:51.614475 1865 tablet_service.cc:993] Received RequestConsensusVote() RPC: tablet_id: "7581a0a77de54ef8943c1521124c7728" candidate_uuid: "e3aa58d3045c4a05b94b94eb8bf58ae1" candidate_term: 7 candidate_status { last_received { term: 6 index: 733 } } ignore_live_leader: false dest_uuid: "012786a8f1b64995847cf7dacbc029a4" is_pre_election: true
I0312 20:10:51.614675 1797 leader_election.cc:363] T 7581a0a77de54ef8943c1521124c7728 P 012786a8f1b64995847cf7dacbc029a4 [CANDIDATE]: Term 8 pre-election: Vote granted by peer 9da22e5afdce42078fe8f94ad166ac3c
I0312 20:10:51.614701 1990 raft_consensus.cc:2215] T 7581a0a77de54ef8943c1521124c7728 P e3aa58d3045c4a05b94b94eb8bf58ae1 [term 6 FOLLOWER]: Leader pre-election vote request: Granting yes vote for candidate 012786a8f1b64995847cf7dacbc029a4 in term 6.
I0312 20:10:51.614739 1865 raft_consensus.cc:2700] T 7581a0a77de54ef8943c1521124c7728 P 012786a8f1b64995847cf7dacbc029a4: Snoozing failure detection for 0.020s (vote granted)
I0312 20:10:51.614838 1797 leader_election.cc:258] T 7581a0a77de54ef8943c1521124c7728 P 012786a8f1b64995847cf7dacbc029a4 [CANDIDATE]: Term 8 pre-election: Election decided. Result: candidate won.
I0312 20:10:51.614888 1865 raft_consensus.cc:2215] T 7581a0a77de54ef8943c1521124c7728 P 012786a8f1b64995847cf7dacbc029a4 [term 7 FOLLOWER]: Leader pre-election vote request: Granting yes vote for candidate e3aa58d3045c4a05b94b94eb8bf58ae1 in term 7.
I0312 20:10:51.615209 2187 raft_consensus.cc:2700] T 7581a0a77de54ef8943c1521124c7728 P 012786a8f1b64995847cf7dacbc029a4: Snoozing failure detection for 0.022s (election complete)
I0312 20:10:51.615360 2187 raft_consensus.cc:2507] T 7581a0a77de54ef8943c1521124c7728 P 012786a8f1b64995847cf7dacbc029a4 [term 7 FOLLOWER]: Leader pre-election won for term 8
I0312 20:10:51.615530 2187 raft_consensus.cc:436] T 7581a0a77de54ef8943c1521124c7728 P 012786a8f1b64995847cf7dacbc029a4 [term 7 FOLLOWER]: Starting leader election (no leader contacted us within the election timeout)
I0312 20:10:51.615550 1926 leader_election.cc:363] T 7581a0a77de54ef8943c1521124c7728 P e3aa58d3045c4a05b94b94eb8bf58ae1 [CANDIDATE]: Term 7 pre-election: Vote granted by peer 012786a8f1b64995847cf7dacbc029a4
I0312 20:10:51.615679 1926 leader_election.cc:258] T 7581a0a77de54ef8943c1521124c7728 P e3aa58d3045c4a05b94b94eb8bf58ae1 [CANDIDATE]: Term 7 pre-election: Election decided. Result: candidate won.
I0312 20:10:51.615731 2187 raft_consensus.cc:2700] T 7581a0a77de54ef8943c1521124c7728 P 012786a8f1b64995847cf7dacbc029a4: Snoozing failure detection for 0.017s (starting election)
I0312 20:10:51.615851 2187 raft_consensus.cc:2752] T 7581a0a77de54ef8943c1521124c7728 P 012786a8f1b64995847cf7dacbc029a4 [term 7 FOLLOWER]: Advancing to term 8
I0312 20:10:51.615960 1797 leader_election.cc:363] T 7581a0a77de54ef8943c1521124c7728 P 012786a8f1b64995847cf7dacbc029a4 [CANDIDATE]: Term 8 pre-election: Vote granted by peer e3aa58d3045c4a05b94b94eb8bf58ae1
I0312 20:10:51.616070 2184 raft_consensus.cc:2700] T 7581a0a77de54ef8943c1521124c7728 P e3aa58d3045c4a05b94b94eb8bf58ae1: Snoozing failure detection for 0.024s (election complete)
I0312 20:10:51.616219 2184 raft_consensus.cc:2507] T 7581a0a77de54ef8943c1521124c7728 P e3aa58d3045c4a05b94b94eb8bf58ae1 [term 6 FOLLOWER]: Leader pre-election won for term 7
I0312 20:10:51.616333 2184 raft_consensus.cc:436] T 7581a0a77de54ef8943c1521124c7728 P e3aa58d3045c4a05b94b94eb8bf58ae1 [term 6 FOLLOWER]: Starting leader election (detected failure of leader 012786a8f1b64995847cf7dacbc029a4)
I0312 20:10:51.616453 2184 raft_consensus.cc:2700] T 7581a0a77de54ef8943c1521124c7728 P e3aa58d3045c4a05b94b94eb8bf58ae1: Snoozing failure detection for 0.030s (starting election)
I0312 20:10:51.616560 2184 raft_consensus.cc:2752] T 7581a0a77de54ef8943c1521124c7728 P e3aa58d3045c4a05b94b94eb8bf58ae1 [term 6 FOLLOWER]: Advancing to term 7
I0312 20:10:51.617239 1738 tablet_service.cc:993] Received RequestConsensusVote() RPC: tablet_id: "7581a0a77de54ef8943c1521124c7728" candidate_uuid: "e3aa58d3045c4a05b94b94eb8bf58ae1" candidate_term: 7 candidate_status { last_received { term: 6 index: 733 } } ignore_live_leader: false dest_uuid: "9da22e5afdce42078fe8f94ad166ac3c" is_pre_election: true
I0312 20:10:51.617588 1738 raft_consensus.cc:2145] T 7581a0a77de54ef8943c1521124c7728 P 9da22e5afdce42078fe8f94ad166ac3c [term 7 FOLLOWER]: Leader pre-election vote request: Denying vote to candidate e3aa58d3045c4a05b94b94eb8bf58ae1 in current term 7: Already voted for candidate 9da22e5afdce42078fe8f94ad166ac3c in this term.
I0312 20:10:51.618238 1922 leader_election.cc:377] T 7581a0a77de54ef8943c1521124c7728 P e3aa58d3045c4a05b94b94eb8bf58ae1 [CANDIDATE]: Term 7 pre-election: Vote denied by peer 9da22e5afdce42078fe8f94ad166ac3c. Message: Invalid argument: T 7581a0a77de54ef8943c1521124c7728 P 9da22e5afdce42078fe8f94ad166ac3c [term 7 FOLLOWER]: Leader pre-election vote request: Denying vote to candidate e3aa58d3045c4a05b94b94eb8bf58ae1 in current term 7: Already voted for candidate 9da22e5afdce42078fe8f94ad166ac3c in this term.
I0312 20:10:51.619724 2184 raft_consensus.cc:458] T 7581a0a77de54ef8943c1521124c7728 P e3aa58d3045c4a05b94b94eb8bf58ae1 [term 7 FOLLOWER]: Starting leader election with config: opid_index: -1 OBSOLETE_local: false peers { permanent_uuid: "012786a8f1b64995847cf7dacbc029a4" member_type: VOTER last_known_addr { host: "127.0.53.2" port: 43059 } } peers { permanent_uuid: "e3aa58d3045c4a05b94b94eb8bf58ae1" member_type: VOTER last_known_addr { host: "127.0.53.3" port: 49316 } } peers { permanent_uuid: "9da22e5afdce42078fe8f94ad166ac3c" member_type: VOTER last_known_addr { host: "127.0.53.1" port: 39175 } }
I0312 20:10:51.620506 2184 leader_election.cc:231] T 7581a0a77de54ef8943c1521124c7728 P e3aa58d3045c4a05b94b94eb8bf58ae1 [CANDIDATE]: Term 7 election: Requesting vote from peer 012786a8f1b64995847cf7dacbc029a4
I0312 20:10:51.620703 2187 raft_consensus.cc:458] T 7581a0a77de54ef8943c1521124c7728 P 012786a8f1b64995847cf7dacbc029a4 [term 8 FOLLOWER]: Starting leader election with config: opid_index: -1 OBSOLETE_local: false peers { permanent_uuid: "012786a8f1b64995847cf7dacbc029a4" member_type: VOTER last_known_addr { host: "127.0.53.2" port: 43059 } } peers { permanent_uuid: "e3aa58d3045c4a05b94b94eb8bf58ae1" member_type: VOTER last_known_addr { host: "127.0.53.3" port: 49316 } } peers { permanent_uuid: "9da22e5afdce42078fe8f94ad166ac3c" member_type: VOTER last_known_addr { host: "127.0.53.1" port: 39175 } }
I0312 20:10:51.621491 2187 leader_election.cc:231] T 7581a0a77de54ef8943c1521124c7728 P 012786a8f1b64995847cf7dacbc029a4 [CANDIDATE]: Term 8 election: Requesting vote from peer e3aa58d3045c4a05b94b94eb8bf58ae1
I0312 20:10:51.621418 1865 tablet_service.cc:993] Received RequestConsensusVote() RPC: tablet_id: "7581a0a77de54ef8943c1521124c7728" candidate_uuid: "e3aa58d3045c4a05b94b94eb8bf58ae1" candidate_term: 7 candidate_status { last_received { term: 6 index: 733 } } ignore_live_leader: false dest_uuid: "012786a8f1b64995847cf7dacbc029a4"
I0312 20:10:51.621647 2184 leader_election.cc:231] T 7581a0a77de54ef8943c1521124c7728 P e3aa58d3045c4a05b94b94eb8bf58ae1 [CANDIDATE]: Term 7 election: Requesting vote from peer 9da22e5afdce42078fe8f94ad166ac3c
I0312 20:10:51.621783 1865 raft_consensus.cc:2120] T 7581a0a77de54ef8943c1521124c7728 P 012786a8f1b64995847cf7dacbc029a4 [term 8 FOLLOWER]: Leader election vote request: Denying vote to candidate e3aa58d3045c4a05b94b94eb8bf58ae1 for earlier term 7. Current term is 8.
W0312 20:10:51.622453 1926 leader_election.cc:347] T 7581a0a77de54ef8943c1521124c7728 P e3aa58d3045c4a05b94b94eb8bf58ae1 [CANDIDATE]: Term 7 election: Vote denied by peer 012786a8f1b64995847cf7dacbc029a4 with higher term. Message: Invalid argument: T 7581a0a77de54ef8943c1521124c7728 P 012786a8f1b64995847cf7dacbc029a4 [term 8 FOLLOWER]: Leader election vote request: Denying vote to candidate e3aa58d3045c4a05b94b94eb8bf58ae1 for earlier term 7. Current term is 8.
I0312 20:10:51.622573 1926 leader_election.cc:350] T 7581a0a77de54ef8943c1521124c7728 P e3aa58d3045c4a05b94b94eb8bf58ae1 [CANDIDATE]: Term 7 election: Cancelling election due to peer responding with higher term
I0312 20:10:51.622531 1738 tablet_service.cc:993] Received RequestConsensusVote() RPC: tablet_id: "7581a0a77de54ef8943c1521124c7728" candidate_uuid: "e3aa58d3045c4a05b94b94eb8bf58ae1" candidate_term: 7 candidate_status { last_received { term: 6 index: 733 } } ignore_live_leader: false dest_uuid: "9da22e5afdce42078fe8f94ad166ac3c"
I0312 20:10:51.622910 2184 raft_consensus.cc:2700] T 7581a0a77de54ef8943c1521124c7728 P e3aa58d3045c4a05b94b94eb8bf58ae1: Snoozing failure detection for 0.033s (election complete)
I0312 20:10:51.623054 2184 raft_consensus.cc:2752] T 7581a0a77de54ef8943c1521124c7728 P e3aa58d3045c4a05b94b94eb8bf58ae1 [term 7 FOLLOWER]: Advancing to term 8
I0312 20:10:51.623226 1738 raft_consensus.cc:2145] T 7581a0a77de54ef8943c1521124c7728 P 9da22e5afdce42078fe8f94ad166ac3c [term 7 FOLLOWER]: Leader election vote request: Denying vote to candidate e3aa58d3045c4a05b94b94eb8bf58ae1 in current term 7: Already voted for candidate 9da22e5afdce42078fe8f94ad166ac3c in this term.
I0312 20:10:51.624114 1922 leader_election.cc:377] T 7581a0a77de54ef8943c1521124c7728 P e3aa58d3045c4a05b94b94eb8bf58ae1 [CANDIDATE]: Term 7 election: Vote denied by peer 9da22e5afdce42078fe8f94ad166ac3c. Message: Invalid argument: T 7581a0a77de54ef8943c1521124c7728 P 9da22e5afdce42078fe8f94ad166ac3c [term 7 FOLLOWER]: Leader election vote request: Denying vote to candidate e3aa58d3045c4a05b94b94eb8bf58ae1 in current term 7: Already voted for candidate 9da22e5afdce42078fe8f94ad166ac3c in this term.
