I0312 20:10:32.217123 2101 raft_consensus.cc:2700] T 7581a0a77de54ef8943c1521124c7728 P 9da22e5afdce42078fe8f94ad166ac3c: Snoozing failure detection for 0.231s (starting election)
I0312 20:10:32.217371 2101 raft_consensus.cc:458] T 7581a0a77de54ef8943c1521124c7728 P 9da22e5afdce42078fe8f94ad166ac3c [term 2 FOLLOWER]: Starting pre-election with config: opid_index: -1 OBSOLETE_local: false peers { permanent_uuid: "012786a8f1b64995847cf7dacbc029a4" member_type: VOTER last_known_addr { host: "127.0.53.2" port: 43059 } } peers { permanent_uuid: "e3aa58d3045c4a05b94b94eb8bf58ae1" member_type: VOTER last_known_addr { host: "127.0.53.3" port: 49316 } } peers { permanent_uuid: "9da22e5afdce42078fe8f94ad166ac3c" member_type: VOTER last_known_addr { host: "127.0.53.1" port: 39175 } }
I0312 20:10:32.218451 2101 leader_election.cc:231] T 7581a0a77de54ef8943c1521124c7728 P 9da22e5afdce42078fe8f94ad166ac3c [CANDIDATE]: Term 3 pre-election: Requesting pre-vote from peer 012786a8f1b64995847cf7dacbc029a4
I0312 20:10:32.218844 2101 leader_election.cc:231] T 7581a0a77de54ef8943c1521124c7728 P 9da22e5afdce42078fe8f94ad166ac3c [CANDIDATE]: Term 3 pre-election: Requesting pre-vote from peer e3aa58d3045c4a05b94b94eb8bf58ae1
I0312 20:10:32.219928 1866 tablet_service.cc:993] Received RequestConsensusVote() RPC: tablet_id: "7581a0a77de54ef8943c1521124c7728" candidate_uuid: "9da22e5afdce42078fe8f94ad166ac3c" candidate_term: 3 candidate_status { last_received { term: 1 index: 69 } } ignore_live_leader: false dest_uuid: "012786a8f1b64995847cf7dacbc029a4" is_pre_election: true
I0312 20:10:32.220173 1991 tablet_service.cc:993] Received RequestConsensusVote() RPC: tablet_id: "7581a0a77de54ef8943c1521124c7728" candidate_uuid: "9da22e5afdce42078fe8f94ad166ac3c" candidate_term: 3 candidate_status { last_received { term: 1 index: 69 } } ignore_live_leader: false dest_uuid: "e3aa58d3045c4a05b94b94eb8bf58ae1" is_pre_election: true
I0312 20:10:32.220422 1866 raft_consensus.cc:2700] T 7581a0a77de54ef8943c1521124c7728 P 012786a8f1b64995847cf7dacbc029a4: Snoozing failure detection for 0.055s (vote granted)
I0312 20:10:32.220631 1866 raft_consensus.cc:2215] T 7581a0a77de54ef8943c1521124c7728 P 012786a8f1b64995847cf7dacbc029a4 [term 2 FOLLOWER]: Leader pre-election vote request: Granting yes vote for candidate 9da22e5afdce42078fe8f94ad166ac3c in term 2.
I0312 20:10:32.221876 1676 leader_election.cc:363] T 7581a0a77de54ef8943c1521124c7728 P 9da22e5afdce42078fe8f94ad166ac3c [CANDIDATE]: Term 3 pre-election: Vote granted by peer 012786a8f1b64995847cf7dacbc029a4
I0312 20:10:32.222082 1676 leader_election.cc:258] T 7581a0a77de54ef8943c1521124c7728 P 9da22e5afdce42078fe8f94ad166ac3c [CANDIDATE]: Term 3 pre-election: Election decided. Result: candidate won.
I0312 20:10:32.222780 2101 raft_consensus.cc:2700] T 7581a0a77de54ef8943c1521124c7728 P 9da22e5afdce42078fe8f94ad166ac3c: Snoozing failure detection for 0.548s (election complete)
I0312 20:10:32.223009 2101 raft_consensus.cc:2507] T 7581a0a77de54ef8943c1521124c7728 P 9da22e5afdce42078fe8f94ad166ac3c [term 2 FOLLOWER]: Leader pre-election won for term 3
I0312 20:10:32.223201 2101 raft_consensus.cc:436] T 7581a0a77de54ef8943c1521124c7728 P 9da22e5afdce42078fe8f94ad166ac3c [term 2 FOLLOWER]: Starting leader election (no leader contacted us within the election timeout)
I0312 20:10:32.223448 2101 raft_consensus.cc:2700] T 7581a0a77de54ef8943c1521124c7728 P 9da22e5afdce42078fe8f94ad166ac3c: Snoozing failure detection for 0.041s (starting election)
I0312 20:10:32.223739 2101 raft_consensus.cc:2752] T 7581a0a77de54ef8943c1521124c7728 P 9da22e5afdce42078fe8f94ad166ac3c [term 2 FOLLOWER]: Advancing to term 3
I0312 20:10:32.276255 2100 raft_consensus.cc:436] T 7581a0a77de54ef8943c1521124c7728 P 012786a8f1b64995847cf7dacbc029a4 [term 2 FOLLOWER]: Starting pre-election (no leader contacted us within the election timeout)
I0312 20:10:32.276491 2100 raft_consensus.cc:2700] T 7581a0a77de54ef8943c1521124c7728 P 012786a8f1b64995847cf7dacbc029a4: Snoozing failure detection for 0.146s (starting election)
I0312 20:10:32.276727 2100 raft_consensus.cc:458] T 7581a0a77de54ef8943c1521124c7728 P 012786a8f1b64995847cf7dacbc029a4 [term 2 FOLLOWER]: Starting pre-election with config: opid_index: -1 OBSOLETE_local: false peers { permanent_uuid: "012786a8f1b64995847cf7dacbc029a4" member_type: VOTER last_known_addr { host: "127.0.53.2" port: 43059 } } peers { permanent_uuid: "e3aa58d3045c4a05b94b94eb8bf58ae1" member_type: VOTER last_known_addr { host: "127.0.53.3" port: 49316 } } peers { permanent_uuid: "9da22e5afdce42078fe8f94ad166ac3c" member_type: VOTER last_known_addr { host: "127.0.53.1" port: 39175 } }
I0312 20:10:32.277757 2100 leader_election.cc:231] T 7581a0a77de54ef8943c1521124c7728 P 012786a8f1b64995847cf7dacbc029a4 [CANDIDATE]: Term 3 pre-election: Requesting pre-vote from peer e3aa58d3045c4a05b94b94eb8bf58ae1
I0312 20:10:32.278142 2100 leader_election.cc:231] T 7581a0a77de54ef8943c1521124c7728 P 012786a8f1b64995847cf7dacbc029a4 [CANDIDATE]: Term 3 pre-election: Requesting pre-vote from peer 9da22e5afdce42078fe8f94ad166ac3c
I0312 20:10:32.279553 1740 tablet_service.cc:993] Received RequestConsensusVote() RPC: tablet_id: "7581a0a77de54ef8943c1521124c7728" candidate_uuid: "012786a8f1b64995847cf7dacbc029a4" candidate_term: 3 candidate_status { last_received { term: 1 index: 67 } } ignore_live_leader: false dest_uuid: "9da22e5afdce42078fe8f94ad166ac3c" is_pre_election: true
I0312 20:10:32.279722 1990 tablet_service.cc:993] Received RequestConsensusVote() RPC: tablet_id: "7581a0a77de54ef8943c1521124c7728" candidate_uuid: "012786a8f1b64995847cf7dacbc029a4" candidate_term: 3 candidate_status { last_received { term: 1 index: 67 } } ignore_live_leader: false dest_uuid: "e3aa58d3045c4a05b94b94eb8bf58ae1" is_pre_election: true
I0312 20:10:32.423663 2100 raft_consensus.cc:436] T 7581a0a77de54ef8943c1521124c7728 P 012786a8f1b64995847cf7dacbc029a4 [term 2 FOLLOWER]: Starting pre-election (no leader contacted us within the election timeout)
I0312 20:10:32.423907 2100 raft_consensus.cc:2700] T 7581a0a77de54ef8943c1521124c7728 P 012786a8f1b64995847cf7dacbc029a4: Snoozing failure detection for 0.570s (starting election)
I0312 20:10:32.424173 2100 raft_consensus.cc:458] T 7581a0a77de54ef8943c1521124c7728 P 012786a8f1b64995847cf7dacbc029a4 [term 2 FOLLOWER]: Starting pre-election with config: opid_index: -1 OBSOLETE_local: false peers { permanent_uuid: "012786a8f1b64995847cf7dacbc029a4" member_type: VOTER last_known_addr { host: "127.0.53.2" port: 43059 } } peers { permanent_uuid: "e3aa58d3045c4a05b94b94eb8bf58ae1" member_type: VOTER last_known_addr { host: "127.0.53.3" port: 49316 } } peers { permanent_uuid: "9da22e5afdce42078fe8f94ad166ac3c" member_type: VOTER last_known_addr { host: "127.0.53.1" port: 39175 } }
I0312 20:10:32.425541 2100 leader_election.cc:231] T 7581a0a77de54ef8943c1521124c7728 P 012786a8f1b64995847cf7dacbc029a4 [CANDIDATE]: Term 3 pre-election: Requesting pre-vote from peer e3aa58d3045c4a05b94b94eb8bf58ae1
W0312 20:10:32.425627 1797 leader_election.cc:287] T 7581a0a77de54ef8943c1521124c7728 P 012786a8f1b64995847cf7dacbc029a4 [CANDIDATE]: Term 3 pre-election: RPC error from VoteRequest() call to peer e3aa58d3045c4a05b94b94eb8bf58ae1: Timed out: RequestConsensusVote RPC to 127.0.53.3:49316 timed out after 0.146s (SENT)
I0312 20:10:32.425928 2100 leader_election.cc:231] T 7581a0a77de54ef8943c1521124c7728 P 012786a8f1b64995847cf7dacbc029a4 [CANDIDATE]: Term 3 pre-election: Requesting pre-vote from peer 9da22e5afdce42078fe8f94ad166ac3c
W0312 20:10:32.426035 1797 leader_election.cc:287] T 7581a0a77de54ef8943c1521124c7728 P 012786a8f1b64995847cf7dacbc029a4 [CANDIDATE]: Term 3 pre-election: RPC error from VoteRequest() call to peer 9da22e5afdce42078fe8f94ad166ac3c: Timed out: RequestConsensusVote RPC to 127.0.53.1:39175 timed out after 0.146s (SENT)
I0312 20:10:32.426265 1797 leader_election.cc:258] T 7581a0a77de54ef8943c1521124c7728 P 012786a8f1b64995847cf7dacbc029a4 [CANDIDATE]: Term 3 pre-election: Election decided. Result: candidate lost.
I0312 20:10:32.428120 1741 tablet_service.cc:993] Received RequestConsensusVote() RPC: tablet_id: "7581a0a77de54ef8943c1521124c7728" candidate_uuid: "012786a8f1b64995847cf7dacbc029a4" candidate_term: 3 candidate_status { last_received { term: 1 index: 67 } } ignore_live_leader: false dest_uuid: "9da22e5afdce42078fe8f94ad166ac3c" is_pre_election: true
I0312 20:10:32.428293 1989 tablet_service.cc:993] Received RequestConsensusVote() RPC: tablet_id: "7581a0a77de54ef8943c1521124c7728" candidate_uuid: "012786a8f1b64995847cf7dacbc029a4" candidate_term: 3 candidate_status { last_received { term: 1 index: 67 } } ignore_live_leader: false dest_uuid: "e3aa58d3045c4a05b94b94eb8bf58ae1" is_pre_election: true
I0312 20:10:32.429138 2100 raft_consensus.cc:2700] T 7581a0a77de54ef8943c1521124c7728 P 012786a8f1b64995847cf7dacbc029a4: Snoozing failure detection for 0.338s (election complete)
I0312 20:10:32.429370 2100 raft_consensus.cc:2455] T 7581a0a77de54ef8943c1521124c7728 P 012786a8f1b64995847cf7dacbc029a4 [term 2 FOLLOWER]: Leader pre-election lost for term 3. Reason: could not achieve majority
W0312 20:10:32.451373 1663 leader_election.cc:287] T 7581a0a77de54ef8943c1521124c7728 P 9da22e5afdce42078fe8f94ad166ac3c [CANDIDATE]: Term 3 pre-election: RPC error from VoteRequest() call to peer e3aa58d3045c4a05b94b94eb8bf58ae1: Timed out: RequestConsensusVote RPC to 127.0.53.3:49316 timed out after 0.231s (SENT)
I0312 20:10:32.768532 2100 raft_consensus.cc:436] T 7581a0a77de54ef8943c1521124c7728 P 012786a8f1b64995847cf7dacbc029a4 [term 2 FOLLOWER]: Starting pre-election (no leader contacted us within the election timeout)
I0312 20:10:32.768802 2100 raft_consensus.cc:2700] T 7581a0a77de54ef8943c1521124c7728 P 012786a8f1b64995847cf7dacbc029a4: Snoozing failure detection for 0.318s (starting election)
I0312 20:10:32.769057 2100 raft_consensus.cc:458] T 7581a0a77de54ef8943c1521124c7728 P 012786a8f1b64995847cf7dacbc029a4 [term 2 FOLLOWER]: Starting pre-election with config: opid_index: -1 OBSOLETE_local: false peers { permanent_uuid: "012786a8f1b64995847cf7dacbc029a4" member_type: VOTER last_known_addr { host: "127.0.53.2" port: 43059 } } peers { permanent_uuid: "e3aa58d3045c4a05b94b94eb8bf58ae1" member_type: VOTER last_known_addr { host: "127.0.53.3" port: 49316 } } peers { permanent_uuid: "9da22e5afdce42078fe8f94ad166ac3c" member_type: VOTER last_known_addr { host: "127.0.53.1" port: 39175 } }
I0312 20:10:32.770150 2100 leader_election.cc:231] T 7581a0a77de54ef8943c1521124c7728 P 012786a8f1b64995847cf7dacbc029a4 [CANDIDATE]: Term 3 pre-election: Requesting pre-vote from peer e3aa58d3045c4a05b94b94eb8bf58ae1
I0312 20:10:32.770565 2100 leader_election.cc:231] T 7581a0a77de54ef8943c1521124c7728 P 012786a8f1b64995847cf7dacbc029a4 [CANDIDATE]: Term 3 pre-election: Requesting pre-vote from peer 9da22e5afdce42078fe8f94ad166ac3c
I0312 20:10:32.771594 1988 tablet_service.cc:993] Received RequestConsensusVote() RPC: tablet_id: "7581a0a77de54ef8943c1521124c7728" candidate_uuid: "012786a8f1b64995847cf7dacbc029a4" candidate_term: 3 candidate_status { last_received { term: 1 index: 67 } } ignore_live_leader: false dest_uuid: "e3aa58d3045c4a05b94b94eb8bf58ae1" is_pre_election: true
I0312 20:10:32.771885 1739 tablet_service.cc:993] Received RequestConsensusVote() RPC: tablet_id: "7581a0a77de54ef8943c1521124c7728" candidate_uuid: "012786a8f1b64995847cf7dacbc029a4" candidate_term: 3 candidate_status { last_received { term: 1 index: 67 } } ignore_live_leader: false dest_uuid: "9da22e5afdce42078fe8f94ad166ac3c" is_pre_election: true
W0312 20:10:32.775557 2064 consensus_meta.cc:216] T 7581a0a77de54ef8943c1521124c7728 P e3aa58d3045c4a05b94b94eb8bf58ae1: Time spent flushing consensus metadata: real 0.748s user 0.004s sys 0.000s
W0312 20:10:32.775553 2101 consensus_meta.cc:216] T 7581a0a77de54ef8943c1521124c7728 P 9da22e5afdce42078fe8f94ad166ac3c: Time spent flushing consensus metadata: real 0.551s user 0.004s sys 0.000s
I0312 20:10:32.775815 2101 raft_consensus.cc:458] T 7581a0a77de54ef8943c1521124c7728 P 9da22e5afdce42078fe8f94ad166ac3c [term 3 FOLLOWER]: Starting leader election with config: opid_index: -1 OBSOLETE_local: false peers { permanent_uuid: "012786a8f1b64995847cf7dacbc029a4" member_type: VOTER last_known_addr { host: "127.0.53.2" port: 43059 } } peers { permanent_uuid: "e3aa58d3045c4a05b94b94eb8bf58ae1" member_type: VOTER last_known_addr { host: "127.0.53.3" port: 49316 } } peers { permanent_uuid: "9da22e5afdce42078fe8f94ad166ac3c" member_type: VOTER last_known_addr { host: "127.0.53.1" port: 39175 } }
I0312 20:10:32.775815 2064 raft_consensus.cc:458] T 7581a0a77de54ef8943c1521124c7728 P e3aa58d3045c4a05b94b94eb8bf58ae1 [term 3 FOLLOWER]: Starting leader election with config: opid_index: -1 OBSOLETE_local: false peers { permanent_uuid: "012786a8f1b64995847cf7dacbc029a4" member_type: VOTER last_known_addr { host: "127.0.53.2" port: 43059 } } peers { permanent_uuid: "e3aa58d3045c4a05b94b94eb8bf58ae1" member_type: VOTER last_known_addr { host: "127.0.53.3" port: 49316 } } peers { permanent_uuid: "9da22e5afdce42078fe8f94ad166ac3c" member_type: VOTER last_known_addr { host: "127.0.53.1" port: 39175 } }
I0312 20:10:32.776825 2101 leader_election.cc:231] T 7581a0a77de54ef8943c1521124c7728 P 9da22e5afdce42078fe8f94ad166ac3c [CANDIDATE]: Term 3 election: Requesting vote from peer 012786a8f1b64995847cf7dacbc029a4
I0312 20:10:32.777003 1740 raft_consensus.cc:2145] T 7581a0a77de54ef8943c1521124c7728 P 9da22e5afdce42078fe8f94ad166ac3c [term 3 FOLLOWER]: Leader pre-election vote request: Denying vote to candidate 012786a8f1b64995847cf7dacbc029a4 in current term 3: Already voted for candidate 9da22e5afdce42078fe8f94ad166ac3c in this term.
I0312 20:10:32.777230 2101 leader_election.cc:231] T 7581a0a77de54ef8943c1521124c7728 P 9da22e5afdce42078fe8f94ad166ac3c [CANDIDATE]: Term 3 election: Requesting vote from peer e3aa58d3045c4a05b94b94eb8bf58ae1
I0312 20:10:32.777240 2102 raft_consensus.cc:436] T 7581a0a77de54ef8943c1521124c7728 P 9da22e5afdce42078fe8f94ad166ac3c [term 3 FOLLOWER]: Starting pre-election (no leader contacted us within the election timeout)
I0312 20:10:32.777519 2102 raft_consensus.cc:2700] T 7581a0a77de54ef8943c1521124c7728 P 9da22e5afdce42078fe8f94ad166ac3c: Snoozing failure detection for 0.162s (starting election)
W0312 20:10:32.777506 1740 rpcz_store.cc:251] Call kudu.consensus.ConsensusService.RequestConsensusVote from 127.0.53.2:55850 (request call id 13) took 498ms (client timeout 146).
I0312 20:10:32.778595 1866 tablet_service.cc:993] Received RequestConsensusVote() RPC: tablet_id: "7581a0a77de54ef8943c1521124c7728" candidate_uuid: "9da22e5afdce42078fe8f94ad166ac3c" candidate_term: 3 candidate_status { last_received { term: 1 index: 69 } } ignore_live_leader: false dest_uuid: "012786a8f1b64995847cf7dacbc029a4"
W0312 20:10:32.778993 1740 rpcz_store.cc:255] Trace: 0312 20:10:32.279292 (+ 0us) service_pool.cc:163] Inserting onto call queue 0312 20:10:32.279406 (+ 114us) service_pool.cc:222] Handling call 0312 20:10:32.777345 (+497939us) spinlock_profiling.cc:261] Waited 497 ms on lock 0x7b480003c39c. stack: 00007fede5da3c74 00007fede5da3b70 00007fede4893314 00007feded8e0294 00007feded8e0229 00007fedec48aaf3 00007feded91e56b 00007fede82d1b24 00007fede82d1ab1 00007fede82d19c4 00007fede792dc29 00007fede792d6ec 00007fede792ebcd 00007fede7930946 00007fede793089a 00007fede7930823 0312 20:10:32.777447 (+ 102us) inbound_call.cc:157] Queueing success response Metrics: {"spinlock_wait_cycles":1143114496}
I0312 20:10:32.779003 1866 raft_consensus.cc:2752] T 7581a0a77de54ef8943c1521124c7728 P 012786a8f1b64995847cf7dacbc029a4 [term 2 FOLLOWER]: Advancing to term 3
I0312 20:10:32.779170 1866 raft_consensus.cc:2700] T 7581a0a77de54ef8943c1521124c7728 P 012786a8f1b64995847cf7dacbc029a4: Snoozing failure detection for 0.074s (vote granted)
I0312 20:10:32.777761 2102 raft_consensus.cc:458] T 7581a0a77de54ef8943c1521124c7728 P 9da22e5afdce42078fe8f94ad166ac3c [term 3 FOLLOWER]: Starting pre-election with config: opid_index: -1 OBSOLETE_local: false peers { permanent_uuid: "012786a8f1b64995847cf7dacbc029a4" member_type: VOTER last_known_addr { host: "127.0.53.2" port: 43059 } } peers { permanent_uuid: "e3aa58d3045c4a05b94b94eb8bf58ae1" member_type: VOTER last_known_addr { host: "127.0.53.3" port: 49316 } } peers { permanent_uuid: "9da22e5afdce42078fe8f94ad166ac3c" member_type: VOTER last_known_addr { host: "127.0.53.1" port: 39175 } }
I0312 20:10:32.782313 1866 raft_consensus.cc:2215] T 7581a0a77de54ef8943c1521124c7728 P 012786a8f1b64995847cf7dacbc029a4 [term 3 FOLLOWER]: Leader election vote request: Granting yes vote for candidate 9da22e5afdce42078fe8f94ad166ac3c in term 3.
I0312 20:10:32.782956 2064 leader_election.cc:231] T 7581a0a77de54ef8943c1521124c7728 P e3aa58d3045c4a05b94b94eb8bf58ae1 [CANDIDATE]: Term 3 election: Requesting vote from peer 012786a8f1b64995847cf7dacbc029a4
I0312 20:10:32.783090 1741 raft_consensus.cc:2190] T 7581a0a77de54ef8943c1521124c7728 P 9da22e5afdce42078fe8f94ad166ac3c [term 3 FOLLOWER]: Leader pre-election vote request: Denying vote to candidate 012786a8f1b64995847cf7dacbc029a4 for term 3 because replica is already servicing an update from a current leader or another vote.
I0312 20:10:32.783138 1676 leader_election.cc:363] T 7581a0a77de54ef8943c1521124c7728 P 9da22e5afdce42078fe8f94ad166ac3c [CANDIDATE]: Term 3 election: Vote granted by peer 012786a8f1b64995847cf7dacbc029a4
I0312 20:10:32.783363 2064 leader_election.cc:231] T 7581a0a77de54ef8943c1521124c7728 P e3aa58d3045c4a05b94b94eb8bf58ae1 [CANDIDATE]: Term 3 election: Requesting vote from peer 9da22e5afdce42078fe8f94ad166ac3c
I0312 20:10:32.783357 1676 leader_election.cc:258] T 7581a0a77de54ef8943c1521124c7728 P 9da22e5afdce42078fe8f94ad166ac3c [CANDIDATE]: Term 3 election: Election decided. Result: candidate won.
I0312 20:10:32.783780 1739 raft_consensus.cc:2190] T 7581a0a77de54ef8943c1521124c7728 P 9da22e5afdce42078fe8f94ad166ac3c [term 3 FOLLOWER]: Leader pre-election vote request: Denying vote to candidate 012786a8f1b64995847cf7dacbc029a4 for term 3 because replica is already servicing an update from a current leader or another vote.
I0312 20:10:32.784152 2101 raft_consensus.cc:2700] T 7581a0a77de54ef8943c1521124c7728 P 9da22e5afdce42078fe8f94ad166ac3c: Snoozing failure detection for 0.541s (election complete)
I0312 20:10:32.784396 2101 raft_consensus.cc:2507] T 7581a0a77de54ef8943c1521124c7728 P 9da22e5afdce42078fe8f94ad166ac3c [term 3 FOLLOWER]: Leader election won for term 3
I0312 20:10:32.784668 1988 raft_consensus.cc:2190] T 7581a0a77de54ef8943c1521124c7728 P e3aa58d3045c4a05b94b94eb8bf58ae1 [term 3 FOLLOWER]: Leader pre-election vote request: Denying vote to candidate 012786a8f1b64995847cf7dacbc029a4 for term 3 because replica is already servicing an update from a current leader or another vote.
I0312 20:10:32.784726 2101 raft_consensus.cc:572] T 7581a0a77de54ef8943c1521124c7728 P 9da22e5afdce42078fe8f94ad166ac3c [term 3 LEADER]: Becoming Leader. State: Replica: 9da22e5afdce42078fe8f94ad166ac3c, State: Running, Role: LEADER
I0312 20:10:32.784958 2102 leader_election.cc:231] T 7581a0a77de54ef8943c1521124c7728 P 9da22e5afdce42078fe8f94ad166ac3c [CANDIDATE]: Term 4 pre-election: Requesting pre-vote from peer 012786a8f1b64995847cf7dacbc029a4
I0312 20:10:32.785506 2102 leader_election.cc:231] T 7581a0a77de54ef8943c1521124c7728 P 9da22e5afdce42078fe8f94ad166ac3c [CANDIDATE]: Term 4 pre-election: Requesting pre-vote from peer e3aa58d3045c4a05b94b94eb8bf58ae1
I0312 20:10:32.785733 1797 leader_election.cc:377] T 7581a0a77de54ef8943c1521124c7728 P 012786a8f1b64995847cf7dacbc029a4 [CANDIDATE]: Term 3 pre-election: Vote denied by peer 9da22e5afdce42078fe8f94ad166ac3c. Message: Service unavailable: T 7581a0a77de54ef8943c1521124c7728 P 9da22e5afdce42078fe8f94ad166ac3c [term 3 FOLLOWER]: Leader pre-election vote request: Denying vote to candidate 012786a8f1b64995847cf7dacbc029a4 for term 3 because replica is already servicing an update from a current leader or another vote.
I0312 20:10:32.785856 1991 raft_consensus.cc:2145] T 7581a0a77de54ef8943c1521124c7728 P e3aa58d3045c4a05b94b94eb8bf58ae1 [term 3 FOLLOWER]: Leader pre-election vote request: Denying vote to candidate 9da22e5afdce42078fe8f94ad166ac3c in current term 3: Already voted for candidate e3aa58d3045c4a05b94b94eb8bf58ae1 in this term.
W0312 20:10:32.786315 1991 rpcz_store.cc:251] Call kudu.consensus.ConsensusService.RequestConsensusVote from 127.0.53.1:52135 (request call id 11) took 566ms (client timeout 231).
I0312 20:10:32.786535 1865 tablet_service.cc:993] Received RequestConsensusVote() RPC: tablet_id: "7581a0a77de54ef8943c1521124c7728" candidate_uuid: "9da22e5afdce42078fe8f94ad166ac3c" candidate_term: 4 candidate_status { last_received { term: 1 index: 69 } } ignore_live_leader: false dest_uuid: "012786a8f1b64995847cf7dacbc029a4" is_pre_election: true
I0312 20:10:32.786957 1865 raft_consensus.cc:2700] T 7581a0a77de54ef8943c1521124c7728 P 012786a8f1b64995847cf7dacbc029a4: Snoozing failure detection for 0.627s (vote granted)
W0312 20:10:32.787081 1991 rpcz_store.cc:255] Trace: 0312 20:10:32.219916 (+ 0us) service_pool.cc:163] Inserting onto call queue 0312 20:10:32.220039 (+ 123us) service_pool.cc:222] Handling call 0312 20:10:32.786173 (+566134us) spinlock_profiling.cc:261] Waited 565 ms on lock 0x7b480003039c. stack: 00007efd9a88dc74 00007efd9a88db70 00007efd9937d314 00007efda23ca294 00007efda23ca229 00007efda0f74af3 00007efda240856b 00007efd9cdbbb24 00007efd9cdbbab1 00007efd9cdbb9c4 00007efd9c417c29 00007efd9c4176ec 00007efd9c418bcd 00007efd9c41a946 00007efd9c41a89a 00007efd9c41a823 0312 20:10:32.786260 (+ 87us) inbound_call.cc:157] Queueing success response Metrics: {"spinlock_wait_cycles":1300291968}
I0312 20:10:32.787144 1865 raft_consensus.cc:2215] T 7581a0a77de54ef8943c1521124c7728 P 012786a8f1b64995847cf7dacbc029a4 [term 3 FOLLOWER]: Leader pre-election vote request: Granting yes vote for candidate 9da22e5afdce42078fe8f94ad166ac3c in term 3.
I0312 20:10:32.787497 1990 raft_consensus.cc:2190] T 7581a0a77de54ef8943c1521124c7728 P e3aa58d3045c4a05b94b94eb8bf58ae1 [term 3 FOLLOWER]: Leader pre-election vote request: Denying vote to candidate 012786a8f1b64995847cf7dacbc029a4 for term 3 because replica is already servicing an update from a current leader or another vote.
I0312 20:10:32.787691 2075 raft_consensus.cc:436] T 7581a0a77de54ef8943c1521124c7728 P e3aa58d3045c4a05b94b94eb8bf58ae1 [term 3 FOLLOWER]: Starting pre-election (no leader contacted us within the election timeout)
I0312 20:10:32.787892 2075 raft_consensus.cc:2700] T 7581a0a77de54ef8943c1521124c7728 P e3aa58d3045c4a05b94b94eb8bf58ae1: Snoozing failure detection for 0.022s (starting election)
W0312 20:10:32.787964 1990 rpcz_store.cc:251] Call kudu.consensus.ConsensusService.RequestConsensusVote from 127.0.53.2:45159 (request call id 13) took 508ms (client timeout 146).
I0312 20:10:32.788071 1797 leader_election.cc:377] T 7581a0a77de54ef8943c1521124c7728 P 012786a8f1b64995847cf7dacbc029a4 [CANDIDATE]: Term 3 pre-election: Vote denied by peer e3aa58d3045c4a05b94b94eb8bf58ae1. Message: Service unavailable: T 7581a0a77de54ef8943c1521124c7728 P e3aa58d3045c4a05b94b94eb8bf58ae1 [term 3 FOLLOWER]: Leader pre-election vote request: Denying vote to candidate 012786a8f1b64995847cf7dacbc029a4 for term 3 because replica is already servicing an update from a current leader or another vote.
I0312 20:10:32.788447 1797 leader_election.cc:377] T 7581a0a77de54ef8943c1521124c7728 P 012786a8f1b64995847cf7dacbc029a4 [CANDIDATE]: Term 3 pre-election: Vote denied by peer 9da22e5afdce42078fe8f94ad166ac3c. Message: Service unavailable: T 7581a0a77de54ef8943c1521124c7728 P 9da22e5afdce42078fe8f94ad166ac3c [term 3 FOLLOWER]: Leader pre-election vote request: Denying vote to candidate 012786a8f1b64995847cf7dacbc029a4 for term 3 because replica is already servicing an update from a current leader or another vote.
I0312 20:10:32.788116 2075 raft_consensus.cc:458] T 7581a0a77de54ef8943c1521124c7728 P e3aa58d3045c4a05b94b94eb8bf58ae1 [term 3 FOLLOWER]: Starting pre-election with config: opid_index: -1 OBSOLETE_local: false peers { permanent_uuid: "012786a8f1b64995847cf7dacbc029a4" member_type: VOTER last_known_addr { host: "127.0.53.2" port: 43059 } } peers { permanent_uuid: "e3aa58d3045c4a05b94b94eb8bf58ae1" member_type: VOTER last_known_addr { host: "127.0.53.3" port: 49316 } } peers { permanent_uuid: "9da22e5afdce42078fe8f94ad166ac3c" member_type: VOTER last_known_addr { host: "127.0.53.1" port: 39175 } }
I0312 20:10:32.788635 1797 leader_election.cc:258] T 7581a0a77de54ef8943c1521124c7728 P 012786a8f1b64995847cf7dacbc029a4 [CANDIDATE]: Term 3 pre-election: Election decided. Result: candidate lost.
I0312 20:10:32.788841 1866 tablet_service.cc:993] Received RequestConsensusVote() RPC: tablet_id: "7581a0a77de54ef8943c1521124c7728" candidate_uuid: "e3aa58d3045c4a05b94b94eb8bf58ae1" candidate_term: 3 candidate_status { last_received { term: 1 index: 71 } } ignore_live_leader: false dest_uuid: "012786a8f1b64995847cf7dacbc029a4"
I0312 20:10:32.789393 1866 raft_consensus.cc:2145] T 7581a0a77de54ef8943c1521124c7728 P 012786a8f1b64995847cf7dacbc029a4 [term 3 FOLLOWER]: Leader election vote request: Denying vote to candidate e3aa58d3045c4a05b94b94eb8bf58ae1 in current term 3: Already voted for candidate 9da22e5afdce42078fe8f94ad166ac3c in this term.
I0312 20:10:32.789491 2075 leader_election.cc:231] T 7581a0a77de54ef8943c1521124c7728 P e3aa58d3045c4a05b94b94eb8bf58ae1 [CANDIDATE]: Term 4 pre-election: Requesting pre-vote from peer 012786a8f1b64995847cf7dacbc029a4
I0312 20:10:32.789829 2075 leader_election.cc:231] T 7581a0a77de54ef8943c1521124c7728 P e3aa58d3045c4a05b94b94eb8bf58ae1 [CANDIDATE]: Term 4 pre-election: Requesting pre-vote from peer 9da22e5afdce42078fe8f94ad166ac3c
I0312 20:10:32.786494 2101 consensus_queue.cc:196] T 7581a0a77de54ef8943c1521124c7728 P 9da22e5afdce42078fe8f94ad166ac3c [LEADER]: Queue going to LEADER mode. State: All replicated index: 0, Majority replicated index: 69, Committed index: 69, Last appended: 1.69, Last appended by leader: 69, Current term: 3, Majority size: 2, State: 0, Mode: LEADER, active raft config: opid_index: -1 OBSOLETE_local: false peers { permanent_uuid: "012786a8f1b64995847cf7dacbc029a4" member_type: VOTER last_known_addr { host: "127.0.53.2" port: 43059 } } peers { permanent_uuid: "e3aa58d3045c4a05b94b94eb8bf58ae1" member_type: VOTER last_known_addr { host: "127.0.53.3" port: 49316 } } peers { permanent_uuid: "9da22e5afdce42078fe8f94ad166ac3c" member_type: VOTER last_known_addr { host: "127.0.53.1" port: 39175 } }
I0312 20:10:32.790403 1991 tablet_service.cc:993] Received RequestConsensusVote() RPC: tablet_id: "7581a0a77de54ef8943c1521124c7728" candidate_uuid: "9da22e5afdce42078fe8f94ad166ac3c" candidate_term: 3 candidate_status { last_received { term: 1 index: 69 } } ignore_live_leader: false dest_uuid: "e3aa58d3045c4a05b94b94eb8bf58ae1"
I0312 20:10:32.790616 1926 leader_election.cc:377] T 7581a0a77de54ef8943c1521124c7728 P e3aa58d3045c4a05b94b94eb8bf58ae1 [CANDIDATE]: Term 3 election: Vote denied by peer 012786a8f1b64995847cf7dacbc029a4. Message: Invalid argument: T 7581a0a77de54ef8943c1521124c7728 P 012786a8f1b64995847cf7dacbc029a4 [term 3 FOLLOWER]: Leader election vote request: Denying vote to candidate e3aa58d3045c4a05b94b94eb8bf58ae1 in current term 3: Already voted for candidate 9da22e5afdce42078fe8f94ad166ac3c in this term.
I0312 20:10:32.789424 1676 leader_election.cc:363] T 7581a0a77de54ef8943c1521124c7728 P 9da22e5afdce42078fe8f94ad166ac3c [CANDIDATE]: Term 4 pre-election: Vote granted by peer 012786a8f1b64995847cf7dacbc029a4
I0312 20:10:32.790920 1991 raft_consensus.cc:2145] T 7581a0a77de54ef8943c1521124c7728 P e3aa58d3045c4a05b94b94eb8bf58ae1 [term 3 FOLLOWER]: Leader election vote request: Denying vote to candidate 9da22e5afdce42078fe8f94ad166ac3c in current term 3: Already voted for candidate e3aa58d3045c4a05b94b94eb8bf58ae1 in this term.
I0312 20:10:32.790923 1676 leader_election.cc:258] T 7581a0a77de54ef8943c1521124c7728 P 9da22e5afdce42078fe8f94ad166ac3c [CANDIDATE]: Term 4 pre-election: Election decided. Result: candidate won.
I0312 20:10:32.791664 1989 raft_consensus.cc:2190] T 7581a0a77de54ef8943c1521124c7728 P e3aa58d3045c4a05b94b94eb8bf58ae1 [term 3 FOLLOWER]: Leader pre-election vote request: Denying vote to candidate 012786a8f1b64995847cf7dacbc029a4 for term 3 because replica is already servicing an update from a current leader or another vote.
W0312 20:10:32.792503 1990 rpcz_store.cc:255] Trace: 0312 20:10:32.279450 (+ 0us) service_pool.cc:163] Inserting onto call queue 0312 20:10:32.279555 (+ 105us) service_pool.cc:222] Handling call 0312 20:10:32.787828 (+508273us) spinlock_profiling.cc:261] Waited 507 ms on lock 0x7b480003039c. stack: 00007efd9a88dc74 00007efd9a88db70 00007efd9937d314 00007efda23ca294 00007efda23ca229 00007efda0f74606 00007efda240856b 00007efd9cdbbb24 00007efd9cdbbab1 00007efd9cdbb9c4 00007efd9c417c29 00007efd9c4176ec 00007efd9c418bcd 00007efd9c41a946 00007efd9c41a89a 00007efd9c41a823 0312 20:10:32.787920 (+ 92us) inbound_call.cc:157] Queueing success response Metrics: {"spinlock_wait_cycles":1166911232}
I0312 20:10:32.792321 1739 tablet_service.cc:993] Received RequestConsensusVote() RPC: tablet_id: "7581a0a77de54ef8943c1521124c7728" candidate_uuid: "e3aa58d3045c4a05b94b94eb8bf58ae1" candidate_term: 3 candidate_status { last_received { term: 1 index: 71 } } ignore_live_leader: false dest_uuid: "9da22e5afdce42078fe8f94ad166ac3c"
I0312 20:10:32.793243 1739 raft_consensus.cc:2176] T 7581a0a77de54ef8943c1521124c7728 P 9da22e5afdce42078fe8f94ad166ac3c [term 3 LEADER]: Leader election vote request: Denying vote to candidate e3aa58d3045c4a05b94b94eb8bf58ae1 for term 3 because replica is either leader or believes a valid leader to be alive.
I0312 20:10:32.793265 1797 leader_election.cc:377] T 7581a0a77de54ef8943c1521124c7728 P 012786a8f1b64995847cf7dacbc029a4 [CANDIDATE]: Term 3 pre-election: Vote denied by peer e3aa58d3045c4a05b94b94eb8bf58ae1. Message: Service unavailable: T 7581a0a77de54ef8943c1521124c7728 P e3aa58d3045c4a05b94b94eb8bf58ae1 [term 3 FOLLOWER]: Leader pre-election vote request: Denying vote to candidate 012786a8f1b64995847cf7dacbc029a4 for term 3 because replica is already servicing an update from a current leader or another vote.
I0312 20:10:32.793480 1797 leader_election.cc:258] T 7581a0a77de54ef8943c1521124c7728 P 012786a8f1b64995847cf7dacbc029a4 [CANDIDATE]: Term 3 pre-election: Election decided. Result: candidate lost.
I0312 20:10:32.793803 2102 raft_consensus.cc:2700] T 7581a0a77de54ef8943c1521124c7728 P 9da22e5afdce42078fe8f94ad166ac3c: Snoozing failure detection for 0.018s (election complete)
I0312 20:10:32.794315 2100 raft_consensus.cc:2700] T 7581a0a77de54ef8943c1521124c7728 P 012786a8f1b64995847cf7dacbc029a4: Snoozing failure detection for 0.741s (election complete)
I0312 20:10:32.794544 2100 raft_consensus.cc:2455] T 7581a0a77de54ef8943c1521124c7728 P 012786a8f1b64995847cf7dacbc029a4 [term 3 FOLLOWER]: Leader pre-election lost for term 3. Reason: could not achieve majority
I0312 20:10:32.794509 1866 tablet_service.cc:993] Received RequestConsensusVote() RPC: tablet_id: "7581a0a77de54ef8943c1521124c7728" candidate_uuid: "e3aa58d3045c4a05b94b94eb8bf58ae1" candidate_term: 4 candidate_status { last_received { term: 1 index: 71 } } ignore_live_leader: false dest_uuid: "012786a8f1b64995847cf7dacbc029a4" is_pre_election: true
I0312 20:10:32.795096 2100 raft_consensus.cc:2700] T 7581a0a77de54ef8943c1521124c7728 P 012786a8f1b64995847cf7dacbc029a4: Snoozing failure detection for 1.126s (election complete)
I0312 20:10:32.795317 2100 raft_consensus.cc:2455] T 7581a0a77de54ef8943c1521124c7728 P 012786a8f1b64995847cf7dacbc029a4 [term 3 FOLLOWER]: Leader pre-election lost for term 3. Reason: could not achieve majority
I0312 20:10:32.795619 1866 raft_consensus.cc:2700] T 7581a0a77de54ef8943c1521124c7728 P 012786a8f1b64995847cf7dacbc029a4: Snoozing failure detection for 0.961s (vote granted)
I0312 20:10:32.795374 1618 catalog_manager.cc:3592] T 7581a0a77de54ef8943c1521124c7728 P 9da22e5afdce42078fe8f94ad166ac3c reported cstate change: term changed from 1 to 3, leader changed from e3aa58d3045c4a05b94b94eb8bf58ae1 (127.0.53.3) to 9da22e5afdce42078fe8f94ad166ac3c (127.0.53.1). New cstate: current_term: 3 leader_uuid: "9da22e5afdce42078fe8f94ad166ac3c" committed_config { opid_index: -1 OBSOLETE_local: false peers { permanent_uuid: "012786a8f1b64995847cf7dacbc029a4" member_type: VOTER last_known_addr { host: "127.0.53.2" port: 43059 } health_report { overall_health: UNKNOWN } } peers { permanent_uuid: "e3aa58d3045c4a05b94b94eb8bf58ae1" member_type: VOTER last_known_addr { host: "127.0.53.3" port: 49316 } health_report { overall_health: UNKNOWN } } peers { permanent_uuid: "9da22e5afdce42078fe8f94ad166ac3c" member_type: VOTER last_known_addr { host: "127.0.53.1" port: 39175 } health_report { overall_health: HEALTHY } } }
I0312 20:10:32.796612 1866 raft_consensus.cc:2215] T 7581a0a77de54ef8943c1521124c7728 P 012786a8f1b64995847cf7dacbc029a4 [term 3 FOLLOWER]: Leader pre-election vote request: Granting yes vote for candidate e3aa58d3045c4a05b94b94eb8bf58ae1 in term 3.
I0312 20:10:32.797456 1926 leader_election.cc:363] T 7581a0a77de54ef8943c1521124c7728 P e3aa58d3045c4a05b94b94eb8bf58ae1 [CANDIDATE]: Term 4 pre-election: Vote granted by peer 012786a8f1b64995847cf7dacbc029a4
I0312 20:10:32.797643 1926 leader_election.cc:258] T 7581a0a77de54ef8943c1521124c7728 P e3aa58d3045c4a05b94b94eb8bf58ae1 [CANDIDATE]: Term 4 pre-election: Election decided. Result: candidate won.
I0312 20:10:32.798138 2075 raft_consensus.cc:2700] T 7581a0a77de54ef8943c1521124c7728 P e3aa58d3045c4a05b94b94eb8bf58ae1: Snoozing failure detection for 0.018s (election complete)
I0312 20:10:32.798347 2075 raft_consensus.cc:2507] T 7581a0a77de54ef8943c1521124c7728 P e3aa58d3045c4a05b94b94eb8bf58ae1 [term 3 FOLLOWER]: Leader pre-election won for term 4
I0312 20:10:32.798517 2075 raft_consensus.cc:436] T 7581a0a77de54ef8943c1521124c7728 P e3aa58d3045c4a05b94b94eb8bf58ae1 [term 3 FOLLOWER]: Starting leader election (no leader contacted us within the election timeout)
I0312 20:10:32.798647 1865 raft_consensus.cc:1058] T 7581a0a77de54ef8943c1521124c7728 P 012786a8f1b64995847cf7dacbc029a4 [term 3 FOLLOWER]: Refusing update from remote peer 9da22e5afdce42078fe8f94ad166ac3c: Log matching property violated. Preceding OpId in replica: term: 1 index: 67. Preceding OpId from leader: term: 3 index: 70. (index mismatch)
I0312 20:10:32.798684 2075 raft_consensus.cc:2700] T 7581a0a77de54ef8943c1521124c7728 P e3aa58d3045c4a05b94b94eb8bf58ae1: Snoozing failure detection for 0.015s (starting election)
I0312 20:10:32.798852 2075 raft_consensus.cc:2752] T 7581a0a77de54ef8943c1521124c7728 P e3aa58d3045c4a05b94b94eb8bf58ae1 [term 3 FOLLOWER]: Advancing to term 4
I0312 20:10:32.800045 2101 consensus_queue.cc:1017] T 7581a0a77de54ef8943c1521124c7728 P 9da22e5afdce42078fe8f94ad166ac3c [LEADER]: Connected to new peer: Peer: permanent_uuid: "012786a8f1b64995847cf7dacbc029a4" member_type: VOTER last_known_addr { host: "127.0.53.2" port: 43059 }, Status: LMP_MISMATCH, Last received: 1.67, Next index: 68, Last known committed idx: 67, Time since last communication: 0.000s
I0312 20:10:32.803854 2075 raft_consensus.cc:458] T 7581a0a77de54ef8943c1521124c7728 P e3aa58d3045c4a05b94b94eb8bf58ae1 [term 4 FOLLOWER]: Starting leader election with config: opid_index: -1 OBSOLETE_local: false peers { permanent_uuid: "012786a8f1b64995847cf7dacbc029a4" member_type: VOTER last_known_addr { host: "127.0.53.2" port: 43059 } } peers { permanent_uuid: "e3aa58d3045c4a05b94b94eb8bf58ae1" member_type: VOTER last_known_addr { host: "127.0.53.3" port: 49316 } } peers { permanent_uuid: "9da22e5afdce42078fe8f94ad166ac3c" member_type: VOTER last_known_addr { host: "127.0.53.1" port: 39175 } }
I0312 20:10:32.805780 2075 leader_election.cc:231] T 7581a0a77de54ef8943c1521124c7728 P e3aa58d3045c4a05b94b94eb8bf58ae1 [CANDIDATE]: Term 4 election: Requesting vote from peer 012786a8f1b64995847cf7dacbc029a4
I0312 20:10:32.806589 2075 leader_election.cc:231] T 7581a0a77de54ef8943c1521124c7728 P e3aa58d3045c4a05b94b94eb8bf58ae1 [CANDIDATE]: Term 4 election: Requesting vote from peer 9da22e5afdce42078fe8f94ad166ac3c
I0312 20:10:32.807848 1866 tablet_service.cc:993] Received RequestConsensusVote() RPC: tablet_id: "7581a0a77de54ef8943c1521124c7728" candidate_uuid: "e3aa58d3045c4a05b94b94eb8bf58ae1" candidate_term: 4 candidate_status { last_received { term: 1 index: 71 } } ignore_live_leader: false dest_uuid: "012786a8f1b64995847cf7dacbc029a4"
I0312 20:10:32.809482 1739 tablet_service.cc:993] Received RequestConsensusVote() RPC: tablet_id: "7581a0a77de54ef8943c1521124c7728" candidate_uuid: "e3aa58d3045c4a05b94b94eb8bf58ae1" candidate_term: 4 candidate_status { last_received { term: 1 index: 71 } } ignore_live_leader: false dest_uuid: "9da22e5afdce42078fe8f94ad166ac3c" is_pre_election: true
I0312 20:10:32.809978 1739 raft_consensus.cc:2176] T 7581a0a77de54ef8943c1521124c7728 P 9da22e5afdce42078fe8f94ad166ac3c [term 3 LEADER]: Leader pre-election vote request: Denying vote to candidate e3aa58d3045c4a05b94b94eb8bf58ae1 for term 4 because replica is either leader or believes a valid leader to be alive.
I0312 20:10:32.810751 1989 tablet_service.cc:993] Received RequestConsensusVote() RPC: tablet_id: "7581a0a77de54ef8943c1521124c7728" candidate_uuid: "9da22e5afdce42078fe8f94ad166ac3c" candidate_term: 4 candidate_status { last_received { term: 1 index: 69 } } ignore_live_leader: false dest_uuid: "e3aa58d3045c4a05b94b94eb8bf58ae1" is_pre_election: true
I0312 20:10:32.811285 1989 raft_consensus.cc:2145] T 7581a0a77de54ef8943c1521124c7728 P e3aa58d3045c4a05b94b94eb8bf58ae1 [term 4 FOLLOWER]: Leader pre-election vote request: Denying vote to candidate 9da22e5afdce42078fe8f94ad166ac3c in current term 4: Already voted for candidate e3aa58d3045c4a05b94b94eb8bf58ae1 in this term.
I0312 20:10:32.812043 1866 raft_consensus.cc:2190] T 7581a0a77de54ef8943c1521124c7728 P 012786a8f1b64995847cf7dacbc029a4 [term 3 FOLLOWER]: Leader election vote request: Denying vote to candidate e3aa58d3045c4a05b94b94eb8bf58ae1 for term 4 because replica is already servicing an update from a current leader or another vote.
W0312 20:10:32.812139 2102 fault_injection.cc:41] FAULT INJECTION ENABLED!
W0312 20:10:32.812270 2102 fault_injection.cc:42] THIS SERVER MAY CRASH!
I0312 20:10:32.814610 1926 leader_election.cc:377] T 7581a0a77de54ef8943c1521124c7728 P e3aa58d3045c4a05b94b94eb8bf58ae1 [CANDIDATE]: Term 4 election: Vote denied by peer 012786a8f1b64995847cf7dacbc029a4. Message: Service unavailable: T 7581a0a77de54ef8943c1521124c7728 P 012786a8f1b64995847cf7dacbc029a4 [term 3 FOLLOWER]: Leader election vote request: Denying vote to candidate e3aa58d3045c4a05b94b94eb8bf58ae1 for term 4 because replica is already servicing an update from a current leader or another vote.
I0312 20:10:32.815601 1663 leader_election.cc:377] T 7581a0a77de54ef8943c1521124c7728 P 9da22e5afdce42078fe8f94ad166ac3c [CANDIDATE]: Term 3 election: Vote denied by peer e3aa58d3045c4a05b94b94eb8bf58ae1. Message: Invalid argument: T 7581a0a77de54ef8943c1521124c7728 P e3aa58d3045c4a05b94b94eb8bf58ae1 [term 3 FOLLOWER]: Leader election vote request: Denying vote to candidate 9da22e5afdce42078fe8f94ad166ac3c in current term 3: Already voted for candidate e3aa58d3045c4a05b94b94eb8bf58ae1 in this term.
I0312 20:10:32.816308 2075 raft_consensus.cc:436] T 7581a0a77de54ef8943c1521124c7728 P e3aa58d3045c4a05b94b94eb8bf58ae1 [term 4 FOLLOWER]: Starting pre-election (no leader contacted us within the election timeout)
I0312 20:10:32.816520 2075 raft_consensus.cc:2700] T 7581a0a77de54ef8943c1521124c7728 P e3aa58d3045c4a05b94b94eb8bf58ae1: Snoozing failure detection for 0.022s (starting election)
W0312 20:10:32.816545 1922 leader_election.cc:287] T 7581a0a77de54ef8943c1521124c7728 P e3aa58d3045c4a05b94b94eb8bf58ae1 [CANDIDATE]: Term 3 election: RPC error from VoteRequest() call to peer 9da22e5afdce42078fe8f94ad166ac3c: Timed out: RequestConsensusVote RPC to 127.0.53.1:39175 timed out after 0.016s (SENT)
I0312 20:10:32.816764 1922 leader_election.cc:258] T 7581a0a77de54ef8943c1521124c7728 P e3aa58d3045c4a05b94b94eb8bf58ae1 [CANDIDATE]: Term 3 election: Election decided. Result: candidate lost.
I0312 20:10:32.816764 2075 raft_consensus.cc:458] T 7581a0a77de54ef8943c1521124c7728 P e3aa58d3045c4a05b94b94eb8bf58ae1 [term 4 FOLLOWER]: Starting pre-election with config: opid_index: -1 OBSOLETE_local: false peers { permanent_uuid: "012786a8f1b64995847cf7dacbc029a4" member_type: VOTER last_known_addr { host: "127.0.53.2" port: 43059 } } peers { permanent_uuid: "e3aa58d3045c4a05b94b94eb8bf58ae1" member_type: VOTER last_known_addr { host: "127.0.53.3" port: 49316 } } peers { permanent_uuid: "9da22e5afdce42078fe8f94ad166ac3c" member_type: VOTER last_known_addr { host: "127.0.53.1" port: 39175 } }
W0312 20:10:32.817597 1922 leader_election.cc:287] T 7581a0a77de54ef8943c1521124c7728 P e3aa58d3045c4a05b94b94eb8bf58ae1 [CANDIDATE]: Term 4 pre-election: RPC error from VoteRequest() call to peer 9da22e5afdce42078fe8f94ad166ac3c: Timed out: RequestConsensusVote RPC to 127.0.53.1:39175 timed out after 0.022s (SENT)
I0312 20:10:32.817751 2075 leader_election.cc:231] T 7581a0a77de54ef8943c1521124c7728 P e3aa58d3045c4a05b94b94eb8bf58ae1 [CANDIDATE]: Term 5 pre-election: Requesting pre-vote from peer 012786a8f1b64995847cf7dacbc029a4
I0312 20:10:32.818080 2075 leader_election.cc:231] T 7581a0a77de54ef8943c1521124c7728 P e3aa58d3045c4a05b94b94eb8bf58ae1 [CANDIDATE]: Term 5 pre-election: Requesting pre-vote from peer 9da22e5afdce42078fe8f94ad166ac3c
I0312 20:10:32.818795 2064 raft_consensus.cc:2700] T 7581a0a77de54ef8943c1521124c7728 P e3aa58d3045c4a05b94b94eb8bf58ae1: Snoozing failure detection for 0.015s (election complete)
I0312 20:10:32.819020 2064 raft_consensus.cc:2455] T 7581a0a77de54ef8943c1521124c7728 P e3aa58d3045c4a05b94b94eb8bf58ae1 [term 4 FOLLOWER]: Leader election lost for term 3. Reason: could not achieve majority
I0312 20:10:32.819006 1739 tablet_service.cc:993] Received RequestConsensusVote() RPC: tablet_id: "7581a0a77de54ef8943c1521124c7728" candidate_uuid: "e3aa58d3045c4a05b94b94eb8bf58ae1" candidate_term: 4 candidate_status { last_received { term: 1 index: 71 } } ignore_live_leader: false dest_uuid: "9da22e5afdce42078fe8f94ad166ac3c"
I0312 20:10:32.819500 1739 raft_consensus.cc:2176] T 7581a0a77de54ef8943c1521124c7728 P 9da22e5afdce42078fe8f94ad166ac3c [term 3 LEADER]: Leader election vote request: Denying vote to candidate e3aa58d3045c4a05b94b94eb8bf58ae1 for term 4 because replica is either leader or believes a valid leader to be alive.
I0312 20:10:32.820845 1989 raft_consensus.cc:1026] T 7581a0a77de54ef8943c1521124c7728 P e3aa58d3045c4a05b94b94eb8bf58ae1 [term 4 FOLLOWER]: Rejecting Update request from peer 9da22e5afdce42078fe8f94ad166ac3c for earlier term 3. Current term is 4. Ops: []
I0312 20:10:32.821645 1865 tablet_service.cc:993] Received RequestConsensusVote() RPC: tablet_id: "7581a0a77de54ef8943c1521124c7728" candidate_uuid: "e3aa58d3045c4a05b94b94eb8bf58ae1" candidate_term: 5 candidate_status { last_received { term: 1 index: 71 } } ignore_live_leader: false dest_uuid: "012786a8f1b64995847cf7dacbc029a4" is_pre_election: true
I0312 20:10:32.821862 1663 leader_election.cc:377] T 7581a0a77de54ef8943c1521124c7728 P 9da22e5afdce42078fe8f94ad166ac3c [CANDIDATE]: Term 4 pre-election: Vote denied by peer e3aa58d3045c4a05b94b94eb8bf58ae1. Message: Invalid argument: T 7581a0a77de54ef8943c1521124c7728 P e3aa58d3045c4a05b94b94eb8bf58ae1 [term 4 FOLLOWER]: Leader pre-election vote request: Denying vote to candidate 9da22e5afdce42078fe8f94ad166ac3c in current term 4: Already voted for candidate e3aa58d3045c4a05b94b94eb8bf58ae1 in this term.
I0312 20:10:32.822206 1865 raft_consensus.cc:2176] T 7581a0a77de54ef8943c1521124c7728 P 012786a8f1b64995847cf7dacbc029a4 [term 3 FOLLOWER]: Leader pre-election vote request: Denying vote to candidate e3aa58d3045c4a05b94b94eb8bf58ae1 for term 5 because replica is either leader or believes a valid leader to be alive.
I0312 20:10:32.822965 1926 leader_election.cc:377] T 7581a0a77de54ef8943c1521124c7728 P e3aa58d3045c4a05b94b94eb8bf58ae1 [CANDIDATE]: Term 5 pre-election: Vote denied by peer 012786a8f1b64995847cf7dacbc029a4. Message: Invalid argument: T 7581a0a77de54ef8943c1521124c7728 P 012786a8f1b64995847cf7dacbc029a4 [term 3 FOLLOWER]: Leader pre-election vote request: Denying vote to candidate e3aa58d3045c4a05b94b94eb8bf58ae1 for term 5 because replica is either leader or believes a valid leader to be alive.
I0312 20:10:32.823192 2101 consensus_queue.cc:1004] T 7581a0a77de54ef8943c1521124c7728 P 9da22e5afdce42078fe8f94ad166ac3c [LEADER]: Peer e3aa58d3045c4a05b94b94eb8bf58ae1 log is divergent from this leader: its last log entry 1.71 is not in this leader's log and it has not received anything from this leader yet. Falling back to committed index 69
I0312 20:10:32.823381 2101 consensus_queue.cc:1028] T 7581a0a77de54ef8943c1521124c7728 P 9da22e5afdce42078fe8f94ad166ac3c [LEADER]: Peer responded invalid term: Peer: permanent_uuid: "e3aa58d3045c4a05b94b94eb8bf58ae1" member_type: VOTER last_known_addr { host: "127.0.53.3" port: 49316 }, Status: INVALID_TERM, Last received: 0.0, Next index: 70, Last known committed idx: 69, Time since last communication: 0.000s
I0312 20:10:32.824264 1922 leader_election.cc:377] T 7581a0a77de54ef8943c1521124c7728 P e3aa58d3045c4a05b94b94eb8bf58ae1 [CANDIDATE]: Term 4 election: Vote denied by peer 9da22e5afdce42078fe8f94ad166ac3c. Message: Invalid argument: T 7581a0a77de54ef8943c1521124c7728 P 9da22e5afdce42078fe8f94ad166ac3c [term 3 LEADER]: Leader election vote request: Denying vote to candidate e3aa58d3045c4a05b94b94eb8bf58ae1 for term 4 because replica is either leader or believes a valid leader to be alive.
I0312 20:10:32.824494 1922 leader_election.cc:258] T 7581a0a77de54ef8943c1521124c7728 P e3aa58d3045c4a05b94b94eb8bf58ae1 [CANDIDATE]: Term 4 election: Election decided. Result: candidate lost.
I0312 20:10:32.824499 1739 tablet_service.cc:993] Received RequestConsensusVote() RPC: tablet_id: "7581a0a77de54ef8943c1521124c7728" candidate_uuid: "e3aa58d3045c4a05b94b94eb8bf58ae1" candidate_term: 5 candidate_status { last_received { term: 1 index: 71 } } ignore_live_leader: false dest_uuid: "9da22e5afdce42078fe8f94ad166ac3c" is_pre_election: true
I0312 20:10:32.824931 2064 raft_consensus.cc:2700] T 7581a0a77de54ef8943c1521124c7728 P e3aa58d3045c4a05b94b94eb8bf58ae1: Snoozing failure detection for 0.032s (election complete)
I0312 20:10:32.825018 1739 raft_consensus.cc:2176] T 7581a0a77de54ef8943c1521124c7728 P 9da22e5afdce42078fe8f94ad166ac3c [term 3 LEADER]: Leader pre-election vote request: Denying vote to candidate e3aa58d3045c4a05b94b94eb8bf58ae1 for term 5 because replica is either leader or believes a valid leader to be alive.
I0312 20:10:32.825147 2064 raft_consensus.cc:2455] T 7581a0a77de54ef8943c1521124c7728 P e3aa58d3045c4a05b94b94eb8bf58ae1 [term 4 FOLLOWER]: Leader election lost for term 4. Reason: could not achieve majority
I0312 20:10:32.825992 1922 leader_election.cc:377] T 7581a0a77de54ef8943c1521124c7728 P e3aa58d3045c4a05b94b94eb8bf58ae1 [CANDIDATE]: Term 5 pre-election: Vote denied by peer 9da22e5afdce42078fe8f94ad166ac3c. Message: Invalid argument: T 7581a0a77de54ef8943c1521124c7728 P 9da22e5afdce42078fe8f94ad166ac3c [term 3 LEADER]: Leader pre-election vote request: Denying vote to candidate e3aa58d3045c4a05b94b94eb8bf58ae1 for term 5 because replica is either leader or believes a valid leader to be alive.
I0312 20:10:32.826189 1922 leader_election.cc:258] T 7581a0a77de54ef8943c1521124c7728 P e3aa58d3045c4a05b94b94eb8bf58ae1 [CANDIDATE]: Term 5 pre-election: Election decided. Result: candidate lost.
I0312 20:10:32.826212 1989 raft_consensus.cc:1026] T 7581a0a77de54ef8943c1521124c7728 P e3aa58d3045c4a05b94b94eb8bf58ae1 [term 4 FOLLOWER]: Rejecting Update request from peer 9da22e5afdce42078fe8f94ad166ac3c for earlier term 3. Current term is 4. Ops: []
I0312 20:10:32.826563 2064 raft_consensus.cc:2700] T 7581a0a77de54ef8943c1521124c7728 P e3aa58d3045c4a05b94b94eb8bf58ae1: Snoozing failure detection for 0.049s (election complete)
I0312 20:10:32.826753 2064 raft_consensus.cc:2455] T 7581a0a77de54ef8943c1521124c7728 P e3aa58d3045c4a05b94b94eb8bf58ae1 [term 4 FOLLOWER]: Leader pre-election lost for term 5. Reason: could not achieve majority
I0312 20:10:32.829157 2101 consensus_queue.cc:1004] T 7581a0a77de54ef8943c1521124c7728 P 9da22e5afdce42078fe8f94ad166ac3c [LEADER]: Peer e3aa58d3045c4a05b94b94eb8bf58ae1 log is divergent from this leader: its last log entry 1.71 is not in this leader's log and it has not received anything from this leader yet. Falling back to committed index 69
I0312 20:10:32.829349 2101 consensus_queue.cc:1028] T 7581a0a77de54ef8943c1521124c7728 P 9da22e5afdce42078fe8f94ad166ac3c [LEADER]: Peer responded invalid term: Peer: permanent_uuid: "e3aa58d3045c4a05b94b94eb8bf58ae1" member_type: VOTER last_known_addr { host: "127.0.53.3" port: 49316 }, Status: INVALID_TERM, Last received: 0.0, Next index: 70, Last known committed idx: 69, Time since last communication: 0.001s
I0312 20:10:32.836474 1989 raft_consensus.cc:1026] T 7581a0a77de54ef8943c1521124c7728 P e3aa58d3045c4a05b94b94eb8bf58ae1 [term 4 FOLLOWER]: Rejecting Update request from peer 9da22e5afdce42078fe8f94ad166ac3c for earlier term 3. Current term is 4. Ops: []
