I0312 20:10:34.320001 1863 raft_consensus.cc:2190] T 7581a0a77de54ef8943c1521124c7728 P 012786a8f1b64995847cf7dacbc029a4 [term 4 FOLLOWER]: Leader pre-election vote request: Denying vote to candidate e3aa58d3045c4a05b94b94eb8bf58ae1 for term 5 because replica is already servicing an update from a current leader or another vote.
I0312 20:10:34.320001 2100 leader_election.cc:231] T 7581a0a77de54ef8943c1521124c7728 P 012786a8f1b64995847cf7dacbc029a4 [CANDIDATE]: Term 5 pre-election: Requesting pre-vote from peer e3aa58d3045c4a05b94b94eb8bf58ae1
W0312 20:10:34.320132 1741 rpcz_store.cc:251] Call kudu.consensus.ConsensusService.RequestConsensusVote from 127.0.53.3:59901 (request call id 326) took 1324ms (client timeout 86).
I0312 20:10:34.320396 2100 leader_election.cc:231] T 7581a0a77de54ef8943c1521124c7728 P 012786a8f1b64995847cf7dacbc029a4 [CANDIDATE]: Term 5 pre-election: Requesting pre-vote from peer 9da22e5afdce42078fe8f94ad166ac3c
W0312 20:10:34.320538 1863 rpcz_store.cc:251] Call kudu.consensus.ConsensusService.RequestConsensusVote from 127.0.53.3:47255 (request call id 302) took 1071ms (client timeout 163).
W0312 20:10:34.320755 1741 rpcz_store.cc:255] Trace: 0312 20:10:32.995835 (+ 0us) service_pool.cc:163] Inserting onto call queue 0312 20:10:32.995939 (+ 104us) service_pool.cc:222] Handling call 0312 20:10:34.319983 (+1324044us) spinlock_profiling.cc:261] Waited 1.32 s on lock 0x7b480003c39c. stack: 00007fede5da3c74 00007fede5da3b70 00007fede4893314 00007feded8e0294 00007feded8e0229 00007fedec48aaf3 00007feded91e56b 00007fede82d1b24 00007fede82d1ab1 00007fede82d19c4 00007fede792dc29 00007fede792d6ec 00007fede792ebcd 00007fede7930946 00007fede793089a 00007fede7930823 0312 20:10:34.320081 (+ 98us) inbound_call.cc:157] Queueing success response Metrics: {"spinlock_wait_cycles":3043754368}
I0312 20:10:34.320860 1989 tablet_service.cc:993] Received RequestConsensusVote() RPC: tablet_id: "7581a0a77de54ef8943c1521124c7728" candidate_uuid: "012786a8f1b64995847cf7dacbc029a4" candidate_term: 4 candidate_status { last_received { term: 3 index: 70 } } ignore_live_leader: false dest_uuid: "e3aa58d3045c4a05b94b94eb8bf58ae1"
I0312 20:10:34.321110 2101 raft_consensus.cc:436] T 7581a0a77de54ef8943c1521124c7728 P 9da22e5afdce42078fe8f94ad166ac3c [term 5 FOLLOWER]: Starting pre-election (no leader contacted us within the election timeout)
I0312 20:10:34.321323 2101 raft_consensus.cc:2700] T 7581a0a77de54ef8943c1521124c7728 P 9da22e5afdce42078fe8f94ad166ac3c: Snoozing failure detection for 0.018s (starting election)
W0312 20:10:34.321395 1863 rpcz_store.cc:255] Trace: 0312 20:10:33.249127 (+ 0us) service_pool.cc:163] Inserting onto call queue 0312 20:10:33.249227 (+ 100us) service_pool.cc:222] Handling call 0312 20:10:34.320375 (+1071148us) spinlock_profiling.cc:261] Waited 1.07 s on lock 0x7b480003039c. stack: 00007fee78fc7c74 00007fee78fc7b70 00007fee77ab7314 00007fee80b04294 00007fee80b04229 00007fee7f6ae606 00007fee80b4256b 00007fee7b4f5b24 00007fee7b4f5ab1 00007fee7b4f59c4 00007fee7ab51c29 00007fee7ab516ec 00007fee7ab52bcd 00007fee7ab54946 00007fee7ab5489a 00007fee7ab54823 0312 20:10:34.320470 (+ 95us) inbound_call.cc:157] Queueing success response Metrics: {"spinlock_wait_cycles":2461967744}
I0312 20:10:34.321475 1989 raft_consensus.cc:2145] T 7581a0a77de54ef8943c1521124c7728 P e3aa58d3045c4a05b94b94eb8bf58ae1 [term 4 FOLLOWER]: Leader election vote request: Denying vote to candidate 012786a8f1b64995847cf7dacbc029a4 in current term 4: Already voted for candidate e3aa58d3045c4a05b94b94eb8bf58ae1 in this term.
I0312 20:10:34.321828 1864 raft_consensus.cc:2190] T 7581a0a77de54ef8943c1521124c7728 P 012786a8f1b64995847cf7dacbc029a4 [term 4 FOLLOWER]: Leader pre-election vote request: Denying vote to candidate e3aa58d3045c4a05b94b94eb8bf58ae1 for term 5 because replica is already servicing an update from a current leader or another vote.
I0312 20:10:34.321563 2101 raft_consensus.cc:458] T 7581a0a77de54ef8943c1521124c7728 P 9da22e5afdce42078fe8f94ad166ac3c [term 5 FOLLOWER]: Starting pre-election with config: opid_index: -1 OBSOLETE_local: false peers { permanent_uuid: "012786a8f1b64995847cf7dacbc029a4" member_type: VOTER last_known_addr { host: "127.0.53.2" port: 43059 } } peers { permanent_uuid: "e3aa58d3045c4a05b94b94eb8bf58ae1" member_type: VOTER last_known_addr { host: "127.0.53.3" port: 49316 } } peers { permanent_uuid: "9da22e5afdce42078fe8f94ad166ac3c" member_type: VOTER last_known_addr { host: "127.0.53.1" port: 39175 } }
W0312 20:10:34.322304 1864 rpcz_store.cc:251] Call kudu.consensus.ConsensusService.RequestConsensusVote from 127.0.53.3:47255 (request call id 301) took 1239ms (client timeout 47).
I0312 20:10:34.322185 1990 tablet_service.cc:993] Received RequestConsensusVote() RPC: tablet_id: "7581a0a77de54ef8943c1521124c7728" candidate_uuid: "012786a8f1b64995847cf7dacbc029a4" candidate_term: 5 candidate_status { last_received { term: 3 index: 70 } } ignore_live_leader: false dest_uuid: "e3aa58d3045c4a05b94b94eb8bf58ae1" is_pre_election: true
I0312 20:10:34.322526 1797 leader_election.cc:377] T 7581a0a77de54ef8943c1521124c7728 P 012786a8f1b64995847cf7dacbc029a4 [CANDIDATE]: Term 4 election: Vote denied by peer e3aa58d3045c4a05b94b94eb8bf58ae1. Message: Invalid argument: T 7581a0a77de54ef8943c1521124c7728 P e3aa58d3045c4a05b94b94eb8bf58ae1 [term 4 FOLLOWER]: Leader election vote request: Denying vote to candidate 012786a8f1b64995847cf7dacbc029a4 in current term 4: Already voted for candidate e3aa58d3045c4a05b94b94eb8bf58ae1 in this term.
I0312 20:10:34.322646 2101 leader_election.cc:231] T 7581a0a77de54ef8943c1521124c7728 P 9da22e5afdce42078fe8f94ad166ac3c [CANDIDATE]: Term 6 pre-election: Requesting pre-vote from peer 012786a8f1b64995847cf7dacbc029a4
I0312 20:10:34.322636 1990 raft_consensus.cc:2700] T 7581a0a77de54ef8943c1521124c7728 P e3aa58d3045c4a05b94b94eb8bf58ae1: Snoozing failure detection for 1.004s (vote granted)
I0312 20:10:34.322957 2101 leader_election.cc:231] T 7581a0a77de54ef8943c1521124c7728 P 9da22e5afdce42078fe8f94ad166ac3c [CANDIDATE]: Term 6 pre-election: Requesting pre-vote from peer e3aa58d3045c4a05b94b94eb8bf58ae1
I0312 20:10:34.322851 1990 raft_consensus.cc:2215] T 7581a0a77de54ef8943c1521124c7728 P e3aa58d3045c4a05b94b94eb8bf58ae1 [term 4 FOLLOWER]: Leader pre-election vote request: Granting yes vote for candidate 012786a8f1b64995847cf7dacbc029a4 in term 4.
W0312 20:10:34.322993 1864 rpcz_store.cc:255] Trace: 0312 20:10:33.083267 (+ 0us) service_pool.cc:163] Inserting onto call queue 0312 20:10:33.083374 (+ 107us) service_pool.cc:222] Handling call 0312 20:10:34.322168 (+1238794us) spinlock_profiling.cc:261] Waited 1.24 s on lock 0x7b480003039c. stack: 00007fee78fc7c74 00007fee78fc7b70 00007fee77ab7314 00007fee80b04294 00007fee80b04229 00007fee7f6ae606 00007fee80b4256b 00007fee7b4f5b24 00007fee7b4f5ab1 00007fee7b4f59c4 00007fee7ab51c29 00007fee7ab516ec 00007fee7ab52bcd 00007fee7ab54946 00007fee7ab5489a 00007fee7ab54823 0312 20:10:34.322257 (+ 89us) inbound_call.cc:157] Queueing success response Metrics: {"spinlock_wait_cycles":2847644032}
I0312 20:10:34.323312 1865 raft_consensus.cc:2700] T 7581a0a77de54ef8943c1521124c7728 P 012786a8f1b64995847cf7dacbc029a4: Snoozing failure detection for 0.018s (vote granted)
I0312 20:10:34.323503 1865 raft_consensus.cc:2215] T 7581a0a77de54ef8943c1521124c7728 P 012786a8f1b64995847cf7dacbc029a4 [term 4 FOLLOWER]: Leader pre-election vote request: Granting yes vote for candidate 9da22e5afdce42078fe8f94ad166ac3c in term 4.
I0312 20:10:34.323695 1735 raft_consensus.cc:2190] T 7581a0a77de54ef8943c1521124c7728 P 9da22e5afdce42078fe8f94ad166ac3c [term 5 FOLLOWER]: Leader pre-election vote request: Denying vote to candidate e3aa58d3045c4a05b94b94eb8bf58ae1 for term 5 because replica is already servicing an update from a current leader or another vote.
I0312 20:10:34.323789 1797 leader_election.cc:363] T 7581a0a77de54ef8943c1521124c7728 P 012786a8f1b64995847cf7dacbc029a4 [CANDIDATE]: Term 5 pre-election: Vote granted by peer e3aa58d3045c4a05b94b94eb8bf58ae1
I0312 20:10:34.324019 1797 leader_election.cc:258] T 7581a0a77de54ef8943c1521124c7728 P 012786a8f1b64995847cf7dacbc029a4 [CANDIDATE]: Term 5 pre-election: Election decided. Result: candidate won.
W0312 20:10:34.323997 1865 rpcz_store.cc:251] Call kudu.consensus.ConsensusService.RequestConsensusVote from 127.0.53.1:43855 (request call id 26) took 1436ms (client timeout 15).
W0312 20:10:34.324229 1735 rpcz_store.cc:251] Call kudu.consensus.ConsensusService.RequestConsensusVote from 127.0.53.3:59901 (request call id 332) took 298ms (client timeout 63).
I0312 20:10:34.324527 2100 raft_consensus.cc:2700] T 7581a0a77de54ef8943c1521124c7728 P 012786a8f1b64995847cf7dacbc029a4: Snoozing failure detection for 0.016s (election complete)
W0312 20:10:34.324707 1865 rpcz_store.cc:255] Trace: 0312 20:10:32.887673 (+ 0us) service_pool.cc:163] Inserting onto call queue 0312 20:10:32.887744 (+ 71us) service_pool.cc:222] Handling call 0312 20:10:34.323874 (+1436130us) spinlock_profiling.cc:261] Waited 1.44 s on lock 0x7b480003039c. stack: 00007fee78fc7c74 00007fee78fc7b70 00007fee77ab7314 00007fee80b04294 00007fee80b04229 00007fee7f6aeaf3 00007fee80b4256b 00007fee7b4f5b24 00007fee7b4f5ab1 00007fee7b4f59c4 00007fee7ab51c29 00007fee7ab516ec 00007fee7ab52bcd 00007fee7ab54946 00007fee7ab5489a 00007fee7ab54823 0312 20:10:34.323949 (+ 75us) inbound_call.cc:157] Queueing success response Metrics: {"spinlock_wait_cycles":3301404928}
I0312 20:10:34.324753 2100 raft_consensus.cc:2507] T 7581a0a77de54ef8943c1521124c7728 P 012786a8f1b64995847cf7dacbc029a4 [term 4 FOLLOWER]: Leader pre-election won for term 5
I0312 20:10:34.324973 2100 raft_consensus.cc:436] T 7581a0a77de54ef8943c1521124c7728 P 012786a8f1b64995847cf7dacbc029a4 [term 4 FOLLOWER]: Starting leader election (no leader contacted us within the election timeout)
I0312 20:10:34.325150 2100 raft_consensus.cc:2700] T 7581a0a77de54ef8943c1521124c7728 P 012786a8f1b64995847cf7dacbc029a4: Snoozing failure detection for 0.022s (starting election)
I0312 20:10:34.325173 1737 raft_consensus.cc:2190] T 7581a0a77de54ef8943c1521124c7728 P 9da22e5afdce42078fe8f94ad166ac3c [term 5 FOLLOWER]: Leader pre-election vote request: Denying vote to candidate e3aa58d3045c4a05b94b94eb8bf58ae1 for term 5 because replica is already servicing an update from a current leader or another vote.
I0312 20:10:34.325314 2100 raft_consensus.cc:2752] T 7581a0a77de54ef8943c1521124c7728 P 012786a8f1b64995847cf7dacbc029a4 [term 4 FOLLOWER]: Advancing to term 5
W0312 20:10:34.325669 1737 rpcz_store.cc:251] Call kudu.consensus.ConsensusService.RequestConsensusVote from 127.0.53.3:59901 (request call id 330) took 723ms (client timeout 360).
I0312 20:10:34.325769 1741 tablet_service.cc:993] Received RequestConsensusVote() RPC: tablet_id: "7581a0a77de54ef8943c1521124c7728" candidate_uuid: "012786a8f1b64995847cf7dacbc029a4" candidate_term: 4 candidate_status { last_received { term: 3 index: 70 } } ignore_live_leader: false dest_uuid: "9da22e5afdce42078fe8f94ad166ac3c"
W0312 20:10:34.326519 1737 rpcz_store.cc:255] Trace: 0312 20:10:33.602196 (+ 0us) service_pool.cc:163] Inserting onto call queue 0312 20:10:33.602300 (+ 104us) service_pool.cc:222] Handling call 0312 20:10:34.325533 (+723233us) spinlock_profiling.cc:261] Waited 722 ms on lock 0x7b480003c39c. stack: 00007fede5da3c74 00007fede5da3b70 00007fede4893314 00007feded8e0294 00007feded8e0229 00007fedec48a606 00007feded91e56b 00007fede82d1b24 00007fede82d1ab1 00007fede82d19c4 00007fede792dc29 00007fede792d6ec 00007fede792ebcd 00007fede7930946 00007fede793089a 00007fede7930823 0312 20:10:34.325620 (+ 87us) inbound_call.cc:157] Queueing success response Metrics: {"spinlock_wait_cycles":1660916992}
I0312 20:10:34.327064 1739 raft_consensus.cc:2190] T 7581a0a77de54ef8943c1521124c7728 P 9da22e5afdce42078fe8f94ad166ac3c [term 5 FOLLOWER]: Leader pre-election vote request: Denying vote to candidate e3aa58d3045c4a05b94b94eb8bf58ae1 for term 5 because replica is already servicing an update from a current leader or another vote.
I0312 20:10:34.327077 1864 tablet_service.cc:993] Received RequestConsensusVote() RPC: tablet_id: "7581a0a77de54ef8943c1521124c7728" candidate_uuid: "9da22e5afdce42078fe8f94ad166ac3c" candidate_term: 6 candidate_status { last_received { term: 3 index: 70 } } ignore_live_leader: false dest_uuid: "012786a8f1b64995847cf7dacbc029a4" is_pre_election: true
W0312 20:10:34.327533 1739 rpcz_store.cc:251] Call kudu.consensus.ConsensusService.RequestConsensusVote from 127.0.53.3:59901 (request call id 327) took 1244ms (client timeout 47).
I0312 20:10:34.327726 1865 tablet_service.cc:993] Received RequestConsensusVote() RPC: tablet_id: "7581a0a77de54ef8943c1521124c7728" candidate_uuid: "9da22e5afdce42078fe8f94ad166ac3c" candidate_term: 5 candidate_status { last_received { term: 3 index: 70 } } ignore_live_leader: false dest_uuid: "012786a8f1b64995847cf7dacbc029a4"
W0312 20:10:34.328313 1739 rpcz_store.cc:255] Trace: 0312 20:10:33.083181 (+ 0us) service_pool.cc:163] Inserting onto call queue 0312 20:10:33.083277 (+ 96us) service_pool.cc:222] Handling call 0312 20:10:34.327399 (+1244122us) spinlock_profiling.cc:261] Waited 1.24 s on lock 0x7b480003c39c. stack: 00007fede5da3c74 00007fede5da3b70 00007fede4893314 00007feded8e0294 00007feded8e0229 00007fedec48a606 00007feded91e56b 00007fede82d1b24 00007fede82d1ab1 00007fede82d19c4 00007fede792dc29 00007fede792d6ec 00007fede792ebcd 00007fede7930946 00007fede793089a 00007fede7930823 0312 20:10:34.327480 (+ 81us) inbound_call.cc:157] Queueing success response Metrics: {"spinlock_wait_cycles":2858200448}
I0312 20:10:34.328631 1736 raft_consensus.cc:2190] T 7581a0a77de54ef8943c1521124c7728 P 9da22e5afdce42078fe8f94ad166ac3c [term 5 FOLLOWER]: Leader pre-election vote request: Denying vote to candidate e3aa58d3045c4a05b94b94eb8bf58ae1 for term 5 because replica is already servicing an update from a current leader or another vote.
I0312 20:10:34.328960 1741 raft_consensus.cc:2120] T 7581a0a77de54ef8943c1521124c7728 P 9da22e5afdce42078fe8f94ad166ac3c [term 5 FOLLOWER]: Leader election vote request: Denying vote to candidate 012786a8f1b64995847cf7dacbc029a4 for earlier term 4. Current term is 5.
W0312 20:10:34.329100 1736 rpcz_store.cc:251] Call kudu.consensus.ConsensusService.RequestConsensusVote from 127.0.53.3:59901 (request call id 331) took 566ms (client timeout 369).
W0312 20:10:34.328546 1735 rpcz_store.cc:255] Trace: 0312 20:10:34.026133 (+ 0us) service_pool.cc:163] Inserting onto call queue 0312 20:10:34.026227 (+ 94us) service_pool.cc:222] Handling call 0312 20:10:34.324091 (+297864us) spinlock_profiling.cc:261] Waited 297 ms on lock 0x7b480003c39c. stack: 00007fede5da3c74 00007fede5da3b70 00007fede4893314 00007feded8e0294 00007feded8e0229 00007fedec48a606 00007feded91e56b 00007fede82d1b24 00007fede82d1ab1 00007fede82d19c4 00007fede792dc29 00007fede792d6ec 00007fede792ebcd 00007fede7930946 00007fede793089a 00007fede7930823 0312 20:10:34.324183 (+ 92us) inbound_call.cc:157] Queueing success response Metrics: {"spinlock_wait_cycles":682895104}
I0312 20:10:34.329710 1740 raft_consensus.cc:2190] T 7581a0a77de54ef8943c1521124c7728 P 9da22e5afdce42078fe8f94ad166ac3c [term 5 FOLLOWER]: Leader pre-election vote request: Denying vote to candidate e3aa58d3045c4a05b94b94eb8bf58ae1 for term 5 because replica is already servicing an update from a current leader or another vote.
W0312 20:10:34.329802 1736 rpcz_store.cc:255] Trace: 0312 20:10:33.762225 (+ 0us) service_pool.cc:163] Inserting onto call queue 0312 20:10:33.762335 (+ 110us) service_pool.cc:222] Handling call 0312 20:10:34.328982 (+566647us) spinlock_profiling.cc:261] Waited 565 ms on lock 0x7b480003c39c. stack: 00007fede5da3c74 00007fede5da3b70 00007fede4893314 00007feded8e0294 00007feded8e0229 00007fedec48a606 00007feded91e56b 00007fede82d1b24 00007fede82d1ab1 00007fede82d19c4 00007fede792dc29 00007fede792d6ec 00007fede792ebcd 00007fede7930946 00007fede793089a 00007fede7930823 0312 20:10:34.329045 (+ 63us) inbound_call.cc:157] Queueing success response Metrics: {"spinlock_wait_cycles":1299963136}
W0312 20:10:34.330163 1740 rpcz_store.cc:251] Call kudu.consensus.ConsensusService.RequestConsensusVote from 127.0.53.3:59901 (request call id 328) took 1080ms (client timeout 163).
I0312 20:10:34.330108 1733 tablet_service.cc:993] Received RequestConsensusVote() RPC: tablet_id: "7581a0a77de54ef8943c1521124c7728" candidate_uuid: "012786a8f1b64995847cf7dacbc029a4" candidate_term: 5 candidate_status { last_received { term: 3 index: 70 } } ignore_live_leader: false dest_uuid: "9da22e5afdce42078fe8f94ad166ac3c" is_pre_election: true
I0312 20:10:34.330654 1733 raft_consensus.cc:2145] T 7581a0a77de54ef8943c1521124c7728 P 9da22e5afdce42078fe8f94ad166ac3c [term 5 FOLLOWER]: Leader pre-election vote request: Denying vote to candidate 012786a8f1b64995847cf7dacbc029a4 in current term 5: Already voted for candidate 9da22e5afdce42078fe8f94ad166ac3c in this term.
W0312 20:10:34.330844 1740 rpcz_store.cc:255] Trace: 0312 20:10:33.249338 (+ 0us) service_pool.cc:163] Inserting onto call queue 0312 20:10:33.249428 (+ 90us) service_pool.cc:222] Handling call 0312 20:10:34.330030 (+1080602us) spinlock_profiling.cc:261] Waited 1.08 s on lock 0x7b480003c39c. stack: 00007fede5da3c74 00007fede5da3b70 00007fede4893314 00007feded8e0294 00007feded8e0229 00007fedec48a606 00007feded91e56b 00007fede82d1b24 00007fede82d1ab1 00007fede82d19c4 00007fede792dc29 00007fede792d6ec 00007fede792ebcd 00007fede7930946 00007fede793089a 00007fede7930823 0312 20:10:34.330116 (+ 86us) inbound_call.cc:157] Queueing success response Metrics: {"spinlock_wait_cycles":2484024576}
I0312 20:10:34.331254 1734 raft_consensus.cc:2190] T 7581a0a77de54ef8943c1521124c7728 P 9da22e5afdce42078fe8f94ad166ac3c [term 5 FOLLOWER]: Leader pre-election vote request: Denying vote to candidate e3aa58d3045c4a05b94b94eb8bf58ae1 for term 5 because replica is already servicing an update from a current leader or another vote.
I0312 20:10:34.331097 1990 tablet_service.cc:993] Received RequestConsensusVote() RPC: tablet_id: "7581a0a77de54ef8943c1521124c7728" candidate_uuid: "9da22e5afdce42078fe8f94ad166ac3c" candidate_term: 5 candidate_status { last_received { term: 3 index: 70 } } ignore_live_leader: false dest_uuid: "e3aa58d3045c4a05b94b94eb8bf58ae1"
I0312 20:10:34.331478 1990 raft_consensus.cc:2752] T 7581a0a77de54ef8943c1521124c7728 P e3aa58d3045c4a05b94b94eb8bf58ae1 [term 4 FOLLOWER]: Advancing to term 5
I0312 20:10:34.331591 1738 raft_consensus.cc:2190] T 7581a0a77de54ef8943c1521124c7728 P 9da22e5afdce42078fe8f94ad166ac3c [term 5 FOLLOWER]: Leader pre-election vote request: Denying vote to candidate e3aa58d3045c4a05b94b94eb8bf58ae1 for term 5 because replica is already servicing an update from a current leader or another vote.
I0312 20:10:34.331681 1990 raft_consensus.cc:2700] T 7581a0a77de54ef8943c1521124c7728 P e3aa58d3045c4a05b94b94eb8bf58ae1: Snoozing failure detection for 0.825s (vote granted)
W0312 20:10:34.331991 1738 rpcz_store.cc:251] Call kudu.consensus.ConsensusService.RequestConsensusVote from 127.0.53.3:59901 (request call id 329) took 917ms (client timeout 213).
I0312 20:10:34.332505 1922 leader_election.cc:377] T 7581a0a77de54ef8943c1521124c7728 P e3aa58d3045c4a05b94b94eb8bf58ae1 [CANDIDATE]: Term 5 pre-election: Vote denied by peer 9da22e5afdce42078fe8f94ad166ac3c. Message: Service unavailable: T 7581a0a77de54ef8943c1521124c7728 P 9da22e5afdce42078fe8f94ad166ac3c [term 5 FOLLOWER]: Leader pre-election vote request: Denying vote to candidate e3aa58d3045c4a05b94b94eb8bf58ae1 for term 5 because replica is already servicing an update from a current leader or another vote.
W0312 20:10:34.332612 1738 rpcz_store.cc:255] Trace: 0312 20:10:33.414906 (+ 0us) service_pool.cc:163] Inserting onto call queue 0312 20:10:33.415002 (+ 96us) service_pool.cc:222] Handling call 0312 20:10:34.331860 (+916858us) spinlock_profiling.cc:261] Waited 916 ms on lock 0x7b480003c39c. stack: 00007fede5da3c74 00007fede5da3b70 00007fede4893314 00007feded8e0294 00007feded8e0229 00007fedec48a606 00007feded91e56b 00007fede82d1b24 00007fede82d1ab1 00007fede82d19c4 00007fede792dc29 00007fede792d6ec 00007fede792ebcd 00007fede7930946 00007fede793089a 00007fede7930823 0312 20:10:34.331945 (+ 85us) inbound_call.cc:157] Queueing success response Metrics: {"spinlock_wait_cycles":2107388160}
W0312 20:10:34.333171 1797 leader_election.cc:347] T 7581a0a77de54ef8943c1521124c7728 P 012786a8f1b64995847cf7dacbc029a4 [CANDIDATE]: Term 4 election: Vote denied by peer 9da22e5afdce42078fe8f94ad166ac3c with higher term. Message: Invalid argument: T 7581a0a77de54ef8943c1521124c7728 P 9da22e5afdce42078fe8f94ad166ac3c [term 5 FOLLOWER]: Leader election vote request: Denying vote to candidate 012786a8f1b64995847cf7dacbc029a4 for earlier term 4. Current term is 5.
I0312 20:10:34.333356 1797 leader_election.cc:350] T 7581a0a77de54ef8943c1521124c7728 P 012786a8f1b64995847cf7dacbc029a4 [CANDIDATE]: Term 4 election: Cancelling election due to peer responding with higher term
I0312 20:10:34.333747 1989 tablet_service.cc:993] Received RequestConsensusVote() RPC: tablet_id: "7581a0a77de54ef8943c1521124c7728" candidate_uuid: "9da22e5afdce42078fe8f94ad166ac3c" candidate_term: 6 candidate_status { last_received { term: 3 index: 70 } } ignore_live_leader: false dest_uuid: "e3aa58d3045c4a05b94b94eb8bf58ae1" is_pre_election: true
I0312 20:10:34.334166 1797 leader_election.cc:377] T 7581a0a77de54ef8943c1521124c7728 P 012786a8f1b64995847cf7dacbc029a4 [CANDIDATE]: Term 5 pre-election: Vote denied by peer 9da22e5afdce42078fe8f94ad166ac3c. Message: Invalid argument: T 7581a0a77de54ef8943c1521124c7728 P 9da22e5afdce42078fe8f94ad166ac3c [term 5 FOLLOWER]: Leader pre-election vote request: Denying vote to candidate 012786a8f1b64995847cf7dacbc029a4 in current term 5: Already voted for candidate 9da22e5afdce42078fe8f94ad166ac3c in this term.
I0312 20:10:34.336002 1990 raft_consensus.cc:2215] T 7581a0a77de54ef8943c1521124c7728 P e3aa58d3045c4a05b94b94eb8bf58ae1 [term 5 FOLLOWER]: Leader election vote request: Granting yes vote for candidate 9da22e5afdce42078fe8f94ad166ac3c in term 5.
I0312 20:10:34.336298 1989 raft_consensus.cc:2190] T 7581a0a77de54ef8943c1521124c7728 P e3aa58d3045c4a05b94b94eb8bf58ae1 [term 5 FOLLOWER]: Leader pre-election vote request: Denying vote to candidate 9da22e5afdce42078fe8f94ad166ac3c for term 6 because replica is already servicing an update from a current leader or another vote.
I0312 20:10:34.328953 2100 raft_consensus.cc:458] T 7581a0a77de54ef8943c1521124c7728 P 012786a8f1b64995847cf7dacbc029a4 [term 5 FOLLOWER]: Starting leader election with config: opid_index: -1 OBSOLETE_local: false peers { permanent_uuid: "012786a8f1b64995847cf7dacbc029a4" member_type: VOTER last_known_addr { host: "127.0.53.2" port: 43059 } } peers { permanent_uuid: "e3aa58d3045c4a05b94b94eb8bf58ae1" member_type: VOTER last_known_addr { host: "127.0.53.3" port: 49316 } } peers { permanent_uuid: "9da22e5afdce42078fe8f94ad166ac3c" member_type: VOTER last_known_addr { host: "127.0.53.1" port: 39175 } }
I0312 20:10:34.336809 1663 leader_election.cc:363] T 7581a0a77de54ef8943c1521124c7728 P 9da22e5afdce42078fe8f94ad166ac3c [CANDIDATE]: Term 5 election: Vote granted by peer e3aa58d3045c4a05b94b94eb8bf58ae1
I0312 20:10:34.336935 2100 leader_election.cc:231] T 7581a0a77de54ef8943c1521124c7728 P 012786a8f1b64995847cf7dacbc029a4 [CANDIDATE]: Term 5 election: Requesting vote from peer e3aa58d3045c4a05b94b94eb8bf58ae1
I0312 20:10:34.337101 1861 raft_consensus.cc:2190] T 7581a0a77de54ef8943c1521124c7728 P 012786a8f1b64995847cf7dacbc029a4 [term 5 FOLLOWER]: Leader pre-election vote request: Denying vote to candidate e3aa58d3045c4a05b94b94eb8bf58ae1 for term 5 because replica is already servicing an update from a current leader or another vote.
I0312 20:10:34.337095 1663 leader_election.cc:258] T 7581a0a77de54ef8943c1521124c7728 P 9da22e5afdce42078fe8f94ad166ac3c [CANDIDATE]: Term 5 election: Election decided. Result: candidate won.
I0312 20:10:34.337471 2101 raft_consensus.cc:2700] T 7581a0a77de54ef8943c1521124c7728 P 9da22e5afdce42078fe8f94ad166ac3c: Snoozing failure detection for 0.018s (election complete)
W0312 20:10:34.337584 1861 rpcz_store.cc:251] Call kudu.consensus.ConsensusService.RequestConsensusVote from 127.0.53.3:47255 (request call id 304) took 735ms (client timeout 360).
I0312 20:10:34.337678 2101 raft_consensus.cc:2507] T 7581a0a77de54ef8943c1521124c7728 P 9da22e5afdce42078fe8f94ad166ac3c [term 5 FOLLOWER]: Leader election won for term 5
I0312 20:10:34.337698 1663 leader_election.cc:377] T 7581a0a77de54ef8943c1521124c7728 P 9da22e5afdce42078fe8f94ad166ac3c [CANDIDATE]: Term 6 pre-election: Vote denied by peer e3aa58d3045c4a05b94b94eb8bf58ae1. Message: Service unavailable: T 7581a0a77de54ef8943c1521124c7728 P e3aa58d3045c4a05b94b94eb8bf58ae1 [term 5 FOLLOWER]: Leader pre-election vote request: Denying vote to candidate 9da22e5afdce42078fe8f94ad166ac3c for term 6 because replica is already servicing an update from a current leader or another vote.
I0312 20:10:34.338032 2101 raft_consensus.cc:572] T 7581a0a77de54ef8943c1521124c7728 P 9da22e5afdce42078fe8f94ad166ac3c [term 5 LEADER]: Becoming Leader. State: Replica: 9da22e5afdce42078fe8f94ad166ac3c, State: Running, Role: LEADER
I0312 20:10:34.338111 1989 tablet_service.cc:993] Received RequestConsensusVote() RPC: tablet_id: "7581a0a77de54ef8943c1521124c7728" candidate_uuid: "012786a8f1b64995847cf7dacbc029a4" candidate_term: 5 candidate_status { last_received { term: 3 index: 70 } } ignore_live_leader: false dest_uuid: "e3aa58d3045c4a05b94b94eb8bf58ae1"
I0312 20:10:34.338502 1860 raft_consensus.cc:2190] T 7581a0a77de54ef8943c1521124c7728 P 012786a8f1b64995847cf7dacbc029a4 [term 5 FOLLOWER]: Leader pre-election vote request: Denying vote to candidate e3aa58d3045c4a05b94b94eb8bf58ae1 for term 5 because replica is already servicing an update from a current leader or another vote.
I0312 20:10:34.338584 1989 raft_consensus.cc:2145] T 7581a0a77de54ef8943c1521124c7728 P e3aa58d3045c4a05b94b94eb8bf58ae1 [term 5 FOLLOWER]: Leader election vote request: Denying vote to candidate 012786a8f1b64995847cf7dacbc029a4 in current term 5: Already voted for candidate 9da22e5afdce42078fe8f94ad166ac3c in this term.
I0312 20:10:34.338340 2101 consensus_queue.cc:196] T 7581a0a77de54ef8943c1521124c7728 P 9da22e5afdce42078fe8f94ad166ac3c [LEADER]: Queue going to LEADER mode. State: All replicated index: 0, Majority replicated index: 70, Committed index: 70, Last appended: 3.70, Last appended by leader: 70, Current term: 5, Majority size: 2, State: 0, Mode: LEADER, active raft config: opid_index: -1 OBSOLETE_local: false peers { permanent_uuid: "012786a8f1b64995847cf7dacbc029a4" member_type: VOTER last_known_addr { host: "127.0.53.2" port: 43059 } } peers { permanent_uuid: "e3aa58d3045c4a05b94b94eb8bf58ae1" member_type: VOTER last_known_addr { host: "127.0.53.3" port: 49316 } } peers { permanent_uuid: "9da22e5afdce42078fe8f94ad166ac3c" member_type: VOTER last_known_addr { host: "127.0.53.1" port: 39175 } }
W0312 20:10:34.338964 1860 rpcz_store.cc:251] Call kudu.consensus.ConsensusService.RequestConsensusVote from 127.0.53.3:47255 (request call id 305) took 577ms (client timeout 369).
I0312 20:10:34.339838 1797 leader_election.cc:377] T 7581a0a77de54ef8943c1521124c7728 P 012786a8f1b64995847cf7dacbc029a4 [CANDIDATE]: Term 5 election: Vote denied by peer e3aa58d3045c4a05b94b94eb8bf58ae1. Message: Invalid argument: T 7581a0a77de54ef8943c1521124c7728 P e3aa58d3045c4a05b94b94eb8bf58ae1 [term 5 FOLLOWER]: Leader election vote request: Denying vote to candidate 012786a8f1b64995847cf7dacbc029a4 in current term 5: Already voted for candidate 9da22e5afdce42078fe8f94ad166ac3c in this term.
I0312 20:10:34.340065 1862 raft_consensus.cc:2190] T 7581a0a77de54ef8943c1521124c7728 P 012786a8f1b64995847cf7dacbc029a4 [term 5 FOLLOWER]: Leader pre-election vote request: Denying vote to candidate e3aa58d3045c4a05b94b94eb8bf58ae1 for term 5 because replica is already servicing an update from a current leader or another vote.
W0312 20:10:34.340533 1862 rpcz_store.cc:251] Call kudu.consensus.ConsensusService.RequestConsensusVote from 127.0.53.3:47255 (request call id 303) took 926ms (client timeout 213).
W0312 20:10:34.339912 1861 rpcz_store.cc:255] Trace: 0312 20:10:33.601897 (+ 0us) service_pool.cc:163] Inserting onto call queue 0312 20:10:33.602007 (+ 110us) service_pool.cc:222] Handling call 0312 20:10:34.337456 (+735449us) spinlock_profiling.cc:261] Waited 734 ms on lock 0x7b480003039c. stack: 00007fee78fc7c74 00007fee78fc7b70 00007fee77ab7314 00007fee80b04294 00007fee80b04229 00007fee7f6ae606 00007fee80b4256b 00007fee7b4f5b24 00007fee7b4f5ab1 00007fee7b4f59c4 00007fee7ab51c29 00007fee7ab516ec 00007fee7ab52bcd 00007fee7ab54946 00007fee7ab5489a 00007fee7ab54823 0312 20:10:34.337537 (+ 81us) inbound_call.cc:157] Queueing success response Metrics: {"spinlock_wait_cycles":1689331456}
W0312 20:10:34.341387 1860 rpcz_store.cc:255] Trace: 0312 20:10:33.761983 (+ 0us) service_pool.cc:163] Inserting onto call queue 0312 20:10:33.762092 (+ 109us) service_pool.cc:222] Handling call 0312 20:10:34.338842 (+576750us) spinlock_profiling.cc:261] Waited 575 ms on lock 0x7b480003039c. stack: 00007fee78fc7c74 00007fee78fc7b70 00007fee77ab7314 00007fee80b04294 00007fee80b04229 00007fee7f6ae606 00007fee80b4256b 00007fee7b4f5b24 00007fee7b4f5ab1 00007fee7b4f59c4 00007fee7ab51c29 00007fee7ab516ec 00007fee7ab52bcd 00007fee7ab54946 00007fee7ab5489a 00007fee7ab54823 0312 20:10:34.338921 (+ 79us) inbound_call.cc:157] Queueing success response Metrics: {"spinlock_wait_cycles":1323247872}
I0312 20:10:34.339356 2100 leader_election.cc:231] T 7581a0a77de54ef8943c1521124c7728 P 012786a8f1b64995847cf7dacbc029a4 [CANDIDATE]: Term 5 election: Requesting vote from peer 9da22e5afdce42078fe8f94ad166ac3c
I0312 20:10:34.341658 1858 raft_consensus.cc:2190] T 7581a0a77de54ef8943c1521124c7728 P 012786a8f1b64995847cf7dacbc029a4 [term 5 FOLLOWER]: Leader pre-election vote request: Denying vote to candidate e3aa58d3045c4a05b94b94eb8bf58ae1 for term 5 because replica is already servicing an update from a current leader or another vote.
I0312 20:10:34.341925 1864 raft_consensus.cc:2700] T 7581a0a77de54ef8943c1521124c7728 P 012786a8f1b64995847cf7dacbc029a4: Snoozing failure detection for 0.020s (vote granted)
I0312 20:10:34.342133 1864 raft_consensus.cc:2215] T 7581a0a77de54ef8943c1521124c7728 P 012786a8f1b64995847cf7dacbc029a4 [term 5 FOLLOWER]: Leader pre-election vote request: Granting yes vote for candidate 9da22e5afdce42078fe8f94ad166ac3c in term 5.
W0312 20:10:34.342361 1676 leader_election.cc:287] T 7581a0a77de54ef8943c1521124c7728 P 9da22e5afdce42078fe8f94ad166ac3c [CANDIDATE]: Term 6 pre-election: RPC error from VoteRequest() call to peer 012786a8f1b64995847cf7dacbc029a4: Timed out: RequestConsensusVote RPC to 127.0.53.2:43059 timed out after 0.018s (SENT)
I0312 20:10:34.342576 1676 leader_election.cc:258] T 7581a0a77de54ef8943c1521124c7728 P 9da22e5afdce42078fe8f94ad166ac3c [CANDIDATE]: Term 6 pre-election: Election decided. Result: candidate lost.
I0312 20:10:34.342928 1926 leader_election.cc:377] T 7581a0a77de54ef8943c1521124c7728 P e3aa58d3045c4a05b94b94eb8bf58ae1 [CANDIDATE]: Term 5 pre-election: Vote denied by peer 012786a8f1b64995847cf7dacbc029a4. Message: Service unavailable: T 7581a0a77de54ef8943c1521124c7728 P 012786a8f1b64995847cf7dacbc029a4 [term 5 FOLLOWER]: Leader pre-election vote request: Denying vote to candidate e3aa58d3045c4a05b94b94eb8bf58ae1 for term 5 because replica is already servicing an update from a current leader or another vote.
I0312 20:10:34.343173 1926 leader_election.cc:258] T 7581a0a77de54ef8943c1521124c7728 P e3aa58d3045c4a05b94b94eb8bf58ae1 [CANDIDATE]: Term 5 pre-election: Election decided. Result: candidate lost.
I0312 20:10:34.342589 1617 catalog_manager.cc:3592] T 7581a0a77de54ef8943c1521124c7728 P 9da22e5afdce42078fe8f94ad166ac3c reported cstate change: term changed from 3 to 5. New cstate: current_term: 5 leader_uuid: "9da22e5afdce42078fe8f94ad166ac3c" committed_config { opid_index: -1 OBSOLETE_local: false peers { permanent_uuid: "012786a8f1b64995847cf7dacbc029a4" member_type: VOTER last_known_addr { host: "127.0.53.2" port: 43059 } health_report { overall_health: UNKNOWN } } peers { permanent_uuid: "e3aa58d3045c4a05b94b94eb8bf58ae1" member_type: VOTER last_known_addr { host: "127.0.53.3" port: 49316 } health_report { overall_health: UNKNOWN } } peers { permanent_uuid: "9da22e5afdce42078fe8f94ad166ac3c" member_type: VOTER last_known_addr { host: "127.0.53.1" port: 39175 } health_report { overall_health: HEALTHY } } }
I0312 20:10:34.343722 1738 tablet_service.cc:993] Received RequestConsensusVote() RPC: tablet_id: "7581a0a77de54ef8943c1521124c7728" candidate_uuid: "012786a8f1b64995847cf7dacbc029a4" candidate_term: 5 candidate_status { last_received { term: 3 index: 70 } } ignore_live_leader: false dest_uuid: "9da22e5afdce42078fe8f94ad166ac3c"
W0312 20:10:34.344092 1862 rpcz_store.cc:255] Trace: 0312 20:10:33.413975 (+ 0us) service_pool.cc:163] Inserting onto call queue 0312 20:10:33.414072 (+ 97us) service_pool.cc:222] Handling call 0312 20:10:34.340404 (+926332us) spinlock_profiling.cc:261] Waited 925 ms on lock 0x7b480003039c. stack: 00007fee78fc7c74 00007fee78fc7b70 00007fee77ab7314 00007fee80b04294 00007fee80b04229 00007fee7f6ae606 00007fee80b4256b 00007fee7b4f5b24 00007fee7b4f5ab1 00007fee7b4f59c4 00007fee7ab51c29 00007fee7ab516ec 00007fee7ab52bcd 00007fee7ab54946 00007fee7ab5489a 00007fee7ab54823 0312 20:10:34.340485 (+ 81us) inbound_call.cc:157] Queueing success response Metrics: {"spinlock_wait_cycles":2127127808}
I0312 20:10:34.344199 1738 raft_consensus.cc:2176] T 7581a0a77de54ef8943c1521124c7728 P 9da22e5afdce42078fe8f94ad166ac3c [term 5 LEADER]: Leader election vote request: Denying vote to candidate 012786a8f1b64995847cf7dacbc029a4 for term 5 because replica is either leader or believes a valid leader to be alive.
I0312 20:10:34.344516 1859 raft_consensus.cc:2190] T 7581a0a77de54ef8943c1521124c7728 P 012786a8f1b64995847cf7dacbc029a4 [term 5 FOLLOWER]: Leader pre-election vote request: Denying vote to candidate e3aa58d3045c4a05b94b94eb8bf58ae1 for term 5 because replica is already servicing an update from a current leader or another vote.
I0312 20:10:34.344473 2102 raft_consensus.cc:2700] T 7581a0a77de54ef8943c1521124c7728 P 9da22e5afdce42078fe8f94ad166ac3c: Snoozing failure detection for 0.015s (election complete)
I0312 20:10:34.344677 2102 raft_consensus.cc:2455] T 7581a0a77de54ef8943c1521124c7728 P 9da22e5afdce42078fe8f94ad166ac3c [term 5 LEADER]: Leader pre-election lost for term 6. Reason: could not achieve majority
W0312 20:10:34.344969 1859 rpcz_store.cc:251] Call kudu.consensus.ConsensusService.RequestConsensusVote from 127.0.53.3:47255 (request call id 306) took 319ms (client timeout 63).
W0312 20:10:34.344097 1864 rpcz_store.cc:251] Call kudu.consensus.ConsensusService.RequestConsensusVote from 127.0.53.1:43855 (request call id 28) took 17ms (client timeout 18).
I0312 20:10:34.345832 2119 raft_consensus.cc:2700] T 7581a0a77de54ef8943c1521124c7728 P e3aa58d3045c4a05b94b94eb8bf58ae1: Snoozing failure detection for 1.879s (election complete)
I0312 20:10:34.346063 2119 raft_consensus.cc:2455] T 7581a0a77de54ef8943c1521124c7728 P e3aa58d3045c4a05b94b94eb8bf58ae1 [term 5 FOLLOWER]: Leader pre-election lost for term 5. Reason: could not achieve majority
I0312 20:10:34.346498 1989 raft_consensus.cc:1058] T 7581a0a77de54ef8943c1521124c7728 P e3aa58d3045c4a05b94b94eb8bf58ae1 [term 5 FOLLOWER]: Refusing update from remote peer 9da22e5afdce42078fe8f94ad166ac3c: Log matching property violated. Preceding OpId in replica: term: 1 index: 71. Preceding OpId from leader: term: 5 index: 71. (term mismatch)
I0312 20:10:34.346715 1989 pending_rounds.cc:76] T 7581a0a77de54ef8943c1521124c7728 P e3aa58d3045c4a05b94b94eb8bf58ae1: Aborting all transactions after (but not including) 70
I0312 20:10:34.346850 1989 pending_rounds.cc:97] T 7581a0a77de54ef8943c1521124c7728 P e3aa58d3045c4a05b94b94eb8bf58ae1: Aborting uncommitted WRITE_OP operation due to leader change: 1.71
W0312 20:10:34.347179 1859 rpcz_store.cc:255] Trace: 0312 20:10:34.025875 (+ 0us) service_pool.cc:163] Inserting onto call queue 0312 20:10:34.025972 (+ 97us) service_pool.cc:222] Handling call 0312 20:10:34.344841 (+318869us) spinlock_profiling.cc:261] Waited 316 ms on lock 0x7b480003039c. stack: 00007fee78fc7c74 00007fee78fc7b70 00007fee77ab7314 00007fee80b04294 00007fee80b04229 00007fee7f6ae606 00007fee80b4256b 00007fee7b4f5b24 00007fee7b4f5ab1 00007fee7b4f59c4 00007fee7ab51c29 00007fee7ab516ec 00007fee7ab52bcd 00007fee7ab54946 00007fee7ab5489a 00007fee7ab54823 0312 20:10:34.344920 (+ 79us) inbound_call.cc:157] Queueing success response Metrics: {"spinlock_wait_cycles":726792960}
I0312 20:10:34.347563 1797 leader_election.cc:377] T 7581a0a77de54ef8943c1521124c7728 P 012786a8f1b64995847cf7dacbc029a4 [CANDIDATE]: Term 5 election: Vote denied by peer 9da22e5afdce42078fe8f94ad166ac3c. Message: Invalid argument: T 7581a0a77de54ef8943c1521124c7728 P 9da22e5afdce42078fe8f94ad166ac3c [term 5 LEADER]: Leader election vote request: Denying vote to candidate 012786a8f1b64995847cf7dacbc029a4 for term 5 because replica is either leader or believes a valid leader to be alive.
I0312 20:10:34.347784 1797 leader_election.cc:258] T 7581a0a77de54ef8943c1521124c7728 P 012786a8f1b64995847cf7dacbc029a4 [CANDIDATE]: Term 5 election: Election decided. Result: candidate lost.
I0312 20:10:34.347527 1989 rpcz_store.cc:265] Call kudu.tserver.TabletServerService.Write from 127.0.0.1:57130 (ReqId={client: 65000f5e93144329adc212a378e8be47, seq_no=69, attempt_no=0}) took 2373ms. Request Metrics: {"child_traces":[["txn",{"num_ops":1,"prepare.queue_time_us":385,"prepare.run_cpu_time_us":929,"prepare.run_wall_time_us":927,"raft.queue_time_us":1545,"raft.run_cpu_time_us":559,"raft.run_wall_time_us":32944,"replication_time_us":2371506,"spinlock_wait_cycles":75489920}]]}
I0312 20:10:34.348495 1865 raft_consensus.cc:2190] T 7581a0a77de54ef8943c1521124c7728 P 012786a8f1b64995847cf7dacbc029a4 [term 5 FOLLOWER]: Leader election vote request: Denying vote to candidate 9da22e5afdce42078fe8f94ad166ac3c for term 5 because replica is already servicing an update from a current leader or another vote.
W0312 20:10:34.348937 1865 rpcz_store.cc:251] Call kudu.consensus.ConsensusService.RequestConsensusVote from 127.0.53.1:43855 (request call id 27) took 23ms (client timeout 22).
I0312 20:10:34.349468 1866 raft_consensus.cc:2190] T 7581a0a77de54ef8943c1521124c7728 P 012786a8f1b64995847cf7dacbc029a4 [term 5 FOLLOWER]: Leader pre-election vote request: Denying vote to candidate e3aa58d3045c4a05b94b94eb8bf58ae1 for term 5 because replica is already servicing an update from a current leader or another vote.
I0312 20:10:34.349500 2101 consensus_queue.cc:1004] T 7581a0a77de54ef8943c1521124c7728 P 9da22e5afdce42078fe8f94ad166ac3c [LEADER]: Peer e3aa58d3045c4a05b94b94eb8bf58ae1 log is divergent from this leader: its last log entry 1.70 is not in this leader's log and it has not received anything from this leader yet. Falling back to committed index 69
I0312 20:10:34.349680 2101 consensus_queue.cc:1017] T 7581a0a77de54ef8943c1521124c7728 P 9da22e5afdce42078fe8f94ad166ac3c [LEADER]: Connected to new peer: Peer: permanent_uuid: "e3aa58d3045c4a05b94b94eb8bf58ae1" member_type: VOTER last_known_addr { host: "127.0.53.3" port: 49316 }, Status: LMP_MISMATCH, Last received: 0.0, Next index: 70, Last known committed idx: 69, Time since last communication: 0.000s
I0312 20:10:34.349673 2109 raft_consensus.cc:2700] T 7581a0a77de54ef8943c1521124c7728 P 012786a8f1b64995847cf7dacbc029a4: Snoozing failure detection for 0.015s (election complete)
I0312 20:10:34.350471 2109 raft_consensus.cc:2455] T 7581a0a77de54ef8943c1521124c7728 P 012786a8f1b64995847cf7dacbc029a4 [term 5 FOLLOWER]: Leader election lost for term 4. Reason: Vote denied by peer 9da22e5afdce42078fe8f94ad166ac3c with higher term. Message: Invalid argument: T 7581a0a77de54ef8943c1521124c7728 P 9da22e5afdce42078fe8f94ad166ac3c [term 5 FOLLOWER]: Leader election vote request: Denying vote to candidate 012786a8f1b64995847cf7dacbc029a4 for earlier term 4. Current term is 5.
I0312 20:10:34.351439 1989 pending_rounds.cc:76] T 7581a0a77de54ef8943c1521124c7728 P e3aa58d3045c4a05b94b94eb8bf58ae1: Aborting all transactions after (but not including) 69
I0312 20:10:34.351565 1989 pending_rounds.cc:97] T 7581a0a77de54ef8943c1521124c7728 P e3aa58d3045c4a05b94b94eb8bf58ae1: Aborting uncommitted WRITE_OP operation due to leader change: 1.70
W0312 20:10:34.351629 1866 rpcz_store.cc:251] Call kudu.consensus.ConsensusService.RequestConsensusVote from 127.0.53.3:47255 (request call id 300) took 1356ms (client timeout 86).
I0312 20:10:34.352149 2117 raft_consensus.cc:2700] T 7581a0a77de54ef8943c1521124c7728 P 012786a8f1b64995847cf7dacbc029a4: Snoozing failure detection for 0.033s (election complete)
I0312 20:10:34.352318 2117 raft_consensus.cc:2455] T 7581a0a77de54ef8943c1521124c7728 P 012786a8f1b64995847cf7dacbc029a4 [term 5 FOLLOWER]: Leader election lost for term 5. Reason: could not achieve majority
I0312 20:10:34.352028 1989 rpcz_store.cc:265] Call kudu.tserver.TabletServerService.Write from 127.0.0.1:57130 (ReqId={client: 65000f5e93144329adc212a378e8be47, seq_no=68, attempt_no=0}) took 2379ms. Request Metrics: {"child_traces":[["txn",{"num_ops":1,"prepare.queue_time_us":98,"prepare.run_cpu_time_us":1175,"prepare.run_wall_time_us":1679,"raft.queue_time_us":1129,"raft.run_cpu_time_us":583,"raft.run_wall_time_us":590,"replication_time_us":2377903,"spinlock_wait_cycles":2044544}]]}
W0312 20:10:34.352895 1866 rpcz_store.cc:255] Trace: 0312 20:10:32.995615 (+ 0us) service_pool.cc:163] Inserting onto call queue 0312 20:10:32.995715 (+ 100us) service_pool.cc:222] Handling call 0312 20:10:34.351489 (+1355774us) spinlock_profiling.cc:261] Waited 1.35 s on lock 0x7b480003039c. stack: 00007fee78fc7c74 00007fee78fc7b70 00007fee77ab7314 00007fee80b04294 00007fee80b04229 00007fee7f6ae606 00007fee80b4256b 00007fee7b4f5b24 00007fee7b4f5ab1 00007fee7b4f59c4 00007fee7ab51c29 00007fee7ab516ec 00007fee7ab52bcd 00007fee7ab54946 00007fee7ab5489a 00007fee7ab54823 0312 20:10:34.351582 (+ 93us) inbound_call.cc:157] Queueing success response Metrics: {"spinlock_wait_cycles":3112940416}
I0312 20:10:34.352893 1859 raft_consensus.cc:1058] T 7581a0a77de54ef8943c1521124c7728 P 012786a8f1b64995847cf7dacbc029a4 [term 5 FOLLOWER]: Refusing update from remote peer 9da22e5afdce42078fe8f94ad166ac3c: Log matching property violated. Preceding OpId in replica: term: 3 index: 70. Preceding OpId from leader: term: 5 index: 71. (index mismatch)
W0312 20:10:34.353612 1865 rpcz_store.cc:255] Trace: 0312 20:10:34.325812 (+ 0us) service_pool.cc:163] Inserting onto call queue 0312 20:10:34.327594 (+ 1782us) service_pool.cc:222] Handling call 0312 20:10:34.348812 (+ 21218us) spinlock_profiling.cc:261] Waited 17.5 ms on lock 0x7b480003039c. stack: 00007fee78fc7c74 00007fee78fc7b70 00007fee77ab7314 00007fee80b04294 00007fee80b04229 00007fee7f6ae606 00007fee80b4256b 00007fee7b4f5b24 00007fee7b4f5ab1 00007fee7b4f59c4 00007fee7ab51c29 00007fee7ab516ec 00007fee7ab52bcd 00007fee7ab54946 00007fee7ab5489a 00007fee7ab54823 0312 20:10:34.348895 (+ 83us) inbound_call.cc:157] Queueing success response Metrics: {"spinlock_wait_cycles":40162560}
W0312 20:10:34.354374 1864 rpcz_store.cc:255] Trace: 0312 20:10:34.326279 (+ 0us) service_pool.cc:163] Inserting onto call queue 0312 20:10:34.326932 (+ 653us) service_pool.cc:222] Handling call 0312 20:10:34.343986 (+ 17054us) spinlock_profiling.cc:261] Waited 14.4 ms on lock 0x7b480003039c. stack: 00007fee78fc7c74 00007fee78fc7b70 00007fee77ab7314 00007fee80b04294 00007fee80b04229 00007fee7f6aeaf3 00007fee80b4256b 00007fee7b4f5b24 00007fee7b4f5ab1 00007fee7b4f59c4 00007fee7ab51c29 00007fee7ab516ec 00007fee7ab52bcd 00007fee7ab54946 00007fee7ab5489a 00007fee7ab54823 0312 20:10:34.344057 (+ 71us) inbound_call.cc:157] Queueing success response Metrics: {"spinlock_wait_cycles":33097088}
W0312 20:10:34.354986 1676 leader_election.cc:287] T 7581a0a77de54ef8943c1521124c7728 P 9da22e5afdce42078fe8f94ad166ac3c [CANDIDATE]: Term 5 election: RPC error from VoteRequest() call to peer 012786a8f1b64995847cf7dacbc029a4: Timed out: RequestConsensusVote RPC to 127.0.53.2:43059 timed out after 0.022s (SENT)
I0312 20:10:34.356040 2101 consensus_queue.cc:1017] T 7581a0a77de54ef8943c1521124c7728 P 9da22e5afdce42078fe8f94ad166ac3c [LEADER]: Connected to new peer: Peer: permanent_uuid: "012786a8f1b64995847cf7dacbc029a4" member_type: VOTER last_known_addr { host: "127.0.53.2" port: 43059 }, Status: LMP_MISMATCH, Last received: 3.70, Next index: 71, Last known committed idx: 70, Time since last communication: 0.000s
I0312 20:10:34.378506 1949 rpcz_store.cc:265] Call kudu.tserver.TabletServerService.Scan from 127.0.0.1:57130 (request call id 77) took 2369ms. Request Metrics: {}
I0312 20:10:34.882709 2135 raft_consensus.cc:436] T 7581a0a77de54ef8943c1521124c7728 P 012786a8f1b64995847cf7dacbc029a4 [term 5 FOLLOWER]: Starting pre-election (detected failure of leader 9da22e5afdce42078fe8f94ad166ac3c)
I0312 20:10:34.882966 2135 raft_consensus.cc:2700] T 7581a0a77de54ef8943c1521124c7728 P 012786a8f1b64995847cf7dacbc029a4: Snoozing failure detection for 0.022s (starting election)
I0312 20:10:34.883224 2135 raft_consensus.cc:458] T 7581a0a77de54ef8943c1521124c7728 P 012786a8f1b64995847cf7dacbc029a4 [term 5 FOLLOWER]: Starting pre-election with config: opid_index: -1 OBSOLETE_local: false peers { permanent_uuid: "012786a8f1b64995847cf7dacbc029a4" member_type: VOTER last_known_addr { host: "127.0.53.2" port: 43059 } } peers { permanent_uuid: "e3aa58d3045c4a05b94b94eb8bf58ae1" member_type: VOTER last_known_addr { host: "127.0.53.3" port: 49316 } } peers { permanent_uuid: "9da22e5afdce42078fe8f94ad166ac3c" member_type: VOTER last_known_addr { host: "127.0.53.1" port: 39175 } }
I0312 20:10:34.884219 2135 leader_election.cc:231] T 7581a0a77de54ef8943c1521124c7728 P 012786a8f1b64995847cf7dacbc029a4 [CANDIDATE]: Term 6 pre-election: Requesting pre-vote from peer e3aa58d3045c4a05b94b94eb8bf58ae1
I0312 20:10:34.885551 2135 leader_election.cc:231] T 7581a0a77de54ef8943c1521124c7728 P 012786a8f1b64995847cf7dacbc029a4 [CANDIDATE]: Term 6 pre-election: Requesting pre-vote from peer 9da22e5afdce42078fe8f94ad166ac3c
I0312 20:10:34.885485 1990 tablet_service.cc:993] Received RequestConsensusVote() RPC: tablet_id: "7581a0a77de54ef8943c1521124c7728" candidate_uuid: "012786a8f1b64995847cf7dacbc029a4" candidate_term: 6 candidate_status { last_received { term: 5 index: 88 } } ignore_live_leader: false dest_uuid: "e3aa58d3045c4a05b94b94eb8bf58ae1" is_pre_election: true
I0312 20:10:34.886029 1990 raft_consensus.cc:2176] T 7581a0a77de54ef8943c1521124c7728 P e3aa58d3045c4a05b94b94eb8bf58ae1 [term 5 FOLLOWER]: Leader pre-election vote request: Denying vote to candidate 012786a8f1b64995847cf7dacbc029a4 for term 6 because replica is either leader or believes a valid leader to be alive.
I0312 20:10:34.886854 1797 leader_election.cc:377] T 7581a0a77de54ef8943c1521124c7728 P 012786a8f1b64995847cf7dacbc029a4 [CANDIDATE]: Term 6 pre-election: Vote denied by peer e3aa58d3045c4a05b94b94eb8bf58ae1. Message: Invalid argument: T 7581a0a77de54ef8943c1521124c7728 P e3aa58d3045c4a05b94b94eb8bf58ae1 [term 5 FOLLOWER]: Leader pre-election vote request: Denying vote to candidate 012786a8f1b64995847cf7dacbc029a4 for term 6 because replica is either leader or believes a valid leader to be alive.
I0312 20:10:34.887074 1738 tablet_service.cc:993] Received RequestConsensusVote() RPC: tablet_id: "7581a0a77de54ef8943c1521124c7728" candidate_uuid: "012786a8f1b64995847cf7dacbc029a4" candidate_term: 6 candidate_status { last_received { term: 5 index: 88 } } ignore_live_leader: false dest_uuid: "9da22e5afdce42078fe8f94ad166ac3c" is_pre_election: true
I0312 20:10:34.887604 1738 raft_consensus.cc:2176] T 7581a0a77de54ef8943c1521124c7728 P 9da22e5afdce42078fe8f94ad166ac3c [term 5 LEADER]: Leader pre-election vote request: Denying vote to candidate 012786a8f1b64995847cf7dacbc029a4 for term 6 because replica is either leader or believes a valid leader to be alive.
I0312 20:10:34.888335 1797 leader_election.cc:377] T 7581a0a77de54ef8943c1521124c7728 P 012786a8f1b64995847cf7dacbc029a4 [CANDIDATE]: Term 6 pre-election: Vote denied by peer 9da22e5afdce42078fe8f94ad166ac3c. Message: Invalid argument: T 7581a0a77de54ef8943c1521124c7728 P 9da22e5afdce42078fe8f94ad166ac3c [term 5 LEADER]: Leader pre-election vote request: Denying vote to candidate 012786a8f1b64995847cf7dacbc029a4 for term 6 because replica is either leader or believes a valid leader to be alive.
I0312 20:10:34.888556 1797 leader_election.cc:258] T 7581a0a77de54ef8943c1521124c7728 P 012786a8f1b64995847cf7dacbc029a4 [CANDIDATE]: Term 6 pre-election: Election decided. Result: candidate lost.
I0312 20:10:34.889164 2135 raft_consensus.cc:2700] T 7581a0a77de54ef8943c1521124c7728 P 012786a8f1b64995847cf7dacbc029a4: Snoozing failure detection for 0.021s (election complete)
I0312 20:10:34.889387 2135 raft_consensus.cc:2455] T 7581a0a77de54ef8943c1521124c7728 P 012786a8f1b64995847cf7dacbc029a4 [term 5 FOLLOWER]: Leader pre-election lost for term 6. Reason: could not achieve majority
I0312 20:10:36.882143 2141 raft_consensus.cc:436] T 7581a0a77de54ef8943c1521124c7728 P e3aa58d3045c4a05b94b94eb8bf58ae1 [term 5 FOLLOWER]: Starting pre-election (detected failure of leader 9da22e5afdce42078fe8f94ad166ac3c)
I0312 20:10:36.882484 2141 raft_consensus.cc:2700] T 7581a0a77de54ef8943c1521124c7728 P e3aa58d3045c4a05b94b94eb8bf58ae1: Snoozing failure detection for 0.020s (starting election)
