I0312 20:10:51.624270 1990 tablet_service.cc:993] Received RequestConsensusVote() RPC: tablet_id: "7581a0a77de54ef8943c1521124c7728" candidate_uuid: "012786a8f1b64995847cf7dacbc029a4" candidate_term: 8 candidate_status { last_received { term: 6 index: 733 } } ignore_live_leader: false dest_uuid: "e3aa58d3045c4a05b94b94eb8bf58ae1"
I0312 20:10:51.622325 2187 leader_election.cc:231] T 7581a0a77de54ef8943c1521124c7728 P 012786a8f1b64995847cf7dacbc029a4 [CANDIDATE]: Term 8 election: Requesting vote from peer 9da22e5afdce42078fe8f94ad166ac3c
I0312 20:10:51.625632 2184 raft_consensus.cc:2455] T 7581a0a77de54ef8943c1521124c7728 P e3aa58d3045c4a05b94b94eb8bf58ae1 [term 8 FOLLOWER]: Leader election lost for term 7. Reason: Vote denied by peer 012786a8f1b64995847cf7dacbc029a4 with higher term. Message: Invalid argument: T 7581a0a77de54ef8943c1521124c7728 P 012786a8f1b64995847cf7dacbc029a4 [term 8 FOLLOWER]: Leader election vote request: Denying vote to candidate e3aa58d3045c4a05b94b94eb8bf58ae1 for earlier term 7. Current term is 8.
I0312 20:10:51.625571 1738 tablet_service.cc:993] Received RequestConsensusVote() RPC: tablet_id: "7581a0a77de54ef8943c1521124c7728" candidate_uuid: "012786a8f1b64995847cf7dacbc029a4" candidate_term: 8 candidate_status { last_received { term: 6 index: 733 } } ignore_live_leader: false dest_uuid: "9da22e5afdce42078fe8f94ad166ac3c"
I0312 20:10:51.625854 1990 raft_consensus.cc:2700] T 7581a0a77de54ef8943c1521124c7728 P e3aa58d3045c4a05b94b94eb8bf58ae1: Snoozing failure detection for 0.027s (vote granted)
I0312 20:10:51.625910 1738 raft_consensus.cc:2752] T 7581a0a77de54ef8943c1521124c7728 P 9da22e5afdce42078fe8f94ad166ac3c [term 7 FOLLOWER]: Advancing to term 8
I0312 20:10:51.626118 1738 raft_consensus.cc:2700] T 7581a0a77de54ef8943c1521124c7728 P 9da22e5afdce42078fe8f94ad166ac3c: Snoozing failure detection for 0.048s (vote granted)
I0312 20:10:51.628386 1990 raft_consensus.cc:2215] T 7581a0a77de54ef8943c1521124c7728 P e3aa58d3045c4a05b94b94eb8bf58ae1 [term 8 FOLLOWER]: Leader election vote request: Granting yes vote for candidate 012786a8f1b64995847cf7dacbc029a4 in term 8.
I0312 20:10:51.629484 1738 raft_consensus.cc:2215] T 7581a0a77de54ef8943c1521124c7728 P 9da22e5afdce42078fe8f94ad166ac3c [term 8 FOLLOWER]: Leader election vote request: Granting yes vote for candidate 012786a8f1b64995847cf7dacbc029a4 in term 8.
I0312 20:10:51.630044 1797 leader_election.cc:363] T 7581a0a77de54ef8943c1521124c7728 P 012786a8f1b64995847cf7dacbc029a4 [CANDIDATE]: Term 8 election: Vote granted by peer e3aa58d3045c4a05b94b94eb8bf58ae1
I0312 20:10:51.630187 1797 leader_election.cc:258] T 7581a0a77de54ef8943c1521124c7728 P 012786a8f1b64995847cf7dacbc029a4 [CANDIDATE]: Term 8 election: Election decided. Result: candidate won.
I0312 20:10:51.630534 2187 raft_consensus.cc:2700] T 7581a0a77de54ef8943c1521124c7728 P 012786a8f1b64995847cf7dacbc029a4: Snoozing failure detection for 0.016s (election complete)
I0312 20:10:51.630638 1797 leader_election.cc:363] T 7581a0a77de54ef8943c1521124c7728 P 012786a8f1b64995847cf7dacbc029a4 [CANDIDATE]: Term 8 election: Vote granted by peer 9da22e5afdce42078fe8f94ad166ac3c
I0312 20:10:51.630736 2187 raft_consensus.cc:2507] T 7581a0a77de54ef8943c1521124c7728 P 012786a8f1b64995847cf7dacbc029a4 [term 8 FOLLOWER]: Leader election won for term 8
I0312 20:10:51.631033 2187 raft_consensus.cc:572] T 7581a0a77de54ef8943c1521124c7728 P 012786a8f1b64995847cf7dacbc029a4 [term 8 LEADER]: Becoming Leader. State: Replica: 012786a8f1b64995847cf7dacbc029a4, State: Running, Role: LEADER
I0312 20:10:51.631310 2187 consensus_queue.cc:196] T 7581a0a77de54ef8943c1521124c7728 P 012786a8f1b64995847cf7dacbc029a4 [LEADER]: Queue going to LEADER mode. State: All replicated index: 0, Majority replicated index: 731, Committed index: 731, Last appended: 6.733, Last appended by leader: 733, Current term: 8, Majority size: 2, State: 0, Mode: LEADER, active raft config: opid_index: -1 OBSOLETE_local: false peers { permanent_uuid: "012786a8f1b64995847cf7dacbc029a4" member_type: VOTER last_known_addr { host: "127.0.53.2" port: 43059 } } peers { permanent_uuid: "e3aa58d3045c4a05b94b94eb8bf58ae1" member_type: VOTER last_known_addr { host: "127.0.53.3" port: 49316 } } peers { permanent_uuid: "9da22e5afdce42078fe8f94ad166ac3c" member_type: VOTER last_known_addr { host: "127.0.53.1" port: 39175 } }
I0312 20:10:51.634268 1619 catalog_manager.cc:3592] T 7581a0a77de54ef8943c1521124c7728 P 012786a8f1b64995847cf7dacbc029a4 reported cstate change: term changed from 6 to 8. New cstate: current_term: 8 leader_uuid: "012786a8f1b64995847cf7dacbc029a4" committed_config { opid_index: -1 OBSOLETE_local: false peers { permanent_uuid: "012786a8f1b64995847cf7dacbc029a4" member_type: VOTER last_known_addr { host: "127.0.53.2" port: 43059 } health_report { overall_health: HEALTHY } } peers { permanent_uuid: "e3aa58d3045c4a05b94b94eb8bf58ae1" member_type: VOTER last_known_addr { host: "127.0.53.3" port: 49316 } health_report { overall_health: UNKNOWN } } peers { permanent_uuid: "9da22e5afdce42078fe8f94ad166ac3c" member_type: VOTER last_known_addr { host: "127.0.53.1" port: 39175 } health_report { overall_health: UNKNOWN } } }
I0312 20:10:51.638314 1738 raft_consensus.cc:1058] T 7581a0a77de54ef8943c1521124c7728 P 9da22e5afdce42078fe8f94ad166ac3c [term 8 FOLLOWER]: Refusing update from remote peer 012786a8f1b64995847cf7dacbc029a4: Log matching property violated. Preceding OpId in replica: term: 6 index: 730. Preceding OpId from leader: term: 8 index: 734. (index mismatch)
I0312 20:10:51.639509 2187 consensus_queue.cc:1017] T 7581a0a77de54ef8943c1521124c7728 P 012786a8f1b64995847cf7dacbc029a4 [LEADER]: Connected to new peer: Peer: permanent_uuid: "9da22e5afdce42078fe8f94ad166ac3c" member_type: VOTER last_known_addr { host: "127.0.53.1" port: 39175 }, Status: LMP_MISMATCH, Last received: 6.730, Next index: 731, Last known committed idx: 730, Time since last communication: 0.000s
I0312 20:10:51.639740 1990 raft_consensus.cc:1058] T 7581a0a77de54ef8943c1521124c7728 P e3aa58d3045c4a05b94b94eb8bf58ae1 [term 8 FOLLOWER]: Refusing update from remote peer 012786a8f1b64995847cf7dacbc029a4: Log matching property violated. Preceding OpId in replica: term: 6 index: 733. Preceding OpId from leader: term: 8 index: 734. (index mismatch)
I0312 20:10:51.640846 2187 consensus_queue.cc:1017] T 7581a0a77de54ef8943c1521124c7728 P 012786a8f1b64995847cf7dacbc029a4 [LEADER]: Connected to new peer: Peer: permanent_uuid: "e3aa58d3045c4a05b94b94eb8bf58ae1" member_type: VOTER last_known_addr { host: "127.0.53.3" port: 49316 }, Status: LMP_MISMATCH, Last received: 6.733, Next index: 734, Last known committed idx: 733, Time since last communication: 0.000s
W0312 20:10:51.663357 2191 raft_consensus.cc:747] Couldn't advance consensus term.: Illegal state: Can't advance term to: 7 current term: 8 is higher.
W0312 20:10:51.667675 2191 raft_consensus.cc:747] Couldn't advance consensus term.: Illegal state: Can't advance term to: 7 current term: 8 is higher.
W0312 20:10:51.714970 2191 raft_consensus.cc:747] Couldn't advance consensus term.: Illegal state: Can't advance term to: 7 current term: 8 is higher.
W0312 20:10:51.723323 2191 raft_consensus.cc:747] Couldn't advance consensus term.: Illegal state: Can't advance term to: 7 current term: 8 is higher.
W0312 20:10:51.769642 2191 raft_consensus.cc:747] Couldn't advance consensus term.: Illegal state: Can't advance term to: 7 current term: 8 is higher.
I0312 20:10:51.831302 2136 raft_consensus.cc:436] T 7581a0a77de54ef8943c1521124c7728 P 9da22e5afdce42078fe8f94ad166ac3c [term 8 FOLLOWER]: Starting pre-election (detected failure of leader 012786a8f1b64995847cf7dacbc029a4)
I0312 20:10:51.831495 2136 raft_consensus.cc:2700] T 7581a0a77de54ef8943c1521124c7728 P 9da22e5afdce42078fe8f94ad166ac3c: Snoozing failure detection for 0.018s (starting election)
I0312 20:10:51.831638 2136 raft_consensus.cc:458] T 7581a0a77de54ef8943c1521124c7728 P 9da22e5afdce42078fe8f94ad166ac3c [term 8 FOLLOWER]: Starting pre-election with config: opid_index: -1 OBSOLETE_local: false peers { permanent_uuid: "012786a8f1b64995847cf7dacbc029a4" member_type: VOTER last_known_addr { host: "127.0.53.2" port: 43059 } } peers { permanent_uuid: "e3aa58d3045c4a05b94b94eb8bf58ae1" member_type: VOTER last_known_addr { host: "127.0.53.3" port: 49316 } } peers { permanent_uuid: "9da22e5afdce42078fe8f94ad166ac3c" member_type: VOTER last_known_addr { host: "127.0.53.1" port: 39175 } }
I0312 20:10:51.832361 2136 leader_election.cc:231] T 7581a0a77de54ef8943c1521124c7728 P 9da22e5afdce42078fe8f94ad166ac3c [CANDIDATE]: Term 9 pre-election: Requesting pre-vote from peer 012786a8f1b64995847cf7dacbc029a4
I0312 20:10:51.832608 2136 leader_election.cc:231] T 7581a0a77de54ef8943c1521124c7728 P 9da22e5afdce42078fe8f94ad166ac3c [CANDIDATE]: Term 9 pre-election: Requesting pre-vote from peer e3aa58d3045c4a05b94b94eb8bf58ae1
I0312 20:10:51.833142 2184 raft_consensus.cc:436] T 7581a0a77de54ef8943c1521124c7728 P e3aa58d3045c4a05b94b94eb8bf58ae1 [term 8 FOLLOWER]: Starting pre-election (detected failure of leader 012786a8f1b64995847cf7dacbc029a4)
I0312 20:10:51.833312 2184 raft_consensus.cc:2700] T 7581a0a77de54ef8943c1521124c7728 P e3aa58d3045c4a05b94b94eb8bf58ae1: Snoozing failure detection for 0.019s (starting election)
I0312 20:10:51.833461 2184 raft_consensus.cc:458] T 7581a0a77de54ef8943c1521124c7728 P e3aa58d3045c4a05b94b94eb8bf58ae1 [term 8 FOLLOWER]: Starting pre-election with config: opid_index: -1 OBSOLETE_local: false peers { permanent_uuid: "012786a8f1b64995847cf7dacbc029a4" member_type: VOTER last_known_addr { host: "127.0.53.2" port: 43059 } } peers { permanent_uuid: "e3aa58d3045c4a05b94b94eb8bf58ae1" member_type: VOTER last_known_addr { host: "127.0.53.3" port: 49316 } } peers { permanent_uuid: "9da22e5afdce42078fe8f94ad166ac3c" member_type: VOTER last_known_addr { host: "127.0.53.1" port: 39175 } }
I0312 20:10:51.834213 2184 leader_election.cc:231] T 7581a0a77de54ef8943c1521124c7728 P e3aa58d3045c4a05b94b94eb8bf58ae1 [CANDIDATE]: Term 9 pre-election: Requesting pre-vote from peer 012786a8f1b64995847cf7dacbc029a4
I0312 20:10:51.834482 2184 leader_election.cc:231] T 7581a0a77de54ef8943c1521124c7728 P e3aa58d3045c4a05b94b94eb8bf58ae1 [CANDIDATE]: Term 9 pre-election: Requesting pre-vote from peer 9da22e5afdce42078fe8f94ad166ac3c
I0312 20:10:51.834805 1989 tablet_service.cc:993] Received RequestConsensusVote() RPC: tablet_id: "7581a0a77de54ef8943c1521124c7728" candidate_uuid: "9da22e5afdce42078fe8f94ad166ac3c" candidate_term: 9 candidate_status { last_received { term: 8 index: 734 } } ignore_live_leader: false dest_uuid: "e3aa58d3045c4a05b94b94eb8bf58ae1" is_pre_election: true
I0312 20:10:51.835170 1989 raft_consensus.cc:2190] T 7581a0a77de54ef8943c1521124c7728 P e3aa58d3045c4a05b94b94eb8bf58ae1 [term 8 FOLLOWER]: Leader pre-election vote request: Denying vote to candidate 9da22e5afdce42078fe8f94ad166ac3c for term 9 because replica is already servicing an update from a current leader or another vote.
I0312 20:10:51.835399 1738 tablet_service.cc:993] Received RequestConsensusVote() RPC: tablet_id: "7581a0a77de54ef8943c1521124c7728" candidate_uuid: "e3aa58d3045c4a05b94b94eb8bf58ae1" candidate_term: 9 candidate_status { last_received { term: 8 index: 734 } } ignore_live_leader: false dest_uuid: "9da22e5afdce42078fe8f94ad166ac3c" is_pre_election: true
I0312 20:10:51.835722 1738 raft_consensus.cc:2700] T 7581a0a77de54ef8943c1521124c7728 P 9da22e5afdce42078fe8f94ad166ac3c: Snoozing failure detection for 0.018s (vote granted)
I0312 20:10:51.835861 1738 raft_consensus.cc:2215] T 7581a0a77de54ef8943c1521124c7728 P 9da22e5afdce42078fe8f94ad166ac3c [term 8 FOLLOWER]: Leader pre-election vote request: Granting yes vote for candidate e3aa58d3045c4a05b94b94eb8bf58ae1 in term 8.
I0312 20:10:51.835922 1663 leader_election.cc:377] T 7581a0a77de54ef8943c1521124c7728 P 9da22e5afdce42078fe8f94ad166ac3c [CANDIDATE]: Term 9 pre-election: Vote denied by peer e3aa58d3045c4a05b94b94eb8bf58ae1. Message: Service unavailable: T 7581a0a77de54ef8943c1521124c7728 P e3aa58d3045c4a05b94b94eb8bf58ae1 [term 8 FOLLOWER]: Leader pre-election vote request: Denying vote to candidate 9da22e5afdce42078fe8f94ad166ac3c for term 9 because replica is already servicing an update from a current leader or another vote.
I0312 20:10:51.836308 1865 tablet_service.cc:993] Received RequestConsensusVote() RPC: tablet_id: "7581a0a77de54ef8943c1521124c7728" candidate_uuid: "e3aa58d3045c4a05b94b94eb8bf58ae1" candidate_term: 9 candidate_status { last_received { term: 8 index: 734 } } ignore_live_leader: false dest_uuid: "012786a8f1b64995847cf7dacbc029a4" is_pre_election: true
I0312 20:10:51.836513 1922 leader_election.cc:363] T 7581a0a77de54ef8943c1521124c7728 P e3aa58d3045c4a05b94b94eb8bf58ae1 [CANDIDATE]: Term 9 pre-election: Vote granted by peer 9da22e5afdce42078fe8f94ad166ac3c
I0312 20:10:51.836666 1865 raft_consensus.cc:2176] T 7581a0a77de54ef8943c1521124c7728 P 012786a8f1b64995847cf7dacbc029a4 [term 8 LEADER]: Leader pre-election vote request: Denying vote to candidate e3aa58d3045c4a05b94b94eb8bf58ae1 for term 9 because replica is either leader or believes a valid leader to be alive.
I0312 20:10:51.836665 1922 leader_election.cc:258] T 7581a0a77de54ef8943c1521124c7728 P e3aa58d3045c4a05b94b94eb8bf58ae1 [CANDIDATE]: Term 9 pre-election: Election decided. Result: candidate won.
I0312 20:10:51.837005 2184 raft_consensus.cc:2700] T 7581a0a77de54ef8943c1521124c7728 P e3aa58d3045c4a05b94b94eb8bf58ae1: Snoozing failure detection for 0.018s (election complete)
I0312 20:10:51.837178 2184 raft_consensus.cc:2507] T 7581a0a77de54ef8943c1521124c7728 P e3aa58d3045c4a05b94b94eb8bf58ae1 [term 8 FOLLOWER]: Leader pre-election won for term 9
I0312 20:10:51.837278 1926 leader_election.cc:377] T 7581a0a77de54ef8943c1521124c7728 P e3aa58d3045c4a05b94b94eb8bf58ae1 [CANDIDATE]: Term 9 pre-election: Vote denied by peer 012786a8f1b64995847cf7dacbc029a4. Message: Invalid argument: T 7581a0a77de54ef8943c1521124c7728 P 012786a8f1b64995847cf7dacbc029a4 [term 8 LEADER]: Leader pre-election vote request: Denying vote to candidate e3aa58d3045c4a05b94b94eb8bf58ae1 for term 9 because replica is either leader or believes a valid leader to be alive.
I0312 20:10:51.837294 2184 raft_consensus.cc:436] T 7581a0a77de54ef8943c1521124c7728 P e3aa58d3045c4a05b94b94eb8bf58ae1 [term 8 FOLLOWER]: Starting leader election (detected failure of leader 012786a8f1b64995847cf7dacbc029a4)
I0312 20:10:51.837501 2184 raft_consensus.cc:2700] T 7581a0a77de54ef8943c1521124c7728 P e3aa58d3045c4a05b94b94eb8bf58ae1: Snoozing failure detection for 0.017s (starting election)
I0312 20:10:51.837492 1865 tablet_service.cc:993] Received RequestConsensusVote() RPC: tablet_id: "7581a0a77de54ef8943c1521124c7728" candidate_uuid: "9da22e5afdce42078fe8f94ad166ac3c" candidate_term: 9 candidate_status { last_received { term: 8 index: 734 } } ignore_live_leader: false dest_uuid: "012786a8f1b64995847cf7dacbc029a4" is_pre_election: true
I0312 20:10:51.837633 2184 raft_consensus.cc:2752] T 7581a0a77de54ef8943c1521124c7728 P e3aa58d3045c4a05b94b94eb8bf58ae1 [term 8 FOLLOWER]: Advancing to term 9
I0312 20:10:51.837826 1865 raft_consensus.cc:2176] T 7581a0a77de54ef8943c1521124c7728 P 012786a8f1b64995847cf7dacbc029a4 [term 8 LEADER]: Leader pre-election vote request: Denying vote to candidate 9da22e5afdce42078fe8f94ad166ac3c for term 9 because replica is either leader or believes a valid leader to be alive.
I0312 20:10:51.840436 1676 leader_election.cc:377] T 7581a0a77de54ef8943c1521124c7728 P 9da22e5afdce42078fe8f94ad166ac3c [CANDIDATE]: Term 9 pre-election: Vote denied by peer 012786a8f1b64995847cf7dacbc029a4. Message: Invalid argument: T 7581a0a77de54ef8943c1521124c7728 P 012786a8f1b64995847cf7dacbc029a4 [term 8 LEADER]: Leader pre-election vote request: Denying vote to candidate 9da22e5afdce42078fe8f94ad166ac3c for term 9 because replica is either leader or believes a valid leader to be alive.
I0312 20:10:51.840600 1676 leader_election.cc:258] T 7581a0a77de54ef8943c1521124c7728 P 9da22e5afdce42078fe8f94ad166ac3c [CANDIDATE]: Term 9 pre-election: Election decided. Result: candidate lost.
I0312 20:10:51.840464 2184 raft_consensus.cc:458] T 7581a0a77de54ef8943c1521124c7728 P e3aa58d3045c4a05b94b94eb8bf58ae1 [term 9 FOLLOWER]: Starting leader election with config: opid_index: -1 OBSOLETE_local: false peers { permanent_uuid: "012786a8f1b64995847cf7dacbc029a4" member_type: VOTER last_known_addr { host: "127.0.53.2" port: 43059 } } peers { permanent_uuid: "e3aa58d3045c4a05b94b94eb8bf58ae1" member_type: VOTER last_known_addr { host: "127.0.53.3" port: 49316 } } peers { permanent_uuid: "9da22e5afdce42078fe8f94ad166ac3c" member_type: VOTER last_known_addr { host: "127.0.53.1" port: 39175 } }
I0312 20:10:51.840885 2136 raft_consensus.cc:2700] T 7581a0a77de54ef8943c1521124c7728 P 9da22e5afdce42078fe8f94ad166ac3c: Snoozing failure detection for 0.019s (election complete)
I0312 20:10:51.841051 2136 raft_consensus.cc:2455] T 7581a0a77de54ef8943c1521124c7728 P 9da22e5afdce42078fe8f94ad166ac3c [term 8 FOLLOWER]: Leader pre-election lost for term 9. Reason: could not achieve majority
I0312 20:10:51.841261 2184 leader_election.cc:231] T 7581a0a77de54ef8943c1521124c7728 P e3aa58d3045c4a05b94b94eb8bf58ae1 [CANDIDATE]: Term 9 election: Requesting vote from peer 012786a8f1b64995847cf7dacbc029a4
I0312 20:10:51.841325 1990 raft_consensus.cc:1026] T 7581a0a77de54ef8943c1521124c7728 P e3aa58d3045c4a05b94b94eb8bf58ae1 [term 9 FOLLOWER]: Rejecting Update request from peer 012786a8f1b64995847cf7dacbc029a4 for earlier term 8. Current term is 9. Ops: []
I0312 20:10:51.841526 2184 leader_election.cc:231] T 7581a0a77de54ef8943c1521124c7728 P e3aa58d3045c4a05b94b94eb8bf58ae1 [CANDIDATE]: Term 9 election: Requesting vote from peer 9da22e5afdce42078fe8f94ad166ac3c
I0312 20:10:51.842358 1865 tablet_service.cc:993] Received RequestConsensusVote() RPC: tablet_id: "7581a0a77de54ef8943c1521124c7728" candidate_uuid: "e3aa58d3045c4a05b94b94eb8bf58ae1" candidate_term: 9 candidate_status { last_received { term: 8 index: 735 } } ignore_live_leader: false dest_uuid: "012786a8f1b64995847cf7dacbc029a4"
I0312 20:10:51.842667 1865 raft_consensus.cc:2176] T 7581a0a77de54ef8943c1521124c7728 P 012786a8f1b64995847cf7dacbc029a4 [term 8 LEADER]: Leader election vote request: Denying vote to candidate e3aa58d3045c4a05b94b94eb8bf58ae1 for term 9 because replica is either leader or believes a valid leader to be alive.
I0312 20:10:51.843292 1926 leader_election.cc:377] T 7581a0a77de54ef8943c1521124c7728 P e3aa58d3045c4a05b94b94eb8bf58ae1 [CANDIDATE]: Term 9 election: Vote denied by peer 012786a8f1b64995847cf7dacbc029a4. Message: Invalid argument: T 7581a0a77de54ef8943c1521124c7728 P 012786a8f1b64995847cf7dacbc029a4 [term 8 LEADER]: Leader election vote request: Denying vote to candidate e3aa58d3045c4a05b94b94eb8bf58ae1 for term 9 because replica is either leader or believes a valid leader to be alive.
I0312 20:10:51.843341 1738 tablet_service.cc:993] Received RequestConsensusVote() RPC: tablet_id: "7581a0a77de54ef8943c1521124c7728" candidate_uuid: "e3aa58d3045c4a05b94b94eb8bf58ae1" candidate_term: 9 candidate_status { last_received { term: 8 index: 735 } } ignore_live_leader: false dest_uuid: "9da22e5afdce42078fe8f94ad166ac3c"
I0312 20:10:51.843683 1738 raft_consensus.cc:2176] T 7581a0a77de54ef8943c1521124c7728 P 9da22e5afdce42078fe8f94ad166ac3c [term 8 FOLLOWER]: Leader election vote request: Denying vote to candidate e3aa58d3045c4a05b94b94eb8bf58ae1 for term 9 because replica is either leader or believes a valid leader to be alive.
I0312 20:10:51.844425 1922 leader_election.cc:377] T 7581a0a77de54ef8943c1521124c7728 P e3aa58d3045c4a05b94b94eb8bf58ae1 [CANDIDATE]: Term 9 election: Vote denied by peer 9da22e5afdce42078fe8f94ad166ac3c. Message: Invalid argument: T 7581a0a77de54ef8943c1521124c7728 P 9da22e5afdce42078fe8f94ad166ac3c [term 8 FOLLOWER]: Leader election vote request: Denying vote to candidate e3aa58d3045c4a05b94b94eb8bf58ae1 for term 9 because replica is either leader or believes a valid leader to be alive.
I0312 20:10:51.844580 1922 leader_election.cc:258] T 7581a0a77de54ef8943c1521124c7728 P e3aa58d3045c4a05b94b94eb8bf58ae1 [CANDIDATE]: Term 9 election: Election decided. Result: candidate lost.
I0312 20:10:51.844867 2184 raft_consensus.cc:2700] T 7581a0a77de54ef8943c1521124c7728 P e3aa58d3045c4a05b94b94eb8bf58ae1: Snoozing failure detection for 0.019s (election complete)
I0312 20:10:51.845021 2184 raft_consensus.cc:2455] T 7581a0a77de54ef8943c1521124c7728 P e3aa58d3045c4a05b94b94eb8bf58ae1 [term 9 FOLLOWER]: Leader election lost for term 9. Reason: could not achieve majority
I0312 20:10:51.846246 2187 consensus_queue.cc:1028] T 7581a0a77de54ef8943c1521124c7728 P 012786a8f1b64995847cf7dacbc029a4 [LEADER]: Peer responded invalid term: Peer: permanent_uuid: "e3aa58d3045c4a05b94b94eb8bf58ae1" member_type: VOTER last_known_addr { host: "127.0.53.3" port: 49316 }, Status: INVALID_TERM, Last received: 8.735, Next index: 736, Last known committed idx: 734, Time since last communication: 0.000s
I0312 20:10:51.849241 1990 raft_consensus.cc:1026] T 7581a0a77de54ef8943c1521124c7728 P e3aa58d3045c4a05b94b94eb8bf58ae1 [term 9 FOLLOWER]: Rejecting Update request from peer 012786a8f1b64995847cf7dacbc029a4 for earlier term 8. Current term is 9. Ops: []
I0312 20:10:51.850082 2187 consensus_queue.cc:1028] T 7581a0a77de54ef8943c1521124c7728 P 012786a8f1b64995847cf7dacbc029a4 [LEADER]: Peer responded invalid term: Peer: permanent_uuid: "e3aa58d3045c4a05b94b94eb8bf58ae1" member_type: VOTER last_known_addr { host: "127.0.53.3" port: 49316 }, Status: INVALID_TERM, Last received: 8.735, Next index: 736, Last known committed idx: 734, Time since last communication: 0.000s
I0312 20:10:51.852463 1990 raft_consensus.cc:1026] T 7581a0a77de54ef8943c1521124c7728 P e3aa58d3045c4a05b94b94eb8bf58ae1 [term 9 FOLLOWER]: Rejecting Update request from peer 012786a8f1b64995847cf7dacbc029a4 for earlier term 8. Current term is 9. Ops: []
I0312 20:10:51.853329 2187 consensus_queue.cc:1028] T 7581a0a77de54ef8943c1521124c7728 P 012786a8f1b64995847cf7dacbc029a4 [LEADER]: Peer responded invalid term: Peer: permanent_uuid: "e3aa58d3045c4a05b94b94eb8bf58ae1" member_type: VOTER last_known_addr { host: "127.0.53.3" port: 49316 }, Status: INVALID_TERM, Last received: 8.735, Next index: 736, Last known committed idx: 734, Time since last communication: 0.000s
I0312 20:10:51.857256 1990 raft_consensus.cc:1026] T 7581a0a77de54ef8943c1521124c7728 P e3aa58d3045c4a05b94b94eb8bf58ae1 [term 9 FOLLOWER]: Rejecting Update request from peer 012786a8f1b64995847cf7dacbc029a4 for earlier term 8. Current term is 9. Ops: []
W0312 20:10:51.857647 2191 raft_consensus.cc:747] Couldn't advance consensus term.: Illegal state: Can't advance term to: 7 current term: 8 is higher.
I0312 20:10:51.861810 2194 consensus_queue.cc:1028] T 7581a0a77de54ef8943c1521124c7728 P 012786a8f1b64995847cf7dacbc029a4 [LEADER]: Peer responded invalid term: Peer: permanent_uuid: "e3aa58d3045c4a05b94b94eb8bf58ae1" member_type: VOTER last_known_addr { host: "127.0.53.3" port: 49316 }, Status: INVALID_TERM, Last received: 8.735, Next index: 736, Last known committed idx: 734, Time since last communication: 0.000s
I0312 20:10:51.864748 2184 raft_consensus.cc:436] T 7581a0a77de54ef8943c1521124c7728 P e3aa58d3045c4a05b94b94eb8bf58ae1 [term 9 FOLLOWER]: Starting pre-election (no leader contacted us within the election timeout)
I0312 20:10:51.864924 2184 raft_consensus.cc:2700] T 7581a0a77de54ef8943c1521124c7728 P e3aa58d3045c4a05b94b94eb8bf58ae1: Snoozing failure detection for 0.022s (starting election)
I0312 20:10:51.865111 2184 raft_consensus.cc:458] T 7581a0a77de54ef8943c1521124c7728 P e3aa58d3045c4a05b94b94eb8bf58ae1 [term 9 FOLLOWER]: Starting pre-election with config: opid_index: -1 OBSOLETE_local: false peers { permanent_uuid: "012786a8f1b64995847cf7dacbc029a4" member_type: VOTER last_known_addr { host: "127.0.53.2" port: 43059 } } peers { permanent_uuid: "e3aa58d3045c4a05b94b94eb8bf58ae1" member_type: VOTER last_known_addr { host: "127.0.53.3" port: 49316 } } peers { permanent_uuid: "9da22e5afdce42078fe8f94ad166ac3c" member_type: VOTER last_known_addr { host: "127.0.53.1" port: 39175 } }
I0312 20:10:51.865901 2184 leader_election.cc:231] T 7581a0a77de54ef8943c1521124c7728 P e3aa58d3045c4a05b94b94eb8bf58ae1 [CANDIDATE]: Term 10 pre-election: Requesting pre-vote from peer 012786a8f1b64995847cf7dacbc029a4
I0312 20:10:51.866127 1990 raft_consensus.cc:1026] T 7581a0a77de54ef8943c1521124c7728 P e3aa58d3045c4a05b94b94eb8bf58ae1 [term 9 FOLLOWER]: Rejecting Update request from peer 012786a8f1b64995847cf7dacbc029a4 for earlier term 8. Current term is 9. Ops: []
I0312 20:10:51.866168 2184 leader_election.cc:231] T 7581a0a77de54ef8943c1521124c7728 P e3aa58d3045c4a05b94b94eb8bf58ae1 [CANDIDATE]: Term 10 pre-election: Requesting pre-vote from peer 9da22e5afdce42078fe8f94ad166ac3c
I0312 20:10:51.866794 1865 tablet_service.cc:993] Received RequestConsensusVote() RPC: tablet_id: "7581a0a77de54ef8943c1521124c7728" candidate_uuid: "e3aa58d3045c4a05b94b94eb8bf58ae1" candidate_term: 10 candidate_status { last_received { term: 8 index: 735 } } ignore_live_leader: false dest_uuid: "012786a8f1b64995847cf7dacbc029a4" is_pre_election: true
I0312 20:10:51.867132 1865 raft_consensus.cc:2176] T 7581a0a77de54ef8943c1521124c7728 P 012786a8f1b64995847cf7dacbc029a4 [term 8 LEADER]: Leader pre-election vote request: Denying vote to candidate e3aa58d3045c4a05b94b94eb8bf58ae1 for term 10 because replica is either leader or believes a valid leader to be alive.
I0312 20:10:51.867166 1738 tablet_service.cc:993] Received RequestConsensusVote() RPC: tablet_id: "7581a0a77de54ef8943c1521124c7728" candidate_uuid: "e3aa58d3045c4a05b94b94eb8bf58ae1" candidate_term: 10 candidate_status { last_received { term: 8 index: 735 } } ignore_live_leader: false dest_uuid: "9da22e5afdce42078fe8f94ad166ac3c" is_pre_election: true
I0312 20:10:51.867552 1738 raft_consensus.cc:2176] T 7581a0a77de54ef8943c1521124c7728 P 9da22e5afdce42078fe8f94ad166ac3c [term 8 FOLLOWER]: Leader pre-election vote request: Denying vote to candidate e3aa58d3045c4a05b94b94eb8bf58ae1 for term 10 because replica is either leader or believes a valid leader to be alive.
I0312 20:10:51.867707 1926 leader_election.cc:377] T 7581a0a77de54ef8943c1521124c7728 P e3aa58d3045c4a05b94b94eb8bf58ae1 [CANDIDATE]: Term 10 pre-election: Vote denied by peer 012786a8f1b64995847cf7dacbc029a4. Message: Invalid argument: T 7581a0a77de54ef8943c1521124c7728 P 012786a8f1b64995847cf7dacbc029a4 [term 8 LEADER]: Leader pre-election vote request: Denying vote to candidate e3aa58d3045c4a05b94b94eb8bf58ae1 for term 10 because replica is either leader or believes a valid leader to be alive.
I0312 20:10:51.868135 1922 leader_election.cc:377] T 7581a0a77de54ef8943c1521124c7728 P e3aa58d3045c4a05b94b94eb8bf58ae1 [CANDIDATE]: Term 10 pre-election: Vote denied by peer 9da22e5afdce42078fe8f94ad166ac3c. Message: Invalid argument: T 7581a0a77de54ef8943c1521124c7728 P 9da22e5afdce42078fe8f94ad166ac3c [term 8 FOLLOWER]: Leader pre-election vote request: Denying vote to candidate e3aa58d3045c4a05b94b94eb8bf58ae1 for term 10 because replica is either leader or believes a valid leader to be alive.
I0312 20:10:51.868305 1922 leader_election.cc:258] T 7581a0a77de54ef8943c1521124c7728 P e3aa58d3045c4a05b94b94eb8bf58ae1 [CANDIDATE]: Term 10 pre-election: Election decided. Result: candidate lost.
I0312 20:10:51.868796 2184 raft_consensus.cc:2700] T 7581a0a77de54ef8943c1521124c7728 P e3aa58d3045c4a05b94b94eb8bf58ae1: Snoozing failure detection for 0.025s (election complete)
I0312 20:10:51.868949 2184 raft_consensus.cc:2455] T 7581a0a77de54ef8943c1521124c7728 P e3aa58d3045c4a05b94b94eb8bf58ae1 [term 9 FOLLOWER]: Leader pre-election lost for term 10. Reason: could not achieve majority
I0312 20:10:51.870038 2194 consensus_queue.cc:1028] T 7581a0a77de54ef8943c1521124c7728 P 012786a8f1b64995847cf7dacbc029a4 [LEADER]: Peer responded invalid term: Peer: permanent_uuid: "e3aa58d3045c4a05b94b94eb8bf58ae1" member_type: VOTER last_known_addr { host: "127.0.53.3" port: 49316 }, Status: INVALID_TERM, Last received: 8.735, Next index: 736, Last known committed idx: 734, Time since last communication: 0.000s
I0312 20:10:51.876698 1990 raft_consensus.cc:1026] T 7581a0a77de54ef8943c1521124c7728 P e3aa58d3045c4a05b94b94eb8bf58ae1 [term 9 FOLLOWER]: Rejecting Update request from peer 012786a8f1b64995847cf7dacbc029a4 for earlier term 8. Current term is 9. Ops: []
I0312 20:10:51.877806 2194 consensus_queue.cc:1028] T 7581a0a77de54ef8943c1521124c7728 P 012786a8f1b64995847cf7dacbc029a4 [LEADER]: Peer responded invalid term: Peer: permanent_uuid: "e3aa58d3045c4a05b94b94eb8bf58ae1" member_type: VOTER last_known_addr { host: "127.0.53.3" port: 49316 }, Status: INVALID_TERM, Last received: 8.735, Next index: 736, Last known committed idx: 734, Time since last communication: 0.000s
I0312 20:10:51.880808 1990 raft_consensus.cc:1026] T 7581a0a77de54ef8943c1521124c7728 P e3aa58d3045c4a05b94b94eb8bf58ae1 [term 9 FOLLOWER]: Rejecting Update request from peer 012786a8f1b64995847cf7dacbc029a4 for earlier term 8. Current term is 9. Ops: []
I0312 20:10:51.883311 2187 consensus_queue.cc:1028] T 7581a0a77de54ef8943c1521124c7728 P 012786a8f1b64995847cf7dacbc029a4 [LEADER]: Peer responded invalid term: Peer: permanent_uuid: "e3aa58d3045c4a05b94b94eb8bf58ae1" member_type: VOTER last_known_addr { host: "127.0.53.3" port: 49316 }, Status: INVALID_TERM, Last received: 8.735, Next index: 736, Last known committed idx: 734, Time since last communication: 0.000s
I0312 20:10:51.887318 1990 raft_consensus.cc:1026] T 7581a0a77de54ef8943c1521124c7728 P e3aa58d3045c4a05b94b94eb8bf58ae1 [term 9 FOLLOWER]: Rejecting Update request from peer 012786a8f1b64995847cf7dacbc029a4 for earlier term 8. Current term is 9. Ops: []
I0312 20:10:51.888430 2187 consensus_queue.cc:1028] T 7581a0a77de54ef8943c1521124c7728 P 012786a8f1b64995847cf7dacbc029a4 [LEADER]: Peer responded invalid term: Peer: permanent_uuid: "e3aa58d3045c4a05b94b94eb8bf58ae1" member_type: VOTER last_known_addr { host: "127.0.53.3" port: 49316 }, Status: INVALID_TERM, Last received: 8.735, Next index: 736, Last known committed idx: 734, Time since last communication: 0.000s
I0312 20:10:51.892678 1990 raft_consensus.cc:1026] T 7581a0a77de54ef8943c1521124c7728 P e3aa58d3045c4a05b94b94eb8bf58ae1 [term 9 FOLLOWER]: Rejecting Update request from peer 012786a8f1b64995847cf7dacbc029a4 for earlier term 8. Current term is 9. Ops: []
I0312 20:10:51.893880 2194 consensus_queue.cc:1028] T 7581a0a77de54ef8943c1521124c7728 P 012786a8f1b64995847cf7dacbc029a4 [LEADER]: Peer responded invalid term: Peer: permanent_uuid: "e3aa58d3045c4a05b94b94eb8bf58ae1" member_type: VOTER last_known_addr { host: "127.0.53.3" port: 49316 }, Status: INVALID_TERM, Last received: 8.735, Next index: 736, Last known committed idx: 734, Time since last communication: 0.000s
I0312 20:10:51.894495 2184 raft_consensus.cc:436] T 7581a0a77de54ef8943c1521124c7728 P e3aa58d3045c4a05b94b94eb8bf58ae1 [term 9 FOLLOWER]: Starting pre-election (no leader contacted us within the election timeout)
I0312 20:10:51.894664 2184 raft_consensus.cc:2700] T 7581a0a77de54ef8943c1521124c7728 P e3aa58d3045c4a05b94b94eb8bf58ae1: Snoozing failure detection for 0.039s (starting election)
I0312 20:10:51.894822 2184 raft_consensus.cc:458] T 7581a0a77de54ef8943c1521124c7728 P e3aa58d3045c4a05b94b94eb8bf58ae1 [term 9 FOLLOWER]: Starting pre-election with config: opid_index: -1 OBSOLETE_local: false peers { permanent_uuid: "012786a8f1b64995847cf7dacbc029a4" member_type: VOTER last_known_addr { host: "127.0.53.2" port: 43059 } } peers { permanent_uuid: "e3aa58d3045c4a05b94b94eb8bf58ae1" member_type: VOTER last_known_addr { host: "127.0.53.3" port: 49316 } } peers { permanent_uuid: "9da22e5afdce42078fe8f94ad166ac3c" member_type: VOTER last_known_addr { host: "127.0.53.1" port: 39175 } }
I0312 20:10:51.895704 2184 leader_election.cc:231] T 7581a0a77de54ef8943c1521124c7728 P e3aa58d3045c4a05b94b94eb8bf58ae1 [CANDIDATE]: Term 10 pre-election: Requesting pre-vote from peer 012786a8f1b64995847cf7dacbc029a4
I0312 20:10:51.895969 2184 leader_election.cc:231] T 7581a0a77de54ef8943c1521124c7728 P e3aa58d3045c4a05b94b94eb8bf58ae1 [CANDIDATE]: Term 10 pre-election: Requesting pre-vote from peer 9da22e5afdce42078fe8f94ad166ac3c
I0312 20:10:51.896584 1990 raft_consensus.cc:1026] T 7581a0a77de54ef8943c1521124c7728 P e3aa58d3045c4a05b94b94eb8bf58ae1 [term 9 FOLLOWER]: Rejecting Update request from peer 012786a8f1b64995847cf7dacbc029a4 for earlier term 8. Current term is 9. Ops: []
I0312 20:10:51.896553 1865 tablet_service.cc:993] Received RequestConsensusVote() RPC: tablet_id: "7581a0a77de54ef8943c1521124c7728" candidate_uuid: "e3aa58d3045c4a05b94b94eb8bf58ae1" candidate_term: 10 candidate_status { last_received { term: 8 index: 735 } } ignore_live_leader: false dest_uuid: "012786a8f1b64995847cf7dacbc029a4" is_pre_election: true
I0312 20:10:51.896895 1865 raft_consensus.cc:2176] T 7581a0a77de54ef8943c1521124c7728 P 012786a8f1b64995847cf7dacbc029a4 [term 8 LEADER]: Leader pre-election vote request: Denying vote to candidate e3aa58d3045c4a05b94b94eb8bf58ae1 for term 10 because replica is either leader or believes a valid leader to be alive.
I0312 20:10:51.896805 1738 tablet_service.cc:993] Received RequestConsensusVote() RPC: tablet_id: "7581a0a77de54ef8943c1521124c7728" candidate_uuid: "e3aa58d3045c4a05b94b94eb8bf58ae1" candidate_term: 10 candidate_status { last_received { term: 8 index: 735 } } ignore_live_leader: false dest_uuid: "9da22e5afdce42078fe8f94ad166ac3c" is_pre_election: true
I0312 20:10:51.897169 1738 raft_consensus.cc:2176] T 7581a0a77de54ef8943c1521124c7728 P 9da22e5afdce42078fe8f94ad166ac3c [term 8 FOLLOWER]: Leader pre-election vote request: Denying vote to candidate e3aa58d3045c4a05b94b94eb8bf58ae1 for term 10 because replica is either leader or believes a valid leader to be alive.
I0312 20:10:51.897469 1926 leader_election.cc:377] T 7581a0a77de54ef8943c1521124c7728 P e3aa58d3045c4a05b94b94eb8bf58ae1 [CANDIDATE]: Term 10 pre-election: Vote denied by peer 012786a8f1b64995847cf7dacbc029a4. Message: Invalid argument: T 7581a0a77de54ef8943c1521124c7728 P 012786a8f1b64995847cf7dacbc029a4 [term 8 LEADER]: Leader pre-election vote request: Denying vote to candidate e3aa58d3045c4a05b94b94eb8bf58ae1 for term 10 because replica is either leader or believes a valid leader to be alive.
I0312 20:10:51.897832 1922 leader_election.cc:377] T 7581a0a77de54ef8943c1521124c7728 P e3aa58d3045c4a05b94b94eb8bf58ae1 [CANDIDATE]: Term 10 pre-election: Vote denied by peer 9da22e5afdce42078fe8f94ad166ac3c. Message: Invalid argument: T 7581a0a77de54ef8943c1521124c7728 P 9da22e5afdce42078fe8f94ad166ac3c [term 8 FOLLOWER]: Leader pre-election vote request: Denying vote to candidate e3aa58d3045c4a05b94b94eb8bf58ae1 for term 10 because replica is either leader or believes a valid leader to be alive.
I0312 20:10:51.897992 1922 leader_election.cc:258] T 7581a0a77de54ef8943c1521124c7728 P e3aa58d3045c4a05b94b94eb8bf58ae1 [CANDIDATE]: Term 10 pre-election: Election decided. Result: candidate lost.
I0312 20:10:51.898397 2184 raft_consensus.cc:2700] T 7581a0a77de54ef8943c1521124c7728 P e3aa58d3045c4a05b94b94eb8bf58ae1: Snoozing failure detection for 0.028s (election complete)
I0312 20:10:51.898552 2184 raft_consensus.cc:2455] T 7581a0a77de54ef8943c1521124c7728 P e3aa58d3045c4a05b94b94eb8bf58ae1 [term 9 FOLLOWER]: Leader pre-election lost for term 10. Reason: could not achieve majority
W0312 20:10:51.898953 2191 raft_consensus.cc:747] Couldn't advance consensus term.: Illegal state: Can't advance term to: 7 current term: 8 is higher.
I0312 20:10:51.899292 2194 consensus_queue.cc:1028] T 7581a0a77de54ef8943c1521124c7728 P 012786a8f1b64995847cf7dacbc029a4 [LEADER]: Peer responded invalid term: Peer: permanent_uuid: "e3aa58d3045c4a05b94b94eb8bf58ae1" member_type: VOTER last_known_addr { host: "127.0.53.3" port: 49316 }, Status: INVALID_TERM, Last received: 8.735, Next index: 736, Last known committed idx: 734, Time since last communication: 0.000s
I0312 20:10:51.902470 1990 raft_consensus.cc:1026] T 7581a0a77de54ef8943c1521124c7728 P e3aa58d3045c4a05b94b94eb8bf58ae1 [term 9 FOLLOWER]: Rejecting Update request from peer 012786a8f1b64995847cf7dacbc029a4 for earlier term 8. Current term is 9. Ops: []
I0312 20:10:51.903810 2194 consensus_queue.cc:1028] T 7581a0a77de54ef8943c1521124c7728 P 012786a8f1b64995847cf7dacbc029a4 [LEADER]: Peer responded invalid term: Peer: permanent_uuid: "e3aa58d3045c4a05b94b94eb8bf58ae1" member_type: VOTER last_known_addr { host: "127.0.53.3" port: 49316 }, Status: INVALID_TERM, Last received: 8.735, Next index: 736, Last known committed idx: 734, Time since last communication: 0.000s
W0312 20:10:51.906298 2191 raft_consensus.cc:747] Couldn't advance consensus term.: Illegal state: Can't advance term to: 7 current term: 8 is higher.
I0312 20:10:51.908107 1990 raft_consensus.cc:1026] T 7581a0a77de54ef8943c1521124c7728 P e3aa58d3045c4a05b94b94eb8bf58ae1 [term 9 FOLLOWER]: Rejecting Update request from peer 012786a8f1b64995847cf7dacbc029a4 for earlier term 8. Current term is 9. Ops: []
I0312 20:10:51.908851 2194 consensus_queue.cc:1028] T 7581a0a77de54ef8943c1521124c7728 P 012786a8f1b64995847cf7dacbc029a4 [LEADER]: Peer responded invalid term: Peer: permanent_uuid: "e3aa58d3045c4a05b94b94eb8bf58ae1" member_type: VOTER last_known_addr { host: "127.0.53.3" port: 49316 }, Status: INVALID_TERM, Last received: 8.735, Next index: 736, Last known committed idx: 734, Time since last communication: 0.000s
I0312 20:10:51.912554 1990 raft_consensus.cc:1026] T 7581a0a77de54ef8943c1521124c7728 P e3aa58d3045c4a05b94b94eb8bf58ae1 [term 9 FOLLOWER]: Rejecting Update request from peer 012786a8f1b64995847cf7dacbc029a4 for earlier term 8. Current term is 9. Ops: []
I0312 20:10:51.913426 2187 consensus_queue.cc:1028] T 7581a0a77de54ef8943c1521124c7728 P 012786a8f1b64995847cf7dacbc029a4 [LEADER]: Peer responded invalid term: Peer: permanent_uuid: "e3aa58d3045c4a05b94b94eb8bf58ae1" member_type: VOTER last_known_addr { host: "127.0.53.3" port: 49316 }, Status: INVALID_TERM, Last received: 8.735, Next index: 736, Last known committed idx: 734, Time since last communication: 0.000s
I0312 20:10:51.916940 1990 raft_consensus.cc:1026] T 7581a0a77de54ef8943c1521124c7728 P e3aa58d3045c4a05b94b94eb8bf58ae1 [term 9 FOLLOWER]: Rejecting Update request from peer 012786a8f1b64995847cf7dacbc029a4 for earlier term 8. Current term is 9. Ops: []
I0312 20:10:51.917685 2187 consensus_queue.cc:1028] T 7581a0a77de54ef8943c1521124c7728 P 012786a8f1b64995847cf7dacbc029a4 [LEADER]: Peer responded invalid term: Peer: permanent_uuid: "e3aa58d3045c4a05b94b94eb8bf58ae1" member_type: VOTER last_known_addr { host: "127.0.53.3" port: 49316 }, Status: INVALID_TERM, Last received: 8.735, Next index: 736, Last known committed idx: 734, Time since last communication: 0.000s
I0312 20:10:51.922473 1990 raft_consensus.cc:1026] T 7581a0a77de54ef8943c1521124c7728 P e3aa58d3045c4a05b94b94eb8bf58ae1 [term 9 FOLLOWER]: Rejecting Update request from peer 012786a8f1b64995847cf7dacbc029a4 for earlier term 8. Current term is 9. Ops: []
I0312 20:10:51.923377 2187 consensus_queue.cc:1028] T 7581a0a77de54ef8943c1521124c7728 P 012786a8f1b64995847cf7dacbc029a4 [LEADER]: Peer responded invalid term: Peer: permanent_uuid: "e3aa58d3045c4a05b94b94eb8bf58ae1" member_type: VOTER last_known_addr { host: "127.0.53.3" port: 49316 }, Status: INVALID_TERM, Last received: 8.735, Next index: 736, Last known committed idx: 734, Time since last communication: 0.000s
I0312 20:10:51.926973 1990 raft_consensus.cc:1026] T 7581a0a77de54ef8943c1521124c7728 P e3aa58d3045c4a05b94b94eb8bf58ae1 [term 9 FOLLOWER]: Rejecting Update request from peer 012786a8f1b64995847cf7dacbc029a4 for earlier term 8. Current term is 9. Ops: []
I0312 20:10:51.927402 2184 raft_consensus.cc:436] T 7581a0a77de54ef8943c1521124c7728 P e3aa58d3045c4a05b94b94eb8bf58ae1 [term 9 FOLLOWER]: Starting pre-election (no leader contacted us within the election timeout)
I0312 20:10:51.927582 2184 raft_consensus.cc:2700] T 7581a0a77de54ef8943c1521124c7728 P e3aa58d3045c4a05b94b94eb8bf58ae1: Snoozing failure detection for 0.062s (starting election)
I0312 20:10:51.927743 2184 raft_consensus.cc:458] T 7581a0a77de54ef8943c1521124c7728 P e3aa58d3045c4a05b94b94eb8bf58ae1 [term 9 FOLLOWER]: Starting pre-election with config: opid_index: -1 OBSOLETE_local: false peers { permanent_uuid: "012786a8f1b64995847cf7dacbc029a4" member_type: VOTER last_known_addr { host: "127.0.53.2" port: 43059 } } peers { permanent_uuid: "e3aa58d3045c4a05b94b94eb8bf58ae1" member_type: VOTER last_known_addr { host: "127.0.53.3" port: 49316 } } peers { permanent_uuid: "9da22e5afdce42078fe8f94ad166ac3c" member_type: VOTER last_known_addr { host: "127.0.53.1" port: 39175 } }
I0312 20:10:51.927887 2187 consensus_queue.cc:1028] T 7581a0a77de54ef8943c1521124c7728 P 012786a8f1b64995847cf7dacbc029a4 [LEADER]: Peer responded invalid term: Peer: permanent_uuid: "e3aa58d3045c4a05b94b94eb8bf58ae1" member_type: VOTER last_known_addr { host: "127.0.53.3" port: 49316 }, Status: INVALID_TERM, Last received: 8.735, Next index: 736, Last known committed idx: 734, Time since last communication: 0.000s
I0312 20:10:51.928478 2184 leader_election.cc:231] T 7581a0a77de54ef8943c1521124c7728 P e3aa58d3045c4a05b94b94eb8bf58ae1 [CANDIDATE]: Term 10 pre-election: Requesting pre-vote from peer 012786a8f1b64995847cf7dacbc029a4
I0312 20:10:51.928758 2184 leader_election.cc:231] T 7581a0a77de54ef8943c1521124c7728 P e3aa58d3045c4a05b94b94eb8bf58ae1 [CANDIDATE]: Term 10 pre-election: Requesting pre-vote from peer 9da22e5afdce42078fe8f94ad166ac3c
I0312 20:10:51.929529 1865 tablet_service.cc:993] Received RequestConsensusVote() RPC: tablet_id: "7581a0a77de54ef8943c1521124c7728" candidate_uuid: "e3aa58d3045c4a05b94b94eb8bf58ae1" candidate_term: 10 candidate_status { last_received { term: 8 index: 735 } } ignore_live_leader: false dest_uuid: "012786a8f1b64995847cf7dacbc029a4" is_pre_election: true
I0312 20:10:51.929662 1738 tablet_service.cc:993] Received RequestConsensusVote() RPC: tablet_id: "7581a0a77de54ef8943c1521124c7728" candidate_uuid: "e3aa58d3045c4a05b94b94eb8bf58ae1" candidate_term: 10 candidate_status { last_received { term: 8 index: 735 } } ignore_live_leader: false dest_uuid: "9da22e5afdce42078fe8f94ad166ac3c" is_pre_election: true
I0312 20:10:51.929884 1865 raft_consensus.cc:2176] T 7581a0a77de54ef8943c1521124c7728 P 012786a8f1b64995847cf7dacbc029a4 [term 8 LEADER]: Leader pre-election vote request: Denying vote to candidate e3aa58d3045c4a05b94b94eb8bf58ae1 for term 10 because replica is either leader or believes a valid leader to be alive.
I0312 20:10:51.930027 1738 raft_consensus.cc:2176] T 7581a0a77de54ef8943c1521124c7728 P 9da22e5afdce42078fe8f94ad166ac3c [term 8 FOLLOWER]: Leader pre-election vote request: Denying vote to candidate e3aa58d3045c4a05b94b94eb8bf58ae1 for term 10 because replica is either leader or believes a valid leader to be alive.
I0312 20:10:51.930493 1926 leader_election.cc:377] T 7581a0a77de54ef8943c1521124c7728 P e3aa58d3045c4a05b94b94eb8bf58ae1 [CANDIDATE]: Term 10 pre-election: Vote denied by peer 012786a8f1b64995847cf7dacbc029a4. Message: Invalid argument: T 7581a0a77de54ef8943c1521124c7728 P 012786a8f1b64995847cf7dacbc029a4 [term 8 LEADER]: Leader pre-election vote request: Denying vote to candidate e3aa58d3045c4a05b94b94eb8bf58ae1 for term 10 because replica is either leader or believes a valid leader to be alive.
I0312 20:10:51.930711 1922 leader_election.cc:377] T 7581a0a77de54ef8943c1521124c7728 P e3aa58d3045c4a05b94b94eb8bf58ae1 [CANDIDATE]: Term 10 pre-election: Vote denied by peer 9da22e5afdce42078fe8f94ad166ac3c. Message: Invalid argument: T 7581a0a77de54ef8943c1521124c7728 P 9da22e5afdce42078fe8f94ad166ac3c [term 8 FOLLOWER]: Leader pre-election vote request: Denying vote to candidate e3aa58d3045c4a05b94b94eb8bf58ae1 for term 10 because replica is either leader or believes a valid leader to be alive.
I0312 20:10:51.930881 1922 leader_election.cc:258] T 7581a0a77de54ef8943c1521124c7728 P e3aa58d3045c4a05b94b94eb8bf58ae1 [CANDIDATE]: Term 10 pre-election: Election decided. Result: candidate lost.
I0312 20:10:51.931310 2184 raft_consensus.cc:2700] T 7581a0a77de54ef8943c1521124c7728 P e3aa58d3045c4a05b94b94eb8bf58ae1: Snoozing failure detection for 0.060s (election complete)
I0312 20:10:51.931460 2184 raft_consensus.cc:2455] T 7581a0a77de54ef8943c1521124c7728 P e3aa58d3045c4a05b94b94eb8bf58ae1 [term 9 FOLLOWER]: Leader pre-election lost for term 10. Reason: could not achieve majority
I0312 20:10:51.931674 1990 raft_consensus.cc:1026] T 7581a0a77de54ef8943c1521124c7728 P e3aa58d3045c4a05b94b94eb8bf58ae1 [term 9 FOLLOWER]: Rejecting Update request from peer 012786a8f1b64995847cf7dacbc029a4 for earlier term 8. Current term is 9. Ops: []
I0312 20:10:51.932533 2187 consensus_queue.cc:1028] T 7581a0a77de54ef8943c1521124c7728 P 012786a8f1b64995847cf7dacbc029a4 [LEADER]: Peer responded invalid term: Peer: permanent_uuid: "e3aa58d3045c4a05b94b94eb8bf58ae1" member_type: VOTER last_known_addr { host: "127.0.53.3" port: 49316 }, Status: INVALID_TERM, Last received: 8.735, Next index: 736, Last known committed idx: 734, Time since last communication: 0.000s
I0312 20:10:51.936051 1990 raft_consensus.cc:1026] T 7581a0a77de54ef8943c1521124c7728 P e3aa58d3045c4a05b94b94eb8bf58ae1 [term 9 FOLLOWER]: Rejecting Update request from peer 012786a8f1b64995847cf7dacbc029a4 for earlier term 8. Current term is 9. Ops: []
I0312 20:10:51.936842 2187 consensus_queue.cc:1028] T 7581a0a77de54ef8943c1521124c7728 P 012786a8f1b64995847cf7dacbc029a4 [LEADER]: Peer responded invalid term: Peer: permanent_uuid: "e3aa58d3045c4a05b94b94eb8bf58ae1" member_type: VOTER last_known_addr { host: "127.0.53.3" port: 49316 }, Status: INVALID_TERM, Last received: 8.735, Next index: 736, Last known committed idx: 734, Time since last communication: 0.000s
I0312 20:10:51.939765 1990 raft_consensus.cc:1026] T 7581a0a77de54ef8943c1521124c7728 P e3aa58d3045c4a05b94b94eb8bf58ae1 [term 9 FOLLOWER]: Rejecting Update request from peer 012786a8f1b64995847cf7dacbc029a4 for earlier term 8. Current term is 9. Ops: []
I0312 20:10:51.940579 2187 consensus_queue.cc:1028] T 7581a0a77de54ef8943c1521124c7728 P 012786a8f1b64995847cf7dacbc029a4 [LEADER]: Peer responded invalid term: Peer: permanent_uuid: "e3aa58d3045c4a05b94b94eb8bf58ae1" member_type: VOTER last_known_addr { host: "127.0.53.3" port: 49316 }, Status: INVALID_TERM, Last received: 8.735, Next index: 736, Last known committed idx: 734, Time since last communication: 0.000s
I0312 20:10:51.944010 1990 raft_consensus.cc:1026] T 7581a0a77de54ef8943c1521124c7728 P e3aa58d3045c4a05b94b94eb8bf58ae1 [term 9 FOLLOWER]: Rejecting Update request from peer 012786a8f1b64995847cf7dacbc029a4 for earlier term 8. Current term is 9. Ops: []
I0312 20:10:51.944803 2187 consensus_queue.cc:1028] T 7581a0a77de54ef8943c1521124c7728 P 012786a8f1b64995847cf7dacbc029a4 [LEADER]: Peer responded invalid term: Peer: permanent_uuid: "e3aa58d3045c4a05b94b94eb8bf58ae1" member_type: VOTER last_known_addr { host: "127.0.53.3" port: 49316 }, Status: INVALID_TERM, Last received: 8.735, Next index: 736, Last known committed idx: 734, Time since last communication: 0.000s
I0312 20:10:51.948370 1990 raft_consensus.cc:1026] T 7581a0a77de54ef8943c1521124c7728 P e3aa58d3045c4a05b94b94eb8bf58ae1 [term 9 FOLLOWER]: Rejecting Update request from peer 012786a8f1b64995847cf7dacbc029a4 for earlier term 8. Current term is 9. Ops: []
I0312 20:10:51.949205 2194 consensus_queue.cc:1028] T 7581a0a77de54ef8943c1521124c7728 P 012786a8f1b64995847cf7dacbc029a4 [LEADER]: Peer responded invalid term: Peer: permanent_uuid: "e3aa58d3045c4a05b94b94eb8bf58ae1" member_type: VOTER last_known_addr { host: "127.0.53.3" port: 49316 }, Status: INVALID_TERM, Last received: 8.735, Next index: 736, Last known committed idx: 734, Time since last communication: 0.000s
W0312 20:10:51.949620 2191 raft_consensus.cc:747] Couldn't advance consensus term.: Illegal state: Can't advance term to: 7 current term: 8 is higher.
I0312 20:10:51.951704 1990 raft_consensus.cc:1026] T 7581a0a77de54ef8943c1521124c7728 P e3aa58d3045c4a05b94b94eb8bf58ae1 [term 9 FOLLOWER]: Rejecting Update request from peer 012786a8f1b64995847cf7dacbc029a4 for earlier term 8. Current term is 9. Ops: []
I0312 20:10:51.952801 2187 consensus_queue.cc:1028] T 7581a0a77de54ef8943c1521124c7728 P 012786a8f1b64995847cf7dacbc029a4 [LEADER]: Peer responded invalid term: Peer: permanent_uuid: "e3aa58d3045c4a05b94b94eb8bf58ae1" member_type: VOTER last_known_addr { host: "127.0.53.3" port: 49316 }, Status: INVALID_TERM, Last received: 8.735, Next index: 736, Last known committed idx: 734, Time since last communication: 0.000s
I0312 20:10:51.954929 1990 raft_consensus.cc:1026] T 7581a0a77de54ef8943c1521124c7728 P e3aa58d3045c4a05b94b94eb8bf58ae1 [term 9 FOLLOWER]: Rejecting Update request from peer 012786a8f1b64995847cf7dacbc029a4 for earlier term 8. Current term is 9. Ops: []
I0312 20:10:51.955777 2194 consensus_queue.cc:1028] T 7581a0a77de54ef8943c1521124c7728 P 012786a8f1b64995847cf7dacbc029a4 [LEADER]: Peer responded invalid term: Peer: permanent_uuid: "e3aa58d3045c4a05b94b94eb8bf58ae1" member_type: VOTER last_known_addr { host: "127.0.53.3" port: 49316 }, Status: INVALID_TERM, Last received: 8.735, Next index: 736, Last known committed idx: 734, Time since last communication: 0.000s
W0312 20:10:51.956228 2191 raft_consensus.cc:747] Couldn't advance consensus term.: Illegal state: Can't advance term to: 7 current term: 8 is higher.
