I0312 20:10:17.530537 1480 raft_consensus.cc:2455] T 92318a1b744e4baa9c7d3f3b9758739b P 6885de38238442d6a9e5f1eb9fb569ff [term 24 FOLLOWER]: Leader election lost for term 24. Reason: could not achieve majority
I0312 20:10:17.535002 1477 raft_consensus.cc:436] T 92318a1b744e4baa9c7d3f3b9758739b P ded9b7f8677940fb91e1a8c8bceceaed [term 24 FOLLOWER]: Starting pre-election (no leader contacted us within the election timeout)
I0312 20:10:17.535182 1477 raft_consensus.cc:2700] T 92318a1b744e4baa9c7d3f3b9758739b P ded9b7f8677940fb91e1a8c8bceceaed: Snoozing failure detection for 0.019s (starting election)
I0312 20:10:17.535404 1477 raft_consensus.cc:458] T 92318a1b744e4baa9c7d3f3b9758739b P ded9b7f8677940fb91e1a8c8bceceaed [term 24 FOLLOWER]: Starting pre-election with config: opid_index: -1 OBSOLETE_local: false peers { permanent_uuid: "f78a2351568c4a268ee1112681e22bec" member_type: VOTER last_known_addr { host: "127.0.53.3" port: 43274 } } peers { permanent_uuid: "6885de38238442d6a9e5f1eb9fb569ff" member_type: VOTER last_known_addr { host: "127.0.53.2" port: 51697 } } peers { permanent_uuid: "ded9b7f8677940fb91e1a8c8bceceaed" member_type: VOTER last_known_addr { host: "127.0.53.1" port: 35037 } }
I0312 20:10:17.536229 1477 leader_election.cc:231] T 92318a1b744e4baa9c7d3f3b9758739b P ded9b7f8677940fb91e1a8c8bceceaed [CANDIDATE]: Term 25 pre-election: Requesting pre-vote from peer f78a2351568c4a268ee1112681e22bec
I0312 20:10:17.536501 1477 leader_election.cc:231] T 92318a1b744e4baa9c7d3f3b9758739b P ded9b7f8677940fb91e1a8c8bceceaed [CANDIDATE]: Term 25 pre-election: Requesting pre-vote from peer 6885de38238442d6a9e5f1eb9fb569ff
I0312 20:10:17.537272 1345 tablet_service.cc:993] Received RequestConsensusVote() RPC: tablet_id: "92318a1b744e4baa9c7d3f3b9758739b" candidate_uuid: "ded9b7f8677940fb91e1a8c8bceceaed" candidate_term: 25 candidate_status { last_received { term: 23 index: 673 } } ignore_live_leader: false dest_uuid: "f78a2351568c4a268ee1112681e22bec" is_pre_election: true
I0312 20:10:17.537817 1345 raft_consensus.cc:2176] T 92318a1b744e4baa9c7d3f3b9758739b P f78a2351568c4a268ee1112681e22bec [term 23 FOLLOWER]: Leader pre-election vote request: Denying vote to candidate ded9b7f8677940fb91e1a8c8bceceaed for term 25 because replica is either leader or believes a valid leader to be alive.
I0312 20:10:17.537719 1218 tablet_service.cc:993] Received RequestConsensusVote() RPC: tablet_id: "92318a1b744e4baa9c7d3f3b9758739b" candidate_uuid: "ded9b7f8677940fb91e1a8c8bceceaed" candidate_term: 25 candidate_status { last_received { term: 23 index: 673 } } ignore_live_leader: false dest_uuid: "6885de38238442d6a9e5f1eb9fb569ff" is_pre_election: true
I0312 20:10:17.538159 1218 raft_consensus.cc:2700] T 92318a1b744e4baa9c7d3f3b9758739b P 6885de38238442d6a9e5f1eb9fb569ff: Snoozing failure detection for 0.089s (vote granted)
I0312 20:10:17.538390 1218 raft_consensus.cc:2215] T 92318a1b744e4baa9c7d3f3b9758739b P 6885de38238442d6a9e5f1eb9fb569ff [term 24 FOLLOWER]: Leader pre-election vote request: Granting yes vote for candidate ded9b7f8677940fb91e1a8c8bceceaed in term 24.
I0312 20:10:17.538769 1027 leader_election.cc:377] T 92318a1b744e4baa9c7d3f3b9758739b P ded9b7f8677940fb91e1a8c8bceceaed [CANDIDATE]: Term 25 pre-election: Vote denied by peer f78a2351568c4a268ee1112681e22bec. Message: Invalid argument: T 92318a1b744e4baa9c7d3f3b9758739b P f78a2351568c4a268ee1112681e22bec [term 23 FOLLOWER]: Leader pre-election vote request: Denying vote to candidate ded9b7f8677940fb91e1a8c8bceceaed for term 25 because replica is either leader or believes a valid leader to be alive.
I0312 20:10:17.539131 1029 leader_election.cc:363] T 92318a1b744e4baa9c7d3f3b9758739b P ded9b7f8677940fb91e1a8c8bceceaed [CANDIDATE]: Term 25 pre-election: Vote granted by peer 6885de38238442d6a9e5f1eb9fb569ff
I0312 20:10:17.539281 1029 leader_election.cc:258] T 92318a1b744e4baa9c7d3f3b9758739b P ded9b7f8677940fb91e1a8c8bceceaed [CANDIDATE]: Term 25 pre-election: Election decided. Result: candidate won.
I0312 20:10:17.539618 1477 raft_consensus.cc:2700] T 92318a1b744e4baa9c7d3f3b9758739b P ded9b7f8677940fb91e1a8c8bceceaed: Snoozing failure detection for 0.020s (election complete)
I0312 20:10:17.539860 1477 raft_consensus.cc:2507] T 92318a1b744e4baa9c7d3f3b9758739b P ded9b7f8677940fb91e1a8c8bceceaed [term 24 FOLLOWER]: Leader pre-election won for term 25
I0312 20:10:17.540019 1477 raft_consensus.cc:436] T 92318a1b744e4baa9c7d3f3b9758739b P ded9b7f8677940fb91e1a8c8bceceaed [term 24 FOLLOWER]: Starting leader election (no leader contacted us within the election timeout)
I0312 20:10:17.540159 1477 raft_consensus.cc:2700] T 92318a1b744e4baa9c7d3f3b9758739b P ded9b7f8677940fb91e1a8c8bceceaed: Snoozing failure detection for 0.017s (starting election)
I0312 20:10:17.540311 1477 raft_consensus.cc:2752] T 92318a1b744e4baa9c7d3f3b9758739b P ded9b7f8677940fb91e1a8c8bceceaed [term 24 FOLLOWER]: Advancing to term 25
I0312 20:10:17.540773 1478 raft_consensus.cc:436] T 92318a1b744e4baa9c7d3f3b9758739b P f78a2351568c4a268ee1112681e22bec [term 23 FOLLOWER]: Starting pre-election (detected failure of leader ded9b7f8677940fb91e1a8c8bceceaed)
I0312 20:10:17.540979 1478 raft_consensus.cc:2700] T 92318a1b744e4baa9c7d3f3b9758739b P f78a2351568c4a268ee1112681e22bec: Snoozing failure detection for 12.761s (starting election)
I0312 20:10:17.541215 1478 raft_consensus.cc:458] T 92318a1b744e4baa9c7d3f3b9758739b P f78a2351568c4a268ee1112681e22bec [term 23 FOLLOWER]: Starting pre-election with config: opid_index: -1 OBSOLETE_local: false peers { permanent_uuid: "f78a2351568c4a268ee1112681e22bec" member_type: VOTER last_known_addr { host: "127.0.53.3" port: 43274 } } peers { permanent_uuid: "6885de38238442d6a9e5f1eb9fb569ff" member_type: VOTER last_known_addr { host: "127.0.53.2" port: 51697 } } peers { permanent_uuid: "ded9b7f8677940fb91e1a8c8bceceaed" member_type: VOTER last_known_addr { host: "127.0.53.1" port: 35037 } }
I0312 20:10:17.542196 1478 leader_election.cc:231] T 92318a1b744e4baa9c7d3f3b9758739b P f78a2351568c4a268ee1112681e22bec [CANDIDATE]: Term 24 pre-election: Requesting pre-vote from peer 6885de38238442d6a9e5f1eb9fb569ff
I0312 20:10:17.542541 1478 leader_election.cc:231] T 92318a1b744e4baa9c7d3f3b9758739b P f78a2351568c4a268ee1112681e22bec [CANDIDATE]: Term 24 pre-election: Requesting pre-vote from peer ded9b7f8677940fb91e1a8c8bceceaed
I0312 20:10:17.543428 1218 tablet_service.cc:993] Received RequestConsensusVote() RPC: tablet_id: "92318a1b744e4baa9c7d3f3b9758739b" candidate_uuid: "f78a2351568c4a268ee1112681e22bec" candidate_term: 24 candidate_status { last_received { term: 23 index: 673 } } ignore_live_leader: false dest_uuid: "6885de38238442d6a9e5f1eb9fb569ff" is_pre_election: true
I0312 20:10:17.543817 1094 tablet_service.cc:993] Received RequestConsensusVote() RPC: tablet_id: "92318a1b744e4baa9c7d3f3b9758739b" candidate_uuid: "f78a2351568c4a268ee1112681e22bec" candidate_term: 24 candidate_status { last_received { term: 23 index: 673 } } ignore_live_leader: false dest_uuid: "ded9b7f8677940fb91e1a8c8bceceaed" is_pre_election: true
I0312 20:10:17.543956 1218 raft_consensus.cc:2145] T 92318a1b744e4baa9c7d3f3b9758739b P 6885de38238442d6a9e5f1eb9fb569ff [term 24 FOLLOWER]: Leader pre-election vote request: Denying vote to candidate f78a2351568c4a268ee1112681e22bec in current term 24: Already voted for candidate 6885de38238442d6a9e5f1eb9fb569ff in this term.
I0312 20:10:17.545531 1279 leader_election.cc:377] T 92318a1b744e4baa9c7d3f3b9758739b P f78a2351568c4a268ee1112681e22bec [CANDIDATE]: Term 24 pre-election: Vote denied by peer 6885de38238442d6a9e5f1eb9fb569ff. Message: Invalid argument: T 92318a1b744e4baa9c7d3f3b9758739b P 6885de38238442d6a9e5f1eb9fb569ff [term 24 FOLLOWER]: Leader pre-election vote request: Denying vote to candidate f78a2351568c4a268ee1112681e22bec in current term 24: Already voted for candidate 6885de38238442d6a9e5f1eb9fb569ff in this term.
I0312 20:10:17.628437 1480 raft_consensus.cc:436] T 92318a1b744e4baa9c7d3f3b9758739b P 6885de38238442d6a9e5f1eb9fb569ff [term 24 FOLLOWER]: Starting pre-election (no leader contacted us within the election timeout)
I0312 20:10:17.628621 1480 raft_consensus.cc:2700] T 92318a1b744e4baa9c7d3f3b9758739b P 6885de38238442d6a9e5f1eb9fb569ff: Snoozing failure detection for 0.485s (starting election)
I0312 20:10:17.628787 1480 raft_consensus.cc:458] T 92318a1b744e4baa9c7d3f3b9758739b P 6885de38238442d6a9e5f1eb9fb569ff [term 24 FOLLOWER]: Starting pre-election with config: opid_index: -1 OBSOLETE_local: false peers { permanent_uuid: "f78a2351568c4a268ee1112681e22bec" member_type: VOTER last_known_addr { host: "127.0.53.3" port: 43274 } } peers { permanent_uuid: "6885de38238442d6a9e5f1eb9fb569ff" member_type: VOTER last_known_addr { host: "127.0.53.2" port: 51697 } } peers { permanent_uuid: "ded9b7f8677940fb91e1a8c8bceceaed" member_type: VOTER last_known_addr { host: "127.0.53.1" port: 35037 } }
I0312 20:10:17.629528 1480 leader_election.cc:231] T 92318a1b744e4baa9c7d3f3b9758739b P 6885de38238442d6a9e5f1eb9fb569ff [CANDIDATE]: Term 25 pre-election: Requesting pre-vote from peer f78a2351568c4a268ee1112681e22bec
I0312 20:10:17.629823 1480 leader_election.cc:231] T 92318a1b744e4baa9c7d3f3b9758739b P 6885de38238442d6a9e5f1eb9fb569ff [CANDIDATE]: Term 25 pre-election: Requesting pre-vote from peer ded9b7f8677940fb91e1a8c8bceceaed
I0312 20:10:17.630677 1345 tablet_service.cc:993] Received RequestConsensusVote() RPC: tablet_id: "92318a1b744e4baa9c7d3f3b9758739b" candidate_uuid: "6885de38238442d6a9e5f1eb9fb569ff" candidate_term: 25 candidate_status { last_received { term: 23 index: 672 } } ignore_live_leader: false dest_uuid: "f78a2351568c4a268ee1112681e22bec" is_pre_election: true
I0312 20:10:17.630879 1095 tablet_service.cc:993] Received RequestConsensusVote() RPC: tablet_id: "92318a1b744e4baa9c7d3f3b9758739b" candidate_uuid: "6885de38238442d6a9e5f1eb9fb569ff" candidate_term: 25 candidate_status { last_received { term: 23 index: 672 } } ignore_live_leader: false dest_uuid: "ded9b7f8677940fb91e1a8c8bceceaed" is_pre_election: true
I0312 20:10:17.631171 1345 raft_consensus.cc:2162] T 92318a1b744e4baa9c7d3f3b9758739b P f78a2351568c4a268ee1112681e22bec [term 23 FOLLOWER]: Leader pre-election vote request: Denying vote to candidate 6885de38238442d6a9e5f1eb9fb569ff for term 25 because replica has last-logged OpId of term: 23 index: 673, which is greater than that of the candidate, which has last-logged OpId of term: 23 index: 672.
I0312 20:10:17.631794 1152 leader_election.cc:377] T 92318a1b744e4baa9c7d3f3b9758739b P 6885de38238442d6a9e5f1eb9fb569ff [CANDIDATE]: Term 25 pre-election: Vote denied by peer f78a2351568c4a268ee1112681e22bec. Message: Invalid argument: T 92318a1b744e4baa9c7d3f3b9758739b P f78a2351568c4a268ee1112681e22bec [term 23 FOLLOWER]: Leader pre-election vote request: Denying vote to candidate 6885de38238442d6a9e5f1eb9fb569ff for term 25 because replica has last-logged OpId of term: 23 index: 673, which is greater than that of the candidate, which has last-logged OpId of term: 23 index: 672.
I0312 20:10:18.113939 1480 raft_consensus.cc:436] T 92318a1b744e4baa9c7d3f3b9758739b P 6885de38238442d6a9e5f1eb9fb569ff [term 24 FOLLOWER]: Starting pre-election (no leader contacted us within the election timeout)
I0312 20:10:18.114140 1480 raft_consensus.cc:2700] T 92318a1b744e4baa9c7d3f3b9758739b P 6885de38238442d6a9e5f1eb9fb569ff: Snoozing failure detection for 0.039s (starting election)
I0312 20:10:18.114346 1480 raft_consensus.cc:458] T 92318a1b744e4baa9c7d3f3b9758739b P 6885de38238442d6a9e5f1eb9fb569ff [term 24 FOLLOWER]: Starting pre-election with config: opid_index: -1 OBSOLETE_local: false peers { permanent_uuid: "f78a2351568c4a268ee1112681e22bec" member_type: VOTER last_known_addr { host: "127.0.53.3" port: 43274 } } peers { permanent_uuid: "6885de38238442d6a9e5f1eb9fb569ff" member_type: VOTER last_known_addr { host: "127.0.53.2" port: 51697 } } peers { permanent_uuid: "ded9b7f8677940fb91e1a8c8bceceaed" member_type: VOTER last_known_addr { host: "127.0.53.1" port: 35037 } }
I0312 20:10:18.115265 1480 leader_election.cc:231] T 92318a1b744e4baa9c7d3f3b9758739b P 6885de38238442d6a9e5f1eb9fb569ff [CANDIDATE]: Term 25 pre-election: Requesting pre-vote from peer f78a2351568c4a268ee1112681e22bec
I0312 20:10:18.115572 1480 leader_election.cc:231] T 92318a1b744e4baa9c7d3f3b9758739b P 6885de38238442d6a9e5f1eb9fb569ff [CANDIDATE]: Term 25 pre-election: Requesting pre-vote from peer ded9b7f8677940fb91e1a8c8bceceaed
W0312 20:10:18.115689 1153 leader_election.cc:287] T 92318a1b744e4baa9c7d3f3b9758739b P 6885de38238442d6a9e5f1eb9fb569ff [CANDIDATE]: Term 25 pre-election: RPC error from VoteRequest() call to peer ded9b7f8677940fb91e1a8c8bceceaed: Timed out: RequestConsensusVote RPC to 127.0.53.1:35037 timed out after 0.485s (SENT)
I0312 20:10:18.115937 1153 leader_election.cc:258] T 92318a1b744e4baa9c7d3f3b9758739b P 6885de38238442d6a9e5f1eb9fb569ff [CANDIDATE]: Term 25 pre-election: Election decided. Result: candidate lost.
I0312 20:10:18.116282 1480 raft_consensus.cc:2700] T 92318a1b744e4baa9c7d3f3b9758739b P 6885de38238442d6a9e5f1eb9fb569ff: Snoozing failure detection for 0.399s (election complete)
I0312 20:10:18.116451 1480 raft_consensus.cc:2455] T 92318a1b744e4baa9c7d3f3b9758739b P 6885de38238442d6a9e5f1eb9fb569ff [term 24 FOLLOWER]: Leader pre-election lost for term 25. Reason: could not achieve majority
I0312 20:10:18.117203 1345 tablet_service.cc:993] Received RequestConsensusVote() RPC: tablet_id: "92318a1b744e4baa9c7d3f3b9758739b" candidate_uuid: "6885de38238442d6a9e5f1eb9fb569ff" candidate_term: 25 candidate_status { last_received { term: 23 index: 672 } } ignore_live_leader: false dest_uuid: "f78a2351568c4a268ee1112681e22bec" is_pre_election: true
I0312 20:10:18.117198 1096 tablet_service.cc:993] Received RequestConsensusVote() RPC: tablet_id: "92318a1b744e4baa9c7d3f3b9758739b" candidate_uuid: "6885de38238442d6a9e5f1eb9fb569ff" candidate_term: 25 candidate_status { last_received { term: 23 index: 672 } } ignore_live_leader: false dest_uuid: "ded9b7f8677940fb91e1a8c8bceceaed" is_pre_election: true
I0312 20:10:18.117668 1345 raft_consensus.cc:2162] T 92318a1b744e4baa9c7d3f3b9758739b P f78a2351568c4a268ee1112681e22bec [term 23 FOLLOWER]: Leader pre-election vote request: Denying vote to candidate 6885de38238442d6a9e5f1eb9fb569ff for term 25 because replica has last-logged OpId of term: 23 index: 673, which is greater than that of the candidate, which has last-logged OpId of term: 23 index: 672.
I0312 20:10:18.118397 1152 leader_election.cc:377] T 92318a1b744e4baa9c7d3f3b9758739b P 6885de38238442d6a9e5f1eb9fb569ff [CANDIDATE]: Term 25 pre-election: Vote denied by peer f78a2351568c4a268ee1112681e22bec. Message: Invalid argument: T 92318a1b744e4baa9c7d3f3b9758739b P f78a2351568c4a268ee1112681e22bec [term 23 FOLLOWER]: Leader pre-election vote request: Denying vote to candidate 6885de38238442d6a9e5f1eb9fb569ff for term 25 because replica has last-logged OpId of term: 23 index: 673, which is greater than that of the candidate, which has last-logged OpId of term: 23 index: 672.
W0312 20:10:18.156066 1153 leader_election.cc:287] T 92318a1b744e4baa9c7d3f3b9758739b P 6885de38238442d6a9e5f1eb9fb569ff [CANDIDATE]: Term 25 pre-election: RPC error from VoteRequest() call to peer ded9b7f8677940fb91e1a8c8bceceaed: Timed out: RequestConsensusVote RPC to 127.0.53.1:35037 timed out after 0.039s (SENT)
I0312 20:10:18.156227 1153 leader_election.cc:258] T 92318a1b744e4baa9c7d3f3b9758739b P 6885de38238442d6a9e5f1eb9fb569ff [CANDIDATE]: Term 25 pre-election: Election decided. Result: candidate lost.
I0312 20:10:18.156536 1480 raft_consensus.cc:2700] T 92318a1b744e4baa9c7d3f3b9758739b P 6885de38238442d6a9e5f1eb9fb569ff: Snoozing failure detection for 0.289s (election complete)
I0312 20:10:18.156698 1480 raft_consensus.cc:2455] T 92318a1b744e4baa9c7d3f3b9758739b P 6885de38238442d6a9e5f1eb9fb569ff [term 24 FOLLOWER]: Leader pre-election lost for term 25. Reason: could not achieve majority
I0312 20:10:18.446696 1480 raft_consensus.cc:436] T 92318a1b744e4baa9c7d3f3b9758739b P 6885de38238442d6a9e5f1eb9fb569ff [term 24 FOLLOWER]: Starting pre-election (no leader contacted us within the election timeout)
I0312 20:10:18.446918 1480 raft_consensus.cc:2700] T 92318a1b744e4baa9c7d3f3b9758739b P 6885de38238442d6a9e5f1eb9fb569ff: Snoozing failure detection for 0.996s (starting election)
I0312 20:10:18.447106 1480 raft_consensus.cc:458] T 92318a1b744e4baa9c7d3f3b9758739b P 6885de38238442d6a9e5f1eb9fb569ff [term 24 FOLLOWER]: Starting pre-election with config: opid_index: -1 OBSOLETE_local: false peers { permanent_uuid: "f78a2351568c4a268ee1112681e22bec" member_type: VOTER last_known_addr { host: "127.0.53.3" port: 43274 } } peers { permanent_uuid: "6885de38238442d6a9e5f1eb9fb569ff" member_type: VOTER last_known_addr { host: "127.0.53.2" port: 51697 } } peers { permanent_uuid: "ded9b7f8677940fb91e1a8c8bceceaed" member_type: VOTER last_known_addr { host: "127.0.53.1" port: 35037 } }
I0312 20:10:18.447919 1480 leader_election.cc:231] T 92318a1b744e4baa9c7d3f3b9758739b P 6885de38238442d6a9e5f1eb9fb569ff [CANDIDATE]: Term 25 pre-election: Requesting pre-vote from peer f78a2351568c4a268ee1112681e22bec
I0312 20:10:18.448233 1480 leader_election.cc:231] T 92318a1b744e4baa9c7d3f3b9758739b P 6885de38238442d6a9e5f1eb9fb569ff [CANDIDATE]: Term 25 pre-election: Requesting pre-vote from peer ded9b7f8677940fb91e1a8c8bceceaed
I0312 20:10:18.449167 1345 tablet_service.cc:993] Received RequestConsensusVote() RPC: tablet_id: "92318a1b744e4baa9c7d3f3b9758739b" candidate_uuid: "6885de38238442d6a9e5f1eb9fb569ff" candidate_term: 25 candidate_status { last_received { term: 23 index: 672 } } ignore_live_leader: false dest_uuid: "f78a2351568c4a268ee1112681e22bec" is_pre_election: true
I0312 20:10:18.449656 1345 raft_consensus.cc:2162] T 92318a1b744e4baa9c7d3f3b9758739b P f78a2351568c4a268ee1112681e22bec [term 23 FOLLOWER]: Leader pre-election vote request: Denying vote to candidate 6885de38238442d6a9e5f1eb9fb569ff for term 25 because replica has last-logged OpId of term: 23 index: 673, which is greater than that of the candidate, which has last-logged OpId of term: 23 index: 672.
I0312 20:10:18.449400 1093 tablet_service.cc:993] Received RequestConsensusVote() RPC: tablet_id: "92318a1b744e4baa9c7d3f3b9758739b" candidate_uuid: "6885de38238442d6a9e5f1eb9fb569ff" candidate_term: 25 candidate_status { last_received { term: 23 index: 672 } } ignore_live_leader: false dest_uuid: "ded9b7f8677940fb91e1a8c8bceceaed" is_pre_election: true
I0312 20:10:18.450384 1152 leader_election.cc:377] T 92318a1b744e4baa9c7d3f3b9758739b P 6885de38238442d6a9e5f1eb9fb569ff [CANDIDATE]: Term 25 pre-election: Vote denied by peer f78a2351568c4a268ee1112681e22bec. Message: Invalid argument: T 92318a1b744e4baa9c7d3f3b9758739b P f78a2351568c4a268ee1112681e22bec [term 23 FOLLOWER]: Leader pre-election vote request: Denying vote to candidate 6885de38238442d6a9e5f1eb9fb569ff for term 25 because replica has last-logged OpId of term: 23 index: 673, which is greater than that of the candidate, which has last-logged OpId of term: 23 index: 672.
W0312 20:10:18.777276 1477 consensus_meta.cc:216] T 92318a1b744e4baa9c7d3f3b9758739b P ded9b7f8677940fb91e1a8c8bceceaed: Time spent flushing consensus metadata: real 1.237s user 0.000s sys 0.004s
I0312 20:10:18.777810 1477 raft_consensus.cc:458] T 92318a1b744e4baa9c7d3f3b9758739b P ded9b7f8677940fb91e1a8c8bceceaed [term 25 FOLLOWER]: Starting leader election with config: opid_index: -1 OBSOLETE_local: false peers { permanent_uuid: "f78a2351568c4a268ee1112681e22bec" member_type: VOTER last_known_addr { host: "127.0.53.3" port: 43274 } } peers { permanent_uuid: "6885de38238442d6a9e5f1eb9fb569ff" member_type: VOTER last_known_addr { host: "127.0.53.2" port: 51697 } } peers { permanent_uuid: "ded9b7f8677940fb91e1a8c8bceceaed" member_type: VOTER last_known_addr { host: "127.0.53.1" port: 35037 } }
I0312 20:10:18.778939 1477 leader_election.cc:231] T 92318a1b744e4baa9c7d3f3b9758739b P ded9b7f8677940fb91e1a8c8bceceaed [CANDIDATE]: Term 25 election: Requesting vote from peer f78a2351568c4a268ee1112681e22bec
I0312 20:10:18.779325 1477 leader_election.cc:231] T 92318a1b744e4baa9c7d3f3b9758739b P ded9b7f8677940fb91e1a8c8bceceaed [CANDIDATE]: Term 25 election: Requesting vote from peer 6885de38238442d6a9e5f1eb9fb569ff
I0312 20:10:18.779742 1093 raft_consensus.cc:2190] T 92318a1b744e4baa9c7d3f3b9758739b P ded9b7f8677940fb91e1a8c8bceceaed [term 25 FOLLOWER]: Leader pre-election vote request: Denying vote to candidate 6885de38238442d6a9e5f1eb9fb569ff for term 25 because replica is already servicing an update from a current leader or another vote.
I0312 20:10:18.780464 1345 tablet_service.cc:993] Received RequestConsensusVote() RPC: tablet_id: "92318a1b744e4baa9c7d3f3b9758739b" candidate_uuid: "ded9b7f8677940fb91e1a8c8bceceaed" candidate_term: 25 candidate_status { last_received { term: 23 index: 673 } } ignore_live_leader: false dest_uuid: "f78a2351568c4a268ee1112681e22bec"
I0312 20:10:18.780504 1054 rpcz_store.cc:265] Call kudu.tserver.TabletServerService.Write from 127.0.0.1:39390 (ReqId={client: 88cdfc08b6194c19b1581ef853d0ff5a, seq_no=661, attempt_no=3}) took 1223ms. Request Metrics: {"child_traces":[["txn",{"spinlock_wait_cycles":2811355520}]]}
I0312 20:10:18.780920 1345 raft_consensus.cc:2752] T 92318a1b744e4baa9c7d3f3b9758739b P f78a2351568c4a268ee1112681e22bec [term 23 FOLLOWER]: Advancing to term 25
I0312 20:10:18.781302 1345 raft_consensus.cc:2700] T 92318a1b744e4baa9c7d3f3b9758739b P f78a2351568c4a268ee1112681e22bec: Snoozing failure detection for 9.010s (vote granted)
I0312 20:10:18.781404 1153 leader_election.cc:377] T 92318a1b744e4baa9c7d3f3b9758739b P 6885de38238442d6a9e5f1eb9fb569ff [CANDIDATE]: Term 25 pre-election: Vote denied by peer ded9b7f8677940fb91e1a8c8bceceaed. Message: Service unavailable: T 92318a1b744e4baa9c7d3f3b9758739b P ded9b7f8677940fb91e1a8c8bceceaed [term 25 FOLLOWER]: Leader pre-election vote request: Denying vote to candidate 6885de38238442d6a9e5f1eb9fb569ff for term 25 because replica is already servicing an update from a current leader or another vote.
I0312 20:10:18.781307 1218 tablet_service.cc:993] Received RequestConsensusVote() RPC: tablet_id: "92318a1b744e4baa9c7d3f3b9758739b" candidate_uuid: "ded9b7f8677940fb91e1a8c8bceceaed" candidate_term: 25 candidate_status { last_received { term: 23 index: 673 } } ignore_live_leader: false dest_uuid: "6885de38238442d6a9e5f1eb9fb569ff"
I0312 20:10:18.781654 1153 leader_election.cc:258] T 92318a1b744e4baa9c7d3f3b9758739b P 6885de38238442d6a9e5f1eb9fb569ff [CANDIDATE]: Term 25 pre-election: Election decided. Result: candidate lost.
I0312 20:10:18.781787 1095 raft_consensus.cc:2190] T 92318a1b744e4baa9c7d3f3b9758739b P ded9b7f8677940fb91e1a8c8bceceaed [term 25 FOLLOWER]: Leader pre-election vote request: Denying vote to candidate 6885de38238442d6a9e5f1eb9fb569ff for term 25 because replica is already servicing an update from a current leader or another vote.
I0312 20:10:18.781733 1218 raft_consensus.cc:2752] T 92318a1b744e4baa9c7d3f3b9758739b P 6885de38238442d6a9e5f1eb9fb569ff [term 24 FOLLOWER]: Advancing to term 25
I0312 20:10:18.781970 1218 raft_consensus.cc:2700] T 92318a1b744e4baa9c7d3f3b9758739b P 6885de38238442d6a9e5f1eb9fb569ff: Snoozing failure detection for 0.446s (vote granted)
W0312 20:10:18.782258 1095 rpcz_store.cc:251] Call kudu.consensus.ConsensusService.RequestConsensusVote from 127.0.53.2:38849 (request call id 51) took 1151ms (client timeout 485).
W0312 20:10:18.782745 1095 rpcz_store.cc:255] Trace: 0312 20:10:17.630653 (+ 0us) service_pool.cc:163] Inserting onto call queue 0312 20:10:17.630759 (+ 106us) service_pool.cc:222] Handling call 0312 20:10:18.782100 (+1151341us) spinlock_profiling.cc:261] Waited 1.15 s on lock 0x7b480003c09c. stack: 00007f2232dd2c74 00007f2232dd2b70 00007f22318c2314 00007f223a90f294 00007f223a90f229 00007f22394b9606 00007f223a94d56b 00007f2235300b24 00007f2235300ab1 00007f22353009c4 00007f223495cc29 00007f223495c6ec 00007f223495dbcd 00007f223495f946 00007f223495f89a 00007f223495f823 0312 20:10:18.782210 (+ 110us) inbound_call.cc:157] Queueing success response Metrics: {"spinlock_wait_cycles":2644739968}
I0312 20:10:18.783229 1096 raft_consensus.cc:2190] T 92318a1b744e4baa9c7d3f3b9758739b P ded9b7f8677940fb91e1a8c8bceceaed [term 25 FOLLOWER]: Leader pre-election vote request: Denying vote to candidate 6885de38238442d6a9e5f1eb9fb569ff for term 25 because replica is already servicing an update from a current leader or another vote.
W0312 20:10:18.783623 1096 rpcz_store.cc:251] Call kudu.consensus.ConsensusService.RequestConsensusVote from 127.0.53.2:38849 (request call id 52) took 666ms (client timeout 39).
W0312 20:10:18.784021 1096 rpcz_store.cc:255] Trace: 0312 20:10:18.116931 (+ 0us) service_pool.cc:163] Inserting onto call queue 0312 20:10:18.117037 (+ 106us) service_pool.cc:222] Handling call 0312 20:10:18.783521 (+666484us) spinlock_profiling.cc:261] Waited 666 ms on lock 0x7b480003c09c. stack: 00007f2232dd2c74 00007f2232dd2b70 00007f22318c2314 00007f223a90f294 00007f223a90f229 00007f22394b9606 00007f223a94d56b 00007f2235300b24 00007f2235300ab1 00007f22353009c4 00007f223495cc29 00007f223495c6ec 00007f223495dbcd 00007f223495f946 00007f223495f89a 00007f223495f823 0312 20:10:18.783588 (+ 67us) inbound_call.cc:157] Queueing success response Metrics: {"spinlock_wait_cycles":1531142912}
I0312 20:10:18.784490 1094 raft_consensus.cc:2120] T 92318a1b744e4baa9c7d3f3b9758739b P ded9b7f8677940fb91e1a8c8bceceaed [term 25 FOLLOWER]: Leader pre-election vote request: Denying vote to candidate f78a2351568c4a268ee1112681e22bec for earlier term 24. Current term is 25.
I0312 20:10:18.784914 1094 rpcz_store.cc:265] Call kudu.consensus.ConsensusService.RequestConsensusVote from 127.0.53.3:55789 (request call id 129) took 1241ms. Request Metrics: {"spinlock_wait_cycles":2853130112}
I0312 20:10:18.785378 1417 raft_consensus.cc:436] T 92318a1b744e4baa9c7d3f3b9758739b P ded9b7f8677940fb91e1a8c8bceceaed [term 25 FOLLOWER]: Starting pre-election (no leader contacted us within the election timeout)
I0312 20:10:18.785542 1417 raft_consensus.cc:2700] T 92318a1b744e4baa9c7d3f3b9758739b P ded9b7f8677940fb91e1a8c8bceceaed: Snoozing failure detection for 0.017s (starting election)
I0312 20:10:18.785732 1417 raft_consensus.cc:458] T 92318a1b744e4baa9c7d3f3b9758739b P ded9b7f8677940fb91e1a8c8bceceaed [term 25 FOLLOWER]: Starting pre-election with config: opid_index: -1 OBSOLETE_local: false peers { permanent_uuid: "f78a2351568c4a268ee1112681e22bec" member_type: VOTER last_known_addr { host: "127.0.53.3" port: 43274 } } peers { permanent_uuid: "6885de38238442d6a9e5f1eb9fb569ff" member_type: VOTER last_known_addr { host: "127.0.53.2" port: 51697 } } peers { permanent_uuid: "ded9b7f8677940fb91e1a8c8bceceaed" member_type: VOTER last_known_addr { host: "127.0.53.1" port: 35037 } }
I0312 20:10:18.785904 1345 raft_consensus.cc:2215] T 92318a1b744e4baa9c7d3f3b9758739b P f78a2351568c4a268ee1112681e22bec [term 25 FOLLOWER]: Leader election vote request: Granting yes vote for candidate ded9b7f8677940fb91e1a8c8bceceaed in term 25.
I0312 20:10:18.786098 1218 raft_consensus.cc:2215] T 92318a1b744e4baa9c7d3f3b9758739b P 6885de38238442d6a9e5f1eb9fb569ff [term 25 FOLLOWER]: Leader election vote request: Granting yes vote for candidate ded9b7f8677940fb91e1a8c8bceceaed in term 25.
I0312 20:10:18.786424 1480 raft_consensus.cc:2700] T 92318a1b744e4baa9c7d3f3b9758739b P 6885de38238442d6a9e5f1eb9fb569ff: Snoozing failure detection for 0.289s (election complete)
I0312 20:10:18.786664 1480 raft_consensus.cc:2455] T 92318a1b744e4baa9c7d3f3b9758739b P 6885de38238442d6a9e5f1eb9fb569ff [term 25 FOLLOWER]: Leader pre-election lost for term 25. Reason: could not achieve majority
I0312 20:10:18.786880 1417 leader_election.cc:231] T 92318a1b744e4baa9c7d3f3b9758739b P ded9b7f8677940fb91e1a8c8bceceaed [CANDIDATE]: Term 26 pre-election: Requesting pre-vote from peer f78a2351568c4a268ee1112681e22bec
I0312 20:10:18.787122 1029 leader_election.cc:363] T 92318a1b744e4baa9c7d3f3b9758739b P ded9b7f8677940fb91e1a8c8bceceaed [CANDIDATE]: Term 25 election: Vote granted by peer 6885de38238442d6a9e5f1eb9fb569ff
I0312 20:10:18.787225 1417 leader_election.cc:231] T 92318a1b744e4baa9c7d3f3b9758739b P ded9b7f8677940fb91e1a8c8bceceaed [CANDIDATE]: Term 26 pre-election: Requesting pre-vote from peer 6885de38238442d6a9e5f1eb9fb569ff
I0312 20:10:18.787263 1029 leader_election.cc:258] T 92318a1b744e4baa9c7d3f3b9758739b P ded9b7f8677940fb91e1a8c8bceceaed [CANDIDATE]: Term 25 election: Election decided. Result: candidate won.
I0312 20:10:18.787629 1477 raft_consensus.cc:2700] T 92318a1b744e4baa9c7d3f3b9758739b P ded9b7f8677940fb91e1a8c8bceceaed: Snoozing failure detection for 0.020s (election complete)
I0312 20:10:18.787843 1477 raft_consensus.cc:2507] T 92318a1b744e4baa9c7d3f3b9758739b P ded9b7f8677940fb91e1a8c8bceceaed [term 25 FOLLOWER]: Leader election won for term 25
I0312 20:10:18.788146 1477 raft_consensus.cc:572] T 92318a1b744e4baa9c7d3f3b9758739b P ded9b7f8677940fb91e1a8c8bceceaed [term 25 LEADER]: Becoming Leader. State: Replica: ded9b7f8677940fb91e1a8c8bceceaed, State: Running, Role: LEADER
I0312 20:10:18.788866 1027 leader_election.cc:363] T 92318a1b744e4baa9c7d3f3b9758739b P ded9b7f8677940fb91e1a8c8bceceaed [CANDIDATE]: Term 25 election: Vote granted by peer f78a2351568c4a268ee1112681e22bec
I0312 20:10:18.788727 1477 consensus_queue.cc:196] T 92318a1b744e4baa9c7d3f3b9758739b P ded9b7f8677940fb91e1a8c8bceceaed [LEADER]: Queue going to LEADER mode. State: All replicated index: 0, Majority replicated index: 672, Committed index: 672, Last appended: 23.673, Last appended by leader: 673, Current term: 25, Majority size: 2, State: 0, Mode: LEADER, active raft config: opid_index: -1 OBSOLETE_local: false peers { permanent_uuid: "f78a2351568c4a268ee1112681e22bec" member_type: VOTER last_known_addr { host: "127.0.53.3" port: 43274 } } peers { permanent_uuid: "6885de38238442d6a9e5f1eb9fb569ff" member_type: VOTER last_known_addr { host: "127.0.53.2" port: 51697 } } peers { permanent_uuid: "ded9b7f8677940fb91e1a8c8bceceaed" member_type: VOTER last_known_addr { host: "127.0.53.1" port: 35037 } }
I0312 20:10:18.789151 1218 tablet_service.cc:993] Received RequestConsensusVote() RPC: tablet_id: "92318a1b744e4baa9c7d3f3b9758739b" candidate_uuid: "ded9b7f8677940fb91e1a8c8bceceaed" candidate_term: 26 candidate_status { last_received { term: 23 index: 673 } } ignore_live_leader: false dest_uuid: "6885de38238442d6a9e5f1eb9fb569ff" is_pre_election: true
I0312 20:10:18.789536 1218 raft_consensus.cc:2700] T 92318a1b744e4baa9c7d3f3b9758739b P 6885de38238442d6a9e5f1eb9fb569ff: Snoozing failure detection for 0.324s (vote granted)
I0312 20:10:18.789666 1218 raft_consensus.cc:2215] T 92318a1b744e4baa9c7d3f3b9758739b P 6885de38238442d6a9e5f1eb9fb569ff [term 25 FOLLOWER]: Leader pre-election vote request: Granting yes vote for candidate ded9b7f8677940fb91e1a8c8bceceaed in term 25.
I0312 20:10:18.789904 1345 tablet_service.cc:993] Received RequestConsensusVote() RPC: tablet_id: "92318a1b744e4baa9c7d3f3b9758739b" candidate_uuid: "ded9b7f8677940fb91e1a8c8bceceaed" candidate_term: 26 candidate_status { last_received { term: 23 index: 673 } } ignore_live_leader: false dest_uuid: "f78a2351568c4a268ee1112681e22bec" is_pre_election: true
I0312 20:10:18.790292 1345 raft_consensus.cc:2700] T 92318a1b744e4baa9c7d3f3b9758739b P f78a2351568c4a268ee1112681e22bec: Snoozing failure detection for 3.416s (vote granted)
I0312 20:10:18.790385 1029 leader_election.cc:363] T 92318a1b744e4baa9c7d3f3b9758739b P ded9b7f8677940fb91e1a8c8bceceaed [CANDIDATE]: Term 26 pre-election: Vote granted by peer 6885de38238442d6a9e5f1eb9fb569ff
I0312 20:10:18.790526 1029 leader_election.cc:258] T 92318a1b744e4baa9c7d3f3b9758739b P ded9b7f8677940fb91e1a8c8bceceaed [CANDIDATE]: Term 26 pre-election: Election decided. Result: candidate won.
I0312 20:10:18.790467 1345 raft_consensus.cc:2215] T 92318a1b744e4baa9c7d3f3b9758739b P f78a2351568c4a268ee1112681e22bec [term 25 FOLLOWER]: Leader pre-election vote request: Granting yes vote for candidate ded9b7f8677940fb91e1a8c8bceceaed in term 25.
W0312 20:10:18.791265 1278 leader_election.cc:347] T 92318a1b744e4baa9c7d3f3b9758739b P f78a2351568c4a268ee1112681e22bec [CANDIDATE]: Term 24 pre-election: Vote denied by peer ded9b7f8677940fb91e1a8c8bceceaed with higher term. Message: Invalid argument: T 92318a1b744e4baa9c7d3f3b9758739b P ded9b7f8677940fb91e1a8c8bceceaed [term 25 FOLLOWER]: Leader pre-election vote request: Denying vote to candidate f78a2351568c4a268ee1112681e22bec for earlier term 24. Current term is 25.
I0312 20:10:18.791409 1278 leader_election.cc:350] T 92318a1b744e4baa9c7d3f3b9758739b P f78a2351568c4a268ee1112681e22bec [CANDIDATE]: Term 24 pre-election: Cancelling election due to peer responding with higher term
I0312 20:10:18.791997 1027 leader_election.cc:363] T 92318a1b744e4baa9c7d3f3b9758739b P ded9b7f8677940fb91e1a8c8bceceaed [CANDIDATE]: Term 26 pre-election: Vote granted by peer f78a2351568c4a268ee1112681e22bec
I0312 20:10:18.792356 1417 raft_consensus.cc:2700] T 92318a1b744e4baa9c7d3f3b9758739b P ded9b7f8677940fb91e1a8c8bceceaed: Snoozing failure detection for 0.021s (election complete)
I0312 20:10:18.792536 1484 raft_consensus.cc:2700] T 92318a1b744e4baa9c7d3f3b9758739b P f78a2351568c4a268ee1112681e22bec: Snoozing failure detection for 14.963s (election complete)
I0312 20:10:18.792753 1484 raft_consensus.cc:2455] T 92318a1b744e4baa9c7d3f3b9758739b P f78a2351568c4a268ee1112681e22bec [term 25 FOLLOWER]: Leader pre-election lost for term 24. Reason: Vote denied by peer ded9b7f8677940fb91e1a8c8bceceaed with higher term. Message: Invalid argument: T 92318a1b744e4baa9c7d3f3b9758739b P ded9b7f8677940fb91e1a8c8bceceaed [term 25 FOLLOWER]: Leader pre-election vote request: Denying vote to candidate f78a2351568c4a268ee1112681e22bec for earlier term 24. Current term is 25.
I0312 20:10:18.793571 974 catalog_manager.cc:3592] T 92318a1b744e4baa9c7d3f3b9758739b P ded9b7f8677940fb91e1a8c8bceceaed reported cstate change: term changed from 23 to 25. New cstate: current_term: 25 leader_uuid: "ded9b7f8677940fb91e1a8c8bceceaed" committed_config { opid_index: -1 OBSOLETE_local: false peers { permanent_uuid: "f78a2351568c4a268ee1112681e22bec" member_type: VOTER last_known_addr { host: "127.0.53.3" port: 43274 } health_report { overall_health: UNKNOWN } } peers { permanent_uuid: "6885de38238442d6a9e5f1eb9fb569ff" member_type: VOTER last_known_addr { host: "127.0.53.2" port: 51697 } health_report { overall_health: UNKNOWN } } peers { permanent_uuid: "ded9b7f8677940fb91e1a8c8bceceaed" member_type: VOTER last_known_addr { host: "127.0.53.1" port: 35037 } health_report { overall_health: HEALTHY } } }
I0312 20:10:18.794693 1218 raft_consensus.cc:1058] T 92318a1b744e4baa9c7d3f3b9758739b P 6885de38238442d6a9e5f1eb9fb569ff [term 25 FOLLOWER]: Refusing update from remote peer ded9b7f8677940fb91e1a8c8bceceaed: Log matching property violated. Preceding OpId in replica: term: 23 index: 672. Preceding OpId from leader: term: 25 index: 674. (index mismatch)
I0312 20:10:18.795117 1345 raft_consensus.cc:1058] T 92318a1b744e4baa9c7d3f3b9758739b P f78a2351568c4a268ee1112681e22bec [term 25 FOLLOWER]: Refusing update from remote peer ded9b7f8677940fb91e1a8c8bceceaed: Log matching property violated. Preceding OpId in replica: term: 23 index: 673. Preceding OpId from leader: term: 25 index: 674. (index mismatch)
I0312 20:10:18.795626 1417 consensus_queue.cc:1017] T 92318a1b744e4baa9c7d3f3b9758739b P ded9b7f8677940fb91e1a8c8bceceaed [LEADER]: Connected to new peer: Peer: permanent_uuid: "6885de38238442d6a9e5f1eb9fb569ff" member_type: VOTER last_known_addr { host: "127.0.53.2" port: 51697 }, Status: LMP_MISMATCH, Last received: 23.672, Next index: 673, Last known committed idx: 672, Time since last communication: 0.000s
I0312 20:10:18.798008 1417 consensus_queue.cc:1017] T 92318a1b744e4baa9c7d3f3b9758739b P ded9b7f8677940fb91e1a8c8bceceaed [LEADER]: Connected to new peer: Peer: permanent_uuid: "f78a2351568c4a268ee1112681e22bec" member_type: VOTER last_known_addr { host: "127.0.53.3" port: 43274 }, Status: LMP_MISMATCH, Last received: 23.673, Next index: 674, Last known committed idx: 672, Time since last communication: 0.000s
I0312 20:10:18.805835 1491 rpcz_store.cc:265] Call kudu.tserver.TabletServerService.Write from 127.0.0.1:39390 (ReqId={client: 88cdfc08b6194c19b1581ef853d0ff5a, seq_no=660, attempt_no=0}) took 1293ms. Request Metrics: {"child_traces":[["txn",{"apply.queue_time_us":1572,"num_ops":1,"prepare.queue_time_us":91,"prepare.run_cpu_time_us":860,"prepare.run_wall_time_us":860,"replication_time_us":1288264,"thread_start_us":1698,"threads_started":1}]]}
I0312 20:10:19.053530 1484 raft_consensus.cc:436] T 92318a1b744e4baa9c7d3f3b9758739b P f78a2351568c4a268ee1112681e22bec [term 25 FOLLOWER]: Starting pre-election (detected failure of leader ded9b7f8677940fb91e1a8c8bceceaed)
I0312 20:10:19.053791 1484 raft_consensus.cc:2700] T 92318a1b744e4baa9c7d3f3b9758739b P f78a2351568c4a268ee1112681e22bec: Snoozing failure detection for 0.017s (starting election)
I0312 20:10:19.054033 1484 raft_consensus.cc:458] T 92318a1b744e4baa9c7d3f3b9758739b P f78a2351568c4a268ee1112681e22bec [term 25 FOLLOWER]: Starting pre-election with config: opid_index: -1 OBSOLETE_local: false peers { permanent_uuid: "f78a2351568c4a268ee1112681e22bec" member_type: VOTER last_known_addr { host: "127.0.53.3" port: 43274 } } peers { permanent_uuid: "6885de38238442d6a9e5f1eb9fb569ff" member_type: VOTER last_known_addr { host: "127.0.53.2" port: 51697 } } peers { permanent_uuid: "ded9b7f8677940fb91e1a8c8bceceaed" member_type: VOTER last_known_addr { host: "127.0.53.1" port: 35037 } }
I0312 20:10:19.055039 1484 leader_election.cc:231] T 92318a1b744e4baa9c7d3f3b9758739b P f78a2351568c4a268ee1112681e22bec [CANDIDATE]: Term 26 pre-election: Requesting pre-vote from peer 6885de38238442d6a9e5f1eb9fb569ff
I0312 20:10:19.055414 1484 leader_election.cc:231] T 92318a1b744e4baa9c7d3f3b9758739b P f78a2351568c4a268ee1112681e22bec [CANDIDATE]: Term 26 pre-election: Requesting pre-vote from peer ded9b7f8677940fb91e1a8c8bceceaed
I0312 20:10:19.057297 1218 tablet_service.cc:993] Received RequestConsensusVote() RPC: tablet_id: "92318a1b744e4baa9c7d3f3b9758739b" candidate_uuid: "f78a2351568c4a268ee1112681e22bec" candidate_term: 26 candidate_status { last_received { term: 25 index: 710 } } ignore_live_leader: false dest_uuid: "6885de38238442d6a9e5f1eb9fb569ff" is_pre_election: true
I0312 20:10:19.057299 1094 tablet_service.cc:993] Received RequestConsensusVote() RPC: tablet_id: "92318a1b744e4baa9c7d3f3b9758739b" candidate_uuid: "f78a2351568c4a268ee1112681e22bec" candidate_term: 26 candidate_status { last_received { term: 25 index: 710 } } ignore_live_leader: false dest_uuid: "ded9b7f8677940fb91e1a8c8bceceaed" is_pre_election: true
I0312 20:10:19.057778 1218 raft_consensus.cc:2176] T 92318a1b744e4baa9c7d3f3b9758739b P 6885de38238442d6a9e5f1eb9fb569ff [term 25 FOLLOWER]: Leader pre-election vote request: Denying vote to candidate f78a2351568c4a268ee1112681e22bec for term 26 because replica is either leader or believes a valid leader to be alive.
I0312 20:10:19.058594 1279 leader_election.cc:377] T 92318a1b744e4baa9c7d3f3b9758739b P f78a2351568c4a268ee1112681e22bec [CANDIDATE]: Term 26 pre-election: Vote denied by peer 6885de38238442d6a9e5f1eb9fb569ff. Message: Invalid argument: T 92318a1b744e4baa9c7d3f3b9758739b P 6885de38238442d6a9e5f1eb9fb569ff [term 25 FOLLOWER]: Leader pre-election vote request: Denying vote to candidate f78a2351568c4a268ee1112681e22bec for term 26 because replica is either leader or believes a valid leader to be alive.
I0312 20:10:19.061868 1094 raft_consensus.cc:2190] T 92318a1b744e4baa9c7d3f3b9758739b P ded9b7f8677940fb91e1a8c8bceceaed [term 25 LEADER]: Leader pre-election vote request: Denying vote to candidate f78a2351568c4a268ee1112681e22bec for term 26 because replica is already servicing an update from a current leader or another vote.
I0312 20:10:19.063433 1278 leader_election.cc:377] T 92318a1b744e4baa9c7d3f3b9758739b P f78a2351568c4a268ee1112681e22bec [CANDIDATE]: Term 26 pre-election: Vote denied by peer ded9b7f8677940fb91e1a8c8bceceaed. Message: Service unavailable: T 92318a1b744e4baa9c7d3f3b9758739b P ded9b7f8677940fb91e1a8c8bceceaed [term 25 LEADER]: Leader pre-election vote request: Denying vote to candidate f78a2351568c4a268ee1112681e22bec for term 26 because replica is already servicing an update from a current leader or another vote.
I0312 20:10:19.063679 1278 leader_election.cc:258] T 92318a1b744e4baa9c7d3f3b9758739b P f78a2351568c4a268ee1112681e22bec [CANDIDATE]: Term 26 pre-election: Election decided. Result: candidate lost.
I0312 20:10:19.064095 1484 raft_consensus.cc:2700] T 92318a1b744e4baa9c7d3f3b9758739b P f78a2351568c4a268ee1112681e22bec: Snoozing failure detection for 0.021s (election complete)
I0312 20:10:19.064261 1484 raft_consensus.cc:2455] T 92318a1b744e4baa9c7d3f3b9758739b P f78a2351568c4a268ee1112681e22bec [term 25 FOLLOWER]: Leader pre-election lost for term 26. Reason: could not achieve majority
I0312 20:10:19.085593 1480 raft_consensus.cc:436] T 92318a1b744e4baa9c7d3f3b9758739b P 6885de38238442d6a9e5f1eb9fb569ff [term 25 FOLLOWER]: Starting pre-election (detected failure of leader ded9b7f8677940fb91e1a8c8bceceaed)
I0312 20:10:19.085862 1480 raft_consensus.cc:2700] T 92318a1b744e4baa9c7d3f3b9758739b P 6885de38238442d6a9e5f1eb9fb569ff: Snoozing failure detection for 0.020s (starting election)
I0312 20:10:19.086081 1480 raft_consensus.cc:458] T 92318a1b744e4baa9c7d3f3b9758739b P 6885de38238442d6a9e5f1eb9fb569ff [term 25 FOLLOWER]: Starting pre-election with config: opid_index: -1 OBSOLETE_local: false peers { permanent_uuid: "f78a2351568c4a268ee1112681e22bec" member_type: VOTER last_known_addr { host: "127.0.53.3" port: 43274 } } peers { permanent_uuid: "6885de38238442d6a9e5f1eb9fb569ff" member_type: VOTER last_known_addr { host: "127.0.53.2" port: 51697 } } peers { permanent_uuid: "ded9b7f8677940fb91e1a8c8bceceaed" member_type: VOTER last_known_addr { host: "127.0.53.1" port: 35037 } }
I0312 20:10:19.086941 1480 leader_election.cc:231] T 92318a1b744e4baa9c7d3f3b9758739b P 6885de38238442d6a9e5f1eb9fb569ff [CANDIDATE]: Term 26 pre-election: Requesting pre-vote from peer f78a2351568c4a268ee1112681e22bec
I0312 20:10:19.087255 1480 leader_election.cc:231] T 92318a1b744e4baa9c7d3f3b9758739b P 6885de38238442d6a9e5f1eb9fb569ff [CANDIDATE]: Term 26 pre-election: Requesting pre-vote from peer ded9b7f8677940fb91e1a8c8bceceaed
I0312 20:10:19.088137 1344 tablet_service.cc:993] Received RequestConsensusVote() RPC: tablet_id: "92318a1b744e4baa9c7d3f3b9758739b" candidate_uuid: "6885de38238442d6a9e5f1eb9fb569ff" candidate_term: 26 candidate_status { last_received { term: 25 index: 714 } } ignore_live_leader: false dest_uuid: "f78a2351568c4a268ee1112681e22bec" is_pre_election: true
I0312 20:10:19.088666 1344 raft_consensus.cc:2176] T 92318a1b744e4baa9c7d3f3b9758739b P f78a2351568c4a268ee1112681e22bec [term 25 FOLLOWER]: Leader pre-election vote request: Denying vote to candidate 6885de38238442d6a9e5f1eb9fb569ff for term 26 because replica is either leader or believes a valid leader to be alive.
I0312 20:10:19.088941 1094 tablet_service.cc:993] Received RequestConsensusVote() RPC: tablet_id: "92318a1b744e4baa9c7d3f3b9758739b" candidate_uuid: "6885de38238442d6a9e5f1eb9fb569ff" candidate_term: 26 candidate_status { last_received { term: 25 index: 714 } } ignore_live_leader: false dest_uuid: "ded9b7f8677940fb91e1a8c8bceceaed" is_pre_election: true
I0312 20:10:19.090062 1152 leader_election.cc:377] T 92318a1b744e4baa9c7d3f3b9758739b P 6885de38238442d6a9e5f1eb9fb569ff [CANDIDATE]: Term 26 pre-election: Vote denied by peer f78a2351568c4a268ee1112681e22bec. Message: Invalid argument: T 92318a1b744e4baa9c7d3f3b9758739b P f78a2351568c4a268ee1112681e22bec [term 25 FOLLOWER]: Leader pre-election vote request: Denying vote to candidate 6885de38238442d6a9e5f1eb9fb569ff for term 26 because replica is either leader or believes a valid leader to be alive.
I0312 20:10:19.091531 1094 raft_consensus.cc:2176] T 92318a1b744e4baa9c7d3f3b9758739b P ded9b7f8677940fb91e1a8c8bceceaed [term 25 LEADER]: Leader pre-election vote request: Denying vote to candidate 6885de38238442d6a9e5f1eb9fb569ff for term 26 because replica is either leader or believes a valid leader to be alive.
I0312 20:10:19.092653 1153 leader_election.cc:377] T 92318a1b744e4baa9c7d3f3b9758739b P 6885de38238442d6a9e5f1eb9fb569ff [CANDIDATE]: Term 26 pre-election: Vote denied by peer ded9b7f8677940fb91e1a8c8bceceaed. Message: Invalid argument: T 92318a1b744e4baa9c7d3f3b9758739b P ded9b7f8677940fb91e1a8c8bceceaed [term 25 LEADER]: Leader pre-election vote request: Denying vote to candidate 6885de38238442d6a9e5f1eb9fb569ff for term 26 because replica is either leader or believes a valid leader to be alive.
I0312 20:10:19.092871 1153 leader_election.cc:258] T 92318a1b744e4baa9c7d3f3b9758739b P 6885de38238442d6a9e5f1eb9fb569ff [CANDIDATE]: Term 26 pre-election: Election decided. Result: candidate lost.
I0312 20:10:19.093631 1480 raft_consensus.cc:2700] T 92318a1b744e4baa9c7d3f3b9758739b P 6885de38238442d6a9e5f1eb9fb569ff: Snoozing failure detection for 0.019s (election complete)
I0312 20:10:19.093837 1480 raft_consensus.cc:2455] T 92318a1b744e4baa9c7d3f3b9758739b P 6885de38238442d6a9e5f1eb9fb569ff [term 25 FOLLOWER]: Leader pre-election lost for term 26. Reason: could not achieve majority
I0312 20:10:19.624471 1502 raft_consensus.cc:436] T 92318a1b744e4baa9c7d3f3b9758739b P f78a2351568c4a268ee1112681e22bec [term 25 FOLLOWER]: Starting pre-election (detected failure of leader ded9b7f8677940fb91e1a8c8bceceaed)
I0312 20:10:19.624680 1502 raft_consensus.cc:2700] T 92318a1b744e4baa9c7d3f3b9758739b P f78a2351568c4a268ee1112681e22bec: Snoozing failure detection for 0.016s (starting election)
I0312 20:10:19.624883 1502 raft_consensus.cc:458] T 92318a1b744e4baa9c7d3f3b9758739b P f78a2351568c4a268ee1112681e22bec [term 25 FOLLOWER]: Starting pre-election with config: opid_index: -1 OBSOLETE_local: false peers { permanent_uuid: "f78a2351568c4a268ee1112681e22bec" member_type: VOTER last_known_addr { host: "127.0.53.3" port: 43274 } } peers { permanent_uuid: "6885de38238442d6a9e5f1eb9fb569ff" member_type: VOTER last_known_addr { host: "127.0.53.2" port: 51697 } } peers { permanent_uuid: "ded9b7f8677940fb91e1a8c8bceceaed" member_type: VOTER last_known_addr { host: "127.0.53.1" port: 35037 } }
I0312 20:10:19.625814 1502 leader_election.cc:231] T 92318a1b744e4baa9c7d3f3b9758739b P f78a2351568c4a268ee1112681e22bec [CANDIDATE]: Term 26 pre-election: Requesting pre-vote from peer 6885de38238442d6a9e5f1eb9fb569ff
I0312 20:10:19.626231 1502 leader_election.cc:231] T 92318a1b744e4baa9c7d3f3b9758739b P f78a2351568c4a268ee1112681e22bec [CANDIDATE]: Term 26 pre-election: Requesting pre-vote from peer ded9b7f8677940fb91e1a8c8bceceaed
I0312 20:10:19.627408 1216 tablet_service.cc:993] Received RequestConsensusVote() RPC: tablet_id: "92318a1b744e4baa9c7d3f3b9758739b" candidate_uuid: "f78a2351568c4a268ee1112681e22bec" candidate_term: 26 candidate_status { last_received { term: 25 index: 793 } } ignore_live_leader: false dest_uuid: "6885de38238442d6a9e5f1eb9fb569ff" is_pre_election: true
I0312 20:10:19.627962 1216 raft_consensus.cc:2176] T 92318a1b744e4baa9c7d3f3b9758739b P 6885de38238442d6a9e5f1eb9fb569ff [term 25 FOLLOWER]: Leader pre-election vote request: Denying vote to candidate f78a2351568c4a268ee1112681e22bec for term 26 because replica is either leader or believes a valid leader to be alive.
I0312 20:10:19.629317 1279 leader_election.cc:377] T 92318a1b744e4baa9c7d3f3b9758739b P f78a2351568c4a268ee1112681e22bec [CANDIDATE]: Term 26 pre-election: Vote denied by peer 6885de38238442d6a9e5f1eb9fb569ff. Message: Invalid argument: T 92318a1b744e4baa9c7d3f3b9758739b P 6885de38238442d6a9e5f1eb9fb569ff [term 25 FOLLOWER]: Leader pre-election vote request: Denying vote to candidate f78a2351568c4a268ee1112681e22bec for term 26 because replica is either leader or believes a valid leader to be alive.
I0312 20:10:19.630126 1094 tablet_service.cc:993] Received RequestConsensusVote() RPC: tablet_id: "92318a1b744e4baa9c7d3f3b9758739b" candidate_uuid: "f78a2351568c4a268ee1112681e22bec" candidate_term: 26 candidate_status { last_received { term: 25 index: 793 } } ignore_live_leader: false dest_uuid: "ded9b7f8677940fb91e1a8c8bceceaed" is_pre_election: true
I0312 20:10:19.630656 1094 raft_consensus.cc:2176] T 92318a1b744e4baa9c7d3f3b9758739b P ded9b7f8677940fb91e1a8c8bceceaed [term 25 LEADER]: Leader pre-election vote request: Denying vote to candidate f78a2351568c4a268ee1112681e22bec for term 26 because replica is either leader or believes a valid leader to be alive.
I0312 20:10:19.632156 1278 leader_election.cc:377] T 92318a1b744e4baa9c7d3f3b9758739b P f78a2351568c4a268ee1112681e22bec [CANDIDATE]: Term 26 pre-election: Vote denied by peer ded9b7f8677940fb91e1a8c8bceceaed. Message: Invalid argument: T 92318a1b744e4baa9c7d3f3b9758739b P ded9b7f8677940fb91e1a8c8bceceaed [term 25 LEADER]: Leader pre-election vote request: Denying vote to candidate f78a2351568c4a268ee1112681e22bec for term 26 because replica is either leader or believes a valid leader to be alive.
I0312 20:10:19.632405 1278 leader_election.cc:258] T 92318a1b744e4baa9c7d3f3b9758739b P f78a2351568c4a268ee1112681e22bec [CANDIDATE]: Term 26 pre-election: Election decided. Result: candidate lost.
I0312 20:10:19.651942 1502 raft_consensus.cc:2700] T 92318a1b744e4baa9c7d3f3b9758739b P f78a2351568c4a268ee1112681e22bec: Snoozing failure detection for 0.016s (election complete)
