I0312 20:10:11.820662 1417 consensus_queue.cc:1017] T 92318a1b744e4baa9c7d3f3b9758739b P ded9b7f8677940fb91e1a8c8bceceaed [LEADER]: Connected to new peer: Peer: permanent_uuid: "f78a2351568c4a268ee1112681e22bec" member_type: VOTER last_known_addr { host: "127.0.53.3" port: 43274 }, Status: LMP_MISMATCH, Last received: 8.71, Next index: 72, Last known committed idx: 70, Time since last communication: 0.000s
I0312 20:10:11.821413 1455 consensus_queue.cc:1017] T 92318a1b744e4baa9c7d3f3b9758739b P ded9b7f8677940fb91e1a8c8bceceaed [LEADER]: Connected to new peer: Peer: permanent_uuid: "6885de38238442d6a9e5f1eb9fb569ff" member_type: VOTER last_known_addr { host: "127.0.53.2" port: 51697 }, Status: LMP_MISMATCH, Last received: 8.69, Next index: 70, Last known committed idx: 69, Time since last communication: 0.000s
I0312 20:10:11.822978 1029 leader_election.cc:363] T 92318a1b744e4baa9c7d3f3b9758739b P ded9b7f8677940fb91e1a8c8bceceaed [CANDIDATE]: Term 10 election: Vote granted by peer 6885de38238442d6a9e5f1eb9fb569ff
I0312 20:10:11.839524 1424 raft_consensus.cc:436] T 92318a1b744e4baa9c7d3f3b9758739b P f78a2351568c4a268ee1112681e22bec [term 10 FOLLOWER]: Starting pre-election (detected failure of leader ded9b7f8677940fb91e1a8c8bceceaed)
I0312 20:10:11.839754 1424 raft_consensus.cc:2700] T 92318a1b744e4baa9c7d3f3b9758739b P f78a2351568c4a268ee1112681e22bec: Snoozing failure detection for 0.015s (starting election)
I0312 20:10:11.840015 1454 raft_consensus.cc:436] T 92318a1b744e4baa9c7d3f3b9758739b P 6885de38238442d6a9e5f1eb9fb569ff [term 10 FOLLOWER]: Starting pre-election (detected failure of leader ded9b7f8677940fb91e1a8c8bceceaed)
I0312 20:10:11.840234 1454 raft_consensus.cc:2700] T 92318a1b744e4baa9c7d3f3b9758739b P 6885de38238442d6a9e5f1eb9fb569ff: Snoozing failure detection for 0.016s (starting election)
I0312 20:10:11.839984 1424 raft_consensus.cc:458] T 92318a1b744e4baa9c7d3f3b9758739b P f78a2351568c4a268ee1112681e22bec [term 10 FOLLOWER]: Starting pre-election with config: opid_index: -1 OBSOLETE_local: false peers { permanent_uuid: "f78a2351568c4a268ee1112681e22bec" member_type: VOTER last_known_addr { host: "127.0.53.3" port: 43274 } } peers { permanent_uuid: "6885de38238442d6a9e5f1eb9fb569ff" member_type: VOTER last_known_addr { host: "127.0.53.2" port: 51697 } } peers { permanent_uuid: "ded9b7f8677940fb91e1a8c8bceceaed" member_type: VOTER last_known_addr { host: "127.0.53.1" port: 35037 } }
I0312 20:10:11.840456 1454 raft_consensus.cc:458] T 92318a1b744e4baa9c7d3f3b9758739b P 6885de38238442d6a9e5f1eb9fb569ff [term 10 FOLLOWER]: Starting pre-election with config: opid_index: -1 OBSOLETE_local: false peers { permanent_uuid: "f78a2351568c4a268ee1112681e22bec" member_type: VOTER last_known_addr { host: "127.0.53.3" port: 43274 } } peers { permanent_uuid: "6885de38238442d6a9e5f1eb9fb569ff" member_type: VOTER last_known_addr { host: "127.0.53.2" port: 51697 } } peers { permanent_uuid: "ded9b7f8677940fb91e1a8c8bceceaed" member_type: VOTER last_known_addr { host: "127.0.53.1" port: 35037 } }
I0312 20:10:11.840950 1424 leader_election.cc:231] T 92318a1b744e4baa9c7d3f3b9758739b P f78a2351568c4a268ee1112681e22bec [CANDIDATE]: Term 11 pre-election: Requesting pre-vote from peer 6885de38238442d6a9e5f1eb9fb569ff
I0312 20:10:11.841415 1454 leader_election.cc:231] T 92318a1b744e4baa9c7d3f3b9758739b P 6885de38238442d6a9e5f1eb9fb569ff [CANDIDATE]: Term 11 pre-election: Requesting pre-vote from peer f78a2351568c4a268ee1112681e22bec
I0312 20:10:11.841420 1424 leader_election.cc:231] T 92318a1b744e4baa9c7d3f3b9758739b P f78a2351568c4a268ee1112681e22bec [CANDIDATE]: Term 11 pre-election: Requesting pre-vote from peer ded9b7f8677940fb91e1a8c8bceceaed
I0312 20:10:11.841768 1454 leader_election.cc:231] T 92318a1b744e4baa9c7d3f3b9758739b P 6885de38238442d6a9e5f1eb9fb569ff [CANDIDATE]: Term 11 pre-election: Requesting pre-vote from peer ded9b7f8677940fb91e1a8c8bceceaed
I0312 20:10:11.842960 1221 tablet_service.cc:993] Received RequestConsensusVote() RPC: tablet_id: "92318a1b744e4baa9c7d3f3b9758739b" candidate_uuid: "f78a2351568c4a268ee1112681e22bec" candidate_term: 11 candidate_status { last_received { term: 10 index: 73 } } ignore_live_leader: false dest_uuid: "6885de38238442d6a9e5f1eb9fb569ff" is_pre_election: true
I0312 20:10:11.843099 1095 tablet_service.cc:993] Received RequestConsensusVote() RPC: tablet_id: "92318a1b744e4baa9c7d3f3b9758739b" candidate_uuid: "6885de38238442d6a9e5f1eb9fb569ff" candidate_term: 11 candidate_status { last_received { term: 10 index: 73 } } ignore_live_leader: false dest_uuid: "ded9b7f8677940fb91e1a8c8bceceaed" is_pre_election: true
I0312 20:10:11.843447 1221 raft_consensus.cc:2190] T 92318a1b744e4baa9c7d3f3b9758739b P 6885de38238442d6a9e5f1eb9fb569ff [term 10 FOLLOWER]: Leader pre-election vote request: Denying vote to candidate f78a2351568c4a268ee1112681e22bec for term 11 because replica is already servicing an update from a current leader or another vote.
I0312 20:10:11.843644 1095 raft_consensus.cc:2176] T 92318a1b744e4baa9c7d3f3b9758739b P ded9b7f8677940fb91e1a8c8bceceaed [term 10 LEADER]: Leader pre-election vote request: Denying vote to candidate 6885de38238442d6a9e5f1eb9fb569ff for term 11 because replica is either leader or believes a valid leader to be alive.
I0312 20:10:11.844646 1279 leader_election.cc:377] T 92318a1b744e4baa9c7d3f3b9758739b P f78a2351568c4a268ee1112681e22bec [CANDIDATE]: Term 11 pre-election: Vote denied by peer 6885de38238442d6a9e5f1eb9fb569ff. Message: Service unavailable: T 92318a1b744e4baa9c7d3f3b9758739b P 6885de38238442d6a9e5f1eb9fb569ff [term 10 FOLLOWER]: Leader pre-election vote request: Denying vote to candidate f78a2351568c4a268ee1112681e22bec for term 11 because replica is already servicing an update from a current leader or another vote.
I0312 20:10:11.844753 1153 leader_election.cc:377] T 92318a1b744e4baa9c7d3f3b9758739b P 6885de38238442d6a9e5f1eb9fb569ff [CANDIDATE]: Term 11 pre-election: Vote denied by peer ded9b7f8677940fb91e1a8c8bceceaed. Message: Invalid argument: T 92318a1b744e4baa9c7d3f3b9758739b P ded9b7f8677940fb91e1a8c8bceceaed [term 10 LEADER]: Leader pre-election vote request: Denying vote to candidate 6885de38238442d6a9e5f1eb9fb569ff for term 11 because replica is either leader or believes a valid leader to be alive.
I0312 20:10:11.845825 1345 tablet_service.cc:993] Received RequestConsensusVote() RPC: tablet_id: "92318a1b744e4baa9c7d3f3b9758739b" candidate_uuid: "6885de38238442d6a9e5f1eb9fb569ff" candidate_term: 11 candidate_status { last_received { term: 10 index: 73 } } ignore_live_leader: false dest_uuid: "f78a2351568c4a268ee1112681e22bec" is_pre_election: true
I0312 20:10:11.846267 1345 raft_consensus.cc:2700] T 92318a1b744e4baa9c7d3f3b9758739b P f78a2351568c4a268ee1112681e22bec: Snoozing failure detection for 0.015s (vote granted)
I0312 20:10:11.847342 1345 raft_consensus.cc:2215] T 92318a1b744e4baa9c7d3f3b9758739b P f78a2351568c4a268ee1112681e22bec [term 10 FOLLOWER]: Leader pre-election vote request: Granting yes vote for candidate 6885de38238442d6a9e5f1eb9fb569ff in term 10.
I0312 20:10:11.852174 1152 leader_election.cc:363] T 92318a1b744e4baa9c7d3f3b9758739b P 6885de38238442d6a9e5f1eb9fb569ff [CANDIDATE]: Term 11 pre-election: Vote granted by peer f78a2351568c4a268ee1112681e22bec
I0312 20:10:11.852437 1152 leader_election.cc:258] T 92318a1b744e4baa9c7d3f3b9758739b P 6885de38238442d6a9e5f1eb9fb569ff [CANDIDATE]: Term 11 pre-election: Election decided. Result: candidate won.
I0312 20:10:11.853054 1454 raft_consensus.cc:2700] T 92318a1b744e4baa9c7d3f3b9758739b P 6885de38238442d6a9e5f1eb9fb569ff: Snoozing failure detection for 0.016s (election complete)
I0312 20:10:11.852891 1095 tablet_service.cc:993] Received RequestConsensusVote() RPC: tablet_id: "92318a1b744e4baa9c7d3f3b9758739b" candidate_uuid: "f78a2351568c4a268ee1112681e22bec" candidate_term: 11 candidate_status { last_received { term: 10 index: 73 } } ignore_live_leader: false dest_uuid: "ded9b7f8677940fb91e1a8c8bceceaed" is_pre_election: true
I0312 20:10:11.853276 1454 raft_consensus.cc:2507] T 92318a1b744e4baa9c7d3f3b9758739b P 6885de38238442d6a9e5f1eb9fb569ff [term 10 FOLLOWER]: Leader pre-election won for term 11
I0312 20:10:11.853386 1095 raft_consensus.cc:2176] T 92318a1b744e4baa9c7d3f3b9758739b P ded9b7f8677940fb91e1a8c8bceceaed [term 10 LEADER]: Leader pre-election vote request: Denying vote to candidate f78a2351568c4a268ee1112681e22bec for term 11 because replica is either leader or believes a valid leader to be alive.
I0312 20:10:11.853452 1454 raft_consensus.cc:436] T 92318a1b744e4baa9c7d3f3b9758739b P 6885de38238442d6a9e5f1eb9fb569ff [term 10 FOLLOWER]: Starting leader election (detected failure of leader ded9b7f8677940fb91e1a8c8bceceaed)
I0312 20:10:11.853629 1454 raft_consensus.cc:2700] T 92318a1b744e4baa9c7d3f3b9758739b P 6885de38238442d6a9e5f1eb9fb569ff: Snoozing failure detection for 0.017s (starting election)
I0312 20:10:11.853794 1454 raft_consensus.cc:2752] T 92318a1b744e4baa9c7d3f3b9758739b P 6885de38238442d6a9e5f1eb9fb569ff [term 10 FOLLOWER]: Advancing to term 11
I0312 20:10:11.854501 1278 leader_election.cc:377] T 92318a1b744e4baa9c7d3f3b9758739b P f78a2351568c4a268ee1112681e22bec [CANDIDATE]: Term 11 pre-election: Vote denied by peer ded9b7f8677940fb91e1a8c8bceceaed. Message: Invalid argument: T 92318a1b744e4baa9c7d3f3b9758739b P ded9b7f8677940fb91e1a8c8bceceaed [term 10 LEADER]: Leader pre-election vote request: Denying vote to candidate f78a2351568c4a268ee1112681e22bec for term 11 because replica is either leader or believes a valid leader to be alive.
I0312 20:10:11.854717 1278 leader_election.cc:258] T 92318a1b744e4baa9c7d3f3b9758739b P f78a2351568c4a268ee1112681e22bec [CANDIDATE]: Term 11 pre-election: Election decided. Result: candidate lost.
I0312 20:10:11.855439 1424 raft_consensus.cc:2700] T 92318a1b744e4baa9c7d3f3b9758739b P f78a2351568c4a268ee1112681e22bec: Snoozing failure detection for 0.022s (election complete)
I0312 20:10:11.855636 1424 raft_consensus.cc:2455] T 92318a1b744e4baa9c7d3f3b9758739b P f78a2351568c4a268ee1112681e22bec [term 10 FOLLOWER]: Leader pre-election lost for term 11. Reason: could not achieve majority
I0312 20:10:11.859215 1454 raft_consensus.cc:458] T 92318a1b744e4baa9c7d3f3b9758739b P 6885de38238442d6a9e5f1eb9fb569ff [term 11 FOLLOWER]: Starting leader election with config: opid_index: -1 OBSOLETE_local: false peers { permanent_uuid: "f78a2351568c4a268ee1112681e22bec" member_type: VOTER last_known_addr { host: "127.0.53.3" port: 43274 } } peers { permanent_uuid: "6885de38238442d6a9e5f1eb9fb569ff" member_type: VOTER last_known_addr { host: "127.0.53.2" port: 51697 } } peers { permanent_uuid: "ded9b7f8677940fb91e1a8c8bceceaed" member_type: VOTER last_known_addr { host: "127.0.53.1" port: 35037 } }
I0312 20:10:11.860590 1454 leader_election.cc:231] T 92318a1b744e4baa9c7d3f3b9758739b P 6885de38238442d6a9e5f1eb9fb569ff [CANDIDATE]: Term 11 election: Requesting vote from peer f78a2351568c4a268ee1112681e22bec
I0312 20:10:11.862694 1219 raft_consensus.cc:1026] T 92318a1b744e4baa9c7d3f3b9758739b P 6885de38238442d6a9e5f1eb9fb569ff [term 11 FOLLOWER]: Rejecting Update request from peer ded9b7f8677940fb91e1a8c8bceceaed for earlier term 10. Current term is 11. Ops: []
I0312 20:10:11.863838 1455 consensus_queue.cc:1028] T 92318a1b744e4baa9c7d3f3b9758739b P ded9b7f8677940fb91e1a8c8bceceaed [LEADER]: Peer responded invalid term: Peer: permanent_uuid: "6885de38238442d6a9e5f1eb9fb569ff" member_type: VOTER last_known_addr { host: "127.0.53.2" port: 51697 }, Status: INVALID_TERM, Last received: 10.73, Next index: 74, Last known committed idx: 70, Time since last communication: 0.000s
I0312 20:10:11.864337 1455 raft_consensus.cc:2747] T 92318a1b744e4baa9c7d3f3b9758739b P ded9b7f8677940fb91e1a8c8bceceaed [term 10 LEADER]: Stepping down as leader of term 10
I0312 20:10:11.864534 1455 raft_consensus.cc:605] T 92318a1b744e4baa9c7d3f3b9758739b P ded9b7f8677940fb91e1a8c8bceceaed [term 10 LEADER]: Becoming Follower/Learner. State: Replica: ded9b7f8677940fb91e1a8c8bceceaed, State: Running, Role: LEADER
I0312 20:10:11.864956 1455 consensus_queue.cc:219] T 92318a1b744e4baa9c7d3f3b9758739b P ded9b7f8677940fb91e1a8c8bceceaed [NON_LEADER]: Queue going to NON_LEADER mode. State: All replicated index: 0, Majority replicated index: 73, Committed index: 73, Last appended: 10.74, Last appended by leader: 74, Current term: 10, Majority size: -1, State: 0, Mode: NON_LEADER, active raft config: opid_index: -1 OBSOLETE_local: false peers { permanent_uuid: "f78a2351568c4a268ee1112681e22bec" member_type: VOTER last_known_addr { host: "127.0.53.3" port: 43274 } } peers { permanent_uuid: "6885de38238442d6a9e5f1eb9fb569ff" member_type: VOTER last_known_addr { host: "127.0.53.2" port: 51697 } } peers { permanent_uuid: "ded9b7f8677940fb91e1a8c8bceceaed" member_type: VOTER last_known_addr { host: "127.0.53.1" port: 35037 } }
I0312 20:10:11.865928 1455 consensus_peers.cc:458] T 92318a1b744e4baa9c7d3f3b9758739b P ded9b7f8677940fb91e1a8c8bceceaed -> Peer 6885de38238442d6a9e5f1eb9fb569ff (127.0.53.2:51697): Closing peer: 6885de38238442d6a9e5f1eb9fb569ff
I0312 20:10:11.866621 1346 tablet_service.cc:993] Received RequestConsensusVote() RPC: tablet_id: "92318a1b744e4baa9c7d3f3b9758739b" candidate_uuid: "6885de38238442d6a9e5f1eb9fb569ff" candidate_term: 11 candidate_status { last_received { term: 10 index: 73 } } ignore_live_leader: false dest_uuid: "f78a2351568c4a268ee1112681e22bec"
I0312 20:10:11.867175 1346 raft_consensus.cc:2752] T 92318a1b744e4baa9c7d3f3b9758739b P f78a2351568c4a268ee1112681e22bec [term 10 FOLLOWER]: Advancing to term 11
I0312 20:10:11.867548 1346 raft_consensus.cc:2700] T 92318a1b744e4baa9c7d3f3b9758739b P f78a2351568c4a268ee1112681e22bec: Snoozing failure detection for 0.023s (vote granted)
I0312 20:10:11.871621 1346 raft_consensus.cc:2215] T 92318a1b744e4baa9c7d3f3b9758739b P f78a2351568c4a268ee1112681e22bec [term 11 FOLLOWER]: Leader election vote request: Granting yes vote for candidate 6885de38238442d6a9e5f1eb9fb569ff in term 11.
I0312 20:10:11.871989 1416 raft_consensus.cc:436] T 92318a1b744e4baa9c7d3f3b9758739b P 6885de38238442d6a9e5f1eb9fb569ff [term 11 FOLLOWER]: Starting pre-election (no leader contacted us within the election timeout)
I0312 20:10:11.872182 1416 raft_consensus.cc:2700] T 92318a1b744e4baa9c7d3f3b9758739b P 6885de38238442d6a9e5f1eb9fb569ff: Snoozing failure detection for 0.015s (starting election)
I0312 20:10:11.872390 1416 raft_consensus.cc:458] T 92318a1b744e4baa9c7d3f3b9758739b P 6885de38238442d6a9e5f1eb9fb569ff [term 11 FOLLOWER]: Starting pre-election with config: opid_index: -1 OBSOLETE_local: false peers { permanent_uuid: "f78a2351568c4a268ee1112681e22bec" member_type: VOTER last_known_addr { host: "127.0.53.3" port: 43274 } } peers { permanent_uuid: "6885de38238442d6a9e5f1eb9fb569ff" member_type: VOTER last_known_addr { host: "127.0.53.2" port: 51697 } } peers { permanent_uuid: "ded9b7f8677940fb91e1a8c8bceceaed" member_type: VOTER last_known_addr { host: "127.0.53.1" port: 35037 } }
I0312 20:10:11.873348 1416 leader_election.cc:231] T 92318a1b744e4baa9c7d3f3b9758739b P 6885de38238442d6a9e5f1eb9fb569ff [CANDIDATE]: Term 12 pre-election: Requesting pre-vote from peer f78a2351568c4a268ee1112681e22bec
I0312 20:10:11.873713 1416 leader_election.cc:231] T 92318a1b744e4baa9c7d3f3b9758739b P 6885de38238442d6a9e5f1eb9fb569ff [CANDIDATE]: Term 12 pre-election: Requesting pre-vote from peer ded9b7f8677940fb91e1a8c8bceceaed
I0312 20:10:11.878535 1095 tablet_service.cc:993] Received RequestConsensusVote() RPC: tablet_id: "92318a1b744e4baa9c7d3f3b9758739b" candidate_uuid: "6885de38238442d6a9e5f1eb9fb569ff" candidate_term: 12 candidate_status { last_received { term: 10 index: 73 } } ignore_live_leader: false dest_uuid: "ded9b7f8677940fb91e1a8c8bceceaed" is_pre_election: true
I0312 20:10:11.879159 1455 consensus_peers.cc:458] T 92318a1b744e4baa9c7d3f3b9758739b P ded9b7f8677940fb91e1a8c8bceceaed -> Peer f78a2351568c4a268ee1112681e22bec (127.0.53.3:43274): Closing peer: f78a2351568c4a268ee1112681e22bec
I0312 20:10:11.879489 1455 raft_consensus.cc:2752] T 92318a1b744e4baa9c7d3f3b9758739b P ded9b7f8677940fb91e1a8c8bceceaed [term 10 FOLLOWER]: Advancing to term 11
I0312 20:10:11.883604 1418 raft_consensus.cc:436] T 92318a1b744e4baa9c7d3f3b9758739b P ded9b7f8677940fb91e1a8c8bceceaed [term 11 FOLLOWER]: Starting pre-election (no leader contacted us within the election timeout)
I0312 20:10:11.883795 1418 raft_consensus.cc:2700] T 92318a1b744e4baa9c7d3f3b9758739b P ded9b7f8677940fb91e1a8c8bceceaed: Snoozing failure detection for 0.022s (starting election)
I0312 20:10:11.883997 1418 raft_consensus.cc:458] T 92318a1b744e4baa9c7d3f3b9758739b P ded9b7f8677940fb91e1a8c8bceceaed [term 11 FOLLOWER]: Starting pre-election with config: opid_index: -1 OBSOLETE_local: false peers { permanent_uuid: "f78a2351568c4a268ee1112681e22bec" member_type: VOTER last_known_addr { host: "127.0.53.3" port: 43274 } } peers { permanent_uuid: "6885de38238442d6a9e5f1eb9fb569ff" member_type: VOTER last_known_addr { host: "127.0.53.2" port: 51697 } } peers { permanent_uuid: "ded9b7f8677940fb91e1a8c8bceceaed" member_type: VOTER last_known_addr { host: "127.0.53.1" port: 35037 } }
I0312 20:10:11.885049 1418 leader_election.cc:231] T 92318a1b744e4baa9c7d3f3b9758739b P ded9b7f8677940fb91e1a8c8bceceaed [CANDIDATE]: Term 12 pre-election: Requesting pre-vote from peer f78a2351568c4a268ee1112681e22bec
I0312 20:10:11.885408 1418 leader_election.cc:231] T 92318a1b744e4baa9c7d3f3b9758739b P ded9b7f8677940fb91e1a8c8bceceaed [CANDIDATE]: Term 12 pre-election: Requesting pre-vote from peer 6885de38238442d6a9e5f1eb9fb569ff
I0312 20:10:11.886075 1095 raft_consensus.cc:2162] T 92318a1b744e4baa9c7d3f3b9758739b P ded9b7f8677940fb91e1a8c8bceceaed [term 11 FOLLOWER]: Leader pre-election vote request: Denying vote to candidate 6885de38238442d6a9e5f1eb9fb569ff for term 12 because replica has last-logged OpId of term: 10 index: 74, which is greater than that of the candidate, which has last-logged OpId of term: 10 index: 73.
I0312 20:10:11.891135 1153 leader_election.cc:377] T 92318a1b744e4baa9c7d3f3b9758739b P 6885de38238442d6a9e5f1eb9fb569ff [CANDIDATE]: Term 12 pre-election: Vote denied by peer ded9b7f8677940fb91e1a8c8bceceaed. Message: Invalid argument: T 92318a1b744e4baa9c7d3f3b9758739b P ded9b7f8677940fb91e1a8c8bceceaed [term 11 FOLLOWER]: Leader pre-election vote request: Denying vote to candidate 6885de38238442d6a9e5f1eb9fb569ff for term 12 because replica has last-logged OpId of term: 10 index: 74, which is greater than that of the candidate, which has last-logged OpId of term: 10 index: 73.
W0312 20:10:11.891834 1152 leader_election.cc:287] T 92318a1b744e4baa9c7d3f3b9758739b P 6885de38238442d6a9e5f1eb9fb569ff [CANDIDATE]: Term 11 election: RPC error from VoteRequest() call to peer f78a2351568c4a268ee1112681e22bec: Timed out: RequestConsensusVote RPC to 127.0.53.3:43274 timed out after 0.017s (SENT)
I0312 20:10:11.896384 1219 tablet_service.cc:993] Received RequestConsensusVote() RPC: tablet_id: "92318a1b744e4baa9c7d3f3b9758739b" candidate_uuid: "ded9b7f8677940fb91e1a8c8bceceaed" candidate_term: 12 candidate_status { last_received { term: 10 index: 74 } } ignore_live_leader: false dest_uuid: "6885de38238442d6a9e5f1eb9fb569ff" is_pre_election: true
I0312 20:10:11.896847 1219 raft_consensus.cc:2700] T 92318a1b744e4baa9c7d3f3b9758739b P 6885de38238442d6a9e5f1eb9fb569ff: Snoozing failure detection for 0.018s (vote granted)
I0312 20:10:11.897079 1219 raft_consensus.cc:2215] T 92318a1b744e4baa9c7d3f3b9758739b P 6885de38238442d6a9e5f1eb9fb569ff [term 11 FOLLOWER]: Leader pre-election vote request: Granting yes vote for candidate ded9b7f8677940fb91e1a8c8bceceaed in term 11.
I0312 20:10:11.897861 1029 leader_election.cc:363] T 92318a1b744e4baa9c7d3f3b9758739b P ded9b7f8677940fb91e1a8c8bceceaed [CANDIDATE]: Term 12 pre-election: Vote granted by peer 6885de38238442d6a9e5f1eb9fb569ff
I0312 20:10:11.898053 1029 leader_election.cc:258] T 92318a1b744e4baa9c7d3f3b9758739b P ded9b7f8677940fb91e1a8c8bceceaed [CANDIDATE]: Term 12 pre-election: Election decided. Result: candidate won.
I0312 20:10:11.898541 1417 raft_consensus.cc:2700] T 92318a1b744e4baa9c7d3f3b9758739b P ded9b7f8677940fb91e1a8c8bceceaed: Snoozing failure detection for 0.015s (election complete)
I0312 20:10:11.898901 1417 raft_consensus.cc:2507] T 92318a1b744e4baa9c7d3f3b9758739b P ded9b7f8677940fb91e1a8c8bceceaed [term 11 FOLLOWER]: Leader pre-election won for term 12
I0312 20:10:11.899111 1417 raft_consensus.cc:436] T 92318a1b744e4baa9c7d3f3b9758739b P ded9b7f8677940fb91e1a8c8bceceaed [term 11 FOLLOWER]: Starting leader election (no leader contacted us within the election timeout)
I0312 20:10:11.899305 1417 raft_consensus.cc:2700] T 92318a1b744e4baa9c7d3f3b9758739b P ded9b7f8677940fb91e1a8c8bceceaed: Snoozing failure detection for 0.021s (starting election)
I0312 20:10:11.899513 1417 raft_consensus.cc:2752] T 92318a1b744e4baa9c7d3f3b9758739b P ded9b7f8677940fb91e1a8c8bceceaed [term 11 FOLLOWER]: Advancing to term 12
I0312 20:10:11.902078 1454 leader_election.cc:231] T 92318a1b744e4baa9c7d3f3b9758739b P 6885de38238442d6a9e5f1eb9fb569ff [CANDIDATE]: Term 11 election: Requesting vote from peer ded9b7f8677940fb91e1a8c8bceceaed
I0312 20:10:11.903414 1095 tablet_service.cc:993] Received RequestConsensusVote() RPC: tablet_id: "92318a1b744e4baa9c7d3f3b9758739b" candidate_uuid: "6885de38238442d6a9e5f1eb9fb569ff" candidate_term: 11 candidate_status { last_received { term: 10 index: 73 } } ignore_live_leader: false dest_uuid: "ded9b7f8677940fb91e1a8c8bceceaed"
I0312 20:10:11.890130 1344 tablet_service.cc:993] Received RequestConsensusVote() RPC: tablet_id: "92318a1b744e4baa9c7d3f3b9758739b" candidate_uuid: "ded9b7f8677940fb91e1a8c8bceceaed" candidate_term: 12 candidate_status { last_received { term: 10 index: 74 } } ignore_live_leader: false dest_uuid: "f78a2351568c4a268ee1112681e22bec" is_pre_election: true
I0312 20:10:11.895475 1345 tablet_service.cc:993] Received RequestConsensusVote() RPC: tablet_id: "92318a1b744e4baa9c7d3f3b9758739b" candidate_uuid: "6885de38238442d6a9e5f1eb9fb569ff" candidate_term: 12 candidate_status { last_received { term: 10 index: 73 } } ignore_live_leader: false dest_uuid: "f78a2351568c4a268ee1112681e22bec" is_pre_election: true
I0312 20:10:11.906103 1424 raft_consensus.cc:436] T 92318a1b744e4baa9c7d3f3b9758739b P f78a2351568c4a268ee1112681e22bec [term 11 FOLLOWER]: Starting pre-election (no leader contacted us within the election timeout)
I0312 20:10:11.906322 1424 raft_consensus.cc:2700] T 92318a1b744e4baa9c7d3f3b9758739b P f78a2351568c4a268ee1112681e22bec: Snoozing failure detection for 0.027s (starting election)
W0312 20:10:11.906210 1346 rpcz_store.cc:251] Call kudu.consensus.ConsensusService.RequestConsensusVote from 127.0.53.2:37068 (request call id 24) took 44ms (client timeout 17).
I0312 20:10:11.906580 1424 raft_consensus.cc:458] T 92318a1b744e4baa9c7d3f3b9758739b P f78a2351568c4a268ee1112681e22bec [term 11 FOLLOWER]: Starting pre-election with config: opid_index: -1 OBSOLETE_local: false peers { permanent_uuid: "f78a2351568c4a268ee1112681e22bec" member_type: VOTER last_known_addr { host: "127.0.53.3" port: 43274 } } peers { permanent_uuid: "6885de38238442d6a9e5f1eb9fb569ff" member_type: VOTER last_known_addr { host: "127.0.53.2" port: 51697 } } peers { permanent_uuid: "ded9b7f8677940fb91e1a8c8bceceaed" member_type: VOTER last_known_addr { host: "127.0.53.1" port: 35037 } }
W0312 20:10:11.907284 1152 leader_election.cc:287] T 92318a1b744e4baa9c7d3f3b9758739b P 6885de38238442d6a9e5f1eb9fb569ff [CANDIDATE]: Term 12 pre-election: RPC error from VoteRequest() call to peer f78a2351568c4a268ee1112681e22bec: Timed out: RequestConsensusVote RPC to 127.0.53.3:43274 timed out after 0.015s (SENT)
I0312 20:10:11.907500 1152 leader_election.cc:258] T 92318a1b744e4baa9c7d3f3b9758739b P 6885de38238442d6a9e5f1eb9fb569ff [CANDIDATE]: Term 12 pre-election: Election decided. Result: candidate lost.
I0312 20:10:11.908077 1454 raft_consensus.cc:2700] T 92318a1b744e4baa9c7d3f3b9758739b P 6885de38238442d6a9e5f1eb9fb569ff: Snoozing failure detection for 0.018s (election complete)
I0312 20:10:11.908267 1454 raft_consensus.cc:2455] T 92318a1b744e4baa9c7d3f3b9758739b P 6885de38238442d6a9e5f1eb9fb569ff [term 11 FOLLOWER]: Leader pre-election lost for term 12. Reason: could not achieve majority
I0312 20:10:11.908320 1344 raft_consensus.cc:2190] T 92318a1b744e4baa9c7d3f3b9758739b P f78a2351568c4a268ee1112681e22bec [term 11 FOLLOWER]: Leader pre-election vote request: Denying vote to candidate ded9b7f8677940fb91e1a8c8bceceaed for term 12 because replica is already servicing an update from a current leader or another vote.
I0312 20:10:11.908673 1345 raft_consensus.cc:2190] T 92318a1b744e4baa9c7d3f3b9758739b P f78a2351568c4a268ee1112681e22bec [term 11 FOLLOWER]: Leader pre-election vote request: Denying vote to candidate 6885de38238442d6a9e5f1eb9fb569ff for term 12 because replica is already servicing an update from a current leader or another vote.
I0312 20:10:11.908953 1417 raft_consensus.cc:458] T 92318a1b744e4baa9c7d3f3b9758739b P ded9b7f8677940fb91e1a8c8bceceaed [term 12 FOLLOWER]: Starting leader election with config: opid_index: -1 OBSOLETE_local: false peers { permanent_uuid: "f78a2351568c4a268ee1112681e22bec" member_type: VOTER last_known_addr { host: "127.0.53.3" port: 43274 } } peers { permanent_uuid: "6885de38238442d6a9e5f1eb9fb569ff" member_type: VOTER last_known_addr { host: "127.0.53.2" port: 51697 } } peers { permanent_uuid: "ded9b7f8677940fb91e1a8c8bceceaed" member_type: VOTER last_known_addr { host: "127.0.53.1" port: 35037 } }
I0312 20:10:11.910033 1095 raft_consensus.cc:2120] T 92318a1b744e4baa9c7d3f3b9758739b P ded9b7f8677940fb91e1a8c8bceceaed [term 12 FOLLOWER]: Leader election vote request: Denying vote to candidate 6885de38238442d6a9e5f1eb9fb569ff for earlier term 11. Current term is 12.
W0312 20:10:11.911186 1153 leader_election.cc:347] T 92318a1b744e4baa9c7d3f3b9758739b P 6885de38238442d6a9e5f1eb9fb569ff [CANDIDATE]: Term 11 election: Vote denied by peer ded9b7f8677940fb91e1a8c8bceceaed with higher term. Message: Invalid argument: T 92318a1b744e4baa9c7d3f3b9758739b P ded9b7f8677940fb91e1a8c8bceceaed [term 12 FOLLOWER]: Leader election vote request: Denying vote to candidate 6885de38238442d6a9e5f1eb9fb569ff for earlier term 11. Current term is 12.
I0312 20:10:11.911381 1153 leader_election.cc:350] T 92318a1b744e4baa9c7d3f3b9758739b P 6885de38238442d6a9e5f1eb9fb569ff [CANDIDATE]: Term 11 election: Cancelling election due to peer responding with higher term
W0312 20:10:11.912051 1027 leader_election.cc:287] T 92318a1b744e4baa9c7d3f3b9758739b P ded9b7f8677940fb91e1a8c8bceceaed [CANDIDATE]: Term 12 pre-election: RPC error from VoteRequest() call to peer f78a2351568c4a268ee1112681e22bec: Timed out: RequestConsensusVote RPC to 127.0.53.3:43274 timed out after 0.022s (SENT)
I0312 20:10:11.912508 1454 raft_consensus.cc:2700] T 92318a1b744e4baa9c7d3f3b9758739b P 6885de38238442d6a9e5f1eb9fb569ff: Snoozing failure detection for 0.029s (election complete)
I0312 20:10:11.913408 1454 raft_consensus.cc:2752] T 92318a1b744e4baa9c7d3f3b9758739b P 6885de38238442d6a9e5f1eb9fb569ff [term 11 FOLLOWER]: Advancing to term 12
W0312 20:10:11.915469 1346 rpcz_store.cc:255] Trace: 0312 20:10:11.861845 (+ 0us) service_pool.cc:163] Inserting onto call queue 0312 20:10:11.866483 (+ 4638us) service_pool.cc:222] Handling call 0312 20:10:11.906148 (+ 39665us) inbound_call.cc:157] Queueing success response Metrics: {}
I0312 20:10:11.915565 1424 leader_election.cc:231] T 92318a1b744e4baa9c7d3f3b9758739b P f78a2351568c4a268ee1112681e22bec [CANDIDATE]: Term 12 pre-election: Requesting pre-vote from peer 6885de38238442d6a9e5f1eb9fb569ff
I0312 20:10:11.915971 1424 leader_election.cc:231] T 92318a1b744e4baa9c7d3f3b9758739b P f78a2351568c4a268ee1112681e22bec [CANDIDATE]: Term 12 pre-election: Requesting pre-vote from peer ded9b7f8677940fb91e1a8c8bceceaed
I0312 20:10:11.917145 1417 leader_election.cc:231] T 92318a1b744e4baa9c7d3f3b9758739b P ded9b7f8677940fb91e1a8c8bceceaed [CANDIDATE]: Term 12 election: Requesting vote from peer f78a2351568c4a268ee1112681e22bec
I0312 20:10:11.917520 1417 leader_election.cc:231] T 92318a1b744e4baa9c7d3f3b9758739b P ded9b7f8677940fb91e1a8c8bceceaed [CANDIDATE]: Term 12 election: Requesting vote from peer 6885de38238442d6a9e5f1eb9fb569ff
I0312 20:10:11.917512 1095 tablet_service.cc:993] Received RequestConsensusVote() RPC: tablet_id: "92318a1b744e4baa9c7d3f3b9758739b" candidate_uuid: "f78a2351568c4a268ee1112681e22bec" candidate_term: 12 candidate_status { last_received { term: 10 index: 73 } } ignore_live_leader: false dest_uuid: "ded9b7f8677940fb91e1a8c8bceceaed" is_pre_election: true
I0312 20:10:11.918045 1095 raft_consensus.cc:2145] T 92318a1b744e4baa9c7d3f3b9758739b P ded9b7f8677940fb91e1a8c8bceceaed [term 12 FOLLOWER]: Leader pre-election vote request: Denying vote to candidate f78a2351568c4a268ee1112681e22bec in current term 12: Already voted for candidate ded9b7f8677940fb91e1a8c8bceceaed in this term.
I0312 20:10:11.918836 1219 tablet_service.cc:993] Received RequestConsensusVote() RPC: tablet_id: "92318a1b744e4baa9c7d3f3b9758739b" candidate_uuid: "ded9b7f8677940fb91e1a8c8bceceaed" candidate_term: 12 candidate_status { last_received { term: 10 index: 74 } } ignore_live_leader: false dest_uuid: "6885de38238442d6a9e5f1eb9fb569ff"
I0312 20:10:11.919528 1278 leader_election.cc:377] T 92318a1b744e4baa9c7d3f3b9758739b P f78a2351568c4a268ee1112681e22bec [CANDIDATE]: Term 12 pre-election: Vote denied by peer ded9b7f8677940fb91e1a8c8bceceaed. Message: Invalid argument: T 92318a1b744e4baa9c7d3f3b9758739b P ded9b7f8677940fb91e1a8c8bceceaed [term 12 FOLLOWER]: Leader pre-election vote request: Denying vote to candidate f78a2351568c4a268ee1112681e22bec in current term 12: Already voted for candidate ded9b7f8677940fb91e1a8c8bceceaed in this term.
I0312 20:10:11.920316 1220 tablet_service.cc:993] Received RequestConsensusVote() RPC: tablet_id: "92318a1b744e4baa9c7d3f3b9758739b" candidate_uuid: "f78a2351568c4a268ee1112681e22bec" candidate_term: 12 candidate_status { last_received { term: 10 index: 73 } } ignore_live_leader: false dest_uuid: "6885de38238442d6a9e5f1eb9fb569ff" is_pre_election: true
I0312 20:10:11.920835 1454 raft_consensus.cc:2455] T 92318a1b744e4baa9c7d3f3b9758739b P 6885de38238442d6a9e5f1eb9fb569ff [term 12 FOLLOWER]: Leader election lost for term 11. Reason: Vote denied by peer ded9b7f8677940fb91e1a8c8bceceaed with higher term. Message: Invalid argument: T 92318a1b744e4baa9c7d3f3b9758739b P ded9b7f8677940fb91e1a8c8bceceaed [term 12 FOLLOWER]: Leader election vote request: Denying vote to candidate 6885de38238442d6a9e5f1eb9fb569ff for earlier term 11. Current term is 12.
I0312 20:10:11.921113 1219 raft_consensus.cc:2700] T 92318a1b744e4baa9c7d3f3b9758739b P 6885de38238442d6a9e5f1eb9fb569ff: Snoozing failure detection for 0.044s (vote granted)
W0312 20:10:11.923758 1344 rpcz_store.cc:251] Call kudu.consensus.ConsensusService.RequestConsensusVote from 127.0.53.1:47760 (request call id 45) took 33ms (client timeout 22).
W0312 20:10:11.924441 1344 rpcz_store.cc:255] Trace: 0312 20:10:11.889882 (+ 0us) service_pool.cc:163] Inserting onto call queue 0312 20:10:11.889984 (+ 102us) service_pool.cc:222] Handling call 0312 20:10:11.923620 (+ 33636us) spinlock_profiling.cc:261] Waited 2.28 ms on lock 0x7b480003009c. stack: 00007f173be47c74 00007f173be47b70 00007f173a937314 00007f1743984294 00007f1743984229 00007f174252e606 00007f17439c256b 00007f173e375b24 00007f173e375ab1 00007f173e3759c4 00007f173d9d1c29 00007f173d9d16ec 00007f173d9d2bcd 00007f173d9d4946 00007f173d9d489a 00007f173d9d4823 0312 20:10:11.923710 (+ 90us) inbound_call.cc:157] Queueing success response Metrics: {"spinlock_wait_cycles":5252352}
I0312 20:10:11.925401 1219 raft_consensus.cc:2215] T 92318a1b744e4baa9c7d3f3b9758739b P 6885de38238442d6a9e5f1eb9fb569ff [term 12 FOLLOWER]: Leader election vote request: Granting yes vote for candidate ded9b7f8677940fb91e1a8c8bceceaed in term 12.
W0312 20:10:11.925614 1345 rpcz_store.cc:251] Call kudu.consensus.ConsensusService.RequestConsensusVote from 127.0.53.2:37068 (request call id 25) took 30ms (client timeout 15).
W0312 20:10:11.926280 1345 rpcz_store.cc:255] Trace: 0312 20:10:11.895225 (+ 0us) service_pool.cc:163] Inserting onto call queue 0312 20:10:11.895329 (+ 104us) service_pool.cc:222] Handling call 0312 20:10:11.925472 (+ 30143us) spinlock_profiling.cc:261] Waited 2.61 ms on lock 0x7b480003009c. stack: 00007f173be47c74 00007f173be47b70 00007f173a937314 00007f1743984294 00007f1743984229 00007f174252e606 00007f17439c256b 00007f173e375b24 00007f173e375ab1 00007f173e3759c4 00007f173d9d1c29 00007f173d9d16ec 00007f173d9d2bcd 00007f173d9d4946 00007f173d9d489a 00007f173d9d4823 0312 20:10:11.925567 (+ 95us) inbound_call.cc:157] Queueing success response Metrics: {"spinlock_wait_cycles":6002560}
I0312 20:10:11.926380 1029 leader_election.cc:363] T 92318a1b744e4baa9c7d3f3b9758739b P ded9b7f8677940fb91e1a8c8bceceaed [CANDIDATE]: Term 12 election: Vote granted by peer 6885de38238442d6a9e5f1eb9fb569ff
I0312 20:10:11.926568 1029 leader_election.cc:258] T 92318a1b744e4baa9c7d3f3b9758739b P ded9b7f8677940fb91e1a8c8bceceaed [CANDIDATE]: Term 12 election: Election decided. Result: candidate won.
I0312 20:10:11.927016 1455 raft_consensus.cc:436] T 92318a1b744e4baa9c7d3f3b9758739b P ded9b7f8677940fb91e1a8c8bceceaed [term 12 FOLLOWER]: Starting pre-election (no leader contacted us within the election timeout)
I0312 20:10:11.927070 1220 raft_consensus.cc:2190] T 92318a1b744e4baa9c7d3f3b9758739b P 6885de38238442d6a9e5f1eb9fb569ff [term 12 FOLLOWER]: Leader pre-election vote request: Denying vote to candidate f78a2351568c4a268ee1112681e22bec for term 12 because replica is already servicing an update from a current leader or another vote.
I0312 20:10:11.927213 1455 raft_consensus.cc:2700] T 92318a1b744e4baa9c7d3f3b9758739b P ded9b7f8677940fb91e1a8c8bceceaed: Snoozing failure detection for 0.018s (starting election)
I0312 20:10:11.928323 1279 leader_election.cc:377] T 92318a1b744e4baa9c7d3f3b9758739b P f78a2351568c4a268ee1112681e22bec [CANDIDATE]: Term 12 pre-election: Vote denied by peer 6885de38238442d6a9e5f1eb9fb569ff. Message: Service unavailable: T 92318a1b744e4baa9c7d3f3b9758739b P 6885de38238442d6a9e5f1eb9fb569ff [term 12 FOLLOWER]: Leader pre-election vote request: Denying vote to candidate f78a2351568c4a268ee1112681e22bec for term 12 because replica is already servicing an update from a current leader or another vote.
I0312 20:10:11.928550 1279 leader_election.cc:258] T 92318a1b744e4baa9c7d3f3b9758739b P f78a2351568c4a268ee1112681e22bec [CANDIDATE]: Term 12 pre-election: Election decided. Result: candidate lost.
I0312 20:10:11.928337 1455 raft_consensus.cc:458] T 92318a1b744e4baa9c7d3f3b9758739b P ded9b7f8677940fb91e1a8c8bceceaed [term 12 FOLLOWER]: Starting pre-election with config: opid_index: -1 OBSOLETE_local: false peers { permanent_uuid: "f78a2351568c4a268ee1112681e22bec" member_type: VOTER last_known_addr { host: "127.0.53.3" port: 43274 } } peers { permanent_uuid: "6885de38238442d6a9e5f1eb9fb569ff" member_type: VOTER last_known_addr { host: "127.0.53.2" port: 51697 } } peers { permanent_uuid: "ded9b7f8677940fb91e1a8c8bceceaed" member_type: VOTER last_known_addr { host: "127.0.53.1" port: 35037 } }
I0312 20:10:11.929026 1415 raft_consensus.cc:2700] T 92318a1b744e4baa9c7d3f3b9758739b P f78a2351568c4a268ee1112681e22bec: Snoozing failure detection for 0.020s (election complete)
I0312 20:10:11.929266 1415 raft_consensus.cc:2752] T 92318a1b744e4baa9c7d3f3b9758739b P f78a2351568c4a268ee1112681e22bec [term 11 FOLLOWER]: Advancing to term 12
I0312 20:10:11.929770 1455 leader_election.cc:231] T 92318a1b744e4baa9c7d3f3b9758739b P ded9b7f8677940fb91e1a8c8bceceaed [CANDIDATE]: Term 13 pre-election: Requesting pre-vote from peer f78a2351568c4a268ee1112681e22bec
I0312 20:10:11.930443 1455 leader_election.cc:231] T 92318a1b744e4baa9c7d3f3b9758739b P ded9b7f8677940fb91e1a8c8bceceaed [CANDIDATE]: Term 13 pre-election: Requesting pre-vote from peer 6885de38238442d6a9e5f1eb9fb569ff
I0312 20:10:11.931849 1220 tablet_service.cc:993] Received RequestConsensusVote() RPC: tablet_id: "92318a1b744e4baa9c7d3f3b9758739b" candidate_uuid: "ded9b7f8677940fb91e1a8c8bceceaed" candidate_term: 13 candidate_status { last_received { term: 10 index: 74 } } ignore_live_leader: false dest_uuid: "6885de38238442d6a9e5f1eb9fb569ff" is_pre_election: true
I0312 20:10:11.932235 1220 raft_consensus.cc:2700] T 92318a1b744e4baa9c7d3f3b9758739b P 6885de38238442d6a9e5f1eb9fb569ff: Snoozing failure detection for 0.047s (vote granted)
I0312 20:10:11.932201 1345 tablet_service.cc:993] Received RequestConsensusVote() RPC: tablet_id: "92318a1b744e4baa9c7d3f3b9758739b" candidate_uuid: "ded9b7f8677940fb91e1a8c8bceceaed" candidate_term: 13 candidate_status { last_received { term: 10 index: 74 } } ignore_live_leader: false dest_uuid: "f78a2351568c4a268ee1112681e22bec" is_pre_election: true
I0312 20:10:11.932433 1220 raft_consensus.cc:2215] T 92318a1b744e4baa9c7d3f3b9758739b P 6885de38238442d6a9e5f1eb9fb569ff [term 12 FOLLOWER]: Leader pre-election vote request: Granting yes vote for candidate ded9b7f8677940fb91e1a8c8bceceaed in term 12.
I0312 20:10:11.932735 1456 raft_consensus.cc:2700] T 92318a1b744e4baa9c7d3f3b9758739b P ded9b7f8677940fb91e1a8c8bceceaed: Snoozing failure detection for 0.018s (election complete)
I0312 20:10:11.933336 1456 raft_consensus.cc:2507] T 92318a1b744e4baa9c7d3f3b9758739b P ded9b7f8677940fb91e1a8c8bceceaed [term 12 FOLLOWER]: Leader election won for term 12
I0312 20:10:11.933652 1456 raft_consensus.cc:572] T 92318a1b744e4baa9c7d3f3b9758739b P ded9b7f8677940fb91e1a8c8bceceaed [term 12 LEADER]: Becoming Leader. State: Replica: ded9b7f8677940fb91e1a8c8bceceaed, State: Running, Role: LEADER
I0312 20:10:11.936776 1029 leader_election.cc:363] T 92318a1b744e4baa9c7d3f3b9758739b P ded9b7f8677940fb91e1a8c8bceceaed [CANDIDATE]: Term 13 pre-election: Vote granted by peer 6885de38238442d6a9e5f1eb9fb569ff
I0312 20:10:11.937412 1029 leader_election.cc:258] T 92318a1b744e4baa9c7d3f3b9758739b P ded9b7f8677940fb91e1a8c8bceceaed [CANDIDATE]: Term 13 pre-election: Election decided. Result: candidate won.
I0312 20:10:11.938109 1456 consensus_queue.cc:196] T 92318a1b744e4baa9c7d3f3b9758739b P ded9b7f8677940fb91e1a8c8bceceaed [LEADER]: Queue going to LEADER mode. State: All replicated index: 0, Majority replicated index: 73, Committed index: 73, Last appended: 10.74, Last appended by leader: 74, Current term: 12, Majority size: 2, State: 0, Mode: LEADER, active raft config: opid_index: -1 OBSOLETE_local: false peers { permanent_uuid: "f78a2351568c4a268ee1112681e22bec" member_type: VOTER last_known_addr { host: "127.0.53.3" port: 43274 } } peers { permanent_uuid: "6885de38238442d6a9e5f1eb9fb569ff" member_type: VOTER last_known_addr { host: "127.0.53.2" port: 51697 } } peers { permanent_uuid: "ded9b7f8677940fb91e1a8c8bceceaed" member_type: VOTER last_known_addr { host: "127.0.53.1" port: 35037 } }
I0312 20:10:11.939117 1415 raft_consensus.cc:2455] T 92318a1b744e4baa9c7d3f3b9758739b P f78a2351568c4a268ee1112681e22bec [term 12 FOLLOWER]: Leader pre-election lost for term 12. Reason: could not achieve majority
I0312 20:10:11.939477 1345 raft_consensus.cc:2700] T 92318a1b744e4baa9c7d3f3b9758739b P f78a2351568c4a268ee1112681e22bec: Snoozing failure detection for 0.033s (vote granted)
I0312 20:10:11.939693 1345 raft_consensus.cc:2215] T 92318a1b744e4baa9c7d3f3b9758739b P f78a2351568c4a268ee1112681e22bec [term 12 FOLLOWER]: Leader pre-election vote request: Granting yes vote for candidate ded9b7f8677940fb91e1a8c8bceceaed in term 12.
W0312 20:10:11.939605 1027 leader_election.cc:287] T 92318a1b744e4baa9c7d3f3b9758739b P ded9b7f8677940fb91e1a8c8bceceaed [CANDIDATE]: Term 12 election: RPC error from VoteRequest() call to peer f78a2351568c4a268ee1112681e22bec: Timed out: RequestConsensusVote RPC to 127.0.53.3:43274 timed out after 0.021s (SENT)
I0312 20:10:11.940906 1027 leader_election.cc:363] T 92318a1b744e4baa9c7d3f3b9758739b P ded9b7f8677940fb91e1a8c8bceceaed [CANDIDATE]: Term 13 pre-election: Vote granted by peer f78a2351568c4a268ee1112681e22bec
I0312 20:10:11.944988 974 catalog_manager.cc:3592] T 92318a1b744e4baa9c7d3f3b9758739b P ded9b7f8677940fb91e1a8c8bceceaed reported cstate change: term changed from 10 to 12. New cstate: current_term: 12 leader_uuid: "ded9b7f8677940fb91e1a8c8bceceaed" committed_config { opid_index: -1 OBSOLETE_local: false peers { permanent_uuid: "f78a2351568c4a268ee1112681e22bec" member_type: VOTER last_known_addr { host: "127.0.53.3" port: 43274 } health_report { overall_health: UNKNOWN } } peers { permanent_uuid: "6885de38238442d6a9e5f1eb9fb569ff" member_type: VOTER last_known_addr { host: "127.0.53.2" port: 51697 } health_report { overall_health: UNKNOWN } } peers { permanent_uuid: "ded9b7f8677940fb91e1a8c8bceceaed" member_type: VOTER last_known_addr { host: "127.0.53.1" port: 35037 } health_report { overall_health: HEALTHY } } }
I0312 20:10:11.950341 1220 raft_consensus.cc:1058] T 92318a1b744e4baa9c7d3f3b9758739b P 6885de38238442d6a9e5f1eb9fb569ff [term 12 FOLLOWER]: Refusing update from remote peer ded9b7f8677940fb91e1a8c8bceceaed: Log matching property violated. Preceding OpId in replica: term: 10 index: 73. Preceding OpId from leader: term: 12 index: 75. (index mismatch)
I0312 20:10:11.951772 1418 consensus_queue.cc:1017] T 92318a1b744e4baa9c7d3f3b9758739b P ded9b7f8677940fb91e1a8c8bceceaed [LEADER]: Connected to new peer: Peer: permanent_uuid: "6885de38238442d6a9e5f1eb9fb569ff" member_type: VOTER last_known_addr { host: "127.0.53.2" port: 51697 }, Status: LMP_MISMATCH, Last received: 10.73, Next index: 74, Last known committed idx: 70, Time since last communication: 0.000s
I0312 20:10:11.953743 1417 raft_consensus.cc:2700] T 92318a1b744e4baa9c7d3f3b9758739b P ded9b7f8677940fb91e1a8c8bceceaed: Snoozing failure detection for 0.020s (election complete)
I0312 20:10:11.953846 1345 raft_consensus.cc:1058] T 92318a1b744e4baa9c7d3f3b9758739b P f78a2351568c4a268ee1112681e22bec [term 12 FOLLOWER]: Refusing update from remote peer ded9b7f8677940fb91e1a8c8bceceaed: Log matching property violated. Preceding OpId in replica: term: 10 index: 73. Preceding OpId from leader: term: 12 index: 75. (index mismatch)
W0312 20:10:11.954134 1346 rpcz_store.cc:251] Call kudu.consensus.ConsensusService.RequestConsensusVote from 127.0.53.1:47760 (request call id 46) took 35ms (client timeout 21).
W0312 20:10:11.954964 1346 rpcz_store.cc:255] Trace: 0312 20:10:11.919178 (+ 0us) service_pool.cc:163] Inserting onto call queue 0312 20:10:11.953997 (+ 34819us) service_pool.cc:207] Skipping call since client already timed out 0312 20:10:11.954086 (+ 89us) inbound_call.cc:157] Queueing failure response Metrics: {}
I0312 20:10:11.955062 1417 consensus_queue.cc:1017] T 92318a1b744e4baa9c7d3f3b9758739b P ded9b7f8677940fb91e1a8c8bceceaed [LEADER]: Connected to new peer: Peer: permanent_uuid: "f78a2351568c4a268ee1112681e22bec" member_type: VOTER last_known_addr { host: "127.0.53.3" port: 43274 }, Status: LMP_MISMATCH, Last received: 10.73, Next index: 74, Last known committed idx: 73, Time since last communication: 0.000s
I0312 20:10:11.971518 1416 raft_consensus.cc:436] T 92318a1b744e4baa9c7d3f3b9758739b P 6885de38238442d6a9e5f1eb9fb569ff [term 12 FOLLOWER]: Starting pre-election (detected failure of leader ded9b7f8677940fb91e1a8c8bceceaed)
I0312 20:10:11.971750 1416 raft_consensus.cc:2700] T 92318a1b744e4baa9c7d3f3b9758739b P 6885de38238442d6a9e5f1eb9fb569ff: Snoozing failure detection for 0.017s (starting election)
I0312 20:10:11.971956 1416 raft_consensus.cc:458] T 92318a1b744e4baa9c7d3f3b9758739b P 6885de38238442d6a9e5f1eb9fb569ff [term 12 FOLLOWER]: Starting pre-election with config: opid_index: -1 OBSOLETE_local: false peers { permanent_uuid: "f78a2351568c4a268ee1112681e22bec" member_type: VOTER last_known_addr { host: "127.0.53.3" port: 43274 } } peers { permanent_uuid: "6885de38238442d6a9e5f1eb9fb569ff" member_type: VOTER last_known_addr { host: "127.0.53.2" port: 51697 } } peers { permanent_uuid: "ded9b7f8677940fb91e1a8c8bceceaed" member_type: VOTER last_known_addr { host: "127.0.53.1" port: 35037 } }
I0312 20:10:11.972900 1416 leader_election.cc:231] T 92318a1b744e4baa9c7d3f3b9758739b P 6885de38238442d6a9e5f1eb9fb569ff [CANDIDATE]: Term 13 pre-election: Requesting pre-vote from peer f78a2351568c4a268ee1112681e22bec
I0312 20:10:11.973356 1416 leader_election.cc:231] T 92318a1b744e4baa9c7d3f3b9758739b P 6885de38238442d6a9e5f1eb9fb569ff [CANDIDATE]: Term 13 pre-election: Requesting pre-vote from peer ded9b7f8677940fb91e1a8c8bceceaed
I0312 20:10:11.974642 1095 tablet_service.cc:993] Received RequestConsensusVote() RPC: tablet_id: "92318a1b744e4baa9c7d3f3b9758739b" candidate_uuid: "6885de38238442d6a9e5f1eb9fb569ff" candidate_term: 13 candidate_status { last_received { term: 12 index: 76 } } ignore_live_leader: false dest_uuid: "ded9b7f8677940fb91e1a8c8bceceaed" is_pre_election: true
I0312 20:10:11.975149 1095 raft_consensus.cc:2176] T 92318a1b744e4baa9c7d3f3b9758739b P ded9b7f8677940fb91e1a8c8bceceaed [term 12 LEADER]: Leader pre-election vote request: Denying vote to candidate 6885de38238442d6a9e5f1eb9fb569ff for term 13 because replica is either leader or believes a valid leader to be alive.
I0312 20:10:11.976084 1153 leader_election.cc:377] T 92318a1b744e4baa9c7d3f3b9758739b P 6885de38238442d6a9e5f1eb9fb569ff [CANDIDATE]: Term 13 pre-election: Vote denied by peer ded9b7f8677940fb91e1a8c8bceceaed. Message: Invalid argument: T 92318a1b744e4baa9c7d3f3b9758739b P ded9b7f8677940fb91e1a8c8bceceaed [term 12 LEADER]: Leader pre-election vote request: Denying vote to candidate 6885de38238442d6a9e5f1eb9fb569ff for term 13 because replica is either leader or believes a valid leader to be alive.
I0312 20:10:11.978286 1344 tablet_service.cc:993] Received RequestConsensusVote() RPC: tablet_id: "92318a1b744e4baa9c7d3f3b9758739b" candidate_uuid: "6885de38238442d6a9e5f1eb9fb569ff" candidate_term: 13 candidate_status { last_received { term: 12 index: 76 } } ignore_live_leader: false dest_uuid: "f78a2351568c4a268ee1112681e22bec" is_pre_election: true
I0312 20:10:11.978713 1344 raft_consensus.cc:2700] T 92318a1b744e4baa9c7d3f3b9758739b P f78a2351568c4a268ee1112681e22bec: Snoozing failure detection for 0.021s (vote granted)
I0312 20:10:11.978904 1344 raft_consensus.cc:2215] T 92318a1b744e4baa9c7d3f3b9758739b P f78a2351568c4a268ee1112681e22bec [term 12 FOLLOWER]: Leader pre-election vote request: Granting yes vote for candidate 6885de38238442d6a9e5f1eb9fb569ff in term 12.
I0312 20:10:11.980208 1152 leader_election.cc:363] T 92318a1b744e4baa9c7d3f3b9758739b P 6885de38238442d6a9e5f1eb9fb569ff [CANDIDATE]: Term 13 pre-election: Vote granted by peer f78a2351568c4a268ee1112681e22bec
I0312 20:10:11.980438 1152 leader_election.cc:258] T 92318a1b744e4baa9c7d3f3b9758739b P 6885de38238442d6a9e5f1eb9fb569ff [CANDIDATE]: Term 13 pre-election: Election decided. Result: candidate won.
I0312 20:10:11.992930 1416 raft_consensus.cc:2700] T 92318a1b744e4baa9c7d3f3b9758739b P 6885de38238442d6a9e5f1eb9fb569ff: Snoozing failure detection for 0.019s (election complete)
I0312 20:10:11.993178 1416 raft_consensus.cc:2507] T 92318a1b744e4baa9c7d3f3b9758739b P 6885de38238442d6a9e5f1eb9fb569ff [term 12 FOLLOWER]: Leader pre-election won for term 13
I0312 20:10:11.995159 1415 raft_consensus.cc:436] T 92318a1b744e4baa9c7d3f3b9758739b P f78a2351568c4a268ee1112681e22bec [term 12 FOLLOWER]: Starting pre-election (detected failure of leader ded9b7f8677940fb91e1a8c8bceceaed)
I0312 20:10:11.995493 1415 raft_consensus.cc:2700] T 92318a1b744e4baa9c7d3f3b9758739b P f78a2351568c4a268ee1112681e22bec: Snoozing failure detection for 0.017s (starting election)
I0312 20:10:11.995755 1415 raft_consensus.cc:458] T 92318a1b744e4baa9c7d3f3b9758739b P f78a2351568c4a268ee1112681e22bec [term 12 FOLLOWER]: Starting pre-election with config: opid_index: -1 OBSOLETE_local: false peers { permanent_uuid: "f78a2351568c4a268ee1112681e22bec" member_type: VOTER last_known_addr { host: "127.0.53.3" port: 43274 } } peers { permanent_uuid: "6885de38238442d6a9e5f1eb9fb569ff" member_type: VOTER last_known_addr { host: "127.0.53.2" port: 51697 } } peers { permanent_uuid: "ded9b7f8677940fb91e1a8c8bceceaed" member_type: VOTER last_known_addr { host: "127.0.53.1" port: 35037 } }
I0312 20:10:11.996891 1415 leader_election.cc:231] T 92318a1b744e4baa9c7d3f3b9758739b P f78a2351568c4a268ee1112681e22bec [CANDIDATE]: Term 13 pre-election: Requesting pre-vote from peer 6885de38238442d6a9e5f1eb9fb569ff
I0312 20:10:11.998801 1220 tablet_service.cc:993] Received RequestConsensusVote() RPC: tablet_id: "92318a1b744e4baa9c7d3f3b9758739b" candidate_uuid: "f78a2351568c4a268ee1112681e22bec" candidate_term: 13 candidate_status { last_received { term: 12 index: 76 } } ignore_live_leader: false dest_uuid: "6885de38238442d6a9e5f1eb9fb569ff" is_pre_election: true
I0312 20:10:11.999364 1220 raft_consensus.cc:2176] T 92318a1b744e4baa9c7d3f3b9758739b P 6885de38238442d6a9e5f1eb9fb569ff [term 12 FOLLOWER]: Leader pre-election vote request: Denying vote to candidate f78a2351568c4a268ee1112681e22bec for term 13 because replica is either leader or believes a valid leader to be alive.
I0312 20:10:12.000073 1415 leader_election.cc:231] T 92318a1b744e4baa9c7d3f3b9758739b P f78a2351568c4a268ee1112681e22bec [CANDIDATE]: Term 13 pre-election: Requesting pre-vote from peer ded9b7f8677940fb91e1a8c8bceceaed
