W0312 20:10:22.447244 1027 leader_election.cc:287] T 92318a1b744e4baa9c7d3f3b9758739b P ded9b7f8677940fb91e1a8c8bceceaed [CANDIDATE]: Term 27 election: RPC error from VoteRequest() call to peer f78a2351568c4a268ee1112681e22bec: Timed out: RequestConsensusVote RPC to 127.0.53.3:43274 timed out after 0.019s (SENT)
I0312 20:10:22.447458 1027 leader_election.cc:258] T 92318a1b744e4baa9c7d3f3b9758739b P ded9b7f8677940fb91e1a8c8bceceaed [CANDIDATE]: Term 27 election: Election decided. Result: candidate lost.
I0312 20:10:22.447468 1345 raft_consensus.cc:2700] T 92318a1b744e4baa9c7d3f3b9758739b P f78a2351568c4a268ee1112681e22bec: Snoozing failure detection for 0.274s (vote granted)
I0312 20:10:22.447639 1510 raft_consensus.cc:436] T 92318a1b744e4baa9c7d3f3b9758739b P ded9b7f8677940fb91e1a8c8bceceaed [term 27 FOLLOWER]: Starting pre-election (no leader contacted us within the election timeout)
I0312 20:10:22.447662 1345 raft_consensus.cc:2215] T 92318a1b744e4baa9c7d3f3b9758739b P f78a2351568c4a268ee1112681e22bec [term 27 FOLLOWER]: Leader pre-election vote request: Granting yes vote for candidate ded9b7f8677940fb91e1a8c8bceceaed in term 27.
I0312 20:10:22.447854 1510 raft_consensus.cc:2700] T 92318a1b744e4baa9c7d3f3b9758739b P ded9b7f8677940fb91e1a8c8bceceaed: Snoozing failure detection for 0.018s (starting election)
I0312 20:10:22.448071 1510 raft_consensus.cc:458] T 92318a1b744e4baa9c7d3f3b9758739b P ded9b7f8677940fb91e1a8c8bceceaed [term 27 FOLLOWER]: Starting pre-election with config: opid_index: -1 OBSOLETE_local: false peers { permanent_uuid: "f78a2351568c4a268ee1112681e22bec" member_type: VOTER last_known_addr { host: "127.0.53.3" port: 43274 } } peers { permanent_uuid: "6885de38238442d6a9e5f1eb9fb569ff" member_type: VOTER last_known_addr { host: "127.0.53.2" port: 51697 } } peers { permanent_uuid: "ded9b7f8677940fb91e1a8c8bceceaed" member_type: VOTER last_known_addr { host: "127.0.53.1" port: 35037 } }
W0312 20:10:22.448601 1027 leader_election.cc:287] T 92318a1b744e4baa9c7d3f3b9758739b P ded9b7f8677940fb91e1a8c8bceceaed [CANDIDATE]: Term 28 pre-election: RPC error from VoteRequest() call to peer f78a2351568c4a268ee1112681e22bec: Timed out: RequestConsensusVote RPC to 127.0.53.3:43274 timed out after 0.015s (SENT)
I0312 20:10:22.449041 1510 leader_election.cc:231] T 92318a1b744e4baa9c7d3f3b9758739b P ded9b7f8677940fb91e1a8c8bceceaed [CANDIDATE]: Term 28 pre-election: Requesting pre-vote from peer f78a2351568c4a268ee1112681e22bec
I0312 20:10:22.449095 1506 raft_consensus.cc:2700] T 92318a1b744e4baa9c7d3f3b9758739b P ded9b7f8677940fb91e1a8c8bceceaed: Snoozing failure detection for 0.018s (election complete)
I0312 20:10:22.449345 1506 raft_consensus.cc:2455] T 92318a1b744e4baa9c7d3f3b9758739b P ded9b7f8677940fb91e1a8c8bceceaed [term 27 FOLLOWER]: Leader election lost for term 27. Reason: could not achieve majority
I0312 20:10:22.449426 1510 leader_election.cc:231] T 92318a1b744e4baa9c7d3f3b9758739b P ded9b7f8677940fb91e1a8c8bceceaed [CANDIDATE]: Term 28 pre-election: Requesting pre-vote from peer 6885de38238442d6a9e5f1eb9fb569ff
W0312 20:10:22.450070 1029 leader_election.cc:287] T 92318a1b744e4baa9c7d3f3b9758739b P ded9b7f8677940fb91e1a8c8bceceaed [CANDIDATE]: Term 28 pre-election: RPC error from VoteRequest() call to peer 6885de38238442d6a9e5f1eb9fb569ff: Timed out: RequestConsensusVote RPC to 127.0.53.2:51697 timed out after 0.015s (SENT)
I0312 20:10:22.450259 1029 leader_election.cc:258] T 92318a1b744e4baa9c7d3f3b9758739b P ded9b7f8677940fb91e1a8c8bceceaed [CANDIDATE]: Term 28 pre-election: Election decided. Result: candidate lost.
I0312 20:10:22.451113 1510 raft_consensus.cc:2700] T 92318a1b744e4baa9c7d3f3b9758739b P ded9b7f8677940fb91e1a8c8bceceaed: Snoozing failure detection for 0.028s (election complete)
I0312 20:10:22.451323 1510 raft_consensus.cc:2455] T 92318a1b744e4baa9c7d3f3b9758739b P ded9b7f8677940fb91e1a8c8bceceaed [term 27 FOLLOWER]: Leader pre-election lost for term 28. Reason: could not achieve majority
I0312 20:10:22.452677 1519 raft_consensus.cc:2700] T 92318a1b744e4baa9c7d3f3b9758739b P f78a2351568c4a268ee1112681e22bec: Snoozing failure detection for 0.335s (election complete)
I0312 20:10:22.452906 1519 raft_consensus.cc:2455] T 92318a1b744e4baa9c7d3f3b9758739b P f78a2351568c4a268ee1112681e22bec [term 27 FOLLOWER]: Leader pre-election lost for term 27. Reason: could not achieve majority
I0312 20:10:22.453428 1093 raft_consensus.cc:1058] T 92318a1b744e4baa9c7d3f3b9758739b P ded9b7f8677940fb91e1a8c8bceceaed [term 27 FOLLOWER]: Refusing update from remote peer 6885de38238442d6a9e5f1eb9fb569ff: Log matching property violated. Preceding OpId in replica: term: 25 index: 863. Preceding OpId from leader: term: 27 index: 864. (index mismatch)
I0312 20:10:22.453769 1345 raft_consensus.cc:1058] T 92318a1b744e4baa9c7d3f3b9758739b P f78a2351568c4a268ee1112681e22bec [term 27 FOLLOWER]: Refusing update from remote peer 6885de38238442d6a9e5f1eb9fb569ff: Log matching property violated. Preceding OpId in replica: term: 25 index: 863. Preceding OpId from leader: term: 27 index: 864. (index mismatch)
I0312 20:10:22.454015 1220 tablet_service.cc:993] Received RequestConsensusVote() RPC: tablet_id: "92318a1b744e4baa9c7d3f3b9758739b" candidate_uuid: "ded9b7f8677940fb91e1a8c8bceceaed" candidate_term: 28 candidate_status { last_received { term: 25 index: 863 } } ignore_live_leader: false dest_uuid: "6885de38238442d6a9e5f1eb9fb569ff" is_pre_election: true
I0312 20:10:22.454494 1220 raft_consensus.cc:2176] T 92318a1b744e4baa9c7d3f3b9758739b P 6885de38238442d6a9e5f1eb9fb569ff [term 27 LEADER]: Leader pre-election vote request: Denying vote to candidate ded9b7f8677940fb91e1a8c8bceceaed for term 28 because replica is either leader or believes a valid leader to be alive.
I0312 20:10:22.454875 1345 tablet_service.cc:993] Received RequestConsensusVote() RPC: tablet_id: "92318a1b744e4baa9c7d3f3b9758739b" candidate_uuid: "ded9b7f8677940fb91e1a8c8bceceaed" candidate_term: 28 candidate_status { last_received { term: 25 index: 863 } } ignore_live_leader: false dest_uuid: "f78a2351568c4a268ee1112681e22bec" is_pre_election: true
I0312 20:10:22.454828 1517 consensus_queue.cc:1017] T 92318a1b744e4baa9c7d3f3b9758739b P 6885de38238442d6a9e5f1eb9fb569ff [LEADER]: Connected to new peer: Peer: permanent_uuid: "f78a2351568c4a268ee1112681e22bec" member_type: VOTER last_known_addr { host: "127.0.53.3" port: 43274 }, Status: LMP_MISMATCH, Last received: 25.863, Next index: 864, Last known committed idx: 863, Time since last communication: 0.000s
I0312 20:10:22.455248 1345 raft_consensus.cc:2700] T 92318a1b744e4baa9c7d3f3b9758739b P f78a2351568c4a268ee1112681e22bec: Snoozing failure detection for 2.067s (vote granted)
I0312 20:10:22.455436 1345 raft_consensus.cc:2215] T 92318a1b744e4baa9c7d3f3b9758739b P f78a2351568c4a268ee1112681e22bec [term 27 FOLLOWER]: Leader pre-election vote request: Granting yes vote for candidate ded9b7f8677940fb91e1a8c8bceceaed in term 27.
I0312 20:10:22.455958 1029 leader_election.cc:377] T 92318a1b744e4baa9c7d3f3b9758739b P ded9b7f8677940fb91e1a8c8bceceaed [CANDIDATE]: Term 28 pre-election: Vote denied by peer 6885de38238442d6a9e5f1eb9fb569ff. Message: Invalid argument: T 92318a1b744e4baa9c7d3f3b9758739b P 6885de38238442d6a9e5f1eb9fb569ff [term 27 LEADER]: Leader pre-election vote request: Denying vote to candidate ded9b7f8677940fb91e1a8c8bceceaed for term 28 because replica is either leader or believes a valid leader to be alive.
I0312 20:10:22.455793 1508 consensus_queue.cc:1017] T 92318a1b744e4baa9c7d3f3b9758739b P 6885de38238442d6a9e5f1eb9fb569ff [LEADER]: Connected to new peer: Peer: permanent_uuid: "ded9b7f8677940fb91e1a8c8bceceaed" member_type: VOTER last_known_addr { host: "127.0.53.1" port: 35037 }, Status: LMP_MISMATCH, Last received: 25.863, Next index: 864, Last known committed idx: 863, Time since last communication: 0.000s
I0312 20:10:22.456269 1027 leader_election.cc:363] T 92318a1b744e4baa9c7d3f3b9758739b P ded9b7f8677940fb91e1a8c8bceceaed [CANDIDATE]: Term 28 pre-election: Vote granted by peer f78a2351568c4a268ee1112681e22bec
I0312 20:10:22.456487 1027 leader_election.cc:258] T 92318a1b744e4baa9c7d3f3b9758739b P ded9b7f8677940fb91e1a8c8bceceaed [CANDIDATE]: Term 28 pre-election: Election decided. Result: candidate won.
I0312 20:10:22.457084 1510 raft_consensus.cc:2700] T 92318a1b744e4baa9c7d3f3b9758739b P ded9b7f8677940fb91e1a8c8bceceaed: Snoozing failure detection for 0.031s (election complete)
I0312 20:10:22.457298 1510 raft_consensus.cc:2507] T 92318a1b744e4baa9c7d3f3b9758739b P ded9b7f8677940fb91e1a8c8bceceaed [term 27 FOLLOWER]: Leader pre-election won for term 28
I0312 20:10:22.457473 1510 raft_consensus.cc:436] T 92318a1b744e4baa9c7d3f3b9758739b P ded9b7f8677940fb91e1a8c8bceceaed [term 27 FOLLOWER]: Starting leader election (no leader contacted us within the election timeout)
I0312 20:10:22.457640 1510 raft_consensus.cc:2700] T 92318a1b744e4baa9c7d3f3b9758739b P ded9b7f8677940fb91e1a8c8bceceaed: Snoozing failure detection for 0.032s (starting election)
I0312 20:10:22.457808 1510 raft_consensus.cc:2752] T 92318a1b744e4baa9c7d3f3b9758739b P ded9b7f8677940fb91e1a8c8bceceaed [term 27 FOLLOWER]: Advancing to term 28
I0312 20:10:22.462198 1510 raft_consensus.cc:458] T 92318a1b744e4baa9c7d3f3b9758739b P ded9b7f8677940fb91e1a8c8bceceaed [term 28 FOLLOWER]: Starting leader election with config: opid_index: -1 OBSOLETE_local: false peers { permanent_uuid: "f78a2351568c4a268ee1112681e22bec" member_type: VOTER last_known_addr { host: "127.0.53.3" port: 43274 } } peers { permanent_uuid: "6885de38238442d6a9e5f1eb9fb569ff" member_type: VOTER last_known_addr { host: "127.0.53.2" port: 51697 } } peers { permanent_uuid: "ded9b7f8677940fb91e1a8c8bceceaed" member_type: VOTER last_known_addr { host: "127.0.53.1" port: 35037 } }
I0312 20:10:22.463063 1510 leader_election.cc:231] T 92318a1b744e4baa9c7d3f3b9758739b P ded9b7f8677940fb91e1a8c8bceceaed [CANDIDATE]: Term 28 election: Requesting vote from peer f78a2351568c4a268ee1112681e22bec
I0312 20:10:22.463162 1093 raft_consensus.cc:1026] T 92318a1b744e4baa9c7d3f3b9758739b P ded9b7f8677940fb91e1a8c8bceceaed [term 28 FOLLOWER]: Rejecting Update request from peer 6885de38238442d6a9e5f1eb9fb569ff for earlier term 27. Current term is 28. Ops: []
I0312 20:10:22.463415 1510 leader_election.cc:231] T 92318a1b744e4baa9c7d3f3b9758739b P ded9b7f8677940fb91e1a8c8bceceaed [CANDIDATE]: Term 28 election: Requesting vote from peer 6885de38238442d6a9e5f1eb9fb569ff
I0312 20:10:22.464205 1345 tablet_service.cc:993] Received RequestConsensusVote() RPC: tablet_id: "92318a1b744e4baa9c7d3f3b9758739b" candidate_uuid: "ded9b7f8677940fb91e1a8c8bceceaed" candidate_term: 28 candidate_status { last_received { term: 25 index: 863 } } ignore_live_leader: false dest_uuid: "f78a2351568c4a268ee1112681e22bec"
I0312 20:10:22.464586 1345 raft_consensus.cc:2752] T 92318a1b744e4baa9c7d3f3b9758739b P f78a2351568c4a268ee1112681e22bec [term 27 FOLLOWER]: Advancing to term 28
I0312 20:10:22.464809 1345 raft_consensus.cc:2700] T 92318a1b744e4baa9c7d3f3b9758739b P f78a2351568c4a268ee1112681e22bec: Snoozing failure detection for 2.516s (vote granted)
I0312 20:10:22.466009 1220 tablet_service.cc:993] Received RequestConsensusVote() RPC: tablet_id: "92318a1b744e4baa9c7d3f3b9758739b" candidate_uuid: "ded9b7f8677940fb91e1a8c8bceceaed" candidate_term: 28 candidate_status { last_received { term: 25 index: 863 } } ignore_live_leader: false dest_uuid: "6885de38238442d6a9e5f1eb9fb569ff"
I0312 20:10:22.466481 1220 raft_consensus.cc:2176] T 92318a1b744e4baa9c7d3f3b9758739b P 6885de38238442d6a9e5f1eb9fb569ff [term 27 LEADER]: Leader election vote request: Denying vote to candidate ded9b7f8677940fb91e1a8c8bceceaed for term 28 because replica is either leader or believes a valid leader to be alive.
I0312 20:10:22.467118 1029 leader_election.cc:377] T 92318a1b744e4baa9c7d3f3b9758739b P ded9b7f8677940fb91e1a8c8bceceaed [CANDIDATE]: Term 28 election: Vote denied by peer 6885de38238442d6a9e5f1eb9fb569ff. Message: Invalid argument: T 92318a1b744e4baa9c7d3f3b9758739b P 6885de38238442d6a9e5f1eb9fb569ff [term 27 LEADER]: Leader election vote request: Denying vote to candidate ded9b7f8677940fb91e1a8c8bceceaed for term 28 because replica is either leader or believes a valid leader to be alive.
I0312 20:10:22.469045 1517 consensus_queue.cc:1028] T 92318a1b744e4baa9c7d3f3b9758739b P 6885de38238442d6a9e5f1eb9fb569ff [LEADER]: Peer responded invalid term: Peer: permanent_uuid: "ded9b7f8677940fb91e1a8c8bceceaed" member_type: VOTER last_known_addr { host: "127.0.53.1" port: 35037 }, Status: INVALID_TERM, Last received: 25.863, Next index: 864, Last known committed idx: 863, Time since last communication: 0.000s
I0312 20:10:22.469518 1508 raft_consensus.cc:2747] T 92318a1b744e4baa9c7d3f3b9758739b P 6885de38238442d6a9e5f1eb9fb569ff [term 27 LEADER]: Stepping down as leader of term 27
I0312 20:10:22.469672 1508 raft_consensus.cc:605] T 92318a1b744e4baa9c7d3f3b9758739b P 6885de38238442d6a9e5f1eb9fb569ff [term 27 LEADER]: Becoming Follower/Learner. State: Replica: 6885de38238442d6a9e5f1eb9fb569ff, State: Running, Role: LEADER
I0312 20:10:22.470024 1508 consensus_queue.cc:219] T 92318a1b744e4baa9c7d3f3b9758739b P 6885de38238442d6a9e5f1eb9fb569ff [NON_LEADER]: Queue going to NON_LEADER mode. State: All replicated index: 0, Majority replicated index: 863, Committed index: 863, Last appended: 27.864, Last appended by leader: 864, Current term: 27, Majority size: -1, State: 0, Mode: NON_LEADER, active raft config: opid_index: -1 OBSOLETE_local: false peers { permanent_uuid: "f78a2351568c4a268ee1112681e22bec" member_type: VOTER last_known_addr { host: "127.0.53.3" port: 43274 } } peers { permanent_uuid: "6885de38238442d6a9e5f1eb9fb569ff" member_type: VOTER last_known_addr { host: "127.0.53.2" port: 51697 } } peers { permanent_uuid: "ded9b7f8677940fb91e1a8c8bceceaed" member_type: VOTER last_known_addr { host: "127.0.53.1" port: 35037 } }
I0312 20:10:22.470633 1508 consensus_peers.cc:458] T 92318a1b744e4baa9c7d3f3b9758739b P 6885de38238442d6a9e5f1eb9fb569ff -> Peer ded9b7f8677940fb91e1a8c8bceceaed (127.0.53.1:35037): Closing peer: ded9b7f8677940fb91e1a8c8bceceaed
I0312 20:10:22.470804 1508 consensus_peers.cc:458] T 92318a1b744e4baa9c7d3f3b9758739b P 6885de38238442d6a9e5f1eb9fb569ff -> Peer f78a2351568c4a268ee1112681e22bec (127.0.53.3:43274): Closing peer: f78a2351568c4a268ee1112681e22bec
I0312 20:10:22.471005 1508 raft_consensus.cc:2752] T 92318a1b744e4baa9c7d3f3b9758739b P 6885de38238442d6a9e5f1eb9fb569ff [term 27 FOLLOWER]: Advancing to term 28
I0312 20:10:22.482002 1508 raft_consensus.cc:436] T 92318a1b744e4baa9c7d3f3b9758739b P 6885de38238442d6a9e5f1eb9fb569ff [term 28 FOLLOWER]: Starting pre-election (no leader contacted us within the election timeout)
I0312 20:10:22.482153 1508 raft_consensus.cc:2700] T 92318a1b744e4baa9c7d3f3b9758739b P 6885de38238442d6a9e5f1eb9fb569ff: Snoozing failure detection for 0.016s (starting election)
I0312 20:10:22.482303 1508 raft_consensus.cc:458] T 92318a1b744e4baa9c7d3f3b9758739b P 6885de38238442d6a9e5f1eb9fb569ff [term 28 FOLLOWER]: Starting pre-election with config: opid_index: -1 OBSOLETE_local: false peers { permanent_uuid: "f78a2351568c4a268ee1112681e22bec" member_type: VOTER last_known_addr { host: "127.0.53.3" port: 43274 } } peers { permanent_uuid: "6885de38238442d6a9e5f1eb9fb569ff" member_type: VOTER last_known_addr { host: "127.0.53.2" port: 51697 } } peers { permanent_uuid: "ded9b7f8677940fb91e1a8c8bceceaed" member_type: VOTER last_known_addr { host: "127.0.53.1" port: 35037 } }
I0312 20:10:22.482969 1508 leader_election.cc:231] T 92318a1b744e4baa9c7d3f3b9758739b P 6885de38238442d6a9e5f1eb9fb569ff [CANDIDATE]: Term 29 pre-election: Requesting pre-vote from peer f78a2351568c4a268ee1112681e22bec
I0312 20:10:22.483222 1508 leader_election.cc:231] T 92318a1b744e4baa9c7d3f3b9758739b P 6885de38238442d6a9e5f1eb9fb569ff [CANDIDATE]: Term 29 pre-election: Requesting pre-vote from peer ded9b7f8677940fb91e1a8c8bceceaed
I0312 20:10:22.484017 1346 tablet_service.cc:993] Received RequestConsensusVote() RPC: tablet_id: "92318a1b744e4baa9c7d3f3b9758739b" candidate_uuid: "6885de38238442d6a9e5f1eb9fb569ff" candidate_term: 29 candidate_status { last_received { term: 27 index: 864 } } ignore_live_leader: false dest_uuid: "f78a2351568c4a268ee1112681e22bec" is_pre_election: true
I0312 20:10:22.484184 1093 tablet_service.cc:993] Received RequestConsensusVote() RPC: tablet_id: "92318a1b744e4baa9c7d3f3b9758739b" candidate_uuid: "6885de38238442d6a9e5f1eb9fb569ff" candidate_term: 29 candidate_status { last_received { term: 27 index: 864 } } ignore_live_leader: false dest_uuid: "ded9b7f8677940fb91e1a8c8bceceaed" is_pre_election: true
I0312 20:10:22.484604 1093 raft_consensus.cc:2700] T 92318a1b744e4baa9c7d3f3b9758739b P ded9b7f8677940fb91e1a8c8bceceaed: Snoozing failure detection for 0.044s (vote granted)
I0312 20:10:22.484757 1093 raft_consensus.cc:2215] T 92318a1b744e4baa9c7d3f3b9758739b P ded9b7f8677940fb91e1a8c8bceceaed [term 28 FOLLOWER]: Leader pre-election vote request: Granting yes vote for candidate 6885de38238442d6a9e5f1eb9fb569ff in term 28.
I0312 20:10:22.485391 1153 leader_election.cc:363] T 92318a1b744e4baa9c7d3f3b9758739b P 6885de38238442d6a9e5f1eb9fb569ff [CANDIDATE]: Term 29 pre-election: Vote granted by peer ded9b7f8677940fb91e1a8c8bceceaed
I0312 20:10:22.485532 1153 leader_election.cc:258] T 92318a1b744e4baa9c7d3f3b9758739b P 6885de38238442d6a9e5f1eb9fb569ff [CANDIDATE]: Term 29 pre-election: Election decided. Result: candidate won.
I0312 20:10:22.485852 1508 raft_consensus.cc:2700] T 92318a1b744e4baa9c7d3f3b9758739b P 6885de38238442d6a9e5f1eb9fb569ff: Snoozing failure detection for 0.019s (election complete)
I0312 20:10:22.486045 1508 raft_consensus.cc:2507] T 92318a1b744e4baa9c7d3f3b9758739b P 6885de38238442d6a9e5f1eb9fb569ff [term 28 FOLLOWER]: Leader pre-election won for term 29
I0312 20:10:22.486165 1508 raft_consensus.cc:436] T 92318a1b744e4baa9c7d3f3b9758739b P 6885de38238442d6a9e5f1eb9fb569ff [term 28 FOLLOWER]: Starting leader election (no leader contacted us within the election timeout)
I0312 20:10:22.486271 1508 raft_consensus.cc:2700] T 92318a1b744e4baa9c7d3f3b9758739b P 6885de38238442d6a9e5f1eb9fb569ff: Snoozing failure detection for 0.018s (starting election)
I0312 20:10:22.486414 1508 raft_consensus.cc:2752] T 92318a1b744e4baa9c7d3f3b9758739b P 6885de38238442d6a9e5f1eb9fb569ff [term 28 FOLLOWER]: Advancing to term 29
W0312 20:10:22.496317 1027 leader_election.cc:287] T 92318a1b744e4baa9c7d3f3b9758739b P ded9b7f8677940fb91e1a8c8bceceaed [CANDIDATE]: Term 28 election: RPC error from VoteRequest() call to peer f78a2351568c4a268ee1112681e22bec: Timed out: RequestConsensusVote RPC to 127.0.53.3:43274 timed out after 0.032s (SENT)
I0312 20:10:22.496472 1027 leader_election.cc:258] T 92318a1b744e4baa9c7d3f3b9758739b P ded9b7f8677940fb91e1a8c8bceceaed [CANDIDATE]: Term 28 election: Election decided. Result: candidate lost.
I0312 20:10:22.496783 1510 raft_consensus.cc:2700] T 92318a1b744e4baa9c7d3f3b9758739b P ded9b7f8677940fb91e1a8c8bceceaed: Snoozing failure detection for 0.043s (election complete)
I0312 20:10:22.496961 1510 raft_consensus.cc:2455] T 92318a1b744e4baa9c7d3f3b9758739b P ded9b7f8677940fb91e1a8c8bceceaed [term 28 FOLLOWER]: Leader election lost for term 28. Reason: could not achieve majority
W0312 20:10:22.499653 1152 leader_election.cc:287] T 92318a1b744e4baa9c7d3f3b9758739b P 6885de38238442d6a9e5f1eb9fb569ff [CANDIDATE]: Term 29 pre-election: RPC error from VoteRequest() call to peer f78a2351568c4a268ee1112681e22bec: Timed out: RequestConsensusVote RPC to 127.0.53.3:43274 timed out after 0.016s (SENT)
I0312 20:10:22.540832 1510 raft_consensus.cc:436] T 92318a1b744e4baa9c7d3f3b9758739b P ded9b7f8677940fb91e1a8c8bceceaed [term 28 FOLLOWER]: Starting pre-election (no leader contacted us within the election timeout)
I0312 20:10:22.540987 1510 raft_consensus.cc:2700] T 92318a1b744e4baa9c7d3f3b9758739b P ded9b7f8677940fb91e1a8c8bceceaed: Snoozing failure detection for 0.023s (starting election)
I0312 20:10:22.541151 1510 raft_consensus.cc:458] T 92318a1b744e4baa9c7d3f3b9758739b P ded9b7f8677940fb91e1a8c8bceceaed [term 28 FOLLOWER]: Starting pre-election with config: opid_index: -1 OBSOLETE_local: false peers { permanent_uuid: "f78a2351568c4a268ee1112681e22bec" member_type: VOTER last_known_addr { host: "127.0.53.3" port: 43274 } } peers { permanent_uuid: "6885de38238442d6a9e5f1eb9fb569ff" member_type: VOTER last_known_addr { host: "127.0.53.2" port: 51697 } } peers { permanent_uuid: "ded9b7f8677940fb91e1a8c8bceceaed" member_type: VOTER last_known_addr { host: "127.0.53.1" port: 35037 } }
I0312 20:10:22.541810 1510 leader_election.cc:231] T 92318a1b744e4baa9c7d3f3b9758739b P ded9b7f8677940fb91e1a8c8bceceaed [CANDIDATE]: Term 29 pre-election: Requesting pre-vote from peer f78a2351568c4a268ee1112681e22bec
I0312 20:10:22.542073 1510 leader_election.cc:231] T 92318a1b744e4baa9c7d3f3b9758739b P ded9b7f8677940fb91e1a8c8bceceaed [CANDIDATE]: Term 29 pre-election: Requesting pre-vote from peer 6885de38238442d6a9e5f1eb9fb569ff
I0312 20:10:22.542945 1343 tablet_service.cc:993] Received RequestConsensusVote() RPC: tablet_id: "92318a1b744e4baa9c7d3f3b9758739b" candidate_uuid: "ded9b7f8677940fb91e1a8c8bceceaed" candidate_term: 29 candidate_status { last_received { term: 25 index: 863 } } ignore_live_leader: false dest_uuid: "f78a2351568c4a268ee1112681e22bec" is_pre_election: true
I0312 20:10:22.543089 1220 tablet_service.cc:993] Received RequestConsensusVote() RPC: tablet_id: "92318a1b744e4baa9c7d3f3b9758739b" candidate_uuid: "ded9b7f8677940fb91e1a8c8bceceaed" candidate_term: 29 candidate_status { last_received { term: 25 index: 863 } } ignore_live_leader: false dest_uuid: "6885de38238442d6a9e5f1eb9fb569ff" is_pre_election: true
I0312 20:10:22.564445 1510 raft_consensus.cc:436] T 92318a1b744e4baa9c7d3f3b9758739b P ded9b7f8677940fb91e1a8c8bceceaed [term 28 FOLLOWER]: Starting pre-election (no leader contacted us within the election timeout)
I0312 20:10:22.564613 1510 raft_consensus.cc:2700] T 92318a1b744e4baa9c7d3f3b9758739b P ded9b7f8677940fb91e1a8c8bceceaed: Snoozing failure detection for 0.047s (starting election)
I0312 20:10:22.564774 1510 raft_consensus.cc:458] T 92318a1b744e4baa9c7d3f3b9758739b P ded9b7f8677940fb91e1a8c8bceceaed [term 28 FOLLOWER]: Starting pre-election with config: opid_index: -1 OBSOLETE_local: false peers { permanent_uuid: "f78a2351568c4a268ee1112681e22bec" member_type: VOTER last_known_addr { host: "127.0.53.3" port: 43274 } } peers { permanent_uuid: "6885de38238442d6a9e5f1eb9fb569ff" member_type: VOTER last_known_addr { host: "127.0.53.2" port: 51697 } } peers { permanent_uuid: "ded9b7f8677940fb91e1a8c8bceceaed" member_type: VOTER last_known_addr { host: "127.0.53.1" port: 35037 } }
I0312 20:10:22.565459 1510 leader_election.cc:231] T 92318a1b744e4baa9c7d3f3b9758739b P ded9b7f8677940fb91e1a8c8bceceaed [CANDIDATE]: Term 29 pre-election: Requesting pre-vote from peer f78a2351568c4a268ee1112681e22bec
W0312 20:10:22.565716 1027 leader_election.cc:287] T 92318a1b744e4baa9c7d3f3b9758739b P ded9b7f8677940fb91e1a8c8bceceaed [CANDIDATE]: Term 29 pre-election: RPC error from VoteRequest() call to peer f78a2351568c4a268ee1112681e22bec: Timed out: RequestConsensusVote RPC to 127.0.53.3:43274 timed out after 0.023s (SENT)
I0312 20:10:22.565771 1510 leader_election.cc:231] T 92318a1b744e4baa9c7d3f3b9758739b P ded9b7f8677940fb91e1a8c8bceceaed [CANDIDATE]: Term 29 pre-election: Requesting pre-vote from peer 6885de38238442d6a9e5f1eb9fb569ff
W0312 20:10:22.565976 1029 leader_election.cc:287] T 92318a1b744e4baa9c7d3f3b9758739b P ded9b7f8677940fb91e1a8c8bceceaed [CANDIDATE]: Term 29 pre-election: RPC error from VoteRequest() call to peer 6885de38238442d6a9e5f1eb9fb569ff: Timed out: RequestConsensusVote RPC to 127.0.53.2:51697 timed out after 0.023s (SENT)
I0312 20:10:22.566179 1029 leader_election.cc:258] T 92318a1b744e4baa9c7d3f3b9758739b P ded9b7f8677940fb91e1a8c8bceceaed [CANDIDATE]: Term 29 pre-election: Election decided. Result: candidate lost.
I0312 20:10:22.566557 1510 raft_consensus.cc:2700] T 92318a1b744e4baa9c7d3f3b9758739b P ded9b7f8677940fb91e1a8c8bceceaed: Snoozing failure detection for 0.047s (election complete)
I0312 20:10:22.566710 1510 raft_consensus.cc:2455] T 92318a1b744e4baa9c7d3f3b9758739b P ded9b7f8677940fb91e1a8c8bceceaed [term 28 FOLLOWER]: Leader pre-election lost for term 29. Reason: could not achieve majority
I0312 20:10:22.566866 1342 tablet_service.cc:993] Received RequestConsensusVote() RPC: tablet_id: "92318a1b744e4baa9c7d3f3b9758739b" candidate_uuid: "ded9b7f8677940fb91e1a8c8bceceaed" candidate_term: 29 candidate_status { last_received { term: 25 index: 863 } } ignore_live_leader: false dest_uuid: "f78a2351568c4a268ee1112681e22bec" is_pre_election: true
I0312 20:10:22.567356 1219 tablet_service.cc:993] Received RequestConsensusVote() RPC: tablet_id: "92318a1b744e4baa9c7d3f3b9758739b" candidate_uuid: "ded9b7f8677940fb91e1a8c8bceceaed" candidate_term: 29 candidate_status { last_received { term: 25 index: 863 } } ignore_live_leader: false dest_uuid: "6885de38238442d6a9e5f1eb9fb569ff" is_pre_election: true
W0312 20:10:22.613664 1027 leader_election.cc:287] T 92318a1b744e4baa9c7d3f3b9758739b P ded9b7f8677940fb91e1a8c8bceceaed [CANDIDATE]: Term 29 pre-election: RPC error from VoteRequest() call to peer f78a2351568c4a268ee1112681e22bec: Timed out: RequestConsensusVote RPC to 127.0.53.3:43274 timed out after 0.047s (SENT)
W0312 20:10:22.614346 1029 leader_election.cc:287] T 92318a1b744e4baa9c7d3f3b9758739b P ded9b7f8677940fb91e1a8c8bceceaed [CANDIDATE]: Term 29 pre-election: RPC error from VoteRequest() call to peer 6885de38238442d6a9e5f1eb9fb569ff: Timed out: RequestConsensusVote RPC to 127.0.53.2:51697 timed out after 0.047s (SENT)
I0312 20:10:22.614507 1029 leader_election.cc:258] T 92318a1b744e4baa9c7d3f3b9758739b P ded9b7f8677940fb91e1a8c8bceceaed [CANDIDATE]: Term 29 pre-election: Election decided. Result: candidate lost.
I0312 20:10:22.614742 1510 raft_consensus.cc:436] T 92318a1b744e4baa9c7d3f3b9758739b P ded9b7f8677940fb91e1a8c8bceceaed [term 28 FOLLOWER]: Starting pre-election (no leader contacted us within the election timeout)
I0312 20:10:22.614903 1510 raft_consensus.cc:2700] T 92318a1b744e4baa9c7d3f3b9758739b P ded9b7f8677940fb91e1a8c8bceceaed: Snoozing failure detection for 0.053s (starting election)
I0312 20:10:22.615072 1510 raft_consensus.cc:458] T 92318a1b744e4baa9c7d3f3b9758739b P ded9b7f8677940fb91e1a8c8bceceaed [term 28 FOLLOWER]: Starting pre-election with config: opid_index: -1 OBSOLETE_local: false peers { permanent_uuid: "f78a2351568c4a268ee1112681e22bec" member_type: VOTER last_known_addr { host: "127.0.53.3" port: 43274 } } peers { permanent_uuid: "6885de38238442d6a9e5f1eb9fb569ff" member_type: VOTER last_known_addr { host: "127.0.53.2" port: 51697 } } peers { permanent_uuid: "ded9b7f8677940fb91e1a8c8bceceaed" member_type: VOTER last_known_addr { host: "127.0.53.1" port: 35037 } }
I0312 20:10:22.615800 1510 leader_election.cc:231] T 92318a1b744e4baa9c7d3f3b9758739b P ded9b7f8677940fb91e1a8c8bceceaed [CANDIDATE]: Term 29 pre-election: Requesting pre-vote from peer f78a2351568c4a268ee1112681e22bec
I0312 20:10:22.615826 1506 raft_consensus.cc:2700] T 92318a1b744e4baa9c7d3f3b9758739b P ded9b7f8677940fb91e1a8c8bceceaed: Snoozing failure detection for 0.113s (election complete)
I0312 20:10:22.616011 1506 raft_consensus.cc:2455] T 92318a1b744e4baa9c7d3f3b9758739b P ded9b7f8677940fb91e1a8c8bceceaed [term 28 FOLLOWER]: Leader pre-election lost for term 29. Reason: could not achieve majority
I0312 20:10:22.616099 1510 leader_election.cc:231] T 92318a1b744e4baa9c7d3f3b9758739b P ded9b7f8677940fb91e1a8c8bceceaed [CANDIDATE]: Term 29 pre-election: Requesting pre-vote from peer 6885de38238442d6a9e5f1eb9fb569ff
I0312 20:10:22.616950 1341 tablet_service.cc:993] Received RequestConsensusVote() RPC: tablet_id: "92318a1b744e4baa9c7d3f3b9758739b" candidate_uuid: "ded9b7f8677940fb91e1a8c8bceceaed" candidate_term: 29 candidate_status { last_received { term: 25 index: 863 } } ignore_live_leader: false dest_uuid: "f78a2351568c4a268ee1112681e22bec" is_pre_election: true
I0312 20:10:22.617141 1216 tablet_service.cc:993] Received RequestConsensusVote() RPC: tablet_id: "92318a1b744e4baa9c7d3f3b9758739b" candidate_uuid: "ded9b7f8677940fb91e1a8c8bceceaed" candidate_term: 29 candidate_status { last_received { term: 25 index: 863 } } ignore_live_leader: false dest_uuid: "6885de38238442d6a9e5f1eb9fb569ff" is_pre_election: true
W0312 20:10:22.669662 1027 leader_election.cc:287] T 92318a1b744e4baa9c7d3f3b9758739b P ded9b7f8677940fb91e1a8c8bceceaed [CANDIDATE]: Term 29 pre-election: RPC error from VoteRequest() call to peer f78a2351568c4a268ee1112681e22bec: Timed out: RequestConsensusVote RPC to 127.0.53.3:43274 timed out after 0.053s (SENT)
W0312 20:10:22.669914 1029 leader_election.cc:287] T 92318a1b744e4baa9c7d3f3b9758739b P ded9b7f8677940fb91e1a8c8bceceaed [CANDIDATE]: Term 29 pre-election: RPC error from VoteRequest() call to peer 6885de38238442d6a9e5f1eb9fb569ff: Timed out: RequestConsensusVote RPC to 127.0.53.2:51697 timed out after 0.053s (SENT)
I0312 20:10:22.670044 1029 leader_election.cc:258] T 92318a1b744e4baa9c7d3f3b9758739b P ded9b7f8677940fb91e1a8c8bceceaed [CANDIDATE]: Term 29 pre-election: Election decided. Result: candidate lost.
I0312 20:10:22.670322 1510 raft_consensus.cc:2700] T 92318a1b744e4baa9c7d3f3b9758739b P ded9b7f8677940fb91e1a8c8bceceaed: Snoozing failure detection for 0.170s (election complete)
I0312 20:10:22.670480 1510 raft_consensus.cc:2455] T 92318a1b744e4baa9c7d3f3b9758739b P ded9b7f8677940fb91e1a8c8bceceaed [term 28 FOLLOWER]: Leader pre-election lost for term 29. Reason: could not achieve majority
I0312 20:10:22.842211 1510 raft_consensus.cc:436] T 92318a1b744e4baa9c7d3f3b9758739b P ded9b7f8677940fb91e1a8c8bceceaed [term 28 FOLLOWER]: Starting pre-election (no leader contacted us within the election timeout)
I0312 20:10:22.842391 1510 raft_consensus.cc:2700] T 92318a1b744e4baa9c7d3f3b9758739b P ded9b7f8677940fb91e1a8c8bceceaed: Snoozing failure detection for 0.221s (starting election)
I0312 20:10:22.842591 1510 raft_consensus.cc:458] T 92318a1b744e4baa9c7d3f3b9758739b P ded9b7f8677940fb91e1a8c8bceceaed [term 28 FOLLOWER]: Starting pre-election with config: opid_index: -1 OBSOLETE_local: false peers { permanent_uuid: "f78a2351568c4a268ee1112681e22bec" member_type: VOTER last_known_addr { host: "127.0.53.3" port: 43274 } } peers { permanent_uuid: "6885de38238442d6a9e5f1eb9fb569ff" member_type: VOTER last_known_addr { host: "127.0.53.2" port: 51697 } } peers { permanent_uuid: "ded9b7f8677940fb91e1a8c8bceceaed" member_type: VOTER last_known_addr { host: "127.0.53.1" port: 35037 } }
I0312 20:10:22.843345 1510 leader_election.cc:231] T 92318a1b744e4baa9c7d3f3b9758739b P ded9b7f8677940fb91e1a8c8bceceaed [CANDIDATE]: Term 29 pre-election: Requesting pre-vote from peer f78a2351568c4a268ee1112681e22bec
I0312 20:10:22.843621 1510 leader_election.cc:231] T 92318a1b744e4baa9c7d3f3b9758739b P ded9b7f8677940fb91e1a8c8bceceaed [CANDIDATE]: Term 29 pre-election: Requesting pre-vote from peer 6885de38238442d6a9e5f1eb9fb569ff
I0312 20:10:22.844439 1340 tablet_service.cc:993] Received RequestConsensusVote() RPC: tablet_id: "92318a1b744e4baa9c7d3f3b9758739b" candidate_uuid: "ded9b7f8677940fb91e1a8c8bceceaed" candidate_term: 29 candidate_status { last_received { term: 25 index: 863 } } ignore_live_leader: false dest_uuid: "f78a2351568c4a268ee1112681e22bec" is_pre_election: true
I0312 20:10:22.844604 1215 tablet_service.cc:993] Received RequestConsensusVote() RPC: tablet_id: "92318a1b744e4baa9c7d3f3b9758739b" candidate_uuid: "ded9b7f8677940fb91e1a8c8bceceaed" candidate_term: 29 candidate_status { last_received { term: 25 index: 863 } } ignore_live_leader: false dest_uuid: "6885de38238442d6a9e5f1eb9fb569ff" is_pre_election: true
I0312 20:10:23.064203 1510 raft_consensus.cc:436] T 92318a1b744e4baa9c7d3f3b9758739b P ded9b7f8677940fb91e1a8c8bceceaed [term 28 FOLLOWER]: Starting pre-election (no leader contacted us within the election timeout)
I0312 20:10:23.064415 1510 raft_consensus.cc:2700] T 92318a1b744e4baa9c7d3f3b9758739b P ded9b7f8677940fb91e1a8c8bceceaed: Snoozing failure detection for 0.120s (starting election)
I0312 20:10:23.064595 1510 raft_consensus.cc:458] T 92318a1b744e4baa9c7d3f3b9758739b P ded9b7f8677940fb91e1a8c8bceceaed [term 28 FOLLOWER]: Starting pre-election with config: opid_index: -1 OBSOLETE_local: false peers { permanent_uuid: "f78a2351568c4a268ee1112681e22bec" member_type: VOTER last_known_addr { host: "127.0.53.3" port: 43274 } } peers { permanent_uuid: "6885de38238442d6a9e5f1eb9fb569ff" member_type: VOTER last_known_addr { host: "127.0.53.2" port: 51697 } } peers { permanent_uuid: "ded9b7f8677940fb91e1a8c8bceceaed" member_type: VOTER last_known_addr { host: "127.0.53.1" port: 35037 } }
I0312 20:10:23.065402 1510 leader_election.cc:231] T 92318a1b744e4baa9c7d3f3b9758739b P ded9b7f8677940fb91e1a8c8bceceaed [CANDIDATE]: Term 29 pre-election: Requesting pre-vote from peer f78a2351568c4a268ee1112681e22bec
W0312 20:10:23.065604 1027 leader_election.cc:287] T 92318a1b744e4baa9c7d3f3b9758739b P ded9b7f8677940fb91e1a8c8bceceaed [CANDIDATE]: Term 29 pre-election: RPC error from VoteRequest() call to peer f78a2351568c4a268ee1112681e22bec: Timed out: RequestConsensusVote RPC to 127.0.53.3:43274 timed out after 0.221s (SENT)
I0312 20:10:23.065675 1510 leader_election.cc:231] T 92318a1b744e4baa9c7d3f3b9758739b P ded9b7f8677940fb91e1a8c8bceceaed [CANDIDATE]: Term 29 pre-election: Requesting pre-vote from peer 6885de38238442d6a9e5f1eb9fb569ff
W0312 20:10:23.065863 1029 leader_election.cc:287] T 92318a1b744e4baa9c7d3f3b9758739b P ded9b7f8677940fb91e1a8c8bceceaed [CANDIDATE]: Term 29 pre-election: RPC error from VoteRequest() call to peer 6885de38238442d6a9e5f1eb9fb569ff: Timed out: RequestConsensusVote RPC to 127.0.53.2:51697 timed out after 0.221s (SENT)
I0312 20:10:23.066079 1029 leader_election.cc:258] T 92318a1b744e4baa9c7d3f3b9758739b P ded9b7f8677940fb91e1a8c8bceceaed [CANDIDATE]: Term 29 pre-election: Election decided. Result: candidate lost.
I0312 20:10:23.066469 1510 raft_consensus.cc:2700] T 92318a1b744e4baa9c7d3f3b9758739b P ded9b7f8677940fb91e1a8c8bceceaed: Snoozing failure detection for 0.194s (election complete)
I0312 20:10:23.066658 1510 raft_consensus.cc:2455] T 92318a1b744e4baa9c7d3f3b9758739b P ded9b7f8677940fb91e1a8c8bceceaed [term 28 FOLLOWER]: Leader pre-election lost for term 29. Reason: could not achieve majority
I0312 20:10:23.066782 1339 tablet_service.cc:993] Received RequestConsensusVote() RPC: tablet_id: "92318a1b744e4baa9c7d3f3b9758739b" candidate_uuid: "ded9b7f8677940fb91e1a8c8bceceaed" candidate_term: 29 candidate_status { last_received { term: 25 index: 863 } } ignore_live_leader: false dest_uuid: "f78a2351568c4a268ee1112681e22bec" is_pre_election: true
I0312 20:10:23.067312 1217 tablet_service.cc:993] Received RequestConsensusVote() RPC: tablet_id: "92318a1b744e4baa9c7d3f3b9758739b" candidate_uuid: "ded9b7f8677940fb91e1a8c8bceceaed" candidate_term: 29 candidate_status { last_received { term: 25 index: 863 } } ignore_live_leader: false dest_uuid: "6885de38238442d6a9e5f1eb9fb569ff" is_pre_election: true
W0312 20:10:23.186806 1027 leader_election.cc:287] T 92318a1b744e4baa9c7d3f3b9758739b P ded9b7f8677940fb91e1a8c8bceceaed [CANDIDATE]: Term 29 pre-election: RPC error from VoteRequest() call to peer f78a2351568c4a268ee1112681e22bec: Timed out: RequestConsensusVote RPC to 127.0.53.3:43274 timed out after 0.120s (SENT)
W0312 20:10:23.187412 1029 leader_election.cc:287] T 92318a1b744e4baa9c7d3f3b9758739b P ded9b7f8677940fb91e1a8c8bceceaed [CANDIDATE]: Term 29 pre-election: RPC error from VoteRequest() call to peer 6885de38238442d6a9e5f1eb9fb569ff: Timed out: RequestConsensusVote RPC to 127.0.53.2:51697 timed out after 0.120s (SENT)
I0312 20:10:23.187554 1029 leader_election.cc:258] T 92318a1b744e4baa9c7d3f3b9758739b P ded9b7f8677940fb91e1a8c8bceceaed [CANDIDATE]: Term 29 pre-election: Election decided. Result: candidate lost.
I0312 20:10:23.187885 1510 raft_consensus.cc:2700] T 92318a1b744e4baa9c7d3f3b9758739b P ded9b7f8677940fb91e1a8c8bceceaed: Snoozing failure detection for 0.250s (election complete)
I0312 20:10:23.188081 1510 raft_consensus.cc:2455] T 92318a1b744e4baa9c7d3f3b9758739b P ded9b7f8677940fb91e1a8c8bceceaed [term 28 FOLLOWER]: Leader pre-election lost for term 29. Reason: could not achieve majority
I0312 20:10:23.439280 1510 raft_consensus.cc:436] T 92318a1b744e4baa9c7d3f3b9758739b P ded9b7f8677940fb91e1a8c8bceceaed [term 28 FOLLOWER]: Starting pre-election (no leader contacted us within the election timeout)
I0312 20:10:23.439533 1510 raft_consensus.cc:2700] T 92318a1b744e4baa9c7d3f3b9758739b P ded9b7f8677940fb91e1a8c8bceceaed: Snoozing failure detection for 0.364s (starting election)
I0312 20:10:23.439724 1510 raft_consensus.cc:458] T 92318a1b744e4baa9c7d3f3b9758739b P ded9b7f8677940fb91e1a8c8bceceaed [term 28 FOLLOWER]: Starting pre-election with config: opid_index: -1 OBSOLETE_local: false peers { permanent_uuid: "f78a2351568c4a268ee1112681e22bec" member_type: VOTER last_known_addr { host: "127.0.53.3" port: 43274 } } peers { permanent_uuid: "6885de38238442d6a9e5f1eb9fb569ff" member_type: VOTER last_known_addr { host: "127.0.53.2" port: 51697 } } peers { permanent_uuid: "ded9b7f8677940fb91e1a8c8bceceaed" member_type: VOTER last_known_addr { host: "127.0.53.1" port: 35037 } }
I0312 20:10:23.440534 1510 leader_election.cc:231] T 92318a1b744e4baa9c7d3f3b9758739b P ded9b7f8677940fb91e1a8c8bceceaed [CANDIDATE]: Term 29 pre-election: Requesting pre-vote from peer f78a2351568c4a268ee1112681e22bec
I0312 20:10:23.440846 1510 leader_election.cc:231] T 92318a1b744e4baa9c7d3f3b9758739b P ded9b7f8677940fb91e1a8c8bceceaed [CANDIDATE]: Term 29 pre-election: Requesting pre-vote from peer 6885de38238442d6a9e5f1eb9fb569ff
I0312 20:10:23.441951 1338 tablet_service.cc:993] Received RequestConsensusVote() RPC: tablet_id: "92318a1b744e4baa9c7d3f3b9758739b" candidate_uuid: "ded9b7f8677940fb91e1a8c8bceceaed" candidate_term: 29 candidate_status { last_received { term: 25 index: 863 } } ignore_live_leader: false dest_uuid: "f78a2351568c4a268ee1112681e22bec" is_pre_election: true
I0312 20:10:23.442277 1218 tablet_service.cc:993] Received RequestConsensusVote() RPC: tablet_id: "92318a1b744e4baa9c7d3f3b9758739b" candidate_uuid: "ded9b7f8677940fb91e1a8c8bceceaed" candidate_term: 29 candidate_status { last_received { term: 25 index: 863 } } ignore_live_leader: false dest_uuid: "6885de38238442d6a9e5f1eb9fb569ff" is_pre_election: true
I0312 20:10:23.804385 1510 raft_consensus.cc:436] T 92318a1b744e4baa9c7d3f3b9758739b P ded9b7f8677940fb91e1a8c8bceceaed [term 28 FOLLOWER]: Starting pre-election (no leader contacted us within the election timeout)
I0312 20:10:23.804584 1510 raft_consensus.cc:2700] T 92318a1b744e4baa9c7d3f3b9758739b P ded9b7f8677940fb91e1a8c8bceceaed: Snoozing failure detection for 0.448s (starting election)
I0312 20:10:23.804774 1510 raft_consensus.cc:458] T 92318a1b744e4baa9c7d3f3b9758739b P ded9b7f8677940fb91e1a8c8bceceaed [term 28 FOLLOWER]: Starting pre-election with config: opid_index: -1 OBSOLETE_local: false peers { permanent_uuid: "f78a2351568c4a268ee1112681e22bec" member_type: VOTER last_known_addr { host: "127.0.53.3" port: 43274 } } peers { permanent_uuid: "6885de38238442d6a9e5f1eb9fb569ff" member_type: VOTER last_known_addr { host: "127.0.53.2" port: 51697 } } peers { permanent_uuid: "ded9b7f8677940fb91e1a8c8bceceaed" member_type: VOTER last_known_addr { host: "127.0.53.1" port: 35037 } }
W0312 20:10:23.805373 1027 leader_election.cc:287] T 92318a1b744e4baa9c7d3f3b9758739b P ded9b7f8677940fb91e1a8c8bceceaed [CANDIDATE]: Term 29 pre-election: RPC error from VoteRequest() call to peer f78a2351568c4a268ee1112681e22bec: Timed out: RequestConsensusVote RPC to 127.0.53.3:43274 timed out after 0.364s (SENT)
W0312 20:10:23.805634 1029 leader_election.cc:287] T 92318a1b744e4baa9c7d3f3b9758739b P ded9b7f8677940fb91e1a8c8bceceaed [CANDIDATE]: Term 29 pre-election: RPC error from VoteRequest() call to peer 6885de38238442d6a9e5f1eb9fb569ff: Timed out: RequestConsensusVote RPC to 127.0.53.2:51697 timed out after 0.364s (SENT)
I0312 20:10:23.805634 1510 leader_election.cc:231] T 92318a1b744e4baa9c7d3f3b9758739b P ded9b7f8677940fb91e1a8c8bceceaed [CANDIDATE]: Term 29 pre-election: Requesting pre-vote from peer f78a2351568c4a268ee1112681e22bec
I0312 20:10:23.805883 1029 leader_election.cc:258] T 92318a1b744e4baa9c7d3f3b9758739b P ded9b7f8677940fb91e1a8c8bceceaed [CANDIDATE]: Term 29 pre-election: Election decided. Result: candidate lost.
I0312 20:10:23.806108 1510 leader_election.cc:231] T 92318a1b744e4baa9c7d3f3b9758739b P ded9b7f8677940fb91e1a8c8bceceaed [CANDIDATE]: Term 29 pre-election: Requesting pre-vote from peer 6885de38238442d6a9e5f1eb9fb569ff
I0312 20:10:23.806527 1510 raft_consensus.cc:2700] T 92318a1b744e4baa9c7d3f3b9758739b P ded9b7f8677940fb91e1a8c8bceceaed: Snoozing failure detection for 0.070s (election complete)
I0312 20:10:23.806780 1510 raft_consensus.cc:2455] T 92318a1b744e4baa9c7d3f3b9758739b P ded9b7f8677940fb91e1a8c8bceceaed [term 28 FOLLOWER]: Leader pre-election lost for term 29. Reason: could not achieve majority
I0312 20:10:23.807742 1337 tablet_service.cc:993] Received RequestConsensusVote() RPC: tablet_id: "92318a1b744e4baa9c7d3f3b9758739b" candidate_uuid: "ded9b7f8677940fb91e1a8c8bceceaed" candidate_term: 29 candidate_status { last_received { term: 25 index: 863 } } ignore_live_leader: false dest_uuid: "f78a2351568c4a268ee1112681e22bec" is_pre_election: true
I0312 20:10:23.807862 1221 tablet_service.cc:993] Received RequestConsensusVote() RPC: tablet_id: "92318a1b744e4baa9c7d3f3b9758739b" candidate_uuid: "ded9b7f8677940fb91e1a8c8bceceaed" candidate_term: 29 candidate_status { last_received { term: 25 index: 863 } } ignore_live_leader: false dest_uuid: "6885de38238442d6a9e5f1eb9fb569ff" is_pre_election: true
I0312 20:10:23.877946 1510 raft_consensus.cc:436] T 92318a1b744e4baa9c7d3f3b9758739b P ded9b7f8677940fb91e1a8c8bceceaed [term 28 FOLLOWER]: Starting pre-election (no leader contacted us within the election timeout)
I0312 20:10:23.878111 1510 raft_consensus.cc:2700] T 92318a1b744e4baa9c7d3f3b9758739b P ded9b7f8677940fb91e1a8c8bceceaed: Snoozing failure detection for 0.476s (starting election)
I0312 20:10:23.878269 1510 raft_consensus.cc:458] T 92318a1b744e4baa9c7d3f3b9758739b P ded9b7f8677940fb91e1a8c8bceceaed [term 28 FOLLOWER]: Starting pre-election with config: opid_index: -1 OBSOLETE_local: false peers { permanent_uuid: "f78a2351568c4a268ee1112681e22bec" member_type: VOTER last_known_addr { host: "127.0.53.3" port: 43274 } } peers { permanent_uuid: "6885de38238442d6a9e5f1eb9fb569ff" member_type: VOTER last_known_addr { host: "127.0.53.2" port: 51697 } } peers { permanent_uuid: "ded9b7f8677940fb91e1a8c8bceceaed" member_type: VOTER last_known_addr { host: "127.0.53.1" port: 35037 } }
I0312 20:10:23.878995 1510 leader_election.cc:231] T 92318a1b744e4baa9c7d3f3b9758739b P ded9b7f8677940fb91e1a8c8bceceaed [CANDIDATE]: Term 29 pre-election: Requesting pre-vote from peer f78a2351568c4a268ee1112681e22bec
I0312 20:10:23.879252 1510 leader_election.cc:231] T 92318a1b744e4baa9c7d3f3b9758739b P ded9b7f8677940fb91e1a8c8bceceaed [CANDIDATE]: Term 29 pre-election: Requesting pre-vote from peer 6885de38238442d6a9e5f1eb9fb569ff
I0312 20:10:23.880228 1336 tablet_service.cc:993] Received RequestConsensusVote() RPC: tablet_id: "92318a1b744e4baa9c7d3f3b9758739b" candidate_uuid: "ded9b7f8677940fb91e1a8c8bceceaed" candidate_term: 29 candidate_status { last_received { term: 25 index: 863 } } ignore_live_leader: false dest_uuid: "f78a2351568c4a268ee1112681e22bec" is_pre_election: true
I0312 20:10:23.880370 1214 tablet_service.cc:993] Received RequestConsensusVote() RPC: tablet_id: "92318a1b744e4baa9c7d3f3b9758739b" candidate_uuid: "ded9b7f8677940fb91e1a8c8bceceaed" candidate_term: 29 candidate_status { last_received { term: 25 index: 863 } } ignore_live_leader: false dest_uuid: "6885de38238442d6a9e5f1eb9fb569ff" is_pre_election: true
W0312 20:10:23.974486 1345 consensus_meta.cc:216] T 92318a1b744e4baa9c7d3f3b9758739b P f78a2351568c4a268ee1112681e22bec: Time spent flushing consensus metadata: real 1.509s user 0.004s sys 0.000s
I0312 20:10:23.974704 1345 raft_consensus.cc:2215] T 92318a1b744e4baa9c7d3f3b9758739b P f78a2351568c4a268ee1112681e22bec [term 28 FOLLOWER]: Leader election vote request: Granting yes vote for candidate ded9b7f8677940fb91e1a8c8bceceaed in term 28.
W0312 20:10:23.974961 1508 consensus_meta.cc:216] T 92318a1b744e4baa9c7d3f3b9758739b P 6885de38238442d6a9e5f1eb9fb569ff: Time spent flushing consensus metadata: real 1.488s user 0.004s sys 0.000s
W0312 20:10:23.975047 1345 rpcz_store.cc:251] Call kudu.consensus.ConsensusService.RequestConsensusVote from 127.0.53.1:47760 (request call id 967) took 1511ms (client timeout 32).
I0312 20:10:23.975121 1344 raft_consensus.cc:1026] T 92318a1b744e4baa9c7d3f3b9758739b P f78a2351568c4a268ee1112681e22bec [term 28 FOLLOWER]: Rejecting Update request from peer 6885de38238442d6a9e5f1eb9fb569ff for earlier term 27. Current term is 28. Ops: []
W0312 20:10:23.975564 1345 rpcz_store.cc:255] Trace: 0312 20:10:22.464009 (+ 0us) service_pool.cc:163] Inserting onto call queue 0312 20:10:22.464094 (+ 85us) service_pool.cc:222] Handling call 0312 20:10:23.974997 (+1510903us) inbound_call.cc:157] Queueing success response Metrics: {}
I0312 20:10:23.975219 1508 raft_consensus.cc:458] T 92318a1b744e4baa9c7d3f3b9758739b P 6885de38238442d6a9e5f1eb9fb569ff [term 29 FOLLOWER]: Starting leader election with config: opid_index: -1 OBSOLETE_local: false peers { permanent_uuid: "f78a2351568c4a268ee1112681e22bec" member_type: VOTER last_known_addr { host: "127.0.53.3" port: 43274 } } peers { permanent_uuid: "6885de38238442d6a9e5f1eb9fb569ff" member_type: VOTER last_known_addr { host: "127.0.53.2" port: 51697 } } peers { permanent_uuid: "ded9b7f8677940fb91e1a8c8bceceaed" member_type: VOTER last_known_addr { host: "127.0.53.1" port: 35037 } }
I0312 20:10:23.975718 1344 rpcz_store.cc:265] Call kudu.consensus.ConsensusService.UpdateConsensus from 127.0.53.2:37068 (request call id 61) took 1510ms. Request Metrics: {"spinlock_wait_cycles":3472135552}
I0312 20:10:23.976011 1340 raft_consensus.cc:2190] T 92318a1b744e4baa9c7d3f3b9758739b P f78a2351568c4a268ee1112681e22bec [term 28 FOLLOWER]: Leader pre-election vote request: Denying vote to candidate ded9b7f8677940fb91e1a8c8bceceaed for term 29 because replica is already servicing an update from a current leader or another vote.
I0312 20:10:23.976287 1508 leader_election.cc:231] T 92318a1b744e4baa9c7d3f3b9758739b P 6885de38238442d6a9e5f1eb9fb569ff [CANDIDATE]: Term 29 election: Requesting vote from peer f78a2351568c4a268ee1112681e22bec
I0312 20:10:23.976646 1508 leader_election.cc:231] T 92318a1b744e4baa9c7d3f3b9758739b P 6885de38238442d6a9e5f1eb9fb569ff [CANDIDATE]: Term 29 election: Requesting vote from peer ded9b7f8677940fb91e1a8c8bceceaed
W0312 20:10:23.976544 1340 rpcz_store.cc:251] Call kudu.consensus.ConsensusService.RequestConsensusVote from 127.0.53.1:47760 (request call id 971) took 1132ms (client timeout 221).
I0312 20:10:23.977242 1221 raft_consensus.cc:2190] T 92318a1b744e4baa9c7d3f3b9758739b P 6885de38238442d6a9e5f1eb9fb569ff [term 29 FOLLOWER]: Leader pre-election vote request: Denying vote to candidate ded9b7f8677940fb91e1a8c8bceceaed for term 29 because replica is already servicing an update from a current leader or another vote.
W0312 20:10:23.977337 1340 rpcz_store.cc:255] Trace: 0312 20:10:22.844136 (+ 0us) service_pool.cc:163] Inserting onto call queue 0312 20:10:22.844255 (+ 119us) service_pool.cc:222] Handling call 0312 20:10:23.976409 (+1132154us) spinlock_profiling.cc:261] Waited 1.13 s on lock 0x7b480003009c. stack: 00007f173be47c74 00007f173be47b70 00007f173a937314 00007f1743984294 00007f1743984229 00007f174252e606 00007f17439c256b 00007f173e375b24 00007f173e375ab1 00007f173e3759c4 00007f173d9d1c29 00007f173d9d16ec 00007f173d9d2bcd 00007f173d9d4946 00007f173d9d489a 00007f173d9d4823 0312 20:10:23.976496 (+ 87us) inbound_call.cc:157] Queueing success response Metrics: {"spinlock_wait_cycles":2602353408}
I0312 20:10:23.977828 1340 tablet_service.cc:993] Received RequestConsensusVote() RPC: tablet_id: "92318a1b744e4baa9c7d3f3b9758739b" candidate_uuid: "6885de38238442d6a9e5f1eb9fb569ff" candidate_term: 29 candidate_status { last_received { term: 27 index: 864 } } ignore_live_leader: false dest_uuid: "f78a2351568c4a268ee1112681e22bec"
I0312 20:10:23.977917 1517 raft_consensus.cc:436] T 92318a1b744e4baa9c7d3f3b9758739b P 6885de38238442d6a9e5f1eb9fb569ff [term 29 FOLLOWER]: Starting pre-election (no leader contacted us within the election timeout)
I0312 20:10:23.978127 1517 raft_consensus.cc:2700] T 92318a1b744e4baa9c7d3f3b9758739b P 6885de38238442d6a9e5f1eb9fb569ff: Snoozing failure detection for 0.017s (starting election)
I0312 20:10:23.978332 1029 leader_election.cc:377] T 92318a1b744e4baa9c7d3f3b9758739b P ded9b7f8677940fb91e1a8c8bceceaed [CANDIDATE]: Term 29 pre-election: Vote denied by peer 6885de38238442d6a9e5f1eb9fb569ff. Message: Service unavailable: T 92318a1b744e4baa9c7d3f3b9758739b P 6885de38238442d6a9e5f1eb9fb569ff [term 29 FOLLOWER]: Leader pre-election vote request: Denying vote to candidate ded9b7f8677940fb91e1a8c8bceceaed for term 29 because replica is already servicing an update from a current leader or another vote.
