I0312 20:10:12.437988 1464 raft_consensus.cc:436] T 92318a1b744e4baa9c7d3f3b9758739b P f78a2351568c4a268ee1112681e22bec [term 19 FOLLOWER]: Starting pre-election (detected failure of leader ded9b7f8677940fb91e1a8c8bceceaed)
I0312 20:10:12.438256 1464 raft_consensus.cc:2700] T 92318a1b744e4baa9c7d3f3b9758739b P f78a2351568c4a268ee1112681e22bec: Snoozing failure detection for 0.019s (starting election)
I0312 20:10:12.438509 1464 raft_consensus.cc:458] T 92318a1b744e4baa9c7d3f3b9758739b P f78a2351568c4a268ee1112681e22bec [term 19 FOLLOWER]: Starting pre-election with config: opid_index: -1 OBSOLETE_local: false peers { permanent_uuid: "f78a2351568c4a268ee1112681e22bec" member_type: VOTER last_known_addr { host: "127.0.53.3" port: 43274 } } peers { permanent_uuid: "6885de38238442d6a9e5f1eb9fb569ff" member_type: VOTER last_known_addr { host: "127.0.53.2" port: 51697 } } peers { permanent_uuid: "ded9b7f8677940fb91e1a8c8bceceaed" member_type: VOTER last_known_addr { host: "127.0.53.1" port: 35037 } }
I0312 20:10:12.447625 1464 leader_election.cc:231] T 92318a1b744e4baa9c7d3f3b9758739b P f78a2351568c4a268ee1112681e22bec [CANDIDATE]: Term 20 pre-election: Requesting pre-vote from peer 6885de38238442d6a9e5f1eb9fb569ff
I0312 20:10:12.449705 1217 tablet_service.cc:993] Received RequestConsensusVote() RPC: tablet_id: "92318a1b744e4baa9c7d3f3b9758739b" candidate_uuid: "f78a2351568c4a268ee1112681e22bec" candidate_term: 20 candidate_status { last_received { term: 19 index: 87 } } ignore_live_leader: false dest_uuid: "6885de38238442d6a9e5f1eb9fb569ff" is_pre_election: true
W0312 20:10:12.450359 1279 leader_election.cc:287] T 92318a1b744e4baa9c7d3f3b9758739b P f78a2351568c4a268ee1112681e22bec [CANDIDATE]: Term 19 pre-election: RPC error from VoteRequest() call to peer 6885de38238442d6a9e5f1eb9fb569ff: Timed out: RequestConsensusVote RPC to 127.0.53.2:51697 timed out after 0.050s (SENT)
I0312 20:10:12.450577 1279 leader_election.cc:258] T 92318a1b744e4baa9c7d3f3b9758739b P f78a2351568c4a268ee1112681e22bec [CANDIDATE]: Term 19 pre-election: Election decided. Result: candidate lost.
I0312 20:10:12.451177 1415 raft_consensus.cc:2700] T 92318a1b744e4baa9c7d3f3b9758739b P f78a2351568c4a268ee1112681e22bec: Snoozing failure detection for 0.019s (election complete)
I0312 20:10:12.451382 1415 raft_consensus.cc:2455] T 92318a1b744e4baa9c7d3f3b9758739b P f78a2351568c4a268ee1112681e22bec [term 19 FOLLOWER]: Leader pre-election lost for term 19. Reason: could not achieve majority
I0312 20:10:12.451707 1464 leader_election.cc:231] T 92318a1b744e4baa9c7d3f3b9758739b P f78a2351568c4a268ee1112681e22bec [CANDIDATE]: Term 20 pre-election: Requesting pre-vote from peer ded9b7f8677940fb91e1a8c8bceceaed
I0312 20:10:12.453510 1094 tablet_service.cc:993] Received RequestConsensusVote() RPC: tablet_id: "92318a1b744e4baa9c7d3f3b9758739b" candidate_uuid: "f78a2351568c4a268ee1112681e22bec" candidate_term: 20 candidate_status { last_received { term: 19 index: 87 } } ignore_live_leader: false dest_uuid: "ded9b7f8677940fb91e1a8c8bceceaed" is_pre_election: true
I0312 20:10:12.454041 1094 raft_consensus.cc:2176] T 92318a1b744e4baa9c7d3f3b9758739b P ded9b7f8677940fb91e1a8c8bceceaed [term 19 LEADER]: Leader pre-election vote request: Denying vote to candidate f78a2351568c4a268ee1112681e22bec for term 20 because replica is either leader or believes a valid leader to be alive.
I0312 20:10:12.455423 1278 leader_election.cc:377] T 92318a1b744e4baa9c7d3f3b9758739b P f78a2351568c4a268ee1112681e22bec [CANDIDATE]: Term 20 pre-election: Vote denied by peer ded9b7f8677940fb91e1a8c8bceceaed. Message: Invalid argument: T 92318a1b744e4baa9c7d3f3b9758739b P ded9b7f8677940fb91e1a8c8bceceaed [term 19 LEADER]: Leader pre-election vote request: Denying vote to candidate f78a2351568c4a268ee1112681e22bec for term 20 because replica is either leader or believes a valid leader to be alive.
W0312 20:10:12.467737 1279 leader_election.cc:287] T 92318a1b744e4baa9c7d3f3b9758739b P f78a2351568c4a268ee1112681e22bec [CANDIDATE]: Term 20 pre-election: RPC error from VoteRequest() call to peer 6885de38238442d6a9e5f1eb9fb569ff: Timed out: RequestConsensusVote RPC to 127.0.53.2:51697 timed out after 0.019s (SENT)
I0312 20:10:12.467957 1279 leader_election.cc:258] T 92318a1b744e4baa9c7d3f3b9758739b P f78a2351568c4a268ee1112681e22bec [CANDIDATE]: Term 20 pre-election: Election decided. Result: candidate lost.
I0312 20:10:12.468569 1464 raft_consensus.cc:2700] T 92318a1b744e4baa9c7d3f3b9758739b P f78a2351568c4a268ee1112681e22bec: Snoozing failure detection for 0.026s (election complete)
I0312 20:10:12.468844 1464 raft_consensus.cc:2455] T 92318a1b744e4baa9c7d3f3b9758739b P f78a2351568c4a268ee1112681e22bec [term 19 FOLLOWER]: Leader pre-election lost for term 20. Reason: could not achieve majority
I0312 20:10:12.506953 1464 raft_consensus.cc:436] T 92318a1b744e4baa9c7d3f3b9758739b P f78a2351568c4a268ee1112681e22bec [term 19 FOLLOWER]: Starting pre-election (detected failure of leader ded9b7f8677940fb91e1a8c8bceceaed)
I0312 20:10:12.507608 1464 raft_consensus.cc:2700] T 92318a1b744e4baa9c7d3f3b9758739b P f78a2351568c4a268ee1112681e22bec: Snoozing failure detection for 0.030s (starting election)
I0312 20:10:12.509268 1464 raft_consensus.cc:458] T 92318a1b744e4baa9c7d3f3b9758739b P f78a2351568c4a268ee1112681e22bec [term 19 FOLLOWER]: Starting pre-election with config: opid_index: -1 OBSOLETE_local: false peers { permanent_uuid: "f78a2351568c4a268ee1112681e22bec" member_type: VOTER last_known_addr { host: "127.0.53.3" port: 43274 } } peers { permanent_uuid: "6885de38238442d6a9e5f1eb9fb569ff" member_type: VOTER last_known_addr { host: "127.0.53.2" port: 51697 } } peers { permanent_uuid: "ded9b7f8677940fb91e1a8c8bceceaed" member_type: VOTER last_known_addr { host: "127.0.53.1" port: 35037 } }
I0312 20:10:12.510469 1464 leader_election.cc:231] T 92318a1b744e4baa9c7d3f3b9758739b P f78a2351568c4a268ee1112681e22bec [CANDIDATE]: Term 20 pre-election: Requesting pre-vote from peer 6885de38238442d6a9e5f1eb9fb569ff
I0312 20:10:12.513404 1464 leader_election.cc:231] T 92318a1b744e4baa9c7d3f3b9758739b P f78a2351568c4a268ee1112681e22bec [CANDIDATE]: Term 20 pre-election: Requesting pre-vote from peer ded9b7f8677940fb91e1a8c8bceceaed
I0312 20:10:12.514559 1216 tablet_service.cc:993] Received RequestConsensusVote() RPC: tablet_id: "92318a1b744e4baa9c7d3f3b9758739b" candidate_uuid: "f78a2351568c4a268ee1112681e22bec" candidate_term: 20 candidate_status { last_received { term: 19 index: 89 } } ignore_live_leader: false dest_uuid: "6885de38238442d6a9e5f1eb9fb569ff" is_pre_election: true
I0312 20:10:12.514670 1094 tablet_service.cc:993] Received RequestConsensusVote() RPC: tablet_id: "92318a1b744e4baa9c7d3f3b9758739b" candidate_uuid: "f78a2351568c4a268ee1112681e22bec" candidate_term: 20 candidate_status { last_received { term: 19 index: 89 } } ignore_live_leader: false dest_uuid: "ded9b7f8677940fb91e1a8c8bceceaed" is_pre_election: true
I0312 20:10:12.515193 1094 raft_consensus.cc:2176] T 92318a1b744e4baa9c7d3f3b9758739b P ded9b7f8677940fb91e1a8c8bceceaed [term 19 LEADER]: Leader pre-election vote request: Denying vote to candidate f78a2351568c4a268ee1112681e22bec for term 20 because replica is either leader or believes a valid leader to be alive.
I0312 20:10:12.517192 1278 leader_election.cc:377] T 92318a1b744e4baa9c7d3f3b9758739b P f78a2351568c4a268ee1112681e22bec [CANDIDATE]: Term 20 pre-election: Vote denied by peer ded9b7f8677940fb91e1a8c8bceceaed. Message: Invalid argument: T 92318a1b744e4baa9c7d3f3b9758739b P ded9b7f8677940fb91e1a8c8bceceaed [term 19 LEADER]: Leader pre-election vote request: Denying vote to candidate f78a2351568c4a268ee1112681e22bec for term 20 because replica is either leader or believes a valid leader to be alive.
I0312 20:10:12.532603 1464 raft_consensus.cc:436] T 92318a1b744e4baa9c7d3f3b9758739b P f78a2351568c4a268ee1112681e22bec [term 19 FOLLOWER]: Starting pre-election (detected failure of leader ded9b7f8677940fb91e1a8c8bceceaed)
I0312 20:10:12.532832 1464 raft_consensus.cc:2700] T 92318a1b744e4baa9c7d3f3b9758739b P f78a2351568c4a268ee1112681e22bec: Snoozing failure detection for 0.029s (starting election)
I0312 20:10:12.533053 1464 raft_consensus.cc:458] T 92318a1b744e4baa9c7d3f3b9758739b P f78a2351568c4a268ee1112681e22bec [term 19 FOLLOWER]: Starting pre-election with config: opid_index: -1 OBSOLETE_local: false peers { permanent_uuid: "f78a2351568c4a268ee1112681e22bec" member_type: VOTER last_known_addr { host: "127.0.53.3" port: 43274 } } peers { permanent_uuid: "6885de38238442d6a9e5f1eb9fb569ff" member_type: VOTER last_known_addr { host: "127.0.53.2" port: 51697 } } peers { permanent_uuid: "ded9b7f8677940fb91e1a8c8bceceaed" member_type: VOTER last_known_addr { host: "127.0.53.1" port: 35037 } }
I0312 20:10:12.534087 1464 leader_election.cc:231] T 92318a1b744e4baa9c7d3f3b9758739b P f78a2351568c4a268ee1112681e22bec [CANDIDATE]: Term 20 pre-election: Requesting pre-vote from peer 6885de38238442d6a9e5f1eb9fb569ff
I0312 20:10:12.534459 1464 leader_election.cc:231] T 92318a1b744e4baa9c7d3f3b9758739b P f78a2351568c4a268ee1112681e22bec [CANDIDATE]: Term 20 pre-election: Requesting pre-vote from peer ded9b7f8677940fb91e1a8c8bceceaed
I0312 20:10:12.535950 1215 tablet_service.cc:993] Received RequestConsensusVote() RPC: tablet_id: "92318a1b744e4baa9c7d3f3b9758739b" candidate_uuid: "f78a2351568c4a268ee1112681e22bec" candidate_term: 20 candidate_status { last_received { term: 19 index: 91 } } ignore_live_leader: false dest_uuid: "6885de38238442d6a9e5f1eb9fb569ff" is_pre_election: true
W0312 20:10:12.544744 1279 leader_election.cc:287] T 92318a1b744e4baa9c7d3f3b9758739b P f78a2351568c4a268ee1112681e22bec [CANDIDATE]: Term 20 pre-election: RPC error from VoteRequest() call to peer 6885de38238442d6a9e5f1eb9fb569ff: Timed out: RequestConsensusVote RPC to 127.0.53.2:51697 timed out after 0.030s (SENT)
I0312 20:10:12.544968 1279 leader_election.cc:258] T 92318a1b744e4baa9c7d3f3b9758739b P f78a2351568c4a268ee1112681e22bec [CANDIDATE]: Term 20 pre-election: Election decided. Result: candidate lost.
I0312 20:10:12.546213 1464 raft_consensus.cc:2700] T 92318a1b744e4baa9c7d3f3b9758739b P f78a2351568c4a268ee1112681e22bec: Snoozing failure detection for 0.041s (election complete)
I0312 20:10:12.546427 1464 raft_consensus.cc:2455] T 92318a1b744e4baa9c7d3f3b9758739b P f78a2351568c4a268ee1112681e22bec [term 19 FOLLOWER]: Leader pre-election lost for term 20. Reason: could not achieve majority
I0312 20:10:12.549106 1094 tablet_service.cc:993] Received RequestConsensusVote() RPC: tablet_id: "92318a1b744e4baa9c7d3f3b9758739b" candidate_uuid: "f78a2351568c4a268ee1112681e22bec" candidate_term: 20 candidate_status { last_received { term: 19 index: 91 } } ignore_live_leader: false dest_uuid: "ded9b7f8677940fb91e1a8c8bceceaed" is_pre_election: true
I0312 20:10:12.550276 1094 raft_consensus.cc:2176] T 92318a1b744e4baa9c7d3f3b9758739b P ded9b7f8677940fb91e1a8c8bceceaed [term 19 LEADER]: Leader pre-election vote request: Denying vote to candidate f78a2351568c4a268ee1112681e22bec for term 20 because replica is either leader or believes a valid leader to be alive.
I0312 20:10:12.555662 1278 leader_election.cc:377] T 92318a1b744e4baa9c7d3f3b9758739b P f78a2351568c4a268ee1112681e22bec [CANDIDATE]: Term 20 pre-election: Vote denied by peer ded9b7f8677940fb91e1a8c8bceceaed. Message: Invalid argument: T 92318a1b744e4baa9c7d3f3b9758739b P ded9b7f8677940fb91e1a8c8bceceaed [term 19 LEADER]: Leader pre-election vote request: Denying vote to candidate f78a2351568c4a268ee1112681e22bec for term 20 because replica is either leader or believes a valid leader to be alive.
I0312 20:10:12.555928 1220 raft_consensus.cc:2215] T 92318a1b744e4baa9c7d3f3b9758739b P 6885de38238442d6a9e5f1eb9fb569ff [term 19 FOLLOWER]: Leader election vote request: Granting yes vote for candidate ded9b7f8677940fb91e1a8c8bceceaed in term 19.
W0312 20:10:12.556591 1220 rpcz_store.cc:251] Call kudu.consensus.ConsensusService.RequestConsensusVote from 127.0.53.1:43660 (request call id 75) took 165ms (client timeout 29).
I0312 20:10:12.558174 1219 raft_consensus.cc:2190] T 92318a1b744e4baa9c7d3f3b9758739b P 6885de38238442d6a9e5f1eb9fb569ff [term 19 FOLLOWER]: Leader pre-election vote request: Denying vote to candidate f78a2351568c4a268ee1112681e22bec for term 19 because replica is already servicing an update from a current leader or another vote.
W0312 20:10:12.558643 1219 rpcz_store.cc:251] Call kudu.consensus.ConsensusService.RequestConsensusVote from 127.0.53.3:38196 (request call id 71) took 159ms (client timeout 50).
I0312 20:10:12.559875 1454 raft_consensus.cc:436] T 92318a1b744e4baa9c7d3f3b9758739b P 6885de38238442d6a9e5f1eb9fb569ff [term 19 FOLLOWER]: Starting pre-election (no leader contacted us within the election timeout)
I0312 20:10:12.560120 1454 raft_consensus.cc:2700] T 92318a1b744e4baa9c7d3f3b9758739b P 6885de38238442d6a9e5f1eb9fb569ff: Snoozing failure detection for 0.042s (starting election)
I0312 20:10:12.560360 1454 raft_consensus.cc:458] T 92318a1b744e4baa9c7d3f3b9758739b P 6885de38238442d6a9e5f1eb9fb569ff [term 19 FOLLOWER]: Starting pre-election with config: opid_index: -1 OBSOLETE_local: false peers { permanent_uuid: "f78a2351568c4a268ee1112681e22bec" member_type: VOTER last_known_addr { host: "127.0.53.3" port: 43274 } } peers { permanent_uuid: "6885de38238442d6a9e5f1eb9fb569ff" member_type: VOTER last_known_addr { host: "127.0.53.2" port: 51697 } } peers { permanent_uuid: "ded9b7f8677940fb91e1a8c8bceceaed" member_type: VOTER last_known_addr { host: "127.0.53.1" port: 35037 } }
I0312 20:10:12.561525 1454 leader_election.cc:231] T 92318a1b744e4baa9c7d3f3b9758739b P 6885de38238442d6a9e5f1eb9fb569ff [CANDIDATE]: Term 20 pre-election: Requesting pre-vote from peer f78a2351568c4a268ee1112681e22bec
I0312 20:10:12.561888 1454 leader_election.cc:231] T 92318a1b744e4baa9c7d3f3b9758739b P 6885de38238442d6a9e5f1eb9fb569ff [CANDIDATE]: Term 20 pre-election: Requesting pre-vote from peer ded9b7f8677940fb91e1a8c8bceceaed
W0312 20:10:12.565053 1279 leader_election.cc:287] T 92318a1b744e4baa9c7d3f3b9758739b P f78a2351568c4a268ee1112681e22bec [CANDIDATE]: Term 20 pre-election: RPC error from VoteRequest() call to peer 6885de38238442d6a9e5f1eb9fb569ff: Timed out: RequestConsensusVote RPC to 127.0.53.2:51697 timed out after 0.029s (SENT)
I0312 20:10:12.565357 1279 leader_election.cc:258] T 92318a1b744e4baa9c7d3f3b9758739b P f78a2351568c4a268ee1112681e22bec [CANDIDATE]: Term 20 pre-election: Election decided. Result: candidate lost.
I0312 20:10:12.568012 1464 raft_consensus.cc:2700] T 92318a1b744e4baa9c7d3f3b9758739b P f78a2351568c4a268ee1112681e22bec: Snoozing failure detection for 0.069s (election complete)
I0312 20:10:12.569454 1464 raft_consensus.cc:2455] T 92318a1b744e4baa9c7d3f3b9758739b P f78a2351568c4a268ee1112681e22bec [term 19 FOLLOWER]: Leader pre-election lost for term 20. Reason: could not achieve majority
I0312 20:10:12.563356 1221 raft_consensus.cc:2190] T 92318a1b744e4baa9c7d3f3b9758739b P 6885de38238442d6a9e5f1eb9fb569ff [term 19 FOLLOWER]: Leader pre-election vote request: Denying vote to candidate ded9b7f8677940fb91e1a8c8bceceaed for term 20 because replica is already servicing an update from a current leader or another vote.
W0312 20:10:12.577260 1221 rpcz_store.cc:251] Call kudu.consensus.ConsensusService.RequestConsensusVote from 127.0.53.1:43660 (request call id 76) took 171ms (client timeout 25).
W0312 20:10:12.578811 1221 rpcz_store.cc:255] Trace: 0312 20:10:12.406180 (+ 0us) service_pool.cc:163] Inserting onto call queue 0312 20:10:12.406268 (+ 88us) service_pool.cc:222] Handling call 0312 20:10:12.577099 (+170831us) spinlock_profiling.cc:261] Waited 156 ms on lock 0x7b480003009c. stack: 00007efc5efb2c74 00007efc5efb2b70 00007efc5daa2314 00007efc66aef294 00007efc66aef229 00007efc65699606 00007efc66b2d56b 00007efc614e0b24 00007efc614e0ab1 00007efc614e09c4 00007efc60b3cc29 00007efc60b3c6ec 00007efc60b3dbcd 00007efc60b3f946 00007efc60b3f89a 00007efc60b3f823 0312 20:10:12.577205 (+ 106us) inbound_call.cc:157] Queueing success response Metrics: {"spinlock_wait_cycles":359749376}
I0312 20:10:12.579288 1217 raft_consensus.cc:2190] T 92318a1b744e4baa9c7d3f3b9758739b P 6885de38238442d6a9e5f1eb9fb569ff [term 19 FOLLOWER]: Leader pre-election vote request: Denying vote to candidate f78a2351568c4a268ee1112681e22bec for term 20 because replica is already servicing an update from a current leader or another vote.
W0312 20:10:12.579800 1217 rpcz_store.cc:251] Call kudu.consensus.ConsensusService.RequestConsensusVote from 127.0.53.3:38196 (request call id 72) took 131ms (client timeout 19).
W0312 20:10:12.580422 1217 rpcz_store.cc:255] Trace: 0312 20:10:12.448710 (+ 0us) service_pool.cc:163] Inserting onto call queue 0312 20:10:12.448818 (+ 108us) service_pool.cc:222] Handling call 0312 20:10:12.579664 (+130846us) spinlock_profiling.cc:261] Waited 129 ms on lock 0x7b480003009c. stack: 00007efc5efb2c74 00007efc5efb2b70 00007efc5daa2314 00007efc66aef294 00007efc66aef229 00007efc65699606 00007efc66b2d56b 00007efc614e0b24 00007efc614e0ab1 00007efc614e09c4 00007efc60b3cc29 00007efc60b3c6ec 00007efc60b3dbcd 00007efc60b3f946 00007efc60b3f89a 00007efc60b3f823 0312 20:10:12.579753 (+ 89us) inbound_call.cc:157] Queueing success response Metrics: {"spinlock_wait_cycles":296874240}
I0312 20:10:12.580914 1218 raft_consensus.cc:1058] T 92318a1b744e4baa9c7d3f3b9758739b P 6885de38238442d6a9e5f1eb9fb569ff [term 19 FOLLOWER]: Refusing update from remote peer ded9b7f8677940fb91e1a8c8bceceaed: Log matching property violated. Preceding OpId in replica: term: 17 index: 85. Preceding OpId from leader: term: 19 index: 87. (index mismatch)
I0312 20:10:12.581910 1215 raft_consensus.cc:2190] T 92318a1b744e4baa9c7d3f3b9758739b P 6885de38238442d6a9e5f1eb9fb569ff [term 19 FOLLOWER]: Leader pre-election vote request: Denying vote to candidate f78a2351568c4a268ee1112681e22bec for term 20 because replica is already servicing an update from a current leader or another vote.
W0312 20:10:12.582370 1215 rpcz_store.cc:251] Call kudu.consensus.ConsensusService.RequestConsensusVote from 127.0.53.3:38196 (request call id 74) took 46ms (client timeout 29).
W0312 20:10:12.583010 1215 rpcz_store.cc:255] Trace: 0312 20:10:12.535634 (+ 0us) service_pool.cc:163] Inserting onto call queue 0312 20:10:12.535730 (+ 96us) service_pool.cc:222] Handling call 0312 20:10:12.582246 (+ 46516us) spinlock_profiling.cc:261] Waited 45.4 ms on lock 0x7b480003009c. stack: 00007efc5efb2c74 00007efc5efb2b70 00007efc5daa2314 00007efc66aef294 00007efc66aef229 00007efc65699606 00007efc66b2d56b 00007efc614e0b24 00007efc614e0ab1 00007efc614e09c4 00007efc60b3cc29 00007efc60b3c6ec 00007efc60b3dbcd 00007efc60b3f946 00007efc60b3f89a 00007efc60b3f823 0312 20:10:12.582325 (+ 79us) inbound_call.cc:157] Queueing success response Metrics: {"spinlock_wait_cycles":104426880}
I0312 20:10:12.583387 1216 raft_consensus.cc:2190] T 92318a1b744e4baa9c7d3f3b9758739b P 6885de38238442d6a9e5f1eb9fb569ff [term 19 FOLLOWER]: Leader pre-election vote request: Denying vote to candidate f78a2351568c4a268ee1112681e22bec for term 20 because replica is already servicing an update from a current leader or another vote.
W0312 20:10:12.583822 1216 rpcz_store.cc:251] Call kudu.consensus.ConsensusService.RequestConsensusVote from 127.0.53.3:38196 (request call id 73) took 69ms (client timeout 30).
W0312 20:10:12.584404 1216 rpcz_store.cc:255] Trace: 0312 20:10:12.514222 (+ 0us) service_pool.cc:163] Inserting onto call queue 0312 20:10:12.514335 (+ 113us) service_pool.cc:222] Handling call 0312 20:10:12.583697 (+ 69362us) spinlock_profiling.cc:261] Waited 68.3 ms on lock 0x7b480003009c. stack: 00007efc5efb2c74 00007efc5efb2b70 00007efc5daa2314 00007efc66aef294 00007efc66aef229 00007efc65699606 00007efc66b2d56b 00007efc614e0b24 00007efc614e0ab1 00007efc614e09c4 00007efc60b3cc29 00007efc60b3c6ec 00007efc60b3dbcd 00007efc60b3f946 00007efc60b3f89a 00007efc60b3f823 0312 20:10:12.583778 (+ 81us) inbound_call.cc:157] Queueing success response Metrics: {"spinlock_wait_cycles":157083008}
I0312 20:10:12.586130 1094 tablet_service.cc:993] Received RequestConsensusVote() RPC: tablet_id: "92318a1b744e4baa9c7d3f3b9758739b" candidate_uuid: "6885de38238442d6a9e5f1eb9fb569ff" candidate_term: 20 candidate_status { last_received { term: 17 index: 85 } } ignore_live_leader: false dest_uuid: "ded9b7f8677940fb91e1a8c8bceceaed" is_pre_election: true
I0312 20:10:12.586664 1094 raft_consensus.cc:2176] T 92318a1b744e4baa9c7d3f3b9758739b P ded9b7f8677940fb91e1a8c8bceceaed [term 19 LEADER]: Leader pre-election vote request: Denying vote to candidate 6885de38238442d6a9e5f1eb9fb569ff for term 20 because replica is either leader or believes a valid leader to be alive.
I0312 20:10:12.587620 1153 leader_election.cc:377] T 92318a1b744e4baa9c7d3f3b9758739b P 6885de38238442d6a9e5f1eb9fb569ff [CANDIDATE]: Term 20 pre-election: Vote denied by peer ded9b7f8677940fb91e1a8c8bceceaed. Message: Invalid argument: T 92318a1b744e4baa9c7d3f3b9758739b P ded9b7f8677940fb91e1a8c8bceceaed [term 19 LEADER]: Leader pre-election vote request: Denying vote to candidate 6885de38238442d6a9e5f1eb9fb569ff for term 20 because replica is either leader or believes a valid leader to be alive.
W0312 20:10:12.559285 1219 rpcz_store.cc:255] Trace: 0312 20:10:12.399600 (+ 0us) service_pool.cc:163] Inserting onto call queue 0312 20:10:12.399722 (+ 122us) service_pool.cc:222] Handling call 0312 20:10:12.558510 (+158788us) spinlock_profiling.cc:261] Waited 157 ms on lock 0x7b480003009c. stack: 00007efc5efb2c74 00007efc5efb2b70 00007efc5daa2314 00007efc66aef294 00007efc66aef229 00007efc65699606 00007efc66b2d56b 00007efc614e0b24 00007efc614e0ab1 00007efc614e09c4 00007efc60b3cc29 00007efc60b3c6ec 00007efc60b3dbcd 00007efc60b3f946 00007efc60b3f89a 00007efc60b3f823 0312 20:10:12.558596 (+ 86us) inbound_call.cc:157] Queueing success response Metrics: {"spinlock_wait_cycles":360875264}
I0312 20:10:12.589846 1464 raft_consensus.cc:436] T 92318a1b744e4baa9c7d3f3b9758739b P f78a2351568c4a268ee1112681e22bec [term 19 FOLLOWER]: Starting pre-election (detected failure of leader ded9b7f8677940fb91e1a8c8bceceaed)
I0312 20:10:12.590117 1464 raft_consensus.cc:2700] T 92318a1b744e4baa9c7d3f3b9758739b P f78a2351568c4a268ee1112681e22bec: Snoozing failure detection for 0.101s (starting election)
I0312 20:10:12.590354 1464 raft_consensus.cc:458] T 92318a1b744e4baa9c7d3f3b9758739b P f78a2351568c4a268ee1112681e22bec [term 19 FOLLOWER]: Starting pre-election with config: opid_index: -1 OBSOLETE_local: false peers { permanent_uuid: "f78a2351568c4a268ee1112681e22bec" member_type: VOTER last_known_addr { host: "127.0.53.3" port: 43274 } } peers { permanent_uuid: "6885de38238442d6a9e5f1eb9fb569ff" member_type: VOTER last_known_addr { host: "127.0.53.2" port: 51697 } } peers { permanent_uuid: "ded9b7f8677940fb91e1a8c8bceceaed" member_type: VOTER last_known_addr { host: "127.0.53.1" port: 35037 } }
I0312 20:10:12.591393 1464 leader_election.cc:231] T 92318a1b744e4baa9c7d3f3b9758739b P f78a2351568c4a268ee1112681e22bec [CANDIDATE]: Term 20 pre-election: Requesting pre-vote from peer 6885de38238442d6a9e5f1eb9fb569ff
I0312 20:10:12.591760 1464 leader_election.cc:231] T 92318a1b744e4baa9c7d3f3b9758739b P f78a2351568c4a268ee1112681e22bec [CANDIDATE]: Term 20 pre-election: Requesting pre-vote from peer ded9b7f8677940fb91e1a8c8bceceaed
W0312 20:10:12.564766 1220 rpcz_store.cc:255] Trace: 0312 20:10:12.391627 (+ 0us) service_pool.cc:163] Inserting onto call queue 0312 20:10:12.391724 (+ 97us) service_pool.cc:222] Handling call 0312 20:10:12.556452 (+164728us) spinlock_profiling.cc:261] Waited 25.3 ms on lock 0x7b480003009c. stack: 00007efc5efb2c74 00007efc5efb2b70 00007efc5daa2314 00007efc66aef294 00007efc66aef229 00007efc65699af3 00007efc66b2d56b 00007efc614e0b24 00007efc614e0ab1 00007efc614e09c4 00007efc60b3cc29 00007efc60b3c6ec 00007efc60b3dbcd 00007efc60b3f946 00007efc60b3f89a 00007efc60b3f823 0312 20:10:12.556540 (+ 88us) inbound_call.cc:157] Queueing success response Metrics: {"spinlock_wait_cycles":58122496}
I0312 20:10:12.595469 1220 tablet_service.cc:993] Received RequestConsensusVote() RPC: tablet_id: "92318a1b744e4baa9c7d3f3b9758739b" candidate_uuid: "f78a2351568c4a268ee1112681e22bec" candidate_term: 20 candidate_status { last_received { term: 19 index: 93 } } ignore_live_leader: false dest_uuid: "6885de38238442d6a9e5f1eb9fb569ff" is_pre_election: true
I0312 20:10:12.595919 1220 raft_consensus.cc:2700] T 92318a1b744e4baa9c7d3f3b9758739b P 6885de38238442d6a9e5f1eb9fb569ff: Snoozing failure detection for 0.027s (vote granted)
I0312 20:10:12.596133 1220 raft_consensus.cc:2215] T 92318a1b744e4baa9c7d3f3b9758739b P 6885de38238442d6a9e5f1eb9fb569ff [term 19 FOLLOWER]: Leader pre-election vote request: Granting yes vote for candidate f78a2351568c4a268ee1112681e22bec in term 19.
I0312 20:10:12.597312 1418 consensus_queue.cc:1017] T 92318a1b744e4baa9c7d3f3b9758739b P ded9b7f8677940fb91e1a8c8bceceaed [LEADER]: Connected to new peer: Peer: permanent_uuid: "6885de38238442d6a9e5f1eb9fb569ff" member_type: VOTER last_known_addr { host: "127.0.53.2" port: 51697 }, Status: LMP_MISMATCH, Last received: 17.85, Next index: 86, Last known committed idx: 84, Time since last communication: 0.000s
I0312 20:10:12.597733 1279 leader_election.cc:363] T 92318a1b744e4baa9c7d3f3b9758739b P f78a2351568c4a268ee1112681e22bec [CANDIDATE]: Term 20 pre-election: Vote granted by peer 6885de38238442d6a9e5f1eb9fb569ff
I0312 20:10:12.597918 1279 leader_election.cc:258] T 92318a1b744e4baa9c7d3f3b9758739b P f78a2351568c4a268ee1112681e22bec [CANDIDATE]: Term 20 pre-election: Election decided. Result: candidate won.
I0312 20:10:12.598382 1464 raft_consensus.cc:2700] T 92318a1b744e4baa9c7d3f3b9758739b P f78a2351568c4a268ee1112681e22bec: Snoozing failure detection for 0.057s (election complete)
I0312 20:10:12.599808 1464 raft_consensus.cc:2507] T 92318a1b744e4baa9c7d3f3b9758739b P f78a2351568c4a268ee1112681e22bec [term 19 FOLLOWER]: Leader pre-election won for term 20
I0312 20:10:12.600005 1464 raft_consensus.cc:436] T 92318a1b744e4baa9c7d3f3b9758739b P f78a2351568c4a268ee1112681e22bec [term 19 FOLLOWER]: Starting leader election (detected failure of leader ded9b7f8677940fb91e1a8c8bceceaed)
I0312 20:10:12.600204 1464 raft_consensus.cc:2700] T 92318a1b744e4baa9c7d3f3b9758739b P f78a2351568c4a268ee1112681e22bec: Snoozing failure detection for 0.074s (starting election)
I0312 20:10:12.600389 1464 raft_consensus.cc:2752] T 92318a1b744e4baa9c7d3f3b9758739b P f78a2351568c4a268ee1112681e22bec [term 19 FOLLOWER]: Advancing to term 20
I0312 20:10:12.601034 1094 tablet_service.cc:993] Received RequestConsensusVote() RPC: tablet_id: "92318a1b744e4baa9c7d3f3b9758739b" candidate_uuid: "f78a2351568c4a268ee1112681e22bec" candidate_term: 20 candidate_status { last_received { term: 19 index: 93 } } ignore_live_leader: false dest_uuid: "ded9b7f8677940fb91e1a8c8bceceaed" is_pre_election: true
I0312 20:10:12.601547 1094 raft_consensus.cc:2176] T 92318a1b744e4baa9c7d3f3b9758739b P ded9b7f8677940fb91e1a8c8bceceaed [term 19 LEADER]: Leader pre-election vote request: Denying vote to candidate f78a2351568c4a268ee1112681e22bec for term 20 because replica is either leader or believes a valid leader to be alive.
I0312 20:10:12.603443 1278 leader_election.cc:377] T 92318a1b744e4baa9c7d3f3b9758739b P f78a2351568c4a268ee1112681e22bec [CANDIDATE]: Term 20 pre-election: Vote denied by peer ded9b7f8677940fb91e1a8c8bceceaed. Message: Invalid argument: T 92318a1b744e4baa9c7d3f3b9758739b P ded9b7f8677940fb91e1a8c8bceceaed [term 19 LEADER]: Leader pre-election vote request: Denying vote to candidate f78a2351568c4a268ee1112681e22bec for term 20 because replica is either leader or believes a valid leader to be alive.
I0312 20:10:12.605504 1464 raft_consensus.cc:458] T 92318a1b744e4baa9c7d3f3b9758739b P f78a2351568c4a268ee1112681e22bec [term 20 FOLLOWER]: Starting leader election with config: opid_index: -1 OBSOLETE_local: false peers { permanent_uuid: "f78a2351568c4a268ee1112681e22bec" member_type: VOTER last_known_addr { host: "127.0.53.3" port: 43274 } } peers { permanent_uuid: "6885de38238442d6a9e5f1eb9fb569ff" member_type: VOTER last_known_addr { host: "127.0.53.2" port: 51697 } } peers { permanent_uuid: "ded9b7f8677940fb91e1a8c8bceceaed" member_type: VOTER last_known_addr { host: "127.0.53.1" port: 35037 } }
W0312 20:10:12.606217 1152 leader_election.cc:287] T 92318a1b744e4baa9c7d3f3b9758739b P 6885de38238442d6a9e5f1eb9fb569ff [CANDIDATE]: Term 20 pre-election: RPC error from VoteRequest() call to peer f78a2351568c4a268ee1112681e22bec: Timed out: RequestConsensusVote RPC to 127.0.53.3:43274 timed out after 0.042s (SENT)
I0312 20:10:12.606451 1152 leader_election.cc:258] T 92318a1b744e4baa9c7d3f3b9758739b P 6885de38238442d6a9e5f1eb9fb569ff [CANDIDATE]: Term 20 pre-election: Election decided. Result: candidate lost.
I0312 20:10:12.609619 1344 raft_consensus.cc:1026] T 92318a1b744e4baa9c7d3f3b9758739b P f78a2351568c4a268ee1112681e22bec [term 20 FOLLOWER]: Rejecting Update request from peer ded9b7f8677940fb91e1a8c8bceceaed for earlier term 19. Current term is 20. Ops: []
I0312 20:10:12.611312 1456 consensus_queue.cc:1028] T 92318a1b744e4baa9c7d3f3b9758739b P ded9b7f8677940fb91e1a8c8bceceaed [LEADER]: Peer responded invalid term: Peer: permanent_uuid: "f78a2351568c4a268ee1112681e22bec" member_type: VOTER last_known_addr { host: "127.0.53.3" port: 43274 }, Status: INVALID_TERM, Last received: 19.93, Next index: 94, Last known committed idx: 93, Time since last communication: 0.000s
W0312 20:10:12.611544 1345 rpcz_store.cc:251] Call kudu.consensus.ConsensusService.RequestConsensusVote from 127.0.53.2:37068 (request call id 36) took 47ms (client timeout 42).
I0312 20:10:12.611959 1418 raft_consensus.cc:2747] T 92318a1b744e4baa9c7d3f3b9758739b P ded9b7f8677940fb91e1a8c8bceceaed [term 19 LEADER]: Stepping down as leader of term 19
I0312 20:10:12.612164 1418 raft_consensus.cc:605] T 92318a1b744e4baa9c7d3f3b9758739b P ded9b7f8677940fb91e1a8c8bceceaed [term 19 LEADER]: Becoming Follower/Learner. State: Replica: ded9b7f8677940fb91e1a8c8bceceaed, State: Running, Role: LEADER
I0312 20:10:12.612599 1418 consensus_queue.cc:219] T 92318a1b744e4baa9c7d3f3b9758739b P ded9b7f8677940fb91e1a8c8bceceaed [NON_LEADER]: Queue going to NON_LEADER mode. State: All replicated index: 0, Majority replicated index: 93, Committed index: 93, Last appended: 19.95, Last appended by leader: 95, Current term: 19, Majority size: -1, State: 0, Mode: NON_LEADER, active raft config: opid_index: -1 OBSOLETE_local: false peers { permanent_uuid: "f78a2351568c4a268ee1112681e22bec" member_type: VOTER last_known_addr { host: "127.0.53.3" port: 43274 } } peers { permanent_uuid: "6885de38238442d6a9e5f1eb9fb569ff" member_type: VOTER last_known_addr { host: "127.0.53.2" port: 51697 } } peers { permanent_uuid: "ded9b7f8677940fb91e1a8c8bceceaed" member_type: VOTER last_known_addr { host: "127.0.53.1" port: 35037 } }
I0312 20:10:12.613242 1418 consensus_peers.cc:458] T 92318a1b744e4baa9c7d3f3b9758739b P ded9b7f8677940fb91e1a8c8bceceaed -> Peer 6885de38238442d6a9e5f1eb9fb569ff (127.0.53.2:51697): Closing peer: 6885de38238442d6a9e5f1eb9fb569ff
W0312 20:10:12.613421 1345 rpcz_store.cc:255] Trace: 0312 20:10:12.564418 (+ 0us) service_pool.cc:163] Inserting onto call queue 0312 20:10:12.611415 (+ 46997us) service_pool.cc:207] Skipping call since client already timed out 0312 20:10:12.611498 (+ 83us) inbound_call.cc:157] Queueing failure response Metrics: {}
I0312 20:10:12.613420 1418 consensus_peers.cc:458] T 92318a1b744e4baa9c7d3f3b9758739b P ded9b7f8677940fb91e1a8c8bceceaed -> Peer f78a2351568c4a268ee1112681e22bec (127.0.53.3:43274): Closing peer: f78a2351568c4a268ee1112681e22bec
I0312 20:10:12.613595 1418 raft_consensus.cc:2752] T 92318a1b744e4baa9c7d3f3b9758739b P ded9b7f8677940fb91e1a8c8bceceaed [term 19 FOLLOWER]: Advancing to term 20
I0312 20:10:12.618582 1464 leader_election.cc:231] T 92318a1b744e4baa9c7d3f3b9758739b P f78a2351568c4a268ee1112681e22bec [CANDIDATE]: Term 20 election: Requesting vote from peer 6885de38238442d6a9e5f1eb9fb569ff
I0312 20:10:12.619992 1219 tablet_service.cc:993] Received RequestConsensusVote() RPC: tablet_id: "92318a1b744e4baa9c7d3f3b9758739b" candidate_uuid: "f78a2351568c4a268ee1112681e22bec" candidate_term: 20 candidate_status { last_received { term: 19 index: 93 } } ignore_live_leader: false dest_uuid: "6885de38238442d6a9e5f1eb9fb569ff"
I0312 20:10:12.620622 1464 leader_election.cc:231] T 92318a1b744e4baa9c7d3f3b9758739b P f78a2351568c4a268ee1112681e22bec [CANDIDATE]: Term 20 election: Requesting vote from peer ded9b7f8677940fb91e1a8c8bceceaed
I0312 20:10:12.621875 1094 tablet_service.cc:993] Received RequestConsensusVote() RPC: tablet_id: "92318a1b744e4baa9c7d3f3b9758739b" candidate_uuid: "f78a2351568c4a268ee1112681e22bec" candidate_term: 20 candidate_status { last_received { term: 19 index: 93 } } ignore_live_leader: false dest_uuid: "ded9b7f8677940fb91e1a8c8bceceaed"
I0312 20:10:12.622503 1094 raft_consensus.cc:2162] T 92318a1b744e4baa9c7d3f3b9758739b P ded9b7f8677940fb91e1a8c8bceceaed [term 20 FOLLOWER]: Leader election vote request: Denying vote to candidate f78a2351568c4a268ee1112681e22bec for term 20 because replica has last-logged OpId of term: 19 index: 95, which is greater than that of the candidate, which has last-logged OpId of term: 19 index: 93.
I0312 20:10:12.623569 1278 leader_election.cc:377] T 92318a1b744e4baa9c7d3f3b9758739b P f78a2351568c4a268ee1112681e22bec [CANDIDATE]: Term 20 election: Vote denied by peer ded9b7f8677940fb91e1a8c8bceceaed. Message: Invalid argument: T 92318a1b744e4baa9c7d3f3b9758739b P ded9b7f8677940fb91e1a8c8bceceaed [term 20 FOLLOWER]: Leader election vote request: Denying vote to candidate f78a2351568c4a268ee1112681e22bec for term 20 because replica has last-logged OpId of term: 19 index: 95, which is greater than that of the candidate, which has last-logged OpId of term: 19 index: 93.
I0312 20:10:12.629869 1418 raft_consensus.cc:436] T 92318a1b744e4baa9c7d3f3b9758739b P ded9b7f8677940fb91e1a8c8bceceaed [term 20 FOLLOWER]: Starting pre-election (no leader contacted us within the election timeout)
I0312 20:10:12.630100 1418 raft_consensus.cc:2700] T 92318a1b744e4baa9c7d3f3b9758739b P ded9b7f8677940fb91e1a8c8bceceaed: Snoozing failure detection for 0.015s (starting election)
I0312 20:10:12.630316 1418 raft_consensus.cc:458] T 92318a1b744e4baa9c7d3f3b9758739b P ded9b7f8677940fb91e1a8c8bceceaed [term 20 FOLLOWER]: Starting pre-election with config: opid_index: -1 OBSOLETE_local: false peers { permanent_uuid: "f78a2351568c4a268ee1112681e22bec" member_type: VOTER last_known_addr { host: "127.0.53.3" port: 43274 } } peers { permanent_uuid: "6885de38238442d6a9e5f1eb9fb569ff" member_type: VOTER last_known_addr { host: "127.0.53.2" port: 51697 } } peers { permanent_uuid: "ded9b7f8677940fb91e1a8c8bceceaed" member_type: VOTER last_known_addr { host: "127.0.53.1" port: 35037 } }
I0312 20:10:12.631335 1418 leader_election.cc:231] T 92318a1b744e4baa9c7d3f3b9758739b P ded9b7f8677940fb91e1a8c8bceceaed [CANDIDATE]: Term 21 pre-election: Requesting pre-vote from peer f78a2351568c4a268ee1112681e22bec
I0312 20:10:12.631706 1418 leader_election.cc:231] T 92318a1b744e4baa9c7d3f3b9758739b P ded9b7f8677940fb91e1a8c8bceceaed [CANDIDATE]: Term 21 pre-election: Requesting pre-vote from peer 6885de38238442d6a9e5f1eb9fb569ff
I0312 20:10:12.633952 1216 tablet_service.cc:993] Received RequestConsensusVote() RPC: tablet_id: "92318a1b744e4baa9c7d3f3b9758739b" candidate_uuid: "ded9b7f8677940fb91e1a8c8bceceaed" candidate_term: 21 candidate_status { last_received { term: 19 index: 95 } } ignore_live_leader: false dest_uuid: "6885de38238442d6a9e5f1eb9fb569ff" is_pre_election: true
I0312 20:10:12.634625 1345 tablet_service.cc:993] Received RequestConsensusVote() RPC: tablet_id: "92318a1b744e4baa9c7d3f3b9758739b" candidate_uuid: "ded9b7f8677940fb91e1a8c8bceceaed" candidate_term: 21 candidate_status { last_received { term: 19 index: 95 } } ignore_live_leader: false dest_uuid: "f78a2351568c4a268ee1112681e22bec" is_pre_election: true
I0312 20:10:12.635169 1345 raft_consensus.cc:2700] T 92318a1b744e4baa9c7d3f3b9758739b P f78a2351568c4a268ee1112681e22bec: Snoozing failure detection for 0.022s (vote granted)
I0312 20:10:12.638387 1345 raft_consensus.cc:2215] T 92318a1b744e4baa9c7d3f3b9758739b P f78a2351568c4a268ee1112681e22bec [term 20 FOLLOWER]: Leader pre-election vote request: Granting yes vote for candidate ded9b7f8677940fb91e1a8c8bceceaed in term 20.
I0312 20:10:12.639351 1027 leader_election.cc:363] T 92318a1b744e4baa9c7d3f3b9758739b P ded9b7f8677940fb91e1a8c8bceceaed [CANDIDATE]: Term 21 pre-election: Vote granted by peer f78a2351568c4a268ee1112681e22bec
I0312 20:10:12.639535 1027 leader_election.cc:258] T 92318a1b744e4baa9c7d3f3b9758739b P ded9b7f8677940fb91e1a8c8bceceaed [CANDIDATE]: Term 21 pre-election: Election decided. Result: candidate won.
I0312 20:10:12.640372 1418 raft_consensus.cc:2700] T 92318a1b744e4baa9c7d3f3b9758739b P ded9b7f8677940fb91e1a8c8bceceaed: Snoozing failure detection for 0.016s (election complete)
I0312 20:10:12.640606 1418 raft_consensus.cc:2507] T 92318a1b744e4baa9c7d3f3b9758739b P ded9b7f8677940fb91e1a8c8bceceaed [term 20 FOLLOWER]: Leader pre-election won for term 21
I0312 20:10:12.640776 1418 raft_consensus.cc:436] T 92318a1b744e4baa9c7d3f3b9758739b P ded9b7f8677940fb91e1a8c8bceceaed [term 20 FOLLOWER]: Starting leader election (no leader contacted us within the election timeout)
I0312 20:10:12.640972 1418 raft_consensus.cc:2700] T 92318a1b744e4baa9c7d3f3b9758739b P ded9b7f8677940fb91e1a8c8bceceaed: Snoozing failure detection for 0.018s (starting election)
I0312 20:10:12.641160 1418 raft_consensus.cc:2752] T 92318a1b744e4baa9c7d3f3b9758739b P ded9b7f8677940fb91e1a8c8bceceaed [term 20 FOLLOWER]: Advancing to term 21
W0312 20:10:12.648344 1029 leader_election.cc:287] T 92318a1b744e4baa9c7d3f3b9758739b P ded9b7f8677940fb91e1a8c8bceceaed [CANDIDATE]: Term 21 pre-election: RPC error from VoteRequest() call to peer 6885de38238442d6a9e5f1eb9fb569ff: Timed out: RequestConsensusVote RPC to 127.0.53.2:51697 timed out after 0.015s (SENT)
I0312 20:10:12.658993 1219 raft_consensus.cc:2190] T 92318a1b744e4baa9c7d3f3b9758739b P 6885de38238442d6a9e5f1eb9fb569ff [term 19 FOLLOWER]: Leader election vote request: Denying vote to candidate f78a2351568c4a268ee1112681e22bec for term 20 because replica is already servicing an update from a current leader or another vote.
I0312 20:10:12.659670 1454 raft_consensus.cc:436] T 92318a1b744e4baa9c7d3f3b9758739b P 6885de38238442d6a9e5f1eb9fb569ff [term 19 FOLLOWER]: Starting pre-election (detected failure of leader ded9b7f8677940fb91e1a8c8bceceaed)
I0312 20:10:12.659904 1454 raft_consensus.cc:2700] T 92318a1b744e4baa9c7d3f3b9758739b P 6885de38238442d6a9e5f1eb9fb569ff: Snoozing failure detection for 0.015s (starting election)
I0312 20:10:12.660825 1279 leader_election.cc:377] T 92318a1b744e4baa9c7d3f3b9758739b P f78a2351568c4a268ee1112681e22bec [CANDIDATE]: Term 20 election: Vote denied by peer 6885de38238442d6a9e5f1eb9fb569ff. Message: Service unavailable: T 92318a1b744e4baa9c7d3f3b9758739b P 6885de38238442d6a9e5f1eb9fb569ff [term 19 FOLLOWER]: Leader election vote request: Denying vote to candidate f78a2351568c4a268ee1112681e22bec for term 20 because replica is already servicing an update from a current leader or another vote.
I0312 20:10:12.661057 1279 leader_election.cc:258] T 92318a1b744e4baa9c7d3f3b9758739b P f78a2351568c4a268ee1112681e22bec [CANDIDATE]: Term 20 election: Election decided. Result: candidate lost.
I0312 20:10:12.661166 1464 raft_consensus.cc:436] T 92318a1b744e4baa9c7d3f3b9758739b P f78a2351568c4a268ee1112681e22bec [term 20 FOLLOWER]: Starting pre-election (no leader contacted us within the election timeout)
I0312 20:10:12.661411 1464 raft_consensus.cc:2700] T 92318a1b744e4baa9c7d3f3b9758739b P f78a2351568c4a268ee1112681e22bec: Snoozing failure detection for 0.029s (starting election)
I0312 20:10:12.660156 1454 raft_consensus.cc:458] T 92318a1b744e4baa9c7d3f3b9758739b P 6885de38238442d6a9e5f1eb9fb569ff [term 19 FOLLOWER]: Starting pre-election with config: opid_index: -1 OBSOLETE_local: false peers { permanent_uuid: "f78a2351568c4a268ee1112681e22bec" member_type: VOTER last_known_addr { host: "127.0.53.3" port: 43274 } } peers { permanent_uuid: "6885de38238442d6a9e5f1eb9fb569ff" member_type: VOTER last_known_addr { host: "127.0.53.2" port: 51697 } } peers { permanent_uuid: "ded9b7f8677940fb91e1a8c8bceceaed" member_type: VOTER last_known_addr { host: "127.0.53.1" port: 35037 } }
I0312 20:10:12.661653 1464 raft_consensus.cc:458] T 92318a1b744e4baa9c7d3f3b9758739b P f78a2351568c4a268ee1112681e22bec [term 20 FOLLOWER]: Starting pre-election with config: opid_index: -1 OBSOLETE_local: false peers { permanent_uuid: "f78a2351568c4a268ee1112681e22bec" member_type: VOTER last_known_addr { host: "127.0.53.3" port: 43274 } } peers { permanent_uuid: "6885de38238442d6a9e5f1eb9fb569ff" member_type: VOTER last_known_addr { host: "127.0.53.2" port: 51697 } } peers { permanent_uuid: "ded9b7f8677940fb91e1a8c8bceceaed" member_type: VOTER last_known_addr { host: "127.0.53.1" port: 35037 } }
I0312 20:10:12.662737 1464 leader_election.cc:231] T 92318a1b744e4baa9c7d3f3b9758739b P f78a2351568c4a268ee1112681e22bec [CANDIDATE]: Term 21 pre-election: Requesting pre-vote from peer 6885de38238442d6a9e5f1eb9fb569ff
I0312 20:10:12.662801 1454 leader_election.cc:231] T 92318a1b744e4baa9c7d3f3b9758739b P 6885de38238442d6a9e5f1eb9fb569ff [CANDIDATE]: Term 20 pre-election: Requesting pre-vote from peer f78a2351568c4a268ee1112681e22bec
I0312 20:10:12.662737 1415 raft_consensus.cc:2700] T 92318a1b744e4baa9c7d3f3b9758739b P f78a2351568c4a268ee1112681e22bec: Snoozing failure detection for 0.039s (election complete)
I0312 20:10:12.662994 1415 raft_consensus.cc:2455] T 92318a1b744e4baa9c7d3f3b9758739b P f78a2351568c4a268ee1112681e22bec [term 20 FOLLOWER]: Leader election lost for term 20. Reason: could not achieve majority
I0312 20:10:12.663169 1454 leader_election.cc:231] T 92318a1b744e4baa9c7d3f3b9758739b P 6885de38238442d6a9e5f1eb9fb569ff [CANDIDATE]: Term 20 pre-election: Requesting pre-vote from peer ded9b7f8677940fb91e1a8c8bceceaed
I0312 20:10:12.663245 1464 leader_election.cc:231] T 92318a1b744e4baa9c7d3f3b9758739b P f78a2351568c4a268ee1112681e22bec [CANDIDATE]: Term 21 pre-election: Requesting pre-vote from peer ded9b7f8677940fb91e1a8c8bceceaed
I0312 20:10:12.663662 1216 raft_consensus.cc:2190] T 92318a1b744e4baa9c7d3f3b9758739b P 6885de38238442d6a9e5f1eb9fb569ff [term 19 FOLLOWER]: Leader pre-election vote request: Denying vote to candidate ded9b7f8677940fb91e1a8c8bceceaed for term 21 because replica is already servicing an update from a current leader or another vote.
W0312 20:10:12.664141 1216 rpcz_store.cc:251] Call kudu.consensus.ConsensusService.RequestConsensusVote from 127.0.53.1:43660 (request call id 79) took 30ms (client timeout 15).
W0312 20:10:12.665911 1216 rpcz_store.cc:255] Trace: 0312 20:10:12.633697 (+ 0us) service_pool.cc:163] Inserting onto call queue 0312 20:10:12.633800 (+ 103us) service_pool.cc:222] Handling call 0312 20:10:12.663996 (+ 30196us) spinlock_profiling.cc:261] Waited 29.2 ms on lock 0x7b480003009c. stack: 00007efc5efb2c74 00007efc5efb2b70 00007efc5daa2314 00007efc66aef294 00007efc66aef229 00007efc65699606 00007efc66b2d56b 00007efc614e0b24 00007efc614e0ab1 00007efc614e09c4 00007efc60b3cc29 00007efc60b3c6ec 00007efc60b3dbcd 00007efc60b3f946 00007efc60b3f89a 00007efc60b3f823 0312 20:10:12.664094 (+ 98us) inbound_call.cc:157] Queueing success response Metrics: {"spinlock_wait_cycles":67145984}
I0312 20:10:12.665766 1094 tablet_service.cc:993] Received RequestConsensusVote() RPC: tablet_id: "92318a1b744e4baa9c7d3f3b9758739b" candidate_uuid: "f78a2351568c4a268ee1112681e22bec" candidate_term: 21 candidate_status { last_received { term: 19 index: 93 } } ignore_live_leader: false dest_uuid: "ded9b7f8677940fb91e1a8c8bceceaed" is_pre_election: true
I0312 20:10:12.666612 1416 raft_consensus.cc:2700] T 92318a1b744e4baa9c7d3f3b9758739b P 6885de38238442d6a9e5f1eb9fb569ff: Snoozing failure detection for 0.015s (election complete)
I0312 20:10:12.666853 1416 raft_consensus.cc:2455] T 92318a1b744e4baa9c7d3f3b9758739b P 6885de38238442d6a9e5f1eb9fb569ff [term 19 FOLLOWER]: Leader pre-election lost for term 20. Reason: could not achieve majority
I0312 20:10:12.670801 1095 tablet_service.cc:993] Received RequestConsensusVote() RPC: tablet_id: "92318a1b744e4baa9c7d3f3b9758739b" candidate_uuid: "6885de38238442d6a9e5f1eb9fb569ff" candidate_term: 20 candidate_status { last_received { term: 19 index: 95 } } ignore_live_leader: false dest_uuid: "ded9b7f8677940fb91e1a8c8bceceaed" is_pre_election: true
I0312 20:10:12.675987 1216 tablet_service.cc:993] Received RequestConsensusVote() RPC: tablet_id: "92318a1b744e4baa9c7d3f3b9758739b" candidate_uuid: "f78a2351568c4a268ee1112681e22bec" candidate_term: 21 candidate_status { last_received { term: 19 index: 93 } } ignore_live_leader: false dest_uuid: "6885de38238442d6a9e5f1eb9fb569ff" is_pre_election: true
I0312 20:10:12.676632 1216 raft_consensus.cc:2162] T 92318a1b744e4baa9c7d3f3b9758739b P 6885de38238442d6a9e5f1eb9fb569ff [term 19 FOLLOWER]: Leader pre-election vote request: Denying vote to candidate f78a2351568c4a268ee1112681e22bec for term 21 because replica has last-logged OpId of term: 19 index: 95, which is greater than that of the candidate, which has last-logged OpId of term: 19 index: 93.
I0312 20:10:12.677696 1279 leader_election.cc:377] T 92318a1b744e4baa9c7d3f3b9758739b P f78a2351568c4a268ee1112681e22bec [CANDIDATE]: Term 21 pre-election: Vote denied by peer 6885de38238442d6a9e5f1eb9fb569ff. Message: Invalid argument: T 92318a1b744e4baa9c7d3f3b9758739b P 6885de38238442d6a9e5f1eb9fb569ff [term 19 FOLLOWER]: Leader pre-election vote request: Denying vote to candidate f78a2351568c4a268ee1112681e22bec for term 21 because replica has last-logged OpId of term: 19 index: 95, which is greater than that of the candidate, which has last-logged OpId of term: 19 index: 93.
I0312 20:10:12.680390 1345 tablet_service.cc:993] Received RequestConsensusVote() RPC: tablet_id: "92318a1b744e4baa9c7d3f3b9758739b" candidate_uuid: "6885de38238442d6a9e5f1eb9fb569ff" candidate_term: 20 candidate_status { last_received { term: 19 index: 95 } } ignore_live_leader: false dest_uuid: "f78a2351568c4a268ee1112681e22bec" is_pre_election: true
I0312 20:10:12.680974 1345 raft_consensus.cc:2145] T 92318a1b744e4baa9c7d3f3b9758739b P f78a2351568c4a268ee1112681e22bec [term 20 FOLLOWER]: Leader pre-election vote request: Denying vote to candidate 6885de38238442d6a9e5f1eb9fb569ff in current term 20: Already voted for candidate f78a2351568c4a268ee1112681e22bec in this term.
W0312 20:10:12.681416 1153 leader_election.cc:287] T 92318a1b744e4baa9c7d3f3b9758739b P 6885de38238442d6a9e5f1eb9fb569ff [CANDIDATE]: Term 20 pre-election: RPC error from VoteRequest() call to peer ded9b7f8677940fb91e1a8c8bceceaed: Timed out: RequestConsensusVote RPC to 127.0.53.1:35037 timed out after 0.015s (SENT)
I0312 20:10:12.682297 1416 raft_consensus.cc:436] T 92318a1b744e4baa9c7d3f3b9758739b P 6885de38238442d6a9e5f1eb9fb569ff [term 19 FOLLOWER]: Starting pre-election (detected failure of leader ded9b7f8677940fb91e1a8c8bceceaed)
I0312 20:10:12.682639 1416 raft_consensus.cc:2700] T 92318a1b744e4baa9c7d3f3b9758739b P 6885de38238442d6a9e5f1eb9fb569ff: Snoozing failure detection for 0.033s (starting election)
I0312 20:10:12.682893 1416 raft_consensus.cc:458] T 92318a1b744e4baa9c7d3f3b9758739b P 6885de38238442d6a9e5f1eb9fb569ff [term 19 FOLLOWER]: Starting pre-election with config: opid_index: -1 OBSOLETE_local: false peers { permanent_uuid: "f78a2351568c4a268ee1112681e22bec" member_type: VOTER last_known_addr { host: "127.0.53.3" port: 43274 } } peers { permanent_uuid: "6885de38238442d6a9e5f1eb9fb569ff" member_type: VOTER last_known_addr { host: "127.0.53.2" port: 51697 } } peers { permanent_uuid: "ded9b7f8677940fb91e1a8c8bceceaed" member_type: VOTER last_known_addr { host: "127.0.53.1" port: 35037 } }
I0312 20:10:12.684002 1416 leader_election.cc:231] T 92318a1b744e4baa9c7d3f3b9758739b P 6885de38238442d6a9e5f1eb9fb569ff [CANDIDATE]: Term 20 pre-election: Requesting pre-vote from peer f78a2351568c4a268ee1112681e22bec
I0312 20:10:12.684367 1416 leader_election.cc:231] T 92318a1b744e4baa9c7d3f3b9758739b P 6885de38238442d6a9e5f1eb9fb569ff [CANDIDATE]: Term 20 pre-election: Requesting pre-vote from peer ded9b7f8677940fb91e1a8c8bceceaed
I0312 20:10:12.684522 1152 leader_election.cc:377] T 92318a1b744e4baa9c7d3f3b9758739b P 6885de38238442d6a9e5f1eb9fb569ff [CANDIDATE]: Term 20 pre-election: Vote denied by peer f78a2351568c4a268ee1112681e22bec. Message: Invalid argument: T 92318a1b744e4baa9c7d3f3b9758739b P f78a2351568c4a268ee1112681e22bec [term 20 FOLLOWER]: Leader pre-election vote request: Denying vote to candidate 6885de38238442d6a9e5f1eb9fb569ff in current term 20: Already voted for candidate f78a2351568c4a268ee1112681e22bec in this term.
I0312 20:10:12.684834 1152 leader_election.cc:258] T 92318a1b744e4baa9c7d3f3b9758739b P 6885de38238442d6a9e5f1eb9fb569ff [CANDIDATE]: Term 20 pre-election: Election decided. Result: candidate lost.
I0312 20:10:12.685276 1416 raft_consensus.cc:2700] T 92318a1b744e4baa9c7d3f3b9758739b P 6885de38238442d6a9e5f1eb9fb569ff: Snoozing failure detection for 0.020s (election complete)
I0312 20:10:12.685472 1416 raft_consensus.cc:2752] T 92318a1b744e4baa9c7d3f3b9758739b P 6885de38238442d6a9e5f1eb9fb569ff [term 19 FOLLOWER]: Advancing to term 20
