I0312 20:10:28.342222 1784 heartbeater.cc:346] Connected to a master server at 127.0.53.62:44334
I0312 20:10:28.342519 1784 heartbeater.cc:426] Registering TS with master...
I0312 20:10:28.343080 1784 heartbeater.cc:475] Master 127.0.53.62:44334 requested a full tablet report, sending...
I0312 20:10:28.345161 1619 ts_manager.cc:81] Registered new tserver with Master: 9da22e5afdce42078fe8f94ad166ac3c (127.0.53.1:39175)
I0312 20:10:28.347784 1619 master_service.cc:243] Signed X509 certificate for tserver {username='slave'} at 127.0.53.1:50514
I0312 20:10:28.330272 1653 tablet_server_main.cc:87] Tablet server successfully started. WARNING: Logging before InitGoogleLogging() is written to STDERR
W0312 20:10:28.515568 1788 flags.cc:412] Enabled unsafe flag: --consensus_inject_latency_ms_in_notifications=50
W0312 20:10:28.515933 1788 flags.cc:412] Enabled unsafe flag: --rpc_server_allow_ephemeral_ports=true
W0312 20:10:28.516129 1788 flags.cc:412] Enabled unsafe flag: --never_fsync=true
W0312 20:10:28.530210 1788 flags.cc:412] Enabled experimental flag: --ipki_server_key_size=1024
W0312 20:10:28.530524 1788 flags.cc:412] Enabled experimental flag: --local_ip_for_outbound_sockets=127.0.53.2
I0312 20:10:28.553544 1788 tablet_server_main.cc:72] Tablet server non-default flags: --consensus_inject_latency_ms_in_notifications=50 --raft_heartbeat_interval_ms=5 --fs_data_dirs=/tmp/dist-test-task3bwPeE/test-tmp/raft_consensus_election-itest.RaftConsensusElectionITest.ChurnyElections_WithNotificationLatency.1520885401735786-212/raft_consensus-itest-cluster/ts-1/data --fs_wal_dir=/tmp/dist-test-task3bwPeE/test-tmp/raft_consensus_election-itest.RaftConsensusElectionITest.ChurnyElections_WithNotificationLatency.1520885401735786-212/raft_consensus-itest-cluster/ts-1/wal --ipki_server_key_size=1024 --rpc_bind_addresses=127.0.53.2:0 --rpc_server_allow_ephemeral_ports=true --metrics_log_interval_ms=1000 --server_dump_info_format=pb --server_dump_info_path=/tmp/dist-test-task3bwPeE/test-tmp/raft_consensus_election-itest.RaftConsensusElectionITest.ChurnyElections_WithNotificationLatency.1520885401735786-212/raft_consensus-itest-cluster/ts-1/data/info.pb --webserver_interface=127.0.53.2 --webserver_port=0 --tserver_master_addrs=127.0.53.62:44334 --never_fsync=true --redact=none --unlock_experimental_flags=true --unlock_unsafe_flags=true --enable_minidumps=false --local_ip_for_outbound_sockets=127.0.53.2 --log_dir=/tmp/dist-test-task3bwPeE/test-tmp/raft_consensus_election-itest.RaftConsensusElectionITest.ChurnyElections_WithNotificationLatency.1520885401735786-212/raft_consensus-itest-cluster/ts-1/logs --logbuflevel=-1 --logtostderr=true Tablet server version: kudu 1.7.0-SNAPSHOT revision 13e10c63c46de30ac85f34b543cdd6fb44881f61 build type FASTDEBUG built by None at 12 Mar 2018 20:06:40 UTC on jenkins-slave-vn0g build id 12388 TSAN enabled
I0312 20:10:28.577600 1788 tablet_server_main.cc:79] Initializing tablet server...
I0312 20:10:28.579424 1788 system_ntp.cc:143] NTP initialized. Skew: 500ppm Current error: 1081276us
I0312 20:10:28.579877 1788 fs_manager.cc:260] Metadata directory not provided
I0312 20:10:28.580009 1788 fs_manager.cc:266] Using write-ahead log directory (fs_wal_dir) as metadata directory
I0312 20:10:28.580217 1788 server_base.cc:434] Could not load existing FS layout: Not found: /tmp/dist-test-task3bwPeE/test-tmp/raft_consensus_election-itest.RaftConsensusElectionITest.ChurnyElections_WithNotificationLatency.1520885401735786-212/raft_consensus-itest-cluster/ts-1/data/instance: No such file or directory (error 2)
I0312 20:10:28.580333 1788 server_base.cc:435] Attempting to create new FS layout instead
I0312 20:10:28.587621 1788 fs_manager.cc:596] Generated new instance metadata in path /tmp/dist-test-task3bwPeE/test-tmp/raft_consensus_election-itest.RaftConsensusElectionITest.ChurnyElections_WithNotificationLatency.1520885401735786-212/raft_consensus-itest-cluster/ts-1/data/instance: uuid: "012786a8f1b64995847cf7dacbc029a4" format_stamp: "Formatted at 2018-03-12 20:10:28 on dist-test-slave-dist-test-slave-f27p"
I0312 20:10:28.588337 1788 fs_manager.cc:596] Generated new instance metadata in path /tmp/dist-test-task3bwPeE/test-tmp/raft_consensus_election-itest.RaftConsensusElectionITest.ChurnyElections_WithNotificationLatency.1520885401735786-212/raft_consensus-itest-cluster/ts-1/wal/instance: uuid: "012786a8f1b64995847cf7dacbc029a4" format_stamp: "Formatted at 2018-03-12 20:10:28 on dist-test-slave-dist-test-slave-f27p"
I0312 20:10:28.598534 1788 fs_manager.cc:496] Time spent creating directory manager: real 0.010s user 0.008s sys 0.004s
I0312 20:10:28.599673 1788 env_posix.cc:1620] Not raising this process' open files per process limit of 65536; it is already as high as it can go
I0312 20:10:28.599972 1788 file_cache.cc:470] Constructed file cache lbm with capacity 26214
I0312 20:10:28.614161 1788 fs_manager.cc:418] Time spent opening block manager: real 0.009s user 0.000s sys 0.012s
I0312 20:10:28.614279 1788 fs_manager.cc:429] Opened local filesystem: /tmp/dist-test-task3bwPeE/test-tmp/raft_consensus_election-itest.RaftConsensusElectionITest.ChurnyElections_WithNotificationLatency.1520885401735786-212/raft_consensus-itest-cluster/ts-1/data,/tmp/dist-test-task3bwPeE/test-tmp/raft_consensus_election-itest.RaftConsensusElectionITest.ChurnyElections_WithNotificationLatency.1520885401735786-212/raft_consensus-itest-cluster/ts-1/wal uuid: "012786a8f1b64995847cf7dacbc029a4" format_stamp: "Formatted at 2018-03-12 20:10:28 on dist-test-slave-dist-test-slave-f27p"
I0312 20:10:28.614473 1788 fs_report.cc:347] Block manager report -------------------- 1 data directories: /tmp/dist-test-task3bwPeE/test-tmp/raft_consensus_election-itest.RaftConsensusElectionITest.ChurnyElections_WithNotificationLatency.1520885401735786-212/raft_consensus-itest-cluster/ts-1/data/data Total live blocks: 0 Total live bytes: 0 Total live bytes (after alignment): 0 Total number of LBM containers: 0 (0 full) Did not check for missing blocks Did not check for orphaned blocks Total full LBM containers with extra space: 0 (0 repaired) Total full LBM container extra space in bytes: 0 (0 repaired) Total incomplete LBM containers: 0 (0 repaired) Total LBM partial records: 0 (0 repaired)
I0312 20:10:28.857637 1788 env_posix.cc:1620] Not raising this process' running threads per effective uid limit of 60284; it is already as high as it can go
I0312 20:10:28.859439 1788 ts_tablet_manager.cc:349] Loaded tablet metadata (0 live tablets)
I0312 20:10:28.860606 1788 tablet_server_main.cc:84] Starting tablet server...
I0312 20:10:29.090601 1788 rpc_server.cc:201] RPC server started. Bound to: 127.0.53.2:43059
I0312 20:10:29.091506 1788 webserver.cc:173] Starting webserver on 127.0.53.2:0
I0312 20:10:29.091614 1788 webserver.cc:184] Document root disabled
I0312 20:10:29.092857 1788 webserver.cc:311] Webserver started. Bound to: http://127.0.53.2:37004/
I0312 20:10:29.093618 1788 server_base.cc:607] Dumped server information to /tmp/dist-test-task3bwPeE/test-tmp/raft_consensus_election-itest.RaftConsensusElectionITest.ChurnyElections_WithNotificationLatency.1520885401735786-212/raft_consensus-itest-cluster/ts-1/data/info.pb
I0312 20:10:29.094418 212 external_mini_cluster.cc:867] Started /tmp/dist-test-task3bwPeE/build/tsan/bin/kudu-tserver as pid 1788
I0312 20:10:29.095706 212 external_mini_cluster.cc:805] Running /tmp/dist-test-task3bwPeE/build/tsan/bin/kudu-tserver /tmp/dist-test-task3bwPeE/build/tsan/bin/kudu-tserver --fs_wal_dir=/tmp/dist-test-task3bwPeE/test-tmp/raft_consensus_election-itest.RaftConsensusElectionITest.ChurnyElections_WithNotificationLatency.1520885401735786-212/raft_consensus-itest-cluster/ts-2/wal --fs_data_dirs=/tmp/dist-test-task3bwPeE/test-tmp/raft_consensus_election-itest.RaftConsensusElectionITest.ChurnyElections_WithNotificationLatency.1520885401735786-212/raft_consensus-itest-cluster/ts-2/data --block_manager=log --rpc_bind_addresses=127.0.53.3:0 --local_ip_for_outbound_sockets=127.0.53.3 --webserver_interface=127.0.53.3 --webserver_port=0 --tserver_master_addrs=127.0.53.62:44334 --never_fsync --ipki_server_key_size=1024 --enable_minidumps=false --redact=none --metrics_log_interval_ms=1000 --logtostderr --logbuflevel=-1 --log_dir=/tmp/dist-test-task3bwPeE/test-tmp/raft_consensus_election-itest.RaftConsensusElectionITest.ChurnyElections_WithNotificationLatency.1520885401735786-212/raft_consensus-itest-cluster/ts-2/logs --server_dump_info_path=/tmp/dist-test-task3bwPeE/test-tmp/raft_consensus_election-itest.RaftConsensusElectionITest.ChurnyElections_WithNotificationLatency.1520885401735786-212/raft_consensus-itest-cluster/ts-2/data/info.pb --server_dump_info_format=pb --rpc_server_allow_ephemeral_ports --unlock_experimental_flags --unlock_unsafe_flags --raft_heartbeat_interval_ms=5 --consensus_inject_latency_ms_in_notifications=50 with env {}
I0312 20:10:29.100224 1910 process_memory.cc:182] Process hard memory limit is 11.777631 GB
I0312 20:10:29.100757 1910 process_memory.cc:184] Process soft memory limit is 9.422105 GB
I0312 20:10:29.100917 1910 process_memory.cc:187] Process memory pressure threshold is 7.066578 GB
I0312 20:10:29.123667 1909 heartbeater.cc:346] Connected to a master server at 127.0.53.62:44334
I0312 20:10:29.123966 1909 heartbeater.cc:426] Registering TS with master...
I0312 20:10:29.124441 1909 heartbeater.cc:475] Master 127.0.53.62:44334 requested a full tablet report, sending...
I0312 20:10:29.125831 1619 ts_manager.cc:81] Registered new tserver with Master: 012786a8f1b64995847cf7dacbc029a4 (127.0.53.2:43059)
I0312 20:10:29.126947 1619 master_service.cc:243] Signed X509 certificate for tserver {username='slave'} at 127.0.53.2:48706
I0312 20:10:29.100679 1788 tablet_server_main.cc:87] Tablet server successfully started. WARNING: Logging before InitGoogleLogging() is written to STDERR
W0312 20:10:29.223054 1913 flags.cc:412] Enabled unsafe flag: --consensus_inject_latency_ms_in_notifications=50
W0312 20:10:29.223400 1913 flags.cc:412] Enabled unsafe flag: --rpc_server_allow_ephemeral_ports=true
W0312 20:10:29.223584 1913 flags.cc:412] Enabled unsafe flag: --never_fsync=true
W0312 20:10:29.237866 1913 flags.cc:412] Enabled experimental flag: --ipki_server_key_size=1024
W0312 20:10:29.238167 1913 flags.cc:412] Enabled experimental flag: --local_ip_for_outbound_sockets=127.0.53.3
I0312 20:10:29.257169 1913 tablet_server_main.cc:72] Tablet server non-default flags: --consensus_inject_latency_ms_in_notifications=50 --raft_heartbeat_interval_ms=5 --fs_data_dirs=/tmp/dist-test-task3bwPeE/test-tmp/raft_consensus_election-itest.RaftConsensusElectionITest.ChurnyElections_WithNotificationLatency.1520885401735786-212/raft_consensus-itest-cluster/ts-2/data --fs_wal_dir=/tmp/dist-test-task3bwPeE/test-tmp/raft_consensus_election-itest.RaftConsensusElectionITest.ChurnyElections_WithNotificationLatency.1520885401735786-212/raft_consensus-itest-cluster/ts-2/wal --ipki_server_key_size=1024 --rpc_bind_addresses=127.0.53.3:0 --rpc_server_allow_ephemeral_ports=true --metrics_log_interval_ms=1000 --server_dump_info_format=pb --server_dump_info_path=/tmp/dist-test-task3bwPeE/test-tmp/raft_consensus_election-itest.RaftConsensusElectionITest.ChurnyElections_WithNotificationLatency.1520885401735786-212/raft_consensus-itest-cluster/ts-2/data/info.pb --webserver_interface=127.0.53.3 --webserver_port=0 --tserver_master_addrs=127.0.53.62:44334 --never_fsync=true --redact=none --unlock_experimental_flags=true --unlock_unsafe_flags=true --enable_minidumps=false --local_ip_for_outbound_sockets=127.0.53.3 --log_dir=/tmp/dist-test-task3bwPeE/test-tmp/raft_consensus_election-itest.RaftConsensusElectionITest.ChurnyElections_WithNotificationLatency.1520885401735786-212/raft_consensus-itest-cluster/ts-2/logs --logbuflevel=-1 --logtostderr=true Tablet server version: kudu 1.7.0-SNAPSHOT revision 13e10c63c46de30ac85f34b543cdd6fb44881f61 build type FASTDEBUG built by None at 12 Mar 2018 20:06:40 UTC on jenkins-slave-vn0g build id 12388 TSAN enabled
I0312 20:10:29.266790 1913 tablet_server_main.cc:79] Initializing tablet server...
I0312 20:10:29.268357 1913 system_ntp.cc:143] NTP initialized. Skew: 500ppm Current error: 1081776us
I0312 20:10:29.268786 1913 fs_manager.cc:260] Metadata directory not provided
I0312 20:10:29.268908 1913 fs_manager.cc:266] Using write-ahead log directory (fs_wal_dir) as metadata directory
I0312 20:10:29.269112 1913 server_base.cc:434] Could not load existing FS layout: Not found: /tmp/dist-test-task3bwPeE/test-tmp/raft_consensus_election-itest.RaftConsensusElectionITest.ChurnyElections_WithNotificationLatency.1520885401735786-212/raft_consensus-itest-cluster/ts-2/data/instance: No such file or directory (error 2)
I0312 20:10:29.269225 1913 server_base.cc:435] Attempting to create new FS layout instead
I0312 20:10:29.276370 1913 fs_manager.cc:596] Generated new instance metadata in path /tmp/dist-test-task3bwPeE/test-tmp/raft_consensus_election-itest.RaftConsensusElectionITest.ChurnyElections_WithNotificationLatency.1520885401735786-212/raft_consensus-itest-cluster/ts-2/data/instance: uuid: "e3aa58d3045c4a05b94b94eb8bf58ae1" format_stamp: "Formatted at 2018-03-12 20:10:29 on dist-test-slave-dist-test-slave-f27p"
I0312 20:10:29.277052 1913 fs_manager.cc:596] Generated new instance metadata in path /tmp/dist-test-task3bwPeE/test-tmp/raft_consensus_election-itest.RaftConsensusElectionITest.ChurnyElections_WithNotificationLatency.1520885401735786-212/raft_consensus-itest-cluster/ts-2/wal/instance: uuid: "e3aa58d3045c4a05b94b94eb8bf58ae1" format_stamp: "Formatted at 2018-03-12 20:10:29 on dist-test-slave-dist-test-slave-f27p"
I0312 20:10:29.285130 1913 fs_manager.cc:496] Time spent creating directory manager: real 0.008s user 0.008s sys 0.000s
I0312 20:10:29.286285 1913 env_posix.cc:1620] Not raising this process' open files per process limit of 65536; it is already as high as it can go
I0312 20:10:29.286556 1913 file_cache.cc:470] Constructed file cache lbm with capacity 26214
I0312 20:10:29.292825 1913 fs_manager.cc:418] Time spent opening block manager: real 0.001s user 0.004s sys 0.000s
I0312 20:10:29.292939 1913 fs_manager.cc:429] Opened local filesystem: /tmp/dist-test-task3bwPeE/test-tmp/raft_consensus_election-itest.RaftConsensusElectionITest.ChurnyElections_WithNotificationLatency.1520885401735786-212/raft_consensus-itest-cluster/ts-2/data,/tmp/dist-test-task3bwPeE/test-tmp/raft_consensus_election-itest.RaftConsensusElectionITest.ChurnyElections_WithNotificationLatency.1520885401735786-212/raft_consensus-itest-cluster/ts-2/wal uuid: "e3aa58d3045c4a05b94b94eb8bf58ae1" format_stamp: "Formatted at 2018-03-12 20:10:29 on dist-test-slave-dist-test-slave-f27p"
I0312 20:10:29.293145 1913 fs_report.cc:347] Block manager report -------------------- 1 data directories: /tmp/dist-test-task3bwPeE/test-tmp/raft_consensus_election-itest.RaftConsensusElectionITest.ChurnyElections_WithNotificationLatency.1520885401735786-212/raft_consensus-itest-cluster/ts-2/data/data Total live blocks: 0 Total live bytes: 0 Total live bytes (after alignment): 0 Total number of LBM containers: 0 (0 full) Did not check for missing blocks Did not check for orphaned blocks Total full LBM containers with extra space: 0 (0 repaired) Total full LBM container extra space in bytes: 0 (0 repaired) Total incomplete LBM containers: 0 (0 repaired) Total LBM partial records: 0 (0 repaired)
I0312 20:10:29.350975 1784 heartbeater.cc:467] Master 127.0.53.62:44334 was elected leader, sending a full tablet report...
I0312 20:10:29.477694 1913 env_posix.cc:1620] Not raising this process' running threads per effective uid limit of 60284; it is already as high as it can go
I0312 20:10:29.478946 1913 ts_tablet_manager.cc:349] Loaded tablet metadata (0 live tablets)
I0312 20:10:29.479925 1913 tablet_server_main.cc:84] Starting tablet server...
I0312 20:10:29.566803 1913 rpc_server.cc:201] RPC server started. Bound to: 127.0.53.3:49316
I0312 20:10:29.567672 1913 webserver.cc:173] Starting webserver on 127.0.53.3:0
I0312 20:10:29.567772 1913 webserver.cc:184] Document root disabled
I0312 20:10:29.568977 1913 webserver.cc:311] Webserver started. Bound to: http://127.0.53.3:47345/
I0312 20:10:29.569715 1913 server_base.cc:607] Dumped server information to /tmp/dist-test-task3bwPeE/test-tmp/raft_consensus_election-itest.RaftConsensusElectionITest.ChurnyElections_WithNotificationLatency.1520885401735786-212/raft_consensus-itest-cluster/ts-2/data/info.pb
I0312 20:10:29.572420 2035 process_memory.cc:182] Process hard memory limit is 11.777631 GB
I0312 20:10:29.572929 2035 process_memory.cc:184] Process soft memory limit is 9.422105 GB
I0312 20:10:29.573096 2035 process_memory.cc:187] Process memory pressure threshold is 7.066578 GB
I0312 20:10:29.579370 212 external_mini_cluster.cc:867] Started /tmp/dist-test-task3bwPeE/build/tsan/bin/kudu-tserver as pid 1913
I0312 20:10:29.572878 1913 tablet_server_main.cc:87] Tablet server successfully started.
I0312 20:10:29.617242 2034 heartbeater.cc:346] Connected to a master server at 127.0.53.62:44334
I0312 20:10:29.617465 2034 heartbeater.cc:426] Registering TS with master...
I0312 20:10:29.617874 2034 heartbeater.cc:475] Master 127.0.53.62:44334 requested a full tablet report, sending...
I0312 20:10:29.619256 1619 ts_manager.cc:81] Registered new tserver with Master: e3aa58d3045c4a05b94b94eb8bf58ae1 (127.0.53.3:49316)
I0312 20:10:29.620705 1619 master_service.cc:243] Signed X509 certificate for tserver {username='slave'} at 127.0.53.3:49501
I0312 20:10:29.621232 212 external_mini_cluster.cc:498] 3 TS(s) registered with all masters
I0312 20:10:29.624038 212 test_util.cc:192] Using random seed: -1144595250
I0312 20:10:29.639926 1619 catalog_manager.cc:1294] Servicing CreateTable request from {username='slave'} at 127.0.0.1:44783: name: "test-workload" schema { columns { name: "key" type: INT32 is_key: true is_nullable: false encoding: AUTO_ENCODING compression: DEFAULT_COMPRESSION cfile_block_size: 0 } columns { name: "int_val" type: INT32 is_key: false is_nullable: false encoding: AUTO_ENCODING compression: DEFAULT_COMPRESSION cfile_block_size: 0 } columns { name: "string_val" type: STRING is_key: false is_nullable: true encoding: AUTO_ENCODING compression: DEFAULT_COMPRESSION cfile_block_size: 0 } } num_replicas: 3 split_rows_range_bounds { } partition_schema { range_schema { columns { name: "key" } } }
W0312 20:10:29.648362 1619 catalog_manager.cc:1450] The number of live tablet servers is not enough to re-replicate a tablet replica of the newly created table test-workload in case of a replica failure: 4 tablet servers are needed, 3 are alive. Consider bringing up additional tablet server(s) or running both the masters and all tablet servers with --raft_prepare_replacement_before_eviction=false flag (not recommended).
I0312 20:10:29.676000 1846 tablet_service.cc:755] Processing CreateTablet for tablet 7581a0a77de54ef8943c1521124c7728 (table=test-workload [id=e00bf54237784b2dba71cc550cbd7cca]), partition=RANGE (key) PARTITION UNBOUNDED
I0312 20:10:29.676913 1846 data_dirs.cc:931] Could only allocate 1 dirs of requested 3 for tablet 7581a0a77de54ef8943c1521124c7728. 1 dirs total, 0 dirs full, 0 dirs failed
I0312 20:10:29.691620 1846 ts_tablet_manager.cc:1163] T 7581a0a77de54ef8943c1521124c7728 P 012786a8f1b64995847cf7dacbc029a4: Registered tablet (data state: TABLET_DATA_READY)
I0312 20:10:29.692845 2052 ts_tablet_manager.cc:1018] T 7581a0a77de54ef8943c1521124c7728 P 012786a8f1b64995847cf7dacbc029a4: Bootstrapping tablet
I0312 20:10:29.693248 2052 tablet_bootstrap.cc:436] T 7581a0a77de54ef8943c1521124c7728 P 012786a8f1b64995847cf7dacbc029a4: Bootstrap starting.
I0312 20:10:29.695842 2052 tablet_bootstrap.cc:581] T 7581a0a77de54ef8943c1521124c7728 P 012786a8f1b64995847cf7dacbc029a4: No blocks or log segments found. Creating new log.
I0312 20:10:29.697265 2052 log.cc:520] T 7581a0a77de54ef8943c1521124c7728 P 012786a8f1b64995847cf7dacbc029a4: Log is configured to *not* fsync() on all Append() calls
I0312 20:10:29.698782 1971 tablet_service.cc:755] Processing CreateTablet for tablet 7581a0a77de54ef8943c1521124c7728 (table=test-workload [id=e00bf54237784b2dba71cc550cbd7cca]), partition=RANGE (key) PARTITION UNBOUNDED
I0312 20:10:29.699682 1971 data_dirs.cc:931] Could only allocate 1 dirs of requested 3 for tablet 7581a0a77de54ef8943c1521124c7728. 1 dirs total, 0 dirs full, 0 dirs failed
I0312 20:10:29.702391 2052 tablet_bootstrap.cc:436] T 7581a0a77de54ef8943c1521124c7728 P 012786a8f1b64995847cf7dacbc029a4: No bootstrap required, opened a new log
I0312 20:10:29.702783 2052 ts_tablet_manager.cc:1035] T 7581a0a77de54ef8943c1521124c7728 P 012786a8f1b64995847cf7dacbc029a4: Time spent bootstrapping tablet: real 0.010s user 0.004s sys 0.000s
I0312 20:10:29.707536 1721 tablet_service.cc:755] Processing CreateTablet for tablet 7581a0a77de54ef8943c1521124c7728 (table=test-workload [id=e00bf54237784b2dba71cc550cbd7cca]), partition=RANGE (key) PARTITION UNBOUNDED
I0312 20:10:29.708242 1721 data_dirs.cc:931] Could only allocate 1 dirs of requested 3 for tablet 7581a0a77de54ef8943c1521124c7728. 1 dirs total, 0 dirs full, 0 dirs failed
I0312 20:10:29.716351 1971 ts_tablet_manager.cc:1163] T 7581a0a77de54ef8943c1521124c7728 P e3aa58d3045c4a05b94b94eb8bf58ae1: Registered tablet (data state: TABLET_DATA_READY)
I0312 20:10:29.718230 2055 ts_tablet_manager.cc:1018] T 7581a0a77de54ef8943c1521124c7728 P e3aa58d3045c4a05b94b94eb8bf58ae1: Bootstrapping tablet
I0312 20:10:29.718726 2055 tablet_bootstrap.cc:436] T 7581a0a77de54ef8943c1521124c7728 P e3aa58d3045c4a05b94b94eb8bf58ae1: Bootstrap starting.
I0312 20:10:29.719511 1721 ts_tablet_manager.cc:1163] T 7581a0a77de54ef8943c1521124c7728 P 9da22e5afdce42078fe8f94ad166ac3c: Registered tablet (data state: TABLET_DATA_READY)
I0312 20:10:29.721160 2052 raft_consensus.cc:304] T 7581a0a77de54ef8943c1521124c7728 P 012786a8f1b64995847cf7dacbc029a4 [term 0 FOLLOWER]: Replica starting. Triggering 0 pending transactions. Active config: opid_index: -1 OBSOLETE_local: false peers { permanent_uuid: "012786a8f1b64995847cf7dacbc029a4" member_type: VOTER last_known_addr { host: "127.0.53.2" port: 43059 } } peers { permanent_uuid: "e3aa58d3045c4a05b94b94eb8bf58ae1" member_type: VOTER last_known_addr { host: "127.0.53.3" port: 49316 } } peers { permanent_uuid: "9da22e5afdce42078fe8f94ad166ac3c" member_type: VOTER last_known_addr { host: "127.0.53.1" port: 39175 } }
I0312 20:10:29.721730 2052 raft_consensus.cc:330] T 7581a0a77de54ef8943c1521124c7728 P 012786a8f1b64995847cf7dacbc029a4 [term 0 FOLLOWER]: Consensus starting up: Expiring failure detector timer to make a prompt election more likely
I0312 20:10:29.721827 2055 tablet_bootstrap.cc:581] T 7581a0a77de54ef8943c1521124c7728 P e3aa58d3045c4a05b94b94eb8bf58ae1: No blocks or log segments found. Creating new log.
I0312 20:10:29.721889 2052 raft_consensus.cc:605] T 7581a0a77de54ef8943c1521124c7728 P 012786a8f1b64995847cf7dacbc029a4 [term 0 FOLLOWER]: Becoming Follower/Learner. State: Replica: 012786a8f1b64995847cf7dacbc029a4, State: Initialized, Role: FOLLOWER
I0312 20:10:29.723322 2055 log.cc:520] T 7581a0a77de54ef8943c1521124c7728 P e3aa58d3045c4a05b94b94eb8bf58ae1: Log is configured to *not* fsync() on all Append() calls
I0312 20:10:29.725404 2056 ts_tablet_manager.cc:1018] T 7581a0a77de54ef8943c1521124c7728 P 9da22e5afdce42078fe8f94ad166ac3c: Bootstrapping tablet
I0312 20:10:29.725011 2052 consensus_queue.cc:219] T 7581a0a77de54ef8943c1521124c7728 P 012786a8f1b64995847cf7dacbc029a4 [NON_LEADER]: Queue going to NON_LEADER mode. State: All replicated index: 0, Majority replicated index: 0, Committed index: 0, Last appended: 0.0, Last appended by leader: 0, Current term: 0, Majority size: -1, State: 0, Mode: NON_LEADER, active raft config: opid_index: -1 OBSOLETE_local: false peers { permanent_uuid: "012786a8f1b64995847cf7dacbc029a4" member_type: VOTER last_known_addr { host: "127.0.53.2" port: 43059 } } peers { permanent_uuid: "e3aa58d3045c4a05b94b94eb8bf58ae1" member_type: VOTER last_known_addr { host: "127.0.53.3" port: 49316 } } peers { permanent_uuid: "9da22e5afdce42078fe8f94ad166ac3c" member_type: VOTER last_known_addr { host: "127.0.53.1" port: 39175 } }
I0312 20:10:29.725864 2056 tablet_bootstrap.cc:436] T 7581a0a77de54ef8943c1521124c7728 P 9da22e5afdce42078fe8f94ad166ac3c: Bootstrap starting.
I0312 20:10:29.726977 2059 raft_consensus.cc:436] T 7581a0a77de54ef8943c1521124c7728 P 012786a8f1b64995847cf7dacbc029a4 [term 0 FOLLOWER]: Starting pre-election (no leader contacted us within the election timeout)
I0312 20:10:29.727198 2059 raft_consensus.cc:2700] T 7581a0a77de54ef8943c1521124c7728 P 012786a8f1b64995847cf7dacbc029a4: Snoozing failure detection for 0.017s (starting election)
I0312 20:10:29.727438 2059 raft_consensus.cc:458] T 7581a0a77de54ef8943c1521124c7728 P 012786a8f1b64995847cf7dacbc029a4 [term 0 FOLLOWER]: Starting pre-election with config: opid_index: -1 OBSOLETE_local: false peers { permanent_uuid: "012786a8f1b64995847cf7dacbc029a4" member_type: VOTER last_known_addr { host: "127.0.53.2" port: 43059 } } peers { permanent_uuid: "e3aa58d3045c4a05b94b94eb8bf58ae1" member_type: VOTER last_known_addr { host: "127.0.53.3" port: 49316 } } peers { permanent_uuid: "9da22e5afdce42078fe8f94ad166ac3c" member_type: VOTER last_known_addr { host: "127.0.53.1" port: 39175 } }
I0312 20:10:29.727718 2055 tablet_bootstrap.cc:436] T 7581a0a77de54ef8943c1521124c7728 P e3aa58d3045c4a05b94b94eb8bf58ae1: No bootstrap required, opened a new log
I0312 20:10:29.728173 2055 ts_tablet_manager.cc:1035] T 7581a0a77de54ef8943c1521124c7728 P e3aa58d3045c4a05b94b94eb8bf58ae1: Time spent bootstrapping tablet: real 0.010s user 0.004s sys 0.004s
I0312 20:10:29.728564 2059 leader_election.cc:231] T 7581a0a77de54ef8943c1521124c7728 P 012786a8f1b64995847cf7dacbc029a4 [CANDIDATE]: Term 1 pre-election: Requesting pre-vote from peer e3aa58d3045c4a05b94b94eb8bf58ae1
I0312 20:10:29.729001 2059 leader_election.cc:231] T 7581a0a77de54ef8943c1521124c7728 P 012786a8f1b64995847cf7dacbc029a4 [CANDIDATE]: Term 1 pre-election: Requesting pre-vote from peer 9da22e5afdce42078fe8f94ad166ac3c
I0312 20:10:29.729768 1909 heartbeater.cc:467] Master 127.0.53.62:44334 was elected leader, sending a full tablet report...
I0312 20:10:29.730321 2056 tablet_bootstrap.cc:581] T 7581a0a77de54ef8943c1521124c7728 P 9da22e5afdce42078fe8f94ad166ac3c: No blocks or log segments found. Creating new log.
I0312 20:10:29.731917 2056 log.cc:520] T 7581a0a77de54ef8943c1521124c7728 P 9da22e5afdce42078fe8f94ad166ac3c: Log is configured to *not* fsync() on all Append() calls
I0312 20:10:29.733860 2052 ts_tablet_manager.cc:1063] T 7581a0a77de54ef8943c1521124c7728 P 012786a8f1b64995847cf7dacbc029a4: Time spent starting tablet: real 0.031s user 0.024s sys 0.000s
I0312 20:10:29.739354 2056 tablet_bootstrap.cc:436] T 7581a0a77de54ef8943c1521124c7728 P 9da22e5afdce42078fe8f94ad166ac3c: No bootstrap required, opened a new log
I0312 20:10:29.739761 2056 ts_tablet_manager.cc:1035] T 7581a0a77de54ef8943c1521124c7728 P 9da22e5afdce42078fe8f94ad166ac3c: Time spent bootstrapping tablet: real 0.014s user 0.008s sys 0.004s
I0312 20:10:29.743943 2055 raft_consensus.cc:304] T 7581a0a77de54ef8943c1521124c7728 P e3aa58d3045c4a05b94b94eb8bf58ae1 [term 0 FOLLOWER]: Replica starting. Triggering 0 pending transactions. Active config: opid_index: -1 OBSOLETE_local: false peers { permanent_uuid: "012786a8f1b64995847cf7dacbc029a4" member_type: VOTER last_known_addr { host: "127.0.53.2" port: 43059 } } peers { permanent_uuid: "e3aa58d3045c4a05b94b94eb8bf58ae1" member_type: VOTER last_known_addr { host: "127.0.53.3" port: 49316 } } peers { permanent_uuid: "9da22e5afdce42078fe8f94ad166ac3c" member_type: VOTER last_known_addr { host: "127.0.53.1" port: 39175 } }
I0312 20:10:29.744925 2059 raft_consensus.cc:436] T 7581a0a77de54ef8943c1521124c7728 P 012786a8f1b64995847cf7dacbc029a4 [term 0 FOLLOWER]: Starting pre-election (no leader contacted us within the election timeout)
I0312 20:10:29.745151 2059 raft_consensus.cc:2700] T 7581a0a77de54ef8943c1521124c7728 P 012786a8f1b64995847cf7dacbc029a4: Snoozing failure detection for 0.018s (starting election)
I0312 20:10:29.745424 2059 raft_consensus.cc:458] T 7581a0a77de54ef8943c1521124c7728 P 012786a8f1b64995847cf7dacbc029a4 [term 0 FOLLOWER]: Starting pre-election with config: opid_index: -1 OBSOLETE_local: false peers { permanent_uuid: "012786a8f1b64995847cf7dacbc029a4" member_type: VOTER last_known_addr { host: "127.0.53.2" port: 43059 } } peers { permanent_uuid: "e3aa58d3045c4a05b94b94eb8bf58ae1" member_type: VOTER last_known_addr { host: "127.0.53.3" port: 49316 } } peers { permanent_uuid: "9da22e5afdce42078fe8f94ad166ac3c" member_type: VOTER last_known_addr { host: "127.0.53.1" port: 39175 } }
I0312 20:10:29.746270 2055 raft_consensus.cc:330] T 7581a0a77de54ef8943c1521124c7728 P e3aa58d3045c4a05b94b94eb8bf58ae1 [term 0 FOLLOWER]: Consensus starting up: Expiring failure detector timer to make a prompt election more likely
I0312 20:10:29.746484 2059 leader_election.cc:231] T 7581a0a77de54ef8943c1521124c7728 P 012786a8f1b64995847cf7dacbc029a4 [CANDIDATE]: Term 1 pre-election: Requesting pre-vote from peer e3aa58d3045c4a05b94b94eb8bf58ae1
I0312 20:10:29.746498 2055 raft_consensus.cc:605] T 7581a0a77de54ef8943c1521124c7728 P e3aa58d3045c4a05b94b94eb8bf58ae1 [term 0 FOLLOWER]: Becoming Follower/Learner. State: Replica: e3aa58d3045c4a05b94b94eb8bf58ae1, State: Initialized, Role: FOLLOWER
I0312 20:10:29.746841 2059 leader_election.cc:231] T 7581a0a77de54ef8943c1521124c7728 P 012786a8f1b64995847cf7dacbc029a4 [CANDIDATE]: Term 1 pre-election: Requesting pre-vote from peer 9da22e5afdce42078fe8f94ad166ac3c
I0312 20:10:29.747119 2055 consensus_queue.cc:219] T 7581a0a77de54ef8943c1521124c7728 P e3aa58d3045c4a05b94b94eb8bf58ae1 [NON_LEADER]: Queue going to NON_LEADER mode. State: All replicated index: 0, Majority replicated index: 0, Committed index: 0, Last appended: 0.0, Last appended by leader: 0, Current term: 0, Majority size: -1, State: 0, Mode: NON_LEADER, active raft config: opid_index: -1 OBSOLETE_local: false peers { permanent_uuid: "012786a8f1b64995847cf7dacbc029a4" member_type: VOTER last_known_addr { host: "127.0.53.2" port: 43059 } } peers { permanent_uuid: "e3aa58d3045c4a05b94b94eb8bf58ae1" member_type: VOTER last_known_addr { host: "127.0.53.3" port: 49316 } } peers { permanent_uuid: "9da22e5afdce42078fe8f94ad166ac3c" member_type: VOTER last_known_addr { host: "127.0.53.1" port: 39175 } }
I0312 20:10:29.755103 2056 raft_consensus.cc:304] T 7581a0a77de54ef8943c1521124c7728 P 9da22e5afdce42078fe8f94ad166ac3c [term 0 FOLLOWER]: Replica starting. Triggering 0 pending transactions. Active config: opid_index: -1 OBSOLETE_local: false peers { permanent_uuid: "012786a8f1b64995847cf7dacbc029a4" member_type: VOTER last_known_addr { host: "127.0.53.2" port: 43059 } } peers { permanent_uuid: "e3aa58d3045c4a05b94b94eb8bf58ae1" member_type: VOTER last_known_addr { host: "127.0.53.3" port: 49316 } } peers { permanent_uuid: "9da22e5afdce42078fe8f94ad166ac3c" member_type: VOTER last_known_addr { host: "127.0.53.1" port: 39175 } }
I0312 20:10:29.755898 2056 raft_consensus.cc:330] T 7581a0a77de54ef8943c1521124c7728 P 9da22e5afdce42078fe8f94ad166ac3c [term 0 FOLLOWER]: Consensus starting up: Expiring failure detector timer to make a prompt election more likely
I0312 20:10:29.756108 2056 raft_consensus.cc:605] T 7581a0a77de54ef8943c1521124c7728 P 9da22e5afdce42078fe8f94ad166ac3c [term 0 FOLLOWER]: Becoming Follower/Learner. State: Replica: 9da22e5afdce42078fe8f94ad166ac3c, State: Initialized, Role: FOLLOWER
I0312 20:10:29.756772 2056 consensus_queue.cc:219] T 7581a0a77de54ef8943c1521124c7728 P 9da22e5afdce42078fe8f94ad166ac3c [NON_LEADER]: Queue going to NON_LEADER mode. State: All replicated index: 0, Majority replicated index: 0, Committed index: 0, Last appended: 0.0, Last appended by leader: 0, Current term: 0, Majority size: -1, State: 0, Mode: NON_LEADER, active raft config: opid_index: -1 OBSOLETE_local: false peers { permanent_uuid: "012786a8f1b64995847cf7dacbc029a4" member_type: VOTER last_known_addr { host: "127.0.53.2" port: 43059 } } peers { permanent_uuid: "e3aa58d3045c4a05b94b94eb8bf58ae1" member_type: VOTER last_known_addr { host: "127.0.53.3" port: 49316 } } peers { permanent_uuid: "9da22e5afdce42078fe8f94ad166ac3c" member_type: VOTER last_known_addr { host: "127.0.53.1" port: 39175 } }
I0312 20:10:29.758747 2034 heartbeater.cc:467] Master 127.0.53.62:44334 was elected leader, sending a full tablet report...
I0312 20:10:29.761312 2064 raft_consensus.cc:436] T 7581a0a77de54ef8943c1521124c7728 P e3aa58d3045c4a05b94b94eb8bf58ae1 [term 0 FOLLOWER]: Starting pre-election (no leader contacted us within the election timeout)
I0312 20:10:29.761582 2064 raft_consensus.cc:2700] T 7581a0a77de54ef8943c1521124c7728 P e3aa58d3045c4a05b94b94eb8bf58ae1: Snoozing failure detection for 0.021s (starting election)
I0312 20:10:29.761886 2064 raft_consensus.cc:458] T 7581a0a77de54ef8943c1521124c7728 P e3aa58d3045c4a05b94b94eb8bf58ae1 [term 0 FOLLOWER]: Starting pre-election with config: opid_index: -1 OBSOLETE_local: false peers { permanent_uuid: "012786a8f1b64995847cf7dacbc029a4" member_type: VOTER last_known_addr { host: "127.0.53.2" port: 43059 } } peers { permanent_uuid: "e3aa58d3045c4a05b94b94eb8bf58ae1" member_type: VOTER last_known_addr { host: "127.0.53.3" port: 49316 } } peers { permanent_uuid: "9da22e5afdce42078fe8f94ad166ac3c" member_type: VOTER last_known_addr { host: "127.0.53.1" port: 39175 } }
W0312 20:10:29.763541 1797 leader_election.cc:287] T 7581a0a77de54ef8943c1521124c7728 P 012786a8f1b64995847cf7dacbc029a4 [CANDIDATE]: Term 1 pre-election: RPC error from VoteRequest() call to peer e3aa58d3045c4a05b94b94eb8bf58ae1: Timed out: RequestConsensusVote RPC to 127.0.53.3:49316 timed out after 0.017s (ON_OUTBOUND_QUEUE)
I0312 20:10:29.763629 2064 leader_election.cc:231] T 7581a0a77de54ef8943c1521124c7728 P e3aa58d3045c4a05b94b94eb8bf58ae1 [CANDIDATE]: Term 1 pre-election: Requesting pre-vote from peer 012786a8f1b64995847cf7dacbc029a4
W0312 20:10:29.763952 1797 leader_election.cc:287] T 7581a0a77de54ef8943c1521124c7728 P 012786a8f1b64995847cf7dacbc029a4 [CANDIDATE]: Term 1 pre-election: RPC error from VoteRequest() call to peer 9da22e5afdce42078fe8f94ad166ac3c: Timed out: connection negotiation to 127.0.53.1:39175 for RPC RequestConsensusVote timed out after 0.017s (ON_OUTBOUND_QUEUE)
I0312 20:10:29.764215 1797 leader_election.cc:258] T 7581a0a77de54ef8943c1521124c7728 P 012786a8f1b64995847cf7dacbc029a4 [CANDIDATE]: Term 1 pre-election: Election decided. Result: candidate lost.
I0312 20:10:29.764199 2059 raft_consensus.cc:436] T 7581a0a77de54ef8943c1521124c7728 P 012786a8f1b64995847cf7dacbc029a4 [term 0 FOLLOWER]: Starting pre-election (no leader contacted us within the election timeout)
I0312 20:10:29.764492 2059 raft_consensus.cc:2700] T 7581a0a77de54ef8943c1521124c7728 P 012786a8f1b64995847cf7dacbc029a4: Snoozing failure detection for 0.019s (starting election)
I0312 20:10:29.764806 2055 ts_tablet_manager.cc:1063] T 7581a0a77de54ef8943c1521124c7728 P e3aa58d3045c4a05b94b94eb8bf58ae1: Time spent starting tablet: real 0.036s user 0.012s sys 0.004s
I0312 20:10:29.764709 2059 raft_consensus.cc:458] T 7581a0a77de54ef8943c1521124c7728 P 012786a8f1b64995847cf7dacbc029a4 [term 0 FOLLOWER]: Starting pre-election with config: opid_index: -1 OBSOLETE_local: false peers { permanent_uuid: "012786a8f1b64995847cf7dacbc029a4" member_type: VOTER last_known_addr { host: "127.0.53.2" port: 43059 } } peers { permanent_uuid: "e3aa58d3045c4a05b94b94eb8bf58ae1" member_type: VOTER last_known_addr { host: "127.0.53.3" port: 49316 } } peers { permanent_uuid: "9da22e5afdce42078fe8f94ad166ac3c" member_type: VOTER last_known_addr { host: "127.0.53.1" port: 39175 } }
I0312 20:10:29.765311 2064 leader_election.cc:231] T 7581a0a77de54ef8943c1521124c7728 P e3aa58d3045c4a05b94b94eb8bf58ae1 [CANDIDATE]: Term 1 pre-election: Requesting pre-vote from peer 9da22e5afdce42078fe8f94ad166ac3c
I0312 20:10:29.765576 2059 leader_election.cc:231] T 7581a0a77de54ef8943c1521124c7728 P 012786a8f1b64995847cf7dacbc029a4 [CANDIDATE]: Term 1 pre-election: Requesting pre-vote from peer e3aa58d3045c4a05b94b94eb8bf58ae1
I0312 20:10:29.765897 2059 leader_election.cc:231] T 7581a0a77de54ef8943c1521124c7728 P 012786a8f1b64995847cf7dacbc029a4 [CANDIDATE]: Term 1 pre-election: Requesting pre-vote from peer 9da22e5afdce42078fe8f94ad166ac3c
I0312 20:10:29.766686 2059 raft_consensus.cc:2700] T 7581a0a77de54ef8943c1521124c7728 P 012786a8f1b64995847cf7dacbc029a4: Snoozing failure detection for 0.017s (election complete)
I0312 20:10:29.766919 2059 raft_consensus.cc:2455] T 7581a0a77de54ef8943c1521124c7728 P 012786a8f1b64995847cf7dacbc029a4 [term 0 FOLLOWER]: Leader pre-election lost for term 1. Reason: could not achieve majority
I0312 20:10:29.770184 2065 raft_consensus.cc:436] T 7581a0a77de54ef8943c1521124c7728 P 9da22e5afdce42078fe8f94ad166ac3c [term 0 FOLLOWER]: Starting pre-election (no leader contacted us within the election timeout)
I0312 20:10:29.770882 2065 raft_consensus.cc:2700] T 7581a0a77de54ef8943c1521124c7728 P 9da22e5afdce42078fe8f94ad166ac3c: Snoozing failure detection for 0.018s (starting election)
I0312 20:10:29.771210 2065 raft_consensus.cc:458] T 7581a0a77de54ef8943c1521124c7728 P 9da22e5afdce42078fe8f94ad166ac3c [term 0 FOLLOWER]: Starting pre-election with config: opid_index: -1 OBSOLETE_local: false peers { permanent_uuid: "012786a8f1b64995847cf7dacbc029a4" member_type: VOTER last_known_addr { host: "127.0.53.2" port: 43059 } } peers { permanent_uuid: "e3aa58d3045c4a05b94b94eb8bf58ae1" member_type: VOTER last_known_addr { host: "127.0.53.3" port: 49316 } } peers { permanent_uuid: "9da22e5afdce42078fe8f94ad166ac3c" member_type: VOTER last_known_addr { host: "127.0.53.1" port: 39175 } }
I0312 20:10:29.772572 2065 leader_election.cc:231] T 7581a0a77de54ef8943c1521124c7728 P 9da22e5afdce42078fe8f94ad166ac3c [CANDIDATE]: Term 1 pre-election: Requesting pre-vote from peer 012786a8f1b64995847cf7dacbc029a4
I0312 20:10:29.773099 2065 leader_election.cc:231] T 7581a0a77de54ef8943c1521124c7728 P 9da22e5afdce42078fe8f94ad166ac3c [CANDIDATE]: Term 1 pre-election: Requesting pre-vote from peer e3aa58d3045c4a05b94b94eb8bf58ae1
I0312 20:10:29.770685 2056 ts_tablet_manager.cc:1063] T 7581a0a77de54ef8943c1521124c7728 P 9da22e5afdce42078fe8f94ad166ac3c: Time spent starting tablet: real 0.031s user 0.020s sys 0.000s
I0312 20:10:29.780405 2064 raft_consensus.cc:436] T 7581a0a77de54ef8943c1521124c7728 P e3aa58d3045c4a05b94b94eb8bf58ae1 [term 0 FOLLOWER]: Starting pre-election (no leader contacted us within the election timeout)
I0312 20:10:29.780625 2064 raft_consensus.cc:2700] T 7581a0a77de54ef8943c1521124c7728 P e3aa58d3045c4a05b94b94eb8bf58ae1: Snoozing failure detection for 0.015s (starting election)
I0312 20:10:29.780840 2064 raft_consensus.cc:458] T 7581a0a77de54ef8943c1521124c7728 P e3aa58d3045c4a05b94b94eb8bf58ae1 [term 0 FOLLOWER]: Starting pre-election with config: opid_index: -1 OBSOLETE_local: false peers { permanent_uuid: "012786a8f1b64995847cf7dacbc029a4" member_type: VOTER last_known_addr { host: "127.0.53.2" port: 43059 } } peers { permanent_uuid: "e3aa58d3045c4a05b94b94eb8bf58ae1" member_type: VOTER last_known_addr { host: "127.0.53.3" port: 49316 } } peers { permanent_uuid: "9da22e5afdce42078fe8f94ad166ac3c" member_type: VOTER last_known_addr { host: "127.0.53.1" port: 39175 } }
I0312 20:10:29.781867 2064 leader_election.cc:231] T 7581a0a77de54ef8943c1521124c7728 P e3aa58d3045c4a05b94b94eb8bf58ae1 [CANDIDATE]: Term 1 pre-election: Requesting pre-vote from peer 012786a8f1b64995847cf7dacbc029a4
I0312 20:10:29.781735 1866 tablet_service.cc:993] Received RequestConsensusVote() RPC: tablet_id: "7581a0a77de54ef8943c1521124c7728" candidate_uuid: "e3aa58d3045c4a05b94b94eb8bf58ae1" candidate_term: 1 candidate_status { last_received { term: 0 index: 0 } } ignore_live_leader: false dest_uuid: "012786a8f1b64995847cf7dacbc029a4" is_pre_election: true
I0312 20:10:29.782251 2064 leader_election.cc:231] T 7581a0a77de54ef8943c1521124c7728 P e3aa58d3045c4a05b94b94eb8bf58ae1 [CANDIDATE]: Term 1 pre-election: Requesting pre-vote from peer 9da22e5afdce42078fe8f94ad166ac3c
I0312 20:10:29.782224 1866 raft_consensus.cc:2700] T 7581a0a77de54ef8943c1521124c7728 P 012786a8f1b64995847cf7dacbc029a4: Snoozing failure detection for 0.019s (vote granted)
I0312 20:10:29.782454 1866 raft_consensus.cc:2215] T 7581a0a77de54ef8943c1521124c7728 P 012786a8f1b64995847cf7dacbc029a4 [term 0 FOLLOWER]: Leader pre-election vote request: Granting yes vote for candidate e3aa58d3045c4a05b94b94eb8bf58ae1 in term 0.
I0312 20:10:29.783164 1991 tablet_service.cc:993] Received RequestConsensusVote() RPC: tablet_id: "7581a0a77de54ef8943c1521124c7728" candidate_uuid: "012786a8f1b64995847cf7dacbc029a4" candidate_term: 1 candidate_status { last_received { term: 0 index: 0 } } ignore_live_leader: false dest_uuid: "e3aa58d3045c4a05b94b94eb8bf58ae1" is_pre_election: true
I0312 20:10:29.783684 1991 raft_consensus.cc:2700] T 7581a0a77de54ef8943c1521124c7728 P e3aa58d3045c4a05b94b94eb8bf58ae1: Snoozing failure detection for 0.015s (vote granted)
I0312 20:10:29.783562 1866 tablet_service.cc:993] Received RequestConsensusVote() RPC: tablet_id: "7581a0a77de54ef8943c1521124c7728" candidate_uuid: "e3aa58d3045c4a05b94b94eb8bf58ae1" candidate_term: 1 candidate_status { last_received { term: 0 index: 0 } } ignore_live_leader: false dest_uuid: "012786a8f1b64995847cf7dacbc029a4" is_pre_election: true
I0312 20:10:29.783944 1866 raft_consensus.cc:2700] T 7581a0a77de54ef8943c1521124c7728 P 012786a8f1b64995847cf7dacbc029a4: Snoozing failure detection for 0.018s (vote granted)
I0312 20:10:29.783896 1991 raft_consensus.cc:2215] T 7581a0a77de54ef8943c1521124c7728 P e3aa58d3045c4a05b94b94eb8bf58ae1 [term 0 FOLLOWER]: Leader pre-election vote request: Granting yes vote for candidate 012786a8f1b64995847cf7dacbc029a4 in term 0.
I0312 20:10:29.784144 1866 raft_consensus.cc:2215] T 7581a0a77de54ef8943c1521124c7728 P 012786a8f1b64995847cf7dacbc029a4 [term 0 FOLLOWER]: Leader pre-election vote request: Granting yes vote for candidate e3aa58d3045c4a05b94b94eb8bf58ae1 in term 0.
I0312 20:10:29.784353 1926 leader_election.cc:363] T 7581a0a77de54ef8943c1521124c7728 P e3aa58d3045c4a05b94b94eb8bf58ae1 [CANDIDATE]: Term 1 pre-election: Vote granted by peer 012786a8f1b64995847cf7dacbc029a4
I0312 20:10:29.784646 1926 leader_election.cc:258] T 7581a0a77de54ef8943c1521124c7728 P e3aa58d3045c4a05b94b94eb8bf58ae1 [CANDIDATE]: Term 1 pre-election: Election decided. Result: candidate won.
I0312 20:10:29.785054 1991 tablet_service.cc:993] Received RequestConsensusVote() RPC: tablet_id: "7581a0a77de54ef8943c1521124c7728" candidate_uuid: "012786a8f1b64995847cf7dacbc029a4" candidate_term: 1 candidate_status { last_received { term: 0 index: 0 } } ignore_live_leader: false dest_uuid: "e3aa58d3045c4a05b94b94eb8bf58ae1" is_pre_election: true
W0312 20:10:29.785194 1797 leader_election.cc:287] T 7581a0a77de54ef8943c1521124c7728 P 012786a8f1b64995847cf7dacbc029a4 [CANDIDATE]: Term 1 pre-election: RPC error from VoteRequest() call to peer e3aa58d3045c4a05b94b94eb8bf58ae1: Timed out: RequestConsensusVote RPC to 127.0.53.3:49316 timed out after 0.018s (SENT)
I0312 20:10:29.785347 1926 leader_election.cc:363] T 7581a0a77de54ef8943c1521124c7728 P e3aa58d3045c4a05b94b94eb8bf58ae1 [CANDIDATE]: Term 1 pre-election: Vote granted by peer 012786a8f1b64995847cf7dacbc029a4
I0312 20:10:29.785475 1991 raft_consensus.cc:2700] T 7581a0a77de54ef8943c1521124c7728 P e3aa58d3045c4a05b94b94eb8bf58ae1: Snoozing failure detection for 0.015s (vote granted)
I0312 20:10:29.785542 1926 leader_election.cc:258] T 7581a0a77de54ef8943c1521124c7728 P e3aa58d3045c4a05b94b94eb8bf58ae1 [CANDIDATE]: Term 1 pre-election: Election decided. Result: candidate won.
W0312 20:10:29.785576 1797 leader_election.cc:287] T 7581a0a77de54ef8943c1521124c7728 P 012786a8f1b64995847cf7dacbc029a4 [CANDIDATE]: Term 1 pre-election: RPC error from VoteRequest() call to peer 9da22e5afdce42078fe8f94ad166ac3c: Timed out: connection negotiation to 127.0.53.1:39175 for RPC RequestConsensusVote timed out after 0.018s (ON_OUTBOUND_QUEUE)
I0312 20:10:29.785682 1991 raft_consensus.cc:2215] T 7581a0a77de54ef8943c1521124c7728 P e3aa58d3045c4a05b94b94eb8bf58ae1 [term 0 FOLLOWER]: Leader pre-election vote request: Granting yes vote for candidate 012786a8f1b64995847cf7dacbc029a4 in term 0.
I0312 20:10:29.785753 1797 leader_election.cc:258] T 7581a0a77de54ef8943c1521124c7728 P 012786a8f1b64995847cf7dacbc029a4 [CANDIDATE]: Term 1 pre-election: Election decided. Result: candidate lost.
I0312 20:10:29.786252 2064 raft_consensus.cc:2700] T 7581a0a77de54ef8943c1521124c7728 P e3aa58d3045c4a05b94b94eb8bf58ae1: Snoozing failure detection for 0.020s (election complete)
I0312 20:10:29.786456 2064 raft_consensus.cc:2507] T 7581a0a77de54ef8943c1521124c7728 P e3aa58d3045c4a05b94b94eb8bf58ae1 [term 0 FOLLOWER]: Leader pre-election won for term 1
I0312 20:10:29.786635 2064 raft_consensus.cc:436] T 7581a0a77de54ef8943c1521124c7728 P e3aa58d3045c4a05b94b94eb8bf58ae1 [term 0 FOLLOWER]: Starting leader election (no leader contacted us within the election timeout)
I0312 20:10:29.786806 2064 raft_consensus.cc:2700] T 7581a0a77de54ef8943c1521124c7728 P e3aa58d3045c4a05b94b94eb8bf58ae1: Snoozing failure detection for 0.019s (starting election)
I0312 20:10:29.786978 2064 raft_consensus.cc:2752] T 7581a0a77de54ef8943c1521124c7728 P e3aa58d3045c4a05b94b94eb8bf58ae1 [term 0 FOLLOWER]: Advancing to term 1
I0312 20:10:29.786995 2059 raft_consensus.cc:2700] T 7581a0a77de54ef8943c1521124c7728 P 012786a8f1b64995847cf7dacbc029a4: Snoozing failure detection for 0.019s (election complete)
I0312 20:10:29.787187 2059 raft_consensus.cc:2455] T 7581a0a77de54ef8943c1521124c7728 P 012786a8f1b64995847cf7dacbc029a4 [term 0 FOLLOWER]: Leader pre-election lost for term 1. Reason: could not achieve majority
W0312 20:10:29.787751 1797 leader_election.cc:287] T 7581a0a77de54ef8943c1521124c7728 P 012786a8f1b64995847cf7dacbc029a4 [CANDIDATE]: Term 1 pre-election: RPC error from VoteRequest() call to peer e3aa58d3045c4a05b94b94eb8bf58ae1: Timed out: RequestConsensusVote RPC to 127.0.53.3:49316 timed out after 0.019s (SENT)
W0312 20:10:29.788058 1797 leader_election.cc:287] T 7581a0a77de54ef8943c1521124c7728 P 012786a8f1b64995847cf7dacbc029a4 [CANDIDATE]: Term 1 pre-election: RPC error from VoteRequest() call to peer 9da22e5afdce42078fe8f94ad166ac3c: Timed out: connection negotiation to 127.0.53.1:39175 for RPC RequestConsensusVote timed out after 0.019s (ON_OUTBOUND_QUEUE)
I0312 20:10:29.788228 1797 leader_election.cc:258] T 7581a0a77de54ef8943c1521124c7728 P 012786a8f1b64995847cf7dacbc029a4 [CANDIDATE]: Term 1 pre-election: Election decided. Result: candidate lost.
I0312 20:10:29.788609 2059 raft_consensus.cc:2700] T 7581a0a77de54ef8943c1521124c7728 P 012786a8f1b64995847cf7dacbc029a4: Snoozing failure detection for 0.045s (election complete)
I0312 20:10:29.788803 2059 raft_consensus.cc:2455] T 7581a0a77de54ef8943c1521124c7728 P 012786a8f1b64995847cf7dacbc029a4 [term 0 FOLLOWER]: Leader pre-election lost for term 1. Reason: could not achieve majority
W0312 20:10:29.789413 1922 leader_election.cc:287] T 7581a0a77de54ef8943c1521124c7728 P e3aa58d3045c4a05b94b94eb8bf58ae1 [CANDIDATE]: Term 1 pre-election: RPC error from VoteRequest() call to peer 9da22e5afdce42078fe8f94ad166ac3c: Timed out: connection negotiation to 127.0.53.1:39175 for RPC RequestConsensusVote timed out after 0.021s (ON_OUTBOUND_QUEUE)
I0312 20:10:29.789657 2065 raft_consensus.cc:436] T 7581a0a77de54ef8943c1521124c7728 P 9da22e5afdce42078fe8f94ad166ac3c [term 0 FOLLOWER]: Starting pre-election (no leader contacted us within the election timeout)
I0312 20:10:29.789855 2065 raft_consensus.cc:2700] T 7581a0a77de54ef8943c1521124c7728 P 9da22e5afdce42078fe8f94ad166ac3c: Snoozing failure detection for 0.020s (starting election)
I0312 20:10:29.790102 2065 raft_consensus.cc:458] T 7581a0a77de54ef8943c1521124c7728 P 9da22e5afdce42078fe8f94ad166ac3c [term 0 FOLLOWER]: Starting pre-election with config: opid_index: -1 OBSOLETE_local: false peers { permanent_uuid: "012786a8f1b64995847cf7dacbc029a4" member_type: VOTER last_known_addr { host: "127.0.53.2" port: 43059 } } peers { permanent_uuid: "e3aa58d3045c4a05b94b94eb8bf58ae1" member_type: VOTER last_known_addr { host: "127.0.53.3" port: 49316 } } peers { permanent_uuid: "9da22e5afdce42078fe8f94ad166ac3c" member_type: VOTER last_known_addr { host: "127.0.53.1" port: 39175 } }
I0312 20:10:29.791483 2065 leader_election.cc:231] T 7581a0a77de54ef8943c1521124c7728 P 9da22e5afdce42078fe8f94ad166ac3c [CANDIDATE]: Term 1 pre-election: Requesting pre-vote from peer 012786a8f1b64995847cf7dacbc029a4
I0312 20:10:29.792136 2065 leader_election.cc:231] T 7581a0a77de54ef8943c1521124c7728 P 9da22e5afdce42078fe8f94ad166ac3c [CANDIDATE]: Term 1 pre-election: Requesting pre-vote from peer e3aa58d3045c4a05b94b94eb8bf58ae1
I0312 20:10:29.791899 2064 raft_consensus.cc:458] T 7581a0a77de54ef8943c1521124c7728 P e3aa58d3045c4a05b94b94eb8bf58ae1 [term 1 FOLLOWER]: Starting leader election with config: opid_index: -1 OBSOLETE_local: false peers { permanent_uuid: "012786a8f1b64995847cf7dacbc029a4" member_type: VOTER last_known_addr { host: "127.0.53.2" port: 43059 } } peers { permanent_uuid: "e3aa58d3045c4a05b94b94eb8bf58ae1" member_type: VOTER last_known_addr { host: "127.0.53.3" port: 49316 } } peers { permanent_uuid: "9da22e5afdce42078fe8f94ad166ac3c" member_type: VOTER last_known_addr { host: "127.0.53.1" port: 39175 } }
