I0312 20:10:32.837740 2101 consensus_queue.cc:1004] T 7581a0a77de54ef8943c1521124c7728 P 9da22e5afdce42078fe8f94ad166ac3c [LEADER]: Peer e3aa58d3045c4a05b94b94eb8bf58ae1 log is divergent from this leader: its last log entry 1.71 is not in this leader's log and it has not received anything from this leader yet. Falling back to committed index 69
I0312 20:10:32.837966 2101 consensus_queue.cc:1028] T 7581a0a77de54ef8943c1521124c7728 P 9da22e5afdce42078fe8f94ad166ac3c [LEADER]: Peer responded invalid term: Peer: permanent_uuid: "e3aa58d3045c4a05b94b94eb8bf58ae1" member_type: VOTER last_known_addr { host: "127.0.53.3" port: 49316 }, Status: INVALID_TERM, Last received: 0.0, Next index: 70, Last known committed idx: 69, Time since last communication: 0.001s
I0312 20:10:32.841123 1989 raft_consensus.cc:1026] T 7581a0a77de54ef8943c1521124c7728 P e3aa58d3045c4a05b94b94eb8bf58ae1 [term 4 FOLLOWER]: Rejecting Update request from peer 9da22e5afdce42078fe8f94ad166ac3c for earlier term 3. Current term is 4. Ops: []
I0312 20:10:32.842284 2108 consensus_queue.cc:1004] T 7581a0a77de54ef8943c1521124c7728 P 9da22e5afdce42078fe8f94ad166ac3c [LEADER]: Peer e3aa58d3045c4a05b94b94eb8bf58ae1 log is divergent from this leader: its last log entry 1.71 is not in this leader's log and it has not received anything from this leader yet. Falling back to committed index 69
I0312 20:10:32.842454 2108 consensus_queue.cc:1028] T 7581a0a77de54ef8943c1521124c7728 P 9da22e5afdce42078fe8f94ad166ac3c [LEADER]: Peer responded invalid term: Peer: permanent_uuid: "e3aa58d3045c4a05b94b94eb8bf58ae1" member_type: VOTER last_known_addr { host: "127.0.53.3" port: 49316 }, Status: INVALID_TERM, Last received: 0.0, Next index: 70, Last known committed idx: 69, Time since last communication: 0.001s
I0312 20:10:32.846817 1989 raft_consensus.cc:1026] T 7581a0a77de54ef8943c1521124c7728 P e3aa58d3045c4a05b94b94eb8bf58ae1 [term 4 FOLLOWER]: Rejecting Update request from peer 9da22e5afdce42078fe8f94ad166ac3c for earlier term 3. Current term is 4. Ops: []
I0312 20:10:32.847795 2108 consensus_queue.cc:1004] T 7581a0a77de54ef8943c1521124c7728 P 9da22e5afdce42078fe8f94ad166ac3c [LEADER]: Peer e3aa58d3045c4a05b94b94eb8bf58ae1 log is divergent from this leader: its last log entry 1.71 is not in this leader's log and it has not received anything from this leader yet. Falling back to committed index 69
I0312 20:10:32.848207 2108 consensus_queue.cc:1028] T 7581a0a77de54ef8943c1521124c7728 P 9da22e5afdce42078fe8f94ad166ac3c [LEADER]: Peer responded invalid term: Peer: permanent_uuid: "e3aa58d3045c4a05b94b94eb8bf58ae1" member_type: VOTER last_known_addr { host: "127.0.53.3" port: 49316 }, Status: INVALID_TERM, Last received: 0.0, Next index: 70, Last known committed idx: 69, Time since last communication: 0.001s
I0312 20:10:32.851457 1989 raft_consensus.cc:1026] T 7581a0a77de54ef8943c1521124c7728 P e3aa58d3045c4a05b94b94eb8bf58ae1 [term 4 FOLLOWER]: Rejecting Update request from peer 9da22e5afdce42078fe8f94ad166ac3c for earlier term 3. Current term is 4. Ops: []
I0312 20:10:32.852824 2108 consensus_queue.cc:1004] T 7581a0a77de54ef8943c1521124c7728 P 9da22e5afdce42078fe8f94ad166ac3c [LEADER]: Peer e3aa58d3045c4a05b94b94eb8bf58ae1 log is divergent from this leader: its last log entry 1.71 is not in this leader's log and it has not received anything from this leader yet. Falling back to committed index 69
I0312 20:10:32.853185 2108 consensus_queue.cc:1028] T 7581a0a77de54ef8943c1521124c7728 P 9da22e5afdce42078fe8f94ad166ac3c [LEADER]: Peer responded invalid term: Peer: permanent_uuid: "e3aa58d3045c4a05b94b94eb8bf58ae1" member_type: VOTER last_known_addr { host: "127.0.53.3" port: 49316 }, Status: INVALID_TERM, Last received: 0.0, Next index: 70, Last known committed idx: 69, Time since last communication: 0.001s
I0312 20:10:32.856132 1989 raft_consensus.cc:1026] T 7581a0a77de54ef8943c1521124c7728 P e3aa58d3045c4a05b94b94eb8bf58ae1 [term 4 FOLLOWER]: Rejecting Update request from peer 9da22e5afdce42078fe8f94ad166ac3c for earlier term 3. Current term is 4. Ops: []
I0312 20:10:32.857192 2108 consensus_queue.cc:1004] T 7581a0a77de54ef8943c1521124c7728 P 9da22e5afdce42078fe8f94ad166ac3c [LEADER]: Peer e3aa58d3045c4a05b94b94eb8bf58ae1 log is divergent from this leader: its last log entry 1.71 is not in this leader's log and it has not received anything from this leader yet. Falling back to committed index 69
I0312 20:10:32.857429 2108 consensus_queue.cc:1028] T 7581a0a77de54ef8943c1521124c7728 P 9da22e5afdce42078fe8f94ad166ac3c [LEADER]: Peer responded invalid term: Peer: permanent_uuid: "e3aa58d3045c4a05b94b94eb8bf58ae1" member_type: VOTER last_known_addr { host: "127.0.53.3" port: 49316 }, Status: INVALID_TERM, Last received: 0.0, Next index: 70, Last known committed idx: 69, Time since last communication: 0.001s
I0312 20:10:32.860381 2102 raft_consensus.cc:2747] T 7581a0a77de54ef8943c1521124c7728 P 9da22e5afdce42078fe8f94ad166ac3c [term 3 LEADER]: Stepping down as leader of term 3
I0312 20:10:32.860579 2102 raft_consensus.cc:605] T 7581a0a77de54ef8943c1521124c7728 P 9da22e5afdce42078fe8f94ad166ac3c [term 3 LEADER]: Becoming Follower/Learner. State: Replica: 9da22e5afdce42078fe8f94ad166ac3c, State: Running, Role: LEADER
I0312 20:10:32.860994 2102 consensus_queue.cc:219] T 7581a0a77de54ef8943c1521124c7728 P 9da22e5afdce42078fe8f94ad166ac3c [NON_LEADER]: Queue going to NON_LEADER mode. State: All replicated index: 0, Majority replicated index: 70, Committed index: 70, Last appended: 3.70, Last appended by leader: 70, Current term: 3, Majority size: -1, State: 0, Mode: NON_LEADER, active raft config: opid_index: -1 OBSOLETE_local: false peers { permanent_uuid: "012786a8f1b64995847cf7dacbc029a4" member_type: VOTER last_known_addr { host: "127.0.53.2" port: 43059 } } peers { permanent_uuid: "e3aa58d3045c4a05b94b94eb8bf58ae1" member_type: VOTER last_known_addr { host: "127.0.53.3" port: 49316 } } peers { permanent_uuid: "9da22e5afdce42078fe8f94ad166ac3c" member_type: VOTER last_known_addr { host: "127.0.53.1" port: 39175 } }
I0312 20:10:32.861621 2102 consensus_peers.cc:458] T 7581a0a77de54ef8943c1521124c7728 P 9da22e5afdce42078fe8f94ad166ac3c -> Peer e3aa58d3045c4a05b94b94eb8bf58ae1 (127.0.53.3:49316): Closing peer: e3aa58d3045c4a05b94b94eb8bf58ae1
I0312 20:10:32.861810 2102 consensus_peers.cc:458] T 7581a0a77de54ef8943c1521124c7728 P 9da22e5afdce42078fe8f94ad166ac3c -> Peer 012786a8f1b64995847cf7dacbc029a4 (127.0.53.2:43059): Closing peer: 012786a8f1b64995847cf7dacbc029a4
I0312 20:10:32.862218 2102 raft_consensus.cc:2752] T 7581a0a77de54ef8943c1521124c7728 P 9da22e5afdce42078fe8f94ad166ac3c [term 3 FOLLOWER]: Advancing to term 4
I0312 20:10:32.874905 2109 raft_consensus.cc:436] T 7581a0a77de54ef8943c1521124c7728 P 012786a8f1b64995847cf7dacbc029a4 [term 3 FOLLOWER]: Starting pre-election (detected failure of leader 9da22e5afdce42078fe8f94ad166ac3c)
I0312 20:10:32.875157 2109 raft_consensus.cc:2700] T 7581a0a77de54ef8943c1521124c7728 P 012786a8f1b64995847cf7dacbc029a4: Snoozing failure detection for 0.016s (starting election)
I0312 20:10:32.875404 2109 raft_consensus.cc:458] T 7581a0a77de54ef8943c1521124c7728 P 012786a8f1b64995847cf7dacbc029a4 [term 3 FOLLOWER]: Starting pre-election with config: opid_index: -1 OBSOLETE_local: false peers { permanent_uuid: "012786a8f1b64995847cf7dacbc029a4" member_type: VOTER last_known_addr { host: "127.0.53.2" port: 43059 } } peers { permanent_uuid: "e3aa58d3045c4a05b94b94eb8bf58ae1" member_type: VOTER last_known_addr { host: "127.0.53.3" port: 49316 } } peers { permanent_uuid: "9da22e5afdce42078fe8f94ad166ac3c" member_type: VOTER last_known_addr { host: "127.0.53.1" port: 39175 } }
I0312 20:10:32.876406 2109 leader_election.cc:231] T 7581a0a77de54ef8943c1521124c7728 P 012786a8f1b64995847cf7dacbc029a4 [CANDIDATE]: Term 4 pre-election: Requesting pre-vote from peer e3aa58d3045c4a05b94b94eb8bf58ae1
I0312 20:10:32.876503 2064 raft_consensus.cc:436] T 7581a0a77de54ef8943c1521124c7728 P e3aa58d3045c4a05b94b94eb8bf58ae1 [term 4 FOLLOWER]: Starting pre-election (no leader contacted us within the election timeout)
I0312 20:10:32.876713 2064 raft_consensus.cc:2700] T 7581a0a77de54ef8943c1521124c7728 P e3aa58d3045c4a05b94b94eb8bf58ae1: Snoozing failure detection for 0.065s (starting election)
I0312 20:10:32.876766 2109 leader_election.cc:231] T 7581a0a77de54ef8943c1521124c7728 P 012786a8f1b64995847cf7dacbc029a4 [CANDIDATE]: Term 4 pre-election: Requesting pre-vote from peer 9da22e5afdce42078fe8f94ad166ac3c
I0312 20:10:32.876940 2064 raft_consensus.cc:458] T 7581a0a77de54ef8943c1521124c7728 P e3aa58d3045c4a05b94b94eb8bf58ae1 [term 4 FOLLOWER]: Starting pre-election with config: opid_index: -1 OBSOLETE_local: false peers { permanent_uuid: "012786a8f1b64995847cf7dacbc029a4" member_type: VOTER last_known_addr { host: "127.0.53.2" port: 43059 } } peers { permanent_uuid: "e3aa58d3045c4a05b94b94eb8bf58ae1" member_type: VOTER last_known_addr { host: "127.0.53.3" port: 49316 } } peers { permanent_uuid: "9da22e5afdce42078fe8f94ad166ac3c" member_type: VOTER last_known_addr { host: "127.0.53.1" port: 39175 } }
I0312 20:10:32.877928 2064 leader_election.cc:231] T 7581a0a77de54ef8943c1521124c7728 P e3aa58d3045c4a05b94b94eb8bf58ae1 [CANDIDATE]: Term 5 pre-election: Requesting pre-vote from peer 012786a8f1b64995847cf7dacbc029a4
I0312 20:10:32.878275 2064 leader_election.cc:231] T 7581a0a77de54ef8943c1521124c7728 P e3aa58d3045c4a05b94b94eb8bf58ae1 [CANDIDATE]: Term 5 pre-election: Requesting pre-vote from peer 9da22e5afdce42078fe8f94ad166ac3c
I0312 20:10:32.878442 1989 tablet_service.cc:993] Received RequestConsensusVote() RPC: tablet_id: "7581a0a77de54ef8943c1521124c7728" candidate_uuid: "012786a8f1b64995847cf7dacbc029a4" candidate_term: 4 candidate_status { last_received { term: 3 index: 70 } } ignore_live_leader: false dest_uuid: "e3aa58d3045c4a05b94b94eb8bf58ae1" is_pre_election: true
I0312 20:10:32.879024 1989 raft_consensus.cc:2145] T 7581a0a77de54ef8943c1521124c7728 P e3aa58d3045c4a05b94b94eb8bf58ae1 [term 4 FOLLOWER]: Leader pre-election vote request: Denying vote to candidate 012786a8f1b64995847cf7dacbc029a4 in current term 4: Already voted for candidate e3aa58d3045c4a05b94b94eb8bf58ae1 in this term.
I0312 20:10:32.879845 1797 leader_election.cc:377] T 7581a0a77de54ef8943c1521124c7728 P 012786a8f1b64995847cf7dacbc029a4 [CANDIDATE]: Term 4 pre-election: Vote denied by peer e3aa58d3045c4a05b94b94eb8bf58ae1. Message: Invalid argument: T 7581a0a77de54ef8943c1521124c7728 P e3aa58d3045c4a05b94b94eb8bf58ae1 [term 4 FOLLOWER]: Leader pre-election vote request: Denying vote to candidate 012786a8f1b64995847cf7dacbc029a4 in current term 4: Already voted for candidate e3aa58d3045c4a05b94b94eb8bf58ae1 in this term.
I0312 20:10:32.879961 1739 tablet_service.cc:993] Received RequestConsensusVote() RPC: tablet_id: "7581a0a77de54ef8943c1521124c7728" candidate_uuid: "e3aa58d3045c4a05b94b94eb8bf58ae1" candidate_term: 5 candidate_status { last_received { term: 1 index: 71 } } ignore_live_leader: false dest_uuid: "9da22e5afdce42078fe8f94ad166ac3c" is_pre_election: true
I0312 20:10:32.880594 1739 raft_consensus.cc:2162] T 7581a0a77de54ef8943c1521124c7728 P 9da22e5afdce42078fe8f94ad166ac3c [term 4 FOLLOWER]: Leader pre-election vote request: Denying vote to candidate e3aa58d3045c4a05b94b94eb8bf58ae1 for term 5 because replica has last-logged OpId of term: 3 index: 70, which is greater than that of the candidate, which has last-logged OpId of term: 1 index: 71.
I0312 20:10:32.880787 1741 tablet_service.cc:993] Received RequestConsensusVote() RPC: tablet_id: "7581a0a77de54ef8943c1521124c7728" candidate_uuid: "012786a8f1b64995847cf7dacbc029a4" candidate_term: 4 candidate_status { last_received { term: 3 index: 70 } } ignore_live_leader: false dest_uuid: "9da22e5afdce42078fe8f94ad166ac3c" is_pre_election: true
I0312 20:10:32.881316 1741 raft_consensus.cc:2700] T 7581a0a77de54ef8943c1521124c7728 P 9da22e5afdce42078fe8f94ad166ac3c: Snoozing failure detection for 0.017s (vote granted)
I0312 20:10:32.881526 1741 raft_consensus.cc:2215] T 7581a0a77de54ef8943c1521124c7728 P 9da22e5afdce42078fe8f94ad166ac3c [term 4 FOLLOWER]: Leader pre-election vote request: Granting yes vote for candidate 012786a8f1b64995847cf7dacbc029a4 in term 4.
I0312 20:10:32.881600 1922 leader_election.cc:377] T 7581a0a77de54ef8943c1521124c7728 P e3aa58d3045c4a05b94b94eb8bf58ae1 [CANDIDATE]: Term 5 pre-election: Vote denied by peer 9da22e5afdce42078fe8f94ad166ac3c. Message: Invalid argument: T 7581a0a77de54ef8943c1521124c7728 P 9da22e5afdce42078fe8f94ad166ac3c [term 4 FOLLOWER]: Leader pre-election vote request: Denying vote to candidate e3aa58d3045c4a05b94b94eb8bf58ae1 for term 5 because replica has last-logged OpId of term: 3 index: 70, which is greater than that of the candidate, which has last-logged OpId of term: 1 index: 71.
I0312 20:10:32.882454 1797 leader_election.cc:363] T 7581a0a77de54ef8943c1521124c7728 P 012786a8f1b64995847cf7dacbc029a4 [CANDIDATE]: Term 4 pre-election: Vote granted by peer 9da22e5afdce42078fe8f94ad166ac3c
I0312 20:10:32.882328 1865 tablet_service.cc:993] Received RequestConsensusVote() RPC: tablet_id: "7581a0a77de54ef8943c1521124c7728" candidate_uuid: "e3aa58d3045c4a05b94b94eb8bf58ae1" candidate_term: 5 candidate_status { last_received { term: 1 index: 71 } } ignore_live_leader: false dest_uuid: "012786a8f1b64995847cf7dacbc029a4" is_pre_election: true
I0312 20:10:32.882648 1797 leader_election.cc:258] T 7581a0a77de54ef8943c1521124c7728 P 012786a8f1b64995847cf7dacbc029a4 [CANDIDATE]: Term 4 pre-election: Election decided. Result: candidate won.
I0312 20:10:32.882961 1865 raft_consensus.cc:2162] T 7581a0a77de54ef8943c1521124c7728 P 012786a8f1b64995847cf7dacbc029a4 [term 3 FOLLOWER]: Leader pre-election vote request: Denying vote to candidate e3aa58d3045c4a05b94b94eb8bf58ae1 for term 5 because replica has last-logged OpId of term: 3 index: 70, which is greater than that of the candidate, which has last-logged OpId of term: 1 index: 71.
I0312 20:10:32.883348 2109 raft_consensus.cc:2700] T 7581a0a77de54ef8943c1521124c7728 P 012786a8f1b64995847cf7dacbc029a4: Snoozing failure detection for 0.016s (election complete)
I0312 20:10:32.883558 2109 raft_consensus.cc:2507] T 7581a0a77de54ef8943c1521124c7728 P 012786a8f1b64995847cf7dacbc029a4 [term 3 FOLLOWER]: Leader pre-election won for term 4
I0312 20:10:32.883728 2109 raft_consensus.cc:436] T 7581a0a77de54ef8943c1521124c7728 P 012786a8f1b64995847cf7dacbc029a4 [term 3 FOLLOWER]: Starting leader election (detected failure of leader 9da22e5afdce42078fe8f94ad166ac3c)
I0312 20:10:32.883769 1926 leader_election.cc:377] T 7581a0a77de54ef8943c1521124c7728 P e3aa58d3045c4a05b94b94eb8bf58ae1 [CANDIDATE]: Term 5 pre-election: Vote denied by peer 012786a8f1b64995847cf7dacbc029a4. Message: Invalid argument: T 7581a0a77de54ef8943c1521124c7728 P 012786a8f1b64995847cf7dacbc029a4 [term 3 FOLLOWER]: Leader pre-election vote request: Denying vote to candidate e3aa58d3045c4a05b94b94eb8bf58ae1 for term 5 because replica has last-logged OpId of term: 3 index: 70, which is greater than that of the candidate, which has last-logged OpId of term: 1 index: 71.
I0312 20:10:32.883915 2109 raft_consensus.cc:2700] T 7581a0a77de54ef8943c1521124c7728 P 012786a8f1b64995847cf7dacbc029a4: Snoozing failure detection for 0.022s (starting election)
I0312 20:10:32.883985 1926 leader_election.cc:258] T 7581a0a77de54ef8943c1521124c7728 P e3aa58d3045c4a05b94b94eb8bf58ae1 [CANDIDATE]: Term 5 pre-election: Election decided. Result: candidate lost.
I0312 20:10:32.884080 2109 raft_consensus.cc:2752] T 7581a0a77de54ef8943c1521124c7728 P 012786a8f1b64995847cf7dacbc029a4 [term 3 FOLLOWER]: Advancing to term 4
I0312 20:10:32.884557 2064 raft_consensus.cc:2700] T 7581a0a77de54ef8943c1521124c7728 P e3aa58d3045c4a05b94b94eb8bf58ae1: Snoozing failure detection for 0.074s (election complete)
I0312 20:10:32.884752 2064 raft_consensus.cc:2455] T 7581a0a77de54ef8943c1521124c7728 P e3aa58d3045c4a05b94b94eb8bf58ae1 [term 4 FOLLOWER]: Leader pre-election lost for term 5. Reason: could not achieve majority
I0312 20:10:32.885191 2101 raft_consensus.cc:436] T 7581a0a77de54ef8943c1521124c7728 P 9da22e5afdce42078fe8f94ad166ac3c [term 4 FOLLOWER]: Starting pre-election (no leader contacted us within the election timeout)
I0312 20:10:32.885401 2101 raft_consensus.cc:2700] T 7581a0a77de54ef8943c1521124c7728 P 9da22e5afdce42078fe8f94ad166ac3c: Snoozing failure detection for 0.015s (starting election)
I0312 20:10:32.885622 2101 raft_consensus.cc:458] T 7581a0a77de54ef8943c1521124c7728 P 9da22e5afdce42078fe8f94ad166ac3c [term 4 FOLLOWER]: Starting pre-election with config: opid_index: -1 OBSOLETE_local: false peers { permanent_uuid: "012786a8f1b64995847cf7dacbc029a4" member_type: VOTER last_known_addr { host: "127.0.53.2" port: 43059 } } peers { permanent_uuid: "e3aa58d3045c4a05b94b94eb8bf58ae1" member_type: VOTER last_known_addr { host: "127.0.53.3" port: 49316 } } peers { permanent_uuid: "9da22e5afdce42078fe8f94ad166ac3c" member_type: VOTER last_known_addr { host: "127.0.53.1" port: 39175 } }
I0312 20:10:32.886575 2101 leader_election.cc:231] T 7581a0a77de54ef8943c1521124c7728 P 9da22e5afdce42078fe8f94ad166ac3c [CANDIDATE]: Term 5 pre-election: Requesting pre-vote from peer 012786a8f1b64995847cf7dacbc029a4
I0312 20:10:32.887007 2101 leader_election.cc:231] T 7581a0a77de54ef8943c1521124c7728 P 9da22e5afdce42078fe8f94ad166ac3c [CANDIDATE]: Term 5 pre-election: Requesting pre-vote from peer e3aa58d3045c4a05b94b94eb8bf58ae1
I0312 20:10:32.887889 1865 tablet_service.cc:993] Received RequestConsensusVote() RPC: tablet_id: "7581a0a77de54ef8943c1521124c7728" candidate_uuid: "9da22e5afdce42078fe8f94ad166ac3c" candidate_term: 5 candidate_status { last_received { term: 3 index: 70 } } ignore_live_leader: false dest_uuid: "012786a8f1b64995847cf7dacbc029a4" is_pre_election: true
I0312 20:10:32.888341 1989 tablet_service.cc:993] Received RequestConsensusVote() RPC: tablet_id: "7581a0a77de54ef8943c1521124c7728" candidate_uuid: "9da22e5afdce42078fe8f94ad166ac3c" candidate_term: 5 candidate_status { last_received { term: 3 index: 70 } } ignore_live_leader: false dest_uuid: "e3aa58d3045c4a05b94b94eb8bf58ae1" is_pre_election: true
I0312 20:10:32.888751 1989 raft_consensus.cc:2700] T 7581a0a77de54ef8943c1521124c7728 P e3aa58d3045c4a05b94b94eb8bf58ae1: Snoozing failure detection for 0.104s (vote granted)
I0312 20:10:32.888947 1989 raft_consensus.cc:2215] T 7581a0a77de54ef8943c1521124c7728 P e3aa58d3045c4a05b94b94eb8bf58ae1 [term 4 FOLLOWER]: Leader pre-election vote request: Granting yes vote for candidate 9da22e5afdce42078fe8f94ad166ac3c in term 4.
I0312 20:10:32.889811 1663 leader_election.cc:363] T 7581a0a77de54ef8943c1521124c7728 P 9da22e5afdce42078fe8f94ad166ac3c [CANDIDATE]: Term 5 pre-election: Vote granted by peer e3aa58d3045c4a05b94b94eb8bf58ae1
I0312 20:10:32.890056 1663 leader_election.cc:258] T 7581a0a77de54ef8943c1521124c7728 P 9da22e5afdce42078fe8f94ad166ac3c [CANDIDATE]: Term 5 pre-election: Election decided. Result: candidate won.
I0312 20:10:32.890463 2108 raft_consensus.cc:2700] T 7581a0a77de54ef8943c1521124c7728 P 9da22e5afdce42078fe8f94ad166ac3c: Snoozing failure detection for 0.015s (election complete)
I0312 20:10:32.890734 2108 raft_consensus.cc:2507] T 7581a0a77de54ef8943c1521124c7728 P 9da22e5afdce42078fe8f94ad166ac3c [term 4 FOLLOWER]: Leader pre-election won for term 5
I0312 20:10:32.890954 2108 raft_consensus.cc:436] T 7581a0a77de54ef8943c1521124c7728 P 9da22e5afdce42078fe8f94ad166ac3c [term 4 FOLLOWER]: Starting leader election (no leader contacted us within the election timeout)
I0312 20:10:32.891142 2108 raft_consensus.cc:2700] T 7581a0a77de54ef8943c1521124c7728 P 9da22e5afdce42078fe8f94ad166ac3c: Snoozing failure detection for 0.022s (starting election)
I0312 20:10:32.891335 2108 raft_consensus.cc:2752] T 7581a0a77de54ef8943c1521124c7728 P 9da22e5afdce42078fe8f94ad166ac3c [term 4 FOLLOWER]: Advancing to term 5
W0312 20:10:32.902902 1676 leader_election.cc:287] T 7581a0a77de54ef8943c1521124c7728 P 9da22e5afdce42078fe8f94ad166ac3c [CANDIDATE]: Term 5 pre-election: RPC error from VoteRequest() call to peer 012786a8f1b64995847cf7dacbc029a4: Timed out: RequestConsensusVote RPC to 127.0.53.2:43059 timed out after 0.015s (SENT)
I0312 20:10:32.993587 2064 raft_consensus.cc:436] T 7581a0a77de54ef8943c1521124c7728 P e3aa58d3045c4a05b94b94eb8bf58ae1 [term 4 FOLLOWER]: Starting pre-election (no leader contacted us within the election timeout)
I0312 20:10:32.993796 2064 raft_consensus.cc:2700] T 7581a0a77de54ef8943c1521124c7728 P e3aa58d3045c4a05b94b94eb8bf58ae1: Snoozing failure detection for 0.086s (starting election)
I0312 20:10:32.993975 2064 raft_consensus.cc:458] T 7581a0a77de54ef8943c1521124c7728 P e3aa58d3045c4a05b94b94eb8bf58ae1 [term 4 FOLLOWER]: Starting pre-election with config: opid_index: -1 OBSOLETE_local: false peers { permanent_uuid: "012786a8f1b64995847cf7dacbc029a4" member_type: VOTER last_known_addr { host: "127.0.53.2" port: 43059 } } peers { permanent_uuid: "e3aa58d3045c4a05b94b94eb8bf58ae1" member_type: VOTER last_known_addr { host: "127.0.53.3" port: 49316 } } peers { permanent_uuid: "9da22e5afdce42078fe8f94ad166ac3c" member_type: VOTER last_known_addr { host: "127.0.53.1" port: 39175 } }
I0312 20:10:32.994771 2064 leader_election.cc:231] T 7581a0a77de54ef8943c1521124c7728 P e3aa58d3045c4a05b94b94eb8bf58ae1 [CANDIDATE]: Term 5 pre-election: Requesting pre-vote from peer 012786a8f1b64995847cf7dacbc029a4
I0312 20:10:32.995079 2064 leader_election.cc:231] T 7581a0a77de54ef8943c1521124c7728 P e3aa58d3045c4a05b94b94eb8bf58ae1 [CANDIDATE]: Term 5 pre-election: Requesting pre-vote from peer 9da22e5afdce42078fe8f94ad166ac3c
I0312 20:10:32.995856 1866 tablet_service.cc:993] Received RequestConsensusVote() RPC: tablet_id: "7581a0a77de54ef8943c1521124c7728" candidate_uuid: "e3aa58d3045c4a05b94b94eb8bf58ae1" candidate_term: 5 candidate_status { last_received { term: 1 index: 71 } } ignore_live_leader: false dest_uuid: "012786a8f1b64995847cf7dacbc029a4" is_pre_election: true
I0312 20:10:32.996094 1741 tablet_service.cc:993] Received RequestConsensusVote() RPC: tablet_id: "7581a0a77de54ef8943c1521124c7728" candidate_uuid: "e3aa58d3045c4a05b94b94eb8bf58ae1" candidate_term: 5 candidate_status { last_received { term: 1 index: 71 } } ignore_live_leader: false dest_uuid: "9da22e5afdce42078fe8f94ad166ac3c" is_pre_election: true
I0312 20:10:33.080569 2064 raft_consensus.cc:436] T 7581a0a77de54ef8943c1521124c7728 P e3aa58d3045c4a05b94b94eb8bf58ae1 [term 4 FOLLOWER]: Starting pre-election (no leader contacted us within the election timeout)
I0312 20:10:33.080776 2064 raft_consensus.cc:2700] T 7581a0a77de54ef8943c1521124c7728 P e3aa58d3045c4a05b94b94eb8bf58ae1: Snoozing failure detection for 0.047s (starting election)
I0312 20:10:33.080945 2064 raft_consensus.cc:458] T 7581a0a77de54ef8943c1521124c7728 P e3aa58d3045c4a05b94b94eb8bf58ae1 [term 4 FOLLOWER]: Starting pre-election with config: opid_index: -1 OBSOLETE_local: false peers { permanent_uuid: "012786a8f1b64995847cf7dacbc029a4" member_type: VOTER last_known_addr { host: "127.0.53.2" port: 43059 } } peers { permanent_uuid: "e3aa58d3045c4a05b94b94eb8bf58ae1" member_type: VOTER last_known_addr { host: "127.0.53.3" port: 49316 } } peers { permanent_uuid: "9da22e5afdce42078fe8f94ad166ac3c" member_type: VOTER last_known_addr { host: "127.0.53.1" port: 39175 } }
I0312 20:10:33.081773 2064 leader_election.cc:231] T 7581a0a77de54ef8943c1521124c7728 P e3aa58d3045c4a05b94b94eb8bf58ae1 [CANDIDATE]: Term 5 pre-election: Requesting pre-vote from peer 012786a8f1b64995847cf7dacbc029a4
W0312 20:10:33.081805 1922 leader_election.cc:287] T 7581a0a77de54ef8943c1521124c7728 P e3aa58d3045c4a05b94b94eb8bf58ae1 [CANDIDATE]: Term 5 pre-election: RPC error from VoteRequest() call to peer 9da22e5afdce42078fe8f94ad166ac3c: Timed out: RequestConsensusVote RPC to 127.0.53.1:39175 timed out after 0.086s (SENT)
W0312 20:10:33.082059 1926 leader_election.cc:287] T 7581a0a77de54ef8943c1521124c7728 P e3aa58d3045c4a05b94b94eb8bf58ae1 [CANDIDATE]: Term 5 pre-election: RPC error from VoteRequest() call to peer 012786a8f1b64995847cf7dacbc029a4: Timed out: RequestConsensusVote RPC to 127.0.53.2:43059 timed out after 0.086s (SENT)
I0312 20:10:33.082151 2064 leader_election.cc:231] T 7581a0a77de54ef8943c1521124c7728 P e3aa58d3045c4a05b94b94eb8bf58ae1 [CANDIDATE]: Term 5 pre-election: Requesting pre-vote from peer 9da22e5afdce42078fe8f94ad166ac3c
I0312 20:10:33.082252 1926 leader_election.cc:258] T 7581a0a77de54ef8943c1521124c7728 P e3aa58d3045c4a05b94b94eb8bf58ae1 [CANDIDATE]: Term 5 pre-election: Election decided. Result: candidate lost.
I0312 20:10:33.082635 2064 raft_consensus.cc:2700] T 7581a0a77de54ef8943c1521124c7728 P e3aa58d3045c4a05b94b94eb8bf58ae1: Snoozing failure detection for 0.111s (election complete)
I0312 20:10:33.082832 2064 raft_consensus.cc:2455] T 7581a0a77de54ef8943c1521124c7728 P e3aa58d3045c4a05b94b94eb8bf58ae1 [term 4 FOLLOWER]: Leader pre-election lost for term 5. Reason: could not achieve majority
I0312 20:10:33.083407 1739 tablet_service.cc:993] Received RequestConsensusVote() RPC: tablet_id: "7581a0a77de54ef8943c1521124c7728" candidate_uuid: "e3aa58d3045c4a05b94b94eb8bf58ae1" candidate_term: 5 candidate_status { last_received { term: 1 index: 71 } } ignore_live_leader: false dest_uuid: "9da22e5afdce42078fe8f94ad166ac3c" is_pre_election: true
I0312 20:10:33.083535 1864 tablet_service.cc:993] Received RequestConsensusVote() RPC: tablet_id: "7581a0a77de54ef8943c1521124c7728" candidate_uuid: "e3aa58d3045c4a05b94b94eb8bf58ae1" candidate_term: 5 candidate_status { last_received { term: 1 index: 71 } } ignore_live_leader: false dest_uuid: "012786a8f1b64995847cf7dacbc029a4" is_pre_election: true
W0312 20:10:33.130074 1922 leader_election.cc:287] T 7581a0a77de54ef8943c1521124c7728 P e3aa58d3045c4a05b94b94eb8bf58ae1 [CANDIDATE]: Term 5 pre-election: RPC error from VoteRequest() call to peer 9da22e5afdce42078fe8f94ad166ac3c: Timed out: RequestConsensusVote RPC to 127.0.53.1:39175 timed out after 0.047s (SENT)
W0312 20:10:33.130475 1926 leader_election.cc:287] T 7581a0a77de54ef8943c1521124c7728 P e3aa58d3045c4a05b94b94eb8bf58ae1 [CANDIDATE]: Term 5 pre-election: RPC error from VoteRequest() call to peer 012786a8f1b64995847cf7dacbc029a4: Timed out: RequestConsensusVote RPC to 127.0.53.2:43059 timed out after 0.047s (SENT)
I0312 20:10:33.130625 1926 leader_election.cc:258] T 7581a0a77de54ef8943c1521124c7728 P e3aa58d3045c4a05b94b94eb8bf58ae1 [CANDIDATE]: Term 5 pre-election: Election decided. Result: candidate lost.
I0312 20:10:33.130923 2064 raft_consensus.cc:2700] T 7581a0a77de54ef8943c1521124c7728 P e3aa58d3045c4a05b94b94eb8bf58ae1: Snoozing failure detection for 0.115s (election complete)
I0312 20:10:33.131080 2064 raft_consensus.cc:2455] T 7581a0a77de54ef8943c1521124c7728 P e3aa58d3045c4a05b94b94eb8bf58ae1 [term 4 FOLLOWER]: Leader pre-election lost for term 5. Reason: could not achieve majority
I0312 20:10:33.246932 2064 raft_consensus.cc:436] T 7581a0a77de54ef8943c1521124c7728 P e3aa58d3045c4a05b94b94eb8bf58ae1 [term 4 FOLLOWER]: Starting pre-election (no leader contacted us within the election timeout)
I0312 20:10:33.247117 2064 raft_consensus.cc:2700] T 7581a0a77de54ef8943c1521124c7728 P e3aa58d3045c4a05b94b94eb8bf58ae1: Snoozing failure detection for 0.163s (starting election)
I0312 20:10:33.247328 2064 raft_consensus.cc:458] T 7581a0a77de54ef8943c1521124c7728 P e3aa58d3045c4a05b94b94eb8bf58ae1 [term 4 FOLLOWER]: Starting pre-election with config: opid_index: -1 OBSOLETE_local: false peers { permanent_uuid: "012786a8f1b64995847cf7dacbc029a4" member_type: VOTER last_known_addr { host: "127.0.53.2" port: 43059 } } peers { permanent_uuid: "e3aa58d3045c4a05b94b94eb8bf58ae1" member_type: VOTER last_known_addr { host: "127.0.53.3" port: 49316 } } peers { permanent_uuid: "9da22e5afdce42078fe8f94ad166ac3c" member_type: VOTER last_known_addr { host: "127.0.53.1" port: 39175 } }
I0312 20:10:33.248095 2064 leader_election.cc:231] T 7581a0a77de54ef8943c1521124c7728 P e3aa58d3045c4a05b94b94eb8bf58ae1 [CANDIDATE]: Term 5 pre-election: Requesting pre-vote from peer 012786a8f1b64995847cf7dacbc029a4
I0312 20:10:33.248420 2064 leader_election.cc:231] T 7581a0a77de54ef8943c1521124c7728 P e3aa58d3045c4a05b94b94eb8bf58ae1 [CANDIDATE]: Term 5 pre-election: Requesting pre-vote from peer 9da22e5afdce42078fe8f94ad166ac3c
I0312 20:10:33.249402 1863 tablet_service.cc:993] Received RequestConsensusVote() RPC: tablet_id: "7581a0a77de54ef8943c1521124c7728" candidate_uuid: "e3aa58d3045c4a05b94b94eb8bf58ae1" candidate_term: 5 candidate_status { last_received { term: 1 index: 71 } } ignore_live_leader: false dest_uuid: "012786a8f1b64995847cf7dacbc029a4" is_pre_election: true
I0312 20:10:33.249559 1740 tablet_service.cc:993] Received RequestConsensusVote() RPC: tablet_id: "7581a0a77de54ef8943c1521124c7728" candidate_uuid: "e3aa58d3045c4a05b94b94eb8bf58ae1" candidate_term: 5 candidate_status { last_received { term: 1 index: 71 } } ignore_live_leader: false dest_uuid: "9da22e5afdce42078fe8f94ad166ac3c" is_pre_election: true
I0312 20:10:33.410961 2064 raft_consensus.cc:436] T 7581a0a77de54ef8943c1521124c7728 P e3aa58d3045c4a05b94b94eb8bf58ae1 [term 4 FOLLOWER]: Starting pre-election (no leader contacted us within the election timeout)
I0312 20:10:33.411157 2064 raft_consensus.cc:2700] T 7581a0a77de54ef8943c1521124c7728 P e3aa58d3045c4a05b94b94eb8bf58ae1: Snoozing failure detection for 0.213s (starting election)
I0312 20:10:33.411376 2064 raft_consensus.cc:458] T 7581a0a77de54ef8943c1521124c7728 P e3aa58d3045c4a05b94b94eb8bf58ae1 [term 4 FOLLOWER]: Starting pre-election with config: opid_index: -1 OBSOLETE_local: false peers { permanent_uuid: "012786a8f1b64995847cf7dacbc029a4" member_type: VOTER last_known_addr { host: "127.0.53.2" port: 43059 } } peers { permanent_uuid: "e3aa58d3045c4a05b94b94eb8bf58ae1" member_type: VOTER last_known_addr { host: "127.0.53.3" port: 49316 } } peers { permanent_uuid: "9da22e5afdce42078fe8f94ad166ac3c" member_type: VOTER last_known_addr { host: "127.0.53.1" port: 39175 } }
I0312 20:10:33.412166 2064 leader_election.cc:231] T 7581a0a77de54ef8943c1521124c7728 P e3aa58d3045c4a05b94b94eb8bf58ae1 [CANDIDATE]: Term 5 pre-election: Requesting pre-vote from peer 012786a8f1b64995847cf7dacbc029a4
W0312 20:10:33.412225 1922 leader_election.cc:287] T 7581a0a77de54ef8943c1521124c7728 P e3aa58d3045c4a05b94b94eb8bf58ae1 [CANDIDATE]: Term 5 pre-election: RPC error from VoteRequest() call to peer 9da22e5afdce42078fe8f94ad166ac3c: Timed out: RequestConsensusVote RPC to 127.0.53.1:39175 timed out after 0.163s (SENT)
I0312 20:10:33.412497 2064 leader_election.cc:231] T 7581a0a77de54ef8943c1521124c7728 P e3aa58d3045c4a05b94b94eb8bf58ae1 [CANDIDATE]: Term 5 pre-election: Requesting pre-vote from peer 9da22e5afdce42078fe8f94ad166ac3c
W0312 20:10:33.412621 1926 leader_election.cc:287] T 7581a0a77de54ef8943c1521124c7728 P e3aa58d3045c4a05b94b94eb8bf58ae1 [CANDIDATE]: Term 5 pre-election: RPC error from VoteRequest() call to peer 012786a8f1b64995847cf7dacbc029a4: Timed out: RequestConsensusVote RPC to 127.0.53.2:43059 timed out after 0.163s (SENT)
I0312 20:10:33.412833 1926 leader_election.cc:258] T 7581a0a77de54ef8943c1521124c7728 P e3aa58d3045c4a05b94b94eb8bf58ae1 [CANDIDATE]: Term 5 pre-election: Election decided. Result: candidate lost.
I0312 20:10:33.413254 2064 raft_consensus.cc:2700] T 7581a0a77de54ef8943c1521124c7728 P e3aa58d3045c4a05b94b94eb8bf58ae1: Snoozing failure detection for 0.186s (election complete)
I0312 20:10:33.413408 2064 raft_consensus.cc:2455] T 7581a0a77de54ef8943c1521124c7728 P e3aa58d3045c4a05b94b94eb8bf58ae1 [term 4 FOLLOWER]: Leader pre-election lost for term 5. Reason: could not achieve majority
I0312 20:10:33.414263 1862 tablet_service.cc:993] Received RequestConsensusVote() RPC: tablet_id: "7581a0a77de54ef8943c1521124c7728" candidate_uuid: "e3aa58d3045c4a05b94b94eb8bf58ae1" candidate_term: 5 candidate_status { last_received { term: 1 index: 71 } } ignore_live_leader: false dest_uuid: "012786a8f1b64995847cf7dacbc029a4" is_pre_election: true
I0312 20:10:33.415150 1738 tablet_service.cc:993] Received RequestConsensusVote() RPC: tablet_id: "7581a0a77de54ef8943c1521124c7728" candidate_uuid: "e3aa58d3045c4a05b94b94eb8bf58ae1" candidate_term: 5 candidate_status { last_received { term: 1 index: 71 } } ignore_live_leader: false dest_uuid: "9da22e5afdce42078fe8f94ad166ac3c" is_pre_election: true
I0312 20:10:33.599766 2064 raft_consensus.cc:436] T 7581a0a77de54ef8943c1521124c7728 P e3aa58d3045c4a05b94b94eb8bf58ae1 [term 4 FOLLOWER]: Starting pre-election (no leader contacted us within the election timeout)
I0312 20:10:33.600029 2064 raft_consensus.cc:2700] T 7581a0a77de54ef8943c1521124c7728 P e3aa58d3045c4a05b94b94eb8bf58ae1: Snoozing failure detection for 0.360s (starting election)
I0312 20:10:33.600237 2064 raft_consensus.cc:458] T 7581a0a77de54ef8943c1521124c7728 P e3aa58d3045c4a05b94b94eb8bf58ae1 [term 4 FOLLOWER]: Starting pre-election with config: opid_index: -1 OBSOLETE_local: false peers { permanent_uuid: "012786a8f1b64995847cf7dacbc029a4" member_type: VOTER last_known_addr { host: "127.0.53.2" port: 43059 } } peers { permanent_uuid: "e3aa58d3045c4a05b94b94eb8bf58ae1" member_type: VOTER last_known_addr { host: "127.0.53.3" port: 49316 } } peers { permanent_uuid: "9da22e5afdce42078fe8f94ad166ac3c" member_type: VOTER last_known_addr { host: "127.0.53.1" port: 39175 } }
I0312 20:10:33.600996 2064 leader_election.cc:231] T 7581a0a77de54ef8943c1521124c7728 P e3aa58d3045c4a05b94b94eb8bf58ae1 [CANDIDATE]: Term 5 pre-election: Requesting pre-vote from peer 012786a8f1b64995847cf7dacbc029a4
I0312 20:10:33.601337 2064 leader_election.cc:231] T 7581a0a77de54ef8943c1521124c7728 P e3aa58d3045c4a05b94b94eb8bf58ae1 [CANDIDATE]: Term 5 pre-election: Requesting pre-vote from peer 9da22e5afdce42078fe8f94ad166ac3c
I0312 20:10:33.602274 1861 tablet_service.cc:993] Received RequestConsensusVote() RPC: tablet_id: "7581a0a77de54ef8943c1521124c7728" candidate_uuid: "e3aa58d3045c4a05b94b94eb8bf58ae1" candidate_term: 5 candidate_status { last_received { term: 1 index: 71 } } ignore_live_leader: false dest_uuid: "012786a8f1b64995847cf7dacbc029a4" is_pre_election: true
I0312 20:10:33.602470 1737 tablet_service.cc:993] Received RequestConsensusVote() RPC: tablet_id: "7581a0a77de54ef8943c1521124c7728" candidate_uuid: "e3aa58d3045c4a05b94b94eb8bf58ae1" candidate_term: 5 candidate_status { last_received { term: 1 index: 71 } } ignore_live_leader: false dest_uuid: "9da22e5afdce42078fe8f94ad166ac3c" is_pre_election: true
W0312 20:10:33.627104 1926 leader_election.cc:287] T 7581a0a77de54ef8943c1521124c7728 P e3aa58d3045c4a05b94b94eb8bf58ae1 [CANDIDATE]: Term 5 pre-election: RPC error from VoteRequest() call to peer 012786a8f1b64995847cf7dacbc029a4: Timed out: RequestConsensusVote RPC to 127.0.53.2:43059 timed out after 0.213s (SENT)
W0312 20:10:33.627813 1922 leader_election.cc:287] T 7581a0a77de54ef8943c1521124c7728 P e3aa58d3045c4a05b94b94eb8bf58ae1 [CANDIDATE]: Term 5 pre-election: RPC error from VoteRequest() call to peer 9da22e5afdce42078fe8f94ad166ac3c: Timed out: RequestConsensusVote RPC to 127.0.53.1:39175 timed out after 0.213s (SENT)
I0312 20:10:33.627979 1922 leader_election.cc:258] T 7581a0a77de54ef8943c1521124c7728 P e3aa58d3045c4a05b94b94eb8bf58ae1 [CANDIDATE]: Term 5 pre-election: Election decided. Result: candidate lost.
I0312 20:10:33.628348 2064 raft_consensus.cc:2700] T 7581a0a77de54ef8943c1521124c7728 P e3aa58d3045c4a05b94b94eb8bf58ae1: Snoozing failure detection for 0.130s (election complete)
I0312 20:10:33.628502 2064 raft_consensus.cc:2455] T 7581a0a77de54ef8943c1521124c7728 P e3aa58d3045c4a05b94b94eb8bf58ae1 [term 4 FOLLOWER]: Leader pre-election lost for term 5. Reason: could not achieve majority
I0312 20:10:33.759699 2064 raft_consensus.cc:436] T 7581a0a77de54ef8943c1521124c7728 P e3aa58d3045c4a05b94b94eb8bf58ae1 [term 4 FOLLOWER]: Starting pre-election (no leader contacted us within the election timeout)
I0312 20:10:33.759896 2064 raft_consensus.cc:2700] T 7581a0a77de54ef8943c1521124c7728 P e3aa58d3045c4a05b94b94eb8bf58ae1: Snoozing failure detection for 0.369s (starting election)
I0312 20:10:33.760176 2064 raft_consensus.cc:458] T 7581a0a77de54ef8943c1521124c7728 P e3aa58d3045c4a05b94b94eb8bf58ae1 [term 4 FOLLOWER]: Starting pre-election with config: opid_index: -1 OBSOLETE_local: false peers { permanent_uuid: "012786a8f1b64995847cf7dacbc029a4" member_type: VOTER last_known_addr { host: "127.0.53.2" port: 43059 } } peers { permanent_uuid: "e3aa58d3045c4a05b94b94eb8bf58ae1" member_type: VOTER last_known_addr { host: "127.0.53.3" port: 49316 } } peers { permanent_uuid: "9da22e5afdce42078fe8f94ad166ac3c" member_type: VOTER last_known_addr { host: "127.0.53.1" port: 39175 } }
I0312 20:10:33.760938 2064 leader_election.cc:231] T 7581a0a77de54ef8943c1521124c7728 P e3aa58d3045c4a05b94b94eb8bf58ae1 [CANDIDATE]: Term 5 pre-election: Requesting pre-vote from peer 012786a8f1b64995847cf7dacbc029a4
I0312 20:10:33.761301 2064 leader_election.cc:231] T 7581a0a77de54ef8943c1521124c7728 P e3aa58d3045c4a05b94b94eb8bf58ae1 [CANDIDATE]: Term 5 pre-election: Requesting pre-vote from peer 9da22e5afdce42078fe8f94ad166ac3c
I0312 20:10:33.762362 1860 tablet_service.cc:993] Received RequestConsensusVote() RPC: tablet_id: "7581a0a77de54ef8943c1521124c7728" candidate_uuid: "e3aa58d3045c4a05b94b94eb8bf58ae1" candidate_term: 5 candidate_status { last_received { term: 1 index: 71 } } ignore_live_leader: false dest_uuid: "012786a8f1b64995847cf7dacbc029a4" is_pre_election: true
I0312 20:10:33.762498 1736 tablet_service.cc:993] Received RequestConsensusVote() RPC: tablet_id: "7581a0a77de54ef8943c1521124c7728" candidate_uuid: "e3aa58d3045c4a05b94b94eb8bf58ae1" candidate_term: 5 candidate_status { last_received { term: 1 index: 71 } } ignore_live_leader: false dest_uuid: "9da22e5afdce42078fe8f94ad166ac3c" is_pre_election: true
W0312 20:10:33.962298 1926 leader_election.cc:287] T 7581a0a77de54ef8943c1521124c7728 P e3aa58d3045c4a05b94b94eb8bf58ae1 [CANDIDATE]: Term 5 pre-election: RPC error from VoteRequest() call to peer 012786a8f1b64995847cf7dacbc029a4: Timed out: RequestConsensusVote RPC to 127.0.53.2:43059 timed out after 0.360s (SENT)
W0312 20:10:33.962529 1922 leader_election.cc:287] T 7581a0a77de54ef8943c1521124c7728 P e3aa58d3045c4a05b94b94eb8bf58ae1 [CANDIDATE]: Term 5 pre-election: RPC error from VoteRequest() call to peer 9da22e5afdce42078fe8f94ad166ac3c: Timed out: RequestConsensusVote RPC to 127.0.53.1:39175 timed out after 0.360s (SENT)
I0312 20:10:33.962699 1922 leader_election.cc:258] T 7581a0a77de54ef8943c1521124c7728 P e3aa58d3045c4a05b94b94eb8bf58ae1 [CANDIDATE]: Term 5 pre-election: Election decided. Result: candidate lost.
I0312 20:10:33.963065 2064 raft_consensus.cc:2700] T 7581a0a77de54ef8943c1521124c7728 P e3aa58d3045c4a05b94b94eb8bf58ae1: Snoozing failure detection for 0.060s (election complete)
I0312 20:10:33.963228 2064 raft_consensus.cc:2455] T 7581a0a77de54ef8943c1521124c7728 P e3aa58d3045c4a05b94b94eb8bf58ae1 [term 4 FOLLOWER]: Leader pre-election lost for term 5. Reason: could not achieve majority
I0312 20:10:34.023799 2064 raft_consensus.cc:436] T 7581a0a77de54ef8943c1521124c7728 P e3aa58d3045c4a05b94b94eb8bf58ae1 [term 4 FOLLOWER]: Starting pre-election (no leader contacted us within the election timeout)
I0312 20:10:34.024034 2064 raft_consensus.cc:2700] T 7581a0a77de54ef8943c1521124c7728 P e3aa58d3045c4a05b94b94eb8bf58ae1: Snoozing failure detection for 0.063s (starting election)
I0312 20:10:34.024211 2064 raft_consensus.cc:458] T 7581a0a77de54ef8943c1521124c7728 P e3aa58d3045c4a05b94b94eb8bf58ae1 [term 4 FOLLOWER]: Starting pre-election with config: opid_index: -1 OBSOLETE_local: false peers { permanent_uuid: "012786a8f1b64995847cf7dacbc029a4" member_type: VOTER last_known_addr { host: "127.0.53.2" port: 43059 } } peers { permanent_uuid: "e3aa58d3045c4a05b94b94eb8bf58ae1" member_type: VOTER last_known_addr { host: "127.0.53.3" port: 49316 } } peers { permanent_uuid: "9da22e5afdce42078fe8f94ad166ac3c" member_type: VOTER last_known_addr { host: "127.0.53.1" port: 39175 } }
I0312 20:10:34.025029 2064 leader_election.cc:231] T 7581a0a77de54ef8943c1521124c7728 P e3aa58d3045c4a05b94b94eb8bf58ae1 [CANDIDATE]: Term 5 pre-election: Requesting pre-vote from peer 012786a8f1b64995847cf7dacbc029a4
I0312 20:10:34.025346 2064 leader_election.cc:231] T 7581a0a77de54ef8943c1521124c7728 P e3aa58d3045c4a05b94b94eb8bf58ae1 [CANDIDATE]: Term 5 pre-election: Requesting pre-vote from peer 9da22e5afdce42078fe8f94ad166ac3c
I0312 20:10:34.026129 1859 tablet_service.cc:993] Received RequestConsensusVote() RPC: tablet_id: "7581a0a77de54ef8943c1521124c7728" candidate_uuid: "e3aa58d3045c4a05b94b94eb8bf58ae1" candidate_term: 5 candidate_status { last_received { term: 1 index: 71 } } ignore_live_leader: false dest_uuid: "012786a8f1b64995847cf7dacbc029a4" is_pre_election: true
I0312 20:10:34.026386 1735 tablet_service.cc:993] Received RequestConsensusVote() RPC: tablet_id: "7581a0a77de54ef8943c1521124c7728" candidate_uuid: "e3aa58d3045c4a05b94b94eb8bf58ae1" candidate_term: 5 candidate_status { last_received { term: 1 index: 71 } } ignore_live_leader: false dest_uuid: "9da22e5afdce42078fe8f94ad166ac3c" is_pre_election: true
I0312 20:10:34.087659 2064 raft_consensus.cc:436] T 7581a0a77de54ef8943c1521124c7728 P e3aa58d3045c4a05b94b94eb8bf58ae1 [term 4 FOLLOWER]: Starting pre-election (no leader contacted us within the election timeout)
I0312 20:10:34.087863 2064 raft_consensus.cc:2700] T 7581a0a77de54ef8943c1521124c7728 P e3aa58d3045c4a05b94b94eb8bf58ae1: Snoozing failure detection for 0.848s (starting election)
I0312 20:10:34.088034 2064 raft_consensus.cc:458] T 7581a0a77de54ef8943c1521124c7728 P e3aa58d3045c4a05b94b94eb8bf58ae1 [term 4 FOLLOWER]: Starting pre-election with config: opid_index: -1 OBSOLETE_local: false peers { permanent_uuid: "012786a8f1b64995847cf7dacbc029a4" member_type: VOTER last_known_addr { host: "127.0.53.2" port: 43059 } } peers { permanent_uuid: "e3aa58d3045c4a05b94b94eb8bf58ae1" member_type: VOTER last_known_addr { host: "127.0.53.3" port: 49316 } } peers { permanent_uuid: "9da22e5afdce42078fe8f94ad166ac3c" member_type: VOTER last_known_addr { host: "127.0.53.1" port: 39175 } }
W0312 20:10:34.088881 1922 leader_election.cc:287] T 7581a0a77de54ef8943c1521124c7728 P e3aa58d3045c4a05b94b94eb8bf58ae1 [CANDIDATE]: Term 5 pre-election: RPC error from VoteRequest() call to peer 9da22e5afdce42078fe8f94ad166ac3c: Timed out: RequestConsensusVote RPC to 127.0.53.1:39175 timed out after 0.063s (SENT)
I0312 20:10:34.089010 2064 leader_election.cc:231] T 7581a0a77de54ef8943c1521124c7728 P e3aa58d3045c4a05b94b94eb8bf58ae1 [CANDIDATE]: Term 5 pre-election: Requesting pre-vote from peer 012786a8f1b64995847cf7dacbc029a4
W0312 20:10:34.089169 1926 leader_election.cc:287] T 7581a0a77de54ef8943c1521124c7728 P e3aa58d3045c4a05b94b94eb8bf58ae1 [CANDIDATE]: Term 5 pre-election: RPC error from VoteRequest() call to peer 012786a8f1b64995847cf7dacbc029a4: Timed out: RequestConsensusVote RPC to 127.0.53.2:43059 timed out after 0.063s (SENT)
I0312 20:10:34.089362 1926 leader_election.cc:258] T 7581a0a77de54ef8943c1521124c7728 P e3aa58d3045c4a05b94b94eb8bf58ae1 [CANDIDATE]: Term 5 pre-election: Election decided. Result: candidate lost.
I0312 20:10:34.089337 2064 leader_election.cc:231] T 7581a0a77de54ef8943c1521124c7728 P e3aa58d3045c4a05b94b94eb8bf58ae1 [CANDIDATE]: Term 5 pre-election: Requesting pre-vote from peer 9da22e5afdce42078fe8f94ad166ac3c
I0312 20:10:34.089737 2064 raft_consensus.cc:2700] T 7581a0a77de54ef8943c1521124c7728 P e3aa58d3045c4a05b94b94eb8bf58ae1: Snoozing failure detection for 0.094s (election complete)
I0312 20:10:34.089944 2064 raft_consensus.cc:2455] T 7581a0a77de54ef8943c1521124c7728 P e3aa58d3045c4a05b94b94eb8bf58ae1 [term 4 FOLLOWER]: Leader pre-election lost for term 5. Reason: could not achieve majority
I0312 20:10:34.090632 1734 tablet_service.cc:993] Received RequestConsensusVote() RPC: tablet_id: "7581a0a77de54ef8943c1521124c7728" candidate_uuid: "e3aa58d3045c4a05b94b94eb8bf58ae1" candidate_term: 5 candidate_status { last_received { term: 1 index: 71 } } ignore_live_leader: false dest_uuid: "9da22e5afdce42078fe8f94ad166ac3c" is_pre_election: true
I0312 20:10:34.091763 1858 tablet_service.cc:993] Received RequestConsensusVote() RPC: tablet_id: "7581a0a77de54ef8943c1521124c7728" candidate_uuid: "e3aa58d3045c4a05b94b94eb8bf58ae1" candidate_term: 5 candidate_status { last_received { term: 1 index: 71 } } ignore_live_leader: false dest_uuid: "012786a8f1b64995847cf7dacbc029a4" is_pre_election: true
W0312 20:10:34.130611 1926 leader_election.cc:287] T 7581a0a77de54ef8943c1521124c7728 P e3aa58d3045c4a05b94b94eb8bf58ae1 [CANDIDATE]: Term 5 pre-election: RPC error from VoteRequest() call to peer 012786a8f1b64995847cf7dacbc029a4: Timed out: RequestConsensusVote RPC to 127.0.53.2:43059 timed out after 0.369s (SENT)
W0312 20:10:34.131140 1922 leader_election.cc:287] T 7581a0a77de54ef8943c1521124c7728 P e3aa58d3045c4a05b94b94eb8bf58ae1 [CANDIDATE]: Term 5 pre-election: RPC error from VoteRequest() call to peer 9da22e5afdce42078fe8f94ad166ac3c: Timed out: RequestConsensusVote RPC to 127.0.53.1:39175 timed out after 0.369s (SENT)
I0312 20:10:34.131294 1922 leader_election.cc:258] T 7581a0a77de54ef8943c1521124c7728 P e3aa58d3045c4a05b94b94eb8bf58ae1 [CANDIDATE]: Term 5 pre-election: Election decided. Result: candidate lost.
I0312 20:10:34.131606 2119 raft_consensus.cc:2700] T 7581a0a77de54ef8943c1521124c7728 P e3aa58d3045c4a05b94b94eb8bf58ae1: Snoozing failure detection for 0.652s (election complete)
I0312 20:10:34.131809 2119 raft_consensus.cc:2455] T 7581a0a77de54ef8943c1521124c7728 P e3aa58d3045c4a05b94b94eb8bf58ae1 [term 4 FOLLOWER]: Leader pre-election lost for term 5. Reason: could not achieve majority
W0312 20:10:34.317242 2109 consensus_meta.cc:216] T 7581a0a77de54ef8943c1521124c7728 P 012786a8f1b64995847cf7dacbc029a4: Time spent flushing consensus metadata: real 1.433s user 0.004s sys 0.000s
W0312 20:10:34.317242 2108 consensus_meta.cc:216] T 7581a0a77de54ef8943c1521124c7728 P 9da22e5afdce42078fe8f94ad166ac3c: Time spent flushing consensus metadata: real 1.426s user 0.000s sys 0.004s
I0312 20:10:34.317545 2108 raft_consensus.cc:458] T 7581a0a77de54ef8943c1521124c7728 P 9da22e5afdce42078fe8f94ad166ac3c [term 5 FOLLOWER]: Starting leader election with config: opid_index: -1 OBSOLETE_local: false peers { permanent_uuid: "012786a8f1b64995847cf7dacbc029a4" member_type: VOTER last_known_addr { host: "127.0.53.2" port: 43059 } } peers { permanent_uuid: "e3aa58d3045c4a05b94b94eb8bf58ae1" member_type: VOTER last_known_addr { host: "127.0.53.3" port: 49316 } } peers { permanent_uuid: "9da22e5afdce42078fe8f94ad166ac3c" member_type: VOTER last_known_addr { host: "127.0.53.1" port: 39175 } }
I0312 20:10:34.317544 2109 raft_consensus.cc:458] T 7581a0a77de54ef8943c1521124c7728 P 012786a8f1b64995847cf7dacbc029a4 [term 4 FOLLOWER]: Starting leader election with config: opid_index: -1 OBSOLETE_local: false peers { permanent_uuid: "012786a8f1b64995847cf7dacbc029a4" member_type: VOTER last_known_addr { host: "127.0.53.2" port: 43059 } } peers { permanent_uuid: "e3aa58d3045c4a05b94b94eb8bf58ae1" member_type: VOTER last_known_addr { host: "127.0.53.3" port: 49316 } } peers { permanent_uuid: "9da22e5afdce42078fe8f94ad166ac3c" member_type: VOTER last_known_addr { host: "127.0.53.1" port: 39175 } }
I0312 20:10:34.318637 2108 leader_election.cc:231] T 7581a0a77de54ef8943c1521124c7728 P 9da22e5afdce42078fe8f94ad166ac3c [CANDIDATE]: Term 5 election: Requesting vote from peer 012786a8f1b64995847cf7dacbc029a4
I0312 20:10:34.318637 2109 leader_election.cc:231] T 7581a0a77de54ef8943c1521124c7728 P 012786a8f1b64995847cf7dacbc029a4 [CANDIDATE]: Term 4 election: Requesting vote from peer e3aa58d3045c4a05b94b94eb8bf58ae1
I0312 20:10:34.318648 2100 raft_consensus.cc:436] T 7581a0a77de54ef8943c1521124c7728 P 012786a8f1b64995847cf7dacbc029a4 [term 4 FOLLOWER]: Starting pre-election (no leader contacted us within the election timeout)
I0312 20:10:34.318886 2100 raft_consensus.cc:2700] T 7581a0a77de54ef8943c1521124c7728 P 012786a8f1b64995847cf7dacbc029a4: Snoozing failure detection for 0.021s (starting election)
I0312 20:10:34.319033 2108 leader_election.cc:231] T 7581a0a77de54ef8943c1521124c7728 P 9da22e5afdce42078fe8f94ad166ac3c [CANDIDATE]: Term 5 election: Requesting vote from peer e3aa58d3045c4a05b94b94eb8bf58ae1
I0312 20:10:34.319047 2109 leader_election.cc:231] T 7581a0a77de54ef8943c1521124c7728 P 012786a8f1b64995847cf7dacbc029a4 [CANDIDATE]: Term 4 election: Requesting vote from peer 9da22e5afdce42078fe8f94ad166ac3c
I0312 20:10:34.319053 2100 raft_consensus.cc:458] T 7581a0a77de54ef8943c1521124c7728 P 012786a8f1b64995847cf7dacbc029a4 [term 4 FOLLOWER]: Starting pre-election with config: opid_index: -1 OBSOLETE_local: false peers { permanent_uuid: "012786a8f1b64995847cf7dacbc029a4" member_type: VOTER last_known_addr { host: "127.0.53.2" port: 43059 } } peers { permanent_uuid: "e3aa58d3045c4a05b94b94eb8bf58ae1" member_type: VOTER last_known_addr { host: "127.0.53.3" port: 49316 } } peers { permanent_uuid: "9da22e5afdce42078fe8f94ad166ac3c" member_type: VOTER last_known_addr { host: "127.0.53.1" port: 39175 } }
I0312 20:10:34.319636 1741 raft_consensus.cc:2145] T 7581a0a77de54ef8943c1521124c7728 P 9da22e5afdce42078fe8f94ad166ac3c [term 5 FOLLOWER]: Leader pre-election vote request: Denying vote to candidate e3aa58d3045c4a05b94b94eb8bf58ae1 in current term 5: Already voted for candidate 9da22e5afdce42078fe8f94ad166ac3c in this term.
