I0212 12:13:35.233752  6250 row-batch.cc:508] [(3187 false 7 7 7 70 7.699999809265137 70.7 11/15/09 7 2009-11-15 02:27:06.510000000 2009 11)]
I0212 12:13:35.233767  6250 row-batch.cc:508] [(3186 true 6 6 6 60 6.599999904632568 60.59999999999999 11/15/09 6 2009-11-15 02:26:06.450000000 2009 11)]
I0212 12:13:35.233778  6250 row-batch.cc:508] [(3185 false 5 5 5 50 5.5 50.5 11/15/09 5 2009-11-15 02:25:06.400000000 2009 11)]
I0212 12:13:35.233791  6250 row-batch.cc:508] [(3184 true 4 4 4 40 4.400000095367432 40.4 11/15/09 4 2009-11-15 02:24:06.360000000 2009 11)]
I0212 12:13:35.233804  6250 row-batch.cc:508] [(3183 false 3 3 3 30 3.299999952316284 30.3 11/15/09 3 2009-11-15 02:23:06.330000000 2009 11)]
I0212 12:13:35.233817  6250 row-batch.cc:508] [(3182 true 2 2 2 20 2.200000047683716 20.2 11/15/09 2 2009-11-15 02:22:06.310000000 2009 11)]
I0212 12:13:35.233830  6250 row-batch.cc:508] [(3181 false 1 1 1 10 1.100000023841858 10.1 11/15/09 1 2009-11-15 02:21:06.300000000 2009 11)]
I0212 12:13:35.233844  6250 row-batch.cc:508] [(3180 true 0 0 0 0 0 0 11/15/09 0 2009-11-15 02:20:06.300000000 2009 11)]
I0212 12:13:35.233856  6250 row-batch.cc:508] [(3179 false 9 9 9 90 9.899999618530273 90.89999999999999 11/14/09 9 2009-11-14 02:19:06.210000000 2009 11)]
I0212 12:13:35.233870  6250 row-batch.cc:508] [(3178 true 8 8 8 80 8.800000190734863 80.8 11/14/09 8 2009-11-14 02:18:06.130000000 2009 11)]
I0212 12:13:35.233882  6250 row-batch.cc:508] [(3177 false 7 7 7 70 7.699999809265137 70.7 11/14/09 7 2009-11-14 02:17:06.600000000 2009 11)]
I0212 12:13:35.233896  6250 row-batch.cc:508] [(3176 true 6 6 6 60 6.599999904632568 60.59999999999999 11/14/09 6 2009-11-14 02:16:06 2009 11)]
I0212 12:13:35.233909  6250 row-batch.cc:508] [(3175 false 5 5 5 50 5.5 50.5 11/14/09 5 2009-11-14 02:15:05.950000000 2009 11)]
I0212 12:13:35.233923  6250 row-batch.cc:508] [(3174 true 4 4 4 40 4.400000095367432 40.4 11/14/09 4 2009-11-14 02:14:05.910000000 2009 11)]
I0212 12:13:35.233937  6250 row-batch.cc:508] [(3173 false 3 3 3 30 3.299999952316284 30.3 11/14/09 3 2009-11-14 02:13:05.880000000 2009 11)]
I0212 12:13:35.233949  6250 row-batch.cc:508] [(3172 true 2 2 2 20 2.200000047683716 20.2 11/14/09 2 2009-11-14 02:12:05.860000000 2009 11)]
I0212 12:13:35.233963  6250 row-batch.cc:508] [(3208 true 8 8 8 80 8.800000190734863 80.8 11/17/09 8 2009-11-17 02:48:07.480000000 2009 11)]
I0212 12:13:35.233989  6250 row-batch.cc:508] [(3207 false 7 7 7 70 7.699999809265137 70.7 11/17/09 7 2009-11-17 02:47:07.410000000 2009 11)]
I0212 12:13:35.234002  6250 row-batch.cc:508] [(3206 true 6 6 6 60 6.599999904632568 60.59999999999999 11/17/09 6 2009-11-17 02:46:07.350000000 2009 11)]
I0212 12:13:35.234015  6250 row-batch.cc:508] [(3205 false 5 5 5 50 5.5 50.5 11/17/09 5 2009-11-17 02:45:07.300000000 2009 11)]
I0212 12:13:35.234041  6250 row-batch.cc:508] [(3204 true 4 4 4 40 4.400000095367432 40.4 11/17/09 4 2009-11-17 02:44:07.260000000 2009 11)]
I0212 12:13:35.234055  6250 row-batch.cc:508] [(3203 false 3 3 3 30 3.299999952316284 30.3 11/17/09 3 2009-11-17 02:43:07.230000000 2009 11)]
I0212 12:13:35.234071  6250 row-batch.cc:508] [(3202 true 2 2 2 20 2.200000047683716 20.2 11/17/09 2 2009-11-17 02:42:07.210000000 2009 11)]
I0212 12:13:35.234084  6250 row-batch.cc:508] [(3201 false 1 1 1 10 1.100000023841858 10.1 11/17/09 1 2009-11-17 02:41:07.200000000 2009 11)]
I0212 12:13:35.234097  6250 row-batch.cc:508] [(3200 true 0 0 0 0 0 0 11/17/09 0 2009-11-17 02:40:07.200000000 2009 11)]
I0212 12:13:35.234119  6250 row-batch.cc:508] [(3199 false 9 9 9 90 9.899999618530273 90.89999999999999 11/16/09 9 2009-11-16 02:39:07.110000000 2009 11)]
I0212 12:13:35.234133  6250 row-batch.cc:508] [(3198 true 8 8 8 80 8.800000190734863 80.8 11/16/09 8 2009-11-16 02:38:07.300000000 2009 11)]
I0212 12:13:35.234146  6250 row-batch.cc:508] [(3197 false 7 7 7 70 7.699999809265137 70.7 11/16/09 7 2009-11-16 02:37:06.960000000 2009 11)]
I0212 12:13:35.234159  6250 row-batch.cc:508] [(3196 true 6 6 6 60 6.599999904632568 60.59999999999999 11/16/09 6 2009-11-16 02:36:06.900000000 2009 11)]
I0212 12:13:35.234179  6250 row-batch.cc:508] [(3195 false 5 5 5 50 5.5 50.5 11/16/09 5 2009-11-16 02:35:06.850000000 2009 11)]
I0212 12:13:35.234194  6250 row-batch.cc:508] [(3194 true 4 4 4 40 4.400000095367432 40.4 11/16/09 4 2009-11-16 02:34:06.810000000 2009 11)]
I0212 12:13:35.234206  6250 row-batch.cc:508] [(3193 false 3 3 3 30 3.299999952316284 30.3 11/16/09 3 2009-11-16 02:33:06.780000000 2009 11)]
I0212 12:13:35.234220  6250 row-batch.cc:508] [(3192 true 2 2 2 20 2.200000047683716 20.2 11/16/09 2 2009-11-16 02:32:06.760000000 2009 11)]
I0212 12:13:35.234235  6250 row-batch.cc:508] [(3191 false 1 1 1 10 1.100000023841858 10.1 11/16/09 1 2009-11-16 02:31:06.750000000 2009 11)]
I0212 12:13:35.234247  6250 row-batch.cc:508] [(3190 true 0 0 0 0 0 0 11/16/09 0 2009-11-16 02:30:06.750000000 2009 11)]
I0212 12:13:35.234261  6250 row-batch.cc:508] [(3152 true 2 2 2 20 2.200000047683716 20.2 11/12/09 2 2009-11-12 01:52:04.960000000 2009 11)]
I0212 12:13:35.234275  6250 row-batch.cc:508] [(3151 false 1 1 1 10 1.100000023841858 10.1 11/12/09 1 2009-11-12 01:51:04.950000000 2009 11)]
I0212 12:13:35.234288  6250 row-batch.cc:508] [(3150 true 0 0 0 0 0 0 11/12/09 0 2009-11-12 01:50:04.950000000 2009 11)]
I0212 12:13:35.234302  6250 row-batch.cc:508] [(3149 false 9 9 9 90 9.899999618530273 90.89999999999999 11/11/09 9 2009-11-11 01:49:04.860000000 2009 11)]
I0212 12:13:35.234314  6250 row-batch.cc:508] [(3148 true 8 8 8 80 8.800000190734863 80.8 11/11/09 8 2009-11-11 01:48:04.780000000 2009 11)]
I0212 12:13:35.234328  6250 row-batch.cc:508] [(3147 false 7 7 7 70 7.699999809265137 70.7 11/11/09 7 2009-11-11 01:47:04.710000000 2009 11)]
I0212 12:13:35.234341  6250 row-batch.cc:508] [(3146 true 6 6 6 60 6.599999904632568 60.59999999999999 11/11/09 6 2009-11-11 01:46:04.650000000 2009 11)]
I0212 12:13:35.234354  6250 row-batch.cc:508] [(3145 false 5 5 5 50 5.5 50.5 11/11/09 5 2009-11-11 01:45:04.600000000 2009 11)]
I0212 12:13:35.234367  6250 row-batch.cc:508] [(3144 true 4 4 4 40 4.400000095367432 40.4 11/11/09 4 2009-11-11 01:44:04.560000000 2009 11)]
I0212 12:13:35.234381  6250 row-batch.cc:508] [(3143 false 3 3 3 30 3.299999952316284 30.3 11/11/09 3 2009-11-11 01:43:04.530000000 2009 11)]
I0212 12:13:35.234400  6250 row-batch.cc:508] [(3142 true 2 2 2 20 2.200000047683716 20.2 11/11/09 2 2009-11-11 01:42:04.510000000 2009 11)]
I0212 12:13:35.234416  6250 row-batch.cc:508] [(3141 false 1 1 1 10 1.100000023841858 10.1 11/11/09 1 2009-11-11 01:41:04.500000000 2009 11)]
I0212 12:13:35.234428  6250 row-batch.cc:508] [(3140 true 0 0 0 0 0 0 11/11/09 0 2009-11-11 01:40:04.500000000 2009 11)]
I0212 12:13:35.234443  6250 row-batch.cc:508] [(3139 false 9 9 9 90 9.899999618530273 90.89999999999999 11/10/09 9 2009-11-10 01:39:04.410000000 2009 11)]
I0212 12:13:35.234457  6250 row-batch.cc:508] [(3138 true 8 8 8 80 8.800000190734863 80.8 11/10/09 8 2009-11-10 01:38:04.330000000 2009 11)]
I0212 12:13:35.234472  6250 row-batch.cc:508] [(3137 false 7 7 7 70 7.699999809265137 70.7 11/10/09 7 2009-11-10 01:37:04.260000000 2009 11)]
I0212 12:13:35.234485  6250 row-batch.cc:508] [(3136 true 6 6 6 60 6.599999904632568 60.59999999999999 11/10/09 6 2009-11-10 01:36:04.200000000 2009 11)]
I0212 12:13:35.234498  6250 row-batch.cc:508] [(3135 false 5 5 5 50 5.5 50.5 11/10/09 5 2009-11-10 01:35:04.150000000 2009 11)]
I0212 12:13:35.234511  6250 row-batch.cc:508] [(3134 true 4 4 4 40 4.400000095367432 40.4 11/10/09 4 2009-11-10 01:34:04.110000000 2009 11)]
I0212 12:13:35.234513  6014 handle-cache.inline.h:33] hdfsOpenFile() file=hdfs://localhost:20500/test-warehouse/alltypes_parquet/year=2010/month=5/4a4bdc025cd5afb4-a47df1b500000005_1357031870_data.0.parq fid=0xe92a840
I0212 12:13:35.234556  6253 parquet-column-readers.cc:1020] Decompressed 1245 to 1240
I0212 12:13:35.234525  6250 row-batch.cc:508] [(3171 false 1 1 1 10 1.100000023841858 10.1 11/14/09 1 2009-11-14 02:11:05.850000000 2009 11)]
I0212 12:13:35.234594  6014 handle-cache.inline.h:38] hdfsCloseFile() fid=0xe92a840
I0212 12:13:35.234603  6250 row-batch.cc:508] [(3170 true 0 0 0 0 0 0 11/14/09 0 2009-11-14 02:10:05.850000000 2009 11)]
I0212 12:13:35.234617  6250 row-batch.cc:508] [(3169 false 9 9 9 90 9.899999618530273 90.89999999999999 11/13/09 9 2009-11-13 02:09:05.760000000 2009 11)]
I0212 12:13:35.234632  6250 row-batch.cc:508] [(3168 true 8 8 8 80 8.800000190734863 80.8 11/13/09 8 2009-11-13 02:08:05.680000000 2009 11)]
I0212 12:13:35.234645  6250 row-batch.cc:508] [(3167 false 7 7 7 70 7.699999809265137 70.7 11/13/09 7 2009-11-13 02:07:05.610000000 2009 11)]
I0212 12:13:35.234652  6014 disk-io-mgr.cc:811] Disk (id=1) reading for 
  RequestContext: 0x10096ea0 (state=Active status_=OK #ready_buffers=1 #used_buffers=2 #num_buffers_in_reader=10 #finished_scan_ranges=36 #disk_with_ranges=3 #disks=3
   0: is_on_queue=0 done=0 #num_remaining_scan_ranges=9 #in_flight_ranges=0 #unstarted_scan_ranges=8 #unstarted_write_ranges=0 #reading_threads=0
   1: is_on_queue=0 done=0 #num_remaining_scan_ranges=13 #in_flight_ranges=9 #unstarted_scan_ranges=3 #unstarted_write_ranges=0 #reading_threads=1
   2: is_on_queue=1 done=0 #num_remaining_scan_ranges=9 #in_flight_ranges=1 #unstarted_scan_ranges=6 #unstarted_write_ranges=0 #reading_threads=1
   3: is_on_queue=0 done=1 #num_remaining_scan_ranges=0 #in_flight_ranges=0 #unstarted_scan_ranges=0 #unstarted_write_ranges=0 #reading_threads=0
   4: is_on_queue=0 done=1 #num_remaining_scan_ranges=0 #in_flight_ranges=0 #unstarted_scan_ranges=0 #unstarted_write_ranges=0 #reading_threads=0
   5: is_on_queue=0 done=1 #num_remaining_scan_ranges=0 #in_flight_ranges=0 #unstarted_scan_ranges=0 #unstarted_write_ranges=0 #reading_threads=0)
I0212 12:13:35.234659  6250 row-batch.cc:508] [(3166 true 6 6 6 60 6.599999904632568 60.59999999999999 11/13/09 6 2009-11-13 02:06:05.550000000 2009 11)]
I0212 12:13:35.234671  6250 row-batch.cc:508] [(3165 false 5 5 5 50 5.5 50.5 11/13/09 5 2009-11-13 02:05:05.500000000 2009 11)]
I0212 12:13:35.234684  6250 row-batch.cc:508] [(3164 true 4 4 4 40 4.400000095367432 40.4 11/13/09 4 2009-11-13 02:04:05.460000000 2009 11)]
I0212 12:13:35.234696  6250 row-batch.cc:508] [(3163 false 3 3 3 30 3.299999952316284 30.3 11/13/09 3 2009-11-13 02:03:05.430000000 2009 11)]
I0212 12:13:35.234709  6250 row-batch.cc:508] [(3162 true 2 2 2 20 2.200000047683716 20.2 11/13/09 2 2009-11-13 02:02:05.410000000 2009 11)]
I0212 12:13:35.234722  6250 row-batch.cc:508] [(3161 false 1 1 1 10 1.100000023841858 10.1 11/13/09 1 2009-11-13 02:01:05.400000000 2009 11)]
I0212 12:13:35.234735  6250 row-batch.cc:508] [(3160 true 0 0 0 0 0 0 11/13/09 0 2009-11-13 02:00:05.400000000 2009 11)]
I0212 12:13:35.234747  6250 row-batch.cc:508] [(3159 false 9 9 9 90 9.899999618530273 90.89999999999999 11/12/09 9 2009-11-12 01:59:05.310000000 2009 11)]
I0212 12:13:35.234760  6250 row-batch.cc:508] [(3158 true 8 8 8 80 8.800000190734863 80.8 11/12/09 8 2009-11-12 01:58:05.230000000 2009 11)]
I0212 12:13:35.234773  6250 row-batch.cc:508] [(3157 false 7 7 7 70 7.699999809265137 70.7 11/12/09 7 2009-11-12 01:57:05.160000000 2009 11)]
I0212 12:13:35.234786  6250 row-batch.cc:508] [(3156 true 6 6 6 60 6.599999904632568 60.59999999999999 11/12/09 6 2009-11-12 01:56:05.100000000 2009 11)]
I0212 12:13:35.234798  6250 row-batch.cc:508] [(3155 false 5 5 5 50 5.5 50.5 11/12/09 5 2009-11-12 01:55:05.500000000 2009 11)]
I0212 12:13:35.234797  6015 handle-cache.inline.h:33] hdfsOpenFile() file=hdfs://localhost:20500/test-warehouse/alltypes_parquet/year=2010/month=3/4a4bdc025cd5afb4-a47df1b500000004_387075872_data.0.parq fid=0xe92a350
I0212 12:13:35.234812  6250 row-batch.cc:508] [(3154 true 4 4 4 40 4.400000095367432 40.4 11/12/09 4 2009-11-12 01:54:05.100000000 2009 11)]
I0212 12:13:35.234824  6250 row-batch.cc:508] [(3153 false 3 3 3 30 3.299999952316284 30.3 11/12/09 3 2009-11-12 01:53:04.980000000 2009 11)]
I0212 12:13:35.234838  6250 row-batch.cc:508] [(3082 true 2 2 2 20 2.200000047683716 20.2 11/05/09 2 2009-11-05 00:42:01.810000000 2009 11)]
I0212 12:13:35.234849  6250 row-batch.cc:508] [(3081 false 1 1 1 10 1.100000023841858 10.1 11/05/09 1 2009-11-05 00:41:01.800000000 2009 11)]
I0212 12:13:35.234859  6015 handle-cache.inline.h:38] hdfsCloseFile() fid=0xe92a350
I0212 12:13:35.234863  6250 row-batch.cc:508] [(3080 true 0 0 0 0 0 0 11/05/09 0 2009-11-05 00:40:01.800000000 2009 11)]
I0212 12:13:35.234876  6250 row-batch.cc:508] [(3079 false 9 9 9 90 9.899999618530273 90.89999999999999 11/04/09 9 2009-11-04 00:39:01.710000000 2009 11)]
I0212 12:13:35.234889  6250 row-batch.cc:508] [(3078 true 8 8 8 80 8.800000190734863 80.8 11/04/09 8 2009-11-04 00:38:01.630000000 2009 11)]
I0212 12:13:35.234895  6015 disk-io-mgr.cc:811] Disk (id=2) reading for 
  RequestContext: 0x10096ea0 (state=Active status_=OK #ready_buffers=2 #used_buffers=3 #num_buffers_in_reader=10 #finished_scan_ranges=36 #disk_with_ranges=3 #disks=3
   0: is_on_queue=0 done=0 #num_remaining_scan_ranges=9 #in_flight_ranges=0 #unstarted_scan_ranges=8 #unstarted_write_ranges=0 #reading_threads=0
   1: is_on_queue=1 done=0 #num_remaining_scan_ranges=13 #in_flight_ranges=8 #unstarted_scan_ranges=3 #unstarted_write_ranges=0 #reading_threads=1
   2: is_on_queue=0 done=0 #num_remaining_scan_ranges=8 #in_flight_ranges=1 #unstarted_scan_ranges=6 #unstarted_write_ranges=0 #reading_threads=1
   3: is_on_queue=0 done=1 #num_remaining_scan_ranges=0 #in_flight_ranges=0 #unstarted_scan_ranges=0 #unstarted_write_ranges=0 #reading_threads=0
   4: is_on_queue=0 done=1 #num_remaining_scan_ranges=0 #in_flight_ranges=0 #unstarted_scan_ranges=0 #unstarted_write_ranges=0 #reading_threads=0
   5: is_on_queue=0 done=1 #num_remaining_scan_ranges=0 #in_flight_ranges=0 #unstarted_scan_ranges=0 #unstarted_write_ranges=0 #reading_threads=0)
I0212 12:13:35.234903  6250 row-batch.cc:508] [(3077 false 7 7 7 70 7.699999809265137 70.7 11/04/09 7 2009-11-04 00:37:01.560000000 2009 11)]
I0212 12:13:35.234916  6250 row-batch.cc:508] [(3076 true 6 6 6 60 6.599999904632568 60.59999999999999 11/04/09 6 2009-11-04 00:36:01.500000000 2009 11)]
I0212 12:13:35.234930  6250 row-batch.cc:508] [(3075 false 5 5 5 50 5.5 50.5 11/04/09 5 2009-11-04 00:35:01.450000000 2009 11)]
I0212 12:13:35.234942  6250 row-batch.cc:508] [(3074 true 4 4 4 40 4.400000095367432 40.4 11/04/09 4 2009-11-04 00:34:01.410000000 2009 11)]
I0212 12:13:35.235114  6254 parquet-column-readers.cc:1020] Decompressed 46 to 50
I0212 12:13:35.235123  6250 row-batch.cc:508] [(3073 false 3 3 3 30 3.299999952316284 30.3 11/04/09 3 2009-11-04 00:33:01.380000000 2009 11)]
I0212 12:13:35.235138  6250 row-batch.cc:508] [(3072 true 2 2 2 20 2.200000047683716 20.2 11/04/09 2 2009-11-04 00:32:01.360000000 2009 11)]
I0212 12:13:35.235152  6250 row-batch.cc:508] [(3071 false 1 1 1 10 1.100000023841858 10.1 11/04/09 1 2009-11-04 00:31:01.350000000 2009 11)]
I0212 12:13:35.235163  6250 row-batch.cc:508] [(3070 true 0 0 0 0 0 0 11/04/09 0 2009-11-04 00:30:01.350000000 2009 11)]
I0212 12:13:35.235177  6250 row-batch.cc:508] [(3069 false 9 9 9 90 9.899999618530273 90.89999999999999 11/03/09 9 2009-11-03 00:29:01.260000000 2009 11)]
I0212 12:13:35.235190  6250 row-batch.cc:508] [(3068 true 8 8 8 80 8.800000190734863 80.8 11/03/09 8 2009-11-03 00:28:01.180000000 2009 11)]
I0212 12:13:35.235203  6250 row-batch.cc:508] [(3067 false 7 7 7 70 7.699999809265137 70.7 11/03/09 7 2009-11-03 00:27:01.110000000 2009 11)]
I0212 12:13:35.235215  6250 row-batch.cc:508] [(3066 true 6 6 6 60 6.599999904632568 60.59999999999999 11/03/09 6 2009-11-03 00:26:01.500000000 2009 11)]
I0212 12:13:35.235229  6250 row-batch.cc:508] [(3065 false 5 5 5 50 5.5 50.5 11/03/09 5 2009-11-03 00:25:01 2009 11)]
I0212 12:13:35.235241  6250 row-batch.cc:508] [(3101 false 1 1 1 10 1.100000023841858 10.1 11/07/09 1 2009-11-07 01:01:02.700000000 2009 11)]
I0212 12:13:35.235263  6250 row-batch.cc:508] [(3100 true 0 0 0 0 0 0 11/07/09 0 2009-11-07 01:00:02.700000000 2009 11)]
I0212 12:13:35.235276  6250 row-batch.cc:508] [(3099 false 9 9 9 90 9.899999618530273 90.89999999999999 11/06/09 9 2009-11-06 00:59:02.610000000 2009 11)]
I0212 12:13:35.235289  6250 row-batch.cc:508] [(3098 true 8 8 8 80 8.800000190734863 80.8 11/06/09 8 2009-11-06 00:58:02.530000000 2009 11)]
I0212 12:13:35.235301  6250 row-batch.cc:508] [(3097 false 7 7 7 70 7.699999809265137 70.7 11/06/09 7 2009-11-06 00:57:02.460000000 2009 11)]
I0212 12:13:35.235314  6250 row-batch.cc:508] [(3096 true 6 6 6 60 6.599999904632568 60.59999999999999 11/06/09 6 2009-11-06 00:56:02.400000000 2009 11)]
I0212 12:13:35.235327  6250 row-batch.cc:508] [(3095 false 5 5 5 50 5.5 50.5 11/06/09 5 2009-11-06 00:55:02.350000000 2009 11)]
I0212 12:13:35.235339  6250 row-batch.cc:508] [(3094 true 4 4 4 40 4.400000095367432 40.4 11/06/09 4 2009-11-06 00:54:02.310000000 2009 11)]
I0212 12:13:35.235352  6250 row-batch.cc:508] [(3093 false 3 3 3 30 3.299999952316284 30.3 11/06/09 3 2009-11-06 00:53:02.280000000 2009 11)]
I0212 12:13:35.235365  6250 row-batch.cc:508] [(3092 true 2 2 2 20 2.200000047683716 20.2 11/06/09 2 2009-11-06 00:52:02.260000000 2009 11)]
I0212 12:13:35.235378  6250 row-batch.cc:508] [(3091 false 1 1 1 10 1.100000023841858 10.1 11/06/09 1 2009-11-06 00:51:02.250000000 2009 11)]
I0212 12:13:35.235389  6250 row-batch.cc:508] [(3090 true 0 0 0 0 0 0 11/06/09 0 2009-11-06 00:50:02.250000000 2009 11)]
I0212 12:13:35.235402  6250 row-batch.cc:508] [(3089 false 9 9 9 90 9.899999618530273 90.89999999999999 11/05/09 9 2009-11-05 00:49:02.160000000 2009 11)]
I0212 12:13:35.235422  6250 row-batch.cc:508] [(3088 true 8 8 8 80 8.800000190734863 80.8 11/05/09 8 2009-11-05 00:48:02.800000000 2009 11)]
I0212 12:13:35.235435  6250 row-batch.cc:508] [(3087 false 7 7 7 70 7.699999809265137 70.7 11/05/09 7 2009-11-05 00:47:02.100000000 2009 11)]
I0212 12:13:35.235448  6250 row-batch.cc:508] [(3086 true 6 6 6 60 6.599999904632568 60.59999999999999 11/05/09 6 2009-11-05 00:46:01.950000000 2009 11)]
I0212 12:13:35.235461  6250 row-batch.cc:508] [(3085 false 5 5 5 50 5.5 50.5 11/05/09 5 2009-11-05 00:45:01.900000000 2009 11)]
I0212 12:13:35.235473  6250 row-batch.cc:508] [(3084 true 4 4 4 40 4.400000095367432 40.4 11/05/09 4 2009-11-05 00:44:01.860000000 2009 11)]
I0212 12:13:35.235486  6250 row-batch.cc:508] [(3083 false 3 3 3 30 3.299999952316284 30.3 11/05/09 3 2009-11-05 00:43:01.830000000 2009 11)]
I0212 12:13:35.235498  6250 row-batch.cc:508] [(3227 false 7 7 7 70 7.699999809265137 70.7 11/19/09 7 2009-11-19 03:07:08.310000000 2009 11)]
I0212 12:13:35.235512  6250 row-batch.cc:508] [(3226 true 6 6 6 60 6.599999904632568 60.59999999999999 11/19/09 6 2009-11-19 03:06:08.250000000 2009 11)]
I0212 12:13:35.235524  6250 row-batch.cc:508] [(3225 false 5 5 5 50 5.5 50.5 11/19/09 5 2009-11-19 03:05:08.200000000 2009 11)]
I0212 12:13:35.235538  6250 row-batch.cc:508] [(3224 true 4 4 4 40 4.400000095367432 40.4 11/19/09 4 2009-11-19 03:04:08.160000000 2009 11)]
I0212 12:13:35.235553  6250 row-batch.cc:508] [(3223 false 3 3 3 30 3.299999952316284 30.3 11/19/09 3 2009-11-19 03:03:08.130000000 2009 11)]
I0212 12:13:35.235565  6250 row-batch.cc:508] [(3222 true 2 2 2 20 2.200000047683716 20.2 11/19/09 2 2009-11-19 03:02:08.110000000 2009 11)]
I0212 12:13:35.235579  6250 row-batch.cc:508] [(3221 false 1 1 1 10 1.100000023841858 10.1 11/19/09 1 2009-11-19 03:01:08.100000000 2009 11)]
I0212 12:13:35.235591  6250 row-batch.cc:508] [(3220 true 0 0 0 0 0 0 11/19/09 0 2009-11-19 03:00:08.100000000 2009 11)]
I0212 12:13:35.235605  6250 row-batch.cc:508] [(3219 false 9 9 9 90 9.899999618530273 90.89999999999999 11/18/09 9 2009-11-18 02:59:08.100000000 2009 11)]
I0212 12:13:35.235618  6250 row-batch.cc:508] [(3218 true 8 8 8 80 8.800000190734863 80.8 11/18/09 8 2009-11-18 02:58:07.930000000 2009 11)]
I0212 12:13:35.235631  6250 row-batch.cc:508] [(3217 false 7 7 7 70 7.699999809265137 70.7 11/18/09 7 2009-11-18 02:57:07.860000000 2009 11)]
I0212 12:13:35.235653  6250 row-batch.cc:508] [(3216 true 6 6 6 60 6.599999904632568 60.59999999999999 11/18/09 6 2009-11-18 02:56:07.800000000 2009 11)]
I0212 12:13:35.235666  6250 row-batch.cc:508] [(3215 false 5 5 5 50 5.5 50.5 11/18/09 5 2009-11-18 02:55:07.750000000 2009 11)]
I0212 12:13:35.235679  6250 row-batch.cc:508] [(3214 true 4 4 4 40 4.400000095367432 40.4 11/18/09 4 2009-11-18 02:54:07.710000000 2009 11)]
I0212 12:13:35.235692  6250 row-batch.cc:508] [(3213 false 3 3 3 30 3.299999952316284 30.3 11/18/09 3 2009-11-18 02:53:07.680000000 2009 11)]
I0212 12:13:35.235705  6250 row-batch.cc:508] [(3212 true 2 2 2 20 2.200000047683716 20.2 11/18/09 2 2009-11-18 02:52:07.660000000 2009 11)]
I0212 12:13:35.235718  6250 row-batch.cc:508] [(3211 false 1 1 1 10 1.100000023841858 10.1 11/18/09 1 2009-11-18 02:51:07.650000000 2009 11)]
I0212 12:13:35.235731  6250 row-batch.cc:508] [(3210 true 0 0 0 0 0 0 11/18/09 0 2009-11-18 02:50:07.650000000 2009 11)]
I0212 12:13:35.235745  6250 row-batch.cc:508] [(3209 false 9 9 9 90 9.899999618530273 90.89999999999999 11/17/09 9 2009-11-17 02:49:07.560000000 2009 11)]
I0212 12:13:35.235743  6014 handle-cache.inline.h:33] hdfsOpenFile() file=hdfs://localhost:20500/test-warehouse/alltypes_parquet/year=2010/month=5/4a4bdc025cd5afb4-a47df1b500000005_1357031870_data.0.parq fid=0xe92a840
I0212 12:13:35.235759  6250 row-batch.cc:508] [(3064 true 4 4 4 40 4.400000095367432 40.4 11/03/09 4 2009-11-03 00:24:00.960000000 2009 11)]
I0212 12:13:35.235772  6250 row-batch.cc:508] [(3063 false 3 3 3 30 3.299999952316284 30.3 11/03/09 3 2009-11-03 00:23:00.930000000 2009 11)]
I0212 12:13:35.235785  6250 row-batch.cc:508] [(3062 true 2 2 2 20 2.200000047683716 20.2 11/03/09 2 2009-11-03 00:22:00.910000000 2009 11)]
I0212 12:13:35.235798  6250 row-batch.cc:508] [(3061 false 1 1 1 10 1.100000023841858 10.1 11/03/09 1 2009-11-03 00:21:00.900000000 2009 11)]
I0212 12:13:35.235811  6250 row-batch.cc:508] [(3060 true 0 0 0 0 0 0 11/03/09 0 2009-11-03 00:20:00.900000000 2009 11)]
I0212 12:13:35.235810  6014 handle-cache.inline.h:38] hdfsCloseFile() fid=0xe92a840
I0212 12:13:35.235824  6250 row-batch.cc:508] [(3059 false 9 9 9 90 9.899999618530273 90.89999999999999 11/02/09 9 2009-11-02 00:19:00.810000000 2009 11)]
I0212 12:13:35.235838  6250 row-batch.cc:508] [(3058 true 8 8 8 80 8.800000190734863 80.8 11/02/09 8 2009-11-02 00:18:00.730000000 2009 11)]
I0212 12:13:35.235849  6014 disk-io-mgr.cc:811] Disk (id=1) reading for 
  RequestContext: 0x10096ea0 (state=Active status_=OK #ready_buffers=1 #used_buffers=2 #num_buffers_in_reader=12 #finished_scan_ranges=38 #disk_with_ranges=3 #disks=3
   0: is_on_queue=0 done=0 #num_remaining_scan_ranges=9 #in_flight_ranges=0 #unstarted_scan_ranges=8 #unstarted_write_ranges=0 #reading_threads=0
   1: is_on_queue=0 done=0 #num_remaining_scan_ranges=12 #in_flight_ranges=8 #unstarted_scan_ranges=3 #unstarted_write_ranges=0 #reading_threads=1
   2: is_on_queue=1 done=0 #num_remaining_scan_ranges=8 #in_flight_ranges=0 #unstarted_scan_ranges=6 #unstarted_write_ranges=0 #reading_threads=1
   3: is_on_queue=0 done=1 #num_remaining_scan_ranges=0 #in_flight_ranges=0 #unstarted_scan_ranges=0 #unstarted_write_ranges=0 #reading_threads=0
   4: is_on_queue=0 done=1 #num_remaining_scan_ranges=0 #in_flight_ranges=0 #unstarted_scan_ranges=0 #unstarted_write_ranges=0 #reading_threads=0
   5: is_on_queue=0 done=1 #num_remaining_scan_ranges=0 #in_flight_ranges=0 #unstarted_scan_ranges=0 #unstarted_write_ranges=0 #reading_threads=0)
I0212 12:13:35.235852  6250 row-batch.cc:508] [(3057 false 7 7 7 70 7.699999809265137 70.7 11/02/09 7 2009-11-02 00:17:00.660000000 2009 11)]
I0212 12:13:35.235865  6250 row-batch.cc:508] [(3056 true 6 6 6 60 6.599999904632568 60.59999999999999 11/02/09 6 2009-11-02 00:16:00.600000000 2009 11)]
I0212 12:13:35.235878  6250 row-batch.cc:508] [(3055 false 5 5 5 50 5.5 50.5 11/02/09 5 2009-11-02 00:15:00.550000000 2009 11)]
I0212 12:13:35.235893  6250 row-batch.cc:508] [(3054 true 4 4 4 40 4.400000095367432 40.4 11/02/09 4 2009-11-02 00:14:00.510000000 2009 11)]
I0212 12:13:35.235911  6250 row-batch.cc:508] [(3053 false 3 3 3 30 3.299999952316284 30.3 11/02/09 3 2009-11-02 00:13:00.480000000 2009 11)]
I0212 12:13:35.235924  6250 row-batch.cc:508] [(3052 true 2 2 2 20 2.200000047683716 20.2 11/02/09 2 2009-11-02 00:12:00.460000000 2009 11)]
I0212 12:13:35.235939  6250 row-batch.cc:508] [(3051 false 1 1 1 10 1.100000023841858 10.1 11/02/09 1 2009-11-02 00:11:00.450000000 2009 11)]
I0212 12:13:35.235941  6015 handle-cache.inline.h:33] hdfsOpenFile() file=hdfs://localhost:20500/test-warehouse/alltypes_parquet/year=2010/month=3/4a4bdc025cd5afb4-a47df1b500000004_387075872_data.0.parq fid=0xe92a350
I0212 12:13:35.235951  6250 row-batch.cc:508] [(3050 true 0 0 0 0 0 0 11/02/09 0 2009-11-02 00:10:00.450000000 2009 11)]
I0212 12:13:35.235965  6250 row-batch.cc:508] [(3231 false 1 1 1 10 1.100000023841858 10.1 11/20/09 1 2009-11-20 03:11:08.550000000 2009 11)]
I0212 12:13:35.235977  6250 row-batch.cc:508] [(3230 true 0 0 0 0 0 0 11/20/09 0 2009-11-20 03:10:08.550000000 2009 11)]
I0212 12:13:35.235996  6250 row-batch.cc:508] [(3229 false 9 9 9 90 9.899999618530273 90.89999999999999 11/19/09 9 2009-11-19 03:09:08.460000000 2009 11)]
I0212 12:13:35.236006  6015 handle-cache.inline.h:38] hdfsCloseFile() fid=0xe92a350
I0212 12:13:35.236011  6250 row-batch.cc:508] [(3228 true 8 8 8 80 8.800000190734863 80.8 11/19/09 8 2009-11-19 03:08:08.380000000 2009 11)]
I0212 12:13:35.236013  6250 data-stream-sender.cc:511] serializing 300 rows
I0212 12:13:35.236042  6015 disk-io-mgr.cc:811] Disk (id=2) reading for 
  RequestContext: 0x10096ea0 (state=Active status_=OK #ready_buffers=2 #used_buffers=3 #num_buffers_in_reader=12 #finished_scan_ranges=38 #disk_with_ranges=3 #disks=3
   0: is_on_queue=0 done=0 #num_remaining_scan_ranges=9 #in_flight_ranges=0 #unstarted_scan_ranges=8 #unstarted_write_ranges=0 #reading_threads=0
   1: is_on_queue=1 done=0 #num_remaining_scan_ranges=12 #in_flight_ranges=7 #unstarted_scan_ranges=3 #unstarted_write_ranges=0 #reading_threads=1
   2: is_on_queue=0 done=0 #num_remaining_scan_ranges=7 #in_flight_ranges=0 #unstarted_scan_ranges=6 #unstarted_write_ranges=0 #reading_threads=1
   3: is_on_queue=0 done=1 #num_remaining_scan_ranges=0 #in_flight_ranges=0 #unstarted_scan_ranges=0 #unstarted_write_ranges=0 #reading_threads=0
   4: is_on_queue=0 done=1 #num_remaining_scan_ranges=0 #in_flight_ranges=0 #unstarted_scan_ranges=0 #unstarted_write_ranges=0 #reading_threads=0
   5: is_on_queue=0 done=1 #num_remaining_scan_ranges=0 #in_flight_ranges=0 #unstarted_scan_ranges=0 #unstarted_write_ranges=0 #reading_threads=0)
I0212 12:13:35.236074  6254 parquet-column-readers.cc:1020] Decompressed 2488 to 3720
I0212 12:13:35.236142  6254 parquet-column-readers.cc:1129] Decompressed 42 to 46
I0212 12:13:35.236179  6250 row-batch.cc:281] uncompressed size: 29700, compressed size: 10679
I0212 12:13:35.236183  6250 data-stream-sender.cc:168] Channel::SendBatch() instance_id=3d49bc72b8566fae:6115e2aa00000000 dest_node=1 #rows=300
I0212 12:13:35.236201  6253 parquet-column-readers.cc:1020] Decompressed 39 to 40
I0212 12:13:35.236205  6254 parquet-column-readers.cc:1129] Decompressed 365 to 360
I0212 12:13:35.236295  6254 parquet-column-readers.cc:1129] Decompressed 105 to 165
I0212 12:13:35.236328  6254 parquet-column-readers.cc:1129] Decompressed 105 to 165
I0212 12:13:35.236356  6254 parquet-column-readers.cc:1129] Decompressed 105 to 165
I0212 12:13:35.236383  6254 parquet-column-readers.cc:1129] Decompressed 105 to 165
I0212 12:13:35.236423  6254 parquet-column-readers.cc:1129] Decompressed 105 to 165
I0212 12:13:35.236596  6254 parquet-column-readers.cc:1129] Decompressed 105 to 165
I0212 12:13:35.236642  6254 parquet-column-readers.cc:1129] Decompressed 144 to 143
I0212 12:13:35.236687  6254 parquet-column-readers.cc:1129] Decompressed 105 to 165
I0212 12:13:35.236711  6254 parquet-column-readers.cc:1129] Decompressed 365 to 360
I0212 12:13:35.236789  6254 progress-updater.cc:65] Splits complete (node=24): 12% Complete (3 out of 24)
I0212 12:13:35.236925  6010 disk-io-mgr.cc:811] Disk (id=0) reading for 
  RequestContext: 0x10096ea0 (state=Active status_=OK #ready_buffers=0 #used_buffers=1 #num_buffers_in_reader=3 #finished_scan_ranges=40 #disk_with_ranges=3 #disks=3
   0: is_on_queue=0 done=0 #num_remaining_scan_ranges=9 #in_flight_ranges=1 #unstarted_scan_ranges=8 #unstarted_write_ranges=0 #reading_threads=1
   1: is_on_queue=1 done=0 #num_remaining_scan_ranges=12 #in_flight_ranges=7 #unstarted_scan_ranges=3 #unstarted_write_ranges=0 #reading_threads=1
   2: is_on_queue=0 done=0 #num_remaining_scan_ranges=7 #in_flight_ranges=0 #unstarted_scan_ranges=6 #unstarted_write_ranges=0 #reading_threads=0
   3: is_on_queue=0 done=1 #num_remaining_scan_ranges=0 #in_flight_ranges=0 #unstarted_scan_ranges=0 #unstarted_write_ranges=0 #reading_threads=0
   4: is_on_queue=0 done=1 #num_remaining_scan_ranges=0 #in_flight_ranges=0 #unstarted_scan_ranges=0 #unstarted_write_ranges=0 #reading_threads=0
   5: is_on_queue=0 done=1 #num_remaining_scan_ranges=0 #in_flight_ranges=0 #unstarted_scan_ranges=0 #unstarted_write_ranges=0 #reading_threads=0)
I0212 12:13:35.236934  6014 handle-cache.inline.h:33] hdfsOpenFile() file=hdfs://localhost:20500/test-warehouse/alltypes_parquet/year=2010/month=5/4a4bdc025cd5afb4-a47df1b500000005_1357031870_data.0.parq fid=0xe92a840
I0212 12:13:35.236944  6009 disk-io-mgr.cc:811] Disk (id=0) reading for 
  RequestContext: 0x10096ea0 (state=Active status_=OK #ready_buffers=0 #used_buffers=1 #num_buffers_in_reader=3 #finished_scan_ranges=40 #disk_with_ranges=3 #disks=3
   0: is_on_queue=0 done=0 #num_remaining_scan_ranges=9 #in_flight_ranges=0 #unstarted_scan_ranges=7 #unstarted_write_ranges=0 #reading_threads=2
   1: is_on_queue=1 done=0 #num_remaining_scan_ranges=12 #in_flight_ranges=7 #unstarted_scan_ranges=3 #unstarted_write_ranges=0 #reading_threads=1
   2: is_on_queue=0 done=0 #num_remaining_scan_ranges=7 #in_flight_ranges=0 #unstarted_scan_ranges=6 #unstarted_write_ranges=0 #reading_threads=0
   3: is_on_queue=0 done=1 #num_remaining_scan_ranges=0 #in_flight_ranges=0 #unstarted_scan_ranges=0 #unstarted_write_ranges=0 #reading_threads=0
   4: is_on_queue=0 done=1 #num_remaining_scan_ranges=0 #in_flight_ranges=0 #unstarted_scan_ranges=0 #unstarted_write_ranges=0 #reading_threads=0
   5: is_on_queue=0 done=1 #num_remaining_scan_ranges=0 #in_flight_ranges=0 #unstarted_scan_ranges=0 #unstarted_write_ranges=0 #reading_threads=0)
I0212 12:13:35.236997  6014 handle-cache.inline.h:38] hdfsCloseFile() fid=0xe92a840
I0212 12:13:35.237037  6014 disk-io-mgr.cc:811] Disk (id=1) reading for 
  RequestContext: 0x10096ea0 (state=Active status_=OK #ready_buffers=0 #used_buffers=1 #num_buffers_in_reader=4 #finished_scan_ranges=41 #disk_with_ranges=3 #disks=3
   0: is_on_queue=0 done=0 #num_remaining_scan_ranges=9 #in_flight_ranges=0 #unstarted_scan_ranges=7 #unstarted_write_ranges=0 #reading_threads=1
   1: is_on_queue=0 done=0 #num_remaining_scan_ranges=11 #in_flight_ranges=7 #unstarted_scan_ranges=3 #unstarted_write_ranges=0 #reading_threads=1
   2: is_on_queue=0 done=0 #num_remaining_scan_ranges=7 #in_flight_ranges=0 #unstarted_scan_ranges=6 #unstarted_write_ranges=0 #reading_threads=0
   3: is_on_queue=0 done=1 #num_remaining_scan_ranges=0 #in_flight_ranges=0 #unstarted_scan_ranges=0 #unstarted_write_ranges=0 #reading_threads=0
   4: is_on_queue=0 done=1 #num_remaining_scan_ranges=0 #in_flight_ranges=0 #unstarted_scan_ranges=0 #unstarted_write_ranges=0 #reading_threads=0
   5: is_on_queue=0 done=1 #num_remaining_scan_ranges=0 #in_flight_ranges=0 #unstarted_scan_ranges=0 #unstarted_write_ranges=0 #reading_threads=0)
I0212 12:13:35.237053  6253 parquet-column-readers.cc:1020] Decompressed 39 to 40
I0212 12:13:35.237929  6010 handle-cache.inline.h:33] hdfsOpenFile() file=hdfs://localhost:20500/test-warehouse/alltypes_parquet/year=2010/month=12/4a4bdc025cd5afb4-a47df1b500000003_920604256_data.0.parq fid=0xe92ad10
I0212 12:13:35.237936  6014 handle-cache.inline.h:33] hdfsOpenFile() file=hdfs://localhost:20500/test-warehouse/alltypes_parquet/year=2010/month=5/4a4bdc025cd5afb4-a47df1b500000005_1357031870_data.0.parq fid=0xe92a840
I0212 12:13:35.238000  6010 handle-cache.inline.h:38] hdfsCloseFile() fid=0xe92ad10
I0212 12:13:35.238044  6014 handle-cache.inline.h:38] hdfsCloseFile() fid=0xe92a840
I0212 12:13:35.238090  6014 disk-io-mgr.cc:811] Disk (id=1) reading for 
  RequestContext: 0x10096ea0 (state=Active status_=OK #ready_buffers=0 #used_buffers=0 #num_buffers_in_reader=6 #finished_scan_ranges=43 #disk_with_ranges=3 #disks=3
   0: is_on_queue=0 done=0 #num_remaining_scan_ranges=8 #in_flight_ranges=0 #unstarted_scan_ranges=7 #unstarted_write_ranges=0 #reading_threads=0
   1: is_on_queue=0 done=0 #num_remaining_scan_ranges=10 #in_flight_ranges=6 #unstarted_scan_ranges=3 #unstarted_write_ranges=0 #reading_threads=1
   2: is_on_queue=0 done=0 #num_remaining_scan_ranges=7 #in_flight_ranges=0 #unstarted_scan_ranges=6 #unstarted_write_ranges=0 #reading_threads=0
   3: is_on_queue=0 done=1 #num_remaining_scan_ranges=0 #in_flight_ranges=0 #unstarted_scan_ranges=0 #unstarted_write_ranges=0 #reading_threads=0
   4: is_on_queue=0 done=1 #num_remaining_scan_ranges=0 #in_flight_ranges=0 #unstarted_scan_ranges=0 #unstarted_write_ranges=0 #reading_threads=0
   5: is_on_queue=0 done=1 #num_remaining_scan_ranges=0 #in_flight_ranges=0 #unstarted_scan_ranges=0 #unstarted_write_ranges=0 #reading_threads=0)
I0212 12:13:35.238092  6253 parquet-column-readers.cc:1020] Decompressed 39 to 40
I0212 12:13:35.238384  6009 disk-io-mgr.cc:811] Disk (id=0) reading for 
  RequestContext: 0x10096ea0 (state=Active status_=OK #ready_buffers=0 #used_buffers=1 #num_buffers_in_reader=5 #finished_scan_ranges=43 #disk_with_ranges=3 #disks=3
   0: is_on_queue=0 done=0 #num_remaining_scan_ranges=19 #in_flight_ranges=11 #unstarted_scan_ranges=7 #unstarted_write_ranges=0 #reading_threads=1
   1: is_on_queue=1 done=0 #num_remaining_scan_ranges=10 #in_flight_ranges=5 #unstarted_scan_ranges=3 #unstarted_write_ranges=0 #reading_threads=1
   2: is_on_queue=0 done=0 #num_remaining_scan_ranges=7 #in_flight_ranges=0 #unstarted_scan_ranges=6 #unstarted_write_ranges=0 #reading_threads=0
   3: is_on_queue=0 done=1 #num_remaining_scan_ranges=0 #in_flight_ranges=0 #unstarted_scan_ranges=0 #unstarted_write_ranges=0 #reading_threads=0
   4: is_on_queue=0 done=1 #num_remaining_scan_ranges=0 #in_flight_ranges=0 #unstarted_scan_ranges=0 #unstarted_write_ranges=0 #reading_threads=0
   5: is_on_queue=0 done=1 #num_remaining_scan_ranges=0 #in_flight_ranges=0 #unstarted_scan_ranges=0 #unstarted_write_ranges=0 #reading_threads=0)
I0212 12:13:35.238592  6013 disk-io-mgr.cc:811] Disk (id=0) reading for 
  RequestContext: 0x10096ea0 (state=Active status_=OK #ready_buffers=0 #used_buffers=2 #num_buffers_in_reader=5 #finished_scan_ranges=43 #disk_with_ranges=3 #disks=3
   0: is_on_queue=0 done=0 #num_remaining_scan_ranges=19 #in_flight_ranges=10 #unstarted_scan_ranges=7 #unstarted_write_ranges=0 #reading_threads=2
   1: is_on_queue=1 done=0 #num_remaining_scan_ranges=10 #in_flight_ranges=5 #unstarted_scan_ranges=3 #unstarted_write_ranges=0 #reading_threads=1
   2: is_on_queue=0 done=0 #num_remaining_scan_ranges=7 #in_flight_ranges=0 #unstarted_scan_ranges=6 #unstarted_write_ranges=0 #reading_threads=0
   3: is_on_queue=0 done=1 #num_remaining_scan_ranges=0 #in_flight_ranges=0 #unstarted_scan_ranges=0 #unstarted_write_ranges=0 #reading_threads=0
   4: is_on_queue=0 done=1 #num_remaining_scan_ranges=0 #in_flight_ranges=0 #unstarted_scan_ranges=0 #unstarted_write_ranges=0 #reading_threads=0
   5: is_on_queue=0 done=1 #num_remaining_scan_ranges=0 #in_flight_ranges=0 #unstarted_scan_ranges=0 #unstarted_write_ranges=0 #reading_threads=0)
I0212 12:13:35.238754  6011 disk-io-mgr.cc:811] Disk (id=0) reading for 
  RequestContext: 0x10096ea0 (state=Active status_=OK #ready_buffers=0 #used_buffers=3 #num_buffers_in_reader=5 #finished_scan_ranges=43 #disk_with_ranges=3 #disks=3
   0: is_on_queue=0 done=0 #num_remaining_scan_ranges=19 #in_flight_ranges=9 #unstarted_scan_ranges=7 #unstarted_write_ranges=0 #reading_threads=3
   1: is_on_queue=1 done=0 #num_remaining_scan_ranges=10 #in_flight_ranges=5 #unstarted_scan_ranges=3 #unstarted_write_ranges=0 #reading_threads=1
   2: is_on_queue=0 done=0 #num_remaining_scan_ranges=7 #in_flight_ranges=0 #unstarted_scan_ranges=6 #unstarted_write_ranges=0 #reading_threads=0
   3: is_on_queue=0 done=1 #num_remaining_scan_ranges=0 #in_flight_ranges=0 #unstarted_scan_ranges=0 #unstarted_write_ranges=0 #reading_threads=0
   4: is_on_queue=0 done=1 #num_remaining_scan_ranges=0 #in_flight_ranges=0 #unstarted_scan_ranges=0 #unstarted_write_ranges=0 #reading_threads=0
   5: is_on_queue=0 done=1 #num_remaining_scan_ranges=0 #in_flight_ranges=0 #unstarted_scan_ranges=0 #unstarted_write_ranges=0 #reading_threads=0)
I0212 12:13:35.238785  6008 disk-io-mgr.cc:811] Disk (id=0) reading for 
  RequestContext: 0x10096ea0 (state=Active status_=OK #ready_buffers=0 #used_buffers=4 #num_buffers_in_reader=5 #finished_scan_ranges=43 #disk_with_ranges=3 #disks=3
   0: is_on_queue=0 done=0 #num_remaining_scan_ranges=19 #in_flight_ranges=8 #unstarted_scan_ranges=7 #unstarted_write_ranges=0 #reading_threads=4
   1: is_on_queue=1 done=0 #num_remaining_scan_ranges=10 #in_flight_ranges=5 #unstarted_scan_ranges=3 #unstarted_write_ranges=0 #reading_threads=1
   2: is_on_queue=0 done=0 #num_remaining_scan_ranges=7 #in_flight_ranges=0 #unstarted_scan_ranges=6 #unstarted_write_ranges=0 #reading_threads=0
   3: is_on_queue=0 done=1 #num_remaining_scan_ranges=0 #in_flight_ranges=0 #unstarted_scan_ranges=0 #unstarted_write_ranges=0 #reading_threads=0
   4: is_on_queue=0 done=1 #num_remaining_scan_ranges=0 #in_flight_ranges=0 #unstarted_scan_ranges=0 #unstarted_write_ranges=0 #reading_threads=0
   5: is_on_queue=0 done=1 #num_remaining_scan_ranges=0 #in_flight_ranges=0 #unstarted_scan_ranges=0 #unstarted_write_ranges=0 #reading_threads=0)
I0212 12:13:35.238817  6007 disk-io-mgr.cc:811] Disk (id=0) reading for 
  RequestContext: 0x10096ea0 (state=Active status_=OK #ready_buffers=0 #used_buffers=5 #num_buffers_in_reader=5 #finished_scan_ranges=43 #disk_with_ranges=3 #disks=3
   0: is_on_queue=0 done=0 #num_remaining_scan_ranges=19 #in_flight_ranges=7 #unstarted_scan_ranges=7 #unstarted_write_ranges=0 #reading_threads=5
   1: is_on_queue=1 done=0 #num_remaining_scan_ranges=10 #in_flight_ranges=5 #unstarted_scan_ranges=3 #unstarted_write_ranges=0 #reading_threads=1
   2: is_on_queue=0 done=0 #num_remaining_scan_ranges=7 #in_flight_ranges=0 #unstarted_scan_ranges=6 #unstarted_write_ranges=0 #reading_threads=0
   3: is_on_queue=0 done=1 #num_remaining_scan_ranges=0 #in_flight_ranges=0 #unstarted_scan_ranges=0 #unstarted_write_ranges=0 #reading_threads=0
   4: is_on_queue=0 done=1 #num_remaining_scan_ranges=0 #in_flight_ranges=0 #unstarted_scan_ranges=0 #unstarted_write_ranges=0 #reading_threads=0
   5: is_on_queue=0 done=1 #num_remaining_scan_ranges=0 #in_flight_ranges=0 #unstarted_scan_ranges=0 #unstarted_write_ranges=0 #reading_threads=0)
I0212 12:13:35.238962  6012 disk-io-mgr.cc:811] Disk (id=0) reading for 
  RequestContext: 0x10096ea0 (state=Active status_=OK #ready_buffers=0 #used_buffers=6 #num_buffers_in_reader=5 #finished_scan_ranges=43 #disk_with_ranges=3 #disks=3
   0: is_on_queue=0 done=0 #num_remaining_scan_ranges=19 #in_flight_ranges=6 #unstarted_scan_ranges=7 #unstarted_write_ranges=0 #reading_threads=6
   1: is_on_queue=1 done=0 #num_remaining_scan_ranges=10 #in_flight_ranges=5 #unstarted_scan_ranges=3 #unstarted_write_ranges=0 #reading_threads=1
   2: is_on_queue=0 done=0 #num_remaining_scan_ranges=7 #in_flight_ranges=0 #unstarted_scan_ranges=6 #unstarted_write_ranges=0 #reading_threads=0
   3: is_on_queue=0 done=1 #num_remaining_scan_ranges=0 #in_flight_ranges=0 #unstarted_scan_ranges=0 #unstarted_write_ranges=0 #reading_threads=0
   4: is_on_queue=0 done=1 #num_remaining_scan_ranges=0 #in_flight_ranges=0 #unstarted_scan_ranges=0 #unstarted_write_ranges=0 #reading_threads=0
   5: is_on_queue=0 done=1 #num_remaining_scan_ranges=0 #in_flight_ranges=0 #unstarted_scan_ranges=0 #unstarted_write_ranges=0 #reading_threads=0)
I0212 12:13:35.239066  6006 disk-io-mgr.cc:811] Disk (id=0) reading for 
  RequestContext: 0x10096ea0 (state=Active status_=OK #ready_buffers=0 #used_buffers=7 #num_buffers_in_reader=5 #finished_scan_ranges=43 #disk_with_ranges=3 #disks=3
   0: is_on_queue=0 done=0 #num_remaining_scan_ranges=19 #in_flight_ranges=5 #unstarted_scan_ranges=7 #unstarted_write_ranges=0 #reading_threads=7
   1: is_on_queue=1 done=0 #num_remaining_scan_ranges=10 #in_flight_ranges=5 #unstarted_scan_ranges=3 #unstarted_write_ranges=0 #reading_threads=1
   2: is_on_queue=0 done=0 #num_remaining_scan_ranges=7 #in_flight_ranges=0 #unstarted_scan_ranges=6 #unstarted_write_ranges=0 #reading_threads=0
   3: is_on_queue=0 done=1 #num_remaining_scan_ranges=0 #in_flight_ranges=0 #unstarted_scan_ranges=0 #unstarted_write_ranges=0 #reading_threads=0
   4: is_on_queue=0 done=1 #num_remaining_scan_ranges=0 #in_flight_ranges=0 #unstarted_scan_ranges=0 #unstarted_write_ranges=0 #reading_threads=0
   5: is_on_queue=0 done=1 #num_remaining_scan_ranges=0 #in_flight_ranges=0 #unstarted_scan_ranges=0 #unstarted_write_ranges=0 #reading_threads=0)
I0212 12:13:35.239114  6010 disk-io-mgr.cc:811] Disk (id=0) reading for 
  RequestContext: 0x10096ea0 (state=Active status_=OK #ready_buffers=0 #used_buffers=8 #num_buffers_in_reader=5 #finished_scan_ranges=43 #disk_with_ranges=3 #disks=3
   0: is_on_queue=0 done=0 #num_remaining_scan_ranges=19 #in_flight_ranges=4 #unstarted_scan_ranges=7 #unstarted_write_ranges=0 #reading_threads=8
   1: is_on_queue=1 done=0 #num_remaining_scan_ranges=10 #in_flight_ranges=5 #unstarted_scan_ranges=3 #unstarted_write_ranges=0 #reading_threads=1
   2: is_on_queue=0 done=0 #num_remaining_scan_ranges=7 #in_flight_ranges=0 #unstarted_scan_ranges=6 #unstarted_write_ranges=0 #reading_threads=0
   3: is_on_queue=0 done=1 #num_remaining_scan_ranges=0 #in_flight_ranges=0 #unstarted_scan_ranges=0 #unstarted_write_ranges=0 #reading_threads=0
   4: is_on_queue=0 done=1 #num_remaining_scan_ranges=0 #in_flight_ranges=0 #unstarted_scan_ranges=0 #unstarted_write_ranges=0 #reading_threads=0
   5: is_on_queue=0 done=1 #num_remaining_scan_ranges=0 #in_flight_ranges=0 #unstarted_scan_ranges=0 #unstarted_write_ranges=0 #reading_threads=0)
I0212 12:13:35.239289  6079 thread.cc:324] Started thread 6255 - thrift-server:backend-4
I0212 12:13:35.239374  6079 thread.cc:324] Started thread 6256 - thrift-server:backend-5
I0212 12:13:35.239394  6255 rpc-trace.cc:190] RPC call: ImpalaInternalService.CancelQueryFInstances(from ::ffff:127.0.0.1:55072)
I0212 12:13:35.239399  6256 rpc-trace.cc:190] RPC call: ImpalaInternalService.ReportExecStatus(from ::ffff:127.0.0.1:55074)
I0212 12:13:35.239400  6255 impala-internal-service.cc:63] CancelQueryFInstances(): query_id=3d49bc72b8566fae:6115e2aa00000000
I0212 12:13:35.239415  6255 query-exec-mgr.cc:92] QueryState: query_id=3d49bc72b8566fae:6115e2aa00000000 refcnt=4
I0212 12:13:35.239418  6255 query-state.cc:403] Cancel: query_id=3d49bc72b8566fae:6115e2aa00000000
I0212 12:13:35.239423  6255 data-stream-mgr.cc:279] cancelling all streams for fragment=3d49bc72b8566fae:6115e2aa00000001
I0212 12:13:35.239429  6255 data-stream-mgr.cc:279] cancelling all streams for fragment=3d49bc72b8566fae:6115e2aa00000000
I0212 12:13:35.239433  6255 query-exec-mgr.cc:149] ReleaseQueryState(): query_id=3d49bc72b8566fae:6115e2aa00000000 refcnt=4
I0212 12:13:35.239454  6247 client-cache.cc:148] Releasing client for gaborkaszabdesktop:22000 back to cache
I0212 12:13:35.239465  6247 coordinator.cc:908] CancelBackends() query_id=3d49bc72b8566fae:6115e2aa00000000, tried to cancel 1 backends
I0212 12:13:35.239468  6247 coordinator.cc:1092] Release admssion control resources for query 3d49bc72b8566fae:6115e2aa00000000
I0212 12:13:35.239480  6256 impala-server.cc:1151] ReportExecStatus() coord_state_idx=0
I0212 12:13:35.239485  6247 admission-controller.cc:316] Update admitted mem reserved for host=gaborkaszabdesktop:22000 prev=64.00 MB new=0
I0212 12:13:35.239485  6256 coordinator.cc:920] UpdateBackendExecStatus()  backend_idx=0
I0212 12:13:35.239496  6247 admission-controller.cc:620] Released query id=3d49bc72b8566fae:6115e2aa00000000 agg_num_running=0, agg_num_queued=0, agg_mem_reserved=97.83 KB,  local_host(local_mem_admitted=0, num_admitted_running=0, num_queued=0, backend_mem_reserved=97.83 KB)
I0212 12:13:35.239564  6249 client-cache.cc:148] Releasing client for gaborkaszabdesktop:22000 back to cache
I0212 12:13:35.239673  6249 query-state.cc:390] Instance completed. instance_id=3d49bc72b8566fae:6115e2aa00000000 #in-flight=4 status=INTERNAL_ERROR: Debug Action: FAIL
I0212 12:13:35.239678  6249 query-state.cc:403] Cancel: query_id=3d49bc72b8566fae:6115e2aa00000000
I0212 12:13:35.239682  6249 query-exec-mgr.cc:149] ReleaseQueryState(): query_id=3d49bc72b8566fae:6115e2aa00000000 refcnt=3
I0212 12:13:35.239722  6256 rpc-trace.cc:200] RPC call: backend:ImpalaInternalService.ReportExecStatus from ::ffff:127.0.0.1:55074 took 1.000ms
I0212 12:13:35.239953  6013 handle-cache.inline.h:33] hdfsOpenFile() file=hdfs://localhost:20500/test-warehouse/alltypes_parquet/year=2010/month=12/4a4bdc025cd5afb4-a47df1b500000003_920604256_data.0.parq fid=0xe1e9fe0
I0212 12:13:35.239980  6014 handle-cache.inline.h:33] hdfsOpenFile() file=hdfs://localhost:20500/test-warehouse/alltypes_parquet/year=2010/month=5/4a4bdc025cd5afb4-a47df1b500000005_1357031870_data.0.parq fid=0xe92a840
I0212 12:13:35.240020  6013 handle-cache.inline.h:38] hdfsCloseFile() fid=0xe1e9fe0
I0212 12:13:35.240062  6013 disk-io-mgr.cc:811] Disk (id=0) reading for 
  RequestContext: 0x10096ea0 (state=Active status_=OK #ready_buffers=1 #used_buffers=9 #num_buffers_in_reader=5 #finished_scan_ranges=43 #disk_with_ranges=3 #disks=3
   0: is_on_queue=0 done=0 #num_remaining_scan_ranges=18 #in_flight_ranges=3 #unstarted_scan_ranges=7 #unstarted_write_ranges=0 #reading_threads=8
   1: is_on_queue=1 done=0 #num_remaining_scan_ranges=10 #in_flight_ranges=5 #unstarted_scan_ranges=3 #unstarted_write_ranges=0 #reading_threads=1
   2: is_on_queue=0 done=0 #num_remaining_scan_ranges=7 #in_flight_ranges=0 #unstarted_scan_ranges=6 #unstarted_write_ranges=0 #reading_threads=0
   3: is_on_queue=0 done=1 #num_remaining_scan_ranges=0 #in_flight_ranges=0 #unstarted_scan_ranges=0 #unstarted_write_ranges=0 #reading_threads=0
   4: is_on_queue=0 done=1 #num_remaining_scan_ranges=0 #in_flight_ranges=0 #unstarted_scan_ranges=0 #unstarted_write_ranges=0 #reading_threads=0
   5: is_on_queue=0 done=1 #num_remaining_scan_ranges=0 #in_flight_ranges=0 #unstarted_scan_ranges=0 #unstarted_write_ranges=0 #reading_threads=0)
I0212 12:13:35.240087  6014 handle-cache.inline.h:38] hdfsCloseFile() fid=0xe92a840
I0212 12:13:35.240124  6014 disk-io-mgr.cc:811] Disk (id=1) reading for 
  RequestContext: 0x10096ea0 (state=Active status_=OK #ready_buffers=1 #used_buffers=9 #num_buffers_in_reader=6 #finished_scan_ranges=44 #disk_with_ranges=3 #disks=3
   0: is_on_queue=1 done=0 #num_remaining_scan_ranges=18 #in_flight_ranges=2 #unstarted_scan_ranges=7 #unstarted_write_ranges=0 #reading_threads=8
   1: is_on_queue=0 done=0 #num_remaining_scan_ranges=9 #in_flight_ranges=5 #unstarted_scan_ranges=3 #unstarted_write_ranges=0 #reading_threads=1
   2: is_on_queue=0 done=0 #num_remaining_scan_ranges=7 #in_flight_ranges=0 #unstarted_scan_ranges=6 #unstarted_write_ranges=0 #reading_threads=0
   3: is_on_queue=0 done=1 #num_remaining_scan_ranges=0 #in_flight_ranges=0 #unstarted_scan_ranges=0 #unstarted_write_ranges=0 #reading_threads=0
   4: is_on_queue=0 done=1 #num_remaining_scan_ranges=0 #in_flight_ranges=0 #unstarted_scan_ranges=0 #unstarted_write_ranges=0 #reading_threads=0
   5: is_on_queue=0 done=1 #num_remaining_scan_ranges=0 #in_flight_ranges=0 #unstarted_scan_ranges=0 #unstarted_write_ranges=0 #reading_threads=0)
I0212 12:13:35.240145  6253 parquet-column-readers.cc:1020] Decompressed 50 to 80
I0212 12:13:35.240301  6247 query-exec-mgr.cc:149] ReleaseQueryState(): query_id=3d49bc72b8566fae:6115e2aa00000000 refcnt=2
I0212 12:13:35.240432  6247 rpc-trace.cc:200] RPC call: beeswax:BeeswaxService.query from ::ffff:127.0.0.1:35794 took 70.000ms
I0212 12:13:35.240447  6255 rpc-trace.cc:200] RPC call: backend:ImpalaInternalService.CancelQueryFInstances from ::ffff:127.0.0.1:55072 took 2.000ms
I0212 12:13:35.240643  6247 impala-server.cc:1737] Connection from client ::ffff:127.0.0.1:35794 closed, closing 1 associated session(s)
I0212 12:13:35.241094  6009 handle-cache.inline.h:33] hdfsOpenFile() file=hdfs://localhost:20500/test-warehouse/alltypes_parquet/year=2010/month=12/4a4bdc025cd5afb4-a47df1b500000003_920604256_data.0.parq fid=0xe1e9de0
I0212 12:13:35.241164  6009 handle-cache.inline.h:38] hdfsCloseFile() fid=0xe1e9de0
I0212 12:13:35.241225  6254 parquet-column-readers.cc:1020] Decompressed 1245 to 1240
I0212 12:13:35.241312  6011 handle-cache.inline.h:33] hdfsOpenFile() file=hdfs://localhost:20500/test-warehouse/alltypes_parquet/year=2010/month=12/4a4bdc025cd5afb4-a47df1b500000003_920604256_data.0.parq fid=0xe92ac80
I0212 12:13:35.242090  6006 handle-cache.inline.h:33] hdfsOpenFile() file=hdfs://localhost:20500/test-warehouse/alltypes_parquet/year=2010/month=12/4a4bdc025cd5afb4-a47df1b500000003_920604256_data.0.parq fid=0x96a15c0
I0212 12:13:35.242628  6012 handle-cache.inline.h:33] hdfsOpenFile() file=hdfs://localhost:20500/test-warehouse/alltypes_parquet/year=2010/month=12/4a4bdc025cd5afb4-a47df1b500000003_920604256_data.0.parq fid=0xe92b370
