      [19] = TScanRangeParams {
        01: scan_range (struct) = TScanRange {
          01: hdfs_file_split (struct) = THdfsFileSplit {
            01: file_name (string) = "4a4bdc025cd5afb4-a47df1b500000003_148608857_data.0.parq",
            02: offset (i64) = 0,
            03: length (i64) = 7840,
            04: partition_id (i64) = 18,
            05: file_length (i64) = 7840,
            06: file_compression (i32) = 0,
            07: mtime (i64) = 1517835862259,
          },
        },
        02: volume_id (i32) = 0,
        03: is_cached (bool) = false,
        04: is_remote (bool) = false,
      },
      [20] = TScanRangeParams {
        01: scan_range (struct) = TScanRange {
          01: hdfs_file_split (struct) = THdfsFileSplit {
            01: file_name (string) = "4a4bdc025cd5afb4-a47df1b500000003_957141044_data.0.parq",
            02: offset (i64) = 0,
            03: length (i64) = 8039,
            04: partition_id (i64) = 21,
            05: file_length (i64) = 8039,
            06: file_compression (i32) = 0,
            07: mtime (i64) = 1517835862364,
          },
        },
        02: volume_id (i32) = 0,
        03: is_cached (bool) = false,
        04: is_remote (bool) = false,
      },
      [21] = TScanRangeParams {
        01: scan_range (struct) = TScanRange {
          01: hdfs_file_split (struct) = THdfsFileSplit {
            01: file_name (string) = "4a4bdc025cd5afb4-a47df1b500000005_907009086_data.0.parq",
            02: offset (i64) = 0,
            03: length (i64) = 7842,
            04: partition_id (i64) = 20,
            05: file_length (i64) = 7842,
            06: file_compression (i32) = 0,
            07: mtime (i64) = 1517835862336,
          },
        },
        02: volume_id (i32) = 1,
        03: is_cached (bool) = false,
        04: is_remote (bool) = false,
      },
      [22] = TScanRangeParams {
        01: scan_range (struct) = TScanRange {
          01: hdfs_file_split (struct) = THdfsFileSplit {
            01: file_name (string) = "4a4bdc025cd5afb4-a47df1b500000003_147791462_data.0.parq",
            02: offset (i64) = 0,
            03: length (i64) = 8035,
            04: partition_id (i64) = 23,
            05: file_length (i64) = 8035,
            06: file_compression (i32) = 0,
            07: mtime (i64) = 1517835862437,
          },
        },
        02: volume_id (i32) = 1,
        03: is_cached (bool) = false,
        04: is_remote (bool) = false,
      },
      [23] = TScanRangeParams {
        01: scan_range (struct) = TScanRange {
          01: hdfs_file_split (struct) = THdfsFileSplit {
            01: file_name (string) = "4a4bdc025cd5afb4-a47df1b500000003_593163250_data.0.parq",
            02: offset (i64) = 0,
            03: length (i64) = 8290,
            04: partition_id (i64) = 22,
            05: file_length (i64) = 8290,
            06: file_compression (i32) = 0,
            07: mtime (i64) = 1517835862396,
          },
        },
        02: volume_id (i32) = 2,
        03: is_cached (bool) = false,
        04: is_remote (bool) = false,
      },
    },
  },
  05: per_exch_num_senders (map) = map<i32,i32>[0] {
  },
  06: sender_id (i32) = 0,
  07: debug_options (struct) = TDebugOptions {
    01: node_id (i32) = 1,
    02: phase (i32) = 0,
    03: action (i32) = 1,
    04: action_param (string) = "",
  },
}
I0212 12:13:17.340592  6114 hdfs-scan-node.cc:161] Max row batch queue size for scan node '0' in fragment instance '144ac839d0f07def:a117b59000000001': 60
I0212 12:13:17.355487  6114 fragment-instance-state.cc:556] Hdfs split stats (<volume id>:<# splits>/<split lengths>) for query=144ac839d0f07def:a117b59000000000:
2:8/63.13 KB 0:10/78.85 KB 1:6/47.43 KB 
I0212 12:13:17.355659  6114 thread.cc:324] Started thread 6115 - DataStreamSender:SenderThread(1:1)
I0212 12:13:17.355686  6114 fragment-instance-state.cc:219] plan_root=
 conjuncts=[]
I0212 12:13:17.355768  6116 fragment-instance-state.cc:333] ReportProfileThread(): instance_id=144ac839d0f07def:a117b59000000001
I0212 12:13:17.355782  6114 thread.cc:324] Started thread 6116 - fragment-execution:profile-report (finst:144ac839d0f07def:a117b59000000001)
I0212 12:13:17.365208  6113 status.cc:58] Debug Action: FAIL
    @          0x1668698  impala::Status::Status()
    @          0x1b7f403  impala::ExecNode::ExecDebugActionImpl()
    @          0x1b80b6d  impala::ExecNode::ExecDebugAction()
    @          0x1b7b7e6  impala::ExecNode::Prepare()
    @          0x1b8674f  impala::ExchangeNode::Prepare()
    @          0x18c085c  impala::FragmentInstanceState::Prepare()
    @          0x18bf4b3  impala::FragmentInstanceState::Exec()
    @          0x18a8383  impala::QueryState::ExecFInstance()
    @          0x18a6c1c  _ZZN6impala10QueryState15StartFInstancesEvENKUlvE_clEv
    @          0x18a8f9d  _ZN5boost6detail8function26void_function_obj_invoker0IZN6impala10QueryState15StartFInstancesEvEUlvE_vE6invokeERNS1_15function_bufferE
    @          0x17f0c88  boost::function0<>::operator()()
    @          0x1aebd61  impala::Thread::SuperviseThread()
    @          0x1af4a76  boost::_bi::list4<>::operator()<>()
    @          0x1af49b9  boost::_bi::bind_t<>::operator()()
    @          0x1af497c  boost::detail::thread_data<>::run()
    @          0x2db16da  thread_proxy
    @     0x7f1f7777b184  start_thread
    @     0x7f1f774a7ffd  clone
I0212 12:13:17.365231  6113 fragment-instance-state.cc:370] Reporting final profile for instance 144ac839d0f07def:a117b59000000000
I0212 12:13:17.365293  6112 query-exec-mgr.cc:149] ReleaseQueryState(): query_id=144ac839d0f07def:a117b59000000000 refcnt=4
I0212 12:13:17.365319  6113 fragment-instance-state.cc:374] Fragment 144ac839d0f07def:a117b59000000000:(Total: 32.661ms, non-child: 0.000ns, % non-child: 0.00%)
  Fragment Instance Lifecycle Event Timeline: 32.668ms
ExecInternal Finished: 32.957ms (32.957ms)
AverageThreadTokens: 0.00 
BloomFilterBytes: 0
PeakMemoryUsage: 0
PeakReservation: 0
PeakUsedReservation: 0
TotalNetworkReceiveTime: 0.000ns
TotalNetworkSendTime: 0.000ns
TotalStorageWaitTime: 0.000ns
TotalThreadsInvoluntaryContextSwitches: 0 (0)
TotalThreadsTotalWallClockTime: 0.000ns
TotalThreadsSysTime: 0.000ns
TotalThreadsUserTime: 0.000ns
TotalThreadsVoluntaryContextSwitches: 0 (0)
  Fragment Instance Lifecycle Timings:
PrepareTime: 32.628ms
ExecTreePrepareTime: 32.570ms
I0212 12:13:17.365368  6113 client-cache.cc:46] GetClient(gaborkaszabdesktop:22000)
I0212 12:13:17.365375  6113 client-cache.cc:56] GetClient(): returning cached client for gaborkaszabdesktop:22000
I0212 12:13:17.365406  6102 impala-server.cc:991] UnregisterQuery(): query_id=144ac839d0f07def:a117b59000000000
I0212 12:13:17.365413  6102 impala-server.cc:1074] Cancel(): query_id=144ac839d0f07def:a117b59000000000
I0212 12:13:17.365418  6102 coordinator.cc:898] Cancel() query_id=144ac839d0f07def:a117b59000000000
I0212 12:13:17.365423  6102 coordinator-backend-state.cc:355] sending CancelQueryFInstances rpc for query_id=144ac839d0f07def:a117b59000000000 backend=gaborkaszabdesktop:22000
I0212 12:13:17.365427  6102 client-cache.cc:46] GetClient(gaborkaszabdesktop:22000)
I0212 12:13:17.365439  6102 client-cache.cc:112] CreateClient(): creating new client for gaborkaszabdesktop:22000
I0212 12:13:17.365490  6111 rpc-trace.cc:190] RPC call: ImpalaInternalService.ReportExecStatus(from ::ffff:127.0.0.1:55042)
I0212 12:13:17.365536  6111 impala-server.cc:1151] ReportExecStatus() coord_state_idx=0
I0212 12:13:17.365540  6111 coordinator.cc:920] UpdateBackendExecStatus()  backend_idx=0
I0212 12:13:17.365741  6079 thread.cc:324] Started thread 6117 - thrift-server:backend-1
I0212 12:13:17.365792  6117 rpc-trace.cc:190] RPC call: ImpalaInternalService.CancelQueryFInstances(from ::ffff:127.0.0.1:55044)
I0212 12:13:17.365798  6117 impala-internal-service.cc:63] CancelQueryFInstances(): query_id=144ac839d0f07def:a117b59000000000
I0212 12:13:17.365806  6117 query-exec-mgr.cc:92] QueryState: query_id=144ac839d0f07def:a117b59000000000 refcnt=4
I0212 12:13:17.365808  6117 query-state.cc:403] Cancel: query_id=144ac839d0f07def:a117b59000000000
I0212 12:13:17.365813  6117 data-stream-mgr.cc:279] cancelling all streams for fragment=144ac839d0f07def:a117b59000000001
I0212 12:13:17.365816  6117 data-stream-mgr.cc:279] cancelling all streams for fragment=144ac839d0f07def:a117b59000000000
I0212 12:13:17.365819  6117 query-exec-mgr.cc:149] ReleaseQueryState(): query_id=144ac839d0f07def:a117b59000000000 refcnt=4
I0212 12:13:17.365833  6117 rpc-trace.cc:200] RPC call: backend:ImpalaInternalService.CancelQueryFInstances from ::ffff:127.0.0.1:55044 took 0.000ns
I0212 12:13:17.365867  6102 client-cache.cc:148] Releasing client for gaborkaszabdesktop:22000 back to cache
I0212 12:13:17.365881  6102 coordinator.cc:908] CancelBackends() query_id=144ac839d0f07def:a117b59000000000, tried to cancel 1 backends
I0212 12:13:17.365885  6102 coordinator.cc:1092] Release admssion control resources for query 144ac839d0f07def:a117b59000000000
I0212 12:13:17.365900  6102 admission-controller.cc:316] Update admitted mem reserved for host=gaborkaszabdesktop:22000 prev=64.00 MB new=0
I0212 12:13:17.365911  6102 admission-controller.cc:620] Released query id=144ac839d0f07def:a117b59000000000 agg_num_running=0, agg_num_queued=0, agg_mem_reserved=0,  local_host(local_mem_admitted=0, num_admitted_running=0, num_queued=0, backend_mem_reserved=0)
I0212 12:13:17.365979  6111 rpc-trace.cc:200] RPC call: backend:ImpalaInternalService.ReportExecStatus from ::ffff:127.0.0.1:55042 took 0.000ns
I0212 12:13:17.365984  6113 client-cache.cc:148] Releasing client for gaborkaszabdesktop:22000 back to cache
I0212 12:13:17.366014  6113 query-state.cc:390] Instance completed. instance_id=144ac839d0f07def:a117b59000000000 #in-flight=1 status=INTERNAL_ERROR: Debug Action: FAIL
I0212 12:13:17.366017  6113 query-state.cc:403] Cancel: query_id=144ac839d0f07def:a117b59000000000
I0212 12:13:17.366021  6113 query-exec-mgr.cc:149] ReleaseQueryState(): query_id=144ac839d0f07def:a117b59000000000 refcnt=3
I0212 12:13:17.366610  6102 query-exec-mgr.cc:149] ReleaseQueryState(): query_id=144ac839d0f07def:a117b59000000000 refcnt=2
I0212 12:13:17.366709  6102 rpc-trace.cc:200] RPC call: beeswax:BeeswaxService.query from ::ffff:127.0.0.1:35760 took 4s756ms
I0212 12:13:17.366950  6102 impala-server.cc:1737] Connection from client ::ffff:127.0.0.1:35760 closed, closing 1 associated session(s)
I0212 12:13:17.374064  6006 disk-io-mgr.cc:811] Disk (id=0) reading for 
  RequestContext: 0xdc4b0c0 (state=Active status_=OK #ready_buffers=0 #used_buffers=0 #num_buffers_in_reader=0 #finished_scan_ranges=0 #disk_with_ranges=3 #disks=3
   0: is_on_queue=0 done=0 #num_remaining_scan_ranges=10 #in_flight_ranges=0 #unstarted_scan_ranges=10 #unstarted_write_ranges=0 #reading_threads=1
   1: is_on_queue=0 done=0 #num_remaining_scan_ranges=6 #in_flight_ranges=0 #unstarted_scan_ranges=6 #unstarted_write_ranges=0 #reading_threads=1
   2: is_on_queue=0 done=0 #num_remaining_scan_ranges=8 #in_flight_ranges=0 #unstarted_scan_ranges=8 #unstarted_write_ranges=0 #reading_threads=1
   3: is_on_queue=0 done=1 #num_remaining_scan_ranges=0 #in_flight_ranges=0 #unstarted_scan_ranges=0 #unstarted_write_ranges=0 #reading_threads=0
   4: is_on_queue=0 done=1 #num_remaining_scan_ranges=0 #in_flight_ranges=0 #unstarted_scan_ranges=0 #unstarted_write_ranges=0 #reading_threads=0
   5: is_on_queue=0 done=1 #num_remaining_scan_ranges=0 #in_flight_ranges=0 #unstarted_scan_ranges=0 #unstarted_write_ranges=0 #reading_threads=0)
I0212 12:13:17.374104  6014 disk-io-mgr.cc:811] Disk (id=1) reading for 
  RequestContext: 0xdc4b0c0 (state=Active status_=OK #ready_buffers=0 #used_buffers=0 #num_buffers_in_reader=0 #finished_scan_ranges=0 #disk_with_ranges=3 #disks=3
   0: is_on_queue=0 done=0 #num_remaining_scan_ranges=10 #in_flight_ranges=0 #unstarted_scan_ranges=9 #unstarted_write_ranges=0 #reading_threads=0
   1: is_on_queue=0 done=0 #num_remaining_scan_ranges=6 #in_flight_ranges=0 #unstarted_scan_ranges=6 #unstarted_write_ranges=0 #reading_threads=1
   2: is_on_queue=0 done=0 #num_remaining_scan_ranges=8 #in_flight_ranges=0 #unstarted_scan_ranges=8 #unstarted_write_ranges=0 #reading_threads=1
   3: is_on_queue=0 done=1 #num_remaining_scan_ranges=0 #in_flight_ranges=0 #unstarted_scan_ranges=0 #unstarted_write_ranges=0 #reading_threads=0
   4: is_on_queue=0 done=1 #num_remaining_scan_ranges=0 #in_flight_ranges=0 #unstarted_scan_ranges=0 #unstarted_write_ranges=0 #reading_threads=0
   5: is_on_queue=0 done=1 #num_remaining_scan_ranges=0 #in_flight_ranges=0 #unstarted_scan_ranges=0 #unstarted_write_ranges=0 #reading_threads=0)
I0212 12:13:17.374143  6114 thread.cc:324] Started thread 6118 - fragment-execution:scanner-thread (finst:144ac839d0f07def:a117b59000000001, plan-node-id:0, thread-idx:0)
I0212 12:13:17.374166  6015 disk-io-mgr.cc:811] Disk (id=2) reading for 
  RequestContext: 0xdc4b0c0 (state=Active status_=OK #ready_buffers=0 #used_buffers=0 #num_buffers_in_reader=0 #finished_scan_ranges=0 #disk_with_ranges=3 #disks=3
   0: is_on_queue=0 done=0 #num_remaining_scan_ranges=10 #in_flight_ranges=0 #unstarted_scan_ranges=9 #unstarted_write_ranges=0 #reading_threads=0
   1: is_on_queue=0 done=0 #num_remaining_scan_ranges=6 #in_flight_ranges=0 #unstarted_scan_ranges=5 #unstarted_write_ranges=0 #reading_threads=0
   2: is_on_queue=0 done=0 #num_remaining_scan_ranges=8 #in_flight_ranges=0 #unstarted_scan_ranges=8 #unstarted_write_ranges=0 #reading_threads=1
   3: is_on_queue=0 done=1 #num_remaining_scan_ranges=0 #in_flight_ranges=0 #unstarted_scan_ranges=0 #unstarted_write_ranges=0 #reading_threads=0
   4: is_on_queue=0 done=1 #num_remaining_scan_ranges=0 #in_flight_ranges=0 #unstarted_scan_ranges=0 #unstarted_write_ranges=0 #reading_threads=0
   5: is_on_queue=0 done=1 #num_remaining_scan_ranges=0 #in_flight_ranges=0 #unstarted_scan_ranges=0 #unstarted_write_ranges=0 #reading_threads=0)
I0212 12:13:17.374306  6114 thread.cc:324] Started thread 6119 - fragment-execution:scanner-thread (finst:144ac839d0f07def:a117b59000000001, plan-node-id:0, thread-idx:1)
I0212 12:13:17.374446  6114 thread.cc:324] Started thread 6120 - fragment-execution:scanner-thread (finst:144ac839d0f07def:a117b59000000001, plan-node-id:0, thread-idx:2)
I0212 12:13:17.374609  6114 thread.cc:324] Started thread 6121 - fragment-execution:scanner-thread (finst:144ac839d0f07def:a117b59000000001, plan-node-id:0, thread-idx:3)
I0212 12:13:17.374722  6116 fragment-instance-state.cc:362] exiting reporting thread: instance_id=144ac839d0f07def:a117b59000000001
I0212 12:13:17.374783  6007 disk-io-mgr.cc:811] Disk (id=0) reading for 
  RequestContext: 0xdc4b0c0 (state=Active status_=OK #ready_buffers=0 #used_buffers=0 #num_buffers_in_reader=0 #finished_scan_ranges=0 #disk_with_ranges=3 #disks=3
   0: is_on_queue=0 done=0 #num_remaining_scan_ranges=10 #in_flight_ranges=1 #unstarted_scan_ranges=9 #unstarted_write_ranges=0 #reading_threads=1
   1: is_on_queue=0 done=0 #num_remaining_scan_ranges=6 #in_flight_ranges=1 #unstarted_scan_ranges=5 #unstarted_write_ranges=0 #reading_threads=1
   2: is_on_queue=0 done=0 #num_remaining_scan_ranges=8 #in_flight_ranges=0 #unstarted_scan_ranges=7 #unstarted_write_ranges=0 #reading_threads=0
   3: is_on_queue=0 done=1 #num_remaining_scan_ranges=0 #in_flight_ranges=0 #unstarted_scan_ranges=0 #unstarted_write_ranges=0 #reading_threads=0
   4: is_on_queue=0 done=1 #num_remaining_scan_ranges=0 #in_flight_ranges=0 #unstarted_scan_ranges=0 #unstarted_write_ranges=0 #reading_threads=0
   5: is_on_queue=0 done=1 #num_remaining_scan_ranges=0 #in_flight_ranges=0 #unstarted_scan_ranges=0 #unstarted_write_ranges=0 #reading_threads=0)
I0212 12:13:17.374811  6014 disk-io-mgr.cc:811] Disk (id=1) reading for 
  RequestContext: 0xdc4b0c0 (state=Active status_=OK #ready_buffers=0 #used_buffers=0 #num_buffers_in_reader=0 #finished_scan_ranges=0 #disk_with_ranges=3 #disks=3
   0: is_on_queue=1 done=0 #num_remaining_scan_ranges=10 #in_flight_ranges=0 #unstarted_scan_ranges=8 #unstarted_write_ranges=0 #reading_threads=1
   1: is_on_queue=0 done=0 #num_remaining_scan_ranges=6 #in_flight_ranges=1 #unstarted_scan_ranges=5 #unstarted_write_ranges=0 #reading_threads=1
   2: is_on_queue=0 done=0 #num_remaining_scan_ranges=8 #in_flight_ranges=0 #unstarted_scan_ranges=7 #unstarted_write_ranges=0 #reading_threads=0
   3: is_on_queue=0 done=1 #num_remaining_scan_ranges=0 #in_flight_ranges=0 #unstarted_scan_ranges=0 #unstarted_write_ranges=0 #reading_threads=0
   4: is_on_queue=0 done=1 #num_remaining_scan_ranges=0 #in_flight_ranges=0 #unstarted_scan_ranges=0 #unstarted_write_ranges=0 #reading_threads=0
   5: is_on_queue=0 done=1 #num_remaining_scan_ranges=0 #in_flight_ranges=0 #unstarted_scan_ranges=0 #unstarted_write_ranges=0 #reading_threads=0)
I0212 12:13:17.374815  6120 progress-updater.cc:65] Splits complete (node=24): 4% Complete (1 out of 24)
I0212 12:13:17.374826  6119 progress-updater.cc:65] Splits complete (node=24): 8% Complete (2 out of 24)
I0212 12:13:17.374826  6114 fragment-instance-state.cc:370] Reporting final profile for instance 144ac839d0f07def:a117b59000000001
I0212 12:13:17.374833  6120 hdfs-scan-node.cc:527] Error preparing scanner for scan range hdfs://localhost:20500/test-warehouse/alltypes_parquet/year=2009/month=4/4a4bdc025cd5afb4-a47df1b500000005_607033613_data.0.parq(0:7842).
I0212 12:13:17.374836  6014 disk-io-mgr.cc:811] Disk (id=1) reading for 
  RequestContext: 0xdc4b0c0 (state=Active status_=OK #ready_buffers=0 #used_buffers=1 #num_buffers_in_reader=0 #finished_scan_ranges=0 #disk_with_ranges=3 #disks=3
   0: is_on_queue=0 done=0 #num_remaining_scan_ranges=10 #in_flight_ranges=0 #unstarted_scan_ranges=8 #unstarted_write_ranges=0 #reading_threads=2
   1: is_on_queue=0 done=0 #num_remaining_scan_ranges=5 #in_flight_ranges=0 #unstarted_scan_ranges=4 #unstarted_write_ranges=0 #reading_threads=1
   2: is_on_queue=0 done=0 #num_remaining_scan_ranges=8 #in_flight_ranges=0 #unstarted_scan_ranges=7 #unstarted_write_ranges=0 #reading_threads=0
   3: is_on_queue=0 done=1 #num_remaining_scan_ranges=0 #in_flight_ranges=0 #unstarted_scan_ranges=0 #unstarted_write_ranges=0 #reading_threads=0
   4: is_on_queue=0 done=1 #num_remaining_scan_ranges=0 #in_flight_ranges=0 #unstarted_scan_ranges=0 #unstarted_write_ranges=0 #reading_threads=0
   5: is_on_queue=0 done=1 #num_remaining_scan_ranges=0 #in_flight_ranges=0 #unstarted_scan_ranges=0 #unstarted_write_ranges=0 #reading_threads=0)
I0212 12:13:17.374840  6119 hdfs-scan-node.cc:527] Error preparing scanner for scan range hdfs://localhost:20500/test-warehouse/alltypes_parquet/year=2010/month=9/4a4bdc025cd5afb4-a47df1b500000003_147791462_data.0.parq(0:8035).
I0212 12:13:17.374879  6008 disk-io-mgr.cc:811] Disk (id=0) reading for 
  RequestContext: 0xdc4b0c0 (state=Active status_=OK #ready_buffers=0 #used_buffers=0 #num_buffers_in_reader=0 #finished_scan_ranges=0 #disk_with_ranges=3 #disks=3
   0: is_on_queue=0 done=0 #num_remaining_scan_ranges=9 #in_flight_ranges=0 #unstarted_scan_ranges=8 #unstarted_write_ranges=0 #reading_threads=1
   1: is_on_queue=0 done=0 #num_remaining_scan_ranges=5 #in_flight_ranges=0 #unstarted_scan_ranges=4 #unstarted_write_ranges=0 #reading_threads=0
   2: is_on_queue=0 done=0 #num_remaining_scan_ranges=8 #in_flight_ranges=1 #unstarted_scan_ranges=7 #unstarted_write_ranges=0 #reading_threads=1
   3: is_on_queue=0 done=1 #num_remaining_scan_ranges=0 #in_flight_ranges=0 #unstarted_scan_ranges=0 #unstarted_write_ranges=0 #reading_threads=0
   4: is_on_queue=0 done=1 #num_remaining_scan_ranges=0 #in_flight_ranges=0 #unstarted_scan_ranges=0 #unstarted_write_ranges=0 #reading_threads=0
   5: is_on_queue=0 done=1 #num_remaining_scan_ranges=0 #in_flight_ranges=0 #unstarted_scan_ranges=0 #unstarted_write_ranges=0 #reading_threads=0)
I0212 12:13:17.374896  6121 progress-updater.cc:65] Splits complete (node=24): 12% Complete (3 out of 24)
I0212 12:13:17.374919  6014 disk-io-mgr.cc:811] Disk (id=1) reading for 
  RequestContext: 0xdc4b0c0 (state=Cancelled status_=Cancelled
 #ready_buffers=0 #used_buffers=0 #num_buffers_in_reader=0 #finished_scan_ranges=0 #disk_with_ranges=3 #disks=3
   0: is_on_queue=1 done=0 #num_remaining_scan_ranges=9 #in_flight_ranges=0 #unstarted_scan_ranges=0 #unstarted_write_ranges=0 #reading_threads=0
   1: is_on_queue=0 done=0 #num_remaining_scan_ranges=5 #in_flight_ranges=0 #unstarted_scan_ranges=0 #unstarted_write_ranges=0 #reading_threads=1
   2: is_on_queue=1 done=0 #num_remaining_scan_ranges=8 #in_flight_ranges=0 #unstarted_scan_ranges=0 #unstarted_write_ranges=0 #reading_threads=1
   3: is_on_queue=0 done=1 #num_remaining_scan_ranges=0 #in_flight_ranges=0 #unstarted_scan_ranges=0 #unstarted_write_ranges=0 #reading_threads=0
   4: is_on_queue=0 done=1 #num_remaining_scan_ranges=0 #in_flight_ranges=0 #unstarted_scan_ranges=0 #unstarted_write_ranges=0 #reading_threads=0
   5: is_on_queue=0 done=1 #num_remaining_scan_ranges=0 #in_flight_ranges=0 #unstarted_scan_ranges=0 #unstarted_write_ranges=0 #reading_threads=0)
I0212 12:13:17.374908  6121 hdfs-scan-node.cc:527] Error preparing scanner for scan range hdfs://localhost:20500/test-warehouse/alltypes_parquet/year=2010/month=3/4a4bdc025cd5afb4-a47df1b500000004_387075872_data.0.parq(0:8203).
I0212 12:13:17.374970  6009 disk-io-mgr.cc:811] Disk (id=0) reading for 
  RequestContext: 0xdc4b0c0 (state=Cancelled status_=Cancelled
 #ready_buffers=0 #used_buffers=0 #num_buffers_in_reader=0 #finished_scan_ranges=0 #disk_with_ranges=2 #disks=2
   0: is_on_queue=0 done=0 #num_remaining_scan_ranges=9 #in_flight_ranges=0 #unstarted_scan_ranges=0 #unstarted_write_ranges=0 #reading_threads=1
   1: is_on_queue=0 done=1 #num_remaining_scan_ranges=5 #in_flight_ranges=0 #unstarted_scan_ranges=0 #unstarted_write_ranges=0 #reading_threads=0
   2: is_on_queue=1 done=0 #num_remaining_scan_ranges=8 #in_flight_ranges=0 #unstarted_scan_ranges=0 #unstarted_write_ranges=0 #reading_threads=1
   3: is_on_queue=0 done=1 #num_remaining_scan_ranges=0 #in_flight_ranges=0 #unstarted_scan_ranges=0 #unstarted_write_ranges=0 #reading_threads=0
   4: is_on_queue=0 done=1 #num_remaining_scan_ranges=0 #in_flight_ranges=0 #unstarted_scan_ranges=0 #unstarted_write_ranges=0 #reading_threads=0
   5: is_on_queue=0 done=1 #num_remaining_scan_ranges=0 #in_flight_ranges=0 #unstarted_scan_ranges=0 #unstarted_write_ranges=0 #reading_threads=0)
I0212 12:13:17.375000  6015 disk-io-mgr.cc:811] Disk (id=2) reading for 
  RequestContext: 0xdc4b0c0 (state=Cancelled status_=Cancelled
 #ready_buffers=0 #used_buffers=0 #num_buffers_in_reader=0 #finished_scan_ranges=0 #disk_with_ranges=1 #disks=1
   0: is_on_queue=0 done=1 #num_remaining_scan_ranges=9 #in_flight_ranges=0 #unstarted_scan_ranges=0 #unstarted_write_ranges=0 #reading_threads=0
   1: is_on_queue=0 done=1 #num_remaining_scan_ranges=5 #in_flight_ranges=0 #unstarted_scan_ranges=0 #unstarted_write_ranges=0 #reading_threads=0
   2: is_on_queue=1 done=0 #num_remaining_scan_ranges=8 #in_flight_ranges=0 #unstarted_scan_ranges=0 #unstarted_write_ranges=0 #reading_threads=1
   3: is_on_queue=0 done=1 #num_remaining_scan_ranges=0 #in_flight_ranges=0 #unstarted_scan_ranges=0 #unstarted_write_ranges=0 #reading_threads=0
   4: is_on_queue=0 done=1 #num_remaining_scan_ranges=0 #in_flight_ranges=0 #unstarted_scan_ranges=0 #unstarted_write_ranges=0 #reading_threads=0
   5: is_on_queue=0 done=1 #num_remaining_scan_ranges=0 #in_flight_ranges=0 #unstarted_scan_ranges=0 #unstarted_write_ranges=0 #reading_threads=0)
I0212 12:13:17.375027  6015 disk-io-mgr.cc:811] Disk (id=2) reading for 
  RequestContext: 0xdc4b0c0 (state=Cancelled status_=Cancelled
 #ready_buffers=0 #used_buffers=0 #num_buffers_in_reader=0 #finished_scan_ranges=0 #disk_with_ranges=1 #disks=1
   0: is_on_queue=0 done=1 #num_remaining_scan_ranges=9 #in_flight_ranges=0 #unstarted_scan_ranges=0 #unstarted_write_ranges=0 #reading_threads=0
   1: is_on_queue=0 done=1 #num_remaining_scan_ranges=5 #in_flight_ranges=0 #unstarted_scan_ranges=0 #unstarted_write_ranges=0 #reading_threads=0
   2: is_on_queue=0 done=0 #num_remaining_scan_ranges=8 #in_flight_ranges=0 #unstarted_scan_ranges=0 #unstarted_write_ranges=0 #reading_threads=1
   3: is_on_queue=0 done=1 #num_remaining_scan_ranges=0 #in_flight_ranges=0 #unstarted_scan_ranges=0 #unstarted_write_ranges=0 #reading_threads=0
   4: is_on_queue=0 done=1 #num_remaining_scan_ranges=0 #in_flight_ranges=0 #unstarted_scan_ranges=0 #unstarted_write_ranges=0 #reading_threads=0
   5: is_on_queue=0 done=1 #num_remaining_scan_ranges=0 #in_flight_ranges=0 #unstarted_scan_ranges=0 #unstarted_write_ranges=0 #reading_threads=0)
I0212 12:13:17.375105  6114 fragment-instance-state.cc:374] Fragment 144ac839d0f07def:a117b59000000001:(Total: 34.183ms, non-child: 0.000ns, % non-child: 0.00%)
  Hdfs split stats (<volume id>:<# splits>/<split lengths>): 2:8/63.13 KB 0:10/78.85 KB 1:6/47.43 KB 
  Fragment Instance Lifecycle Event Timeline: 34.323ms
Prepare Finished: 23.586ms (23.586ms)
ExecInternal Finished: 42.414ms (18.827ms)
AverageThreadTokens: 0.00 
BloomFilterBytes: 0
PeakMemoryUsage: 141.83 KB (145231)
PeakReservation: 0
PeakUsedReservation: 0
PerHostPeakMemUsage: 0
RowsProduced: 0 (0)
TotalNetworkReceiveTime: 0.000ns
TotalNetworkSendTime: 0.000ns
TotalStorageWaitTime: 0.000ns
TotalThreadsInvoluntaryContextSwitches: 1 (1)
TotalThreadsTotalWallClockTime: 18.825ms
TotalThreadsSysTime: 0.000ns
TotalThreadsUserTime: 20.000ms
TotalThreadsVoluntaryContextSwitches: 5 (5)
  Fragment Instance Lifecycle Timings:
ExecTime: 794.414us
ExecTreeExecTime: 789.293us
OpenTime: 18.035ms
ExecTreeOpenTime: 111.914us
PrepareTime: 15.305ms
ExecTreePrepareTime: 14.858ms
  DataStreamSender (dst_id=1):(Total: 143.084us, non-child: 0.000ns, % non-child: 0.00%)
BytesSent: 0
NetworkThroughput(*): 0.00 /sec
OverallThroughput: 0.00 /sec
PeakMemoryUsage: 1.42 KB (1456)
RowsReturned: 0 (0)
SerializeBatchTime: 0.000ns
TransmitDataRPCTime: 0.000ns
UncompressedRowBatchSize: 0
  HDFS_SCAN_NODE (id=0):(Total: 30.639ms, non-child: 0.000ns, % non-child: 0.00%)
    Hdfs split stats (<volume id>:<# splits>/<split lengths>): 2:8/63.13 KB 0:10/78.85 KB 1:6/47.43 KB 
    ExecOption: PARQUET Codegen Enabled, Codegen enabled: 0 out of 0
    Hdfs Read Thread Concurrency Bucket: 0:0% 1:0% 2:0% 3:0% 4:0% 5:0% 6:0% 
FooterProcessingTime: (Avg: 2.629us ; Min: 1.626us ; Max: 3.718us ; Number of samples: 3)
AverageHdfsReadThreadConcurrency: 0.00 
AverageScannerThreadConcurrency: 0.00 
BytesRead: 0
BytesReadDataNodeCache: 0
BytesReadLocal: 0
BytesReadRemoteUnexpected: 0
BytesReadShortCircuit: 0
CachedFileHandlesHitCount: 0 (0)
CachedFileHandlesMissCount: 0 (0)
CollectionItemsRead: 0 (0)
DecompressionTime: 0.000ns
MaxCompressedTextFileLength: 0
NumColumns: 0 (0)
NumDictFilteredRowGroups: 0 (0)
NumDisksAccessed: 0 (0)
NumRowGroups: 0 (0)
NumScannerThreadsStarted: 4 (4)
NumScannersWithNoReads: 0 (0)
NumStatsFilteredRowGroups: 0 (0)
PeakMemoryUsage: 132.00 KB (135168)
PerReadThreadRawHdfsThroughput: 0.00 /sec
RemoteScanRanges: 0 (0)
RowBatchQueueGetWaitTime: 0.000ns
RowBatchQueuePutWaitTime: 0.000ns
RowsRead: 0 (0)
RowsReturned: 0 (0)
RowsReturnedRate: 0
ScanRangesComplete: 3 (3)
ScannerThreadsInvoluntaryContextSwitches: 2 (2)
ScannerThreadsTotalWallClockTime: 2.377ms
MaterializeTupleTime(*): 201.000ns
ScannerThreadsSysTime: 0.000ns
ScannerThreadsUserTime: 0.000ns
ScannerThreadsVoluntaryContextSwitches: 14 (14)
TotalRawHdfsReadTime(*): 0.000ns
TotalReadThroughput: 0.00 /sec
  CodeGen:(Total: 17.523ms, non-child: 0.000ns, % non-child: 0.00%)
CodegenTime: 471.556us
CompileTime: 1.636ms
LoadTime: 0.000ns
ModuleBitcodeSize: 1.94 MB (2037140)
NumFunctions: 7 (7)
NumInstructions: 105 (105)
OptimizationTime: 6.238ms
PeakMemoryUsage: 52.50 KB (53760)
PrepareTime: 9.259ms
I0212 12:13:17.375232  6114 client-cache.cc:46] GetClient(gaborkaszabdesktop:22000)
I0212 12:13:17.375238  6114 client-cache.cc:56] GetClient(): returning cached client for gaborkaszabdesktop:22000
I0212 12:13:17.375329  6117 rpc-trace.cc:190] RPC call: ImpalaInternalService.ReportExecStatus(from ::ffff:127.0.0.1:55044)
I0212 12:13:17.375488  6117 impala-server.cc:1151] ReportExecStatus() coord_state_idx=0
I0212 12:13:17.375495  6117 impala-server.cc:1163] ReportExecStatus(): Received report for unknown query ID (probably closed or cancelled): 144ac839d0f07def:a117b59000000000
I0212 12:13:17.375511  6117 rpc-trace.cc:200] RPC call: backend:ImpalaInternalService.ReportExecStatus from ::ffff:127.0.0.1:55044 took 1.000ms
I0212 12:13:17.375546  6114 client-cache.cc:148] Releasing client for gaborkaszabdesktop:22000 back to cache
I0212 12:13:17.375553  6114 query-state.cc:403] Cancel: query_id=144ac839d0f07def:a117b59000000000
I0212 12:13:17.375694  6114 query-state.cc:390] Instance completed. instance_id=144ac839d0f07def:a117b59000000001 #in-flight=0 status=CANCELLED: Cancelled
I0212 12:13:17.375699  6114 query-state.cc:403] Cancel: query_id=144ac839d0f07def:a117b59000000000
I0212 12:13:17.375716  6114 query-exec-mgr.cc:149] ReleaseQueryState(): query_id=144ac839d0f07def:a117b59000000000 refcnt=1
I0212 12:13:17.619434  6074 rpc-trace.cc:190] RPC call: StatestoreSubscriber.Heartbeat(from ::ffff:127.0.0.1:51470)
I0212 12:13:17.619540  6074 rpc-trace.cc:200] RPC call: statestore-subscriber:StatestoreSubscriber.Heartbeat from ::ffff:127.0.0.1:51470 took 0.000ns
I0212 12:13:18.619998  6074 rpc-trace.cc:190] RPC call: StatestoreSubscriber.Heartbeat(from ::ffff:127.0.0.1:51470)
I0212 12:13:18.620110  6074 rpc-trace.cc:200] RPC call: statestore-subscriber:StatestoreSubscriber.Heartbeat from ::ffff:127.0.0.1:51470 took 0.000ns
I0212 12:13:19.188449  6075 rpc-trace.cc:190] RPC call: StatestoreSubscriber.UpdateState(from ::ffff:127.0.0.1:51472)
I0212 12:13:19.188710  6075 impala-server.cc:1352] Catalog topic update applied with version: 1132 new min catalog object version: 2
I0212 12:13:19.196962  6075 admission-controller.cc:806] Sending topic update agg_num_running=0, agg_num_queued=0, agg_mem_reserved=0,  local_host(local_mem_admitted=0, num_admitted_running=0, num_queued=0, backend_mem_reserved=0)
I0212 12:13:19.196997  6075 admission-controller.cc:642] Full impala-request-queue stats update
I0212 12:13:19.197144  6075 rpc-trace.cc:200] RPC call: statestore-subscriber:StatestoreSubscriber.UpdateState from ::ffff:127.0.0.1:51472 took 8.000ms
I0212 12:13:19.620494  6074 rpc-trace.cc:190] RPC call: StatestoreSubscriber.Heartbeat(from ::ffff:127.0.0.1:51470)
I0212 12:13:19.620607  6074 rpc-trace.cc:200] RPC call: statestore-subscriber:StatestoreSubscriber.Heartbeat from ::ffff:127.0.0.1:51470 took 0.000ns
I0212 12:13:20.621048  6074 rpc-trace.cc:190] RPC call: StatestoreSubscriber.Heartbeat(from ::ffff:127.0.0.1:51470)
I0212 12:13:20.621165  6074 rpc-trace.cc:200] RPC call: statestore-subscriber:StatestoreSubscriber.Heartbeat from ::ffff:127.0.0.1:51470 took 0.000ns
I0212 12:13:21.197916  6075 rpc-trace.cc:190] RPC call: StatestoreSubscriber.UpdateState(from ::ffff:127.0.0.1:51472)
I0212 12:13:21.198170  6075 impala-server.cc:1352] Catalog topic update applied with version: 1132 new min catalog object version: 2
I0212 12:13:21.206225  6075 admission-controller.cc:642] Full impala-request-queue stats update
I0212 12:13:21.206411  6075 rpc-trace.cc:200] RPC call: statestore-subscriber:StatestoreSubscriber.UpdateState from ::ffff:127.0.0.1:51472 took 8.000ms
I0212 12:13:21.621654  6074 rpc-trace.cc:190] RPC call: StatestoreSubscriber.Heartbeat(from ::ffff:127.0.0.1:51470)
I0212 12:13:21.621758  6074 rpc-trace.cc:200] RPC call: statestore-subscriber:StatestoreSubscriber.Heartbeat from ::ffff:127.0.0.1:51470 took 0.000ns
I0212 12:13:22.622395  6074 rpc-trace.cc:190] RPC call: StatestoreSubscriber.Heartbeat(from ::ffff:127.0.0.1:51470)
I0212 12:13:22.622514  6074 rpc-trace.cc:200] RPC call: statestore-subscriber:StatestoreSubscriber.Heartbeat from ::ffff:127.0.0.1:51470 took 1.000ms
I0212 12:13:23.207026  6075 rpc-trace.cc:190] RPC call: StatestoreSubscriber.UpdateState(from ::ffff:127.0.0.1:51472)
I0212 12:13:23.207305  6075 impala-server.cc:1352] Catalog topic update applied with version: 1132 new min catalog object version: 2
I0212 12:13:23.215975  6075 rpc-trace.cc:200] RPC call: statestore-subscriber:StatestoreSubscriber.UpdateState from ::ffff:127.0.0.1:51472 took 9.000ms
I0212 12:13:23.622988  6074 rpc-trace.cc:190] RPC call: StatestoreSubscriber.Heartbeat(from ::ffff:127.0.0.1:51470)
I0212 12:13:23.623102  6074 rpc-trace.cc:200] RPC call: statestore-subscriber:StatestoreSubscriber.Heartbeat from ::ffff:127.0.0.1:51470 took 0.000ns
I0212 12:13:24.623688  6074 rpc-trace.cc:190] RPC call: StatestoreSubscriber.Heartbeat(from ::ffff:127.0.0.1:51470)
I0212 12:13:24.623808  6074 rpc-trace.cc:200] RPC call: statestore-subscriber:StatestoreSubscriber.Heartbeat from ::ffff:127.0.0.1:51470 took 0.000ns
I0212 12:13:25.216552  6075 rpc-trace.cc:190] RPC call: StatestoreSubscriber.UpdateState(from ::ffff:127.0.0.1:51472)
I0212 12:13:25.216815  6075 impala-server.cc:1352] Catalog topic update applied with version: 1132 new min catalog object version: 2
I0212 12:13:25.224448  6075 rpc-trace.cc:200] RPC call: statestore-subscriber:StatestoreSubscriber.UpdateState from ::ffff:127.0.0.1:51472 took 8.000ms
I0212 12:13:25.623399  6074 rpc-trace.cc:190] RPC call: StatestoreSubscriber.Heartbeat(from ::ffff:127.0.0.1:51470)
I0212 12:13:25.623549  6074 rpc-trace.cc:200] RPC call: statestore-subscriber:StatestoreSubscriber.Heartbeat from ::ffff:127.0.0.1:51470 took 1.000ms
I0212 12:13:26.624120  6074 rpc-trace.cc:190] RPC call: StatestoreSubscriber.Heartbeat(from ::ffff:127.0.0.1:51470)
I0212 12:13:26.624229  6074 rpc-trace.cc:200] RPC call: statestore-subscriber:StatestoreSubscriber.Heartbeat from ::ffff:127.0.0.1:51470 took 0.000ns
I0212 12:13:27.225000  6075 rpc-trace.cc:190] RPC call: StatestoreSubscriber.UpdateState(from ::ffff:127.0.0.1:51472)
I0212 12:13:27.225265  6075 impala-server.cc:1352] Catalog topic update applied with version: 1132 new min catalog object version: 2
I0212 12:13:27.233328  6075 rpc-trace.cc:200] RPC call: statestore-subscriber:StatestoreSubscriber.UpdateState from ::ffff:127.0.0.1:51472 took 8.000ms
I0212 12:13:27.624794  6074 rpc-trace.cc:190] RPC call: StatestoreSubscriber.Heartbeat(from ::ffff:127.0.0.1:51470)
I0212 12:13:27.624910  6074 rpc-trace.cc:200] RPC call: statestore-subscriber:StatestoreSubscriber.Heartbeat from ::ffff:127.0.0.1:51470 took 0.000ns
I0212 12:13:28.624414  6074 rpc-trace.cc:190] RPC call: StatestoreSubscriber.Heartbeat(from ::ffff:127.0.0.1:51470)
I0212 12:13:28.624528  6074 rpc-trace.cc:200] RPC call: statestore-subscriber:StatestoreSubscriber.Heartbeat from ::ffff:127.0.0.1:51470 took 1.000ms
I0212 12:13:29.233959  6075 rpc-trace.cc:190] RPC call: StatestoreSubscriber.UpdateState(from ::ffff:127.0.0.1:51472)
I0212 12:13:29.234210  6075 impala-server.cc:1352] Catalog topic update applied with version: 1132 new min catalog object version: 2
I0212 12:13:29.241443  6075 rpc-trace.cc:200] RPC call: statestore-subscriber:StatestoreSubscriber.UpdateState from ::ffff:127.0.0.1:51472 took 8.000ms
I0212 12:13:29.625077  6074 rpc-trace.cc:190] RPC call: StatestoreSubscriber.Heartbeat(from ::ffff:127.0.0.1:51470)
I0212 12:13:29.625186  6074 rpc-trace.cc:200] RPC call: statestore-subscriber:StatestoreSubscriber.Heartbeat from ::ffff:127.0.0.1:51470 took 0.000ns
I0212 12:13:30.625711  6074 rpc-trace.cc:190] RPC call: StatestoreSubscriber.Heartbeat(from ::ffff:127.0.0.1:51470)
I0212 12:13:30.625823  6074 rpc-trace.cc:200] RPC call: statestore-subscriber:StatestoreSubscriber.Heartbeat from ::ffff:127.0.0.1:51470 took 0.000ns
I0212 12:13:31.241966  6075 rpc-trace.cc:190] RPC call: StatestoreSubscriber.UpdateState(from ::ffff:127.0.0.1:51472)
I0212 12:13:31.242231  6075 impala-server.cc:1352] Catalog topic update applied with version: 1132 new min catalog object version: 2
I0212 12:13:31.248832  6075 rpc-trace.cc:200] RPC call: statestore-subscriber:StatestoreSubscriber.UpdateState from ::ffff:127.0.0.1:51472 took 7.000ms
I0212 12:13:31.349051  6083 thread.cc:324] Started thread 6147 - thrift-server:beeswax-frontend-2
I0212 12:13:31.349083  6147 rpc-trace.cc:190] RPC call: ImpalaService.PingImpalaService(from ::ffff:127.0.0.1:35776)
I0212 12:13:31.349092  6147 impala-beeswax-server.cc:409] PingImpalaService()
I0212 12:13:31.349115  6147 impala-beeswax-server.cc:412] PingImpalaService(): return_val=TPingImpalaServiceResp {
  01: version (string) = "impalad version 3.0.0-SNAPSHOT DEBUG (build c856b30e36e7bdf5160e7a71b8e84a82d8258934)",
  02: webserver_address (string) = "http://gaborkaszabdesktop:25000",
}
I0212 12:13:31.349130  6147 rpc-trace.cc:200] RPC call: beeswax:ImpalaService.PingImpalaService from ::ffff:127.0.0.1:35776 took 0.000ns
I0212 12:13:31.349272  6147 rpc-trace.cc:190] RPC call: BeeswaxService.get_default_configuration(from ::ffff:127.0.0.1:35776)
I0212 12:13:31.349323  6147 rpc-trace.cc:200] RPC call: beeswax:BeeswaxService.get_default_configuration from ::ffff:127.0.0.1:35776 took 0.000ns
I0212 12:13:31.350666  6147 rpc-trace.cc:190] RPC call: BeeswaxService.query(from ::ffff:127.0.0.1:35776)
I0212 12:13:31.350675  6147 impala-beeswax-server.cc:52] query(): query=select * from functional_parquet.alltypes
I0212 12:13:31.350692  6147 impala-beeswax-server.cc:426] query: Query {
  01: query (string) = "select * from functional_parquet.alltypes",
  03: configuration (list) = list<string>[1] {
    [0] = "DEBUG_ACTION=1:PREPARE:FAIL",
  },
  04: hadoop_user (string) = "gaborkaszab",
}
I0212 12:13:31.350790  6147 impala-server.cc:820] Parsed pool options:  override_options_mask=1111111111111111111111111111111111111111111111111111011111111111 set_pool_mask=0000000000000000000000000000000000000000000000000000000000000000 overlay_mask=0000000000000000000000000000000000000000000000000000000000000000
I0212 12:13:31.350821  6147 impala-beeswax-server.cc:459] TClientRequest.queryOptions: TQueryOptions {
  01: abort_on_error (bool) = false,
  02: max_errors (i32) = 100,
  03: disable_codegen (bool) = false,
  04: batch_size (i32) = 0,
  05: num_nodes (i32) = 0,
  06: max_scan_range_length (i64) = 0,
  07: num_scanner_threads (i32) = 0,
  09: allow_unsupported_formats (bool) = false,
  11: debug_action (string) = "1:PREPARE:FAIL",
  12: mem_limit (i64) = 0,
  15: hbase_caching (i32) = 0,
  16: hbase_cache_blocks (bool) = false,
  17: parquet_file_size (i64) = 0,
  18: explain_level (i32) = 1,
  19: sync_ddl (bool) = false,
  24: disable_outermost_topn (bool) = false,
  26: query_timeout_s (i32) = 0,
  28: appx_count_distinct (bool) = false,
  29: disable_unsafe_spills (bool) = false,
  31: exec_single_node_rows_threshold (i32) = 100,
  32: optimize_partition_key_scans (bool) = false,
  33: replica_preference (i32) = 0,
  34: schedule_random_replica (bool) = false,
  36: disable_streaming_preaggregations (bool) = false,
  37: runtime_filter_mode (i32) = 2,
  38: runtime_bloom_filter_size (i32) = 1048576,
  39: runtime_filter_wait_time_ms (i32) = 0,
  40: disable_row_runtime_filtering (bool) = false,
  41: max_num_runtime_filters (i32) = 10,
  42: parquet_annotate_strings_utf8 (bool) = false,
  43: parquet_fallback_schema_resolution (i32) = 0,
  45: s3_skip_insert_staging (bool) = true,
  46: runtime_filter_min_size (i32) = 1048576,
  47: runtime_filter_max_size (i32) = 16777216,
  48: prefetch_mode (i32) = 1,
  49: strict_mode (bool) = false,
  50: scratch_limit (i64) = -1,
  51: enable_expr_rewrites (bool) = true,
  52: decimal_v2 (bool) = true,
  53: parquet_dictionary_filtering (bool) = true,
  54: parquet_array_resolution (i32) = 2,
  55: parquet_read_statistics (bool) = true,
  56: default_join_distribution_mode (i32) = 0,
  57: disable_codegen_rows_threshold (i32) = 50000,
  58: default_spillable_buffer_size (i64) = 2097152,
  59: min_spillable_buffer_size (i64) = 65536,
  60: max_row_size (i64) = 524288,
  61: idle_session_timeout (i32) = 0,
  62: compute_stats_min_sample_size (i64) = 1073741824,
}
I0212 12:13:31.352224  6147 Frontend.java:914] Compiling query: select * from functional_parquet.alltypes
I0212 12:13:31.353169  6147 SelectStmt.java:411] baseTblSmap_: smap()
I0212 12:13:31.353516  6147 SelectStmt.java:412] resultExprs: SlotRef{path=id, type=INT, id=0} SlotRef{path=bool_col, type=BOOLEAN, id=1} SlotRef{path=tinyint_col, type=TINYINT, id=2} SlotRef{path=smallint_col, type=SMALLINT, id=3} SlotRef{path=int_col, type=INT, id=4} SlotRef{path=bigint_col, type=BIGINT, id=5} SlotRef{path=float_col, type=FLOAT, id=6} SlotRef{path=double_col, type=DOUBLE, id=7} SlotRef{path=date_string_col, type=STRING, id=8} SlotRef{path=string_col, type=STRING, id=9} SlotRef{path=timestamp_col, type=TIMESTAMP, id=10} SlotRef{path=year, type=INT, id=11} SlotRef{path=month, type=INT, id=12}
I0212 12:13:31.353986  6147 SelectStmt.java:413] baseTblResultExprs: SlotRef{path=id, type=INT, id=0} SlotRef{path=bool_col, type=BOOLEAN, id=1} SlotRef{path=tinyint_col, type=TINYINT, id=2} SlotRef{path=smallint_col, type=SMALLINT, id=3} SlotRef{path=int_col, type=INT, id=4} SlotRef{path=bigint_col, type=BIGINT, id=5} SlotRef{path=float_col, type=FLOAT, id=6} SlotRef{path=double_col, type=DOUBLE, id=7} SlotRef{path=date_string_col, type=STRING, id=8} SlotRef{path=string_col, type=STRING, id=9} SlotRef{path=timestamp_col, type=TIMESTAMP, id=10} SlotRef{path=year, type=INT, id=11} SlotRef{path=month, type=INT, id=12}
I0212 12:13:31.354169  6147 Frontend.java:953] Compiled query.
I0212 12:13:31.354254  6147 Frontend.java:1029] create plan
I0212 12:13:31.355175  6147 SingleNodePlanner.java:148] desctbl: tuples:
TupleDescriptor{id=0, name=BaseTableRef functional_parquet.alltypes, tbl=functional_parquet.alltypes, byte_size=0, is_materialized=true, slots=[SlotDescriptor{id=0, path=functional_parquet.alltypes.id, type=INT, materialized=true, byteSize=0, byteOffset=-1, nullable=true, nullIndicatorByte=0, nullIndicatorBit=0, slotIdx=0, stats=ColumnStats{avgSerializedSize_=4.0, maxSize_=4, numDistinct_=-1, numNulls_=-1}}, SlotDescriptor{id=1, path=functional_parquet.alltypes.bool_col, type=BOOLEAN, materialized=true, byteSize=0, byteOffset=-1, nullable=true, nullIndicatorByte=0, nullIndicatorBit=0, slotIdx=0, stats=ColumnStats{avgSerializedSize_=1.0, maxSize_=1, numDistinct_=-1, numNulls_=-1}}, SlotDescriptor{id=2, path=functional_parquet.alltypes.tinyint_col, type=TINYINT, materialized=true, byteSize=0, byteOffset=-1, nullable=true, nullIndicatorByte=0, nullIndicatorBit=0, slotIdx=0, stats=ColumnStats{avgSerializedSize_=1.0, maxSize_=1, numDistinct_=-1, numNulls_=-1}}, SlotDescriptor{id=3, path=functional_parquet.alltypes.smallint_col, type=SMALLINT, materialized=true, byteSize=0, byteOffset=-1, nullable=true, nullIndicatorByte=0, nullIndicatorBit=0, slotIdx=0, stats=ColumnStats{avgSerializedSize_=2.0, maxSize_=2, numDistinct_=-1, numNulls_=-1}}, SlotDescriptor{id=4, path=functional_parquet.alltypes.int_col, type=INT, materialized=true, byteSize=0, byteOffset=-1, nullable=true, nullIndicatorByte=0, nullIndicatorBit=0, slotIdx=0, stats=ColumnStats{avgSerializedSize_=4.0, maxSize_=4, numDistinct_=-1, numNulls_=-1}}, SlotDescriptor{id=5, path=functional_parquet.alltypes.bigint_col, type=BIGINT, materialized=true, byteSize=0, byteOffset=-1, nullable=true, nullIndicatorByte=0, nullIndicatorBit=0, slotIdx=0, stats=ColumnStats{avgSerializedSize_=8.0, maxSize_=8, numDistinct_=-1, numNulls_=-1}}, SlotDescriptor{id=6, path=functional_parquet.alltypes.float_col, type=FLOAT, materialized=true, byteSize=0, byteOffset=-1, nullable=true, nullIndicatorByte=0, nullIndicatorBit=0, slotIdx=0, stats=ColumnStats{avgSerializedSize_=4.0, maxSize_=4, numDistinct_=-1, numNulls_=-1}}, SlotDescriptor{id=7, path=functional_parquet.alltypes.double_col, type=DOUBLE, materialized=true, byteSize=0, byteOffset=-1, nullable=true, nullIndicatorByte=0, nullIndicatorBit=0, slotIdx=0, stats=ColumnStats{avgSerializedSize_=8.0, maxSize_=8, numDistinct_=-1, numNulls_=-1}}, SlotDescriptor{id=8, path=functional_parquet.alltypes.date_string_col, type=STRING, materialized=true, byteSize=0, byteOffset=-1, nullable=true, nullIndicatorByte=0, nullIndicatorBit=0, slotIdx=0, stats=ColumnStats{avgSerializedSize_=15.0, maxSize_=-1, numDistinct_=-1, numNulls_=-1}}, SlotDescriptor{id=9, path=functional_parquet.alltypes.string_col, type=STRING, materialized=true, byteSize=0, byteOffset=-1, nullable=true, nullIndicatorByte=0, nullIndicatorBit=0, slotIdx=0, stats=ColumnStats{avgSerializedSize_=15.0, maxSize_=-1, numDistinct_=-1, numNulls_=-1}}, SlotDescriptor{id=10, path=functional_parquet.alltypes.timestamp_col, type=TIMESTAMP, materialized=true, byteSize=0, byteOffset=-1, nullable=true, nullIndicatorByte=0, nullIndicatorBit=0, slotIdx=0, stats=ColumnStats{avgSerializedSize_=16.0, maxSize_=16, numDistinct_=-1, numNulls_=-1}}, SlotDescriptor{id=11, path=functional_parquet.alltypes.year, type=INT, materialized=true, byteSize=0, byteOffset=-1, nullable=true, nullIndicatorByte=0, nullIndicatorBit=0, slotIdx=0, stats=ColumnStats{avgSerializedSize_=4.0, maxSize_=4, numDistinct_=2, numNulls_=0}}, SlotDescriptor{id=12, path=functional_parquet.alltypes.month, type=INT, materialized=true, byteSize=0, byteOffset=-1, nullable=true, nullIndicatorByte=0, nullIndicatorBit=0, slotIdx=0, stats=ColumnStats{avgSerializedSize_=4.0, maxSize_=4, numDistinct_=12, numNulls_=0}}]}
I0212 12:13:31.360491  6147 HdfsScanNode.java:889] HdfsScan: cardinality_=-1
I0212 12:13:31.360718  6147 HdfsScanNode.java:984] computeNumNodes totalRanges=24 localRanges=1 remoteRanges=0 localHostSet.size=3 clusterNodes=1
I0212 12:13:31.360848  6147 SingleNodePlanner.java:363] createCheapestJoinPlan
I0212 12:13:31.360932  6147 HdfsScanNode.java:889] HdfsScan: cardinality_=-1
I0212 12:13:31.361006  6147 HdfsScanNode.java:984] computeNumNodes totalRanges=24 localRanges=1 remoteRanges=0 localHostSet.size=3 clusterNodes=1
I0212 12:13:31.362293  6147 Planner.java:163] desctbl: tuples:
TupleDescriptor{id=0, name=BaseTableRef functional_parquet.alltypes, tbl=functional_parquet.alltypes, byte_size=90, is_materialized=true, slots=[SlotDescriptor{id=0, path=functional_parquet.alltypes.id, type=INT, materialized=true, byteSize=4, byteOffset=64, nullable=true, nullIndicatorByte=88, nullIndicatorBit=5, slotIdx=5, stats=ColumnStats{avgSerializedSize_=4.0, maxSize_=4, numDistinct_=-1, numNulls_=-1}}, SlotDescriptor{id=1, path=functional_parquet.alltypes.bool_col, type=BOOLEAN, materialized=true, byteSize=1, byteOffset=86, nullable=true, nullIndicatorByte=89, nullIndicatorBit=3, slotIdx=11, stats=ColumnStats{avgSerializedSize_=1.0, maxSize_=1, numDistinct_=-1, numNulls_=-1}}, SlotDescriptor{id=2, path=functional_parquet.alltypes.tinyint_col, type=TINYINT, materialized=true, byteSize=1, byteOffset=87, nullable=true, nullIndicatorByte=89, nullIndicatorBit=4, slotIdx=12, stats=ColumnStats{avgSerializedSize_=1.0, maxSize_=1, numDistinct_=-1, numNulls_=-1}}, SlotDescriptor{id=3, path=functional_parquet.alltypes.smallint_col, type=SMALLINT, materialized=true, byteSize=2, byteOffset=84, nullable=true, nullIndicatorByte=89, nullIndicatorBit=2, slotIdx=10, stats=ColumnStats{avgSerializedSize_=2.0, maxSize_=2, numDistinct_=-1, numNulls_=-1}}, SlotDescriptor{id=4, path=functional_parquet.alltypes.int_col, type=INT, materialized=true, byteSize=4, byteOffset=68, nullable=true, nullIndicatorByte=88, nullIndicatorBit=6, slotIdx=6, stats=ColumnStats{avgSerializedSize_=4.0, maxSize_=4, numDistinct_=-1, numNulls_=-1}}, SlotDescriptor{id=5, path=functional_parquet.alltypes.bigint_col, type=BIGINT, materialized=true, byteSize=8, byteOffset=48, nullable=true, nullIndicatorByte=88, nullIndicatorBit=3, slotIdx=3, stats=ColumnStats{avgSerializedSize_=8.0, maxSize_=8, numDistinct_=-1, numNulls_=-1}}, SlotDescriptor{id=6, path=functional_parquet.alltypes.float_col, type=FLOAT, materialized=true, byteSize=4, byteOffset=72, nullable=true, nullIndicatorByte=88, nullIndicatorBit=7, slotIdx=7, stats=ColumnStats{avgSerializedSize_=4.0, maxSize_=4, numDistinct_=-1, numNulls_=-1}}, SlotDescriptor{id=7, path=functional_parquet.alltypes.double_col, type=DOUBLE, materialized=true, byteSize=8, byteOffset=56, nullable=true, nullIndicatorByte=88, nullIndicatorBit=4, slotIdx=4, stats=ColumnStats{avgSerializedSize_=8.0, maxSize_=8, numDistinct_=-1, numNulls_=-1}}, SlotDescriptor{id=8, path=functional_parquet.alltypes.date_string_col, type=STRING, materialized=true, byteSize=16, byteOffset=0, nullable=true, nullIndicatorByte=88, nullIndicatorBit=0, slotIdx=0, stats=ColumnStats{avgSerializedSize_=15.0, maxSize_=-1, numDistinct_=-1, numNulls_=-1}}, SlotDescriptor{id=9, path=functional_parquet.alltypes.string_col, type=STRING, materialized=true, byteSize=16, byteOffset=16, nullable=true, nullIndicatorByte=88, nullIndicatorBit=1, slotIdx=1, stats=ColumnStats{avgSerializedSize_=15.0, maxSize_=-1, numDistinct_=-1, numNulls_=-1}}, SlotDescriptor{id=10, path=functional_parquet.alltypes.timestamp_col, type=TIMESTAMP, materialized=true, byteSize=16, byteOffset=32, nullable=true, nullIndicatorByte=88, nullIndicatorBit=2, slotIdx=2, stats=ColumnStats{avgSerializedSize_=16.0, maxSize_=16, numDistinct_=-1, numNulls_=-1}}, SlotDescriptor{id=11, path=functional_parquet.alltypes.year, type=INT, materialized=true, byteSize=4, byteOffset=76, nullable=true, nullIndicatorByte=89, nullIndicatorBit=0, slotIdx=8, stats=ColumnStats{avgSerializedSize_=4.0, maxSize_=4, numDistinct_=2, numNulls_=0}}, SlotDescriptor{id=12, path=functional_parquet.alltypes.month, type=INT, materialized=true, byteSize=4, byteOffset=80, nullable=true, nullIndicatorByte=89, nullIndicatorBit=1, slotIdx=9, stats=ColumnStats{avgSerializedSize_=4.0, maxSize_=4, numDistinct_=12, numNulls_=0}}]}
TupleDescriptor{id=1, name=functional_parquet.alltypes statistics, tbl=functional_parquet.alltypes, byte_size=0, is_materialized=true, slots=[]}
