I0212 12:13:33.770020  6215 row-batch.cc:508] [(771 false 1 1 1 10 1.100000023841858 10.1 03/19/09 1 2009-03-19 03:01:08.100000000 2009 3)]
I0212 12:13:33.770021  6011 disk-io-mgr.cc:811] Disk (id=0) reading for 
  RequestContext: 0xef3c680 (state=Active status_=OK #ready_buffers=0 #used_buffers=7 #num_buffers_in_reader=5 #finished_scan_ranges=20 #disk_with_ranges=3 #disks=3
   0: is_on_queue=0 done=0 #num_remaining_scan_ranges=19 #in_flight_ranges=6 #unstarted_scan_ranges=7 #unstarted_write_ranges=0 #reading_threads=6
   1: is_on_queue=1 done=0 #num_remaining_scan_ranges=13 #in_flight_ranges=7 #unstarted_scan_ranges=4 #unstarted_write_ranges=0 #reading_threads=1
   2: is_on_queue=1 done=0 #num_remaining_scan_ranges=16 #in_flight_ranges=8 #unstarted_scan_ranges=6 #unstarted_write_ranges=0 #reading_threads=1
   3: is_on_queue=0 done=1 #num_remaining_scan_ranges=0 #in_flight_ranges=0 #unstarted_scan_ranges=0 #unstarted_write_ranges=0 #reading_threads=0
   4: is_on_queue=0 done=1 #num_remaining_scan_ranges=0 #in_flight_ranges=0 #unstarted_scan_ranges=0 #unstarted_write_ranges=0 #reading_threads=0
   5: is_on_queue=0 done=1 #num_remaining_scan_ranges=0 #in_flight_ranges=0 #unstarted_scan_ranges=0 #unstarted_write_ranges=0 #reading_threads=0)
I0212 12:13:33.770035  6215 row-batch.cc:508] [(772 true 2 2 2 20 2.200000047683716 20.2 03/19/09 2 2009-03-19 03:02:08.110000000 2009 3)]
I0212 12:13:33.770038  6012 disk-io-mgr.cc:811] Disk (id=0) reading for 
  RequestContext: 0xef3c680 (state=Active status_=OK #ready_buffers=0 #used_buffers=8 #num_buffers_in_reader=5 #finished_scan_ranges=20 #disk_with_ranges=3 #disks=3
   0: is_on_queue=0 done=0 #num_remaining_scan_ranges=19 #in_flight_ranges=5 #unstarted_scan_ranges=7 #unstarted_write_ranges=0 #reading_threads=7
   1: is_on_queue=1 done=0 #num_remaining_scan_ranges=13 #in_flight_ranges=7 #unstarted_scan_ranges=4 #unstarted_write_ranges=0 #reading_threads=1
   2: is_on_queue=1 done=0 #num_remaining_scan_ranges=16 #in_flight_ranges=8 #unstarted_scan_ranges=6 #unstarted_write_ranges=0 #reading_threads=1
   3: is_on_queue=0 done=1 #num_remaining_scan_ranges=0 #in_flight_ranges=0 #unstarted_scan_ranges=0 #unstarted_write_ranges=0 #reading_threads=0
   4: is_on_queue=0 done=1 #num_remaining_scan_ranges=0 #in_flight_ranges=0 #unstarted_scan_ranges=0 #unstarted_write_ranges=0 #reading_threads=0
   5: is_on_queue=0 done=1 #num_remaining_scan_ranges=0 #in_flight_ranges=0 #unstarted_scan_ranges=0 #unstarted_write_ranges=0 #reading_threads=0)
I0212 12:13:33.770048  6215 row-batch.cc:508] [(773 false 3 3 3 30 3.299999952316284 30.3 03/19/09 3 2009-03-19 03:03:08.130000000 2009 3)]
I0212 12:13:33.770061  6215 row-batch.cc:508] [(774 true 4 4 4 40 4.400000095367432 40.4 03/19/09 4 2009-03-19 03:04:08.160000000 2009 3)]
I0212 12:13:33.770074  6215 row-batch.cc:508] [(775 false 5 5 5 50 5.5 50.5 03/19/09 5 2009-03-19 03:05:08.200000000 2009 3)]
I0212 12:13:33.770087  6215 row-batch.cc:508] [(776 true 6 6 6 60 6.599999904632568 60.59999999999999 03/19/09 6 2009-03-19 03:06:08.250000000 2009 3)]
I0212 12:13:33.770099  6215 row-batch.cc:508] [(777 false 7 7 7 70 7.699999809265137 70.7 03/19/09 7 2009-03-19 03:07:08.310000000 2009 3)]
I0212 12:13:33.770112  6215 row-batch.cc:508] [(778 true 8 8 8 80 8.800000190734863 80.8 03/19/09 8 2009-03-19 03:08:08.380000000 2009 3)]
I0212 12:13:33.770125  6215 row-batch.cc:508] [(779 false 9 9 9 90 9.899999618530273 90.89999999999999 03/19/09 9 2009-03-19 03:09:08.460000000 2009 3)]
I0212 12:13:33.770138  6215 row-batch.cc:508] [(780 true 0 0 0 0 0 0 03/20/09 0 2009-03-20 03:10:08.550000000 2009 3)]
I0212 12:13:33.770150  6215 row-batch.cc:508] [(781 false 1 1 1 10 1.100000023841858 10.1 03/20/09 1 2009-03-20 03:11:08.550000000 2009 3)]
I0212 12:13:33.770164  6007 disk-io-mgr.cc:811] Disk (id=0) reading for 
  RequestContext: 0xef3c680 (state=Active status_=OK #ready_buffers=0 #used_buffers=9 #num_buffers_in_reader=5 #finished_scan_ranges=20 #disk_with_ranges=3 #disks=3
   0: is_on_queue=0 done=0 #num_remaining_scan_ranges=19 #in_flight_ranges=4 #unstarted_scan_ranges=7 #unstarted_write_ranges=0 #reading_threads=8
   1: is_on_queue=1 done=0 #num_remaining_scan_ranges=13 #in_flight_ranges=7 #unstarted_scan_ranges=4 #unstarted_write_ranges=0 #reading_threads=1
   2: is_on_queue=1 done=0 #num_remaining_scan_ranges=16 #in_flight_ranges=8 #unstarted_scan_ranges=6 #unstarted_write_ranges=0 #reading_threads=1
   3: is_on_queue=0 done=1 #num_remaining_scan_ranges=0 #in_flight_ranges=0 #unstarted_scan_ranges=0 #unstarted_write_ranges=0 #reading_threads=0
   4: is_on_queue=0 done=1 #num_remaining_scan_ranges=0 #in_flight_ranges=0 #unstarted_scan_ranges=0 #unstarted_write_ranges=0 #reading_threads=0
   5: is_on_queue=0 done=1 #num_remaining_scan_ranges=0 #in_flight_ranges=0 #unstarted_scan_ranges=0 #unstarted_write_ranges=0 #reading_threads=0)
I0212 12:13:33.770165  6215 row-batch.cc:508] [(782 true 2 2 2 20 2.200000047683716 20.2 03/20/09 2 2009-03-20 03:12:08.560000000 2009 3)]
I0212 12:13:33.770205  6215 row-batch.cc:508] [(783 false 3 3 3 30 3.299999952316284 30.3 03/20/09 3 2009-03-20 03:13:08.580000000 2009 3)]
I0212 12:13:33.770229  6215 row-batch.cc:508] [(745 false 5 5 5 50 5.5 50.5 03/16/09 5 2009-03-16 02:35:06.850000000 2009 3)]
I0212 12:13:33.770242  6215 row-batch.cc:508] [(746 true 6 6 6 60 6.599999904632568 60.59999999999999 03/16/09 6 2009-03-16 02:36:06.900000000 2009 3)]
I0212 12:13:33.770256  6215 row-batch.cc:508] [(747 false 7 7 7 70 7.699999809265137 70.7 03/16/09 7 2009-03-16 02:37:06.960000000 2009 3)]
I0212 12:13:33.770267  6215 row-batch.cc:508] [(748 true 8 8 8 80 8.800000190734863 80.8 03/16/09 8 2009-03-16 02:38:07.300000000 2009 3)]
I0212 12:13:33.770280  6215 row-batch.cc:508] [(749 false 9 9 9 90 9.899999618530273 90.89999999999999 03/16/09 9 2009-03-16 02:39:07.110000000 2009 3)]
I0212 12:13:33.770292  6215 row-batch.cc:508] [(750 true 0 0 0 0 0 0 03/17/09 0 2009-03-17 02:40:07.200000000 2009 3)]
I0212 12:13:33.770305  6215 row-batch.cc:508] [(751 false 1 1 1 10 1.100000023841858 10.1 03/17/09 1 2009-03-17 02:41:07.200000000 2009 3)]
I0212 12:13:33.770318  6215 row-batch.cc:508] [(752 true 2 2 2 20 2.200000047683716 20.2 03/17/09 2 2009-03-17 02:42:07.210000000 2009 3)]
I0212 12:13:33.770331  6215 row-batch.cc:508] [(753 false 3 3 3 30 3.299999952316284 30.3 03/17/09 3 2009-03-17 02:43:07.230000000 2009 3)]
I0212 12:13:33.770344  6215 row-batch.cc:508] [(754 true 4 4 4 40 4.400000095367432 40.4 03/17/09 4 2009-03-17 02:44:07.260000000 2009 3)]
I0212 12:13:33.770356  6215 row-batch.cc:508] [(755 false 5 5 5 50 5.5 50.5 03/17/09 5 2009-03-17 02:45:07.300000000 2009 3)]
I0212 12:13:33.770370  6215 row-batch.cc:508] [(756 true 6 6 6 60 6.599999904632568 60.59999999999999 03/17/09 6 2009-03-17 02:46:07.350000000 2009 3)]
I0212 12:13:33.770381  6215 row-batch.cc:508] [(757 false 7 7 7 70 7.699999809265137 70.7 03/17/09 7 2009-03-17 02:47:07.410000000 2009 3)]
I0212 12:13:33.770395  6215 row-batch.cc:508] [(758 true 8 8 8 80 8.800000190734863 80.8 03/17/09 8 2009-03-17 02:48:07.480000000 2009 3)]
I0212 12:13:33.770407  6215 row-batch.cc:508] [(759 false 9 9 9 90 9.899999618530273 90.89999999999999 03/17/09 9 2009-03-17 02:49:07.560000000 2009 3)]
I0212 12:13:33.770419  6215 row-batch.cc:508] [(760 true 0 0 0 0 0 0 03/18/09 0 2009-03-18 02:50:07.650000000 2009 3)]
I0212 12:13:33.770431  6215 row-batch.cc:508] [(761 false 1 1 1 10 1.100000023841858 10.1 03/18/09 1 2009-03-18 02:51:07.650000000 2009 3)]
I0212 12:13:33.770444  6215 row-batch.cc:508] [(762 true 2 2 2 20 2.200000047683716 20.2 03/18/09 2 2009-03-18 02:52:07.660000000 2009 3)]
I0212 12:13:33.770457  6215 row-batch.cc:508] [(763 false 3 3 3 30 3.299999952316284 30.3 03/18/09 3 2009-03-18 02:53:07.680000000 2009 3)]
I0212 12:13:33.770470  6215 row-batch.cc:508] [(764 true 4 4 4 40 4.400000095367432 40.4 03/18/09 4 2009-03-18 02:54:07.710000000 2009 3)]
I0212 12:13:33.770483  6215 row-batch.cc:508] [(804 true 4 4 4 40 4.400000095367432 40.4 03/22/09 4 2009-03-22 03:34:09.510000000 2009 3)]
I0212 12:13:33.770500  6215 row-batch.cc:508] [(805 false 5 5 5 50 5.5 50.5 03/22/09 5 2009-03-22 03:35:09.550000000 2009 3)]
I0212 12:13:33.770514  6215 row-batch.cc:508] [(806 true 6 6 6 60 6.599999904632568 60.59999999999999 03/22/09 6 2009-03-22 03:36:09.600000000 2009 3)]
I0212 12:13:33.770526  6215 row-batch.cc:508] [(807 false 7 7 7 70 7.699999809265137 70.7 03/22/09 7 2009-03-22 03:37:09.660000000 2009 3)]
I0212 12:13:33.770539  6215 row-batch.cc:508] [(808 true 8 8 8 80 8.800000190734863 80.8 03/22/09 8 2009-03-22 03:38:09.730000000 2009 3)]
I0212 12:13:33.770552  6215 row-batch.cc:508] [(809 false 9 9 9 90 9.899999618530273 90.89999999999999 03/22/09 9 2009-03-22 03:39:09.810000000 2009 3)]
I0212 12:13:33.770565  6215 row-batch.cc:508] [(810 true 0 0 0 0 0 0 03/23/09 0 2009-03-23 03:40:09.900000000 2009 3)]
I0212 12:13:33.770577  6215 row-batch.cc:508] [(811 false 1 1 1 10 1.100000023841858 10.1 03/23/09 1 2009-03-23 03:41:09.900000000 2009 3)]
I0212 12:13:33.770591  6215 row-batch.cc:508] [(812 true 2 2 2 20 2.200000047683716 20.2 03/23/09 2 2009-03-23 03:42:09.910000000 2009 3)]
I0212 12:13:33.770603  6215 row-batch.cc:508] [(813 false 3 3 3 30 3.299999952316284 30.3 03/23/09 3 2009-03-23 03:43:09.930000000 2009 3)]
I0212 12:13:33.770617  6215 row-batch.cc:508] [(814 true 4 4 4 40 4.400000095367432 40.4 03/23/09 4 2009-03-23 03:44:09.960000000 2009 3)]
I0212 12:13:33.770628  6215 row-batch.cc:508] [(815 false 5 5 5 50 5.5 50.5 03/23/09 5 2009-03-23 03:45:10 2009 3)]
I0212 12:13:33.770642  6215 row-batch.cc:508] [(816 true 6 6 6 60 6.599999904632568 60.59999999999999 03/23/09 6 2009-03-23 03:46:10.500000000 2009 3)]
I0212 12:13:33.770654  6215 row-batch.cc:508] [(817 false 7 7 7 70 7.699999809265137 70.7 03/23/09 7 2009-03-23 03:47:10.110000000 2009 3)]
I0212 12:13:33.770668  6215 row-batch.cc:508] [(818 true 8 8 8 80 8.800000190734863 80.8 03/23/09 8 2009-03-23 03:48:10.180000000 2009 3)]
I0212 12:13:33.770679  6215 row-batch.cc:508] [(819 false 9 9 9 90 9.899999618530273 90.89999999999999 03/23/09 9 2009-03-23 03:49:10.260000000 2009 3)]
I0212 12:13:33.770692  6215 row-batch.cc:508] [(820 true 0 0 0 0 0 0 03/24/09 0 2009-03-24 03:50:10.350000000 2009 3)]
I0212 12:13:33.770705  6215 row-batch.cc:508] [(821 false 1 1 1 10 1.100000023841858 10.1 03/24/09 1 2009-03-24 03:51:10.350000000 2009 3)]
I0212 12:13:33.770717  6215 row-batch.cc:508] [(822 true 2 2 2 20 2.200000047683716 20.2 03/24/09 2 2009-03-24 03:52:10.360000000 2009 3)]
I0212 12:13:33.770742  6215 row-batch.cc:508] [(784 true 4 4 4 40 4.400000095367432 40.4 03/20/09 4 2009-03-20 03:14:08.610000000 2009 3)]
I0212 12:13:33.770754  6215 row-batch.cc:508] [(785 false 5 5 5 50 5.5 50.5 03/20/09 5 2009-03-20 03:15:08.650000000 2009 3)]
I0212 12:13:33.770767  6215 row-batch.cc:508] [(786 true 6 6 6 60 6.599999904632568 60.59999999999999 03/20/09 6 2009-03-20 03:16:08.700000000 2009 3)]
I0212 12:13:33.770779  6215 row-batch.cc:508] [(787 false 7 7 7 70 7.699999809265137 70.7 03/20/09 7 2009-03-20 03:17:08.760000000 2009 3)]
I0212 12:13:33.770792  6215 row-batch.cc:508] [(788 true 8 8 8 80 8.800000190734863 80.8 03/20/09 8 2009-03-20 03:18:08.830000000 2009 3)]
I0212 12:13:33.770804  6215 row-batch.cc:508] [(789 false 9 9 9 90 9.899999618530273 90.89999999999999 03/20/09 9 2009-03-20 03:19:08.910000000 2009 3)]
I0212 12:13:33.770817  6215 row-batch.cc:508] [(790 true 0 0 0 0 0 0 03/21/09 0 2009-03-21 03:20:09 2009 3)]
I0212 12:13:33.770829  6215 row-batch.cc:508] [(791 false 1 1 1 10 1.100000023841858 10.1 03/21/09 1 2009-03-21 03:21:09 2009 3)]
I0212 12:13:33.770841  6215 row-batch.cc:508] [(792 true 2 2 2 20 2.200000047683716 20.2 03/21/09 2 2009-03-21 03:22:09.100000000 2009 3)]
I0212 12:13:33.770854  6215 row-batch.cc:508] [(793 false 3 3 3 30 3.299999952316284 30.3 03/21/09 3 2009-03-21 03:23:09.300000000 2009 3)]
I0212 12:13:33.770866  6215 row-batch.cc:508] [(794 true 4 4 4 40 4.400000095367432 40.4 03/21/09 4 2009-03-21 03:24:09.600000000 2009 3)]
I0212 12:13:33.770884  6215 row-batch.cc:508] [(795 false 5 5 5 50 5.5 50.5 03/21/09 5 2009-03-21 03:25:09.100000000 2009 3)]
I0212 12:13:33.770897  6215 row-batch.cc:508] [(796 true 6 6 6 60 6.599999904632568 60.59999999999999 03/21/09 6 2009-03-21 03:26:09.150000000 2009 3)]
I0212 12:13:33.770910  6215 row-batch.cc:508] [(797 false 7 7 7 70 7.699999809265137 70.7 03/21/09 7 2009-03-21 03:27:09.210000000 2009 3)]
I0212 12:13:33.770922  6215 row-batch.cc:508] [(798 true 8 8 8 80 8.800000190734863 80.8 03/21/09 8 2009-03-21 03:28:09.280000000 2009 3)]
I0212 12:13:33.770936  6215 row-batch.cc:508] [(799 false 9 9 9 90 9.899999618530273 90.89999999999999 03/21/09 9 2009-03-21 03:29:09.360000000 2009 3)]
I0212 12:13:33.770947  6215 row-batch.cc:508] [(800 true 0 0 0 0 0 0 03/22/09 0 2009-03-22 03:30:09.450000000 2009 3)]
I0212 12:13:33.770959  6215 row-batch.cc:508] [(801 false 1 1 1 10 1.100000023841858 10.1 03/22/09 1 2009-03-22 03:31:09.450000000 2009 3)]
I0212 12:13:33.770972  6215 row-batch.cc:508] [(802 true 2 2 2 20 2.200000047683716 20.2 03/22/09 2 2009-03-22 03:32:09.460000000 2009 3)]
I0212 12:13:33.770984  6215 row-batch.cc:508] [(803 false 3 3 3 30 3.299999952316284 30.3 03/22/09 3 2009-03-22 03:33:09.480000000 2009 3)]
I0212 12:13:33.770987  6215 data-stream-sender.cc:511] serializing 310 rows
I0212 12:13:33.771159  6215 row-batch.cc:281] uncompressed size: 30690, compressed size: 10930
I0212 12:13:33.771163  6215 data-stream-sender.cc:168] Channel::SendBatch() instance_id=f848022183e1b3b9:cfc7861600000000 dest_node=1 #rows=310
I0212 12:13:33.771242  6216 data-stream-sender.cc:196] Channel::TransmitData() instance_id=f848022183e1b3b9:cfc7861600000000 dest_node=1 #rows=310
I0212 12:13:33.771252  6215 row-batch.cc:506] FragmentInstanceState::ExecInternal(): #rows=0
I0212 12:13:33.771266  6216 client-cache.cc:46] GetClient(gaborkaszabdesktop:22000)
I0212 12:13:33.771267  6215 row-batch.cc:506] FragmentInstanceState::ExecInternal(): #rows=0
I0212 12:13:33.771271  6216 client-cache.cc:56] GetClient(): returning cached client for gaborkaszabdesktop:22000
I0212 12:13:33.771323  6117 rpc-trace.cc:190] RPC call: ImpalaInternalService.TransmitData(from ::ffff:127.0.0.1:55044)
I0212 12:13:33.771356  6117 impala-server.cc:1172] TransmitData(): instance_id=f848022183e1b3b9:cfc7861600000000 node_id=1 #rows=310 sender_id=0 eos=false
I0212 12:13:33.771373  6117 data-stream-mgr.cc:173] AddData(): fragment_instance_id=f848022183e1b3b9:cfc7861600000000 node=1 size=33170
I0212 12:13:33.771378  6117 data-stream-mgr.cc:152] looking up fragment_instance_id=f848022183e1b3b9:cfc7861600000000, node=1
I0212 12:13:33.772908  6214 status.cc:58] Debug Action: FAIL
    @          0x1668698  impala::Status::Status()
    @          0x1b7f403  impala::ExecNode::ExecDebugActionImpl()
    @          0x1b80b6d  impala::ExecNode::ExecDebugAction()
    @          0x1b7b7e6  impala::ExecNode::Prepare()
    @          0x1b8674f  impala::ExchangeNode::Prepare()
    @          0x18c085c  impala::FragmentInstanceState::Prepare()
    @          0x18bf4b3  impala::FragmentInstanceState::Exec()
    @          0x18a8383  impala::QueryState::ExecFInstance()
    @          0x18a6c1c  _ZZN6impala10QueryState15StartFInstancesEvENKUlvE_clEv
    @          0x18a8f9d  _ZN5boost6detail8function26void_function_obj_invoker0IZN6impala10QueryState15StartFInstancesEvEUlvE_vE6invokeERNS1_15function_bufferE
    @          0x17f0c88  boost::function0<>::operator()()
    @          0x1aebd61  impala::Thread::SuperviseThread()
    @          0x1af4a76  boost::_bi::list4<>::operator()<>()
    @          0x1af49b9  boost::_bi::bind_t<>::operator()()
    @          0x1af497c  boost::detail::thread_data<>::run()
    @          0x2db16da  thread_proxy
    @     0x7f1f7777b184  start_thread
    @     0x7f1f774a7ffd  clone
I0212 12:13:33.772922  6214 fragment-instance-state.cc:370] Reporting final profile for instance f848022183e1b3b9:cfc7861600000000
I0212 12:13:33.772966  6213 query-exec-mgr.cc:149] ReleaseQueryState(): query_id=f848022183e1b3b9:cfc7861600000000 refcnt=4
I0212 12:13:33.773025  6214 fragment-instance-state.cc:374] Fragment f848022183e1b3b9:cfc7861600000000:(Total: 41.880ms, non-child: 0.000ns, % non-child: 0.00%)
  Fragment Instance Lifecycle Event Timeline: 41.878ms
ExecInternal Finished: 41.974ms (41.974ms)
AverageThreadTokens: 0.00 
BloomFilterBytes: 0
PeakMemoryUsage: 0
PeakReservation: 0
PeakUsedReservation: 0
TotalNetworkReceiveTime: 0.000ns
TotalNetworkSendTime: 0.000ns
TotalStorageWaitTime: 0.000ns
TotalThreadsInvoluntaryContextSwitches: 0 (0)
TotalThreadsTotalWallClockTime: 0.000ns
TotalThreadsSysTime: 0.000ns
TotalThreadsUserTime: 0.000ns
TotalThreadsVoluntaryContextSwitches: 0 (0)
  Fragment Instance Lifecycle Timings:
PrepareTime: 41.833ms
ExecTreePrepareTime: 41.794ms
I0212 12:13:33.773069  6214 client-cache.cc:46] GetClient(gaborkaszabdesktop:22000)
I0212 12:13:33.773084  6214 client-cache.cc:112] CreateClient(): creating new client for gaborkaszabdesktop:22000
I0212 12:13:33.773103  6212 impala-server.cc:991] UnregisterQuery(): query_id=f848022183e1b3b9:cfc7861600000000
I0212 12:13:33.773108  6212 impala-server.cc:1074] Cancel(): query_id=f848022183e1b3b9:cfc7861600000000
I0212 12:13:33.773113  6212 coordinator.cc:898] Cancel() query_id=f848022183e1b3b9:cfc7861600000000
I0212 12:13:33.773118  6212 coordinator-backend-state.cc:355] sending CancelQueryFInstances rpc for query_id=f848022183e1b3b9:cfc7861600000000 backend=gaborkaszabdesktop:22000
I0212 12:13:33.773120  6212 client-cache.cc:46] GetClient(gaborkaszabdesktop:22000)
I0212 12:13:33.773131  6212 client-cache.cc:112] CreateClient(): creating new client for gaborkaszabdesktop:22000
I0212 12:13:33.773928  6014 handle-cache.inline.h:33] hdfsOpenFile() file=hdfs://localhost:20500/test-warehouse/alltypes_parquet/year=2009/month=1/4a4bdc025cd5afb4-a47df1b500000004_701105264_data.0.parq fid=0xe92a990
I0212 12:13:33.774020  6014 handle-cache.inline.h:38] hdfsCloseFile() fid=0xe92a990
I0212 12:13:33.774061  6014 disk-io-mgr.cc:811] Disk (id=1) reading for 
  RequestContext: 0xef3c680 (state=Active status_=OK #ready_buffers=1 #used_buffers=10 #num_buffers_in_reader=5 #finished_scan_ranges=20 #disk_with_ranges=3 #disks=3
   0: is_on_queue=1 done=0 #num_remaining_scan_ranges=19 #in_flight_ranges=3 #unstarted_scan_ranges=7 #unstarted_write_ranges=0 #reading_threads=8
   1: is_on_queue=0 done=0 #num_remaining_scan_ranges=12 #in_flight_ranges=7 #unstarted_scan_ranges=4 #unstarted_write_ranges=0 #reading_threads=1
   2: is_on_queue=1 done=0 #num_remaining_scan_ranges=16 #in_flight_ranges=8 #unstarted_scan_ranges=6 #unstarted_write_ranges=0 #reading_threads=1
   3: is_on_queue=0 done=1 #num_remaining_scan_ranges=0 #in_flight_ranges=0 #unstarted_scan_ranges=0 #unstarted_write_ranges=0 #reading_threads=0
   4: is_on_queue=0 done=1 #num_remaining_scan_ranges=0 #in_flight_ranges=0 #unstarted_scan_ranges=0 #unstarted_write_ranges=0 #reading_threads=0
   5: is_on_queue=0 done=1 #num_remaining_scan_ranges=0 #in_flight_ranges=0 #unstarted_scan_ranges=0 #unstarted_write_ranges=0 #reading_threads=0)
I0212 12:13:33.774302  6079 thread.cc:324] Started thread 6221 - thrift-server:backend-2
I0212 12:13:33.774577  6221 rpc-trace.cc:190] RPC call: ImpalaInternalService.ReportExecStatus(from ::ffff:127.0.0.1:55064)
I0212 12:13:33.774962  6219 parquet-column-readers.cc:1020] Decompressed 39 to 40
I0212 12:13:33.774987  6221 impala-server.cc:1151] ReportExecStatus() coord_state_idx=0
I0212 12:13:33.774993  6221 coordinator.cc:920] UpdateBackendExecStatus()  backend_idx=0
I0212 12:13:33.775018  6079 thread.cc:324] Started thread 6222 - thrift-server:backend-3
I0212 12:13:33.775044  6222 rpc-trace.cc:190] RPC call: ImpalaInternalService.CancelQueryFInstances(from ::ffff:127.0.0.1:55066)
I0212 12:13:33.775051  6222 impala-internal-service.cc:63] CancelQueryFInstances(): query_id=f848022183e1b3b9:cfc7861600000000
I0212 12:13:33.775059  6222 query-exec-mgr.cc:92] QueryState: query_id=f848022183e1b3b9:cfc7861600000000 refcnt=4
I0212 12:13:33.775063  6222 query-state.cc:403] Cancel: query_id=f848022183e1b3b9:cfc7861600000000
I0212 12:13:33.775081  6222 data-stream-mgr.cc:279] cancelling all streams for fragment=f848022183e1b3b9:cfc7861600000001
I0212 12:13:33.775099  6222 data-stream-mgr.cc:279] cancelling all streams for fragment=f848022183e1b3b9:cfc7861600000000
I0212 12:13:33.775102  6222 query-exec-mgr.cc:149] ReleaseQueryState(): query_id=f848022183e1b3b9:cfc7861600000000 refcnt=4
I0212 12:13:33.775121  6222 rpc-trace.cc:200] RPC call: backend:ImpalaInternalService.CancelQueryFInstances from ::ffff:127.0.0.1:55066 took 0.000ns
I0212 12:13:33.775161  6212 client-cache.cc:148] Releasing client for gaborkaszabdesktop:22000 back to cache
I0212 12:13:33.775177  6212 coordinator.cc:908] CancelBackends() query_id=f848022183e1b3b9:cfc7861600000000, tried to cancel 1 backends
I0212 12:13:33.775180  6212 coordinator.cc:1092] Release admssion control resources for query f848022183e1b3b9:cfc7861600000000
I0212 12:13:33.775194  6212 admission-controller.cc:316] Update admitted mem reserved for host=gaborkaszabdesktop:22000 prev=64.00 MB new=0
I0212 12:13:33.775204  6212 admission-controller.cc:620] Released query id=f848022183e1b3b9:cfc7861600000000 agg_num_running=0, agg_num_queued=0, agg_mem_reserved=97.83 KB,  local_host(local_mem_admitted=0, num_admitted_running=0, num_queued=0, backend_mem_reserved=97.83 KB)
I0212 12:13:33.775208  6012 handle-cache.inline.h:33] hdfsOpenFile() file=hdfs://localhost:20500/test-warehouse/alltypes_parquet/year=2010/month=12/4a4bdc025cd5afb4-a47df1b500000003_920604256_data.0.parq fid=0xe92b370
I0212 12:13:33.775274  6012 handle-cache.inline.h:38] hdfsCloseFile() fid=0xe92b370
I0212 12:13:33.775290  6221 rpc-trace.cc:200] RPC call: backend:ImpalaInternalService.ReportExecStatus from ::ffff:127.0.0.1:55064 took 0.000ns
I0212 12:13:33.775312  6012 disk-io-mgr.cc:811] Disk (id=0) reading for 
  RequestContext: 0xef3c680 (state=Active status_=OK #ready_buffers=1 #used_buffers=10 #num_buffers_in_reader=6 #finished_scan_ranges=21 #disk_with_ranges=3 #disks=3
   0: is_on_queue=0 done=0 #num_remaining_scan_ranges=18 #in_flight_ranges=3 #unstarted_scan_ranges=7 #unstarted_write_ranges=0 #reading_threads=8
   1: is_on_queue=1 done=0 #num_remaining_scan_ranges=12 #in_flight_ranges=6 #unstarted_scan_ranges=4 #unstarted_write_ranges=0 #reading_threads=1
   2: is_on_queue=1 done=0 #num_remaining_scan_ranges=16 #in_flight_ranges=8 #unstarted_scan_ranges=6 #unstarted_write_ranges=0 #reading_threads=1
   3: is_on_queue=0 done=1 #num_remaining_scan_ranges=0 #in_flight_ranges=0 #unstarted_scan_ranges=0 #unstarted_write_ranges=0 #reading_threads=0
   4: is_on_queue=0 done=1 #num_remaining_scan_ranges=0 #in_flight_ranges=0 #unstarted_scan_ranges=0 #unstarted_write_ranges=0 #reading_threads=0
   5: is_on_queue=0 done=1 #num_remaining_scan_ranges=0 #in_flight_ranges=0 #unstarted_scan_ranges=0 #unstarted_write_ranges=0 #reading_threads=0)
I0212 12:13:33.775624  6214 client-cache.cc:148] Releasing client for gaborkaszabdesktop:22000 back to cache
I0212 12:13:33.775646  6014 handle-cache.inline.h:33] hdfsOpenFile() file=hdfs://localhost:20500/test-warehouse/alltypes_parquet/year=2009/month=1/4a4bdc025cd5afb4-a47df1b500000004_701105264_data.0.parq fid=0xe92a990
I0212 12:13:33.775708  6014 handle-cache.inline.h:38] hdfsCloseFile() fid=0xe92a990
I0212 12:13:33.775746  6014 disk-io-mgr.cc:811] Disk (id=1) reading for 
  RequestContext: 0xef3c680 (state=Active status_=OK #ready_buffers=2 #used_buffers=11 #num_buffers_in_reader=6 #finished_scan_ranges=21 #disk_with_ranges=3 #disks=3
   0: is_on_queue=1 done=0 #num_remaining_scan_ranges=18 #in_flight_ranges=2 #unstarted_scan_ranges=7 #unstarted_write_ranges=0 #reading_threads=8
   1: is_on_queue=0 done=0 #num_remaining_scan_ranges=11 #in_flight_ranges=6 #unstarted_scan_ranges=4 #unstarted_write_ranges=0 #reading_threads=1
   2: is_on_queue=1 done=0 #num_remaining_scan_ranges=16 #in_flight_ranges=8 #unstarted_scan_ranges=6 #unstarted_write_ranges=0 #reading_threads=1
   3: is_on_queue=0 done=1 #num_remaining_scan_ranges=0 #in_flight_ranges=0 #unstarted_scan_ranges=0 #unstarted_write_ranges=0 #reading_threads=0
   4: is_on_queue=0 done=1 #num_remaining_scan_ranges=0 #in_flight_ranges=0 #unstarted_scan_ranges=0 #unstarted_write_ranges=0 #reading_threads=0
   5: is_on_queue=0 done=1 #num_remaining_scan_ranges=0 #in_flight_ranges=0 #unstarted_scan_ranges=0 #unstarted_write_ranges=0 #reading_threads=0)
I0212 12:13:33.775871  6015 handle-cache.inline.h:33] hdfsOpenFile() file=hdfs://localhost:20500/test-warehouse/alltypes_parquet/year=2010/month=11/4a4bdc025cd5afb4-a47df1b500000004_848281016_data.0.parq fid=0xe92a140
I0212 12:13:33.775925  6015 handle-cache.inline.h:38] hdfsCloseFile() fid=0xe92a140
I0212 12:13:33.775960  6015 disk-io-mgr.cc:811] Disk (id=2) reading for 
  RequestContext: 0xef3c680 (state=Active status_=OK #ready_buffers=3 #used_buffers=12 #num_buffers_in_reader=6 #finished_scan_ranges=21 #disk_with_ranges=3 #disks=3
   0: is_on_queue=1 done=0 #num_remaining_scan_ranges=18 #in_flight_ranges=2 #unstarted_scan_ranges=7 #unstarted_write_ranges=0 #reading_threads=8
   1: is_on_queue=1 done=0 #num_remaining_scan_ranges=11 #in_flight_ranges=5 #unstarted_scan_ranges=4 #unstarted_write_ranges=0 #reading_threads=1
   2: is_on_queue=0 done=0 #num_remaining_scan_ranges=15 #in_flight_ranges=8 #unstarted_scan_ranges=6 #unstarted_write_ranges=0 #reading_threads=1
   3: is_on_queue=0 done=1 #num_remaining_scan_ranges=0 #in_flight_ranges=0 #unstarted_scan_ranges=0 #unstarted_write_ranges=0 #reading_threads=0
   4: is_on_queue=0 done=1 #num_remaining_scan_ranges=0 #in_flight_ranges=0 #unstarted_scan_ranges=0 #unstarted_write_ranges=0 #reading_threads=0
   5: is_on_queue=0 done=1 #num_remaining_scan_ranges=0 #in_flight_ranges=0 #unstarted_scan_ranges=0 #unstarted_write_ranges=0 #reading_threads=0)
I0212 12:13:33.776024  6220 parquet-column-readers.cc:1020] Decompressed 42 to 40
I0212 12:13:33.776116  6219 parquet-column-readers.cc:1020] Decompressed 39 to 40
I0212 12:13:33.776132  6215 row-batch.cc:506] FragmentInstanceState::ExecInternal(): #rows=0
I0212 12:13:33.776144  6212 query-exec-mgr.cc:149] ReleaseQueryState(): query_id=f848022183e1b3b9:cfc7861600000000 refcnt=3
I0212 12:13:33.776295  6212 rpc-trace.cc:200] RPC call: beeswax:BeeswaxService.query from ::ffff:127.0.0.1:35786 took 65.000ms
I0212 12:13:33.776306  6214 thread.cc:324] Started thread 6223 - fragment-execution:scanner-thread (finst:f848022183e1b3b9:cfc7861600000001, plan-node-id:0, thread-idx:3)
I0212 12:13:33.776322  6214 query-state.cc:390] Instance completed. instance_id=f848022183e1b3b9:cfc7861600000000 #in-flight=2 status=INTERNAL_ERROR: Debug Action: FAIL
I0212 12:13:33.776326  6214 query-state.cc:403] Cancel: query_id=f848022183e1b3b9:cfc7861600000000
I0212 12:13:33.776329  6214 query-exec-mgr.cc:149] ReleaseQueryState(): query_id=f848022183e1b3b9:cfc7861600000000 refcnt=2
I0212 12:13:33.776542  6212 impala-server.cc:1737] Connection from client ::ffff:127.0.0.1:35786 closed, closing 1 associated session(s)
I0212 12:13:33.776736  6223 progress-updater.cc:65] Splits complete (node=24): 8% Complete (2 out of 24)
I0212 12:13:33.776754  6223 hdfs-scan-node.cc:527] Error preparing scanner for scan range hdfs://localhost:20500/test-warehouse/alltypes_parquet/year=2010/month=3/4a4bdc025cd5afb4-a47df1b500000004_387075872_data.0.parq(0:8203).
I0212 12:13:33.776948  6217 fragment-instance-state.cc:362] exiting reporting thread: instance_id=f848022183e1b3b9:cfc7861600000001
I0212 12:13:33.776974  6215 fragment-instance-state.cc:370] Reporting final profile for instance f848022183e1b3b9:cfc7861600000001
I0212 12:13:33.777016  6012 handle-cache.inline.h:33] hdfsOpenFile() file=hdfs://localhost:20500/test-warehouse/alltypes_parquet/year=2010/month=12/4a4bdc025cd5afb4-a47df1b500000003_920604256_data.0.parq fid=0xe92b370
I0212 12:13:33.777082  6012 handle-cache.inline.h:38] hdfsCloseFile() fid=0xe92b370
I0212 12:13:33.777123  6012 disk-io-mgr.cc:811] Disk (id=0) reading for 
  RequestContext: 0xef3c680 (state=Cancelled status_=Cancelled
 #ready_buffers=1 #used_buffers=10 #num_buffers_in_reader=0 #finished_scan_ranges=23 #disk_with_ranges=3 #disks=3
   0: is_on_queue=0 done=0 #num_remaining_scan_ranges=18 #in_flight_ranges=0 #unstarted_scan_ranges=0 #unstarted_write_ranges=0 #reading_threads=8
   1: is_on_queue=1 done=0 #num_remaining_scan_ranges=11 #in_flight_ranges=0 #unstarted_scan_ranges=0 #unstarted_write_ranges=0 #reading_threads=1
   2: is_on_queue=1 done=0 #num_remaining_scan_ranges=15 #in_flight_ranges=0 #unstarted_scan_ranges=0 #unstarted_write_ranges=0 #reading_threads=1
   3: is_on_queue=0 done=1 #num_remaining_scan_ranges=0 #in_flight_ranges=0 #unstarted_scan_ranges=0 #unstarted_write_ranges=0 #reading_threads=0
   4: is_on_queue=0 done=1 #num_remaining_scan_ranges=0 #in_flight_ranges=0 #unstarted_scan_ranges=0 #unstarted_write_ranges=0 #reading_threads=0
   5: is_on_queue=0 done=1 #num_remaining_scan_ranges=0 #in_flight_ranges=0 #unstarted_scan_ranges=0 #unstarted_write_ranges=0 #reading_threads=0)
I0212 12:13:33.777205  6215 fragment-instance-state.cc:374] Fragment f848022183e1b3b9:cfc7861600000001:(Total: 40.662ms, non-child: 0.000ns, % non-child: 0.00%)
  Hdfs split stats (<volume id>:<# splits>/<split lengths>): 2:8/63.13 KB 0:10/78.85 KB 1:6/47.43 KB 
  Fragment Instance Lifecycle Event Timeline: 40.681ms
Prepare Finished: 5.881ms (5.881ms)
First Batch Produced: 35.222ms (29.341ms)
First Batch Sent: 40.226ms (5.004ms)
ExecInternal Finished: 45.993ms (5.767ms)
AverageThreadTokens: 0.00 
BloomFilterBytes: 0
PeakMemoryUsage: 1.25 MB (1306879)
PeakReservation: 0
PeakUsedReservation: 0
PerHostPeakMemUsage: 0
RowsProduced: 310 (310)
TotalNetworkReceiveTime: 0.000ns
TotalNetworkSendTime: 241.000ns
TotalStorageWaitTime: 47.941ms
TotalThreadsInvoluntaryContextSwitches: 6 (6)
TotalThreadsTotalWallClockTime: 40.989ms
TotalThreadsSysTime: 4.000ms
TotalThreadsUserTime: 20.000ms
TotalThreadsVoluntaryContextSwitches: 12 (12)
  Fragment Instance Lifecycle Timings:
ExecTime: 20.224ms
ExecTreeExecTime: 15.131ms
OpenTime: 19.885ms
ExecTreeOpenTime: 98.567us
PrepareTime: 505.505us
ExecTreePrepareTime: 210.026us
  DataStreamSender (dst_id=1):(Total: 283.726us, non-child: 0.000ns, % non-child: 0.00%)
BytesSent: 11.89 KB (12174)
NetworkThroughput(*): 333.09 MB/sec
OverallThroughput: 40.92 MB/sec
PeakMemoryUsage: 1.42 KB (1456)
RowsReturned: 310 (310)
SerializeBatchTime: 171.953us
TransmitDataRPCTime: 34.856us
UncompressedRowBatchSize: 32.39 KB (33170)
  HDFS_SCAN_NODE (id=0):(Total: 15.670ms, non-child: 0.000ns, % non-child: 0.00%)
    Hdfs split stats (<volume id>:<# splits>/<split lengths>): 2:8/63.13 KB 0:10/78.85 KB 1:6/47.43 KB 
    ExecOption: PARQUET Codegen Enabled, Codegen enabled: 5 out of 5
    Hdfs Read Thread Concurrency Bucket: 0:0% 1:0% 2:0% 3:0% 4:0% 5:0% 6:0% 
    File Formats: PARQUET/SNAPPY:1 PARQUET/Unknown(Skipped):1 
FooterProcessingTime: (Avg: 3.014ms ; Min: 4.427us ; Max: 7.542ms ; Number of samples: 5)
AverageHdfsReadThreadConcurrency: 0.00 
AverageScannerThreadConcurrency: 0.00 
BytesRead: 42.20 KB (43212)
BytesReadDataNodeCache: 0
BytesReadLocal: 41.90 KB (42906)
BytesReadRemoteUnexpected: 0
BytesReadShortCircuit: 41.90 KB (42906)
CachedFileHandlesHitCount: 0 (0)
CachedFileHandlesMissCount: 24 (24)
CollectionItemsRead: 0 (0)
DecompressionTime: 39.529us
MaxCompressedTextFileLength: 0
NumColumns: 11 (11)
NumDictFilteredRowGroups: 0 (0)
NumDisksAccessed: 3 (3)
NumRowGroups: 4 (4)
NumScannerThreadsStarted: 4 (4)
NumScannersWithNoReads: 0 (0)
NumStatsFilteredRowGroups: 0 (0)
PeakMemoryUsage: 1.24 MB (1296816)
PerReadThreadRawHdfsThroughput: 47.99 MB/sec
RemoteScanRanges: 0 (0)
RowBatchQueueGetWaitTime: 13.863ms
RowBatchQueuePutWaitTime: 0.000ns
RowsRead: 310 (310)
RowsReturned: 310 (310)
RowsReturnedRate: 19.78 K/sec
ScanRangesComplete: 2 (2)
ScannerThreadsInvoluntaryContextSwitches: 1 (1)
ScannerThreadsTotalWallClockTime: 887.584us
MaterializeTupleTime(*): 208.077us
ScannerThreadsSysTime: 0.000ns
ScannerThreadsUserTime: 0.000ns
ScannerThreadsVoluntaryContextSwitches: 1 (1)
TotalRawHdfsReadTime(*): 858.803us
TotalReadThroughput: 0.00 /sec
  CodeGen:(Total: 19.272ms, non-child: 0.000ns, % non-child: 0.00%)
CodegenTime: 529.984us
CompileTime: 1.418ms
LoadTime: 0.000ns
ModuleBitcodeSize: 1.94 MB (2037140)
NumFunctions: 7 (7)
NumInstructions: 105 (105)
OptimizationTime: 6.170ms
PeakMemoryUsage: 52.50 KB (53760)
PrepareTime: 11.290ms
I0212 12:13:33.777334  6215 client-cache.cc:46] GetClient(gaborkaszabdesktop:22000)
I0212 12:13:33.777340  6215 client-cache.cc:56] GetClient(): returning cached client for gaborkaszabdesktop:22000
I0212 12:13:33.777420  6222 rpc-trace.cc:190] RPC call: ImpalaInternalService.ReportExecStatus(from ::ffff:127.0.0.1:55066)
I0212 12:13:33.777544  6222 impala-server.cc:1151] ReportExecStatus() coord_state_idx=0
I0212 12:13:33.777554  6222 impala-server.cc:1163] ReportExecStatus(): Received report for unknown query ID (probably closed or cancelled): f848022183e1b3b9:cfc7861600000000
I0212 12:13:33.777572  6222 rpc-trace.cc:200] RPC call: backend:ImpalaInternalService.ReportExecStatus from ::ffff:127.0.0.1:55066 took 0.000ns
I0212 12:13:33.777617  6215 client-cache.cc:148] Releasing client for gaborkaszabdesktop:22000 back to cache
I0212 12:13:33.777621  6215 query-state.cc:403] Cancel: query_id=f848022183e1b3b9:cfc7861600000000
I0212 12:13:33.777791  6009 handle-cache.inline.h:33] hdfsOpenFile() file=hdfs://localhost:20500/test-warehouse/alltypes_parquet/year=2010/month=12/4a4bdc025cd5afb4-a47df1b500000003_920604256_data.0.parq fid=0xe1e9de0
I0212 12:13:33.777791  6011 handle-cache.inline.h:33] hdfsOpenFile() file=hdfs://localhost:20500/test-warehouse/alltypes_parquet/year=2010/month=12/4a4bdc025cd5afb4-a47df1b500000003_920604256_data.0.parq fid=0xe92ac80
I0212 12:13:33.777881  6009 handle-cache.inline.h:38] hdfsCloseFile() fid=0xe1e9de0
I0212 12:13:33.777899  6010 handle-cache.inline.h:33] hdfsOpenFile() file=hdfs://localhost:20500/test-warehouse/alltypes_parquet/year=2010/month=12/4a4bdc025cd5afb4-a47df1b500000003_920604256_data.0.parq fid=0xe92ad10
I0212 12:13:33.777958  6010 handle-cache.inline.h:38] hdfsCloseFile() fid=0xe92ad10
I0212 12:13:33.777992  6011 handle-cache.inline.h:38] hdfsCloseFile() fid=0xe92ac80
I0212 12:13:33.778041  6008 handle-cache.inline.h:33] hdfsOpenFile() file=hdfs://localhost:20500/test-warehouse/alltypes_parquet/year=2010/month=12/4a4bdc025cd5afb4-a47df1b500000003_920604256_data.0.parq fid=0xda8a570
I0212 12:13:33.778102  6008 handle-cache.inline.h:38] hdfsCloseFile() fid=0xda8a570
I0212 12:13:33.778141  6013 handle-cache.inline.h:33] hdfsOpenFile() file=hdfs://localhost:20500/test-warehouse/alltypes_parquet/year=2010/month=12/4a4bdc025cd5afb4-a47df1b500000003_920604256_data.0.parq fid=0xe1e9fe0
I0212 12:13:33.778206  6006 handle-cache.inline.h:33] hdfsOpenFile() file=hdfs://localhost:20500/test-warehouse/alltypes_parquet/year=2010/month=12/4a4bdc025cd5afb4-a47df1b500000003_920604256_data.0.parq fid=0xe1e9d20
I0212 12:13:33.778220  6007 handle-cache.inline.h:33] hdfsOpenFile() file=hdfs://localhost:20500/test-warehouse/alltypes_parquet/year=2010/month=12/4a4bdc025cd5afb4-a47df1b500000003_920604256_data.0.parq fid=0xe92aad0
I0212 12:13:33.778255  6013 handle-cache.inline.h:38] hdfsCloseFile() fid=0xe1e9fe0
I0212 12:13:33.778352  6218 handle-cache.inline.h:38] hdfsCloseFile() fid=0xe1e9d20
I0212 12:13:33.778452  6218 handle-cache.inline.h:38] hdfsCloseFile() fid=0xe92aad0
I0212 12:13:33.778574  6218 progress-updater.cc:65] Splits complete (node=24): 12% Complete (3 out of 24)
I0212 12:13:33.778962  6014 handle-cache.inline.h:33] hdfsOpenFile() file=hdfs://localhost:20500/test-warehouse/alltypes_parquet/year=2009/month=1/4a4bdc025cd5afb4-a47df1b500000004_701105264_data.0.parq fid=0xe92a990
I0212 12:13:33.779100  6015 handle-cache.inline.h:33] hdfsOpenFile() file=hdfs://localhost:20500/test-warehouse/alltypes_parquet/year=2010/month=11/4a4bdc025cd5afb4-a47df1b500000004_848281016_data.0.parq fid=0xe92a140
I0212 12:13:33.779109  6219 handle-cache.inline.h:38] hdfsCloseFile() fid=0xe92a990
I0212 12:13:33.779269  6014 disk-io-mgr.cc:811] Disk (id=1) reading for 
  RequestContext: 0xef3c680 (state=Cancelled status_=Cancelled
 #ready_buffers=0 #used_buffers=1 #num_buffers_in_reader=0 #finished_scan_ranges=23 #disk_with_ranges=2 #disks=2
   0: is_on_queue=0 done=1 #num_remaining_scan_ranges=18 #in_flight_ranges=0 #unstarted_scan_ranges=0 #unstarted_write_ranges=0 #reading_threads=0
   1: is_on_queue=0 done=0 #num_remaining_scan_ranges=11 #in_flight_ranges=0 #unstarted_scan_ranges=0 #unstarted_write_ranges=0 #reading_threads=1
   2: is_on_queue=1 done=0 #num_remaining_scan_ranges=15 #in_flight_ranges=0 #unstarted_scan_ranges=0 #unstarted_write_ranges=0 #reading_threads=1
   3: is_on_queue=0 done=1 #num_remaining_scan_ranges=0 #in_flight_ranges=0 #unstarted_scan_ranges=0 #unstarted_write_ranges=0 #reading_threads=0
   4: is_on_queue=0 done=1 #num_remaining_scan_ranges=0 #in_flight_ranges=0 #unstarted_scan_ranges=0 #unstarted_write_ranges=0 #reading_threads=0
   5: is_on_queue=0 done=1 #num_remaining_scan_ranges=0 #in_flight_ranges=0 #unstarted_scan_ranges=0 #unstarted_write_ranges=0 #reading_threads=0)
I0212 12:13:33.779279  6219 progress-updater.cc:65] Splits complete (node=24): 16% Complete (4 out of 24)
I0212 12:13:33.779292  6220 handle-cache.inline.h:38] hdfsCloseFile() fid=0xe92a140
I0212 12:13:33.779472  6015 disk-io-mgr.cc:811] Disk (id=2) reading for 
  RequestContext: 0xef3c680 (state=Cancelled status_=Cancelled
 #ready_buffers=0 #used_buffers=0 #num_buffers_in_reader=0 #finished_scan_ranges=23 #disk_with_ranges=1 #disks=1
   0: is_on_queue=0 done=1 #num_remaining_scan_ranges=18 #in_flight_ranges=0 #unstarted_scan_ranges=0 #unstarted_write_ranges=0 #reading_threads=0
   1: is_on_queue=0 done=1 #num_remaining_scan_ranges=11 #in_flight_ranges=0 #unstarted_scan_ranges=0 #unstarted_write_ranges=0 #reading_threads=0
   2: is_on_queue=0 done=0 #num_remaining_scan_ranges=15 #in_flight_ranges=0 #unstarted_scan_ranges=0 #unstarted_write_ranges=0 #reading_threads=1
   3: is_on_queue=0 done=1 #num_remaining_scan_ranges=0 #in_flight_ranges=0 #unstarted_scan_ranges=0 #unstarted_write_ranges=0 #reading_threads=0
   4: is_on_queue=0 done=1 #num_remaining_scan_ranges=0 #in_flight_ranges=0 #unstarted_scan_ranges=0 #unstarted_write_ranges=0 #reading_threads=0
   5: is_on_queue=0 done=1 #num_remaining_scan_ranges=0 #in_flight_ranges=0 #unstarted_scan_ranges=0 #unstarted_write_ranges=0 #reading_threads=0)
I0212 12:13:33.779484  6220 progress-updater.cc:65] Splits complete (node=24): 20% Complete (5 out of 24)
I0212 12:13:34.430322  6083 thread.cc:324] Started thread 6231 - thrift-server:beeswax-frontend-6
I0212 12:13:34.430331  6231 rpc-trace.cc:190] RPC call: ImpalaService.PingImpalaService(from ::ffff:127.0.0.1:35792)
I0212 12:13:34.430341  6231 impala-beeswax-server.cc:409] PingImpalaService()
I0212 12:13:34.430364  6231 impala-beeswax-server.cc:412] PingImpalaService(): return_val=TPingImpalaServiceResp {
  01: version (string) = "impalad version 3.0.0-SNAPSHOT DEBUG (build c856b30e36e7bdf5160e7a71b8e84a82d8258934)",
  02: webserver_address (string) = "http://gaborkaszabdesktop:25000",
}
I0212 12:13:34.430380  6231 rpc-trace.cc:200] RPC call: beeswax:ImpalaService.PingImpalaService from ::ffff:127.0.0.1:35792 took 0.000ns
I0212 12:13:34.430552  6231 rpc-trace.cc:190] RPC call: BeeswaxService.get_default_configuration(from ::ffff:127.0.0.1:35792)
I0212 12:13:34.430606  6231 rpc-trace.cc:200] RPC call: beeswax:BeeswaxService.get_default_configuration from ::ffff:127.0.0.1:35792 took 0.000ns
I0212 12:13:34.432047  6231 rpc-trace.cc:190] RPC call: BeeswaxService.query(from ::ffff:127.0.0.1:35792)
I0212 12:13:34.432057  6231 impala-beeswax-server.cc:52] query(): query=select * from functional_parquet.alltypes
I0212 12:13:34.432092  6231 impala-beeswax-server.cc:426] query: Query {
  01: query (string) = "select * from functional_parquet.alltypes",
  03: configuration (list) = list<string>[1] {
    [0] = "DEBUG_ACTION=1:PREPARE:FAIL",
  },
  04: hadoop_user (string) = "gaborkaszab",
}
I0212 12:13:34.432149  6231 impala-server.cc:820] Parsed pool options:  override_options_mask=1111111111111111111111111111111111111111111111111111011111111111 set_pool_mask=0000000000000000000000000000000000000000000000000000000000000000 overlay_mask=0000000000000000000000000000000000000000000000000000000000000000
I0212 12:13:34.432195  6231 impala-beeswax-server.cc:459] TClientRequest.queryOptions: TQueryOptions {
  01: abort_on_error (bool) = false,
  02: max_errors (i32) = 100,
  03: disable_codegen (bool) = false,
  04: batch_size (i32) = 0,
  05: num_nodes (i32) = 0,
  06: max_scan_range_length (i64) = 0,
  07: num_scanner_threads (i32) = 0,
  09: allow_unsupported_formats (bool) = false,
  11: debug_action (string) = "1:PREPARE:FAIL",
  12: mem_limit (i64) = 0,
  15: hbase_caching (i32) = 0,
  16: hbase_cache_blocks (bool) = false,
  17: parquet_file_size (i64) = 0,
  18: explain_level (i32) = 1,
  19: sync_ddl (bool) = false,
  24: disable_outermost_topn (bool) = false,
  26: query_timeout_s (i32) = 0,
  28: appx_count_distinct (bool) = false,
  29: disable_unsafe_spills (bool) = false,
  31: exec_single_node_rows_threshold (i32) = 100,
  32: optimize_partition_key_scans (bool) = false,
  33: replica_preference (i32) = 0,
  34: schedule_random_replica (bool) = false,
  36: disable_streaming_preaggregations (bool) = false,
  37: runtime_filter_mode (i32) = 2,
  38: runtime_bloom_filter_size (i32) = 1048576,
  39: runtime_filter_wait_time_ms (i32) = 0,
  40: disable_row_runtime_filtering (bool) = false,
  41: max_num_runtime_filters (i32) = 10,
  42: parquet_annotate_strings_utf8 (bool) = false,
  43: parquet_fallback_schema_resolution (i32) = 0,
  45: s3_skip_insert_staging (bool) = true,
  46: runtime_filter_min_size (i32) = 1048576,
  47: runtime_filter_max_size (i32) = 16777216,
  48: prefetch_mode (i32) = 1,
  49: strict_mode (bool) = false,
  50: scratch_limit (i64) = -1,
  51: enable_expr_rewrites (bool) = true,
  52: decimal_v2 (bool) = true,
  53: parquet_dictionary_filtering (bool) = true,
  54: parquet_array_resolution (i32) = 2,
  55: parquet_read_statistics (bool) = true,
  56: default_join_distribution_mode (i32) = 0,
  57: disable_codegen_rows_threshold (i32) = 50000,
  58: default_spillable_buffer_size (i64) = 2097152,
  59: min_spillable_buffer_size (i64) = 65536,
  60: max_row_size (i64) = 524288,
  61: idle_session_timeout (i32) = 0,
  62: compute_stats_min_sample_size (i64) = 1073741824,
}
I0212 12:13:34.433565  6231 Frontend.java:914] Compiling query: select * from functional_parquet.alltypes
I0212 12:13:34.434448  6231 SelectStmt.java:411] baseTblSmap_: smap()
I0212 12:13:34.434753  6231 SelectStmt.java:412] resultExprs: SlotRef{path=id, type=INT, id=0} SlotRef{path=bool_col, type=BOOLEAN, id=1} SlotRef{path=tinyint_col, type=TINYINT, id=2} SlotRef{path=smallint_col, type=SMALLINT, id=3} SlotRef{path=int_col, type=INT, id=4} SlotRef{path=bigint_col, type=BIGINT, id=5} SlotRef{path=float_col, type=FLOAT, id=6} SlotRef{path=double_col, type=DOUBLE, id=7} SlotRef{path=date_string_col, type=STRING, id=8} SlotRef{path=string_col, type=STRING, id=9} SlotRef{path=timestamp_col, type=TIMESTAMP, id=10} SlotRef{path=year, type=INT, id=11} SlotRef{path=month, type=INT, id=12}
I0212 12:13:34.435055  6231 SelectStmt.java:413] baseTblResultExprs: SlotRef{path=id, type=INT, id=0} SlotRef{path=bool_col, type=BOOLEAN, id=1} SlotRef{path=tinyint_col, type=TINYINT, id=2} SlotRef{path=smallint_col, type=SMALLINT, id=3} SlotRef{path=int_col, type=INT, id=4} SlotRef{path=bigint_col, type=BIGINT, id=5} SlotRef{path=float_col, type=FLOAT, id=6} SlotRef{path=double_col, type=DOUBLE, id=7} SlotRef{path=date_string_col, type=STRING, id=8} SlotRef{path=string_col, type=STRING, id=9} SlotRef{path=timestamp_col, type=TIMESTAMP, id=10} SlotRef{path=year, type=INT, id=11} SlotRef{path=month, type=INT, id=12}
I0212 12:13:34.435135  6231 Frontend.java:953] Compiled query.
I0212 12:13:34.435174  6231 Frontend.java:1029] create plan
I0212 12:13:34.436156  6231 SingleNodePlanner.java:148] desctbl: tuples:
TupleDescriptor{id=0, name=BaseTableRef functional_parquet.alltypes, tbl=functional_parquet.alltypes, byte_size=0, is_materialized=true, slots=[SlotDescriptor{id=0, path=functional_parquet.alltypes.id, type=INT, materialized=true, byteSize=0, byteOffset=-1, nullable=true, nullIndicatorByte=0, nullIndicatorBit=0, slotIdx=0, stats=ColumnStats{avgSerializedSize_=4.0, maxSize_=4, numDistinct_=-1, numNulls_=-1}}, SlotDescriptor{id=1, path=functional_parquet.alltypes.bool_col, type=BOOLEAN, materialized=true, byteSize=0, byteOffset=-1, nullable=true, nullIndicatorByte=0, nullIndicatorBit=0, slotIdx=0, stats=ColumnStats{avgSerializedSize_=1.0, maxSize_=1, numDistinct_=-1, numNulls_=-1}}, SlotDescriptor{id=2, path=functional_parquet.alltypes.tinyint_col, type=TINYINT, materialized=true, byteSize=0, byteOffset=-1, nullable=true, nullIndicatorByte=0, nullIndicatorBit=0, slotIdx=0, stats=ColumnStats{avgSerializedSize_=1.0, maxSize_=1, numDistinct_=-1, numNulls_=-1}}, SlotDescriptor{id=3, path=functional_parquet.alltypes.smallint_col, type=SMALLINT, materialized=true, byteSize=0, byteOffset=-1, nullable=true, nullIndicatorByte=0, nullIndicatorBit=0, slotIdx=0, stats=ColumnStats{avgSerializedSize_=2.0, maxSize_=2, numDistinct_=-1, numNulls_=-1}}, SlotDescriptor{id=4, path=functional_parquet.alltypes.int_col, type=INT, materialized=true, byteSize=0, byteOffset=-1, nullable=true, nullIndicatorByte=0, nullIndicatorBit=0, slotIdx=0, stats=ColumnStats{avgSerializedSize_=4.0, maxSize_=4, numDistinct_=-1, numNulls_=-1}}, SlotDescriptor{id=5, path=functional_parquet.alltypes.bigint_col, type=BIGINT, materialized=true, byteSize=0, byteOffset=-1, nullable=true, nullIndicatorByte=0, nullIndicatorBit=0, slotIdx=0, stats=ColumnStats{avgSerializedSize_=8.0, maxSize_=8, numDistinct_=-1, numNulls_=-1}}, SlotDescriptor{id=6, path=functional_parquet.alltypes.float_col, type=FLOAT, materialized=true, byteSize=0, byteOffset=-1, nullable=true, nullIndicatorByte=0, nullIndicatorBit=0, slotIdx=0, stats=ColumnStats{avgSerializedSize_=4.0, maxSize_=4, numDistinct_=-1, numNulls_=-1}}, SlotDescriptor{id=7, path=functional_parquet.alltypes.double_col, type=DOUBLE, materialized=true, byteSize=0, byteOffset=-1, nullable=true, nullIndicatorByte=0, nullIndicatorBit=0, slotIdx=0, stats=ColumnStats{avgSerializedSize_=8.0, maxSize_=8, numDistinct_=-1, numNulls_=-1}}, SlotDescriptor{id=8, path=functional_parquet.alltypes.date_string_col, type=STRING, materialized=true, byteSize=0, byteOffset=-1, nullable=true, nullIndicatorByte=0, nullIndicatorBit=0, slotIdx=0, stats=ColumnStats{avgSerializedSize_=15.0, maxSize_=-1, numDistinct_=-1, numNulls_=-1}}, SlotDescriptor{id=9, path=functional_parquet.alltypes.string_col, type=STRING, materialized=true, byteSize=0, byteOffset=-1, nullable=true, nullIndicatorByte=0, nullIndicatorBit=0, slotIdx=0, stats=ColumnStats{avgSerializedSize_=15.0, maxSize_=-1, numDistinct_=-1, numNulls_=-1}}, SlotDescriptor{id=10, path=functional_parquet.alltypes.timestamp_col, type=TIMESTAMP, materialized=true, byteSize=0, byteOffset=-1, nullable=true, nullIndicatorByte=0, nullIndicatorBit=0, slotIdx=0, stats=ColumnStats{avgSerializedSize_=16.0, maxSize_=16, numDistinct_=-1, numNulls_=-1}}, SlotDescriptor{id=11, path=functional_parquet.alltypes.year, type=INT, materialized=true, byteSize=0, byteOffset=-1, nullable=true, nullIndicatorByte=0, nullIndicatorBit=0, slotIdx=0, stats=ColumnStats{avgSerializedSize_=4.0, maxSize_=4, numDistinct_=2, numNulls_=0}}, SlotDescriptor{id=12, path=functional_parquet.alltypes.month, type=INT, materialized=true, byteSize=0, byteOffset=-1, nullable=true, nullIndicatorByte=0, nullIndicatorBit=0, slotIdx=0, stats=ColumnStats{avgSerializedSize_=4.0, maxSize_=4, numDistinct_=12, numNulls_=0}}]}
I0212 12:13:34.439867  6231 HdfsScanNode.java:889] HdfsScan: cardinality_=-1
I0212 12:13:34.439937  6231 HdfsScanNode.java:984] computeNumNodes totalRanges=24 localRanges=1 remoteRanges=0 localHostSet.size=3 clusterNodes=1
I0212 12:13:34.439995  6231 SingleNodePlanner.java:363] createCheapestJoinPlan
I0212 12:13:34.440030  6231 HdfsScanNode.java:889] HdfsScan: cardinality_=-1
I0212 12:13:34.440065  6231 HdfsScanNode.java:984] computeNumNodes totalRanges=24 localRanges=1 remoteRanges=0 localHostSet.size=3 clusterNodes=1
I0212 12:13:34.441004  6231 Planner.java:163] desctbl: tuples:
