I0212 12:13:35.955338  6267 row-batch.cc:508] [(2489 false 9 9 9 90 9.899999618530273 90.89999999999999 09/06/09 9 2009-09-06 00:59:02.610000000 2009 9)]
I0212 12:13:35.955350  6267 row-batch.cc:508] [(2488 true 8 8 8 80 8.800000190734863 80.8 09/06/09 8 2009-09-06 00:58:02.530000000 2009 9)]
I0212 12:13:35.955363  6267 row-batch.cc:508] [(2487 false 7 7 7 70 7.699999809265137 70.7 09/06/09 7 2009-09-06 00:57:02.460000000 2009 9)]
I0212 12:13:35.955381  6267 row-batch.cc:508] [(2486 true 6 6 6 60 6.599999904632568 60.59999999999999 09/06/09 6 2009-09-06 00:56:02.400000000 2009 9)]
I0212 12:13:35.955394  6267 row-batch.cc:508] [(2485 false 5 5 5 50 5.5 50.5 09/06/09 5 2009-09-06 00:55:02.350000000 2009 9)]
I0212 12:13:35.955406  6267 row-batch.cc:508] [(2484 true 4 4 4 40 4.400000095367432 40.4 09/06/09 4 2009-09-06 00:54:02.310000000 2009 9)]
I0212 12:13:35.955448  6267 row-batch.cc:508] [(2483 false 3 3 3 30 3.299999952316284 30.3 09/06/09 3 2009-09-06 00:53:02.280000000 2009 9)]
I0212 12:13:35.955461  6267 row-batch.cc:508] [(2482 true 2 2 2 20 2.200000047683716 20.2 09/06/09 2 2009-09-06 00:52:02.260000000 2009 9)]
I0212 12:13:35.955474  6267 row-batch.cc:508] [(2481 false 1 1 1 10 1.100000023841858 10.1 09/06/09 1 2009-09-06 00:51:02.250000000 2009 9)]
I0212 12:13:35.955488  6267 row-batch.cc:508] [(2480 true 0 0 0 0 0 0 09/06/09 0 2009-09-06 00:50:02.250000000 2009 9)]
I0212 12:13:35.955502  6267 row-batch.cc:508] [(2479 false 9 9 9 90 9.899999618530273 90.89999999999999 09/05/09 9 2009-09-05 00:49:02.160000000 2009 9)]
I0212 12:13:35.955515  6267 row-batch.cc:508] [(2478 true 8 8 8 80 8.800000190734863 80.8 09/05/09 8 2009-09-05 00:48:02.800000000 2009 9)]
I0212 12:13:35.955528  6267 row-batch.cc:508] [(2477 false 7 7 7 70 7.699999809265137 70.7 09/05/09 7 2009-09-05 00:47:02.100000000 2009 9)]
I0212 12:13:35.955540  6267 row-batch.cc:508] [(2476 true 6 6 6 60 6.599999904632568 60.59999999999999 09/05/09 6 2009-09-05 00:46:01.950000000 2009 9)]
I0212 12:13:35.955552  6267 row-batch.cc:508] [(2520 true 0 0 0 0 0 0 09/10/09 0 2009-09-10 01:30:04.500000000 2009 9)]
I0212 12:13:35.955565  6267 row-batch.cc:508] [(2519 false 9 9 9 90 9.899999618530273 90.89999999999999 09/09/09 9 2009-09-09 01:29:03.960000000 2009 9)]
I0212 12:13:35.955579  6267 row-batch.cc:508] [(2518 true 8 8 8 80 8.800000190734863 80.8 09/09/09 8 2009-09-09 01:28:03.880000000 2009 9)]
I0212 12:13:35.955590  6267 row-batch.cc:508] [(2517 false 7 7 7 70 7.699999809265137 70.7 09/09/09 7 2009-09-09 01:27:03.810000000 2009 9)]
I0212 12:13:35.955605  6267 row-batch.cc:508] [(2516 true 6 6 6 60 6.599999904632568 60.59999999999999 09/09/09 6 2009-09-09 01:26:03.750000000 2009 9)]
I0212 12:13:35.955616  6267 row-batch.cc:508] [(2515 false 5 5 5 50 5.5 50.5 09/09/09 5 2009-09-09 01:25:03.700000000 2009 9)]
I0212 12:13:35.955629  6267 row-batch.cc:508] [(2514 true 4 4 4 40 4.400000095367432 40.4 09/09/09 4 2009-09-09 01:24:03.660000000 2009 9)]
I0212 12:13:35.955642  6267 row-batch.cc:508] [(2513 false 3 3 3 30 3.299999952316284 30.3 09/09/09 3 2009-09-09 01:23:03.630000000 2009 9)]
I0212 12:13:35.955655  6267 row-batch.cc:508] [(2512 true 2 2 2 20 2.200000047683716 20.2 09/09/09 2 2009-09-09 01:22:03.610000000 2009 9)]
I0212 12:13:35.955667  6267 row-batch.cc:508] [(2511 false 1 1 1 10 1.100000023841858 10.1 09/09/09 1 2009-09-09 01:21:03.600000000 2009 9)]
I0212 12:13:35.955680  6267 row-batch.cc:508] [(2510 true 0 0 0 0 0 0 09/09/09 0 2009-09-09 01:20:03.600000000 2009 9)]
I0212 12:13:35.955695  6267 row-batch.cc:508] [(2509 false 9 9 9 90 9.899999618530273 90.89999999999999 09/08/09 9 2009-09-08 01:19:03.510000000 2009 9)]
I0212 12:13:35.955708  6267 row-batch.cc:508] [(2508 true 8 8 8 80 8.800000190734863 80.8 09/08/09 8 2009-09-08 01:18:03.430000000 2009 9)]
I0212 12:13:35.955720  6267 row-batch.cc:508] [(2507 false 7 7 7 70 7.699999809265137 70.7 09/08/09 7 2009-09-08 01:17:03.360000000 2009 9)]
I0212 12:13:35.955734  6267 row-batch.cc:508] [(2506 true 6 6 6 60 6.599999904632568 60.59999999999999 09/08/09 6 2009-09-08 01:16:03.300000000 2009 9)]
I0212 12:13:35.955742  6015 handle-cache.inline.h:33] hdfsOpenFile() file=hdfs://localhost:20500/test-warehouse/alltypes_parquet/year=2010/month=11/4a4bdc025cd5afb4-a47df1b500000004_848281016_data.0.parq fid=0xe92a350
I0212 12:13:35.955746  6267 row-batch.cc:508] [(2505 false 5 5 5 50 5.5 50.5 09/08/09 5 2009-09-08 01:15:03.250000000 2009 9)]
I0212 12:13:35.955760  6267 row-batch.cc:508] [(2504 true 4 4 4 40 4.400000095367432 40.4 09/08/09 4 2009-09-08 01:14:03.210000000 2009 9)]
I0212 12:13:35.955782  6267 row-batch.cc:508] [(2503 false 3 3 3 30 3.299999952316284 30.3 09/08/09 3 2009-09-08 01:13:03.180000000 2009 9)]
I0212 12:13:35.955796  6267 row-batch.cc:508] [(2502 true 2 2 2 20 2.200000047683716 20.2 09/08/09 2 2009-09-08 01:12:03.160000000 2009 9)]
I0212 12:13:35.955796  6015 handle-cache.inline.h:38] hdfsCloseFile() fid=0xe92a350
I0212 12:13:35.955808  6267 row-batch.cc:508] [(2501 false 1 1 1 10 1.100000023841858 10.1 09/08/09 1 2009-09-08 01:11:03.150000000 2009 9)]
I0212 12:13:35.955821  6267 row-batch.cc:508] [(2500 true 0 0 0 0 0 0 09/08/09 0 2009-09-08 01:10:03.150000000 2009 9)]
I0212 12:13:35.955834  6267 row-batch.cc:508] [(2499 false 9 9 9 90 9.899999618530273 90.89999999999999 09/07/09 9 2009-09-07 01:09:03.600000000 2009 9)]
I0212 12:13:35.955837  6015 disk-io-mgr.cc:811] Disk (id=2) reading for 
  RequestContext: 0xf1911e0 (state=Active status_=OK #ready_buffers=0 #used_buffers=0 #num_buffers_in_reader=1 #finished_scan_ranges=14 #disk_with_ranges=3 #disks=3
   0: is_on_queue=0 done=0 #num_remaining_scan_ranges=9 #in_flight_ranges=0 #unstarted_scan_ranges=8 #unstarted_write_ranges=0 #reading_threads=0
   1: is_on_queue=0 done=0 #num_remaining_scan_ranges=6 #in_flight_ranges=0 #unstarted_scan_ranges=5 #unstarted_write_ranges=0 #reading_threads=0
   2: is_on_queue=0 done=0 #num_remaining_scan_ranges=17 #in_flight_ranges=10 #unstarted_scan_ranges=6 #unstarted_write_ranges=0 #reading_threads=1
   3: is_on_queue=0 done=1 #num_remaining_scan_ranges=0 #in_flight_ranges=0 #unstarted_scan_ranges=0 #unstarted_write_ranges=0 #reading_threads=0
   4: is_on_queue=0 done=1 #num_remaining_scan_ranges=0 #in_flight_ranges=0 #unstarted_scan_ranges=0 #unstarted_write_ranges=0 #reading_threads=0
   5: is_on_queue=0 done=1 #num_remaining_scan_ranges=0 #in_flight_ranges=0 #unstarted_scan_ranges=0 #unstarted_write_ranges=0 #reading_threads=0)
I0212 12:13:35.955840  6270 parquet-column-readers.cc:1020] Decompressed 1205 to 1200
I0212 12:13:35.955848  6267 row-batch.cc:508] [(2498 true 8 8 8 80 8.800000190734863 80.8 09/07/09 8 2009-09-07 01:08:02.980000000 2009 9)]
I0212 12:13:35.955862  6267 row-batch.cc:508] [(2451 false 1 1 1 10 1.100000023841858 10.1 09/03/09 1 2009-09-03 00:21:00.900000000 2009 9)]
I0212 12:13:35.955874  6267 row-batch.cc:508] [(2452 true 2 2 2 20 2.200000047683716 20.2 09/03/09 2 2009-09-03 00:22:00.910000000 2009 9)]
I0212 12:13:35.955888  6267 row-batch.cc:508] [(2453 false 3 3 3 30 3.299999952316284 30.3 09/03/09 3 2009-09-03 00:23:00.930000000 2009 9)]
I0212 12:13:35.955900  6267 row-batch.cc:508] [(2454 true 4 4 4 40 4.400000095367432 40.4 09/03/09 4 2009-09-03 00:24:00.960000000 2009 9)]
I0212 12:13:35.955912  6267 row-batch.cc:508] [(2455 false 5 5 5 50 5.5 50.5 09/03/09 5 2009-09-03 00:25:01 2009 9)]
I0212 12:13:35.955925  6267 row-batch.cc:508] [(2456 true 6 6 6 60 6.599999904632568 60.59999999999999 09/03/09 6 2009-09-03 00:26:01.500000000 2009 9)]
I0212 12:13:35.955938  6267 row-batch.cc:508] [(2457 false 7 7 7 70 7.699999809265137 70.7 09/03/09 7 2009-09-03 00:27:01.110000000 2009 9)]
I0212 12:13:35.955951  6267 row-batch.cc:508] [(2458 true 8 8 8 80 8.800000190734863 80.8 09/03/09 8 2009-09-03 00:28:01.180000000 2009 9)]
I0212 12:13:35.955965  6267 row-batch.cc:508] [(2459 false 9 9 9 90 9.899999618530273 90.89999999999999 09/03/09 9 2009-09-03 00:29:01.260000000 2009 9)]
I0212 12:13:35.955976  6267 row-batch.cc:508] [(2460 true 0 0 0 0 0 0 09/04/09 0 2009-09-04 00:30:01.350000000 2009 9)]
I0212 12:13:35.956003  6267 row-batch.cc:508] [(2461 false 1 1 1 10 1.100000023841858 10.1 09/04/09 1 2009-09-04 00:31:01.350000000 2009 9)]
I0212 12:13:35.956018  6267 row-batch.cc:508] [(2462 true 2 2 2 20 2.200000047683716 20.2 09/04/09 2 2009-09-04 00:32:01.360000000 2009 9)]
I0212 12:13:35.956032  6267 row-batch.cc:508] [(2463 false 3 3 3 30 3.299999952316284 30.3 09/04/09 3 2009-09-04 00:33:01.380000000 2009 9)]
I0212 12:13:35.956044  6267 row-batch.cc:508] [(2464 true 4 4 4 40 4.400000095367432 40.4 09/04/09 4 2009-09-04 00:34:01.410000000 2009 9)]
I0212 12:13:35.956063  6267 row-batch.cc:508] [(2465 false 5 5 5 50 5.5 50.5 09/04/09 5 2009-09-04 00:35:01.450000000 2009 9)]
I0212 12:13:35.956076  6267 row-batch.cc:508] [(2466 true 6 6 6 60 6.599999904632568 60.59999999999999 09/04/09 6 2009-09-04 00:36:01.500000000 2009 9)]
I0212 12:13:35.956089  6267 row-batch.cc:508] [(2467 false 7 7 7 70 7.699999809265137 70.7 09/04/09 7 2009-09-04 00:37:01.560000000 2009 9)]
I0212 12:13:35.956101  6267 row-batch.cc:508] [(2468 true 8 8 8 80 8.800000190734863 80.8 09/04/09 8 2009-09-04 00:38:01.630000000 2009 9)]
I0212 12:13:35.956115  6267 row-batch.cc:508] [(2469 false 9 9 9 90 9.899999618530273 90.89999999999999 09/04/09 9 2009-09-04 00:39:01.710000000 2009 9)]
I0212 12:13:35.956127  6267 row-batch.cc:508] [(2470 true 0 0 0 0 0 0 09/05/09 0 2009-09-05 00:40:01.800000000 2009 9)]
I0212 12:13:35.956140  6267 row-batch.cc:508] [(2471 false 1 1 1 10 1.100000023841858 10.1 09/05/09 1 2009-09-05 00:41:01.800000000 2009 9)]
I0212 12:13:35.956152  6267 row-batch.cc:508] [(2472 true 2 2 2 20 2.200000047683716 20.2 09/05/09 2 2009-09-05 00:42:01.810000000 2009 9)]
I0212 12:13:35.956166  6267 row-batch.cc:508] [(2473 false 3 3 3 30 3.299999952316284 30.3 09/05/09 3 2009-09-05 00:43:01.830000000 2009 9)]
I0212 12:13:35.956178  6267 row-batch.cc:508] [(2475 false 5 5 5 50 5.5 50.5 09/05/09 5 2009-09-05 00:45:01.900000000 2009 9)]
I0212 12:13:35.956192  6267 row-batch.cc:508] [(2474 true 4 4 4 40 4.400000095367432 40.4 09/05/09 4 2009-09-05 00:44:01.860000000 2009 9)]
I0212 12:13:35.956203  6267 row-batch.cc:508] [(2430 true 0 0 0 0 0 0 09/01/09 0 2009-09-01 00:00:00 2009 9)]
I0212 12:13:35.956216  6267 row-batch.cc:508] [(2431 false 1 1 1 10 1.100000023841858 10.1 09/01/09 1 2009-09-01 00:01:00 2009 9)]
I0212 12:13:35.956229  6267 row-batch.cc:508] [(2432 true 2 2 2 20 2.200000047683716 20.2 09/01/09 2 2009-09-01 00:02:00.100000000 2009 9)]
I0212 12:13:35.956243  6267 row-batch.cc:508] [(2433 false 3 3 3 30 3.299999952316284 30.3 09/01/09 3 2009-09-01 00:03:00.300000000 2009 9)]
I0212 12:13:35.956255  6267 row-batch.cc:508] [(2434 true 4 4 4 40 4.400000095367432 40.4 09/01/09 4 2009-09-01 00:04:00.600000000 2009 9)]
I0212 12:13:35.956267  6267 row-batch.cc:508] [(2435 false 5 5 5 50 5.5 50.5 09/01/09 5 2009-09-01 00:05:00.100000000 2009 9)]
I0212 12:13:35.956280  6267 row-batch.cc:508] [(2436 true 6 6 6 60 6.599999904632568 60.59999999999999 09/01/09 6 2009-09-01 00:06:00.150000000 2009 9)]
I0212 12:13:35.956292  6267 row-batch.cc:508] [(2437 false 7 7 7 70 7.699999809265137 70.7 09/01/09 7 2009-09-01 00:07:00.210000000 2009 9)]
I0212 12:13:35.956315  6267 row-batch.cc:508] [(2438 true 8 8 8 80 8.800000190734863 80.8 09/01/09 8 2009-09-01 00:08:00.280000000 2009 9)]
I0212 12:13:35.956328  6267 row-batch.cc:508] [(2439 false 9 9 9 90 9.899999618530273 90.89999999999999 09/01/09 9 2009-09-01 00:09:00.360000000 2009 9)]
I0212 12:13:35.956341  6267 row-batch.cc:508] [(2440 true 0 0 0 0 0 0 09/02/09 0 2009-09-02 00:10:00.450000000 2009 9)]
I0212 12:13:35.956354  6267 row-batch.cc:508] [(2441 false 1 1 1 10 1.100000023841858 10.1 09/02/09 1 2009-09-02 00:11:00.450000000 2009 9)]
I0212 12:13:35.956367  6267 row-batch.cc:508] [(2442 true 2 2 2 20 2.200000047683716 20.2 09/02/09 2 2009-09-02 00:12:00.460000000 2009 9)]
I0212 12:13:35.956380  6267 row-batch.cc:508] [(2443 false 3 3 3 30 3.299999952316284 30.3 09/02/09 3 2009-09-02 00:13:00.480000000 2009 9)]
I0212 12:13:35.956393  6267 row-batch.cc:508] [(2444 true 4 4 4 40 4.400000095367432 40.4 09/02/09 4 2009-09-02 00:14:00.510000000 2009 9)]
I0212 12:13:35.956405  6267 row-batch.cc:508] [(2445 false 5 5 5 50 5.5 50.5 09/02/09 5 2009-09-02 00:15:00.550000000 2009 9)]
I0212 12:13:35.956418  6267 row-batch.cc:508] [(2446 true 6 6 6 60 6.599999904632568 60.59999999999999 09/02/09 6 2009-09-02 00:16:00.600000000 2009 9)]
I0212 12:13:35.956430  6267 row-batch.cc:508] [(2447 false 7 7 7 70 7.699999809265137 70.7 09/02/09 7 2009-09-02 00:17:00.660000000 2009 9)]
I0212 12:13:35.956444  6267 row-batch.cc:508] [(2448 true 8 8 8 80 8.800000190734863 80.8 09/02/09 8 2009-09-02 00:18:00.730000000 2009 9)]
I0212 12:13:35.956462  6267 row-batch.cc:508] [(2449 false 9 9 9 90 9.899999618530273 90.89999999999999 09/02/09 9 2009-09-02 00:19:00.810000000 2009 9)]
I0212 12:13:35.956475  6267 row-batch.cc:508] [(2450 true 0 0 0 0 0 0 09/03/09 0 2009-09-03 00:20:00.900000000 2009 9)]
I0212 12:13:35.956487  6267 row-batch.cc:508] [(2588 true 8 8 8 80 8.800000190734863 80.8 09/16/09 8 2009-09-16 02:38:07.300000000 2009 9)]
I0212 12:13:35.956501  6267 row-batch.cc:508] [(2587 false 7 7 7 70 7.699999809265137 70.7 09/16/09 7 2009-09-16 02:37:06.960000000 2009 9)]
I0212 12:13:35.956513  6267 row-batch.cc:508] [(2586 true 6 6 6 60 6.599999904632568 60.59999999999999 09/16/09 6 2009-09-16 02:36:06.900000000 2009 9)]
I0212 12:13:35.956526  6267 row-batch.cc:508] [(2585 false 5 5 5 50 5.5 50.5 09/16/09 5 2009-09-16 02:35:06.850000000 2009 9)]
I0212 12:13:35.956538  6267 row-batch.cc:508] [(2584 true 4 4 4 40 4.400000095367432 40.4 09/16/09 4 2009-09-16 02:34:06.810000000 2009 9)]
I0212 12:13:35.956552  6267 row-batch.cc:508] [(2583 false 3 3 3 30 3.299999952316284 30.3 09/16/09 3 2009-09-16 02:33:06.780000000 2009 9)]
I0212 12:13:35.956564  6267 row-batch.cc:508] [(2582 true 2 2 2 20 2.200000047683716 20.2 09/16/09 2 2009-09-16 02:32:06.760000000 2009 9)]
I0212 12:13:35.956576  6267 row-batch.cc:508] [(2581 false 1 1 1 10 1.100000023841858 10.1 09/16/09 1 2009-09-16 02:31:06.750000000 2009 9)]
I0212 12:13:35.956583  6015 handle-cache.inline.h:33] hdfsOpenFile() file=hdfs://localhost:20500/test-warehouse/alltypes_parquet/year=2010/month=11/4a4bdc025cd5afb4-a47df1b500000004_848281016_data.0.parq fid=0xe92a350
I0212 12:13:35.956589  6267 row-batch.cc:508] [(2580 true 0 0 0 0 0 0 09/16/09 0 2009-09-16 02:30:06.750000000 2009 9)]
I0212 12:13:35.956605  6267 row-batch.cc:508] [(2579 false 9 9 9 90 9.899999618530273 90.89999999999999 09/15/09 9 2009-09-15 02:29:06.660000000 2009 9)]
I0212 12:13:35.956617  6267 row-batch.cc:508] [(2578 true 8 8 8 80 8.800000190734863 80.8 09/15/09 8 2009-09-15 02:28:06.580000000 2009 9)]
I0212 12:13:35.956630  6267 row-batch.cc:508] [(2577 false 7 7 7 70 7.699999809265137 70.7 09/15/09 7 2009-09-15 02:27:06.510000000 2009 9)]
I0212 12:13:35.956642  6267 row-batch.cc:508] [(2576 true 6 6 6 60 6.599999904632568 60.59999999999999 09/15/09 6 2009-09-15 02:26:06.450000000 2009 9)]
I0212 12:13:35.956647  6015 handle-cache.inline.h:38] hdfsCloseFile() fid=0xe92a350
I0212 12:13:35.956655  6267 row-batch.cc:508] [(2575 false 5 5 5 50 5.5 50.5 09/15/09 5 2009-09-15 02:25:06.400000000 2009 9)]
I0212 12:13:35.956668  6267 row-batch.cc:508] [(2574 true 4 4 4 40 4.400000095367432 40.4 09/15/09 4 2009-09-15 02:24:06.360000000 2009 9)]
I0212 12:13:35.956681  6267 row-batch.cc:508] [(2573 false 3 3 3 30 3.299999952316284 30.3 09/15/09 3 2009-09-15 02:23:06.330000000 2009 9)]
I0212 12:13:35.956687  6015 disk-io-mgr.cc:811] Disk (id=2) reading for 
  RequestContext: 0xf1911e0 (state=Active status_=OK #ready_buffers=0 #used_buffers=0 #num_buffers_in_reader=2 #finished_scan_ranges=15 #disk_with_ranges=3 #disks=3
   0: is_on_queue=0 done=0 #num_remaining_scan_ranges=9 #in_flight_ranges=0 #unstarted_scan_ranges=8 #unstarted_write_ranges=0 #reading_threads=0
   1: is_on_queue=0 done=0 #num_remaining_scan_ranges=6 #in_flight_ranges=0 #unstarted_scan_ranges=5 #unstarted_write_ranges=0 #reading_threads=0
   2: is_on_queue=0 done=0 #num_remaining_scan_ranges=16 #in_flight_ranges=9 #unstarted_scan_ranges=6 #unstarted_write_ranges=0 #reading_threads=1
   3: is_on_queue=0 done=1 #num_remaining_scan_ranges=0 #in_flight_ranges=0 #unstarted_scan_ranges=0 #unstarted_write_ranges=0 #reading_threads=0
   4: is_on_queue=0 done=1 #num_remaining_scan_ranges=0 #in_flight_ranges=0 #unstarted_scan_ranges=0 #unstarted_write_ranges=0 #reading_threads=0
   5: is_on_queue=0 done=1 #num_remaining_scan_ranges=0 #in_flight_ranges=0 #unstarted_scan_ranges=0 #unstarted_write_ranges=0 #reading_threads=0)
I0212 12:13:35.956704  6267 row-batch.cc:508] [(2572 true 2 2 2 20 2.200000047683716 20.2 09/15/09 2 2009-09-15 02:22:06.310000000 2009 9)]
I0212 12:13:35.956724  6267 row-batch.cc:508] [(2571 false 1 1 1 10 1.100000023841858 10.1 09/15/09 1 2009-09-15 02:21:06.300000000 2009 9)]
I0212 12:13:35.956737  6267 row-batch.cc:508] [(2570 true 0 0 0 0 0 0 09/15/09 0 2009-09-15 02:20:06.300000000 2009 9)]
I0212 12:13:35.956749  6267 row-batch.cc:508] [(2569 false 9 9 9 90 9.899999618530273 90.89999999999999 09/14/09 9 2009-09-14 02:19:06.210000000 2009 9)]
I0212 12:13:35.956763  6267 row-batch.cc:508] [(2568 true 8 8 8 80 8.800000190734863 80.8 09/14/09 8 2009-09-14 02:18:06.130000000 2009 9)]
I0212 12:13:35.956789  6267 row-batch.cc:508] [(2567 false 7 7 7 70 7.699999809265137 70.7 09/14/09 7 2009-09-14 02:17:06.600000000 2009 9)]
I0212 12:13:35.956800  6267 row-batch.cc:508] [(2611 false 1 1 1 10 1.100000023841858 10.1 09/19/09 1 2009-09-19 03:01:08.100000000 2009 9)]
I0212 12:13:35.956813  6267 row-batch.cc:508] [(2610 true 0 0 0 0 0 0 09/19/09 0 2009-09-19 03:00:08.100000000 2009 9)]
I0212 12:13:35.956826  6267 row-batch.cc:508] [(2609 false 9 9 9 90 9.899999618530273 90.89999999999999 09/18/09 9 2009-09-18 02:59:08.100000000 2009 9)]
I0212 12:13:35.956852  6267 row-batch.cc:508] [(2608 true 8 8 8 80 8.800000190734863 80.8 09/18/09 8 2009-09-18 02:58:07.930000000 2009 9)]
I0212 12:13:35.956864  6267 row-batch.cc:508] [(2607 false 7 7 7 70 7.699999809265137 70.7 09/18/09 7 2009-09-18 02:57:07.860000000 2009 9)]
I0212 12:13:35.956877  6267 row-batch.cc:508] [(2606 true 6 6 6 60 6.599999904632568 60.59999999999999 09/18/09 6 2009-09-18 02:56:07.800000000 2009 9)]
I0212 12:13:35.956890  6267 row-batch.cc:508] [(2605 false 5 5 5 50 5.5 50.5 09/18/09 5 2009-09-18 02:55:07.750000000 2009 9)]
I0212 12:13:35.956902  6267 row-batch.cc:508] [(2604 true 4 4 4 40 4.400000095367432 40.4 09/18/09 4 2009-09-18 02:54:07.710000000 2009 9)]
I0212 12:13:35.956929  6267 row-batch.cc:508] [(2603 false 3 3 3 30 3.299999952316284 30.3 09/18/09 3 2009-09-18 02:53:07.680000000 2009 9)]
I0212 12:13:35.956943  6267 row-batch.cc:508] [(2602 true 2 2 2 20 2.200000047683716 20.2 09/18/09 2 2009-09-18 02:52:07.660000000 2009 9)]
I0212 12:13:35.956955  6267 row-batch.cc:508] [(2601 false 1 1 1 10 1.100000023841858 10.1 09/18/09 1 2009-09-18 02:51:07.650000000 2009 9)]
I0212 12:13:35.956992  6267 row-batch.cc:508] [(2600 true 0 0 0 0 0 0 09/18/09 0 2009-09-18 02:50:07.650000000 2009 9)]
I0212 12:13:35.957005  6267 row-batch.cc:508] [(2599 false 9 9 9 90 9.899999618530273 90.89999999999999 09/17/09 9 2009-09-17 02:49:07.560000000 2009 9)]
I0212 12:13:35.957031  6267 row-batch.cc:508] [(2598 true 8 8 8 80 8.800000190734863 80.8 09/17/09 8 2009-09-17 02:48:07.480000000 2009 9)]
I0212 12:13:35.957062  6267 row-batch.cc:508] [(2597 false 7 7 7 70 7.699999809265137 70.7 09/17/09 7 2009-09-17 02:47:07.410000000 2009 9)]
I0212 12:13:35.957077  6267 row-batch.cc:508] [(2596 true 6 6 6 60 6.599999904632568 60.59999999999999 09/17/09 6 2009-09-17 02:46:07.350000000 2009 9)]
I0212 12:13:35.957089  6267 row-batch.cc:508] [(2595 false 5 5 5 50 5.5 50.5 09/17/09 5 2009-09-17 02:45:07.300000000 2009 9)]
I0212 12:13:35.957103  6267 row-batch.cc:508] [(2594 true 4 4 4 40 4.400000095367432 40.4 09/17/09 4 2009-09-17 02:44:07.260000000 2009 9)]
I0212 12:13:35.957129  6267 row-batch.cc:508] [(2593 false 3 3 3 30 3.299999952316284 30.3 09/17/09 3 2009-09-17 02:43:07.230000000 2009 9)]
I0212 12:13:35.957142  6267 row-batch.cc:508] [(2592 true 2 2 2 20 2.200000047683716 20.2 09/17/09 2 2009-09-17 02:42:07.210000000 2009 9)]
I0212 12:13:35.957155  6267 row-batch.cc:508] [(2591 false 1 1 1 10 1.100000023841858 10.1 09/17/09 1 2009-09-17 02:41:07.200000000 2009 9)]
I0212 12:13:35.957181  6267 row-batch.cc:508] [(2590 true 0 0 0 0 0 0 09/17/09 0 2009-09-17 02:40:07.200000000 2009 9)]
I0212 12:13:35.957195  6267 row-batch.cc:508] [(2589 false 9 9 9 90 9.899999618530273 90.89999999999999 09/16/09 9 2009-09-16 02:39:07.110000000 2009 9)]
I0212 12:13:35.957207  6267 row-batch.cc:508] [(2547 false 7 7 7 70 7.699999809265137 70.7 09/12/09 7 2009-09-12 01:57:05.160000000 2009 9)]
I0212 12:13:35.957226  6267 row-batch.cc:508] [(2546 true 6 6 6 60 6.599999904632568 60.59999999999999 09/12/09 6 2009-09-12 01:56:05.100000000 2009 9)]
I0212 12:13:35.957239  6267 row-batch.cc:508] [(2545 false 5 5 5 50 5.5 50.5 09/12/09 5 2009-09-12 01:55:05.500000000 2009 9)]
I0212 12:13:35.957264  6267 row-batch.cc:508] [(2544 true 4 4 4 40 4.400000095367432 40.4 09/12/09 4 2009-09-12 01:54:05.100000000 2009 9)]
I0212 12:13:35.957278  6267 row-batch.cc:508] [(2543 false 3 3 3 30 3.299999952316284 30.3 09/12/09 3 2009-09-12 01:53:04.980000000 2009 9)]
I0212 12:13:35.957304  6267 row-batch.cc:508] [(2542 true 2 2 2 20 2.200000047683716 20.2 09/12/09 2 2009-09-12 01:52:04.960000000 2009 9)]
I0212 12:13:35.957317  6267 row-batch.cc:508] [(2541 false 1 1 1 10 1.100000023841858 10.1 09/12/09 1 2009-09-12 01:51:04.950000000 2009 9)]
I0212 12:13:35.957329  6267 row-batch.cc:508] [(2540 true 0 0 0 0 0 0 09/12/09 0 2009-09-12 01:50:04.950000000 2009 9)]
I0212 12:13:35.957342  6267 row-batch.cc:508] [(2539 false 9 9 9 90 9.899999618530273 90.89999999999999 09/11/09 9 2009-09-11 01:49:04.860000000 2009 9)]
I0212 12:13:35.957355  6267 row-batch.cc:508] [(2538 true 8 8 8 80 8.800000190734863 80.8 09/11/09 8 2009-09-11 01:48:04.780000000 2009 9)]
I0212 12:13:35.957367  6267 row-batch.cc:508] [(2537 false 7 7 7 70 7.699999809265137 70.7 09/11/09 7 2009-09-11 01:47:04.710000000 2009 9)]
I0212 12:13:35.957381  6267 row-batch.cc:508] [(2536 true 6 6 6 60 6.599999904632568 60.59999999999999 09/11/09 6 2009-09-11 01:46:04.650000000 2009 9)]
I0212 12:13:35.957393  6267 row-batch.cc:508] [(2535 false 5 5 5 50 5.5 50.5 09/11/09 5 2009-09-11 01:45:04.600000000 2009 9)]
I0212 12:13:35.957406  6267 row-batch.cc:508] [(2534 true 4 4 4 40 4.400000095367432 40.4 09/11/09 4 2009-09-11 01:44:04.560000000 2009 9)]
I0212 12:13:35.957418  6267 row-batch.cc:508] [(2533 false 3 3 3 30 3.299999952316284 30.3 09/11/09 3 2009-09-11 01:43:04.530000000 2009 9)]
I0212 12:13:35.957432  6267 row-batch.cc:508] [(2532 true 2 2 2 20 2.200000047683716 20.2 09/11/09 2 2009-09-11 01:42:04.510000000 2009 9)]
I0212 12:13:35.957444  6267 row-batch.cc:508] [(2531 false 1 1 1 10 1.100000023841858 10.1 09/11/09 1 2009-09-11 01:41:04.500000000 2009 9)]
I0212 12:13:35.957456  6267 row-batch.cc:508] [(2530 true 0 0 0 0 0 0 09/11/09 0 2009-09-11 01:40:04.500000000 2009 9)]
I0212 12:13:35.957468  6267 row-batch.cc:508] [(2529 false 9 9 9 90 9.899999618530273 90.89999999999999 09/10/09 9 2009-09-10 01:39:04.410000000 2009 9)]
I0212 12:13:35.957481  6267 row-batch.cc:508] [(2528 true 8 8 8 80 8.800000190734863 80.8 09/10/09 8 2009-09-10 01:38:04.330000000 2009 9)]
I0212 12:13:35.957494  6267 row-batch.cc:508] [(2527 false 7 7 7 70 7.699999809265137 70.7 09/10/09 7 2009-09-10 01:37:04.260000000 2009 9)]
I0212 12:13:35.957507  6267 row-batch.cc:508] [(2526 true 6 6 6 60 6.599999904632568 60.59999999999999 09/10/09 6 2009-09-10 01:36:04.200000000 2009 9)]
I0212 12:13:35.957520  6267 row-batch.cc:508] [(2525 false 5 5 5 50 5.5 50.5 09/10/09 5 2009-09-10 01:35:04.150000000 2009 9)]
I0212 12:13:35.957532  6267 row-batch.cc:508] [(2524 true 4 4 4 40 4.400000095367432 40.4 09/10/09 4 2009-09-10 01:34:04.110000000 2009 9)]
I0212 12:13:35.957545  6267 row-batch.cc:508] [(2523 false 3 3 3 30 3.299999952316284 30.3 09/10/09 3 2009-09-10 01:33:04.800000000 2009 9)]
I0212 12:13:35.957557  6267 row-batch.cc:508] [(2522 true 2 2 2 20 2.200000047683716 20.2 09/10/09 2 2009-09-10 01:32:04.600000000 2009 9)]
I0212 12:13:35.957571  6267 row-batch.cc:508] [(2521 false 1 1 1 10 1.100000023841858 10.1 09/10/09 1 2009-09-10 01:31:04.500000000 2009 9)]
I0212 12:13:35.957583  6267 row-batch.cc:508] [(2566 true 6 6 6 60 6.599999904632568 60.59999999999999 09/14/09 6 2009-09-14 02:16:06 2009 9)]
I0212 12:13:35.957595  6267 row-batch.cc:508] [(2565 false 5 5 5 50 5.5 50.5 09/14/09 5 2009-09-14 02:15:05.950000000 2009 9)]
I0212 12:13:35.957608  6267 row-batch.cc:508] [(2564 true 4 4 4 40 4.400000095367432 40.4 09/14/09 4 2009-09-14 02:14:05.910000000 2009 9)]
I0212 12:13:35.957621  6267 row-batch.cc:508] [(2563 false 3 3 3 30 3.299999952316284 30.3 09/14/09 3 2009-09-14 02:13:05.880000000 2009 9)]
I0212 12:13:35.957640  6267 row-batch.cc:508] [(2562 true 2 2 2 20 2.200000047683716 20.2 09/14/09 2 2009-09-14 02:12:05.860000000 2009 9)]
I0212 12:13:35.957653  6267 row-batch.cc:508] [(2561 false 1 1 1 10 1.100000023841858 10.1 09/14/09 1 2009-09-14 02:11:05.850000000 2009 9)]
I0212 12:13:35.957665  6267 row-batch.cc:508] [(2560 true 0 0 0 0 0 0 09/14/09 0 2009-09-14 02:10:05.850000000 2009 9)]
I0212 12:13:35.957671  6015 handle-cache.inline.h:33] hdfsOpenFile() file=hdfs://localhost:20500/test-warehouse/alltypes_parquet/year=2010/month=11/4a4bdc025cd5afb4-a47df1b500000004_848281016_data.0.parq fid=0xe92a350
I0212 12:13:35.957679  6267 row-batch.cc:508] [(2559 false 9 9 9 90 9.899999618530273 90.89999999999999 09/13/09 9 2009-09-13 02:09:05.760000000 2009 9)]
I0212 12:13:35.957691  6267 row-batch.cc:508] [(2558 true 8 8 8 80 8.800000190734863 80.8 09/13/09 8 2009-09-13 02:08:05.680000000 2009 9)]
I0212 12:13:35.957705  6267 row-batch.cc:508] [(2548 true 8 8 8 80 8.800000190734863 80.8 09/12/09 8 2009-09-12 01:58:05.230000000 2009 9)]
I0212 12:13:35.957717  6267 row-batch.cc:508] [(2549 false 9 9 9 90 9.899999618530273 90.89999999999999 09/12/09 9 2009-09-12 01:59:05.310000000 2009 9)]
I0212 12:13:35.957726  6015 handle-cache.inline.h:38] hdfsCloseFile() fid=0xe92a350
I0212 12:13:35.957731  6267 row-batch.cc:508] [(2550 true 0 0 0 0 0 0 09/13/09 0 2009-09-13 02:00:05.400000000 2009 9)]
I0212 12:13:35.957746  6267 row-batch.cc:508] [(2551 false 1 1 1 10 1.100000023841858 10.1 09/13/09 1 2009-09-13 02:01:05.400000000 2009 9)]
I0212 12:13:35.957758  6267 row-batch.cc:508] [(2552 true 2 2 2 20 2.200000047683716 20.2 09/13/09 2 2009-09-13 02:02:05.410000000 2009 9)]
I0212 12:13:35.957764  6015 disk-io-mgr.cc:811] Disk (id=2) reading for 
  RequestContext: 0xf1911e0 (state=Active status_=OK #ready_buffers=0 #used_buffers=0 #num_buffers_in_reader=3 #finished_scan_ranges=16 #disk_with_ranges=3 #disks=3
   0: is_on_queue=0 done=0 #num_remaining_scan_ranges=9 #in_flight_ranges=0 #unstarted_scan_ranges=8 #unstarted_write_ranges=0 #reading_threads=0
   1: is_on_queue=0 done=0 #num_remaining_scan_ranges=6 #in_flight_ranges=0 #unstarted_scan_ranges=5 #unstarted_write_ranges=0 #reading_threads=0
   2: is_on_queue=0 done=0 #num_remaining_scan_ranges=15 #in_flight_ranges=8 #unstarted_scan_ranges=6 #unstarted_write_ranges=0 #reading_threads=1
   3: is_on_queue=0 done=1 #num_remaining_scan_ranges=0 #in_flight_ranges=0 #unstarted_scan_ranges=0 #unstarted_write_ranges=0 #reading_threads=0
   4: is_on_queue=0 done=1 #num_remaining_scan_ranges=0 #in_flight_ranges=0 #unstarted_scan_ranges=0 #unstarted_write_ranges=0 #reading_threads=0
   5: is_on_queue=0 done=1 #num_remaining_scan_ranges=0 #in_flight_ranges=0 #unstarted_scan_ranges=0 #unstarted_write_ranges=0 #reading_threads=0)
I0212 12:13:35.957785  6267 row-batch.cc:508] [(2553 false 3 3 3 30 3.299999952316284 30.3 09/13/09 3 2009-09-13 02:03:05.430000000 2009 9)]
I0212 12:13:35.957798  6267 row-batch.cc:508] [(2554 true 4 4 4 40 4.400000095367432 40.4 09/13/09 4 2009-09-13 02:04:05.460000000 2009 9)]
I0212 12:13:35.957811  6267 row-batch.cc:508] [(2555 false 5 5 5 50 5.5 50.5 09/13/09 5 2009-09-13 02:05:05.500000000 2009 9)]
I0212 12:13:35.957813  6270 parquet-column-readers.cc:1020] Decompressed 42 to 40
I0212 12:13:35.957824  6267 row-batch.cc:508] [(2556 true 6 6 6 60 6.599999904632568 60.59999999999999 09/13/09 6 2009-09-13 02:06:05.550000000 2009 9)]
I0212 12:13:35.957837  6267 row-batch.cc:508] [(2557 false 7 7 7 70 7.699999809265137 70.7 09/13/09 7 2009-09-13 02:07:05.610000000 2009 9)]
I0212 12:13:35.957840  6267 data-stream-sender.cc:511] serializing 300 rows
I0212 12:13:35.958030  6267 row-batch.cc:281] uncompressed size: 29700, compressed size: 10680
I0212 12:13:35.958035  6267 data-stream-sender.cc:168] Channel::SendBatch() instance_id=9648ecffbc0c5935:64afd51e00000000 dest_node=1 #rows=300
I0212 12:13:35.958053  6268 data-stream-sender.cc:196] Channel::TransmitData() instance_id=9648ecffbc0c5935:64afd51e00000000 dest_node=1 #rows=300
I0212 12:13:35.958065  6267 row-batch.cc:506] FragmentInstanceState::ExecInternal(): #rows=0
I0212 12:13:35.958084  6268 client-cache.cc:46] GetClient(gaborkaszabdesktop:22000)
I0212 12:13:35.958102  6268 client-cache.cc:56] GetClient(): returning cached client for gaborkaszabdesktop:22000
I0212 12:13:35.958107  6267 row-batch.cc:506] FragmentInstanceState::ExecInternal(): #rows=0
I0212 12:13:35.958150  6256 rpc-trace.cc:190] RPC call: ImpalaInternalService.TransmitData(from ::ffff:127.0.0.1:55074)
I0212 12:13:35.958186  6256 impala-server.cc:1172] TransmitData(): instance_id=9648ecffbc0c5935:64afd51e00000000 node_id=1 #rows=300 sender_id=0 eos=false
I0212 12:13:35.958190  6256 data-stream-mgr.cc:173] AddData(): fragment_instance_id=9648ecffbc0c5935:64afd51e00000000 node=1 size=32100
I0212 12:13:35.958194  6256 data-stream-mgr.cc:152] looking up fragment_instance_id=9648ecffbc0c5935:64afd51e00000000, node=1
I0212 12:13:35.958624  6015 handle-cache.inline.h:33] hdfsOpenFile() file=hdfs://localhost:20500/test-warehouse/alltypes_parquet/year=2010/month=11/4a4bdc025cd5afb4-a47df1b500000004_848281016_data.0.parq fid=0xe92a350
I0212 12:13:35.958679  6015 handle-cache.inline.h:38] hdfsCloseFile() fid=0xe92a350
I0212 12:13:35.958719  6015 disk-io-mgr.cc:811] Disk (id=2) reading for 
  RequestContext: 0xf1911e0 (state=Active status_=OK #ready_buffers=0 #used_buffers=0 #num_buffers_in_reader=4 #finished_scan_ranges=17 #disk_with_ranges=3 #disks=3
   0: is_on_queue=0 done=0 #num_remaining_scan_ranges=9 #in_flight_ranges=0 #unstarted_scan_ranges=8 #unstarted_write_ranges=0 #reading_threads=0
   1: is_on_queue=0 done=0 #num_remaining_scan_ranges=6 #in_flight_ranges=0 #unstarted_scan_ranges=5 #unstarted_write_ranges=0 #reading_threads=0
   2: is_on_queue=0 done=0 #num_remaining_scan_ranges=14 #in_flight_ranges=7 #unstarted_scan_ranges=6 #unstarted_write_ranges=0 #reading_threads=1
   3: is_on_queue=0 done=1 #num_remaining_scan_ranges=0 #in_flight_ranges=0 #unstarted_scan_ranges=0 #unstarted_write_ranges=0 #reading_threads=0
   4: is_on_queue=0 done=1 #num_remaining_scan_ranges=0 #in_flight_ranges=0 #unstarted_scan_ranges=0 #unstarted_write_ranges=0 #reading_threads=0
   5: is_on_queue=0 done=1 #num_remaining_scan_ranges=0 #in_flight_ranges=0 #unstarted_scan_ranges=0 #unstarted_write_ranges=0 #reading_threads=0)
I0212 12:13:35.958721  6270 parquet-column-readers.cc:1020] Decompressed 42 to 40
I0212 12:13:35.959539  6015 handle-cache.inline.h:33] hdfsOpenFile() file=hdfs://localhost:20500/test-warehouse/alltypes_parquet/year=2010/month=11/4a4bdc025cd5afb4-a47df1b500000004_848281016_data.0.parq fid=0xe92a350
I0212 12:13:35.959591  6015 handle-cache.inline.h:38] hdfsCloseFile() fid=0xe92a350
I0212 12:13:35.959630  6015 disk-io-mgr.cc:811] Disk (id=2) reading for 
  RequestContext: 0xf1911e0 (state=Active status_=OK #ready_buffers=0 #used_buffers=0 #num_buffers_in_reader=5 #finished_scan_ranges=18 #disk_with_ranges=3 #disks=3
   0: is_on_queue=0 done=0 #num_remaining_scan_ranges=9 #in_flight_ranges=0 #unstarted_scan_ranges=8 #unstarted_write_ranges=0 #reading_threads=0
   1: is_on_queue=0 done=0 #num_remaining_scan_ranges=6 #in_flight_ranges=0 #unstarted_scan_ranges=5 #unstarted_write_ranges=0 #reading_threads=0
   2: is_on_queue=0 done=0 #num_remaining_scan_ranges=13 #in_flight_ranges=6 #unstarted_scan_ranges=6 #unstarted_write_ranges=0 #reading_threads=1
   3: is_on_queue=0 done=1 #num_remaining_scan_ranges=0 #in_flight_ranges=0 #unstarted_scan_ranges=0 #unstarted_write_ranges=0 #reading_threads=0
   4: is_on_queue=0 done=1 #num_remaining_scan_ranges=0 #in_flight_ranges=0 #unstarted_scan_ranges=0 #unstarted_write_ranges=0 #reading_threads=0
   5: is_on_queue=0 done=1 #num_remaining_scan_ranges=0 #in_flight_ranges=0 #unstarted_scan_ranges=0 #unstarted_write_ranges=0 #reading_threads=0)
I0212 12:13:35.959632  6270 parquet-column-readers.cc:1020] Decompressed 42 to 40
I0212 12:13:35.960451  6015 handle-cache.inline.h:33] hdfsOpenFile() file=hdfs://localhost:20500/test-warehouse/alltypes_parquet/year=2010/month=11/4a4bdc025cd5afb4-a47df1b500000004_848281016_data.0.parq fid=0xe92a350
I0212 12:13:35.960570  6015 handle-cache.inline.h:38] hdfsCloseFile() fid=0xe92a350
I0212 12:13:35.960628  6015 disk-io-mgr.cc:811] Disk (id=2) reading for 
  RequestContext: 0xf1911e0 (state=Active status_=OK #ready_buffers=1 #used_buffers=1 #num_buffers_in_reader=5 #finished_scan_ranges=18 #disk_with_ranges=3 #disks=3
   0: is_on_queue=0 done=0 #num_remaining_scan_ranges=9 #in_flight_ranges=0 #unstarted_scan_ranges=8 #unstarted_write_ranges=0 #reading_threads=0
   1: is_on_queue=0 done=0 #num_remaining_scan_ranges=6 #in_flight_ranges=0 #unstarted_scan_ranges=5 #unstarted_write_ranges=0 #reading_threads=0
   2: is_on_queue=0 done=0 #num_remaining_scan_ranges=12 #in_flight_ranges=5 #unstarted_scan_ranges=6 #unstarted_write_ranges=0 #reading_threads=1
   3: is_on_queue=0 done=1 #num_remaining_scan_ranges=0 #in_flight_ranges=0 #unstarted_scan_ranges=0 #unstarted_write_ranges=0 #reading_threads=0
   4: is_on_queue=0 done=1 #num_remaining_scan_ranges=0 #in_flight_ranges=0 #unstarted_scan_ranges=0 #unstarted_write_ranges=0 #reading_threads=0
   5: is_on_queue=0 done=1 #num_remaining_scan_ranges=0 #in_flight_ranges=0 #unstarted_scan_ranges=0 #unstarted_write_ranges=0 #reading_threads=0)
I0212 12:13:35.960664  6270 parquet-column-readers.cc:1020] Decompressed 50 to 80
I0212 12:13:35.961513  6015 handle-cache.inline.h:33] hdfsOpenFile() file=hdfs://localhost:20500/test-warehouse/alltypes_parquet/year=2010/month=11/4a4bdc025cd5afb4-a47df1b500000004_848281016_data.0.parq fid=0xe92a350
I0212 12:13:35.961567  6015 handle-cache.inline.h:38] hdfsCloseFile() fid=0xe92a350
I0212 12:13:35.961619  6015 disk-io-mgr.cc:811] Disk (id=2) reading for 
  RequestContext: 0xf1911e0 (state=Active status_=OK #ready_buffers=0 #used_buffers=0 #num_buffers_in_reader=7 #finished_scan_ranges=20 #disk_with_ranges=3 #disks=3
   0: is_on_queue=0 done=0 #num_remaining_scan_ranges=9 #in_flight_ranges=0 #unstarted_scan_ranges=8 #unstarted_write_ranges=0 #reading_threads=0
   1: is_on_queue=0 done=0 #num_remaining_scan_ranges=6 #in_flight_ranges=0 #unstarted_scan_ranges=5 #unstarted_write_ranges=0 #reading_threads=0
   2: is_on_queue=0 done=0 #num_remaining_scan_ranges=11 #in_flight_ranges=4 #unstarted_scan_ranges=6 #unstarted_write_ranges=0 #reading_threads=1
   3: is_on_queue=0 done=1 #num_remaining_scan_ranges=0 #in_flight_ranges=0 #unstarted_scan_ranges=0 #unstarted_write_ranges=0 #reading_threads=0
   4: is_on_queue=0 done=1 #num_remaining_scan_ranges=0 #in_flight_ranges=0 #unstarted_scan_ranges=0 #unstarted_write_ranges=0 #reading_threads=0
   5: is_on_queue=0 done=1 #num_remaining_scan_ranges=0 #in_flight_ranges=0 #unstarted_scan_ranges=0 #unstarted_write_ranges=0 #reading_threads=0)
I0212 12:13:35.961643  6270 parquet-column-readers.cc:1020] Decompressed 42 to 40
I0212 12:13:35.962061  6266 status.cc:58] Debug Action: FAIL
    @          0x1668698  impala::Status::Status()
    @          0x1b7f403  impala::ExecNode::ExecDebugActionImpl()
    @          0x1b80b6d  impala::ExecNode::ExecDebugAction()
    @          0x1b7b7e6  impala::ExecNode::Prepare()
    @          0x1b8674f  impala::ExchangeNode::Prepare()
    @          0x18c085c  impala::FragmentInstanceState::Prepare()
    @          0x18bf4b3  impala::FragmentInstanceState::Exec()
    @          0x18a8383  impala::QueryState::ExecFInstance()
    @          0x18a6c1c  _ZZN6impala10QueryState15StartFInstancesEvENKUlvE_clEv
    @          0x18a8f9d  _ZN5boost6detail8function26void_function_obj_invoker0IZN6impala10QueryState15StartFInstancesEvEUlvE_vE6invokeERNS1_15function_bufferE
    @          0x17f0c88  boost::function0<>::operator()()
    @          0x1aebd61  impala::Thread::SuperviseThread()
    @          0x1af4a76  boost::_bi::list4<>::operator()<>()
    @          0x1af49b9  boost::_bi::bind_t<>::operator()()
    @          0x1af497c  boost::detail::thread_data<>::run()
    @          0x2db16da  thread_proxy
    @     0x7f1f7777b184  start_thread
    @     0x7f1f774a7ffd  clone
I0212 12:13:35.962106  6266 fragment-instance-state.cc:370] Reporting final profile for instance 9648ecffbc0c5935:64afd51e00000000
I0212 12:13:35.962146  6265 query-exec-mgr.cc:149] ReleaseQueryState(): query_id=9648ecffbc0c5935:64afd51e00000000 refcnt=4
I0212 12:13:35.962208  6266 fragment-instance-state.cc:374] Fragment 9648ecffbc0c5935:64afd51e00000000:(Total: 36.469ms, non-child: 0.000ns, % non-child: 0.00%)
  Fragment Instance Lifecycle Event Timeline: 36.483ms
ExecInternal Finished: 36.615ms (36.615ms)
AverageThreadTokens: 0.00 
BloomFilterBytes: 0
PeakMemoryUsage: 0
PeakReservation: 0
PeakUsedReservation: 0
TotalNetworkReceiveTime: 0.000ns
TotalNetworkSendTime: 0.000ns
TotalStorageWaitTime: 0.000ns
TotalThreadsInvoluntaryContextSwitches: 0 (0)
TotalThreadsTotalWallClockTime: 0.000ns
TotalThreadsSysTime: 0.000ns
TotalThreadsUserTime: 0.000ns
TotalThreadsVoluntaryContextSwitches: 0 (0)
  Fragment Instance Lifecycle Timings:
PrepareTime: 36.433ms
ExecTreePrepareTime: 36.390ms
I0212 12:13:35.962254  6266 client-cache.cc:46] GetClient(gaborkaszabdesktop:22000)
I0212 12:13:35.962260  6266 client-cache.cc:56] GetClient(): returning cached client for gaborkaszabdesktop:22000
I0212 12:13:35.962306  6255 rpc-trace.cc:190] RPC call: ImpalaInternalService.ReportExecStatus(from ::ffff:127.0.0.1:55072)
I0212 12:13:35.962327  6264 impala-server.cc:991] UnregisterQuery(): query_id=9648ecffbc0c5935:64afd51e00000000
I0212 12:13:35.962332  6264 impala-server.cc:1074] Cancel(): query_id=9648ecffbc0c5935:64afd51e00000000
I0212 12:13:35.962338  6264 coordinator.cc:898] Cancel() query_id=9648ecffbc0c5935:64afd51e00000000
I0212 12:13:35.962343  6264 coordinator-backend-state.cc:355] sending CancelQueryFInstances rpc for query_id=9648ecffbc0c5935:64afd51e00000000 backend=gaborkaszabdesktop:22000
I0212 12:13:35.962347  6264 client-cache.cc:46] GetClient(gaborkaszabdesktop:22000)
I0212 12:13:35.962348  6255 impala-server.cc:1151] ReportExecStatus() coord_state_idx=0
I0212 12:13:35.962352  6255 coordinator.cc:920] UpdateBackendExecStatus()  backend_idx=0
I0212 12:13:35.962361  6264 client-cache.cc:112] CreateClient(): creating new client for gaborkaszabdesktop:22000
I0212 12:13:35.962671  6079 thread.cc:324] Started thread 6271 - thrift-server:backend-6
I0212 12:13:35.962690  6271 rpc-trace.cc:190] RPC call: ImpalaInternalService.CancelQueryFInstances(from ::ffff:127.0.0.1:55078)
I0212 12:13:35.962697  6271 impala-internal-service.cc:63] CancelQueryFInstances(): query_id=9648ecffbc0c5935:64afd51e00000000
I0212 12:13:35.962705  6271 query-exec-mgr.cc:92] QueryState: query_id=9648ecffbc0c5935:64afd51e00000000 refcnt=4
I0212 12:13:35.962708  6271 query-state.cc:403] Cancel: query_id=9648ecffbc0c5935:64afd51e00000000
I0212 12:13:35.962713  6271 data-stream-mgr.cc:279] cancelling all streams for fragment=9648ecffbc0c5935:64afd51e00000001
I0212 12:13:35.962718  6271 data-stream-mgr.cc:279] cancelling all streams for fragment=9648ecffbc0c5935:64afd51e00000000
I0212 12:13:35.962719  6271 query-exec-mgr.cc:149] ReleaseQueryState(): query_id=9648ecffbc0c5935:64afd51e00000000 refcnt=4
I0212 12:13:35.962733  6271 rpc-trace.cc:200] RPC call: backend:ImpalaInternalService.CancelQueryFInstances from ::ffff:127.0.0.1:55078 took 0.000ns
I0212 12:13:35.962738  6264 client-cache.cc:148] Releasing client for gaborkaszabdesktop:22000 back to cache
I0212 12:13:35.962764  6264 coordinator.cc:908] CancelBackends() query_id=9648ecffbc0c5935:64afd51e00000000, tried to cancel 1 backends
I0212 12:13:35.962779  6264 coordinator.cc:1092] Release admssion control resources for query 9648ecffbc0c5935:64afd51e00000000
I0212 12:13:35.962805  6264 admission-controller.cc:316] Update admitted mem reserved for host=gaborkaszabdesktop:22000 prev=64.00 MB new=0
I0212 12:13:35.962815  6264 admission-controller.cc:620] Released query id=9648ecffbc0c5935:64afd51e00000000 agg_num_running=0, agg_num_queued=0, agg_mem_reserved=605.31 KB,  local_host(local_mem_admitted=0, num_admitted_running=0, num_queued=0, backend_mem_reserved=605.31 KB)
I0212 12:13:35.962891  6015 handle-cache.inline.h:33] hdfsOpenFile() file=hdfs://localhost:20500/test-warehouse/alltypes_parquet/year=2010/month=11/4a4bdc025cd5afb4-a47df1b500000004_848281016_data.0.parq fid=0xe92a350
I0212 12:13:35.962904  6255 rpc-trace.cc:200] RPC call: backend:ImpalaInternalService.ReportExecStatus from ::ffff:127.0.0.1:55072 took 1.000ms
I0212 12:13:35.962960  6015 handle-cache.inline.h:38] hdfsCloseFile() fid=0xe92a350
I0212 12:13:35.963019  6015 disk-io-mgr.cc:811] Disk (id=2) reading for 
  RequestContext: 0xf1911e0 (state=Active status_=OK #ready_buffers=0 #used_buffers=0 #num_buffers_in_reader=8 #finished_scan_ranges=21 #disk_with_ranges=3 #disks=3
   0: is_on_queue=0 done=0 #num_remaining_scan_ranges=9 #in_flight_ranges=0 #unstarted_scan_ranges=8 #unstarted_write_ranges=0 #reading_threads=0
   1: is_on_queue=0 done=0 #num_remaining_scan_ranges=6 #in_flight_ranges=0 #unstarted_scan_ranges=5 #unstarted_write_ranges=0 #reading_threads=0
   2: is_on_queue=0 done=0 #num_remaining_scan_ranges=10 #in_flight_ranges=3 #unstarted_scan_ranges=6 #unstarted_write_ranges=0 #reading_threads=1
   3: is_on_queue=0 done=1 #num_remaining_scan_ranges=0 #in_flight_ranges=0 #unstarted_scan_ranges=0 #unstarted_write_ranges=0 #reading_threads=0
   4: is_on_queue=0 done=1 #num_remaining_scan_ranges=0 #in_flight_ranges=0 #unstarted_scan_ranges=0 #unstarted_write_ranges=0 #reading_threads=0
   5: is_on_queue=0 done=1 #num_remaining_scan_ranges=0 #in_flight_ranges=0 #unstarted_scan_ranges=0 #unstarted_write_ranges=0 #reading_threads=0)
I0212 12:13:35.963027  6270 parquet-column-readers.cc:1020] Decompressed 61 to 80
I0212 12:13:35.963071  6267 row-batch.cc:506] FragmentInstanceState::ExecInternal(): #rows=0
I0212 12:13:35.963155  6266 client-cache.cc:148] Releasing client for gaborkaszabdesktop:22000 back to cache
I0212 12:13:35.963382  6267 thread.cc:324] Started thread 6272 - fragment-execution:scanner-thread (finst:9648ecffbc0c5935:64afd51e00000001, plan-node-id:0, thread-idx:1)
I0212 12:13:35.963837  6264 query-exec-mgr.cc:149] ReleaseQueryState(): query_id=9648ecffbc0c5935:64afd51e00000000 refcnt=3
I0212 12:13:35.963847  6267 thread.cc:324] Started thread 6273 - fragment-execution:scanner-thread (finst:9648ecffbc0c5935:64afd51e00000001, plan-node-id:0, thread-idx:2)
I0212 12:13:35.963866  6269 fragment-instance-state.cc:362] exiting reporting thread: instance_id=9648ecffbc0c5935:64afd51e00000001
I0212 12:13:35.963907  6267 fragment-instance-state.cc:370] Reporting final profile for instance 9648ecffbc0c5935:64afd51e00000001
I0212 12:13:35.963937  6014 disk-io-mgr.cc:811] Disk (id=1) reading for 
  RequestContext: 0xf1911e0 (state=Active status_=OK #ready_buffers=0 #used_buffers=1 #num_buffers_in_reader=0 #finished_scan_ranges=21 #disk_with_ranges=3 #disks=3
   0: is_on_queue=0 done=0 #num_remaining_scan_ranges=9 #in_flight_ranges=0 #unstarted_scan_ranges=8 #unstarted_write_ranges=0 #reading_threads=0
   1: is_on_queue=0 done=0 #num_remaining_scan_ranges=6 #in_flight_ranges=1 #unstarted_scan_ranges=5 #unstarted_write_ranges=0 #reading_threads=1
   2: is_on_queue=1 done=0 #num_remaining_scan_ranges=10 #in_flight_ranges=2 #unstarted_scan_ranges=6 #unstarted_write_ranges=0 #reading_threads=1
   3: is_on_queue=0 done=1 #num_remaining_scan_ranges=0 #in_flight_ranges=0 #unstarted_scan_ranges=0 #unstarted_write_ranges=0 #reading_threads=0
   4: is_on_queue=0 done=1 #num_remaining_scan_ranges=0 #in_flight_ranges=0 #unstarted_scan_ranges=0 #unstarted_write_ranges=0 #reading_threads=0
   5: is_on_queue=0 done=1 #num_remaining_scan_ranges=0 #in_flight_ranges=0 #unstarted_scan_ranges=0 #unstarted_write_ranges=0 #reading_threads=0)
I0212 12:13:35.963989  6264 rpc-trace.cc:200] RPC call: beeswax:BeeswaxService.query from ::ffff:127.0.0.1:35800 took 56.000ms
I0212 12:13:35.964123  6015 handle-cache.inline.h:33] hdfsOpenFile() file=hdfs://localhost:20500/test-warehouse/alltypes_parquet/year=2010/month=11/4a4bdc025cd5afb4-a47df1b500000004_848281016_data.0.parq fid=0xe92a350
I0212 12:13:35.964211  6267 fragment-instance-state.cc:374] Fragment 9648ecffbc0c5935:64afd51e00000001:(Total: 36.992ms, non-child: 0.000ns, % non-child: 0.00%)
  Hdfs split stats (<volume id>:<# splits>/<split lengths>): 2:8/63.13 KB 0:10/78.85 KB 1:6/47.43 KB 
  Fragment Instance Lifecycle Event Timeline: 37.789ms
Prepare Finished: 1.137ms (1.137ms)
First Batch Produced: 28.145ms (27.008ms)
First Batch Sent: 32.555ms (4.409ms)
ExecInternal Finished: 37.616ms (5.061ms)
AverageThreadTokens: 0.00 
BloomFilterBytes: 0
PeakMemoryUsage: 842.58 KB (862797)
PeakReservation: 0
PeakUsedReservation: 0
PerHostPeakMemUsage: 0
RowsProduced: 300 (300)
TotalNetworkReceiveTime: 0.000ns
TotalNetworkSendTime: 241.000ns
TotalStorageWaitTime: 14.210ms
TotalThreadsInvoluntaryContextSwitches: 17 (17)
TotalThreadsTotalWallClockTime: 36.470ms
TotalThreadsSysTime: 0.000ns
TotalThreadsUserTime: 24.000ms
TotalThreadsVoluntaryContextSwitches: 6 (6)
  Fragment Instance Lifecycle Timings:
ExecTime: 16.733ms
ExecTreeExecTime: 12.281ms
OpenTime: 19.743ms
ExecTreeOpenTime: 100.439us
PrepareTime: 475.592us
ExecTreePrepareTime: 229.390us
  DataStreamSender (dst_id=1):(Total: 286.024us, non-child: 0.000ns, % non-child: 0.00%)
BytesSent: 11.61 KB (11884)
NetworkThroughput(*): 433.09 MB/sec
OverallThroughput: 39.62 MB/sec
PeakMemoryUsage: 1.42 KB (1456)
RowsReturned: 300 (300)
SerializeBatchTime: 190.348us
TransmitDataRPCTime: 26.169us
UncompressedRowBatchSize: 31.35 KB (32100)
  HDFS_SCAN_NODE (id=0):(Total: 12.860ms, non-child: 0.000ns, % non-child: 0.00%)
    Hdfs split stats (<volume id>:<# splits>/<split lengths>): 2:8/63.13 KB 0:10/78.85 KB 1:6/47.43 KB 
    ExecOption: PARQUET Codegen Enabled, Codegen enabled: 2 out of 2
    Hdfs Read Thread Concurrency Bucket: 0:0% 1:0% 2:0% 3:0% 4:0% 5:0% 6:0% 
    File Formats: PARQUET/SNAPPY:1 
FooterProcessingTime: (Avg: 1.293ms ; Min: 1.062ms ; Max: 1.523ms ; Number of samples: 2)
AverageHdfsReadThreadConcurrency: 0.00 
AverageScannerThreadConcurrency: 0.00 
BytesRead: 24.41 KB (24996)
BytesReadDataNodeCache: 0
BytesReadLocal: 24.41 KB (24996)
BytesReadRemoteUnexpected: 0
BytesReadShortCircuit: 24.41 KB (24996)
CachedFileHandlesHitCount: 0 (0)
CachedFileHandlesMissCount: 21 (21)
CollectionItemsRead: 0 (0)
DecompressionTime: 41.997us
MaxCompressedTextFileLength: 0
NumColumns: 11 (11)
NumDictFilteredRowGroups: 0 (0)
NumDisksAccessed: 2 (2)
NumRowGroups: 2 (2)
NumScannerThreadsStarted: 3 (3)
NumScannersWithNoReads: 0 (0)
NumStatsFilteredRowGroups: 0 (0)
PeakMemoryUsage: 832.75 KB (852734)
PerReadThreadRawHdfsThroughput: 34.47 MB/sec
RemoteScanRanges: 0 (0)
RowBatchQueueGetWaitTime: 11.942ms
RowBatchQueuePutWaitTime: 0.000ns
RowsRead: 300 (300)
RowsReturned: 300 (300)
RowsReturnedRate: 23.33 K/sec
ScanRangesComplete: 1 (1)
ScannerThreadsInvoluntaryContextSwitches: 0 (0)
ScannerThreadsTotalWallClockTime: 0.000ns
MaterializeTupleTime(*): 216.889us
ScannerThreadsSysTime: 0.000ns
ScannerThreadsUserTime: 0.000ns
ScannerThreadsVoluntaryContextSwitches: 0 (0)
TotalRawHdfsReadTime(*): 691.629us
TotalReadThroughput: 0.00 /sec
  CodeGen:(Total: 19.145ms, non-child: 0.000ns, % non-child: 0.00%)
CodegenTime: 690.172us
CompileTime: 1.198ms
LoadTime: 0.000ns
ModuleBitcodeSize: 1.94 MB (2037140)
NumFunctions: 7 (7)
NumInstructions: 105 (105)
OptimizationTime: 6.056ms
PeakMemoryUsage: 52.50 KB (53760)
PrepareTime: 11.330ms
I0212 12:13:35.964359  6267 client-cache.cc:46] GetClient(gaborkaszabdesktop:22000)
I0212 12:13:35.964366  6267 client-cache.cc:56] GetClient(): returning cached client for gaborkaszabdesktop:22000
I0212 12:13:35.964402  6264 impala-server.cc:1737] Connection from client ::ffff:127.0.0.1:35800 closed, closing 1 associated session(s)
I0212 12:13:35.964536  6271 rpc-trace.cc:190] RPC call: ImpalaInternalService.ReportExecStatus(from ::ffff:127.0.0.1:55078)
I0212 12:13:35.964681  6271 impala-server.cc:1151] ReportExecStatus() coord_state_idx=0
I0212 12:13:35.964694  6271 impala-server.cc:1163] ReportExecStatus(): Received report for unknown query ID (probably closed or cancelled): 9648ecffbc0c5935:64afd51e00000000
I0212 12:13:35.964714  6267 client-cache.cc:148] Releasing client for gaborkaszabdesktop:22000 back to cache
I0212 12:13:35.964718  6267 query-state.cc:403] Cancel: query_id=9648ecffbc0c5935:64afd51e00000000
I0212 12:13:35.964756  6271 rpc-trace.cc:200] RPC call: backend:ImpalaInternalService.ReportExecStatus from ::ffff:127.0.0.1:55078 took 0.000ns
I0212 12:13:35.970201  6270 handle-cache.inline.h:38] hdfsCloseFile() fid=0xe92a350
I0212 12:13:35.970475  6015 disk-io-mgr.cc:811] Disk (id=2) reading for 
