I0212 12:13:35.225451  6250 row-batch.cc:508] [(4644 true 4 4 4 40 4.400000095367432 40.4 04/10/10 4 2010-04-10 01:34:04.110000000 2010 4)]
I0212 12:13:35.225453  6250 data-stream-sender.cc:511] serializing 300 rows
I0212 12:13:35.225456  6015 handle-cache.inline.h:38] hdfsCloseFile() fid=0xe92a350
I0212 12:13:35.225505  6015 disk-io-mgr.cc:811] Disk (id=2) reading for 
  RequestContext: 0x10096ea0 (state=Active status_=OK #ready_buffers=1 #used_buffers=2 #num_buffers_in_reader=8 #finished_scan_ranges=22 #disk_with_ranges=3 #disks=3
   0: is_on_queue=0 done=0 #num_remaining_scan_ranges=9 #in_flight_ranges=0 #unstarted_scan_ranges=8 #unstarted_write_ranges=0 #reading_threads=0
   1: is_on_queue=1 done=0 #num_remaining_scan_ranges=9 #in_flight_ranges=3 #unstarted_scan_ranges=4 #unstarted_write_ranges=0 #reading_threads=1
   2: is_on_queue=0 done=0 #num_remaining_scan_ranges=16 #in_flight_ranges=9 #unstarted_scan_ranges=6 #unstarted_write_ranges=0 #reading_threads=1
   3: is_on_queue=0 done=1 #num_remaining_scan_ranges=0 #in_flight_ranges=0 #unstarted_scan_ranges=0 #unstarted_write_ranges=0 #reading_threads=0
   4: is_on_queue=0 done=1 #num_remaining_scan_ranges=0 #in_flight_ranges=0 #unstarted_scan_ranges=0 #unstarted_write_ranges=0 #reading_threads=0
   5: is_on_queue=0 done=1 #num_remaining_scan_ranges=0 #in_flight_ranges=0 #unstarted_scan_ranges=0 #unstarted_write_ranges=0 #reading_threads=0)
I0212 12:13:35.225616  6250 row-batch.cc:281] uncompressed size: 29700, compressed size: 10535
I0212 12:13:35.225620  6250 data-stream-sender.cc:168] Channel::SendBatch() instance_id=3d49bc72b8566fae:6115e2aa00000000 dest_node=1 #rows=300
I0212 12:13:35.225637  6251 data-stream-sender.cc:196] Channel::TransmitData() instance_id=3d49bc72b8566fae:6115e2aa00000000 dest_node=1 #rows=300
I0212 12:13:35.225656  6251 client-cache.cc:46] GetClient(gaborkaszabdesktop:22000)
I0212 12:13:35.225668  6251 client-cache.cc:56] GetClient(): returning cached client for gaborkaszabdesktop:22000
I0212 12:13:35.225721  6222 rpc-trace.cc:190] RPC call: ImpalaInternalService.TransmitData(from ::ffff:127.0.0.1:55066)
I0212 12:13:35.225742  6222 impala-server.cc:1172] TransmitData(): instance_id=3d49bc72b8566fae:6115e2aa00000000 node_id=1 #rows=300 sender_id=0 eos=false
I0212 12:13:35.225745  6222 data-stream-mgr.cc:173] AddData(): fragment_instance_id=3d49bc72b8566fae:6115e2aa00000000 node=1 size=32100
I0212 12:13:35.225750  6222 data-stream-mgr.cc:152] looking up fragment_instance_id=3d49bc72b8566fae:6115e2aa00000000, node=1
I0212 12:13:35.225793  6250 row-batch.cc:506] FragmentInstanceState::ExecInternal(): #rows=0
I0212 12:13:35.225802  6250 row-batch.cc:506] FragmentInstanceState::ExecInternal(): #rows=0
I0212 12:13:35.225908  6014 handle-cache.inline.h:33] hdfsOpenFile() file=hdfs://localhost:20500/test-warehouse/alltypes_parquet/year=2009/month=11/4a4bdc025cd5afb4-a47df1b500000005_1918926333_data.0.parq fid=0xe92a840
I0212 12:13:35.225983  6014 handle-cache.inline.h:38] hdfsCloseFile() fid=0xe92a840
I0212 12:13:35.226042  6014 disk-io-mgr.cc:811] Disk (id=1) reading for 
  RequestContext: 0x10096ea0 (state=Active status_=OK #ready_buffers=1 #used_buffers=2 #num_buffers_in_reader=9 #finished_scan_ranges=23 #disk_with_ranges=3 #disks=3
   0: is_on_queue=0 done=0 #num_remaining_scan_ranges=9 #in_flight_ranges=0 #unstarted_scan_ranges=8 #unstarted_write_ranges=0 #reading_threads=0
   1: is_on_queue=0 done=0 #num_remaining_scan_ranges=8 #in_flight_ranges=3 #unstarted_scan_ranges=4 #unstarted_write_ranges=0 #reading_threads=1
   2: is_on_queue=1 done=0 #num_remaining_scan_ranges=16 #in_flight_ranges=8 #unstarted_scan_ranges=6 #unstarted_write_ranges=0 #reading_threads=1
   3: is_on_queue=0 done=1 #num_remaining_scan_ranges=0 #in_flight_ranges=0 #unstarted_scan_ranges=0 #unstarted_write_ranges=0 #reading_threads=0
   4: is_on_queue=0 done=1 #num_remaining_scan_ranges=0 #in_flight_ranges=0 #unstarted_scan_ranges=0 #unstarted_write_ranges=0 #reading_threads=0
   5: is_on_queue=0 done=1 #num_remaining_scan_ranges=0 #in_flight_ranges=0 #unstarted_scan_ranges=0 #unstarted_write_ranges=0 #reading_threads=0)
I0212 12:13:35.226260  6253 parquet-column-readers.cc:1020] Decompressed 61 to 80
I0212 12:13:35.226445  6015 handle-cache.inline.h:33] hdfsOpenFile() file=hdfs://localhost:20500/test-warehouse/alltypes_parquet/year=2010/month=3/4a4bdc025cd5afb4-a47df1b500000004_387075872_data.0.parq fid=0xe92a350
I0212 12:13:35.226531  6015 handle-cache.inline.h:38] hdfsCloseFile() fid=0xe92a350
I0212 12:13:35.226569  6015 disk-io-mgr.cc:811] Disk (id=2) reading for 
  RequestContext: 0x10096ea0 (state=Active status_=OK #ready_buffers=0 #used_buffers=1 #num_buffers_in_reader=11 #finished_scan_ranges=25 #disk_with_ranges=3 #disks=3
   0: is_on_queue=0 done=0 #num_remaining_scan_ranges=9 #in_flight_ranges=0 #unstarted_scan_ranges=8 #unstarted_write_ranges=0 #reading_threads=0
   1: is_on_queue=1 done=0 #num_remaining_scan_ranges=8 #in_flight_ranges=2 #unstarted_scan_ranges=4 #unstarted_write_ranges=0 #reading_threads=1
   2: is_on_queue=0 done=0 #num_remaining_scan_ranges=15 #in_flight_ranges=8 #unstarted_scan_ranges=6 #unstarted_write_ranges=0 #reading_threads=1
   3: is_on_queue=0 done=1 #num_remaining_scan_ranges=0 #in_flight_ranges=0 #unstarted_scan_ranges=0 #unstarted_write_ranges=0 #reading_threads=0
   4: is_on_queue=0 done=1 #num_remaining_scan_ranges=0 #in_flight_ranges=0 #unstarted_scan_ranges=0 #unstarted_write_ranges=0 #reading_threads=0
   5: is_on_queue=0 done=1 #num_remaining_scan_ranges=0 #in_flight_ranges=0 #unstarted_scan_ranges=0 #unstarted_write_ranges=0 #reading_threads=0)
I0212 12:13:35.226588  6254 parquet-column-readers.cc:1020] Decompressed 39 to 40
I0212 12:13:35.227213  6014 handle-cache.inline.h:33] hdfsOpenFile() file=hdfs://localhost:20500/test-warehouse/alltypes_parquet/year=2009/month=11/4a4bdc025cd5afb4-a47df1b500000005_1918926333_data.0.parq fid=0xe92a840
I0212 12:13:35.227273  6014 handle-cache.inline.h:38] hdfsCloseFile() fid=0xe92a840
I0212 12:13:35.227293  6015 handle-cache.inline.h:33] hdfsOpenFile() file=hdfs://localhost:20500/test-warehouse/alltypes_parquet/year=2010/month=3/4a4bdc025cd5afb4-a47df1b500000004_387075872_data.0.parq fid=0xe92a350
I0212 12:13:35.227311  6014 disk-io-mgr.cc:811] Disk (id=1) reading for 
  RequestContext: 0x10096ea0 (state=Active status_=OK #ready_buffers=1 #used_buffers=2 #num_buffers_in_reader=11 #finished_scan_ranges=25 #disk_with_ranges=3 #disks=3
   0: is_on_queue=0 done=0 #num_remaining_scan_ranges=9 #in_flight_ranges=0 #unstarted_scan_ranges=8 #unstarted_write_ranges=0 #reading_threads=0
   1: is_on_queue=0 done=0 #num_remaining_scan_ranges=7 #in_flight_ranges=2 #unstarted_scan_ranges=4 #unstarted_write_ranges=0 #reading_threads=1
   2: is_on_queue=1 done=0 #num_remaining_scan_ranges=15 #in_flight_ranges=7 #unstarted_scan_ranges=6 #unstarted_write_ranges=0 #reading_threads=1
   3: is_on_queue=0 done=1 #num_remaining_scan_ranges=0 #in_flight_ranges=0 #unstarted_scan_ranges=0 #unstarted_write_ranges=0 #reading_threads=0
   4: is_on_queue=0 done=1 #num_remaining_scan_ranges=0 #in_flight_ranges=0 #unstarted_scan_ranges=0 #unstarted_write_ranges=0 #reading_threads=0
   5: is_on_queue=0 done=1 #num_remaining_scan_ranges=0 #in_flight_ranges=0 #unstarted_scan_ranges=0 #unstarted_write_ranges=0 #reading_threads=0)
I0212 12:13:35.227344  6015 handle-cache.inline.h:38] hdfsCloseFile() fid=0xe92a350
I0212 12:13:35.227385  6015 disk-io-mgr.cc:811] Disk (id=2) reading for 
  RequestContext: 0x10096ea0 (state=Active status_=OK #ready_buffers=2 #used_buffers=3 #num_buffers_in_reader=11 #finished_scan_ranges=25 #disk_with_ranges=3 #disks=3
   0: is_on_queue=0 done=0 #num_remaining_scan_ranges=9 #in_flight_ranges=0 #unstarted_scan_ranges=8 #unstarted_write_ranges=0 #reading_threads=0
   1: is_on_queue=1 done=0 #num_remaining_scan_ranges=7 #in_flight_ranges=1 #unstarted_scan_ranges=4 #unstarted_write_ranges=0 #reading_threads=1
   2: is_on_queue=0 done=0 #num_remaining_scan_ranges=14 #in_flight_ranges=7 #unstarted_scan_ranges=6 #unstarted_write_ranges=0 #reading_threads=1
   3: is_on_queue=0 done=1 #num_remaining_scan_ranges=0 #in_flight_ranges=0 #unstarted_scan_ranges=0 #unstarted_write_ranges=0 #reading_threads=0
   4: is_on_queue=0 done=1 #num_remaining_scan_ranges=0 #in_flight_ranges=0 #unstarted_scan_ranges=0 #unstarted_write_ranges=0 #reading_threads=0
   5: is_on_queue=0 done=1 #num_remaining_scan_ranges=0 #in_flight_ranges=0 #unstarted_scan_ranges=0 #unstarted_write_ranges=0 #reading_threads=0)
I0212 12:13:35.227630  6254 parquet-column-readers.cc:1020] Decompressed 39 to 40
I0212 12:13:35.227705  6253 parquet-column-readers.cc:1020] Decompressed 133 to 360
I0212 12:13:35.228237  6015 handle-cache.inline.h:33] hdfsOpenFile() file=hdfs://localhost:20500/test-warehouse/alltypes_parquet/year=2010/month=3/4a4bdc025cd5afb4-a47df1b500000004_387075872_data.0.parq fid=0xe92a350
I0212 12:13:35.228255  6014 handle-cache.inline.h:33] hdfsOpenFile() file=hdfs://localhost:20500/test-warehouse/alltypes_parquet/year=2009/month=11/4a4bdc025cd5afb4-a47df1b500000005_1918926333_data.0.parq fid=0xe92a840
I0212 12:13:35.228308  6015 handle-cache.inline.h:38] hdfsCloseFile() fid=0xe92a350
I0212 12:13:35.228349  6014 handle-cache.inline.h:38] hdfsCloseFile() fid=0xe92a840
I0212 12:13:35.228389  6014 disk-io-mgr.cc:811] Disk (id=1) reading for 
  RequestContext: 0x10096ea0 (state=Active status_=OK #ready_buffers=1 #used_buffers=1 #num_buffers_in_reader=14 #finished_scan_ranges=28 #disk_with_ranges=3 #disks=3
   0: is_on_queue=0 done=0 #num_remaining_scan_ranges=9 #in_flight_ranges=0 #unstarted_scan_ranges=8 #unstarted_write_ranges=0 #reading_threads=0
   1: is_on_queue=0 done=0 #num_remaining_scan_ranges=6 #in_flight_ranges=1 #unstarted_scan_ranges=4 #unstarted_write_ranges=0 #reading_threads=1
   2: is_on_queue=0 done=0 #num_remaining_scan_ranges=13 #in_flight_ranges=6 #unstarted_scan_ranges=6 #unstarted_write_ranges=0 #reading_threads=1
   3: is_on_queue=0 done=1 #num_remaining_scan_ranges=0 #in_flight_ranges=0 #unstarted_scan_ranges=0 #unstarted_write_ranges=0 #reading_threads=0
   4: is_on_queue=0 done=1 #num_remaining_scan_ranges=0 #in_flight_ranges=0 #unstarted_scan_ranges=0 #unstarted_write_ranges=0 #reading_threads=0
   5: is_on_queue=0 done=1 #num_remaining_scan_ranges=0 #in_flight_ranges=0 #unstarted_scan_ranges=0 #unstarted_write_ranges=0 #reading_threads=0)
I0212 12:13:35.228405  6015 disk-io-mgr.cc:811] Disk (id=2) reading for 
  RequestContext: 0x10096ea0 (state=Active status_=OK #ready_buffers=1 #used_buffers=2 #num_buffers_in_reader=14 #finished_scan_ranges=28 #disk_with_ranges=3 #disks=3
   0: is_on_queue=0 done=0 #num_remaining_scan_ranges=9 #in_flight_ranges=0 #unstarted_scan_ranges=8 #unstarted_write_ranges=0 #reading_threads=0
   1: is_on_queue=1 done=0 #num_remaining_scan_ranges=6 #in_flight_ranges=0 #unstarted_scan_ranges=4 #unstarted_write_ranges=0 #reading_threads=1
   2: is_on_queue=0 done=0 #num_remaining_scan_ranges=13 #in_flight_ranges=6 #unstarted_scan_ranges=6 #unstarted_write_ranges=0 #reading_threads=1
   3: is_on_queue=0 done=1 #num_remaining_scan_ranges=0 #in_flight_ranges=0 #unstarted_scan_ranges=0 #unstarted_write_ranges=0 #reading_threads=0
   4: is_on_queue=0 done=1 #num_remaining_scan_ranges=0 #in_flight_ranges=0 #unstarted_scan_ranges=0 #unstarted_write_ranges=0 #reading_threads=0
   5: is_on_queue=0 done=1 #num_remaining_scan_ranges=0 #in_flight_ranges=0 #unstarted_scan_ranges=0 #unstarted_write_ranges=0 #reading_threads=0)
I0212 12:13:35.228643  6254 parquet-column-readers.cc:1020] Decompressed 39 to 40
I0212 12:13:35.228813  6253 parquet-column-readers.cc:1020] Decompressed 47 to 50
I0212 12:13:35.229168  6249 status.cc:58] Debug Action: FAIL
    @          0x1668698  impala::Status::Status()
    @          0x1b7f403  impala::ExecNode::ExecDebugActionImpl()
    @          0x1b80b6d  impala::ExecNode::ExecDebugAction()
    @          0x1b7b7e6  impala::ExecNode::Prepare()
    @          0x1b8674f  impala::ExchangeNode::Prepare()
    @          0x18c085c  impala::FragmentInstanceState::Prepare()
    @          0x18bf4b3  impala::FragmentInstanceState::Exec()
    @          0x18a8383  impala::QueryState::ExecFInstance()
    @          0x18a6c1c  _ZZN6impala10QueryState15StartFInstancesEvENKUlvE_clEv
    @          0x18a8f9d  _ZN5boost6detail8function26void_function_obj_invoker0IZN6impala10QueryState15StartFInstancesEvEUlvE_vE6invokeERNS1_15function_bufferE
    @          0x17f0c88  boost::function0<>::operator()()
    @          0x1aebd61  impala::Thread::SuperviseThread()
    @          0x1af4a76  boost::_bi::list4<>::operator()<>()
    @          0x1af49b9  boost::_bi::bind_t<>::operator()()
    @          0x1af497c  boost::detail::thread_data<>::run()
    @          0x2db16da  thread_proxy
    @     0x7f1f7777b184  start_thread
    @     0x7f1f774a7ffd  clone
I0212 12:13:35.229223  6249 fragment-instance-state.cc:370] Reporting final profile for instance 3d49bc72b8566fae:6115e2aa00000000
I0212 12:13:35.229231  6248 query-exec-mgr.cc:149] ReleaseQueryState(): query_id=3d49bc72b8566fae:6115e2aa00000000 refcnt=4
I0212 12:13:35.229298  6249 fragment-instance-state.cc:374] Fragment 3d49bc72b8566fae:6115e2aa00000000:(Total: 39.279ms, non-child: 0.000ns, % non-child: 0.00%)
  Fragment Instance Lifecycle Event Timeline: 39.284ms
ExecInternal Finished: 39.417ms (39.417ms)
AverageThreadTokens: 0.00 
BloomFilterBytes: 0
PeakMemoryUsage: 0
PeakReservation: 0
PeakUsedReservation: 0
TotalNetworkReceiveTime: 0.000ns
TotalNetworkSendTime: 0.000ns
TotalStorageWaitTime: 0.000ns
TotalThreadsInvoluntaryContextSwitches: 0 (0)
TotalThreadsTotalWallClockTime: 0.000ns
TotalThreadsSysTime: 0.000ns
TotalThreadsUserTime: 0.000ns
TotalThreadsVoluntaryContextSwitches: 0 (0)
  Fragment Instance Lifecycle Timings:
PrepareTime: 39.244ms
ExecTreePrepareTime: 39.183ms
I0212 12:13:35.229329  6015 handle-cache.inline.h:33] hdfsOpenFile() file=hdfs://localhost:20500/test-warehouse/alltypes_parquet/year=2010/month=3/4a4bdc025cd5afb4-a47df1b500000004_387075872_data.0.parq fid=0xe92a350
I0212 12:13:35.229346  6249 client-cache.cc:46] GetClient(gaborkaszabdesktop:22000)
I0212 12:13:35.229352  6247 impala-server.cc:991] UnregisterQuery(): query_id=3d49bc72b8566fae:6115e2aa00000000
I0212 12:13:35.229359  6247 impala-server.cc:1074] Cancel(): query_id=3d49bc72b8566fae:6115e2aa00000000
I0212 12:13:35.229363  6249 client-cache.cc:112] CreateClient(): creating new client for gaborkaszabdesktop:22000
I0212 12:13:35.229365  6247 coordinator.cc:898] Cancel() query_id=3d49bc72b8566fae:6115e2aa00000000
I0212 12:13:35.229370  6247 coordinator-backend-state.cc:355] sending CancelQueryFInstances rpc for query_id=3d49bc72b8566fae:6115e2aa00000000 backend=gaborkaszabdesktop:22000
I0212 12:13:35.229373  6247 client-cache.cc:46] GetClient(gaborkaszabdesktop:22000)
I0212 12:13:35.229384  6247 client-cache.cc:112] CreateClient(): creating new client for gaborkaszabdesktop:22000
I0212 12:13:35.229387  6015 handle-cache.inline.h:38] hdfsCloseFile() fid=0xe92a350
I0212 12:13:35.229429  6015 disk-io-mgr.cc:811] Disk (id=2) reading for 
  RequestContext: 0x10096ea0 (state=Active status_=OK #ready_buffers=0 #used_buffers=1 #num_buffers_in_reader=16 #finished_scan_ranges=30 #disk_with_ranges=3 #disks=3
   0: is_on_queue=0 done=0 #num_remaining_scan_ranges=9 #in_flight_ranges=0 #unstarted_scan_ranges=8 #unstarted_write_ranges=0 #reading_threads=0
   1: is_on_queue=1 done=0 #num_remaining_scan_ranges=6 #in_flight_ranges=0 #unstarted_scan_ranges=4 #unstarted_write_ranges=0 #reading_threads=1
   2: is_on_queue=0 done=0 #num_remaining_scan_ranges=12 #in_flight_ranges=5 #unstarted_scan_ranges=6 #unstarted_write_ranges=0 #reading_threads=1
   3: is_on_queue=0 done=1 #num_remaining_scan_ranges=0 #in_flight_ranges=0 #unstarted_scan_ranges=0 #unstarted_write_ranges=0 #reading_threads=0
   4: is_on_queue=0 done=1 #num_remaining_scan_ranges=0 #in_flight_ranges=0 #unstarted_scan_ranges=0 #unstarted_write_ranges=0 #reading_threads=0
   5: is_on_queue=0 done=1 #num_remaining_scan_ranges=0 #in_flight_ranges=0 #unstarted_scan_ranges=0 #unstarted_write_ranges=0 #reading_threads=0)
I0212 12:13:35.229450  6254 parquet-column-readers.cc:1020] Decompressed 50 to 80
I0212 12:13:35.230314  6014 handle-cache.inline.h:33] hdfsOpenFile() file=hdfs://localhost:20500/test-warehouse/alltypes_parquet/year=2009/month=11/4a4bdc025cd5afb4-a47df1b500000005_1918926333_data.0.parq fid=0xe92a840
I0212 12:13:35.230383  6015 handle-cache.inline.h:33] hdfsOpenFile() file=hdfs://localhost:20500/test-warehouse/alltypes_parquet/year=2010/month=3/4a4bdc025cd5afb4-a47df1b500000004_387075872_data.0.parq fid=0xe92a350
I0212 12:13:35.230401  6014 handle-cache.inline.h:38] hdfsCloseFile() fid=0xe92a840
I0212 12:13:35.230448  6015 handle-cache.inline.h:38] hdfsCloseFile() fid=0xe92a350
I0212 12:13:35.230458  6253 parquet-column-readers.cc:1020] Decompressed 2383 to 3600
I0212 12:13:35.230487  6015 disk-io-mgr.cc:811] Disk (id=2) reading for 
  RequestContext: 0x10096ea0 (state=Active status_=OK #ready_buffers=0 #used_buffers=0 #num_buffers_in_reader=18 #finished_scan_ranges=32 #disk_with_ranges=3 #disks=3
   0: is_on_queue=0 done=0 #num_remaining_scan_ranges=9 #in_flight_ranges=0 #unstarted_scan_ranges=8 #unstarted_write_ranges=0 #reading_threads=0
   1: is_on_queue=0 done=0 #num_remaining_scan_ranges=5 #in_flight_ranges=0 #unstarted_scan_ranges=4 #unstarted_write_ranges=0 #reading_threads=1
   2: is_on_queue=0 done=0 #num_remaining_scan_ranges=11 #in_flight_ranges=4 #unstarted_scan_ranges=6 #unstarted_write_ranges=0 #reading_threads=1
   3: is_on_queue=0 done=1 #num_remaining_scan_ranges=0 #in_flight_ranges=0 #unstarted_scan_ranges=0 #unstarted_write_ranges=0 #reading_threads=0
   4: is_on_queue=0 done=1 #num_remaining_scan_ranges=0 #in_flight_ranges=0 #unstarted_scan_ranges=0 #unstarted_write_ranges=0 #reading_threads=0
   5: is_on_queue=0 done=1 #num_remaining_scan_ranges=0 #in_flight_ranges=0 #unstarted_scan_ranges=0 #unstarted_write_ranges=0 #reading_threads=0)
I0212 12:13:35.230507  6254 parquet-column-readers.cc:1020] Decompressed 42 to 40
I0212 12:13:35.230530  6014 disk-io-mgr.cc:811] Disk (id=1) reading for 
  RequestContext: 0x10096ea0 (state=Active status_=OK #ready_buffers=0 #used_buffers=1 #num_buffers_in_reader=18 #finished_scan_ranges=32 #disk_with_ranges=3 #disks=3
   0: is_on_queue=0 done=0 #num_remaining_scan_ranges=9 #in_flight_ranges=0 #unstarted_scan_ranges=8 #unstarted_write_ranges=0 #reading_threads=0
   1: is_on_queue=0 done=0 #num_remaining_scan_ranges=5 #in_flight_ranges=0 #unstarted_scan_ranges=4 #unstarted_write_ranges=0 #reading_threads=1
   2: is_on_queue=1 done=0 #num_remaining_scan_ranges=11 #in_flight_ranges=3 #unstarted_scan_ranges=6 #unstarted_write_ranges=0 #reading_threads=1
   3: is_on_queue=0 done=1 #num_remaining_scan_ranges=0 #in_flight_ranges=0 #unstarted_scan_ranges=0 #unstarted_write_ranges=0 #reading_threads=0
   4: is_on_queue=0 done=1 #num_remaining_scan_ranges=0 #in_flight_ranges=0 #unstarted_scan_ranges=0 #unstarted_write_ranges=0 #reading_threads=0
   5: is_on_queue=0 done=1 #num_remaining_scan_ranges=0 #in_flight_ranges=0 #unstarted_scan_ranges=0 #unstarted_write_ranges=0 #reading_threads=0)
I0212 12:13:35.230563  6253 parquet-column-readers.cc:1129] Decompressed 43 to 45
I0212 12:13:35.230608  6253 parquet-column-readers.cc:1129] Decompressed 356 to 351
I0212 12:13:35.230674  6253 parquet-column-readers.cc:1129] Decompressed 115 to 161
I0212 12:13:35.230701  6253 parquet-column-readers.cc:1129] Decompressed 115 to 161
I0212 12:13:35.230727  6253 parquet-column-readers.cc:1129] Decompressed 115 to 161
I0212 12:13:35.230753  6253 parquet-column-readers.cc:1129] Decompressed 115 to 161
I0212 12:13:35.230778  6253 parquet-column-readers.cc:1129] Decompressed 115 to 161
I0212 12:13:35.230814  6253 parquet-column-readers.cc:1129] Decompressed 115 to 161
I0212 12:13:35.230841  6253 parquet-column-readers.cc:1129] Decompressed 176 to 183
I0212 12:13:35.230871  6253 parquet-column-readers.cc:1129] Decompressed 115 to 161
I0212 12:13:35.230896  6253 parquet-column-readers.cc:1129] Decompressed 356 to 351
I0212 12:13:35.230978  6253 progress-updater.cc:65] Splits complete (node=24): 8% Complete (2 out of 24)
I0212 12:13:35.231092  6014 disk-io-mgr.cc:811] Disk (id=1) reading for 
  RequestContext: 0x10096ea0 (state=Active status_=OK #ready_buffers=0 #used_buffers=1 #num_buffers_in_reader=7 #finished_scan_ranges=32 #disk_with_ranges=3 #disks=3
   0: is_on_queue=0 done=0 #num_remaining_scan_ranges=9 #in_flight_ranges=0 #unstarted_scan_ranges=8 #unstarted_write_ranges=0 #reading_threads=0
   1: is_on_queue=0 done=0 #num_remaining_scan_ranges=5 #in_flight_ranges=1 #unstarted_scan_ranges=4 #unstarted_write_ranges=0 #reading_threads=1
   2: is_on_queue=1 done=0 #num_remaining_scan_ranges=11 #in_flight_ranges=3 #unstarted_scan_ranges=6 #unstarted_write_ranges=0 #reading_threads=1
   3: is_on_queue=0 done=1 #num_remaining_scan_ranges=0 #in_flight_ranges=0 #unstarted_scan_ranges=0 #unstarted_write_ranges=0 #reading_threads=0
   4: is_on_queue=0 done=1 #num_remaining_scan_ranges=0 #in_flight_ranges=0 #unstarted_scan_ranges=0 #unstarted_write_ranges=0 #reading_threads=0
   5: is_on_queue=0 done=1 #num_remaining_scan_ranges=0 #in_flight_ranges=0 #unstarted_scan_ranges=0 #unstarted_write_ranges=0 #reading_threads=0)
I0212 12:13:35.231134  6250 row-batch.cc:506] FragmentInstanceState::ExecInternal(): #rows=300
I0212 12:13:35.231164  6250 row-batch.cc:508] [(3326 true 6 6 6 60 6.599999904632568 60.59999999999999 11/29/09 6 2009-11-29 04:46:12.750000000 2009 11)]
I0212 12:13:35.231179  6250 row-batch.cc:508] [(3327 false 7 7 7 70 7.699999809265137 70.7 11/29/09 7 2009-11-29 04:47:12.810000000 2009 11)]
I0212 12:13:35.231192  6250 row-batch.cc:508] [(3328 true 8 8 8 80 8.800000190734863 80.8 11/29/09 8 2009-11-29 04:48:12.880000000 2009 11)]
I0212 12:13:35.231206  6250 row-batch.cc:508] [(3329 false 9 9 9 90 9.899999618530273 90.89999999999999 11/29/09 9 2009-11-29 04:49:12.960000000 2009 11)]
I0212 12:13:35.231218  6250 row-batch.cc:508] [(3330 true 0 0 0 0 0 0 11/30/09 0 2009-11-30 04:50:13.500000000 2009 11)]
I0212 12:13:35.231231  6250 row-batch.cc:508] [(3331 false 1 1 1 10 1.100000023841858 10.1 11/30/09 1 2009-11-30 04:51:13.500000000 2009 11)]
I0212 12:13:35.231245  6250 row-batch.cc:508] [(3332 true 2 2 2 20 2.200000047683716 20.2 11/30/09 2 2009-11-30 04:52:13.600000000 2009 11)]
I0212 12:13:35.231257  6250 row-batch.cc:508] [(3333 false 3 3 3 30 3.299999952316284 30.3 11/30/09 3 2009-11-30 04:53:13.800000000 2009 11)]
I0212 12:13:35.231271  6250 row-batch.cc:508] [(3334 true 4 4 4 40 4.400000095367432 40.4 11/30/09 4 2009-11-30 04:54:13.110000000 2009 11)]
I0212 12:13:35.231283  6250 row-batch.cc:508] [(3335 false 5 5 5 50 5.5 50.5 11/30/09 5 2009-11-30 04:55:13.150000000 2009 11)]
I0212 12:13:35.231295  6250 row-batch.cc:508] [(3336 true 6 6 6 60 6.599999904632568 60.59999999999999 11/30/09 6 2009-11-30 04:56:13.200000000 2009 11)]
I0212 12:13:35.231308  6250 row-batch.cc:508] [(3337 false 7 7 7 70 7.699999809265137 70.7 11/30/09 7 2009-11-30 04:57:13.260000000 2009 11)]
I0212 12:13:35.231322  6250 row-batch.cc:508] [(3338 true 8 8 8 80 8.800000190734863 80.8 11/30/09 8 2009-11-30 04:58:13.330000000 2009 11)]
I0212 12:13:35.231335  6250 row-batch.cc:508] [(3339 false 9 9 9 90 9.899999618530273 90.89999999999999 11/30/09 9 2009-11-30 04:59:13.410000000 2009 11)]
I0212 12:13:35.231348  6250 row-batch.cc:508] [(3049 false 9 9 9 90 9.899999618530273 90.89999999999999 11/01/09 9 2009-11-01 00:09:00.360000000 2009 11)]
I0212 12:13:35.231362  6250 row-batch.cc:508] [(3048 true 8 8 8 80 8.800000190734863 80.8 11/01/09 8 2009-11-01 00:08:00.280000000 2009 11)]
I0212 12:13:35.231375  6250 row-batch.cc:508] [(3047 false 7 7 7 70 7.699999809265137 70.7 11/01/09 7 2009-11-01 00:07:00.210000000 2009 11)]
I0212 12:13:35.231389  6250 row-batch.cc:508] [(3046 true 6 6 6 60 6.599999904632568 60.59999999999999 11/01/09 6 2009-11-01 00:06:00.150000000 2009 11)]
I0212 12:13:35.231401  6250 row-batch.cc:508] [(3307 false 7 7 7 70 7.699999809265137 70.7 11/27/09 7 2009-11-27 04:27:11.910000000 2009 11)]
I0212 12:13:35.231436  6250 row-batch.cc:508] [(3308 true 8 8 8 80 8.800000190734863 80.8 11/27/09 8 2009-11-27 04:28:11.980000000 2009 11)]
I0212 12:13:35.231451  6250 row-batch.cc:508] [(3309 false 9 9 9 90 9.899999618530273 90.89999999999999 11/27/09 9 2009-11-27 04:29:12.600000000 2009 11)]
I0212 12:13:35.231463  6250 row-batch.cc:508] [(3310 true 0 0 0 0 0 0 11/28/09 0 2009-11-28 04:30:12.150000000 2009 11)]
I0212 12:13:35.231477  6250 row-batch.cc:508] [(3311 false 1 1 1 10 1.100000023841858 10.1 11/28/09 1 2009-11-28 04:31:12.150000000 2009 11)]
I0212 12:13:35.231503  6250 row-batch.cc:508] [(3312 true 2 2 2 20 2.200000047683716 20.2 11/28/09 2 2009-11-28 04:32:12.160000000 2009 11)]
I0212 12:13:35.231515  6250 row-batch.cc:508] [(3313 false 3 3 3 30 3.299999952316284 30.3 11/28/09 3 2009-11-28 04:33:12.180000000 2009 11)]
I0212 12:13:35.231528  6250 row-batch.cc:508] [(3314 true 4 4 4 40 4.400000095367432 40.4 11/28/09 4 2009-11-28 04:34:12.210000000 2009 11)]
I0212 12:13:35.231541  6250 row-batch.cc:508] [(3315 false 5 5 5 50 5.5 50.5 11/28/09 5 2009-11-28 04:35:12.250000000 2009 11)]
I0212 12:13:35.231554  6250 row-batch.cc:508] [(3316 true 6 6 6 60 6.599999904632568 60.59999999999999 11/28/09 6 2009-11-28 04:36:12.300000000 2009 11)]
I0212 12:13:35.231567  6250 row-batch.cc:508] [(3317 false 7 7 7 70 7.699999809265137 70.7 11/28/09 7 2009-11-28 04:37:12.360000000 2009 11)]
I0212 12:13:35.231653  6250 row-batch.cc:508] [(3318 true 8 8 8 80 8.800000190734863 80.8 11/28/09 8 2009-11-28 04:38:12.430000000 2009 11)]
I0212 12:13:35.231683  6250 row-batch.cc:508] [(3319 false 9 9 9 90 9.899999618530273 90.89999999999999 11/28/09 9 2009-11-28 04:39:12.510000000 2009 11)]
I0212 12:13:35.231685  6015 handle-cache.inline.h:33] hdfsOpenFile() file=hdfs://localhost:20500/test-warehouse/alltypes_parquet/year=2010/month=3/4a4bdc025cd5afb4-a47df1b500000004_387075872_data.0.parq fid=0xe92a350
I0212 12:13:35.231696  6250 row-batch.cc:508] [(3320 true 0 0 0 0 0 0 11/29/09 0 2009-11-29 04:40:12.600000000 2009 11)]
I0212 12:13:35.231709  6250 row-batch.cc:508] [(3321 false 1 1 1 10 1.100000023841858 10.1 11/29/09 1 2009-11-29 04:41:12.600000000 2009 11)]
I0212 12:13:35.231721  6250 row-batch.cc:508] [(3322 true 2 2 2 20 2.200000047683716 20.2 11/29/09 2 2009-11-29 04:42:12.610000000 2009 11)]
I0212 12:13:35.231734  6250 row-batch.cc:508] [(3323 false 3 3 3 30 3.299999952316284 30.3 11/29/09 3 2009-11-29 04:43:12.630000000 2009 11)]
I0212 12:13:35.231747  6250 row-batch.cc:508] [(3324 true 4 4 4 40 4.400000095367432 40.4 11/29/09 4 2009-11-29 04:44:12.660000000 2009 11)]
I0212 12:13:35.231755  6015 handle-cache.inline.h:38] hdfsCloseFile() fid=0xe92a350
I0212 12:13:35.231760  6250 row-batch.cc:508] [(3325 false 5 5 5 50 5.5 50.5 11/29/09 5 2009-11-29 04:45:12.700000000 2009 11)]
I0212 12:13:35.231772  6250 row-batch.cc:508] [(3120 true 0 0 0 0 0 0 11/09/09 0 2009-11-09 01:20:03.600000000 2009 11)]
I0212 12:13:35.231786  6250 row-batch.cc:508] [(3119 false 9 9 9 90 9.899999618530273 90.89999999999999 11/08/09 9 2009-11-08 01:19:03.510000000 2009 11)]
I0212 12:13:35.231794  6015 disk-io-mgr.cc:811] Disk (id=2) reading for 
  RequestContext: 0x10096ea0 (state=Active status_=OK #ready_buffers=1 #used_buffers=2 #num_buffers_in_reader=7 #finished_scan_ranges=32 #disk_with_ranges=3 #disks=3
   0: is_on_queue=0 done=0 #num_remaining_scan_ranges=9 #in_flight_ranges=0 #unstarted_scan_ranges=8 #unstarted_write_ranges=0 #reading_threads=0
   1: is_on_queue=1 done=0 #num_remaining_scan_ranges=5 #in_flight_ranges=0 #unstarted_scan_ranges=3 #unstarted_write_ranges=0 #reading_threads=1
   2: is_on_queue=0 done=0 #num_remaining_scan_ranges=10 #in_flight_ranges=3 #unstarted_scan_ranges=6 #unstarted_write_ranges=0 #reading_threads=1
   3: is_on_queue=0 done=1 #num_remaining_scan_ranges=0 #in_flight_ranges=0 #unstarted_scan_ranges=0 #unstarted_write_ranges=0 #reading_threads=0
   4: is_on_queue=0 done=1 #num_remaining_scan_ranges=0 #in_flight_ranges=0 #unstarted_scan_ranges=0 #unstarted_write_ranges=0 #reading_threads=0
   5: is_on_queue=0 done=1 #num_remaining_scan_ranges=0 #in_flight_ranges=0 #unstarted_scan_ranges=0 #unstarted_write_ranges=0 #reading_threads=0)
I0212 12:13:35.231799  6250 row-batch.cc:508] [(3118 true 8 8 8 80 8.800000190734863 80.8 11/08/09 8 2009-11-08 01:18:03.430000000 2009 11)]
I0212 12:13:35.231812  6250 row-batch.cc:508] [(3117 false 7 7 7 70 7.699999809265137 70.7 11/08/09 7 2009-11-08 01:17:03.360000000 2009 11)]
I0212 12:13:35.231825  6250 row-batch.cc:508] [(3116 true 6 6 6 60 6.599999904632568 60.59999999999999 11/08/09 6 2009-11-08 01:16:03.300000000 2009 11)]
I0212 12:13:35.231844  6250 row-batch.cc:508] [(3115 false 5 5 5 50 5.5 50.5 11/08/09 5 2009-11-08 01:15:03.250000000 2009 11)]
I0212 12:13:35.231858  6250 row-batch.cc:508] [(3114 true 4 4 4 40 4.400000095367432 40.4 11/08/09 4 2009-11-08 01:14:03.210000000 2009 11)]
I0212 12:13:35.231870  6250 row-batch.cc:508] [(3113 false 3 3 3 30 3.299999952316284 30.3 11/08/09 3 2009-11-08 01:13:03.180000000 2009 11)]
I0212 12:13:35.231884  6250 row-batch.cc:508] [(3112 true 2 2 2 20 2.200000047683716 20.2 11/08/09 2 2009-11-08 01:12:03.160000000 2009 11)]
I0212 12:13:35.231896  6250 row-batch.cc:508] [(3111 false 1 1 1 10 1.100000023841858 10.1 11/08/09 1 2009-11-08 01:11:03.150000000 2009 11)]
I0212 12:13:35.231909  6250 row-batch.cc:508] [(3110 true 0 0 0 0 0 0 11/08/09 0 2009-11-08 01:10:03.150000000 2009 11)]
I0212 12:13:35.231921  6250 row-batch.cc:508] [(3109 false 9 9 9 90 9.899999618530273 90.89999999999999 11/07/09 9 2009-11-07 01:09:03.600000000 2009 11)]
I0212 12:13:35.231935  6250 row-batch.cc:508] [(3108 true 8 8 8 80 8.800000190734863 80.8 11/07/09 8 2009-11-07 01:08:02.980000000 2009 11)]
I0212 12:13:35.231947  6250 row-batch.cc:508] [(3107 false 7 7 7 70 7.699999809265137 70.7 11/07/09 7 2009-11-07 01:07:02.910000000 2009 11)]
I0212 12:13:35.231961  6250 row-batch.cc:508] [(3106 true 6 6 6 60 6.599999904632568 60.59999999999999 11/07/09 6 2009-11-07 01:06:02.850000000 2009 11)]
I0212 12:13:35.231972  6250 row-batch.cc:508] [(3105 false 5 5 5 50 5.5 50.5 11/07/09 5 2009-11-07 01:05:02.800000000 2009 11)]
I0212 12:13:35.231981  6254 parquet-column-readers.cc:1020] Decompressed 62 to 80
I0212 12:13:35.231986  6250 row-batch.cc:508] [(3104 true 4 4 4 40 4.400000095367432 40.4 11/07/09 4 2009-11-07 01:04:02.760000000 2009 11)]
I0212 12:13:35.231998  6250 row-batch.cc:508] [(3103 false 3 3 3 30 3.299999952316284 30.3 11/07/09 3 2009-11-07 01:03:02.730000000 2009 11)]
I0212 12:13:35.232012  6250 row-batch.cc:508] [(3102 true 2 2 2 20 2.200000047683716 20.2 11/07/09 2 2009-11-07 01:02:02.710000000 2009 11)]
I0212 12:13:35.232023  6250 row-batch.cc:508] [(3045 false 5 5 5 50 5.5 50.5 11/01/09 5 2009-11-01 00:05:00.100000000 2009 11)]
I0212 12:13:35.232036  6250 row-batch.cc:508] [(3044 true 4 4 4 40 4.400000095367432 40.4 11/01/09 4 2009-11-01 00:04:00.600000000 2009 11)]
I0212 12:13:35.232049  6250 row-batch.cc:508] [(3043 false 3 3 3 30 3.299999952316284 30.3 11/01/09 3 2009-11-01 00:03:00.300000000 2009 11)]
I0212 12:13:35.232062  6250 row-batch.cc:508] [(3042 true 2 2 2 20 2.200000047683716 20.2 11/01/09 2 2009-11-01 00:02:00.100000000 2009 11)]
I0212 12:13:35.232067  6014 handle-cache.inline.h:33] hdfsOpenFile() file=hdfs://localhost:20500/test-warehouse/alltypes_parquet/year=2010/month=5/4a4bdc025cd5afb4-a47df1b500000005_1357031870_data.0.parq fid=0xe92a840
I0212 12:13:35.232075  6250 row-batch.cc:508] [(3041 false 1 1 1 10 1.100000023841858 10.1 11/01/09 1 2009-11-01 00:01:00 2009 11)]
I0212 12:13:35.232089  6250 row-batch.cc:508] [(3040 true 0 0 0 0 0 0 11/01/09 0 2009-11-01 00:00:00 2009 11)]
I0212 12:13:35.232120  6014 handle-cache.inline.h:38] hdfsCloseFile() fid=0xe92a840
I0212 12:13:35.232157  6014 disk-io-mgr.cc:811] Disk (id=1) reading for 
  RequestContext: 0x10096ea0 (state=Active status_=OK #ready_buffers=1 #used_buffers=2 #num_buffers_in_reader=8 #finished_scan_ranges=33 #disk_with_ranges=3 #disks=3
   0: is_on_queue=0 done=0 #num_remaining_scan_ranges=9 #in_flight_ranges=0 #unstarted_scan_ranges=8 #unstarted_write_ranges=0 #reading_threads=0
   1: is_on_queue=0 done=0 #num_remaining_scan_ranges=4 #in_flight_ranges=0 #unstarted_scan_ranges=3 #unstarted_write_ranges=0 #reading_threads=1
   2: is_on_queue=1 done=0 #num_remaining_scan_ranges=10 #in_flight_ranges=2 #unstarted_scan_ranges=6 #unstarted_write_ranges=0 #reading_threads=1
   3: is_on_queue=0 done=1 #num_remaining_scan_ranges=0 #in_flight_ranges=0 #unstarted_scan_ranges=0 #unstarted_write_ranges=0 #reading_threads=0
   4: is_on_queue=0 done=1 #num_remaining_scan_ranges=0 #in_flight_ranges=0 #unstarted_scan_ranges=0 #unstarted_write_ranges=0 #reading_threads=0
   5: is_on_queue=0 done=1 #num_remaining_scan_ranges=0 #in_flight_ranges=0 #unstarted_scan_ranges=0 #unstarted_write_ranges=0 #reading_threads=0)
I0212 12:13:35.232451  6014 disk-io-mgr.cc:811] Disk (id=1) reading for 
  RequestContext: 0x10096ea0 (state=Active status_=OK #ready_buffers=0 #used_buffers=1 #num_buffers_in_reader=8 #finished_scan_ranges=34 #disk_with_ranges=3 #disks=3
   0: is_on_queue=0 done=0 #num_remaining_scan_ranges=9 #in_flight_ranges=0 #unstarted_scan_ranges=8 #unstarted_write_ranges=0 #reading_threads=0
   1: is_on_queue=0 done=0 #num_remaining_scan_ranges=15 #in_flight_ranges=11 #unstarted_scan_ranges=3 #unstarted_write_ranges=0 #reading_threads=1
   2: is_on_queue=1 done=0 #num_remaining_scan_ranges=10 #in_flight_ranges=2 #unstarted_scan_ranges=6 #unstarted_write_ranges=0 #reading_threads=1
   3: is_on_queue=0 done=1 #num_remaining_scan_ranges=0 #in_flight_ranges=0 #unstarted_scan_ranges=0 #unstarted_write_ranges=0 #reading_threads=0
   4: is_on_queue=0 done=1 #num_remaining_scan_ranges=0 #in_flight_ranges=0 #unstarted_scan_ranges=0 #unstarted_write_ranges=0 #reading_threads=0
   5: is_on_queue=0 done=1 #num_remaining_scan_ranges=0 #in_flight_ranges=0 #unstarted_scan_ranges=0 #unstarted_write_ranges=0 #reading_threads=0)
I0212 12:13:35.232455  6250 row-batch.cc:508] [(3133 false 3 3 3 30 3.299999952316284 30.3 11/10/09 3 2009-11-10 01:33:04.800000000 2009 11)]
I0212 12:13:35.232475  6250 row-batch.cc:508] [(3132 true 2 2 2 20 2.200000047683716 20.2 11/10/09 2 2009-11-10 01:32:04.600000000 2009 11)]
I0212 12:13:35.232488  6250 row-batch.cc:508] [(3131 false 1 1 1 10 1.100000023841858 10.1 11/10/09 1 2009-11-10 01:31:04.500000000 2009 11)]
I0212 12:13:35.232501  6250 row-batch.cc:508] [(3130 true 0 0 0 0 0 0 11/10/09 0 2009-11-10 01:30:04.500000000 2009 11)]
I0212 12:13:35.232514  6250 row-batch.cc:508] [(3129 false 9 9 9 90 9.899999618530273 90.89999999999999 11/09/09 9 2009-11-09 01:29:03.960000000 2009 11)]
I0212 12:13:35.232527  6250 row-batch.cc:508] [(3128 true 8 8 8 80 8.800000190734863 80.8 11/09/09 8 2009-11-09 01:28:03.880000000 2009 11)]
I0212 12:13:35.232540  6250 row-batch.cc:508] [(3127 false 7 7 7 70 7.699999809265137 70.7 11/09/09 7 2009-11-09 01:27:03.810000000 2009 11)]
I0212 12:13:35.232553  6250 row-batch.cc:508] [(3126 true 6 6 6 60 6.599999904632568 60.59999999999999 11/09/09 6 2009-11-09 01:26:03.750000000 2009 11)]
I0212 12:13:35.232566  6250 row-batch.cc:508] [(3125 false 5 5 5 50 5.5 50.5 11/09/09 5 2009-11-09 01:25:03.700000000 2009 11)]
I0212 12:13:35.232579  6250 row-batch.cc:508] [(3124 true 4 4 4 40 4.400000095367432 40.4 11/09/09 4 2009-11-09 01:24:03.660000000 2009 11)]
I0212 12:13:35.232592  6250 row-batch.cc:508] [(3123 false 3 3 3 30 3.299999952316284 30.3 11/09/09 3 2009-11-09 01:23:03.630000000 2009 11)]
I0212 12:13:35.232605  6250 row-batch.cc:508] [(3122 true 2 2 2 20 2.200000047683716 20.2 11/09/09 2 2009-11-09 01:22:03.610000000 2009 11)]
I0212 12:13:35.232617  6250 row-batch.cc:508] [(3121 false 1 1 1 10 1.100000023841858 10.1 11/09/09 1 2009-11-09 01:21:03.600000000 2009 11)]
I0212 12:13:35.232630  6250 row-batch.cc:508] [(3251 false 1 1 1 10 1.100000023841858 10.1 11/22/09 1 2009-11-22 03:31:09.450000000 2009 11)]
I0212 12:13:35.232643  6250 row-batch.cc:508] [(3252 true 2 2 2 20 2.200000047683716 20.2 11/22/09 2 2009-11-22 03:32:09.460000000 2009 11)]
I0212 12:13:35.232655  6015 handle-cache.inline.h:33] hdfsOpenFile() file=hdfs://localhost:20500/test-warehouse/alltypes_parquet/year=2010/month=3/4a4bdc025cd5afb4-a47df1b500000004_387075872_data.0.parq fid=0xe92a350
I0212 12:13:35.232656  6250 row-batch.cc:508] [(3253 false 3 3 3 30 3.299999952316284 30.3 11/22/09 3 2009-11-22 03:33:09.480000000 2009 11)]
I0212 12:13:35.232669  6250 row-batch.cc:508] [(3254 true 4 4 4 40 4.400000095367432 40.4 11/22/09 4 2009-11-22 03:34:09.510000000 2009 11)]
I0212 12:13:35.232682  6250 row-batch.cc:508] [(3255 false 5 5 5 50 5.5 50.5 11/22/09 5 2009-11-22 03:35:09.550000000 2009 11)]
I0212 12:13:35.232705  6250 row-batch.cc:508] [(3256 true 6 6 6 60 6.599999904632568 60.59999999999999 11/22/09 6 2009-11-22 03:36:09.600000000 2009 11)]
I0212 12:13:35.232707  6015 handle-cache.inline.h:38] hdfsCloseFile() fid=0xe92a350
I0212 12:13:35.232718  6250 row-batch.cc:508] [(3257 false 7 7 7 70 7.699999809265137 70.7 11/22/09 7 2009-11-22 03:37:09.660000000 2009 11)]
I0212 12:13:35.232733  6250 row-batch.cc:508] [(3258 true 8 8 8 80 8.800000190734863 80.8 11/22/09 8 2009-11-22 03:38:09.730000000 2009 11)]
I0212 12:13:35.232743  6015 disk-io-mgr.cc:811] Disk (id=2) reading for 
  RequestContext: 0x10096ea0 (state=Active status_=OK #ready_buffers=1 #used_buffers=2 #num_buffers_in_reader=8 #finished_scan_ranges=34 #disk_with_ranges=3 #disks=3
   0: is_on_queue=0 done=0 #num_remaining_scan_ranges=9 #in_flight_ranges=0 #unstarted_scan_ranges=8 #unstarted_write_ranges=0 #reading_threads=0
   1: is_on_queue=1 done=0 #num_remaining_scan_ranges=15 #in_flight_ranges=10 #unstarted_scan_ranges=3 #unstarted_write_ranges=0 #reading_threads=1
   2: is_on_queue=0 done=0 #num_remaining_scan_ranges=9 #in_flight_ranges=2 #unstarted_scan_ranges=6 #unstarted_write_ranges=0 #reading_threads=1
   3: is_on_queue=0 done=1 #num_remaining_scan_ranges=0 #in_flight_ranges=0 #unstarted_scan_ranges=0 #unstarted_write_ranges=0 #reading_threads=0
   4: is_on_queue=0 done=1 #num_remaining_scan_ranges=0 #in_flight_ranges=0 #unstarted_scan_ranges=0 #unstarted_write_ranges=0 #reading_threads=0
   5: is_on_queue=0 done=1 #num_remaining_scan_ranges=0 #in_flight_ranges=0 #unstarted_scan_ranges=0 #unstarted_write_ranges=0 #reading_threads=0)
I0212 12:13:35.232746  6250 row-batch.cc:508] [(3259 false 9 9 9 90 9.899999618530273 90.89999999999999 11/22/09 9 2009-11-22 03:39:09.810000000 2009 11)]
I0212 12:13:35.232759  6250 row-batch.cc:508] [(3260 true 0 0 0 0 0 0 11/23/09 0 2009-11-23 03:40:09.900000000 2009 11)]
I0212 12:13:35.232772  6250 row-batch.cc:508] [(3261 false 1 1 1 10 1.100000023841858 10.1 11/23/09 1 2009-11-23 03:41:09.900000000 2009 11)]
I0212 12:13:35.232785  6250 row-batch.cc:508] [(3262 true 2 2 2 20 2.200000047683716 20.2 11/23/09 2 2009-11-23 03:42:09.910000000 2009 11)]
I0212 12:13:35.232800  6250 row-batch.cc:508] [(3263 false 3 3 3 30 3.299999952316284 30.3 11/23/09 3 2009-11-23 03:43:09.930000000 2009 11)]
I0212 12:13:35.232815  6250 row-batch.cc:508] [(3264 true 4 4 4 40 4.400000095367432 40.4 11/23/09 4 2009-11-23 03:44:09.960000000 2009 11)]
I0212 12:13:35.232827  6250 row-batch.cc:508] [(3265 false 5 5 5 50 5.5 50.5 11/23/09 5 2009-11-23 03:45:10 2009 11)]
I0212 12:13:35.232841  6250 row-batch.cc:508] [(3266 true 6 6 6 60 6.599999904632568 60.59999999999999 11/23/09 6 2009-11-23 03:46:10.500000000 2009 11)]
I0212 12:13:35.232853  6250 row-batch.cc:508] [(3267 false 7 7 7 70 7.699999809265137 70.7 11/23/09 7 2009-11-23 03:47:10.110000000 2009 11)]
I0212 12:13:35.232867  6250 row-batch.cc:508] [(3268 true 8 8 8 80 8.800000190734863 80.8 11/23/09 8 2009-11-23 03:48:10.180000000 2009 11)]
I0212 12:13:35.232880  6250 row-batch.cc:508] [(3232 true 2 2 2 20 2.200000047683716 20.2 11/20/09 2 2009-11-20 03:12:08.560000000 2009 11)]
I0212 12:13:35.232894  6250 row-batch.cc:508] [(3233 false 3 3 3 30 3.299999952316284 30.3 11/20/09 3 2009-11-20 03:13:08.580000000 2009 11)]
I0212 12:13:35.232908  6250 row-batch.cc:508] [(3234 true 4 4 4 40 4.400000095367432 40.4 11/20/09 4 2009-11-20 03:14:08.610000000 2009 11)]
I0212 12:13:35.232919  6250 row-batch.cc:508] [(3235 false 5 5 5 50 5.5 50.5 11/20/09 5 2009-11-20 03:15:08.650000000 2009 11)]
I0212 12:13:35.232933  6250 row-batch.cc:508] [(3236 true 6 6 6 60 6.599999904632568 60.59999999999999 11/20/09 6 2009-11-20 03:16:08.700000000 2009 11)]
I0212 12:13:35.232945  6250 row-batch.cc:508] [(3237 false 7 7 7 70 7.699999809265137 70.7 11/20/09 7 2009-11-20 03:17:08.760000000 2009 11)]
I0212 12:13:35.232959  6250 row-batch.cc:508] [(3238 true 8 8 8 80 8.800000190734863 80.8 11/20/09 8 2009-11-20 03:18:08.830000000 2009 11)]
I0212 12:13:35.232973  6250 row-batch.cc:508] [(3239 false 9 9 9 90 9.899999618530273 90.89999999999999 11/20/09 9 2009-11-20 03:19:08.910000000 2009 11)]
I0212 12:13:35.232991  6250 row-batch.cc:508] [(3240 true 0 0 0 0 0 0 11/21/09 0 2009-11-21 03:20:09 2009 11)]
I0212 12:13:35.233005  6250 row-batch.cc:508] [(3241 false 1 1 1 10 1.100000023841858 10.1 11/21/09 1 2009-11-21 03:21:09 2009 11)]
I0212 12:13:35.233018  6250 row-batch.cc:508] [(3242 true 2 2 2 20 2.200000047683716 20.2 11/21/09 2 2009-11-21 03:22:09.100000000 2009 11)]
I0212 12:13:35.233032  6250 row-batch.cc:508] [(3243 false 3 3 3 30 3.299999952316284 30.3 11/21/09 3 2009-11-21 03:23:09.300000000 2009 11)]
I0212 12:13:35.233045  6250 row-batch.cc:508] [(3244 true 4 4 4 40 4.400000095367432 40.4 11/21/09 4 2009-11-21 03:24:09.600000000 2009 11)]
I0212 12:13:35.233057  6250 row-batch.cc:508] [(3245 false 5 5 5 50 5.5 50.5 11/21/09 5 2009-11-21 03:25:09.100000000 2009 11)]
I0212 12:13:35.233070  6250 row-batch.cc:508] [(3246 true 6 6 6 60 6.599999904632568 60.59999999999999 11/21/09 6 2009-11-21 03:26:09.150000000 2009 11)]
I0212 12:13:35.233083  6250 row-batch.cc:508] [(3247 false 7 7 7 70 7.699999809265137 70.7 11/21/09 7 2009-11-21 03:27:09.210000000 2009 11)]
I0212 12:13:35.233098  6250 row-batch.cc:508] [(3248 true 8 8 8 80 8.800000190734863 80.8 11/21/09 8 2009-11-21 03:28:09.280000000 2009 11)]
I0212 12:13:35.233119  6254 parquet-column-readers.cc:1020] Decompressed 139 to 372
I0212 12:13:35.233142  6250 row-batch.cc:508] [(3249 false 9 9 9 90 9.899999618530273 90.89999999999999 11/21/09 9 2009-11-21 03:29:09.360000000 2009 11)]
I0212 12:13:35.233158  6250 row-batch.cc:508] [(3250 true 0 0 0 0 0 0 11/22/09 0 2009-11-22 03:30:09.450000000 2009 11)]
I0212 12:13:35.233196  6250 row-batch.cc:508] [(3288 true 8 8 8 80 8.800000190734863 80.8 11/25/09 8 2009-11-25 04:08:11.800000000 2009 11)]
I0212 12:13:35.233209  6250 row-batch.cc:508] [(3289 false 9 9 9 90 9.899999618530273 90.89999999999999 11/25/09 9 2009-11-25 04:09:11.160000000 2009 11)]
I0212 12:13:35.233222  6250 row-batch.cc:508] [(3290 true 0 0 0 0 0 0 11/26/09 0 2009-11-26 04:10:11.250000000 2009 11)]
I0212 12:13:35.233234  6250 row-batch.cc:508] [(3291 false 1 1 1 10 1.100000023841858 10.1 11/26/09 1 2009-11-26 04:11:11.250000000 2009 11)]
I0212 12:13:35.233247  6250 row-batch.cc:508] [(3292 true 2 2 2 20 2.200000047683716 20.2 11/26/09 2 2009-11-26 04:12:11.260000000 2009 11)]
I0212 12:13:35.233260  6250 row-batch.cc:508] [(3293 false 3 3 3 30 3.299999952316284 30.3 11/26/09 3 2009-11-26 04:13:11.280000000 2009 11)]
I0212 12:13:35.233273  6250 row-batch.cc:508] [(3294 true 4 4 4 40 4.400000095367432 40.4 11/26/09 4 2009-11-26 04:14:11.310000000 2009 11)]
I0212 12:13:35.233285  6250 row-batch.cc:508] [(3295 false 5 5 5 50 5.5 50.5 11/26/09 5 2009-11-26 04:15:11.350000000 2009 11)]
I0212 12:13:35.233299  6250 row-batch.cc:508] [(3296 true 6 6 6 60 6.599999904632568 60.59999999999999 11/26/09 6 2009-11-26 04:16:11.400000000 2009 11)]
I0212 12:13:35.233310  6250 row-batch.cc:508] [(3297 false 7 7 7 70 7.699999809265137 70.7 11/26/09 7 2009-11-26 04:17:11.460000000 2009 11)]
I0212 12:13:35.233345  6250 row-batch.cc:508] [(3298 true 8 8 8 80 8.800000190734863 80.8 11/26/09 8 2009-11-26 04:18:11.530000000 2009 11)]
I0212 12:13:35.233358  6250 row-batch.cc:508] [(3299 false 9 9 9 90 9.899999618530273 90.89999999999999 11/26/09 9 2009-11-26 04:19:11.610000000 2009 11)]
I0212 12:13:35.233371  6250 row-batch.cc:508] [(3300 true 0 0 0 0 0 0 11/27/09 0 2009-11-27 04:20:11.700000000 2009 11)]
I0212 12:13:35.233384  6250 row-batch.cc:508] [(3301 false 1 1 1 10 1.100000023841858 10.1 11/27/09 1 2009-11-27 04:21:11.700000000 2009 11)]
I0212 12:13:35.233397  6250 row-batch.cc:508] [(3302 true 2 2 2 20 2.200000047683716 20.2 11/27/09 2 2009-11-27 04:22:11.710000000 2009 11)]
I0212 12:13:35.233409  6250 row-batch.cc:508] [(3303 false 3 3 3 30 3.299999952316284 30.3 11/27/09 3 2009-11-27 04:23:11.730000000 2009 11)]
I0212 12:13:35.233422  6250 row-batch.cc:508] [(3304 true 4 4 4 40 4.400000095367432 40.4 11/27/09 4 2009-11-27 04:24:11.760000000 2009 11)]
I0212 12:13:35.233446  6250 row-batch.cc:508] [(3305 false 5 5 5 50 5.5 50.5 11/27/09 5 2009-11-27 04:25:11.800000000 2009 11)]
I0212 12:13:35.233460  6250 row-batch.cc:508] [(3306 true 6 6 6 60 6.599999904632568 60.59999999999999 11/27/09 6 2009-11-27 04:26:11.850000000 2009 11)]
I0212 12:13:35.233474  6250 row-batch.cc:508] [(3269 false 9 9 9 90 9.899999618530273 90.89999999999999 11/23/09 9 2009-11-23 03:49:10.260000000 2009 11)]
I0212 12:13:35.233479  6014 handle-cache.inline.h:33] hdfsOpenFile() file=hdfs://localhost:20500/test-warehouse/alltypes_parquet/year=2010/month=5/4a4bdc025cd5afb4-a47df1b500000005_1357031870_data.0.parq fid=0xe92a840
I0212 12:13:35.233485  6250 row-batch.cc:508] [(3270 true 0 0 0 0 0 0 11/24/09 0 2009-11-24 03:50:10.350000000 2009 11)]
I0212 12:13:35.233499  6250 row-batch.cc:508] [(3271 false 1 1 1 10 1.100000023841858 10.1 11/24/09 1 2009-11-24 03:51:10.350000000 2009 11)]
I0212 12:13:35.233511  6250 row-batch.cc:508] [(3272 true 2 2 2 20 2.200000047683716 20.2 11/24/09 2 2009-11-24 03:52:10.360000000 2009 11)]
I0212 12:13:35.233525  6250 row-batch.cc:508] [(3273 false 3 3 3 30 3.299999952316284 30.3 11/24/09 3 2009-11-24 03:53:10.380000000 2009 11)]
I0212 12:13:35.233537  6250 row-batch.cc:508] [(3274 true 4 4 4 40 4.400000095367432 40.4 11/24/09 4 2009-11-24 03:54:10.410000000 2009 11)]
I0212 12:13:35.233542  6014 handle-cache.inline.h:38] hdfsCloseFile() fid=0xe92a840
I0212 12:13:35.233551  6250 row-batch.cc:508] [(3275 false 5 5 5 50 5.5 50.5 11/24/09 5 2009-11-24 03:55:10.450000000 2009 11)]
I0212 12:13:35.233563  6250 row-batch.cc:508] [(3276 true 6 6 6 60 6.599999904632568 60.59999999999999 11/24/09 6 2009-11-24 03:56:10.500000000 2009 11)]
I0212 12:13:35.233577  6250 row-batch.cc:508] [(3277 false 7 7 7 70 7.699999809265137 70.7 11/24/09 7 2009-11-24 03:57:10.560000000 2009 11)]
I0212 12:13:35.233583  6014 disk-io-mgr.cc:811] Disk (id=1) reading for 
  RequestContext: 0x10096ea0 (state=Active status_=OK #ready_buffers=1 #used_buffers=2 #num_buffers_in_reader=9 #finished_scan_ranges=35 #disk_with_ranges=3 #disks=3
   0: is_on_queue=0 done=0 #num_remaining_scan_ranges=9 #in_flight_ranges=0 #unstarted_scan_ranges=8 #unstarted_write_ranges=0 #reading_threads=0
   1: is_on_queue=0 done=0 #num_remaining_scan_ranges=14 #in_flight_ranges=10 #unstarted_scan_ranges=3 #unstarted_write_ranges=0 #reading_threads=1
   2: is_on_queue=1 done=0 #num_remaining_scan_ranges=9 #in_flight_ranges=1 #unstarted_scan_ranges=6 #unstarted_write_ranges=0 #reading_threads=1
   3: is_on_queue=0 done=1 #num_remaining_scan_ranges=0 #in_flight_ranges=0 #unstarted_scan_ranges=0 #unstarted_write_ranges=0 #reading_threads=0
   4: is_on_queue=0 done=1 #num_remaining_scan_ranges=0 #in_flight_ranges=0 #unstarted_scan_ranges=0 #unstarted_write_ranges=0 #reading_threads=0
   5: is_on_queue=0 done=1 #num_remaining_scan_ranges=0 #in_flight_ranges=0 #unstarted_scan_ranges=0 #unstarted_write_ranges=0 #reading_threads=0)
I0212 12:13:35.233590  6250 row-batch.cc:508] [(3278 true 8 8 8 80 8.800000190734863 80.8 11/24/09 8 2009-11-24 03:58:10.630000000 2009 11)]
I0212 12:13:35.233603  6250 row-batch.cc:508] [(3279 false 9 9 9 90 9.899999618530273 90.89999999999999 11/24/09 9 2009-11-24 03:59:10.710000000 2009 11)]
I0212 12:13:35.233616  6250 row-batch.cc:508] [(3280 true 0 0 0 0 0 0 11/25/09 0 2009-11-25 04:00:10.800000000 2009 11)]
I0212 12:13:35.233629  6250 row-batch.cc:508] [(3281 false 1 1 1 10 1.100000023841858 10.1 11/25/09 1 2009-11-25 04:01:10.800000000 2009 11)]
I0212 12:13:35.233642  6250 row-batch.cc:508] [(3282 true 2 2 2 20 2.200000047683716 20.2 11/25/09 2 2009-11-25 04:02:10.810000000 2009 11)]
I0212 12:13:35.233655  6250 row-batch.cc:508] [(3283 false 3 3 3 30 3.299999952316284 30.3 11/25/09 3 2009-11-25 04:03:10.830000000 2009 11)]
I0212 12:13:35.233669  6250 row-batch.cc:508] [(3284 true 4 4 4 40 4.400000095367432 40.4 11/25/09 4 2009-11-25 04:04:10.860000000 2009 11)]
I0212 12:13:35.233680  6250 row-batch.cc:508] [(3285 false 5 5 5 50 5.5 50.5 11/25/09 5 2009-11-25 04:05:10.900000000 2009 11)]
I0212 12:13:35.233698  6250 row-batch.cc:508] [(3286 true 6 6 6 60 6.599999904632568 60.59999999999999 11/25/09 6 2009-11-25 04:06:10.950000000 2009 11)]
I0212 12:13:35.233712  6250 row-batch.cc:508] [(3287 false 7 7 7 70 7.699999809265137 70.7 11/25/09 7 2009-11-25 04:07:11.100000000 2009 11)]
I0212 12:13:35.233727  6250 row-batch.cc:508] [(3189 false 9 9 9 90 9.899999618530273 90.89999999999999 11/15/09 9 2009-11-15 02:29:06.660000000 2009 11)]
I0212 12:13:35.233741  6250 row-batch.cc:508] [(3188 true 8 8 8 80 8.800000190734863 80.8 11/15/09 8 2009-11-15 02:28:06.580000000 2009 11)]
