I0212 12:13:34.483162  6014 handle-cache.inline.h:38] hdfsCloseFile() fid=0xe92a840
I0212 12:13:34.483170  6015 handle-cache.inline.h:33] hdfsOpenFile() file=hdfs://localhost:20500/test-warehouse/alltypes_parquet/year=2010/month=2/4a4bdc025cd5afb4-a47df1b500000005_2112892008_data.0.parq fid=0xe92a350
I0212 12:13:34.483217  6014 disk-io-mgr.cc:811] Disk (id=1) reading for 
  RequestContext: 0x10272680 (state=Active status_=OK #ready_buffers=1 #used_buffers=2 #num_buffers_in_reader=9 #finished_scan_ranges=11 #disk_with_ranges=3 #disks=3
   0: is_on_queue=0 done=0 #num_remaining_scan_ranges=10 #in_flight_ranges=0 #unstarted_scan_ranges=9 #unstarted_write_ranges=0 #reading_threads=0
   1: is_on_queue=0 done=0 #num_remaining_scan_ranges=11 #in_flight_ranges=6 #unstarted_scan_ranges=4 #unstarted_write_ranges=0 #reading_threads=1
   2: is_on_queue=1 done=0 #num_remaining_scan_ranges=13 #in_flight_ranges=5 #unstarted_scan_ranges=6 #unstarted_write_ranges=0 #reading_threads=1
   3: is_on_queue=0 done=1 #num_remaining_scan_ranges=0 #in_flight_ranges=0 #unstarted_scan_ranges=0 #unstarted_write_ranges=0 #reading_threads=0
   4: is_on_queue=0 done=1 #num_remaining_scan_ranges=0 #in_flight_ranges=0 #unstarted_scan_ranges=0 #unstarted_write_ranges=0 #reading_threads=0
   5: is_on_queue=0 done=1 #num_remaining_scan_ranges=0 #in_flight_ranges=0 #unstarted_scan_ranges=0 #unstarted_write_ranges=0 #reading_threads=0)
I0212 12:13:34.483250  6015 handle-cache.inline.h:38] hdfsCloseFile() fid=0xe92a350
I0212 12:13:34.483296  6237 parquet-column-readers.cc:1020] Decompressed 50 to 80
I0212 12:13:34.483317  6015 disk-io-mgr.cc:811] Disk (id=2) reading for 
  RequestContext: 0x10272680 (state=Active status_=OK #ready_buffers=1 #used_buffers=2 #num_buffers_in_reader=10 #finished_scan_ranges=12 #disk_with_ranges=3 #disks=3
   0: is_on_queue=0 done=0 #num_remaining_scan_ranges=10 #in_flight_ranges=0 #unstarted_scan_ranges=9 #unstarted_write_ranges=0 #reading_threads=0
   1: is_on_queue=1 done=0 #num_remaining_scan_ranges=11 #in_flight_ranges=5 #unstarted_scan_ranges=4 #unstarted_write_ranges=0 #reading_threads=1
   2: is_on_queue=0 done=0 #num_remaining_scan_ranges=12 #in_flight_ranges=5 #unstarted_scan_ranges=6 #unstarted_write_ranges=0 #reading_threads=1
   3: is_on_queue=0 done=1 #num_remaining_scan_ranges=0 #in_flight_ranges=0 #unstarted_scan_ranges=0 #unstarted_write_ranges=0 #reading_threads=0
   4: is_on_queue=0 done=1 #num_remaining_scan_ranges=0 #in_flight_ranges=0 #unstarted_scan_ranges=0 #unstarted_write_ranges=0 #reading_threads=0
   5: is_on_queue=0 done=1 #num_remaining_scan_ranges=0 #in_flight_ranges=0 #unstarted_scan_ranges=0 #unstarted_write_ranges=0 #reading_threads=0)
I0212 12:13:34.483510  6238 parquet-column-readers.cc:1020] Decompressed 39 to 40
I0212 12:13:34.484115  6014 handle-cache.inline.h:33] hdfsOpenFile() file=hdfs://localhost:20500/test-warehouse/alltypes_parquet/year=2009/month=1/4a4bdc025cd5afb4-a47df1b500000004_701105264_data.0.parq fid=0xe92a840
I0212 12:13:34.484172  6014 handle-cache.inline.h:38] hdfsCloseFile() fid=0xe92a840
I0212 12:13:34.484230  6014 disk-io-mgr.cc:811] Disk (id=1) reading for 
  RequestContext: 0x10272680 (state=Active status_=OK #ready_buffers=0 #used_buffers=1 #num_buffers_in_reader=12 #finished_scan_ranges=14 #disk_with_ranges=3 #disks=3
   0: is_on_queue=0 done=0 #num_remaining_scan_ranges=10 #in_flight_ranges=0 #unstarted_scan_ranges=9 #unstarted_write_ranges=0 #reading_threads=0
   1: is_on_queue=0 done=0 #num_remaining_scan_ranges=10 #in_flight_ranges=5 #unstarted_scan_ranges=4 #unstarted_write_ranges=0 #reading_threads=1
   2: is_on_queue=1 done=0 #num_remaining_scan_ranges=12 #in_flight_ranges=4 #unstarted_scan_ranges=6 #unstarted_write_ranges=0 #reading_threads=1
   3: is_on_queue=0 done=1 #num_remaining_scan_ranges=0 #in_flight_ranges=0 #unstarted_scan_ranges=0 #unstarted_write_ranges=0 #reading_threads=0
   4: is_on_queue=0 done=1 #num_remaining_scan_ranges=0 #in_flight_ranges=0 #unstarted_scan_ranges=0 #unstarted_write_ranges=0 #reading_threads=0
   5: is_on_queue=0 done=1 #num_remaining_scan_ranges=0 #in_flight_ranges=0 #unstarted_scan_ranges=0 #unstarted_write_ranges=0 #reading_threads=0)
I0212 12:13:34.484241  6015 handle-cache.inline.h:33] hdfsOpenFile() file=hdfs://localhost:20500/test-warehouse/alltypes_parquet/year=2010/month=2/4a4bdc025cd5afb4-a47df1b500000005_2112892008_data.0.parq fid=0xe92a350
I0212 12:13:34.484252  6238 parquet-column-readers.cc:1020] Decompressed 50 to 80
I0212 12:13:34.484310  6015 handle-cache.inline.h:38] hdfsCloseFile() fid=0xe92a350
I0212 12:13:34.484365  6237 parquet-column-readers.cc:1020] Decompressed 42 to 40
I0212 12:13:34.484386  6015 disk-io-mgr.cc:811] Disk (id=2) reading for 
  RequestContext: 0x10272680 (state=Active status_=OK #ready_buffers=0 #used_buffers=1 #num_buffers_in_reader=13 #finished_scan_ranges=15 #disk_with_ranges=3 #disks=3
   0: is_on_queue=0 done=0 #num_remaining_scan_ranges=10 #in_flight_ranges=0 #unstarted_scan_ranges=9 #unstarted_write_ranges=0 #reading_threads=0
   1: is_on_queue=1 done=0 #num_remaining_scan_ranges=10 #in_flight_ranges=4 #unstarted_scan_ranges=4 #unstarted_write_ranges=0 #reading_threads=1
   2: is_on_queue=0 done=0 #num_remaining_scan_ranges=11 #in_flight_ranges=4 #unstarted_scan_ranges=6 #unstarted_write_ranges=0 #reading_threads=1
   3: is_on_queue=0 done=1 #num_remaining_scan_ranges=0 #in_flight_ranges=0 #unstarted_scan_ranges=0 #unstarted_write_ranges=0 #reading_threads=0
   4: is_on_queue=0 done=1 #num_remaining_scan_ranges=0 #in_flight_ranges=0 #unstarted_scan_ranges=0 #unstarted_write_ranges=0 #reading_threads=0
   5: is_on_queue=0 done=1 #num_remaining_scan_ranges=0 #in_flight_ranges=0 #unstarted_scan_ranges=0 #unstarted_write_ranges=0 #reading_threads=0)
I0212 12:13:34.485023  6014 handle-cache.inline.h:33] hdfsOpenFile() file=hdfs://localhost:20500/test-warehouse/alltypes_parquet/year=2009/month=1/4a4bdc025cd5afb4-a47df1b500000004_701105264_data.0.parq fid=0xe92a840
I0212 12:13:34.485090  6014 handle-cache.inline.h:38] hdfsCloseFile() fid=0xe92a840
I0212 12:13:34.485144  6014 disk-io-mgr.cc:811] Disk (id=1) reading for 
  RequestContext: 0x10272680 (state=Active status_=OK #ready_buffers=0 #used_buffers=1 #num_buffers_in_reader=14 #finished_scan_ranges=16 #disk_with_ranges=3 #disks=3
   0: is_on_queue=0 done=0 #num_remaining_scan_ranges=10 #in_flight_ranges=0 #unstarted_scan_ranges=9 #unstarted_write_ranges=0 #reading_threads=0
   1: is_on_queue=0 done=0 #num_remaining_scan_ranges=9 #in_flight_ranges=4 #unstarted_scan_ranges=4 #unstarted_write_ranges=0 #reading_threads=1
   2: is_on_queue=1 done=0 #num_remaining_scan_ranges=11 #in_flight_ranges=3 #unstarted_scan_ranges=6 #unstarted_write_ranges=0 #reading_threads=1
   3: is_on_queue=0 done=1 #num_remaining_scan_ranges=0 #in_flight_ranges=0 #unstarted_scan_ranges=0 #unstarted_write_ranges=0 #reading_threads=0
   4: is_on_queue=0 done=1 #num_remaining_scan_ranges=0 #in_flight_ranges=0 #unstarted_scan_ranges=0 #unstarted_write_ranges=0 #reading_threads=0
   5: is_on_queue=0 done=1 #num_remaining_scan_ranges=0 #in_flight_ranges=0 #unstarted_scan_ranges=0 #unstarted_write_ranges=0 #reading_threads=0)
I0212 12:13:34.485147  6238 parquet-column-readers.cc:1020] Decompressed 41 to 40
I0212 12:13:34.485393  6015 handle-cache.inline.h:33] hdfsOpenFile() file=hdfs://localhost:20500/test-warehouse/alltypes_parquet/year=2010/month=2/4a4bdc025cd5afb4-a47df1b500000005_2112892008_data.0.parq fid=0xe92a350
I0212 12:13:34.485458  6015 handle-cache.inline.h:38] hdfsCloseFile() fid=0xe92a350
I0212 12:13:34.485518  6015 disk-io-mgr.cc:811] Disk (id=2) reading for 
  RequestContext: 0x10272680 (state=Active status_=OK #ready_buffers=0 #used_buffers=1 #num_buffers_in_reader=15 #finished_scan_ranges=17 #disk_with_ranges=3 #disks=3
   0: is_on_queue=0 done=0 #num_remaining_scan_ranges=10 #in_flight_ranges=0 #unstarted_scan_ranges=9 #unstarted_write_ranges=0 #reading_threads=0
   1: is_on_queue=1 done=0 #num_remaining_scan_ranges=9 #in_flight_ranges=3 #unstarted_scan_ranges=4 #unstarted_write_ranges=0 #reading_threads=1
   2: is_on_queue=0 done=0 #num_remaining_scan_ranges=10 #in_flight_ranges=3 #unstarted_scan_ranges=6 #unstarted_write_ranges=0 #reading_threads=1
   3: is_on_queue=0 done=1 #num_remaining_scan_ranges=0 #in_flight_ranges=0 #unstarted_scan_ranges=0 #unstarted_write_ranges=0 #reading_threads=0
   4: is_on_queue=0 done=1 #num_remaining_scan_ranges=0 #in_flight_ranges=0 #unstarted_scan_ranges=0 #unstarted_write_ranges=0 #reading_threads=0
   5: is_on_queue=0 done=1 #num_remaining_scan_ranges=0 #in_flight_ranges=0 #unstarted_scan_ranges=0 #unstarted_write_ranges=0 #reading_threads=0)
I0212 12:13:34.485538  6237 parquet-column-readers.cc:1020] Decompressed 62 to 80
I0212 12:13:34.485929  6014 handle-cache.inline.h:33] hdfsOpenFile() file=hdfs://localhost:20500/test-warehouse/alltypes_parquet/year=2009/month=1/4a4bdc025cd5afb4-a47df1b500000004_701105264_data.0.parq fid=0xe92a840
I0212 12:13:34.485997  6014 handle-cache.inline.h:38] hdfsCloseFile() fid=0xe92a840
I0212 12:13:34.486032  6014 disk-io-mgr.cc:811] Disk (id=1) reading for 
  RequestContext: 0x10272680 (state=Active status_=OK #ready_buffers=0 #used_buffers=1 #num_buffers_in_reader=16 #finished_scan_ranges=18 #disk_with_ranges=3 #disks=3
   0: is_on_queue=0 done=0 #num_remaining_scan_ranges=10 #in_flight_ranges=0 #unstarted_scan_ranges=9 #unstarted_write_ranges=0 #reading_threads=0
   1: is_on_queue=0 done=0 #num_remaining_scan_ranges=8 #in_flight_ranges=3 #unstarted_scan_ranges=4 #unstarted_write_ranges=0 #reading_threads=1
   2: is_on_queue=1 done=0 #num_remaining_scan_ranges=10 #in_flight_ranges=2 #unstarted_scan_ranges=6 #unstarted_write_ranges=0 #reading_threads=1
   3: is_on_queue=0 done=1 #num_remaining_scan_ranges=0 #in_flight_ranges=0 #unstarted_scan_ranges=0 #unstarted_write_ranges=0 #reading_threads=0
   4: is_on_queue=0 done=1 #num_remaining_scan_ranges=0 #in_flight_ranges=0 #unstarted_scan_ranges=0 #unstarted_write_ranges=0 #reading_threads=0
   5: is_on_queue=0 done=1 #num_remaining_scan_ranges=0 #in_flight_ranges=0 #unstarted_scan_ranges=0 #unstarted_write_ranges=0 #reading_threads=0)
I0212 12:13:34.486050  6238 parquet-column-readers.cc:1020] Decompressed 62 to 80
I0212 12:13:34.486218  6015 handle-cache.inline.h:33] hdfsOpenFile() file=hdfs://localhost:20500/test-warehouse/alltypes_parquet/year=2010/month=2/4a4bdc025cd5afb4-a47df1b500000005_2112892008_data.0.parq fid=0xe92a350
I0212 12:13:34.486269  6015 handle-cache.inline.h:38] hdfsCloseFile() fid=0xe92a350
I0212 12:13:34.486312  6237 parquet-column-readers.cc:1020] Decompressed 127 to 336
I0212 12:13:34.486333  6015 disk-io-mgr.cc:811] Disk (id=2) reading for 
  RequestContext: 0x10272680 (state=Active status_=OK #ready_buffers=0 #used_buffers=1 #num_buffers_in_reader=17 #finished_scan_ranges=19 #disk_with_ranges=3 #disks=3
   0: is_on_queue=0 done=0 #num_remaining_scan_ranges=10 #in_flight_ranges=0 #unstarted_scan_ranges=9 #unstarted_write_ranges=0 #reading_threads=0
   1: is_on_queue=1 done=0 #num_remaining_scan_ranges=8 #in_flight_ranges=2 #unstarted_scan_ranges=4 #unstarted_write_ranges=0 #reading_threads=1
   2: is_on_queue=0 done=0 #num_remaining_scan_ranges=9 #in_flight_ranges=2 #unstarted_scan_ranges=6 #unstarted_write_ranges=0 #reading_threads=1
   3: is_on_queue=0 done=1 #num_remaining_scan_ranges=0 #in_flight_ranges=0 #unstarted_scan_ranges=0 #unstarted_write_ranges=0 #reading_threads=0
   4: is_on_queue=0 done=1 #num_remaining_scan_ranges=0 #in_flight_ranges=0 #unstarted_scan_ranges=0 #unstarted_write_ranges=0 #reading_threads=0
   5: is_on_queue=0 done=1 #num_remaining_scan_ranges=0 #in_flight_ranges=0 #unstarted_scan_ranges=0 #unstarted_write_ranges=0 #reading_threads=0)
I0212 12:13:34.486811  6014 handle-cache.inline.h:33] hdfsOpenFile() file=hdfs://localhost:20500/test-warehouse/alltypes_parquet/year=2009/month=1/4a4bdc025cd5afb4-a47df1b500000004_701105264_data.0.parq fid=0xe92a840
I0212 12:13:34.486867  6014 handle-cache.inline.h:38] hdfsCloseFile() fid=0xe92a840
I0212 12:13:34.486908  6014 disk-io-mgr.cc:811] Disk (id=1) reading for 
  RequestContext: 0x10272680 (state=Active status_=OK #ready_buffers=0 #used_buffers=1 #num_buffers_in_reader=18 #finished_scan_ranges=20 #disk_with_ranges=3 #disks=3
   0: is_on_queue=0 done=0 #num_remaining_scan_ranges=10 #in_flight_ranges=0 #unstarted_scan_ranges=9 #unstarted_write_ranges=0 #reading_threads=0
   1: is_on_queue=0 done=0 #num_remaining_scan_ranges=7 #in_flight_ranges=2 #unstarted_scan_ranges=4 #unstarted_write_ranges=0 #reading_threads=1
   2: is_on_queue=1 done=0 #num_remaining_scan_ranges=9 #in_flight_ranges=1 #unstarted_scan_ranges=6 #unstarted_write_ranges=0 #reading_threads=1
   3: is_on_queue=0 done=1 #num_remaining_scan_ranges=0 #in_flight_ranges=0 #unstarted_scan_ranges=0 #unstarted_write_ranges=0 #reading_threads=0
   4: is_on_queue=0 done=1 #num_remaining_scan_ranges=0 #in_flight_ranges=0 #unstarted_scan_ranges=0 #unstarted_write_ranges=0 #reading_threads=0
   5: is_on_queue=0 done=1 #num_remaining_scan_ranges=0 #in_flight_ranges=0 #unstarted_scan_ranges=0 #unstarted_write_ranges=0 #reading_threads=0)
I0212 12:13:34.486922  6238 parquet-column-readers.cc:1020] Decompressed 142 to 372
I0212 12:13:34.487097  6015 handle-cache.inline.h:33] hdfsOpenFile() file=hdfs://localhost:20500/test-warehouse/alltypes_parquet/year=2010/month=2/4a4bdc025cd5afb4-a47df1b500000005_2112892008_data.0.parq fid=0xe92a350
I0212 12:13:34.487229  6015 handle-cache.inline.h:38] hdfsCloseFile() fid=0xe92a350
I0212 12:13:34.487270  6015 disk-io-mgr.cc:811] Disk (id=2) reading for 
  RequestContext: 0x10272680 (state=Active status_=OK #ready_buffers=0 #used_buffers=1 #num_buffers_in_reader=19 #finished_scan_ranges=21 #disk_with_ranges=3 #disks=3
   0: is_on_queue=0 done=0 #num_remaining_scan_ranges=10 #in_flight_ranges=0 #unstarted_scan_ranges=9 #unstarted_write_ranges=0 #reading_threads=0
   1: is_on_queue=1 done=0 #num_remaining_scan_ranges=7 #in_flight_ranges=1 #unstarted_scan_ranges=4 #unstarted_write_ranges=0 #reading_threads=1
   2: is_on_queue=0 done=0 #num_remaining_scan_ranges=8 #in_flight_ranges=1 #unstarted_scan_ranges=6 #unstarted_write_ranges=0 #reading_threads=1
   3: is_on_queue=0 done=1 #num_remaining_scan_ranges=0 #in_flight_ranges=0 #unstarted_scan_ranges=0 #unstarted_write_ranges=0 #reading_threads=0
   4: is_on_queue=0 done=1 #num_remaining_scan_ranges=0 #in_flight_ranges=0 #unstarted_scan_ranges=0 #unstarted_write_ranges=0 #reading_threads=0
   5: is_on_queue=0 done=1 #num_remaining_scan_ranges=0 #in_flight_ranges=0 #unstarted_scan_ranges=0 #unstarted_write_ranges=0 #reading_threads=0)
I0212 12:13:34.487289  6237 parquet-column-readers.cc:1020] Decompressed 46 to 50
I0212 12:13:34.487823  6014 handle-cache.inline.h:33] hdfsOpenFile() file=hdfs://localhost:20500/test-warehouse/alltypes_parquet/year=2009/month=1/4a4bdc025cd5afb4-a47df1b500000004_701105264_data.0.parq fid=0xe92a840
I0212 12:13:34.487887  6014 handle-cache.inline.h:38] hdfsCloseFile() fid=0xe92a840
I0212 12:13:34.487939  6014 disk-io-mgr.cc:811] Disk (id=1) reading for 
  RequestContext: 0x10272680 (state=Active status_=OK #ready_buffers=0 #used_buffers=1 #num_buffers_in_reader=20 #finished_scan_ranges=22 #disk_with_ranges=3 #disks=3
   0: is_on_queue=0 done=0 #num_remaining_scan_ranges=10 #in_flight_ranges=0 #unstarted_scan_ranges=9 #unstarted_write_ranges=0 #reading_threads=0
   1: is_on_queue=0 done=0 #num_remaining_scan_ranges=6 #in_flight_ranges=1 #unstarted_scan_ranges=4 #unstarted_write_ranges=0 #reading_threads=1
   2: is_on_queue=1 done=0 #num_remaining_scan_ranges=8 #in_flight_ranges=0 #unstarted_scan_ranges=6 #unstarted_write_ranges=0 #reading_threads=1
   3: is_on_queue=0 done=1 #num_remaining_scan_ranges=0 #in_flight_ranges=0 #unstarted_scan_ranges=0 #unstarted_write_ranges=0 #reading_threads=0
   4: is_on_queue=0 done=1 #num_remaining_scan_ranges=0 #in_flight_ranges=0 #unstarted_scan_ranges=0 #unstarted_write_ranges=0 #reading_threads=0
   5: is_on_queue=0 done=1 #num_remaining_scan_ranges=0 #in_flight_ranges=0 #unstarted_scan_ranges=0 #unstarted_write_ranges=0 #reading_threads=0)
I0212 12:13:34.487957  6238 parquet-column-readers.cc:1020] Decompressed 46 to 50
I0212 12:13:34.488154  6015 handle-cache.inline.h:33] hdfsOpenFile() file=hdfs://localhost:20500/test-warehouse/alltypes_parquet/year=2010/month=2/4a4bdc025cd5afb4-a47df1b500000005_2112892008_data.0.parq fid=0xe92a350
I0212 12:13:34.488231  6015 handle-cache.inline.h:38] hdfsCloseFile() fid=0xe92a350
I0212 12:13:34.488266  6015 disk-io-mgr.cc:811] Disk (id=2) reading for 
  RequestContext: 0x10272680 (state=Active status_=OK #ready_buffers=1 #used_buffers=2 #num_buffers_in_reader=20 #finished_scan_ranges=22 #disk_with_ranges=3 #disks=3
   0: is_on_queue=0 done=0 #num_remaining_scan_ranges=10 #in_flight_ranges=0 #unstarted_scan_ranges=9 #unstarted_write_ranges=0 #reading_threads=0
   1: is_on_queue=1 done=0 #num_remaining_scan_ranges=6 #in_flight_ranges=0 #unstarted_scan_ranges=4 #unstarted_write_ranges=0 #reading_threads=1
   2: is_on_queue=0 done=0 #num_remaining_scan_ranges=7 #in_flight_ranges=0 #unstarted_scan_ranges=6 #unstarted_write_ranges=0 #reading_threads=1
   3: is_on_queue=0 done=1 #num_remaining_scan_ranges=0 #in_flight_ranges=0 #unstarted_scan_ranges=0 #unstarted_write_ranges=0 #reading_threads=0
   4: is_on_queue=0 done=1 #num_remaining_scan_ranges=0 #in_flight_ranges=0 #unstarted_scan_ranges=0 #unstarted_write_ranges=0 #reading_threads=0
   5: is_on_queue=0 done=1 #num_remaining_scan_ranges=0 #in_flight_ranges=0 #unstarted_scan_ranges=0 #unstarted_write_ranges=0 #reading_threads=0)
I0212 12:13:34.488322  6237 parquet-column-readers.cc:1020] Decompressed 2225 to 3360
I0212 12:13:34.488416  6237 parquet-column-readers.cc:1129] Decompressed 39 to 42
I0212 12:13:34.488476  6237 parquet-column-readers.cc:1129] Decompressed 329 to 324
I0212 12:13:34.488536  6237 parquet-column-readers.cc:1129] Decompressed 98 to 149
I0212 12:13:34.488564  6237 parquet-column-readers.cc:1129] Decompressed 98 to 149
I0212 12:13:34.488593  6237 parquet-column-readers.cc:1129] Decompressed 98 to 149
I0212 12:13:34.488625  6237 parquet-column-readers.cc:1129] Decompressed 98 to 149
I0212 12:13:34.488649  6237 parquet-column-readers.cc:1129] Decompressed 98 to 149
I0212 12:13:34.488679  6237 parquet-column-readers.cc:1129] Decompressed 98 to 149
I0212 12:13:34.488704  6237 parquet-column-readers.cc:1129] Decompressed 156 to 157
I0212 12:13:34.488734  6237 parquet-column-readers.cc:1129] Decompressed 98 to 149
I0212 12:13:34.488759  6237 parquet-column-readers.cc:1129] Decompressed 329 to 324
I0212 12:13:34.488822  6234 row-batch.cc:506] FragmentInstanceState::ExecInternal(): #rows=280
I0212 12:13:34.488857  6237 progress-updater.cc:65] Splits complete (node=24): 4% Complete (1 out of 24)
I0212 12:13:34.488865  6234 row-batch.cc:508] [(3985 false 5 5 5 50 5.5 50.5 02/03/10 5 2010-02-03 00:25:01 2010 2)]
I0212 12:13:34.488883  6234 row-batch.cc:508] [(3986 true 6 6 6 60 6.599999904632568 60.59999999999999 02/03/10 6 2010-02-03 00:26:01.500000000 2010 2)]
I0212 12:13:34.488896  6234 row-batch.cc:508] [(3987 false 7 7 7 70 7.699999809265137 70.7 02/03/10 7 2010-02-03 00:27:01.110000000 2010 2)]
I0212 12:13:34.488909  6234 row-batch.cc:508] [(3988 true 8 8 8 80 8.800000190734863 80.8 02/03/10 8 2010-02-03 00:28:01.180000000 2010 2)]
I0212 12:13:34.488921  6009 disk-io-mgr.cc:811] Disk (id=0) reading for 
  RequestContext: 0x10272680 (state=Active status_=OK #ready_buffers=0 #used_buffers=1 #num_buffers_in_reader=10 #finished_scan_ranges=23 #disk_with_ranges=3 #disks=3
   0: is_on_queue=0 done=0 #num_remaining_scan_ranges=10 #in_flight_ranges=1 #unstarted_scan_ranges=9 #unstarted_write_ranges=0 #reading_threads=1
   1: is_on_queue=1 done=0 #num_remaining_scan_ranges=6 #in_flight_ranges=0 #unstarted_scan_ranges=4 #unstarted_write_ranges=0 #reading_threads=1
   2: is_on_queue=0 done=0 #num_remaining_scan_ranges=7 #in_flight_ranges=0 #unstarted_scan_ranges=6 #unstarted_write_ranges=0 #reading_threads=0
   3: is_on_queue=0 done=1 #num_remaining_scan_ranges=0 #in_flight_ranges=0 #unstarted_scan_ranges=0 #unstarted_write_ranges=0 #reading_threads=0
   4: is_on_queue=0 done=1 #num_remaining_scan_ranges=0 #in_flight_ranges=0 #unstarted_scan_ranges=0 #unstarted_write_ranges=0 #reading_threads=0
   5: is_on_queue=0 done=1 #num_remaining_scan_ranges=0 #in_flight_ranges=0 #unstarted_scan_ranges=0 #unstarted_write_ranges=0 #reading_threads=0)
I0212 12:13:34.488924  6234 row-batch.cc:508] [(3989 false 9 9 9 90 9.899999618530273 90.89999999999999 02/03/10 9 2010-02-03 00:29:01.260000000 2010 2)]
I0212 12:13:34.488937  6234 row-batch.cc:508] [(3990 true 0 0 0 0 0 0 02/04/10 0 2010-02-04 00:30:01.350000000 2010 2)]
I0212 12:13:34.488939  6013 disk-io-mgr.cc:811] Disk (id=0) reading for 
  RequestContext: 0x10272680 (state=Active status_=OK #ready_buffers=0 #used_buffers=2 #num_buffers_in_reader=10 #finished_scan_ranges=23 #disk_with_ranges=3 #disks=3
   0: is_on_queue=0 done=0 #num_remaining_scan_ranges=10 #in_flight_ranges=0 #unstarted_scan_ranges=8 #unstarted_write_ranges=0 #reading_threads=2
   1: is_on_queue=1 done=0 #num_remaining_scan_ranges=6 #in_flight_ranges=0 #unstarted_scan_ranges=4 #unstarted_write_ranges=0 #reading_threads=1
   2: is_on_queue=0 done=0 #num_remaining_scan_ranges=7 #in_flight_ranges=0 #unstarted_scan_ranges=6 #unstarted_write_ranges=0 #reading_threads=0
   3: is_on_queue=0 done=1 #num_remaining_scan_ranges=0 #in_flight_ranges=0 #unstarted_scan_ranges=0 #unstarted_write_ranges=0 #reading_threads=0
   4: is_on_queue=0 done=1 #num_remaining_scan_ranges=0 #in_flight_ranges=0 #unstarted_scan_ranges=0 #unstarted_write_ranges=0 #reading_threads=0
   5: is_on_queue=0 done=1 #num_remaining_scan_ranges=0 #in_flight_ranges=0 #unstarted_scan_ranges=0 #unstarted_write_ranges=0 #reading_threads=0)
I0212 12:13:34.488950  6234 row-batch.cc:508] [(3991 false 1 1 1 10 1.100000023841858 10.1 02/04/10 1 2010-02-04 00:31:01.350000000 2010 2)]
I0212 12:13:34.488968  6234 row-batch.cc:508] [(3992 true 2 2 2 20 2.200000047683716 20.2 02/04/10 2 2010-02-04 00:32:01.360000000 2010 2)]
I0212 12:13:34.488981  6234 row-batch.cc:508] [(3993 false 3 3 3 30 3.299999952316284 30.3 02/04/10 3 2010-02-04 00:33:01.380000000 2010 2)]
I0212 12:13:34.488994  6234 row-batch.cc:508] [(3994 true 4 4 4 40 4.400000095367432 40.4 02/04/10 4 2010-02-04 00:34:01.410000000 2010 2)]
I0212 12:13:34.489014  6234 row-batch.cc:508] [(3995 false 5 5 5 50 5.5 50.5 02/04/10 5 2010-02-04 00:35:01.450000000 2010 2)]
I0212 12:13:34.489028  6234 row-batch.cc:508] [(3996 true 6 6 6 60 6.599999904632568 60.59999999999999 02/04/10 6 2010-02-04 00:36:01.500000000 2010 2)]
I0212 12:13:34.489040  6234 row-batch.cc:508] [(3997 false 7 7 7 70 7.699999809265137 70.7 02/04/10 7 2010-02-04 00:37:01.560000000 2010 2)]
I0212 12:13:34.489053  6234 row-batch.cc:508] [(3998 true 8 8 8 80 8.800000190734863 80.8 02/04/10 8 2010-02-04 00:38:01.630000000 2010 2)]
I0212 12:13:34.489066  6234 row-batch.cc:508] [(3999 false 9 9 9 90 9.899999618530273 90.89999999999999 02/04/10 9 2010-02-04 00:39:01.710000000 2010 2)]
I0212 12:13:34.489078  6234 row-batch.cc:508] [(4000 true 0 0 0 0 0 0 02/05/10 0 2010-02-05 00:40:01.800000000 2010 2)]
I0212 12:13:34.489091  6234 row-batch.cc:508] [(4001 false 1 1 1 10 1.100000023841858 10.1 02/05/10 1 2010-02-05 00:41:01.800000000 2010 2)]
I0212 12:13:34.489104  6234 row-batch.cc:508] [(4002 true 2 2 2 20 2.200000047683716 20.2 02/05/10 2 2010-02-05 00:42:01.810000000 2010 2)]
I0212 12:13:34.489116  6234 row-batch.cc:508] [(4003 false 3 3 3 30 3.299999952316284 30.3 02/05/10 3 2010-02-05 00:43:01.830000000 2010 2)]
I0212 12:13:34.489130  6234 row-batch.cc:508] [(4004 true 4 4 4 40 4.400000095367432 40.4 02/05/10 4 2010-02-05 00:44:01.860000000 2010 2)]
I0212 12:13:34.489141  6234 row-batch.cc:508] [(4005 false 5 5 5 50 5.5 50.5 02/05/10 5 2010-02-05 00:45:01.900000000 2010 2)]
I0212 12:13:34.489154  6234 row-batch.cc:508] [(4006 true 6 6 6 60 6.599999904632568 60.59999999999999 02/05/10 6 2010-02-05 00:46:01.950000000 2010 2)]
I0212 12:13:34.489167  6234 row-batch.cc:508] [(4007 false 7 7 7 70 7.699999809265137 70.7 02/05/10 7 2010-02-05 00:47:02.100000000 2010 2)]
I0212 12:13:34.489181  6234 row-batch.cc:508] [(4008 true 8 8 8 80 8.800000190734863 80.8 02/05/10 8 2010-02-05 00:48:02.800000000 2010 2)]
I0212 12:13:34.489192  6234 row-batch.cc:508] [(3960 true 0 0 0 0 0 0 02/01/10 0 2010-02-01 00:00:00 2010 2)]
I0212 12:13:34.489205  6234 row-batch.cc:508] [(3961 false 1 1 1 10 1.100000023841858 10.1 02/01/10 1 2010-02-01 00:01:00 2010 2)]
I0212 12:13:34.489218  6234 row-batch.cc:508] [(3962 true 2 2 2 20 2.200000047683716 20.2 02/01/10 2 2010-02-01 00:02:00.100000000 2010 2)]
I0212 12:13:34.489231  6234 row-batch.cc:508] [(3963 false 3 3 3 30 3.299999952316284 30.3 02/01/10 3 2010-02-01 00:03:00.300000000 2010 2)]
I0212 12:13:34.489246  6234 row-batch.cc:508] [(3964 true 4 4 4 40 4.400000095367432 40.4 02/01/10 4 2010-02-01 00:04:00.600000000 2010 2)]
I0212 12:13:34.489259  6234 row-batch.cc:508] [(3965 false 5 5 5 50 5.5 50.5 02/01/10 5 2010-02-01 00:05:00.100000000 2010 2)]
I0212 12:13:34.489274  6234 row-batch.cc:508] [(3966 true 6 6 6 60 6.599999904632568 60.59999999999999 02/01/10 6 2010-02-01 00:06:00.150000000 2010 2)]
I0212 12:13:34.489298  6234 row-batch.cc:508] [(3967 false 7 7 7 70 7.699999809265137 70.7 02/01/10 7 2010-02-01 00:07:00.210000000 2010 2)]
I0212 12:13:34.489312  6234 row-batch.cc:508] [(3968 true 8 8 8 80 8.800000190734863 80.8 02/01/10 8 2010-02-01 00:08:00.280000000 2010 2)]
I0212 12:13:34.489326  6234 row-batch.cc:508] [(3969 false 9 9 9 90 9.899999618530273 90.89999999999999 02/01/10 9 2010-02-01 00:09:00.360000000 2010 2)]
I0212 12:13:34.489338  6234 row-batch.cc:508] [(3970 true 0 0 0 0 0 0 02/02/10 0 2010-02-02 00:10:00.450000000 2010 2)]
I0212 12:13:34.489352  6234 row-batch.cc:508] [(3971 false 1 1 1 10 1.100000023841858 10.1 02/02/10 1 2010-02-02 00:11:00.450000000 2010 2)]
I0212 12:13:34.489358  6014 handle-cache.inline.h:33] hdfsOpenFile() file=hdfs://localhost:20500/test-warehouse/alltypes_parquet/year=2009/month=1/4a4bdc025cd5afb4-a47df1b500000004_701105264_data.0.parq fid=0xe92a840
I0212 12:13:34.489365  6234 row-batch.cc:508] [(3972 true 2 2 2 20 2.200000047683716 20.2 02/02/10 2 2010-02-02 00:12:00.460000000 2010 2)]
I0212 12:13:34.489377  6233 status.cc:58] Debug Action: FAIL
    @          0x1668698  impala::Status::Status()
    @          0x1b7f403  impala::ExecNode::ExecDebugActionImpl()
    @          0x1b80b6d  impala::ExecNode::ExecDebugAction()
    @          0x1b7b7e6  impala::ExecNode::Prepare()
    @          0x1b8674f  impala::ExchangeNode::Prepare()
    @          0x18c085c  impala::FragmentInstanceState::Prepare()
    @          0x18bf4b3  impala::FragmentInstanceState::Exec()
    @          0x18a8383  impala::QueryState::ExecFInstance()
    @          0x18a6c1c  _ZZN6impala10QueryState15StartFInstancesEvENKUlvE_clEv
    @          0x18a8f9d  _ZN5boost6detail8function26void_function_obj_invoker0IZN6impala10QueryState15StartFInstancesEvEUlvE_vE6invokeERNS1_15function_bufferE
    @          0x17f0c88  boost::function0<>::operator()()
    @          0x1aebd61  impala::Thread::SuperviseThread()
    @          0x1af4a76  boost::_bi::list4<>::operator()<>()
    @          0x1af49b9  boost::_bi::bind_t<>::operator()()
    @          0x1af497c  boost::detail::thread_data<>::run()
    @          0x2db16da  thread_proxy
    @     0x7f1f7777b184  start_thread
    @     0x7f1f774a7ffd  clone
I0212 12:13:34.489379  6234 row-batch.cc:508] [(3973 false 3 3 3 30 3.299999952316284 30.3 02/02/10 3 2010-02-02 00:13:00.480000000 2010 2)]
I0212 12:13:34.489390  6233 fragment-instance-state.cc:370] Reporting final profile for instance 5a4e1d6952d6aff2:feb6942800000000
I0212 12:13:34.489393  6234 row-batch.cc:508] [(3974 true 4 4 4 40 4.400000095367432 40.4 02/02/10 4 2010-02-02 00:14:00.510000000 2010 2)]
I0212 12:13:34.489415  6232 query-exec-mgr.cc:149] ReleaseQueryState(): query_id=5a4e1d6952d6aff2:feb6942800000000 refcnt=4
I0212 12:13:34.489421  6234 row-batch.cc:508] [(3975 false 5 5 5 50 5.5 50.5 02/02/10 5 2010-02-02 00:15:00.550000000 2010 2)]
I0212 12:13:34.489428  6014 handle-cache.inline.h:38] hdfsCloseFile() fid=0xe92a840
I0212 12:13:34.489436  6234 row-batch.cc:508] [(3976 true 6 6 6 60 6.599999904632568 60.59999999999999 02/02/10 6 2010-02-02 00:16:00.600000000 2010 2)]
I0212 12:13:34.489467  6234 row-batch.cc:508] [(3977 false 7 7 7 70 7.699999809265137 70.7 02/02/10 7 2010-02-02 00:17:00.660000000 2010 2)]
I0212 12:13:34.489481  6014 disk-io-mgr.cc:811] Disk (id=1) reading for 
  RequestContext: 0x10272680 (state=Active status_=OK #ready_buffers=1 #used_buffers=2 #num_buffers_in_reader=10 #finished_scan_ranges=23 #disk_with_ranges=3 #disks=3
   0: is_on_queue=0 done=0 #num_remaining_scan_ranges=10 #in_flight_ranges=0 #unstarted_scan_ranges=8 #unstarted_write_ranges=0 #reading_threads=1
   1: is_on_queue=0 done=0 #num_remaining_scan_ranges=5 #in_flight_ranges=0 #unstarted_scan_ranges=4 #unstarted_write_ranges=0 #reading_threads=1
   2: is_on_queue=0 done=0 #num_remaining_scan_ranges=7 #in_flight_ranges=0 #unstarted_scan_ranges=6 #unstarted_write_ranges=0 #reading_threads=0
   3: is_on_queue=0 done=1 #num_remaining_scan_ranges=0 #in_flight_ranges=0 #unstarted_scan_ranges=0 #unstarted_write_ranges=0 #reading_threads=0
   4: is_on_queue=0 done=1 #num_remaining_scan_ranges=0 #in_flight_ranges=0 #unstarted_scan_ranges=0 #unstarted_write_ranges=0 #reading_threads=0
   5: is_on_queue=0 done=1 #num_remaining_scan_ranges=0 #in_flight_ranges=0 #unstarted_scan_ranges=0 #unstarted_write_ranges=0 #reading_threads=0)
I0212 12:13:34.489492  6233 fragment-instance-state.cc:374] Fragment 5a4e1d6952d6aff2:feb6942800000000:(Total: 37.223ms, non-child: 0.000ns, % non-child: 0.00%)
  Fragment Instance Lifecycle Event Timeline: 37.218ms
ExecInternal Finished: 37.354ms (37.354ms)
AverageThreadTokens: 0.00 
BloomFilterBytes: 0
PeakMemoryUsage: 0
PeakReservation: 0
PeakUsedReservation: 0
TotalNetworkReceiveTime: 0.000ns
TotalNetworkSendTime: 0.000ns
TotalStorageWaitTime: 0.000ns
TotalThreadsInvoluntaryContextSwitches: 0 (0)
TotalThreadsTotalWallClockTime: 0.000ns
TotalThreadsSysTime: 0.000ns
TotalThreadsUserTime: 0.000ns
TotalThreadsVoluntaryContextSwitches: 0 (0)
  Fragment Instance Lifecycle Timings:
PrepareTime: 37.189ms
ExecTreePrepareTime: 37.100ms
I0212 12:13:34.489485  6234 row-batch.cc:508] [(3978 true 8 8 8 80 8.800000190734863 80.8 02/02/10 8 2010-02-02 00:18:00.730000000 2010 2)]
I0212 12:13:34.489508  6234 row-batch.cc:508] [(3979 false 9 9 9 90 9.899999618530273 90.89999999999999 02/02/10 9 2010-02-02 00:19:00.810000000 2010 2)]
I0212 12:13:34.489513  6238 parquet-column-readers.cc:1020] Decompressed 2463 to 3720
I0212 12:13:34.489521  6234 row-batch.cc:508] [(3980 true 0 0 0 0 0 0 02/03/10 0 2010-02-03 00:20:00.900000000 2010 2)]
I0212 12:13:34.489534  6234 row-batch.cc:508] [(3981 false 1 1 1 10 1.100000023841858 10.1 02/03/10 1 2010-02-03 00:21:00.900000000 2010 2)]
I0212 12:13:34.489539  6233 client-cache.cc:46] GetClient(gaborkaszabdesktop:22000)
I0212 12:13:34.489545  6233 client-cache.cc:56] GetClient(): returning cached client for gaborkaszabdesktop:22000
I0212 12:13:34.489548  6234 row-batch.cc:508] [(3982 true 2 2 2 20 2.200000047683716 20.2 02/03/10 2 2010-02-03 00:22:00.910000000 2010 2)]
I0212 12:13:34.489562  6234 row-batch.cc:508] [(3983 false 3 3 3 30 3.299999952316284 30.3 02/03/10 3 2010-02-03 00:23:00.930000000 2010 2)]
I0212 12:13:34.489574  6234 row-batch.cc:508] [(3984 true 4 4 4 40 4.400000095367432 40.4 02/03/10 4 2010-02-03 00:24:00.960000000 2010 2)]
I0212 12:13:34.489585  6238 parquet-column-readers.cc:1129] Decompressed 43 to 46
I0212 12:13:34.489588  6234 row-batch.cc:508] [(4034 true 4 4 4 40 4.400000095367432 40.4 02/08/10 4 2010-02-08 01:14:03.210000000 2010 2)]
I0212 12:13:34.489591  6222 rpc-trace.cc:190] RPC call: ImpalaInternalService.ReportExecStatus(from ::ffff:127.0.0.1:55066)
I0212 12:13:34.489601  6234 row-batch.cc:508] [(4035 false 5 5 5 50 5.5 50.5 02/08/10 5 2010-02-08 01:15:03.250000000 2010 2)]
I0212 12:13:34.489615  6234 row-batch.cc:508] [(4036 true 6 6 6 60 6.599999904632568 60.59999999999999 02/08/10 6 2010-02-08 01:16:03.300000000 2010 2)]
I0212 12:13:34.489612  6231 impala-server.cc:991] UnregisterQuery(): query_id=5a4e1d6952d6aff2:feb6942800000000
I0212 12:13:34.489619  6231 impala-server.cc:1074] Cancel(): query_id=5a4e1d6952d6aff2:feb6942800000000
I0212 12:13:34.489624  6231 coordinator.cc:898] Cancel() query_id=5a4e1d6952d6aff2:feb6942800000000
I0212 12:13:34.489629  6238 parquet-column-readers.cc:1129] Decompressed 365 to 360
I0212 12:13:34.489630  6234 row-batch.cc:508] [(4037 false 7 7 7 70 7.699999809265137 70.7 02/08/10 7 2010-02-08 01:17:03.360000000 2010 2)]
I0212 12:13:34.489630  6231 coordinator-backend-state.cc:355] sending CancelQueryFInstances rpc for query_id=5a4e1d6952d6aff2:feb6942800000000 backend=gaborkaszabdesktop:22000
I0212 12:13:34.489634  6231 client-cache.cc:46] GetClient(gaborkaszabdesktop:22000)
I0212 12:13:34.489635  6222 impala-server.cc:1151] ReportExecStatus() coord_state_idx=0
I0212 12:13:34.489636  6231 client-cache.cc:56] GetClient(): returning cached client for gaborkaszabdesktop:22000
I0212 12:13:34.489645  6234 row-batch.cc:508] [(4038 true 8 8 8 80 8.800000190734863 80.8 02/08/10 8 2010-02-08 01:18:03.430000000 2010 2)]
I0212 12:13:34.489639  6222 coordinator.cc:920] UpdateBackendExecStatus()  backend_idx=0
I0212 12:13:34.489660  6234 row-batch.cc:508] [(4039 false 9 9 9 90 9.899999618530273 90.89999999999999 02/08/10 9 2010-02-08 01:19:03.510000000 2010 2)]
I0212 12:13:34.489671  6234 row-batch.cc:508] [(4040 true 0 0 0 0 0 0 02/09/10 0 2010-02-09 01:20:03.600000000 2010 2)]
I0212 12:13:34.489684  6234 row-batch.cc:508] [(4041 false 1 1 1 10 1.100000023841858 10.1 02/09/10 1 2010-02-09 01:21:03.600000000 2010 2)]
I0212 12:13:34.489696  6234 row-batch.cc:508] [(4042 true 2 2 2 20 2.200000047683716 20.2 02/09/10 2 2010-02-09 01:22:03.610000000 2010 2)]
I0212 12:13:34.489701  6238 parquet-column-readers.cc:1129] Decompressed 87 to 165
I0212 12:13:34.489706  6221 rpc-trace.cc:190] RPC call: ImpalaInternalService.CancelQueryFInstances(from ::ffff:127.0.0.1:55064)
I0212 12:13:34.489711  6234 row-batch.cc:508] [(4043 false 3 3 3 30 3.299999952316284 30.3 02/09/10 3 2010-02-09 01:23:03.630000000 2010 2)]
I0212 12:13:34.489712  6221 impala-internal-service.cc:63] CancelQueryFInstances(): query_id=5a4e1d6952d6aff2:feb6942800000000
I0212 12:13:34.489720  6221 query-exec-mgr.cc:92] QueryState: query_id=5a4e1d6952d6aff2:feb6942800000000 refcnt=4
I0212 12:13:34.489724  6221 query-state.cc:403] Cancel: query_id=5a4e1d6952d6aff2:feb6942800000000
I0212 12:13:34.489727  6234 row-batch.cc:508] [(4044 true 4 4 4 40 4.400000095367432 40.4 02/09/10 4 2010-02-09 01:24:03.660000000 2010 2)]
I0212 12:13:34.489728  6221 data-stream-mgr.cc:279] cancelling all streams for fragment=5a4e1d6952d6aff2:feb6942800000001
I0212 12:13:34.489729  6238 parquet-column-readers.cc:1129] Decompressed 87 to 165
I0212 12:13:34.489733  6221 data-stream-mgr.cc:279] cancelling all streams for fragment=5a4e1d6952d6aff2:feb6942800000000
I0212 12:13:34.489737  6221 query-exec-mgr.cc:149] ReleaseQueryState(): query_id=5a4e1d6952d6aff2:feb6942800000000 refcnt=4
I0212 12:13:34.489743  6234 row-batch.cc:508] [(4045 false 5 5 5 50 5.5 50.5 02/09/10 5 2010-02-09 01:25:03.700000000 2010 2)]
I0212 12:13:34.489753  6221 rpc-trace.cc:200] RPC call: backend:ImpalaInternalService.CancelQueryFInstances from ::ffff:127.0.0.1:55064 took 0.000ns
I0212 12:13:34.489769  6231 client-cache.cc:148] Releasing client for gaborkaszabdesktop:22000 back to cache
I0212 12:13:34.489781  6231 coordinator.cc:908] CancelBackends() query_id=5a4e1d6952d6aff2:feb6942800000000, tried to cancel 1 backends
I0212 12:13:34.489783  6234 row-batch.cc:508] [(4046 true 6 6 6 60 6.599999904632568 60.59999999999999 02/09/10 6 2010-02-09 01:26:03.750000000 2010 2)]
I0212 12:13:34.489784  6231 coordinator.cc:1092] Release admssion control resources for query 5a4e1d6952d6aff2:feb6942800000000
I0212 12:13:34.489795  6238 progress-updater.cc:65] Splits complete (node=24): 8% Complete (2 out of 24)
I0212 12:13:34.489799  6231 admission-controller.cc:316] Update admitted mem reserved for host=gaborkaszabdesktop:22000 prev=64.00 MB new=0
I0212 12:13:34.489800  6234 row-batch.cc:508] [(4047 false 7 7 7 70 7.699999809265137 70.7 02/09/10 7 2010-02-09 01:27:03.810000000 2010 2)]
I0212 12:13:34.489811  6231 admission-controller.cc:620] Released query id=5a4e1d6952d6aff2:feb6942800000000 agg_num_running=0, agg_num_queued=0, agg_mem_reserved=97.83 KB,  local_host(local_mem_admitted=0, num_admitted_running=0, num_queued=0, backend_mem_reserved=97.83 KB)
I0212 12:13:34.489823  6234 row-batch.cc:508] [(4048 true 8 8 8 80 8.800000190734863 80.8 02/09/10 8 2010-02-09 01:28:03.880000000 2010 2)]
I0212 12:13:34.489837  6234 row-batch.cc:508] [(4049 false 9 9 9 90 9.899999618530273 90.89999999999999 02/09/10 9 2010-02-09 01:29:03.960000000 2010 2)]
I0212 12:13:34.489850  6234 row-batch.cc:508] [(4050 true 0 0 0 0 0 0 02/10/10 0 2010-02-10 01:30:04.500000000 2010 2)]
I0212 12:13:34.489862  6234 row-batch.cc:508] [(4051 false 1 1 1 10 1.100000023841858 10.1 02/10/10 1 2010-02-10 01:31:04.500000000 2010 2)]
I0212 12:13:34.489893  6234 row-batch.cc:508] [(4052 true 2 2 2 20 2.200000047683716 20.2 02/10/10 2 2010-02-10 01:32:04.600000000 2010 2)]
I0212 12:13:34.489899  6013 disk-io-mgr.cc:811] Disk (id=0) reading for 
  RequestContext: 0x10272680 (state=Cancelled status_=Cancelled
 #ready_buffers=0 #used_buffers=1 #num_buffers_in_reader=0 #finished_scan_ranges=24 #disk_with_ranges=3 #disks=3
   0: is_on_queue=0 done=0 #num_remaining_scan_ranges=10 #in_flight_ranges=0 #unstarted_scan_ranges=0 #unstarted_write_ranges=0 #reading_threads=2
   1: is_on_queue=0 done=0 #num_remaining_scan_ranges=5 #in_flight_ranges=0 #unstarted_scan_ranges=0 #unstarted_write_ranges=0 #reading_threads=1
   2: is_on_queue=1 done=0 #num_remaining_scan_ranges=7 #in_flight_ranges=0 #unstarted_scan_ranges=0 #unstarted_write_ranges=0 #reading_threads=0
   3: is_on_queue=0 done=1 #num_remaining_scan_ranges=0 #in_flight_ranges=0 #unstarted_scan_ranges=0 #unstarted_write_ranges=0 #reading_threads=0
   4: is_on_queue=0 done=1 #num_remaining_scan_ranges=0 #in_flight_ranges=0 #unstarted_scan_ranges=0 #unstarted_write_ranges=0 #reading_threads=0
   5: is_on_queue=0 done=1 #num_remaining_scan_ranges=0 #in_flight_ranges=0 #unstarted_scan_ranges=0 #unstarted_write_ranges=0 #reading_threads=0)
I0212 12:13:34.489913  6234 row-batch.cc:508] [(4053 false 3 3 3 30 3.299999952316284 30.3 02/10/10 3 2010-02-10 01:33:04.800000000 2010 2)]
I0212 12:13:34.489917  6014 disk-io-mgr.cc:811] Disk (id=1) reading for 
  RequestContext: 0x10272680 (state=Cancelled status_=Cancelled
 #ready_buffers=0 #used_buffers=1 #num_buffers_in_reader=0 #finished_scan_ranges=24 #disk_with_ranges=3 #disks=3
   0: is_on_queue=0 done=0 #num_remaining_scan_ranges=10 #in_flight_ranges=0 #unstarted_scan_ranges=0 #unstarted_write_ranges=0 #reading_threads=1
   1: is_on_queue=0 done=0 #num_remaining_scan_ranges=5 #in_flight_ranges=0 #unstarted_scan_ranges=0 #unstarted_write_ranges=0 #reading_threads=1
   2: is_on_queue=1 done=0 #num_remaining_scan_ranges=7 #in_flight_ranges=0 #unstarted_scan_ranges=0 #unstarted_write_ranges=0 #reading_threads=0
   3: is_on_queue=0 done=1 #num_remaining_scan_ranges=0 #in_flight_ranges=0 #unstarted_scan_ranges=0 #unstarted_write_ranges=0 #reading_threads=0
   4: is_on_queue=0 done=1 #num_remaining_scan_ranges=0 #in_flight_ranges=0 #unstarted_scan_ranges=0 #unstarted_write_ranges=0 #reading_threads=0
   5: is_on_queue=0 done=1 #num_remaining_scan_ranges=0 #in_flight_ranges=0 #unstarted_scan_ranges=0 #unstarted_write_ranges=0 #reading_threads=0)
I0212 12:13:34.489928  6234 row-batch.cc:508] [(4054 true 4 4 4 40 4.400000095367432 40.4 02/10/10 4 2010-02-10 01:34:04.110000000 2010 2)]
I0212 12:13:34.489935  6015 disk-io-mgr.cc:811] Disk (id=2) reading for 
  RequestContext: 0x10272680 (state=Cancelled status_=Cancelled
 #ready_buffers=0 #used_buffers=1 #num_buffers_in_reader=0 #finished_scan_ranges=24 #disk_with_ranges=2 #disks=2
   0: is_on_queue=0 done=0 #num_remaining_scan_ranges=10 #in_flight_ranges=0 #unstarted_scan_ranges=0 #unstarted_write_ranges=0 #reading_threads=1
   1: is_on_queue=0 done=1 #num_remaining_scan_ranges=5 #in_flight_ranges=0 #unstarted_scan_ranges=0 #unstarted_write_ranges=0 #reading_threads=0
   2: is_on_queue=0 done=0 #num_remaining_scan_ranges=7 #in_flight_ranges=0 #unstarted_scan_ranges=0 #unstarted_write_ranges=0 #reading_threads=1
   3: is_on_queue=0 done=1 #num_remaining_scan_ranges=0 #in_flight_ranges=0 #unstarted_scan_ranges=0 #unstarted_write_ranges=0 #reading_threads=0
   4: is_on_queue=0 done=1 #num_remaining_scan_ranges=0 #in_flight_ranges=0 #unstarted_scan_ranges=0 #unstarted_write_ranges=0 #reading_threads=0
   5: is_on_queue=0 done=1 #num_remaining_scan_ranges=0 #in_flight_ranges=0 #unstarted_scan_ranges=0 #unstarted_write_ranges=0 #reading_threads=0)
I0212 12:13:34.489941  6234 row-batch.cc:508] [(4055 false 5 5 5 50 5.5 50.5 02/10/10 5 2010-02-10 01:35:04.150000000 2010 2)]
I0212 12:13:34.489955  6234 row-batch.cc:508] [(4056 true 6 6 6 60 6.599999904632568 60.59999999999999 02/10/10 6 2010-02-10 01:36:04.200000000 2010 2)]
I0212 12:13:34.489984  6222 rpc-trace.cc:200] RPC call: backend:ImpalaInternalService.ReportExecStatus from ::ffff:127.0.0.1:55066 took 0.000ns
I0212 12:13:34.489987  6234 row-batch.cc:508] [(4057 false 7 7 7 70 7.699999809265137 70.7 02/10/10 7 2010-02-10 01:37:04.260000000 2010 2)]
I0212 12:13:34.489990  6233 client-cache.cc:148] Releasing client for gaborkaszabdesktop:22000 back to cache
I0212 12:13:34.490005  6234 row-batch.cc:508] [(4009 false 9 9 9 90 9.899999618530273 90.89999999999999 02/05/10 9 2010-02-05 00:49:02.160000000 2010 2)]
I0212 12:13:34.490036  6234 row-batch.cc:508] [(4010 true 0 0 0 0 0 0 02/06/10 0 2010-02-06 00:50:02.250000000 2010 2)]
I0212 12:13:34.490033  6233 query-state.cc:390] Instance completed. instance_id=5a4e1d6952d6aff2:feb6942800000000 #in-flight=3 status=INTERNAL_ERROR: Debug Action: FAIL
I0212 12:13:34.490041  6233 query-state.cc:403] Cancel: query_id=5a4e1d6952d6aff2:feb6942800000000
I0212 12:13:34.490047  6233 query-exec-mgr.cc:149] ReleaseQueryState(): query_id=5a4e1d6952d6aff2:feb6942800000000 refcnt=3
I0212 12:13:34.490104  6234 row-batch.cc:508] [(4011 false 1 1 1 10 1.100000023841858 10.1 02/06/10 1 2010-02-06 00:51:02.250000000 2010 2)]
I0212 12:13:34.490118  6234 row-batch.cc:508] [(4012 true 2 2 2 20 2.200000047683716 20.2 02/06/10 2 2010-02-06 00:52:02.260000000 2010 2)]
I0212 12:13:34.490131  6234 row-batch.cc:508] [(4013 false 3 3 3 30 3.299999952316284 30.3 02/06/10 3 2010-02-06 00:53:02.280000000 2010 2)]
I0212 12:13:34.490144  6234 row-batch.cc:508] [(4014 true 4 4 4 40 4.400000095367432 40.4 02/06/10 4 2010-02-06 00:54:02.310000000 2010 2)]
I0212 12:13:34.490156  6234 row-batch.cc:508] [(4015 false 5 5 5 50 5.5 50.5 02/06/10 5 2010-02-06 00:55:02.350000000 2010 2)]
I0212 12:13:34.490170  6234 row-batch.cc:508] [(4016 true 6 6 6 60 6.599999904632568 60.59999999999999 02/06/10 6 2010-02-06 00:56:02.400000000 2010 2)]
I0212 12:13:34.490182  6234 row-batch.cc:508] [(4017 false 7 7 7 70 7.699999809265137 70.7 02/06/10 7 2010-02-06 00:57:02.460000000 2010 2)]
I0212 12:13:34.490195  6234 row-batch.cc:508] [(4018 true 8 8 8 80 8.800000190734863 80.8 02/06/10 8 2010-02-06 00:58:02.530000000 2010 2)]
I0212 12:13:34.490208  6234 row-batch.cc:508] [(4019 false 9 9 9 90 9.899999618530273 90.89999999999999 02/06/10 9 2010-02-06 00:59:02.610000000 2010 2)]
I0212 12:13:34.490221  6234 row-batch.cc:508] [(4020 true 0 0 0 0 0 0 02/07/10 0 2010-02-07 01:00:02.700000000 2010 2)]
I0212 12:13:34.490233  6234 row-batch.cc:508] [(4021 false 1 1 1 10 1.100000023841858 10.1 02/07/10 1 2010-02-07 01:01:02.700000000 2010 2)]
I0212 12:13:34.490245  6234 row-batch.cc:508] [(4022 true 2 2 2 20 2.200000047683716 20.2 02/07/10 2 2010-02-07 01:02:02.710000000 2010 2)]
I0212 12:13:34.490258  6234 row-batch.cc:508] [(4023 false 3 3 3 30 3.299999952316284 30.3 02/07/10 3 2010-02-07 01:03:02.730000000 2010 2)]
I0212 12:13:34.490272  6234 row-batch.cc:508] [(4024 true 4 4 4 40 4.400000095367432 40.4 02/07/10 4 2010-02-07 01:04:02.760000000 2010 2)]
I0212 12:13:34.490283  6234 row-batch.cc:508] [(4025 false 5 5 5 50 5.5 50.5 02/07/10 5 2010-02-07 01:05:02.800000000 2010 2)]
I0212 12:13:34.490309  6234 row-batch.cc:508] [(4026 true 6 6 6 60 6.599999904632568 60.59999999999999 02/07/10 6 2010-02-07 01:06:02.850000000 2010 2)]
I0212 12:13:34.490321  6234 row-batch.cc:508] [(4027 false 7 7 7 70 7.699999809265137 70.7 02/07/10 7 2010-02-07 01:07:02.910000000 2010 2)]
I0212 12:13:34.490334  6234 row-batch.cc:508] [(4028 true 8 8 8 80 8.800000190734863 80.8 02/07/10 8 2010-02-07 01:08:02.980000000 2010 2)]
I0212 12:13:34.490346  6234 row-batch.cc:508] [(4029 false 9 9 9 90 9.899999618530273 90.89999999999999 02/07/10 9 2010-02-07 01:09:03.600000000 2010 2)]
I0212 12:13:34.490357  6234 row-batch.cc:508] [(4030 true 0 0 0 0 0 0 02/08/10 0 2010-02-08 01:10:03.150000000 2010 2)]
I0212 12:13:34.490370  6234 row-batch.cc:508] [(4031 false 1 1 1 10 1.100000023841858 10.1 02/08/10 1 2010-02-08 01:11:03.150000000 2010 2)]
I0212 12:13:34.490382  6234 row-batch.cc:508] [(4032 true 2 2 2 20 2.200000047683716 20.2 02/08/10 2 2010-02-08 01:12:03.160000000 2010 2)]
I0212 12:13:34.490404  6234 row-batch.cc:508] [(4033 false 3 3 3 30 3.299999952316284 30.3 02/08/10 3 2010-02-08 01:13:03.180000000 2010 2)]
I0212 12:13:34.490418  6234 row-batch.cc:508] [(4172 true 2 2 2 20 2.200000047683716 20.2 02/22/10 2 2010-02-22 03:32:09.460000000 2010 2)]
I0212 12:13:34.490432  6234 row-batch.cc:508] [(4173 false 3 3 3 30 3.299999952316284 30.3 02/22/10 3 2010-02-22 03:33:09.480000000 2010 2)]
I0212 12:13:34.490444  6234 row-batch.cc:508] [(4174 true 4 4 4 40 4.400000095367432 40.4 02/22/10 4 2010-02-22 03:34:09.510000000 2010 2)]
I0212 12:13:34.490455  6234 row-batch.cc:508] [(4175 false 5 5 5 50 5.5 50.5 02/22/10 5 2010-02-22 03:35:09.550000000 2010 2)]
I0212 12:13:34.490471  6234 row-batch.cc:508] [(4176 true 6 6 6 60 6.599999904632568 60.59999999999999 02/22/10 6 2010-02-22 03:36:09.600000000 2010 2)]
I0212 12:13:34.490487  6234 row-batch.cc:508] [(4177 false 7 7 7 70 7.699999809265137 70.7 02/22/10 7 2010-02-22 03:37:09.660000000 2010 2)]
I0212 12:13:34.490504  6234 row-batch.cc:508] [(4178 true 8 8 8 80 8.800000190734863 80.8 02/22/10 8 2010-02-22 03:38:09.730000000 2010 2)]
I0212 12:13:34.490517  6234 row-batch.cc:508] [(4179 false 9 9 9 90 9.899999618530273 90.89999999999999 02/22/10 9 2010-02-22 03:39:09.810000000 2010 2)]
I0212 12:13:34.490530  6234 row-batch.cc:508] [(4180 true 0 0 0 0 0 0 02/23/10 0 2010-02-23 03:40:09.900000000 2010 2)]
I0212 12:13:34.490541  6234 row-batch.cc:508] [(4181 false 1 1 1 10 1.100000023841858 10.1 02/23/10 1 2010-02-23 03:41:09.900000000 2010 2)]
I0212 12:13:34.490555  6234 row-batch.cc:508] [(4182 true 2 2 2 20 2.200000047683716 20.2 02/23/10 2 2010-02-23 03:42:09.910000000 2010 2)]
I0212 12:13:34.490566  6234 row-batch.cc:508] [(4183 false 3 3 3 30 3.299999952316284 30.3 02/23/10 3 2010-02-23 03:43:09.930000000 2010 2)]
I0212 12:13:34.490578  6234 row-batch.cc:508] [(4184 true 4 4 4 40 4.400000095367432 40.4 02/23/10 4 2010-02-23 03:44:09.960000000 2010 2)]
I0212 12:13:34.490591  6234 row-batch.cc:508] [(4185 false 5 5 5 50 5.5 50.5 02/23/10 5 2010-02-23 03:45:10 2010 2)]
I0212 12:13:34.490604  6234 row-batch.cc:508] [(4239 false 9 9 9 90 9.899999618530273 90.89999999999999 02/28/10 9 2010-02-28 04:39:12.510000000 2010 2)]
I0212 12:13:34.490617  6234 row-batch.cc:508] [(4238 true 8 8 8 80 8.800000190734863 80.8 02/28/10 8 2010-02-28 04:38:12.430000000 2010 2)]
I0212 12:13:34.490628  6234 row-batch.cc:508] [(4237 false 7 7 7 70 7.699999809265137 70.7 02/28/10 7 2010-02-28 04:37:12.360000000 2010 2)]
I0212 12:13:34.490641  6234 row-batch.cc:508] [(4236 true 6 6 6 60 6.599999904632568 60.59999999999999 02/28/10 6 2010-02-28 04:36:12.300000000 2010 2)]
I0212 12:13:34.490653  6234 row-batch.cc:508] [(4235 false 5 5 5 50 5.5 50.5 02/28/10 5 2010-02-28 04:35:12.250000000 2010 2)]
I0212 12:13:34.490665  6234 row-batch.cc:508] [(4234 true 4 4 4 40 4.400000095367432 40.4 02/28/10 4 2010-02-28 04:34:12.210000000 2010 2)]
I0212 12:13:34.490677  6234 row-batch.cc:508] [(4233 false 3 3 3 30 3.299999952316284 30.3 02/28/10 3 2010-02-28 04:33:12.180000000 2010 2)]
I0212 12:13:34.490690  6234 row-batch.cc:508] [(4232 true 2 2 2 20 2.200000047683716 20.2 02/28/10 2 2010-02-28 04:32:12.160000000 2010 2)]
I0212 12:13:34.490702  6234 row-batch.cc:508] [(4149 false 9 9 9 90 9.899999618530273 90.89999999999999 02/19/10 9 2010-02-19 03:09:08.460000000 2010 2)]
I0212 12:13:34.490712  6231 query-exec-mgr.cc:149] ReleaseQueryState(): query_id=5a4e1d6952d6aff2:feb6942800000000 refcnt=2
I0212 12:13:34.490715  6234 row-batch.cc:508] [(4150 true 0 0 0 0 0 0 02/20/10 0 2010-02-20 03:10:08.550000000 2010 2)]
I0212 12:13:34.490727  6234 row-batch.cc:508] [(4151 false 1 1 1 10 1.100000023841858 10.1 02/20/10 1 2010-02-20 03:11:08.550000000 2010 2)]
I0212 12:13:34.490741  6234 row-batch.cc:508] [(4152 true 2 2 2 20 2.200000047683716 20.2 02/20/10 2 2010-02-20 03:12:08.560000000 2010 2)]
I0212 12:13:34.490752  6234 row-batch.cc:508] [(4153 false 3 3 3 30 3.299999952316284 30.3 02/20/10 3 2010-02-20 03:13:08.580000000 2010 2)]
I0212 12:13:34.490768  6234 row-batch.cc:508] [(4154 true 4 4 4 40 4.400000095367432 40.4 02/20/10 4 2010-02-20 03:14:08.610000000 2010 2)]
