I0212 12:15:27.662809  6075 rpc-trace.cc:200] RPC call: statestore-subscriber:StatestoreSubscriber.UpdateState from ::ffff:127.0.0.1:51472 took 6.000ms
I0212 12:15:27.682745  6074 rpc-trace.cc:190] RPC call: StatestoreSubscriber.Heartbeat(from ::ffff:127.0.0.1:51470)
I0212 12:15:27.682860  6074 rpc-trace.cc:200] RPC call: statestore-subscriber:StatestoreSubscriber.Heartbeat from ::ffff:127.0.0.1:51470 took 0.000ns
I0212 12:15:28.254478  6252 fragment-instance-state.cc:370] Reporting profile for instance 3d49bc72b8566fae:6115e2aa00000001
I0212 12:15:28.255940  6252 fragment-instance-state.cc:374] Fragment 3d49bc72b8566fae:6115e2aa00000001:(Total: 20.289ms, non-child: 0.000ns, % non-child: 0.00%)
  Hdfs split stats (<volume id>:<# splits>/<split lengths>): 2:8/63.13 KB 0:10/78.85 KB 1:6/47.43 KB 
  Fragment Instance Lifecycle Event Timeline: 1m53s
Prepare Finished: 1.101ms (1.101ms)
First Batch Produced: 30.513ms (29.412ms)
First Batch Sent: 35.967ms (5.454ms)
  MemoryUsage(2s000ms): 289.83 KB, 289.83 KB, 289.83 KB, 289.83 KB, 289.83 KB, 289.83 KB, 289.83 KB, 289.83 KB, 289.83 KB, 289.83 KB, 289.83 KB, 289.83 KB, 289.83 KB, 289.83 KB, 289.83 KB, 289.83 KB, 289.83 KB, 289.83 KB, 289.83 KB, 289.83 KB, 289.83 KB, 289.83 KB, 289.83 KB, 289.83 KB, 289.83 KB, 289.83 KB, 289.83 KB, 289.83 KB, 289.83 KB, 289.83 KB, 289.83 KB, 289.83 KB, 289.83 KB, 289.83 KB, 289.83 KB, 289.83 KB, 289.83 KB, 289.83 KB, 289.83 KB, 289.83 KB, 289.83 KB, 289.83 KB, 289.83 KB, 289.83 KB, 289.83 KB, 289.83 KB, 289.83 KB, 289.83 KB, 289.83 KB, 289.83 KB, 289.83 KB, 289.83 KB, 289.83 KB, 289.83 KB, 289.83 KB, 289.83 KB
  ThreadUsage(2s000ms): 1, 1, 1, 1, 1, 1, 1, 1, 1, 1, 1, 1, 1, 1, 1, 1, 1, 1, 1, 1, 1, 1, 1, 1, 1, 1, 1, 1, 1, 1, 1, 1, 1, 1, 1, 1, 1, 1, 1, 1, 1, 1, 1, 1, 1, 1, 1, 1, 1, 1, 1, 1, 1, 1, 1, 1
AverageThreadTokens: 1.00 
BloomFilterBytes: 0
PeakMemoryUsage: 1.34 MB (1400803)
PeakReservation: 0
PeakUsedReservation: 0
PerHostPeakMemUsage: 1.34 MB (1400803)
RowsProduced: 600 (600)
TotalNetworkReceiveTime: 0.000ns
TotalNetworkSendTime: 250.000ns
TotalStorageWaitTime: 48.303ms
TotalThreadsInvoluntaryContextSwitches: 37 (37)
TotalThreadsTotalWallClockTime: 95.701ms
TotalThreadsSysTime: 0.000ns
TotalThreadsUserTime: 16.000ms
TotalThreadsVoluntaryContextSwitches: 102 (102)
  Fragment Instance Lifecycle Timings:
ExecTime: 0.000ns
ExecTreeExecTime: 15.095ms
OpenTime: 19.659ms
ExecTreeOpenTime: 96.469us
PrepareTime: 592.036us
ExecTreePrepareTime: 225.427us
  DataStreamSender (dst_id=1):(Total: 448.095us, non-child: 0.000ns, % non-child: 0.00%)
BytesSent: 23.07 KB (23622)
NetworkThroughput(*): 703.11 MB/sec
OverallThroughput: 50.27 MB/sec
PeakMemoryUsage: 1.42 KB (1456)
RowsReturned: 300 (300)
SerializeBatchTime: 328.071us
TransmitDataRPCTime: 32.040us
UncompressedRowBatchSize: 62.70 KB (64200)
  HDFS_SCAN_NODE (id=0):(Total: 15.663ms, non-child: 0.000ns, % non-child: 0.00%)
    Hdfs split stats (<volume id>:<# splits>/<split lengths>): 2:8/63.13 KB 0:10/78.85 KB 1:6/47.43 KB 
    ExecOption: PARQUET Codegen Enabled
    BytesRead(2s000ms): 65.59 KB, 65.59 KB, 65.59 KB, 65.59 KB, 65.59 KB, 65.59 KB, 65.59 KB, 65.59 KB, 65.59 KB, 65.59 KB, 65.59 KB, 65.59 KB, 65.59 KB, 65.59 KB, 65.59 KB, 65.59 KB, 65.59 KB, 65.59 KB, 65.59 KB, 65.59 KB, 65.59 KB, 65.59 KB, 65.59 KB, 65.59 KB, 65.59 KB, 65.59 KB, 65.59 KB, 65.59 KB, 65.59 KB, 65.59 KB, 65.59 KB, 65.59 KB, 65.59 KB, 65.59 KB, 65.59 KB, 65.59 KB, 65.59 KB, 65.59 KB, 65.59 KB, 65.59 KB, 65.59 KB, 65.59 KB, 65.59 KB, 65.59 KB, 65.59 KB, 65.59 KB, 65.59 KB, 65.59 KB, 65.59 KB, 65.59 KB, 65.59 KB, 65.59 KB, 65.59 KB, 65.59 KB, 65.59 KB, 65.59 KB
FooterProcessingTime: (Avg: 1.220ms ; Min: 880.302us ; Max: 1.417ms ; Number of samples: 5)
AverageHdfsReadThreadConcurrency: 0.00 
AverageScannerThreadConcurrency: 0.00 
BytesRead: 65.59 KB (67160)
BytesReadDataNodeCache: 0
BytesReadLocal: 0
BytesReadRemoteUnexpected: 0
BytesReadShortCircuit: 0
CachedFileHandlesHitCount: 0 (0)
CachedFileHandlesMissCount: 0 (0)
CollectionItemsRead: 0 (0)
DecompressionTime: 134.902us
MaxCompressedTextFileLength: 0
NumColumns: 11 (11)
NumDictFilteredRowGroups: 0 (0)
NumDisksAccessed: 0 (0)
NumRowGroups: 5 (5)
NumScannerThreadsStarted: 2 (2)
NumScannersWithNoReads: 0 (0)
NumStatsFilteredRowGroups: 0 (0)
PeakMemoryUsage: 1.33 MB (1390740)
PerReadThreadRawHdfsThroughput: 37.02 MB/sec
RemoteScanRanges: 0 (0)
RowBatchQueueGetWaitTime: 0.000ns
RowBatchQueuePutWaitTime: 0.000ns
RowsRead: 910 (910)
RowsReturned: 600 (600)
RowsReturnedRate: 38.30 K/sec
ScanRangesComplete: 5 (5)
ScannerThreadsInvoluntaryContextSwitches: 36 (36)
ScannerThreadsTotalWallClockTime: 76.047ms
MaterializeTupleTime(*): 742.964us
ScannerThreadsSysTime: 0.000ns
ScannerThreadsUserTime: 0.000ns
ScannerThreadsVoluntaryContextSwitches: 102 (102)
TotalRawHdfsReadTime(*): 1.730ms
TotalReadThroughput: 594.00 B/sec
  CodeGen:(Total: 19.216ms, non-child: 0.000ns, % non-child: 0.00%)
CodegenTime: 443.151us
CompileTime: 1.179ms
LoadTime: 0.000ns
ModuleBitcodeSize: 1.94 MB (2037140)
NumFunctions: 7 (7)
NumInstructions: 105 (105)
OptimizationTime: 5.887ms
PeakMemoryUsage: 52.50 KB (53760)
PrepareTime: 11.604ms
I0212 12:15:28.256458  6252 client-cache.cc:46] GetClient(gaborkaszabdesktop:22000)
I0212 12:15:28.256477  6252 client-cache.cc:56] GetClient(): returning cached client for gaborkaszabdesktop:22000
I0212 12:15:28.256855  6255 rpc-trace.cc:190] RPC call: ImpalaInternalService.ReportExecStatus(from ::ffff:127.0.0.1:55072)
I0212 12:15:28.257326  6255 impala-server.cc:1151] ReportExecStatus() coord_state_idx=0
I0212 12:15:28.257357  6255 impala-server.cc:1163] ReportExecStatus(): Received report for unknown query ID (probably closed or cancelled): 3d49bc72b8566fae:6115e2aa00000000
I0212 12:15:28.257422  6255 rpc-trace.cc:200] RPC call: backend:ImpalaInternalService.ReportExecStatus from ::ffff:127.0.0.1:55072 took 1.000ms
I0212 12:15:28.257506  6252 client-cache.cc:148] Releasing client for gaborkaszabdesktop:22000 back to cache
I0212 12:15:28.257535  6252 query-state.cc:403] Cancel: query_id=3d49bc72b8566fae:6115e2aa00000000
I0212 12:15:28.682390  6074 rpc-trace.cc:190] RPC call: StatestoreSubscriber.Heartbeat(from ::ffff:127.0.0.1:51470)
I0212 12:15:28.682503  6074 rpc-trace.cc:200] RPC call: statestore-subscriber:StatestoreSubscriber.Heartbeat from ::ffff:127.0.0.1:51470 took 1.000ms
I0212 12:15:29.662398  6075 rpc-trace.cc:190] RPC call: StatestoreSubscriber.UpdateState(from ::ffff:127.0.0.1:51472)
I0212 12:15:29.662641  6075 impala-server.cc:1352] Catalog topic update applied with version: 1132 new min catalog object version: 2
I0212 12:15:29.668578  6075 rpc-trace.cc:200] RPC call: statestore-subscriber:StatestoreSubscriber.UpdateState from ::ffff:127.0.0.1:51472 took 7.000ms
I0212 12:15:29.682901  6074 rpc-trace.cc:190] RPC call: StatestoreSubscriber.Heartbeat(from ::ffff:127.0.0.1:51470)
I0212 12:15:29.683007  6074 rpc-trace.cc:200] RPC call: statestore-subscriber:StatestoreSubscriber.Heartbeat from ::ffff:127.0.0.1:51470 took 0.000ns
I0212 12:15:30.683604  6074 rpc-trace.cc:190] RPC call: StatestoreSubscriber.Heartbeat(from ::ffff:127.0.0.1:51470)
I0212 12:15:30.683717  6074 rpc-trace.cc:200] RPC call: statestore-subscriber:StatestoreSubscriber.Heartbeat from ::ffff:127.0.0.1:51470 took 0.000ns
I0212 12:15:31.669212  6075 rpc-trace.cc:190] RPC call: StatestoreSubscriber.UpdateState(from ::ffff:127.0.0.1:51472)
I0212 12:15:31.669452  6075 impala-server.cc:1352] Catalog topic update applied with version: 1132 new min catalog object version: 2
I0212 12:15:31.675348  6075 rpc-trace.cc:200] RPC call: statestore-subscriber:StatestoreSubscriber.UpdateState from ::ffff:127.0.0.1:51472 took 6.000ms
I0212 12:15:31.684170  6074 rpc-trace.cc:190] RPC call: StatestoreSubscriber.Heartbeat(from ::ffff:127.0.0.1:51470)
I0212 12:15:31.684283  6074 rpc-trace.cc:200] RPC call: statestore-subscriber:StatestoreSubscriber.Heartbeat from ::ffff:127.0.0.1:51470 took 0.000ns
I0212 12:15:32.684810  6074 rpc-trace.cc:190] RPC call: StatestoreSubscriber.Heartbeat(from ::ffff:127.0.0.1:51470)
I0212 12:15:32.684964  6074 rpc-trace.cc:200] RPC call: statestore-subscriber:StatestoreSubscriber.Heartbeat from ::ffff:127.0.0.1:51470 took 0.000ns
I0212 12:15:33.048331  6111 data-stream-mgr.cc:130] Datastream sender timed-out waiting for recvr for fragment instance: a414153ea7143e5:f29d376800000000 (time-out was: 2m). Increase --datastream_sender_timeout_ms if you see this message frequently.
I0212 12:15:33.048391  6111 data-stream-mgr.cc:191] DataStreamMgr::AddData(): Sender timed out waiting for receiver fragment instance: a414153ea7143e5:f29d376800000000, dest node: 1
I0212 12:15:33.048447  6111 rpc-trace.cc:200] RPC call: backend:ImpalaInternalService.TransmitData from ::ffff:127.0.0.1:55042 took 2m
I0212 12:15:33.048552  6199 client-cache.cc:148] Releasing client for gaborkaszabdesktop:22000 back to cache
I0212 12:15:33.049155  6198 query-state.cc:390] Instance completed. instance_id=a414153ea7143e5:f29d376800000001 #in-flight=4 status=CANCELLED: Cancelled
I0212 12:15:33.049177  6198 query-state.cc:403] Cancel: query_id=a414153ea7143e5:f29d376800000000
I0212 12:15:33.049248  6198 query-exec-mgr.cc:149] ReleaseQueryState(): query_id=a414153ea7143e5:f29d376800000000 refcnt=1
I0212 12:15:33.257688  6252 fragment-instance-state.cc:370] Reporting profile for instance 3d49bc72b8566fae:6115e2aa00000001
I0212 12:15:33.259130  6252 fragment-instance-state.cc:374] Fragment 3d49bc72b8566fae:6115e2aa00000001:(Total: 20.289ms, non-child: 0.000ns, % non-child: 0.00%)
  Hdfs split stats (<volume id>:<# splits>/<split lengths>): 2:8/63.13 KB 0:10/78.85 KB 1:6/47.43 KB 
  Fragment Instance Lifecycle Event Timeline: 1m58s
Prepare Finished: 1.101ms (1.101ms)
First Batch Produced: 30.513ms (29.412ms)
First Batch Sent: 35.967ms (5.454ms)
  MemoryUsage(2s000ms): 289.83 KB, 289.83 KB, 289.83 KB, 289.83 KB, 289.83 KB, 289.83 KB, 289.83 KB, 289.83 KB, 289.83 KB, 289.83 KB, 289.83 KB, 289.83 KB, 289.83 KB, 289.83 KB, 289.83 KB, 289.83 KB, 289.83 KB, 289.83 KB, 289.83 KB, 289.83 KB, 289.83 KB, 289.83 KB, 289.83 KB, 289.83 KB, 289.83 KB, 289.83 KB, 289.83 KB, 289.83 KB, 289.83 KB, 289.83 KB, 289.83 KB, 289.83 KB, 289.83 KB, 289.83 KB, 289.83 KB, 289.83 KB, 289.83 KB, 289.83 KB, 289.83 KB, 289.83 KB, 289.83 KB, 289.83 KB, 289.83 KB, 289.83 KB, 289.83 KB, 289.83 KB, 289.83 KB, 289.83 KB, 289.83 KB, 289.83 KB, 289.83 KB, 289.83 KB, 289.83 KB, 289.83 KB, 289.83 KB, 289.83 KB, 289.83 KB, 289.83 KB, 289.83 KB
  ThreadUsage(2s000ms): 1, 1, 1, 1, 1, 1, 1, 1, 1, 1, 1, 1, 1, 1, 1, 1, 1, 1, 1, 1, 1, 1, 1, 1, 1, 1, 1, 1, 1, 1, 1, 1, 1, 1, 1, 1, 1, 1, 1, 1, 1, 1, 1, 1, 1, 1, 1, 1, 1, 1, 1, 1, 1, 1, 1, 1, 1, 1, 1
AverageThreadTokens: 1.00 
BloomFilterBytes: 0
PeakMemoryUsage: 1.34 MB (1400803)
PeakReservation: 0
PeakUsedReservation: 0
PerHostPeakMemUsage: 1.34 MB (1400803)
RowsProduced: 600 (600)
TotalNetworkReceiveTime: 0.000ns
TotalNetworkSendTime: 250.000ns
TotalStorageWaitTime: 48.303ms
TotalThreadsInvoluntaryContextSwitches: 37 (37)
TotalThreadsTotalWallClockTime: 95.701ms
TotalThreadsSysTime: 0.000ns
TotalThreadsUserTime: 16.000ms
TotalThreadsVoluntaryContextSwitches: 102 (102)
  Fragment Instance Lifecycle Timings:
ExecTime: 0.000ns
ExecTreeExecTime: 15.095ms
OpenTime: 19.659ms
ExecTreeOpenTime: 96.469us
PrepareTime: 592.036us
ExecTreePrepareTime: 225.427us
  DataStreamSender (dst_id=1):(Total: 448.095us, non-child: 0.000ns, % non-child: 0.00%)
BytesSent: 23.07 KB (23622)
NetworkThroughput(*): 703.11 MB/sec
OverallThroughput: 50.27 MB/sec
PeakMemoryUsage: 1.42 KB (1456)
RowsReturned: 300 (300)
SerializeBatchTime: 328.071us
TransmitDataRPCTime: 32.040us
UncompressedRowBatchSize: 62.70 KB (64200)
  HDFS_SCAN_NODE (id=0):(Total: 15.663ms, non-child: 0.000ns, % non-child: 0.00%)
    Hdfs split stats (<volume id>:<# splits>/<split lengths>): 2:8/63.13 KB 0:10/78.85 KB 1:6/47.43 KB 
    ExecOption: PARQUET Codegen Enabled
    BytesRead(2s000ms): 65.59 KB, 65.59 KB, 65.59 KB, 65.59 KB, 65.59 KB, 65.59 KB, 65.59 KB, 65.59 KB, 65.59 KB, 65.59 KB, 65.59 KB, 65.59 KB, 65.59 KB, 65.59 KB, 65.59 KB, 65.59 KB, 65.59 KB, 65.59 KB, 65.59 KB, 65.59 KB, 65.59 KB, 65.59 KB, 65.59 KB, 65.59 KB, 65.59 KB, 65.59 KB, 65.59 KB, 65.59 KB, 65.59 KB, 65.59 KB, 65.59 KB, 65.59 KB, 65.59 KB, 65.59 KB, 65.59 KB, 65.59 KB, 65.59 KB, 65.59 KB, 65.59 KB, 65.59 KB, 65.59 KB, 65.59 KB, 65.59 KB, 65.59 KB, 65.59 KB, 65.59 KB, 65.59 KB, 65.59 KB, 65.59 KB, 65.59 KB, 65.59 KB, 65.59 KB, 65.59 KB, 65.59 KB, 65.59 KB, 65.59 KB, 65.59 KB, 65.59 KB, 65.59 KB
FooterProcessingTime: (Avg: 1.220ms ; Min: 880.302us ; Max: 1.417ms ; Number of samples: 5)
AverageHdfsReadThreadConcurrency: 0.00 
AverageScannerThreadConcurrency: 0.00 
BytesRead: 65.59 KB (67160)
BytesReadDataNodeCache: 0
BytesReadLocal: 0
BytesReadRemoteUnexpected: 0
BytesReadShortCircuit: 0
CachedFileHandlesHitCount: 0 (0)
CachedFileHandlesMissCount: 0 (0)
CollectionItemsRead: 0 (0)
DecompressionTime: 134.902us
MaxCompressedTextFileLength: 0
NumColumns: 11 (11)
NumDictFilteredRowGroups: 0 (0)
NumDisksAccessed: 0 (0)
NumRowGroups: 5 (5)
NumScannerThreadsStarted: 2 (2)
NumScannersWithNoReads: 0 (0)
NumStatsFilteredRowGroups: 0 (0)
PeakMemoryUsage: 1.33 MB (1390740)
PerReadThreadRawHdfsThroughput: 37.02 MB/sec
RemoteScanRanges: 0 (0)
RowBatchQueueGetWaitTime: 0.000ns
RowBatchQueuePutWaitTime: 0.000ns
RowsRead: 910 (910)
RowsReturned: 600 (600)
RowsReturnedRate: 38.30 K/sec
ScanRangesComplete: 5 (5)
ScannerThreadsInvoluntaryContextSwitches: 36 (36)
ScannerThreadsTotalWallClockTime: 76.047ms
MaterializeTupleTime(*): 742.964us
ScannerThreadsSysTime: 0.000ns
ScannerThreadsUserTime: 0.000ns
ScannerThreadsVoluntaryContextSwitches: 102 (102)
TotalRawHdfsReadTime(*): 1.730ms
TotalReadThroughput: 569.00 B/sec
  CodeGen:(Total: 19.216ms, non-child: 0.000ns, % non-child: 0.00%)
CodegenTime: 443.151us
CompileTime: 1.179ms
LoadTime: 0.000ns
ModuleBitcodeSize: 1.94 MB (2037140)
NumFunctions: 7 (7)
NumInstructions: 105 (105)
OptimizationTime: 5.887ms
PeakMemoryUsage: 52.50 KB (53760)
PrepareTime: 11.604ms
I0212 12:15:33.259697  6252 client-cache.cc:46] GetClient(gaborkaszabdesktop:22000)
I0212 12:15:33.259719  6252 client-cache.cc:56] GetClient(): returning cached client for gaborkaszabdesktop:22000
I0212 12:15:33.260066  6271 rpc-trace.cc:190] RPC call: ImpalaInternalService.ReportExecStatus(from ::ffff:127.0.0.1:55078)
I0212 12:15:33.260534  6271 impala-server.cc:1151] ReportExecStatus() coord_state_idx=0
I0212 12:15:33.260566  6271 impala-server.cc:1163] ReportExecStatus(): Received report for unknown query ID (probably closed or cancelled): 3d49bc72b8566fae:6115e2aa00000000
I0212 12:15:33.260637  6271 rpc-trace.cc:200] RPC call: backend:ImpalaInternalService.ReportExecStatus from ::ffff:127.0.0.1:55078 took 1.000ms
I0212 12:15:33.260713  6252 client-cache.cc:148] Releasing client for gaborkaszabdesktop:22000 back to cache
I0212 12:15:33.260743  6252 query-state.cc:403] Cancel: query_id=3d49bc72b8566fae:6115e2aa00000000
I0212 12:15:33.676007  6075 rpc-trace.cc:190] RPC call: StatestoreSubscriber.UpdateState(from ::ffff:127.0.0.1:51472)
I0212 12:15:33.676249  6075 impala-server.cc:1352] Catalog topic update applied with version: 1132 new min catalog object version: 2
I0212 12:15:33.681865  6075 admission-controller.cc:806] Sending topic update agg_num_running=0, agg_num_queued=0, agg_mem_reserved=631.14 KB,  local_host(local_mem_admitted=0, num_admitted_running=0, num_queued=0, backend_mem_reserved=533.31 KB)
I0212 12:15:33.681951  6075 admission-controller.cc:742] Recomputed agg stats, previous: agg_num_running=0, agg_num_queued=0, agg_mem_reserved=631.14 KB,  local_host(local_mem_admitted=0, num_admitted_running=0, num_queued=0, backend_mem_reserved=533.31 KB)
I0212 12:15:33.681975  6075 admission-controller.cc:749] Updated: agg_num_running=0, agg_num_queued=0, agg_mem_reserved=533.31 KB,  local_host(local_mem_admitted=0, num_admitted_running=0, num_queued=0, backend_mem_reserved=533.31 KB)
I0212 12:15:33.681998  6075 admission-controller.cc:769] Updated mem reserved for hosts:
gaborkaszabdesktop:22000: 631.14 KB -> 533.31 KB
I0212 12:15:33.682112  6075 rpc-trace.cc:200] RPC call: statestore-subscriber:StatestoreSubscriber.UpdateState from ::ffff:127.0.0.1:51472 took 6.000ms
I0212 12:15:33.685534  6074 rpc-trace.cc:190] RPC call: StatestoreSubscriber.Heartbeat(from ::ffff:127.0.0.1:51470)
I0212 12:15:33.685638  6074 rpc-trace.cc:200] RPC call: statestore-subscriber:StatestoreSubscriber.Heartbeat from ::ffff:127.0.0.1:51470 took 0.000ns
I0212 12:15:33.771550  6117 data-stream-mgr.cc:130] Datastream sender timed-out waiting for recvr for fragment instance: f848022183e1b3b9:cfc7861600000000 (time-out was: 2m). Increase --datastream_sender_timeout_ms if you see this message frequently.
I0212 12:15:33.771605  6117 data-stream-mgr.cc:191] DataStreamMgr::AddData(): Sender timed out waiting for receiver fragment instance: f848022183e1b3b9:cfc7861600000000, dest node: 1
I0212 12:15:33.771685  6117 rpc-trace.cc:200] RPC call: backend:ImpalaInternalService.TransmitData from ::ffff:127.0.0.1:55044 took 2m
I0212 12:15:33.771781  6216 client-cache.cc:148] Releasing client for gaborkaszabdesktop:22000 back to cache
I0212 12:15:33.772295  6215 query-state.cc:390] Instance completed. instance_id=f848022183e1b3b9:cfc7861600000001 #in-flight=3 status=CANCELLED: Cancelled
I0212 12:15:33.772320  6215 query-state.cc:403] Cancel: query_id=f848022183e1b3b9:cfc7861600000000
I0212 12:15:33.772397  6215 query-exec-mgr.cc:149] ReleaseQueryState(): query_id=f848022183e1b3b9:cfc7861600000000 refcnt=1
I0212 12:15:34.493675  6221 data-stream-mgr.cc:130] Datastream sender timed-out waiting for recvr for fragment instance: 5a4e1d6952d6aff2:feb6942800000000 (time-out was: 2m). Increase --datastream_sender_timeout_ms if you see this message frequently.
I0212 12:15:34.493729  6221 data-stream-mgr.cc:191] DataStreamMgr::AddData(): Sender timed out waiting for receiver fragment instance: 5a4e1d6952d6aff2:feb6942800000000, dest node: 1
I0212 12:15:34.493813  6221 rpc-trace.cc:200] RPC call: backend:ImpalaInternalService.TransmitData from ::ffff:127.0.0.1:55064 took 2m
I0212 12:15:34.493872  6235 client-cache.cc:148] Releasing client for gaborkaszabdesktop:22000 back to cache
I0212 12:15:34.494424  6234 query-state.cc:390] Instance completed. instance_id=5a4e1d6952d6aff2:feb6942800000001 #in-flight=2 status=CANCELLED: Cancelled
I0212 12:15:34.494447  6234 query-state.cc:403] Cancel: query_id=5a4e1d6952d6aff2:feb6942800000000
I0212 12:15:34.494518  6234 query-exec-mgr.cc:149] ReleaseQueryState(): query_id=5a4e1d6952d6aff2:feb6942800000000 refcnt=1
I0212 12:15:34.686180  6074 rpc-trace.cc:190] RPC call: StatestoreSubscriber.Heartbeat(from ::ffff:127.0.0.1:51470)
I0212 12:15:34.686306  6074 rpc-trace.cc:200] RPC call: statestore-subscriber:StatestoreSubscriber.Heartbeat from ::ffff:127.0.0.1:51470 took 0.000ns
I0212 12:15:35.225862  6222 data-stream-mgr.cc:130] Datastream sender timed-out waiting for recvr for fragment instance: 3d49bc72b8566fae:6115e2aa00000000 (time-out was: 2m). Increase --datastream_sender_timeout_ms if you see this message frequently.
I0212 12:15:35.225917  6222 data-stream-mgr.cc:191] DataStreamMgr::AddData(): Sender timed out waiting for receiver fragment instance: 3d49bc72b8566fae:6115e2aa00000000, dest node: 1
I0212 12:15:35.225981  6222 rpc-trace.cc:200] RPC call: backend:ImpalaInternalService.TransmitData from ::ffff:127.0.0.1:55066 took 2m
I0212 12:15:35.226056  6251 client-cache.cc:148] Releasing client for gaborkaszabdesktop:22000 back to cache
E0212 12:15:35.226162  6250 data-stream-sender.cc:278] channel send to gaborkaszabdesktop:22000 failed: Sender timed out waiting for receiver fragment instance: 3d49bc72b8566fae:6115e2aa00000000, dest node: 1
I0212 12:15:35.226347  6252 fragment-instance-state.cc:362] exiting reporting thread: instance_id=3d49bc72b8566fae:6115e2aa00000001
I0212 12:15:35.226568  6250 fragment-instance-state.cc:370] Reporting final profile for instance 3d49bc72b8566fae:6115e2aa00000001
I0212 12:15:35.228080  6250 fragment-instance-state.cc:374] Fragment 3d49bc72b8566fae:6115e2aa00000001:(Total: 2m, non-child: 0.000ns, % non-child: 0.00%)
  Hdfs split stats (<volume id>:<# splits>/<split lengths>): 2:8/63.13 KB 0:10/78.85 KB 1:6/47.43 KB 
  Fragment Instance Lifecycle Event Timeline: 2m
Prepare Finished: 1.101ms (1.101ms)
First Batch Produced: 30.513ms (29.412ms)
First Batch Sent: 35.967ms (5.454ms)
ExecInternal Finished: 2m (2m)
  MemoryUsage(2s000ms): 289.83 KB, 289.83 KB, 289.83 KB, 289.83 KB, 289.83 KB, 289.83 KB, 289.83 KB, 289.83 KB, 289.83 KB, 289.83 KB, 289.83 KB, 289.83 KB, 289.83 KB, 289.83 KB, 289.83 KB, 289.83 KB, 289.83 KB, 289.83 KB, 289.83 KB, 289.83 KB, 289.83 KB, 289.83 KB, 289.83 KB, 289.83 KB, 289.83 KB, 289.83 KB, 289.83 KB, 289.83 KB, 289.83 KB, 289.83 KB, 289.83 KB, 289.83 KB, 289.83 KB, 289.83 KB, 289.83 KB, 289.83 KB, 289.83 KB, 289.83 KB, 289.83 KB, 289.83 KB, 289.83 KB, 289.83 KB, 289.83 KB, 289.83 KB, 289.83 KB, 289.83 KB, 289.83 KB, 289.83 KB, 289.83 KB, 289.83 KB, 289.83 KB, 289.83 KB, 289.83 KB, 289.83 KB, 289.83 KB, 289.83 KB, 289.83 KB, 289.83 KB, 289.83 KB, 289.83 KB
  ThreadUsage(2s000ms): 1, 1, 1, 1, 1, 1, 1, 1, 1, 1, 1, 1, 1, 1, 1, 1, 1, 1, 1, 1, 1, 1, 1, 1, 1, 1, 1, 1, 1, 1, 1, 1, 1, 1, 1, 1, 1, 1, 1, 1, 1, 1, 1, 1, 1, 1, 1, 1, 1, 1, 1, 1, 1, 1, 1, 1, 1, 1, 1, 1
AverageThreadTokens: 1.00 
BloomFilterBytes: 0
PeakMemoryUsage: 1.34 MB (1400803)
PeakReservation: 0
PeakUsedReservation: 0
PerHostPeakMemUsage: 1.34 MB (1400803)
RowsProduced: 600 (600)
TotalNetworkReceiveTime: 0.000ns
TotalNetworkSendTime: 1m59s
TotalStorageWaitTime: 48.303ms
TotalThreadsInvoluntaryContextSwitches: 54 (54)
TotalThreadsTotalWallClockTime: 2m
TotalThreadsSysTime: 0.000ns
TotalThreadsUserTime: 28.000ms
TotalThreadsVoluntaryContextSwitches: 110 (110)
  Fragment Instance Lifecycle Timings:
ExecTime: 2m
ExecTreeExecTime: 15.095ms
OpenTime: 19.659ms
ExecTreeOpenTime: 96.469us
PrepareTime: 592.036us
ExecTreePrepareTime: 225.427us
  DataStreamSender (dst_id=1):(Total: 480.135us, non-child: 0.000ns, % non-child: 0.00%)
BytesSent: 23.07 KB (23622)
NetworkThroughput(*): 703.11 MB/sec
OverallThroughput: 46.92 MB/sec
PeakMemoryUsage: 1.42 KB (1456)
RowsReturned: 300 (300)
SerializeBatchTime: 328.071us
TransmitDataRPCTime: 32.040us
UncompressedRowBatchSize: 62.70 KB (64200)
  HDFS_SCAN_NODE (id=0):(Total: 15.663ms, non-child: 0.000ns, % non-child: 0.00%)
    Hdfs split stats (<volume id>:<# splits>/<split lengths>): 2:8/63.13 KB 0:10/78.85 KB 1:6/47.43 KB 
    ExecOption: PARQUET Codegen Enabled
    BytesRead(2s000ms): 65.59 KB, 65.59 KB, 65.59 KB, 65.59 KB, 65.59 KB, 65.59 KB, 65.59 KB, 65.59 KB, 65.59 KB, 65.59 KB, 65.59 KB, 65.59 KB, 65.59 KB, 65.59 KB, 65.59 KB, 65.59 KB, 65.59 KB, 65.59 KB, 65.59 KB, 65.59 KB, 65.59 KB, 65.59 KB, 65.59 KB, 65.59 KB, 65.59 KB, 65.59 KB, 65.59 KB, 65.59 KB, 65.59 KB, 65.59 KB, 65.59 KB, 65.59 KB, 65.59 KB, 65.59 KB, 65.59 KB, 65.59 KB, 65.59 KB, 65.59 KB, 65.59 KB, 65.59 KB, 65.59 KB, 65.59 KB, 65.59 KB, 65.59 KB, 65.59 KB, 65.59 KB, 65.59 KB, 65.59 KB, 65.59 KB, 65.59 KB, 65.59 KB, 65.59 KB, 65.59 KB, 65.59 KB, 65.59 KB, 65.59 KB, 65.59 KB, 65.59 KB, 65.59 KB, 65.59 KB
FooterProcessingTime: (Avg: 1.220ms ; Min: 880.302us ; Max: 1.417ms ; Number of samples: 5)
AverageHdfsReadThreadConcurrency: 0.00 
AverageScannerThreadConcurrency: 0.00 
BytesRead: 65.59 KB (67160)
BytesReadDataNodeCache: 0
BytesReadLocal: 0
BytesReadRemoteUnexpected: 0
BytesReadShortCircuit: 0
CachedFileHandlesHitCount: 0 (0)
CachedFileHandlesMissCount: 0 (0)
CollectionItemsRead: 0 (0)
DecompressionTime: 134.902us
MaxCompressedTextFileLength: 0
NumColumns: 11 (11)
NumDictFilteredRowGroups: 0 (0)
NumDisksAccessed: 0 (0)
NumRowGroups: 5 (5)
NumScannerThreadsStarted: 2 (2)
NumScannersWithNoReads: 0 (0)
NumStatsFilteredRowGroups: 0 (0)
PeakMemoryUsage: 1.33 MB (1390740)
PerReadThreadRawHdfsThroughput: 37.02 MB/sec
RemoteScanRanges: 0 (0)
RowBatchQueueGetWaitTime: 0.000ns
RowBatchQueuePutWaitTime: 0.000ns
RowsRead: 910 (910)
RowsReturned: 600 (600)
RowsReturnedRate: 38.30 K/sec
ScanRangesComplete: 5 (5)
ScannerThreadsInvoluntaryContextSwitches: 36 (36)
ScannerThreadsTotalWallClockTime: 76.047ms
MaterializeTupleTime(*): 742.964us
ScannerThreadsSysTime: 0.000ns
ScannerThreadsUserTime: 0.000ns
ScannerThreadsVoluntaryContextSwitches: 102 (102)
TotalRawHdfsReadTime(*): 1.730ms
TotalReadThroughput: 559.00 B/sec
  CodeGen:(Total: 19.216ms, non-child: 0.000ns, % non-child: 0.00%)
CodegenTime: 443.151us
CompileTime: 1.179ms
LoadTime: 0.000ns
ModuleBitcodeSize: 1.94 MB (2037140)
NumFunctions: 7 (7)
NumInstructions: 105 (105)
OptimizationTime: 5.887ms
PeakMemoryUsage: 52.50 KB (53760)
PrepareTime: 11.604ms
I0212 12:15:35.228598  6250 client-cache.cc:46] GetClient(gaborkaszabdesktop:22000)
I0212 12:15:35.228616  6250 client-cache.cc:56] GetClient(): returning cached client for gaborkaszabdesktop:22000
I0212 12:15:35.228984  6255 rpc-trace.cc:190] RPC call: ImpalaInternalService.ReportExecStatus(from ::ffff:127.0.0.1:55072)
I0212 12:15:35.229449  6255 impala-server.cc:1151] ReportExecStatus() coord_state_idx=0
I0212 12:15:35.229478  6255 impala-server.cc:1163] ReportExecStatus(): Received report for unknown query ID (probably closed or cancelled): 3d49bc72b8566fae:6115e2aa00000000
I0212 12:15:35.229576  6255 rpc-trace.cc:200] RPC call: backend:ImpalaInternalService.ReportExecStatus from ::ffff:127.0.0.1:55072 took 1.000ms
I0212 12:15:35.229655  6250 client-cache.cc:148] Releasing client for gaborkaszabdesktop:22000 back to cache
I0212 12:15:35.229683  6250 query-state.cc:403] Cancel: query_id=3d49bc72b8566fae:6115e2aa00000000
I0212 12:15:35.230347  6250 query-state.cc:390] Instance completed. instance_id=3d49bc72b8566fae:6115e2aa00000001 #in-flight=1 status=DATASTREAM_SENDER_TIMEOUT: Sender timed out waiting for receiver fragment instance: 3d49bc72b8566fae:6115e2aa00000000, dest node: 1
I0212 12:15:35.230367  6250 query-state.cc:403] Cancel: query_id=3d49bc72b8566fae:6115e2aa00000000
I0212 12:15:35.230439  6250 query-exec-mgr.cc:149] ReleaseQueryState(): query_id=3d49bc72b8566fae:6115e2aa00000000 refcnt=1
I0212 12:15:35.682735  6075 rpc-trace.cc:190] RPC call: StatestoreSubscriber.UpdateState(from ::ffff:127.0.0.1:51472)
I0212 12:15:35.682994  6075 impala-server.cc:1352] Catalog topic update applied with version: 1132 new min catalog object version: 2
I0212 12:15:35.686815  6074 rpc-trace.cc:190] RPC call: StatestoreSubscriber.Heartbeat(from ::ffff:127.0.0.1:51470)
I0212 12:15:35.686936  6074 rpc-trace.cc:200] RPC call: statestore-subscriber:StatestoreSubscriber.Heartbeat from ::ffff:127.0.0.1:51470 took 0.000ns
I0212 12:15:35.688530  6075 admission-controller.cc:806] Sending topic update agg_num_running=0, agg_num_queued=0, agg_mem_reserved=533.31 KB,  local_host(local_mem_admitted=0, num_admitted_running=0, num_queued=0, backend_mem_reserved=25.83 KB)
I0212 12:15:35.688599  6075 admission-controller.cc:742] Recomputed agg stats, previous: agg_num_running=0, agg_num_queued=0, agg_mem_reserved=533.31 KB,  local_host(local_mem_admitted=0, num_admitted_running=0, num_queued=0, backend_mem_reserved=25.83 KB)
I0212 12:15:35.688624  6075 admission-controller.cc:749] Updated: agg_num_running=0, agg_num_queued=0, agg_mem_reserved=25.83 KB,  local_host(local_mem_admitted=0, num_admitted_running=0, num_queued=0, backend_mem_reserved=25.83 KB)
I0212 12:15:35.688647  6075 admission-controller.cc:769] Updated mem reserved for hosts:
gaborkaszabdesktop:22000: 533.31 KB -> 25.83 KB
I0212 12:15:35.688766  6075 rpc-trace.cc:200] RPC call: statestore-subscriber:StatestoreSubscriber.UpdateState from ::ffff:127.0.0.1:51472 took 6.000ms
I0212 12:15:35.958365  6256 data-stream-mgr.cc:130] Datastream sender timed-out waiting for recvr for fragment instance: 9648ecffbc0c5935:64afd51e00000000 (time-out was: 2m). Increase --datastream_sender_timeout_ms if you see this message frequently.
I0212 12:15:35.958421  6256 data-stream-mgr.cc:191] DataStreamMgr::AddData(): Sender timed out waiting for receiver fragment instance: 9648ecffbc0c5935:64afd51e00000000, dest node: 1
I0212 12:15:35.958489  6256 rpc-trace.cc:200] RPC call: backend:ImpalaInternalService.TransmitData from ::ffff:127.0.0.1:55074 took 2m
I0212 12:15:35.958592  6268 client-cache.cc:148] Releasing client for gaborkaszabdesktop:22000 back to cache
I0212 12:15:35.959175  6267 query-state.cc:390] Instance completed. instance_id=9648ecffbc0c5935:64afd51e00000001 #in-flight=0 status=CANCELLED: Cancelled
I0212 12:15:35.959198  6267 query-state.cc:403] Cancel: query_id=9648ecffbc0c5935:64afd51e00000000
I0212 12:15:35.959270  6267 query-exec-mgr.cc:149] ReleaseQueryState(): query_id=9648ecffbc0c5935:64afd51e00000000 refcnt=1
I0212 12:15:36.687384  6074 rpc-trace.cc:190] RPC call: StatestoreSubscriber.Heartbeat(from ::ffff:127.0.0.1:51470)
I0212 12:15:36.687527  6074 rpc-trace.cc:200] RPC call: statestore-subscriber:StatestoreSubscriber.Heartbeat from ::ffff:127.0.0.1:51470 took 1.000ms
I0212 12:15:37.688020  6074 rpc-trace.cc:190] RPC call: StatestoreSubscriber.Heartbeat(from ::ffff:127.0.0.1:51470)
I0212 12:15:37.688135  6074 rpc-trace.cc:200] RPC call: statestore-subscriber:StatestoreSubscriber.Heartbeat from ::ffff:127.0.0.1:51470 took 0.000ns
I0212 12:15:37.688345  6075 rpc-trace.cc:190] RPC call: StatestoreSubscriber.UpdateState(from ::ffff:127.0.0.1:51472)
I0212 12:15:37.688638  6075 impala-server.cc:1352] Catalog topic update applied with version: 1132 new min catalog object version: 2
I0212 12:15:37.694244  6075 admission-controller.cc:806] Sending topic update agg_num_running=0, agg_num_queued=0, agg_mem_reserved=25.83 KB,  local_host(local_mem_admitted=0, num_admitted_running=0, num_queued=0, backend_mem_reserved=0)
I0212 12:15:37.694314  6075 admission-controller.cc:742] Recomputed agg stats, previous: agg_num_running=0, agg_num_queued=0, agg_mem_reserved=25.83 KB,  local_host(local_mem_admitted=0, num_admitted_running=0, num_queued=0, backend_mem_reserved=0)
I0212 12:15:37.694334  6075 admission-controller.cc:749] Updated: agg_num_running=0, agg_num_queued=0, agg_mem_reserved=0,  local_host(local_mem_admitted=0, num_admitted_running=0, num_queued=0, backend_mem_reserved=0)
I0212 12:15:37.694353  6075 admission-controller.cc:769] Updated mem reserved for hosts:
gaborkaszabdesktop:22000: 25.83 KB -> 0
I0212 12:15:37.694473  6075 rpc-trace.cc:200] RPC call: statestore-subscriber:StatestoreSubscriber.UpdateState from ::ffff:127.0.0.1:51472 took 7.000ms
I0212 12:15:38.688666  6074 rpc-trace.cc:190] RPC call: StatestoreSubscriber.Heartbeat(from ::ffff:127.0.0.1:51470)
I0212 12:15:38.688799  6074 rpc-trace.cc:200] RPC call: statestore-subscriber:StatestoreSubscriber.Heartbeat from ::ffff:127.0.0.1:51470 took 0.000ns
I0212 12:15:39.689333  6074 rpc-trace.cc:190] RPC call: StatestoreSubscriber.Heartbeat(from ::ffff:127.0.0.1:51470)
I0212 12:15:39.689442  6074 rpc-trace.cc:200] RPC call: statestore-subscriber:StatestoreSubscriber.Heartbeat from ::ffff:127.0.0.1:51470 took 1.000ms
I0212 12:15:39.695091  6075 rpc-trace.cc:190] RPC call: StatestoreSubscriber.UpdateState(from ::ffff:127.0.0.1:51472)
I0212 12:15:39.695348  6075 impala-server.cc:1352] Catalog topic update applied with version: 1132 new min catalog object version: 2
I0212 12:15:39.701140  6075 rpc-trace.cc:200] RPC call: statestore-subscriber:StatestoreSubscriber.UpdateState from ::ffff:127.0.0.1:51472 took 6.000ms
I0212 12:15:40.689957  6074 rpc-trace.cc:190] RPC call: StatestoreSubscriber.Heartbeat(from ::ffff:127.0.0.1:51470)
I0212 12:15:40.690076  6074 rpc-trace.cc:200] RPC call: statestore-subscriber:StatestoreSubscriber.Heartbeat from ::ffff:127.0.0.1:51470 took 0.000ns
I0212 12:15:41.690570  6074 rpc-trace.cc:190] RPC call: StatestoreSubscriber.Heartbeat(from ::ffff:127.0.0.1:51470)
I0212 12:15:41.690680  6074 rpc-trace.cc:200] RPC call: statestore-subscriber:StatestoreSubscriber.Heartbeat from ::ffff:127.0.0.1:51470 took 0.000ns
I0212 12:15:41.701690  6075 rpc-trace.cc:190] RPC call: StatestoreSubscriber.UpdateState(from ::ffff:127.0.0.1:51472)
I0212 12:15:41.701931  6075 impala-server.cc:1352] Catalog topic update applied with version: 1132 new min catalog object version: 2
I0212 12:15:41.707399  6075 rpc-trace.cc:200] RPC call: statestore-subscriber:StatestoreSubscriber.UpdateState from ::ffff:127.0.0.1:51472 took 5.000ms
I0212 12:15:42.691251  6074 rpc-trace.cc:190] RPC call: StatestoreSubscriber.Heartbeat(from ::ffff:127.0.0.1:51470)
I0212 12:15:42.691365  6074 rpc-trace.cc:200] RPC call: statestore-subscriber:StatestoreSubscriber.Heartbeat from ::ffff:127.0.0.1:51470 took 0.000ns
I0212 12:15:43.692026  6074 rpc-trace.cc:190] RPC call: StatestoreSubscriber.Heartbeat(from ::ffff:127.0.0.1:51470)
I0212 12:15:43.692158  6074 rpc-trace.cc:200] RPC call: statestore-subscriber:StatestoreSubscriber.Heartbeat from ::ffff:127.0.0.1:51470 took 0.000ns
I0212 12:15:43.708026  6075 rpc-trace.cc:190] RPC call: StatestoreSubscriber.UpdateState(from ::ffff:127.0.0.1:51472)
I0212 12:15:43.708277  6075 impala-server.cc:1352] Catalog topic update applied with version: 1132 new min catalog object version: 2
I0212 12:15:43.713631  6075 rpc-trace.cc:200] RPC call: statestore-subscriber:StatestoreSubscriber.UpdateState from ::ffff:127.0.0.1:51472 took 6.000ms
I0212 12:15:44.692610  6074 rpc-trace.cc:190] RPC call: StatestoreSubscriber.Heartbeat(from ::ffff:127.0.0.1:51470)
I0212 12:15:44.692723  6074 rpc-trace.cc:200] RPC call: statestore-subscriber:StatestoreSubscriber.Heartbeat from ::ffff:127.0.0.1:51470 took 0.000ns
I0212 12:15:45.693159  6074 rpc-trace.cc:190] RPC call: StatestoreSubscriber.Heartbeat(from ::ffff:127.0.0.1:51470)
I0212 12:15:45.693274  6074 rpc-trace.cc:200] RPC call: statestore-subscriber:StatestoreSubscriber.Heartbeat from ::ffff:127.0.0.1:51470 took 0.000ns
I0212 12:15:45.714293  6075 rpc-trace.cc:190] RPC call: StatestoreSubscriber.UpdateState(from ::ffff:127.0.0.1:51472)
I0212 12:15:45.714565  6075 impala-server.cc:1352] Catalog topic update applied with version: 1132 new min catalog object version: 2
I0212 12:15:45.719959  6075 rpc-trace.cc:200] RPC call: statestore-subscriber:StatestoreSubscriber.UpdateState from ::ffff:127.0.0.1:51472 took 6.000ms
I0212 12:15:46.693696  6074 rpc-trace.cc:190] RPC call: StatestoreSubscriber.Heartbeat(from ::ffff:127.0.0.1:51470)
I0212 12:15:46.693837  6074 rpc-trace.cc:200] RPC call: statestore-subscriber:StatestoreSubscriber.Heartbeat from ::ffff:127.0.0.1:51470 took 0.000ns
I0212 12:15:47.694391  6074 rpc-trace.cc:190] RPC call: StatestoreSubscriber.Heartbeat(from ::ffff:127.0.0.1:51470)
I0212 12:15:47.694511  6074 rpc-trace.cc:200] RPC call: statestore-subscriber:StatestoreSubscriber.Heartbeat from ::ffff:127.0.0.1:51470 took 1.000ms
I0212 12:15:47.720481  6075 rpc-trace.cc:190] RPC call: StatestoreSubscriber.UpdateState(from ::ffff:127.0.0.1:51472)
I0212 12:15:47.720755  6075 impala-server.cc:1352] Catalog topic update applied with version: 1132 new min catalog object version: 2
I0212 12:15:47.726114  6075 rpc-trace.cc:200] RPC call: statestore-subscriber:StatestoreSubscriber.UpdateState from ::ffff:127.0.0.1:51472 took 5.000ms
I0212 12:15:48.695039  6074 rpc-trace.cc:190] RPC call: StatestoreSubscriber.Heartbeat(from ::ffff:127.0.0.1:51470)
I0212 12:15:48.695163  6074 rpc-trace.cc:200] RPC call: statestore-subscriber:StatestoreSubscriber.Heartbeat from ::ffff:127.0.0.1:51470 took 0.000ns
I0212 12:15:49.695683  6074 rpc-trace.cc:190] RPC call: StatestoreSubscriber.Heartbeat(from ::ffff:127.0.0.1:51470)
I0212 12:15:49.695819  6074 rpc-trace.cc:200] RPC call: statestore-subscriber:StatestoreSubscriber.Heartbeat from ::ffff:127.0.0.1:51470 took 0.000ns
I0212 12:15:49.726634  6075 rpc-trace.cc:190] RPC call: StatestoreSubscriber.UpdateState(from ::ffff:127.0.0.1:51472)
I0212 12:15:49.726879  6075 impala-server.cc:1352] Catalog topic update applied with version: 1132 new min catalog object version: 2
I0212 12:15:49.732236  6075 rpc-trace.cc:200] RPC call: statestore-subscriber:StatestoreSubscriber.UpdateState from ::ffff:127.0.0.1:51472 took 5.000ms
I0212 12:15:50.695385  6074 rpc-trace.cc:190] RPC call: StatestoreSubscriber.Heartbeat(from ::ffff:127.0.0.1:51470)
I0212 12:15:50.695530  6074 rpc-trace.cc:200] RPC call: statestore-subscriber:StatestoreSubscriber.Heartbeat from ::ffff:127.0.0.1:51470 took 1.000ms
I0212 12:15:51.695981  6074 rpc-trace.cc:190] RPC call: StatestoreSubscriber.Heartbeat(from ::ffff:127.0.0.1:51470)
I0212 12:15:51.696099  6074 rpc-trace.cc:200] RPC call: statestore-subscriber: