   0: is_on_queue=0 done=0 #num_remaining_scan_ranges=10 #in_flight_ranges=0 #unstarted_scan_ranges=9 #unstarted_write_ranges=0 #reading_threads=4
   1: is_on_queue=1 done=0 #num_remaining_scan_ranges=6 #in_flight_ranges=0 #unstarted_scan_ranges=6 #unstarted_write_ranges=0 #reading_threads=1
   2: is_on_queue=0 done=0 #num_remaining_scan_ranges=8 #in_flight_ranges=0 #unstarted_scan_ranges=7 #unstarted_write_ranges=0 #reading_threads=1
   3: is_on_queue=0 done=1 #num_remaining_scan_ranges=0 #in_flight_ranges=0 #unstarted_scan_ranges=0 #unstarted_write_ranges=0 #reading_threads=0
   4: is_on_queue=0 done=1 #num_remaining_scan_ranges=0 #in_flight_ranges=0 #unstarted_scan_ranges=0 #unstarted_write_ranges=0 #reading_threads=0
   5: is_on_queue=0 done=1 #num_remaining_scan_ranges=0 #in_flight_ranges=0 #unstarted_scan_ranges=0 #unstarted_write_ranges=0 #reading_threads=0)
I0212 12:13:35.946624  6013 disk-io-mgr.cc:811] Disk (id=0) reading for 
  RequestContext: 0xf1911e0 (state=Active status_=OK #ready_buffers=0 #used_buffers=0 #num_buffers_in_reader=0 #finished_scan_ranges=0 #disk_with_ranges=3 #disks=3
   0: is_on_queue=0 done=0 #num_remaining_scan_ranges=10 #in_flight_ranges=0 #unstarted_scan_ranges=9 #unstarted_write_ranges=0 #reading_threads=3
   1: is_on_queue=1 done=0 #num_remaining_scan_ranges=6 #in_flight_ranges=0 #unstarted_scan_ranges=6 #unstarted_write_ranges=0 #reading_threads=1
   2: is_on_queue=0 done=0 #num_remaining_scan_ranges=8 #in_flight_ranges=0 #unstarted_scan_ranges=7 #unstarted_write_ranges=0 #reading_threads=1
   3: is_on_queue=0 done=1 #num_remaining_scan_ranges=0 #in_flight_ranges=0 #unstarted_scan_ranges=0 #unstarted_write_ranges=0 #reading_threads=0
   4: is_on_queue=0 done=1 #num_remaining_scan_ranges=0 #in_flight_ranges=0 #unstarted_scan_ranges=0 #unstarted_write_ranges=0 #reading_threads=0
   5: is_on_queue=0 done=1 #num_remaining_scan_ranges=0 #in_flight_ranges=0 #unstarted_scan_ranges=0 #unstarted_write_ranges=0 #reading_threads=0)
I0212 12:13:35.946656  6009 disk-io-mgr.cc:811] Disk (id=0) reading for 
  RequestContext: 0xf1911e0 (state=Active status_=OK #ready_buffers=0 #used_buffers=0 #num_buffers_in_reader=0 #finished_scan_ranges=0 #disk_with_ranges=3 #disks=3
   0: is_on_queue=0 done=0 #num_remaining_scan_ranges=10 #in_flight_ranges=0 #unstarted_scan_ranges=9 #unstarted_write_ranges=0 #reading_threads=2
   1: is_on_queue=1 done=0 #num_remaining_scan_ranges=6 #in_flight_ranges=0 #unstarted_scan_ranges=6 #unstarted_write_ranges=0 #reading_threads=1
   2: is_on_queue=0 done=0 #num_remaining_scan_ranges=8 #in_flight_ranges=0 #unstarted_scan_ranges=7 #unstarted_write_ranges=0 #reading_threads=1
   3: is_on_queue=0 done=1 #num_remaining_scan_ranges=0 #in_flight_ranges=0 #unstarted_scan_ranges=0 #unstarted_write_ranges=0 #reading_threads=0
   4: is_on_queue=0 done=1 #num_remaining_scan_ranges=0 #in_flight_ranges=0 #unstarted_scan_ranges=0 #unstarted_write_ranges=0 #reading_threads=0
   5: is_on_queue=0 done=1 #num_remaining_scan_ranges=0 #in_flight_ranges=0 #unstarted_scan_ranges=0 #unstarted_write_ranges=0 #reading_threads=0)
I0212 12:13:35.946666  6014 disk-io-mgr.cc:811] Disk (id=1) reading for 
  RequestContext: 0xf1911e0 (state=Active status_=OK #ready_buffers=0 #used_buffers=0 #num_buffers_in_reader=0 #finished_scan_ranges=0 #disk_with_ranges=3 #disks=3
   0: is_on_queue=0 done=0 #num_remaining_scan_ranges=10 #in_flight_ranges=0 #unstarted_scan_ranges=9 #unstarted_write_ranges=0 #reading_threads=1
   1: is_on_queue=1 done=0 #num_remaining_scan_ranges=6 #in_flight_ranges=0 #unstarted_scan_ranges=6 #unstarted_write_ranges=0 #reading_threads=1
   2: is_on_queue=0 done=0 #num_remaining_scan_ranges=8 #in_flight_ranges=0 #unstarted_scan_ranges=7 #unstarted_write_ranges=0 #reading_threads=1
   3: is_on_queue=0 done=1 #num_remaining_scan_ranges=0 #in_flight_ranges=0 #unstarted_scan_ranges=0 #unstarted_write_ranges=0 #reading_threads=0
   4: is_on_queue=0 done=1 #num_remaining_scan_ranges=0 #in_flight_ranges=0 #unstarted_scan_ranges=0 #unstarted_write_ranges=0 #reading_threads=0
   5: is_on_queue=0 done=1 #num_remaining_scan_ranges=0 #in_flight_ranges=0 #unstarted_scan_ranges=0 #unstarted_write_ranges=0 #reading_threads=0)
I0212 12:13:35.946676  6014 disk-io-mgr.cc:811] Disk (id=1) reading for 
  RequestContext: 0xf1911e0 (state=Active status_=OK #ready_buffers=0 #used_buffers=0 #num_buffers_in_reader=0 #finished_scan_ranges=0 #disk_with_ranges=3 #disks=3
   0: is_on_queue=0 done=0 #num_remaining_scan_ranges=10 #in_flight_ranges=0 #unstarted_scan_ranges=9 #unstarted_write_ranges=0 #reading_threads=1
   1: is_on_queue=0 done=0 #num_remaining_scan_ranges=6 #in_flight_ranges=0 #unstarted_scan_ranges=5 #unstarted_write_ranges=0 #reading_threads=1
   2: is_on_queue=0 done=0 #num_remaining_scan_ranges=8 #in_flight_ranges=0 #unstarted_scan_ranges=7 #unstarted_write_ranges=0 #reading_threads=1
   3: is_on_queue=0 done=1 #num_remaining_scan_ranges=0 #in_flight_ranges=0 #unstarted_scan_ranges=0 #unstarted_write_ranges=0 #reading_threads=0
   4: is_on_queue=0 done=1 #num_remaining_scan_ranges=0 #in_flight_ranges=0 #unstarted_scan_ranges=0 #unstarted_write_ranges=0 #reading_threads=0
   5: is_on_queue=0 done=1 #num_remaining_scan_ranges=0 #in_flight_ranges=0 #unstarted_scan_ranges=0 #unstarted_write_ranges=0 #reading_threads=0)
I0212 12:13:35.946720  6015 disk-io-mgr.cc:811] Disk (id=2) reading for 
  RequestContext: 0xf1911e0 (state=Active status_=OK #ready_buffers=0 #used_buffers=0 #num_buffers_in_reader=0 #finished_scan_ranges=0 #disk_with_ranges=3 #disks=3
   0: is_on_queue=0 done=0 #num_remaining_scan_ranges=10 #in_flight_ranges=0 #unstarted_scan_ranges=9 #unstarted_write_ranges=0 #reading_threads=1
   1: is_on_queue=0 done=0 #num_remaining_scan_ranges=6 #in_flight_ranges=0 #unstarted_scan_ranges=5 #unstarted_write_ranges=0 #reading_threads=0
   2: is_on_queue=0 done=0 #num_remaining_scan_ranges=8 #in_flight_ranges=0 #unstarted_scan_ranges=7 #unstarted_write_ranges=0 #reading_threads=1
   3: is_on_queue=0 done=1 #num_remaining_scan_ranges=0 #in_flight_ranges=0 #unstarted_scan_ranges=0 #unstarted_write_ranges=0 #reading_threads=0
   4: is_on_queue=0 done=1 #num_remaining_scan_ranges=0 #in_flight_ranges=0 #unstarted_scan_ranges=0 #unstarted_write_ranges=0 #reading_threads=0
   5: is_on_queue=0 done=1 #num_remaining_scan_ranges=0 #in_flight_ranges=0 #unstarted_scan_ranges=0 #unstarted_write_ranges=0 #reading_threads=0)
I0212 12:13:35.946739  6010 disk-io-mgr.cc:811] Disk (id=0) reading for 
  RequestContext: 0xf1911e0 (state=Active status_=OK #ready_buffers=0 #used_buffers=0 #num_buffers_in_reader=0 #finished_scan_ranges=0 #disk_with_ranges=3 #disks=3
   0: is_on_queue=0 done=0 #num_remaining_scan_ranges=10 #in_flight_ranges=1 #unstarted_scan_ranges=9 #unstarted_write_ranges=0 #reading_threads=2
   1: is_on_queue=0 done=0 #num_remaining_scan_ranges=6 #in_flight_ranges=0 #unstarted_scan_ranges=5 #unstarted_write_ranges=0 #reading_threads=0
   2: is_on_queue=0 done=0 #num_remaining_scan_ranges=8 #in_flight_ranges=0 #unstarted_scan_ranges=7 #unstarted_write_ranges=0 #reading_threads=0
   3: is_on_queue=0 done=1 #num_remaining_scan_ranges=0 #in_flight_ranges=0 #unstarted_scan_ranges=0 #unstarted_write_ranges=0 #reading_threads=0
   4: is_on_queue=0 done=1 #num_remaining_scan_ranges=0 #in_flight_ranges=0 #unstarted_scan_ranges=0 #unstarted_write_ranges=0 #reading_threads=0
   5: is_on_queue=0 done=1 #num_remaining_scan_ranges=0 #in_flight_ranges=0 #unstarted_scan_ranges=0 #unstarted_write_ranges=0 #reading_threads=0)
I0212 12:13:35.946753  6006 disk-io-mgr.cc:811] Disk (id=0) reading for 
  RequestContext: 0xf1911e0 (state=Active status_=OK #ready_buffers=0 #used_buffers=0 #num_buffers_in_reader=0 #finished_scan_ranges=0 #disk_with_ranges=3 #disks=3
   0: is_on_queue=0 done=0 #num_remaining_scan_ranges=10 #in_flight_ranges=0 #unstarted_scan_ranges=8 #unstarted_write_ranges=0 #reading_threads=3
   1: is_on_queue=0 done=0 #num_remaining_scan_ranges=6 #in_flight_ranges=0 #unstarted_scan_ranges=5 #unstarted_write_ranges=0 #reading_threads=0
   2: is_on_queue=0 done=0 #num_remaining_scan_ranges=8 #in_flight_ranges=0 #unstarted_scan_ranges=7 #unstarted_write_ranges=0 #reading_threads=0
   3: is_on_queue=0 done=1 #num_remaining_scan_ranges=0 #in_flight_ranges=0 #unstarted_scan_ranges=0 #unstarted_write_ranges=0 #reading_threads=0
   4: is_on_queue=0 done=1 #num_remaining_scan_ranges=0 #in_flight_ranges=0 #unstarted_scan_ranges=0 #unstarted_write_ranges=0 #reading_threads=0
   5: is_on_queue=0 done=1 #num_remaining_scan_ranges=0 #in_flight_ranges=0 #unstarted_scan_ranges=0 #unstarted_write_ranges=0 #reading_threads=0)
I0212 12:13:35.947016  6008 disk-io-mgr.cc:811] Disk (id=0) reading for 
  RequestContext: 0xf1911e0 (state=Active status_=OK #ready_buffers=0 #used_buffers=1 #num_buffers_in_reader=0 #finished_scan_ranges=0 #disk_with_ranges=3 #disks=3
   0: is_on_queue=0 done=0 #num_remaining_scan_ranges=10 #in_flight_ranges=0 #unstarted_scan_ranges=8 #unstarted_write_ranges=0 #reading_threads=2
   1: is_on_queue=0 done=0 #num_remaining_scan_ranges=6 #in_flight_ranges=0 #unstarted_scan_ranges=5 #unstarted_write_ranges=0 #reading_threads=0
   2: is_on_queue=0 done=0 #num_remaining_scan_ranges=8 #in_flight_ranges=0 #unstarted_scan_ranges=7 #unstarted_write_ranges=0 #reading_threads=0
   3: is_on_queue=0 done=1 #num_remaining_scan_ranges=0 #in_flight_ranges=0 #unstarted_scan_ranges=0 #unstarted_write_ranges=0 #reading_threads=0
   4: is_on_queue=0 done=1 #num_remaining_scan_ranges=0 #in_flight_ranges=0 #unstarted_scan_ranges=0 #unstarted_write_ranges=0 #reading_threads=0
   5: is_on_queue=0 done=1 #num_remaining_scan_ranges=0 #in_flight_ranges=0 #unstarted_scan_ranges=0 #unstarted_write_ranges=0 #reading_threads=0)
I0212 12:13:35.948541  6010 handle-cache.inline.h:33] hdfsOpenFile() file=hdfs://localhost:20500/test-warehouse/alltypes_parquet/year=2009/month=9/4a4bdc025cd5afb4-a47df1b500000004_1461430205_data.0.parq fid=0xe92ad10
I0212 12:13:35.948618  6010 handle-cache.inline.h:38] hdfsCloseFile() fid=0xe92ad10
I0212 12:13:35.948947  6011 disk-io-mgr.cc:811] Disk (id=0) reading for 
  RequestContext: 0xf1911e0 (state=Active status_=OK #ready_buffers=0 #used_buffers=0 #num_buffers_in_reader=0 #finished_scan_ranges=1 #disk_with_ranges=3 #disks=3
   0: is_on_queue=0 done=0 #num_remaining_scan_ranges=20 #in_flight_ranges=11 #unstarted_scan_ranges=8 #unstarted_write_ranges=0 #reading_threads=1
   1: is_on_queue=0 done=0 #num_remaining_scan_ranges=6 #in_flight_ranges=0 #unstarted_scan_ranges=5 #unstarted_write_ranges=0 #reading_threads=0
   2: is_on_queue=0 done=0 #num_remaining_scan_ranges=8 #in_flight_ranges=0 #unstarted_scan_ranges=7 #unstarted_write_ranges=0 #reading_threads=0
   3: is_on_queue=0 done=1 #num_remaining_scan_ranges=0 #in_flight_ranges=0 #unstarted_scan_ranges=0 #unstarted_write_ranges=0 #reading_threads=0
   4: is_on_queue=0 done=1 #num_remaining_scan_ranges=0 #in_flight_ranges=0 #unstarted_scan_ranges=0 #unstarted_write_ranges=0 #reading_threads=0
   5: is_on_queue=0 done=1 #num_remaining_scan_ranges=0 #in_flight_ranges=0 #unstarted_scan_ranges=0 #unstarted_write_ranges=0 #reading_threads=0)
I0212 12:13:35.948982  6006 disk-io-mgr.cc:811] Disk (id=0) reading for 
  RequestContext: 0xf1911e0 (state=Active status_=OK #ready_buffers=0 #used_buffers=1 #num_buffers_in_reader=0 #finished_scan_ranges=1 #disk_with_ranges=3 #disks=3
   0: is_on_queue=0 done=0 #num_remaining_scan_ranges=20 #in_flight_ranges=10 #unstarted_scan_ranges=8 #unstarted_write_ranges=0 #reading_threads=2
   1: is_on_queue=0 done=0 #num_remaining_scan_ranges=6 #in_flight_ranges=0 #unstarted_scan_ranges=5 #unstarted_write_ranges=0 #reading_threads=0
   2: is_on_queue=0 done=0 #num_remaining_scan_ranges=8 #in_flight_ranges=0 #unstarted_scan_ranges=7 #unstarted_write_ranges=0 #reading_threads=0
   3: is_on_queue=0 done=1 #num_remaining_scan_ranges=0 #in_flight_ranges=0 #unstarted_scan_ranges=0 #unstarted_write_ranges=0 #reading_threads=0
   4: is_on_queue=0 done=1 #num_remaining_scan_ranges=0 #in_flight_ranges=0 #unstarted_scan_ranges=0 #unstarted_write_ranges=0 #reading_threads=0
   5: is_on_queue=0 done=1 #num_remaining_scan_ranges=0 #in_flight_ranges=0 #unstarted_scan_ranges=0 #unstarted_write_ranges=0 #reading_threads=0)
I0212 12:13:35.949014  6007 disk-io-mgr.cc:811] Disk (id=0) reading for 
  RequestContext: 0xf1911e0 (state=Active status_=OK #ready_buffers=0 #used_buffers=2 #num_buffers_in_reader=0 #finished_scan_ranges=1 #disk_with_ranges=3 #disks=3
   0: is_on_queue=0 done=0 #num_remaining_scan_ranges=20 #in_flight_ranges=9 #unstarted_scan_ranges=8 #unstarted_write_ranges=0 #reading_threads=3
   1: is_on_queue=0 done=0 #num_remaining_scan_ranges=6 #in_flight_ranges=0 #unstarted_scan_ranges=5 #unstarted_write_ranges=0 #reading_threads=0
   2: is_on_queue=0 done=0 #num_remaining_scan_ranges=8 #in_flight_ranges=0 #unstarted_scan_ranges=7 #unstarted_write_ranges=0 #reading_threads=0
   3: is_on_queue=0 done=1 #num_remaining_scan_ranges=0 #in_flight_ranges=0 #unstarted_scan_ranges=0 #unstarted_write_ranges=0 #reading_threads=0
   4: is_on_queue=0 done=1 #num_remaining_scan_ranges=0 #in_flight_ranges=0 #unstarted_scan_ranges=0 #unstarted_write_ranges=0 #reading_threads=0
   5: is_on_queue=0 done=1 #num_remaining_scan_ranges=0 #in_flight_ranges=0 #unstarted_scan_ranges=0 #unstarted_write_ranges=0 #reading_threads=0)
I0212 12:13:35.949228  6013 disk-io-mgr.cc:811] Disk (id=0) reading for 
  RequestContext: 0xf1911e0 (state=Active status_=OK #ready_buffers=0 #used_buffers=3 #num_buffers_in_reader=0 #finished_scan_ranges=1 #disk_with_ranges=3 #disks=3
   0: is_on_queue=0 done=0 #num_remaining_scan_ranges=20 #in_flight_ranges=8 #unstarted_scan_ranges=8 #unstarted_write_ranges=0 #reading_threads=4
   1: is_on_queue=0 done=0 #num_remaining_scan_ranges=6 #in_flight_ranges=0 #unstarted_scan_ranges=5 #unstarted_write_ranges=0 #reading_threads=0
   2: is_on_queue=0 done=0 #num_remaining_scan_ranges=8 #in_flight_ranges=0 #unstarted_scan_ranges=7 #unstarted_write_ranges=0 #reading_threads=0
   3: is_on_queue=0 done=1 #num_remaining_scan_ranges=0 #in_flight_ranges=0 #unstarted_scan_ranges=0 #unstarted_write_ranges=0 #reading_threads=0
   4: is_on_queue=0 done=1 #num_remaining_scan_ranges=0 #in_flight_ranges=0 #unstarted_scan_ranges=0 #unstarted_write_ranges=0 #reading_threads=0
   5: is_on_queue=0 done=1 #num_remaining_scan_ranges=0 #in_flight_ranges=0 #unstarted_scan_ranges=0 #unstarted_write_ranges=0 #reading_threads=0)
I0212 12:13:35.949401  6009 disk-io-mgr.cc:811] Disk (id=0) reading for 
  RequestContext: 0xf1911e0 (state=Active status_=OK #ready_buffers=0 #used_buffers=4 #num_buffers_in_reader=0 #finished_scan_ranges=1 #disk_with_ranges=3 #disks=3
   0: is_on_queue=0 done=0 #num_remaining_scan_ranges=20 #in_flight_ranges=7 #unstarted_scan_ranges=8 #unstarted_write_ranges=0 #reading_threads=5
   1: is_on_queue=0 done=0 #num_remaining_scan_ranges=6 #in_flight_ranges=0 #unstarted_scan_ranges=5 #unstarted_write_ranges=0 #reading_threads=0
   2: is_on_queue=0 done=0 #num_remaining_scan_ranges=8 #in_flight_ranges=0 #unstarted_scan_ranges=7 #unstarted_write_ranges=0 #reading_threads=0
   3: is_on_queue=0 done=1 #num_remaining_scan_ranges=0 #in_flight_ranges=0 #unstarted_scan_ranges=0 #unstarted_write_ranges=0 #reading_threads=0
   4: is_on_queue=0 done=1 #num_remaining_scan_ranges=0 #in_flight_ranges=0 #unstarted_scan_ranges=0 #unstarted_write_ranges=0 #reading_threads=0
   5: is_on_queue=0 done=1 #num_remaining_scan_ranges=0 #in_flight_ranges=0 #unstarted_scan_ranges=0 #unstarted_write_ranges=0 #reading_threads=0)
I0212 12:13:35.949540  6012 disk-io-mgr.cc:811] Disk (id=0) reading for 
  RequestContext: 0xf1911e0 (state=Active status_=OK #ready_buffers=0 #used_buffers=5 #num_buffers_in_reader=0 #finished_scan_ranges=1 #disk_with_ranges=3 #disks=3
   0: is_on_queue=0 done=0 #num_remaining_scan_ranges=20 #in_flight_ranges=6 #unstarted_scan_ranges=8 #unstarted_write_ranges=0 #reading_threads=6
   1: is_on_queue=0 done=0 #num_remaining_scan_ranges=6 #in_flight_ranges=0 #unstarted_scan_ranges=5 #unstarted_write_ranges=0 #reading_threads=0
   2: is_on_queue=0 done=0 #num_remaining_scan_ranges=8 #in_flight_ranges=0 #unstarted_scan_ranges=7 #unstarted_write_ranges=0 #reading_threads=0
   3: is_on_queue=0 done=1 #num_remaining_scan_ranges=0 #in_flight_ranges=0 #unstarted_scan_ranges=0 #unstarted_write_ranges=0 #reading_threads=0
   4: is_on_queue=0 done=1 #num_remaining_scan_ranges=0 #in_flight_ranges=0 #unstarted_scan_ranges=0 #unstarted_write_ranges=0 #reading_threads=0
   5: is_on_queue=0 done=1 #num_remaining_scan_ranges=0 #in_flight_ranges=0 #unstarted_scan_ranges=0 #unstarted_write_ranges=0 #reading_threads=0)
I0212 12:13:35.949676  6008 disk-io-mgr.cc:811] Disk (id=0) reading for 
  RequestContext: 0xf1911e0 (state=Active status_=OK #ready_buffers=0 #used_buffers=6 #num_buffers_in_reader=0 #finished_scan_ranges=1 #disk_with_ranges=3 #disks=3
   0: is_on_queue=0 done=0 #num_remaining_scan_ranges=20 #in_flight_ranges=5 #unstarted_scan_ranges=8 #unstarted_write_ranges=0 #reading_threads=7
   1: is_on_queue=0 done=0 #num_remaining_scan_ranges=6 #in_flight_ranges=0 #unstarted_scan_ranges=5 #unstarted_write_ranges=0 #reading_threads=0
   2: is_on_queue=0 done=0 #num_remaining_scan_ranges=8 #in_flight_ranges=0 #unstarted_scan_ranges=7 #unstarted_write_ranges=0 #reading_threads=0
   3: is_on_queue=0 done=1 #num_remaining_scan_ranges=0 #in_flight_ranges=0 #unstarted_scan_ranges=0 #unstarted_write_ranges=0 #reading_threads=0
   4: is_on_queue=0 done=1 #num_remaining_scan_ranges=0 #in_flight_ranges=0 #unstarted_scan_ranges=0 #unstarted_write_ranges=0 #reading_threads=0
   5: is_on_queue=0 done=1 #num_remaining_scan_ranges=0 #in_flight_ranges=0 #unstarted_scan_ranges=0 #unstarted_write_ranges=0 #reading_threads=0)
I0212 12:13:35.949941  6010 disk-io-mgr.cc:811] Disk (id=0) reading for 
  RequestContext: 0xf1911e0 (state=Active status_=OK #ready_buffers=0 #used_buffers=7 #num_buffers_in_reader=0 #finished_scan_ranges=1 #disk_with_ranges=3 #disks=3
   0: is_on_queue=0 done=0 #num_remaining_scan_ranges=20 #in_flight_ranges=4 #unstarted_scan_ranges=8 #unstarted_write_ranges=0 #reading_threads=8
   1: is_on_queue=0 done=0 #num_remaining_scan_ranges=6 #in_flight_ranges=0 #unstarted_scan_ranges=5 #unstarted_write_ranges=0 #reading_threads=0
   2: is_on_queue=0 done=0 #num_remaining_scan_ranges=8 #in_flight_ranges=0 #unstarted_scan_ranges=7 #unstarted_write_ranges=0 #reading_threads=0
   3: is_on_queue=0 done=1 #num_remaining_scan_ranges=0 #in_flight_ranges=0 #unstarted_scan_ranges=0 #unstarted_write_ranges=0 #reading_threads=0
   4: is_on_queue=0 done=1 #num_remaining_scan_ranges=0 #in_flight_ranges=0 #unstarted_scan_ranges=0 #unstarted_write_ranges=0 #reading_threads=0
   5: is_on_queue=0 done=1 #num_remaining_scan_ranges=0 #in_flight_ranges=0 #unstarted_scan_ranges=0 #unstarted_write_ranges=0 #reading_threads=0)
I0212 12:13:35.950145  6006 handle-cache.inline.h:33] hdfsOpenFile() file=hdfs://localhost:20500/test-warehouse/alltypes_parquet/year=2009/month=9/4a4bdc025cd5afb4-a47df1b500000004_1461430205_data.0.parq fid=0x96a15c0
I0212 12:13:35.950212  6006 handle-cache.inline.h:38] hdfsCloseFile() fid=0x96a15c0
I0212 12:13:35.950258  6006 disk-io-mgr.cc:811] Disk (id=0) reading for 
  RequestContext: 0xf1911e0 (state=Active status_=OK #ready_buffers=1 #used_buffers=8 #num_buffers_in_reader=0 #finished_scan_ranges=1 #disk_with_ranges=3 #disks=3
   0: is_on_queue=0 done=0 #num_remaining_scan_ranges=19 #in_flight_ranges=3 #unstarted_scan_ranges=8 #unstarted_write_ranges=0 #reading_threads=8
   1: is_on_queue=0 done=0 #num_remaining_scan_ranges=6 #in_flight_ranges=0 #unstarted_scan_ranges=5 #unstarted_write_ranges=0 #reading_threads=0
   2: is_on_queue=0 done=0 #num_remaining_scan_ranges=8 #in_flight_ranges=0 #unstarted_scan_ranges=7 #unstarted_write_ranges=0 #reading_threads=0
   3: is_on_queue=0 done=1 #num_remaining_scan_ranges=0 #in_flight_ranges=0 #unstarted_scan_ranges=0 #unstarted_write_ranges=0 #reading_threads=0
   4: is_on_queue=0 done=1 #num_remaining_scan_ranges=0 #in_flight_ranges=0 #unstarted_scan_ranges=0 #unstarted_write_ranges=0 #reading_threads=0
   5: is_on_queue=0 done=1 #num_remaining_scan_ranges=0 #in_flight_ranges=0 #unstarted_scan_ranges=0 #unstarted_write_ranges=0 #reading_threads=0)
I0212 12:13:35.950467  6013 handle-cache.inline.h:33] hdfsOpenFile() file=hdfs://localhost:20500/test-warehouse/alltypes_parquet/year=2009/month=9/4a4bdc025cd5afb4-a47df1b500000004_1461430205_data.0.parq fid=0x96a1f80
I0212 12:13:35.950518  6013 handle-cache.inline.h:38] hdfsCloseFile() fid=0x96a1f80
I0212 12:13:35.950546  6011 handle-cache.inline.h:33] hdfsOpenFile() file=hdfs://localhost:20500/test-warehouse/alltypes_parquet/year=2009/month=9/4a4bdc025cd5afb4-a47df1b500000004_1461430205_data.0.parq fid=0xe92a0d0
I0212 12:13:35.950546  6013 disk-io-mgr.cc:811] Disk (id=0) reading for 
  RequestContext: 0xf1911e0 (state=Active status_=OK #ready_buffers=2 #used_buffers=9 #num_buffers_in_reader=0 #finished_scan_ranges=1 #disk_with_ranges=3 #disks=3
   0: is_on_queue=0 done=0 #num_remaining_scan_ranges=18 #in_flight_ranges=2 #unstarted_scan_ranges=8 #unstarted_write_ranges=0 #reading_threads=8
   1: is_on_queue=0 done=0 #num_remaining_scan_ranges=6 #in_flight_ranges=0 #unstarted_scan_ranges=5 #unstarted_write_ranges=0 #reading_threads=0
   2: is_on_queue=0 done=0 #num_remaining_scan_ranges=8 #in_flight_ranges=0 #unstarted_scan_ranges=7 #unstarted_write_ranges=0 #reading_threads=0
   3: is_on_queue=0 done=1 #num_remaining_scan_ranges=0 #in_flight_ranges=0 #unstarted_scan_ranges=0 #unstarted_write_ranges=0 #reading_threads=0
   4: is_on_queue=0 done=1 #num_remaining_scan_ranges=0 #in_flight_ranges=0 #unstarted_scan_ranges=0 #unstarted_write_ranges=0 #reading_threads=0
   5: is_on_queue=0 done=1 #num_remaining_scan_ranges=0 #in_flight_ranges=0 #unstarted_scan_ranges=0 #unstarted_write_ranges=0 #reading_threads=0)
I0212 12:13:35.950599  6011 handle-cache.inline.h:38] hdfsCloseFile() fid=0xe92a0d0
I0212 12:13:35.950764  6011 disk-io-mgr.cc:811] Disk (id=0) reading for 
  RequestContext: 0xf1911e0 (state=Active status_=OK #ready_buffers=3 #used_buffers=10 #num_buffers_in_reader=0 #finished_scan_ranges=1 #disk_with_ranges=3 #disks=3
   0: is_on_queue=0 done=0 #num_remaining_scan_ranges=17 #in_flight_ranges=1 #unstarted_scan_ranges=8 #unstarted_write_ranges=0 #reading_threads=8
   1: is_on_queue=0 done=0 #num_remaining_scan_ranges=6 #in_flight_ranges=0 #unstarted_scan_ranges=5 #unstarted_write_ranges=0 #reading_threads=0
   2: is_on_queue=0 done=0 #num_remaining_scan_ranges=8 #in_flight_ranges=0 #unstarted_scan_ranges=7 #unstarted_write_ranges=0 #reading_threads=0
   3: is_on_queue=0 done=1 #num_remaining_scan_ranges=0 #in_flight_ranges=0 #unstarted_scan_ranges=0 #unstarted_write_ranges=0 #reading_threads=0
   4: is_on_queue=0 done=1 #num_remaining_scan_ranges=0 #in_flight_ranges=0 #unstarted_scan_ranges=0 #unstarted_write_ranges=0 #reading_threads=0
   5: is_on_queue=0 done=1 #num_remaining_scan_ranges=0 #in_flight_ranges=0 #unstarted_scan_ranges=0 #unstarted_write_ranges=0 #reading_threads=0)
I0212 12:13:35.951292  6007 handle-cache.inline.h:33] hdfsOpenFile() file=hdfs://localhost:20500/test-warehouse/alltypes_parquet/year=2009/month=9/4a4bdc025cd5afb4-a47df1b500000004_1461430205_data.0.parq fid=0x96a1f30
I0212 12:13:35.951344  6007 handle-cache.inline.h:38] hdfsCloseFile() fid=0x96a1f30
I0212 12:13:35.951372  6007 disk-io-mgr.cc:811] Disk (id=0) reading for 
  RequestContext: 0xf1911e0 (state=Active status_=OK #ready_buffers=4 #used_buffers=11 #num_buffers_in_reader=0 #finished_scan_ranges=1 #disk_with_ranges=3 #disks=3
   0: is_on_queue=0 done=0 #num_remaining_scan_ranges=16 #in_flight_ranges=0 #unstarted_scan_ranges=8 #unstarted_write_ranges=0 #reading_threads=8
   1: is_on_queue=0 done=0 #num_remaining_scan_ranges=6 #in_flight_ranges=0 #unstarted_scan_ranges=5 #unstarted_write_ranges=0 #reading_threads=0
   2: is_on_queue=0 done=0 #num_remaining_scan_ranges=8 #in_flight_ranges=0 #unstarted_scan_ranges=7 #unstarted_write_ranges=0 #reading_threads=0
   3: is_on_queue=0 done=1 #num_remaining_scan_ranges=0 #in_flight_ranges=0 #unstarted_scan_ranges=0 #unstarted_write_ranges=0 #reading_threads=0
   4: is_on_queue=0 done=1 #num_remaining_scan_ranges=0 #in_flight_ranges=0 #unstarted_scan_ranges=0 #unstarted_write_ranges=0 #reading_threads=0
   5: is_on_queue=0 done=1 #num_remaining_scan_ranges=0 #in_flight_ranges=0 #unstarted_scan_ranges=0 #unstarted_write_ranges=0 #reading_threads=0)
I0212 12:13:35.951300  6013 handle-cache.inline.h:33] hdfsOpenFile() file=hdfs://localhost:20500/test-warehouse/alltypes_parquet/year=2009/month=9/4a4bdc025cd5afb4-a47df1b500000004_1461430205_data.0.parq fid=0x96a1f80
I0212 12:13:35.951483  6270 parquet-column-readers.cc:1020] Decompressed 1205 to 1200
I0212 12:13:35.951500  6013 handle-cache.inline.h:38] hdfsCloseFile() fid=0x96a1f80
I0212 12:13:35.951609  6270 parquet-column-readers.cc:1020] Decompressed 42 to 40
I0212 12:13:35.951640  6270 parquet-column-readers.cc:1020] Decompressed 42 to 40
I0212 12:13:35.951910  6008 handle-cache.inline.h:33] hdfsOpenFile() file=hdfs://localhost:20500/test-warehouse/alltypes_parquet/year=2009/month=9/4a4bdc025cd5afb4-a47df1b500000004_1461430205_data.0.parq fid=0x96a1ee0
I0212 12:13:35.951962  6008 handle-cache.inline.h:38] hdfsCloseFile() fid=0x96a1ee0
I0212 12:13:35.952042  6012 handle-cache.inline.h:33] hdfsOpenFile() file=hdfs://localhost:20500/test-warehouse/alltypes_parquet/year=2009/month=9/4a4bdc025cd5afb4-a47df1b500000004_1461430205_data.0.parq fid=0xe92a620
I0212 12:13:35.952091  6012 handle-cache.inline.h:38] hdfsCloseFile() fid=0xe92a620
I0212 12:13:35.952121  6009 handle-cache.inline.h:33] hdfsOpenFile() file=hdfs://localhost:20500/test-warehouse/alltypes_parquet/year=2009/month=9/4a4bdc025cd5afb4-a47df1b500000004_1461430205_data.0.parq fid=0x96a1f10
I0212 12:13:35.952169  6009 handle-cache.inline.h:38] hdfsCloseFile() fid=0x96a1f10
I0212 12:13:35.952208  6270 parquet-column-readers.cc:1020] Decompressed 42 to 40
I0212 12:13:35.952221  6270 parquet-column-readers.cc:1020] Decompressed 50 to 80
I0212 12:13:35.952234  6270 parquet-column-readers.cc:1020] Decompressed 42 to 40
I0212 12:13:35.952301  6011 handle-cache.inline.h:33] hdfsOpenFile() file=hdfs://localhost:20500/test-warehouse/alltypes_parquet/year=2009/month=9/4a4bdc025cd5afb4-a47df1b500000004_1461430205_data.0.parq fid=0xe92a0d0
I0212 12:13:35.952343  6011 handle-cache.inline.h:38] hdfsCloseFile() fid=0xe92a0d0
I0212 12:13:35.952677  6006 handle-cache.inline.h:33] hdfsOpenFile() file=hdfs://localhost:20500/test-warehouse/alltypes_parquet/year=2009/month=9/4a4bdc025cd5afb4-a47df1b500000004_1461430205_data.0.parq fid=0x96a15c0
I0212 12:13:35.952719  6006 handle-cache.inline.h:38] hdfsCloseFile() fid=0x96a15c0
I0212 12:13:35.953042  6010 handle-cache.inline.h:33] hdfsOpenFile() file=hdfs://localhost:20500/test-warehouse/alltypes_parquet/year=2009/month=9/4a4bdc025cd5afb4-a47df1b500000004_1461430205_data.0.parq fid=0xe92ad10
I0212 12:13:35.953084  6010 handle-cache.inline.h:38] hdfsCloseFile() fid=0xe92ad10
I0212 12:13:35.953121  6270 parquet-column-readers.cc:1020] Decompressed 66 to 80
I0212 12:13:35.953141  6270 parquet-column-readers.cc:1020] Decompressed 131 to 360
I0212 12:13:35.953156  6270 parquet-column-readers.cc:1020] Decompressed 46 to 50
I0212 12:13:35.953167  6270 parquet-column-readers.cc:1020] Decompressed 2382 to 3600
I0212 12:13:35.953230  6270 parquet-column-readers.cc:1129] Decompressed 42 to 45
I0212 12:13:35.953281  6270 parquet-column-readers.cc:1129] Decompressed 356 to 351
I0212 12:13:35.953344  6270 parquet-column-readers.cc:1129] Decompressed 95 to 161
I0212 12:13:35.953375  6270 parquet-column-readers.cc:1129] Decompressed 95 to 161
I0212 12:13:35.953402  6270 parquet-column-readers.cc:1129] Decompressed 95 to 161
I0212 12:13:35.953426  6270 parquet-column-readers.cc:1129] Decompressed 95 to 161
I0212 12:13:35.953466  6270 parquet-column-readers.cc:1129] Decompressed 95 to 161
I0212 12:13:35.953500  6270 parquet-column-readers.cc:1129] Decompressed 95 to 161
I0212 12:13:35.953526  6270 parquet-column-readers.cc:1129] Decompressed 163 to 159
I0212 12:13:35.953555  6270 parquet-column-readers.cc:1129] Decompressed 95 to 161
I0212 12:13:35.953578  6270 parquet-column-readers.cc:1129] Decompressed 356 to 351
I0212 12:13:35.953639  6267 row-batch.cc:506] FragmentInstanceState::ExecInternal(): #rows=300
I0212 12:13:35.953670  6267 row-batch.cc:508] [(2613 false 3 3 3 30 3.299999952316284 30.3 09/19/09 3 2009-09-19 03:03:08.130000000 2009 9)]
I0212 12:13:35.953670  6270 progress-updater.cc:65] Splits complete (node=24): 4% Complete (1 out of 24)
I0212 12:13:35.953685  6267 row-batch.cc:508] [(2614 true 4 4 4 40 4.400000095367432 40.4 09/19/09 4 2009-09-19 03:04:08.160000000 2009 9)]
I0212 12:13:35.953698  6267 row-batch.cc:508] [(2615 false 5 5 5 50 5.5 50.5 09/19/09 5 2009-09-19 03:05:08.200000000 2009 9)]
I0212 12:13:35.953712  6267 row-batch.cc:508] [(2616 true 6 6 6 60 6.599999904632568 60.59999999999999 09/19/09 6 2009-09-19 03:06:08.250000000 2009 9)]
I0212 12:13:35.953724  6267 row-batch.cc:508] [(2617 false 7 7 7 70 7.699999809265137 70.7 09/19/09 7 2009-09-19 03:07:08.310000000 2009 9)]
I0212 12:13:35.953735  6015 disk-io-mgr.cc:811] Disk (id=2) reading for 
  RequestContext: 0xf1911e0 (state=Active status_=OK #ready_buffers=0 #used_buffers=0 #num_buffers_in_reader=0 #finished_scan_ranges=12 #disk_with_ranges=3 #disks=3
   0: is_on_queue=0 done=0 #num_remaining_scan_ranges=9 #in_flight_ranges=0 #unstarted_scan_ranges=8 #unstarted_write_ranges=0 #reading_threads=0
   1: is_on_queue=0 done=0 #num_remaining_scan_ranges=6 #in_flight_ranges=0 #unstarted_scan_ranges=5 #unstarted_write_ranges=0 #reading_threads=0
   2: is_on_queue=0 done=0 #num_remaining_scan_ranges=8 #in_flight_ranges=1 #unstarted_scan_ranges=7 #unstarted_write_ranges=0 #reading_threads=1
   3: is_on_queue=0 done=1 #num_remaining_scan_ranges=0 #in_flight_ranges=0 #unstarted_scan_ranges=0 #unstarted_write_ranges=0 #reading_threads=0
   4: is_on_queue=0 done=1 #num_remaining_scan_ranges=0 #in_flight_ranges=0 #unstarted_scan_ranges=0 #unstarted_write_ranges=0 #reading_threads=0
   5: is_on_queue=0 done=1 #num_remaining_scan_ranges=0 #in_flight_ranges=0 #unstarted_scan_ranges=0 #unstarted_write_ranges=0 #reading_threads=0)
I0212 12:13:35.953739  6267 row-batch.cc:508] [(2618 true 8 8 8 80 8.800000190734863 80.8 09/19/09 8 2009-09-19 03:08:08.380000000 2009 9)]
I0212 12:13:35.953766  6267 row-batch.cc:508] [(2619 false 9 9 9 90 9.899999618530273 90.89999999999999 09/19/09 9 2009-09-19 03:09:08.460000000 2009 9)]
I0212 12:13:35.953778  6267 row-batch.cc:508] [(2620 true 0 0 0 0 0 0 09/20/09 0 2009-09-20 03:10:08.550000000 2009 9)]
I0212 12:13:35.953791  6267 row-batch.cc:508] [(2621 false 1 1 1 10 1.100000023841858 10.1 09/20/09 1 2009-09-20 03:11:08.550000000 2009 9)]
I0212 12:13:35.953804  6267 row-batch.cc:508] [(2622 true 2 2 2 20 2.200000047683716 20.2 09/20/09 2 2009-09-20 03:12:08.560000000 2009 9)]
I0212 12:13:35.953817  6267 row-batch.cc:508] [(2623 false 3 3 3 30 3.299999952316284 30.3 09/20/09 3 2009-09-20 03:13:08.580000000 2009 9)]
I0212 12:13:35.953830  6267 row-batch.cc:508] [(2612 true 2 2 2 20 2.200000047683716 20.2 09/19/09 2 2009-09-19 03:02:08.110000000 2009 9)]
I0212 12:13:35.953842  6267 row-batch.cc:508] [(2656 true 6 6 6 60 6.599999904632568 60.59999999999999 09/23/09 6 2009-09-23 03:46:10.500000000 2009 9)]
I0212 12:13:35.953855  6267 row-batch.cc:508] [(2657 false 7 7 7 70 7.699999809265137 70.7 09/23/09 7 2009-09-23 03:47:10.110000000 2009 9)]
I0212 12:13:35.953867  6267 row-batch.cc:508] [(2658 true 8 8 8 80 8.800000190734863 80.8 09/23/09 8 2009-09-23 03:48:10.180000000 2009 9)]
I0212 12:13:35.953881  6267 row-batch.cc:508] [(2659 false 9 9 9 90 9.899999618530273 90.89999999999999 09/23/09 9 2009-09-23 03:49:10.260000000 2009 9)]
I0212 12:13:35.953894  6267 row-batch.cc:508] [(2660 true 0 0 0 0 0 0 09/24/09 0 2009-09-24 03:50:10.350000000 2009 9)]
I0212 12:13:35.953907  6267 row-batch.cc:508] [(2661 false 1 1 1 10 1.100000023841858 10.1 09/24/09 1 2009-09-24 03:51:10.350000000 2009 9)]
I0212 12:13:35.953919  6267 row-batch.cc:508] [(2662 true 2 2 2 20 2.200000047683716 20.2 09/24/09 2 2009-09-24 03:52:10.360000000 2009 9)]
I0212 12:13:35.953933  6267 row-batch.cc:508] [(2663 false 3 3 3 30 3.299999952316284 30.3 09/24/09 3 2009-09-24 03:53:10.380000000 2009 9)]
I0212 12:13:35.953945  6267 row-batch.cc:508] [(2664 true 4 4 4 40 4.400000095367432 40.4 09/24/09 4 2009-09-24 03:54:10.410000000 2009 9)]
I0212 12:13:35.953958  6267 row-batch.cc:508] [(2665 false 5 5 5 50 5.5 50.5 09/24/09 5 2009-09-24 03:55:10.450000000 2009 9)]
I0212 12:13:35.953969  6267 row-batch.cc:508] [(2655 false 5 5 5 50 5.5 50.5 09/23/09 5 2009-09-23 03:45:10 2009 9)]
I0212 12:13:35.953982  6267 row-batch.cc:508] [(2654 true 4 4 4 40 4.400000095367432 40.4 09/23/09 4 2009-09-23 03:44:09.960000000 2009 9)]
I0212 12:13:35.953995  6267 row-batch.cc:508] [(2653 false 3 3 3 30 3.299999952316284 30.3 09/23/09 3 2009-09-23 03:43:09.930000000 2009 9)]
I0212 12:13:35.954008  6267 row-batch.cc:508] [(2652 true 2 2 2 20 2.200000047683716 20.2 09/23/09 2 2009-09-23 03:42:09.910000000 2009 9)]
I0212 12:13:35.954021  6267 row-batch.cc:508] [(2651 false 1 1 1 10 1.100000023841858 10.1 09/23/09 1 2009-09-23 03:41:09.900000000 2009 9)]
I0212 12:13:35.954033  6267 row-batch.cc:508] [(2650 true 0 0 0 0 0 0 09/23/09 0 2009-09-23 03:40:09.900000000 2009 9)]
I0212 12:13:35.954047  6267 row-batch.cc:508] [(2649 false 9 9 9 90 9.899999618530273 90.89999999999999 09/22/09 9 2009-09-22 03:39:09.810000000 2009 9)]
I0212 12:13:35.954061  6267 row-batch.cc:508] [(2648 true 8 8 8 80 8.800000190734863 80.8 09/22/09 8 2009-09-22 03:38:09.730000000 2009 9)]
I0212 12:13:35.954082  6267 row-batch.cc:508] [(2647 false 7 7 7 70 7.699999809265137 70.7 09/22/09 7 2009-09-22 03:37:09.660000000 2009 9)]
I0212 12:13:35.954097  6267 row-batch.cc:508] [(2646 true 6 6 6 60 6.599999904632568 60.59999999999999 09/22/09 6 2009-09-22 03:36:09.600000000 2009 9)]
I0212 12:13:35.954108  6267 row-batch.cc:508] [(2645 false 5 5 5 50 5.5 50.5 09/22/09 5 2009-09-22 03:35:09.550000000 2009 9)]
I0212 12:13:35.954121  6267 row-batch.cc:508] [(2644 true 4 4 4 40 4.400000095367432 40.4 09/22/09 4 2009-09-22 03:34:09.510000000 2009 9)]
I0212 12:13:35.954138  6267 row-batch.cc:508] [(2643 false 3 3 3 30 3.299999952316284 30.3 09/22/09 3 2009-09-22 03:33:09.480000000 2009 9)]
I0212 12:13:35.954150  6267 row-batch.cc:508] [(2642 true 2 2 2 20 2.200000047683716 20.2 09/22/09 2 2009-09-22 03:32:09.460000000 2009 9)]
I0212 12:13:35.954164  6267 row-batch.cc:508] [(2641 false 1 1 1 10 1.100000023841858 10.1 09/22/09 1 2009-09-22 03:31:09.450000000 2009 9)]
I0212 12:13:35.954176  6267 row-batch.cc:508] [(2640 true 0 0 0 0 0 0 09/22/09 0 2009-09-22 03:30:09.450000000 2009 9)]
I0212 12:13:35.954190  6267 row-batch.cc:508] [(2639 false 9 9 9 90 9.899999618530273 90.89999999999999 09/21/09 9 2009-09-21 03:29:09.360000000 2009 9)]
I0212 12:13:35.954201  6267 row-batch.cc:508] [(2638 true 8 8 8 80 8.800000190734863 80.8 09/21/09 8 2009-09-21 03:28:09.280000000 2009 9)]
I0212 12:13:35.954215  6267 row-batch.cc:508] [(2637 false 7 7 7 70 7.699999809265137 70.7 09/21/09 7 2009-09-21 03:27:09.210000000 2009 9)]
I0212 12:13:35.954227  6267 row-batch.cc:508] [(2636 true 6 6 6 60 6.599999904632568 60.59999999999999 09/21/09 6 2009-09-21 03:26:09.150000000 2009 9)]
I0212 12:13:35.954239  6267 row-batch.cc:508] [(2635 false 5 5 5 50 5.5 50.5 09/21/09 5 2009-09-21 03:25:09.100000000 2009 9)]
I0212 12:13:35.954252  6267 row-batch.cc:508] [(2634 true 4 4 4 40 4.400000095367432 40.4 09/21/09 4 2009-09-21 03:24:09.600000000 2009 9)]
I0212 12:13:35.954265  6267 row-batch.cc:508] [(2633 false 3 3 3 30 3.299999952316284 30.3 09/21/09 3 2009-09-21 03:23:09.300000000 2009 9)]
I0212 12:13:35.954278  6267 row-batch.cc:508] [(2632 true 2 2 2 20 2.200000047683716 20.2 09/21/09 2 2009-09-21 03:22:09.100000000 2009 9)]
I0212 12:13:35.954291  6267 row-batch.cc:508] [(2631 false 1 1 1 10 1.100000023841858 10.1 09/21/09 1 2009-09-21 03:21:09 2009 9)]
I0212 12:13:35.954303  6267 row-batch.cc:508] [(2630 true 0 0 0 0 0 0 09/21/09 0 2009-09-21 03:20:09 2009 9)]
I0212 12:13:35.954316  6267 row-batch.cc:508] [(2629 false 9 9 9 90 9.899999618530273 90.89999999999999 09/20/09 9 2009-09-20 03:19:08.910000000 2009 9)]
I0212 12:13:35.954329  6267 row-batch.cc:508] [(2628 true 8 8 8 80 8.800000190734863 80.8 09/20/09 8 2009-09-20 03:18:08.830000000 2009 9)]
I0212 12:13:35.954342  6267 row-batch.cc:508] [(2627 false 7 7 7 70 7.699999809265137 70.7 09/20/09 7 2009-09-20 03:17:08.760000000 2009 9)]
I0212 12:13:35.954355  6267 row-batch.cc:508] [(2626 true 6 6 6 60 6.599999904632568 60.59999999999999 09/20/09 6 2009-09-20 03:16:08.700000000 2009 9)]
I0212 12:13:35.954367  6267 row-batch.cc:508] [(2625 false 5 5 5 50 5.5 50.5 09/20/09 5 2009-09-20 03:15:08.650000000 2009 9)]
I0212 12:13:35.954380  6267 row-batch.cc:508] [(2624 true 4 4 4 40 4.400000095367432 40.4 09/20/09 4 2009-09-20 03:14:08.610000000 2009 9)]
I0212 12:13:35.954392  6267 row-batch.cc:508] [(2698 true 8 8 8 80 8.800000190734863 80.8 09/27/09 8 2009-09-27 04:28:11.980000000 2009 9)]
I0212 12:13:35.954406  6267 row-batch.cc:508] [(2699 false 9 9 9 90 9.899999618530273 90.89999999999999 09/27/09 9 2009-09-27 04:29:12.600000000 2009 9)]
I0212 12:13:35.954418  6267 row-batch.cc:508] [(2700 true 0 0 0 0 0 0 09/28/09 0 2009-09-28 04:30:12.150000000 2009 9)]
I0212 12:13:35.954430  6267 row-batch.cc:508] [(2701 false 1 1 1 10 1.100000023841858 10.1 09/28/09 1 2009-09-28 04:31:12.150000000 2009 9)]
I0212 12:13:35.954443  6267 row-batch.cc:508] [(2702 true 2 2 2 20 2.200000047683716 20.2 09/28/09 2 2009-09-28 04:32:12.160000000 2009 9)]
I0212 12:13:35.954457  6267 row-batch.cc:508] [(2703 false 3 3 3 30 3.299999952316284 30.3 09/28/09 3 2009-09-28 04:33:12.180000000 2009 9)]
I0212 12:13:35.954474  6267 row-batch.cc:508] [(2704 true 4 4 4 40 4.400000095367432 40.4 09/28/09 4 2009-09-28 04:34:12.210000000 2009 9)]
I0212 12:13:35.954488  6267 row-batch.cc:508] [(2705 false 5 5 5 50 5.5 50.5 09/28/09 5 2009-09-28 04:35:12.250000000 2009 9)]
I0212 12:13:35.954500  6267 row-batch.cc:508] [(2706 true 6 6 6 60 6.599999904632568 60.59999999999999 09/28/09 6 2009-09-28 04:36:12.300000000 2009 9)]
I0212 12:13:35.954514  6267 row-batch.cc:508] [(2707 false 7 7 7 70 7.699999809265137 70.7 09/28/09 7 2009-09-28 04:37:12.360000000 2009 9)]
I0212 12:13:35.954526  6267 row-batch.cc:508] [(2708 true 8 8 8 80 8.800000190734863 80.8 09/28/09 8 2009-09-28 04:38:12.430000000 2009 9)]
I0212 12:13:35.954540  6267 row-batch.cc:508] [(2709 false 9 9 9 90 9.899999618530273 90.89999999999999 09/28/09 9 2009-09-28 04:39:12.510000000 2009 9)]
I0212 12:13:35.954552  6267 row-batch.cc:508] [(2710 true 0 0 0 0 0 0 09/29/09 0 2009-09-29 04:40:12.600000000 2009 9)]
I0212 12:13:35.954566  6267 row-batch.cc:508] [(2711 false 1 1 1 10 1.100000023841858 10.1 09/29/09 1 2009-09-29 04:41:12.600000000 2009 9)]
I0212 12:13:35.954578  6267 row-batch.cc:508] [(2712 true 2 2 2 20 2.200000047683716 20.2 09/29/09 2 2009-09-29 04:42:12.610000000 2009 9)]
I0212 12:13:35.954586  6015 handle-cache.inline.h:33] hdfsOpenFile() file=hdfs://localhost:20500/test-warehouse/alltypes_parquet/year=2010/month=11/4a4bdc025cd5afb4-a47df1b500000004_848281016_data.0.parq fid=0xe92a350
I0212 12:13:35.954591  6267 row-batch.cc:508] [(2713 false 3 3 3 30 3.299999952316284 30.3 09/29/09 3 2009-09-29 04:43:12.630000000 2009 9)]
I0212 12:13:35.954604  6267 row-batch.cc:508] [(2714 true 4 4 4 40 4.400000095367432 40.4 09/29/09 4 2009-09-29 04:44:12.660000000 2009 9)]
I0212 12:13:35.954617  6267 row-batch.cc:508] [(2715 false 5 5 5 50 5.5 50.5 09/29/09 5 2009-09-29 04:45:12.700000000 2009 9)]
I0212 12:13:35.954629  6267 row-batch.cc:508] [(2716 true 6 6 6 60 6.599999904632568 60.59999999999999 09/29/09 6 2009-09-29 04:46:12.750000000 2009 9)]
I0212 12:13:35.954643  6267 row-batch.cc:508] [(2717 false 7 7 7 70 7.699999809265137 70.7 09/29/09 7 2009-09-29 04:47:12.810000000 2009 9)]
I0212 12:13:35.954646  6015 handle-cache.inline.h:38] hdfsCloseFile() fid=0xe92a350
I0212 12:13:35.954655  6267 row-batch.cc:508] [(2718 true 8 8 8 80 8.800000190734863 80.8 09/29/09 8 2009-09-29 04:48:12.880000000 2009 9)]
I0212 12:13:35.954668  6267 row-batch.cc:508] [(2719 false 9 9 9 90 9.899999618530273 90.89999999999999 09/29/09 9 2009-09-29 04:49:12.960000000 2009 9)]
I0212 12:13:35.954680  6267 row-batch.cc:508] [(2720 true 0 0 0 0 0 0 09/30/09 0 2009-09-30 04:50:13.500000000 2009 9)]
I0212 12:13:35.954685  6015 disk-io-mgr.cc:811] Disk (id=2) reading for 
  RequestContext: 0xf1911e0 (state=Active status_=OK #ready_buffers=0 #used_buffers=0 #num_buffers_in_reader=1 #finished_scan_ranges=13 #disk_with_ranges=3 #disks=3
   0: is_on_queue=0 done=0 #num_remaining_scan_ranges=9 #in_flight_ranges=0 #unstarted_scan_ranges=8 #unstarted_write_ranges=0 #reading_threads=0
   1: is_on_queue=0 done=0 #num_remaining_scan_ranges=6 #in_flight_ranges=0 #unstarted_scan_ranges=5 #unstarted_write_ranges=0 #reading_threads=0
   2: is_on_queue=0 done=0 #num_remaining_scan_ranges=7 #in_flight_ranges=0 #unstarted_scan_ranges=6 #unstarted_write_ranges=0 #reading_threads=1
   3: is_on_queue=0 done=1 #num_remaining_scan_ranges=0 #in_flight_ranges=0 #unstarted_scan_ranges=0 #unstarted_write_ranges=0 #reading_threads=0
   4: is_on_queue=0 done=1 #num_remaining_scan_ranges=0 #in_flight_ranges=0 #unstarted_scan_ranges=0 #unstarted_write_ranges=0 #reading_threads=0
   5: is_on_queue=0 done=1 #num_remaining_scan_ranges=0 #in_flight_ranges=0 #unstarted_scan_ranges=0 #unstarted_write_ranges=0 #reading_threads=0)
I0212 12:13:35.954694  6267 row-batch.cc:508] [(2721 false 1 1 1 10 1.100000023841858 10.1 09/30/09 1 2009-09-30 04:51:13.500000000 2009 9)]
I0212 12:13:35.954707  6267 row-batch.cc:508] [(2722 true 2 2 2 20 2.200000047683716 20.2 09/30/09 2 2009-09-30 04:52:13.600000000 2009 9)]
I0212 12:13:35.954725  6267 row-batch.cc:508] [(2723 false 3 3 3 30 3.299999952316284 30.3 09/30/09 3 2009-09-30 04:53:13.800000000 2009 9)]
I0212 12:13:35.954737  6267 row-batch.cc:508] [(2724 true 4 4 4 40 4.400000095367432 40.4 09/30/09 4 2009-09-30 04:54:13.110000000 2009 9)]
I0212 12:13:35.954749  6267 row-batch.cc:508] [(2725 false 5 5 5 50 5.5 50.5 09/30/09 5 2009-09-30 04:55:13.150000000 2009 9)]
I0212 12:13:35.954762  6267 row-batch.cc:508] [(2726 true 6 6 6 60 6.599999904632568 60.59999999999999 09/30/09 6 2009-09-30 04:56:13.200000000 2009 9)]
I0212 12:13:35.954776  6267 row-batch.cc:508] [(2727 false 7 7 7 70 7.699999809265137 70.7 09/30/09 7 2009-09-30 04:57:13.260000000 2009 9)]
I0212 12:13:35.954790  6267 row-batch.cc:508] [(2728 true 8 8 8 80 8.800000190734863 80.8 09/30/09 8 2009-09-30 04:58:13.330000000 2009 9)]
I0212 12:13:35.954803  6267 row-batch.cc:508] [(2729 false 9 9 9 90 9.899999618530273 90.89999999999999 09/30/09 9 2009-09-30 04:59:13.410000000 2009 9)]
I0212 12:13:35.954815  6267 row-batch.cc:508] [(2666 true 6 6 6 60 6.599999904632568 60.59999999999999 09/24/09 6 2009-09-24 03:56:10.500000000 2009 9)]
I0212 12:13:35.954828  6267 row-batch.cc:508] [(2667 false 7 7 7 70 7.699999809265137 70.7 09/24/09 7 2009-09-24 03:57:10.560000000 2009 9)]
I0212 12:13:35.954841  6267 row-batch.cc:508] [(2668 true 8 8 8 80 8.800000190734863 80.8 09/24/09 8 2009-09-24 03:58:10.630000000 2009 9)]
I0212 12:13:35.954854  6267 row-batch.cc:508] [(2669 false 9 9 9 90 9.899999618530273 90.89999999999999 09/24/09 9 2009-09-24 03:59:10.710000000 2009 9)]
I0212 12:13:35.954866  6267 row-batch.cc:508] [(2670 true 0 0 0 0 0 0 09/25/09 0 2009-09-25 04:00:10.800000000 2009 9)]
I0212 12:13:35.954879  6267 row-batch.cc:508] [(2671 false 1 1 1 10 1.100000023841858 10.1 09/25/09 1 2009-09-25 04:01:10.800000000 2009 9)]
I0212 12:13:35.954891  6267 row-batch.cc:508] [(2672 true 2 2 2 20 2.200000047683716 20.2 09/25/09 2 2009-09-25 04:02:10.810000000 2009 9)]
I0212 12:13:35.954905  6267 row-batch.cc:508] [(2673 false 3 3 3 30 3.299999952316284 30.3 09/25/09 3 2009-09-25 04:03:10.830000000 2009 9)]
I0212 12:13:35.954917  6267 row-batch.cc:508] [(2674 true 4 4 4 40 4.400000095367432 40.4 09/25/09 4 2009-09-25 04:04:10.860000000 2009 9)]
I0212 12:13:35.954929  6267 row-batch.cc:508] [(2675 false 5 5 5 50 5.5 50.5 09/25/09 5 2009-09-25 04:05:10.900000000 2009 9)]
I0212 12:13:35.954936  6015 disk-io-mgr.cc:811] Disk (id=2) reading for 
  RequestContext: 0xf1911e0 (state=Active status_=OK #ready_buffers=0 #used_buffers=0 #num_buffers_in_reader=0 #finished_scan_ranges=13 #disk_with_ranges=3 #disks=3
   0: is_on_queue=0 done=0 #num_remaining_scan_ranges=9 #in_flight_ranges=0 #unstarted_scan_ranges=8 #unstarted_write_ranges=0 #reading_threads=0
   1: is_on_queue=0 done=0 #num_remaining_scan_ranges=6 #in_flight_ranges=0 #unstarted_scan_ranges=5 #unstarted_write_ranges=0 #reading_threads=0
   2: is_on_queue=0 done=0 #num_remaining_scan_ranges=18 #in_flight_ranges=11 #unstarted_scan_ranges=6 #unstarted_write_ranges=0 #reading_threads=1
   3: is_on_queue=0 done=1 #num_remaining_scan_ranges=0 #in_flight_ranges=0 #unstarted_scan_ranges=0 #unstarted_write_ranges=0 #reading_threads=0
   4: is_on_queue=0 done=1 #num_remaining_scan_ranges=0 #in_flight_ranges=0 #unstarted_scan_ranges=0 #unstarted_write_ranges=0 #reading_threads=0
   5: is_on_queue=0 done=1 #num_remaining_scan_ranges=0 #in_flight_ranges=0 #unstarted_scan_ranges=0 #unstarted_write_ranges=0 #reading_threads=0)
I0212 12:13:35.954943  6267 row-batch.cc:508] [(2676 true 6 6 6 60 6.599999904632568 60.59999999999999 09/25/09 6 2009-09-25 04:06:10.950000000 2009 9)]
I0212 12:13:35.954957  6267 row-batch.cc:508] [(2677 false 7 7 7 70 7.699999809265137 70.7 09/25/09 7 2009-09-25 04:07:11.100000000 2009 9)]
I0212 12:13:35.954969  6267 row-batch.cc:508] [(2678 true 8 8 8 80 8.800000190734863 80.8 09/25/09 8 2009-09-25 04:08:11.800000000 2009 9)]
I0212 12:13:35.954982  6267 row-batch.cc:508] [(2679 false 9 9 9 90 9.899999618530273 90.89999999999999 09/25/09 9 2009-09-25 04:09:11.160000000 2009 9)]
I0212 12:13:35.954998  6267 row-batch.cc:508] [(2680 true 0 0 0 0 0 0 09/26/09 0 2009-09-26 04:10:11.250000000 2009 9)]
I0212 12:13:35.955011  6267 row-batch.cc:508] [(2681 false 1 1 1 10 1.100000023841858 10.1 09/26/09 1 2009-09-26 04:11:11.250000000 2009 9)]
I0212 12:13:35.955025  6267 row-batch.cc:508] [(2682 true 2 2 2 20 2.200000047683716 20.2 09/26/09 2 2009-09-26 04:12:11.260000000 2009 9)]
I0212 12:13:35.955039  6267 row-batch.cc:508] [(2683 false 3 3 3 30 3.299999952316284 30.3 09/26/09 3 2009-09-26 04:13:11.280000000 2009 9)]
I0212 12:13:35.955050  6267 row-batch.cc:508] [(2684 true 4 4 4 40 4.400000095367432 40.4 09/26/09 4 2009-09-26 04:14:11.310000000 2009 9)]
I0212 12:13:35.955062  6267 row-batch.cc:508] [(2685 false 5 5 5 50 5.5 50.5 09/26/09 5 2009-09-26 04:15:11.350000000 2009 9)]
I0212 12:13:35.955075  6267 row-batch.cc:508] [(2686 true 6 6 6 60 6.599999904632568 60.59999999999999 09/26/09 6 2009-09-26 04:16:11.400000000 2009 9)]
I0212 12:13:35.955088  6267 row-batch.cc:508] [(2687 false 7 7 7 70 7.699999809265137 70.7 09/26/09 7 2009-09-26 04:17:11.460000000 2009 9)]
I0212 12:13:35.955101  6267 row-batch.cc:508] [(2688 true 8 8 8 80 8.800000190734863 80.8 09/26/09 8 2009-09-26 04:18:11.530000000 2009 9)]
I0212 12:13:35.955114  6267 row-batch.cc:508] [(2689 false 9 9 9 90 9.899999618530273 90.89999999999999 09/26/09 9 2009-09-26 04:19:11.610000000 2009 9)]
I0212 12:13:35.955127  6267 row-batch.cc:508] [(2690 true 0 0 0 0 0 0 09/27/09 0 2009-09-27 04:20:11.700000000 2009 9)]
I0212 12:13:35.955140  6267 row-batch.cc:508] [(2691 false 1 1 1 10 1.100000023841858 10.1 09/27/09 1 2009-09-27 04:21:11.700000000 2009 9)]
I0212 12:13:35.955153  6267 row-batch.cc:508] [(2692 true 2 2 2 20 2.200000047683716 20.2 09/27/09 2 2009-09-27 04:22:11.710000000 2009 9)]
I0212 12:13:35.955166  6267 row-batch.cc:508] [(2693 false 3 3 3 30 3.299999952316284 30.3 09/27/09 3 2009-09-27 04:23:11.730000000 2009 9)]
I0212 12:13:35.955180  6267 row-batch.cc:508] [(2694 true 4 4 4 40 4.400000095367432 40.4 09/27/09 4 2009-09-27 04:24:11.760000000 2009 9)]
I0212 12:13:35.955193  6267 row-batch.cc:508] [(2695 false 5 5 5 50 5.5 50.5 09/27/09 5 2009-09-27 04:25:11.800000000 2009 9)]
I0212 12:13:35.955205  6267 row-batch.cc:508] [(2696 true 6 6 6 60 6.599999904632568 60.59999999999999 09/27/09 6 2009-09-27 04:26:11.850000000 2009 9)]
I0212 12:13:35.955219  6267 row-batch.cc:508] [(2697 false 7 7 7 70 7.699999809265137 70.7 09/27/09 7 2009-09-27 04:27:11.910000000 2009 9)]
I0212 12:13:35.955231  6267 row-batch.cc:508] [(2497 false 7 7 7 70 7.699999809265137 70.7 09/07/09 7 2009-09-07 01:07:02.910000000 2009 9)]
I0212 12:13:35.955246  6267 row-batch.cc:508] [(2496 true 6 6 6 60 6.599999904632568 60.59999999999999 09/07/09 6 2009-09-07 01:06:02.850000000 2009 9)]
I0212 12:13:35.955260  6267 row-batch.cc:508] [(2495 false 5 5 5 50 5.5 50.5 09/07/09 5 2009-09-07 01:05:02.800000000 2009 9)]
I0212 12:13:35.955272  6267 row-batch.cc:508] [(2494 true 4 4 4 40 4.400000095367432 40.4 09/07/09 4 2009-09-07 01:04:02.760000000 2009 9)]
I0212 12:13:35.955286  6267 row-batch.cc:508] [(2493 false 3 3 3 30 3.299999952316284 30.3 09/07/09 3 2009-09-07 01:03:02.730000000 2009 9)]
I0212 12:13:35.955298  6267 row-batch.cc:508] [(2492 true 2 2 2 20 2.200000047683716 20.2 09/07/09 2 2009-09-07 01:02:02.710000000 2009 9)]
I0212 12:13:35.955312  6267 row-batch.cc:508] [(2491 false 1 1 1 10 1.100000023841858 10.1 09/07/09 1 2009-09-07 01:01:02.700000000 2009 9)]
I0212 12:13:35.955324  6267 row-batch.cc:508] [(2490 true 0 0 0 0 0 0 09/07/09 0 2009-09-07 01:00:02.700000000 2009 9)]
