   5: is_on_queue=0 done=1 #num_remaining_scan_ranges=0 #in_flight_ranges=0 #unstarted_scan_ranges=0 #unstarted_write_ranges=0 #reading_threads=0)
I0212 12:13:32.250453  6007 handle-cache.inline.h:33] hdfsOpenFile() file=hdfs://localhost:20500/test-warehouse/alltypes_parquet/year=2009/month=7/4a4bdc025cd5afb4-a47df1b500000003_1050606402_data.0.parq fid=0xe92a420
I0212 12:13:32.250555  6007 handle-cache.inline.h:38] hdfsCloseFile() fid=0xe92a420
I0212 12:13:32.250730  6014 handle-cache.inline.h:33] hdfsOpenFile() file=hdfs://localhost:20500/test-warehouse/alltypes_parquet/year=2010/month=6/4a4bdc025cd5afb4-a47df1b500000005_907009086_data.0.parq fid=0xe1e9b40
I0212 12:13:32.250798  6014 handle-cache.inline.h:38] hdfsCloseFile() fid=0xe1e9b40
I0212 12:13:32.250833  6014 disk-io-mgr.cc:811] Disk (id=1) reading for 
  RequestContext: 0xe65ba00 (state=Active status_=OK #ready_buffers=1 #used_buffers=2 #num_buffers_in_reader=1 #finished_scan_ranges=5 #disk_with_ranges=3 #disks=3
   0: is_on_queue=0 done=0 #num_remaining_scan_ranges=9 #in_flight_ranges=0 #unstarted_scan_ranges=8 #unstarted_write_ranges=0 #reading_threads=0
   1: is_on_queue=0 done=0 #num_remaining_scan_ranges=14 #in_flight_ranges=10 #unstarted_scan_ranges=3 #unstarted_write_ranges=0 #reading_threads=1
   2: is_on_queue=1 done=0 #num_remaining_scan_ranges=17 #in_flight_ranges=9 #unstarted_scan_ranges=6 #unstarted_write_ranges=0 #reading_threads=1
   3: is_on_queue=0 done=1 #num_remaining_scan_ranges=0 #in_flight_ranges=0 #unstarted_scan_ranges=0 #unstarted_write_ranges=0 #reading_threads=0
   4: is_on_queue=0 done=1 #num_remaining_scan_ranges=0 #in_flight_ranges=0 #unstarted_scan_ranges=0 #unstarted_write_ranges=0 #reading_threads=0
   5: is_on_queue=0 done=1 #num_remaining_scan_ranges=0 #in_flight_ranges=0 #unstarted_scan_ranges=0 #unstarted_write_ranges=0 #reading_threads=0)
I0212 12:13:32.250912  6008 disk-io-mgr.cc:811] Disk (id=0) reading for 
  RequestContext: 0xe65ba00 (state=Active status_=OK #ready_buffers=1 #used_buffers=3 #num_buffers_in_reader=1 #finished_scan_ranges=5 #disk_with_ranges=3 #disks=3
   0: is_on_queue=0 done=0 #num_remaining_scan_ranges=20 #in_flight_ranges=11 #unstarted_scan_ranges=8 #unstarted_write_ranges=0 #reading_threads=1
   1: is_on_queue=1 done=0 #num_remaining_scan_ranges=14 #in_flight_ranges=9 #unstarted_scan_ranges=3 #unstarted_write_ranges=0 #reading_threads=1
   2: is_on_queue=1 done=0 #num_remaining_scan_ranges=17 #in_flight_ranges=9 #unstarted_scan_ranges=6 #unstarted_write_ranges=0 #reading_threads=1
   3: is_on_queue=0 done=1 #num_remaining_scan_ranges=0 #in_flight_ranges=0 #unstarted_scan_ranges=0 #unstarted_write_ranges=0 #reading_threads=0
   4: is_on_queue=0 done=1 #num_remaining_scan_ranges=0 #in_flight_ranges=0 #unstarted_scan_ranges=0 #unstarted_write_ranges=0 #reading_threads=0
   5: is_on_queue=0 done=1 #num_remaining_scan_ranges=0 #in_flight_ranges=0 #unstarted_scan_ranges=0 #unstarted_write_ranges=0 #reading_threads=0)
I0212 12:13:32.251026  6009 disk-io-mgr.cc:811] Disk (id=0) reading for 
  RequestContext: 0xe65ba00 (state=Active status_=OK #ready_buffers=1 #used_buffers=4 #num_buffers_in_reader=1 #finished_scan_ranges=5 #disk_with_ranges=3 #disks=3
   0: is_on_queue=0 done=0 #num_remaining_scan_ranges=20 #in_flight_ranges=10 #unstarted_scan_ranges=8 #unstarted_write_ranges=0 #reading_threads=2
   1: is_on_queue=1 done=0 #num_remaining_scan_ranges=14 #in_flight_ranges=9 #unstarted_scan_ranges=3 #unstarted_write_ranges=0 #reading_threads=1
   2: is_on_queue=1 done=0 #num_remaining_scan_ranges=17 #in_flight_ranges=9 #unstarted_scan_ranges=6 #unstarted_write_ranges=0 #reading_threads=1
   3: is_on_queue=0 done=1 #num_remaining_scan_ranges=0 #in_flight_ranges=0 #unstarted_scan_ranges=0 #unstarted_write_ranges=0 #reading_threads=0
   4: is_on_queue=0 done=1 #num_remaining_scan_ranges=0 #in_flight_ranges=0 #unstarted_scan_ranges=0 #unstarted_write_ranges=0 #reading_threads=0
   5: is_on_queue=0 done=1 #num_remaining_scan_ranges=0 #in_flight_ranges=0 #unstarted_scan_ranges=0 #unstarted_write_ranges=0 #reading_threads=0)
I0212 12:13:32.251049  6006 disk-io-mgr.cc:811] Disk (id=0) reading for 
  RequestContext: 0xe65ba00 (state=Active status_=OK #ready_buffers=1 #used_buffers=5 #num_buffers_in_reader=1 #finished_scan_ranges=5 #disk_with_ranges=3 #disks=3
   0: is_on_queue=0 done=0 #num_remaining_scan_ranges=20 #in_flight_ranges=9 #unstarted_scan_ranges=8 #unstarted_write_ranges=0 #reading_threads=3
   1: is_on_queue=1 done=0 #num_remaining_scan_ranges=14 #in_flight_ranges=9 #unstarted_scan_ranges=3 #unstarted_write_ranges=0 #reading_threads=1
   2: is_on_queue=1 done=0 #num_remaining_scan_ranges=17 #in_flight_ranges=9 #unstarted_scan_ranges=6 #unstarted_write_ranges=0 #reading_threads=1
   3: is_on_queue=0 done=1 #num_remaining_scan_ranges=0 #in_flight_ranges=0 #unstarted_scan_ranges=0 #unstarted_write_ranges=0 #reading_threads=0
   4: is_on_queue=0 done=1 #num_remaining_scan_ranges=0 #in_flight_ranges=0 #unstarted_scan_ranges=0 #unstarted_write_ranges=0 #reading_threads=0
   5: is_on_queue=0 done=1 #num_remaining_scan_ranges=0 #in_flight_ranges=0 #unstarted_scan_ranges=0 #unstarted_write_ranges=0 #reading_threads=0)
I0212 12:13:32.251154  6183 parquet-column-readers.cc:1020] Decompressed 1205 to 1200
I0212 12:13:32.251371  6012 disk-io-mgr.cc:811] Disk (id=0) reading for 
  RequestContext: 0xe65ba00 (state=Active status_=OK #ready_buffers=0 #used_buffers=5 #num_buffers_in_reader=2 #finished_scan_ranges=6 #disk_with_ranges=3 #disks=3
   0: is_on_queue=0 done=0 #num_remaining_scan_ranges=20 #in_flight_ranges=8 #unstarted_scan_ranges=8 #unstarted_write_ranges=0 #reading_threads=4
   1: is_on_queue=1 done=0 #num_remaining_scan_ranges=25 #in_flight_ranges=20 #unstarted_scan_ranges=3 #unstarted_write_ranges=0 #reading_threads=1
   2: is_on_queue=1 done=0 #num_remaining_scan_ranges=17 #in_flight_ranges=9 #unstarted_scan_ranges=6 #unstarted_write_ranges=0 #reading_threads=1
   3: is_on_queue=0 done=1 #num_remaining_scan_ranges=0 #in_flight_ranges=0 #unstarted_scan_ranges=0 #unstarted_write_ranges=0 #reading_threads=0
   4: is_on_queue=0 done=1 #num_remaining_scan_ranges=0 #in_flight_ranges=0 #unstarted_scan_ranges=0 #unstarted_write_ranges=0 #reading_threads=0
   5: is_on_queue=0 done=1 #num_remaining_scan_ranges=0 #in_flight_ranges=0 #unstarted_scan_ranges=0 #unstarted_write_ranges=0 #reading_threads=0)
I0212 12:13:32.251456  6011 disk-io-mgr.cc:811] Disk (id=0) reading for 
  RequestContext: 0xe65ba00 (state=Active status_=OK #ready_buffers=0 #used_buffers=6 #num_buffers_in_reader=2 #finished_scan_ranges=6 #disk_with_ranges=3 #disks=3
   0: is_on_queue=0 done=0 #num_remaining_scan_ranges=20 #in_flight_ranges=7 #unstarted_scan_ranges=8 #unstarted_write_ranges=0 #reading_threads=5
   1: is_on_queue=1 done=0 #num_remaining_scan_ranges=25 #in_flight_ranges=20 #unstarted_scan_ranges=3 #unstarted_write_ranges=0 #reading_threads=1
   2: is_on_queue=1 done=0 #num_remaining_scan_ranges=17 #in_flight_ranges=9 #unstarted_scan_ranges=6 #unstarted_write_ranges=0 #reading_threads=1
   3: is_on_queue=0 done=1 #num_remaining_scan_ranges=0 #in_flight_ranges=0 #unstarted_scan_ranges=0 #unstarted_write_ranges=0 #reading_threads=0
   4: is_on_queue=0 done=1 #num_remaining_scan_ranges=0 #in_flight_ranges=0 #unstarted_scan_ranges=0 #unstarted_write_ranges=0 #reading_threads=0
   5: is_on_queue=0 done=1 #num_remaining_scan_ranges=0 #in_flight_ranges=0 #unstarted_scan_ranges=0 #unstarted_write_ranges=0 #reading_threads=0)
I0212 12:13:32.251474  6013 disk-io-mgr.cc:811] Disk (id=0) reading for 
  RequestContext: 0xe65ba00 (state=Active status_=OK #ready_buffers=0 #used_buffers=6 #num_buffers_in_reader=2 #finished_scan_ranges=6 #disk_with_ranges=3 #disks=3
   0: is_on_queue=0 done=0 #num_remaining_scan_ranges=20 #in_flight_ranges=6 #unstarted_scan_ranges=8 #unstarted_write_ranges=0 #reading_threads=6
   1: is_on_queue=1 done=0 #num_remaining_scan_ranges=25 #in_flight_ranges=20 #unstarted_scan_ranges=3 #unstarted_write_ranges=0 #reading_threads=1
   2: is_on_queue=1 done=0 #num_remaining_scan_ranges=17 #in_flight_ranges=9 #unstarted_scan_ranges=6 #unstarted_write_ranges=0 #reading_threads=1
   3: is_on_queue=0 done=1 #num_remaining_scan_ranges=0 #in_flight_ranges=0 #unstarted_scan_ranges=0 #unstarted_write_ranges=0 #reading_threads=0
   4: is_on_queue=0 done=1 #num_remaining_scan_ranges=0 #in_flight_ranges=0 #unstarted_scan_ranges=0 #unstarted_write_ranges=0 #reading_threads=0
   5: is_on_queue=0 done=1 #num_remaining_scan_ranges=0 #in_flight_ranges=0 #unstarted_scan_ranges=0 #unstarted_write_ranges=0 #reading_threads=0)
I0212 12:13:32.251726  6010 disk-io-mgr.cc:811] Disk (id=0) reading for 
  RequestContext: 0xe65ba00 (state=Active status_=OK #ready_buffers=0 #used_buffers=8 #num_buffers_in_reader=2 #finished_scan_ranges=6 #disk_with_ranges=3 #disks=3
   0: is_on_queue=0 done=0 #num_remaining_scan_ranges=20 #in_flight_ranges=5 #unstarted_scan_ranges=8 #unstarted_write_ranges=0 #reading_threads=7
   1: is_on_queue=1 done=0 #num_remaining_scan_ranges=25 #in_flight_ranges=20 #unstarted_scan_ranges=3 #unstarted_write_ranges=0 #reading_threads=1
   2: is_on_queue=1 done=0 #num_remaining_scan_ranges=17 #in_flight_ranges=9 #unstarted_scan_ranges=6 #unstarted_write_ranges=0 #reading_threads=1
   3: is_on_queue=0 done=1 #num_remaining_scan_ranges=0 #in_flight_ranges=0 #unstarted_scan_ranges=0 #unstarted_write_ranges=0 #reading_threads=0
   4: is_on_queue=0 done=1 #num_remaining_scan_ranges=0 #in_flight_ranges=0 #unstarted_scan_ranges=0 #unstarted_write_ranges=0 #reading_threads=0
   5: is_on_queue=0 done=1 #num_remaining_scan_ranges=0 #in_flight_ranges=0 #unstarted_scan_ranges=0 #unstarted_write_ranges=0 #reading_threads=0)
I0212 12:13:32.252676  6007 disk-io-mgr.cc:811] Disk (id=0) reading for 
  RequestContext: 0xe65ba00 (state=Active status_=OK #ready_buffers=0 #used_buffers=9 #num_buffers_in_reader=2 #finished_scan_ranges=6 #disk_with_ranges=3 #disks=3
   0: is_on_queue=0 done=0 #num_remaining_scan_ranges=20 #in_flight_ranges=4 #unstarted_scan_ranges=8 #unstarted_write_ranges=0 #reading_threads=8
   1: is_on_queue=1 done=0 #num_remaining_scan_ranges=25 #in_flight_ranges=20 #unstarted_scan_ranges=3 #unstarted_write_ranges=0 #reading_threads=1
   2: is_on_queue=1 done=0 #num_remaining_scan_ranges=17 #in_flight_ranges=9 #unstarted_scan_ranges=6 #unstarted_write_ranges=0 #reading_threads=1
   3: is_on_queue=0 done=1 #num_remaining_scan_ranges=0 #in_flight_ranges=0 #unstarted_scan_ranges=0 #unstarted_write_ranges=0 #reading_threads=0
   4: is_on_queue=0 done=1 #num_remaining_scan_ranges=0 #in_flight_ranges=0 #unstarted_scan_ranges=0 #unstarted_write_ranges=0 #reading_threads=0
   5: is_on_queue=0 done=1 #num_remaining_scan_ranges=0 #in_flight_ranges=0 #unstarted_scan_ranges=0 #unstarted_write_ranges=0 #reading_threads=0)
I0212 12:13:32.253449  6015 handle-cache.inline.h:33] hdfsOpenFile() file=hdfs://localhost:20500/test-warehouse/alltypes_parquet/year=2009/month=2/4a4bdc025cd5afb4-a47df1b500000004_784213524_data.0.parq fid=0xe92a780
I0212 12:13:32.254194  6179 status.cc:58] Debug Action: FAIL
    @          0x1668698  impala::Status::Status()
    @          0x1b7f403  impala::ExecNode::ExecDebugActionImpl()
    @          0x1b80b6d  impala::ExecNode::ExecDebugAction()
    @          0x1b7b7e6  impala::ExecNode::Prepare()
    @          0x1b8674f  impala::ExchangeNode::Prepare()
    @          0x18c085c  impala::FragmentInstanceState::Prepare()
    @          0x18bf4b3  impala::FragmentInstanceState::Exec()
    @          0x18a8383  impala::QueryState::ExecFInstance()
    @          0x18a6c1c  _ZZN6impala10QueryState15StartFInstancesEvENKUlvE_clEv
    @          0x18a8f9d  _ZN5boost6detail8function26void_function_obj_invoker0IZN6impala10QueryState15StartFInstancesEvEUlvE_vE6invokeERNS1_15function_bufferE
    @          0x17f0c88  boost::function0<>::operator()()
    @          0x1aebd61  impala::Thread::SuperviseThread()
    @          0x1af4a76  boost::_bi::list4<>::operator()<>()
    @          0x1af49b9  boost::_bi::bind_t<>::operator()()
    @          0x1af497c  boost::detail::thread_data<>::run()
    @          0x2db16da  thread_proxy
    @     0x7f1f7777b184  start_thread
    @     0x7f1f774a7ffd  clone
I0212 12:13:32.254212  6179 fragment-instance-state.cc:370] Reporting final profile for instance ce48490d12b7c48e:ca77dc7f00000000
I0212 12:13:32.254221  6178 query-exec-mgr.cc:149] ReleaseQueryState(): query_id=ce48490d12b7c48e:ca77dc7f00000000 refcnt=4
I0212 12:13:32.254287  6179 fragment-instance-state.cc:374] Fragment ce48490d12b7c48e:ca77dc7f00000000:(Total: 36.961ms, non-child: 0.000ns, % non-child: 0.00%)
  Fragment Instance Lifecycle Event Timeline: 36.930ms
ExecInternal Finished: 37.128ms (37.128ms)
AverageThreadTokens: 0.00 
BloomFilterBytes: 0
PeakMemoryUsage: 0
PeakReservation: 0
PeakUsedReservation: 0
TotalNetworkReceiveTime: 0.000ns
TotalNetworkSendTime: 0.000ns
TotalStorageWaitTime: 0.000ns
TotalThreadsInvoluntaryContextSwitches: 0 (0)
TotalThreadsTotalWallClockTime: 0.000ns
TotalThreadsSysTime: 0.000ns
TotalThreadsUserTime: 0.000ns
TotalThreadsVoluntaryContextSwitches: 0 (0)
  Fragment Instance Lifecycle Timings:
PrepareTime: 36.897ms
ExecTreePrepareTime: 36.844ms
I0212 12:13:32.254320  6010 handle-cache.inline.h:33] hdfsOpenFile() file=hdfs://localhost:20500/test-warehouse/alltypes_parquet/year=2009/month=7/4a4bdc025cd5afb4-a47df1b500000003_1050606402_data.0.parq fid=0xe92a4c0
I0212 12:13:32.254339  6179 client-cache.cc:46] GetClient(gaborkaszabdesktop:22000)
I0212 12:13:32.254345  6179 client-cache.cc:56] GetClient(): returning cached client for gaborkaszabdesktop:22000
I0212 12:13:32.254369  6177 impala-server.cc:991] UnregisterQuery(): query_id=ce48490d12b7c48e:ca77dc7f00000000
I0212 12:13:32.254374  6177 impala-server.cc:1074] Cancel(): query_id=ce48490d12b7c48e:ca77dc7f00000000
I0212 12:13:32.254396  6177 coordinator.cc:898] Cancel() query_id=ce48490d12b7c48e:ca77dc7f00000000
I0212 12:13:32.254401  6177 coordinator-backend-state.cc:355] sending CancelQueryFInstances rpc for query_id=ce48490d12b7c48e:ca77dc7f00000000 backend=gaborkaszabdesktop:22000
I0212 12:13:32.254413  6111 rpc-trace.cc:190] RPC call: ImpalaInternalService.ReportExecStatus(from ::ffff:127.0.0.1:55042)
I0212 12:13:32.254420  6177 client-cache.cc:46] GetClient(gaborkaszabdesktop:22000)
I0212 12:13:32.254423  6177 client-cache.cc:56] GetClient(): returning cached client for gaborkaszabdesktop:22000
I0212 12:13:32.254444  6117 rpc-trace.cc:190] RPC call: ImpalaInternalService.CancelQueryFInstances(from ::ffff:127.0.0.1:55044)
I0212 12:13:32.254451  6117 impala-internal-service.cc:63] CancelQueryFInstances(): query_id=ce48490d12b7c48e:ca77dc7f00000000
I0212 12:13:32.254457  6117 query-exec-mgr.cc:92] QueryState: query_id=ce48490d12b7c48e:ca77dc7f00000000 refcnt=4
I0212 12:13:32.254459  6117 query-state.cc:403] Cancel: query_id=ce48490d12b7c48e:ca77dc7f00000000
I0212 12:13:32.254462  6111 impala-server.cc:1151] ReportExecStatus() coord_state_idx=0
I0212 12:13:32.254463  6117 data-stream-mgr.cc:279] cancelling all streams for fragment=ce48490d12b7c48e:ca77dc7f00000001
I0212 12:13:32.254465  6111 coordinator.cc:920] UpdateBackendExecStatus()  backend_idx=0
I0212 12:13:32.254467  6117 data-stream-mgr.cc:279] cancelling all streams for fragment=ce48490d12b7c48e:ca77dc7f00000000
I0212 12:13:32.254470  6117 query-exec-mgr.cc:149] ReleaseQueryState(): query_id=ce48490d12b7c48e:ca77dc7f00000000 refcnt=4
I0212 12:13:32.254480  6117 rpc-trace.cc:200] RPC call: backend:ImpalaInternalService.CancelQueryFInstances from ::ffff:127.0.0.1:55044 took 0.000ns
I0212 12:13:32.254483  6177 client-cache.cc:148] Releasing client for gaborkaszabdesktop:22000 back to cache
I0212 12:13:32.254493  6177 coordinator.cc:908] CancelBackends() query_id=ce48490d12b7c48e:ca77dc7f00000000, tried to cancel 1 backends
I0212 12:13:32.254496  6177 coordinator.cc:1092] Release admssion control resources for query ce48490d12b7c48e:ca77dc7f00000000
I0212 12:13:32.254508  6177 admission-controller.cc:316] Update admitted mem reserved for host=gaborkaszabdesktop:22000 prev=64.00 MB new=0
I0212 12:13:32.254518  6177 admission-controller.cc:620] Released query id=ce48490d12b7c48e:ca77dc7f00000000 agg_num_running=0, agg_num_queued=0, agg_mem_reserved=0,  local_host(local_mem_admitted=0, num_admitted_running=0, num_queued=0, backend_mem_reserved=0)
I0212 12:13:32.254560  6111 rpc-trace.cc:200] RPC call: backend:ImpalaInternalService.ReportExecStatus from ::ffff:127.0.0.1:55042 took 0.000ns
I0212 12:13:32.254564  6179 client-cache.cc:148] Releasing client for gaborkaszabdesktop:22000 back to cache
I0212 12:13:32.254592  6179 query-state.cc:390] Instance completed. instance_id=ce48490d12b7c48e:ca77dc7f00000000 #in-flight=1 status=INTERNAL_ERROR: Debug Action: FAIL
I0212 12:13:32.254596  6179 query-state.cc:403] Cancel: query_id=ce48490d12b7c48e:ca77dc7f00000000
I0212 12:13:32.254601  6179 query-exec-mgr.cc:149] ReleaseQueryState(): query_id=ce48490d12b7c48e:ca77dc7f00000000 refcnt=3
I0212 12:13:32.254891  6013 handle-cache.inline.h:33] hdfsOpenFile() file=hdfs://localhost:20500/test-warehouse/alltypes_parquet/year=2009/month=7/4a4bdc025cd5afb4-a47df1b500000003_1050606402_data.0.parq fid=0xe1e9fe0
I0212 12:13:32.255204  6177 query-exec-mgr.cc:149] ReleaseQueryState(): query_id=ce48490d12b7c48e:ca77dc7f00000000 refcnt=2
I0212 12:13:32.255347  6177 rpc-trace.cc:200] RPC call: beeswax:BeeswaxService.query from ::ffff:127.0.0.1:35780 took 61.000ms
I0212 12:13:32.255478  6012 handle-cache.inline.h:33] hdfsOpenFile() file=hdfs://localhost:20500/test-warehouse/alltypes_parquet/year=2009/month=7/4a4bdc025cd5afb4-a47df1b500000003_1050606402_data.0.parq fid=0xe1e9ca0
I0212 12:13:32.255831  6011 handle-cache.inline.h:33] hdfsOpenFile() file=hdfs://localhost:20500/test-warehouse/alltypes_parquet/year=2009/month=7/4a4bdc025cd5afb4-a47df1b500000003_1050606402_data.0.parq fid=0xe92ae30
I0212 12:13:32.255831  6006 handle-cache.inline.h:33] hdfsOpenFile() file=hdfs://localhost:20500/test-warehouse/alltypes_parquet/year=2009/month=7/4a4bdc025cd5afb4-a47df1b500000003_1050606402_data.0.parq fid=0xe1e9d20
I0212 12:13:32.257403  6177 impala-server.cc:1737] Connection from client ::ffff:127.0.0.1:35780 closed, closing 1 associated session(s)
I0212 12:13:32.262830  6015 handle-cache.inline.h:38] hdfsCloseFile() fid=0xe92a780
I0212 12:13:32.262946  6015 disk-io-mgr.cc:811] Disk (id=2) reading for 
  RequestContext: 0xe65ba00 (state=Active status_=OK #ready_buffers=0 #used_buffers=9 #num_buffers_in_reader=3 #finished_scan_ranges=7 #disk_with_ranges=3 #disks=3
   0: is_on_queue=1 done=0 #num_remaining_scan_ranges=20 #in_flight_ranges=3 #unstarted_scan_ranges=8 #unstarted_write_ranges=0 #reading_threads=8
   1: is_on_queue=1 done=0 #num_remaining_scan_ranges=25 #in_flight_ranges=20 #unstarted_scan_ranges=3 #unstarted_write_ranges=0 #reading_threads=1
   2: is_on_queue=0 done=0 #num_remaining_scan_ranges=16 #in_flight_ranges=9 #unstarted_scan_ranges=6 #unstarted_write_ranges=0 #reading_threads=1
   3: is_on_queue=0 done=1 #num_remaining_scan_ranges=0 #in_flight_ranges=0 #unstarted_scan_ranges=0 #unstarted_write_ranges=0 #reading_threads=0
   4: is_on_queue=0 done=1 #num_remaining_scan_ranges=0 #in_flight_ranges=0 #unstarted_scan_ranges=0 #unstarted_write_ranges=0 #reading_threads=0
   5: is_on_queue=0 done=1 #num_remaining_scan_ranges=0 #in_flight_ranges=0 #unstarted_scan_ranges=0 #unstarted_write_ranges=0 #reading_threads=0)
I0212 12:13:32.263152  6180 row-batch.cc:506] FragmentInstanceState::ExecInternal(): #rows=0
I0212 12:13:32.263231  6182 fragment-instance-state.cc:362] exiting reporting thread: instance_id=ce48490d12b7c48e:ca77dc7f00000001
I0212 12:13:32.263327  6010 handle-cache.inline.h:38] hdfsCloseFile() fid=0xe92a4c0
I0212 12:13:32.263401  6010 disk-io-mgr.cc:811] Disk (id=0) reading for 
  RequestContext: 0xe65ba00 (state=Active status_=OK #ready_buffers=1 #used_buffers=10 #num_buffers_in_reader=1 #finished_scan_ranges=7 #disk_with_ranges=3 #disks=3
   0: is_on_queue=0 done=0 #num_remaining_scan_ranges=19 #in_flight_ranges=3 #unstarted_scan_ranges=8 #unstarted_write_ranges=0 #reading_threads=8
   1: is_on_queue=1 done=0 #num_remaining_scan_ranges=25 #in_flight_ranges=20 #unstarted_scan_ranges=3 #unstarted_write_ranges=0 #reading_threads=1
   2: is_on_queue=1 done=0 #num_remaining_scan_ranges=16 #in_flight_ranges=8 #unstarted_scan_ranges=6 #unstarted_write_ranges=0 #reading_threads=1
   3: is_on_queue=0 done=1 #num_remaining_scan_ranges=0 #in_flight_ranges=0 #unstarted_scan_ranges=0 #unstarted_write_ranges=0 #reading_threads=0
   4: is_on_queue=0 done=1 #num_remaining_scan_ranges=0 #in_flight_ranges=0 #unstarted_scan_ranges=0 #unstarted_write_ranges=0 #reading_threads=0
   5: is_on_queue=0 done=1 #num_remaining_scan_ranges=0 #in_flight_ranges=0 #unstarted_scan_ranges=0 #unstarted_write_ranges=0 #reading_threads=0)
I0212 12:13:32.263442  6012 handle-cache.inline.h:38] hdfsCloseFile() fid=0xe1e9ca0
I0212 12:13:32.263475  6012 disk-io-mgr.cc:811] Disk (id=0) reading for 
  RequestContext: 0xe65ba00 (state=Active status_=OK #ready_buffers=2 #used_buffers=11 #num_buffers_in_reader=1 #finished_scan_ranges=7 #disk_with_ranges=3 #disks=3
   0: is_on_queue=0 done=0 #num_remaining_scan_ranges=18 #in_flight_ranges=2 #unstarted_scan_ranges=8 #unstarted_write_ranges=0 #reading_threads=8
   1: is_on_queue=1 done=0 #num_remaining_scan_ranges=25 #in_flight_ranges=20 #unstarted_scan_ranges=3 #unstarted_write_ranges=0 #reading_threads=1
   2: is_on_queue=1 done=0 #num_remaining_scan_ranges=16 #in_flight_ranges=8 #unstarted_scan_ranges=6 #unstarted_write_ranges=0 #reading_threads=1
   3: is_on_queue=0 done=1 #num_remaining_scan_ranges=0 #in_flight_ranges=0 #unstarted_scan_ranges=0 #unstarted_write_ranges=0 #reading_threads=0
   4: is_on_queue=0 done=1 #num_remaining_scan_ranges=0 #in_flight_ranges=0 #unstarted_scan_ranges=0 #unstarted_write_ranges=0 #reading_threads=0
   5: is_on_queue=0 done=1 #num_remaining_scan_ranges=0 #in_flight_ranges=0 #unstarted_scan_ranges=0 #unstarted_write_ranges=0 #reading_threads=0)
I0212 12:13:32.263576  6011 handle-cache.inline.h:38] hdfsCloseFile() fid=0xe92ae30
I0212 12:13:32.263634  6011 disk-io-mgr.cc:811] Disk (id=0) reading for 
  RequestContext: 0xe65ba00 (state=Active status_=OK #ready_buffers=3 #used_buffers=12 #num_buffers_in_reader=1 #finished_scan_ranges=7 #disk_with_ranges=3 #disks=3
   0: is_on_queue=0 done=0 #num_remaining_scan_ranges=17 #in_flight_ranges=1 #unstarted_scan_ranges=8 #unstarted_write_ranges=0 #reading_threads=8
   1: is_on_queue=1 done=0 #num_remaining_scan_ranges=25 #in_flight_ranges=20 #unstarted_scan_ranges=3 #unstarted_write_ranges=0 #reading_threads=1
   2: is_on_queue=1 done=0 #num_remaining_scan_ranges=16 #in_flight_ranges=8 #unstarted_scan_ranges=6 #unstarted_write_ranges=0 #reading_threads=1
   3: is_on_queue=0 done=1 #num_remaining_scan_ranges=0 #in_flight_ranges=0 #unstarted_scan_ranges=0 #unstarted_write_ranges=0 #reading_threads=0
   4: is_on_queue=0 done=1 #num_remaining_scan_ranges=0 #in_flight_ranges=0 #unstarted_scan_ranges=0 #unstarted_write_ranges=0 #reading_threads=0
   5: is_on_queue=0 done=1 #num_remaining_scan_ranges=0 #in_flight_ranges=0 #unstarted_scan_ranges=0 #unstarted_write_ranges=0 #reading_threads=0)
I0212 12:13:32.263748  6006 handle-cache.inline.h:38] hdfsCloseFile() fid=0xe1e9d20
I0212 12:13:32.263825  6006 disk-io-mgr.cc:811] Disk (id=0) reading for 
  RequestContext: 0xe65ba00 (state=Active status_=OK #ready_buffers=4 #used_buffers=13 #num_buffers_in_reader=1 #finished_scan_ranges=7 #disk_with_ranges=3 #disks=3
   0: is_on_queue=0 done=0 #num_remaining_scan_ranges=16 #in_flight_ranges=0 #unstarted_scan_ranges=8 #unstarted_write_ranges=0 #reading_threads=8
   1: is_on_queue=1 done=0 #num_remaining_scan_ranges=25 #in_flight_ranges=20 #unstarted_scan_ranges=3 #unstarted_write_ranges=0 #reading_threads=1
   2: is_on_queue=1 done=0 #num_remaining_scan_ranges=16 #in_flight_ranges=8 #unstarted_scan_ranges=6 #unstarted_write_ranges=0 #reading_threads=1
   3: is_on_queue=0 done=1 #num_remaining_scan_ranges=0 #in_flight_ranges=0 #unstarted_scan_ranges=0 #unstarted_write_ranges=0 #reading_threads=0
   4: is_on_queue=0 done=1 #num_remaining_scan_ranges=0 #in_flight_ranges=0 #unstarted_scan_ranges=0 #unstarted_write_ranges=0 #reading_threads=0
   5: is_on_queue=0 done=1 #num_remaining_scan_ranges=0 #in_flight_ranges=0 #unstarted_scan_ranges=0 #unstarted_write_ranges=0 #reading_threads=0)
I0212 12:13:32.263844  6013 handle-cache.inline.h:38] hdfsCloseFile() fid=0xe1e9fe0
I0212 12:13:32.263978  6008 handle-cache.inline.h:33] hdfsOpenFile() file=hdfs://localhost:20500/test-warehouse/alltypes_parquet/year=2009/month=7/4a4bdc025cd5afb4-a47df1b500000003_1050606402_data.0.parq fid=0xda8a570
I0212 12:13:32.264036  6008 handle-cache.inline.h:38] hdfsCloseFile() fid=0xda8a570
I0212 12:13:32.264081  6180 fragment-instance-state.cc:370] Reporting final profile for instance ce48490d12b7c48e:ca77dc7f00000001
I0212 12:13:32.264097  6184 parquet-column-readers.cc:1020] Decompressed 1245 to 1240
I0212 12:13:32.264322  6180 fragment-instance-state.cc:374] Fragment ce48490d12b7c48e:ca77dc7f00000001:(Total: 45.193ms, non-child: 0.000ns, % non-child: 0.00%)
  Hdfs split stats (<volume id>:<# splits>/<split lengths>): 2:8/63.13 KB 0:10/78.85 KB 1:6/47.43 KB 
  Fragment Instance Lifecycle Event Timeline: 46.058ms
Prepare Finished: 1.693ms (1.693ms)
First Batch Produced: 46.065ms (44.371ms)
First Batch Sent: 46.077ms (11.631us)
ExecInternal Finished: 46.115ms (38.293us)
AverageThreadTokens: 0.00 
BloomFilterBytes: 0
PeakMemoryUsage: 969.30 KB (992567)
PeakReservation: 0
PeakUsedReservation: 0
PerHostPeakMemUsage: 0
RowsProduced: 0 (0)
TotalNetworkReceiveTime: 0.000ns
TotalNetworkSendTime: 0.000ns
TotalStorageWaitTime: 66.822ms
TotalThreadsInvoluntaryContextSwitches: 4 (4)
TotalThreadsTotalWallClockTime: 44.414ms
TotalThreadsSysTime: 0.000ns
TotalThreadsUserTime: 20.000ms
TotalThreadsVoluntaryContextSwitches: 5 (5)
  Fragment Instance Lifecycle Timings:
ExecTime: 24.397ms
ExecTreeExecTime: 24.377ms
OpenTime: 20.022ms
ExecTreeOpenTime: 96.267us
PrepareTime: 689.209us
ExecTreePrepareTime: 218.986us
  DataStreamSender (dst_id=1):(Total: 158.437us, non-child: 0.000ns, % non-child: 0.00%)
BytesSent: 0
NetworkThroughput(*): 0.00 /sec
OverallThroughput: 0.00 /sec
PeakMemoryUsage: 1.42 KB (1456)
RowsReturned: 0 (0)
SerializeBatchTime: 0.000ns
TransmitDataRPCTime: 0.000ns
UncompressedRowBatchSize: 0
  HDFS_SCAN_NODE (id=0):(Total: 24.934ms, non-child: 0.000ns, % non-child: 0.00%)
    Hdfs split stats (<volume id>:<# splits>/<split lengths>): 2:8/63.13 KB 0:10/78.85 KB 1:6/47.43 KB 
    ExecOption: PARQUET Codegen Enabled, Codegen enabled: 4 out of 4
    Hdfs Read Thread Concurrency Bucket: 0:0% 1:0% 2:0% 3:0% 4:0% 5:0% 6:0% 
FooterProcessingTime: (Avg: 8.357ms ; Min: 6.365ms ; Max: 10.741ms ; Number of samples: 4)
AverageHdfsReadThreadConcurrency: 0.00 
AverageScannerThreadConcurrency: 0.00 
BytesRead: 36.87 KB (37751)
BytesReadDataNodeCache: 0
BytesReadLocal: 35.26 KB (36105)
BytesReadRemoteUnexpected: 0
BytesReadShortCircuit: 35.26 KB (36105)
CachedFileHandlesHitCount: 0 (0)
CachedFileHandlesMissCount: 12 (12)
CollectionItemsRead: 0 (0)
DecompressionTime: 0.000ns
MaxCompressedTextFileLength: 0
NumColumns: 11 (11)
NumDictFilteredRowGroups: 0 (0)
NumDisksAccessed: 3 (3)
NumRowGroups: 4 (4)
NumScannerThreadsStarted: 4 (4)
NumScannersWithNoReads: 0 (0)
NumStatsFilteredRowGroups: 0 (0)
PeakMemoryUsage: 959.48 KB (982504)
PerReadThreadRawHdfsThroughput: 72.80 MB/sec
RemoteScanRanges: 0 (0)
RowBatchQueueGetWaitTime: 23.692ms
RowBatchQueuePutWaitTime: 0.000ns
RowsRead: 0 (0)
RowsReturned: 0 (0)
RowsReturnedRate: 0
ScanRangesComplete: 0 (0)
ScannerThreadsInvoluntaryContextSwitches: 0 (0)
ScannerThreadsTotalWallClockTime: 0.000ns
MaterializeTupleTime(*): 0.000ns
ScannerThreadsSysTime: 0.000ns
ScannerThreadsUserTime: 0.000ns
ScannerThreadsVoluntaryContextSwitches: 0 (0)
TotalRawHdfsReadTime(*): 494.547us
TotalReadThroughput: 0.00 /sec
  CodeGen:(Total: 19.516ms, non-child: 0.000ns, % non-child: 0.00%)
CodegenTime: 448.231us
CompileTime: 1.397ms
LoadTime: 0.000ns
ModuleBitcodeSize: 1.94 MB (2037140)
NumFunctions: 7 (7)
NumInstructions: 105 (105)
OptimizationTime: 5.981ms
PeakMemoryUsage: 52.50 KB (53760)
PrepareTime: 11.725ms
I0212 12:13:32.264454  6180 client-cache.cc:46] GetClient(gaborkaszabdesktop:22000)
I0212 12:13:32.264461  6180 client-cache.cc:56] GetClient(): returning cached client for gaborkaszabdesktop:22000
I0212 12:13:32.264749  6117 rpc-trace.cc:190] RPC call: ImpalaInternalService.ReportExecStatus(from ::ffff:127.0.0.1:55044)
I0212 12:13:32.264875  6117 impala-server.cc:1151] ReportExecStatus() coord_state_idx=0
I0212 12:13:32.264885  6117 impala-server.cc:1163] ReportExecStatus(): Received report for unknown query ID (probably closed or cancelled): ce48490d12b7c48e:ca77dc7f00000000
I0212 12:13:32.264902  6117 rpc-trace.cc:200] RPC call: backend:ImpalaInternalService.ReportExecStatus from ::ffff:127.0.0.1:55044 took 0.000ns
I0212 12:13:32.264935  6180 client-cache.cc:148] Releasing client for gaborkaszabdesktop:22000 back to cache
I0212 12:13:32.264940  6180 query-state.cc:403] Cancel: query_id=ce48490d12b7c48e:ca77dc7f00000000
I0212 12:13:32.265035  6015 handle-cache.inline.h:33] hdfsOpenFile() file=hdfs://localhost:20500/test-warehouse/alltypes_parquet/year=2009/month=2/4a4bdc025cd5afb4-a47df1b500000004_784213524_data.0.parq fid=0xe92a780
I0212 12:13:32.265122  6011 handle-cache.inline.h:33] hdfsOpenFile() file=hdfs://localhost:20500/test-warehouse/alltypes_parquet/year=2009/month=7/4a4bdc025cd5afb4-a47df1b500000003_1050606402_data.0.parq fid=0xe92ae30
I0212 12:13:32.265198  6186 handle-cache.inline.h:38] hdfsCloseFile() fid=0xe92a780
I0212 12:13:32.265508  6009 handle-cache.inline.h:33] hdfsOpenFile() file=hdfs://localhost:20500/test-warehouse/alltypes_parquet/year=2009/month=7/4a4bdc025cd5afb4-a47df1b500000003_1050606402_data.0.parq fid=0xe1e9c60
I0212 12:13:32.265818  6185 progress-updater.cc:65] Splits complete (node=24): 4% Complete (1 out of 24)
I0212 12:13:32.266273  6186 progress-updater.cc:65] Splits complete (node=24): 8% Complete (2 out of 24)
I0212 12:13:32.266906  6014 handle-cache.inline.h:33] hdfsOpenFile() file=hdfs://localhost:20500/test-warehouse/alltypes_parquet/year=2010/month=6/4a4bdc025cd5afb4-a47df1b500000005_907009086_data.0.parq fid=0xe1e9b40
I0212 12:13:32.267181  6012 handle-cache.inline.h:33] hdfsOpenFile() file=hdfs://localhost:20500/test-warehouse/alltypes_parquet/year=2009/month=7/4a4bdc025cd5afb4-a47df1b500000003_1050606402_data.0.parq fid=0xe1e9ca0
I0212 12:13:32.267243  6184 handle-cache.inline.h:38] hdfsCloseFile() fid=0xe1e9c60
I0212 12:13:32.267287  6007 handle-cache.inline.h:33] hdfsOpenFile() file=hdfs://localhost:20500/test-warehouse/alltypes_parquet/year=2009/month=7/4a4bdc025cd5afb4-a47df1b500000003_1050606402_data.0.parq fid=0xe92a420
I0212 12:13:32.267454  6010 handle-cache.inline.h:33] hdfsOpenFile() file=hdfs://localhost:20500/test-warehouse/alltypes_parquet/year=2009/month=7/4a4bdc025cd5afb4-a47df1b500000003_1050606402_data.0.parq fid=0xe92a4c0
I0212 12:13:32.267571  6184 handle-cache.inline.h:38] hdfsCloseFile() fid=0xe92a420
I0212 12:13:32.267635  6184 handle-cache.inline.h:38] hdfsCloseFile() fid=0xe92a4c0
I0212 12:13:32.267693  6184 handle-cache.inline.h:38] hdfsCloseFile() fid=0xe1e9ca0
I0212 12:13:32.267758  6184 handle-cache.inline.h:38] hdfsCloseFile() fid=0xe92ae30
I0212 12:13:32.267840  6184 progress-updater.cc:65] Splits complete (node=24): 12% Complete (3 out of 24)
I0212 12:13:32.268127  6015 disk-io-mgr.cc:811] Disk (id=2) reading for 
  RequestContext: 0xe65ba00 (state=Cancelled status_=Cancelled
 #ready_buffers=0 #used_buffers=6 #num_buffers_in_reader=1 #finished_scan_ranges=8 #disk_with_ranges=3 #disks=3
   0: is_on_queue=0 done=0 #num_remaining_scan_ranges=14 #in_flight_ranges=0 #unstarted_scan_ranges=0 #unstarted_write_ranges=0 #reading_threads=6
   1: is_on_queue=1 done=0 #num_remaining_scan_ranges=25 #in_flight_ranges=0 #unstarted_scan_ranges=0 #unstarted_write_ranges=0 #reading_threads=1
   2: is_on_queue=0 done=0 #num_remaining_scan_ranges=16 #in_flight_ranges=0 #unstarted_scan_ranges=0 #unstarted_write_ranges=0 #reading_threads=1
   3: is_on_queue=0 done=1 #num_remaining_scan_ranges=0 #in_flight_ranges=0 #unstarted_scan_ranges=0 #unstarted_write_ranges=0 #reading_threads=0
   4: is_on_queue=0 done=1 #num_remaining_scan_ranges=0 #in_flight_ranges=0 #unstarted_scan_ranges=0 #unstarted_write_ranges=0 #reading_threads=0
   5: is_on_queue=0 done=1 #num_remaining_scan_ranges=0 #in_flight_ranges=0 #unstarted_scan_ranges=0 #unstarted_write_ranges=0 #reading_threads=0)
I0212 12:13:32.268157  6006 disk-io-mgr.cc:811] Disk (id=0) reading for 
  RequestContext: 0xe65ba00 (state=Cancelled status_=Cancelled
 #ready_buffers=0 #used_buffers=5 #num_buffers_in_reader=1 #finished_scan_ranges=8 #disk_with_ranges=2 #disks=2
   0: is_on_queue=0 done=0 #num_remaining_scan_ranges=14 #in_flight_ranges=0 #unstarted_scan_ranges=0 #unstarted_write_ranges=0 #reading_threads=5
   1: is_on_queue=1 done=0 #num_remaining_scan_ranges=25 #in_flight_ranges=0 #unstarted_scan_ranges=0 #unstarted_write_ranges=0 #reading_threads=1
   2: is_on_queue=0 done=1 #num_remaining_scan_ranges=16 #in_flight_ranges=0 #unstarted_scan_ranges=0 #unstarted_write_ranges=0 #reading_threads=0
   3: is_on_queue=0 done=1 #num_remaining_scan_ranges=0 #in_flight_ranges=0 #unstarted_scan_ranges=0 #unstarted_write_ranges=0 #reading_threads=0
   4: is_on_queue=0 done=1 #num_remaining_scan_ranges=0 #in_flight_ranges=0 #unstarted_scan_ranges=0 #unstarted_write_ranges=0 #reading_threads=0
   5: is_on_queue=0 done=1 #num_remaining_scan_ranges=0 #in_flight_ranges=0 #unstarted_scan_ranges=0 #unstarted_write_ranges=0 #reading_threads=0)
I0212 12:13:32.268178  6014 handle-cache.inline.h:38] hdfsCloseFile() fid=0xe1e9b40
I0212 12:13:32.268242  6014 disk-io-mgr.cc:811] Disk (id=1) reading for 
  RequestContext: 0xe65ba00 (state=Cancelled status_=Cancelled
 #ready_buffers=0 #used_buffers=4 #num_buffers_in_reader=0 #finished_scan_ranges=8 #disk_with_ranges=2 #disks=2
   0: is_on_queue=0 done=0 #num_remaining_scan_ranges=14 #in_flight_ranges=0 #unstarted_scan_ranges=0 #unstarted_write_ranges=0 #reading_threads=4
   1: is_on_queue=0 done=0 #num_remaining_scan_ranges=25 #in_flight_ranges=0 #unstarted_scan_ranges=0 #unstarted_write_ranges=0 #reading_threads=1
   2: is_on_queue=0 done=1 #num_remaining_scan_ranges=16 #in_flight_ranges=0 #unstarted_scan_ranges=0 #unstarted_write_ranges=0 #reading_threads=0
   3: is_on_queue=0 done=1 #num_remaining_scan_ranges=0 #in_flight_ranges=0 #unstarted_scan_ranges=0 #unstarted_write_ranges=0 #reading_threads=0
   4: is_on_queue=0 done=1 #num_remaining_scan_ranges=0 #in_flight_ranges=0 #unstarted_scan_ranges=0 #unstarted_write_ranges=0 #reading_threads=0
   5: is_on_queue=0 done=1 #num_remaining_scan_ranges=0 #in_flight_ranges=0 #unstarted_scan_ranges=0 #unstarted_write_ranges=0 #reading_threads=0)
I0212 12:13:32.268247  6183 progress-updater.cc:65] Splits complete (node=24): 16% Complete (4 out of 24)
I0212 12:13:32.268704  6180 query-state.cc:390] Instance completed. instance_id=ce48490d12b7c48e:ca77dc7f00000001 #in-flight=0 status=CANCELLED: Cancelled
I0212 12:13:32.268710  6180 query-state.cc:403] Cancel: query_id=ce48490d12b7c48e:ca77dc7f00000000
I0212 12:13:32.268734  6180 query-exec-mgr.cc:149] ReleaseQueryState(): query_id=ce48490d12b7c48e:ca77dc7f00000000 refcnt=1
I0212 12:13:32.625876  6074 rpc-trace.cc:190] RPC call: StatestoreSubscriber.Heartbeat(from ::ffff:127.0.0.1:51470)
I0212 12:13:32.626003  6074 rpc-trace.cc:200] RPC call: statestore-subscriber:StatestoreSubscriber.Heartbeat from ::ffff:127.0.0.1:51470 took 0.000ns
I0212 12:13:32.978389  6083 thread.cc:324] Started thread 6195 - thrift-server:beeswax-frontend-4
I0212 12:13:32.978395  6195 rpc-trace.cc:190] RPC call: ImpalaService.PingImpalaService(from ::ffff:127.0.0.1:35784)
I0212 12:13:32.978404  6195 impala-beeswax-server.cc:409] PingImpalaService()
I0212 12:13:32.978428  6195 impala-beeswax-server.cc:412] PingImpalaService(): return_val=TPingImpalaServiceResp {
  01: version (string) = "impalad version 3.0.0-SNAPSHOT DEBUG (build c856b30e36e7bdf5160e7a71b8e84a82d8258934)",
  02: webserver_address (string) = "http://gaborkaszabdesktop:25000",
}
I0212 12:13:32.978444  6195 rpc-trace.cc:200] RPC call: beeswax:ImpalaService.PingImpalaService from ::ffff:127.0.0.1:35784 took 1.000ms
I0212 12:13:32.978653  6195 rpc-trace.cc:190] RPC call: BeeswaxService.get_default_configuration(from ::ffff:127.0.0.1:35784)
I0212 12:13:32.978731  6195 rpc-trace.cc:200] RPC call: beeswax:BeeswaxService.get_default_configuration from ::ffff:127.0.0.1:35784 took 0.000ns
I0212 12:13:32.980242  6195 rpc-trace.cc:190] RPC call: BeeswaxService.query(from ::ffff:127.0.0.1:35784)
I0212 12:13:32.980252  6195 impala-beeswax-server.cc:52] query(): query=select * from functional_parquet.alltypes
I0212 12:13:32.980299  6195 impala-beeswax-server.cc:426] query: Query {
  01: query (string) = "select * from functional_parquet.alltypes",
  03: configuration (list) = list<string>[1] {
    [0] = "DEBUG_ACTION=1:PREPARE:FAIL",
  },
  04: hadoop_user (string) = "gaborkaszab",
}
I0212 12:13:32.980384  6195 impala-server.cc:820] Parsed pool options:  override_options_mask=1111111111111111111111111111111111111111111111111111011111111111 set_pool_mask=0000000000000000000000000000000000000000000000000000000000000000 overlay_mask=0000000000000000000000000000000000000000000000000000000000000000
I0212 12:13:32.980417  6195 impala-beeswax-server.cc:459] TClientRequest.queryOptions: TQueryOptions {
  01: abort_on_error (bool) = false,
  02: max_errors (i32) = 100,
  03: disable_codegen (bool) = false,
  04: batch_size (i32) = 0,
  05: num_nodes (i32) = 0,
  06: max_scan_range_length (i64) = 0,
  07: num_scanner_threads (i32) = 0,
  09: allow_unsupported_formats (bool) = false,
  11: debug_action (string) = "1:PREPARE:FAIL",
  12: mem_limit (i64) = 0,
  15: hbase_caching (i32) = 0,
  16: hbase_cache_blocks (bool) = false,
  17: parquet_file_size (i64) = 0,
  18: explain_level (i32) = 1,
  19: sync_ddl (bool) = false,
  24: disable_outermost_topn (bool) = false,
  26: query_timeout_s (i32) = 0,
  28: appx_count_distinct (bool) = false,
  29: disable_unsafe_spills (bool) = false,
  31: exec_single_node_rows_threshold (i32) = 100,
  32: optimize_partition_key_scans (bool) = false,
  33: replica_preference (i32) = 0,
  34: schedule_random_replica (bool) = false,
  36: disable_streaming_preaggregations (bool) = false,
  37: runtime_filter_mode (i32) = 2,
  38: runtime_bloom_filter_size (i32) = 1048576,
  39: runtime_filter_wait_time_ms (i32) = 0,
  40: disable_row_runtime_filtering (bool) = false,
  41: max_num_runtime_filters (i32) = 10,
  42: parquet_annotate_strings_utf8 (bool) = false,
  43: parquet_fallback_schema_resolution (i32) = 0,
  45: s3_skip_insert_staging (bool) = true,
  46: runtime_filter_min_size (i32) = 1048576,
  47: runtime_filter_max_size (i32) = 16777216,
  48: prefetch_mode (i32) = 1,
  49: strict_mode (bool) = false,
  50: scratch_limit (i64) = -1,
  51: enable_expr_rewrites (bool) = true,
  52: decimal_v2 (bool) = true,
  53: parquet_dictionary_filtering (bool) = true,
  54: parquet_array_resolution (i32) = 2,
  55: parquet_read_statistics (bool) = true,
  56: default_join_distribution_mode (i32) = 0,
  57: disable_codegen_rows_threshold (i32) = 50000,
  58: default_spillable_buffer_size (i64) = 2097152,
  59: min_spillable_buffer_size (i64) = 65536,
  60: max_row_size (i64) = 524288,
  61: idle_session_timeout (i32) = 0,
  62: compute_stats_min_sample_size (i64) = 1073741824,
}
I0212 12:13:32.981838  6195 Frontend.java:914] Compiling query: select * from functional_parquet.alltypes
I0212 12:13:32.982954  6195 SelectStmt.java:411] baseTblSmap_: smap()
I0212 12:13:32.983338  6195 SelectStmt.java:412] resultExprs: SlotRef{path=id, type=INT, id=0} SlotRef{path=bool_col, type=BOOLEAN, id=1} SlotRef{path=tinyint_col, type=TINYINT, id=2} SlotRef{path=smallint_col, type=SMALLINT, id=3} SlotRef{path=int_col, type=INT, id=4} SlotRef{path=bigint_col, type=BIGINT, id=5} SlotRef{path=float_col, type=FLOAT, id=6} SlotRef{path=double_col, type=DOUBLE, id=7} SlotRef{path=date_string_col, type=STRING, id=8} SlotRef{path=string_col, type=STRING, id=9} SlotRef{path=timestamp_col, type=TIMESTAMP, id=10} SlotRef{path=year, type=INT, id=11} SlotRef{path=month, type=INT, id=12}
I0212 12:13:32.983876  6195 SelectStmt.java:413] baseTblResultExprs: SlotRef{path=id, type=INT, id=0} SlotRef{path=bool_col, type=BOOLEAN, id=1} SlotRef{path=tinyint_col, type=TINYINT, id=2} SlotRef{path=smallint_col, type=SMALLINT, id=3} SlotRef{path=int_col, type=INT, id=4} SlotRef{path=bigint_col, type=BIGINT, id=5} SlotRef{path=float_col, type=FLOAT, id=6} SlotRef{path=double_col, type=DOUBLE, id=7} SlotRef{path=date_string_col, type=STRING, id=8} SlotRef{path=string_col, type=STRING, id=9} SlotRef{path=timestamp_col, type=TIMESTAMP, id=10} SlotRef{path=year, type=INT, id=11} SlotRef{path=month, type=INT, id=12}
I0212 12:13:32.983961  6195 Frontend.java:953] Compiled query.
I0212 12:13:32.984021  6195 Frontend.java:1029] create plan
I0212 12:13:32.985033  6195 SingleNodePlanner.java:148] desctbl: tuples:
TupleDescriptor{id=0, name=BaseTableRef functional_parquet.alltypes, tbl=functional_parquet.alltypes, byte_size=0, is_materialized=true, slots=[SlotDescriptor{id=0, path=functional_parquet.alltypes.id, type=INT, materialized=true, byteSize=0, byteOffset=-1, nullable=true, nullIndicatorByte=0, nullIndicatorBit=0, slotIdx=0, stats=ColumnStats{avgSerializedSize_=4.0, maxSize_=4, numDistinct_=-1, numNulls_=-1}}, SlotDescriptor{id=1, path=functional_parquet.alltypes.bool_col, type=BOOLEAN, materialized=true, byteSize=0, byteOffset=-1, nullable=true, nullIndicatorByte=0, nullIndicatorBit=0, slotIdx=0, stats=ColumnStats{avgSerializedSize_=1.0, maxSize_=1, numDistinct_=-1, numNulls_=-1}}, SlotDescriptor{id=2, path=functional_parquet.alltypes.tinyint_col, type=TINYINT, materialized=true, byteSize=0, byteOffset=-1, nullable=true, nullIndicatorByte=0, nullIndicatorBit=0, slotIdx=0, stats=ColumnStats{avgSerializedSize_=1.0, maxSize_=1, numDistinct_=-1, numNulls_=-1}}, SlotDescriptor{id=3, path=functional_parquet.alltypes.smallint_col, type=SMALLINT, materialized=true, byteSize=0, byteOffset=-1, nullable=true, nullIndicatorByte=0, nullIndicatorBit=0, slotIdx=0, stats=ColumnStats{avgSerializedSize_=2.0, maxSize_=2, numDistinct_=-1, numNulls_=-1}}, SlotDescriptor{id=4, path=functional_parquet.alltypes.int_col, type=INT, materialized=true, byteSize=0, byteOffset=-1, nullable=true, nullIndicatorByte=0, nullIndicatorBit=0, slotIdx=0, stats=ColumnStats{avgSerializedSize_=4.0, maxSize_=4, numDistinct_=-1, numNulls_=-1}}, SlotDescriptor{id=5, path=functional_parquet.alltypes.bigint_col, type=BIGINT, materialized=true, byteSize=0, byteOffset=-1, nullable=true, nullIndicatorByte=0, nullIndicatorBit=0, slotIdx=0, stats=ColumnStats{avgSerializedSize_=8.0, maxSize_=8, numDistinct_=-1, numNulls_=-1}}, SlotDescriptor{id=6, path=functional_parquet.alltypes.float_col, type=FLOAT, materialized=true, byteSize=0, byteOffset=-1, nullable=true, nullIndicatorByte=0, nullIndicatorBit=0, slotIdx=0, stats=ColumnStats{avgSerializedSize_=4.0, maxSize_=4, numDistinct_=-1, numNulls_=-1}}, SlotDescriptor{id=7, path=functional_parquet.alltypes.double_col, type=DOUBLE, materialized=true, byteSize=0, byteOffset=-1, nullable=true, nullIndicatorByte=0, nullIndicatorBit=0, slotIdx=0, stats=ColumnStats{avgSerializedSize_=8.0, maxSize_=8, numDistinct_=-1, numNulls_=-1}}, SlotDescriptor{id=8, path=functional_parquet.alltypes.date_string_col, type=STRING, materialized=true, byteSize=0, byteOffset=-1, nullable=true, nullIndicatorByte=0, nullIndicatorBit=0, slotIdx=0, stats=ColumnStats{avgSerializedSize_=15.0, maxSize_=-1, numDistinct_=-1, numNulls_=-1}}, SlotDescriptor{id=9, path=functional_parquet.alltypes.string_col, type=STRING, materialized=true, byteSize=0, byteOffset=-1, nullable=true, nullIndicatorByte=0, nullIndicatorBit=0, slotIdx=0, stats=ColumnStats{avgSerializedSize_=15.0, maxSize_=-1, numDistinct_=-1, numNulls_=-1}}, SlotDescriptor{id=10, path=functional_parquet.alltypes.timestamp_col, type=TIMESTAMP, materialized=true, byteSize=0, byteOffset=-1, nullable=true, nullIndicatorByte=0, nullIndicatorBit=0, slotIdx=0, stats=ColumnStats{avgSerializedSize_=16.0, maxSize_=16, numDistinct_=-1, numNulls_=-1}}, SlotDescriptor{id=11, path=functional_parquet.alltypes.year, type=INT, materialized=true, byteSize=0, byteOffset=-1, nullable=true, nullIndicatorByte=0, nullIndicatorBit=0, slotIdx=0, stats=ColumnStats{avgSerializedSize_=4.0, maxSize_=4, numDistinct_=2, numNulls_=0}}, SlotDescriptor{id=12, path=functional_parquet.alltypes.month, type=INT, materialized=true, byteSize=0, byteOffset=-1, nullable=true, nullIndicatorByte=0, nullIndicatorBit=0, slotIdx=0, stats=ColumnStats{avgSerializedSize_=4.0, maxSize_=4, numDistinct_=12, numNulls_=0}}]}
I0212 12:13:32.988993  6195 HdfsScanNode.java:889] HdfsScan: cardinality_=-1
I0212 12:13:32.989080  6195 HdfsScanNode.java:984] computeNumNodes totalRanges=24 localRanges=1 remoteRanges=0 localHostSet.size=3 clusterNodes=1
I0212 12:13:32.989128  6195 SingleNodePlanner.java:363] createCheapestJoinPlan
I0212 12:13:32.989168  6195 HdfsScanNode.java:889] HdfsScan: cardinality_=-1
I0212 12:13:32.989207  6195 HdfsScanNode.java:984] computeNumNodes totalRanges=24 localRanges=1 remoteRanges=0 localHostSet.size=3 clusterNodes=1
I0212 12:13:32.990305  6195 Planner.java:163] desctbl: tuples:
TupleDescriptor{id=0, name=BaseTableRef functional_parquet.alltypes, tbl=functional_parquet.alltypes, byte_size=90, is_materialized=true, slots=[SlotDescriptor{id=0, path=functional_parquet.alltypes.id, type=INT, materialized=true, byteSize=4, byteOffset=64, nullable=true, nullIndicatorByte=88, nullIndicatorBit=5, slotIdx=5, stats=ColumnStats{avgSerializedSize_=4.0, maxSize_=4, numDistinct_=-1, numNulls_=-1}}, SlotDescriptor{id=1, path=functional_parquet.alltypes.bool_col, type=BOOLEAN, materialized=true, byteSize=1, byteOffset=86, nullable=true, nullIndicatorByte=89, nullIndicatorBit=3, slotIdx=11, stats=ColumnStats{avgSerializedSize_=1.0, maxSize_=1, numDistinct_=-1, numNulls_=-1}}, SlotDescriptor{id=2, path=functional_parquet.alltypes.tinyint_col, type=TINYINT, materialized=true, byteSize=1, byteOffset=87, nullable=true, nullIndicatorByte=89, nullIndicatorBit=4, slotIdx=12, stats=ColumnStats{avgSerializedSize_=1.0, maxSize_=1, numDistinct_=-1, numNulls_=-1}}, SlotDescriptor{id=3, path=functional_parquet.alltypes.smallint_col, type=SMALLINT, materialized=true, byteSize=2, byteOffset=84, nullable=true, nullIndicatorByte=89, nullIndicatorBit=2, slotIdx=10, stats=ColumnStats{avgSerializedSize_=2.0, maxSize_=2, numDistinct_=-1, numNulls_=-1}}, SlotDescriptor{id=4, path=functional_parquet.alltypes.int_col, type=INT, materialized=true, byteSize=4, byteOffset=68, nullable=true, nullIndicatorByte=88, nullIndicatorBit=6, slotIdx=6, stats=ColumnStats{avgSerializedSize_=4.0, maxSize_=4, numDistinct_=-1, numNulls_=-1}}, SlotDescriptor{id=5, path=functional_parquet.alltypes.bigint_col, type=BIGINT, materialized=true, byteSize=8, byteOffset=48, nullable=true, nullIndicatorByte=88, nullIndicatorBit=3, slotIdx=3, stats=ColumnStats{avgSerializedSize_=8.0, maxSize_=8, numDistinct_=-1, numNulls_=-1}}, SlotDescriptor{id=6, path=functional_parquet.alltypes.float_col, type=FLOAT, materialized=true, byteSize=4, byteOffset=72, nullable=true, nullIndicatorByte=88, nullIndicatorBit=7, slotIdx=7, stats=ColumnStats{avgSerializedSize_=4.0, maxSize_=4, numDistinct_=-1, numNulls_=-1}}, SlotDescriptor{id=7, path=functional_parquet.alltypes.double_col, type=DOUBLE, materialized=true, byteSize=8, byteOffset=56, nullable=true, nullIndicatorByte=88, nullIndicatorBit=4, slotIdx=4, stats=ColumnStats{avgSerializedSize_=8.0, maxSize_=8, numDistinct_=-1, numNulls_=-1}}, SlotDescriptor{id=8, path=functional_parquet.alltypes.date_string_col, type=STRING, materialized=true, byteSize=16, byteOffset=0, nullable=true, nullIndicatorByte=88, nullIndicatorBit=0, slotIdx=0, stats=ColumnStats{avgSerializedSize_=15.0, maxSize_=-1, numDistinct_=-1, numNulls_=-1}}, SlotDescriptor{id=9, path=functional_parquet.alltypes.string_col, type=STRING, materialized=true, byteSize=16, byteOffset=16, nullable=true, nullIndicatorByte=88, nullIndicatorBit=1, slotIdx=1, stats=ColumnStats{avgSerializedSize_=15.0, maxSize_=-1, numDistinct_=-1, numNulls_=-1}}, SlotDescriptor{id=10, path=functional_parquet.alltypes.timestamp_col, type=TIMESTAMP, materialized=true, byteSize=16, byteOffset=32, nullable=true, nullIndicatorByte=88, nullIndicatorBit=2, slotIdx=2, stats=ColumnStats{avgSerializedSize_=16.0, maxSize_=16, numDistinct_=-1, numNulls_=-1}}, SlotDescriptor{id=11, path=functional_parquet.alltypes.year, type=INT, materialized=true, byteSize=4, byteOffset=76, nullable=true, nullIndicatorByte=89, nullIndicatorBit=0, slotIdx=8, stats=ColumnStats{avgSerializedSize_=4.0, maxSize_=4, numDistinct_=2, numNulls_=0}}, SlotDescriptor{id=12, path=functional_parquet.alltypes.month, type=INT, materialized=true, byteSize=4, byteOffset=80, nullable=true, nullIndicatorByte=89, nullIndicatorBit=1, slotIdx=9, stats=ColumnStats{avgSerializedSize_=4.0, maxSize_=4, numDistinct_=12, numNulls_=0}}]}
TupleDescriptor{id=1, name=functional_parquet.alltypes statistics, tbl=functional_parquet.alltypes, byte_size=0, is_materialized=true, slots=[]}
