W1031 23:05:53.733355 5672 catalog_manager.cc:2955] TS daba39963d4346e1816089fd3a5442b5 (c3-kudu-tst-st09.bj:18700): delete failed for tablet 8df4d6c546194972a7c0cfb8bf652384 with error code TABLET_NOT_RUNNING: Illegal state: State transition of tablet 8df4d6c546194972a7c0cfb8bf652384 already in progress: creating tablet
I1031 23:05:53.733377 5672 catalog_manager.cc:2752] Scheduling retry of 8df4d6c546194972a7c0cfb8bf652384 Delete Tablet RPC for TS=daba39963d4346e1816089fd3a5442b5 with a delay of 1056ms (attempt = 7)...
I1031 23:05:53.733994 5673 catalog_manager.cc:2964] TS 625f49b9554549e6a5c3a92b76e576cf (c3-kudu-tst-st10.bj:18700): tablet 4b81a7f36c9a4b24a3294e39fdf19d9d (table default.timeout_tst [id=cdcb3e60c1314776843d856365535d49]) successfully deleted
I1031 23:05:53.902395 5673 catalog_manager.cc:2964] TS 625f49b9554549e6a5c3a92b76e576cf (c3-kudu-tst-st10.bj:18700): tablet 0ea66c65e2d4445eb9cc83ba7ee1448b (table default.timeout_tst [id=cdcb3e60c1314776843d856365535d49]) successfully deleted
I1031 23:05:53.903427 5673 catalog_manager.cc:2964] TS 625f49b9554549e6a5c3a92b76e576cf (c3-kudu-tst-st10.bj:18700): tablet 582c1281bf5147b2bd40c9a950a1152f (table default.timeout_tst [id=cdcb3e60c1314776843d856365535d49]) successfully deleted
I1031 23:05:53.927870 5673 catalog_manager.cc:2964] TS 625f49b9554549e6a5c3a92b76e576cf (c3-kudu-tst-st10.bj:18700): tablet 46fc46e028434bc69f467922a9a59101 (table default.timeout_tst [id=cdcb3e60c1314776843d856365535d49]) successfully deleted
I1031 23:05:53.927938 5673 catalog_manager.cc:2964] TS 625f49b9554549e6a5c3a92b76e576cf (c3-kudu-tst-st10.bj:18700): tablet 005a48fb466c4a52896842dd00124755 (table default.timeout_tst [id=cdcb3e60c1314776843d856365535d49]) successfully deleted
I1031 23:05:53.927968 5673 catalog_manager.cc:2964] TS 625f49b9554549e6a5c3a92b76e576cf (c3-kudu-tst-st10.bj:18700): tablet 719f0f496bc34a469e4069b2861b4be8 (table default.timeout_tst [id=cdcb3e60c1314776843d856365535d49]) successfully deleted
I1031 23:05:53.927992 5673 catalog_manager.cc:2964] TS 625f49b9554549e6a5c3a92b76e576cf (c3-kudu-tst-st10.bj:18700): tablet 69b4b5f037014f10bfab077f3f98ca49 (table default.timeout_tst [id=cdcb3e60c1314776843d856365535d49]) successfully deleted
I1031 23:05:53.928022 5673 catalog_manager.cc:2964] TS 625f49b9554549e6a5c3a92b76e576cf (c3-kudu-tst-st10.bj:18700): tablet 8df4d6c546194972a7c0cfb8bf652384 (table default.timeout_tst [id=cdcb3e60c1314776843d856365535d49]) successfully deleted
I1031 23:05:53.928071 5673 catalog_manager.cc:2964] TS 625f49b9554549e6a5c3a92b76e576cf (c3-kudu-tst-st10.bj:18700): tablet 012b21c0f95e4dd594076018fd6fdb7e (table default.timeout_tst [id=cdcb3e60c1314776843d856365535d49]) successfully deleted
I1031 23:05:53.929685 5661 maintenance_manager.cc:419] Time spent running UndoDeltaBlockGCOp(00000000000000000000000000000000): real 0.000s user 0.000s sys 0.000s
I1031 23:05:53.929723 5661 maintenance_manager.cc:425] P de39c515460944c48e021fd11a48acf8: UndoDeltaBlockGCOp(00000000000000000000000000000000) metrics: {"cfile_init":1,"lbm_read_time_us":13,"lbm_reads_lt_1ms":4}
I1031 23:05:53.953166 5673 catalog_manager.cc:2964] TS 625f49b9554549e6a5c3a92b76e576cf (c3-kudu-tst-st10.bj:18700): tablet d67c8d7da92f4f10b75858f21d80f8c4 (table default.timeout_tst [id=cdcb3e60c1314776843d856365535d49]) successfully deleted
I1031 23:05:53.953199 5673 catalog_manager.cc:2964] TS 625f49b9554549e6a5c3a92b76e576cf (c3-kudu-tst-st10.bj:18700): tablet 56155a2adc24450d89e338cc955bfa18 (table default.timeout_tst [id=cdcb3e60c1314776843d856365535d49]) successfully deleted
I1031 23:05:53.978554 5673 catalog_manager.cc:2964] TS 625f49b9554549e6a5c3a92b76e576cf (c3-kudu-tst-st10.bj:18700): tablet 117cd74bcdab4942901acb0005cdd702 (table default.timeout_tst [id=cdcb3e60c1314776843d856365535d49]) successfully deleted
I1031 23:05:53.978586 5673 catalog_manager.cc:2964] TS 625f49b9554549e6a5c3a92b76e576cf (c3-kudu-tst-st10.bj:18700): tablet 0def0264c0db4c438e16c22b23a0b43a (table default.timeout_tst [id=cdcb3e60c1314776843d856365535d49]) successfully deleted
I1031 23:05:53.978794 5673 catalog_manager.cc:2964] TS 625f49b9554549e6a5c3a92b76e576cf (c3-kudu-tst-st10.bj:18700): tablet 0c2abca80c8f4fdaa788afd6a931df9d (table default.timeout_tst [id=cdcb3e60c1314776843d856365535d49]) successfully deleted
I1031 23:05:54.181342 5661 tablet.cc:1388] T 00000000000000000000000000000000 P de39c515460944c48e021fd11a48acf8: Compaction: stage 1 complete, picked 2 rowsets to compact
I1031 23:05:54.181370 5661 compaction.cc:877] Selected 2 rowsets to compact:
I1031 23:05:54.181378 5661 compaction.cc:880] RowSet(1092)(current size on disk: ~7248801 bytes)
I1031 23:05:54.181385 5661 compaction.cc:880] RowSet(1093)(current size on disk: ~15731 bytes)
I1031 23:05:54.181406 5661 tablet.cc:1174] T 00000000000000000000000000000000 P de39c515460944c48e021fd11a48acf8: Compaction: entering phase 1 (flushing snapshot). Phase 1 snapshot: MvccSnapshot[committed={T|T < 6182757800763564032 or (T in {6182757800763564032})}]
I1031 23:05:54.181525 5661 multi_column_writer.cc:85] Opened CFile writer for column entry_type[int8 NOT NULL]
I1031 23:05:54.181565 5661 multi_column_writer.cc:85] Opened CFile writer for column entry_id[string NOT NULL]
I1031 23:05:54.181596 5661 multi_column_writer.cc:85] Opened CFile writer for column metadata[string NOT NULL]
I1031 23:05:54.489939 5661 tablet.cc:1259] T 00000000000000000000000000000000 P de39c515460944c48e021fd11a48acf8: Compaction: entering phase 2 (starting to duplicate updates in new rowsets)
I1031 23:05:54.491027 5661 tablet.cc:1314] T 00000000000000000000000000000000 P de39c515460944c48e021fd11a48acf8: Compaction Phase 2: carrying over any updates which arrived during Phase 1
I1031 23:05:54.491046 5661 tablet.cc:1316] T 00000000000000000000000000000000 P de39c515460944c48e021fd11a48acf8: Phase 2 snapshot: MvccSnapshot[committed={T|T < 6182757800763564032 or (T in {6182757800763564032})}]
I1031 23:05:54.563624 5661 tablet.cc:1358] T 00000000000000000000000000000000 P de39c515460944c48e021fd11a48acf8: Compaction successful on 19610 rows (7936172 bytes)
I1031 23:05:54.564702 5661 maintenance_manager.cc:419] Time spent running CompactRowSetsOp(00000000000000000000000000000000): real 0.385s user 0.032s sys 0.014s
I1031 23:05:54.564779 5661 maintenance_manager.cc:425] P de39c515460944c48e021fd11a48acf8: CompactRowSetsOp(00000000000000000000000000000000) metrics: {"cfile_cache_hit":14,"cfile_cache_hit_bytes":540765,"cfile_cache_miss":92,"cfile_cache_miss_bytes":14009213,"cfile_init":7,"data dir 0.queue_time_us":108,"data dir 1.queue_time_us":135,"data dir 1.run_cpu_time_us":98,"data dir 1.run_wall_time_us":97,"data dir 2.queue_time_us":302,"data dir 2.run_cpu_time_us":361,"data dir 2.run_wall_time_us":360,"data dir 3.queue_time_us":95,"data dir 4.queue_time_us":166,"data dir 4.run_cpu_time_us":96,"data dir 4.run_wall_time_us":96,"data dir 5.queue_time_us":231,"data dir 5.run_cpu_time_us":561,"data dir 5.run_wall_time_us":42037,"data dir 6.queue_time_us":144,"data dir 6.run_cpu_time_us":50,"data dir 6.run_wall_time_us":50,"data dir 7.queue_time_us":91,"data dir 7.run_cpu_time_us":49,"data dir 7.run_wall_time_us":50,"data dir 8.queue_time_us":87,"data dir 8.run_cpu_time_us":49,"data dir 8.run_wall_time_us":49,"delta_iterators_relevant":8,"fdatasync":13,"fdatasync_us":321808,"lbm_read_time_us":3711,"lbm_reads_lt_1ms":120,"lbm_write_time_us":7677,"lbm_writes_lt_1ms":383,"spinlock_wait_cycles":768,"thread_start_us":969,"threads_started":9}
I1031 23:05:54.692415 5661 maintenance_manager.cc:419] Time spent running UndoDeltaBlockGCOp(00000000000000000000000000000000): real 0.000s user 0.000s sys 0.000s
I1031 23:05:54.692454 5661 maintenance_manager.cc:425] P de39c515460944c48e021fd11a48acf8: UndoDeltaBlockGCOp(00000000000000000000000000000000) metrics: {"cfile_init":1,"lbm_read_time_us":11,"lbm_reads_lt_1ms":4}
I1031 23:05:54.695888 5673 catalog_manager.cc:2988] Sending DeleteTablet(TABLET_DATA_DELETED) for tablet 8df4d6c546194972a7c0cfb8bf652384 on 625f49b9554549e6a5c3a92b76e576cf (c3-kudu-tst-st10.bj:18700) (Replaced by bb4c891b261b42ef9b983f46cefef6ae at 2017-10-31 23:05:52 CST)
W1031 23:05:54.696246 5673 catalog_manager.cc:2942] TS 625f49b9554549e6a5c3a92b76e576cf (c3-kudu-tst-st10.bj:18700): delete failed for tablet 8df4d6c546194972a7c0cfb8bf652384 because the tablet was not found. No further retry: Not found: Tablet not found: 8df4d6c546194972a7c0cfb8bf652384
I1031 23:05:54.728175 5675 catalog_manager.cc:2988] Sending DeleteTablet(TABLET_DATA_DELETED) for tablet f2af422919fd4560bd6441509a68d64b on 23f962e4a1744381ad5fa0d2d8b10241 (c3-kudu-tst-st07.bj:18700) (Replaced by a17da97943904920814af1508905ecfc at 2017-10-31 23:05:52 CST)
W1031 23:05:54.728626 5675 catalog_manager.cc:2955] TS 23f962e4a1744381ad5fa0d2d8b10241 (c3-kudu-tst-st07.bj:18700): delete failed for tablet f2af422919fd4560bd6441509a68d64b with error code TABLET_NOT_RUNNING: Illegal state: State transition of tablet f2af422919fd4560bd6441509a68d64b already in progress: creating tablet
I1031 23:05:54.728648 5675 catalog_manager.cc:2752] Scheduling retry of f2af422919fd4560bd6441509a68d64b Delete Tablet RPC for TS=23f962e4a1744381ad5fa0d2d8b10241 with a delay of 2069ms (attempt = 8)...
I1031 23:05:54.742761 5674 catalog_manager.cc:2988] Sending DeleteTablet(TABLET_DATA_DELETED) for tablet 8df4d6c546194972a7c0cfb8bf652384 on 193181be29284287b25df2ee92938f0b (c3-kudu-tst-st08.bj:18700) (Replaced by bb4c891b261b42ef9b983f46cefef6ae at 2017-10-31 23:05:52 CST)
W1031 23:05:54.743154 5674 catalog_manager.cc:2955] TS 193181be29284287b25df2ee92938f0b (c3-kudu-tst-st08.bj:18700): delete failed for tablet 8df4d6c546194972a7c0cfb8bf652384 with error code TABLET_NOT_RUNNING: Illegal state: State transition of tablet 8df4d6c546194972a7c0cfb8bf652384 already in progress: creating tablet
I1031 23:05:54.743180 5674 catalog_manager.cc:2752] Scheduling retry of 8df4d6c546194972a7c0cfb8bf652384 Delete Tablet RPC for TS=193181be29284287b25df2ee92938f0b with a delay of 2080ms (attempt = 8)...
I1031 23:05:54.749341 5674 catalog_manager.cc:2988] Sending DeleteTablet(TABLET_DATA_DELETED) for tablet d67c8d7da92f4f10b75858f21d80f8c4 on d3eb30bd1bc34b95902fa61724239553 (c3-kudu-tst-st05.bj:18700) (Replaced by 8566e0c79e674a74803cd1a15fec8cb2 at 2017-10-31 23:05:52 CST)
W1031 23:05:54.749651 5674 catalog_manager.cc:2955] TS d3eb30bd1bc34b95902fa61724239553 (c3-kudu-tst-st05.bj:18700): delete failed for tablet d67c8d7da92f4f10b75858f21d80f8c4 with error code TABLET_NOT_RUNNING: Illegal state: State transition of tablet d67c8d7da92f4f10b75858f21d80f8c4 already in progress: creating tablet
I1031 23:05:54.749683 5674 catalog_manager.cc:2752] Scheduling retry of d67c8d7da92f4f10b75858f21d80f8c4 Delete Tablet RPC for TS=d3eb30bd1bc34b95902fa61724239553 with a delay of 2067ms (attempt = 8)...
I1031 23:05:54.755133 5673 catalog_manager.cc:2988] Sending DeleteTablet(TABLET_DATA_DELETED) for tablet 012b21c0f95e4dd594076018fd6fdb7e on 625f49b9554549e6a5c3a92b76e576cf (c3-kudu-tst-st10.bj:18700) (Replaced by ae7fa26c77054ef1b98d5e0f4e6940d6 at 2017-10-31 23:05:52 CST)
W1031 23:05:54.755439 5673 catalog_manager.cc:2942] TS 625f49b9554549e6a5c3a92b76e576cf (c3-kudu-tst-st10.bj:18700): delete failed for tablet 012b21c0f95e4dd594076018fd6fdb7e because the tablet was not found. No further retry: Not found: Tablet not found: 012b21c0f95e4dd594076018fd6fdb7e
I1031 23:05:54.757891 5675 catalog_manager.cc:2988] Sending DeleteTablet(TABLET_DATA_DELETED) for tablet d67c8d7da92f4f10b75858f21d80f8c4 on 23f962e4a1744381ad5fa0d2d8b10241 (c3-kudu-tst-st07.bj:18700) (Replaced by 8566e0c79e674a74803cd1a15fec8cb2 at 2017-10-31 23:05:52 CST)
W1031 23:05:54.758185 5675 catalog_manager.cc:2955] TS 23f962e4a1744381ad5fa0d2d8b10241 (c3-kudu-tst-st07.bj:18700): delete failed for tablet d67c8d7da92f4f10b75858f21d80f8c4 with error code TABLET_NOT_RUNNING: Illegal state: State transition of tablet d67c8d7da92f4f10b75858f21d80f8c4 already in progress: creating tablet
I1031 23:05:54.758203 5675 catalog_manager.cc:2752] Scheduling retry of d67c8d7da92f4f10b75858f21d80f8c4 Delete Tablet RPC for TS=23f962e4a1744381ad5fa0d2d8b10241 with a delay of 2091ms (attempt = 8)...
I1031 23:05:54.760840 5674 catalog_manager.cc:2988] Sending DeleteTablet(TABLET_DATA_DELETED) for tablet f2af422919fd4560bd6441509a68d64b on 193181be29284287b25df2ee92938f0b (c3-kudu-tst-st08.bj:18700) (Replaced by a17da97943904920814af1508905ecfc at 2017-10-31 23:05:52 CST)
W1031 23:05:54.761152 5674 catalog_manager.cc:2955] TS 193181be29284287b25df2ee92938f0b (c3-kudu-tst-st08.bj:18700): delete failed for tablet f2af422919fd4560bd6441509a68d64b with error code TABLET_NOT_RUNNING: Illegal state: State transition of tablet f2af422919fd4560bd6441509a68d64b already in progress: creating tablet
I1031 23:05:54.761175 5674 catalog_manager.cc:2752] Scheduling retry of f2af422919fd4560bd6441509a68d64b Delete Tablet RPC for TS=193181be29284287b25df2ee92938f0b with a delay of 2096ms (attempt = 8)...
I1031 23:05:54.775362 5675 catalog_manager.cc:2988] Sending DeleteTablet(TABLET_DATA_DELETED) for tablet 012b21c0f95e4dd594076018fd6fdb7e on 23f962e4a1744381ad5fa0d2d8b10241 (c3-kudu-tst-st07.bj:18700) (Replaced by ae7fa26c77054ef1b98d5e0f4e6940d6 at 2017-10-31 23:05:52 CST)
W1031 23:05:54.775693 5675 catalog_manager.cc:2955] TS 23f962e4a1744381ad5fa0d2d8b10241 (c3-kudu-tst-st07.bj:18700): delete failed for tablet 012b21c0f95e4dd594076018fd6fdb7e with error code TABLET_NOT_RUNNING: Illegal state: State transition of tablet 012b21c0f95e4dd594076018fd6fdb7e already in progress: creating tablet
I1031 23:05:54.775715 5675 catalog_manager.cc:2752] Scheduling retry of 012b21c0f95e4dd594076018fd6fdb7e Delete Tablet RPC for TS=23f962e4a1744381ad5fa0d2d8b10241 with a delay of 2067ms (attempt = 8)...
I1031 23:05:54.779624 5673 catalog_manager.cc:2988] Sending DeleteTablet(TABLET_DATA_DELETED) for tablet d67c8d7da92f4f10b75858f21d80f8c4 on 625f49b9554549e6a5c3a92b76e576cf (c3-kudu-tst-st10.bj:18700) (Replaced by 8566e0c79e674a74803cd1a15fec8cb2 at 2017-10-31 23:05:52 CST)
W1031 23:05:54.779920 5673 catalog_manager.cc:2942] TS 625f49b9554549e6a5c3a92b76e576cf (c3-kudu-tst-st10.bj:18700): delete failed for tablet d67c8d7da92f4f10b75858f21d80f8c4 because the tablet was not found. No further retry: Not found: Tablet not found: d67c8d7da92f4f10b75858f21d80f8c4
I1031 23:05:54.789422 5672 catalog_manager.cc:2988] Sending DeleteTablet(TABLET_DATA_DELETED) for tablet 8df4d6c546194972a7c0cfb8bf652384 on daba39963d4346e1816089fd3a5442b5 (c3-kudu-tst-st09.bj:18700) (Replaced by bb4c891b261b42ef9b983f46cefef6ae at 2017-10-31 23:05:52 CST)
W1031 23:05:54.789757 5672 catalog_manager.cc:2955] TS daba39963d4346e1816089fd3a5442b5 (c3-kudu-tst-st09.bj:18700): delete failed for tablet 8df4d6c546194972a7c0cfb8bf652384 with error code TABLET_NOT_RUNNING: Illegal state: State transition of tablet 8df4d6c546194972a7c0cfb8bf652384 already in progress: creating tablet
I1031 23:05:54.789790 5672 catalog_manager.cc:2752] Scheduling retry of 8df4d6c546194972a7c0cfb8bf652384 Delete Tablet RPC for TS=daba39963d4346e1816089fd3a5442b5 with a delay of 2055ms (attempt = 8)...
I1031 23:05:55.447031 5673 catalog_manager.cc:2988] Sending DeleteTablet(TABLET_DATA_DELETED) for tablet 005a48fb466c4a52896842dd00124755 on 625f49b9554549e6a5c3a92b76e576cf (c3-kudu-tst-st10.bj:18700) (Replaced by f2af422919fd4560bd6441509a68d64b at 2017-10-31 23:05:22 CST)
W1031 23:05:55.447453 5673 catalog_manager.cc:2942] TS 625f49b9554549e6a5c3a92b76e576cf (c3-kudu-tst-st10.bj:18700): delete failed for tablet 005a48fb466c4a52896842dd00124755 because the tablet was not found. No further retry: Not found: Tablet not found: 005a48fb466c4a52896842dd00124755
I1031 23:05:55.469691 5673 catalog_manager.cc:2988] Sending DeleteTablet(TABLET_DATA_DELETED) for tablet 1cebccaea10d49478c004cca39676556 on 625f49b9554549e6a5c3a92b76e576cf (c3-kudu-tst-st10.bj:18700) (Replaced by b4e182b626554f3597d5c733c80997e6 at 2017-10-31 23:05:22 CST)
W1031 23:05:55.469952 5673 catalog_manager.cc:2942] TS 625f49b9554549e6a5c3a92b76e576cf (c3-kudu-tst-st10.bj:18700): delete failed for tablet 1cebccaea10d49478c004cca39676556 because the tablet was not found. No further retry: Not found: Tablet not found: 1cebccaea10d49478c004cca39676556
I1031 23:05:55.476486 5674 catalog_manager.cc:2988] Sending DeleteTablet(TABLET_DATA_DELETED) for tablet 721e8a57234447eabda00f5df65bd574 on 193181be29284287b25df2ee92938f0b (c3-kudu-tst-st08.bj:18700) (Replaced by 8df4d6c546194972a7c0cfb8bf652384 at 2017-10-31 23:05:22 CST)
W1031 23:05:55.476845 5674 catalog_manager.cc:2955] TS 193181be29284287b25df2ee92938f0b (c3-kudu-tst-st08.bj:18700): delete failed for tablet 721e8a57234447eabda00f5df65bd574 with error code TABLET_NOT_RUNNING: Illegal state: State transition of tablet 721e8a57234447eabda00f5df65bd574 already in progress: creating tablet
I1031 23:05:55.476878 5674 catalog_manager.cc:2752] Scheduling retry of 721e8a57234447eabda00f5df65bd574 Delete Tablet RPC for TS=193181be29284287b25df2ee92938f0b with a delay of 32790ms (attempt = 12)...
I1031 23:05:55.478169 5673 catalog_manager.cc:2988] Sending DeleteTablet(TABLET_DATA_DELETED) for tablet 0def0264c0db4c438e16c22b23a0b43a on 625f49b9554549e6a5c3a92b76e576cf (c3-kudu-tst-st10.bj:18700) (Replaced by 95f15519e52a48edab3b765ae3a8e93d at 2017-10-31 23:05:22 CST)
W1031 23:05:55.478487 5673 catalog_manager.cc:2942] TS 625f49b9554549e6a5c3a92b76e576cf (c3-kudu-tst-st10.bj:18700): delete failed for tablet 0def0264c0db4c438e16c22b23a0b43a because the tablet was not found. No further retry: Not found: Tablet not found: 0def0264c0db4c438e16c22b23a0b43a
I1031 23:05:55.500046 5674 catalog_manager.cc:2988] Sending DeleteTablet(TABLET_DATA_DELETED) for tablet 721e8a57234447eabda00f5df65bd574 on d3eb30bd1bc34b95902fa61724239553 (c3-kudu-tst-st05.bj:18700) (Replaced by 8df4d6c546194972a7c0cfb8bf652384 at 2017-10-31 23:05:22 CST)
W1031 23:05:55.500353 5674 catalog_manager.cc:2955] TS d3eb30bd1bc34b95902fa61724239553 (c3-kudu-tst-st05.bj:18700): delete failed for tablet 721e8a57234447eabda00f5df65bd574 with error code TABLET_NOT_RUNNING: Illegal state: State transition of tablet 721e8a57234447eabda00f5df65bd574 already in progress: creating tablet
I1031 23:05:55.500385 5674 catalog_manager.cc:2752] Scheduling retry of 721e8a57234447eabda00f5df65bd574 Delete Tablet RPC for TS=d3eb30bd1bc34b95902fa61724239553 with a delay of 32796ms (attempt = 12)...
I1031 23:05:55.503538 5674 catalog_manager.cc:2988] Sending DeleteTablet(TABLET_DATA_DELETED) for tablet 8356b43879104775b9a8c5a9e546e85b on d3eb30bd1bc34b95902fa61724239553 (c3-kudu-tst-st05.bj:18700) (Replaced by 29fdcf1d33f94660b0c77445ec7e559b at 2017-10-31 23:05:22 CST)
W1031 23:05:55.503856 5674 catalog_manager.cc:2955] TS d3eb30bd1bc34b95902fa61724239553 (c3-kudu-tst-st05.bj:18700): delete failed for tablet 8356b43879104775b9a8c5a9e546e85b with error code TABLET_NOT_RUNNING: Illegal state: State transition of tablet 8356b43879104775b9a8c5a9e546e85b already in progress: creating tablet
I1031 23:05:55.503888 5674 catalog_manager.cc:2752] Scheduling retry of 8356b43879104775b9a8c5a9e546e85b Delete Tablet RPC for TS=d3eb30bd1bc34b95902fa61724239553 with a delay of 32809ms (attempt = 12)...
I1031 23:05:55.517387 5675 catalog_manager.cc:2988] Sending DeleteTablet(TABLET_DATA_DELETED) for tablet 005a48fb466c4a52896842dd00124755 on 044f1da9a27c46acb82b1386f829f4dc (c3-kudu-tst-st03.bj:18700) (Replaced by f2af422919fd4560bd6441509a68d64b at 2017-10-31 23:05:22 CST)
W1031 23:05:55.517705 5675 catalog_manager.cc:2955] TS 044f1da9a27c46acb82b1386f829f4dc (c3-kudu-tst-st03.bj:18700): delete failed for tablet 005a48fb466c4a52896842dd00124755 with error code TABLET_NOT_RUNNING: Illegal state: State transition of tablet 005a48fb466c4a52896842dd00124755 already in progress: creating tablet
I1031 23:05:55.517740 5675 catalog_manager.cc:2752] Scheduling retry of 005a48fb466c4a52896842dd00124755 Delete Tablet RPC for TS=044f1da9a27c46acb82b1386f829f4dc with a delay of 32792ms (attempt = 12)...
I1031 23:05:55.528781 5673 catalog_manager.cc:2988] Sending DeleteTablet(TABLET_DATA_DELETED) for tablet 0c2abca80c8f4fdaa788afd6a931df9d on 625f49b9554549e6a5c3a92b76e576cf (c3-kudu-tst-st10.bj:18700) (Replaced by db5874009dd84d4892fccdb3316010c2 at 2017-10-31 23:05:22 CST)
W1031 23:05:55.529083 5673 catalog_manager.cc:2942] TS 625f49b9554549e6a5c3a92b76e576cf (c3-kudu-tst-st10.bj:18700): delete failed for tablet 0c2abca80c8f4fdaa788afd6a931df9d because the tablet was not found. No further retry: Not found: Tablet not found: 0c2abca80c8f4fdaa788afd6a931df9d
I1031 23:05:55.530112 5674 catalog_manager.cc:2988] Sending DeleteTablet(TABLET_DATA_DELETED) for tablet 0c2abca80c8f4fdaa788afd6a931df9d on 193181be29284287b25df2ee92938f0b (c3-kudu-tst-st08.bj:18700) (Replaced by db5874009dd84d4892fccdb3316010c2 at 2017-10-31 23:05:22 CST)
W1031 23:05:55.530367 5674 catalog_manager.cc:2955] TS 193181be29284287b25df2ee92938f0b (c3-kudu-tst-st08.bj:18700): delete failed for tablet 0c2abca80c8f4fdaa788afd6a931df9d with error code TABLET_NOT_RUNNING: Illegal state: State transition of tablet 0c2abca80c8f4fdaa788afd6a931df9d already in progress: creating tablet
I1031 23:05:55.530390 5674 catalog_manager.cc:2752] Scheduling retry of 0c2abca80c8f4fdaa788afd6a931df9d Delete Tablet RPC for TS=193181be29284287b25df2ee92938f0b with a delay of 32802ms (attempt = 12)...
I1031 23:05:55.533489 5675 catalog_manager.cc:2988] Sending DeleteTablet(TABLET_DATA_DELETED) for tablet 80ba7f33ec864c5f96c61932edb5cdc4 on 23f962e4a1744381ad5fa0d2d8b10241 (c3-kudu-tst-st07.bj:18700) (Replaced by 47eeb8448c454968a45bf1a984427b25 at 2017-10-31 23:05:22 CST)
W1031 23:05:55.533759 5675 catalog_manager.cc:2955] TS 23f962e4a1744381ad5fa0d2d8b10241 (c3-kudu-tst-st07.bj:18700): delete failed for tablet 80ba7f33ec864c5f96c61932edb5cdc4 with error code TABLET_NOT_RUNNING: Illegal state: State transition of tablet 80ba7f33ec864c5f96c61932edb5cdc4 already in progress: creating tablet
I1031 23:05:55.533783 5675 catalog_manager.cc:2752] Scheduling retry of 80ba7f33ec864c5f96c61932edb5cdc4 Delete Tablet RPC for TS=23f962e4a1744381ad5fa0d2d8b10241 with a delay of 32777ms (attempt = 12)...
I1031 23:05:55.534888 5675 catalog_manager.cc:2988] Sending DeleteTablet(TABLET_DATA_DELETED) for tablet 32984b820db347e1b2d4d0786cf221f2 on 23f962e4a1744381ad5fa0d2d8b10241 (c3-kudu-tst-st07.bj:18700) (Replaced by eeb3a3cb417b466abffd16749d165a61 at 2017-10-31 23:05:22 CST)
W1031 23:05:55.535099 5675 catalog_manager.cc:2955] TS 23f962e4a1744381ad5fa0d2d8b10241 (c3-kudu-tst-st07.bj:18700): delete failed for tablet 32984b820db347e1b2d4d0786cf221f2 with error code TABLET_NOT_RUNNING: Illegal state: State transition of tablet 32984b820db347e1b2d4d0786cf221f2 already in progress: creating tablet
I1031 23:05:55.535115 5675 catalog_manager.cc:2752] Scheduling retry of 32984b820db347e1b2d4d0786cf221f2 Delete Tablet RPC for TS=23f962e4a1744381ad5fa0d2d8b10241 with a delay of 32779ms (attempt = 12)...
I1031 23:05:55.543546 5674 catalog_manager.cc:2988] Sending DeleteTablet(TABLET_DATA_DELETED) for tablet 80ba7f33ec864c5f96c61932edb5cdc4 on 193181be29284287b25df2ee92938f0b (c3-kudu-tst-st08.bj:18700) (Replaced by 47eeb8448c454968a45bf1a984427b25 at 2017-10-31 23:05:22 CST)
W1031 23:05:55.543846 5674 catalog_manager.cc:2955] TS 193181be29284287b25df2ee92938f0b (c3-kudu-tst-st08.bj:18700): delete failed for tablet 80ba7f33ec864c5f96c61932edb5cdc4 with error code TABLET_NOT_RUNNING: Illegal state: State transition of tablet 80ba7f33ec864c5f96c61932edb5cdc4 already in progress: creating tablet
I1031 23:05:55.543869 5674 catalog_manager.cc:2752] Scheduling retry of 80ba7f33ec864c5f96c61932edb5cdc4 Delete Tablet RPC for TS=193181be29284287b25df2ee92938f0b with a delay of 32777ms (attempt = 12)...
I1031 23:05:55.550266 5675 catalog_manager.cc:2988] Sending DeleteTablet(TABLET_DATA_DELETED) for tablet 005a48fb466c4a52896842dd00124755 on 23f962e4a1744381ad5fa0d2d8b10241 (c3-kudu-tst-st07.bj:18700) (Replaced by f2af422919fd4560bd6441509a68d64b at 2017-10-31 23:05:22 CST)
W1031 23:05:55.550536 5675 catalog_manager.cc:2955] TS 23f962e4a1744381ad5fa0d2d8b10241 (c3-kudu-tst-st07.bj:18700): delete failed for tablet 005a48fb466c4a52896842dd00124755 with error code TABLET_NOT_RUNNING: Illegal state: State transition of tablet 005a48fb466c4a52896842dd00124755 already in progress: creating tablet
I1031 23:05:55.550552 5675 catalog_manager.cc:2752] Scheduling retry of 005a48fb466c4a52896842dd00124755 Delete Tablet RPC for TS=23f962e4a1744381ad5fa0d2d8b10241 with a delay of 32813ms (attempt = 12)...
I1031 23:05:55.551231 5673 catalog_manager.cc:2988] Sending DeleteTablet(TABLET_DATA_DELETED) for tablet 32984b820db347e1b2d4d0786cf221f2 on 0fc477287c154136abc1e2f3c82fb7f9 (c3-kudu-tst-st04.bj:18700) (Replaced by eeb3a3cb417b466abffd16749d165a61 at 2017-10-31 23:05:22 CST)
W1031 23:05:55.551631 5673 catalog_manager.cc:2955] TS 0fc477287c154136abc1e2f3c82fb7f9 (c3-kudu-tst-st04.bj:18700): delete failed for tablet 32984b820db347e1b2d4d0786cf221f2 with error code TABLET_NOT_RUNNING: Illegal state: State transition of tablet 32984b820db347e1b2d4d0786cf221f2 already in progress: creating tablet
I1031 23:05:55.551666 5673 catalog_manager.cc:2752] Scheduling retry of 32984b820db347e1b2d4d0786cf221f2 Delete Tablet RPC for TS=0fc477287c154136abc1e2f3c82fb7f9 with a delay of 32810ms (attempt = 12)...
I1031 23:05:55.562031 5674 catalog_manager.cc:2988] Sending DeleteTablet(TABLET_DATA_DELETED) for tablet acb401e40e7049fbbfdbeb40474353d9 on 193181be29284287b25df2ee92938f0b (c3-kudu-tst-st08.bj:18700) (Replaced by d67c8d7da92f4f10b75858f21d80f8c4 at 2017-10-31 23:05:22 CST)
W1031 23:05:55.562351 5674 catalog_manager.cc:2955] TS 193181be29284287b25df2ee92938f0b (c3-kudu-tst-st08.bj:18700): delete failed for tablet acb401e40e7049fbbfdbeb40474353d9 with error code TABLET_NOT_RUNNING: Illegal state: State transition of tablet acb401e40e7049fbbfdbeb40474353d9 already in progress: creating tablet
I1031 23:05:55.562374 5674 catalog_manager.cc:2752] Scheduling retry of acb401e40e7049fbbfdbeb40474353d9 Delete Tablet RPC for TS=193181be29284287b25df2ee92938f0b with a delay of 32793ms (attempt = 12)...
I1031 23:05:55.566817 5673 catalog_manager.cc:2988] Sending DeleteTablet(TABLET_DATA_DELETED) for tablet acb401e40e7049fbbfdbeb40474353d9 on 0fc477287c154136abc1e2f3c82fb7f9 (c3-kudu-tst-st04.bj:18700) (Replaced by d67c8d7da92f4f10b75858f21d80f8c4 at 2017-10-31 23:05:22 CST)
W1031 23:05:55.567090 5673 catalog_manager.cc:2955] TS 0fc477287c154136abc1e2f3c82fb7f9 (c3-kudu-tst-st04.bj:18700): delete failed for tablet acb401e40e7049fbbfdbeb40474353d9 with error code TABLET_NOT_RUNNING: Illegal state: State transition of tablet acb401e40e7049fbbfdbeb40474353d9 already in progress: creating tablet
I1031 23:05:55.567122 5673 catalog_manager.cc:2752] Scheduling retry of acb401e40e7049fbbfdbeb40474353d9 Delete Tablet RPC for TS=0fc477287c154136abc1e2f3c82fb7f9 with a delay of 32771ms (attempt = 12)...
I1031 23:05:55.571274 5673 catalog_manager.cc:2988] Sending DeleteTablet(TABLET_DATA_DELETED) for tablet 802f72af09384e95acd389f46a1d9c84 on 0fc477287c154136abc1e2f3c82fb7f9 (c3-kudu-tst-st04.bj:18700) (Replaced by 721e8a57234447eabda00f5df65bd574 at 2017-10-31 23:04:52 CST)
W1031 23:05:55.571552 5673 catalog_manager.cc:2955] TS 0fc477287c154136abc1e2f3c82fb7f9 (c3-kudu-tst-st04.bj:18700): delete failed for tablet 802f72af09384e95acd389f46a1d9c84 with error code TABLET_NOT_RUNNING: Illegal state: State transition of tablet 802f72af09384e95acd389f46a1d9c84 already in progress: deleting tablet
I1031 23:05:55.571583 5673 catalog_manager.cc:2752] Scheduling retry of 802f72af09384e95acd389f46a1d9c84 Delete Tablet RPC for TS=0fc477287c154136abc1e2f3c82fb7f9 with a delay of 32783ms (attempt = 12)...
I1031 23:05:55.588536 5674 catalog_manager.cc:2988] Sending DeleteTablet(TABLET_DATA_DELETED) for tablet de37a68992504da8a4640f8ab4653544 on 193181be29284287b25df2ee92938f0b (c3-kudu-tst-st08.bj:18700) (Replaced by 012b21c0f95e4dd594076018fd6fdb7e at 2017-10-31 23:05:22 CST)
I1031 23:05:55.588701 5675 catalog_manager.cc:2988] Sending DeleteTablet(TABLET_DATA_DELETED) for tablet 80ba7f33ec864c5f96c61932edb5cdc4 on 044f1da9a27c46acb82b1386f829f4dc (c3-kudu-tst-st03.bj:18700) (Replaced by 47eeb8448c454968a45bf1a984427b25 at 2017-10-31 23:05:22 CST)
W1031 23:05:55.588863 5674 catalog_manager.cc:2955] TS 193181be29284287b25df2ee92938f0b (c3-kudu-tst-st08.bj:18700): delete failed for tablet de37a68992504da8a4640f8ab4653544 with error code TABLET_NOT_RUNNING: Illegal state: State transition of tablet de37a68992504da8a4640f8ab4653544 already in progress: creating tablet
I1031 23:05:55.588906 5674 catalog_manager.cc:2752] Scheduling retry of de37a68992504da8a4640f8ab4653544 Delete Tablet RPC for TS=193181be29284287b25df2ee92938f0b with a delay of 32793ms (attempt = 12)...
W1031 23:05:55.588989 5675 catalog_manager.cc:2955] TS 044f1da9a27c46acb82b1386f829f4dc (c3-kudu-tst-st03.bj:18700): delete failed for tablet 80ba7f33ec864c5f96c61932edb5cdc4 with error code TABLET_NOT_RUNNING: Illegal state: State transition of tablet 80ba7f33ec864c5f96c61932edb5cdc4 already in progress: creating tablet
I1031 23:05:55.589020 5675 catalog_manager.cc:2752] Scheduling retry of 80ba7f33ec864c5f96c61932edb5cdc4 Delete Tablet RPC for TS=044f1da9a27c46acb82b1386f829f4dc with a delay of 32799ms (attempt = 12)...
I1031 23:05:55.599068 5674 catalog_manager.cc:2988] Sending DeleteTablet(TABLET_DATA_DELETED) for tablet 8356b43879104775b9a8c5a9e546e85b on 193181be29284287b25df2ee92938f0b (c3-kudu-tst-st08.bj:18700) (Replaced by 29fdcf1d33f94660b0c77445ec7e559b at 2017-10-31 23:05:22 CST)
W1031 23:05:55.599383 5674 catalog_manager.cc:2955] TS 193181be29284287b25df2ee92938f0b (c3-kudu-tst-st08.bj:18700): delete failed for tablet 8356b43879104775b9a8c5a9e546e85b with error code TABLET_NOT_RUNNING: Illegal state: State transition of tablet 8356b43879104775b9a8c5a9e546e85b already in progress: creating tablet
I1031 23:05:55.599407 5674 catalog_manager.cc:2752] Scheduling retry of 8356b43879104775b9a8c5a9e546e85b Delete Tablet RPC for TS=193181be29284287b25df2ee92938f0b with a delay of 32773ms (attempt = 12)...
I1031 23:05:55.602736 5673 catalog_manager.cc:2988] Sending DeleteTablet(TABLET_DATA_DELETED) for tablet 1cebccaea10d49478c004cca39676556 on 0fc477287c154136abc1e2f3c82fb7f9 (c3-kudu-tst-st04.bj:18700) (Replaced by b4e182b626554f3597d5c733c80997e6 at 2017-10-31 23:05:22 CST)
W1031 23:05:55.603133 5673 catalog_manager.cc:2955] TS 0fc477287c154136abc1e2f3c82fb7f9 (c3-kudu-tst-st04.bj:18700): delete failed for tablet 1cebccaea10d49478c004cca39676556 with error code TABLET_NOT_RUNNING: Illegal state: State transition of tablet 1cebccaea10d49478c004cca39676556 already in progress: creating tablet
I1031 23:05:55.603165 5673 catalog_manager.cc:2752] Scheduling retry of 1cebccaea10d49478c004cca39676556 Delete Tablet RPC for TS=0fc477287c154136abc1e2f3c82fb7f9 with a delay of 32807ms (attempt = 12)...
I1031 23:05:55.654443 5673 catalog_manager.cc:2988] Sending DeleteTablet(TABLET_DATA_DELETED) for tablet de37a68992504da8a4640f8ab4653544 on 0fc477287c154136abc1e2f3c82fb7f9 (c3-kudu-tst-st04.bj:18700) (Replaced by 012b21c0f95e4dd594076018fd6fdb7e at 2017-10-31 23:05:22 CST)
W1031 23:05:55.654812 5673 catalog_manager.cc:2955] TS 0fc477287c154136abc1e2f3c82fb7f9 (c3-kudu-tst-st04.bj:18700): delete failed for tablet de37a68992504da8a4640f8ab4653544 with error code TABLET_NOT_RUNNING: Illegal state: State transition of tablet de37a68992504da8a4640f8ab4653544 already in progress: creating tablet
I1031 23:05:55.654834 5673 catalog_manager.cc:2752] Scheduling retry of de37a68992504da8a4640f8ab4653544 Delete Tablet RPC for TS=0fc477287c154136abc1e2f3c82fb7f9 with a delay of 32772ms (attempt = 12)...
I1031 23:05:55.666055 5674 catalog_manager.cc:2988] Sending DeleteTablet(TABLET_DATA_DELETED) for tablet 0def0264c0db4c438e16c22b23a0b43a on 193181be29284287b25df2ee92938f0b (c3-kudu-tst-st08.bj:18700) (Replaced by 95f15519e52a48edab3b765ae3a8e93d at 2017-10-31 23:05:22 CST)
W1031 23:05:55.666374 5674 catalog_manager.cc:2955] TS 193181be29284287b25df2ee92938f0b (c3-kudu-tst-st08.bj:18700): delete failed for tablet 0def0264c0db4c438e16c22b23a0b43a with error code TABLET_NOT_RUNNING: Illegal state: State transition of tablet 0def0264c0db4c438e16c22b23a0b43a already in progress: creating tablet
I1031 23:05:55.666398 5674 catalog_manager.cc:2752] Scheduling retry of 0def0264c0db4c438e16c22b23a0b43a Delete Tablet RPC for TS=193181be29284287b25df2ee92938f0b with a delay of 32798ms (attempt = 12)...
I1031 23:05:56.798378 5675 catalog_manager.cc:2988] Sending DeleteTablet(TABLET_DATA_DELETED) for tablet f2af422919fd4560bd6441509a68d64b on 23f962e4a1744381ad5fa0d2d8b10241 (c3-kudu-tst-st07.bj:18700) (Replaced by a17da97943904920814af1508905ecfc at 2017-10-31 23:05:52 CST)
W1031 23:05:56.798671 5675 catalog_manager.cc:2955] TS 23f962e4a1744381ad5fa0d2d8b10241 (c3-kudu-tst-st07.bj:18700): delete failed for tablet f2af422919fd4560bd6441509a68d64b with error code TABLET_NOT_RUNNING: Illegal state: State transition of tablet f2af422919fd4560bd6441509a68d64b already in progress: creating tablet
I1031 23:05:56.798701 5675 catalog_manager.cc:2752] Scheduling retry of f2af422919fd4560bd6441509a68d64b Delete Tablet RPC for TS=23f962e4a1744381ad5fa0d2d8b10241 with a delay of 4133ms (attempt = 9)...
I1031 23:05:56.817767 5674 catalog_manager.cc:2988] Sending DeleteTablet(TABLET_DATA_DELETED) for tablet d67c8d7da92f4f10b75858f21d80f8c4 on d3eb30bd1bc34b95902fa61724239553 (c3-kudu-tst-st05.bj:18700) (Replaced by 8566e0c79e674a74803cd1a15fec8cb2 at 2017-10-31 23:05:52 CST)
W1031 23:05:56.818104 5674 catalog_manager.cc:2955] TS d3eb30bd1bc34b95902fa61724239553 (c3-kudu-tst-st05.bj:18700): delete failed for tablet d67c8d7da92f4f10b75858f21d80f8c4 with error code TABLET_NOT_RUNNING: Illegal state: State transition of tablet d67c8d7da92f4f10b75858f21d80f8c4 already in progress: creating tablet
I1031 23:05:56.818137 5674 catalog_manager.cc:2752] Scheduling retry of d67c8d7da92f4f10b75858f21d80f8c4 Delete Tablet RPC for TS=d3eb30bd1bc34b95902fa61724239553 with a delay of 4127ms (attempt = 9)...
I1031 23:05:56.823231 5674 catalog_manager.cc:2988] Sending DeleteTablet(TABLET_DATA_DELETED) for tablet 8df4d6c546194972a7c0cfb8bf652384 on 193181be29284287b25df2ee92938f0b (c3-kudu-tst-st08.bj:18700) (Replaced by bb4c891b261b42ef9b983f46cefef6ae at 2017-10-31 23:05:52 CST)
W1031 23:05:56.823602 5674 catalog_manager.cc:2955] TS 193181be29284287b25df2ee92938f0b (c3-kudu-tst-st08.bj:18700): delete failed for tablet 8df4d6c546194972a7c0cfb8bf652384 with error code TABLET_NOT_RUNNING: Illegal state: State transition of tablet 8df4d6c546194972a7c0cfb8bf652384 already in progress: creating tablet
I1031 23:05:56.823626 5674 catalog_manager.cc:2752] Scheduling retry of 8df4d6c546194972a7c0cfb8bf652384 Delete Tablet RPC for TS=193181be29284287b25df2ee92938f0b with a delay of 4114ms (attempt = 9)...
I1031 23:05:56.843005 5675 catalog_manager.cc:2988] Sending DeleteTablet(TABLET_DATA_DELETED) for tablet 012b21c0f95e4dd594076018fd6fdb7e on 23f962e4a1744381ad5fa0d2d8b10241 (c3-kudu-tst-st07.bj:18700) (Replaced by ae7fa26c77054ef1b98d5e0f4e6940d6 at 2017-10-31 23:05:52 CST)
W1031 23:05:56.843305 5675 catalog_manager.cc:2955] TS 23f962e4a1744381ad5fa0d2d8b10241 (c3-kudu-tst-st07.bj:18700): delete failed for tablet 012b21c0f95e4dd594076018fd6fdb7e with error code TABLET_NOT_RUNNING: Illegal state: State transition of tablet 012b21c0f95e4dd594076018fd6fdb7e already in progress: creating tablet
I1031 23:05:56.843335 5675 catalog_manager.cc:2752] Scheduling retry of 012b21c0f95e4dd594076018fd6fdb7e Delete Tablet RPC for TS=23f962e4a1744381ad5fa0d2d8b10241 with a delay of 4102ms (attempt = 9)...
I1031 23:05:56.845748 5672 catalog_manager.cc:2988] Sending DeleteTablet(TABLET_DATA_DELETED) for tablet 8df4d6c546194972a7c0cfb8bf652384 on daba39963d4346e1816089fd3a5442b5 (c3-kudu-tst-st09.bj:18700) (Replaced by bb4c891b261b42ef9b983f46cefef6ae at 2017-10-31 23:05:52 CST)
W1031 23:05:56.846112 5672 catalog_manager.cc:2955] TS daba39963d4346e1816089fd3a5442b5 (c3-kudu-tst-st09.bj:18700): delete failed for tablet 8df4d6c546194972a7c0cfb8bf652384 with error code TABLET_NOT_RUNNING: Illegal state: State transition of tablet 8df4d6c546194972a7c0cfb8bf652384 already in progress: creating tablet
I1031 23:05:56.846145 5672 catalog_manager.cc:2752] Scheduling retry of 8df4d6c546194972a7c0cfb8bf652384 Delete Tablet RPC for TS=daba39963d4346e1816089fd3a5442b5 with a delay of 4109ms (attempt = 9)...
I1031 23:05:56.849476 5675 catalog_manager.cc:2988] Sending DeleteTablet(TABLET_DATA_DELETED) for tablet d67c8d7da92f4f10b75858f21d80f8c4 on 23f962e4a1744381ad5fa0d2d8b10241 (c3-kudu-tst-st07.bj:18700) (Replaced by 8566e0c79e674a74803cd1a15fec8cb2 at 2017-10-31 23:05:52 CST)
W1031 23:05:56.849791 5675 catalog_manager.cc:2955] TS 23f962e4a1744381ad5fa0d2d8b10241 (c3-kudu-tst-st07.bj:18700): delete failed for tablet d67c8d7da92f4f10b75858f21d80f8c4 with error code TABLET_NOT_RUNNING: Illegal state: State transition of tablet d67c8d7da92f4f10b75858f21d80f8c4 already in progress: creating tablet
I1031 23:05:56.849823 5675 catalog_manager.cc:2752] Scheduling retry of d67c8d7da92f4f10b75858f21d80f8c4 Delete Tablet RPC for TS=23f962e4a1744381ad5fa0d2d8b10241 with a delay of 4135ms (attempt = 9)...
I1031 23:05:56.857787 5674 catalog_manager.cc:2988] Sending DeleteTablet(TABLET_DATA_DELETED) for tablet f2af422919fd4560bd6441509a68d64b on 193181be29284287b25df2ee92938f0b (c3-kudu-tst-st08.bj:18700) (Replaced by a17da97943904920814af1508905ecfc at 2017-10-31 23:05:52 CST)
W1031 23:05:56.858044 5674 catalog_manager.cc:2955] TS 193181be29284287b25df2ee92938f0b (c3-kudu-tst-st08.bj:18700): delete failed for tablet f2af422919fd4560bd6441509a68d64b with error code TABLET_NOT_RUNNING: Illegal state: State transition of tablet f2af422919fd4560bd6441509a68d64b already in progress: creating tablet
I1031 23:05:56.858069 5674 catalog_manager.cc:2752] Scheduling retry of f2af422919fd4560bd6441509a68d64b Delete Tablet RPC for TS=193181be29284287b25df2ee92938f0b with a delay of 4135ms (attempt = 9)...
I1031 23:05:58.204583 5672 catalog_manager.cc:2988] Sending DeleteTablet(TABLET_DATA_DELETED) for tablet 812b248175004ae8992ff2660fc9d520 on daba39963d4346e1816089fd3a5442b5 (c3-kudu-tst-st09.bj:18700) (Replaced by 8ed42ada2d6846f3b3b70c9d9c13c986 at 2017-10-31 23:04:22 CST)
W1031 23:05:58.204953 5672 catalog_manager.cc:2955] TS daba39963d4346e1816089fd3a5442b5 (c3-kudu-tst-st09.bj:18700): delete failed for tablet 812b248175004ae8992ff2660fc9d520 with error code TABLET_NOT_RUNNING: Illegal state: State transition of tablet 812b248175004ae8992ff2660fc9d520 already in progress: deleting tablet
I1031 23:05:58.204988 5672 catalog_manager.cc:2752] Scheduling retry of 812b248175004ae8992ff2660fc9d520 Delete Tablet RPC for TS=daba39963d4346e1816089fd3a5442b5 with a delay of 60035ms (attempt = 13)...
I1031 23:05:58.213882 5675 catalog_manager.cc:2988] Sending DeleteTablet(TABLET_DATA_DELETED) for tablet 8182189275034354a3c350318114c7e4 on 044f1da9a27c46acb82b1386f829f4dc (c3-kudu-tst-st03.bj:18700) (Replaced by 9710e0187e434acfa54ca8f8504434ed at 2017-10-31 23:04:22 CST)
W1031 23:05:58.214280 5675 catalog_manager.cc:2955] TS 044f1da9a27c46acb82b1386f829f4dc (c3-kudu-tst-st03.bj:18700): delete failed for tablet 8182189275034354a3c350318114c7e4 with error code TABLET_NOT_RUNNING: Illegal state: State transition of tablet 8182189275034354a3c350318114c7e4 already in progress: deleting tablet
I1031 23:05:58.214301 5675 catalog_manager.cc:2752] Scheduling retry of 8182189275034354a3c350318114c7e4 Delete Tablet RPC for TS=044f1da9a27c46acb82b1386f829f4dc with a delay of 60034ms (attempt = 13)...
I1031 23:05:58.222951 5673 catalog_manager.cc:2988] Sending DeleteTablet(TABLET_DATA_DELETED) for tablet 56155a2adc24450d89e338cc955bfa18 on 625f49b9554549e6a5c3a92b76e576cf (c3-kudu-tst-st10.bj:18700) (Replaced by 80ba7f33ec864c5f96c61932edb5cdc4 at 2017-10-31 23:04:52 CST)
W1031 23:05:58.223340 5673 catalog_manager.cc:2942] TS 625f49b9554549e6a5c3a92b76e576cf (c3-kudu-tst-st10.bj:18700): delete failed for tablet 56155a2adc24450d89e338cc955bfa18 because the tablet was not found. No further retry: Not found: Tablet not found: 56155a2adc24450d89e338cc955bfa18
I1031 23:05:58.240088 5672 catalog_manager.cc:2988] Sending DeleteTablet(TABLET_DATA_DELETED) for tablet c94f26e6a0ea4bea82140a0877c0f226 on daba39963d4346e1816089fd3a5442b5 (c3-kudu-tst-st09.bj:18700) (Replaced by 0c2abca80c8f4fdaa788afd6a931df9d at 2017-10-31 23:04:52 CST)
W1031 23:05:58.240445 5672 catalog_manager.cc:2955] TS daba39963d4346e1816089fd3a5442b5 (c3-kudu-tst-st09.bj:18700): delete failed for tablet c94f26e6a0ea4bea82140a0877c0f226 with error code TABLET_NOT_RUNNING: Illegal state: State transition of tablet c94f26e6a0ea4bea82140a0877c0f226 already in progress: creating tablet
I1031 23:05:58.240478 5672 catalog_manager.cc:2752] Scheduling retry of c94f26e6a0ea4bea82140a0877c0f226 Delete Tablet RPC for TS=daba39963d4346e1816089fd3a5442b5 with a delay of 60037ms (attempt = 13)...
I1031 23:05:58.246554 5675 catalog_manager.cc:2988] Sending DeleteTablet(TABLET_DATA_DELETED) for tablet 802f72af09384e95acd389f46a1d9c84 on 0a8bbcbbb5a6459aa5258464755db3bb (c3-kudu-tst-st02.bj:18700) (Replaced by 721e8a57234447eabda00f5df65bd574 at 2017-10-31 23:04:52 CST)
W1031 23:05:58.246837 5675 catalog_manager.cc:2942] TS 0a8bbcbbb5a6459aa5258464755db3bb (c3-kudu-tst-st02.bj:18700): delete failed for tablet 802f72af09384e95acd389f46a1d9c84 because the tablet was not found. No further retry: Not found: Tablet not found: 802f72af09384e95acd389f46a1d9c84
I1031 23:05:58.252496 5673 catalog_manager.cc:2988] Sending DeleteTablet(TABLET_DATA_DELETED) for tablet 0ea66c65e2d4445eb9cc83ba7ee1448b on 625f49b9554549e6a5c3a92b76e576cf (c3-kudu-tst-st10.bj:18700) (Replaced by 32984b820db347e1b2d4d0786cf221f2 at 2017-10-31 23:04:52 CST)
W1031 23:05:58.252809 5673 catalog_manager.cc:2942] TS 625f49b9554549e6a5c3a92b76e576cf (c3-kudu-tst-st10.bj:18700): delete failed for tablet 0ea66c65e2d4445eb9cc83ba7ee1448b because the tablet was not found. No further retry: Not found: Tablet not found: 0ea66c65e2d4445eb9cc83ba7ee1448b
I1031 23:05:58.260015 5675 catalog_manager.cc:2988] Sending DeleteTablet(TABLET_DATA_DELETED) for tablet c94f26e6a0ea4bea82140a0877c0f226 on 0a8bbcbbb5a6459aa5258464755db3bb (c3-kudu-tst-st02.bj:18700) (Replaced by 0c2abca80c8f4fdaa788afd6a931df9d at 2017-10-31 23:04:52 CST)
W1031 23:05:58.260285 5675 catalog_manager.cc:2942] TS 0a8bbcbbb5a6459aa5258464755db3bb (c3-kudu-tst-st02.bj:18700): delete failed for tablet c94f26e6a0ea4bea82140a0877c0f226 because the tablet was not found. No further retry: Not found: Tablet not found: c94f26e6a0ea4bea82140a0877c0f226
I1031 23:05:58.267442 5675 catalog_manager.cc:2988] Sending DeleteTablet(TABLET_DATA_DELETED) for tablet 117cd74bcdab4942901acb0005cdd702 on 0a8bbcbbb5a6459aa5258464755db3bb (c3-kudu-tst-st02.bj:18700) (Replaced by acb401e40e7049fbbfdbeb40474353d9 at 2017-10-31 23:04:52 CST)
W1031 23:05:58.267669 5675 catalog_manager.cc:2942] TS 0a8bbcbbb5a6459aa5258464755db3bb (c3-kudu-tst-st02.bj:18700): delete failed for tablet 117cd74bcdab4942901acb0005cdd702 because the tablet was not found. No further retry: Not found: Tablet not found: 117cd74bcdab4942901acb0005cdd702
I1031 23:05:58.273619 5672 catalog_manager.cc:2988] Sending DeleteTablet(TABLET_DATA_DELETED) for tablet 117cd74bcdab4942901acb0005cdd702 on 0f53a0d3ef7e44ebb0365c800752d5bd (c3-kudu-tst-st01.bj:18700) (Replaced by acb401e40e7049fbbfdbeb40474353d9 at 2017-10-31 23:04:52 CST)
I1031 23:05:58.287827 5675 catalog_manager.cc:2988] Sending DeleteTablet(TABLET_DATA_DELETED) for tablet 46fc46e028434bc69f467922a9a59101 on 0a8bbcbbb5a6459aa5258464755db3bb (c3-kudu-tst-st02.bj:18700) (Replaced by 7d1359dc00a24df68d41c2447e367f1d at 2017-10-31 23:04:52 CST)
W1031 23:05:58.288125 5675 catalog_manager.cc:2942] TS 0a8bbcbbb5a6459aa5258464755db3bb (c3-kudu-tst-st02.bj:18700): delete failed for tablet 46fc46e028434bc69f467922a9a59101 because the tablet was not found. No further retry: Not found: Tablet not found: 46fc46e028434bc69f467922a9a59101
I1031 23:05:58.289242 5675 catalog_manager.cc:2988] Sending DeleteTablet(TABLET_DATA_DELETED) for tablet 4b81a7f36c9a4b24a3294e39fdf19d9d on 23f962e4a1744381ad5fa0d2d8b10241 (c3-kudu-tst-st07.bj:18700) (Replaced by 1cebccaea10d49478c004cca39676556 at 2017-10-31 23:04:52 CST)
W1031 23:05:58.289613 5675 catalog_manager.cc:2955] TS 23f962e4a1744381ad5fa0d2d8b10241 (c3-kudu-tst-st07.bj:18700): delete failed for tablet 4b81a7f36c9a4b24a3294e39fdf19d9d with error code TABLET_NOT_RUNNING: Illegal state: State transition of tablet 4b81a7f36c9a4b24a3294e39fdf19d9d already in progress: creating tablet
I1031 23:05:58.289635 5675 catalog_manager.cc:2752] Scheduling retry of 4b81a7f36c9a4b24a3294e39fdf19d9d Delete Tablet RPC for TS=23f962e4a1744381ad5fa0d2d8b10241 with a delay of 60004ms (attempt = 13)...
I1031 23:05:58.294960 5673 catalog_manager.cc:2988] Sending DeleteTablet(TABLET_DATA_DELETED) for tablet 46fc46e028434bc69f467922a9a59101 on 625f49b9554549e6a5c3a92b76e576cf (c3-kudu-tst-st10.bj:18700) (Replaced by 7d1359dc00a24df68d41c2447e367f1d at 2017-10-31 23:04:52 CST)
W1031 23:05:58.295285 5673 catalog_manager.cc:2942] TS 625f49b9554549e6a5c3a92b76e576cf (c3-kudu-tst-st10.bj:18700): delete failed for tablet 46fc46e028434bc69f467922a9a59101 because the tablet was not found. No further retry: Not found: Tablet not found: 46fc46e028434bc69f467922a9a59101
I1031 23:05:58.295825 5672 catalog_manager.cc:2988] Sending DeleteTablet(TABLET_DATA_DELETED) for tablet 506ef9008a0c496b8f2d97479c017c20 on daba39963d4346e1816089fd3a5442b5 (c3-kudu-tst-st09.bj:18700) (Replaced by 4b81a7f36c9a4b24a3294e39fdf19d9d at 2017-10-31 23:04:22 CST)
W1031 23:05:58.296116 5672 catalog_manager.cc:2955] TS daba39963d4346e1816089fd3a5442b5 (c3-kudu-tst-st09.bj:18700): delete failed for tablet 506ef9008a0c496b8f2d97479c017c20 with error code TABLET_NOT_RUNNING: Illegal state: State transition of tablet 506ef9008a0c496b8f2d97479c017c20 already in progress: deleting tablet
I1031 23:05:58.296146 5672 catalog_manager.cc:2752] Scheduling retry of 506ef9008a0c496b8f2d97479c017c20 Delete Tablet RPC for TS=daba39963d4346e1816089fd3a5442b5 with a delay of 60042ms (attempt = 13)...
I1031 23:05:58.297224 5672 catalog_manager.cc:2988] Sending DeleteTablet(TABLET_DATA_DELETED) for tablet 0ea66c65e2d4445eb9cc83ba7ee1448b on daba39963d4346e1816089fd3a5442b5 (c3-kudu-tst-st09.bj:18700) (Replaced by 32984b820db347e1b2d4d0786cf221f2 at 2017-10-31 23:04:52 CST)
I1031 23:05:58.297243 5672 catalog_manager.cc:2988] Sending DeleteTablet(TABLET_DATA_DELETED) for tablet 8ed42ada2d6846f3b3b70c9d9c13c986 on daba39963d4346e1816089fd3a5442b5 (c3-kudu-tst-st09.bj:18700) (Replaced by de37a68992504da8a4640f8ab4653544 at 2017-10-31 23:04:52 CST)
W1031 23:05:58.297493 5672 catalog_manager.cc:2955] TS daba39963d4346e1816089fd3a5442b5 (c3-kudu-tst-st09.bj:18700): delete failed for tablet 0ea66c65e2d4445eb9cc83ba7ee1448b with error code TABLET_NOT_RUNNING: Illegal state: State transition of tablet 0ea66c65e2d4445eb9cc83ba7ee1448b already in progress: creating tablet
I1031 23:05:58.297525 5672 catalog_manager.cc:2752] Scheduling retry of 0ea66c65e2d4445eb9cc83ba7ee1448b Delete Tablet RPC for TS=daba39963d4346e1816089fd3a5442b5 with a delay of 60011ms (attempt = 13)...
W1031 23:05:58.297552 5672 catalog_manager.cc:2955] TS daba39963d4346e1816089fd3a5442b5 (c3-kudu-tst-st09.bj:18700): delete failed for tablet 8ed42ada2d6846f3b3b70c9d9c13c986 with error code TABLET_NOT_RUNNING: Illegal state: State transition of tablet 8ed42ada2d6846f3b3b70c9d9c13c986 already in progress: creating tablet
I1031 23:05:58.297564 5672 catalog_manager.cc:2752] Scheduling retry of 8ed42ada2d6846f3b3b70c9d9c13c986 Delete Tablet RPC for TS=daba39963d4346e1816089fd3a5442b5 with a delay of 60034ms (attempt = 13)...
I1031 23:05:58.297785 5675 catalog_manager.cc:2988] Sending DeleteTablet(TABLET_DATA_DELETED) for tablet 582c1281bf5147b2bd40c9a950a1152f on 0a8bbcbbb5a6459aa5258464755db3bb (c3-kudu-tst-st02.bj:18700) (Replaced by 0def0264c0db4c438e16c22b23a0b43a at 2017-10-31 23:04:52 CST)
W1031 23:05:58.297991 5675 catalog_manager.cc:2942] TS 0a8bbcbbb5a6459aa5258464755db3bb (c3-kudu-tst-st02.bj:18700): delete failed for tablet 582c1281bf5147b2bd40c9a950a1152f because the tablet was not found. No further retry: Not found: Tablet not found: 582c1281bf5147b2bd40c9a950a1152f
I1031 23:05:58.303467 5673 catalog_manager.cc:2988] Sending DeleteTablet(TABLET_DATA_DELETED) for tablet 582c1281bf5147b2bd40c9a950a1152f on 625f49b9554549e6a5c3a92b76e576cf (c3-kudu-tst-st10.bj:18700) (Replaced by 0def0264c0db4c438e16c22b23a0b43a at 2017-10-31 23:04:52 CST)
W1031 23:05:58.303748 5673 catalog_manager.cc:2942] TS 625f49b9554549e6a5c3a92b76e576cf (c3-kudu-tst-st10.bj:18700): delete failed for tablet 582c1281bf5147b2bd40c9a950a1152f because the tablet was not found. No further retry: Not found: Tablet not found: 582c1281bf5147b2bd40c9a950a1152f
I1031 23:05:58.305613 5674 catalog_manager.cc:2988] Sending DeleteTablet(TABLET_DATA_DELETED) for tablet 582c1281bf5147b2bd40c9a950a1152f on 193181be29284287b25df2ee92938f0b (c3-kudu-tst-st08.bj:18700) (Replaced by 0def0264c0db4c438e16c22b23a0b43a at 2017-10-31 23:04:52 CST)
W1031 23:05:58.305968 5674 catalog_manager.cc:2955] TS 193181be29284287b25df2ee92938f0b (c3-kudu-tst-st08.bj:18700): delete failed for tablet 582c1281bf5147b2bd40c9a950a1152f with error code TABLET_NOT_RUNNING: Illegal state: State transition of tablet 582c1281bf5147b2bd40c9a950a1152f already in progress: creating tablet
