I1031 23:05:58.305996 5674 catalog_manager.cc:2752] Scheduling retry of 582c1281bf5147b2bd40c9a950a1152f Delete Tablet RPC for TS=193181be29284287b25df2ee92938f0b with a delay of 60033ms (attempt = 13)...
I1031 23:05:58.312160 5675 catalog_manager.cc:2988] Sending DeleteTablet(TABLET_DATA_DELETED) for tablet b758ec3274c84dcbb110cf5aa3dca9aa on 23f962e4a1744381ad5fa0d2d8b10241 (c3-kudu-tst-st07.bj:18700) (Replaced by 8356b43879104775b9a8c5a9e546e85b at 2017-10-31 23:04:52 CST)
W1031 23:05:58.312525 5675 catalog_manager.cc:2955] TS 23f962e4a1744381ad5fa0d2d8b10241 (c3-kudu-tst-st07.bj:18700): delete failed for tablet b758ec3274c84dcbb110cf5aa3dca9aa with error code TABLET_NOT_RUNNING: Illegal state: State transition of tablet b758ec3274c84dcbb110cf5aa3dca9aa already in progress: creating tablet
I1031 23:05:58.312546 5675 catalog_manager.cc:2752] Scheduling retry of b758ec3274c84dcbb110cf5aa3dca9aa Delete Tablet RPC for TS=23f962e4a1744381ad5fa0d2d8b10241 with a delay of 60037ms (attempt = 13)...
I1031 23:05:58.312713 5672 catalog_manager.cc:2988] Sending DeleteTablet(TABLET_DATA_DELETED) for tablet 6a813ca355f749b6b31a773aa0f2ac7a on 0f53a0d3ef7e44ebb0365c800752d5bd (c3-kudu-tst-st01.bj:18700) (Replaced by 582c1281bf5147b2bd40c9a950a1152f at 2017-10-31 23:04:22 CST)
W1031 23:05:58.312997 5672 catalog_manager.cc:2942] TS 0f53a0d3ef7e44ebb0365c800752d5bd (c3-kudu-tst-st01.bj:18700): delete failed for tablet 6a813ca355f749b6b31a773aa0f2ac7a because the tablet was not found. No further retry: Not found: Tablet not found: 6a813ca355f749b6b31a773aa0f2ac7a
I1031 23:05:58.314718 5675 catalog_manager.cc:2988] Sending DeleteTablet(TABLET_DATA_DELETED) for tablet f0a40a8745bb4f4abbe8b304ebc7626c on 044f1da9a27c46acb82b1386f829f4dc (c3-kudu-tst-st03.bj:18700) (Replaced by 802f72af09384e95acd389f46a1d9c84 at 2017-10-31 23:04:22 CST)
W1031 23:05:58.314998 5675 catalog_manager.cc:2955] TS 044f1da9a27c46acb82b1386f829f4dc (c3-kudu-tst-st03.bj:18700): delete failed for tablet f0a40a8745bb4f4abbe8b304ebc7626c with error code TABLET_NOT_RUNNING: Illegal state: State transition of tablet f0a40a8745bb4f4abbe8b304ebc7626c already in progress: deleting tablet
I1031 23:05:58.315021 5675 catalog_manager.cc:2752] Scheduling retry of f0a40a8745bb4f4abbe8b304ebc7626c Delete Tablet RPC for TS=044f1da9a27c46acb82b1386f829f4dc with a delay of 60021ms (attempt = 13)...
I1031 23:05:58.316149 5674 catalog_manager.cc:2988] Sending DeleteTablet(TABLET_DATA_DELETED) for tablet b758ec3274c84dcbb110cf5aa3dca9aa on 193181be29284287b25df2ee92938f0b (c3-kudu-tst-st08.bj:18700) (Replaced by 8356b43879104775b9a8c5a9e546e85b at 2017-10-31 23:04:52 CST)
W1031 23:05:58.316468 5674 catalog_manager.cc:2955] TS 193181be29284287b25df2ee92938f0b (c3-kudu-tst-st08.bj:18700): delete failed for tablet b758ec3274c84dcbb110cf5aa3dca9aa with error code TABLET_NOT_RUNNING: Illegal state: State transition of tablet b758ec3274c84dcbb110cf5aa3dca9aa already in progress: creating tablet
I1031 23:05:58.316490 5674 catalog_manager.cc:2752] Scheduling retry of b758ec3274c84dcbb110cf5aa3dca9aa Delete Tablet RPC for TS=193181be29284287b25df2ee92938f0b with a delay of 60042ms (attempt = 13)...
I1031 23:05:58.318169 5675 catalog_manager.cc:2988] Sending DeleteTablet(TABLET_DATA_DELETED) for tablet 719f0f496bc34a469e4069b2861b4be8 on 044f1da9a27c46acb82b1386f829f4dc (c3-kudu-tst-st03.bj:18700) (Replaced by c94f26e6a0ea4bea82140a0877c0f226 at 2017-10-31 23:04:22 CST)
I1031 23:05:58.318295 5673 catalog_manager.cc:2988] Sending DeleteTablet(TABLET_DATA_DELETED) for tablet 117cd74bcdab4942901acb0005cdd702 on 625f49b9554549e6a5c3a92b76e576cf (c3-kudu-tst-st10.bj:18700) (Replaced by acb401e40e7049fbbfdbeb40474353d9 at 2017-10-31 23:04:52 CST)
W1031 23:05:58.318413 5675 catalog_manager.cc:2955] TS 044f1da9a27c46acb82b1386f829f4dc (c3-kudu-tst-st03.bj:18700): delete failed for tablet 719f0f496bc34a469e4069b2861b4be8 with error code TABLET_NOT_RUNNING: Illegal state: State transition of tablet 719f0f496bc34a469e4069b2861b4be8 already in progress: deleting tablet
I1031 23:05:58.318434 5675 catalog_manager.cc:2752] Scheduling retry of 719f0f496bc34a469e4069b2861b4be8 Delete Tablet RPC for TS=044f1da9a27c46acb82b1386f829f4dc with a delay of 60048ms (attempt = 13)...
W1031 23:05:58.318555 5673 catalog_manager.cc:2942] TS 625f49b9554549e6a5c3a92b76e576cf (c3-kudu-tst-st10.bj:18700): delete failed for tablet 117cd74bcdab4942901acb0005cdd702 because the tablet was not found. No further retry: Not found: Tablet not found: 117cd74bcdab4942901acb0005cdd702
I1031 23:05:58.320176 5672 catalog_manager.cc:2988] Sending DeleteTablet(TABLET_DATA_DELETED) for tablet bd6a9e583cad413ca558178148ac7f85 on daba39963d4346e1816089fd3a5442b5 (c3-kudu-tst-st09.bj:18700) (Replaced by 117cd74bcdab4942901acb0005cdd702 at 2017-10-31 23:04:22 CST)
W1031 23:05:58.320508 5672 catalog_manager.cc:2955] TS daba39963d4346e1816089fd3a5442b5 (c3-kudu-tst-st09.bj:18700): delete failed for tablet bd6a9e583cad413ca558178148ac7f85 with error code TABLET_NOT_RUNNING: Illegal state: State transition of tablet bd6a9e583cad413ca558178148ac7f85 already in progress: deleting tablet
I1031 23:05:58.320540 5672 catalog_manager.cc:2752] Scheduling retry of bd6a9e583cad413ca558178148ac7f85 Delete Tablet RPC for TS=daba39963d4346e1816089fd3a5442b5 with a delay of 60030ms (attempt = 13)...
I1031 23:05:58.320695 5673 catalog_manager.cc:2988] Sending DeleteTablet(TABLET_DATA_DELETED) for tablet 4b81a7f36c9a4b24a3294e39fdf19d9d on 625f49b9554549e6a5c3a92b76e576cf (c3-kudu-tst-st10.bj:18700) (Replaced by 1cebccaea10d49478c004cca39676556 at 2017-10-31 23:04:52 CST)
W1031 23:05:58.321092 5673 catalog_manager.cc:2942] TS 625f49b9554549e6a5c3a92b76e576cf (c3-kudu-tst-st10.bj:18700): delete failed for tablet 4b81a7f36c9a4b24a3294e39fdf19d9d because the tablet was not found. No further retry: Not found: Tablet not found: 4b81a7f36c9a4b24a3294e39fdf19d9d
I1031 23:05:58.328591 5675 catalog_manager.cc:2988] Sending DeleteTablet(TABLET_DATA_DELETED) for tablet 8ed42ada2d6846f3b3b70c9d9c13c986 on 0a8bbcbbb5a6459aa5258464755db3bb (c3-kudu-tst-st02.bj:18700) (Replaced by de37a68992504da8a4640f8ab4653544 at 2017-10-31 23:04:52 CST)
W1031 23:05:58.328863 5675 catalog_manager.cc:2942] TS 0a8bbcbbb5a6459aa5258464755db3bb (c3-kudu-tst-st02.bj:18700): delete failed for tablet 8ed42ada2d6846f3b3b70c9d9c13c986 because the tablet was not found. No further retry: Not found: Tablet not found: 8ed42ada2d6846f3b3b70c9d9c13c986
I1031 23:05:58.330685 5672 catalog_manager.cc:2988] Sending DeleteTablet(TABLET_DATA_DELETED) for tablet bff7dab34ccd4b42842077e82106f6fb on 0f53a0d3ef7e44ebb0365c800752d5bd (c3-kudu-tst-st01.bj:18700) (Replaced by 005a48fb466c4a52896842dd00124755 at 2017-10-31 23:04:52 CST)
I1031 23:05:58.343600 5674 catalog_manager.cc:2988] Sending DeleteTablet(TABLET_DATA_DELETED) for tablet 802f72af09384e95acd389f46a1d9c84 on 193181be29284287b25df2ee92938f0b (c3-kudu-tst-st08.bj:18700) (Replaced by 721e8a57234447eabda00f5df65bd574 at 2017-10-31 23:04:52 CST)
W1031 23:05:58.343961 5674 catalog_manager.cc:2955] TS 193181be29284287b25df2ee92938f0b (c3-kudu-tst-st08.bj:18700): delete failed for tablet 802f72af09384e95acd389f46a1d9c84 with error code TABLET_NOT_RUNNING: Illegal state: State transition of tablet 802f72af09384e95acd389f46a1d9c84 already in progress: creating tablet
I1031 23:05:58.343984 5674 catalog_manager.cc:2752] Scheduling retry of 802f72af09384e95acd389f46a1d9c84 Delete Tablet RPC for TS=193181be29284287b25df2ee92938f0b with a delay of 60040ms (attempt = 13)...
I1031 23:05:58.346146 5675 catalog_manager.cc:2988] Sending DeleteTablet(TABLET_DATA_DELETED) for tablet 0ea66c65e2d4445eb9cc83ba7ee1448b on 23f962e4a1744381ad5fa0d2d8b10241 (c3-kudu-tst-st07.bj:18700) (Replaced by 32984b820db347e1b2d4d0786cf221f2 at 2017-10-31 23:04:52 CST)
W1031 23:05:58.346462 5675 catalog_manager.cc:2955] TS 23f962e4a1744381ad5fa0d2d8b10241 (c3-kudu-tst-st07.bj:18700): delete failed for tablet 0ea66c65e2d4445eb9cc83ba7ee1448b with error code TABLET_NOT_RUNNING: Illegal state: State transition of tablet 0ea66c65e2d4445eb9cc83ba7ee1448b already in progress: creating tablet
I1031 23:05:58.346482 5675 catalog_manager.cc:2752] Scheduling retry of 0ea66c65e2d4445eb9cc83ba7ee1448b Delete Tablet RPC for TS=23f962e4a1744381ad5fa0d2d8b10241 with a delay of 60042ms (attempt = 13)...
I1031 23:05:58.355144 5674 catalog_manager.cc:2988] Sending DeleteTablet(TABLET_DATA_DELETED) for tablet bff7dab34ccd4b42842077e82106f6fb on 193181be29284287b25df2ee92938f0b (c3-kudu-tst-st08.bj:18700) (Replaced by 005a48fb466c4a52896842dd00124755 at 2017-10-31 23:04:52 CST)
W1031 23:05:58.355417 5674 catalog_manager.cc:2955] TS 193181be29284287b25df2ee92938f0b (c3-kudu-tst-st08.bj:18700): delete failed for tablet bff7dab34ccd4b42842077e82106f6fb with error code TABLET_NOT_RUNNING: Illegal state: State transition of tablet bff7dab34ccd4b42842077e82106f6fb already in progress: creating tablet
I1031 23:05:58.355458 5674 catalog_manager.cc:2752] Scheduling retry of bff7dab34ccd4b42842077e82106f6fb Delete Tablet RPC for TS=193181be29284287b25df2ee92938f0b with a delay of 60007ms (attempt = 13)...
I1031 23:05:58.357620 5675 catalog_manager.cc:2988] Sending DeleteTablet(TABLET_DATA_DELETED) for tablet b758ec3274c84dcbb110cf5aa3dca9aa on 0a8bbcbbb5a6459aa5258464755db3bb (c3-kudu-tst-st02.bj:18700) (Replaced by 8356b43879104775b9a8c5a9e546e85b at 2017-10-31 23:04:52 CST)
W1031 23:05:58.357906 5675 catalog_manager.cc:2942] TS 0a8bbcbbb5a6459aa5258464755db3bb (c3-kudu-tst-st02.bj:18700): delete failed for tablet b758ec3274c84dcbb110cf5aa3dca9aa because the tablet was not found. No further retry: Not found: Tablet not found: b758ec3274c84dcbb110cf5aa3dca9aa
I1031 23:05:58.359614 5674 catalog_manager.cc:2988] Sending DeleteTablet(TABLET_DATA_DELETED) for tablet c94f26e6a0ea4bea82140a0877c0f226 on 193181be29284287b25df2ee92938f0b (c3-kudu-tst-st08.bj:18700) (Replaced by 0c2abca80c8f4fdaa788afd6a931df9d at 2017-10-31 23:04:52 CST)
W1031 23:05:58.359968 5674 catalog_manager.cc:2955] TS 193181be29284287b25df2ee92938f0b (c3-kudu-tst-st08.bj:18700): delete failed for tablet c94f26e6a0ea4bea82140a0877c0f226 with error code TABLET_NOT_RUNNING: Illegal state: State transition of tablet c94f26e6a0ea4bea82140a0877c0f226 already in progress: creating tablet
I1031 23:05:58.359992 5674 catalog_manager.cc:2752] Scheduling retry of c94f26e6a0ea4bea82140a0877c0f226 Delete Tablet RPC for TS=193181be29284287b25df2ee92938f0b with a delay of 60043ms (attempt = 13)...
I1031 23:05:58.371089 5675 catalog_manager.cc:2988] Sending DeleteTablet(TABLET_DATA_DELETED) for tablet 4b81a7f36c9a4b24a3294e39fdf19d9d on 0a8bbcbbb5a6459aa5258464755db3bb (c3-kudu-tst-st02.bj:18700) (Replaced by 1cebccaea10d49478c004cca39676556 at 2017-10-31 23:04:52 CST)
W1031 23:05:58.371310 5675 catalog_manager.cc:2942] TS 0a8bbcbbb5a6459aa5258464755db3bb (c3-kudu-tst-st02.bj:18700): delete failed for tablet 4b81a7f36c9a4b24a3294e39fdf19d9d because the tablet was not found. No further retry: Not found: Tablet not found: 4b81a7f36c9a4b24a3294e39fdf19d9d
I1031 23:05:58.376466 5675 catalog_manager.cc:2988] Sending DeleteTablet(TABLET_DATA_DELETED) for tablet 46fc46e028434bc69f467922a9a59101 on 23f962e4a1744381ad5fa0d2d8b10241 (c3-kudu-tst-st07.bj:18700) (Replaced by 7d1359dc00a24df68d41c2447e367f1d at 2017-10-31 23:04:52 CST)
W1031 23:05:58.376812 5675 catalog_manager.cc:2955] TS 23f962e4a1744381ad5fa0d2d8b10241 (c3-kudu-tst-st07.bj:18700): delete failed for tablet 46fc46e028434bc69f467922a9a59101 with error code TABLET_NOT_RUNNING: Illegal state: State transition of tablet 46fc46e028434bc69f467922a9a59101 already in progress: creating tablet
I1031 23:05:58.376832 5675 catalog_manager.cc:2752] Scheduling retry of 46fc46e028434bc69f467922a9a59101 Delete Tablet RPC for TS=23f962e4a1744381ad5fa0d2d8b10241 with a delay of 60009ms (attempt = 13)...
I1031 23:05:58.377893 5672 catalog_manager.cc:2988] Sending DeleteTablet(TABLET_DATA_DELETED) for tablet 56155a2adc24450d89e338cc955bfa18 on 0f53a0d3ef7e44ebb0365c800752d5bd (c3-kudu-tst-st01.bj:18700) (Replaced by 80ba7f33ec864c5f96c61932edb5cdc4 at 2017-10-31 23:04:52 CST)
I1031 23:05:58.388146 5674 catalog_manager.cc:2988] Sending DeleteTablet(TABLET_DATA_DELETED) for tablet 8ed42ada2d6846f3b3b70c9d9c13c986 on 193181be29284287b25df2ee92938f0b (c3-kudu-tst-st08.bj:18700) (Replaced by de37a68992504da8a4640f8ab4653544 at 2017-10-31 23:04:52 CST)
W1031 23:05:58.388481 5674 catalog_manager.cc:2955] TS 193181be29284287b25df2ee92938f0b (c3-kudu-tst-st08.bj:18700): delete failed for tablet 8ed42ada2d6846f3b3b70c9d9c13c986 with error code TABLET_NOT_RUNNING: Illegal state: State transition of tablet 8ed42ada2d6846f3b3b70c9d9c13c986 already in progress: creating tablet
I1031 23:05:58.388502 5674 catalog_manager.cc:2752] Scheduling retry of 8ed42ada2d6846f3b3b70c9d9c13c986 Delete Tablet RPC for TS=193181be29284287b25df2ee92938f0b with a delay of 60032ms (attempt = 13)...
I1031 23:05:58.401662 5674 catalog_manager.cc:2988] Sending DeleteTablet(TABLET_DATA_DELETED) for tablet 56155a2adc24450d89e338cc955bfa18 on 193181be29284287b25df2ee92938f0b (c3-kudu-tst-st08.bj:18700) (Replaced by 80ba7f33ec864c5f96c61932edb5cdc4 at 2017-10-31 23:04:52 CST)
W1031 23:05:58.401983 5674 catalog_manager.cc:2955] TS 193181be29284287b25df2ee92938f0b (c3-kudu-tst-st08.bj:18700): delete failed for tablet 56155a2adc24450d89e338cc955bfa18 with error code TABLET_NOT_RUNNING: Illegal state: State transition of tablet 56155a2adc24450d89e338cc955bfa18 already in progress: creating tablet
I1031 23:05:58.402014 5674 catalog_manager.cc:2752] Scheduling retry of 56155a2adc24450d89e338cc955bfa18 Delete Tablet RPC for TS=193181be29284287b25df2ee92938f0b with a delay of 60027ms (attempt = 13)...
I1031 23:05:58.420981 5675 catalog_manager.cc:2988] Sending DeleteTablet(TABLET_DATA_DELETED) for tablet bff7dab34ccd4b42842077e82106f6fb on 23f962e4a1744381ad5fa0d2d8b10241 (c3-kudu-tst-st07.bj:18700) (Replaced by 005a48fb466c4a52896842dd00124755 at 2017-10-31 23:04:52 CST)
W1031 23:05:58.421243 5675 catalog_manager.cc:2955] TS 23f962e4a1744381ad5fa0d2d8b10241 (c3-kudu-tst-st07.bj:18700): delete failed for tablet bff7dab34ccd4b42842077e82106f6fb with error code TABLET_NOT_RUNNING: Illegal state: State transition of tablet bff7dab34ccd4b42842077e82106f6fb already in progress: creating tablet
I1031 23:05:58.421259 5675 catalog_manager.cc:2752] Scheduling retry of bff7dab34ccd4b42842077e82106f6fb Delete Tablet RPC for TS=23f962e4a1744381ad5fa0d2d8b10241 with a delay of 60014ms (attempt = 13)...
I1031 23:06:00.931926 5675 catalog_manager.cc:2988] Sending DeleteTablet(TABLET_DATA_DELETED) for tablet f2af422919fd4560bd6441509a68d64b on 23f962e4a1744381ad5fa0d2d8b10241 (c3-kudu-tst-st07.bj:18700) (Replaced by a17da97943904920814af1508905ecfc at 2017-10-31 23:05:52 CST)
W1031 23:06:00.932323 5675 catalog_manager.cc:2955] TS 23f962e4a1744381ad5fa0d2d8b10241 (c3-kudu-tst-st07.bj:18700): delete failed for tablet f2af422919fd4560bd6441509a68d64b with error code TABLET_NOT_RUNNING: Illegal state: State transition of tablet f2af422919fd4560bd6441509a68d64b already in progress: creating tablet
I1031 23:06:00.932365 5675 catalog_manager.cc:2752] Scheduling retry of f2af422919fd4560bd6441509a68d64b Delete Tablet RPC for TS=23f962e4a1744381ad5fa0d2d8b10241 with a delay of 8215ms (attempt = 10)...
I1031 23:06:00.937966 5674 catalog_manager.cc:2988] Sending DeleteTablet(TABLET_DATA_DELETED) for tablet 8df4d6c546194972a7c0cfb8bf652384 on 193181be29284287b25df2ee92938f0b (c3-kudu-tst-st08.bj:18700) (Replaced by bb4c891b261b42ef9b983f46cefef6ae at 2017-10-31 23:05:52 CST)
W1031 23:06:00.938388 5674 catalog_manager.cc:2955] TS 193181be29284287b25df2ee92938f0b (c3-kudu-tst-st08.bj:18700): delete failed for tablet 8df4d6c546194972a7c0cfb8bf652384 with error code TABLET_NOT_RUNNING: Illegal state: State transition of tablet 8df4d6c546194972a7c0cfb8bf652384 already in progress: creating tablet
I1031 23:06:00.938422 5674 catalog_manager.cc:2752] Scheduling retry of 8df4d6c546194972a7c0cfb8bf652384 Delete Tablet RPC for TS=193181be29284287b25df2ee92938f0b with a delay of 8225ms (attempt = 10)...
I1031 23:06:00.945538 5675 catalog_manager.cc:2988] Sending DeleteTablet(TABLET_DATA_DELETED) for tablet 012b21c0f95e4dd594076018fd6fdb7e on 23f962e4a1744381ad5fa0d2d8b10241 (c3-kudu-tst-st07.bj:18700) (Replaced by ae7fa26c77054ef1b98d5e0f4e6940d6 at 2017-10-31 23:05:52 CST)
I1031 23:06:00.945590 5674 catalog_manager.cc:2988] Sending DeleteTablet(TABLET_DATA_DELETED) for tablet d67c8d7da92f4f10b75858f21d80f8c4 on d3eb30bd1bc34b95902fa61724239553 (c3-kudu-tst-st05.bj:18700) (Replaced by 8566e0c79e674a74803cd1a15fec8cb2 at 2017-10-31 23:05:52 CST)
W1031 23:06:00.945912 5674 catalog_manager.cc:2955] TS d3eb30bd1bc34b95902fa61724239553 (c3-kudu-tst-st05.bj:18700): delete failed for tablet d67c8d7da92f4f10b75858f21d80f8c4 with error code TABLET_NOT_RUNNING: Illegal state: State transition of tablet d67c8d7da92f4f10b75858f21d80f8c4 already in progress: creating tablet
W1031 23:06:00.945917 5675 catalog_manager.cc:2955] TS 23f962e4a1744381ad5fa0d2d8b10241 (c3-kudu-tst-st07.bj:18700): delete failed for tablet 012b21c0f95e4dd594076018fd6fdb7e with error code TABLET_NOT_RUNNING: Illegal state: State transition of tablet 012b21c0f95e4dd594076018fd6fdb7e already in progress: creating tablet
I1031 23:06:00.945938 5674 catalog_manager.cc:2752] Scheduling retry of d67c8d7da92f4f10b75858f21d80f8c4 Delete Tablet RPC for TS=d3eb30bd1bc34b95902fa61724239553 with a delay of 8237ms (attempt = 10)...
I1031 23:06:00.945955 5675 catalog_manager.cc:2752] Scheduling retry of 012b21c0f95e4dd594076018fd6fdb7e Delete Tablet RPC for TS=23f962e4a1744381ad5fa0d2d8b10241 with a delay of 8202ms (attempt = 10)...
I1031 23:06:00.955757 5672 catalog_manager.cc:2988] Sending DeleteTablet(TABLET_DATA_DELETED) for tablet 8df4d6c546194972a7c0cfb8bf652384 on daba39963d4346e1816089fd3a5442b5 (c3-kudu-tst-st09.bj:18700) (Replaced by bb4c891b261b42ef9b983f46cefef6ae at 2017-10-31 23:05:52 CST)
W1031 23:06:00.956138 5672 catalog_manager.cc:2955] TS daba39963d4346e1816089fd3a5442b5 (c3-kudu-tst-st09.bj:18700): delete failed for tablet 8df4d6c546194972a7c0cfb8bf652384 with error code TABLET_NOT_RUNNING: Illegal state: State transition of tablet 8df4d6c546194972a7c0cfb8bf652384 already in progress: creating tablet
I1031 23:06:00.956161 5672 catalog_manager.cc:2752] Scheduling retry of 8df4d6c546194972a7c0cfb8bf652384 Delete Tablet RPC for TS=daba39963d4346e1816089fd3a5442b5 with a delay of 8206ms (attempt = 10)...
I1031 23:06:00.985100 5675 catalog_manager.cc:2988] Sending DeleteTablet(TABLET_DATA_DELETED) for tablet d67c8d7da92f4f10b75858f21d80f8c4 on 23f962e4a1744381ad5fa0d2d8b10241 (c3-kudu-tst-st07.bj:18700) (Replaced by 8566e0c79e674a74803cd1a15fec8cb2 at 2017-10-31 23:05:52 CST)
W1031 23:06:00.985350 5675 catalog_manager.cc:2955] TS 23f962e4a1744381ad5fa0d2d8b10241 (c3-kudu-tst-st07.bj:18700): delete failed for tablet d67c8d7da92f4f10b75858f21d80f8c4 with error code TABLET_NOT_RUNNING: Illegal state: State transition of tablet d67c8d7da92f4f10b75858f21d80f8c4 already in progress: creating tablet
I1031 23:06:00.985370 5675 catalog_manager.cc:2752] Scheduling retry of d67c8d7da92f4f10b75858f21d80f8c4 Delete Tablet RPC for TS=23f962e4a1744381ad5fa0d2d8b10241 with a delay of 8205ms (attempt = 10)...
I1031 23:06:00.994098 5674 catalog_manager.cc:2988] Sending DeleteTablet(TABLET_DATA_DELETED) for tablet f2af422919fd4560bd6441509a68d64b on 193181be29284287b25df2ee92938f0b (c3-kudu-tst-st08.bj:18700) (Replaced by a17da97943904920814af1508905ecfc at 2017-10-31 23:05:52 CST)
W1031 23:06:00.994423 5674 catalog_manager.cc:2955] TS 193181be29284287b25df2ee92938f0b (c3-kudu-tst-st08.bj:18700): delete failed for tablet f2af422919fd4560bd6441509a68d64b with error code TABLET_NOT_RUNNING: Illegal state: State transition of tablet f2af422919fd4560bd6441509a68d64b already in progress: creating tablet
I1031 23:06:00.994457 5674 catalog_manager.cc:2752] Scheduling retry of f2af422919fd4560bd6441509a68d64b Delete Tablet RPC for TS=193181be29284287b25df2ee92938f0b with a delay of 8208ms (attempt = 10)...
I1031 23:06:01.946799 5683 catalog_manager.cc:2282] Got report from deleted tablet 388697c0c21a4b158a92f2b292b8012f (table default.timeout_tst [id=cdcb3e60c1314776843d856365535d49]) (Replaced by 0ea66c65e2d4445eb9cc83ba7ee1448b at 2017-10-31 23:04:22 CST): Sending delete request for this tablet
I1031 23:06:01.946846 5683 catalog_manager.cc:2988] Sending DeleteTablet(TABLET_DATA_DELETED) for tablet 388697c0c21a4b158a92f2b292b8012f on 193181be29284287b25df2ee92938f0b (c3-kudu-tst-st08.bj:18700) (Replaced by 0ea66c65e2d4445eb9cc83ba7ee1448b at 2017-10-31 23:04:22 CST)
I1031 23:06:01.973428 5683 catalog_manager.cc:2282] Got report from deleted tablet 27f651ff46ca4722b064a85e795dcaa4 (table default.timeout_tst [id=cdcb3e60c1314776843d856365535d49]) (Replaced by 46fc46e028434bc69f467922a9a59101 at 2017-10-31 23:04:22 CST): Sending delete request for this tablet
I1031 23:06:01.973448 5683 catalog_manager.cc:2988] Sending DeleteTablet(TABLET_DATA_DELETED) for tablet 27f651ff46ca4722b064a85e795dcaa4 on 193181be29284287b25df2ee92938f0b (c3-kudu-tst-st08.bj:18700) (Replaced by 46fc46e028434bc69f467922a9a59101 at 2017-10-31 23:04:22 CST)
I1031 23:06:01.973481 5683 catalog_manager.cc:2282] Got report from deleted tablet 5110f0095bd94f67abf0aad906332efe (table default.timeout_tst [id=cdcb3e60c1314776843d856365535d49]) (Replaced by bff7dab34ccd4b42842077e82106f6fb at 2017-10-31 23:04:22 CST): Sending delete request for this tablet
I1031 23:06:01.973491 5683 catalog_manager.cc:2988] Sending DeleteTablet(TABLET_DATA_DELETED) for tablet 5110f0095bd94f67abf0aad906332efe on 193181be29284287b25df2ee92938f0b (c3-kudu-tst-st08.bj:18700) (Replaced by bff7dab34ccd4b42842077e82106f6fb at 2017-10-31 23:04:22 CST)
I1031 23:06:01.974118 5683 catalog_manager.cc:2282] Got report from deleted tablet bd6a9e583cad413ca558178148ac7f85 (table default.timeout_tst [id=cdcb3e60c1314776843d856365535d49]) (Replaced by 117cd74bcdab4942901acb0005cdd702 at 2017-10-31 23:04:22 CST): Sending delete request for this tablet
I1031 23:06:01.974143 5683 catalog_manager.cc:2988] Sending DeleteTablet(TABLET_DATA_DELETED) for tablet bd6a9e583cad413ca558178148ac7f85 on 193181be29284287b25df2ee92938f0b (c3-kudu-tst-st08.bj:18700) (Replaced by 117cd74bcdab4942901acb0005cdd702 at 2017-10-31 23:04:22 CST)
I1031 23:06:01.974707 5683 catalog_manager.cc:2282] Got report from deleted tablet 8182189275034354a3c350318114c7e4 (table default.timeout_tst [id=cdcb3e60c1314776843d856365535d49]) (Replaced by 9710e0187e434acfa54ca8f8504434ed at 2017-10-31 23:04:22 CST): Sending delete request for this tablet
I1031 23:06:01.974721 5683 catalog_manager.cc:2988] Sending DeleteTablet(TABLET_DATA_DELETED) for tablet 8182189275034354a3c350318114c7e4 on 193181be29284287b25df2ee92938f0b (c3-kudu-tst-st08.bj:18700) (Replaced by 9710e0187e434acfa54ca8f8504434ed at 2017-10-31 23:04:22 CST)
I1031 23:06:01.974984 5683 catalog_manager.cc:2282] Got report from deleted tablet f0a40a8745bb4f4abbe8b304ebc7626c (table default.timeout_tst [id=cdcb3e60c1314776843d856365535d49]) (Replaced by 802f72af09384e95acd389f46a1d9c84 at 2017-10-31 23:04:22 CST): Sending delete request for this tablet
I1031 23:06:01.975015 5683 catalog_manager.cc:2988] Sending DeleteTablet(TABLET_DATA_DELETED) for tablet f0a40a8745bb4f4abbe8b304ebc7626c on 193181be29284287b25df2ee92938f0b (c3-kudu-tst-st08.bj:18700) (Replaced by 802f72af09384e95acd389f46a1d9c84 at 2017-10-31 23:04:22 CST)
I1031 23:06:01.978266 5683 catalog_manager.cc:2282] Got report from deleted tablet 719f0f496bc34a469e4069b2861b4be8 (table default.timeout_tst [id=cdcb3e60c1314776843d856365535d49]) (Replaced by c94f26e6a0ea4bea82140a0877c0f226 at 2017-10-31 23:04:22 CST): Sending delete request for this tablet
I1031 23:06:01.978281 5683 catalog_manager.cc:2988] Sending DeleteTablet(TABLET_DATA_DELETED) for tablet 719f0f496bc34a469e4069b2861b4be8 on 193181be29284287b25df2ee92938f0b (c3-kudu-tst-st08.bj:18700) (Replaced by c94f26e6a0ea4bea82140a0877c0f226 at 2017-10-31 23:04:22 CST)
I1031 23:06:01.981434 5683 catalog_manager.cc:2282] Got report from deleted tablet 6a813ca355f749b6b31a773aa0f2ac7a (table default.timeout_tst [id=cdcb3e60c1314776843d856365535d49]) (Replaced by 582c1281bf5147b2bd40c9a950a1152f at 2017-10-31 23:04:22 CST): Sending delete request for this tablet
I1031 23:06:01.981461 5683 catalog_manager.cc:2988] Sending DeleteTablet(TABLET_DATA_DELETED) for tablet 6a813ca355f749b6b31a773aa0f2ac7a on 193181be29284287b25df2ee92938f0b (c3-kudu-tst-st08.bj:18700) (Replaced by 582c1281bf5147b2bd40c9a950a1152f at 2017-10-31 23:04:22 CST)
I1031 23:06:01.982048 5683 catalog_manager.cc:2282] Got report from deleted tablet b758ec3274c84dcbb110cf5aa3dca9aa (table default.timeout_tst [id=cdcb3e60c1314776843d856365535d49]) (Replaced by 8356b43879104775b9a8c5a9e546e85b at 2017-10-31 23:04:52 CST): Sending delete request for this tablet
I1031 23:06:01.982074 5683 catalog_manager.cc:2988] Sending DeleteTablet(TABLET_DATA_DELETED) for tablet b758ec3274c84dcbb110cf5aa3dca9aa on 193181be29284287b25df2ee92938f0b (c3-kudu-tst-st08.bj:18700) (Replaced by 8356b43879104775b9a8c5a9e546e85b at 2017-10-31 23:04:52 CST)
I1031 23:06:01.982384 5683 catalog_manager.cc:2282] Got report from deleted tablet 506ef9008a0c496b8f2d97479c017c20 (table default.timeout_tst [id=cdcb3e60c1314776843d856365535d49]) (Replaced by 4b81a7f36c9a4b24a3294e39fdf19d9d at 2017-10-31 23:04:22 CST): Sending delete request for this tablet
I1031 23:06:01.982404 5683 catalog_manager.cc:2988] Sending DeleteTablet(TABLET_DATA_DELETED) for tablet 506ef9008a0c496b8f2d97479c017c20 on 193181be29284287b25df2ee92938f0b (c3-kudu-tst-st08.bj:18700) (Replaced by 4b81a7f36c9a4b24a3294e39fdf19d9d at 2017-10-31 23:04:22 CST)
I1031 23:06:01.982689 5683 catalog_manager.cc:2282] Got report from deleted tablet c94f26e6a0ea4bea82140a0877c0f226 (table default.timeout_tst [id=cdcb3e60c1314776843d856365535d49]) (Replaced by 0c2abca80c8f4fdaa788afd6a931df9d at 2017-10-31 23:04:52 CST): Sending delete request for this tablet
I1031 23:06:01.982707 5683 catalog_manager.cc:2988] Sending DeleteTablet(TABLET_DATA_DELETED) for tablet c94f26e6a0ea4bea82140a0877c0f226 on 193181be29284287b25df2ee92938f0b (c3-kudu-tst-st08.bj:18700) (Replaced by 0c2abca80c8f4fdaa788afd6a931df9d at 2017-10-31 23:04:52 CST)
I1031 23:06:01.982733 5683 catalog_manager.cc:2282] Got report from deleted tablet 8ed42ada2d6846f3b3b70c9d9c13c986 (table default.timeout_tst [id=cdcb3e60c1314776843d856365535d49]) (Replaced by de37a68992504da8a4640f8ab4653544 at 2017-10-31 23:04:52 CST): Sending delete request for this tablet
I1031 23:06:01.982748 5683 catalog_manager.cc:2988] Sending DeleteTablet(TABLET_DATA_DELETED) for tablet 8ed42ada2d6846f3b3b70c9d9c13c986 on 193181be29284287b25df2ee92938f0b (c3-kudu-tst-st08.bj:18700) (Replaced by de37a68992504da8a4640f8ab4653544 at 2017-10-31 23:04:52 CST)
I1031 23:06:01.984797 5683 catalog_manager.cc:2282] Got report from deleted tablet 45e2cfbf12734183aa63ce7e9e78c541 (table default.timeout_tst [id=cdcb3e60c1314776843d856365535d49]) (Replaced by 991306ec7acb449c89e5dd29d90e8d55 at 2017-10-31 23:04:22 CST): Sending delete request for this tablet
I1031 23:06:01.984817 5683 catalog_manager.cc:2988] Sending DeleteTablet(TABLET_DATA_DELETED) for tablet 45e2cfbf12734183aa63ce7e9e78c541 on 193181be29284287b25df2ee92938f0b (c3-kudu-tst-st08.bj:18700) (Replaced by 991306ec7acb449c89e5dd29d90e8d55 at 2017-10-31 23:04:22 CST)
I1031 23:06:02.050748 5683 catalog_manager.cc:2282] Got report from deleted tablet 721e8a57234447eabda00f5df65bd574 (table default.timeout_tst [id=cdcb3e60c1314776843d856365535d49]) (Replaced by 8df4d6c546194972a7c0cfb8bf652384 at 2017-10-31 23:05:22 CST): Sending delete request for this tablet
I1031 23:06:02.050773 5683 catalog_manager.cc:2988] Sending DeleteTablet(TABLET_DATA_DELETED) for tablet 721e8a57234447eabda00f5df65bd574 on 193181be29284287b25df2ee92938f0b (c3-kudu-tst-st08.bj:18700) (Replaced by 8df4d6c546194972a7c0cfb8bf652384 at 2017-10-31 23:05:22 CST)
I1031 23:06:02.051111 5683 catalog_manager.cc:2282] Got report from deleted tablet de37a68992504da8a4640f8ab4653544 (table default.timeout_tst [id=cdcb3e60c1314776843d856365535d49]) (Replaced by 012b21c0f95e4dd594076018fd6fdb7e at 2017-10-31 23:05:22 CST): Sending delete request for this tablet
I1031 23:06:02.051136 5683 catalog_manager.cc:2988] Sending DeleteTablet(TABLET_DATA_DELETED) for tablet de37a68992504da8a4640f8ab4653544 on 193181be29284287b25df2ee92938f0b (c3-kudu-tst-st08.bj:18700) (Replaced by 012b21c0f95e4dd594076018fd6fdb7e at 2017-10-31 23:05:22 CST)
I1031 23:06:02.051169 5683 catalog_manager.cc:2282] Got report from deleted tablet acb401e40e7049fbbfdbeb40474353d9 (table default.timeout_tst [id=cdcb3e60c1314776843d856365535d49]) (Replaced by d67c8d7da92f4f10b75858f21d80f8c4 at 2017-10-31 23:05:22 CST): Sending delete request for this tablet
I1031 23:06:02.051190 5683 catalog_manager.cc:2988] Sending DeleteTablet(TABLET_DATA_DELETED) for tablet acb401e40e7049fbbfdbeb40474353d9 on 193181be29284287b25df2ee92938f0b (c3-kudu-tst-st08.bj:18700) (Replaced by d67c8d7da92f4f10b75858f21d80f8c4 at 2017-10-31 23:05:22 CST)
I1031 23:06:02.051832 5683 catalog_manager.cc:2282] Got report from deleted tablet 802f72af09384e95acd389f46a1d9c84 (table default.timeout_tst [id=cdcb3e60c1314776843d856365535d49]) (Replaced by 721e8a57234447eabda00f5df65bd574 at 2017-10-31 23:04:52 CST): Sending delete request for this tablet
I1031 23:06:02.051848 5683 catalog_manager.cc:2988] Sending DeleteTablet(TABLET_DATA_DELETED) for tablet 802f72af09384e95acd389f46a1d9c84 on 193181be29284287b25df2ee92938f0b (c3-kudu-tst-st08.bj:18700) (Replaced by 721e8a57234447eabda00f5df65bd574 at 2017-10-31 23:04:52 CST)
I1031 23:06:02.053266 5683 catalog_manager.cc:2282] Got report from deleted tablet bff7dab34ccd4b42842077e82106f6fb (table default.timeout_tst [id=cdcb3e60c1314776843d856365535d49]) (Replaced by 005a48fb466c4a52896842dd00124755 at 2017-10-31 23:04:52 CST): Sending delete request for this tablet
I1031 23:06:02.053282 5683 catalog_manager.cc:2988] Sending DeleteTablet(TABLET_DATA_DELETED) for tablet bff7dab34ccd4b42842077e82106f6fb on 193181be29284287b25df2ee92938f0b (c3-kudu-tst-st08.bj:18700) (Replaced by 005a48fb466c4a52896842dd00124755 at 2017-10-31 23:04:52 CST)
I1031 23:06:02.053558 5683 catalog_manager.cc:2282] Got report from deleted tablet 56155a2adc24450d89e338cc955bfa18 (table default.timeout_tst [id=cdcb3e60c1314776843d856365535d49]) (Replaced by 80ba7f33ec864c5f96c61932edb5cdc4 at 2017-10-31 23:04:52 CST): Sending delete request for this tablet
I1031 23:06:02.053576 5683 catalog_manager.cc:2988] Sending DeleteTablet(TABLET_DATA_DELETED) for tablet 56155a2adc24450d89e338cc955bfa18 on 193181be29284287b25df2ee92938f0b (c3-kudu-tst-st08.bj:18700) (Replaced by 80ba7f33ec864c5f96c61932edb5cdc4 at 2017-10-31 23:04:52 CST)
I1031 23:06:02.053611 5683 catalog_manager.cc:2282] Got report from deleted tablet 582c1281bf5147b2bd40c9a950a1152f (table default.timeout_tst [id=cdcb3e60c1314776843d856365535d49]) (Replaced by 0def0264c0db4c438e16c22b23a0b43a at 2017-10-31 23:04:52 CST): Sending delete request for this tablet
I1031 23:06:02.053625 5683 catalog_manager.cc:2988] Sending DeleteTablet(TABLET_DATA_DELETED) for tablet 582c1281bf5147b2bd40c9a950a1152f on 193181be29284287b25df2ee92938f0b (c3-kudu-tst-st08.bj:18700) (Replaced by 0def0264c0db4c438e16c22b23a0b43a at 2017-10-31 23:04:52 CST)
I1031 23:06:02.053918 5683 catalog_manager.cc:2282] Got report from deleted tablet 8356b43879104775b9a8c5a9e546e85b (table default.timeout_tst [id=cdcb3e60c1314776843d856365535d49]) (Replaced by 29fdcf1d33f94660b0c77445ec7e559b at 2017-10-31 23:05:22 CST): Sending delete request for this tablet
I1031 23:06:02.053933 5683 catalog_manager.cc:2988] Sending DeleteTablet(TABLET_DATA_DELETED) for tablet 8356b43879104775b9a8c5a9e546e85b on 193181be29284287b25df2ee92938f0b (c3-kudu-tst-st08.bj:18700) (Replaced by 29fdcf1d33f94660b0c77445ec7e559b at 2017-10-31 23:05:22 CST)
I1031 23:06:02.053969 5683 catalog_manager.cc:2282] Got report from deleted tablet 0c2abca80c8f4fdaa788afd6a931df9d (table default.timeout_tst [id=cdcb3e60c1314776843d856365535d49]) (Replaced by db5874009dd84d4892fccdb3316010c2 at 2017-10-31 23:05:22 CST): Sending delete request for this tablet
I1031 23:06:02.053982 5683 catalog_manager.cc:2988] Sending DeleteTablet(TABLET_DATA_DELETED) for tablet 0c2abca80c8f4fdaa788afd6a931df9d on 193181be29284287b25df2ee92938f0b (c3-kudu-tst-st08.bj:18700) (Replaced by db5874009dd84d4892fccdb3316010c2 at 2017-10-31 23:05:22 CST)
I1031 23:06:02.054859 5683 catalog_manager.cc:2282] Got report from deleted tablet 80ba7f33ec864c5f96c61932edb5cdc4 (table default.timeout_tst [id=cdcb3e60c1314776843d856365535d49]) (Replaced by 47eeb8448c454968a45bf1a984427b25 at 2017-10-31 23:05:22 CST): Sending delete request for this tablet
I1031 23:06:02.054877 5683 catalog_manager.cc:2988] Sending DeleteTablet(TABLET_DATA_DELETED) for tablet 80ba7f33ec864c5f96c61932edb5cdc4 on 193181be29284287b25df2ee92938f0b (c3-kudu-tst-st08.bj:18700) (Replaced by 47eeb8448c454968a45bf1a984427b25 at 2017-10-31 23:05:22 CST)
I1031 23:06:02.057916 5683 catalog_manager.cc:2282] Got report from deleted tablet 0def0264c0db4c438e16c22b23a0b43a (table default.timeout_tst [id=cdcb3e60c1314776843d856365535d49]) (Replaced by 95f15519e52a48edab3b765ae3a8e93d at 2017-10-31 23:05:22 CST): Sending delete request for this tablet
I1031 23:06:02.057934 5683 catalog_manager.cc:2988] Sending DeleteTablet(TABLET_DATA_DELETED) for tablet 0def0264c0db4c438e16c22b23a0b43a on 193181be29284287b25df2ee92938f0b (c3-kudu-tst-st08.bj:18700) (Replaced by 95f15519e52a48edab3b765ae3a8e93d at 2017-10-31 23:05:22 CST)
I1031 23:06:02.058182 5683 catalog_manager.cc:2282] Got report from deleted tablet 8df4d6c546194972a7c0cfb8bf652384 (table default.timeout_tst [id=cdcb3e60c1314776843d856365535d49]) (Replaced by bb4c891b261b42ef9b983f46cefef6ae at 2017-10-31 23:05:52 CST): Sending delete request for this tablet
I1031 23:06:02.058198 5683 catalog_manager.cc:2988] Sending DeleteTablet(TABLET_DATA_DELETED) for tablet 8df4d6c546194972a7c0cfb8bf652384 on 193181be29284287b25df2ee92938f0b (c3-kudu-tst-st08.bj:18700) (Replaced by bb4c891b261b42ef9b983f46cefef6ae at 2017-10-31 23:05:52 CST)
I1031 23:06:02.061408 5683 catalog_manager.cc:2282] Got report from deleted tablet f2af422919fd4560bd6441509a68d64b (table default.timeout_tst [id=cdcb3e60c1314776843d856365535d49]) (Replaced by a17da97943904920814af1508905ecfc at 2017-10-31 23:05:52 CST): Sending delete request for this tablet
I1031 23:06:02.061426 5683 catalog_manager.cc:2988] Sending DeleteTablet(TABLET_DATA_DELETED) for tablet f2af422919fd4560bd6441509a68d64b on 193181be29284287b25df2ee92938f0b (c3-kudu-tst-st08.bj:18700) (Replaced by a17da97943904920814af1508905ecfc at 2017-10-31 23:05:52 CST)
I1031 23:06:02.196069 5661 delta_tracker.cc:686] T 00000000000000000000000000000000 P de39c515460944c48e021fd11a48acf8: Flushing 23 deltas from DMS 0...
I1031 23:06:02.240336 5661 delta_tracker.cc:628] T 00000000000000000000000000000000 P de39c515460944c48e021fd11a48acf8: Flushed delta block: 0000000000011538 ts range: [6182757834638725120, 6182757835431510016]
I1031 23:06:02.240361 5661 delta_tracker.cc:641] T 00000000000000000000000000000000 P de39c515460944c48e021fd11a48acf8: Reopened delta block for read: 0000000000011538
I1031 23:06:02.294589 5661 maintenance_manager.cc:419] Time spent running FlushDeltaMemStoresOp(00000000000000000000000000000000): real 0.099s user 0.001s sys 0.000s
I1031 23:06:02.294620 5661 maintenance_manager.cc:425] P de39c515460944c48e021fd11a48acf8: FlushDeltaMemStoresOp(00000000000000000000000000000000) metrics: {"fdatasync":3,"fdatasync_us":71931,"lbm_write_time_us":37,"lbm_writes_lt_1ms":4}
I1031 23:06:02.456447 5683 catalog_manager.cc:2282] Got report from deleted tablet 80ba7f33ec864c5f96c61932edb5cdc4 (table default.timeout_tst [id=cdcb3e60c1314776843d856365535d49]) (Replaced by 47eeb8448c454968a45bf1a984427b25 at 2017-10-31 23:05:22 CST): Sending delete request for this tablet
I1031 23:06:02.456478 5683 catalog_manager.cc:2988] Sending DeleteTablet(TABLET_DATA_DELETED) for tablet 80ba7f33ec864c5f96c61932edb5cdc4 on 193181be29284287b25df2ee92938f0b (c3-kudu-tst-st08.bj:18700) (Replaced by 47eeb8448c454968a45bf1a984427b25 at 2017-10-31 23:05:22 CST)
I1031 23:06:02.526365 5674 catalog_manager.cc:2964] TS 193181be29284287b25df2ee92938f0b (c3-kudu-tst-st08.bj:18700): tablet b758ec3274c84dcbb110cf5aa3dca9aa (table default.timeout_tst [id=cdcb3e60c1314776843d856365535d49]) successfully deleted
I1031 23:06:02.627744 5674 catalog_manager.cc:2964] TS 193181be29284287b25df2ee92938f0b (c3-kudu-tst-st08.bj:18700): tablet c94f26e6a0ea4bea82140a0877c0f226 (table default.timeout_tst [id=cdcb3e60c1314776843d856365535d49]) successfully deleted
I1031 23:06:02.664710 5683 catalog_manager.cc:2414] T bb4c891b261b42ef9b983f46cefef6ae reported consensus state change: term changed from 0 to 1, leader changed from to 193181be29284287b25df2ee92938f0b (c3-kudu-tst-st08.bj). New consensus state: current_term: 1 leader_uuid: "193181be29284287b25df2ee92938f0b" config { opid_index: -1 OBSOLETE_local: false peers { permanent_uuid: "23f962e4a1744381ad5fa0d2d8b10241" member_type: VOTER last_known_addr { host: "c3-kudu-tst-st07.bj" port: 18700 } } peers { permanent_uuid: "193181be29284287b25df2ee92938f0b" member_type: VOTER last_known_addr { host: "c3-kudu-tst-st08.bj" port: 18700 } } peers { permanent_uuid: "044f1da9a27c46acb82b1386f829f4dc" member_type: VOTER last_known_addr { host: "c3-kudu-tst-st03.bj" port: 18700 } } }
I1031 23:06:02.779525 5674 catalog_manager.cc:2964] TS 193181be29284287b25df2ee92938f0b (c3-kudu-tst-st08.bj:18700): tablet 8ed42ada2d6846f3b3b70c9d9c13c986 (table default.timeout_tst [id=cdcb3e60c1314776843d856365535d49]) successfully deleted
I1031 23:06:02.858429 5683 catalog_manager.cc:2414] T 8566e0c79e674a74803cd1a15fec8cb2 reported consensus state change: term changed from 0 to 1, leader changed from to 193181be29284287b25df2ee92938f0b (c3-kudu-tst-st08.bj). New consensus state: current_term: 1 leader_uuid: "193181be29284287b25df2ee92938f0b" config { opid_index: -1 OBSOLETE_local: false peers { permanent_uuid: "0fc477287c154136abc1e2f3c82fb7f9" member_type: VOTER last_known_addr { host: "c3-kudu-tst-st04.bj" port: 18700 } } peers { permanent_uuid: "193181be29284287b25df2ee92938f0b" member_type: VOTER last_known_addr { host: "c3-kudu-tst-st08.bj" port: 18700 } } peers { permanent_uuid: "23f962e4a1744381ad5fa0d2d8b10241" member_type: VOTER last_known_addr { host: "c3-kudu-tst-st07.bj" port: 18700 } } }
I1031 23:06:02.876154 5683 catalog_manager.cc:2282] Got report from deleted tablet 8df4d6c546194972a7c0cfb8bf652384 (table default.timeout_tst [id=cdcb3e60c1314776843d856365535d49]) (Replaced by bb4c891b261b42ef9b983f46cefef6ae at 2017-10-31 23:05:52 CST): Sending delete request for this tablet
I1031 23:06:02.876181 5683 catalog_manager.cc:2988] Sending DeleteTablet(TABLET_DATA_DELETED) for tablet 8df4d6c546194972a7c0cfb8bf652384 on 193181be29284287b25df2ee92938f0b (c3-kudu-tst-st08.bj:18700) (Replaced by bb4c891b261b42ef9b983f46cefef6ae at 2017-10-31 23:05:52 CST)
I1031 23:06:02.905578 5674 catalog_manager.cc:2964] TS 193181be29284287b25df2ee92938f0b (c3-kudu-tst-st08.bj:18700): tablet 45e2cfbf12734183aa63ce7e9e78c541 (table default.timeout_tst [id=cdcb3e60c1314776843d856365535d49]) successfully deleted
I1031 23:06:03.200565 5674 catalog_manager.cc:2964] TS 193181be29284287b25df2ee92938f0b (c3-kudu-tst-st08.bj:18700): tablet 5110f0095bd94f67abf0aad906332efe (table default.timeout_tst [id=cdcb3e60c1314776843d856365535d49]) successfully deleted
I1031 23:06:03.259665 5674 catalog_manager.cc:2964] TS 193181be29284287b25df2ee92938f0b (c3-kudu-tst-st08.bj:18700): tablet 802f72af09384e95acd389f46a1d9c84 (table default.timeout_tst [id=cdcb3e60c1314776843d856365535d49]) successfully deleted
I1031 23:06:03.285136 5674 catalog_manager.cc:2964] TS 193181be29284287b25df2ee92938f0b (c3-kudu-tst-st08.bj:18700): tablet 388697c0c21a4b158a92f2b292b8012f (table default.timeout_tst [id=cdcb3e60c1314776843d856365535d49]) successfully deleted
I1031 23:06:03.285167 5674 catalog_manager.cc:2964] TS 193181be29284287b25df2ee92938f0b (c3-kudu-tst-st08.bj:18700): tablet 506ef9008a0c496b8f2d97479c017c20 (table default.timeout_tst [id=cdcb3e60c1314776843d856365535d49]) successfully deleted
W1031 23:06:03.285188 5674 catalog_manager.cc:2955] TS 193181be29284287b25df2ee92938f0b (c3-kudu-tst-st08.bj:18700): delete failed for tablet 80ba7f33ec864c5f96c61932edb5cdc4 with error code TABLET_NOT_RUNNING: Illegal state: State transition of tablet 80ba7f33ec864c5f96c61932edb5cdc4 already in progress: deleting tablet
I1031 23:06:03.285199 5674 catalog_manager.cc:2752] Scheduling retry of 80ba7f33ec864c5f96c61932edb5cdc4 Delete Tablet RPC for TS=193181be29284287b25df2ee92938f0b with a delay of 46ms (attempt = 1)...
W1031 23:06:03.285229 5674 catalog_manager.cc:2955] TS 193181be29284287b25df2ee92938f0b (c3-kudu-tst-st08.bj:18700): delete failed for tablet 8df4d6c546194972a7c0cfb8bf652384 with error code TABLET_NOT_RUNNING: Illegal state: State transition of tablet 8df4d6c546194972a7c0cfb8bf652384 already in progress: deleting tablet
I1031 23:06:03.285253 5674 catalog_manager.cc:2752] Scheduling retry of 8df4d6c546194972a7c0cfb8bf652384 Delete Tablet RPC for TS=193181be29284287b25df2ee92938f0b with a delay of 20ms (attempt = 1)...
I1031 23:06:03.285269 5674 catalog_manager.cc:2964] TS 193181be29284287b25df2ee92938f0b (c3-kudu-tst-st08.bj:18700): tablet 27f651ff46ca4722b064a85e795dcaa4 (table default.timeout_tst [id=cdcb3e60c1314776843d856365535d49]) successfully deleted
I1031 23:06:03.285303 5674 catalog_manager.cc:2964] TS 193181be29284287b25df2ee92938f0b (c3-kudu-tst-st08.bj:18700): tablet 0c2abca80c8f4fdaa788afd6a931df9d (table default.timeout_tst [id=cdcb3e60c1314776843d856365535d49]) successfully deleted
I1031 23:06:03.305454 5674 catalog_manager.cc:2988] Sending DeleteTablet(TABLET_DATA_DELETED) for tablet 8df4d6c546194972a7c0cfb8bf652384 on 193181be29284287b25df2ee92938f0b (c3-kudu-tst-st08.bj:18700) (Replaced by bb4c891b261b42ef9b983f46cefef6ae at 2017-10-31 23:05:52 CST)
W1031 23:06:03.305641 5674 catalog_manager.cc:2955] TS 193181be29284287b25df2ee92938f0b (c3-kudu-tst-st08.bj:18700): delete failed for tablet 8df4d6c546194972a7c0cfb8bf652384 with error code TABLET_NOT_RUNNING: Illegal state: State transition of tablet 8df4d6c546194972a7c0cfb8bf652384 already in progress: deleting tablet
I1031 23:06:03.305672 5674 catalog_manager.cc:2752] Scheduling retry of 8df4d6c546194972a7c0cfb8bf652384 Delete Tablet RPC for TS=193181be29284287b25df2ee92938f0b with a delay of 39ms (attempt = 2)...
I1031 23:06:03.327220 5674 catalog_manager.cc:2964] TS 193181be29284287b25df2ee92938f0b (c3-kudu-tst-st08.bj:18700): tablet bd6a9e583cad413ca558178148ac7f85 (table default.timeout_tst [id=cdcb3e60c1314776843d856365535d49]) successfully deleted
I1031 23:06:03.331373 5674 catalog_manager.cc:2988] Sending DeleteTablet(TABLET_DATA_DELETED) for tablet 80ba7f33ec864c5f96c61932edb5cdc4 on 193181be29284287b25df2ee92938f0b (c3-kudu-tst-st08.bj:18700) (Replaced by 47eeb8448c454968a45bf1a984427b25 at 2017-10-31 23:05:22 CST)
W1031 23:06:03.331725 5674 catalog_manager.cc:2955] TS 193181be29284287b25df2ee92938f0b (c3-kudu-tst-st08.bj:18700): delete failed for tablet 80ba7f33ec864c5f96c61932edb5cdc4 with error code TABLET_NOT_RUNNING: Illegal state: State transition of tablet 80ba7f33ec864c5f96c61932edb5cdc4 already in progress: deleting tablet
I1031 23:06:03.331765 5674 catalog_manager.cc:2752] Scheduling retry of 80ba7f33ec864c5f96c61932edb5cdc4 Delete Tablet RPC for TS=193181be29284287b25df2ee92938f0b with a delay of 47ms (attempt = 2)...
I1031 23:06:03.344913 5674 catalog_manager.cc:2988] Sending DeleteTablet(TABLET_DATA_DELETED) for tablet 8df4d6c546194972a7c0cfb8bf652384 on 193181be29284287b25df2ee92938f0b (c3-kudu-tst-st08.bj:18700) (Replaced by bb4c891b261b42ef9b983f46cefef6ae at 2017-10-31 23:05:52 CST)
W1031 23:06:03.345247 5674 catalog_manager.cc:2955] TS 193181be29284287b25df2ee92938f0b (c3-kudu-tst-st08.bj:18700): delete failed for tablet 8df4d6c546194972a7c0cfb8bf652384 with error code TABLET_NOT_RUNNING: Illegal state: State transition of tablet 8df4d6c546194972a7c0cfb8bf652384 already in progress: deleting tablet
I1031 23:06:03.345266 5674 catalog_manager.cc:2752] Scheduling retry of 8df4d6c546194972a7c0cfb8bf652384 Delete Tablet RPC for TS=193181be29284287b25df2ee92938f0b with a delay of 104ms (attempt = 3)...
I1031 23:06:03.379840 5674 catalog_manager.cc:2988] Sending DeleteTablet(TABLET_DATA_DELETED) for tablet 80ba7f33ec864c5f96c61932edb5cdc4 on 193181be29284287b25df2ee92938f0b (c3-kudu-tst-st08.bj:18700) (Replaced by 47eeb8448c454968a45bf1a984427b25 at 2017-10-31 23:05:22 CST)
W1031 23:06:03.380092 5674 catalog_manager.cc:2955] TS 193181be29284287b25df2ee92938f0b (c3-kudu-tst-st08.bj:18700): delete failed for tablet 80ba7f33ec864c5f96c61932edb5cdc4 with error code TABLET_NOT_RUNNING: Illegal state: State transition of tablet 80ba7f33ec864c5f96c61932edb5cdc4 already in progress: deleting tablet
I1031 23:06:03.380131 5674 catalog_manager.cc:2752] Scheduling retry of 80ba7f33ec864c5f96c61932edb5cdc4 Delete Tablet RPC for TS=193181be29284287b25df2ee92938f0b with a delay of 110ms (attempt = 3)...
I1031 23:06:03.428629 5674 catalog_manager.cc:2964] TS 193181be29284287b25df2ee92938f0b (c3-kudu-tst-st08.bj:18700): tablet acb401e40e7049fbbfdbeb40474353d9 (table default.timeout_tst [id=cdcb3e60c1314776843d856365535d49]) successfully deleted
I1031 23:06:03.428666 5674 catalog_manager.cc:2964] TS 193181be29284287b25df2ee92938f0b (c3-kudu-tst-st08.bj:18700): tablet 56155a2adc24450d89e338cc955bfa18 (table default.timeout_tst [id=cdcb3e60c1314776843d856365535d49]) successfully deleted
I1031 23:06:03.449811 5674 catalog_manager.cc:2988] Sending DeleteTablet(TABLET_DATA_DELETED) for tablet 8df4d6c546194972a7c0cfb8bf652384 on 193181be29284287b25df2ee92938f0b (c3-kudu-tst-st08.bj:18700) (Replaced by bb4c891b261b42ef9b983f46cefef6ae at 2017-10-31 23:05:52 CST)
W1031 23:06:03.450158 5674 catalog_manager.cc:2955] TS 193181be29284287b25df2ee92938f0b (c3-kudu-tst-st08.bj:18700): delete failed for tablet 8df4d6c546194972a7c0cfb8bf652384 with error code TABLET_NOT_RUNNING: Illegal state: State transition of tablet 8df4d6c546194972a7c0cfb8bf652384 already in progress: deleting tablet
I1031 23:06:03.450189 5674 catalog_manager.cc:2752] Scheduling retry of 8df4d6c546194972a7c0cfb8bf652384 Delete Tablet RPC for TS=193181be29284287b25df2ee92938f0b with a delay of 149ms (attempt = 4)...
I1031 23:06:03.462244 5674 catalog_manager.cc:2964] TS 193181be29284287b25df2ee92938f0b (c3-kudu-tst-st08.bj:18700): tablet 582c1281bf5147b2bd40c9a950a1152f (table default.timeout_tst [id=cdcb3e60c1314776843d856365535d49]) successfully deleted
I1031 23:06:03.462283 5674 catalog_manager.cc:2964] TS 193181be29284287b25df2ee92938f0b (c3-kudu-tst-st08.bj:18700): tablet 8182189275034354a3c350318114c7e4 (table default.timeout_tst [id=cdcb3e60c1314776843d856365535d49]) successfully deleted
I1031 23:06:03.462302 5674 catalog_manager.cc:2964] TS 193181be29284287b25df2ee92938f0b (c3-kudu-tst-st08.bj:18700): tablet 719f0f496bc34a469e4069b2861b4be8 (table default.timeout_tst [id=cdcb3e60c1314776843d856365535d49]) successfully deleted
I1031 23:06:03.487900 5674 catalog_manager.cc:2964] TS 193181be29284287b25df2ee92938f0b (c3-kudu-tst-st08.bj:18700): tablet f0a40a8745bb4f4abbe8b304ebc7626c (table default.timeout_tst [id=cdcb3e60c1314776843d856365535d49]) successfully deleted
I1031 23:06:03.491057 5674 catalog_manager.cc:2988] Sending DeleteTablet(TABLET_DATA_DELETED) for tablet 80ba7f33ec864c5f96c61932edb5cdc4 on 193181be29284287b25df2ee92938f0b (c3-kudu-tst-st08.bj:18700) (Replaced by 47eeb8448c454968a45bf1a984427b25 at 2017-10-31 23:05:22 CST)
W1031 23:06:03.491406 5674 catalog_manager.cc:2955] TS 193181be29284287b25df2ee92938f0b (c3-kudu-tst-st08.bj:18700): delete failed for tablet 80ba7f33ec864c5f96c61932edb5cdc4 with error code TABLET_NOT_RUNNING: Illegal state: State transition of tablet 80ba7f33ec864c5f96c61932edb5cdc4 already in progress: deleting tablet
I1031 23:06:03.491437 5674 catalog_manager.cc:2752] Scheduling retry of 80ba7f33ec864c5f96c61932edb5cdc4 Delete Tablet RPC for TS=193181be29284287b25df2ee92938f0b with a delay of 160ms (attempt = 4)...
I1031 23:06:03.599750 5674 catalog_manager.cc:2988] Sending DeleteTablet(TABLET_DATA_DELETED) for tablet 8df4d6c546194972a7c0cfb8bf652384 on 193181be29284287b25df2ee92938f0b (c3-kudu-tst-st08.bj:18700) (Replaced by bb4c891b261b42ef9b983f46cefef6ae at 2017-10-31 23:05:52 CST)
W1031 23:06:03.600070 5674 catalog_manager.cc:2955] TS 193181be29284287b25df2ee92938f0b (c3-kudu-tst-st08.bj:18700): delete failed for tablet 8df4d6c546194972a7c0cfb8bf652384 with error code TABLET_NOT_RUNNING: Illegal state: State transition of tablet 8df4d6c546194972a7c0cfb8bf652384 already in progress: deleting tablet
I1031 23:06:03.600102 5674 catalog_manager.cc:2752] Scheduling retry of 8df4d6c546194972a7c0cfb8bf652384 Delete Tablet RPC for TS=193181be29284287b25df2ee92938f0b with a delay of 263ms (attempt = 5)...
I1031 23:06:03.623214 5674 catalog_manager.cc:2964] TS 193181be29284287b25df2ee92938f0b (c3-kudu-tst-st08.bj:18700): tablet 721e8a57234447eabda00f5df65bd574 (table default.timeout_tst [id=cdcb3e60c1314776843d856365535d49]) successfully deleted
