I1031 23:09:05.784912 5675 catalog_manager.cc:2964] TS 23f962e4a1744381ad5fa0d2d8b10241 (c3-kudu-tst-st07.bj:18700): tablet f2af422919fd4560bd6441509a68d64b (table default.timeout_tst [id=cdcb3e60c1314776843d856365535d49]) successfully deleted
I1031 23:09:05.818502 5675 catalog_manager.cc:2964] TS 23f962e4a1744381ad5fa0d2d8b10241 (c3-kudu-tst-st07.bj:18700): tablet 4b81a7f36c9a4b24a3294e39fdf19d9d (table default.timeout_tst [id=cdcb3e60c1314776843d856365535d49]) successfully deleted
I1031 23:09:05.818541 5675 catalog_manager.cc:2964] TS 23f962e4a1744381ad5fa0d2d8b10241 (c3-kudu-tst-st07.bj:18700): tablet 32984b820db347e1b2d4d0786cf221f2 (table default.timeout_tst [id=cdcb3e60c1314776843d856365535d49]) successfully deleted
I1031 23:09:05.843940 5675 catalog_manager.cc:2964] TS 23f962e4a1744381ad5fa0d2d8b10241 (c3-kudu-tst-st07.bj:18700): tablet b758ec3274c84dcbb110cf5aa3dca9aa (table default.timeout_tst [id=cdcb3e60c1314776843d856365535d49]) successfully deleted
I1031 23:09:05.869268 5675 catalog_manager.cc:2964] TS 23f962e4a1744381ad5fa0d2d8b10241 (c3-kudu-tst-st07.bj:18700): tablet 012b21c0f95e4dd594076018fd6fdb7e (table default.timeout_tst [id=cdcb3e60c1314776843d856365535d49]) successfully deleted
I1031 23:09:05.869297 5675 catalog_manager.cc:2964] TS 23f962e4a1744381ad5fa0d2d8b10241 (c3-kudu-tst-st07.bj:18700): tablet 27f651ff46ca4722b064a85e795dcaa4 (table default.timeout_tst [id=cdcb3e60c1314776843d856365535d49]) successfully deleted
I1031 23:09:05.869321 5675 catalog_manager.cc:2964] TS 23f962e4a1744381ad5fa0d2d8b10241 (c3-kudu-tst-st07.bj:18700): tablet d67c8d7da92f4f10b75858f21d80f8c4 (table default.timeout_tst [id=cdcb3e60c1314776843d856365535d49]) successfully deleted
I1031 23:09:05.903278 5675 catalog_manager.cc:2964] TS 23f962e4a1744381ad5fa0d2d8b10241 (c3-kudu-tst-st07.bj:18700): tablet 0ea66c65e2d4445eb9cc83ba7ee1448b (table default.timeout_tst [id=cdcb3e60c1314776843d856365535d49]) successfully deleted
I1031 23:09:05.928596 5675 catalog_manager.cc:2964] TS 23f962e4a1744381ad5fa0d2d8b10241 (c3-kudu-tst-st07.bj:18700): tablet 5110f0095bd94f67abf0aad906332efe (table default.timeout_tst [id=cdcb3e60c1314776843d856365535d49]) successfully deleted
I1031 23:09:05.928635 5675 catalog_manager.cc:2964] TS 23f962e4a1744381ad5fa0d2d8b10241 (c3-kudu-tst-st07.bj:18700): tablet 80ba7f33ec864c5f96c61932edb5cdc4 (table default.timeout_tst [id=cdcb3e60c1314776843d856365535d49]) successfully deleted
I1031 23:09:05.928766 5675 catalog_manager.cc:2964] TS 23f962e4a1744381ad5fa0d2d8b10241 (c3-kudu-tst-st07.bj:18700): tablet bff7dab34ccd4b42842077e82106f6fb (table default.timeout_tst [id=cdcb3e60c1314776843d856365535d49]) successfully deleted
I1031 23:09:28.343176 5672 catalog_manager.cc:2988] Sending DeleteTablet(TABLET_DATA_DELETED) for tablet c94f26e6a0ea4bea82140a0877c0f226 on daba39963d4346e1816089fd3a5442b5 (c3-kudu-tst-st09.bj:18700) (Replaced by 0c2abca80c8f4fdaa788afd6a931df9d at 2017-10-31 23:04:52 CST)
W1031 23:09:28.343652 5672 catalog_manager.cc:2942] TS daba39963d4346e1816089fd3a5442b5 (c3-kudu-tst-st09.bj:18700): delete failed for tablet c94f26e6a0ea4bea82140a0877c0f226 because the tablet was not found. No further retry: Not found: Tablet not found: c94f26e6a0ea4bea82140a0877c0f226
I1031 23:09:28.360574 5675 catalog_manager.cc:2988] Sending DeleteTablet(TABLET_DATA_DELETED) for tablet f49a4f915ac048b096fcb5f4878f436d on 23f962e4a1744381ad5fa0d2d8b10241 (c3-kudu-tst-st07.bj:18700) (Replaced by 56155a2adc24450d89e338cc955bfa18 at 2017-10-31 23:04:22 CST)
W1031 23:09:28.360958 5675 catalog_manager.cc:2942] TS 23f962e4a1744381ad5fa0d2d8b10241 (c3-kudu-tst-st07.bj:18700): delete failed for tablet f49a4f915ac048b096fcb5f4878f436d because the tablet was not found. No further retry: Not found: Tablet not found: f49a4f915ac048b096fcb5f4878f436d
I1031 23:09:28.380888 5672 catalog_manager.cc:2988] Sending DeleteTablet(TABLET_DATA_DELETED) for tablet 8ed42ada2d6846f3b3b70c9d9c13c986 on daba39963d4346e1816089fd3a5442b5 (c3-kudu-tst-st09.bj:18700) (Replaced by de37a68992504da8a4640f8ab4653544 at 2017-10-31 23:04:52 CST)
W1031 23:09:28.381271 5672 catalog_manager.cc:2942] TS daba39963d4346e1816089fd3a5442b5 (c3-kudu-tst-st09.bj:18700): delete failed for tablet 8ed42ada2d6846f3b3b70c9d9c13c986 because the tablet was not found. No further retry: Not found: Tablet not found: 8ed42ada2d6846f3b3b70c9d9c13c986
I1031 23:09:28.383136 5675 catalog_manager.cc:2988] Sending DeleteTablet(TABLET_DATA_DELETED) for tablet 80ba7f33ec864c5f96c61932edb5cdc4 on 23f962e4a1744381ad5fa0d2d8b10241 (c3-kudu-tst-st07.bj:18700) (Replaced by 47eeb8448c454968a45bf1a984427b25 at 2017-10-31 23:05:22 CST)
W1031 23:09:28.383438 5675 catalog_manager.cc:2942] TS 23f962e4a1744381ad5fa0d2d8b10241 (c3-kudu-tst-st07.bj:18700): delete failed for tablet 80ba7f33ec864c5f96c61932edb5cdc4 because the tablet was not found. No further retry: Not found: Tablet not found: 80ba7f33ec864c5f96c61932edb5cdc4
I1031 23:09:28.385443 5672 catalog_manager.cc:2988] Sending DeleteTablet(TABLET_DATA_DELETED) for tablet 0ea66c65e2d4445eb9cc83ba7ee1448b on daba39963d4346e1816089fd3a5442b5 (c3-kudu-tst-st09.bj:18700) (Replaced by 32984b820db347e1b2d4d0786cf221f2 at 2017-10-31 23:04:52 CST)
W1031 23:09:28.385783 5672 catalog_manager.cc:2942] TS daba39963d4346e1816089fd3a5442b5 (c3-kudu-tst-st09.bj:18700): delete failed for tablet 0ea66c65e2d4445eb9cc83ba7ee1448b because the tablet was not found. No further retry: Not found: Tablet not found: 0ea66c65e2d4445eb9cc83ba7ee1448b
I1031 23:09:28.386585 5675 catalog_manager.cc:2988] Sending DeleteTablet(TABLET_DATA_DELETED) for tablet 27f651ff46ca4722b064a85e795dcaa4 on 23f962e4a1744381ad5fa0d2d8b10241 (c3-kudu-tst-st07.bj:18700) (Replaced by 46fc46e028434bc69f467922a9a59101 at 2017-10-31 23:04:22 CST)
W1031 23:09:28.386878 5675 catalog_manager.cc:2942] TS 23f962e4a1744381ad5fa0d2d8b10241 (c3-kudu-tst-st07.bj:18700): delete failed for tablet 27f651ff46ca4722b064a85e795dcaa4 because the tablet was not found. No further retry: Not found: Tablet not found: 27f651ff46ca4722b064a85e795dcaa4
I1031 23:09:28.398031 5675 catalog_manager.cc:2988] Sending DeleteTablet(TABLET_DATA_DELETED) for tablet 32984b820db347e1b2d4d0786cf221f2 on 23f962e4a1744381ad5fa0d2d8b10241 (c3-kudu-tst-st07.bj:18700) (Replaced by eeb3a3cb417b466abffd16749d165a61 at 2017-10-31 23:05:22 CST)
W1031 23:09:28.398367 5675 catalog_manager.cc:2942] TS 23f962e4a1744381ad5fa0d2d8b10241 (c3-kudu-tst-st07.bj:18700): delete failed for tablet 32984b820db347e1b2d4d0786cf221f2 because the tablet was not found. No further retry: Not found: Tablet not found: 32984b820db347e1b2d4d0786cf221f2
I1031 23:09:28.428092 5672 catalog_manager.cc:2988] Sending DeleteTablet(TABLET_DATA_DELETED) for tablet 8df4d6c546194972a7c0cfb8bf652384 on daba39963d4346e1816089fd3a5442b5 (c3-kudu-tst-st09.bj:18700) (Replaced by bb4c891b261b42ef9b983f46cefef6ae at 2017-10-31 23:05:52 CST)
W1031 23:09:28.428405 5672 catalog_manager.cc:2942] TS daba39963d4346e1816089fd3a5442b5 (c3-kudu-tst-st09.bj:18700): delete failed for tablet 8df4d6c546194972a7c0cfb8bf652384 because the tablet was not found. No further retry: Not found: Tablet not found: 8df4d6c546194972a7c0cfb8bf652384
I1031 23:09:28.444561 5674 catalog_manager.cc:2988] Sending DeleteTablet(TABLET_DATA_DELETED) for tablet d67c8d7da92f4f10b75858f21d80f8c4 on d3eb30bd1bc34b95902fa61724239553 (c3-kudu-tst-st05.bj:18700) (Replaced by 8566e0c79e674a74803cd1a15fec8cb2 at 2017-10-31 23:05:52 CST)
I1031 23:09:28.444638 5675 catalog_manager.cc:2988] Sending DeleteTablet(TABLET_DATA_DELETED) for tablet f0a40a8745bb4f4abbe8b304ebc7626c on 23f962e4a1744381ad5fa0d2d8b10241 (c3-kudu-tst-st07.bj:18700) (Replaced by 802f72af09384e95acd389f46a1d9c84 at 2017-10-31 23:04:22 CST)
W1031 23:09:28.444936 5675 catalog_manager.cc:2942] TS 23f962e4a1744381ad5fa0d2d8b10241 (c3-kudu-tst-st07.bj:18700): delete failed for tablet f0a40a8745bb4f4abbe8b304ebc7626c because the tablet was not found. No further retry: Not found: Tablet not found: f0a40a8745bb4f4abbe8b304ebc7626c
W1031 23:09:28.445066 5674 catalog_manager.cc:2942] TS d3eb30bd1bc34b95902fa61724239553 (c3-kudu-tst-st05.bj:18700): delete failed for tablet d67c8d7da92f4f10b75858f21d80f8c4 because the tablet was not found. No further retry: Not found: Tablet not found: d67c8d7da92f4f10b75858f21d80f8c4
I1031 23:09:28.447082 5675 catalog_manager.cc:2988] Sending DeleteTablet(TABLET_DATA_DELETED) for tablet 005a48fb466c4a52896842dd00124755 on 23f962e4a1744381ad5fa0d2d8b10241 (c3-kudu-tst-st07.bj:18700) (Replaced by f2af422919fd4560bd6441509a68d64b at 2017-10-31 23:05:22 CST)
W1031 23:09:28.447356 5675 catalog_manager.cc:2942] TS 23f962e4a1744381ad5fa0d2d8b10241 (c3-kudu-tst-st07.bj:18700): delete failed for tablet 005a48fb466c4a52896842dd00124755 because the tablet was not found. No further retry: Not found: Tablet not found: 005a48fb466c4a52896842dd00124755
I1031 23:09:28.461458 5675 catalog_manager.cc:2988] Sending DeleteTablet(TABLET_DATA_DELETED) for tablet 69b4b5f037014f10bfab077f3f98ca49 on 23f962e4a1744381ad5fa0d2d8b10241 (c3-kudu-tst-st07.bj:18700) (Replaced by b758ec3274c84dcbb110cf5aa3dca9aa at 2017-10-31 23:04:22 CST)
I1031 23:09:28.492576 5675 catalog_manager.cc:2988] Sending DeleteTablet(TABLET_DATA_DELETED) for tablet 5110f0095bd94f67abf0aad906332efe on 23f962e4a1744381ad5fa0d2d8b10241 (c3-kudu-tst-st07.bj:18700) (Replaced by bff7dab34ccd4b42842077e82106f6fb at 2017-10-31 23:04:22 CST)
W1031 23:09:28.492992 5675 catalog_manager.cc:2942] TS 23f962e4a1744381ad5fa0d2d8b10241 (c3-kudu-tst-st07.bj:18700): delete failed for tablet 5110f0095bd94f67abf0aad906332efe because the tablet was not found. No further retry: Not found: Tablet not found: 5110f0095bd94f67abf0aad906332efe
I1031 23:09:40.715612 5673 catalog_manager.cc:2988] Sending DeleteTablet(TABLET_DATA_DELETED) for tablet 32984b820db347e1b2d4d0786cf221f2 on 0fc477287c154136abc1e2f3c82fb7f9 (c3-kudu-tst-st04.bj:18700) (Replaced by eeb3a3cb417b466abffd16749d165a61 at 2017-10-31 23:05:22 CST)
W1031 23:09:40.716025 5673 catalog_manager.cc:2942] TS 0fc477287c154136abc1e2f3c82fb7f9 (c3-kudu-tst-st04.bj:18700): delete failed for tablet 32984b820db347e1b2d4d0786cf221f2 because the tablet was not found. No further retry: Not found: Tablet not found: 32984b820db347e1b2d4d0786cf221f2
I1031 23:09:40.753202 5673 catalog_manager.cc:2988] Sending DeleteTablet(TABLET_DATA_DELETED) for tablet acb401e40e7049fbbfdbeb40474353d9 on 0fc477287c154136abc1e2f3c82fb7f9 (c3-kudu-tst-st04.bj:18700) (Replaced by d67c8d7da92f4f10b75858f21d80f8c4 at 2017-10-31 23:05:22 CST)
W1031 23:09:40.753511 5673 catalog_manager.cc:2942] TS 0fc477287c154136abc1e2f3c82fb7f9 (c3-kudu-tst-st04.bj:18700): delete failed for tablet acb401e40e7049fbbfdbeb40474353d9 because the tablet was not found. No further retry: Not found: Tablet not found: acb401e40e7049fbbfdbeb40474353d9
I1031 23:09:40.768677 5673 catalog_manager.cc:2988] Sending DeleteTablet(TABLET_DATA_DELETED) for tablet 32984b820db347e1b2d4d0786cf221f2 on 0fc477287c154136abc1e2f3c82fb7f9 (c3-kudu-tst-st04.bj:18700) (Replaced by eeb3a3cb417b466abffd16749d165a61 at 2017-10-31 23:05:22 CST)
W1031 23:09:40.768983 5673 catalog_manager.cc:2942] TS 0fc477287c154136abc1e2f3c82fb7f9 (c3-kudu-tst-st04.bj:18700): delete failed for tablet 32984b820db347e1b2d4d0786cf221f2 because the tablet was not found. No further retry: Not found: Tablet not found: 32984b820db347e1b2d4d0786cf221f2
I1031 23:09:40.978485 5673 catalog_manager.cc:2988] Sending DeleteTablet(TABLET_DATA_DELETED) for tablet acb401e40e7049fbbfdbeb40474353d9 on 0fc477287c154136abc1e2f3c82fb7f9 (c3-kudu-tst-st04.bj:18700) (Replaced by d67c8d7da92f4f10b75858f21d80f8c4 at 2017-10-31 23:05:22 CST)
W1031 23:09:40.978814 5673 catalog_manager.cc:2942] TS 0fc477287c154136abc1e2f3c82fb7f9 (c3-kudu-tst-st04.bj:18700): delete failed for tablet acb401e40e7049fbbfdbeb40474353d9 because the tablet was not found. No further retry: Not found: Tablet not found: acb401e40e7049fbbfdbeb40474353d9
I1031 23:09:58.340384 5675 catalog_manager.cc:2988] Sending DeleteTablet(TABLET_DATA_DELETED) for tablet 4b81a7f36c9a4b24a3294e39fdf19d9d on 23f962e4a1744381ad5fa0d2d8b10241 (c3-kudu-tst-st07.bj:18700) (Replaced by 1cebccaea10d49478c004cca39676556 at 2017-10-31 23:04:52 CST)
W1031 23:09:58.340756 5675 catalog_manager.cc:2942] TS 23f962e4a1744381ad5fa0d2d8b10241 (c3-kudu-tst-st07.bj:18700): delete failed for tablet 4b81a7f36c9a4b24a3294e39fdf19d9d because the tablet was not found. No further retry: Not found: Tablet not found: 4b81a7f36c9a4b24a3294e39fdf19d9d
I1031 23:09:58.401926 5675 catalog_manager.cc:2988] Sending DeleteTablet(TABLET_DATA_DELETED) for tablet f2af422919fd4560bd6441509a68d64b on 23f962e4a1744381ad5fa0d2d8b10241 (c3-kudu-tst-st07.bj:18700) (Replaced by a17da97943904920814af1508905ecfc at 2017-10-31 23:05:52 CST)
W1031 23:09:58.402312 5675 catalog_manager.cc:2942] TS 23f962e4a1744381ad5fa0d2d8b10241 (c3-kudu-tst-st07.bj:18700): delete failed for tablet f2af422919fd4560bd6441509a68d64b because the tablet was not found. No further retry: Not found: Tablet not found: f2af422919fd4560bd6441509a68d64b
I1031 23:09:58.413483 5675 catalog_manager.cc:2988] Sending DeleteTablet(TABLET_DATA_DELETED) for tablet 46fc46e028434bc69f467922a9a59101 on 23f962e4a1744381ad5fa0d2d8b10241 (c3-kudu-tst-st07.bj:18700) (Replaced by 7d1359dc00a24df68d41c2447e367f1d at 2017-10-31 23:04:52 CST)
W1031 23:09:58.413772 5675 catalog_manager.cc:2942] TS 23f962e4a1744381ad5fa0d2d8b10241 (c3-kudu-tst-st07.bj:18700): delete failed for tablet 46fc46e028434bc69f467922a9a59101 because the tablet was not found. No further retry: Not found: Tablet not found: 46fc46e028434bc69f467922a9a59101
I1031 23:09:58.414155 5673 catalog_manager.cc:2988] Sending DeleteTablet(TABLET_DATA_DELETED) for tablet acb401e40e7049fbbfdbeb40474353d9 on 0fc477287c154136abc1e2f3c82fb7f9 (c3-kudu-tst-st04.bj:18700) (Replaced by d67c8d7da92f4f10b75858f21d80f8c4 at 2017-10-31 23:05:22 CST)
W1031 23:09:58.414520 5673 catalog_manager.cc:2942] TS 0fc477287c154136abc1e2f3c82fb7f9 (c3-kudu-tst-st04.bj:18700): delete failed for tablet acb401e40e7049fbbfdbeb40474353d9 because the tablet was not found. No further retry: Not found: Tablet not found: acb401e40e7049fbbfdbeb40474353d9
I1031 23:09:58.414875 5675 catalog_manager.cc:2988] Sending DeleteTablet(TABLET_DATA_DELETED) for tablet 005a48fb466c4a52896842dd00124755 on 044f1da9a27c46acb82b1386f829f4dc (c3-kudu-tst-st03.bj:18700) (Replaced by f2af422919fd4560bd6441509a68d64b at 2017-10-31 23:05:22 CST)
W1031 23:09:58.415186 5675 catalog_manager.cc:2942] TS 044f1da9a27c46acb82b1386f829f4dc (c3-kudu-tst-st03.bj:18700): delete failed for tablet 005a48fb466c4a52896842dd00124755 because the tablet was not found. No further retry: Not found: Tablet not found: 005a48fb466c4a52896842dd00124755
I1031 23:09:58.441460 5675 catalog_manager.cc:2988] Sending DeleteTablet(TABLET_DATA_DELETED) for tablet b758ec3274c84dcbb110cf5aa3dca9aa on 23f962e4a1744381ad5fa0d2d8b10241 (c3-kudu-tst-st07.bj:18700) (Replaced by 8356b43879104775b9a8c5a9e546e85b at 2017-10-31 23:04:52 CST)
W1031 23:09:58.441745 5675 catalog_manager.cc:2942] TS 23f962e4a1744381ad5fa0d2d8b10241 (c3-kudu-tst-st07.bj:18700): delete failed for tablet b758ec3274c84dcbb110cf5aa3dca9aa because the tablet was not found. No further retry: Not found: Tablet not found: b758ec3274c84dcbb110cf5aa3dca9aa
I1031 23:09:58.445916 5675 catalog_manager.cc:2988] Sending DeleteTablet(TABLET_DATA_DELETED) for tablet 012b21c0f95e4dd594076018fd6fdb7e on 23f962e4a1744381ad5fa0d2d8b10241 (c3-kudu-tst-st07.bj:18700) (Replaced by ae7fa26c77054ef1b98d5e0f4e6940d6 at 2017-10-31 23:05:52 CST)
W1031 23:09:58.446179 5675 catalog_manager.cc:2942] TS 23f962e4a1744381ad5fa0d2d8b10241 (c3-kudu-tst-st07.bj:18700): delete failed for tablet 012b21c0f95e4dd594076018fd6fdb7e because the tablet was not found. No further retry: Not found: Tablet not found: 012b21c0f95e4dd594076018fd6fdb7e
I1031 23:09:58.450932 5673 catalog_manager.cc:2988] Sending DeleteTablet(TABLET_DATA_DELETED) for tablet 32984b820db347e1b2d4d0786cf221f2 on 0fc477287c154136abc1e2f3c82fb7f9 (c3-kudu-tst-st04.bj:18700) (Replaced by eeb3a3cb417b466abffd16749d165a61 at 2017-10-31 23:05:22 CST)
W1031 23:09:58.451205 5673 catalog_manager.cc:2942] TS 0fc477287c154136abc1e2f3c82fb7f9 (c3-kudu-tst-st04.bj:18700): delete failed for tablet 32984b820db347e1b2d4d0786cf221f2 because the tablet was not found. No further retry: Not found: Tablet not found: 32984b820db347e1b2d4d0786cf221f2
W1031 23:09:58.462342 5675 catalog_manager.cc:2698] TS 23f962e4a1744381ad5fa0d2d8b10241 (c3-kudu-tst-st07.bj:18700): Delete Tablet RPC failed for tablet 69b4b5f037014f10bfab077f3f98ca49: Timed out: DeleteTablet RPC to 10.108.187.34:18700 timed out after 30.000s (SENT)
I1031 23:09:58.462361 5675 catalog_manager.cc:2752] Scheduling retry of 69b4b5f037014f10bfab077f3f98ca49 Delete Tablet RPC for TS=23f962e4a1744381ad5fa0d2d8b10241 with a delay of 60001ms (attempt = 17)...
I1031 23:09:58.463444 5675 catalog_manager.cc:2988] Sending DeleteTablet(TABLET_DATA_DELETED) for tablet d67c8d7da92f4f10b75858f21d80f8c4 on 23f962e4a1744381ad5fa0d2d8b10241 (c3-kudu-tst-st07.bj:18700) (Replaced by 8566e0c79e674a74803cd1a15fec8cb2 at 2017-10-31 23:05:52 CST)
W1031 23:09:58.463742 5675 catalog_manager.cc:2942] TS 23f962e4a1744381ad5fa0d2d8b10241 (c3-kudu-tst-st07.bj:18700): delete failed for tablet d67c8d7da92f4f10b75858f21d80f8c4 because the tablet was not found. No further retry: Not found: Tablet not found: d67c8d7da92f4f10b75858f21d80f8c4
I1031 23:09:58.467895 5675 catalog_manager.cc:2988] Sending DeleteTablet(TABLET_DATA_DELETED) for tablet bff7dab34ccd4b42842077e82106f6fb on 23f962e4a1744381ad5fa0d2d8b10241 (c3-kudu-tst-st07.bj:18700) (Replaced by 005a48fb466c4a52896842dd00124755 at 2017-10-31 23:04:52 CST)
W1031 23:09:58.468206 5675 catalog_manager.cc:2942] TS 23f962e4a1744381ad5fa0d2d8b10241 (c3-kudu-tst-st07.bj:18700): delete failed for tablet bff7dab34ccd4b42842077e82106f6fb because the tablet was not found. No further retry: Not found: Tablet not found: bff7dab34ccd4b42842077e82106f6fb
I1031 23:09:58.479382 5675 catalog_manager.cc:2988] Sending DeleteTablet(TABLET_DATA_DELETED) for tablet 0ea66c65e2d4445eb9cc83ba7ee1448b on 23f962e4a1744381ad5fa0d2d8b10241 (c3-kudu-tst-st07.bj:18700) (Replaced by 32984b820db347e1b2d4d0786cf221f2 at 2017-10-31 23:04:52 CST)
W1031 23:09:58.479575 5675 catalog_manager.cc:2942] TS 23f962e4a1744381ad5fa0d2d8b10241 (c3-kudu-tst-st07.bj:18700): delete failed for tablet 0ea66c65e2d4445eb9cc83ba7ee1448b because the tablet was not found. No further retry: Not found: Tablet not found: 0ea66c65e2d4445eb9cc83ba7ee1448b
I1031 23:09:58.483368 5673 catalog_manager.cc:2988] Sending DeleteTablet(TABLET_DATA_DELETED) for tablet 1cebccaea10d49478c004cca39676556 on 0fc477287c154136abc1e2f3c82fb7f9 (c3-kudu-tst-st04.bj:18700) (Replaced by b4e182b626554f3597d5c733c80997e6 at 2017-10-31 23:05:22 CST)
W1031 23:09:58.483650 5673 catalog_manager.cc:2942] TS 0fc477287c154136abc1e2f3c82fb7f9 (c3-kudu-tst-st04.bj:18700): delete failed for tablet 1cebccaea10d49478c004cca39676556 because the tablet was not found. No further retry: Not found: Tablet not found: 1cebccaea10d49478c004cca39676556
I1031 23:09:58.486737 5675 catalog_manager.cc:2988] Sending DeleteTablet(TABLET_DATA_DELETED) for tablet 80ba7f33ec864c5f96c61932edb5cdc4 on 044f1da9a27c46acb82b1386f829f4dc (c3-kudu-tst-st03.bj:18700) (Replaced by 47eeb8448c454968a45bf1a984427b25 at 2017-10-31 23:05:22 CST)
W1031 23:09:58.487059 5675 catalog_manager.cc:2942] TS 044f1da9a27c46acb82b1386f829f4dc (c3-kudu-tst-st03.bj:18700): delete failed for tablet 80ba7f33ec864c5f96c61932edb5cdc4 because the tablet was not found. No further retry: Not found: Tablet not found: 80ba7f33ec864c5f96c61932edb5cdc4
I1031 23:09:58.502818 5673 catalog_manager.cc:2988] Sending DeleteTablet(TABLET_DATA_DELETED) for tablet de37a68992504da8a4640f8ab4653544 on 0fc477287c154136abc1e2f3c82fb7f9 (c3-kudu-tst-st04.bj:18700) (Replaced by 012b21c0f95e4dd594076018fd6fdb7e at 2017-10-31 23:05:22 CST)
W1031 23:09:58.503120 5673 catalog_manager.cc:2942] TS 0fc477287c154136abc1e2f3c82fb7f9 (c3-kudu-tst-st04.bj:18700): delete failed for tablet de37a68992504da8a4640f8ab4653544 because the tablet was not found. No further retry: Not found: Tablet not found: de37a68992504da8a4640f8ab4653544
I1031 23:10:02.820999 5661 delta_tracker.cc:686] T 00000000000000000000000000000000 P de39c515460944c48e021fd11a48acf8: Flushing 27 deltas from DMS 2...
I1031 23:10:02.866384 5661 delta_tracker.cc:628] T 00000000000000000000000000000000 P de39c515460944c48e021fd11a48acf8: Flushed delta block: 0000000000011541 ts range: [6182758583093305344, 6182758584877936640]
I1031 23:10:02.866410 5661 delta_tracker.cc:641] T 00000000000000000000000000000000 P de39c515460944c48e021fd11a48acf8: Reopened delta block for read: 0000000000011541
I1031 23:10:02.931630 5661 maintenance_manager.cc:419] Time spent running FlushDeltaMemStoresOp(00000000000000000000000000000000): real 0.111s user 0.002s sys 0.000s
I1031 23:10:02.931676 5661 maintenance_manager.cc:425] P de39c515460944c48e021fd11a48acf8: FlushDeltaMemStoresOp(00000000000000000000000000000000) metrics: {"fdatasync":3,"fdatasync_us":83982,"lbm_write_time_us":46,"lbm_writes_lt_1ms":4}
I1031 23:10:03.071410 5661 delta_tracker.cc:152] T 00000000000000000000000000000000 P de39c515460944c48e021fd11a48acf8: Preparing to minor compact delta file: 0000000000011540 (ts range=[6182757834638725120, 6182757840324325376], delete_count=[0], reinsert_count=[0], update_counts_by_col_id=[2:32))
I1031 23:10:03.071435 5661 delta_tracker.cc:152] T 00000000000000000000000000000000 P de39c515460944c48e021fd11a48acf8: Preparing to minor compact delta file: 0000000000011541
I1031 23:10:03.071449 5661 delta_tracker.cc:493] T 00000000000000000000000000000000 P de39c515460944c48e021fd11a48acf8: Compacting 2 delta files.
I1031 23:10:03.119948 5661 delta_tracker.cc:500] T 00000000000000000000000000000000 P de39c515460944c48e021fd11a48acf8: Succesfully compacted the specified delta files.
I1031 23:10:03.119974 5661 delta_tracker.cc:364] T 00000000000000000000000000000000 P de39c515460944c48e021fd11a48acf8: Flushing compaction of redo delta blocks { 0000000000011540 0000000000011541 } into block 0000000000011542
I1031 23:10:03.173926 5661 maintenance_manager.cc:419] Time spent running MinorDeltaCompactionOp(00000000000000000000000000000000): real 0.103s user 0.002s sys 0.000s
I1031 23:10:03.173980 5661 maintenance_manager.cc:425] P de39c515460944c48e021fd11a48acf8: MinorDeltaCompactionOp(00000000000000000000000000000000) metrics: {"cfile_cache_miss":4,"cfile_cache_miss_bytes":3356,"cfile_init":1,"data dir 0.queue_time_us":82,"data dir 8.queue_time_us":134,"data dir 8.run_cpu_time_us":63,"data dir 8.run_wall_time_us":64,"delta_iterators_relevant":2,"fdatasync":3,"fdatasync_us":83942,"lbm_read_time_us":12,"lbm_reads_lt_1ms":8,"lbm_write_time_us":40,"lbm_writes_lt_1ms":4,"thread_start_us":180,"threads_started":2}
I1031 23:10:58.463629 5675 catalog_manager.cc:2988] Sending DeleteTablet(TABLET_DATA_DELETED) for tablet 69b4b5f037014f10bfab077f3f98ca49 on 23f962e4a1744381ad5fa0d2d8b10241 (c3-kudu-tst-st07.bj:18700) (Replaced by b758ec3274c84dcbb110cf5aa3dca9aa at 2017-10-31 23:04:22 CST)
W1031 23:10:58.464002 5675 catalog_manager.cc:2955] TS 23f962e4a1744381ad5fa0d2d8b10241 (c3-kudu-tst-st07.bj:18700): delete failed for tablet 69b4b5f037014f10bfab077f3f98ca49 with error code TABLET_NOT_RUNNING: Illegal state: State transition of tablet 69b4b5f037014f10bfab077f3f98ca49 already in progress: deleting tablet
I1031 23:10:58.464028 5675 catalog_manager.cc:2752] Scheduling retry of 69b4b5f037014f10bfab077f3f98ca49 Delete Tablet RPC for TS=23f962e4a1744381ad5fa0d2d8b10241 with a delay of 60003ms (attempt = 18)...
I1031 23:11:58.468118 5675 catalog_manager.cc:2988] Sending DeleteTablet(TABLET_DATA_DELETED) for tablet 69b4b5f037014f10bfab077f3f98ca49 on 23f962e4a1744381ad5fa0d2d8b10241 (c3-kudu-tst-st07.bj:18700) (Replaced by b758ec3274c84dcbb110cf5aa3dca9aa at 2017-10-31 23:04:22 CST)
W1031 23:11:58.468529 5675 catalog_manager.cc:2955] TS 23f962e4a1744381ad5fa0d2d8b10241 (c3-kudu-tst-st07.bj:18700): delete failed for tablet 69b4b5f037014f10bfab077f3f98ca49 with error code TABLET_NOT_RUNNING: Illegal state: State transition of tablet 69b4b5f037014f10bfab077f3f98ca49 already in progress: deleting tablet
I1031 23:11:58.468552 5675 catalog_manager.cc:2752] Scheduling retry of 69b4b5f037014f10bfab077f3f98ca49 Delete Tablet RPC for TS=23f962e4a1744381ad5fa0d2d8b10241 with a delay of 60041ms (attempt = 19)...
I1031 23:12:58.510448 5675 catalog_manager.cc:2988] Sending DeleteTablet(TABLET_DATA_DELETED) for tablet 69b4b5f037014f10bfab077f3f98ca49 on 23f962e4a1744381ad5fa0d2d8b10241 (c3-kudu-tst-st07.bj:18700) (Replaced by b758ec3274c84dcbb110cf5aa3dca9aa at 2017-10-31 23:04:22 CST)
W1031 23:12:58.510834 5675 catalog_manager.cc:2955] TS 23f962e4a1744381ad5fa0d2d8b10241 (c3-kudu-tst-st07.bj:18700): delete failed for tablet 69b4b5f037014f10bfab077f3f98ca49 with error code TABLET_NOT_RUNNING: Illegal state: State transition of tablet 69b4b5f037014f10bfab077f3f98ca49 already in progress: deleting tablet
I1031 23:12:58.510856 5675 catalog_manager.cc:2752] Scheduling retry of 69b4b5f037014f10bfab077f3f98ca49 Delete Tablet RPC for TS=23f962e4a1744381ad5fa0d2d8b10241 with a delay of 60036ms (attempt = 20)...
I1031 23:13:58.547505 5675 catalog_manager.cc:2988] Sending DeleteTablet(TABLET_DATA_DELETED) for tablet 69b4b5f037014f10bfab077f3f98ca49 on 23f962e4a1744381ad5fa0d2d8b10241 (c3-kudu-tst-st07.bj:18700) (Replaced by b758ec3274c84dcbb110cf5aa3dca9aa at 2017-10-31 23:04:22 CST)
W1031 23:13:58.547873 5675 catalog_manager.cc:2955] TS 23f962e4a1744381ad5fa0d2d8b10241 (c3-kudu-tst-st07.bj:18700): delete failed for tablet 69b4b5f037014f10bfab077f3f98ca49 with error code TABLET_NOT_RUNNING: Illegal state: State transition of tablet 69b4b5f037014f10bfab077f3f98ca49 already in progress: deleting tablet
I1031 23:13:58.547897 5675 catalog_manager.cc:2752] Scheduling retry of 69b4b5f037014f10bfab077f3f98ca49 Delete Tablet RPC for TS=23f962e4a1744381ad5fa0d2d8b10241 with a delay of 60037ms (attempt = 21)...
I1031 23:14:58.585736 5675 catalog_manager.cc:2988] Sending DeleteTablet(TABLET_DATA_DELETED) for tablet 69b4b5f037014f10bfab077f3f98ca49 on 23f962e4a1744381ad5fa0d2d8b10241 (c3-kudu-tst-st07.bj:18700) (Replaced by b758ec3274c84dcbb110cf5aa3dca9aa at 2017-10-31 23:04:22 CST)