W1031 23:07:58.351835 5675 catalog_manager.cc:2698] TS 044f1da9a27c46acb82b1386f829f4dc (c3-kudu-tst-st03.bj:18700): Delete Tablet RPC failed for tablet 005a48fb466c4a52896842dd00124755: Timed out: DeleteTablet RPC to 10.108.187.22:18700 timed out after 30.000s (SENT)
I1031 23:07:58.351869 5675 catalog_manager.cc:2752] Scheduling retry of 005a48fb466c4a52896842dd00124755 Delete Tablet RPC for TS=044f1da9a27c46acb82b1386f829f4dc with a delay of 60023ms (attempt = 14)...
W1031 23:07:58.366827 5673 catalog_manager.cc:2698] TS 0fc477287c154136abc1e2f3c82fb7f9 (c3-kudu-tst-st04.bj:18700): Delete Tablet RPC failed for tablet acb401e40e7049fbbfdbeb40474353d9: Timed out: DeleteTablet RPC to 10.108.187.25:18700 timed out after 30.000s (SENT)
I1031 23:07:58.366858 5673 catalog_manager.cc:2752] Scheduling retry of acb401e40e7049fbbfdbeb40474353d9 Delete Tablet RPC for TS=0fc477287c154136abc1e2f3c82fb7f9 with a delay of 60043ms (attempt = 14)...
I1031 23:07:58.367944 5673 catalog_manager.cc:2988] Sending DeleteTablet(TABLET_DATA_DELETED) for tablet 388697c0c21a4b158a92f2b292b8012f on 625f49b9554549e6a5c3a92b76e576cf (c3-kudu-tst-st10.bj:18700) (Replaced by 0ea66c65e2d4445eb9cc83ba7ee1448b at 2017-10-31 23:04:22 CST)
W1031 23:07:58.368342 5673 catalog_manager.cc:2955] TS 625f49b9554549e6a5c3a92b76e576cf (c3-kudu-tst-st10.bj:18700): delete failed for tablet 388697c0c21a4b158a92f2b292b8012f with error code TABLET_NOT_RUNNING: Illegal state: State transition of tablet 388697c0c21a4b158a92f2b292b8012f already in progress: deleting tablet
I1031 23:07:58.368366 5673 catalog_manager.cc:2752] Scheduling retry of 388697c0c21a4b158a92f2b292b8012f Delete Tablet RPC for TS=625f49b9554549e6a5c3a92b76e576cf with a delay of 60000ms (attempt = 15)...
I1031 23:07:58.370965 5675 catalog_manager.cc:2988] Sending DeleteTablet(TABLET_DATA_DELETED) for tablet b758ec3274c84dcbb110cf5aa3dca9aa on 23f962e4a1744381ad5fa0d2d8b10241 (c3-kudu-tst-st07.bj:18700) (Replaced by 8356b43879104775b9a8c5a9e546e85b at 2017-10-31 23:04:52 CST)
W1031 23:07:58.371314 5675 catalog_manager.cc:2955] TS 23f962e4a1744381ad5fa0d2d8b10241 (c3-kudu-tst-st07.bj:18700): delete failed for tablet b758ec3274c84dcbb110cf5aa3dca9aa with error code TABLET_NOT_RUNNING: Illegal state: State transition of tablet b758ec3274c84dcbb110cf5aa3dca9aa already in progress: creating tablet
I1031 23:07:58.371326 5675 catalog_manager.cc:2752] Scheduling retry of b758ec3274c84dcbb110cf5aa3dca9aa Delete Tablet RPC for TS=23f962e4a1744381ad5fa0d2d8b10241 with a delay of 60034ms (attempt = 15)...
I1031 23:07:58.378507 5675 catalog_manager.cc:2988] Sending DeleteTablet(TABLET_DATA_DELETED) for tablet 012b21c0f95e4dd594076018fd6fdb7e on 23f962e4a1744381ad5fa0d2d8b10241 (c3-kudu-tst-st07.bj:18700) (Replaced by ae7fa26c77054ef1b98d5e0f4e6940d6 at 2017-10-31 23:05:52 CST)
W1031 23:07:58.378732 5675 catalog_manager.cc:2955] TS 23f962e4a1744381ad5fa0d2d8b10241 (c3-kudu-tst-st07.bj:18700): delete failed for tablet 012b21c0f95e4dd594076018fd6fdb7e with error code TABLET_NOT_RUNNING: Illegal state: State transition of tablet 012b21c0f95e4dd594076018fd6fdb7e already in progress: creating tablet
I1031 23:07:58.378759 5675 catalog_manager.cc:2752] Scheduling retry of 012b21c0f95e4dd594076018fd6fdb7e Delete Tablet RPC for TS=23f962e4a1744381ad5fa0d2d8b10241 with a delay of 60036ms (attempt = 14)...
I1031 23:07:58.395934 5675 catalog_manager.cc:2988] Sending DeleteTablet(TABLET_DATA_DELETED) for tablet 46fc46e028434bc69f467922a9a59101 on 23f962e4a1744381ad5fa0d2d8b10241 (c3-kudu-tst-st07.bj:18700) (Replaced by 7d1359dc00a24df68d41c2447e367f1d at 2017-10-31 23:04:52 CST)
W1031 23:07:58.396217 5675 catalog_manager.cc:2955] TS 23f962e4a1744381ad5fa0d2d8b10241 (c3-kudu-tst-st07.bj:18700): delete failed for tablet 46fc46e028434bc69f467922a9a59101 with error code TABLET_NOT_RUNNING: Illegal state: State transition of tablet 46fc46e028434bc69f467922a9a59101 already in progress: creating tablet
I1031 23:07:58.396230 5675 catalog_manager.cc:2752] Scheduling retry of 46fc46e028434bc69f467922a9a59101 Delete Tablet RPC for TS=23f962e4a1744381ad5fa0d2d8b10241 with a delay of 60015ms (attempt = 15)...
W1031 23:07:58.400065 5673 catalog_manager.cc:2698] TS 0fc477287c154136abc1e2f3c82fb7f9 (c3-kudu-tst-st04.bj:18700): Delete Tablet RPC failed for tablet 32984b820db347e1b2d4d0786cf221f2: Timed out: DeleteTablet RPC to 10.108.187.25:18700 timed out after 30.000s (SENT)
I1031 23:07:58.400084 5673 catalog_manager.cc:2752] Scheduling retry of 32984b820db347e1b2d4d0786cf221f2 Delete Tablet RPC for TS=0fc477287c154136abc1e2f3c82fb7f9 with a delay of 60002ms (attempt = 14)...
I1031 23:07:58.417384 5675 catalog_manager.cc:2988] Sending DeleteTablet(TABLET_DATA_DELETED) for tablet d67c8d7da92f4f10b75858f21d80f8c4 on 23f962e4a1744381ad5fa0d2d8b10241 (c3-kudu-tst-st07.bj:18700) (Replaced by 8566e0c79e674a74803cd1a15fec8cb2 at 2017-10-31 23:05:52 CST)
W1031 23:07:58.417605 5675 catalog_manager.cc:2955] TS 23f962e4a1744381ad5fa0d2d8b10241 (c3-kudu-tst-st07.bj:18700): delete failed for tablet d67c8d7da92f4f10b75858f21d80f8c4 with error code TABLET_NOT_RUNNING: Illegal state: State transition of tablet d67c8d7da92f4f10b75858f21d80f8c4 already in progress: creating tablet
I1031 23:07:58.417618 5675 catalog_manager.cc:2752] Scheduling retry of d67c8d7da92f4f10b75858f21d80f8c4 Delete Tablet RPC for TS=23f962e4a1744381ad5fa0d2d8b10241 with a delay of 60044ms (attempt = 14)...
W1031 23:07:58.426796 5675 catalog_manager.cc:2698] TS 044f1da9a27c46acb82b1386f829f4dc (c3-kudu-tst-st03.bj:18700): Delete Tablet RPC failed for tablet 80ba7f33ec864c5f96c61932edb5cdc4: Timed out: DeleteTablet RPC to 10.108.187.22:18700 timed out after 30.000s (SENT)
I1031 23:07:58.426810 5675 catalog_manager.cc:2752] Scheduling retry of 80ba7f33ec864c5f96c61932edb5cdc4 Delete Tablet RPC for TS=044f1da9a27c46acb82b1386f829f4dc with a delay of 60028ms (attempt = 14)...
I1031 23:07:58.430943 5675 catalog_manager.cc:2988] Sending DeleteTablet(TABLET_DATA_DELETED) for tablet 0ea66c65e2d4445eb9cc83ba7ee1448b on 23f962e4a1744381ad5fa0d2d8b10241 (c3-kudu-tst-st07.bj:18700) (Replaced by 32984b820db347e1b2d4d0786cf221f2 at 2017-10-31 23:04:52 CST)
W1031 23:07:58.431229 5675 catalog_manager.cc:2955] TS 23f962e4a1744381ad5fa0d2d8b10241 (c3-kudu-tst-st07.bj:18700): delete failed for tablet 0ea66c65e2d4445eb9cc83ba7ee1448b with error code TABLET_NOT_RUNNING: Illegal state: State transition of tablet 0ea66c65e2d4445eb9cc83ba7ee1448b already in progress: creating tablet
I1031 23:07:58.431243 5675 catalog_manager.cc:2752] Scheduling retry of 0ea66c65e2d4445eb9cc83ba7ee1448b Delete Tablet RPC for TS=23f962e4a1744381ad5fa0d2d8b10241 with a delay of 60043ms (attempt = 15)...
W1031 23:07:58.435400 5673 catalog_manager.cc:2698] TS 0fc477287c154136abc1e2f3c82fb7f9 (c3-kudu-tst-st04.bj:18700): Delete Tablet RPC failed for tablet de37a68992504da8a4640f8ab4653544: Timed out: DeleteTablet RPC to 10.108.187.25:18700 timed out after 30.000s (SENT)
I1031 23:07:58.435420 5673 catalog_manager.cc:2752] Scheduling retry of de37a68992504da8a4640f8ab4653544 Delete Tablet RPC for TS=0fc477287c154136abc1e2f3c82fb7f9 with a delay of 60019ms (attempt = 14)...
I1031 23:07:58.444384 5675 catalog_manager.cc:2988] Sending DeleteTablet(TABLET_DATA_DELETED) for tablet 27f651ff46ca4722b064a85e795dcaa4 on 0a8bbcbbb5a6459aa5258464755db3bb (c3-kudu-tst-st02.bj:18700) (Replaced by 46fc46e028434bc69f467922a9a59101 at 2017-10-31 23:04:22 CST)
W1031 23:07:58.444671 5675 catalog_manager.cc:2955] TS 0a8bbcbbb5a6459aa5258464755db3bb (c3-kudu-tst-st02.bj:18700): delete failed for tablet 27f651ff46ca4722b064a85e795dcaa4 with error code TABLET_NOT_RUNNING: Illegal state: State transition of tablet 27f651ff46ca4722b064a85e795dcaa4 already in progress: deleting tablet
I1031 23:07:58.444695 5675 catalog_manager.cc:2752] Scheduling retry of 27f651ff46ca4722b064a85e795dcaa4 Delete Tablet RPC for TS=0a8bbcbbb5a6459aa5258464755db3bb with a delay of 60019ms (attempt = 15)...
I1031 23:07:58.444725 5675 catalog_manager.cc:2988] Sending DeleteTablet(TABLET_DATA_DELETED) for tablet bff7dab34ccd4b42842077e82106f6fb on 23f962e4a1744381ad5fa0d2d8b10241 (c3-kudu-tst-st07.bj:18700) (Replaced by 005a48fb466c4a52896842dd00124755 at 2017-10-31 23:04:52 CST)
W1031 23:07:58.445013 5675 catalog_manager.cc:2955] TS 23f962e4a1744381ad5fa0d2d8b10241 (c3-kudu-tst-st07.bj:18700): delete failed for tablet bff7dab34ccd4b42842077e82106f6fb with error code TABLET_NOT_RUNNING: Illegal state: State transition of tablet bff7dab34ccd4b42842077e82106f6fb already in progress: creating tablet
I1031 23:07:58.445026 5675 catalog_manager.cc:2752] Scheduling retry of bff7dab34ccd4b42842077e82106f6fb Delete Tablet RPC for TS=23f962e4a1744381ad5fa0d2d8b10241 with a delay of 60019ms (attempt = 15)...
W1031 23:07:58.461580 5673 catalog_manager.cc:2698] TS 0fc477287c154136abc1e2f3c82fb7f9 (c3-kudu-tst-st04.bj:18700): Delete Tablet RPC failed for tablet 1cebccaea10d49478c004cca39676556: Timed out: DeleteTablet RPC to 10.108.187.25:18700 timed out after 30.000s (SENT)
I1031 23:07:58.461611 5673 catalog_manager.cc:2752] Scheduling retry of 1cebccaea10d49478c004cca39676556 Delete Tablet RPC for TS=0fc477287c154136abc1e2f3c82fb7f9 with a delay of 60002ms (attempt = 14)...
I1031 23:08:02.509407 5661 delta_tracker.cc:686] T 00000000000000000000000000000000 P de39c515460944c48e021fd11a48acf8: Flushing 9 deltas from DMS 1...
I1031 23:08:02.557896 5661 delta_tracker.cc:628] T 00000000000000000000000000000000 P de39c515460944c48e021fd11a48acf8: Flushed delta block: 0000000000011539 ts range: [6182757836054818816, 6182757840324325376]
I1031 23:08:02.557921 5661 delta_tracker.cc:641] T 00000000000000000000000000000000 P de39c515460944c48e021fd11a48acf8: Reopened delta block for read: 0000000000011539
I1031 23:08:02.618294 5661 maintenance_manager.cc:419] Time spent running FlushDeltaMemStoresOp(00000000000000000000000000000000): real 0.109s user 0.001s sys 0.001s
I1031 23:08:02.618332 5661 maintenance_manager.cc:425] P de39c515460944c48e021fd11a48acf8: FlushDeltaMemStoresOp(00000000000000000000000000000000) metrics: {"fdatasync":3,"fdatasync_us":82111,"lbm_write_time_us":46,"lbm_writes_lt_1ms":4}
I1031 23:08:02.759829 5661 delta_tracker.cc:152] T 00000000000000000000000000000000 P de39c515460944c48e021fd11a48acf8: Preparing to minor compact delta file: 0000000000011538 (ts range=[6182757834638725120, 6182757835431510016], delete_count=[0], reinsert_count=[0], update_counts_by_col_id=[2:23))
I1031 23:08:02.759867 5661 delta_tracker.cc:152] T 00000000000000000000000000000000 P de39c515460944c48e021fd11a48acf8: Preparing to minor compact delta file: 0000000000011539
I1031 23:08:02.759879 5661 delta_tracker.cc:493] T 00000000000000000000000000000000 P de39c515460944c48e021fd11a48acf8: Compacting 2 delta files.
I1031 23:08:02.797698 5661 delta_tracker.cc:500] T 00000000000000000000000000000000 P de39c515460944c48e021fd11a48acf8: Succesfully compacted the specified delta files.
I1031 23:08:02.797732 5661 delta_tracker.cc:364] T 00000000000000000000000000000000 P de39c515460944c48e021fd11a48acf8: Flushing compaction of redo delta blocks { 0000000000011538 0000000000011539 } into block 0000000000011540
I1031 23:08:02.843770 5661 maintenance_manager.cc:419] Time spent running MinorDeltaCompactionOp(00000000000000000000000000000000): real 0.084s user 0.001s sys 0.001s
I1031 23:08:02.843811 5661 maintenance_manager.cc:425] P de39c515460944c48e021fd11a48acf8: MinorDeltaCompactionOp(00000000000000000000000000000000) metrics: {"cfile_cache_miss":4,"cfile_cache_miss_bytes":2685,"cfile_init":1,"data dir 6.queue_time_us":115,"data dir 6.run_cpu_time_us":60,"data dir 6.run_wall_time_us":60,"data dir 7.queue_time_us":82,"delta_iterators_relevant":2,"fdatasync":3,"fdatasync_us":65255,"lbm_read_time_us":15,"lbm_reads_lt_1ms":8,"lbm_write_time_us":57,"lbm_writes_lt_1ms":4,"thread_start_us":174,"threads_started":2}
I1031 23:08:28.294256 5672 catalog_manager.cc:2988] Sending DeleteTablet(TABLET_DATA_DELETED) for tablet c94f26e6a0ea4bea82140a0877c0f226 on daba39963d4346e1816089fd3a5442b5 (c3-kudu-tst-st09.bj:18700) (Replaced by 0c2abca80c8f4fdaa788afd6a931df9d at 2017-10-31 23:04:52 CST)
W1031 23:08:28.294687 5672 catalog_manager.cc:2955] TS daba39963d4346e1816089fd3a5442b5 (c3-kudu-tst-st09.bj:18700): delete failed for tablet c94f26e6a0ea4bea82140a0877c0f226 with error code TABLET_NOT_RUNNING: Illegal state: State transition of tablet c94f26e6a0ea4bea82140a0877c0f226 already in progress: deleting tablet
I1031 23:08:28.294713 5672 catalog_manager.cc:2752] Scheduling retry of c94f26e6a0ea4bea82140a0877c0f226 Delete Tablet RPC for TS=daba39963d4346e1816089fd3a5442b5 with a delay of 60048ms (attempt = 15)...
I1031 23:08:28.325691 5675 catalog_manager.cc:2988] Sending DeleteTablet(TABLET_DATA_DELETED) for tablet f49a4f915ac048b096fcb5f4878f436d on 23f962e4a1744381ad5fa0d2d8b10241 (c3-kudu-tst-st07.bj:18700) (Replaced by 56155a2adc24450d89e338cc955bfa18 at 2017-10-31 23:04:22 CST)
W1031 23:08:28.326089 5675 catalog_manager.cc:2955] TS 23f962e4a1744381ad5fa0d2d8b10241 (c3-kudu-tst-st07.bj:18700): delete failed for tablet f49a4f915ac048b096fcb5f4878f436d with error code TABLET_NOT_RUNNING: Illegal state: State transition of tablet f49a4f915ac048b096fcb5f4878f436d already in progress: creating tablet
I1031 23:08:28.326113 5675 catalog_manager.cc:2752] Scheduling retry of f49a4f915ac048b096fcb5f4878f436d Delete Tablet RPC for TS=23f962e4a1744381ad5fa0d2d8b10241 with a delay of 60034ms (attempt = 16)...
I1031 23:08:28.336009 5672 catalog_manager.cc:2988] Sending DeleteTablet(TABLET_DATA_DELETED) for tablet 117cd74bcdab4942901acb0005cdd702 on 0f53a0d3ef7e44ebb0365c800752d5bd (c3-kudu-tst-st01.bj:18700) (Replaced by acb401e40e7049fbbfdbeb40474353d9 at 2017-10-31 23:04:52 CST)
W1031 23:08:28.336483 5672 catalog_manager.cc:2942] TS 0f53a0d3ef7e44ebb0365c800752d5bd (c3-kudu-tst-st01.bj:18700): delete failed for tablet 117cd74bcdab4942901acb0005cdd702 because the tablet was not found. No further retry: Not found: Tablet not found: 117cd74bcdab4942901acb0005cdd702
I1031 23:08:28.345440 5675 catalog_manager.cc:2988] Sending DeleteTablet(TABLET_DATA_DELETED) for tablet 80ba7f33ec864c5f96c61932edb5cdc4 on 23f962e4a1744381ad5fa0d2d8b10241 (c3-kudu-tst-st07.bj:18700) (Replaced by 47eeb8448c454968a45bf1a984427b25 at 2017-10-31 23:05:22 CST)
W1031 23:08:28.345722 5675 catalog_manager.cc:2955] TS 23f962e4a1744381ad5fa0d2d8b10241 (c3-kudu-tst-st07.bj:18700): delete failed for tablet 80ba7f33ec864c5f96c61932edb5cdc4 with error code TABLET_NOT_RUNNING: Illegal state: State transition of tablet 80ba7f33ec864c5f96c61932edb5cdc4 already in progress: creating tablet
I1031 23:08:28.345741 5675 catalog_manager.cc:2752] Scheduling retry of 80ba7f33ec864c5f96c61932edb5cdc4 Delete Tablet RPC for TS=23f962e4a1744381ad5fa0d2d8b10241 with a delay of 60037ms (attempt = 15)...
I1031 23:08:28.346669 5672 catalog_manager.cc:2988] Sending DeleteTablet(TABLET_DATA_DELETED) for tablet 8ed42ada2d6846f3b3b70c9d9c13c986 on daba39963d4346e1816089fd3a5442b5 (c3-kudu-tst-st09.bj:18700) (Replaced by de37a68992504da8a4640f8ab4653544 at 2017-10-31 23:04:52 CST)
W1031 23:08:28.347008 5672 catalog_manager.cc:2955] TS daba39963d4346e1816089fd3a5442b5 (c3-kudu-tst-st09.bj:18700): delete failed for tablet 8ed42ada2d6846f3b3b70c9d9c13c986 with error code TABLET_NOT_RUNNING: Illegal state: State transition of tablet 8ed42ada2d6846f3b3b70c9d9c13c986 already in progress: deleting tablet
I1031 23:08:28.347033 5672 catalog_manager.cc:2752] Scheduling retry of 8ed42ada2d6846f3b3b70c9d9c13c986 Delete Tablet RPC for TS=daba39963d4346e1816089fd3a5442b5 with a delay of 60033ms (attempt = 15)...
I1031 23:08:28.350183 5672 catalog_manager.cc:2988] Sending DeleteTablet(TABLET_DATA_DELETED) for tablet 0ea66c65e2d4445eb9cc83ba7ee1448b on daba39963d4346e1816089fd3a5442b5 (c3-kudu-tst-st09.bj:18700) (Replaced by 32984b820db347e1b2d4d0786cf221f2 at 2017-10-31 23:04:52 CST)
W1031 23:08:28.350536 5672 catalog_manager.cc:2955] TS daba39963d4346e1816089fd3a5442b5 (c3-kudu-tst-st09.bj:18700): delete failed for tablet 0ea66c65e2d4445eb9cc83ba7ee1448b with error code TABLET_NOT_RUNNING: Illegal state: State transition of tablet 0ea66c65e2d4445eb9cc83ba7ee1448b already in progress: deleting tablet
I1031 23:08:28.350558 5672 catalog_manager.cc:2752] Scheduling retry of 0ea66c65e2d4445eb9cc83ba7ee1448b Delete Tablet RPC for TS=daba39963d4346e1816089fd3a5442b5 with a delay of 60034ms (attempt = 15)...
I1031 23:08:28.361899 5675 catalog_manager.cc:2988] Sending DeleteTablet(TABLET_DATA_DELETED) for tablet f2af422919fd4560bd6441509a68d64b on 0a8bbcbbb5a6459aa5258464755db3bb (c3-kudu-tst-st02.bj:18700) (Replaced by a17da97943904920814af1508905ecfc at 2017-10-31 23:05:52 CST)
W1031 23:08:28.362273 5675 catalog_manager.cc:2942] TS 0a8bbcbbb5a6459aa5258464755db3bb (c3-kudu-tst-st02.bj:18700): delete failed for tablet f2af422919fd4560bd6441509a68d64b because the tablet was not found. No further retry: Not found: Tablet not found: f2af422919fd4560bd6441509a68d64b
I1031 23:08:28.364468 5675 catalog_manager.cc:2988] Sending DeleteTablet(TABLET_DATA_DELETED) for tablet 27f651ff46ca4722b064a85e795dcaa4 on 23f962e4a1744381ad5fa0d2d8b10241 (c3-kudu-tst-st07.bj:18700) (Replaced by 46fc46e028434bc69f467922a9a59101 at 2017-10-31 23:04:22 CST)
W1031 23:08:28.364843 5675 catalog_manager.cc:2955] TS 23f962e4a1744381ad5fa0d2d8b10241 (c3-kudu-tst-st07.bj:18700): delete failed for tablet 27f651ff46ca4722b064a85e795dcaa4 with error code TABLET_NOT_RUNNING: Illegal state: State transition of tablet 27f651ff46ca4722b064a85e795dcaa4 already in progress: creating tablet
I1031 23:08:28.364864 5675 catalog_manager.cc:2752] Scheduling retry of 27f651ff46ca4722b064a85e795dcaa4 Delete Tablet RPC for TS=23f962e4a1744381ad5fa0d2d8b10241 with a delay of 60021ms (attempt = 16)...
I1031 23:08:28.371040 5675 catalog_manager.cc:2988] Sending DeleteTablet(TABLET_DATA_DELETED) for tablet 32984b820db347e1b2d4d0786cf221f2 on 23f962e4a1744381ad5fa0d2d8b10241 (c3-kudu-tst-st07.bj:18700) (Replaced by eeb3a3cb417b466abffd16749d165a61 at 2017-10-31 23:05:22 CST)
W1031 23:08:28.371290 5675 catalog_manager.cc:2955] TS 23f962e4a1744381ad5fa0d2d8b10241 (c3-kudu-tst-st07.bj:18700): delete failed for tablet 32984b820db347e1b2d4d0786cf221f2 with error code TABLET_NOT_RUNNING: Illegal state: State transition of tablet 32984b820db347e1b2d4d0786cf221f2 already in progress: creating tablet
I1031 23:08:28.371307 5675 catalog_manager.cc:2752] Scheduling retry of 32984b820db347e1b2d4d0786cf221f2 Delete Tablet RPC for TS=23f962e4a1744381ad5fa0d2d8b10241 with a delay of 60026ms (attempt = 15)...
I1031 23:08:28.380802 5672 catalog_manager.cc:2988] Sending DeleteTablet(TABLET_DATA_DELETED) for tablet bff7dab34ccd4b42842077e82106f6fb on 0f53a0d3ef7e44ebb0365c800752d5bd (c3-kudu-tst-st01.bj:18700) (Replaced by 005a48fb466c4a52896842dd00124755 at 2017-10-31 23:04:52 CST)
W1031 23:08:28.381180 5672 catalog_manager.cc:2942] TS 0f53a0d3ef7e44ebb0365c800752d5bd (c3-kudu-tst-st01.bj:18700): delete failed for tablet bff7dab34ccd4b42842077e82106f6fb because the tablet was not found. No further retry: Not found: Tablet not found: bff7dab34ccd4b42842077e82106f6fb
I1031 23:08:28.395354 5672 catalog_manager.cc:2988] Sending DeleteTablet(TABLET_DATA_DELETED) for tablet 56155a2adc24450d89e338cc955bfa18 on 0f53a0d3ef7e44ebb0365c800752d5bd (c3-kudu-tst-st01.bj:18700) (Replaced by 80ba7f33ec864c5f96c61932edb5cdc4 at 2017-10-31 23:04:52 CST)
W1031 23:08:28.395642 5672 catalog_manager.cc:2942] TS 0f53a0d3ef7e44ebb0365c800752d5bd (c3-kudu-tst-st01.bj:18700): delete failed for tablet 56155a2adc24450d89e338cc955bfa18 because the tablet was not found. No further retry: Not found: Tablet not found: 56155a2adc24450d89e338cc955bfa18
I1031 23:08:28.402529 5675 catalog_manager.cc:2988] Sending DeleteTablet(TABLET_DATA_DELETED) for tablet 005a48fb466c4a52896842dd00124755 on 23f962e4a1744381ad5fa0d2d8b10241 (c3-kudu-tst-st07.bj:18700) (Replaced by f2af422919fd4560bd6441509a68d64b at 2017-10-31 23:05:22 CST)
W1031 23:08:28.402837 5675 catalog_manager.cc:2955] TS 23f962e4a1744381ad5fa0d2d8b10241 (c3-kudu-tst-st07.bj:18700): delete failed for tablet 005a48fb466c4a52896842dd00124755 with error code TABLET_NOT_RUNNING: Illegal state: State transition of tablet 005a48fb466c4a52896842dd00124755 already in progress: creating tablet
I1031 23:08:28.402853 5675 catalog_manager.cc:2752] Scheduling retry of 005a48fb466c4a52896842dd00124755 Delete Tablet RPC for TS=23f962e4a1744381ad5fa0d2d8b10241 with a delay of 60044ms (attempt = 15)...
I1031 23:08:28.403811 5672 catalog_manager.cc:2988] Sending DeleteTablet(TABLET_DATA_DELETED) for tablet 8df4d6c546194972a7c0cfb8bf652384 on daba39963d4346e1816089fd3a5442b5 (c3-kudu-tst-st09.bj:18700) (Replaced by bb4c891b261b42ef9b983f46cefef6ae at 2017-10-31 23:05:52 CST)
W1031 23:08:28.404184 5672 catalog_manager.cc:2955] TS daba39963d4346e1816089fd3a5442b5 (c3-kudu-tst-st09.bj:18700): delete failed for tablet 8df4d6c546194972a7c0cfb8bf652384 with error code TABLET_NOT_RUNNING: Illegal state: State transition of tablet 8df4d6c546194972a7c0cfb8bf652384 already in progress: deleting tablet
I1031 23:08:28.404208 5672 catalog_manager.cc:2752] Scheduling retry of 8df4d6c546194972a7c0cfb8bf652384 Delete Tablet RPC for TS=daba39963d4346e1816089fd3a5442b5 with a delay of 60023ms (attempt = 14)...
I1031 23:08:28.412065 5675 catalog_manager.cc:2988] Sending DeleteTablet(TABLET_DATA_DELETED) for tablet 69b4b5f037014f10bfab077f3f98ca49 on 23f962e4a1744381ad5fa0d2d8b10241 (c3-kudu-tst-st07.bj:18700) (Replaced by b758ec3274c84dcbb110cf5aa3dca9aa at 2017-10-31 23:04:22 CST)
W1031 23:08:28.412359 5675 catalog_manager.cc:2955] TS 23f962e4a1744381ad5fa0d2d8b10241 (c3-kudu-tst-st07.bj:18700): delete failed for tablet 69b4b5f037014f10bfab077f3f98ca49 with error code TABLET_NOT_RUNNING: Illegal state: State transition of tablet 69b4b5f037014f10bfab077f3f98ca49 already in progress: creating tablet
I1031 23:08:28.412379 5675 catalog_manager.cc:2752] Scheduling retry of 69b4b5f037014f10bfab077f3f98ca49 Delete Tablet RPC for TS=23f962e4a1744381ad5fa0d2d8b10241 with a delay of 60049ms (attempt = 16)...
I1031 23:08:28.417516 5675 catalog_manager.cc:2988] Sending DeleteTablet(TABLET_DATA_DELETED) for tablet f0a40a8745bb4f4abbe8b304ebc7626c on 23f962e4a1744381ad5fa0d2d8b10241 (c3-kudu-tst-st07.bj:18700) (Replaced by 802f72af09384e95acd389f46a1d9c84 at 2017-10-31 23:04:22 CST)
W1031 23:08:28.417857 5675 catalog_manager.cc:2955] TS 23f962e4a1744381ad5fa0d2d8b10241 (c3-kudu-tst-st07.bj:18700): delete failed for tablet f0a40a8745bb4f4abbe8b304ebc7626c with error code TABLET_NOT_RUNNING: Illegal state: State transition of tablet f0a40a8745bb4f4abbe8b304ebc7626c already in progress: creating tablet
I1031 23:08:28.417871 5675 catalog_manager.cc:2752] Scheduling retry of f0a40a8745bb4f4abbe8b304ebc7626c Delete Tablet RPC for TS=23f962e4a1744381ad5fa0d2d8b10241 with a delay of 60026ms (attempt = 16)...
I1031 23:08:28.440629 5674 catalog_manager.cc:2988] Sending DeleteTablet(TABLET_DATA_DELETED) for tablet d67c8d7da92f4f10b75858f21d80f8c4 on d3eb30bd1bc34b95902fa61724239553 (c3-kudu-tst-st05.bj:18700) (Replaced by 8566e0c79e674a74803cd1a15fec8cb2 at 2017-10-31 23:05:52 CST)
W1031 23:08:28.441081 5674 catalog_manager.cc:2955] TS d3eb30bd1bc34b95902fa61724239553 (c3-kudu-tst-st05.bj:18700): delete failed for tablet d67c8d7da92f4f10b75858f21d80f8c4 with error code TABLET_NOT_RUNNING: Illegal state: State transition of tablet d67c8d7da92f4f10b75858f21d80f8c4 already in progress: deleting tablet
I1031 23:08:28.441133 5674 catalog_manager.cc:2752] Scheduling retry of d67c8d7da92f4f10b75858f21d80f8c4 Delete Tablet RPC for TS=d3eb30bd1bc34b95902fa61724239553 with a delay of 60003ms (attempt = 14)...
I1031 23:08:28.452172 5675 catalog_manager.cc:2988] Sending DeleteTablet(TABLET_DATA_DELETED) for tablet 5110f0095bd94f67abf0aad906332efe on 23f962e4a1744381ad5fa0d2d8b10241 (c3-kudu-tst-st07.bj:18700) (Replaced by bff7dab34ccd4b42842077e82106f6fb at 2017-10-31 23:04:22 CST)
W1031 23:08:28.452486 5675 catalog_manager.cc:2955] TS 23f962e4a1744381ad5fa0d2d8b10241 (c3-kudu-tst-st07.bj:18700): delete failed for tablet 5110f0095bd94f67abf0aad906332efe with error code TABLET_NOT_RUNNING: Illegal state: State transition of tablet 5110f0095bd94f67abf0aad906332efe already in progress: creating tablet
I1031 23:08:28.452505 5675 catalog_manager.cc:2752] Scheduling retry of 5110f0095bd94f67abf0aad906332efe Delete Tablet RPC for TS=23f962e4a1744381ad5fa0d2d8b10241 with a delay of 60040ms (attempt = 16)...
I1031 23:08:40.709971 5673 catalog_manager.cc:2988] Sending DeleteTablet(TABLET_DATA_DELETED) for tablet 32984b820db347e1b2d4d0786cf221f2 on 0fc477287c154136abc1e2f3c82fb7f9 (c3-kudu-tst-st04.bj:18700) (Replaced by eeb3a3cb417b466abffd16749d165a61 at 2017-10-31 23:05:22 CST)
W1031 23:08:40.710316 5673 catalog_manager.cc:2955] TS 0fc477287c154136abc1e2f3c82fb7f9 (c3-kudu-tst-st04.bj:18700): delete failed for tablet 32984b820db347e1b2d4d0786cf221f2 with error code TABLET_NOT_RUNNING: Illegal state: State transition of tablet 32984b820db347e1b2d4d0786cf221f2 already in progress: deleting tablet
I1031 23:08:40.710351 5673 catalog_manager.cc:2752] Scheduling retry of 32984b820db347e1b2d4d0786cf221f2 Delete Tablet RPC for TS=0fc477287c154136abc1e2f3c82fb7f9 with a delay of 60005ms (attempt = 15)...
I1031 23:08:40.729499 5673 catalog_manager.cc:2988] Sending DeleteTablet(TABLET_DATA_DELETED) for tablet 32984b820db347e1b2d4d0786cf221f2 on 0fc477287c154136abc1e2f3c82fb7f9 (c3-kudu-tst-st04.bj:18700) (Replaced by eeb3a3cb417b466abffd16749d165a61 at 2017-10-31 23:05:22 CST)
W1031 23:08:40.729809 5673 catalog_manager.cc:2955] TS 0fc477287c154136abc1e2f3c82fb7f9 (c3-kudu-tst-st04.bj:18700): delete failed for tablet 32984b820db347e1b2d4d0786cf221f2 with error code TABLET_NOT_RUNNING: Illegal state: State transition of tablet 32984b820db347e1b2d4d0786cf221f2 already in progress: deleting tablet
I1031 23:08:40.729830 5673 catalog_manager.cc:2752] Scheduling retry of 32984b820db347e1b2d4d0786cf221f2 Delete Tablet RPC for TS=0fc477287c154136abc1e2f3c82fb7f9 with a delay of 60038ms (attempt = 15)...
I1031 23:08:40.749980 5673 catalog_manager.cc:2988] Sending DeleteTablet(TABLET_DATA_DELETED) for tablet acb401e40e7049fbbfdbeb40474353d9 on 0fc477287c154136abc1e2f3c82fb7f9 (c3-kudu-tst-st04.bj:18700) (Replaced by d67c8d7da92f4f10b75858f21d80f8c4 at 2017-10-31 23:05:22 CST)
W1031 23:08:40.750305 5673 catalog_manager.cc:2955] TS 0fc477287c154136abc1e2f3c82fb7f9 (c3-kudu-tst-st04.bj:18700): delete failed for tablet acb401e40e7049fbbfdbeb40474353d9 with error code TABLET_NOT_RUNNING: Illegal state: State transition of tablet acb401e40e7049fbbfdbeb40474353d9 already in progress: deleting tablet
I1031 23:08:40.750326 5673 catalog_manager.cc:2752] Scheduling retry of acb401e40e7049fbbfdbeb40474353d9 Delete Tablet RPC for TS=0fc477287c154136abc1e2f3c82fb7f9 with a delay of 60002ms (attempt = 15)...
I1031 23:08:40.941792 5673 catalog_manager.cc:2988] Sending DeleteTablet(TABLET_DATA_DELETED) for tablet acb401e40e7049fbbfdbeb40474353d9 on 0fc477287c154136abc1e2f3c82fb7f9 (c3-kudu-tst-st04.bj:18700) (Replaced by d67c8d7da92f4f10b75858f21d80f8c4 at 2017-10-31 23:05:22 CST)
W1031 23:08:40.942184 5673 catalog_manager.cc:2955] TS 0fc477287c154136abc1e2f3c82fb7f9 (c3-kudu-tst-st04.bj:18700): delete failed for tablet acb401e40e7049fbbfdbeb40474353d9 with error code TABLET_NOT_RUNNING: Illegal state: State transition of tablet acb401e40e7049fbbfdbeb40474353d9 already in progress: deleting tablet
I1031 23:08:40.942207 5673 catalog_manager.cc:2752] Scheduling retry of acb401e40e7049fbbfdbeb40474353d9 Delete Tablet RPC for TS=0fc477287c154136abc1e2f3c82fb7f9 with a delay of 60036ms (attempt = 15)...
I1031 23:08:58.326762 5675 catalog_manager.cc:2988] Sending DeleteTablet(TABLET_DATA_DELETED) for tablet 4b81a7f36c9a4b24a3294e39fdf19d9d on 23f962e4a1744381ad5fa0d2d8b10241 (c3-kudu-tst-st07.bj:18700) (Replaced by 1cebccaea10d49478c004cca39676556 at 2017-10-31 23:04:52 CST)
W1031 23:08:58.327157 5675 catalog_manager.cc:2955] TS 23f962e4a1744381ad5fa0d2d8b10241 (c3-kudu-tst-st07.bj:18700): delete failed for tablet 4b81a7f36c9a4b24a3294e39fdf19d9d with error code TABLET_NOT_RUNNING: Illegal state: State transition of tablet 4b81a7f36c9a4b24a3294e39fdf19d9d already in progress: creating tablet
I1031 23:08:58.327178 5675 catalog_manager.cc:2752] Scheduling retry of 4b81a7f36c9a4b24a3294e39fdf19d9d Delete Tablet RPC for TS=23f962e4a1744381ad5fa0d2d8b10241 with a delay of 60013ms (attempt = 16)...
I1031 23:08:58.354447 5675 catalog_manager.cc:2988] Sending DeleteTablet(TABLET_DATA_DELETED) for tablet f2af422919fd4560bd6441509a68d64b on 23f962e4a1744381ad5fa0d2d8b10241 (c3-kudu-tst-st07.bj:18700) (Replaced by a17da97943904920814af1508905ecfc at 2017-10-31 23:05:52 CST)
W1031 23:08:58.354737 5675 catalog_manager.cc:2955] TS 23f962e4a1744381ad5fa0d2d8b10241 (c3-kudu-tst-st07.bj:18700): delete failed for tablet f2af422919fd4560bd6441509a68d64b with error code TABLET_NOT_RUNNING: Illegal state: State transition of tablet f2af422919fd4560bd6441509a68d64b already in progress: creating tablet
I1031 23:08:58.354753 5675 catalog_manager.cc:2752] Scheduling retry of f2af422919fd4560bd6441509a68d64b Delete Tablet RPC for TS=23f962e4a1744381ad5fa0d2d8b10241 with a delay of 60047ms (attempt = 15)...
I1031 23:08:58.369060 5673 catalog_manager.cc:2988] Sending DeleteTablet(TABLET_DATA_DELETED) for tablet 388697c0c21a4b158a92f2b292b8012f on 625f49b9554549e6a5c3a92b76e576cf (c3-kudu-tst-st10.bj:18700) (Replaced by 0ea66c65e2d4445eb9cc83ba7ee1448b at 2017-10-31 23:04:22 CST)
W1031 23:08:58.369457 5673 catalog_manager.cc:2942] TS 625f49b9554549e6a5c3a92b76e576cf (c3-kudu-tst-st10.bj:18700): delete failed for tablet 388697c0c21a4b158a92f2b292b8012f because the tablet was not found. No further retry: Not found: Tablet not found: 388697c0c21a4b158a92f2b292b8012f
I1031 23:08:58.375895 5675 catalog_manager.cc:2988] Sending DeleteTablet(TABLET_DATA_DELETED) for tablet 005a48fb466c4a52896842dd00124755 on 044f1da9a27c46acb82b1386f829f4dc (c3-kudu-tst-st03.bj:18700) (Replaced by f2af422919fd4560bd6441509a68d64b at 2017-10-31 23:05:22 CST)
W1031 23:08:58.376185 5675 catalog_manager.cc:2955] TS 044f1da9a27c46acb82b1386f829f4dc (c3-kudu-tst-st03.bj:18700): delete failed for tablet 005a48fb466c4a52896842dd00124755 with error code TABLET_NOT_RUNNING: Illegal state: State transition of tablet 005a48fb466c4a52896842dd00124755 already in progress: deleting tablet
I1031 23:08:58.376204 5675 catalog_manager.cc:2752] Scheduling retry of 005a48fb466c4a52896842dd00124755 Delete Tablet RPC for TS=044f1da9a27c46acb82b1386f829f4dc with a delay of 60038ms (attempt = 15)...
I1031 23:08:58.402632 5673 catalog_manager.cc:2988] Sending DeleteTablet(TABLET_DATA_DELETED) for tablet 32984b820db347e1b2d4d0786cf221f2 on 0fc477287c154136abc1e2f3c82fb7f9 (c3-kudu-tst-st04.bj:18700) (Replaced by eeb3a3cb417b466abffd16749d165a61 at 2017-10-31 23:05:22 CST)
W1031 23:08:58.403030 5673 catalog_manager.cc:2955] TS 0fc477287c154136abc1e2f3c82fb7f9 (c3-kudu-tst-st04.bj:18700): delete failed for tablet 32984b820db347e1b2d4d0786cf221f2 with error code TABLET_NOT_RUNNING: Illegal state: State transition of tablet 32984b820db347e1b2d4d0786cf221f2 already in progress: deleting tablet
I1031 23:08:58.403071 5673 catalog_manager.cc:2752] Scheduling retry of 32984b820db347e1b2d4d0786cf221f2 Delete Tablet RPC for TS=0fc477287c154136abc1e2f3c82fb7f9 with a delay of 60047ms (attempt = 15)...
I1031 23:08:58.406363 5675 catalog_manager.cc:2988] Sending DeleteTablet(TABLET_DATA_DELETED) for tablet b758ec3274c84dcbb110cf5aa3dca9aa on 23f962e4a1744381ad5fa0d2d8b10241 (c3-kudu-tst-st07.bj:18700) (Replaced by 8356b43879104775b9a8c5a9e546e85b at 2017-10-31 23:04:52 CST)
W1031 23:08:58.406678 5675 catalog_manager.cc:2955] TS 23f962e4a1744381ad5fa0d2d8b10241 (c3-kudu-tst-st07.bj:18700): delete failed for tablet b758ec3274c84dcbb110cf5aa3dca9aa with error code TABLET_NOT_RUNNING: Illegal state: State transition of tablet b758ec3274c84dcbb110cf5aa3dca9aa already in progress: creating tablet
I1031 23:08:58.406697 5675 catalog_manager.cc:2752] Scheduling retry of b758ec3274c84dcbb110cf5aa3dca9aa Delete Tablet RPC for TS=23f962e4a1744381ad5fa0d2d8b10241 with a delay of 60034ms (attempt = 16)...
I1031 23:08:58.410459 5673 catalog_manager.cc:2988] Sending DeleteTablet(TABLET_DATA_DELETED) for tablet acb401e40e7049fbbfdbeb40474353d9 on 0fc477287c154136abc1e2f3c82fb7f9 (c3-kudu-tst-st04.bj:18700) (Replaced by d67c8d7da92f4f10b75858f21d80f8c4 at 2017-10-31 23:05:22 CST)
W1031 23:08:58.410781 5673 catalog_manager.cc:2955] TS 0fc477287c154136abc1e2f3c82fb7f9 (c3-kudu-tst-st04.bj:18700): delete failed for tablet acb401e40e7049fbbfdbeb40474353d9 with error code TABLET_NOT_RUNNING: Illegal state: State transition of tablet acb401e40e7049fbbfdbeb40474353d9 already in progress: deleting tablet
I1031 23:08:58.410804 5673 catalog_manager.cc:2752] Scheduling retry of acb401e40e7049fbbfdbeb40474353d9 Delete Tablet RPC for TS=0fc477287c154136abc1e2f3c82fb7f9 with a delay of 60003ms (attempt = 15)...
I1031 23:08:58.411847 5675 catalog_manager.cc:2988] Sending DeleteTablet(TABLET_DATA_DELETED) for tablet 46fc46e028434bc69f467922a9a59101 on 23f962e4a1744381ad5fa0d2d8b10241 (c3-kudu-tst-st07.bj:18700) (Replaced by 7d1359dc00a24df68d41c2447e367f1d at 2017-10-31 23:04:52 CST)
W1031 23:08:58.412116 5675 catalog_manager.cc:2955] TS 23f962e4a1744381ad5fa0d2d8b10241 (c3-kudu-tst-st07.bj:18700): delete failed for tablet 46fc46e028434bc69f467922a9a59101 with error code TABLET_NOT_RUNNING: Illegal state: State transition of tablet 46fc46e028434bc69f467922a9a59101 already in progress: creating tablet
I1031 23:08:58.412127 5675 catalog_manager.cc:2752] Scheduling retry of 46fc46e028434bc69f467922a9a59101 Delete Tablet RPC for TS=23f962e4a1744381ad5fa0d2d8b10241 with a delay of 60001ms (attempt = 16)...
I1031 23:08:58.415269 5675 catalog_manager.cc:2988] Sending DeleteTablet(TABLET_DATA_DELETED) for tablet 012b21c0f95e4dd594076018fd6fdb7e on 23f962e4a1744381ad5fa0d2d8b10241 (c3-kudu-tst-st07.bj:18700) (Replaced by ae7fa26c77054ef1b98d5e0f4e6940d6 at 2017-10-31 23:05:52 CST)
W1031 23:08:58.415588 5675 catalog_manager.cc:2955] TS 23f962e4a1744381ad5fa0d2d8b10241 (c3-kudu-tst-st07.bj:18700): delete failed for tablet 012b21c0f95e4dd594076018fd6fdb7e with error code TABLET_NOT_RUNNING: Illegal state: State transition of tablet 012b21c0f95e4dd594076018fd6fdb7e already in progress: creating tablet
I1031 23:08:58.415606 5675 catalog_manager.cc:2752] Scheduling retry of 012b21c0f95e4dd594076018fd6fdb7e Delete Tablet RPC for TS=23f962e4a1744381ad5fa0d2d8b10241 with a delay of 60030ms (attempt = 15)...
I1031 23:08:58.454852 5675 catalog_manager.cc:2988] Sending DeleteTablet(TABLET_DATA_DELETED) for tablet 80ba7f33ec864c5f96c61932edb5cdc4 on 044f1da9a27c46acb82b1386f829f4dc (c3-kudu-tst-st03.bj:18700) (Replaced by 47eeb8448c454968a45bf1a984427b25 at 2017-10-31 23:05:22 CST)
I1031 23:08:58.454953 5673 catalog_manager.cc:2988] Sending DeleteTablet(TABLET_DATA_DELETED) for tablet de37a68992504da8a4640f8ab4653544 on 0fc477287c154136abc1e2f3c82fb7f9 (c3-kudu-tst-st04.bj:18700) (Replaced by 012b21c0f95e4dd594076018fd6fdb7e at 2017-10-31 23:05:22 CST)
W1031 23:08:58.455220 5675 catalog_manager.cc:2955] TS 044f1da9a27c46acb82b1386f829f4dc (c3-kudu-tst-st03.bj:18700): delete failed for tablet 80ba7f33ec864c5f96c61932edb5cdc4 with error code TABLET_NOT_RUNNING: Illegal state: State transition of tablet 80ba7f33ec864c5f96c61932edb5cdc4 already in progress: deleting tablet
I1031 23:08:58.455255 5675 catalog_manager.cc:2752] Scheduling retry of 80ba7f33ec864c5f96c61932edb5cdc4 Delete Tablet RPC for TS=044f1da9a27c46acb82b1386f829f4dc with a delay of 60031ms (attempt = 15)...
W1031 23:08:58.455262 5673 catalog_manager.cc:2955] TS 0fc477287c154136abc1e2f3c82fb7f9 (c3-kudu-tst-st04.bj:18700): delete failed for tablet de37a68992504da8a4640f8ab4653544 with error code TABLET_NOT_RUNNING: Illegal state: State transition of tablet de37a68992504da8a4640f8ab4653544 already in progress: deleting tablet
I1031 23:08:58.455279 5673 catalog_manager.cc:2752] Scheduling retry of de37a68992504da8a4640f8ab4653544 Delete Tablet RPC for TS=0fc477287c154136abc1e2f3c82fb7f9 with a delay of 60047ms (attempt = 15)...
I1031 23:08:58.462430 5675 catalog_manager.cc:2988] Sending DeleteTablet(TABLET_DATA_DELETED) for tablet d67c8d7da92f4f10b75858f21d80f8c4 on 23f962e4a1744381ad5fa0d2d8b10241 (c3-kudu-tst-st07.bj:18700) (Replaced by 8566e0c79e674a74803cd1a15fec8cb2 at 2017-10-31 23:05:52 CST)
W1031 23:08:58.462745 5675 catalog_manager.cc:2955] TS 23f962e4a1744381ad5fa0d2d8b10241 (c3-kudu-tst-st07.bj:18700): delete failed for tablet d67c8d7da92f4f10b75858f21d80f8c4 with error code TABLET_NOT_RUNNING: Illegal state: State transition of tablet d67c8d7da92f4f10b75858f21d80f8c4 already in progress: creating tablet
I1031 23:08:58.462762 5675 catalog_manager.cc:2752] Scheduling retry of d67c8d7da92f4f10b75858f21d80f8c4 Delete Tablet RPC for TS=23f962e4a1744381ad5fa0d2d8b10241 with a delay of 60000ms (attempt = 15)...
I1031 23:08:58.463860 5675 catalog_manager.cc:2988] Sending DeleteTablet(TABLET_DATA_DELETED) for tablet 27f651ff46ca4722b064a85e795dcaa4 on 0a8bbcbbb5a6459aa5258464755db3bb (c3-kudu-tst-st02.bj:18700) (Replaced by 46fc46e028434bc69f467922a9a59101 at 2017-10-31 23:04:22 CST)
I1031 23:08:58.464162 5675 catalog_manager.cc:2988] Sending DeleteTablet(TABLET_DATA_DELETED) for tablet bff7dab34ccd4b42842077e82106f6fb on 23f962e4a1744381ad5fa0d2d8b10241 (c3-kudu-tst-st07.bj:18700) (Replaced by 005a48fb466c4a52896842dd00124755 at 2017-10-31 23:04:52 CST)
W1031 23:08:58.464220 5675 catalog_manager.cc:2942] TS 0a8bbcbbb5a6459aa5258464755db3bb (c3-kudu-tst-st02.bj:18700): delete failed for tablet 27f651ff46ca4722b064a85e795dcaa4 because the tablet was not found. No further retry: Not found: Tablet not found: 27f651ff46ca4722b064a85e795dcaa4
I1031 23:08:58.464427 5673 catalog_manager.cc:2988] Sending DeleteTablet(TABLET_DATA_DELETED) for tablet 1cebccaea10d49478c004cca39676556 on 0fc477287c154136abc1e2f3c82fb7f9 (c3-kudu-tst-st04.bj:18700) (Replaced by b4e182b626554f3597d5c733c80997e6 at 2017-10-31 23:05:22 CST)
W1031 23:08:58.464571 5675 catalog_manager.cc:2955] TS 23f962e4a1744381ad5fa0d2d8b10241 (c3-kudu-tst-st07.bj:18700): delete failed for tablet bff7dab34ccd4b42842077e82106f6fb with error code TABLET_NOT_RUNNING: Illegal state: State transition of tablet bff7dab34ccd4b42842077e82106f6fb already in progress: creating tablet
I1031 23:08:58.464586 5675 catalog_manager.cc:2752] Scheduling retry of bff7dab34ccd4b42842077e82106f6fb Delete Tablet RPC for TS=23f962e4a1744381ad5fa0d2d8b10241 with a delay of 60003ms (attempt = 16)...
W1031 23:08:58.464778 5673 catalog_manager.cc:2955] TS 0fc477287c154136abc1e2f3c82fb7f9 (c3-kudu-tst-st04.bj:18700): delete failed for tablet 1cebccaea10d49478c004cca39676556 with error code TABLET_NOT_RUNNING: Illegal state: State transition of tablet 1cebccaea10d49478c004cca39676556 already in progress: deleting tablet
I1031 23:08:58.464799 5673 catalog_manager.cc:2752] Scheduling retry of 1cebccaea10d49478c004cca39676556 Delete Tablet RPC for TS=0fc477287c154136abc1e2f3c82fb7f9 with a delay of 60018ms (attempt = 15)...
I1031 23:08:58.474733 5675 catalog_manager.cc:2988] Sending DeleteTablet(TABLET_DATA_DELETED) for tablet 0ea66c65e2d4445eb9cc83ba7ee1448b on 23f962e4a1744381ad5fa0d2d8b10241 (c3-kudu-tst-st07.bj:18700) (Replaced by 32984b820db347e1b2d4d0786cf221f2 at 2017-10-31 23:04:52 CST)
W1031 23:08:58.474972 5675 catalog_manager.cc:2955] TS 23f962e4a1744381ad5fa0d2d8b10241 (c3-kudu-tst-st07.bj:18700): delete failed for tablet 0ea66c65e2d4445eb9cc83ba7ee1448b with error code TABLET_NOT_RUNNING: Illegal state: State transition of tablet 0ea66c65e2d4445eb9cc83ba7ee1448b already in progress: creating tablet
I1031 23:08:58.474987 5675 catalog_manager.cc:2752] Scheduling retry of 0ea66c65e2d4445eb9cc83ba7ee1448b Delete Tablet RPC for TS=23f962e4a1744381ad5fa0d2d8b10241 with a delay of 60004ms (attempt = 16)...
I1031 23:09:04.714293 5683 catalog_manager.cc:2282] Got report from deleted tablet 27f651ff46ca4722b064a85e795dcaa4 (table default.timeout_tst [id=cdcb3e60c1314776843d856365535d49]) (Replaced by 46fc46e028434bc69f467922a9a59101 at 2017-10-31 23:04:22 CST): Sending delete request for this tablet
I1031 23:09:04.714339 5683 catalog_manager.cc:2988] Sending DeleteTablet(TABLET_DATA_DELETED) for tablet 27f651ff46ca4722b064a85e795dcaa4 on 23f962e4a1744381ad5fa0d2d8b10241 (c3-kudu-tst-st07.bj:18700) (Replaced by 46fc46e028434bc69f467922a9a59101 at 2017-10-31 23:04:22 CST)
I1031 23:09:04.716166 5683 catalog_manager.cc:2282] Got report from deleted tablet f49a4f915ac048b096fcb5f4878f436d (table default.timeout_tst [id=cdcb3e60c1314776843d856365535d49]) (Replaced by 56155a2adc24450d89e338cc955bfa18 at 2017-10-31 23:04:22 CST): Sending delete request for this tablet
I1031 23:09:04.716192 5683 catalog_manager.cc:2988] Sending DeleteTablet(TABLET_DATA_DELETED) for tablet f49a4f915ac048b096fcb5f4878f436d on 23f962e4a1744381ad5fa0d2d8b10241 (c3-kudu-tst-st07.bj:18700) (Replaced by 56155a2adc24450d89e338cc955bfa18 at 2017-10-31 23:04:22 CST)
I1031 23:09:04.716235 5683 catalog_manager.cc:2282] Got report from deleted tablet f0a40a8745bb4f4abbe8b304ebc7626c (table default.timeout_tst [id=cdcb3e60c1314776843d856365535d49]) (Replaced by 802f72af09384e95acd389f46a1d9c84 at 2017-10-31 23:04:22 CST): Sending delete request for this tablet
I1031 23:09:04.716250 5683 catalog_manager.cc:2988] Sending DeleteTablet(TABLET_DATA_DELETED) for tablet f0a40a8745bb4f4abbe8b304ebc7626c on 23f962e4a1744381ad5fa0d2d8b10241 (c3-kudu-tst-st07.bj:18700) (Replaced by 802f72af09384e95acd389f46a1d9c84 at 2017-10-31 23:04:22 CST)
I1031 23:09:04.716500 5683 catalog_manager.cc:2282] Got report from deleted tablet 5110f0095bd94f67abf0aad906332efe (table default.timeout_tst [id=cdcb3e60c1314776843d856365535d49]) (Replaced by bff7dab34ccd4b42842077e82106f6fb at 2017-10-31 23:04:22 CST): Sending delete request for this tablet
I1031 23:09:04.716524 5683 catalog_manager.cc:2988] Sending DeleteTablet(TABLET_DATA_DELETED) for tablet 5110f0095bd94f67abf0aad906332efe on 23f962e4a1744381ad5fa0d2d8b10241 (c3-kudu-tst-st07.bj:18700) (Replaced by bff7dab34ccd4b42842077e82106f6fb at 2017-10-31 23:04:22 CST)
I1031 23:09:04.718942 5683 catalog_manager.cc:2282] Got report from deleted tablet 46fc46e028434bc69f467922a9a59101 (table default.timeout_tst [id=cdcb3e60c1314776843d856365535d49]) (Replaced by 7d1359dc00a24df68d41c2447e367f1d at 2017-10-31 23:04:52 CST): Sending delete request for this tablet
I1031 23:09:04.718966 5683 catalog_manager.cc:2988] Sending DeleteTablet(TABLET_DATA_DELETED) for tablet 46fc46e028434bc69f467922a9a59101 on 23f962e4a1744381ad5fa0d2d8b10241 (c3-kudu-tst-st07.bj:18700) (Replaced by 7d1359dc00a24df68d41c2447e367f1d at 2017-10-31 23:04:52 CST)
I1031 23:09:04.719274 5683 catalog_manager.cc:2282] Got report from deleted tablet 80ba7f33ec864c5f96c61932edb5cdc4 (table default.timeout_tst [id=cdcb3e60c1314776843d856365535d49]) (Replaced by 47eeb8448c454968a45bf1a984427b25 at 2017-10-31 23:05:22 CST): Sending delete request for this tablet
I1031 23:09:04.719297 5683 catalog_manager.cc:2988] Sending DeleteTablet(TABLET_DATA_DELETED) for tablet 80ba7f33ec864c5f96c61932edb5cdc4 on 23f962e4a1744381ad5fa0d2d8b10241 (c3-kudu-tst-st07.bj:18700) (Replaced by 47eeb8448c454968a45bf1a984427b25 at 2017-10-31 23:05:22 CST)
I1031 23:09:04.719322 5683 catalog_manager.cc:2282] Got report from deleted tablet 0ea66c65e2d4445eb9cc83ba7ee1448b (table default.timeout_tst [id=cdcb3e60c1314776843d856365535d49]) (Replaced by 32984b820db347e1b2d4d0786cf221f2 at 2017-10-31 23:04:52 CST): Sending delete request for this tablet
I1031 23:09:04.719336 5683 catalog_manager.cc:2988] Sending DeleteTablet(TABLET_DATA_DELETED) for tablet 0ea66c65e2d4445eb9cc83ba7ee1448b on 23f962e4a1744381ad5fa0d2d8b10241 (c3-kudu-tst-st07.bj:18700) (Replaced by 32984b820db347e1b2d4d0786cf221f2 at 2017-10-31 23:04:52 CST)
I1031 23:09:04.721380 5683 catalog_manager.cc:2282] Got report from deleted tablet b758ec3274c84dcbb110cf5aa3dca9aa (table default.timeout_tst [id=cdcb3e60c1314776843d856365535d49]) (Replaced by 8356b43879104775b9a8c5a9e546e85b at 2017-10-31 23:04:52 CST): Sending delete request for this tablet
I1031 23:09:04.721398 5683 catalog_manager.cc:2988] Sending DeleteTablet(TABLET_DATA_DELETED) for tablet b758ec3274c84dcbb110cf5aa3dca9aa on 23f962e4a1744381ad5fa0d2d8b10241 (c3-kudu-tst-st07.bj:18700) (Replaced by 8356b43879104775b9a8c5a9e546e85b at 2017-10-31 23:04:52 CST)
I1031 23:09:04.722198 5683 catalog_manager.cc:2282] Got report from deleted tablet 005a48fb466c4a52896842dd00124755 (table default.timeout_tst [id=cdcb3e60c1314776843d856365535d49]) (Replaced by f2af422919fd4560bd6441509a68d64b at 2017-10-31 23:05:22 CST): Sending delete request for this tablet
I1031 23:09:04.722213 5683 catalog_manager.cc:2988] Sending DeleteTablet(TABLET_DATA_DELETED) for tablet 005a48fb466c4a52896842dd00124755 on 23f962e4a1744381ad5fa0d2d8b10241 (c3-kudu-tst-st07.bj:18700) (Replaced by f2af422919fd4560bd6441509a68d64b at 2017-10-31 23:05:22 CST)
I1031 23:09:04.722776 5683 catalog_manager.cc:2282] Got report from deleted tablet bff7dab34ccd4b42842077e82106f6fb (table default.timeout_tst [id=cdcb3e60c1314776843d856365535d49]) (Replaced by 005a48fb466c4a52896842dd00124755 at 2017-10-31 23:04:52 CST): Sending delete request for this tablet
I1031 23:09:04.722792 5683 catalog_manager.cc:2988] Sending DeleteTablet(TABLET_DATA_DELETED) for tablet bff7dab34ccd4b42842077e82106f6fb on 23f962e4a1744381ad5fa0d2d8b10241 (c3-kudu-tst-st07.bj:18700) (Replaced by 005a48fb466c4a52896842dd00124755 at 2017-10-31 23:04:52 CST)
I1031 23:09:04.722813 5683 catalog_manager.cc:2282] Got report from deleted tablet 4b81a7f36c9a4b24a3294e39fdf19d9d (table default.timeout_tst [id=cdcb3e60c1314776843d856365535d49]) (Replaced by 1cebccaea10d49478c004cca39676556 at 2017-10-31 23:04:52 CST): Sending delete request for this tablet
I1031 23:09:04.722826 5683 catalog_manager.cc:2988] Sending DeleteTablet(TABLET_DATA_DELETED) for tablet 4b81a7f36c9a4b24a3294e39fdf19d9d on 23f962e4a1744381ad5fa0d2d8b10241 (c3-kudu-tst-st07.bj:18700) (Replaced by 1cebccaea10d49478c004cca39676556 at 2017-10-31 23:04:52 CST)
I1031 23:09:04.723052 5683 catalog_manager.cc:2282] Got report from deleted tablet d67c8d7da92f4f10b75858f21d80f8c4 (table default.timeout_tst [id=cdcb3e60c1314776843d856365535d49]) (Replaced by 8566e0c79e674a74803cd1a15fec8cb2 at 2017-10-31 23:05:52 CST): Sending delete request for this tablet
I1031 23:09:04.723065 5683 catalog_manager.cc:2988] Sending DeleteTablet(TABLET_DATA_DELETED) for tablet d67c8d7da92f4f10b75858f21d80f8c4 on 23f962e4a1744381ad5fa0d2d8b10241 (c3-kudu-tst-st07.bj:18700) (Replaced by 8566e0c79e674a74803cd1a15fec8cb2 at 2017-10-31 23:05:52 CST)
I1031 23:09:04.738950 5683 catalog_manager.cc:2282] Got report from deleted tablet 012b21c0f95e4dd594076018fd6fdb7e (table default.timeout_tst [id=cdcb3e60c1314776843d856365535d49]) (Replaced by ae7fa26c77054ef1b98d5e0f4e6940d6 at 2017-10-31 23:05:52 CST): Sending delete request for this tablet
I1031 23:09:04.738973 5683 catalog_manager.cc:2988] Sending DeleteTablet(TABLET_DATA_DELETED) for tablet 012b21c0f95e4dd594076018fd6fdb7e on 23f962e4a1744381ad5fa0d2d8b10241 (c3-kudu-tst-st07.bj:18700) (Replaced by ae7fa26c77054ef1b98d5e0f4e6940d6 at 2017-10-31 23:05:52 CST)
I1031 23:09:04.740552 5683 catalog_manager.cc:2282] Got report from deleted tablet f2af422919fd4560bd6441509a68d64b (table default.timeout_tst [id=cdcb3e60c1314776843d856365535d49]) (Replaced by a17da97943904920814af1508905ecfc at 2017-10-31 23:05:52 CST): Sending delete request for this tablet
I1031 23:09:04.740568 5683 catalog_manager.cc:2988] Sending DeleteTablet(TABLET_DATA_DELETED) for tablet f2af422919fd4560bd6441509a68d64b on 23f962e4a1744381ad5fa0d2d8b10241 (c3-kudu-tst-st07.bj:18700) (Replaced by a17da97943904920814af1508905ecfc at 2017-10-31 23:05:52 CST)
I1031 23:09:04.740941 5683 catalog_manager.cc:2282] Got report from deleted tablet 32984b820db347e1b2d4d0786cf221f2 (table default.timeout_tst [id=cdcb3e60c1314776843d856365535d49]) (Replaced by eeb3a3cb417b466abffd16749d165a61 at 2017-10-31 23:05:22 CST): Sending delete request for this tablet
I1031 23:09:04.740954 5683 catalog_manager.cc:2988] Sending DeleteTablet(TABLET_DATA_DELETED) for tablet 32984b820db347e1b2d4d0786cf221f2 on 23f962e4a1744381ad5fa0d2d8b10241 (c3-kudu-tst-st07.bj:18700) (Replaced by eeb3a3cb417b466abffd16749d165a61 at 2017-10-31 23:05:22 CST)
I1031 23:09:05.658267 5675 catalog_manager.cc:2964] TS 23f962e4a1744381ad5fa0d2d8b10241 (c3-kudu-tst-st07.bj:18700): tablet f0a40a8745bb4f4abbe8b304ebc7626c (table default.timeout_tst [id=cdcb3e60c1314776843d856365535d49]) successfully deleted
I1031 23:09:05.658323 5675 catalog_manager.cc:2964] TS 23f962e4a1744381ad5fa0d2d8b10241 (c3-kudu-tst-st07.bj:18700): tablet 005a48fb466c4a52896842dd00124755 (table default.timeout_tst [id=cdcb3e60c1314776843d856365535d49]) successfully deleted
I1031 23:09:05.784754 5675 catalog_manager.cc:2964] TS 23f962e4a1744381ad5fa0d2d8b10241 (c3-kudu-tst-st07.bj:18700): tablet 46fc46e028434bc69f467922a9a59101 (table default.timeout_tst [id=cdcb3e60c1314776843d856365535d49]) successfully deleted
I1031 23:09:05.784809 5675 catalog_manager.cc:2964] TS 23f962e4a1744381ad5fa0d2d8b10241 (c3-kudu-tst-st07.bj:18700): tablet f49a4f915ac048b096fcb5f4878f436d (table default.timeout_tst [id=cdcb3e60c1314776843d856365535d49]) successfully deleted
