I1031 23:05:52.651136 5673 catalog_manager.cc:2988] Sending DeleteTablet(TABLET_DATA_DELETED) for tablet 012b21c0f95e4dd594076018fd6fdb7e on 625f49b9554549e6a5c3a92b76e576cf (c3-kudu-tst-st10.bj:18700) (Replaced by ae7fa26c77054ef1b98d5e0f4e6940d6 at 2017-10-31 23:05:52 CST)
W1031 23:05:52.651320 5673 catalog_manager.cc:2955] TS 625f49b9554549e6a5c3a92b76e576cf (c3-kudu-tst-st10.bj:18700): delete failed for tablet 012b21c0f95e4dd594076018fd6fdb7e with error code TABLET_NOT_RUNNING: Illegal state: State transition of tablet 012b21c0f95e4dd594076018fd6fdb7e already in progress: creating tablet
I1031 23:05:52.651334 5673 catalog_manager.cc:2752] Scheduling retry of 012b21c0f95e4dd594076018fd6fdb7e Delete Tablet RPC for TS=625f49b9554549e6a5c3a92b76e576cf with a delay of 83ms (attempt = 3)...
I1031 23:05:52.656944 5683 catalog_manager.cc:2282] Got report from deleted tablet 506ef9008a0c496b8f2d97479c017c20 (table default.timeout_tst [id=cdcb3e60c1314776843d856365535d49]) (Replaced by 4b81a7f36c9a4b24a3294e39fdf19d9d at 2017-10-31 23:04:22 CST): Sending delete request for this tablet
I1031 23:05:52.656970 5683 catalog_manager.cc:2988] Sending DeleteTablet(TABLET_DATA_DELETED) for tablet 506ef9008a0c496b8f2d97479c017c20 on 625f49b9554549e6a5c3a92b76e576cf (c3-kudu-tst-st10.bj:18700) (Replaced by 4b81a7f36c9a4b24a3294e39fdf19d9d at 2017-10-31 23:04:22 CST)
I1031 23:05:52.661298 5674 catalog_manager.cc:2988] Sending DeleteTablet(TABLET_DATA_DELETED) for tablet f2af422919fd4560bd6441509a68d64b on 193181be29284287b25df2ee92938f0b (c3-kudu-tst-st08.bj:18700) (Replaced by a17da97943904920814af1508905ecfc at 2017-10-31 23:05:52 CST)
W1031 23:05:52.661651 5674 catalog_manager.cc:2955] TS 193181be29284287b25df2ee92938f0b (c3-kudu-tst-st08.bj:18700): delete failed for tablet f2af422919fd4560bd6441509a68d64b with error code TABLET_NOT_RUNNING: Illegal state: State transition of tablet f2af422919fd4560bd6441509a68d64b already in progress: creating tablet
I1031 23:05:52.661674 5674 catalog_manager.cc:2752] Scheduling retry of f2af422919fd4560bd6441509a68d64b Delete Tablet RPC for TS=193181be29284287b25df2ee92938f0b with a delay of 103ms (attempt = 3)...
I1031 23:05:52.666241 5675 catalog_manager.cc:2988] Sending DeleteTablet(TABLET_DATA_DELETED) for tablet 012b21c0f95e4dd594076018fd6fdb7e on 23f962e4a1744381ad5fa0d2d8b10241 (c3-kudu-tst-st07.bj:18700) (Replaced by ae7fa26c77054ef1b98d5e0f4e6940d6 at 2017-10-31 23:05:52 CST)
W1031 23:05:52.666487 5675 catalog_manager.cc:2955] TS 23f962e4a1744381ad5fa0d2d8b10241 (c3-kudu-tst-st07.bj:18700): delete failed for tablet 012b21c0f95e4dd594076018fd6fdb7e with error code TABLET_NOT_RUNNING: Illegal state: State transition of tablet 012b21c0f95e4dd594076018fd6fdb7e already in progress: creating tablet
I1031 23:05:52.666502 5675 catalog_manager.cc:2752] Scheduling retry of 012b21c0f95e4dd594076018fd6fdb7e Delete Tablet RPC for TS=23f962e4a1744381ad5fa0d2d8b10241 with a delay of 98ms (attempt = 3)...
I1031 23:05:52.670640 5683 catalog_manager.cc:2282] Got report from deleted tablet 582c1281bf5147b2bd40c9a950a1152f (table default.timeout_tst [id=cdcb3e60c1314776843d856365535d49]) (Replaced by 0def0264c0db4c438e16c22b23a0b43a at 2017-10-31 23:04:52 CST): Sending delete request for this tablet
I1031 23:05:52.670665 5683 catalog_manager.cc:2988] Sending DeleteTablet(TABLET_DATA_DELETED) for tablet 582c1281bf5147b2bd40c9a950a1152f on 625f49b9554549e6a5c3a92b76e576cf (c3-kudu-tst-st10.bj:18700) (Replaced by 0def0264c0db4c438e16c22b23a0b43a at 2017-10-31 23:04:52 CST)
I1031 23:05:52.670696 5683 catalog_manager.cc:2282] Got report from deleted tablet 0ea66c65e2d4445eb9cc83ba7ee1448b (table default.timeout_tst [id=cdcb3e60c1314776843d856365535d49]) (Replaced by 32984b820db347e1b2d4d0786cf221f2 at 2017-10-31 23:04:52 CST): Sending delete request for this tablet
I1031 23:05:52.670711 5683 catalog_manager.cc:2988] Sending DeleteTablet(TABLET_DATA_DELETED) for tablet 0ea66c65e2d4445eb9cc83ba7ee1448b on 625f49b9554549e6a5c3a92b76e576cf (c3-kudu-tst-st10.bj:18700) (Replaced by 32984b820db347e1b2d4d0786cf221f2 at 2017-10-31 23:04:52 CST)
I1031 23:05:52.671064 5683 catalog_manager.cc:2282] Got report from deleted tablet 719f0f496bc34a469e4069b2861b4be8 (table default.timeout_tst [id=cdcb3e60c1314776843d856365535d49]) (Replaced by c94f26e6a0ea4bea82140a0877c0f226 at 2017-10-31 23:04:22 CST): Sending delete request for this tablet
I1031 23:05:52.671088 5683 catalog_manager.cc:2988] Sending DeleteTablet(TABLET_DATA_DELETED) for tablet 719f0f496bc34a469e4069b2861b4be8 on 625f49b9554549e6a5c3a92b76e576cf (c3-kudu-tst-st10.bj:18700) (Replaced by c94f26e6a0ea4bea82140a0877c0f226 at 2017-10-31 23:04:22 CST)
I1031 23:05:52.672296 5683 catalog_manager.cc:2282] Got report from deleted tablet 46fc46e028434bc69f467922a9a59101 (table default.timeout_tst [id=cdcb3e60c1314776843d856365535d49]) (Replaced by 7d1359dc00a24df68d41c2447e367f1d at 2017-10-31 23:04:52 CST): Sending delete request for this tablet
I1031 23:05:52.672317 5683 catalog_manager.cc:2988] Sending DeleteTablet(TABLET_DATA_DELETED) for tablet 46fc46e028434bc69f467922a9a59101 on 625f49b9554549e6a5c3a92b76e576cf (c3-kudu-tst-st10.bj:18700) (Replaced by 7d1359dc00a24df68d41c2447e367f1d at 2017-10-31 23:04:52 CST)
I1031 23:05:52.672350 5683 catalog_manager.cc:2282] Got report from deleted tablet 4b81a7f36c9a4b24a3294e39fdf19d9d (table default.timeout_tst [id=cdcb3e60c1314776843d856365535d49]) (Replaced by 1cebccaea10d49478c004cca39676556 at 2017-10-31 23:04:52 CST): Sending delete request for this tablet
I1031 23:05:52.672364 5683 catalog_manager.cc:2988] Sending DeleteTablet(TABLET_DATA_DELETED) for tablet 4b81a7f36c9a4b24a3294e39fdf19d9d on 625f49b9554549e6a5c3a92b76e576cf (c3-kudu-tst-st10.bj:18700) (Replaced by 1cebccaea10d49478c004cca39676556 at 2017-10-31 23:04:52 CST)
I1031 23:05:52.672400 5683 catalog_manager.cc:2282] Got report from deleted tablet 812b248175004ae8992ff2660fc9d520 (table default.timeout_tst [id=cdcb3e60c1314776843d856365535d49]) (Replaced by 8ed42ada2d6846f3b3b70c9d9c13c986 at 2017-10-31 23:04:22 CST): Sending delete request for this tablet
I1031 23:05:52.672430 5683 catalog_manager.cc:2988] Sending DeleteTablet(TABLET_DATA_DELETED) for tablet 812b248175004ae8992ff2660fc9d520 on 625f49b9554549e6a5c3a92b76e576cf (c3-kudu-tst-st10.bj:18700) (Replaced by 8ed42ada2d6846f3b3b70c9d9c13c986 at 2017-10-31 23:04:22 CST)
I1031 23:05:52.672459 5683 catalog_manager.cc:2282] Got report from deleted tablet 69b4b5f037014f10bfab077f3f98ca49 (table default.timeout_tst [id=cdcb3e60c1314776843d856365535d49]) (Replaced by b758ec3274c84dcbb110cf5aa3dca9aa at 2017-10-31 23:04:22 CST): Sending delete request for this tablet
I1031 23:05:52.672492 5683 catalog_manager.cc:2988] Sending DeleteTablet(TABLET_DATA_DELETED) for tablet 69b4b5f037014f10bfab077f3f98ca49 on 625f49b9554549e6a5c3a92b76e576cf (c3-kudu-tst-st10.bj:18700) (Replaced by b758ec3274c84dcbb110cf5aa3dca9aa at 2017-10-31 23:04:22 CST)
I1031 23:05:52.676532 5683 catalog_manager.cc:2282] Got report from deleted tablet 005a48fb466c4a52896842dd00124755 (table default.timeout_tst [id=cdcb3e60c1314776843d856365535d49]) (Replaced by f2af422919fd4560bd6441509a68d64b at 2017-10-31 23:05:22 CST): Sending delete request for this tablet
I1031 23:05:52.676556 5683 catalog_manager.cc:2988] Sending DeleteTablet(TABLET_DATA_DELETED) for tablet 005a48fb466c4a52896842dd00124755 on 625f49b9554549e6a5c3a92b76e576cf (c3-kudu-tst-st10.bj:18700) (Replaced by f2af422919fd4560bd6441509a68d64b at 2017-10-31 23:05:22 CST)
I1031 23:05:52.676877 5683 catalog_manager.cc:2282] Got report from deleted tablet 012b21c0f95e4dd594076018fd6fdb7e (table default.timeout_tst [id=cdcb3e60c1314776843d856365535d49]) (Replaced by ae7fa26c77054ef1b98d5e0f4e6940d6 at 2017-10-31 23:05:52 CST): Sending delete request for this tablet
I1031 23:05:52.676893 5683 catalog_manager.cc:2988] Sending DeleteTablet(TABLET_DATA_DELETED) for tablet 012b21c0f95e4dd594076018fd6fdb7e on 625f49b9554549e6a5c3a92b76e576cf (c3-kudu-tst-st10.bj:18700) (Replaced by ae7fa26c77054ef1b98d5e0f4e6940d6 at 2017-10-31 23:05:52 CST)
I1031 23:05:52.676930 5683 catalog_manager.cc:2282] Got report from deleted tablet 56155a2adc24450d89e338cc955bfa18 (table default.timeout_tst [id=cdcb3e60c1314776843d856365535d49]) (Replaced by 80ba7f33ec864c5f96c61932edb5cdc4 at 2017-10-31 23:04:52 CST): Sending delete request for this tablet
I1031 23:05:52.676945 5683 catalog_manager.cc:2988] Sending DeleteTablet(TABLET_DATA_DELETED) for tablet 56155a2adc24450d89e338cc955bfa18 on 625f49b9554549e6a5c3a92b76e576cf (c3-kudu-tst-st10.bj:18700) (Replaced by 80ba7f33ec864c5f96c61932edb5cdc4 at 2017-10-31 23:04:52 CST)
I1031 23:05:52.678665 5683 catalog_manager.cc:2282] Got report from deleted tablet 117cd74bcdab4942901acb0005cdd702 (table default.timeout_tst [id=cdcb3e60c1314776843d856365535d49]) (Replaced by acb401e40e7049fbbfdbeb40474353d9 at 2017-10-31 23:04:52 CST): Sending delete request for this tablet
I1031 23:05:52.678689 5683 catalog_manager.cc:2988] Sending DeleteTablet(TABLET_DATA_DELETED) for tablet 117cd74bcdab4942901acb0005cdd702 on 625f49b9554549e6a5c3a92b76e576cf (c3-kudu-tst-st10.bj:18700) (Replaced by acb401e40e7049fbbfdbeb40474353d9 at 2017-10-31 23:04:52 CST)
I1031 23:05:52.679766 5683 catalog_manager.cc:2282] Got report from deleted tablet 1cebccaea10d49478c004cca39676556 (table default.timeout_tst [id=cdcb3e60c1314776843d856365535d49]) (Replaced by b4e182b626554f3597d5c733c80997e6 at 2017-10-31 23:05:22 CST): Sending delete request for this tablet
I1031 23:05:52.679798 5683 catalog_manager.cc:2988] Sending DeleteTablet(TABLET_DATA_DELETED) for tablet 1cebccaea10d49478c004cca39676556 on 625f49b9554549e6a5c3a92b76e576cf (c3-kudu-tst-st10.bj:18700) (Replaced by b4e182b626554f3597d5c733c80997e6 at 2017-10-31 23:05:22 CST)
I1031 23:05:52.680227 5683 catalog_manager.cc:2282] Got report from deleted tablet 0c2abca80c8f4fdaa788afd6a931df9d (table default.timeout_tst [id=cdcb3e60c1314776843d856365535d49]) (Replaced by db5874009dd84d4892fccdb3316010c2 at 2017-10-31 23:05:22 CST): Sending delete request for this tablet
I1031 23:05:52.680244 5683 catalog_manager.cc:2988] Sending DeleteTablet(TABLET_DATA_DELETED) for tablet 0c2abca80c8f4fdaa788afd6a931df9d on 625f49b9554549e6a5c3a92b76e576cf (c3-kudu-tst-st10.bj:18700) (Replaced by db5874009dd84d4892fccdb3316010c2 at 2017-10-31 23:05:22 CST)
I1031 23:05:52.680274 5683 catalog_manager.cc:2282] Got report from deleted tablet 0def0264c0db4c438e16c22b23a0b43a (table default.timeout_tst [id=cdcb3e60c1314776843d856365535d49]) (Replaced by 95f15519e52a48edab3b765ae3a8e93d at 2017-10-31 23:05:22 CST): Sending delete request for this tablet
I1031 23:05:52.680294 5683 catalog_manager.cc:2988] Sending DeleteTablet(TABLET_DATA_DELETED) for tablet 0def0264c0db4c438e16c22b23a0b43a on 625f49b9554549e6a5c3a92b76e576cf (c3-kudu-tst-st10.bj:18700) (Replaced by 95f15519e52a48edab3b765ae3a8e93d at 2017-10-31 23:05:22 CST)
I1031 23:05:52.680733 5683 catalog_manager.cc:2282] Got report from deleted tablet 8df4d6c546194972a7c0cfb8bf652384 (table default.timeout_tst [id=cdcb3e60c1314776843d856365535d49]) (Replaced by bb4c891b261b42ef9b983f46cefef6ae at 2017-10-31 23:05:52 CST): Sending delete request for this tablet
I1031 23:05:52.680752 5683 catalog_manager.cc:2988] Sending DeleteTablet(TABLET_DATA_DELETED) for tablet 8df4d6c546194972a7c0cfb8bf652384 on 625f49b9554549e6a5c3a92b76e576cf (c3-kudu-tst-st10.bj:18700) (Replaced by bb4c891b261b42ef9b983f46cefef6ae at 2017-10-31 23:05:52 CST)
I1031 23:05:52.681107 5683 catalog_manager.cc:2282] Got report from deleted tablet d67c8d7da92f4f10b75858f21d80f8c4 (table default.timeout_tst [id=cdcb3e60c1314776843d856365535d49]) (Replaced by 8566e0c79e674a74803cd1a15fec8cb2 at 2017-10-31 23:05:52 CST): Sending delete request for this tablet
I1031 23:05:52.681124 5683 catalog_manager.cc:2988] Sending DeleteTablet(TABLET_DATA_DELETED) for tablet d67c8d7da92f4f10b75858f21d80f8c4 on 625f49b9554549e6a5c3a92b76e576cf (c3-kudu-tst-st10.bj:18700) (Replaced by 8566e0c79e674a74803cd1a15fec8cb2 at 2017-10-31 23:05:52 CST)
I1031 23:05:52.691807 5672 catalog_manager.cc:2988] Sending DeleteTablet(TABLET_DATA_DELETED) for tablet 8df4d6c546194972a7c0cfb8bf652384 on daba39963d4346e1816089fd3a5442b5 (c3-kudu-tst-st09.bj:18700) (Replaced by bb4c891b261b42ef9b983f46cefef6ae at 2017-10-31 23:05:52 CST)
W1031 23:05:52.692193 5672 catalog_manager.cc:2955] TS daba39963d4346e1816089fd3a5442b5 (c3-kudu-tst-st09.bj:18700): delete failed for tablet 8df4d6c546194972a7c0cfb8bf652384 with error code TABLET_NOT_RUNNING: Illegal state: State transition of tablet 8df4d6c546194972a7c0cfb8bf652384 already in progress: creating tablet
I1031 23:05:52.692216 5672 catalog_manager.cc:2752] Scheduling retry of 8df4d6c546194972a7c0cfb8bf652384 Delete Tablet RPC for TS=daba39963d4346e1816089fd3a5442b5 with a delay of 84ms (attempt = 3)...
I1031 23:05:52.703378 5672 catalog_manager.cc:2964] TS 0f53a0d3ef7e44ebb0365c800752d5bd (c3-kudu-tst-st01.bj:18700): tablet 012b21c0f95e4dd594076018fd6fdb7e (table default.timeout_tst [id=cdcb3e60c1314776843d856365535d49]) successfully deleted
I1031 23:05:52.709708 5673 catalog_manager.cc:2988] Sending DeleteTablet(TABLET_DATA_DELETED) for tablet 8df4d6c546194972a7c0cfb8bf652384 on 625f49b9554549e6a5c3a92b76e576cf (c3-kudu-tst-st10.bj:18700) (Replaced by bb4c891b261b42ef9b983f46cefef6ae at 2017-10-31 23:05:52 CST)
W1031 23:05:52.709956 5673 catalog_manager.cc:2955] TS 625f49b9554549e6a5c3a92b76e576cf (c3-kudu-tst-st10.bj:18700): delete failed for tablet 8df4d6c546194972a7c0cfb8bf652384 with error code TABLET_NOT_RUNNING: Illegal state: State transition of tablet 8df4d6c546194972a7c0cfb8bf652384 already in progress: deleting tablet
I1031 23:05:52.709986 5673 catalog_manager.cc:2752] Scheduling retry of 8df4d6c546194972a7c0cfb8bf652384 Delete Tablet RPC for TS=625f49b9554549e6a5c3a92b76e576cf with a delay of 143ms (attempt = 4)...
I1031 23:05:52.714943 5674 catalog_manager.cc:2988] Sending DeleteTablet(TABLET_DATA_DELETED) for tablet 8df4d6c546194972a7c0cfb8bf652384 on 193181be29284287b25df2ee92938f0b (c3-kudu-tst-st08.bj:18700) (Replaced by bb4c891b261b42ef9b983f46cefef6ae at 2017-10-31 23:05:52 CST)
W1031 23:05:52.715248 5674 catalog_manager.cc:2955] TS 193181be29284287b25df2ee92938f0b (c3-kudu-tst-st08.bj:18700): delete failed for tablet 8df4d6c546194972a7c0cfb8bf652384 with error code TABLET_NOT_RUNNING: Illegal state: State transition of tablet 8df4d6c546194972a7c0cfb8bf652384 already in progress: creating tablet
I1031 23:05:52.715272 5674 catalog_manager.cc:2752] Scheduling retry of 8df4d6c546194972a7c0cfb8bf652384 Delete Tablet RPC for TS=193181be29284287b25df2ee92938f0b with a delay of 140ms (attempt = 4)...
I1031 23:05:52.715654 5675 catalog_manager.cc:2988] Sending DeleteTablet(TABLET_DATA_DELETED) for tablet f2af422919fd4560bd6441509a68d64b on 23f962e4a1744381ad5fa0d2d8b10241 (c3-kudu-tst-st07.bj:18700) (Replaced by a17da97943904920814af1508905ecfc at 2017-10-31 23:05:52 CST)
W1031 23:05:52.715915 5675 catalog_manager.cc:2955] TS 23f962e4a1744381ad5fa0d2d8b10241 (c3-kudu-tst-st07.bj:18700): delete failed for tablet f2af422919fd4560bd6441509a68d64b with error code TABLET_NOT_RUNNING: Illegal state: State transition of tablet f2af422919fd4560bd6441509a68d64b already in progress: creating tablet
I1031 23:05:52.715934 5675 catalog_manager.cc:2752] Scheduling retry of f2af422919fd4560bd6441509a68d64b Delete Tablet RPC for TS=23f962e4a1744381ad5fa0d2d8b10241 with a delay of 170ms (attempt = 4)...
I1031 23:05:52.727084 5675 catalog_manager.cc:2988] Sending DeleteTablet(TABLET_DATA_DELETED) for tablet d67c8d7da92f4f10b75858f21d80f8c4 on 23f962e4a1744381ad5fa0d2d8b10241 (c3-kudu-tst-st07.bj:18700) (Replaced by 8566e0c79e674a74803cd1a15fec8cb2 at 2017-10-31 23:05:52 CST)
W1031 23:05:52.727324 5675 catalog_manager.cc:2955] TS 23f962e4a1744381ad5fa0d2d8b10241 (c3-kudu-tst-st07.bj:18700): delete failed for tablet d67c8d7da92f4f10b75858f21d80f8c4 with error code TABLET_NOT_RUNNING: Illegal state: State transition of tablet d67c8d7da92f4f10b75858f21d80f8c4 already in progress: creating tablet
I1031 23:05:52.727337 5675 catalog_manager.cc:2752] Scheduling retry of d67c8d7da92f4f10b75858f21d80f8c4 Delete Tablet RPC for TS=23f962e4a1744381ad5fa0d2d8b10241 with a delay of 163ms (attempt = 4)...
I1031 23:05:52.735134 5673 catalog_manager.cc:2988] Sending DeleteTablet(TABLET_DATA_DELETED) for tablet 012b21c0f95e4dd594076018fd6fdb7e on 625f49b9554549e6a5c3a92b76e576cf (c3-kudu-tst-st10.bj:18700) (Replaced by ae7fa26c77054ef1b98d5e0f4e6940d6 at 2017-10-31 23:05:52 CST)
W1031 23:05:52.735375 5673 catalog_manager.cc:2955] TS 625f49b9554549e6a5c3a92b76e576cf (c3-kudu-tst-st10.bj:18700): delete failed for tablet 012b21c0f95e4dd594076018fd6fdb7e with error code TABLET_NOT_RUNNING: Illegal state: State transition of tablet 012b21c0f95e4dd594076018fd6fdb7e already in progress: deleting tablet
I1031 23:05:52.735391 5673 catalog_manager.cc:2752] Scheduling retry of 012b21c0f95e4dd594076018fd6fdb7e Delete Tablet RPC for TS=625f49b9554549e6a5c3a92b76e576cf with a delay of 162ms (attempt = 4)...
I1031 23:05:52.746492 5674 catalog_manager.cc:2988] Sending DeleteTablet(TABLET_DATA_DELETED) for tablet d67c8d7da92f4f10b75858f21d80f8c4 on d3eb30bd1bc34b95902fa61724239553 (c3-kudu-tst-st05.bj:18700) (Replaced by 8566e0c79e674a74803cd1a15fec8cb2 at 2017-10-31 23:05:52 CST)
W1031 23:05:52.746868 5674 catalog_manager.cc:2955] TS d3eb30bd1bc34b95902fa61724239553 (c3-kudu-tst-st05.bj:18700): delete failed for tablet d67c8d7da92f4f10b75858f21d80f8c4 with error code TABLET_NOT_RUNNING: Illegal state: State transition of tablet d67c8d7da92f4f10b75858f21d80f8c4 already in progress: creating tablet
I1031 23:05:52.746891 5674 catalog_manager.cc:2752] Scheduling retry of d67c8d7da92f4f10b75858f21d80f8c4 Delete Tablet RPC for TS=d3eb30bd1bc34b95902fa61724239553 with a delay of 131ms (attempt = 4)...
I1031 23:05:52.755404 5673 catalog_manager.cc:2988] Sending DeleteTablet(TABLET_DATA_DELETED) for tablet d67c8d7da92f4f10b75858f21d80f8c4 on 625f49b9554549e6a5c3a92b76e576cf (c3-kudu-tst-st10.bj:18700) (Replaced by 8566e0c79e674a74803cd1a15fec8cb2 at 2017-10-31 23:05:52 CST)
W1031 23:05:52.755760 5673 catalog_manager.cc:2955] TS 625f49b9554549e6a5c3a92b76e576cf (c3-kudu-tst-st10.bj:18700): delete failed for tablet d67c8d7da92f4f10b75858f21d80f8c4 with error code TABLET_NOT_RUNNING: Illegal state: State transition of tablet d67c8d7da92f4f10b75858f21d80f8c4 already in progress: deleting tablet
I1031 23:05:52.755779 5673 catalog_manager.cc:2752] Scheduling retry of d67c8d7da92f4f10b75858f21d80f8c4 Delete Tablet RPC for TS=625f49b9554549e6a5c3a92b76e576cf with a delay of 138ms (attempt = 4)...
I1031 23:05:52.764930 5675 catalog_manager.cc:2988] Sending DeleteTablet(TABLET_DATA_DELETED) for tablet 012b21c0f95e4dd594076018fd6fdb7e on 23f962e4a1744381ad5fa0d2d8b10241 (c3-kudu-tst-st07.bj:18700) (Replaced by ae7fa26c77054ef1b98d5e0f4e6940d6 at 2017-10-31 23:05:52 CST)
I1031 23:05:52.765089 5674 catalog_manager.cc:2988] Sending DeleteTablet(TABLET_DATA_DELETED) for tablet f2af422919fd4560bd6441509a68d64b on 193181be29284287b25df2ee92938f0b (c3-kudu-tst-st08.bj:18700) (Replaced by a17da97943904920814af1508905ecfc at 2017-10-31 23:05:52 CST)
W1031 23:05:52.765141 5675 catalog_manager.cc:2955] TS 23f962e4a1744381ad5fa0d2d8b10241 (c3-kudu-tst-st07.bj:18700): delete failed for tablet 012b21c0f95e4dd594076018fd6fdb7e with error code TABLET_NOT_RUNNING: Illegal state: State transition of tablet 012b21c0f95e4dd594076018fd6fdb7e already in progress: creating tablet
I1031 23:05:52.765156 5675 catalog_manager.cc:2752] Scheduling retry of 012b21c0f95e4dd594076018fd6fdb7e Delete Tablet RPC for TS=23f962e4a1744381ad5fa0d2d8b10241 with a delay of 147ms (attempt = 4)...
W1031 23:05:52.765450 5674 catalog_manager.cc:2955] TS 193181be29284287b25df2ee92938f0b (c3-kudu-tst-st08.bj:18700): delete failed for tablet f2af422919fd4560bd6441509a68d64b with error code TABLET_NOT_RUNNING: Illegal state: State transition of tablet f2af422919fd4560bd6441509a68d64b already in progress: creating tablet
I1031 23:05:52.765493 5674 catalog_manager.cc:2752] Scheduling retry of f2af422919fd4560bd6441509a68d64b Delete Tablet RPC for TS=193181be29284287b25df2ee92938f0b with a delay of 132ms (attempt = 4)...
I1031 23:05:52.776710 5672 catalog_manager.cc:2988] Sending DeleteTablet(TABLET_DATA_DELETED) for tablet 8df4d6c546194972a7c0cfb8bf652384 on daba39963d4346e1816089fd3a5442b5 (c3-kudu-tst-st09.bj:18700) (Replaced by bb4c891b261b42ef9b983f46cefef6ae at 2017-10-31 23:05:52 CST)
W1031 23:05:52.777127 5672 catalog_manager.cc:2955] TS daba39963d4346e1816089fd3a5442b5 (c3-kudu-tst-st09.bj:18700): delete failed for tablet 8df4d6c546194972a7c0cfb8bf652384 with error code TABLET_NOT_RUNNING: Illegal state: State transition of tablet 8df4d6c546194972a7c0cfb8bf652384 already in progress: creating tablet
I1031 23:05:52.777150 5672 catalog_manager.cc:2752] Scheduling retry of 8df4d6c546194972a7c0cfb8bf652384 Delete Tablet RPC for TS=daba39963d4346e1816089fd3a5442b5 with a delay of 163ms (attempt = 4)...
I1031 23:05:52.853632 5673 catalog_manager.cc:2988] Sending DeleteTablet(TABLET_DATA_DELETED) for tablet 8df4d6c546194972a7c0cfb8bf652384 on 625f49b9554549e6a5c3a92b76e576cf (c3-kudu-tst-st10.bj:18700) (Replaced by bb4c891b261b42ef9b983f46cefef6ae at 2017-10-31 23:05:52 CST)
W1031 23:05:52.854023 5673 catalog_manager.cc:2955] TS 625f49b9554549e6a5c3a92b76e576cf (c3-kudu-tst-st10.bj:18700): delete failed for tablet 8df4d6c546194972a7c0cfb8bf652384 with error code TABLET_NOT_RUNNING: Illegal state: State transition of tablet 8df4d6c546194972a7c0cfb8bf652384 already in progress: deleting tablet
I1031 23:05:52.854046 5673 catalog_manager.cc:2752] Scheduling retry of 8df4d6c546194972a7c0cfb8bf652384 Delete Tablet RPC for TS=625f49b9554549e6a5c3a92b76e576cf with a delay of 269ms (attempt = 5)...
I1031 23:05:52.855825 5674 catalog_manager.cc:2988] Sending DeleteTablet(TABLET_DATA_DELETED) for tablet 8df4d6c546194972a7c0cfb8bf652384 on 193181be29284287b25df2ee92938f0b (c3-kudu-tst-st08.bj:18700) (Replaced by bb4c891b261b42ef9b983f46cefef6ae at 2017-10-31 23:05:52 CST)
W1031 23:05:52.856112 5674 catalog_manager.cc:2955] TS 193181be29284287b25df2ee92938f0b (c3-kudu-tst-st08.bj:18700): delete failed for tablet 8df4d6c546194972a7c0cfb8bf652384 with error code TABLET_NOT_RUNNING: Illegal state: State transition of tablet 8df4d6c546194972a7c0cfb8bf652384 already in progress: creating tablet
I1031 23:05:52.856143 5674 catalog_manager.cc:2752] Scheduling retry of 8df4d6c546194972a7c0cfb8bf652384 Delete Tablet RPC for TS=193181be29284287b25df2ee92938f0b with a delay of 293ms (attempt = 5)...
I1031 23:05:52.878898 5674 catalog_manager.cc:2988] Sending DeleteTablet(TABLET_DATA_DELETED) for tablet d67c8d7da92f4f10b75858f21d80f8c4 on d3eb30bd1bc34b95902fa61724239553 (c3-kudu-tst-st05.bj:18700) (Replaced by 8566e0c79e674a74803cd1a15fec8cb2 at 2017-10-31 23:05:52 CST)
W1031 23:05:52.879256 5674 catalog_manager.cc:2955] TS d3eb30bd1bc34b95902fa61724239553 (c3-kudu-tst-st05.bj:18700): delete failed for tablet d67c8d7da92f4f10b75858f21d80f8c4 with error code TABLET_NOT_RUNNING: Illegal state: State transition of tablet d67c8d7da92f4f10b75858f21d80f8c4 already in progress: creating tablet
I1031 23:05:52.879278 5674 catalog_manager.cc:2752] Scheduling retry of d67c8d7da92f4f10b75858f21d80f8c4 Delete Tablet RPC for TS=d3eb30bd1bc34b95902fa61724239553 with a delay of 276ms (attempt = 5)...
I1031 23:05:52.886793 5675 catalog_manager.cc:2988] Sending DeleteTablet(TABLET_DATA_DELETED) for tablet f2af422919fd4560bd6441509a68d64b on 23f962e4a1744381ad5fa0d2d8b10241 (c3-kudu-tst-st07.bj:18700) (Replaced by a17da97943904920814af1508905ecfc at 2017-10-31 23:05:52 CST)
W1031 23:05:52.887122 5675 catalog_manager.cc:2955] TS 23f962e4a1744381ad5fa0d2d8b10241 (c3-kudu-tst-st07.bj:18700): delete failed for tablet f2af422919fd4560bd6441509a68d64b with error code TABLET_NOT_RUNNING: Illegal state: State transition of tablet f2af422919fd4560bd6441509a68d64b already in progress: creating tablet
I1031 23:05:52.887145 5675 catalog_manager.cc:2752] Scheduling retry of f2af422919fd4560bd6441509a68d64b Delete Tablet RPC for TS=23f962e4a1744381ad5fa0d2d8b10241 with a delay of 269ms (attempt = 5)...
I1031 23:05:52.891312 5675 catalog_manager.cc:2988] Sending DeleteTablet(TABLET_DATA_DELETED) for tablet d67c8d7da92f4f10b75858f21d80f8c4 on 23f962e4a1744381ad5fa0d2d8b10241 (c3-kudu-tst-st07.bj:18700) (Replaced by 8566e0c79e674a74803cd1a15fec8cb2 at 2017-10-31 23:05:52 CST)
W1031 23:05:52.891660 5675 catalog_manager.cc:2955] TS 23f962e4a1744381ad5fa0d2d8b10241 (c3-kudu-tst-st07.bj:18700): delete failed for tablet d67c8d7da92f4f10b75858f21d80f8c4 with error code TABLET_NOT_RUNNING: Illegal state: State transition of tablet d67c8d7da92f4f10b75858f21d80f8c4 already in progress: creating tablet
I1031 23:05:52.891679 5675 catalog_manager.cc:2752] Scheduling retry of d67c8d7da92f4f10b75858f21d80f8c4 Delete Tablet RPC for TS=23f962e4a1744381ad5fa0d2d8b10241 with a delay of 305ms (attempt = 5)...
I1031 23:05:52.894191 5673 catalog_manager.cc:2988] Sending DeleteTablet(TABLET_DATA_DELETED) for tablet d67c8d7da92f4f10b75858f21d80f8c4 on 625f49b9554549e6a5c3a92b76e576cf (c3-kudu-tst-st10.bj:18700) (Replaced by 8566e0c79e674a74803cd1a15fec8cb2 at 2017-10-31 23:05:52 CST)
W1031 23:05:52.894486 5673 catalog_manager.cc:2955] TS 625f49b9554549e6a5c3a92b76e576cf (c3-kudu-tst-st10.bj:18700): delete failed for tablet d67c8d7da92f4f10b75858f21d80f8c4 with error code TABLET_NOT_RUNNING: Illegal state: State transition of tablet d67c8d7da92f4f10b75858f21d80f8c4 already in progress: deleting tablet
I1031 23:05:52.894501 5673 catalog_manager.cc:2752] Scheduling retry of d67c8d7da92f4f10b75858f21d80f8c4 Delete Tablet RPC for TS=625f49b9554549e6a5c3a92b76e576cf with a delay of 268ms (attempt = 5)...
I1031 23:05:52.897637 5673 catalog_manager.cc:2988] Sending DeleteTablet(TABLET_DATA_DELETED) for tablet 012b21c0f95e4dd594076018fd6fdb7e on 625f49b9554549e6a5c3a92b76e576cf (c3-kudu-tst-st10.bj:18700) (Replaced by ae7fa26c77054ef1b98d5e0f4e6940d6 at 2017-10-31 23:05:52 CST)
W1031 23:05:52.897881 5673 catalog_manager.cc:2955] TS 625f49b9554549e6a5c3a92b76e576cf (c3-kudu-tst-st10.bj:18700): delete failed for tablet 012b21c0f95e4dd594076018fd6fdb7e with error code TABLET_NOT_RUNNING: Illegal state: State transition of tablet 012b21c0f95e4dd594076018fd6fdb7e already in progress: deleting tablet
I1031 23:05:52.897895 5673 catalog_manager.cc:2752] Scheduling retry of 012b21c0f95e4dd594076018fd6fdb7e Delete Tablet RPC for TS=625f49b9554549e6a5c3a92b76e576cf with a delay of 280ms (attempt = 5)...
I1031 23:05:52.898453 5674 catalog_manager.cc:2988] Sending DeleteTablet(TABLET_DATA_DELETED) for tablet f2af422919fd4560bd6441509a68d64b on 193181be29284287b25df2ee92938f0b (c3-kudu-tst-st08.bj:18700) (Replaced by a17da97943904920814af1508905ecfc at 2017-10-31 23:05:52 CST)
W1031 23:05:52.898773 5674 catalog_manager.cc:2955] TS 193181be29284287b25df2ee92938f0b (c3-kudu-tst-st08.bj:18700): delete failed for tablet f2af422919fd4560bd6441509a68d64b with error code TABLET_NOT_RUNNING: Illegal state: State transition of tablet f2af422919fd4560bd6441509a68d64b already in progress: creating tablet
I1031 23:05:52.898799 5674 catalog_manager.cc:2752] Scheduling retry of f2af422919fd4560bd6441509a68d64b Delete Tablet RPC for TS=193181be29284287b25df2ee92938f0b with a delay of 263ms (attempt = 5)...
I1031 23:05:52.912860 5675 catalog_manager.cc:2988] Sending DeleteTablet(TABLET_DATA_DELETED) for tablet 012b21c0f95e4dd594076018fd6fdb7e on 23f962e4a1744381ad5fa0d2d8b10241 (c3-kudu-tst-st07.bj:18700) (Replaced by ae7fa26c77054ef1b98d5e0f4e6940d6 at 2017-10-31 23:05:52 CST)
W1031 23:05:52.913152 5675 catalog_manager.cc:2955] TS 23f962e4a1744381ad5fa0d2d8b10241 (c3-kudu-tst-st07.bj:18700): delete failed for tablet 012b21c0f95e4dd594076018fd6fdb7e with error code TABLET_NOT_RUNNING: Illegal state: State transition of tablet 012b21c0f95e4dd594076018fd6fdb7e already in progress: creating tablet
I1031 23:05:52.913170 5675 catalog_manager.cc:2752] Scheduling retry of 012b21c0f95e4dd594076018fd6fdb7e Delete Tablet RPC for TS=23f962e4a1744381ad5fa0d2d8b10241 with a delay of 288ms (attempt = 5)...
I1031 23:05:52.940618 5672 catalog_manager.cc:2988] Sending DeleteTablet(TABLET_DATA_DELETED) for tablet 8df4d6c546194972a7c0cfb8bf652384 on daba39963d4346e1816089fd3a5442b5 (c3-kudu-tst-st09.bj:18700) (Replaced by bb4c891b261b42ef9b983f46cefef6ae at 2017-10-31 23:05:52 CST)
W1031 23:05:52.941011 5672 catalog_manager.cc:2955] TS daba39963d4346e1816089fd3a5442b5 (c3-kudu-tst-st09.bj:18700): delete failed for tablet 8df4d6c546194972a7c0cfb8bf652384 with error code TABLET_NOT_RUNNING: Illegal state: State transition of tablet 8df4d6c546194972a7c0cfb8bf652384 already in progress: creating tablet
I1031 23:05:52.941042 5672 catalog_manager.cc:2752] Scheduling retry of 8df4d6c546194972a7c0cfb8bf652384 Delete Tablet RPC for TS=daba39963d4346e1816089fd3a5442b5 with a delay of 258ms (attempt = 5)...
I1031 23:05:53.123216 5673 catalog_manager.cc:2988] Sending DeleteTablet(TABLET_DATA_DELETED) for tablet 8df4d6c546194972a7c0cfb8bf652384 on 625f49b9554549e6a5c3a92b76e576cf (c3-kudu-tst-st10.bj:18700) (Replaced by bb4c891b261b42ef9b983f46cefef6ae at 2017-10-31 23:05:52 CST)
W1031 23:05:53.123522 5673 catalog_manager.cc:2955] TS 625f49b9554549e6a5c3a92b76e576cf (c3-kudu-tst-st10.bj:18700): delete failed for tablet 8df4d6c546194972a7c0cfb8bf652384 with error code TABLET_NOT_RUNNING: Illegal state: State transition of tablet 8df4d6c546194972a7c0cfb8bf652384 already in progress: deleting tablet
I1031 23:05:53.123553 5673 catalog_manager.cc:2752] Scheduling retry of 8df4d6c546194972a7c0cfb8bf652384 Delete Tablet RPC for TS=625f49b9554549e6a5c3a92b76e576cf with a delay of 518ms (attempt = 6)...
I1031 23:05:53.137581 5683 catalog_manager.cc:2414] T ae7fa26c77054ef1b98d5e0f4e6940d6 reported consensus state change: term changed from 0 to 1, leader changed from to 625f49b9554549e6a5c3a92b76e576cf (c3-kudu-tst-st10.bj). New consensus state: current_term: 1 leader_uuid: "625f49b9554549e6a5c3a92b76e576cf" config { opid_index: -1 OBSOLETE_local: false peers { permanent_uuid: "193181be29284287b25df2ee92938f0b" member_type: VOTER last_known_addr { host: "c3-kudu-tst-st08.bj" port: 18700 } } peers { permanent_uuid: "044f1da9a27c46acb82b1386f829f4dc" member_type: VOTER last_known_addr { host: "c3-kudu-tst-st03.bj" port: 18700 } } peers { permanent_uuid: "625f49b9554549e6a5c3a92b76e576cf" member_type: VOTER last_known_addr { host: "c3-kudu-tst-st10.bj" port: 18700 } } }
I1031 23:05:53.149505 5674 catalog_manager.cc:2988] Sending DeleteTablet(TABLET_DATA_DELETED) for tablet 8df4d6c546194972a7c0cfb8bf652384 on 193181be29284287b25df2ee92938f0b (c3-kudu-tst-st08.bj:18700) (Replaced by bb4c891b261b42ef9b983f46cefef6ae at 2017-10-31 23:05:52 CST)
W1031 23:05:53.149899 5674 catalog_manager.cc:2955] TS 193181be29284287b25df2ee92938f0b (c3-kudu-tst-st08.bj:18700): delete failed for tablet 8df4d6c546194972a7c0cfb8bf652384 with error code TABLET_NOT_RUNNING: Illegal state: State transition of tablet 8df4d6c546194972a7c0cfb8bf652384 already in progress: creating tablet
I1031 23:05:53.149932 5674 catalog_manager.cc:2752] Scheduling retry of 8df4d6c546194972a7c0cfb8bf652384 Delete Tablet RPC for TS=193181be29284287b25df2ee92938f0b with a delay of 529ms (attempt = 6)...
I1031 23:05:53.156128 5674 catalog_manager.cc:2988] Sending DeleteTablet(TABLET_DATA_DELETED) for tablet d67c8d7da92f4f10b75858f21d80f8c4 on d3eb30bd1bc34b95902fa61724239553 (c3-kudu-tst-st05.bj:18700) (Replaced by 8566e0c79e674a74803cd1a15fec8cb2 at 2017-10-31 23:05:52 CST)
W1031 23:05:53.156472 5674 catalog_manager.cc:2955] TS d3eb30bd1bc34b95902fa61724239553 (c3-kudu-tst-st05.bj:18700): delete failed for tablet d67c8d7da92f4f10b75858f21d80f8c4 with error code TABLET_NOT_RUNNING: Illegal state: State transition of tablet d67c8d7da92f4f10b75858f21d80f8c4 already in progress: creating tablet
I1031 23:05:53.156497 5674 catalog_manager.cc:2752] Scheduling retry of d67c8d7da92f4f10b75858f21d80f8c4 Delete Tablet RPC for TS=d3eb30bd1bc34b95902fa61724239553 with a delay of 547ms (attempt = 6)...
I1031 23:05:53.156926 5675 catalog_manager.cc:2988] Sending DeleteTablet(TABLET_DATA_DELETED) for tablet f2af422919fd4560bd6441509a68d64b on 23f962e4a1744381ad5fa0d2d8b10241 (c3-kudu-tst-st07.bj:18700) (Replaced by a17da97943904920814af1508905ecfc at 2017-10-31 23:05:52 CST)
W1031 23:05:53.157268 5675 catalog_manager.cc:2955] TS 23f962e4a1744381ad5fa0d2d8b10241 (c3-kudu-tst-st07.bj:18700): delete failed for tablet f2af422919fd4560bd6441509a68d64b with error code TABLET_NOT_RUNNING: Illegal state: State transition of tablet f2af422919fd4560bd6441509a68d64b already in progress: creating tablet
I1031 23:05:53.157289 5675 catalog_manager.cc:2752] Scheduling retry of f2af422919fd4560bd6441509a68d64b Delete Tablet RPC for TS=23f962e4a1744381ad5fa0d2d8b10241 with a delay of 534ms (attempt = 6)...
I1031 23:05:53.162657 5674 catalog_manager.cc:2988] Sending DeleteTablet(TABLET_DATA_DELETED) for tablet f2af422919fd4560bd6441509a68d64b on 193181be29284287b25df2ee92938f0b (c3-kudu-tst-st08.bj:18700) (Replaced by a17da97943904920814af1508905ecfc at 2017-10-31 23:05:52 CST)
W1031 23:05:53.162961 5674 catalog_manager.cc:2955] TS 193181be29284287b25df2ee92938f0b (c3-kudu-tst-st08.bj:18700): delete failed for tablet f2af422919fd4560bd6441509a68d64b with error code TABLET_NOT_RUNNING: Illegal state: State transition of tablet f2af422919fd4560bd6441509a68d64b already in progress: creating tablet
I1031 23:05:53.162994 5674 catalog_manager.cc:2752] Scheduling retry of f2af422919fd4560bd6441509a68d64b Delete Tablet RPC for TS=193181be29284287b25df2ee92938f0b with a delay of 548ms (attempt = 6)...
I1031 23:05:53.163316 5673 catalog_manager.cc:2988] Sending DeleteTablet(TABLET_DATA_DELETED) for tablet d67c8d7da92f4f10b75858f21d80f8c4 on 625f49b9554549e6a5c3a92b76e576cf (c3-kudu-tst-st10.bj:18700) (Replaced by 8566e0c79e674a74803cd1a15fec8cb2 at 2017-10-31 23:05:52 CST)
W1031 23:05:53.163600 5673 catalog_manager.cc:2955] TS 625f49b9554549e6a5c3a92b76e576cf (c3-kudu-tst-st10.bj:18700): delete failed for tablet d67c8d7da92f4f10b75858f21d80f8c4 with error code TABLET_NOT_RUNNING: Illegal state: State transition of tablet d67c8d7da92f4f10b75858f21d80f8c4 already in progress: deleting tablet
I1031 23:05:53.163622 5673 catalog_manager.cc:2752] Scheduling retry of d67c8d7da92f4f10b75858f21d80f8c4 Delete Tablet RPC for TS=625f49b9554549e6a5c3a92b76e576cf with a delay of 543ms (attempt = 6)...
I1031 23:05:53.178522 5661 tablet.cc:911] T 00000000000000000000000000000000 P de39c515460944c48e021fd11a48acf8: Flush: entering stage 1 (old memrowset already frozen for inserts)
I1031 23:05:53.178539 5661 compaction.cc:877] Selected 1 rowsets to compact:
I1031 23:05:53.178550 5661 compaction.cc:880] memrowset(current size on disk: ~0 bytes)
I1031 23:05:53.178562 5661 tablet.cc:913] T 00000000000000000000000000000000 P de39c515460944c48e021fd11a48acf8: Memstore in-memory size: 63511 bytes
I1031 23:05:53.178582 5661 tablet.cc:1174] T 00000000000000000000000000000000 P de39c515460944c48e021fd11a48acf8: Flush: entering phase 1 (flushing snapshot). Phase 1 snapshot: MvccSnapshot[committed={T|T < 6182757798452219904 or (T in {6182757798452219904})}]
I1031 23:05:53.178664 5661 multi_column_writer.cc:85] Opened CFile writer for column entry_type[int8 NOT NULL]
I1031 23:05:53.178710 5661 multi_column_writer.cc:85] Opened CFile writer for column entry_id[string NOT NULL]
I1031 23:05:53.178762 5661 multi_column_writer.cc:85] Opened CFile writer for column metadata[string NOT NULL]
I1031 23:05:53.178766 5673 catalog_manager.cc:2988] Sending DeleteTablet(TABLET_DATA_DELETED) for tablet 012b21c0f95e4dd594076018fd6fdb7e on 625f49b9554549e6a5c3a92b76e576cf (c3-kudu-tst-st10.bj:18700) (Replaced by ae7fa26c77054ef1b98d5e0f4e6940d6 at 2017-10-31 23:05:52 CST)
W1031 23:05:53.179080 5673 catalog_manager.cc:2955] TS 625f49b9554549e6a5c3a92b76e576cf (c3-kudu-tst-st10.bj:18700): delete failed for tablet 012b21c0f95e4dd594076018fd6fdb7e with error code TABLET_NOT_RUNNING: Illegal state: State transition of tablet 012b21c0f95e4dd594076018fd6fdb7e already in progress: deleting tablet
I1031 23:05:53.179100 5673 catalog_manager.cc:2752] Scheduling retry of 012b21c0f95e4dd594076018fd6fdb7e Delete Tablet RPC for TS=625f49b9554549e6a5c3a92b76e576cf with a delay of 526ms (attempt = 6)...
I1031 23:05:53.197434 5675 catalog_manager.cc:2988] Sending DeleteTablet(TABLET_DATA_DELETED) for tablet d67c8d7da92f4f10b75858f21d80f8c4 on 23f962e4a1744381ad5fa0d2d8b10241 (c3-kudu-tst-st07.bj:18700) (Replaced by 8566e0c79e674a74803cd1a15fec8cb2 at 2017-10-31 23:05:52 CST)
W1031 23:05:53.197782 5675 catalog_manager.cc:2955] TS 23f962e4a1744381ad5fa0d2d8b10241 (c3-kudu-tst-st07.bj:18700): delete failed for tablet d67c8d7da92f4f10b75858f21d80f8c4 with error code TABLET_NOT_RUNNING: Illegal state: State transition of tablet d67c8d7da92f4f10b75858f21d80f8c4 already in progress: creating tablet
I1031 23:05:53.197801 5675 catalog_manager.cc:2752] Scheduling retry of d67c8d7da92f4f10b75858f21d80f8c4 Delete Tablet RPC for TS=23f962e4a1744381ad5fa0d2d8b10241 with a delay of 518ms (attempt = 6)...
I1031 23:05:53.200026 5672 catalog_manager.cc:2988] Sending DeleteTablet(TABLET_DATA_DELETED) for tablet 8df4d6c546194972a7c0cfb8bf652384 on daba39963d4346e1816089fd3a5442b5 (c3-kudu-tst-st09.bj:18700) (Replaced by bb4c891b261b42ef9b983f46cefef6ae at 2017-10-31 23:05:52 CST)
I1031 23:05:53.200314 5683 catalog_manager.cc:2414] T a17da97943904920814af1508905ecfc reported consensus state change: term changed from 0 to 1, leader changed from to 0a8bbcbbb5a6459aa5258464755db3bb (c3-kudu-tst-st02.bj). New consensus state: current_term: 1 leader_uuid: "0a8bbcbbb5a6459aa5258464755db3bb" config { opid_index: -1 OBSOLETE_local: false peers { permanent_uuid: "193181be29284287b25df2ee92938f0b" member_type: VOTER last_known_addr { host: "c3-kudu-tst-st08.bj" port: 18700 } } peers { permanent_uuid: "0a8bbcbbb5a6459aa5258464755db3bb" member_type: VOTER last_known_addr { host: "c3-kudu-tst-st02.bj" port: 18700 } } peers { permanent_uuid: "044f1da9a27c46acb82b1386f829f4dc" member_type: VOTER last_known_addr { host: "c3-kudu-tst-st03.bj" port: 18700 } } }
W1031 23:05:53.200398 5672 catalog_manager.cc:2955] TS daba39963d4346e1816089fd3a5442b5 (c3-kudu-tst-st09.bj:18700): delete failed for tablet 8df4d6c546194972a7c0cfb8bf652384 with error code TABLET_NOT_RUNNING: Illegal state: State transition of tablet 8df4d6c546194972a7c0cfb8bf652384 already in progress: creating tablet
I1031 23:05:53.200430 5672 catalog_manager.cc:2752] Scheduling retry of 8df4d6c546194972a7c0cfb8bf652384 Delete Tablet RPC for TS=daba39963d4346e1816089fd3a5442b5 with a delay of 532ms (attempt = 6)...
I1031 23:05:53.201943 5675 catalog_manager.cc:2988] Sending DeleteTablet(TABLET_DATA_DELETED) for tablet 012b21c0f95e4dd594076018fd6fdb7e on 23f962e4a1744381ad5fa0d2d8b10241 (c3-kudu-tst-st07.bj:18700) (Replaced by ae7fa26c77054ef1b98d5e0f4e6940d6 at 2017-10-31 23:05:52 CST)
W1031 23:05:53.202172 5675 catalog_manager.cc:2955] TS 23f962e4a1744381ad5fa0d2d8b10241 (c3-kudu-tst-st07.bj:18700): delete failed for tablet 012b21c0f95e4dd594076018fd6fdb7e with error code TABLET_NOT_RUNNING: Illegal state: State transition of tablet 012b21c0f95e4dd594076018fd6fdb7e already in progress: creating tablet
I1031 23:05:53.202193 5675 catalog_manager.cc:2752] Scheduling retry of 012b21c0f95e4dd594076018fd6fdb7e Delete Tablet RPC for TS=23f962e4a1744381ad5fa0d2d8b10241 with a delay of 512ms (attempt = 6)...
I1031 23:05:53.388733 5661 tablet.cc:1259] T 00000000000000000000000000000000 P de39c515460944c48e021fd11a48acf8: Flush: entering phase 2 (starting to duplicate updates in new rowsets)
I1031 23:05:53.389632 5661 tablet.cc:1314] T 00000000000000000000000000000000 P de39c515460944c48e021fd11a48acf8: Flush Phase 2: carrying over any updates which arrived during Phase 1
I1031 23:05:53.389652 5661 tablet.cc:1316] T 00000000000000000000000000000000 P de39c515460944c48e021fd11a48acf8: Phase 2 snapshot: MvccSnapshot[committed={T|T < 6182757798709035008 or (T in {6182757798709035008})}]
I1031 23:05:53.389736 5661 delta_tracker.cc:686] T 00000000000000000000000000000000 P de39c515460944c48e021fd11a48acf8: Flushing 1 deltas from DMS 0...
I1031 23:05:53.434130 5661 delta_tracker.cc:628] T 00000000000000000000000000000000 P de39c515460944c48e021fd11a48acf8: Flushed delta block: 0000000000011530 ts range: [6182757798709035008, 6182757798709035008]
I1031 23:05:53.434157 5661 delta_tracker.cc:641] T 00000000000000000000000000000000 P de39c515460944c48e021fd11a48acf8: Reopened delta block for read: 0000000000011530
I1031 23:05:53.557201 5673 catalog_manager.cc:2964] TS 625f49b9554549e6a5c3a92b76e576cf (c3-kudu-tst-st10.bj:18700): tablet 1cebccaea10d49478c004cca39676556 (table default.timeout_tst [id=cdcb3e60c1314776843d856365535d49]) successfully deleted
I1031 23:05:53.557257 5673 catalog_manager.cc:2964] TS 625f49b9554549e6a5c3a92b76e576cf (c3-kudu-tst-st10.bj:18700): tablet 812b248175004ae8992ff2660fc9d520 (table default.timeout_tst [id=cdcb3e60c1314776843d856365535d49]) successfully deleted
I1031 23:05:53.642626 5673 catalog_manager.cc:2988] Sending DeleteTablet(TABLET_DATA_DELETED) for tablet 8df4d6c546194972a7c0cfb8bf652384 on 625f49b9554549e6a5c3a92b76e576cf (c3-kudu-tst-st10.bj:18700) (Replaced by bb4c891b261b42ef9b983f46cefef6ae at 2017-10-31 23:05:52 CST)
W1031 23:05:53.642948 5673 catalog_manager.cc:2955] TS 625f49b9554549e6a5c3a92b76e576cf (c3-kudu-tst-st10.bj:18700): delete failed for tablet 8df4d6c546194972a7c0cfb8bf652384 with error code TABLET_NOT_RUNNING: Illegal state: State transition of tablet 8df4d6c546194972a7c0cfb8bf652384 already in progress: deleting tablet
I1031 23:05:53.642971 5673 catalog_manager.cc:2752] Scheduling retry of 8df4d6c546194972a7c0cfb8bf652384 Delete Tablet RPC for TS=625f49b9554549e6a5c3a92b76e576cf with a delay of 1052ms (attempt = 7)...
I1031 23:05:53.680037 5674 catalog_manager.cc:2988] Sending DeleteTablet(TABLET_DATA_DELETED) for tablet 8df4d6c546194972a7c0cfb8bf652384 on 193181be29284287b25df2ee92938f0b (c3-kudu-tst-st08.bj:18700) (Replaced by bb4c891b261b42ef9b983f46cefef6ae at 2017-10-31 23:05:52 CST)
W1031 23:05:53.680418 5674 catalog_manager.cc:2955] TS 193181be29284287b25df2ee92938f0b (c3-kudu-tst-st08.bj:18700): delete failed for tablet 8df4d6c546194972a7c0cfb8bf652384 with error code TABLET_NOT_RUNNING: Illegal state: State transition of tablet 8df4d6c546194972a7c0cfb8bf652384 already in progress: creating tablet
I1031 23:05:53.680441 5674 catalog_manager.cc:2752] Scheduling retry of 8df4d6c546194972a7c0cfb8bf652384 Delete Tablet RPC for TS=193181be29284287b25df2ee92938f0b with a delay of 1062ms (attempt = 7)...
I1031 23:05:53.691509 5675 catalog_manager.cc:2988] Sending DeleteTablet(TABLET_DATA_DELETED) for tablet f2af422919fd4560bd6441509a68d64b on 23f962e4a1744381ad5fa0d2d8b10241 (c3-kudu-tst-st07.bj:18700) (Replaced by a17da97943904920814af1508905ecfc at 2017-10-31 23:05:52 CST)
W1031 23:05:53.691926 5675 catalog_manager.cc:2955] TS 23f962e4a1744381ad5fa0d2d8b10241 (c3-kudu-tst-st07.bj:18700): delete failed for tablet f2af422919fd4560bd6441509a68d64b with error code TABLET_NOT_RUNNING: Illegal state: State transition of tablet f2af422919fd4560bd6441509a68d64b already in progress: creating tablet
I1031 23:05:53.691948 5675 catalog_manager.cc:2752] Scheduling retry of f2af422919fd4560bd6441509a68d64b Delete Tablet RPC for TS=23f962e4a1744381ad5fa0d2d8b10241 with a delay of 1036ms (attempt = 7)...
I1031 23:05:53.704591 5674 catalog_manager.cc:2988] Sending DeleteTablet(TABLET_DATA_DELETED) for tablet d67c8d7da92f4f10b75858f21d80f8c4 on d3eb30bd1bc34b95902fa61724239553 (c3-kudu-tst-st05.bj:18700) (Replaced by 8566e0c79e674a74803cd1a15fec8cb2 at 2017-10-31 23:05:52 CST)
I1031 23:05:53.704638 5661 tablet.cc:1358] T 00000000000000000000000000000000 P de39c515460944c48e021fd11a48acf8: Flush successful on 38 rows (20382 bytes)
I1031 23:05:53.704720 5661 maintenance_manager.cc:419] Time spent running FlushMRSOp(00000000000000000000000000000000): real 0.527s user 0.005s sys 0.001s
I1031 23:05:53.704768 5661 maintenance_manager.cc:425] P de39c515460944c48e021fd11a48acf8: FlushMRSOp(00000000000000000000000000000000) metrics: {"cfile_init":1,"data dir 6.queue_time_us":165,"data dir 6.run_cpu_time_us":136,"data dir 6.run_wall_time_us":4796,"fdatasync":15,"fdatasync_us":379442,"lbm_read_time_us":6,"lbm_reads_lt_1ms":4,"lbm_write_time_us":279,"lbm_writes_lt_1ms":35,"thread_start_us":159,"threads_started":1}
W1031 23:05:53.704910 5674 catalog_manager.cc:2955] TS d3eb30bd1bc34b95902fa61724239553 (c3-kudu-tst-st05.bj:18700): delete failed for tablet d67c8d7da92f4f10b75858f21d80f8c4 with error code TABLET_NOT_RUNNING: Illegal state: State transition of tablet d67c8d7da92f4f10b75858f21d80f8c4 already in progress: creating tablet
I1031 23:05:53.704937 5674 catalog_manager.cc:2752] Scheduling retry of d67c8d7da92f4f10b75858f21d80f8c4 Delete Tablet RPC for TS=d3eb30bd1bc34b95902fa61724239553 with a delay of 1044ms (attempt = 7)...
I1031 23:05:53.705518 5673 catalog_manager.cc:2988] Sending DeleteTablet(TABLET_DATA_DELETED) for tablet 012b21c0f95e4dd594076018fd6fdb7e on 625f49b9554549e6a5c3a92b76e576cf (c3-kudu-tst-st10.bj:18700) (Replaced by ae7fa26c77054ef1b98d5e0f4e6940d6 at 2017-10-31 23:05:52 CST)
W1031 23:05:53.705876 5673 catalog_manager.cc:2955] TS 625f49b9554549e6a5c3a92b76e576cf (c3-kudu-tst-st10.bj:18700): delete failed for tablet 012b21c0f95e4dd594076018fd6fdb7e with error code TABLET_NOT_RUNNING: Illegal state: State transition of tablet 012b21c0f95e4dd594076018fd6fdb7e already in progress: deleting tablet
I1031 23:05:53.705900 5673 catalog_manager.cc:2752] Scheduling retry of 012b21c0f95e4dd594076018fd6fdb7e Delete Tablet RPC for TS=625f49b9554549e6a5c3a92b76e576cf with a delay of 1049ms (attempt = 7)...
I1031 23:05:53.707001 5673 catalog_manager.cc:2988] Sending DeleteTablet(TABLET_DATA_DELETED) for tablet d67c8d7da92f4f10b75858f21d80f8c4 on 625f49b9554549e6a5c3a92b76e576cf (c3-kudu-tst-st10.bj:18700) (Replaced by 8566e0c79e674a74803cd1a15fec8cb2 at 2017-10-31 23:05:52 CST)
W1031 23:05:53.707268 5673 catalog_manager.cc:2955] TS 625f49b9554549e6a5c3a92b76e576cf (c3-kudu-tst-st10.bj:18700): delete failed for tablet d67c8d7da92f4f10b75858f21d80f8c4 with error code TABLET_NOT_RUNNING: Illegal state: State transition of tablet d67c8d7da92f4f10b75858f21d80f8c4 already in progress: deleting tablet
I1031 23:05:53.707285 5673 catalog_manager.cc:2752] Scheduling retry of d67c8d7da92f4f10b75858f21d80f8c4 Delete Tablet RPC for TS=625f49b9554549e6a5c3a92b76e576cf with a delay of 1072ms (attempt = 7)...
I1031 23:05:53.708570 5673 catalog_manager.cc:2964] TS 625f49b9554549e6a5c3a92b76e576cf (c3-kudu-tst-st10.bj:18700): tablet 506ef9008a0c496b8f2d97479c017c20 (table default.timeout_tst [id=cdcb3e60c1314776843d856365535d49]) successfully deleted
I1031 23:05:53.711037 5674 catalog_manager.cc:2988] Sending DeleteTablet(TABLET_DATA_DELETED) for tablet f2af422919fd4560bd6441509a68d64b on 193181be29284287b25df2ee92938f0b (c3-kudu-tst-st08.bj:18700) (Replaced by a17da97943904920814af1508905ecfc at 2017-10-31 23:05:52 CST)
W1031 23:05:53.711365 5674 catalog_manager.cc:2955] TS 193181be29284287b25df2ee92938f0b (c3-kudu-tst-st08.bj:18700): delete failed for tablet f2af422919fd4560bd6441509a68d64b with error code TABLET_NOT_RUNNING: Illegal state: State transition of tablet f2af422919fd4560bd6441509a68d64b already in progress: creating tablet
I1031 23:05:53.711387 5674 catalog_manager.cc:2752] Scheduling retry of f2af422919fd4560bd6441509a68d64b Delete Tablet RPC for TS=193181be29284287b25df2ee92938f0b with a delay of 1049ms (attempt = 7)...
I1031 23:05:53.715098 5675 catalog_manager.cc:2988] Sending DeleteTablet(TABLET_DATA_DELETED) for tablet 012b21c0f95e4dd594076018fd6fdb7e on 23f962e4a1744381ad5fa0d2d8b10241 (c3-kudu-tst-st07.bj:18700) (Replaced by ae7fa26c77054ef1b98d5e0f4e6940d6 at 2017-10-31 23:05:52 CST)
W1031 23:05:53.715387 5675 catalog_manager.cc:2955] TS 23f962e4a1744381ad5fa0d2d8b10241 (c3-kudu-tst-st07.bj:18700): delete failed for tablet 012b21c0f95e4dd594076018fd6fdb7e with error code TABLET_NOT_RUNNING: Illegal state: State transition of tablet 012b21c0f95e4dd594076018fd6fdb7e already in progress: creating tablet
I1031 23:05:53.715404 5675 catalog_manager.cc:2752] Scheduling retry of 012b21c0f95e4dd594076018fd6fdb7e Delete Tablet RPC for TS=23f962e4a1744381ad5fa0d2d8b10241 with a delay of 1059ms (attempt = 7)...
I1031 23:05:53.716495 5675 catalog_manager.cc:2988] Sending DeleteTablet(TABLET_DATA_DELETED) for tablet d67c8d7da92f4f10b75858f21d80f8c4 on 23f962e4a1744381ad5fa0d2d8b10241 (c3-kudu-tst-st07.bj:18700) (Replaced by 8566e0c79e674a74803cd1a15fec8cb2 at 2017-10-31 23:05:52 CST)
W1031 23:05:53.716802 5675 catalog_manager.cc:2955] TS 23f962e4a1744381ad5fa0d2d8b10241 (c3-kudu-tst-st07.bj:18700): delete failed for tablet d67c8d7da92f4f10b75858f21d80f8c4 with error code TABLET_NOT_RUNNING: Illegal state: State transition of tablet d67c8d7da92f4f10b75858f21d80f8c4 already in progress: creating tablet
I1031 23:05:53.716821 5675 catalog_manager.cc:2752] Scheduling retry of d67c8d7da92f4f10b75858f21d80f8c4 Delete Tablet RPC for TS=23f962e4a1744381ad5fa0d2d8b10241 with a delay of 1041ms (attempt = 7)...
I1031 23:05:53.732936 5672 catalog_manager.cc:2988] Sending DeleteTablet(TABLET_DATA_DELETED) for tablet 8df4d6c546194972a7c0cfb8bf652384 on daba39963d4346e1816089fd3a5442b5 (c3-kudu-tst-st09.bj:18700) (Replaced by bb4c891b261b42ef9b983f46cefef6ae at 2017-10-31 23:05:52 CST)
