I1031 23:05:51.417819 34587 ts_tablet_manager.cc:755] T 117cd74bcdab4942901acb0005cdd702 P 0f53a0d3ef7e44ebb0365c800752d5bd: Time spent starting tablet: real 88.795s user 0.000s sys 0.001s
W1031 23:05:51.417845 34587 ts_tablet_manager.cc:785] T 117cd74bcdab4942901acb0005cdd702 P 0f53a0d3ef7e44ebb0365c800752d5bd: Tablet startup took 88795ms
W1031 23:05:51.417877 34582 ts_tablet_manager.cc:787] T 56155a2adc24450d89e338cc955bfa18 P 0f53a0d3ef7e44ebb0365c800752d5bd: Trace: 1031 23:04:22.477111 (+ 0us) service_pool.cc:143] Inserting onto call queue 1031 23:04:22.477135 (+ 24us) service_pool.cc:202] Handling call 1031 23:04:22.477381 (+ 246us) ts_tablet_manager.cc:275] Acquired tablet manager lock 1031 23:04:22.477387 (+ 6us) ts_tablet_manager.cc:288] Creating new metadata... 1031 23:04:22.594456 (+117069us) tablet_metadata.cc:461] Metadata flushed 1031 23:04:22.595687 (+ 1231us) inbound_call.cc:130] Queueing success response 1031 23:04:22.595724 (+ 37us) ts_tablet_manager.cc:724] Bootstrapping tablet 1031 23:04:22.597991 (+ 2267us) ts_tablet_manager.cc:756] Initializing tablet peer 1031 23:04:22.598008 (+ 17us) tablet_peer.cc:161] Creating consensus instance 1031 23:04:22.598319 (+ 311us) tablet_peer.cc:183] Starting instrumentation 1031 23:04:22.598323 (+ 4us) tablet_peer.cc:188] TabletPeer::Init() finished 1031 23:04:22.598323 (+ 0us) ts_tablet_manager.cc:771] Starting tablet peer 1031 23:04:22.598324 (+ 1us) tablet_peer.cc:195] Starting consensus Metrics: {"fdatasync":1,"fdatasync_us":40570,"mutex_wait_us":88818373,"raft.queue_time_us":421,"raft.run_cpu_time_us":4,"raft.run_wall_time_us":4,"tablet-open.queue_time_us":586,"tcmalloc_contention_cycles":239616,"thread_start_us":1396,"threads_started":3}
I1031 23:05:51.417927 34576 ts_tablet_manager.cc:755] T 991306ec7acb449c89e5dd29d90e8d55 P 0f53a0d3ef7e44ebb0365c800752d5bd: Time spent starting tablet: real 88.846s user 0.000s sys 0.001s
W1031 23:05:51.417958 34576 ts_tablet_manager.cc:785] T 991306ec7acb449c89e5dd29d90e8d55 P 0f53a0d3ef7e44ebb0365c800752d5bd: Tablet startup took 88846ms
I1031 23:05:51.417997 34571 ts_tablet_manager.cc:755] T bff7dab34ccd4b42842077e82106f6fb P 0f53a0d3ef7e44ebb0365c800752d5bd: Time spent starting tablet: real 88.871s user 0.000s sys 0.002s
W1031 23:05:51.418022 34571 ts_tablet_manager.cc:785] T bff7dab34ccd4b42842077e82106f6fb P 0f53a0d3ef7e44ebb0365c800752d5bd: Tablet startup took 88871ms
W1031 23:05:51.418098 34576 ts_tablet_manager.cc:787] T 991306ec7acb449c89e5dd29d90e8d55 P 0f53a0d3ef7e44ebb0365c800752d5bd: Trace: 1031 23:04:22.477548 (+ 0us) service_pool.cc:143] Inserting onto call queue 1031 23:04:22.477564 (+ 16us) service_pool.cc:202] Handling call 1031 23:04:22.477731 (+ 167us) ts_tablet_manager.cc:275] Acquired tablet manager lock 1031 23:04:22.477739 (+ 8us) ts_tablet_manager.cc:288] Creating new metadata... 1031 23:04:22.569192 (+ 91453us) tablet_metadata.cc:461] Metadata flushed 1031 23:04:22.569885 (+ 693us) inbound_call.cc:130] Queueing success response 1031 23:04:22.569919 (+ 34us) ts_tablet_manager.cc:724] Bootstrapping tablet 1031 23:04:22.571623 (+ 1704us) ts_tablet_manager.cc:756] Initializing tablet peer 1031 23:04:22.571639 (+ 16us) tablet_peer.cc:161] Creating consensus instance 1031 23:04:22.571873 (+ 234us) tablet_peer.cc:183] Starting instrumentation 1031 23:04:22.571876 (+ 3us) tablet_peer.cc:188] TabletPeer::Init() finished 1031 23:04:22.571877 (+ 1us) ts_tablet_manager.cc:771] Starting tablet peer 1031 23:04:22.571877 (+ 0us) tablet_peer.cc:195] Starting consensus Metrics: {"fdatasync":1,"fdatasync_us":40444,"mutex_wait_us":88845080,"raft.queue_time_us":399,"raft.run_cpu_time_us":3,"raft.run_wall_time_us":3,"tablet-open.queue_time_us":210,"tcmalloc_contention_cycles":39680,"thread_start_us":994,"threads_started":3}
W1031 23:05:51.418118 34571 ts_tablet_manager.cc:787] T bff7dab34ccd4b42842077e82106f6fb P 0f53a0d3ef7e44ebb0365c800752d5bd: Trace: 1031 23:04:22.477087 (+ 0us) service_pool.cc:143] Inserting onto call queue 1031 23:04:22.477103 (+ 16us) service_pool.cc:202] Handling call 1031 23:04:22.477231 (+ 128us) ts_tablet_manager.cc:275] Acquired tablet manager lock 1031 23:04:22.477234 (+ 3us) ts_tablet_manager.cc:288] Creating new metadata... 1031 23:04:22.543979 (+ 66745us) tablet_metadata.cc:461] Metadata flushed 1031 23:04:22.544717 (+ 738us) inbound_call.cc:130] Queueing success response 1031 23:04:22.544772 (+ 55us) ts_tablet_manager.cc:724] Bootstrapping tablet 1031 23:04:22.546788 (+ 2016us) ts_tablet_manager.cc:756] Initializing tablet peer 1031 23:04:22.546805 (+ 17us) tablet_peer.cc:161] Creating consensus instance 1031 23:04:22.547076 (+ 271us) tablet_peer.cc:183] Starting instrumentation 1031 23:04:22.547080 (+ 4us) tablet_peer.cc:188] TabletPeer::Init() finished 1031 23:04:22.547080 (+ 0us) ts_tablet_manager.cc:771] Starting tablet peer 1031 23:04:22.547081 (+ 1us) tablet_peer.cc:195] Starting consensus Metrics: {"fdatasync":1,"fdatasync_us":40645,"mutex_wait_us":88869857,"raft.queue_time_us":391,"raft.run_cpu_time_us":12,"raft.run_wall_time_us":13,"tablet-open.queue_time_us":289,"tcmalloc_contention_cycles":20608,"thread_start_us":1078,"threads_started":3}
I1031 23:05:51.418100 5853 maintenance_manager.cc:208] P 0f53a0d3ef7e44ebb0365c800752d5bd: Unregistered op FlushMRSOp(6a813ca355f749b6b31a773aa0f2ac7a)
W1031 23:05:51.417928 34587 ts_tablet_manager.cc:787] T 117cd74bcdab4942901acb0005cdd702 P 0f53a0d3ef7e44ebb0365c800752d5bd: Trace: 1031 23:04:22.477138 (+ 0us) service_pool.cc:143] Inserting onto call queue 1031 23:04:22.477152 (+ 14us) service_pool.cc:202] Handling call 1031 23:04:22.477346 (+ 194us) ts_tablet_manager.cc:275] Acquired tablet manager lock 1031 23:04:22.477354 (+ 8us) ts_tablet_manager.cc:288] Creating new metadata... 1031 23:04:22.619638 (+142284us) tablet_metadata.cc:461] Metadata flushed 1031 23:04:22.620525 (+ 887us) inbound_call.cc:130] Queueing success response 1031 23:04:22.620555 (+ 30us) ts_tablet_manager.cc:724] Bootstrapping tablet 1031 23:04:22.622415 (+ 1860us) ts_tablet_manager.cc:756] Initializing tablet peer 1031 23:04:22.622431 (+ 16us) tablet_peer.cc:161] Creating consensus instance 1031 23:04:22.622699 (+ 268us) tablet_peer.cc:183] Starting instrumentation 1031 23:04:22.622702 (+ 3us) tablet_peer.cc:188] TabletPeer::Init() finished 1031 23:04:22.622703 (+ 1us) ts_tablet_manager.cc:771] Starting tablet peer 1031 23:04:22.622703 (+ 0us) tablet_peer.cc:195] Starting consensus Metrics: {"fdatasync":1,"fdatasync_us":40663,"mutex_wait_us":88794413,"raft.queue_time_us":407,"raft.run_cpu_time_us":11,"raft.run_wall_time_us":11,"tablet-open.queue_time_us":440,"tcmalloc_contention_cycles":41728,"thread_start_us":924,"threads_started":3}
I1031 23:05:51.418170 5853 maintenance_manager.cc:208] P 0f53a0d3ef7e44ebb0365c800752d5bd: Unregistered op FlushDeltaMemStoresOp(6a813ca355f749b6b31a773aa0f2ac7a)
I1031 23:05:51.418228 35079 ts_tablet_manager.cc:755] T 012b21c0f95e4dd594076018fd6fdb7e P 0f53a0d3ef7e44ebb0365c800752d5bd: Time spent starting tablet: real 28.784s user 0.001s sys 0.000s
W1031 23:05:51.418257 35079 ts_tablet_manager.cc:785] T 012b21c0f95e4dd594076018fd6fdb7e P 0f53a0d3ef7e44ebb0365c800752d5bd: Tablet startup took 28783ms
I1031 23:05:51.418324 35074 ts_tablet_manager.cc:755] T b4e182b626554f3597d5c733c80997e6 P 0f53a0d3ef7e44ebb0365c800752d5bd: Time spent starting tablet: real 28.809s user 0.001s sys 0.000s
I1031 23:05:51.418330 5853 maintenance_manager.cc:208] P 0f53a0d3ef7e44ebb0365c800752d5bd: Unregistered op LogGCOp(6a813ca355f749b6b31a773aa0f2ac7a)
W1031 23:05:51.418349 35074 ts_tablet_manager.cc:785] T b4e182b626554f3597d5c733c80997e6 P 0f53a0d3ef7e44ebb0365c800752d5bd: Tablet startup took 28809ms
W1031 23:05:51.418341 35079 ts_tablet_manager.cc:787] T 012b21c0f95e4dd594076018fd6fdb7e P 0f53a0d3ef7e44ebb0365c800752d5bd: Trace: 1031 23:05:22.526164 (+ 0us) service_pool.cc:143] Inserting onto call queue 1031 23:05:22.526193 (+ 29us) service_pool.cc:202] Handling call 1031 23:05:22.526349 (+ 156us) ts_tablet_manager.cc:275] Acquired tablet manager lock 1031 23:05:22.526352 (+ 3us) ts_tablet_manager.cc:288] Creating new metadata... 1031 23:05:22.631328 (+104976us) tablet_metadata.cc:461] Metadata flushed 1031 23:05:22.632408 (+ 1080us) inbound_call.cc:130] Queueing success response 1031 23:05:22.632448 (+ 40us) ts_tablet_manager.cc:724] Bootstrapping tablet 1031 23:05:22.634651 (+ 2203us) ts_tablet_manager.cc:756] Initializing tablet peer 1031 23:05:22.634667 (+ 16us) tablet_peer.cc:161] Creating consensus instance 1031 23:05:22.634932 (+ 265us) tablet_peer.cc:183] Starting instrumentation 1031 23:05:22.634935 (+ 3us) tablet_peer.cc:188] TabletPeer::Init() finished 1031 23:05:22.634935 (+ 0us) ts_tablet_manager.cc:771] Starting tablet peer 1031 23:05:22.634936 (+ 1us) tablet_peer.cc:195] Starting consensus Metrics: {"fdatasync":1,"fdatasync_us":36920,"mutex_wait_us":28782407,"raft.queue_time_us":594,"raft.run_cpu_time_us":7,"raft.run_wall_time_us":8,"spinlock_wait_cycles":1408,"tablet-open.queue_time_us":509,"tcmalloc_contention_cycles":56320,"thread_start_us":1146,"threads_started":3}
I1031 23:05:51.418370 5853 raft_consensus.cc:1569] T 6a813ca355f749b6b31a773aa0f2ac7a P 0f53a0d3ef7e44ebb0365c800752d5bd [term 0 FOLLOWER]: Raft consensus shutting down.
I1031 23:05:51.418397 5853 raft_consensus.cc:1585] T 6a813ca355f749b6b31a773aa0f2ac7a P 0f53a0d3ef7e44ebb0365c800752d5bd [term 0 FOLLOWER]: Raft consensus is shut down!
W1031 23:05:51.418460 35074 ts_tablet_manager.cc:787] T b4e182b626554f3597d5c733c80997e6 P 0f53a0d3ef7e44ebb0365c800752d5bd: Trace: 1031 23:05:22.527332 (+ 0us) service_pool.cc:143] Inserting onto call queue 1031 23:05:22.527355 (+ 23us) service_pool.cc:202] Handling call 1031 23:05:22.527496 (+ 141us) ts_tablet_manager.cc:275] Acquired tablet manager lock 1031 23:05:22.527499 (+ 3us) ts_tablet_manager.cc:288] Creating new metadata... 1031 23:05:22.606117 (+ 78618us) tablet_metadata.cc:461] Metadata flushed 1031 23:05:22.607139 (+ 1022us) inbound_call.cc:130] Queueing success response 1031 23:05:22.607179 (+ 40us) ts_tablet_manager.cc:724] Bootstrapping tablet 1031 23:05:22.609040 (+ 1861us) ts_tablet_manager.cc:756] Initializing tablet peer 1031 23:05:22.609057 (+ 17us) tablet_peer.cc:161] Creating consensus instance 1031 23:05:22.609369 (+ 312us) tablet_peer.cc:183] Starting instrumentation 1031 23:05:22.609373 (+ 4us) tablet_peer.cc:188] TabletPeer::Init() finished 1031 23:05:22.609373 (+ 0us) ts_tablet_manager.cc:771] Starting tablet peer 1031 23:05:22.609374 (+ 1us) tablet_peer.cc:195] Starting consensus Metrics: {"fdatasync":1,"fdatasync_us":36157,"mutex_wait_us":28808186,"raft.queue_time_us":140,"raft.run_cpu_time_us":4,"raft.run_wall_time_us":4,"tablet-open.queue_time_us":527,"thread_start_us":1058,"threads_started":3}
I1031 23:05:51.423633 5853 ts_tablet_manager.cc:1020] T 6a813ca355f749b6b31a773aa0f2ac7a P 0f53a0d3ef7e44ebb0365c800752d5bd: Deleting tablet data with delete state TABLET_DATA_DELETED
I1031 23:05:51.525542 5853 ts_tablet_manager.cc:1032] T 6a813ca355f749b6b31a773aa0f2ac7a P 0f53a0d3ef7e44ebb0365c800752d5bd: Tablet deleted. Last logged OpId: 0.0
I1031 23:05:51.525622 5853 log.cc:876] T 6a813ca355f749b6b31a773aa0f2ac7a P 0f53a0d3ef7e44ebb0365c800752d5bd: Deleting WAL directory at /home/work/app/kudu/c3prc-kernel65/kudu_tablet_server/hdd1/wals/6a813ca355f749b6b31a773aa0f2ac7a
I1031 23:05:51.525993 5853 consensus_meta.cc:71] T 6a813ca355f749b6b31a773aa0f2ac7a Deleting consensus metadata
W1031 23:05:51.526253 5853 rpcz_store.cc:234] Call kudu.tserver.TabletServerAdminService.DeleteTablet from 10.108.187.10:53997 (request call id 8) took 89049ms (client timeout 29999).
W1031 23:05:51.526424 5853 rpcz_store.cc:238] Trace: 1031 23:04:22.476626 (+ 0us) service_pool.cc:143] Inserting onto call queue 1031 23:04:22.476656 (+ 30us) service_pool.cc:202] Handling call 1031 23:04:22.476709 (+ 53us) ts_tablet_manager.cc:572] Deleting tablet 6a813ca355f749b6b31a773aa0f2ac7a 1031 23:04:22.476709 (+ 0us) ts_tablet_manager.cc:580] Acquired tablet manager lock 1031 23:05:51.475074 (+88998365us) tablet_metadata.cc:461] Metadata flushed 1031 23:05:51.525516 (+ 50442us) tablet_metadata.cc:461] Metadata flushed 1031 23:05:51.526238 (+ 722us) inbound_call.cc:130] Queueing success response Metrics: {"fdatasync":2,"fdatasync_us":58254,"mutex_wait_us":88941266}
W1031 23:05:51.583737 5816 consensus_peers.cc:357] T 991306ec7acb449c89e5dd29d90e8d55 P 0f53a0d3ef7e44ebb0365c800752d5bd -> Peer 23f962e4a1744381ad5fa0d2d8b10241 (c3-kudu-tst-st07.bj:18700): Couldn't send request to peer 23f962e4a1744381ad5fa0d2d8b10241 for tablet 991306ec7acb449c89e5dd29d90e8d55. Error code: TABLET_NOT_RUNNING (12). Status: Illegal state: Tablet not RUNNING: NOT_STARTED. Retrying in the next heartbeat period. Already tried 177 times.
W1031 23:05:51.599557 5816 consensus_peers.cc:357] T fcde65c4e4cf4df29b9ef9884ce292b2 P 0f53a0d3ef7e44ebb0365c800752d5bd -> Peer 23f962e4a1744381ad5fa0d2d8b10241 (c3-kudu-tst-st07.bj:18700): Couldn't send request to peer 23f962e4a1744381ad5fa0d2d8b10241 for tablet fcde65c4e4cf4df29b9ef9884ce292b2. Error code: TABLET_NOT_RUNNING (12). Status: Illegal state: Tablet not RUNNING: NOT_STARTED. Retrying in the next heartbeat period. Already tried 237 times.
I1031 23:05:51.720386 34574 raft_consensus.cc:411] T bff7dab34ccd4b42842077e82106f6fb P 0f53a0d3ef7e44ebb0365c800752d5bd [term 0 FOLLOWER]: Starting pre-election (no leader contacted us within the election timeout)
I1031 23:05:51.720422 34574 raft_consensus.cc:2162] T bff7dab34ccd4b42842077e82106f6fb P 0f53a0d3ef7e44ebb0365c800752d5bd [term 0 FOLLOWER]: Snoozing failure detection for election timeout plus an additional 11.457s
I1031 23:05:51.720480 34574 raft_consensus.cc:435] T bff7dab34ccd4b42842077e82106f6fb P 0f53a0d3ef7e44ebb0365c800752d5bd [term 0 FOLLOWER]: Starting pre-election with config: opid_index: -1 OBSOLETE_local: false peers { permanent_uuid: "0f53a0d3ef7e44ebb0365c800752d5bd" member_type: VOTER last_known_addr { host: "c3-kudu-tst-st01.bj" port: 18700 } } peers { permanent_uuid: "23f962e4a1744381ad5fa0d2d8b10241" member_type: VOTER last_known_addr { host: "c3-kudu-tst-st07.bj" port: 18700 } } peers { permanent_uuid: "193181be29284287b25df2ee92938f0b" member_type: VOTER last_known_addr { host: "c3-kudu-tst-st08.bj" port: 18700 } }
I1031 23:05:51.721124 34574 leader_election.cc:216] T bff7dab34ccd4b42842077e82106f6fb P 0f53a0d3ef7e44ebb0365c800752d5bd [CANDIDATE]: Term 1 pre-election: Requesting pre-vote from peer 23f962e4a1744381ad5fa0d2d8b10241
I1031 23:05:51.721158 34574 leader_election.cc:216] T bff7dab34ccd4b42842077e82106f6fb P 0f53a0d3ef7e44ebb0365c800752d5bd [CANDIDATE]: Term 1 pre-election: Requesting pre-vote from peer 193181be29284287b25df2ee92938f0b
W1031 23:05:51.721449 5816 leader_election.cc:278] T bff7dab34ccd4b42842077e82106f6fb P 0f53a0d3ef7e44ebb0365c800752d5bd [CANDIDATE]: Term 1 pre-election: Tablet error from VoteRequest() call to peer 23f962e4a1744381ad5fa0d2d8b10241: Illegal state: Tablet not RUNNING: NOT_STARTED
W1031 23:05:51.721513 5815 leader_election.cc:278] T bff7dab34ccd4b42842077e82106f6fb P 0f53a0d3ef7e44ebb0365c800752d5bd [CANDIDATE]: Term 1 pre-election: Tablet error from VoteRequest() call to peer 193181be29284287b25df2ee92938f0b: Illegal state: Tablet not RUNNING: NOT_STARTED
I1031 23:05:51.721563 5815 leader_election.cc:243] T bff7dab34ccd4b42842077e82106f6fb P 0f53a0d3ef7e44ebb0365c800752d5bd [CANDIDATE]: Term 1 pre-election: Election decided. Result: candidate lost.
I1031 23:05:51.721724 35208 raft_consensus.cc:2162] T bff7dab34ccd4b42842077e82106f6fb P 0f53a0d3ef7e44ebb0365c800752d5bd [term 0 FOLLOWER]: Snoozing failure detection for election timeout plus an additional 12.826s
I1031 23:05:51.721740 35208 raft_consensus.cc:1908] T bff7dab34ccd4b42842077e82106f6fb P 0f53a0d3ef7e44ebb0365c800752d5bd [term 0 FOLLOWER]: Leader pre-election lost for term 1. Reason: could not achieve majority
I1031 23:05:51.749229 5734 maintenance_manager.cc:419] Time spent running UndoDeltaBlockGCOp(c62e1dbe04164d22bb6fdf7674bc18c5): real 0.332s user 0.153s sys 0.003s
I1031 23:05:51.749482 5734 maintenance_manager.cc:425] P 0f53a0d3ef7e44ebb0365c800752d5bd: UndoDeltaBlockGCOp(c62e1dbe04164d22bb6fdf7674bc18c5) metrics: {"cfile_init":1,"data dir 6.queue_time_us":225,"data dir 6.run_cpu_time_us":113,"data dir 6.run_wall_time_us":9641,"fdatasync":1,"fdatasync_us":152695,"lbm_read_time_us":13,"lbm_reads_lt_1ms":4,"tcmalloc_contention_cycles":21504,"thread_start_us":212,"threads_started":1}
W1031 23:05:51.814734 5815 consensus_peers.cc:357] T b4e182b626554f3597d5c733c80997e6 P 0f53a0d3ef7e44ebb0365c800752d5bd -> Peer 193181be29284287b25df2ee92938f0b (c3-kudu-tst-st08.bj:18700): Couldn't send request to peer 193181be29284287b25df2ee92938f0b for tablet b4e182b626554f3597d5c733c80997e6. Error code: TABLET_NOT_RUNNING (12). Status: Illegal state: Tablet not RUNNING: NOT_STARTED. Retrying in the next heartbeat period. Already tried 58 times.
W1031 23:05:52.083817 5816 consensus_peers.cc:357] T 991306ec7acb449c89e5dd29d90e8d55 P 0f53a0d3ef7e44ebb0365c800752d5bd -> Peer 23f962e4a1744381ad5fa0d2d8b10241 (c3-kudu-tst-st07.bj:18700): Couldn't send request to peer 23f962e4a1744381ad5fa0d2d8b10241 for tablet 991306ec7acb449c89e5dd29d90e8d55. Error code: TABLET_NOT_RUNNING (12). Status: Illegal state: Tablet not RUNNING: NOT_STARTED. Retrying in the next heartbeat period. Already tried 178 times.
W1031 23:05:52.099637 5816 consensus_peers.cc:357] T fcde65c4e4cf4df29b9ef9884ce292b2 P 0f53a0d3ef7e44ebb0365c800752d5bd -> Peer 23f962e4a1744381ad5fa0d2d8b10241 (c3-kudu-tst-st07.bj:18700): Couldn't send request to peer 23f962e4a1744381ad5fa0d2d8b10241 for tablet fcde65c4e4cf4df29b9ef9884ce292b2. Error code: TABLET_NOT_RUNNING (12). Status: Illegal state: Tablet not RUNNING: NOT_STARTED. Retrying in the next heartbeat period. Already tried 238 times.
I1031 23:05:52.277129 5734 maintenance_manager.cc:419] Time spent running UndoDeltaBlockGCOp(fffdb462a7184409ae79f01145545574): real 0.206s user 0.148s sys 0.003s
I1031 23:05:52.277439 5734 maintenance_manager.cc:425] P 0f53a0d3ef7e44ebb0365c800752d5bd: UndoDeltaBlockGCOp(fffdb462a7184409ae79f01145545574) metrics: {"data dir 8.queue_time_us":232,"data dir 8.run_cpu_time_us":56,"data dir 8.run_wall_time_us":56,"fdatasync":1,"fdatasync_us":38955,"tcmalloc_contention_cycles":300032,"thread_start_us":219,"threads_started":1}
W1031 23:05:52.314810 5815 consensus_peers.cc:357] T b4e182b626554f3597d5c733c80997e6 P 0f53a0d3ef7e44ebb0365c800752d5bd -> Peer 193181be29284287b25df2ee92938f0b (c3-kudu-tst-st08.bj:18700): Couldn't send request to peer 193181be29284287b25df2ee92938f0b for tablet b4e182b626554f3597d5c733c80997e6. Error code: TABLET_NOT_RUNNING (12). Status: Illegal state: Tablet not RUNNING: NOT_STARTED. Retrying in the next heartbeat period. Already tried 59 times.
I1031 23:05:52.547763 5853 tablet_service.cc:691] Processing DeleteTablet for tablet 012b21c0f95e4dd594076018fd6fdb7e with delete_type TABLET_DATA_DELETED (Replaced by ae7fa26c77054ef1b98d5e0f4e6940d6 at 2017-10-31 23:05:52 CST) from {username='work'} at 10.108.187.10:53997
I1031 23:05:52.547816 5853 tablet_peer.cc:221] Initiating TabletPeer shutdown for tablet: 012b21c0f95e4dd594076018fd6fdb7e
I1031 23:05:52.547835 5853 maintenance_manager.cc:208] P 0f53a0d3ef7e44ebb0365c800752d5bd: Unregistered op CompactRowSetsOp(012b21c0f95e4dd594076018fd6fdb7e)
I1031 23:05:52.547852 5853 maintenance_manager.cc:208] P 0f53a0d3ef7e44ebb0365c800752d5bd: Unregistered op MinorDeltaCompactionOp(012b21c0f95e4dd594076018fd6fdb7e)
I1031 23:05:52.547864 5853 maintenance_manager.cc:208] P 0f53a0d3ef7e44ebb0365c800752d5bd: Unregistered op MajorDeltaCompactionOp(012b21c0f95e4dd594076018fd6fdb7e)
I1031 23:05:52.547880 5853 maintenance_manager.cc:208] P 0f53a0d3ef7e44ebb0365c800752d5bd: Unregistered op UndoDeltaBlockGCOp(012b21c0f95e4dd594076018fd6fdb7e)
I1031 23:05:52.547894 5853 maintenance_manager.cc:208] P 0f53a0d3ef7e44ebb0365c800752d5bd: Unregistered op FlushMRSOp(012b21c0f95e4dd594076018fd6fdb7e)
I1031 23:05:52.547904 5853 maintenance_manager.cc:208] P 0f53a0d3ef7e44ebb0365c800752d5bd: Unregistered op FlushDeltaMemStoresOp(012b21c0f95e4dd594076018fd6fdb7e)
I1031 23:05:52.547914 5853 maintenance_manager.cc:208] P 0f53a0d3ef7e44ebb0365c800752d5bd: Unregistered op LogGCOp(012b21c0f95e4dd594076018fd6fdb7e)
I1031 23:05:52.547938 5853 raft_consensus.cc:1569] T 012b21c0f95e4dd594076018fd6fdb7e P 0f53a0d3ef7e44ebb0365c800752d5bd [term 0 FOLLOWER]: Raft consensus shutting down.
I1031 23:05:52.547958 5853 raft_consensus.cc:1585] T 012b21c0f95e4dd594076018fd6fdb7e P 0f53a0d3ef7e44ebb0365c800752d5bd [term 0 FOLLOWER]: Raft consensus is shut down!
I1031 23:05:52.551144 5853 ts_tablet_manager.cc:1020] T 012b21c0f95e4dd594076018fd6fdb7e P 0f53a0d3ef7e44ebb0365c800752d5bd: Deleting tablet data with delete state TABLET_DATA_DELETED
W1031 23:05:52.583776 5816 consensus_peers.cc:357] T 991306ec7acb449c89e5dd29d90e8d55 P 0f53a0d3ef7e44ebb0365c800752d5bd -> Peer 23f962e4a1744381ad5fa0d2d8b10241 (c3-kudu-tst-st07.bj:18700): Couldn't send request to peer 23f962e4a1744381ad5fa0d2d8b10241 for tablet 991306ec7acb449c89e5dd29d90e8d55. Error code: TABLET_NOT_RUNNING (12). Status: Illegal state: Tablet not RUNNING: NOT_STARTED. Retrying in the next heartbeat period. Already tried 179 times.
W1031 23:05:52.599609 5816 consensus_peers.cc:357] T fcde65c4e4cf4df29b9ef9884ce292b2 P 0f53a0d3ef7e44ebb0365c800752d5bd -> Peer 23f962e4a1744381ad5fa0d2d8b10241 (c3-kudu-tst-st07.bj:18700): Couldn't send request to peer 23f962e4a1744381ad5fa0d2d8b10241 for tablet fcde65c4e4cf4df29b9ef9884ce292b2. Error code: TABLET_NOT_RUNNING (12). Status: Illegal state: Tablet not RUNNING: NOT_STARTED. Retrying in the next heartbeat period. Already tried 239 times.
I1031 23:05:52.702509 5853 ts_tablet_manager.cc:1032] T 012b21c0f95e4dd594076018fd6fdb7e P 0f53a0d3ef7e44ebb0365c800752d5bd: Tablet deleted. Last logged OpId: 0.0
I1031 23:05:52.702698 5853 log.cc:876] T 012b21c0f95e4dd594076018fd6fdb7e P 0f53a0d3ef7e44ebb0365c800752d5bd: Deleting WAL directory at /home/work/app/kudu/c3prc-kernel65/kudu_tablet_server/hdd1/wals/012b21c0f95e4dd594076018fd6fdb7e
I1031 23:05:52.703032 5853 consensus_meta.cc:71] T 012b21c0f95e4dd594076018fd6fdb7e Deleting consensus metadata
I1031 23:05:52.719094 5734 maintenance_manager.cc:419] Time spent running UndoDeltaBlockGCOp(fa1ead2de6944ab8ac2a26ea6bd67313): real 0.247s user 0.150s sys 0.004s
I1031 23:05:52.719372 5734 maintenance_manager.cc:425] P 0f53a0d3ef7e44ebb0365c800752d5bd: UndoDeltaBlockGCOp(fa1ead2de6944ab8ac2a26ea6bd67313) metrics: {"data dir 7.queue_time_us":252,"data dir 7.run_cpu_time_us":74,"data dir 7.run_wall_time_us":75,"fdatasync":1,"fdatasync_us":61522,"tcmalloc_contention_cycles":48128,"thread_start_us":235,"threads_started":1}
W1031 23:05:52.814913 5815 consensus_peers.cc:357] T b4e182b626554f3597d5c733c80997e6 P 0f53a0d3ef7e44ebb0365c800752d5bd -> Peer 193181be29284287b25df2ee92938f0b (c3-kudu-tst-st08.bj:18700): Couldn't send request to peer 193181be29284287b25df2ee92938f0b for tablet b4e182b626554f3597d5c733c80997e6. Error code: TABLET_NOT_RUNNING (12). Status: Illegal state: Tablet not RUNNING: NOT_STARTED. Retrying in the next heartbeat period. Already tried 60 times.
W1031 23:05:53.083971 5816 consensus_peers.cc:357] T 991306ec7acb449c89e5dd29d90e8d55 P 0f53a0d3ef7e44ebb0365c800752d5bd -> Peer 23f962e4a1744381ad5fa0d2d8b10241 (c3-kudu-tst-st07.bj:18700): Couldn't send request to peer 23f962e4a1744381ad5fa0d2d8b10241 for tablet 991306ec7acb449c89e5dd29d90e8d55. Error code: TABLET_NOT_RUNNING (12). Status: Illegal state: Tablet not RUNNING: NOT_STARTED. Retrying in the next heartbeat period. Already tried 180 times.
I1031 23:05:53.086273 5734 maintenance_manager.cc:419] Time spent running UndoDeltaBlockGCOp(ee1d4d81f7b944c3884ec0ac9aa1373f): real 0.213s user 0.151s sys 0.003s
I1031 23:05:53.086549 5734 maintenance_manager.cc:425] P 0f53a0d3ef7e44ebb0365c800752d5bd: UndoDeltaBlockGCOp(ee1d4d81f7b944c3884ec0ac9aa1373f) metrics: {"cfile_init":1,"data dir 6.queue_time_us":222,"data dir 6.run_cpu_time_us":55,"data dir 6.run_wall_time_us":56,"fdatasync":1,"fdatasync_us":35054,"lbm_read_time_us":13,"lbm_reads_lt_1ms":4,"tcmalloc_contention_cycles":97792,"thread_start_us":214,"threads_started":1}
W1031 23:05:53.099752 5816 consensus_peers.cc:357] T fcde65c4e4cf4df29b9ef9884ce292b2 P 0f53a0d3ef7e44ebb0365c800752d5bd -> Peer 23f962e4a1744381ad5fa0d2d8b10241 (c3-kudu-tst-st07.bj:18700): Couldn't send request to peer 23f962e4a1744381ad5fa0d2d8b10241 for tablet fcde65c4e4cf4df29b9ef9884ce292b2. Error code: TABLET_NOT_RUNNING (12). Status: Illegal state: Tablet not RUNNING: NOT_STARTED. Retrying in the next heartbeat period. Already tried 240 times.
I1031 23:05:53.289726 5734 maintenance_manager.cc:419] Time spent running UndoDeltaBlockGCOp(2605bb9cd2fe47fea1ad25d47ab8741d): real 0.016s user 0.015s sys 0.000s
I1031 23:05:53.289764 5734 maintenance_manager.cc:425] P 0f53a0d3ef7e44ebb0365c800752d5bd: UndoDeltaBlockGCOp(2605bb9cd2fe47fea1ad25d47ab8741d) metrics: {"cfile_init":1,"lbm_read_time_us":13,"lbm_reads_lt_1ms":4}
W1031 23:05:53.314927 5815 consensus_peers.cc:357] T b4e182b626554f3597d5c733c80997e6 P 0f53a0d3ef7e44ebb0365c800752d5bd -> Peer 193181be29284287b25df2ee92938f0b (c3-kudu-tst-st08.bj:18700): Couldn't send request to peer 193181be29284287b25df2ee92938f0b for tablet b4e182b626554f3597d5c733c80997e6. Error code: TABLET_NOT_RUNNING (12). Status: Illegal state: Tablet not RUNNING: NOT_STARTED. Retrying in the next heartbeat period. Already tried 61 times.
W1031 23:05:53.583894 5816 consensus_peers.cc:357] T 991306ec7acb449c89e5dd29d90e8d55 P 0f53a0d3ef7e44ebb0365c800752d5bd -> Peer 23f962e4a1744381ad5fa0d2d8b10241 (c3-kudu-tst-st07.bj:18700): Couldn't send request to peer 23f962e4a1744381ad5fa0d2d8b10241 for tablet 991306ec7acb449c89e5dd29d90e8d55. Error code: TABLET_NOT_RUNNING (12). Status: Illegal state: Tablet not RUNNING: NOT_STARTED. Retrying in the next heartbeat period. Already tried 181 times.
W1031 23:05:53.599756 5816 consensus_peers.cc:357] T fcde65c4e4cf4df29b9ef9884ce292b2 P 0f53a0d3ef7e44ebb0365c800752d5bd -> Peer 23f962e4a1744381ad5fa0d2d8b10241 (c3-kudu-tst-st07.bj:18700): Couldn't send request to peer 23f962e4a1744381ad5fa0d2d8b10241 for tablet fcde65c4e4cf4df29b9ef9884ce292b2. Error code: TABLET_NOT_RUNNING (12). Status: Illegal state: Tablet not RUNNING: NOT_STARTED. Retrying in the next heartbeat period. Already tried 241 times.
W1031 23:05:53.815044 5815 consensus_peers.cc:357] T b4e182b626554f3597d5c733c80997e6 P 0f53a0d3ef7e44ebb0365c800752d5bd -> Peer 193181be29284287b25df2ee92938f0b (c3-kudu-tst-st08.bj:18700): Couldn't send request to peer 193181be29284287b25df2ee92938f0b for tablet b4e182b626554f3597d5c733c80997e6. Error code: TABLET_NOT_RUNNING (12). Status: Illegal state: Tablet not RUNNING: NOT_STARTED. Retrying in the next heartbeat period. Already tried 62 times.
I1031 23:05:53.907959 5734 tablet.cc:911] T 3eb1e56cad854272946b9a65dc35259b P 0f53a0d3ef7e44ebb0365c800752d5bd: Flush: entering stage 1 (old memrowset already frozen for inserts)
I1031 23:05:53.907994 5734 compaction.cc:877] Selected 1 rowsets to compact:
I1031 23:05:53.908006 5734 compaction.cc:880] memrowset(current size on disk: ~0 bytes)
I1031 23:05:53.908022 5734 tablet.cc:913] T 3eb1e56cad854272946b9a65dc35259b P 0f53a0d3ef7e44ebb0365c800752d5bd: Memstore in-memory size: 3751 bytes
I1031 23:05:53.908054 5734 tablet.cc:1174] T 3eb1e56cad854272946b9a65dc35259b P 0f53a0d3ef7e44ebb0365c800752d5bd: Flush: entering phase 1 (flushing snapshot). Phase 1 snapshot: MvccSnapshot[committed={T|T < 6182757722229637120 or (T in {6182757722229637120})}]
I1031 23:05:53.908174 5734 multi_column_writer.cc:85] Opened CFile writer for column ts[int32 NOT NULL]
I1031 23:05:53.908316 5734 multi_column_writer.cc:85] Opened CFile writer for column id[int32 NOT NULL]
W1031 23:05:54.084130 5816 consensus_peers.cc:357] T 991306ec7acb449c89e5dd29d90e8d55 P 0f53a0d3ef7e44ebb0365c800752d5bd -> Peer 23f962e4a1744381ad5fa0d2d8b10241 (c3-kudu-tst-st07.bj:18700): Couldn't send request to peer 23f962e4a1744381ad5fa0d2d8b10241 for tablet 991306ec7acb449c89e5dd29d90e8d55. Error code: TABLET_NOT_RUNNING (12). Status: Illegal state: Tablet not RUNNING: NOT_STARTED. Retrying in the next heartbeat period. Already tried 182 times.
W1031 23:05:54.099896 5816 consensus_peers.cc:357] T fcde65c4e4cf4df29b9ef9884ce292b2 P 0f53a0d3ef7e44ebb0365c800752d5bd -> Peer 23f962e4a1744381ad5fa0d2d8b10241 (c3-kudu-tst-st07.bj:18700): Couldn't send request to peer 23f962e4a1744381ad5fa0d2d8b10241 for tablet fcde65c4e4cf4df29b9ef9884ce292b2. Error code: TABLET_NOT_RUNNING (12). Status: Illegal state: Tablet not RUNNING: NOT_STARTED. Retrying in the next heartbeat period. Already tried 242 times.
I1031 23:05:54.162991 5734 tablet.cc:1259] T 3eb1e56cad854272946b9a65dc35259b P 0f53a0d3ef7e44ebb0365c800752d5bd: Flush: entering phase 2 (starting to duplicate updates in new rowsets)
W1031 23:05:54.315008 5815 consensus_peers.cc:357] T b4e182b626554f3597d5c733c80997e6 P 0f53a0d3ef7e44ebb0365c800752d5bd -> Peer 193181be29284287b25df2ee92938f0b (c3-kudu-tst-st08.bj:18700): Couldn't send request to peer 193181be29284287b25df2ee92938f0b for tablet b4e182b626554f3597d5c733c80997e6. Error code: TABLET_NOT_RUNNING (12). Status: Illegal state: Tablet not RUNNING: NOT_STARTED. Retrying in the next heartbeat period. Already tried 63 times.
I1031 23:05:54.390940 5734 tablet.cc:1314] T 3eb1e56cad854272946b9a65dc35259b P 0f53a0d3ef7e44ebb0365c800752d5bd: Flush Phase 2: carrying over any updates which arrived during Phase 1
I1031 23:05:54.391016 5734 tablet.cc:1316] T 3eb1e56cad854272946b9a65dc35259b P 0f53a0d3ef7e44ebb0365c800752d5bd: Phase 2 snapshot: MvccSnapshot[committed={T|T < 6182757722229637120 or (T in {6182757722229637120})}]
W1031 23:05:54.584168 5816 consensus_peers.cc:357] T 991306ec7acb449c89e5dd29d90e8d55 P 0f53a0d3ef7e44ebb0365c800752d5bd -> Peer 23f962e4a1744381ad5fa0d2d8b10241 (c3-kudu-tst-st07.bj:18700): Couldn't send request to peer 23f962e4a1744381ad5fa0d2d8b10241 for tablet 991306ec7acb449c89e5dd29d90e8d55. Error code: TABLET_NOT_RUNNING (12). Status: Illegal state: Tablet not RUNNING: NOT_STARTED. Retrying in the next heartbeat period. Already tried 183 times.
W1031 23:05:54.599925 5816 consensus_peers.cc:357] T fcde65c4e4cf4df29b9ef9884ce292b2 P 0f53a0d3ef7e44ebb0365c800752d5bd -> Peer 23f962e4a1744381ad5fa0d2d8b10241 (c3-kudu-tst-st07.bj:18700): Couldn't send request to peer 23f962e4a1744381ad5fa0d2d8b10241 for tablet fcde65c4e4cf4df29b9ef9884ce292b2. Error code: TABLET_NOT_RUNNING (12). Status: Illegal state: Tablet not RUNNING: NOT_STARTED. Retrying in the next heartbeat period. Already tried 243 times.
W1031 23:05:54.815161 5815 consensus_peers.cc:357] T b4e182b626554f3597d5c733c80997e6 P 0f53a0d3ef7e44ebb0365c800752d5bd -> Peer 193181be29284287b25df2ee92938f0b (c3-kudu-tst-st08.bj:18700): Couldn't send request to peer 193181be29284287b25df2ee92938f0b for tablet b4e182b626554f3597d5c733c80997e6. Error code: TABLET_NOT_RUNNING (12). Status: Illegal state: Tablet not RUNNING: NOT_STARTED. Retrying in the next heartbeat period. Already tried 64 times.
I1031 23:05:54.865501 5734 tablet.cc:1358] T 3eb1e56cad854272946b9a65dc35259b P 0f53a0d3ef7e44ebb0365c800752d5bd: Flush successful on 10 rows (4330 bytes)
I1031 23:05:54.865602 5734 maintenance_manager.cc:419] Time spent running FlushMRSOp(3eb1e56cad854272946b9a65dc35259b): real 1.189s user 0.815s sys 0.005s
I1031 23:05:54.865768 5734 maintenance_manager.cc:425] P 0f53a0d3ef7e44ebb0365c800752d5bd: FlushMRSOp(3eb1e56cad854272946b9a65dc35259b) metrics: {"cfile_init":1,"fdatasync":11,"fdatasync_us":305890,"lbm_read_time_us":6,"lbm_reads_lt_1ms":4,"lbm_write_time_us":13613,"lbm_writes_10-100_ms":1,"lbm_writes_lt_1ms":25,"tcmalloc_contention_cycles":480896}
W1031 23:05:55.084120 5816 consensus_peers.cc:357] T 991306ec7acb449c89e5dd29d90e8d55 P 0f53a0d3ef7e44ebb0365c800752d5bd -> Peer 23f962e4a1744381ad5fa0d2d8b10241 (c3-kudu-tst-st07.bj:18700): Couldn't send request to peer 23f962e4a1744381ad5fa0d2d8b10241 for tablet 991306ec7acb449c89e5dd29d90e8d55. Error code: TABLET_NOT_RUNNING (12). Status: Illegal state: Tablet not RUNNING: NOT_STARTED. Retrying in the next heartbeat period. Already tried 184 times.
W1031 23:05:55.099998 5816 consensus_peers.cc:357] T fcde65c4e4cf4df29b9ef9884ce292b2 P 0f53a0d3ef7e44ebb0365c800752d5bd -> Peer 23f962e4a1744381ad5fa0d2d8b10241 (c3-kudu-tst-st07.bj:18700): Couldn't send request to peer 23f962e4a1744381ad5fa0d2d8b10241 for tablet fcde65c4e4cf4df29b9ef9884ce292b2. Error code: TABLET_NOT_RUNNING (12). Status: Illegal state: Tablet not RUNNING: NOT_STARTED. Retrying in the next heartbeat period. Already tried 244 times.
W1031 23:05:55.315237 5815 consensus_peers.cc:357] T b4e182b626554f3597d5c733c80997e6 P 0f53a0d3ef7e44ebb0365c800752d5bd -> Peer 193181be29284287b25df2ee92938f0b (c3-kudu-tst-st08.bj:18700): Couldn't send request to peer 193181be29284287b25df2ee92938f0b for tablet b4e182b626554f3597d5c733c80997e6. Error code: TABLET_NOT_RUNNING (12). Status: Illegal state: Tablet not RUNNING: NOT_STARTED. Retrying in the next heartbeat period. Already tried 65 times.
W1031 23:05:55.584264 5816 consensus_peers.cc:357] T 991306ec7acb449c89e5dd29d90e8d55 P 0f53a0d3ef7e44ebb0365c800752d5bd -> Peer 23f962e4a1744381ad5fa0d2d8b10241 (c3-kudu-tst-st07.bj:18700): Couldn't send request to peer 23f962e4a1744381ad5fa0d2d8b10241 for tablet 991306ec7acb449c89e5dd29d90e8d55. Error code: TABLET_NOT_RUNNING (12). Status: Illegal state: Tablet not RUNNING: NOT_STARTED. Retrying in the next heartbeat period. Already tried 185 times.
W1031 23:05:55.600177 5816 consensus_peers.cc:357] T fcde65c4e4cf4df29b9ef9884ce292b2 P 0f53a0d3ef7e44ebb0365c800752d5bd -> Peer 23f962e4a1744381ad5fa0d2d8b10241 (c3-kudu-tst-st07.bj:18700): Couldn't send request to peer 23f962e4a1744381ad5fa0d2d8b10241 for tablet fcde65c4e4cf4df29b9ef9884ce292b2. Error code: TABLET_NOT_RUNNING (12). Status: Illegal state: Tablet not RUNNING: NOT_STARTED. Retrying in the next heartbeat period. Already tried 245 times.
W1031 23:05:55.815326 5815 consensus_peers.cc:357] T b4e182b626554f3597d5c733c80997e6 P 0f53a0d3ef7e44ebb0365c800752d5bd -> Peer 193181be29284287b25df2ee92938f0b (c3-kudu-tst-st08.bj:18700): Couldn't send request to peer 193181be29284287b25df2ee92938f0b for tablet b4e182b626554f3597d5c733c80997e6. Error code: TABLET_NOT_RUNNING (12). Status: Illegal state: Tablet not RUNNING: NOT_STARTED. Retrying in the next heartbeat period. Already tried 66 times.
W1031 23:05:56.084314 5816 consensus_peers.cc:357] T 991306ec7acb449c89e5dd29d90e8d55 P 0f53a0d3ef7e44ebb0365c800752d5bd -> Peer 23f962e4a1744381ad5fa0d2d8b10241 (c3-kudu-tst-st07.bj:18700): Couldn't send request to peer 23f962e4a1744381ad5fa0d2d8b10241 for tablet 991306ec7acb449c89e5dd29d90e8d55. Error code: TABLET_NOT_RUNNING (12). Status: Illegal state: Tablet not RUNNING: NOT_STARTED. Retrying in the next heartbeat period. Already tried 186 times.
W1031 23:05:56.100261 5816 consensus_peers.cc:357] T fcde65c4e4cf4df29b9ef9884ce292b2 P 0f53a0d3ef7e44ebb0365c800752d5bd -> Peer 23f962e4a1744381ad5fa0d2d8b10241 (c3-kudu-tst-st07.bj:18700): Couldn't send request to peer 23f962e4a1744381ad5fa0d2d8b10241 for tablet fcde65c4e4cf4df29b9ef9884ce292b2. Error code: TABLET_NOT_RUNNING (12). Status: Illegal state: Tablet not RUNNING: NOT_STARTED. Retrying in the next heartbeat period. Already tried 246 times.
W1031 23:05:56.315484 5815 consensus_peers.cc:357] T b4e182b626554f3597d5c733c80997e6 P 0f53a0d3ef7e44ebb0365c800752d5bd -> Peer 193181be29284287b25df2ee92938f0b (c3-kudu-tst-st08.bj:18700): Couldn't send request to peer 193181be29284287b25df2ee92938f0b for tablet b4e182b626554f3597d5c733c80997e6. Error code: TABLET_NOT_RUNNING (12). Status: Illegal state: Tablet not RUNNING: NOT_STARTED. Retrying in the next heartbeat period. Already tried 67 times.
W1031 23:05:56.584388 5816 consensus_peers.cc:357] T 991306ec7acb449c89e5dd29d90e8d55 P 0f53a0d3ef7e44ebb0365c800752d5bd -> Peer 23f962e4a1744381ad5fa0d2d8b10241 (c3-kudu-tst-st07.bj:18700): Couldn't send request to peer 23f962e4a1744381ad5fa0d2d8b10241 for tablet 991306ec7acb449c89e5dd29d90e8d55. Error code: TABLET_NOT_RUNNING (12). Status: Illegal state: Tablet not RUNNING: NOT_STARTED. Retrying in the next heartbeat period. Already tried 187 times.
W1031 23:05:56.600329 5816 consensus_peers.cc:357] T fcde65c4e4cf4df29b9ef9884ce292b2 P 0f53a0d3ef7e44ebb0365c800752d5bd -> Peer 23f962e4a1744381ad5fa0d2d8b10241 (c3-kudu-tst-st07.bj:18700): Couldn't send request to peer 23f962e4a1744381ad5fa0d2d8b10241 for tablet fcde65c4e4cf4df29b9ef9884ce292b2. Error code: TABLET_NOT_RUNNING (12). Status: Illegal state: Tablet not RUNNING: NOT_STARTED. Retrying in the next heartbeat period. Already tried 247 times.
W1031 23:05:56.815505 5815 consensus_peers.cc:357] T b4e182b626554f3597d5c733c80997e6 P 0f53a0d3ef7e44ebb0365c800752d5bd -> Peer 193181be29284287b25df2ee92938f0b (c3-kudu-tst-st08.bj:18700): Couldn't send request to peer 193181be29284287b25df2ee92938f0b for tablet b4e182b626554f3597d5c733c80997e6. Error code: TABLET_NOT_RUNNING (12). Status: Illegal state: Tablet not RUNNING: NOT_STARTED. Retrying in the next heartbeat period. Already tried 68 times.
W1031 23:05:57.084499 5816 consensus_peers.cc:357] T 991306ec7acb449c89e5dd29d90e8d55 P 0f53a0d3ef7e44ebb0365c800752d5bd -> Peer 23f962e4a1744381ad5fa0d2d8b10241 (c3-kudu-tst-st07.bj:18700): Couldn't send request to peer 23f962e4a1744381ad5fa0d2d8b10241 for tablet 991306ec7acb449c89e5dd29d90e8d55. Error code: TABLET_NOT_RUNNING (12). Status: Illegal state: Tablet not RUNNING: NOT_STARTED. Retrying in the next heartbeat period. Already tried 188 times.
W1031 23:05:57.100380 5816 consensus_peers.cc:357] T fcde65c4e4cf4df29b9ef9884ce292b2 P 0f53a0d3ef7e44ebb0365c800752d5bd -> Peer 23f962e4a1744381ad5fa0d2d8b10241 (c3-kudu-tst-st07.bj:18700): Couldn't send request to peer 23f962e4a1744381ad5fa0d2d8b10241 for tablet fcde65c4e4cf4df29b9ef9884ce292b2. Error code: TABLET_NOT_RUNNING (12). Status: Illegal state: Tablet not RUNNING: NOT_STARTED. Retrying in the next heartbeat period. Already tried 248 times.
W1031 23:05:57.315551 5815 consensus_peers.cc:357] T b4e182b626554f3597d5c733c80997e6 P 0f53a0d3ef7e44ebb0365c800752d5bd -> Peer 193181be29284287b25df2ee92938f0b (c3-kudu-tst-st08.bj:18700): Couldn't send request to peer 193181be29284287b25df2ee92938f0b for tablet b4e182b626554f3597d5c733c80997e6. Error code: TABLET_NOT_RUNNING (12). Status: Illegal state: Tablet not RUNNING: NOT_STARTED. Retrying in the next heartbeat period. Already tried 69 times.
W1031 23:05:57.584591 5816 consensus_peers.cc:357] T 991306ec7acb449c89e5dd29d90e8d55 P 0f53a0d3ef7e44ebb0365c800752d5bd -> Peer 23f962e4a1744381ad5fa0d2d8b10241 (c3-kudu-tst-st07.bj:18700): Couldn't send request to peer 23f962e4a1744381ad5fa0d2d8b10241 for tablet 991306ec7acb449c89e5dd29d90e8d55. Error code: TABLET_NOT_RUNNING (12). Status: Illegal state: Tablet not RUNNING: NOT_STARTED. Retrying in the next heartbeat period. Already tried 189 times.
W1031 23:05:57.600430 5816 consensus_peers.cc:357] T fcde65c4e4cf4df29b9ef9884ce292b2 P 0f53a0d3ef7e44ebb0365c800752d5bd -> Peer 23f962e4a1744381ad5fa0d2d8b10241 (c3-kudu-tst-st07.bj:18700): Couldn't send request to peer 23f962e4a1744381ad5fa0d2d8b10241 for tablet fcde65c4e4cf4df29b9ef9884ce292b2. Error code: TABLET_NOT_RUNNING (12). Status: Illegal state: Tablet not RUNNING: NOT_STARTED. Retrying in the next heartbeat period. Already tried 249 times.
W1031 23:05:57.815639 5815 consensus_peers.cc:357] T b4e182b626554f3597d5c733c80997e6 P 0f53a0d3ef7e44ebb0365c800752d5bd -> Peer 193181be29284287b25df2ee92938f0b (c3-kudu-tst-st08.bj:18700): Couldn't send request to peer 193181be29284287b25df2ee92938f0b for tablet b4e182b626554f3597d5c733c80997e6. Error code: TABLET_NOT_RUNNING (12). Status: Illegal state: Tablet not RUNNING: NOT_STARTED. Retrying in the next heartbeat period. Already tried 70 times.
I1031 23:05:57.965672 34590 raft_consensus.cc:411] T 117cd74bcdab4942901acb0005cdd702 P 0f53a0d3ef7e44ebb0365c800752d5bd [term 0 FOLLOWER]: Starting pre-election (no leader contacted us within the election timeout)
I1031 23:05:57.965723 34590 raft_consensus.cc:2162] T 117cd74bcdab4942901acb0005cdd702 P 0f53a0d3ef7e44ebb0365c800752d5bd [term 0 FOLLOWER]: Snoozing failure detection for election timeout plus an additional 11.263s
I1031 23:05:57.965783 34590 raft_consensus.cc:435] T 117cd74bcdab4942901acb0005cdd702 P 0f53a0d3ef7e44ebb0365c800752d5bd [term 0 FOLLOWER]: Starting pre-election with config: opid_index: -1 OBSOLETE_local: false peers { permanent_uuid: "625f49b9554549e6a5c3a92b76e576cf" member_type: VOTER last_known_addr { host: "c3-kudu-tst-st10.bj" port: 18700 } } peers { permanent_uuid: "0a8bbcbbb5a6459aa5258464755db3bb" member_type: VOTER last_known_addr { host: "c3-kudu-tst-st02.bj" port: 18700 } } peers { permanent_uuid: "0f53a0d3ef7e44ebb0365c800752d5bd" member_type: VOTER last_known_addr { host: "c3-kudu-tst-st01.bj" port: 18700 } }
I1031 23:05:57.966501 34590 leader_election.cc:216] T 117cd74bcdab4942901acb0005cdd702 P 0f53a0d3ef7e44ebb0365c800752d5bd [CANDIDATE]: Term 1 pre-election: Requesting pre-vote from peer 625f49b9554549e6a5c3a92b76e576cf
I1031 23:05:57.966557 34590 leader_election.cc:216] T 117cd74bcdab4942901acb0005cdd702 P 0f53a0d3ef7e44ebb0365c800752d5bd [CANDIDATE]: Term 1 pre-election: Requesting pre-vote from peer 0a8bbcbbb5a6459aa5258464755db3bb
W1031 23:05:57.966758 5814 leader_election.cc:278] T 117cd74bcdab4942901acb0005cdd702 P 0f53a0d3ef7e44ebb0365c800752d5bd [CANDIDATE]: Term 1 pre-election: Tablet error from VoteRequest() call to peer 625f49b9554549e6a5c3a92b76e576cf: Not found: Tablet not found
W1031 23:05:57.966806 5816 leader_election.cc:278] T 117cd74bcdab4942901acb0005cdd702 P 0f53a0d3ef7e44ebb0365c800752d5bd [CANDIDATE]: Term 1 pre-election: Tablet error from VoteRequest() call to peer 0a8bbcbbb5a6459aa5258464755db3bb: Not found: Tablet not found
I1031 23:05:57.966827 5816 leader_election.cc:243] T 117cd74bcdab4942901acb0005cdd702 P 0f53a0d3ef7e44ebb0365c800752d5bd [CANDIDATE]: Term 1 pre-election: Election decided. Result: candidate lost.
I1031 23:05:57.967083 35245 raft_consensus.cc:2162] T 117cd74bcdab4942901acb0005cdd702 P 0f53a0d3ef7e44ebb0365c800752d5bd [term 0 FOLLOWER]: Snoozing failure detection for election timeout plus an additional 13.600s
I1031 23:05:57.967100 35245 raft_consensus.cc:1908] T 117cd74bcdab4942901acb0005cdd702 P 0f53a0d3ef7e44ebb0365c800752d5bd [term 0 FOLLOWER]: Leader pre-election lost for term 1. Reason: could not achieve majority
W1031 23:05:58.084529 5816 consensus_peers.cc:357] T 991306ec7acb449c89e5dd29d90e8d55 P 0f53a0d3ef7e44ebb0365c800752d5bd -> Peer 23f962e4a1744381ad5fa0d2d8b10241 (c3-kudu-tst-st07.bj:18700): Couldn't send request to peer 23f962e4a1744381ad5fa0d2d8b10241 for tablet 991306ec7acb449c89e5dd29d90e8d55. Error code: TABLET_NOT_RUNNING (12). Status: Illegal state: Tablet not RUNNING: NOT_STARTED. Retrying in the next heartbeat period. Already tried 190 times.
W1031 23:05:58.100580 5816 consensus_peers.cc:357] T fcde65c4e4cf4df29b9ef9884ce292b2 P 0f53a0d3ef7e44ebb0365c800752d5bd -> Peer 23f962e4a1744381ad5fa0d2d8b10241 (c3-kudu-tst-st07.bj:18700): Couldn't send request to peer 23f962e4a1744381ad5fa0d2d8b10241 for tablet fcde65c4e4cf4df29b9ef9884ce292b2. Error code: TABLET_NOT_RUNNING (12). Status: Illegal state: Tablet not RUNNING: NOT_STARTED. Retrying in the next heartbeat period. Already tried 250 times.
I1031 23:05:58.273815 5853 tablet_service.cc:691] Processing DeleteTablet for tablet 117cd74bcdab4942901acb0005cdd702 with delete_type TABLET_DATA_DELETED (Replaced by acb401e40e7049fbbfdbeb40474353d9 at 2017-10-31 23:04:52 CST) from {username='work'} at 10.108.187.10:53997
I1031 23:05:58.273851 5853 tablet_peer.cc:221] Initiating TabletPeer shutdown for tablet: 117cd74bcdab4942901acb0005cdd702
I1031 23:05:58.312867 5857 tablet_service.cc:691] Processing DeleteTablet for tablet 6a813ca355f749b6b31a773aa0f2ac7a with delete_type TABLET_DATA_DELETED (Replaced by 582c1281bf5147b2bd40c9a950a1152f at 2017-10-31 23:04:22 CST) from {username='work'} at 10.108.187.10:53997
W1031 23:05:58.315769 5815 consensus_peers.cc:357] T b4e182b626554f3597d5c733c80997e6 P 0f53a0d3ef7e44ebb0365c800752d5bd -> Peer 193181be29284287b25df2ee92938f0b (c3-kudu-tst-st08.bj:18700): Couldn't send request to peer 193181be29284287b25df2ee92938f0b for tablet b4e182b626554f3597d5c733c80997e6. Error code: TABLET_NOT_RUNNING (12). Status: Illegal state: Tablet not RUNNING: NOT_STARTED. Retrying in the next heartbeat period. Already tried 71 times.
I1031 23:05:58.330807 5857 tablet_service.cc:691] Processing DeleteTablet for tablet bff7dab34ccd4b42842077e82106f6fb with delete_type TABLET_DATA_DELETED (Replaced by 005a48fb466c4a52896842dd00124755 at 2017-10-31 23:04:52 CST) from {username='work'} at 10.108.187.10:53997
I1031 23:05:58.330828 5857 tablet_peer.cc:221] Initiating TabletPeer shutdown for tablet: bff7dab34ccd4b42842077e82106f6fb
I1031 23:05:58.378032 5861 tablet_service.cc:691] Processing DeleteTablet for tablet 56155a2adc24450d89e338cc955bfa18 with delete_type TABLET_DATA_DELETED (Replaced by 80ba7f33ec864c5f96c61932edb5cdc4 at 2017-10-31 23:04:52 CST) from {username='work'} at 10.108.187.10:53997
I1031 23:05:58.378118 5861 tablet_peer.cc:221] Initiating TabletPeer shutdown for tablet: 56155a2adc24450d89e338cc955bfa18
W1031 23:05:58.584717 5816 consensus_peers.cc:357] T 991306ec7acb449c89e5dd29d90e8d55 P 0f53a0d3ef7e44ebb0365c800752d5bd -> Peer 23f962e4a1744381ad5fa0d2d8b10241 (c3-kudu-tst-st07.bj:18700): Couldn't send request to peer 23f962e4a1744381ad5fa0d2d8b10241 for tablet 991306ec7acb449c89e5dd29d90e8d55. Error code: TABLET_NOT_RUNNING (12). Status: Illegal state: Tablet not RUNNING: NOT_STARTED. Retrying in the next heartbeat period. Already tried 191 times.
W1031 23:05:58.600558 5816 consensus_peers.cc:357] T fcde65c4e4cf4df29b9ef9884ce292b2 P 0f53a0d3ef7e44ebb0365c800752d5bd -> Peer 23f962e4a1744381ad5fa0d2d8b10241 (c3-kudu-tst-st07.bj:18700): Couldn't send request to peer 23f962e4a1744381ad5fa0d2d8b10241 for tablet fcde65c4e4cf4df29b9ef9884ce292b2. Error code: TABLET_NOT_RUNNING (12). Status: Illegal state: Tablet not RUNNING: NOT_STARTED. Retrying in the next heartbeat period. Already tried 251 times.
W1031 23:05:58.815770 5815 consensus_peers.cc:357] T b4e182b626554f3597d5c733c80997e6 P 0f53a0d3ef7e44ebb0365c800752d5bd -> Peer 193181be29284287b25df2ee92938f0b (c3-kudu-tst-st08.bj:18700): Couldn't send request to peer 193181be29284287b25df2ee92938f0b for tablet b4e182b626554f3597d5c733c80997e6. Error code: TABLET_NOT_RUNNING (12). Status: Illegal state: Tablet not RUNNING: NOT_STARTED. Retrying in the next heartbeat period. Already tried 72 times.
W1031 23:05:59.084785 5816 consensus_peers.cc:357] T 991306ec7acb449c89e5dd29d90e8d55 P 0f53a0d3ef7e44ebb0365c800752d5bd -> Peer 23f962e4a1744381ad5fa0d2d8b10241 (c3-kudu-tst-st07.bj:18700): Couldn't send request to peer 23f962e4a1744381ad5fa0d2d8b10241 for tablet 991306ec7acb449c89e5dd29d90e8d55. Error code: TABLET_NOT_RUNNING (12). Status: Illegal state: Tablet not RUNNING: NOT_STARTED. Retrying in the next heartbeat period. Already tried 192 times.
W1031 23:05:59.100683 5816 consensus_peers.cc:357] T fcde65c4e4cf4df29b9ef9884ce292b2 P 0f53a0d3ef7e44ebb0365c800752d5bd -> Peer 23f962e4a1744381ad5fa0d2d8b10241 (c3-kudu-tst-st07.bj:18700): Couldn't send request to peer 23f962e4a1744381ad5fa0d2d8b10241 for tablet fcde65c4e4cf4df29b9ef9884ce292b2. Error code: TABLET_NOT_RUNNING (12). Status: Illegal state: Tablet not RUNNING: NOT_STARTED. Retrying in the next heartbeat period. Already tried 252 times.
W1031 23:05:59.315829 5815 consensus_peers.cc:357] T b4e182b626554f3597d5c733c80997e6 P 0f53a0d3ef7e44ebb0365c800752d5bd -> Peer 193181be29284287b25df2ee92938f0b (c3-kudu-tst-st08.bj:18700): Couldn't send request to peer 193181be29284287b25df2ee92938f0b for tablet b4e182b626554f3597d5c733c80997e6. Error code: TABLET_NOT_RUNNING (12). Status: Illegal state: Tablet not RUNNING: NOT_STARTED. Retrying in the next heartbeat period. Already tried 73 times.
W1031 23:05:59.584925 5816 consensus_peers.cc:357] T 991306ec7acb449c89e5dd29d90e8d55 P 0f53a0d3ef7e44ebb0365c800752d5bd -> Peer 23f962e4a1744381ad5fa0d2d8b10241 (c3-kudu-tst-st07.bj:18700): Couldn't send request to peer 23f962e4a1744381ad5fa0d2d8b10241 for tablet 991306ec7acb449c89e5dd29d90e8d55. Error code: TABLET_NOT_RUNNING (12). Status: Illegal state: Tablet not RUNNING: NOT_STARTED. Retrying in the next heartbeat period. Already tried 193 times.
W1031 23:05:59.600733 5816 consensus_peers.cc:357] T fcde65c4e4cf4df29b9ef9884ce292b2 P 0f53a0d3ef7e44ebb0365c800752d5bd -> Peer 23f962e4a1744381ad5fa0d2d8b10241 (c3-kudu-tst-st07.bj:18700): Couldn't send request to peer 23f962e4a1744381ad5fa0d2d8b10241 for tablet fcde65c4e4cf4df29b9ef9884ce292b2. Error code: TABLET_NOT_RUNNING (12). Status: Illegal state: Tablet not RUNNING: NOT_STARTED. Retrying in the next heartbeat period. Already tried 253 times.
W1031 23:05:59.815922 5815 consensus_peers.cc:357] T b4e182b626554f3597d5c733c80997e6 P 0f53a0d3ef7e44ebb0365c800752d5bd -> Peer 193181be29284287b25df2ee92938f0b (c3-kudu-tst-st08.bj:18700): Couldn't send request to peer 193181be29284287b25df2ee92938f0b for tablet b4e182b626554f3597d5c733c80997e6. Error code: TABLET_NOT_RUNNING (12). Status: Illegal state: Tablet not RUNNING: NOT_STARTED. Retrying in the next heartbeat period. Already tried 74 times.
