I1031 23:04:23.249707 34581 raft_consensus.cc:411] T 991306ec7acb449c89e5dd29d90e8d55 P 0f53a0d3ef7e44ebb0365c800752d5bd [term 0 FOLLOWER]: Starting leader election (no leader contacted us within the election timeout)
I1031 23:04:23.249729 34581 raft_consensus.cc:2162] T 991306ec7acb449c89e5dd29d90e8d55 P 0f53a0d3ef7e44ebb0365c800752d5bd [term 0 FOLLOWER]: Snoozing failure detection for election timeout plus an additional 1.647s
I1031 23:04:23.249737 34581 raft_consensus.cc:2206] T 991306ec7acb449c89e5dd29d90e8d55 P 0f53a0d3ef7e44ebb0365c800752d5bd [term 0 FOLLOWER]: Advancing to term 1
I1031 23:04:23.250430 34581 raft_consensus.cc:435] T 991306ec7acb449c89e5dd29d90e8d55 P 0f53a0d3ef7e44ebb0365c800752d5bd [term 1 FOLLOWER]: Starting leader election with config: opid_index: -1 OBSOLETE_local: false peers { permanent_uuid: "0f53a0d3ef7e44ebb0365c800752d5bd" member_type: VOTER last_known_addr { host: "c3-kudu-tst-st01.bj" port: 18700 } } peers { permanent_uuid: "daba39963d4346e1816089fd3a5442b5" member_type: VOTER last_known_addr { host: "c3-kudu-tst-st09.bj" port: 18700 } } peers { permanent_uuid: "23f962e4a1744381ad5fa0d2d8b10241" member_type: VOTER last_known_addr { host: "c3-kudu-tst-st07.bj" port: 18700 } }
I1031 23:04:23.250918 34581 leader_election.cc:216] T 991306ec7acb449c89e5dd29d90e8d55 P 0f53a0d3ef7e44ebb0365c800752d5bd [CANDIDATE]: Term 1 election: Requesting vote from peer daba39963d4346e1816089fd3a5442b5
I1031 23:04:23.250957 34581 leader_election.cc:216] T 991306ec7acb449c89e5dd29d90e8d55 P 0f53a0d3ef7e44ebb0365c800752d5bd [CANDIDATE]: Term 1 election: Requesting vote from peer 23f962e4a1744381ad5fa0d2d8b10241
W1031 23:04:23.251226 5816 leader_election.cc:278] T 991306ec7acb449c89e5dd29d90e8d55 P 0f53a0d3ef7e44ebb0365c800752d5bd [CANDIDATE]: Term 1 election: Tablet error from VoteRequest() call to peer 23f962e4a1744381ad5fa0d2d8b10241: Illegal state: Tablet not RUNNING: NOT_STARTED
I1031 23:04:23.251823 5813 leader_election.cc:348] T 991306ec7acb449c89e5dd29d90e8d55 P 0f53a0d3ef7e44ebb0365c800752d5bd [CANDIDATE]: Term 1 election: Vote granted by peer daba39963d4346e1816089fd3a5442b5
I1031 23:04:23.251837 5813 leader_election.cc:243] T 991306ec7acb449c89e5dd29d90e8d55 P 0f53a0d3ef7e44ebb0365c800752d5bd [CANDIDATE]: Term 1 election: Election decided. Result: candidate won.
I1031 23:04:23.251873 34581 raft_consensus.cc:2162] T 991306ec7acb449c89e5dd29d90e8d55 P 0f53a0d3ef7e44ebb0365c800752d5bd [term 1 FOLLOWER]: Snoozing failure detection for election timeout plus an additional 2.043s
I1031 23:04:23.251888 34581 raft_consensus.cc:1971] T 991306ec7acb449c89e5dd29d90e8d55 P 0f53a0d3ef7e44ebb0365c800752d5bd [term 1 FOLLOWER]: Leader election won for term 1
I1031 23:04:23.252166 34581 raft_consensus.cc:518] T 991306ec7acb449c89e5dd29d90e8d55 P 0f53a0d3ef7e44ebb0365c800752d5bd [term 1 LEADER]: Becoming Leader. State: Replica: 0f53a0d3ef7e44ebb0365c800752d5bd, State: 1, Role: LEADER
I1031 23:04:23.252241 34581 consensus_queue.cc:158] T 991306ec7acb449c89e5dd29d90e8d55 P 0f53a0d3ef7e44ebb0365c800752d5bd [LEADER]: Queue going to LEADER mode. State: All replicated index: 0, Majority replicated index: 0, Committed index: 0, Last appended: 0.0, Current term: 1, Majority size: 2, State: 1, Mode: LEADER, active raft config: opid_index: -1 OBSOLETE_local: false peers { permanent_uuid: "0f53a0d3ef7e44ebb0365c800752d5bd" member_type: VOTER last_known_addr { host: "c3-kudu-tst-st01.bj" port: 18700 } } peers { permanent_uuid: "daba39963d4346e1816089fd3a5442b5" member_type: VOTER last_known_addr { host: "c3-kudu-tst-st09.bj" port: 18700 } } peers { permanent_uuid: "23f962e4a1744381ad5fa0d2d8b10241" member_type: VOTER last_known_addr { host: "c3-kudu-tst-st07.bj" port: 18700 } }
W1031 23:04:23.337859 5816 consensus_peers.cc:357] T 648eb376255a4dd4bb5818262efcc813 P 0f53a0d3ef7e44ebb0365c800752d5bd -> Peer 0a8bbcbbb5a6459aa5258464755db3bb (c3-kudu-tst-st02.bj:18700): Couldn't send request to peer 0a8bbcbbb5a6459aa5258464755db3bb for tablet 648eb376255a4dd4bb5818262efcc813. Error code: TABLET_NOT_RUNNING (12). Status: Illegal state: Tablet not RUNNING: NOT_STARTED. Retrying in the next heartbeat period. Already tried 61 times.
W1031 23:04:23.585410 5816 consensus_peers.cc:357] T fcde65c4e4cf4df29b9ef9884ce292b2 P 0f53a0d3ef7e44ebb0365c800752d5bd -> Peer 23f962e4a1744381ad5fa0d2d8b10241 (c3-kudu-tst-st07.bj:18700): Couldn't send request to peer 23f962e4a1744381ad5fa0d2d8b10241 for tablet fcde65c4e4cf4df29b9ef9884ce292b2. Error code: TABLET_NOT_RUNNING (12). Status: Illegal state: Tablet not RUNNING: NOT_STARTED. Retrying in the next heartbeat period. Already tried 61 times.
I1031 23:04:23.753021 34581 consensus_queue.cc:695] T 991306ec7acb449c89e5dd29d90e8d55 P 0f53a0d3ef7e44ebb0365c800752d5bd [LEADER]: Connected to new peer: Peer: daba39963d4346e1816089fd3a5442b5, Is new: false, Last received: 0.0, Next index: 1, Last known committed idx: 0, Last exchange result: ERROR, Needs tablet copy: false
W1031 23:04:23.753427 5816 consensus_peers.cc:357] T 991306ec7acb449c89e5dd29d90e8d55 P 0f53a0d3ef7e44ebb0365c800752d5bd -> Peer 23f962e4a1744381ad5fa0d2d8b10241 (c3-kudu-tst-st07.bj:18700): Couldn't send request to peer 23f962e4a1744381ad5fa0d2d8b10241 for tablet 991306ec7acb449c89e5dd29d90e8d55. Error code: TABLET_NOT_RUNNING (12). Status: Illegal state: Tablet not RUNNING: NOT_STARTED. Retrying in the next heartbeat period. Already tried 1 times.
W1031 23:04:23.837947 5816 consensus_peers.cc:357] T 648eb376255a4dd4bb5818262efcc813 P 0f53a0d3ef7e44ebb0365c800752d5bd -> Peer 0a8bbcbbb5a6459aa5258464755db3bb (c3-kudu-tst-st02.bj:18700): Couldn't send request to peer 0a8bbcbbb5a6459aa5258464755db3bb for tablet 648eb376255a4dd4bb5818262efcc813. Error code: TABLET_NOT_RUNNING (12). Status: Illegal state: Tablet not RUNNING: NOT_STARTED. Retrying in the next heartbeat period. Already tried 62 times.
W1031 23:04:24.085512 5816 consensus_peers.cc:357] T fcde65c4e4cf4df29b9ef9884ce292b2 P 0f53a0d3ef7e44ebb0365c800752d5bd -> Peer 23f962e4a1744381ad5fa0d2d8b10241 (c3-kudu-tst-st07.bj:18700): Couldn't send request to peer 23f962e4a1744381ad5fa0d2d8b10241 for tablet fcde65c4e4cf4df29b9ef9884ce292b2. Error code: TABLET_NOT_RUNNING (12). Status: Illegal state: Tablet not RUNNING: NOT_STARTED. Retrying in the next heartbeat period. Already tried 62 times.
W1031 23:04:24.253568 5816 consensus_peers.cc:357] T 991306ec7acb449c89e5dd29d90e8d55 P 0f53a0d3ef7e44ebb0365c800752d5bd -> Peer 23f962e4a1744381ad5fa0d2d8b10241 (c3-kudu-tst-st07.bj:18700): Couldn't send request to peer 23f962e4a1744381ad5fa0d2d8b10241 for tablet 991306ec7acb449c89e5dd29d90e8d55. Error code: TABLET_NOT_RUNNING (12). Status: Illegal state: Tablet not RUNNING: NOT_STARTED. Retrying in the next heartbeat period. Already tried 2 times.
W1031 23:04:24.338033 5816 consensus_peers.cc:357] T 648eb376255a4dd4bb5818262efcc813 P 0f53a0d3ef7e44ebb0365c800752d5bd -> Peer 0a8bbcbbb5a6459aa5258464755db3bb (c3-kudu-tst-st02.bj:18700): Couldn't send request to peer 0a8bbcbbb5a6459aa5258464755db3bb for tablet 648eb376255a4dd4bb5818262efcc813. Error code: TABLET_NOT_RUNNING (12). Status: Illegal state: Tablet not RUNNING: NOT_STARTED. Retrying in the next heartbeat period. Already tried 63 times.
W1031 23:04:24.570755 5816 consensus_peers.cc:357] T 991306ec7acb449c89e5dd29d90e8d55 P 0f53a0d3ef7e44ebb0365c800752d5bd -> Peer 23f962e4a1744381ad5fa0d2d8b10241 (c3-kudu-tst-st07.bj:18700): Couldn't send request to peer 23f962e4a1744381ad5fa0d2d8b10241 for tablet 991306ec7acb449c89e5dd29d90e8d55. Error code: TABLET_NOT_RUNNING (12). Status: Illegal state: Tablet not RUNNING: NOT_STARTED. Retrying in the next heartbeat period. Already tried 3 times.
W1031 23:04:24.585475 5816 consensus_peers.cc:357] T fcde65c4e4cf4df29b9ef9884ce292b2 P 0f53a0d3ef7e44ebb0365c800752d5bd -> Peer 23f962e4a1744381ad5fa0d2d8b10241 (c3-kudu-tst-st07.bj:18700): Couldn't send request to peer 23f962e4a1744381ad5fa0d2d8b10241 for tablet fcde65c4e4cf4df29b9ef9884ce292b2. Error code: TABLET_NOT_RUNNING (12). Status: Illegal state: Tablet not RUNNING: NOT_STARTED. Retrying in the next heartbeat period. Already tried 63 times.
W1031 23:04:24.838049 5816 consensus_peers.cc:357] T 648eb376255a4dd4bb5818262efcc813 P 0f53a0d3ef7e44ebb0365c800752d5bd -> Peer 0a8bbcbbb5a6459aa5258464755db3bb (c3-kudu-tst-st02.bj:18700): Couldn't send request to peer 0a8bbcbbb5a6459aa5258464755db3bb for tablet 648eb376255a4dd4bb5818262efcc813. Error code: TABLET_NOT_RUNNING (12). Status: Illegal state: Tablet not RUNNING: NOT_STARTED. Retrying in the next heartbeat period. Already tried 64 times.
W1031 23:04:25.070783 5816 consensus_peers.cc:357] T 991306ec7acb449c89e5dd29d90e8d55 P 0f53a0d3ef7e44ebb0365c800752d5bd -> Peer 23f962e4a1744381ad5fa0d2d8b10241 (c3-kudu-tst-st07.bj:18700): Couldn't send request to peer 23f962e4a1744381ad5fa0d2d8b10241 for tablet 991306ec7acb449c89e5dd29d90e8d55. Error code: TABLET_NOT_RUNNING (12). Status: Illegal state: Tablet not RUNNING: NOT_STARTED. Retrying in the next heartbeat period. Already tried 4 times.
W1031 23:04:25.085602 5816 consensus_peers.cc:357] T fcde65c4e4cf4df29b9ef9884ce292b2 P 0f53a0d3ef7e44ebb0365c800752d5bd -> Peer 23f962e4a1744381ad5fa0d2d8b10241 (c3-kudu-tst-st07.bj:18700): Couldn't send request to peer 23f962e4a1744381ad5fa0d2d8b10241 for tablet fcde65c4e4cf4df29b9ef9884ce292b2. Error code: TABLET_NOT_RUNNING (12). Status: Illegal state: Tablet not RUNNING: NOT_STARTED. Retrying in the next heartbeat period. Already tried 64 times.
W1031 23:04:25.338165 5816 consensus_peers.cc:357] T 648eb376255a4dd4bb5818262efcc813 P 0f53a0d3ef7e44ebb0365c800752d5bd -> Peer 0a8bbcbbb5a6459aa5258464755db3bb (c3-kudu-tst-st02.bj:18700): Couldn't send request to peer 0a8bbcbbb5a6459aa5258464755db3bb for tablet 648eb376255a4dd4bb5818262efcc813. Error code: TABLET_NOT_RUNNING (12). Status: Illegal state: Tablet not RUNNING: NOT_STARTED. Retrying in the next heartbeat period. Already tried 65 times.
W1031 23:04:25.570884 5816 consensus_peers.cc:357] T 991306ec7acb449c89e5dd29d90e8d55 P 0f53a0d3ef7e44ebb0365c800752d5bd -> Peer 23f962e4a1744381ad5fa0d2d8b10241 (c3-kudu-tst-st07.bj:18700): Couldn't send request to peer 23f962e4a1744381ad5fa0d2d8b10241 for tablet 991306ec7acb449c89e5dd29d90e8d55. Error code: TABLET_NOT_RUNNING (12). Status: Illegal state: Tablet not RUNNING: NOT_STARTED. Retrying in the next heartbeat period. Already tried 5 times.
W1031 23:04:25.585737 5816 consensus_peers.cc:357] T fcde65c4e4cf4df29b9ef9884ce292b2 P 0f53a0d3ef7e44ebb0365c800752d5bd -> Peer 23f962e4a1744381ad5fa0d2d8b10241 (c3-kudu-tst-st07.bj:18700): Couldn't send request to peer 23f962e4a1744381ad5fa0d2d8b10241 for tablet fcde65c4e4cf4df29b9ef9884ce292b2. Error code: TABLET_NOT_RUNNING (12). Status: Illegal state: Tablet not RUNNING: NOT_STARTED. Retrying in the next heartbeat period. Already tried 65 times.
W1031 23:04:25.838186 5816 consensus_peers.cc:357] T 648eb376255a4dd4bb5818262efcc813 P 0f53a0d3ef7e44ebb0365c800752d5bd -> Peer 0a8bbcbbb5a6459aa5258464755db3bb (c3-kudu-tst-st02.bj:18700): Couldn't send request to peer 0a8bbcbbb5a6459aa5258464755db3bb for tablet 648eb376255a4dd4bb5818262efcc813. Error code: TABLET_NOT_RUNNING (12). Status: Illegal state: Tablet not RUNNING: NOT_STARTED. Retrying in the next heartbeat period. Already tried 66 times.
I1031 23:04:26.014925 34585 raft_consensus.cc:411] T 56155a2adc24450d89e338cc955bfa18 P 0f53a0d3ef7e44ebb0365c800752d5bd [term 0 FOLLOWER]: Starting pre-election (no leader contacted us within the election timeout)
I1031 23:04:26.014966 34585 raft_consensus.cc:2162] T 56155a2adc24450d89e338cc955bfa18 P 0f53a0d3ef7e44ebb0365c800752d5bd [term 0 FOLLOWER]: Snoozing failure detection for election timeout plus an additional 1.968s
I1031 23:04:26.015029 34585 raft_consensus.cc:435] T 56155a2adc24450d89e338cc955bfa18 P 0f53a0d3ef7e44ebb0365c800752d5bd [term 0 FOLLOWER]: Starting pre-election with config: opid_index: -1 OBSOLETE_local: false peers { permanent_uuid: "625f49b9554549e6a5c3a92b76e576cf" member_type: VOTER last_known_addr { host: "c3-kudu-tst-st10.bj" port: 18700 } } peers { permanent_uuid: "193181be29284287b25df2ee92938f0b" member_type: VOTER last_known_addr { host: "c3-kudu-tst-st08.bj" port: 18700 } } peers { permanent_uuid: "0f53a0d3ef7e44ebb0365c800752d5bd" member_type: VOTER last_known_addr { host: "c3-kudu-tst-st01.bj" port: 18700 } }
I1031 23:04:26.015581 34585 leader_election.cc:216] T 56155a2adc24450d89e338cc955bfa18 P 0f53a0d3ef7e44ebb0365c800752d5bd [CANDIDATE]: Term 1 pre-election: Requesting pre-vote from peer 625f49b9554549e6a5c3a92b76e576cf
I1031 23:04:26.015609 34585 leader_election.cc:216] T 56155a2adc24450d89e338cc955bfa18 P 0f53a0d3ef7e44ebb0365c800752d5bd [CANDIDATE]: Term 1 pre-election: Requesting pre-vote from peer 193181be29284287b25df2ee92938f0b
W1031 23:04:26.015888 5814 leader_election.cc:278] T 56155a2adc24450d89e338cc955bfa18 P 0f53a0d3ef7e44ebb0365c800752d5bd [CANDIDATE]: Term 1 pre-election: Tablet error from VoteRequest() call to peer 625f49b9554549e6a5c3a92b76e576cf: Illegal state: Tablet not RUNNING: NOT_STARTED
W1031 23:04:26.015930 5815 leader_election.cc:278] T 56155a2adc24450d89e338cc955bfa18 P 0f53a0d3ef7e44ebb0365c800752d5bd [CANDIDATE]: Term 1 pre-election: Tablet error from VoteRequest() call to peer 193181be29284287b25df2ee92938f0b: Illegal state: Tablet not RUNNING: NOT_STARTED
I1031 23:04:26.015956 5815 leader_election.cc:243] T 56155a2adc24450d89e338cc955bfa18 P 0f53a0d3ef7e44ebb0365c800752d5bd [CANDIDATE]: Term 1 pre-election: Election decided. Result: candidate lost.
I1031 23:04:26.016167 34616 raft_consensus.cc:2162] T 56155a2adc24450d89e338cc955bfa18 P 0f53a0d3ef7e44ebb0365c800752d5bd [term 0 FOLLOWER]: Snoozing failure detection for election timeout plus an additional 2.210s
I1031 23:04:26.016185 34616 raft_consensus.cc:1908] T 56155a2adc24450d89e338cc955bfa18 P 0f53a0d3ef7e44ebb0365c800752d5bd [term 0 FOLLOWER]: Leader pre-election lost for term 1. Reason: could not achieve majority
W1031 23:04:26.070932 5816 consensus_peers.cc:357] T 991306ec7acb449c89e5dd29d90e8d55 P 0f53a0d3ef7e44ebb0365c800752d5bd -> Peer 23f962e4a1744381ad5fa0d2d8b10241 (c3-kudu-tst-st07.bj:18700): Couldn't send request to peer 23f962e4a1744381ad5fa0d2d8b10241 for tablet 991306ec7acb449c89e5dd29d90e8d55. Error code: TABLET_NOT_RUNNING (12). Status: Illegal state: Tablet not RUNNING: NOT_STARTED. Retrying in the next heartbeat period. Already tried 6 times.
W1031 23:04:26.085786 5816 consensus_peers.cc:357] T fcde65c4e4cf4df29b9ef9884ce292b2 P 0f53a0d3ef7e44ebb0365c800752d5bd -> Peer 23f962e4a1744381ad5fa0d2d8b10241 (c3-kudu-tst-st07.bj:18700): Couldn't send request to peer 23f962e4a1744381ad5fa0d2d8b10241 for tablet fcde65c4e4cf4df29b9ef9884ce292b2. Error code: TABLET_NOT_RUNNING (12). Status: Illegal state: Tablet not RUNNING: NOT_STARTED. Retrying in the next heartbeat period. Already tried 66 times.
W1031 23:04:26.338297 5816 consensus_peers.cc:357] T 648eb376255a4dd4bb5818262efcc813 P 0f53a0d3ef7e44ebb0365c800752d5bd -> Peer 0a8bbcbbb5a6459aa5258464755db3bb (c3-kudu-tst-st02.bj:18700): Couldn't send request to peer 0a8bbcbbb5a6459aa5258464755db3bb for tablet 648eb376255a4dd4bb5818262efcc813. Error code: TABLET_NOT_RUNNING (12). Status: Illegal state: Tablet not RUNNING: NOT_STARTED. Retrying in the next heartbeat period. Already tried 67 times.
I1031 23:04:26.533145 34590 raft_consensus.cc:411] T 117cd74bcdab4942901acb0005cdd702 P 0f53a0d3ef7e44ebb0365c800752d5bd [term 0 FOLLOWER]: Starting pre-election (no leader contacted us within the election timeout)
I1031 23:04:26.533215 34590 raft_consensus.cc:2162] T 117cd74bcdab4942901acb0005cdd702 P 0f53a0d3ef7e44ebb0365c800752d5bd [term 0 FOLLOWER]: Snoozing failure detection for election timeout plus an additional 2.181s
I1031 23:04:26.533291 34590 raft_consensus.cc:435] T 117cd74bcdab4942901acb0005cdd702 P 0f53a0d3ef7e44ebb0365c800752d5bd [term 0 FOLLOWER]: Starting pre-election with config: opid_index: -1 OBSOLETE_local: false peers { permanent_uuid: "625f49b9554549e6a5c3a92b76e576cf" member_type: VOTER last_known_addr { host: "c3-kudu-tst-st10.bj" port: 18700 } } peers { permanent_uuid: "0a8bbcbbb5a6459aa5258464755db3bb" member_type: VOTER last_known_addr { host: "c3-kudu-tst-st02.bj" port: 18700 } } peers { permanent_uuid: "0f53a0d3ef7e44ebb0365c800752d5bd" member_type: VOTER last_known_addr { host: "c3-kudu-tst-st01.bj" port: 18700 } }
I1031 23:04:26.533834 34590 leader_election.cc:216] T 117cd74bcdab4942901acb0005cdd702 P 0f53a0d3ef7e44ebb0365c800752d5bd [CANDIDATE]: Term 1 pre-election: Requesting pre-vote from peer 625f49b9554549e6a5c3a92b76e576cf
I1031 23:04:26.533859 34590 leader_election.cc:216] T 117cd74bcdab4942901acb0005cdd702 P 0f53a0d3ef7e44ebb0365c800752d5bd [CANDIDATE]: Term 1 pre-election: Requesting pre-vote from peer 0a8bbcbbb5a6459aa5258464755db3bb
W1031 23:04:26.534122 5816 leader_election.cc:278] T 117cd74bcdab4942901acb0005cdd702 P 0f53a0d3ef7e44ebb0365c800752d5bd [CANDIDATE]: Term 1 pre-election: Tablet error from VoteRequest() call to peer 0a8bbcbbb5a6459aa5258464755db3bb: Illegal state: Tablet not RUNNING: NOT_STARTED
W1031 23:04:26.534159 5814 leader_election.cc:278] T 117cd74bcdab4942901acb0005cdd702 P 0f53a0d3ef7e44ebb0365c800752d5bd [CANDIDATE]: Term 1 pre-election: Tablet error from VoteRequest() call to peer 625f49b9554549e6a5c3a92b76e576cf: Illegal state: Tablet not RUNNING: NOT_STARTED
I1031 23:04:26.534206 5814 leader_election.cc:243] T 117cd74bcdab4942901acb0005cdd702 P 0f53a0d3ef7e44ebb0365c800752d5bd [CANDIDATE]: Term 1 pre-election: Election decided. Result: candidate lost.
I1031 23:04:26.534459 34621 raft_consensus.cc:2162] T 117cd74bcdab4942901acb0005cdd702 P 0f53a0d3ef7e44ebb0365c800752d5bd [term 0 FOLLOWER]: Snoozing failure detection for election timeout plus an additional 1.898s
I1031 23:04:26.534482 34621 raft_consensus.cc:1908] T 117cd74bcdab4942901acb0005cdd702 P 0f53a0d3ef7e44ebb0365c800752d5bd [term 0 FOLLOWER]: Leader pre-election lost for term 1. Reason: could not achieve majority
W1031 23:04:26.571034 5816 consensus_peers.cc:357] T 991306ec7acb449c89e5dd29d90e8d55 P 0f53a0d3ef7e44ebb0365c800752d5bd -> Peer 23f962e4a1744381ad5fa0d2d8b10241 (c3-kudu-tst-st07.bj:18700): Couldn't send request to peer 23f962e4a1744381ad5fa0d2d8b10241 for tablet 991306ec7acb449c89e5dd29d90e8d55. Error code: TABLET_NOT_RUNNING (12). Status: Illegal state: Tablet not RUNNING: NOT_STARTED. Retrying in the next heartbeat period. Already tried 7 times.
W1031 23:04:26.585876 5816 consensus_peers.cc:357] T fcde65c4e4cf4df29b9ef9884ce292b2 P 0f53a0d3ef7e44ebb0365c800752d5bd -> Peer 23f962e4a1744381ad5fa0d2d8b10241 (c3-kudu-tst-st07.bj:18700): Couldn't send request to peer 23f962e4a1744381ad5fa0d2d8b10241 for tablet fcde65c4e4cf4df29b9ef9884ce292b2. Error code: TABLET_NOT_RUNNING (12). Status: Illegal state: Tablet not RUNNING: NOT_STARTED. Retrying in the next heartbeat period. Already tried 67 times.
W1031 23:04:26.838333 5816 consensus_peers.cc:357] T 648eb376255a4dd4bb5818262efcc813 P 0f53a0d3ef7e44ebb0365c800752d5bd -> Peer 0a8bbcbbb5a6459aa5258464755db3bb (c3-kudu-tst-st02.bj:18700): Couldn't send request to peer 0a8bbcbbb5a6459aa5258464755db3bb for tablet 648eb376255a4dd4bb5818262efcc813. Error code: TABLET_NOT_RUNNING (12). Status: Illegal state: Tablet not RUNNING: NOT_STARTED. Retrying in the next heartbeat period. Already tried 68 times.
W1031 23:04:27.070977 5816 consensus_peers.cc:357] T 991306ec7acb449c89e5dd29d90e8d55 P 0f53a0d3ef7e44ebb0365c800752d5bd -> Peer 23f962e4a1744381ad5fa0d2d8b10241 (c3-kudu-tst-st07.bj:18700): Couldn't send request to peer 23f962e4a1744381ad5fa0d2d8b10241 for tablet 991306ec7acb449c89e5dd29d90e8d55. Error code: TABLET_NOT_RUNNING (12). Status: Illegal state: Tablet not RUNNING: NOT_STARTED. Retrying in the next heartbeat period. Already tried 8 times.
I1031 23:04:27.074112 34574 raft_consensus.cc:411] T bff7dab34ccd4b42842077e82106f6fb P 0f53a0d3ef7e44ebb0365c800752d5bd [term 0 FOLLOWER]: Starting pre-election (no leader contacted us within the election timeout)
I1031 23:04:27.074144 34574 raft_consensus.cc:2162] T bff7dab34ccd4b42842077e82106f6fb P 0f53a0d3ef7e44ebb0365c800752d5bd [term 0 FOLLOWER]: Snoozing failure detection for election timeout plus an additional 3.076s
I1031 23:04:27.074209 34574 raft_consensus.cc:435] T bff7dab34ccd4b42842077e82106f6fb P 0f53a0d3ef7e44ebb0365c800752d5bd [term 0 FOLLOWER]: Starting pre-election with config: opid_index: -1 OBSOLETE_local: false peers { permanent_uuid: "0f53a0d3ef7e44ebb0365c800752d5bd" member_type: VOTER last_known_addr { host: "c3-kudu-tst-st01.bj" port: 18700 } } peers { permanent_uuid: "23f962e4a1744381ad5fa0d2d8b10241" member_type: VOTER last_known_addr { host: "c3-kudu-tst-st07.bj" port: 18700 } } peers { permanent_uuid: "193181be29284287b25df2ee92938f0b" member_type: VOTER last_known_addr { host: "c3-kudu-tst-st08.bj" port: 18700 } }
I1031 23:04:27.074777 34574 leader_election.cc:216] T bff7dab34ccd4b42842077e82106f6fb P 0f53a0d3ef7e44ebb0365c800752d5bd [CANDIDATE]: Term 1 pre-election: Requesting pre-vote from peer 23f962e4a1744381ad5fa0d2d8b10241
I1031 23:04:27.074807 34574 leader_election.cc:216] T bff7dab34ccd4b42842077e82106f6fb P 0f53a0d3ef7e44ebb0365c800752d5bd [CANDIDATE]: Term 1 pre-election: Requesting pre-vote from peer 193181be29284287b25df2ee92938f0b
W1031 23:04:27.075042 5816 leader_election.cc:278] T bff7dab34ccd4b42842077e82106f6fb P 0f53a0d3ef7e44ebb0365c800752d5bd [CANDIDATE]: Term 1 pre-election: Tablet error from VoteRequest() call to peer 23f962e4a1744381ad5fa0d2d8b10241: Illegal state: Tablet not RUNNING: NOT_STARTED
W1031 23:04:27.075166 5815 leader_election.cc:278] T bff7dab34ccd4b42842077e82106f6fb P 0f53a0d3ef7e44ebb0365c800752d5bd [CANDIDATE]: Term 1 pre-election: Tablet error from VoteRequest() call to peer 193181be29284287b25df2ee92938f0b: Illegal state: Tablet not RUNNING: NOT_STARTED
I1031 23:04:27.075198 5815 leader_election.cc:243] T bff7dab34ccd4b42842077e82106f6fb P 0f53a0d3ef7e44ebb0365c800752d5bd [CANDIDATE]: Term 1 pre-election: Election decided. Result: candidate lost.
I1031 23:04:27.075621 34622 raft_consensus.cc:2162] T bff7dab34ccd4b42842077e82106f6fb P 0f53a0d3ef7e44ebb0365c800752d5bd [term 0 FOLLOWER]: Snoozing failure detection for election timeout plus an additional 3.163s
I1031 23:04:27.075644 34622 raft_consensus.cc:1908] T bff7dab34ccd4b42842077e82106f6fb P 0f53a0d3ef7e44ebb0365c800752d5bd [term 0 FOLLOWER]: Leader pre-election lost for term 1. Reason: could not achieve majority
W1031 23:04:27.085965 5816 consensus_peers.cc:357] T fcde65c4e4cf4df29b9ef9884ce292b2 P 0f53a0d3ef7e44ebb0365c800752d5bd -> Peer 23f962e4a1744381ad5fa0d2d8b10241 (c3-kudu-tst-st07.bj:18700): Couldn't send request to peer 23f962e4a1744381ad5fa0d2d8b10241 for tablet fcde65c4e4cf4df29b9ef9884ce292b2. Error code: TABLET_NOT_RUNNING (12). Status: Illegal state: Tablet not RUNNING: NOT_STARTED. Retrying in the next heartbeat period. Already tried 68 times.
W1031 23:04:27.338415 5816 consensus_peers.cc:357] T 648eb376255a4dd4bb5818262efcc813 P 0f53a0d3ef7e44ebb0365c800752d5bd -> Peer 0a8bbcbbb5a6459aa5258464755db3bb (c3-kudu-tst-st02.bj:18700): Couldn't send request to peer 0a8bbcbbb5a6459aa5258464755db3bb for tablet 648eb376255a4dd4bb5818262efcc813. Error code: TABLET_NOT_RUNNING (12). Status: Illegal state: Tablet not RUNNING: NOT_STARTED. Retrying in the next heartbeat period. Already tried 69 times.
W1031 23:04:27.571089 5816 consensus_peers.cc:357] T 991306ec7acb449c89e5dd29d90e8d55 P 0f53a0d3ef7e44ebb0365c800752d5bd -> Peer 23f962e4a1744381ad5fa0d2d8b10241 (c3-kudu-tst-st07.bj:18700): Couldn't send request to peer 23f962e4a1744381ad5fa0d2d8b10241 for tablet 991306ec7acb449c89e5dd29d90e8d55. Error code: TABLET_NOT_RUNNING (12). Status: Illegal state: Tablet not RUNNING: NOT_STARTED. Retrying in the next heartbeat period. Already tried 9 times.
W1031 23:04:27.585970 5816 consensus_peers.cc:357] T fcde65c4e4cf4df29b9ef9884ce292b2 P 0f53a0d3ef7e44ebb0365c800752d5bd -> Peer 23f962e4a1744381ad5fa0d2d8b10241 (c3-kudu-tst-st07.bj:18700): Couldn't send request to peer 23f962e4a1744381ad5fa0d2d8b10241 for tablet fcde65c4e4cf4df29b9ef9884ce292b2. Error code: TABLET_NOT_RUNNING (12). Status: Illegal state: Tablet not RUNNING: NOT_STARTED. Retrying in the next heartbeat period. Already tried 69 times.
W1031 23:04:27.838508 5816 consensus_peers.cc:357] T 648eb376255a4dd4bb5818262efcc813 P 0f53a0d3ef7e44ebb0365c800752d5bd -> Peer 0a8bbcbbb5a6459aa5258464755db3bb (c3-kudu-tst-st02.bj:18700): Couldn't send request to peer 0a8bbcbbb5a6459aa5258464755db3bb for tablet 648eb376255a4dd4bb5818262efcc813. Error code: TABLET_NOT_RUNNING (12). Status: Illegal state: Tablet not RUNNING: NOT_STARTED. Retrying in the next heartbeat period. Already tried 70 times.
W1031 23:04:28.071233 5816 consensus_peers.cc:357] T 991306ec7acb449c89e5dd29d90e8d55 P 0f53a0d3ef7e44ebb0365c800752d5bd -> Peer 23f962e4a1744381ad5fa0d2d8b10241 (c3-kudu-tst-st07.bj:18700): Couldn't send request to peer 23f962e4a1744381ad5fa0d2d8b10241 for tablet 991306ec7acb449c89e5dd29d90e8d55. Error code: TABLET_NOT_RUNNING (12). Status: Illegal state: Tablet not RUNNING: NOT_STARTED. Retrying in the next heartbeat period. Already tried 10 times.
W1031 23:04:28.086172 5816 consensus_peers.cc:357] T fcde65c4e4cf4df29b9ef9884ce292b2 P 0f53a0d3ef7e44ebb0365c800752d5bd -> Peer 23f962e4a1744381ad5fa0d2d8b10241 (c3-kudu-tst-st07.bj:18700): Couldn't send request to peer 23f962e4a1744381ad5fa0d2d8b10241 for tablet fcde65c4e4cf4df29b9ef9884ce292b2. Error code: TABLET_NOT_RUNNING (12). Status: Illegal state: Tablet not RUNNING: NOT_STARTED. Retrying in the next heartbeat period. Already tried 70 times.
W1031 23:04:28.338634 5816 consensus_peers.cc:357] T 648eb376255a4dd4bb5818262efcc813 P 0f53a0d3ef7e44ebb0365c800752d5bd -> Peer 0a8bbcbbb5a6459aa5258464755db3bb (c3-kudu-tst-st02.bj:18700): Couldn't send request to peer 0a8bbcbbb5a6459aa5258464755db3bb for tablet 648eb376255a4dd4bb5818262efcc813. Error code: TABLET_NOT_RUNNING (12). Status: Illegal state: Tablet not RUNNING: NOT_STARTED. Retrying in the next heartbeat period. Already tried 71 times.
W1031 23:04:28.571310 5816 consensus_peers.cc:357] T 991306ec7acb449c89e5dd29d90e8d55 P 0f53a0d3ef7e44ebb0365c800752d5bd -> Peer 23f962e4a1744381ad5fa0d2d8b10241 (c3-kudu-tst-st07.bj:18700): Couldn't send request to peer 23f962e4a1744381ad5fa0d2d8b10241 for tablet 991306ec7acb449c89e5dd29d90e8d55. Error code: TABLET_NOT_RUNNING (12). Status: Illegal state: Tablet not RUNNING: NOT_STARTED. Retrying in the next heartbeat period. Already tried 11 times.
W1031 23:04:28.586243 5816 consensus_peers.cc:357] T fcde65c4e4cf4df29b9ef9884ce292b2 P 0f53a0d3ef7e44ebb0365c800752d5bd -> Peer 23f962e4a1744381ad5fa0d2d8b10241 (c3-kudu-tst-st07.bj:18700): Couldn't send request to peer 23f962e4a1744381ad5fa0d2d8b10241 for tablet fcde65c4e4cf4df29b9ef9884ce292b2. Error code: TABLET_NOT_RUNNING (12). Status: Illegal state: Tablet not RUNNING: NOT_STARTED. Retrying in the next heartbeat period. Already tried 71 times.
W1031 23:04:28.838755 5816 consensus_peers.cc:357] T 648eb376255a4dd4bb5818262efcc813 P 0f53a0d3ef7e44ebb0365c800752d5bd -> Peer 0a8bbcbbb5a6459aa5258464755db3bb (c3-kudu-tst-st02.bj:18700): Couldn't send request to peer 0a8bbcbbb5a6459aa5258464755db3bb for tablet 648eb376255a4dd4bb5818262efcc813. Error code: TABLET_NOT_RUNNING (12). Status: Illegal state: Tablet not RUNNING: NOT_STARTED. Retrying in the next heartbeat period. Already tried 72 times.
W1031 23:04:29.071347 5816 consensus_peers.cc:357] T 991306ec7acb449c89e5dd29d90e8d55 P 0f53a0d3ef7e44ebb0365c800752d5bd -> Peer 23f962e4a1744381ad5fa0d2d8b10241 (c3-kudu-tst-st07.bj:18700): Couldn't send request to peer 23f962e4a1744381ad5fa0d2d8b10241 for tablet 991306ec7acb449c89e5dd29d90e8d55. Error code: TABLET_NOT_RUNNING (12). Status: Illegal state: Tablet not RUNNING: NOT_STARTED. Retrying in the next heartbeat period. Already tried 12 times.
W1031 23:04:29.086284 5816 consensus_peers.cc:357] T fcde65c4e4cf4df29b9ef9884ce292b2 P 0f53a0d3ef7e44ebb0365c800752d5bd -> Peer 23f962e4a1744381ad5fa0d2d8b10241 (c3-kudu-tst-st07.bj:18700): Couldn't send request to peer 23f962e4a1744381ad5fa0d2d8b10241 for tablet fcde65c4e4cf4df29b9ef9884ce292b2. Error code: TABLET_NOT_RUNNING (12). Status: Illegal state: Tablet not RUNNING: NOT_STARTED. Retrying in the next heartbeat period. Already tried 72 times.
W1031 23:04:29.338752 5816 consensus_peers.cc:357] T 648eb376255a4dd4bb5818262efcc813 P 0f53a0d3ef7e44ebb0365c800752d5bd -> Peer 0a8bbcbbb5a6459aa5258464755db3bb (c3-kudu-tst-st02.bj:18700): Couldn't send request to peer 0a8bbcbbb5a6459aa5258464755db3bb for tablet 648eb376255a4dd4bb5818262efcc813. Error code: TABLET_NOT_RUNNING (12). Status: Illegal state: Tablet not RUNNING: NOT_STARTED. Retrying in the next heartbeat period. Already tried 73 times.
W1031 23:04:29.571486 5816 consensus_peers.cc:357] T 991306ec7acb449c89e5dd29d90e8d55 P 0f53a0d3ef7e44ebb0365c800752d5bd -> Peer 23f962e4a1744381ad5fa0d2d8b10241 (c3-kudu-tst-st07.bj:18700): Couldn't send request to peer 23f962e4a1744381ad5fa0d2d8b10241 for tablet 991306ec7acb449c89e5dd29d90e8d55. Error code: TABLET_NOT_RUNNING (12). Status: Illegal state: Tablet not RUNNING: NOT_STARTED. Retrying in the next heartbeat period. Already tried 13 times.
W1031 23:04:29.586380 5816 consensus_peers.cc:357] T fcde65c4e4cf4df29b9ef9884ce292b2 P 0f53a0d3ef7e44ebb0365c800752d5bd -> Peer 23f962e4a1744381ad5fa0d2d8b10241 (c3-kudu-tst-st07.bj:18700): Couldn't send request to peer 23f962e4a1744381ad5fa0d2d8b10241 for tablet fcde65c4e4cf4df29b9ef9884ce292b2. Error code: TABLET_NOT_RUNNING (12). Status: Illegal state: Tablet not RUNNING: NOT_STARTED. Retrying in the next heartbeat period. Already tried 73 times.
W1031 23:04:29.838789 5816 consensus_peers.cc:357] T 648eb376255a4dd4bb5818262efcc813 P 0f53a0d3ef7e44ebb0365c800752d5bd -> Peer 0a8bbcbbb5a6459aa5258464755db3bb (c3-kudu-tst-st02.bj:18700): Couldn't send request to peer 0a8bbcbbb5a6459aa5258464755db3bb for tablet 648eb376255a4dd4bb5818262efcc813. Error code: TABLET_NOT_RUNNING (12). Status: Illegal state: Tablet not RUNNING: NOT_STARTED. Retrying in the next heartbeat period. Already tried 74 times.
W1031 23:04:30.071432 5816 consensus_peers.cc:357] T 991306ec7acb449c89e5dd29d90e8d55 P 0f53a0d3ef7e44ebb0365c800752d5bd -> Peer 23f962e4a1744381ad5fa0d2d8b10241 (c3-kudu-tst-st07.bj:18700): Couldn't send request to peer 23f962e4a1744381ad5fa0d2d8b10241 for tablet 991306ec7acb449c89e5dd29d90e8d55. Error code: TABLET_NOT_RUNNING (12). Status: Illegal state: Tablet not RUNNING: NOT_STARTED. Retrying in the next heartbeat period. Already tried 14 times.
W1031 23:04:30.086422 5816 consensus_peers.cc:357] T fcde65c4e4cf4df29b9ef9884ce292b2 P 0f53a0d3ef7e44ebb0365c800752d5bd -> Peer 23f962e4a1744381ad5fa0d2d8b10241 (c3-kudu-tst-st07.bj:18700): Couldn't send request to peer 23f962e4a1744381ad5fa0d2d8b10241 for tablet fcde65c4e4cf4df29b9ef9884ce292b2. Error code: TABLET_NOT_RUNNING (12). Status: Illegal state: Tablet not RUNNING: NOT_STARTED. Retrying in the next heartbeat period. Already tried 74 times.
I1031 23:04:30.310490 34590 raft_consensus.cc:411] T 117cd74bcdab4942901acb0005cdd702 P 0f53a0d3ef7e44ebb0365c800752d5bd [term 0 FOLLOWER]: Starting pre-election (no leader contacted us within the election timeout)
I1031 23:04:30.310533 34590 raft_consensus.cc:2162] T 117cd74bcdab4942901acb0005cdd702 P 0f53a0d3ef7e44ebb0365c800752d5bd [term 0 FOLLOWER]: Snoozing failure detection for election timeout plus an additional 3.090s
I1031 23:04:30.310591 34590 raft_consensus.cc:435] T 117cd74bcdab4942901acb0005cdd702 P 0f53a0d3ef7e44ebb0365c800752d5bd [term 0 FOLLOWER]: Starting pre-election with config: opid_index: -1 OBSOLETE_local: false peers { permanent_uuid: "625f49b9554549e6a5c3a92b76e576cf" member_type: VOTER last_known_addr { host: "c3-kudu-tst-st10.bj" port: 18700 } } peers { permanent_uuid: "0a8bbcbbb5a6459aa5258464755db3bb" member_type: VOTER last_known_addr { host: "c3-kudu-tst-st02.bj" port: 18700 } } peers { permanent_uuid: "0f53a0d3ef7e44ebb0365c800752d5bd" member_type: VOTER last_known_addr { host: "c3-kudu-tst-st01.bj" port: 18700 } }
I1031 23:04:30.311161 34590 leader_election.cc:216] T 117cd74bcdab4942901acb0005cdd702 P 0f53a0d3ef7e44ebb0365c800752d5bd [CANDIDATE]: Term 1 pre-election: Requesting pre-vote from peer 625f49b9554549e6a5c3a92b76e576cf
I1031 23:04:30.311184 34590 leader_election.cc:216] T 117cd74bcdab4942901acb0005cdd702 P 0f53a0d3ef7e44ebb0365c800752d5bd [CANDIDATE]: Term 1 pre-election: Requesting pre-vote from peer 0a8bbcbbb5a6459aa5258464755db3bb
W1031 23:04:30.311450 5816 leader_election.cc:278] T 117cd74bcdab4942901acb0005cdd702 P 0f53a0d3ef7e44ebb0365c800752d5bd [CANDIDATE]: Term 1 pre-election: Tablet error from VoteRequest() call to peer 0a8bbcbbb5a6459aa5258464755db3bb: Illegal state: Tablet not RUNNING: NOT_STARTED
W1031 23:04:30.311501 5814 leader_election.cc:278] T 117cd74bcdab4942901acb0005cdd702 P 0f53a0d3ef7e44ebb0365c800752d5bd [CANDIDATE]: Term 1 pre-election: Tablet error from VoteRequest() call to peer 625f49b9554549e6a5c3a92b76e576cf: Illegal state: Tablet not RUNNING: NOT_STARTED
I1031 23:04:30.311532 5814 leader_election.cc:243] T 117cd74bcdab4942901acb0005cdd702 P 0f53a0d3ef7e44ebb0365c800752d5bd [CANDIDATE]: Term 1 pre-election: Election decided. Result: candidate lost.
I1031 23:04:30.312292 34632 raft_consensus.cc:2162] T 117cd74bcdab4942901acb0005cdd702 P 0f53a0d3ef7e44ebb0365c800752d5bd [term 0 FOLLOWER]: Snoozing failure detection for election timeout plus an additional 4.077s
I1031 23:04:30.312309 34632 raft_consensus.cc:1908] T 117cd74bcdab4942901acb0005cdd702 P 0f53a0d3ef7e44ebb0365c800752d5bd [term 0 FOLLOWER]: Leader pre-election lost for term 1. Reason: could not achieve majority
W1031 23:04:30.338901 5816 consensus_peers.cc:357] T 648eb376255a4dd4bb5818262efcc813 P 0f53a0d3ef7e44ebb0365c800752d5bd -> Peer 0a8bbcbbb5a6459aa5258464755db3bb (c3-kudu-tst-st02.bj:18700): Couldn't send request to peer 0a8bbcbbb5a6459aa5258464755db3bb for tablet 648eb376255a4dd4bb5818262efcc813. Error code: TABLET_NOT_RUNNING (12). Status: Illegal state: Tablet not RUNNING: NOT_STARTED. Retrying in the next heartbeat period. Already tried 75 times.
I1031 23:04:30.378440 34585 raft_consensus.cc:411] T 56155a2adc24450d89e338cc955bfa18 P 0f53a0d3ef7e44ebb0365c800752d5bd [term 0 FOLLOWER]: Starting pre-election (no leader contacted us within the election timeout)
I1031 23:04:30.378466 34585 raft_consensus.cc:2162] T 56155a2adc24450d89e338cc955bfa18 P 0f53a0d3ef7e44ebb0365c800752d5bd [term 0 FOLLOWER]: Snoozing failure detection for election timeout plus an additional 1.636s
I1031 23:04:30.378504 34585 raft_consensus.cc:435] T 56155a2adc24450d89e338cc955bfa18 P 0f53a0d3ef7e44ebb0365c800752d5bd [term 0 FOLLOWER]: Starting pre-election with config: opid_index: -1 OBSOLETE_local: false peers { permanent_uuid: "625f49b9554549e6a5c3a92b76e576cf" member_type: VOTER last_known_addr { host: "c3-kudu-tst-st10.bj" port: 18700 } } peers { permanent_uuid: "193181be29284287b25df2ee92938f0b" member_type: VOTER last_known_addr { host: "c3-kudu-tst-st08.bj" port: 18700 } } peers { permanent_uuid: "0f53a0d3ef7e44ebb0365c800752d5bd" member_type: VOTER last_known_addr { host: "c3-kudu-tst-st01.bj" port: 18700 } }
I1031 23:04:30.379094 34585 leader_election.cc:216] T 56155a2adc24450d89e338cc955bfa18 P 0f53a0d3ef7e44ebb0365c800752d5bd [CANDIDATE]: Term 1 pre-election: Requesting pre-vote from peer 625f49b9554549e6a5c3a92b76e576cf
I1031 23:04:30.379123 34585 leader_election.cc:216] T 56155a2adc24450d89e338cc955bfa18 P 0f53a0d3ef7e44ebb0365c800752d5bd [CANDIDATE]: Term 1 pre-election: Requesting pre-vote from peer 193181be29284287b25df2ee92938f0b
W1031 23:04:30.379427 5814 leader_election.cc:278] T 56155a2adc24450d89e338cc955bfa18 P 0f53a0d3ef7e44ebb0365c800752d5bd [CANDIDATE]: Term 1 pre-election: Tablet error from VoteRequest() call to peer 625f49b9554549e6a5c3a92b76e576cf: Illegal state: Tablet not RUNNING: NOT_STARTED
W1031 23:04:30.379473 5815 leader_election.cc:278] T 56155a2adc24450d89e338cc955bfa18 P 0f53a0d3ef7e44ebb0365c800752d5bd [CANDIDATE]: Term 1 pre-election: Tablet error from VoteRequest() call to peer 193181be29284287b25df2ee92938f0b: Illegal state: Tablet not RUNNING: NOT_STARTED
I1031 23:04:30.379521 5815 leader_election.cc:243] T 56155a2adc24450d89e338cc955bfa18 P 0f53a0d3ef7e44ebb0365c800752d5bd [CANDIDATE]: Term 1 pre-election: Election decided. Result: candidate lost.
I1031 23:04:30.379835 34633 raft_consensus.cc:2162] T 56155a2adc24450d89e338cc955bfa18 P 0f53a0d3ef7e44ebb0365c800752d5bd [term 0 FOLLOWER]: Snoozing failure detection for election timeout plus an additional 2.299s
I1031 23:04:30.379868 34633 raft_consensus.cc:1908] T 56155a2adc24450d89e338cc955bfa18 P 0f53a0d3ef7e44ebb0365c800752d5bd [term 0 FOLLOWER]: Leader pre-election lost for term 1. Reason: could not achieve majority
W1031 23:04:30.571595 5816 consensus_peers.cc:357] T 991306ec7acb449c89e5dd29d90e8d55 P 0f53a0d3ef7e44ebb0365c800752d5bd -> Peer 23f962e4a1744381ad5fa0d2d8b10241 (c3-kudu-tst-st07.bj:18700): Couldn't send request to peer 23f962e4a1744381ad5fa0d2d8b10241 for tablet 991306ec7acb449c89e5dd29d90e8d55. Error code: TABLET_NOT_RUNNING (12). Status: Illegal state: Tablet not RUNNING: NOT_STARTED. Retrying in the next heartbeat period. Already tried 15 times.
W1031 23:04:30.586604 5816 consensus_peers.cc:357] T fcde65c4e4cf4df29b9ef9884ce292b2 P 0f53a0d3ef7e44ebb0365c800752d5bd -> Peer 23f962e4a1744381ad5fa0d2d8b10241 (c3-kudu-tst-st07.bj:18700): Couldn't send request to peer 23f962e4a1744381ad5fa0d2d8b10241 for tablet fcde65c4e4cf4df29b9ef9884ce292b2. Error code: TABLET_NOT_RUNNING (12). Status: Illegal state: Tablet not RUNNING: NOT_STARTED. Retrying in the next heartbeat period. Already tried 75 times.
W1031 23:04:30.838937 5816 consensus_peers.cc:357] T 648eb376255a4dd4bb5818262efcc813 P 0f53a0d3ef7e44ebb0365c800752d5bd -> Peer 0a8bbcbbb5a6459aa5258464755db3bb (c3-kudu-tst-st02.bj:18700): Couldn't send request to peer 0a8bbcbbb5a6459aa5258464755db3bb for tablet 648eb376255a4dd4bb5818262efcc813. Error code: TABLET_NOT_RUNNING (12). Status: Illegal state: Tablet not RUNNING: NOT_STARTED. Retrying in the next heartbeat period. Already tried 76 times.
W1031 23:04:31.071619 5816 consensus_peers.cc:357] T 991306ec7acb449c89e5dd29d90e8d55 P 0f53a0d3ef7e44ebb0365c800752d5bd -> Peer 23f962e4a1744381ad5fa0d2d8b10241 (c3-kudu-tst-st07.bj:18700): Couldn't send request to peer 23f962e4a1744381ad5fa0d2d8b10241 for tablet 991306ec7acb449c89e5dd29d90e8d55. Error code: TABLET_NOT_RUNNING (12). Status: Illegal state: Tablet not RUNNING: NOT_STARTED. Retrying in the next heartbeat period. Already tried 16 times.
W1031 23:04:31.086668 5816 consensus_peers.cc:357] T fcde65c4e4cf4df29b9ef9884ce292b2 P 0f53a0d3ef7e44ebb0365c800752d5bd -> Peer 23f962e4a1744381ad5fa0d2d8b10241 (c3-kudu-tst-st07.bj:18700): Couldn't send request to peer 23f962e4a1744381ad5fa0d2d8b10241 for tablet fcde65c4e4cf4df29b9ef9884ce292b2. Error code: TABLET_NOT_RUNNING (12). Status: Illegal state: Tablet not RUNNING: NOT_STARTED. Retrying in the next heartbeat period. Already tried 76 times.
W1031 23:04:31.339035 5816 consensus_peers.cc:357] T 648eb376255a4dd4bb5818262efcc813 P 0f53a0d3ef7e44ebb0365c800752d5bd -> Peer 0a8bbcbbb5a6459aa5258464755db3bb (c3-kudu-tst-st02.bj:18700): Couldn't send request to peer 0a8bbcbbb5a6459aa5258464755db3bb for tablet 648eb376255a4dd4bb5818262efcc813. Error code: TABLET_NOT_RUNNING (12). Status: Illegal state: Tablet not RUNNING: NOT_STARTED. Retrying in the next heartbeat period. Already tried 77 times.
W1031 23:04:31.571739 5816 consensus_peers.cc:357] T 991306ec7acb449c89e5dd29d90e8d55 P 0f53a0d3ef7e44ebb0365c800752d5bd -> Peer 23f962e4a1744381ad5fa0d2d8b10241 (c3-kudu-tst-st07.bj:18700): Couldn't send request to peer 23f962e4a1744381ad5fa0d2d8b10241 for tablet 991306ec7acb449c89e5dd29d90e8d55. Error code: TABLET_NOT_RUNNING (12). Status: Illegal state: Tablet not RUNNING: NOT_STARTED. Retrying in the next heartbeat period. Already tried 17 times.
W1031 23:04:31.586702 5816 consensus_peers.cc:357] T fcde65c4e4cf4df29b9ef9884ce292b2 P 0f53a0d3ef7e44ebb0365c800752d5bd -> Peer 23f962e4a1744381ad5fa0d2d8b10241 (c3-kudu-tst-st07.bj:18700): Couldn't send request to peer 23f962e4a1744381ad5fa0d2d8b10241 for tablet fcde65c4e4cf4df29b9ef9884ce292b2. Error code: TABLET_NOT_RUNNING (12). Status: Illegal state: Tablet not RUNNING: NOT_STARTED. Retrying in the next heartbeat period. Already tried 77 times.
W1031 23:04:31.839104 5816 consensus_peers.cc:357] T 648eb376255a4dd4bb5818262efcc813 P 0f53a0d3ef7e44ebb0365c800752d5bd -> Peer 0a8bbcbbb5a6459aa5258464755db3bb (c3-kudu-tst-st02.bj:18700): Couldn't send request to peer 0a8bbcbbb5a6459aa5258464755db3bb for tablet 648eb376255a4dd4bb5818262efcc813. Error code: TABLET_NOT_RUNNING (12). Status: Illegal state: Tablet not RUNNING: NOT_STARTED. Retrying in the next heartbeat period. Already tried 78 times.
I1031 23:04:31.995713 34574 raft_consensus.cc:411] T bff7dab34ccd4b42842077e82106f6fb P 0f53a0d3ef7e44ebb0365c800752d5bd [term 0 FOLLOWER]: Starting pre-election (no leader contacted us within the election timeout)
I1031 23:04:31.995754 34574 raft_consensus.cc:2162] T bff7dab34ccd4b42842077e82106f6fb P 0f53a0d3ef7e44ebb0365c800752d5bd [term 0 FOLLOWER]: Snoozing failure detection for election timeout plus an additional 2.196s
I1031 23:04:31.995805 34574 raft_consensus.cc:435] T bff7dab34ccd4b42842077e82106f6fb P 0f53a0d3ef7e44ebb0365c800752d5bd [term 0 FOLLOWER]: Starting pre-election with config: opid_index: -1 OBSOLETE_local: false peers { permanent_uuid: "0f53a0d3ef7e44ebb0365c800752d5bd" member_type: VOTER last_known_addr { host: "c3-kudu-tst-st01.bj" port: 18700 } } peers { permanent_uuid: "23f962e4a1744381ad5fa0d2d8b10241" member_type: VOTER last_known_addr { host: "c3-kudu-tst-st07.bj" port: 18700 } } peers { permanent_uuid: "193181be29284287b25df2ee92938f0b" member_type: VOTER last_known_addr { host: "c3-kudu-tst-st08.bj" port: 18700 } }
I1031 23:04:31.996573 34574 leader_election.cc:216] T bff7dab34ccd4b42842077e82106f6fb P 0f53a0d3ef7e44ebb0365c800752d5bd [CANDIDATE]: Term 1 pre-election: Requesting pre-vote from peer 23f962e4a1744381ad5fa0d2d8b10241
I1031 23:04:31.996604 34574 leader_election.cc:216] T bff7dab34ccd4b42842077e82106f6fb P 0f53a0d3ef7e44ebb0365c800752d5bd [CANDIDATE]: Term 1 pre-election: Requesting pre-vote from peer 193181be29284287b25df2ee92938f0b
W1031 23:04:31.996866 5816 leader_election.cc:278] T bff7dab34ccd4b42842077e82106f6fb P 0f53a0d3ef7e44ebb0365c800752d5bd [CANDIDATE]: Term 1 pre-election: Tablet error from VoteRequest() call to peer 23f962e4a1744381ad5fa0d2d8b10241: Illegal state: Tablet not RUNNING: NOT_STARTED
W1031 23:04:31.996937 5815 leader_election.cc:278] T bff7dab34ccd4b42842077e82106f6fb P 0f53a0d3ef7e44ebb0365c800752d5bd [CANDIDATE]: Term 1 pre-election: Tablet error from VoteRequest() call to peer 193181be29284287b25df2ee92938f0b: Illegal state: Tablet not RUNNING: NOT_STARTED
I1031 23:04:31.996973 5815 leader_election.cc:243] T bff7dab34ccd4b42842077e82106f6fb P 0f53a0d3ef7e44ebb0365c800752d5bd [CANDIDATE]: Term 1 pre-election: Election decided. Result: candidate lost.
I1031 23:04:31.997228 34636 raft_consensus.cc:2162] T bff7dab34ccd4b42842077e82106f6fb P 0f53a0d3ef7e44ebb0365c800752d5bd [term 0 FOLLOWER]: Snoozing failure detection for election timeout plus an additional 4.366s
I1031 23:04:31.997246 34636 raft_consensus.cc:1908] T bff7dab34ccd4b42842077e82106f6fb P 0f53a0d3ef7e44ebb0365c800752d5bd [term 0 FOLLOWER]: Leader pre-election lost for term 1. Reason: could not achieve majority
W1031 23:04:32.071761 5816 consensus_peers.cc:357] T 991306ec7acb449c89e5dd29d90e8d55 P 0f53a0d3ef7e44ebb0365c800752d5bd -> Peer 23f962e4a1744381ad5fa0d2d8b10241 (c3-kudu-tst-st07.bj:18700): Couldn't send request to peer 23f962e4a1744381ad5fa0d2d8b10241 for tablet 991306ec7acb449c89e5dd29d90e8d55. Error code: TABLET_NOT_RUNNING (12). Status: Illegal state: Tablet not RUNNING: NOT_STARTED. Retrying in the next heartbeat period. Already tried 18 times.
W1031 23:04:32.086838 5816 consensus_peers.cc:357] T fcde65c4e4cf4df29b9ef9884ce292b2 P 0f53a0d3ef7e44ebb0365c800752d5bd -> Peer 23f962e4a1744381ad5fa0d2d8b10241 (c3-kudu-tst-st07.bj:18700): Couldn't send request to peer 23f962e4a1744381ad5fa0d2d8b10241 for tablet fcde65c4e4cf4df29b9ef9884ce292b2. Error code: TABLET_NOT_RUNNING (12). Status: Illegal state: Tablet not RUNNING: NOT_STARTED. Retrying in the next heartbeat period. Already tried 78 times.
W1031 23:04:32.339249 5816 consensus_peers.cc:357] T 648eb376255a4dd4bb5818262efcc813 P 0f53a0d3ef7e44ebb0365c800752d5bd -> Peer 0a8bbcbbb5a6459aa5258464755db3bb (c3-kudu-tst-st02.bj:18700): Couldn't send request to peer 0a8bbcbbb5a6459aa5258464755db3bb for tablet 648eb376255a4dd4bb5818262efcc813. Error code: TABLET_NOT_RUNNING (12). Status: Illegal state: Tablet not RUNNING: NOT_STARTED. Retrying in the next heartbeat period. Already tried 79 times.
W1031 23:04:32.571892 5816 consensus_peers.cc:357] T 991306ec7acb449c89e5dd29d90e8d55 P 0f53a0d3ef7e44ebb0365c800752d5bd -> Peer 23f962e4a1744381ad5fa0d2d8b10241 (c3-kudu-tst-st07.bj:18700): Couldn't send request to peer 23f962e4a1744381ad5fa0d2d8b10241 for tablet 991306ec7acb449c89e5dd29d90e8d55. Error code: TABLET_NOT_RUNNING (12). Status: Illegal state: Tablet not RUNNING: NOT_STARTED. Retrying in the next heartbeat period. Already tried 19 times.
W1031 23:04:32.586823 5816 consensus_peers.cc:357] T fcde65c4e4cf4df29b9ef9884ce292b2 P 0f53a0d3ef7e44ebb0365c800752d5bd -> Peer 23f962e4a1744381ad5fa0d2d8b10241 (c3-kudu-tst-st07.bj:18700): Couldn't send request to peer 23f962e4a1744381ad5fa0d2d8b10241 for tablet fcde65c4e4cf4df29b9ef9884ce292b2. Error code: TABLET_NOT_RUNNING (12). Status: Illegal state: Tablet not RUNNING: NOT_STARTED. Retrying in the next heartbeat period. Already tried 79 times.
W1031 23:04:32.839249 5816 consensus_peers.cc:357] T 648eb376255a4dd4bb5818262efcc813 P 0f53a0d3ef7e44ebb0365c800752d5bd -> Peer 0a8bbcbbb5a6459aa5258464755db3bb (c3-kudu-tst-st02.bj:18700): Couldn't send request to peer 0a8bbcbbb5a6459aa5258464755db3bb for tablet 648eb376255a4dd4bb5818262efcc813. Error code: TABLET_NOT_RUNNING (12). Status: Illegal state: Tablet not RUNNING: NOT_STARTED. Retrying in the next heartbeat period. Already tried 80 times.
W1031 23:04:33.071964 5816 consensus_peers.cc:357] T 991306ec7acb449c89e5dd29d90e8d55 P 0f53a0d3ef7e44ebb0365c800752d5bd -> Peer 23f962e4a1744381ad5fa0d2d8b10241 (c3-kudu-tst-st07.bj:18700): Couldn't send request to peer 23f962e4a1744381ad5fa0d2d8b10241 for tablet 991306ec7acb449c89e5dd29d90e8d55. Error code: TABLET_NOT_RUNNING (12). Status: Illegal state: Tablet not RUNNING: NOT_STARTED. Retrying in the next heartbeat period. Already tried 20 times.
W1031 23:04:33.087081 5816 consensus_peers.cc:357] T fcde65c4e4cf4df29b9ef9884ce292b2 P 0f53a0d3ef7e44ebb0365c800752d5bd -> Peer 23f962e4a1744381ad5fa0d2d8b10241 (c3-kudu-tst-st07.bj:18700): Couldn't send request to peer 23f962e4a1744381ad5fa0d2d8b10241 for tablet fcde65c4e4cf4df29b9ef9884ce292b2. Error code: TABLET_NOT_RUNNING (12). Status: Illegal state: Tablet not RUNNING: NOT_STARTED. Retrying in the next heartbeat period. Already tried 80 times.
W1031 23:04:33.339429 5816 consensus_peers.cc:357] T 648eb376255a4dd4bb5818262efcc813 P 0f53a0d3ef7e44ebb0365c800752d5bd -> Peer 0a8bbcbbb5a6459aa5258464755db3bb (c3-kudu-tst-st02.bj:18700): Couldn't send request to peer 0a8bbcbbb5a6459aa5258464755db3bb for tablet 648eb376255a4dd4bb5818262efcc813. Error code: TABLET_NOT_RUNNING (12). Status: Illegal state: Tablet not RUNNING: NOT_STARTED. Retrying in the next heartbeat period. Already tried 81 times.
W1031 23:04:33.572058 5816 consensus_peers.cc:357] T 991306ec7acb449c89e5dd29d90e8d55 P 0f53a0d3ef7e44ebb0365c800752d5bd -> Peer 23f962e4a1744381ad5fa0d2d8b10241 (c3-kudu-tst-st07.bj:18700): Couldn't send request to peer 23f962e4a1744381ad5fa0d2d8b10241 for tablet 991306ec7acb449c89e5dd29d90e8d55. Error code: TABLET_NOT_RUNNING (12). Status: Illegal state: Tablet not RUNNING: NOT_STARTED. Retrying in the next heartbeat period. Already tried 21 times.
W1031 23:04:33.587113 5816 consensus_peers.cc:357] T fcde65c4e4cf4df29b9ef9884ce292b2 P 0f53a0d3ef7e44ebb0365c800752d5bd -> Peer 23f962e4a1744381ad5fa0d2d8b10241 (c3-kudu-tst-st07.bj:18700): Couldn't send request to peer 23f962e4a1744381ad5fa0d2d8b10241 for tablet fcde65c4e4cf4df29b9ef9884ce292b2. Error code: TABLET_NOT_RUNNING (12). Status: Illegal state: Tablet not RUNNING: NOT_STARTED. Retrying in the next heartbeat period. Already tried 81 times.
W1031 23:04:33.839388 5816 consensus_peers.cc:357] T 648eb376255a4dd4bb5818262efcc813 P 0f53a0d3ef7e44ebb0365c800752d5bd -> Peer 0a8bbcbbb5a6459aa5258464755db3bb (c3-kudu-tst-st02.bj:18700): Couldn't send request to peer 0a8bbcbbb5a6459aa5258464755db3bb for tablet 648eb376255a4dd4bb5818262efcc813. Error code: TABLET_NOT_RUNNING (12). Status: Illegal state: Tablet not RUNNING: NOT_STARTED. Retrying in the next heartbeat period. Already tried 82 times.
W1031 23:04:34.072088 5816 consensus_peers.cc:357] T 991306ec7acb449c89e5dd29d90e8d55 P 0f53a0d3ef7e44ebb0365c800752d5bd -> Peer 23f962e4a1744381ad5fa0d2d8b10241 (c3-kudu-tst-st07.bj:18700): Couldn't send request to peer 23f962e4a1744381ad5fa0d2d8b10241 for tablet 991306ec7acb449c89e5dd29d90e8d55. Error code: TABLET_NOT_RUNNING (12). Status: Illegal state: Tablet not RUNNING: NOT_STARTED. Retrying in the next heartbeat period. Already tried 22 times.
