W1031 23:03:56.708642 5816 leader_election.cc:278] T 6a813ca355f749b6b31a773aa0f2ac7a P 0f53a0d3ef7e44ebb0365c800752d5bd [CANDIDATE]: Term 1 pre-election: Tablet error from VoteRequest() call to peer 0a8bbcbbb5a6459aa5258464755db3bb: Illegal state: Tablet not RUNNING: NOT_STARTED
W1031 23:03:56.708680 5815 leader_election.cc:278] T 6a813ca355f749b6b31a773aa0f2ac7a P 0f53a0d3ef7e44ebb0365c800752d5bd [CANDIDATE]: Term 1 pre-election: Tablet error from VoteRequest() call to peer 193181be29284287b25df2ee92938f0b: Illegal state: Tablet not RUNNING: NOT_STARTED
I1031 23:03:56.708701 5815 leader_election.cc:243] T 6a813ca355f749b6b31a773aa0f2ac7a P 0f53a0d3ef7e44ebb0365c800752d5bd [CANDIDATE]: Term 1 pre-election: Election decided. Result: candidate lost.
I1031 23:03:56.708906 34243 raft_consensus.cc:2162] T 6a813ca355f749b6b31a773aa0f2ac7a P 0f53a0d3ef7e44ebb0365c800752d5bd [term 0 FOLLOWER]: Snoozing failure detection for election timeout plus an additional 1.760s
I1031 23:03:56.708923 34243 raft_consensus.cc:1908] T 6a813ca355f749b6b31a773aa0f2ac7a P 0f53a0d3ef7e44ebb0365c800752d5bd [term 0 FOLLOWER]: Leader pre-election lost for term 1. Reason: could not achieve majority
W1031 23:03:56.833983 5816 consensus_peers.cc:357] T 648eb376255a4dd4bb5818262efcc813 P 0f53a0d3ef7e44ebb0365c800752d5bd -> Peer 0a8bbcbbb5a6459aa5258464755db3bb (c3-kudu-tst-st02.bj:18700): Couldn't send request to peer 0a8bbcbbb5a6459aa5258464755db3bb for tablet 648eb376255a4dd4bb5818262efcc813. Error code: TABLET_NOT_RUNNING (12). Status: Illegal state: Tablet not RUNNING: NOT_STARTED. Retrying in the next heartbeat period. Already tried 8 times.
W1031 23:03:57.081097 5816 consensus_peers.cc:357] T fcde65c4e4cf4df29b9ef9884ce292b2 P 0f53a0d3ef7e44ebb0365c800752d5bd -> Peer 23f962e4a1744381ad5fa0d2d8b10241 (c3-kudu-tst-st07.bj:18700): Couldn't send request to peer 23f962e4a1744381ad5fa0d2d8b10241 for tablet fcde65c4e4cf4df29b9ef9884ce292b2. Error code: TABLET_NOT_RUNNING (12). Status: Illegal state: Tablet not RUNNING: NOT_STARTED. Retrying in the next heartbeat period. Already tried 8 times.
W1031 23:03:57.334025 5816 consensus_peers.cc:357] T 648eb376255a4dd4bb5818262efcc813 P 0f53a0d3ef7e44ebb0365c800752d5bd -> Peer 0a8bbcbbb5a6459aa5258464755db3bb (c3-kudu-tst-st02.bj:18700): Couldn't send request to peer 0a8bbcbbb5a6459aa5258464755db3bb for tablet 648eb376255a4dd4bb5818262efcc813. Error code: TABLET_NOT_RUNNING (12). Status: Illegal state: Tablet not RUNNING: NOT_STARTED. Retrying in the next heartbeat period. Already tried 9 times.
W1031 23:03:57.581127 5816 consensus_peers.cc:357] T fcde65c4e4cf4df29b9ef9884ce292b2 P 0f53a0d3ef7e44ebb0365c800752d5bd -> Peer 23f962e4a1744381ad5fa0d2d8b10241 (c3-kudu-tst-st07.bj:18700): Couldn't send request to peer 23f962e4a1744381ad5fa0d2d8b10241 for tablet fcde65c4e4cf4df29b9ef9884ce292b2. Error code: TABLET_NOT_RUNNING (12). Status: Illegal state: Tablet not RUNNING: NOT_STARTED. Retrying in the next heartbeat period. Already tried 9 times.
W1031 23:03:57.834102 5816 consensus_peers.cc:357] T 648eb376255a4dd4bb5818262efcc813 P 0f53a0d3ef7e44ebb0365c800752d5bd -> Peer 0a8bbcbbb5a6459aa5258464755db3bb (c3-kudu-tst-st02.bj:18700): Couldn't send request to peer 0a8bbcbbb5a6459aa5258464755db3bb for tablet 648eb376255a4dd4bb5818262efcc813. Error code: TABLET_NOT_RUNNING (12). Status: Illegal state: Tablet not RUNNING: NOT_STARTED. Retrying in the next heartbeat period. Already tried 10 times.
W1031 23:03:58.081075 5816 consensus_peers.cc:357] T fcde65c4e4cf4df29b9ef9884ce292b2 P 0f53a0d3ef7e44ebb0365c800752d5bd -> Peer 23f962e4a1744381ad5fa0d2d8b10241 (c3-kudu-tst-st07.bj:18700): Couldn't send request to peer 23f962e4a1744381ad5fa0d2d8b10241 for tablet fcde65c4e4cf4df29b9ef9884ce292b2. Error code: TABLET_NOT_RUNNING (12). Status: Illegal state: Tablet not RUNNING: NOT_STARTED. Retrying in the next heartbeat period. Already tried 10 times.
W1031 23:03:58.334182 5816 consensus_peers.cc:357] T 648eb376255a4dd4bb5818262efcc813 P 0f53a0d3ef7e44ebb0365c800752d5bd -> Peer 0a8bbcbbb5a6459aa5258464755db3bb (c3-kudu-tst-st02.bj:18700): Couldn't send request to peer 0a8bbcbbb5a6459aa5258464755db3bb for tablet 648eb376255a4dd4bb5818262efcc813. Error code: TABLET_NOT_RUNNING (12). Status: Illegal state: Tablet not RUNNING: NOT_STARTED. Retrying in the next heartbeat period. Already tried 11 times.
W1031 23:03:58.581197 5816 consensus_peers.cc:357] T fcde65c4e4cf4df29b9ef9884ce292b2 P 0f53a0d3ef7e44ebb0365c800752d5bd -> Peer 23f962e4a1744381ad5fa0d2d8b10241 (c3-kudu-tst-st07.bj:18700): Couldn't send request to peer 23f962e4a1744381ad5fa0d2d8b10241 for tablet fcde65c4e4cf4df29b9ef9884ce292b2. Error code: TABLET_NOT_RUNNING (12). Status: Illegal state: Tablet not RUNNING: NOT_STARTED. Retrying in the next heartbeat period. Already tried 11 times.
W1031 23:03:58.834195 5816 consensus_peers.cc:357] T 648eb376255a4dd4bb5818262efcc813 P 0f53a0d3ef7e44ebb0365c800752d5bd -> Peer 0a8bbcbbb5a6459aa5258464755db3bb (c3-kudu-tst-st02.bj:18700): Couldn't send request to peer 0a8bbcbbb5a6459aa5258464755db3bb for tablet 648eb376255a4dd4bb5818262efcc813. Error code: TABLET_NOT_RUNNING (12). Status: Illegal state: Tablet not RUNNING: NOT_STARTED. Retrying in the next heartbeat period. Already tried 12 times.
W1031 23:03:59.081313 5816 consensus_peers.cc:357] T fcde65c4e4cf4df29b9ef9884ce292b2 P 0f53a0d3ef7e44ebb0365c800752d5bd -> Peer 23f962e4a1744381ad5fa0d2d8b10241 (c3-kudu-tst-st07.bj:18700): Couldn't send request to peer 23f962e4a1744381ad5fa0d2d8b10241 for tablet fcde65c4e4cf4df29b9ef9884ce292b2. Error code: TABLET_NOT_RUNNING (12). Status: Illegal state: Tablet not RUNNING: NOT_STARTED. Retrying in the next heartbeat period. Already tried 12 times.
W1031 23:03:59.334213 5816 consensus_peers.cc:357] T 648eb376255a4dd4bb5818262efcc813 P 0f53a0d3ef7e44ebb0365c800752d5bd -> Peer 0a8bbcbbb5a6459aa5258464755db3bb (c3-kudu-tst-st02.bj:18700): Couldn't send request to peer 0a8bbcbbb5a6459aa5258464755db3bb for tablet 648eb376255a4dd4bb5818262efcc813. Error code: TABLET_NOT_RUNNING (12). Status: Illegal state: Tablet not RUNNING: NOT_STARTED. Retrying in the next heartbeat period. Already tried 13 times.
W1031 23:03:59.581348 5816 consensus_peers.cc:357] T fcde65c4e4cf4df29b9ef9884ce292b2 P 0f53a0d3ef7e44ebb0365c800752d5bd -> Peer 23f962e4a1744381ad5fa0d2d8b10241 (c3-kudu-tst-st07.bj:18700): Couldn't send request to peer 23f962e4a1744381ad5fa0d2d8b10241 for tablet fcde65c4e4cf4df29b9ef9884ce292b2. Error code: TABLET_NOT_RUNNING (12). Status: Illegal state: Tablet not RUNNING: NOT_STARTED. Retrying in the next heartbeat period. Already tried 13 times.
W1031 23:03:59.834357 5816 consensus_peers.cc:357] T 648eb376255a4dd4bb5818262efcc813 P 0f53a0d3ef7e44ebb0365c800752d5bd -> Peer 0a8bbcbbb5a6459aa5258464755db3bb (c3-kudu-tst-st02.bj:18700): Couldn't send request to peer 0a8bbcbbb5a6459aa5258464755db3bb for tablet 648eb376255a4dd4bb5818262efcc813. Error code: TABLET_NOT_RUNNING (12). Status: Illegal state: Tablet not RUNNING: NOT_STARTED. Retrying in the next heartbeat period. Already tried 14 times.
I1031 23:04:00.058825 34067 raft_consensus.cc:411] T 6a813ca355f749b6b31a773aa0f2ac7a P 0f53a0d3ef7e44ebb0365c800752d5bd [term 0 FOLLOWER]: Starting pre-election (no leader contacted us within the election timeout)
I1031 23:04:00.058885 34067 raft_consensus.cc:2162] T 6a813ca355f749b6b31a773aa0f2ac7a P 0f53a0d3ef7e44ebb0365c800752d5bd [term 0 FOLLOWER]: Snoozing failure detection for election timeout plus an additional 1.852s
I1031 23:04:00.058940 34067 raft_consensus.cc:435] T 6a813ca355f749b6b31a773aa0f2ac7a P 0f53a0d3ef7e44ebb0365c800752d5bd [term 0 FOLLOWER]: Starting pre-election with config: opid_index: -1 OBSOLETE_local: false peers { permanent_uuid: "0a8bbcbbb5a6459aa5258464755db3bb" member_type: VOTER last_known_addr { host: "c3-kudu-tst-st02.bj" port: 18700 } } peers { permanent_uuid: "0f53a0d3ef7e44ebb0365c800752d5bd" member_type: VOTER last_known_addr { host: "c3-kudu-tst-st01.bj" port: 18700 } } peers { permanent_uuid: "193181be29284287b25df2ee92938f0b" member_type: VOTER last_known_addr { host: "c3-kudu-tst-st08.bj" port: 18700 } }
I1031 23:04:00.059497 34067 leader_election.cc:216] T 6a813ca355f749b6b31a773aa0f2ac7a P 0f53a0d3ef7e44ebb0365c800752d5bd [CANDIDATE]: Term 1 pre-election: Requesting pre-vote from peer 0a8bbcbbb5a6459aa5258464755db3bb
I1031 23:04:00.059528 34067 leader_election.cc:216] T 6a813ca355f749b6b31a773aa0f2ac7a P 0f53a0d3ef7e44ebb0365c800752d5bd [CANDIDATE]: Term 1 pre-election: Requesting pre-vote from peer 193181be29284287b25df2ee92938f0b
W1031 23:04:00.059717 5816 leader_election.cc:278] T 6a813ca355f749b6b31a773aa0f2ac7a P 0f53a0d3ef7e44ebb0365c800752d5bd [CANDIDATE]: Term 1 pre-election: Tablet error from VoteRequest() call to peer 0a8bbcbbb5a6459aa5258464755db3bb: Illegal state: Tablet not RUNNING: NOT_STARTED
W1031 23:04:00.059839 5815 leader_election.cc:278] T 6a813ca355f749b6b31a773aa0f2ac7a P 0f53a0d3ef7e44ebb0365c800752d5bd [CANDIDATE]: Term 1 pre-election: Tablet error from VoteRequest() call to peer 193181be29284287b25df2ee92938f0b: Illegal state: Tablet not RUNNING: NOT_STARTED
I1031 23:04:00.059857 5815 leader_election.cc:243] T 6a813ca355f749b6b31a773aa0f2ac7a P 0f53a0d3ef7e44ebb0365c800752d5bd [CANDIDATE]: Term 1 pre-election: Election decided. Result: candidate lost.
I1031 23:04:00.060187 34254 raft_consensus.cc:2162] T 6a813ca355f749b6b31a773aa0f2ac7a P 0f53a0d3ef7e44ebb0365c800752d5bd [term 0 FOLLOWER]: Snoozing failure detection for election timeout plus an additional 3.221s
I1031 23:04:00.060220 34254 raft_consensus.cc:1908] T 6a813ca355f749b6b31a773aa0f2ac7a P 0f53a0d3ef7e44ebb0365c800752d5bd [term 0 FOLLOWER]: Leader pre-election lost for term 1. Reason: could not achieve majority
W1031 23:04:00.081532 5816 consensus_peers.cc:357] T fcde65c4e4cf4df29b9ef9884ce292b2 P 0f53a0d3ef7e44ebb0365c800752d5bd -> Peer 23f962e4a1744381ad5fa0d2d8b10241 (c3-kudu-tst-st07.bj:18700): Couldn't send request to peer 23f962e4a1744381ad5fa0d2d8b10241 for tablet fcde65c4e4cf4df29b9ef9884ce292b2. Error code: TABLET_NOT_RUNNING (12). Status: Illegal state: Tablet not RUNNING: NOT_STARTED. Retrying in the next heartbeat period. Already tried 14 times.
W1031 23:04:00.334436 5816 consensus_peers.cc:357] T 648eb376255a4dd4bb5818262efcc813 P 0f53a0d3ef7e44ebb0365c800752d5bd -> Peer 0a8bbcbbb5a6459aa5258464755db3bb (c3-kudu-tst-st02.bj:18700): Couldn't send request to peer 0a8bbcbbb5a6459aa5258464755db3bb for tablet 648eb376255a4dd4bb5818262efcc813. Error code: TABLET_NOT_RUNNING (12). Status: Illegal state: Tablet not RUNNING: NOT_STARTED. Retrying in the next heartbeat period. Already tried 15 times.
W1031 23:04:00.581501 5816 consensus_peers.cc:357] T fcde65c4e4cf4df29b9ef9884ce292b2 P 0f53a0d3ef7e44ebb0365c800752d5bd -> Peer 23f962e4a1744381ad5fa0d2d8b10241 (c3-kudu-tst-st07.bj:18700): Couldn't send request to peer 23f962e4a1744381ad5fa0d2d8b10241 for tablet fcde65c4e4cf4df29b9ef9884ce292b2. Error code: TABLET_NOT_RUNNING (12). Status: Illegal state: Tablet not RUNNING: NOT_STARTED. Retrying in the next heartbeat period. Already tried 15 times.
W1031 23:04:00.834502 5816 consensus_peers.cc:357] T 648eb376255a4dd4bb5818262efcc813 P 0f53a0d3ef7e44ebb0365c800752d5bd -> Peer 0a8bbcbbb5a6459aa5258464755db3bb (c3-kudu-tst-st02.bj:18700): Couldn't send request to peer 0a8bbcbbb5a6459aa5258464755db3bb for tablet 648eb376255a4dd4bb5818262efcc813. Error code: TABLET_NOT_RUNNING (12). Status: Illegal state: Tablet not RUNNING: NOT_STARTED. Retrying in the next heartbeat period. Already tried 16 times.
W1031 23:04:01.081648 5816 consensus_peers.cc:357] T fcde65c4e4cf4df29b9ef9884ce292b2 P 0f53a0d3ef7e44ebb0365c800752d5bd -> Peer 23f962e4a1744381ad5fa0d2d8b10241 (c3-kudu-tst-st07.bj:18700): Couldn't send request to peer 23f962e4a1744381ad5fa0d2d8b10241 for tablet fcde65c4e4cf4df29b9ef9884ce292b2. Error code: TABLET_NOT_RUNNING (12). Status: Illegal state: Tablet not RUNNING: NOT_STARTED. Retrying in the next heartbeat period. Already tried 16 times.
W1031 23:04:01.334614 5816 consensus_peers.cc:357] T 648eb376255a4dd4bb5818262efcc813 P 0f53a0d3ef7e44ebb0365c800752d5bd -> Peer 0a8bbcbbb5a6459aa5258464755db3bb (c3-kudu-tst-st02.bj:18700): Couldn't send request to peer 0a8bbcbbb5a6459aa5258464755db3bb for tablet 648eb376255a4dd4bb5818262efcc813. Error code: TABLET_NOT_RUNNING (12). Status: Illegal state: Tablet not RUNNING: NOT_STARTED. Retrying in the next heartbeat period. Already tried 17 times.
W1031 23:04:01.581735 5816 consensus_peers.cc:357] T fcde65c4e4cf4df29b9ef9884ce292b2 P 0f53a0d3ef7e44ebb0365c800752d5bd -> Peer 23f962e4a1744381ad5fa0d2d8b10241 (c3-kudu-tst-st07.bj:18700): Couldn't send request to peer 23f962e4a1744381ad5fa0d2d8b10241 for tablet fcde65c4e4cf4df29b9ef9884ce292b2. Error code: TABLET_NOT_RUNNING (12). Status: Illegal state: Tablet not RUNNING: NOT_STARTED. Retrying in the next heartbeat period. Already tried 17 times.
W1031 23:04:01.834579 5816 consensus_peers.cc:357] T 648eb376255a4dd4bb5818262efcc813 P 0f53a0d3ef7e44ebb0365c800752d5bd -> Peer 0a8bbcbbb5a6459aa5258464755db3bb (c3-kudu-tst-st02.bj:18700): Couldn't send request to peer 0a8bbcbbb5a6459aa5258464755db3bb for tablet 648eb376255a4dd4bb5818262efcc813. Error code: TABLET_NOT_RUNNING (12). Status: Illegal state: Tablet not RUNNING: NOT_STARTED. Retrying in the next heartbeat period. Already tried 18 times.
W1031 23:04:02.081676 5816 consensus_peers.cc:357] T fcde65c4e4cf4df29b9ef9884ce292b2 P 0f53a0d3ef7e44ebb0365c800752d5bd -> Peer 23f962e4a1744381ad5fa0d2d8b10241 (c3-kudu-tst-st07.bj:18700): Couldn't send request to peer 23f962e4a1744381ad5fa0d2d8b10241 for tablet fcde65c4e4cf4df29b9ef9884ce292b2. Error code: TABLET_NOT_RUNNING (12). Status: Illegal state: Tablet not RUNNING: NOT_STARTED. Retrying in the next heartbeat period. Already tried 18 times.
W1031 23:04:02.334709 5816 consensus_peers.cc:357] T 648eb376255a4dd4bb5818262efcc813 P 0f53a0d3ef7e44ebb0365c800752d5bd -> Peer 0a8bbcbbb5a6459aa5258464755db3bb (c3-kudu-tst-st02.bj:18700): Couldn't send request to peer 0a8bbcbbb5a6459aa5258464755db3bb for tablet 648eb376255a4dd4bb5818262efcc813. Error code: TABLET_NOT_RUNNING (12). Status: Illegal state: Tablet not RUNNING: NOT_STARTED. Retrying in the next heartbeat period. Already tried 19 times.
W1031 23:04:02.581820 5816 consensus_peers.cc:357] T fcde65c4e4cf4df29b9ef9884ce292b2 P 0f53a0d3ef7e44ebb0365c800752d5bd -> Peer 23f962e4a1744381ad5fa0d2d8b10241 (c3-kudu-tst-st07.bj:18700): Couldn't send request to peer 23f962e4a1744381ad5fa0d2d8b10241 for tablet fcde65c4e4cf4df29b9ef9884ce292b2. Error code: TABLET_NOT_RUNNING (12). Status: Illegal state: Tablet not RUNNING: NOT_STARTED. Retrying in the next heartbeat period. Already tried 19 times.
W1031 23:04:02.834806 5816 consensus_peers.cc:357] T 648eb376255a4dd4bb5818262efcc813 P 0f53a0d3ef7e44ebb0365c800752d5bd -> Peer 0a8bbcbbb5a6459aa5258464755db3bb (c3-kudu-tst-st02.bj:18700): Couldn't send request to peer 0a8bbcbbb5a6459aa5258464755db3bb for tablet 648eb376255a4dd4bb5818262efcc813. Error code: TABLET_NOT_RUNNING (12). Status: Illegal state: Tablet not RUNNING: NOT_STARTED. Retrying in the next heartbeat period. Already tried 20 times.
W1031 23:04:03.081955 5816 consensus_peers.cc:357] T fcde65c4e4cf4df29b9ef9884ce292b2 P 0f53a0d3ef7e44ebb0365c800752d5bd -> Peer 23f962e4a1744381ad5fa0d2d8b10241 (c3-kudu-tst-st07.bj:18700): Couldn't send request to peer 23f962e4a1744381ad5fa0d2d8b10241 for tablet fcde65c4e4cf4df29b9ef9884ce292b2. Error code: TABLET_NOT_RUNNING (12). Status: Illegal state: Tablet not RUNNING: NOT_STARTED. Retrying in the next heartbeat period. Already tried 20 times.
W1031 23:04:03.334841 5816 consensus_peers.cc:357] T 648eb376255a4dd4bb5818262efcc813 P 0f53a0d3ef7e44ebb0365c800752d5bd -> Peer 0a8bbcbbb5a6459aa5258464755db3bb (c3-kudu-tst-st02.bj:18700): Couldn't send request to peer 0a8bbcbbb5a6459aa5258464755db3bb for tablet 648eb376255a4dd4bb5818262efcc813. Error code: TABLET_NOT_RUNNING (12). Status: Illegal state: Tablet not RUNNING: NOT_STARTED. Retrying in the next heartbeat period. Already tried 21 times.
W1031 23:04:03.581964 5816 consensus_peers.cc:357] T fcde65c4e4cf4df29b9ef9884ce292b2 P 0f53a0d3ef7e44ebb0365c800752d5bd -> Peer 23f962e4a1744381ad5fa0d2d8b10241 (c3-kudu-tst-st07.bj:18700): Couldn't send request to peer 23f962e4a1744381ad5fa0d2d8b10241 for tablet fcde65c4e4cf4df29b9ef9884ce292b2. Error code: TABLET_NOT_RUNNING (12). Status: Illegal state: Tablet not RUNNING: NOT_STARTED. Retrying in the next heartbeat period. Already tried 21 times.
W1031 23:04:03.834925 5816 consensus_peers.cc:357] T 648eb376255a4dd4bb5818262efcc813 P 0f53a0d3ef7e44ebb0365c800752d5bd -> Peer 0a8bbcbbb5a6459aa5258464755db3bb (c3-kudu-tst-st02.bj:18700): Couldn't send request to peer 0a8bbcbbb5a6459aa5258464755db3bb for tablet 648eb376255a4dd4bb5818262efcc813. Error code: TABLET_NOT_RUNNING (12). Status: Illegal state: Tablet not RUNNING: NOT_STARTED. Retrying in the next heartbeat period. Already tried 22 times.
W1031 23:04:04.082224 5816 consensus_peers.cc:357] T fcde65c4e4cf4df29b9ef9884ce292b2 P 0f53a0d3ef7e44ebb0365c800752d5bd -> Peer 23f962e4a1744381ad5fa0d2d8b10241 (c3-kudu-tst-st07.bj:18700): Couldn't send request to peer 23f962e4a1744381ad5fa0d2d8b10241 for tablet fcde65c4e4cf4df29b9ef9884ce292b2. Error code: TABLET_NOT_RUNNING (12). Status: Illegal state: Tablet not RUNNING: NOT_STARTED. Retrying in the next heartbeat period. Already tried 22 times.
W1031 23:04:04.335003 5816 consensus_peers.cc:357] T 648eb376255a4dd4bb5818262efcc813 P 0f53a0d3ef7e44ebb0365c800752d5bd -> Peer 0a8bbcbbb5a6459aa5258464755db3bb (c3-kudu-tst-st02.bj:18700): Couldn't send request to peer 0a8bbcbbb5a6459aa5258464755db3bb for tablet 648eb376255a4dd4bb5818262efcc813. Error code: TABLET_NOT_RUNNING (12). Status: Illegal state: Tablet not RUNNING: NOT_STARTED. Retrying in the next heartbeat period. Already tried 23 times.
W1031 23:04:04.582265 5816 consensus_peers.cc:357] T fcde65c4e4cf4df29b9ef9884ce292b2 P 0f53a0d3ef7e44ebb0365c800752d5bd -> Peer 23f962e4a1744381ad5fa0d2d8b10241 (c3-kudu-tst-st07.bj:18700): Couldn't send request to peer 23f962e4a1744381ad5fa0d2d8b10241 for tablet fcde65c4e4cf4df29b9ef9884ce292b2. Error code: TABLET_NOT_RUNNING (12). Status: Illegal state: Tablet not RUNNING: NOT_STARTED. Retrying in the next heartbeat period. Already tried 23 times.
W1031 23:04:04.835068 5816 consensus_peers.cc:357] T 648eb376255a4dd4bb5818262efcc813 P 0f53a0d3ef7e44ebb0365c800752d5bd -> Peer 0a8bbcbbb5a6459aa5258464755db3bb (c3-kudu-tst-st02.bj:18700): Couldn't send request to peer 0a8bbcbbb5a6459aa5258464755db3bb for tablet 648eb376255a4dd4bb5818262efcc813. Error code: TABLET_NOT_RUNNING (12). Status: Illegal state: Tablet not RUNNING: NOT_STARTED. Retrying in the next heartbeat period. Already tried 24 times.
W1031 23:04:05.082233 5816 consensus_peers.cc:357] T fcde65c4e4cf4df29b9ef9884ce292b2 P 0f53a0d3ef7e44ebb0365c800752d5bd -> Peer 23f962e4a1744381ad5fa0d2d8b10241 (c3-kudu-tst-st07.bj:18700): Couldn't send request to peer 23f962e4a1744381ad5fa0d2d8b10241 for tablet fcde65c4e4cf4df29b9ef9884ce292b2. Error code: TABLET_NOT_RUNNING (12). Status: Illegal state: Tablet not RUNNING: NOT_STARTED. Retrying in the next heartbeat period. Already tried 24 times.
I1031 23:04:05.124168 34067 raft_consensus.cc:411] T 6a813ca355f749b6b31a773aa0f2ac7a P 0f53a0d3ef7e44ebb0365c800752d5bd [term 0 FOLLOWER]: Starting pre-election (no leader contacted us within the election timeout)
I1031 23:04:05.124203 34067 raft_consensus.cc:2162] T 6a813ca355f749b6b31a773aa0f2ac7a P 0f53a0d3ef7e44ebb0365c800752d5bd [term 0 FOLLOWER]: Snoozing failure detection for election timeout plus an additional 5.385s
I1031 23:04:05.124284 34067 raft_consensus.cc:435] T 6a813ca355f749b6b31a773aa0f2ac7a P 0f53a0d3ef7e44ebb0365c800752d5bd [term 0 FOLLOWER]: Starting pre-election with config: opid_index: -1 OBSOLETE_local: false peers { permanent_uuid: "0a8bbcbbb5a6459aa5258464755db3bb" member_type: VOTER last_known_addr { host: "c3-kudu-tst-st02.bj" port: 18700 } } peers { permanent_uuid: "0f53a0d3ef7e44ebb0365c800752d5bd" member_type: VOTER last_known_addr { host: "c3-kudu-tst-st01.bj" port: 18700 } } peers { permanent_uuid: "193181be29284287b25df2ee92938f0b" member_type: VOTER last_known_addr { host: "c3-kudu-tst-st08.bj" port: 18700 } }
I1031 23:04:05.124852 34067 leader_election.cc:216] T 6a813ca355f749b6b31a773aa0f2ac7a P 0f53a0d3ef7e44ebb0365c800752d5bd [CANDIDATE]: Term 1 pre-election: Requesting pre-vote from peer 0a8bbcbbb5a6459aa5258464755db3bb
I1031 23:04:05.124882 34067 leader_election.cc:216] T 6a813ca355f749b6b31a773aa0f2ac7a P 0f53a0d3ef7e44ebb0365c800752d5bd [CANDIDATE]: Term 1 pre-election: Requesting pre-vote from peer 193181be29284287b25df2ee92938f0b
W1031 23:04:05.125084 5816 leader_election.cc:278] T 6a813ca355f749b6b31a773aa0f2ac7a P 0f53a0d3ef7e44ebb0365c800752d5bd [CANDIDATE]: Term 1 pre-election: Tablet error from VoteRequest() call to peer 0a8bbcbbb5a6459aa5258464755db3bb: Illegal state: Tablet not RUNNING: NOT_STARTED
W1031 23:04:05.125207 5815 leader_election.cc:278] T 6a813ca355f749b6b31a773aa0f2ac7a P 0f53a0d3ef7e44ebb0365c800752d5bd [CANDIDATE]: Term 1 pre-election: Tablet error from VoteRequest() call to peer 193181be29284287b25df2ee92938f0b: Illegal state: Tablet not RUNNING: NOT_STARTED
I1031 23:04:05.125227 5815 leader_election.cc:243] T 6a813ca355f749b6b31a773aa0f2ac7a P 0f53a0d3ef7e44ebb0365c800752d5bd [CANDIDATE]: Term 1 pre-election: Election decided. Result: candidate lost.
I1031 23:04:05.125950 34287 raft_consensus.cc:2162] T 6a813ca355f749b6b31a773aa0f2ac7a P 0f53a0d3ef7e44ebb0365c800752d5bd [term 0 FOLLOWER]: Snoozing failure detection for election timeout plus an additional 7.048s
I1031 23:04:05.125980 34287 raft_consensus.cc:1908] T 6a813ca355f749b6b31a773aa0f2ac7a P 0f53a0d3ef7e44ebb0365c800752d5bd [term 0 FOLLOWER]: Leader pre-election lost for term 1. Reason: could not achieve majority
W1031 23:04:05.335157 5816 consensus_peers.cc:357] T 648eb376255a4dd4bb5818262efcc813 P 0f53a0d3ef7e44ebb0365c800752d5bd -> Peer 0a8bbcbbb5a6459aa5258464755db3bb (c3-kudu-tst-st02.bj:18700): Couldn't send request to peer 0a8bbcbbb5a6459aa5258464755db3bb for tablet 648eb376255a4dd4bb5818262efcc813. Error code: TABLET_NOT_RUNNING (12). Status: Illegal state: Tablet not RUNNING: NOT_STARTED. Retrying in the next heartbeat period. Already tried 25 times.
W1031 23:04:05.582461 5816 consensus_peers.cc:357] T fcde65c4e4cf4df29b9ef9884ce292b2 P 0f53a0d3ef7e44ebb0365c800752d5bd -> Peer 23f962e4a1744381ad5fa0d2d8b10241 (c3-kudu-tst-st07.bj:18700): Couldn't send request to peer 23f962e4a1744381ad5fa0d2d8b10241 for tablet fcde65c4e4cf4df29b9ef9884ce292b2. Error code: TABLET_NOT_RUNNING (12). Status: Illegal state: Tablet not RUNNING: NOT_STARTED. Retrying in the next heartbeat period. Already tried 25 times.
W1031 23:04:05.835230 5816 consensus_peers.cc:357] T 648eb376255a4dd4bb5818262efcc813 P 0f53a0d3ef7e44ebb0365c800752d5bd -> Peer 0a8bbcbbb5a6459aa5258464755db3bb (c3-kudu-tst-st02.bj:18700): Couldn't send request to peer 0a8bbcbbb5a6459aa5258464755db3bb for tablet 648eb376255a4dd4bb5818262efcc813. Error code: TABLET_NOT_RUNNING (12). Status: Illegal state: Tablet not RUNNING: NOT_STARTED. Retrying in the next heartbeat period. Already tried 26 times.
W1031 23:04:06.082551 5816 consensus_peers.cc:357] T fcde65c4e4cf4df29b9ef9884ce292b2 P 0f53a0d3ef7e44ebb0365c800752d5bd -> Peer 23f962e4a1744381ad5fa0d2d8b10241 (c3-kudu-tst-st07.bj:18700): Couldn't send request to peer 23f962e4a1744381ad5fa0d2d8b10241 for tablet fcde65c4e4cf4df29b9ef9884ce292b2. Error code: TABLET_NOT_RUNNING (12). Status: Illegal state: Tablet not RUNNING: NOT_STARTED. Retrying in the next heartbeat period. Already tried 26 times.
W1031 23:04:06.335326 5816 consensus_peers.cc:357] T 648eb376255a4dd4bb5818262efcc813 P 0f53a0d3ef7e44ebb0365c800752d5bd -> Peer 0a8bbcbbb5a6459aa5258464755db3bb (c3-kudu-tst-st02.bj:18700): Couldn't send request to peer 0a8bbcbbb5a6459aa5258464755db3bb for tablet 648eb376255a4dd4bb5818262efcc813. Error code: TABLET_NOT_RUNNING (12). Status: Illegal state: Tablet not RUNNING: NOT_STARTED. Retrying in the next heartbeat period. Already tried 27 times.
W1031 23:04:06.582500 5816 consensus_peers.cc:357] T fcde65c4e4cf4df29b9ef9884ce292b2 P 0f53a0d3ef7e44ebb0365c800752d5bd -> Peer 23f962e4a1744381ad5fa0d2d8b10241 (c3-kudu-tst-st07.bj:18700): Couldn't send request to peer 23f962e4a1744381ad5fa0d2d8b10241 for tablet fcde65c4e4cf4df29b9ef9884ce292b2. Error code: TABLET_NOT_RUNNING (12). Status: Illegal state: Tablet not RUNNING: NOT_STARTED. Retrying in the next heartbeat period. Already tried 27 times.
W1031 23:04:06.835384 5816 consensus_peers.cc:357] T 648eb376255a4dd4bb5818262efcc813 P 0f53a0d3ef7e44ebb0365c800752d5bd -> Peer 0a8bbcbbb5a6459aa5258464755db3bb (c3-kudu-tst-st02.bj:18700): Couldn't send request to peer 0a8bbcbbb5a6459aa5258464755db3bb for tablet 648eb376255a4dd4bb5818262efcc813. Error code: TABLET_NOT_RUNNING (12). Status: Illegal state: Tablet not RUNNING: NOT_STARTED. Retrying in the next heartbeat period. Already tried 28 times.
W1031 23:04:07.082702 5816 consensus_peers.cc:357] T fcde65c4e4cf4df29b9ef9884ce292b2 P 0f53a0d3ef7e44ebb0365c800752d5bd -> Peer 23f962e4a1744381ad5fa0d2d8b10241 (c3-kudu-tst-st07.bj:18700): Couldn't send request to peer 23f962e4a1744381ad5fa0d2d8b10241 for tablet fcde65c4e4cf4df29b9ef9884ce292b2. Error code: TABLET_NOT_RUNNING (12). Status: Illegal state: Tablet not RUNNING: NOT_STARTED. Retrying in the next heartbeat period. Already tried 28 times.
W1031 23:04:07.335465 5816 consensus_peers.cc:357] T 648eb376255a4dd4bb5818262efcc813 P 0f53a0d3ef7e44ebb0365c800752d5bd -> Peer 0a8bbcbbb5a6459aa5258464755db3bb (c3-kudu-tst-st02.bj:18700): Couldn't send request to peer 0a8bbcbbb5a6459aa5258464755db3bb for tablet 648eb376255a4dd4bb5818262efcc813. Error code: TABLET_NOT_RUNNING (12). Status: Illegal state: Tablet not RUNNING: NOT_STARTED. Retrying in the next heartbeat period. Already tried 29 times.
W1031 23:04:07.582758 5816 consensus_peers.cc:357] T fcde65c4e4cf4df29b9ef9884ce292b2 P 0f53a0d3ef7e44ebb0365c800752d5bd -> Peer 23f962e4a1744381ad5fa0d2d8b10241 (c3-kudu-tst-st07.bj:18700): Couldn't send request to peer 23f962e4a1744381ad5fa0d2d8b10241 for tablet fcde65c4e4cf4df29b9ef9884ce292b2. Error code: TABLET_NOT_RUNNING (12). Status: Illegal state: Tablet not RUNNING: NOT_STARTED. Retrying in the next heartbeat period. Already tried 29 times.
I1031 23:04:07.828783 34121 ts_tablet_manager.cc:755] T 42d56cd12bbb4bed9973f96a230fdb9e P 0f53a0d3ef7e44ebb0365c800752d5bd: Time spent starting tablet: real 14.938s user 0.001s sys 0.000s
W1031 23:04:07.828816 34121 ts_tablet_manager.cc:785] T 42d56cd12bbb4bed9973f96a230fdb9e P 0f53a0d3ef7e44ebb0365c800752d5bd: Tablet startup took 14937ms
W1031 23:04:07.828918 34121 ts_tablet_manager.cc:787] T 42d56cd12bbb4bed9973f96a230fdb9e P 0f53a0d3ef7e44ebb0365c800752d5bd: Trace: 1031 23:03:52.450115 (+ 0us) service_pool.cc:143] Inserting onto call queue 1031 23:03:52.450128 (+ 13us) service_pool.cc:202] Handling call 1031 23:03:52.450337 (+ 209us) ts_tablet_manager.cc:275] Acquired tablet manager lock 1031 23:03:52.450340 (+ 3us) ts_tablet_manager.cc:288] Creating new metadata... 1031 23:03:52.888428 (+438088us) tablet_metadata.cc:461] Metadata flushed 1031 23:03:52.889495 (+ 1067us) inbound_call.cc:130] Queueing success response 1031 23:03:52.889519 (+ 24us) ts_tablet_manager.cc:724] Bootstrapping tablet 1031 23:03:52.891248 (+ 1729us) ts_tablet_manager.cc:756] Initializing tablet peer 1031 23:03:52.891266 (+ 18us) tablet_peer.cc:161] Creating consensus instance 1031 23:03:52.891527 (+ 261us) tablet_peer.cc:183] Starting instrumentation 1031 23:03:52.891530 (+ 3us) tablet_peer.cc:188] TabletPeer::Init() finished 1031 23:03:52.891530 (+ 0us) ts_tablet_manager.cc:771] Starting tablet peer 1031 23:03:52.891531 (+ 1us) tablet_peer.cc:195] Starting consensus Metrics: {"fdatasync":1,"fdatasync_us":144487,"mutex_wait_us":14936592,"raft.queue_time_us":351,"raft.run_cpu_time_us":3,"raft.run_wall_time_us":3,"tablet-open.queue_time_us":425,"tcmalloc_contention_cycles":123904,"thread_start_us":850,"threads_started":3}
I1031 23:04:07.828930 34047 ts_tablet_manager.cc:755] T 648eb376255a4dd4bb5818262efcc813 P 0f53a0d3ef7e44ebb0365c800752d5bd: Time spent starting tablet: real 15.044s user 0.002s sys 0.000s
W1031 23:04:07.828959 34047 ts_tablet_manager.cc:785] T 648eb376255a4dd4bb5818262efcc813 P 0f53a0d3ef7e44ebb0365c800752d5bd: Tablet startup took 15043ms
I1031 23:04:07.829057 34087 ts_tablet_manager.cc:755] T e003f6e546374517aa9a51b4bc23c827 P 0f53a0d3ef7e44ebb0365c800752d5bd: Time spent starting tablet: real 14.963s user 0.001s sys 0.000s
W1031 23:04:07.829061 34047 ts_tablet_manager.cc:787] T 648eb376255a4dd4bb5818262efcc813 P 0f53a0d3ef7e44ebb0365c800752d5bd: Trace: 1031 23:03:52.450213 (+ 0us) service_pool.cc:143] Inserting onto call queue 1031 23:03:52.450225 (+ 12us) service_pool.cc:202] Handling call 1031 23:03:52.450281 (+ 56us) ts_tablet_manager.cc:275] Acquired tablet manager lock 1031 23:03:52.450283 (+ 2us) ts_tablet_manager.cc:288] Creating new metadata... 1031 23:03:52.770767 (+320484us) tablet_metadata.cc:461] Metadata flushed 1031 23:03:52.771935 (+ 1168us) inbound_call.cc:130] Queueing success response 1031 23:03:52.771999 (+ 64us) ts_tablet_manager.cc:724] Bootstrapping tablet 1031 23:03:52.785342 (+ 13343us) ts_tablet_manager.cc:756] Initializing tablet peer 1031 23:03:52.785377 (+ 35us) tablet_peer.cc:161] Creating consensus instance 1031 23:03:52.785737 (+ 360us) tablet_peer.cc:183] Starting instrumentation 1031 23:03:52.785743 (+ 6us) tablet_peer.cc:188] TabletPeer::Init() finished 1031 23:03:52.785744 (+ 1us) ts_tablet_manager.cc:771] Starting tablet peer 1031 23:03:52.785744 (+ 0us) tablet_peer.cc:195] Starting consensus Metrics: {"fdatasync":1,"fdatasync_us":144743,"mutex_wait_us":15042196,"raft.queue_time_us":361,"raft.run_cpu_time_us":4,"raft.run_wall_time_us":4,"tablet-open.queue_time_us":504,"thread_start_us":1206,"threads_started":3}
W1031 23:04:07.829083 34087 ts_tablet_manager.cc:785] T e003f6e546374517aa9a51b4bc23c827 P 0f53a0d3ef7e44ebb0365c800752d5bd: Tablet startup took 14963ms
I1031 23:04:07.829222 34062 ts_tablet_manager.cc:755] T 6a813ca355f749b6b31a773aa0f2ac7a P 0f53a0d3ef7e44ebb0365c800752d5bd: Time spent starting tablet: real 14.988s user 0.000s sys 0.001s
W1031 23:04:07.829252 34062 ts_tablet_manager.cc:785] T 6a813ca355f749b6b31a773aa0f2ac7a P 0f53a0d3ef7e44ebb0365c800752d5bd: Tablet startup took 14987ms
W1031 23:04:07.829289 34087 ts_tablet_manager.cc:787] T e003f6e546374517aa9a51b4bc23c827 P 0f53a0d3ef7e44ebb0365c800752d5bd: Trace: 1031 23:03:52.449679 (+ 0us) service_pool.cc:143] Inserting onto call queue 1031 23:03:52.449691 (+ 12us) service_pool.cc:202] Handling call 1031 23:03:52.449893 (+ 202us) ts_tablet_manager.cc:275] Acquired tablet manager lock 1031 23:03:52.449896 (+ 3us) ts_tablet_manager.cc:288] Creating new metadata... 1031 23:03:52.863146 (+413250us) tablet_metadata.cc:461] Metadata flushed 1031 23:03:52.864134 (+ 988us) inbound_call.cc:130] Queueing success response 1031 23:03:52.864167 (+ 33us) ts_tablet_manager.cc:724] Bootstrapping tablet 1031 23:03:52.865894 (+ 1727us) ts_tablet_manager.cc:756] Initializing tablet peer 1031 23:03:52.865909 (+ 15us) tablet_peer.cc:161] Creating consensus instance 1031 23:03:52.866189 (+ 280us) tablet_peer.cc:183] Starting instrumentation 1031 23:03:52.866192 (+ 3us) tablet_peer.cc:188] TabletPeer::Init() finished 1031 23:03:52.866192 (+ 0us) ts_tablet_manager.cc:771] Starting tablet peer 1031 23:03:52.866193 (+ 1us) tablet_peer.cc:195] Starting consensus Metrics: {"fdatasync":1,"fdatasync_us":144877,"mutex_wait_us":14962184,"raft.queue_time_us":391,"raft.run_cpu_time_us":7,"raft.run_wall_time_us":6,"tablet-open.queue_time_us":467,"tcmalloc_contention_cycles":69888,"thread_start_us":931,"threads_started":3}
I1031 23:04:07.829339 34052 ts_tablet_manager.cc:755] T 865b2d5788f44598b169ca6415314610 P 0f53a0d3ef7e44ebb0365c800752d5bd: Time spent starting tablet: real 15.014s user 0.000s sys 0.001s
W1031 23:04:07.829355 34062 ts_tablet_manager.cc:787] T 6a813ca355f749b6b31a773aa0f2ac7a P 0f53a0d3ef7e44ebb0365c800752d5bd: Trace: 1031 23:03:52.450004 (+ 0us) service_pool.cc:143] Inserting onto call queue 1031 23:03:52.450043 (+ 39us) service_pool.cc:202] Handling call 1031 23:03:52.450188 (+ 145us) ts_tablet_manager.cc:275] Acquired tablet manager lock 1031 23:03:52.450191 (+ 3us) ts_tablet_manager.cc:288] Creating new metadata... 1031 23:03:52.837872 (+387681us) tablet_metadata.cc:461] Metadata flushed 1031 23:03:52.838887 (+ 1015us) inbound_call.cc:130] Queueing success response 1031 23:03:52.838935 (+ 48us) ts_tablet_manager.cc:724] Bootstrapping tablet 1031 23:03:52.841379 (+ 2444us) ts_tablet_manager.cc:756] Initializing tablet peer 1031 23:03:52.841394 (+ 15us) tablet_peer.cc:161] Creating consensus instance 1031 23:03:52.841657 (+ 263us) tablet_peer.cc:183] Starting instrumentation 1031 23:03:52.841660 (+ 3us) tablet_peer.cc:188] TabletPeer::Init() finished 1031 23:03:52.841661 (+ 1us) ts_tablet_manager.cc:771] Starting tablet peer 1031 23:03:52.841661 (+ 0us) tablet_peer.cc:195] Starting consensus Metrics: {"fdatasync":1,"fdatasync_us":144596,"mutex_wait_us":14986636,"raft.queue_time_us":360,"raft.run_cpu_time_us":3,"raft.run_wall_time_us":3,"tablet-open.queue_time_us":467,"tcmalloc_contention_cycles":121088,"thread_start_us":1166,"threads_started":3}
I1031 23:04:07.829366 34126 ts_tablet_manager.cc:755] T de45d05c3a064dc5acb91d66dcaea6ed P 0f53a0d3ef7e44ebb0365c800752d5bd: Time spent starting tablet: real 14.913s user 0.001s sys 0.000s
W1031 23:04:07.829357 34052 ts_tablet_manager.cc:785] T 865b2d5788f44598b169ca6415314610 P 0f53a0d3ef7e44ebb0365c800752d5bd: Tablet startup took 15013ms
W1031 23:04:07.829396 34126 ts_tablet_manager.cc:785] T de45d05c3a064dc5acb91d66dcaea6ed P 0f53a0d3ef7e44ebb0365c800752d5bd: Tablet startup took 14913ms
I1031 23:04:07.829406 34134 ts_tablet_manager.cc:755] T fcde65c4e4cf4df29b9ef9884ce292b2 P 0f53a0d3ef7e44ebb0365c800752d5bd: Time spent starting tablet: real 14.880s user 0.001s sys 0.000s
W1031 23:04:07.829427 34134 ts_tablet_manager.cc:785] T fcde65c4e4cf4df29b9ef9884ce292b2 P 0f53a0d3ef7e44ebb0365c800752d5bd: Tablet startup took 14880ms
W1031 23:04:07.829560 34052 ts_tablet_manager.cc:787] T 865b2d5788f44598b169ca6415314610 P 0f53a0d3ef7e44ebb0365c800752d5bd: Trace: 1031 23:03:52.449719 (+ 0us) service_pool.cc:143] Inserting onto call queue 1031 23:03:52.449734 (+ 15us) service_pool.cc:202] Handling call 1031 23:03:52.449852 (+ 118us) ts_tablet_manager.cc:275] Acquired tablet manager lock 1031 23:03:52.449856 (+ 4us) ts_tablet_manager.cc:288] Creating new metadata... 1031 23:03:52.812698 (+362842us) tablet_metadata.cc:461] Metadata flushed 1031 23:03:52.813466 (+ 768us) inbound_call.cc:130] Queueing success response 1031 23:03:52.813488 (+ 22us) ts_tablet_manager.cc:724] Bootstrapping tablet 1031 23:03:52.815512 (+ 2024us) ts_tablet_manager.cc:756] Initializing tablet peer 1031 23:03:52.815528 (+ 16us) tablet_peer.cc:161] Creating consensus instance 1031 23:03:52.815792 (+ 264us) tablet_peer.cc:183] Starting instrumentation 1031 23:03:52.815795 (+ 3us) tablet_peer.cc:188] TabletPeer::Init() finished 1031 23:03:52.815796 (+ 1us) ts_tablet_manager.cc:771] Starting tablet peer 1031 23:03:52.815797 (+ 1us) tablet_peer.cc:195] Starting consensus Metrics: {"fdatasync":1,"fdatasync_us":144739,"mutex_wait_us":15012832,"raft.queue_time_us":139,"raft.run_cpu_time_us":22,"raft.run_wall_time_us":22,"tablet-open.queue_time_us":123,"tcmalloc_contention_cycles":896,"thread_start_us":597,"threads_started":3}
W1031 23:04:07.829572 34126 ts_tablet_manager.cc:787] T de45d05c3a064dc5acb91d66dcaea6ed P 0f53a0d3ef7e44ebb0365c800752d5bd: Trace: 1031 23:03:52.449694 (+ 0us) service_pool.cc:143] Inserting onto call queue 1031 23:03:52.449717 (+ 23us) service_pool.cc:202] Handling call 1031 23:03:52.449888 (+ 171us) ts_tablet_manager.cc:275] Acquired tablet manager lock 1031 23:03:52.449892 (+ 4us) ts_tablet_manager.cc:288] Creating new metadata... 1031 23:03:52.913575 (+463683us) tablet_metadata.cc:461] Metadata flushed 1031 23:03:52.914521 (+ 946us) inbound_call.cc:130] Queueing success response 1031 23:03:52.914552 (+ 31us) ts_tablet_manager.cc:724] Bootstrapping tablet 1031 23:03:52.916057 (+ 1505us) ts_tablet_manager.cc:756] Initializing tablet peer 1031 23:03:52.916073 (+ 16us) tablet_peer.cc:161] Creating consensus instance 1031 23:03:52.916372 (+ 299us) tablet_peer.cc:183] Starting instrumentation 1031 23:03:52.916376 (+ 4us) tablet_peer.cc:188] TabletPeer::Init() finished 1031 23:03:52.916377 (+ 1us) ts_tablet_manager.cc:771] Starting tablet peer 1031 23:03:52.916377 (+ 0us) tablet_peer.cc:195] Starting consensus Metrics: {"fdatasync":1,"fdatasync_us":144971,"mutex_wait_us":14912325,"raft.queue_time_us":105,"raft.run_cpu_time_us":3,"raft.run_wall_time_us":3,"tablet-open.queue_time_us":455,"tcmalloc_contention_cycles":145664,"thread_start_us":913,"threads_started":3}
W1031 23:04:07.829576 34134 ts_tablet_manager.cc:787] T fcde65c4e4cf4df29b9ef9884ce292b2 P 0f53a0d3ef7e44ebb0365c800752d5bd: Trace: 1031 23:03:52.449665 (+ 0us) service_pool.cc:143] Inserting onto call queue 1031 23:03:52.449677 (+ 12us) service_pool.cc:202] Handling call 1031 23:03:52.449825 (+ 148us) ts_tablet_manager.cc:275] Acquired tablet manager lock 1031 23:03:52.449829 (+ 4us) ts_tablet_manager.cc:288] Creating new metadata... 1031 23:03:52.947149 (+497320us) tablet_metadata.cc:461] Metadata flushed 1031 23:03:52.948035 (+ 886us) inbound_call.cc:130] Queueing success response 1031 23:03:52.948066 (+ 31us) ts_tablet_manager.cc:724] Bootstrapping tablet 1031 23:03:52.949121 (+ 1055us) ts_tablet_manager.cc:756] Initializing tablet peer 1031 23:03:52.949137 (+ 16us) tablet_peer.cc:161] Creating consensus instance 1031 23:03:52.949408 (+ 271us) tablet_peer.cc:183] Starting instrumentation 1031 23:03:52.949421 (+ 13us) tablet_peer.cc:188] TabletPeer::Init() finished 1031 23:03:52.949421 (+ 0us) ts_tablet_manager.cc:771] Starting tablet peer 1031 23:03:52.949422 (+ 1us) tablet_peer.cc:195] Starting consensus Metrics: {"fdatasync":1,"fdatasync_us":145023,"mutex_wait_us":14879214,"raft.queue_time_us":460,"raft.run_cpu_time_us":3,"raft.run_wall_time_us":3,"tablet-open.queue_time_us":454,"tcmalloc_contention_cycles":48896,"thread_start_us":1002,"threads_started":3}
W1031 23:04:07.835527 5816 consensus_peers.cc:357] T 648eb376255a4dd4bb5818262efcc813 P 0f53a0d3ef7e44ebb0365c800752d5bd -> Peer 0a8bbcbbb5a6459aa5258464755db3bb (c3-kudu-tst-st02.bj:18700): Couldn't send request to peer 0a8bbcbbb5a6459aa5258464755db3bb for tablet 648eb376255a4dd4bb5818262efcc813. Error code: TABLET_NOT_RUNNING (12). Status: Illegal state: Tablet not RUNNING: NOT_STARTED. Retrying in the next heartbeat period. Already tried 30 times.
I1031 23:04:07.895853 5734 maintenance_manager.cc:419] Time spent running UndoDeltaBlockGCOp(b0174e1a99694688bdc932c6a00233ce): real 0.067s user 0.002s sys 0.000s
I1031 23:04:07.895990 5734 maintenance_manager.cc:425] P 0f53a0d3ef7e44ebb0365c800752d5bd: UndoDeltaBlockGCOp(b0174e1a99694688bdc932c6a00233ce) metrics: {"data dir 6.queue_time_us":224,"data dir 6.run_cpu_time_us":72,"data dir 6.run_wall_time_us":72,"fdatasync":1,"fdatasync_us":40284,"thread_start_us":210,"threads_started":1}
W1031 23:04:08.082794 5816 consensus_peers.cc:357] T fcde65c4e4cf4df29b9ef9884ce292b2 P 0f53a0d3ef7e44ebb0365c800752d5bd -> Peer 23f962e4a1744381ad5fa0d2d8b10241 (c3-kudu-tst-st07.bj:18700): Couldn't send request to peer 23f962e4a1744381ad5fa0d2d8b10241 for tablet fcde65c4e4cf4df29b9ef9884ce292b2. Error code: TABLET_NOT_RUNNING (12). Status: Illegal state: Tablet not RUNNING: NOT_STARTED. Retrying in the next heartbeat period. Already tried 30 times.
W1031 23:04:08.335655 5816 consensus_peers.cc:357] T 648eb376255a4dd4bb5818262efcc813 P 0f53a0d3ef7e44ebb0365c800752d5bd -> Peer 0a8bbcbbb5a6459aa5258464755db3bb (c3-kudu-tst-st02.bj:18700): Couldn't send request to peer 0a8bbcbbb5a6459aa5258464755db3bb for tablet 648eb376255a4dd4bb5818262efcc813. Error code: TABLET_NOT_RUNNING (12). Status: Illegal state: Tablet not RUNNING: NOT_STARTED. Retrying in the next heartbeat period. Already tried 31 times.
I1031 23:04:08.435953 5734 maintenance_manager.cc:419] Time spent running UndoDeltaBlockGCOp(3409046e569643c3a083c3f27cfe1582): real 0.205s user 0.147s sys 0.003s
I1031 23:04:08.436233 5734 maintenance_manager.cc:425] P 0f53a0d3ef7e44ebb0365c800752d5bd: UndoDeltaBlockGCOp(3409046e569643c3a083c3f27cfe1582) metrics: {"cfile_init":1,"data dir 1.queue_time_us":204,"data dir 1.run_cpu_time_us":52,"data dir 1.run_wall_time_us":53,"fdatasync":1,"fdatasync_us":39201,"lbm_read_time_us":14,"lbm_reads_lt_1ms":4,"tcmalloc_contention_cycles":70400,"thread_start_us":164,"threads_started":1}
W1031 23:04:08.582957 5816 consensus_peers.cc:357] T fcde65c4e4cf4df29b9ef9884ce292b2 P 0f53a0d3ef7e44ebb0365c800752d5bd -> Peer 23f962e4a1744381ad5fa0d2d8b10241 (c3-kudu-tst-st07.bj:18700): Couldn't send request to peer 23f962e4a1744381ad5fa0d2d8b10241 for tablet fcde65c4e4cf4df29b9ef9884ce292b2. Error code: TABLET_NOT_RUNNING (12). Status: Illegal state: Tablet not RUNNING: NOT_STARTED. Retrying in the next heartbeat period. Already tried 31 times.
I1031 23:04:08.647860 5734 maintenance_manager.cc:419] Time spent running UndoDeltaBlockGCOp(0c685a7574c64d9dbae7fb02787cc85e): real 0.015s user 0.014s sys 0.000s
I1031 23:04:08.647918 5734 maintenance_manager.cc:425] P 0f53a0d3ef7e44ebb0365c800752d5bd: UndoDeltaBlockGCOp(0c685a7574c64d9dbae7fb02787cc85e) metrics: {"cfile_init":1,"lbm_read_time_us":13,"lbm_reads_lt_1ms":4}
W1031 23:04:08.835690 5816 consensus_peers.cc:357] T 648eb376255a4dd4bb5818262efcc813 P 0f53a0d3ef7e44ebb0365c800752d5bd -> Peer 0a8bbcbbb5a6459aa5258464755db3bb (c3-kudu-tst-st02.bj:18700): Couldn't send request to peer 0a8bbcbbb5a6459aa5258464755db3bb for tablet 648eb376255a4dd4bb5818262efcc813. Error code: TABLET_NOT_RUNNING (12). Status: Illegal state: Tablet not RUNNING: NOT_STARTED. Retrying in the next heartbeat period. Already tried 32 times.
I1031 23:04:09.037394 5734 delta_tracker.cc:686] T 3409046e569643c3a083c3f27cfe1582 P 0f53a0d3ef7e44ebb0365c800752d5bd: Flushing 1 deltas from DMS 1...
I1031 23:04:09.070906 5734 delta_tracker.cc:628] T 3409046e569643c3a083c3f27cfe1582 P 0f53a0d3ef7e44ebb0365c800752d5bd: Flushed delta block: 0000000044990269 ts range: [6182756987042463744, 6182756987042463744]
I1031 23:04:09.070936 5734 delta_tracker.cc:641] T 3409046e569643c3a083c3f27cfe1582 P 0f53a0d3ef7e44ebb0365c800752d5bd: Reopened delta block for read: 0000000044990269
W1031 23:04:09.082780 5816 consensus_peers.cc:357] T fcde65c4e4cf4df29b9ef9884ce292b2 P 0f53a0d3ef7e44ebb0365c800752d5bd -> Peer 23f962e4a1744381ad5fa0d2d8b10241 (c3-kudu-tst-st07.bj:18700): Couldn't send request to peer 23f962e4a1744381ad5fa0d2d8b10241 for tablet fcde65c4e4cf4df29b9ef9884ce292b2. Error code: TABLET_NOT_RUNNING (12). Status: Illegal state: Tablet not RUNNING: NOT_STARTED. Retrying in the next heartbeat period. Already tried 32 times.
I1031 23:04:09.247954 5734 maintenance_manager.cc:419] Time spent running FlushDeltaMemStoresOp(3409046e569643c3a083c3f27cfe1582): real 0.212s user 0.114s sys 0.005s
I1031 23:04:09.248023 5734 maintenance_manager.cc:425] P 0f53a0d3ef7e44ebb0365c800752d5bd: FlushDeltaMemStoresOp(3409046e569643c3a083c3f27cfe1582) metrics: {"fdatasync":3,"fdatasync_us":76909,"lbm_write_time_us":58,"lbm_writes_lt_1ms":6,"tcmalloc_contention_cycles":194176}
W1031 23:04:09.335814 5816 consensus_peers.cc:357] T 648eb376255a4dd4bb5818262efcc813 P 0f53a0d3ef7e44ebb0365c800752d5bd -> Peer 0a8bbcbbb5a6459aa5258464755db3bb (c3-kudu-tst-st02.bj:18700): Couldn't send request to peer 0a8bbcbbb5a6459aa5258464755db3bb for tablet 648eb376255a4dd4bb5818262efcc813. Error code: TABLET_NOT_RUNNING (12). Status: Illegal state: Tablet not RUNNING: NOT_STARTED. Retrying in the next heartbeat period. Already tried 33 times.
W1031 23:04:09.583168 5816 consensus_peers.cc:357] T fcde65c4e4cf4df29b9ef9884ce292b2 P 0f53a0d3ef7e44ebb0365c800752d5bd -> Peer 23f962e4a1744381ad5fa0d2d8b10241 (c3-kudu-tst-st07.bj:18700): Couldn't send request to peer 23f962e4a1744381ad5fa0d2d8b10241 for tablet fcde65c4e4cf4df29b9ef9884ce292b2. Error code: TABLET_NOT_RUNNING (12). Status: Illegal state: Tablet not RUNNING: NOT_STARTED. Retrying in the next heartbeat period. Already tried 33 times.
I1031 23:04:09.714359 5734 tablet.cc:911] T c62e1dbe04164d22bb6fdf7674bc18c5 P 0f53a0d3ef7e44ebb0365c800752d5bd: Flush: entering stage 1 (old memrowset already frozen for inserts)
I1031 23:04:09.714417 5734 compaction.cc:877] Selected 1 rowsets to compact:
I1031 23:04:09.714432 5734 compaction.cc:880] memrowset(current size on disk: ~0 bytes)
I1031 23:04:09.714445 5734 tablet.cc:913] T c62e1dbe04164d22bb6fdf7674bc18c5 P 0f53a0d3ef7e44ebb0365c800752d5bd: Memstore in-memory size: 3751 bytes
I1031 23:04:09.714478 5734 tablet.cc:1174] T c62e1dbe04164d22bb6fdf7674bc18c5 P 0f53a0d3ef7e44ebb0365c800752d5bd: Flush: entering phase 1 (flushing snapshot). Phase 1 snapshot: MvccSnapshot[committed={T|T < 6182757230385729536 or (T in {6182757230385729536})}]
I1031 23:04:09.714632 5734 multi_column_writer.cc:85] Opened CFile writer for column ts[int32 NOT NULL]
I1031 23:04:09.714670 5734 multi_column_writer.cc:85] Opened CFile writer for column id[int32 NOT NULL]
W1031 23:04:09.835888 5816 consensus_peers.cc:357] T 648eb376255a4dd4bb5818262efcc813 P 0f53a0d3ef7e44ebb0365c800752d5bd -> Peer 0a8bbcbbb5a6459aa5258464755db3bb (c3-kudu-tst-st02.bj:18700): Couldn't send request to peer 0a8bbcbbb5a6459aa5258464755db3bb for tablet 648eb376255a4dd4bb5818262efcc813. Error code: TABLET_NOT_RUNNING (12). Status: Illegal state: Tablet not RUNNING: NOT_STARTED. Retrying in the next heartbeat period. Already tried 34 times.
I1031 23:04:09.862049 5734 tablet.cc:1259] T c62e1dbe04164d22bb6fdf7674bc18c5 P 0f53a0d3ef7e44ebb0365c800752d5bd: Flush: entering phase 2 (starting to duplicate updates in new rowsets)
W1031 23:04:10.083168 5816 consensus_peers.cc:357] T fcde65c4e4cf4df29b9ef9884ce292b2 P 0f53a0d3ef7e44ebb0365c800752d5bd -> Peer 23f962e4a1744381ad5fa0d2d8b10241 (c3-kudu-tst-st07.bj:18700): Couldn't send request to peer 23f962e4a1744381ad5fa0d2d8b10241 for tablet fcde65c4e4cf4df29b9ef9884ce292b2. Error code: TABLET_NOT_RUNNING (12). Status: Illegal state: Tablet not RUNNING: NOT_STARTED. Retrying in the next heartbeat period. Already tried 34 times.
I1031 23:04:10.093739 5734 tablet.cc:1314] T c62e1dbe04164d22bb6fdf7674bc18c5 P 0f53a0d3ef7e44ebb0365c800752d5bd: Flush Phase 2: carrying over any updates which arrived during Phase 1
I1031 23:04:10.093837 5734 tablet.cc:1316] T c62e1dbe04164d22bb6fdf7674bc18c5 P 0f53a0d3ef7e44ebb0365c800752d5bd: Phase 2 snapshot: MvccSnapshot[committed={T|T < 6182757230385729536 or (T in {6182757230385729536})}]
W1031 23:04:10.336083 5816 consensus_peers.cc:357] T 648eb376255a4dd4bb5818262efcc813 P 0f53a0d3ef7e44ebb0365c800752d5bd -> Peer 0a8bbcbbb5a6459aa5258464755db3bb (c3-kudu-tst-st02.bj:18700): Couldn't send request to peer 0a8bbcbbb5a6459aa5258464755db3bb for tablet 648eb376255a4dd4bb5818262efcc813. Error code: TABLET_NOT_RUNNING (12). Status: Illegal state: Tablet not RUNNING: NOT_STARTED. Retrying in the next heartbeat period. Already tried 35 times.
I1031 23:04:10.502933 5734 tablet.cc:1358] T c62e1dbe04164d22bb6fdf7674bc18c5 P 0f53a0d3ef7e44ebb0365c800752d5bd: Flush successful on 16 rows (4331 bytes)
I1031 23:04:10.503013 5734 maintenance_manager.cc:419] Time spent running FlushMRSOp(c62e1dbe04164d22bb6fdf7674bc18c5): real 1.021s user 0.814s sys 0.004s
I1031 23:04:10.503182 5734 maintenance_manager.cc:425] P 0f53a0d3ef7e44ebb0365c800752d5bd: FlushMRSOp(c62e1dbe04164d22bb6fdf7674bc18c5) metrics: {"cfile_init":1,"fdatasync":11,"fdatasync_us":186986,"lbm_read_time_us":6,"lbm_reads_lt_1ms":4,"lbm_write_time_us":169,"lbm_writes_lt_1ms":26,"tcmalloc_contention_cycles":114944}
W1031 23:04:10.583269 5816 consensus_peers.cc:357] T fcde65c4e4cf4df29b9ef9884ce292b2 P 0f53a0d3ef7e44ebb0365c800752d5bd -> Peer 23f962e4a1744381ad5fa0d2d8b10241 (c3-kudu-tst-st07.bj:18700): Couldn't send request to peer 23f962e4a1744381ad5fa0d2d8b10241 for tablet fcde65c4e4cf4df29b9ef9884ce292b2. Error code: TABLET_NOT_RUNNING (12). Status: Illegal state: Tablet not RUNNING: NOT_STARTED. Retrying in the next heartbeat period. Already tried 35 times.
W1031 23:04:10.836017 5816 consensus_peers.cc:357] T 648eb376255a4dd4bb5818262efcc813 P 0f53a0d3ef7e44ebb0365c800752d5bd -> Peer 0a8bbcbbb5a6459aa5258464755db3bb (c3-kudu-tst-st02.bj:18700): Couldn't send request to peer 0a8bbcbbb5a6459aa5258464755db3bb for tablet 648eb376255a4dd4bb5818262efcc813. Error code: TABLET_NOT_RUNNING (12). Status: Illegal state: Tablet not RUNNING: NOT_STARTED. Retrying in the next heartbeat period. Already tried 36 times.
W1031 23:04:11.083227 5816 consensus_peers.cc:357] T fcde65c4e4cf4df29b9ef9884ce292b2 P 0f53a0d3ef7e44ebb0365c800752d5bd -> Peer 23f962e4a1744381ad5fa0d2d8b10241 (c3-kudu-tst-st07.bj:18700): Couldn't send request to peer 23f962e4a1744381ad5fa0d2d8b10241 for tablet fcde65c4e4cf4df29b9ef9884ce292b2. Error code: TABLET_NOT_RUNNING (12). Status: Illegal state: Tablet not RUNNING: NOT_STARTED. Retrying in the next heartbeat period. Already tried 36 times.
