W1031 23:07:21.613698 5816 consensus_peers.cc:357] T fcde65c4e4cf4df29b9ef9884ce292b2 P 0f53a0d3ef7e44ebb0365c800752d5bd -> Peer 23f962e4a1744381ad5fa0d2d8b10241 (c3-kudu-tst-st07.bj:18700): Couldn't send request to peer 23f962e4a1744381ad5fa0d2d8b10241 for tablet fcde65c4e4cf4df29b9ef9884ce292b2. Error code: TABLET_NOT_RUNNING (12). Status: Illegal state: Tablet not RUNNING: NOT_STARTED. Retrying in the next heartbeat period. Already tried 417 times.
W1031 23:07:22.097818 5816 consensus_peers.cc:357] T 991306ec7acb449c89e5dd29d90e8d55 P 0f53a0d3ef7e44ebb0365c800752d5bd -> Peer 23f962e4a1744381ad5fa0d2d8b10241 (c3-kudu-tst-st07.bj:18700): Couldn't send request to peer 23f962e4a1744381ad5fa0d2d8b10241 for tablet 991306ec7acb449c89e5dd29d90e8d55. Error code: TABLET_NOT_RUNNING (12). Status: Illegal state: Tablet not RUNNING: NOT_STARTED. Retrying in the next heartbeat period. Already tried 358 times.
W1031 23:07:22.113814 5816 consensus_peers.cc:357] T fcde65c4e4cf4df29b9ef9884ce292b2 P 0f53a0d3ef7e44ebb0365c800752d5bd -> Peer 23f962e4a1744381ad5fa0d2d8b10241 (c3-kudu-tst-st07.bj:18700): Couldn't send request to peer 23f962e4a1744381ad5fa0d2d8b10241 for tablet fcde65c4e4cf4df29b9ef9884ce292b2. Error code: TABLET_NOT_RUNNING (12). Status: Illegal state: Tablet not RUNNING: NOT_STARTED. Retrying in the next heartbeat period. Already tried 418 times.
W1031 23:07:22.597859 5816 consensus_peers.cc:357] T 991306ec7acb449c89e5dd29d90e8d55 P 0f53a0d3ef7e44ebb0365c800752d5bd -> Peer 23f962e4a1744381ad5fa0d2d8b10241 (c3-kudu-tst-st07.bj:18700): Couldn't send request to peer 23f962e4a1744381ad5fa0d2d8b10241 for tablet 991306ec7acb449c89e5dd29d90e8d55. Error code: TABLET_NOT_RUNNING (12). Status: Illegal state: Tablet not RUNNING: NOT_STARTED. Retrying in the next heartbeat period. Already tried 359 times.
W1031 23:07:22.613962 5816 consensus_peers.cc:357] T fcde65c4e4cf4df29b9ef9884ce292b2 P 0f53a0d3ef7e44ebb0365c800752d5bd -> Peer 23f962e4a1744381ad5fa0d2d8b10241 (c3-kudu-tst-st07.bj:18700): Couldn't send request to peer 23f962e4a1744381ad5fa0d2d8b10241 for tablet fcde65c4e4cf4df29b9ef9884ce292b2. Error code: TABLET_NOT_RUNNING (12). Status: Illegal state: Tablet not RUNNING: NOT_STARTED. Retrying in the next heartbeat period. Already tried 419 times.
W1031 23:07:23.098093 5816 consensus_peers.cc:357] T 991306ec7acb449c89e5dd29d90e8d55 P 0f53a0d3ef7e44ebb0365c800752d5bd -> Peer 23f962e4a1744381ad5fa0d2d8b10241 (c3-kudu-tst-st07.bj:18700): Couldn't send request to peer 23f962e4a1744381ad5fa0d2d8b10241 for tablet 991306ec7acb449c89e5dd29d90e8d55. Error code: TABLET_NOT_RUNNING (12). Status: Illegal state: Tablet not RUNNING: NOT_STARTED. Retrying in the next heartbeat period. Already tried 360 times.
W1031 23:07:23.114017 5816 consensus_peers.cc:357] T fcde65c4e4cf4df29b9ef9884ce292b2 P 0f53a0d3ef7e44ebb0365c800752d5bd -> Peer 23f962e4a1744381ad5fa0d2d8b10241 (c3-kudu-tst-st07.bj:18700): Couldn't send request to peer 23f962e4a1744381ad5fa0d2d8b10241 for tablet fcde65c4e4cf4df29b9ef9884ce292b2. Error code: TABLET_NOT_RUNNING (12). Status: Illegal state: Tablet not RUNNING: NOT_STARTED. Retrying in the next heartbeat period. Already tried 420 times.
W1031 23:07:23.598052 5816 consensus_peers.cc:357] T 991306ec7acb449c89e5dd29d90e8d55 P 0f53a0d3ef7e44ebb0365c800752d5bd -> Peer 23f962e4a1744381ad5fa0d2d8b10241 (c3-kudu-tst-st07.bj:18700): Couldn't send request to peer 23f962e4a1744381ad5fa0d2d8b10241 for tablet 991306ec7acb449c89e5dd29d90e8d55. Error code: TABLET_NOT_RUNNING (12). Status: Illegal state: Tablet not RUNNING: NOT_STARTED. Retrying in the next heartbeat period. Already tried 361 times.
W1031 23:07:23.614128 5816 consensus_peers.cc:357] T fcde65c4e4cf4df29b9ef9884ce292b2 P 0f53a0d3ef7e44ebb0365c800752d5bd -> Peer 23f962e4a1744381ad5fa0d2d8b10241 (c3-kudu-tst-st07.bj:18700): Couldn't send request to peer 23f962e4a1744381ad5fa0d2d8b10241 for tablet fcde65c4e4cf4df29b9ef9884ce292b2. Error code: TABLET_NOT_RUNNING (12). Status: Illegal state: Tablet not RUNNING: NOT_STARTED. Retrying in the next heartbeat period. Already tried 421 times.
W1031 23:07:24.098192 5816 consensus_peers.cc:357] T 991306ec7acb449c89e5dd29d90e8d55 P 0f53a0d3ef7e44ebb0365c800752d5bd -> Peer 23f962e4a1744381ad5fa0d2d8b10241 (c3-kudu-tst-st07.bj:18700): Couldn't send request to peer 23f962e4a1744381ad5fa0d2d8b10241 for tablet 991306ec7acb449c89e5dd29d90e8d55. Error code: TABLET_NOT_RUNNING (12). Status: Illegal state: Tablet not RUNNING: NOT_STARTED. Retrying in the next heartbeat period. Already tried 362 times.
W1031 23:07:24.114181 5816 consensus_peers.cc:357] T fcde65c4e4cf4df29b9ef9884ce292b2 P 0f53a0d3ef7e44ebb0365c800752d5bd -> Peer 23f962e4a1744381ad5fa0d2d8b10241 (c3-kudu-tst-st07.bj:18700): Couldn't send request to peer 23f962e4a1744381ad5fa0d2d8b10241 for tablet fcde65c4e4cf4df29b9ef9884ce292b2. Error code: TABLET_NOT_RUNNING (12). Status: Illegal state: Tablet not RUNNING: NOT_STARTED. Retrying in the next heartbeat period. Already tried 422 times.
W1031 23:07:24.598182 5816 consensus_peers.cc:357] T 991306ec7acb449c89e5dd29d90e8d55 P 0f53a0d3ef7e44ebb0365c800752d5bd -> Peer 23f962e4a1744381ad5fa0d2d8b10241 (c3-kudu-tst-st07.bj:18700): Couldn't send request to peer 23f962e4a1744381ad5fa0d2d8b10241 for tablet 991306ec7acb449c89e5dd29d90e8d55. Error code: TABLET_NOT_RUNNING (12). Status: Illegal state: Tablet not RUNNING: NOT_STARTED. Retrying in the next heartbeat period. Already tried 363 times.
W1031 23:07:24.614279 5816 consensus_peers.cc:357] T fcde65c4e4cf4df29b9ef9884ce292b2 P 0f53a0d3ef7e44ebb0365c800752d5bd -> Peer 23f962e4a1744381ad5fa0d2d8b10241 (c3-kudu-tst-st07.bj:18700): Couldn't send request to peer 23f962e4a1744381ad5fa0d2d8b10241 for tablet fcde65c4e4cf4df29b9ef9884ce292b2. Error code: TABLET_NOT_RUNNING (12). Status: Illegal state: Tablet not RUNNING: NOT_STARTED. Retrying in the next heartbeat period. Already tried 423 times.
W1031 23:07:25.098284 5816 consensus_peers.cc:357] T 991306ec7acb449c89e5dd29d90e8d55 P 0f53a0d3ef7e44ebb0365c800752d5bd -> Peer 23f962e4a1744381ad5fa0d2d8b10241 (c3-kudu-tst-st07.bj:18700): Couldn't send request to peer 23f962e4a1744381ad5fa0d2d8b10241 for tablet 991306ec7acb449c89e5dd29d90e8d55. Error code: TABLET_NOT_RUNNING (12). Status: Illegal state: Tablet not RUNNING: NOT_STARTED. Retrying in the next heartbeat period. Already tried 364 times.
W1031 23:07:25.114395 5816 consensus_peers.cc:357] T fcde65c4e4cf4df29b9ef9884ce292b2 P 0f53a0d3ef7e44ebb0365c800752d5bd -> Peer 23f962e4a1744381ad5fa0d2d8b10241 (c3-kudu-tst-st07.bj:18700): Couldn't send request to peer 23f962e4a1744381ad5fa0d2d8b10241 for tablet fcde65c4e4cf4df29b9ef9884ce292b2. Error code: TABLET_NOT_RUNNING (12). Status: Illegal state: Tablet not RUNNING: NOT_STARTED. Retrying in the next heartbeat period. Already tried 424 times.
W1031 23:07:25.598387 5816 consensus_peers.cc:357] T 991306ec7acb449c89e5dd29d90e8d55 P 0f53a0d3ef7e44ebb0365c800752d5bd -> Peer 23f962e4a1744381ad5fa0d2d8b10241 (c3-kudu-tst-st07.bj:18700): Couldn't send request to peer 23f962e4a1744381ad5fa0d2d8b10241 for tablet 991306ec7acb449c89e5dd29d90e8d55. Error code: TABLET_NOT_RUNNING (12). Status: Illegal state: Tablet not RUNNING: NOT_STARTED. Retrying in the next heartbeat period. Already tried 365 times.
W1031 23:07:25.614495 5816 consensus_peers.cc:357] T fcde65c4e4cf4df29b9ef9884ce292b2 P 0f53a0d3ef7e44ebb0365c800752d5bd -> Peer 23f962e4a1744381ad5fa0d2d8b10241 (c3-kudu-tst-st07.bj:18700): Couldn't send request to peer 23f962e4a1744381ad5fa0d2d8b10241 for tablet fcde65c4e4cf4df29b9ef9884ce292b2. Error code: TABLET_NOT_RUNNING (12). Status: Illegal state: Tablet not RUNNING: NOT_STARTED. Retrying in the next heartbeat period. Already tried 425 times.
W1031 23:07:26.098470 5816 consensus_peers.cc:357] T 991306ec7acb449c89e5dd29d90e8d55 P 0f53a0d3ef7e44ebb0365c800752d5bd -> Peer 23f962e4a1744381ad5fa0d2d8b10241 (c3-kudu-tst-st07.bj:18700): Couldn't send request to peer 23f962e4a1744381ad5fa0d2d8b10241 for tablet 991306ec7acb449c89e5dd29d90e8d55. Error code: TABLET_NOT_RUNNING (12). Status: Illegal state: Tablet not RUNNING: NOT_STARTED. Retrying in the next heartbeat period. Already tried 366 times.
W1031 23:07:26.114573 5816 consensus_peers.cc:357] T fcde65c4e4cf4df29b9ef9884ce292b2 P 0f53a0d3ef7e44ebb0365c800752d5bd -> Peer 23f962e4a1744381ad5fa0d2d8b10241 (c3-kudu-tst-st07.bj:18700): Couldn't send request to peer 23f962e4a1744381ad5fa0d2d8b10241 for tablet fcde65c4e4cf4df29b9ef9884ce292b2. Error code: TABLET_NOT_RUNNING (12). Status: Illegal state: Tablet not RUNNING: NOT_STARTED. Retrying in the next heartbeat period. Already tried 426 times.
I1031 23:07:26.395689 34574 raft_consensus.cc:411] T bff7dab34ccd4b42842077e82106f6fb P 0f53a0d3ef7e44ebb0365c800752d5bd [term 0 FOLLOWER]: Starting pre-election (no leader contacted us within the election timeout)
I1031 23:07:26.395733 34574 raft_consensus.cc:2162] T bff7dab34ccd4b42842077e82106f6fb P 0f53a0d3ef7e44ebb0365c800752d5bd [term 0 FOLLOWER]: Snoozing failure detection for election timeout plus an additional 8.887s
I1031 23:07:26.395790 34574 raft_consensus.cc:435] T bff7dab34ccd4b42842077e82106f6fb P 0f53a0d3ef7e44ebb0365c800752d5bd [term 0 FOLLOWER]: Starting pre-election with config: opid_index: -1 OBSOLETE_local: false peers { permanent_uuid: "0f53a0d3ef7e44ebb0365c800752d5bd" member_type: VOTER last_known_addr { host: "c3-kudu-tst-st01.bj" port: 18700 } } peers { permanent_uuid: "23f962e4a1744381ad5fa0d2d8b10241" member_type: VOTER last_known_addr { host: "c3-kudu-tst-st07.bj" port: 18700 } } peers { permanent_uuid: "193181be29284287b25df2ee92938f0b" member_type: VOTER last_known_addr { host: "c3-kudu-tst-st08.bj" port: 18700 } }
I1031 23:07:26.396327 34574 leader_election.cc:216] T bff7dab34ccd4b42842077e82106f6fb P 0f53a0d3ef7e44ebb0365c800752d5bd [CANDIDATE]: Term 1 pre-election: Requesting pre-vote from peer 23f962e4a1744381ad5fa0d2d8b10241
I1031 23:07:26.396354 34574 leader_election.cc:216] T bff7dab34ccd4b42842077e82106f6fb P 0f53a0d3ef7e44ebb0365c800752d5bd [CANDIDATE]: Term 1 pre-election: Requesting pre-vote from peer 193181be29284287b25df2ee92938f0b
W1031 23:07:26.396605 5815 leader_election.cc:278] T bff7dab34ccd4b42842077e82106f6fb P 0f53a0d3ef7e44ebb0365c800752d5bd [CANDIDATE]: Term 1 pre-election: Tablet error from VoteRequest() call to peer 193181be29284287b25df2ee92938f0b: Not found: Tablet not found
W1031 23:07:26.396658 5816 leader_election.cc:278] T bff7dab34ccd4b42842077e82106f6fb P 0f53a0d3ef7e44ebb0365c800752d5bd [CANDIDATE]: Term 1 pre-election: Tablet error from VoteRequest() call to peer 23f962e4a1744381ad5fa0d2d8b10241: Illegal state: Tablet not RUNNING: NOT_STARTED
I1031 23:07:26.396693 5816 leader_election.cc:243] T bff7dab34ccd4b42842077e82106f6fb P 0f53a0d3ef7e44ebb0365c800752d5bd [CANDIDATE]: Term 1 pre-election: Election decided. Result: candidate lost.
I1031 23:07:26.397027 36016 raft_consensus.cc:2162] T bff7dab34ccd4b42842077e82106f6fb P 0f53a0d3ef7e44ebb0365c800752d5bd [term 0 FOLLOWER]: Snoozing failure detection for election timeout plus an additional 1.671s
I1031 23:07:26.397059 36016 raft_consensus.cc:1908] T bff7dab34ccd4b42842077e82106f6fb P 0f53a0d3ef7e44ebb0365c800752d5bd [term 0 FOLLOWER]: Leader pre-election lost for term 1. Reason: could not achieve majority
W1031 23:07:26.598536 5816 consensus_peers.cc:357] T 991306ec7acb449c89e5dd29d90e8d55 P 0f53a0d3ef7e44ebb0365c800752d5bd -> Peer 23f962e4a1744381ad5fa0d2d8b10241 (c3-kudu-tst-st07.bj:18700): Couldn't send request to peer 23f962e4a1744381ad5fa0d2d8b10241 for tablet 991306ec7acb449c89e5dd29d90e8d55. Error code: TABLET_NOT_RUNNING (12). Status: Illegal state: Tablet not RUNNING: NOT_STARTED. Retrying in the next heartbeat period. Already tried 367 times.
W1031 23:07:26.614665 5816 consensus_peers.cc:357] T fcde65c4e4cf4df29b9ef9884ce292b2 P 0f53a0d3ef7e44ebb0365c800752d5bd -> Peer 23f962e4a1744381ad5fa0d2d8b10241 (c3-kudu-tst-st07.bj:18700): Couldn't send request to peer 23f962e4a1744381ad5fa0d2d8b10241 for tablet fcde65c4e4cf4df29b9ef9884ce292b2. Error code: TABLET_NOT_RUNNING (12). Status: Illegal state: Tablet not RUNNING: NOT_STARTED. Retrying in the next heartbeat period. Already tried 427 times.
W1031 23:07:27.098584 5816 consensus_peers.cc:357] T 991306ec7acb449c89e5dd29d90e8d55 P 0f53a0d3ef7e44ebb0365c800752d5bd -> Peer 23f962e4a1744381ad5fa0d2d8b10241 (c3-kudu-tst-st07.bj:18700): Couldn't send request to peer 23f962e4a1744381ad5fa0d2d8b10241 for tablet 991306ec7acb449c89e5dd29d90e8d55. Error code: TABLET_NOT_RUNNING (12). Status: Illegal state: Tablet not RUNNING: NOT_STARTED. Retrying in the next heartbeat period. Already tried 368 times.
W1031 23:07:27.114747 5816 consensus_peers.cc:357] T fcde65c4e4cf4df29b9ef9884ce292b2 P 0f53a0d3ef7e44ebb0365c800752d5bd -> Peer 23f962e4a1744381ad5fa0d2d8b10241 (c3-kudu-tst-st07.bj:18700): Couldn't send request to peer 23f962e4a1744381ad5fa0d2d8b10241 for tablet fcde65c4e4cf4df29b9ef9884ce292b2. Error code: TABLET_NOT_RUNNING (12). Status: Illegal state: Tablet not RUNNING: NOT_STARTED. Retrying in the next heartbeat period. Already tried 428 times.
W1031 23:07:27.598701 5816 consensus_peers.cc:357] T 991306ec7acb449c89e5dd29d90e8d55 P 0f53a0d3ef7e44ebb0365c800752d5bd -> Peer 23f962e4a1744381ad5fa0d2d8b10241 (c3-kudu-tst-st07.bj:18700): Couldn't send request to peer 23f962e4a1744381ad5fa0d2d8b10241 for tablet 991306ec7acb449c89e5dd29d90e8d55. Error code: TABLET_NOT_RUNNING (12). Status: Illegal state: Tablet not RUNNING: NOT_STARTED. Retrying in the next heartbeat period. Already tried 369 times.
W1031 23:07:27.614831 5816 consensus_peers.cc:357] T fcde65c4e4cf4df29b9ef9884ce292b2 P 0f53a0d3ef7e44ebb0365c800752d5bd -> Peer 23f962e4a1744381ad5fa0d2d8b10241 (c3-kudu-tst-st07.bj:18700): Couldn't send request to peer 23f962e4a1744381ad5fa0d2d8b10241 for tablet fcde65c4e4cf4df29b9ef9884ce292b2. Error code: TABLET_NOT_RUNNING (12). Status: Illegal state: Tablet not RUNNING: NOT_STARTED. Retrying in the next heartbeat period. Already tried 429 times.
W1031 23:07:28.098776 5816 consensus_peers.cc:357] T 991306ec7acb449c89e5dd29d90e8d55 P 0f53a0d3ef7e44ebb0365c800752d5bd -> Peer 23f962e4a1744381ad5fa0d2d8b10241 (c3-kudu-tst-st07.bj:18700): Couldn't send request to peer 23f962e4a1744381ad5fa0d2d8b10241 for tablet 991306ec7acb449c89e5dd29d90e8d55. Error code: TABLET_NOT_RUNNING (12). Status: Illegal state: Tablet not RUNNING: NOT_STARTED. Retrying in the next heartbeat period. Already tried 370 times.
W1031 23:07:28.114915 5816 consensus_peers.cc:357] T fcde65c4e4cf4df29b9ef9884ce292b2 P 0f53a0d3ef7e44ebb0365c800752d5bd -> Peer 23f962e4a1744381ad5fa0d2d8b10241 (c3-kudu-tst-st07.bj:18700): Couldn't send request to peer 23f962e4a1744381ad5fa0d2d8b10241 for tablet fcde65c4e4cf4df29b9ef9884ce292b2. Error code: TABLET_NOT_RUNNING (12). Status: Illegal state: Tablet not RUNNING: NOT_STARTED. Retrying in the next heartbeat period. Already tried 430 times.
I1031 23:07:28.296468 5866 tablet_service.cc:691] Processing DeleteTablet for tablet 117cd74bcdab4942901acb0005cdd702 with delete_type TABLET_DATA_DELETED (Replaced by acb401e40e7049fbbfdbeb40474353d9 at 2017-10-31 23:04:52 CST) from {username='work'} at 10.108.187.10:53997
I1031 23:07:28.345407 5866 tablet_service.cc:691] Processing DeleteTablet for tablet bff7dab34ccd4b42842077e82106f6fb with delete_type TABLET_DATA_DELETED (Replaced by 005a48fb466c4a52896842dd00124755 at 2017-10-31 23:04:52 CST) from {username='work'} at 10.108.187.10:53997
I1031 23:07:28.384330 5866 tablet_service.cc:691] Processing DeleteTablet for tablet 56155a2adc24450d89e338cc955bfa18 with delete_type TABLET_DATA_DELETED (Replaced by 80ba7f33ec864c5f96c61932edb5cdc4 at 2017-10-31 23:04:52 CST) from {username='work'} at 10.108.187.10:53997
W1031 23:07:28.598850 5816 consensus_peers.cc:357] T 991306ec7acb449c89e5dd29d90e8d55 P 0f53a0d3ef7e44ebb0365c800752d5bd -> Peer 23f962e4a1744381ad5fa0d2d8b10241 (c3-kudu-tst-st07.bj:18700): Couldn't send request to peer 23f962e4a1744381ad5fa0d2d8b10241 for tablet 991306ec7acb449c89e5dd29d90e8d55. Error code: TABLET_NOT_RUNNING (12). Status: Illegal state: Tablet not RUNNING: NOT_STARTED. Retrying in the next heartbeat period. Already tried 371 times.
W1031 23:07:28.614928 5816 consensus_peers.cc:357] T fcde65c4e4cf4df29b9ef9884ce292b2 P 0f53a0d3ef7e44ebb0365c800752d5bd -> Peer 23f962e4a1744381ad5fa0d2d8b10241 (c3-kudu-tst-st07.bj:18700): Couldn't send request to peer 23f962e4a1744381ad5fa0d2d8b10241 for tablet fcde65c4e4cf4df29b9ef9884ce292b2. Error code: TABLET_NOT_RUNNING (12). Status: Illegal state: Tablet not RUNNING: NOT_STARTED. Retrying in the next heartbeat period. Already tried 431 times.
W1031 23:07:29.098939 5816 consensus_peers.cc:357] T 991306ec7acb449c89e5dd29d90e8d55 P 0f53a0d3ef7e44ebb0365c800752d5bd -> Peer 23f962e4a1744381ad5fa0d2d8b10241 (c3-kudu-tst-st07.bj:18700): Couldn't send request to peer 23f962e4a1744381ad5fa0d2d8b10241 for tablet 991306ec7acb449c89e5dd29d90e8d55. Error code: TABLET_NOT_RUNNING (12). Status: Illegal state: Tablet not RUNNING: NOT_STARTED. Retrying in the next heartbeat period. Already tried 372 times.
W1031 23:07:29.115087 5816 consensus_peers.cc:357] T fcde65c4e4cf4df29b9ef9884ce292b2 P 0f53a0d3ef7e44ebb0365c800752d5bd -> Peer 23f962e4a1744381ad5fa0d2d8b10241 (c3-kudu-tst-st07.bj:18700): Couldn't send request to peer 23f962e4a1744381ad5fa0d2d8b10241 for tablet fcde65c4e4cf4df29b9ef9884ce292b2. Error code: TABLET_NOT_RUNNING (12). Status: Illegal state: Tablet not RUNNING: NOT_STARTED. Retrying in the next heartbeat period. Already tried 432 times.
I1031 23:07:29.590828 34574 raft_consensus.cc:411] T bff7dab34ccd4b42842077e82106f6fb P 0f53a0d3ef7e44ebb0365c800752d5bd [term 0 FOLLOWER]: Starting pre-election (no leader contacted us within the election timeout)
I1031 23:07:29.590873 34574 raft_consensus.cc:2162] T bff7dab34ccd4b42842077e82106f6fb P 0f53a0d3ef7e44ebb0365c800752d5bd [term 0 FOLLOWER]: Snoozing failure detection for election timeout plus an additional 9.341s
I1031 23:07:29.590934 34574 raft_consensus.cc:435] T bff7dab34ccd4b42842077e82106f6fb P 0f53a0d3ef7e44ebb0365c800752d5bd [term 0 FOLLOWER]: Starting pre-election with config: opid_index: -1 OBSOLETE_local: false peers { permanent_uuid: "0f53a0d3ef7e44ebb0365c800752d5bd" member_type: VOTER last_known_addr { host: "c3-kudu-tst-st01.bj" port: 18700 } } peers { permanent_uuid: "23f962e4a1744381ad5fa0d2d8b10241" member_type: VOTER last_known_addr { host: "c3-kudu-tst-st07.bj" port: 18700 } } peers { permanent_uuid: "193181be29284287b25df2ee92938f0b" member_type: VOTER last_known_addr { host: "c3-kudu-tst-st08.bj" port: 18700 } }
I1031 23:07:29.591612 34574 leader_election.cc:216] T bff7dab34ccd4b42842077e82106f6fb P 0f53a0d3ef7e44ebb0365c800752d5bd [CANDIDATE]: Term 1 pre-election: Requesting pre-vote from peer 23f962e4a1744381ad5fa0d2d8b10241
I1031 23:07:29.591646 34574 leader_election.cc:216] T bff7dab34ccd4b42842077e82106f6fb P 0f53a0d3ef7e44ebb0365c800752d5bd [CANDIDATE]: Term 1 pre-election: Requesting pre-vote from peer 193181be29284287b25df2ee92938f0b
W1031 23:07:29.591934 5816 leader_election.cc:278] T bff7dab34ccd4b42842077e82106f6fb P 0f53a0d3ef7e44ebb0365c800752d5bd [CANDIDATE]: Term 1 pre-election: Tablet error from VoteRequest() call to peer 23f962e4a1744381ad5fa0d2d8b10241: Illegal state: Tablet not RUNNING: NOT_STARTED
W1031 23:07:29.591998 5815 leader_election.cc:278] T bff7dab34ccd4b42842077e82106f6fb P 0f53a0d3ef7e44ebb0365c800752d5bd [CANDIDATE]: Term 1 pre-election: Tablet error from VoteRequest() call to peer 193181be29284287b25df2ee92938f0b: Not found: Tablet not found
I1031 23:07:29.592054 5815 leader_election.cc:243] T bff7dab34ccd4b42842077e82106f6fb P 0f53a0d3ef7e44ebb0365c800752d5bd [CANDIDATE]: Term 1 pre-election: Election decided. Result: candidate lost.
I1031 23:07:29.592835 36022 raft_consensus.cc:2162] T bff7dab34ccd4b42842077e82106f6fb P 0f53a0d3ef7e44ebb0365c800752d5bd [term 0 FOLLOWER]: Snoozing failure detection for election timeout plus an additional 5.159s
I1031 23:07:29.592869 36022 raft_consensus.cc:1908] T bff7dab34ccd4b42842077e82106f6fb P 0f53a0d3ef7e44ebb0365c800752d5bd [term 0 FOLLOWER]: Leader pre-election lost for term 1. Reason: could not achieve majority
W1031 23:07:29.598970 5816 consensus_peers.cc:357] T 991306ec7acb449c89e5dd29d90e8d55 P 0f53a0d3ef7e44ebb0365c800752d5bd -> Peer 23f962e4a1744381ad5fa0d2d8b10241 (c3-kudu-tst-st07.bj:18700): Couldn't send request to peer 23f962e4a1744381ad5fa0d2d8b10241 for tablet 991306ec7acb449c89e5dd29d90e8d55. Error code: TABLET_NOT_RUNNING (12). Status: Illegal state: Tablet not RUNNING: NOT_STARTED. Retrying in the next heartbeat period. Already tried 373 times.
W1031 23:07:29.614977 5816 consensus_peers.cc:357] T fcde65c4e4cf4df29b9ef9884ce292b2 P 0f53a0d3ef7e44ebb0365c800752d5bd -> Peer 23f962e4a1744381ad5fa0d2d8b10241 (c3-kudu-tst-st07.bj:18700): Couldn't send request to peer 23f962e4a1744381ad5fa0d2d8b10241 for tablet fcde65c4e4cf4df29b9ef9884ce292b2. Error code: TABLET_NOT_RUNNING (12). Status: Illegal state: Tablet not RUNNING: NOT_STARTED. Retrying in the next heartbeat period. Already tried 433 times.
W1031 23:07:30.099066 5816 consensus_peers.cc:357] T 991306ec7acb449c89e5dd29d90e8d55 P 0f53a0d3ef7e44ebb0365c800752d5bd -> Peer 23f962e4a1744381ad5fa0d2d8b10241 (c3-kudu-tst-st07.bj:18700): Couldn't send request to peer 23f962e4a1744381ad5fa0d2d8b10241 for tablet 991306ec7acb449c89e5dd29d90e8d55. Error code: TABLET_NOT_RUNNING (12). Status: Illegal state: Tablet not RUNNING: NOT_STARTED. Retrying in the next heartbeat period. Already tried 374 times.
W1031 23:07:30.115303 5816 consensus_peers.cc:357] T fcde65c4e4cf4df29b9ef9884ce292b2 P 0f53a0d3ef7e44ebb0365c800752d5bd -> Peer 23f962e4a1744381ad5fa0d2d8b10241 (c3-kudu-tst-st07.bj:18700): Couldn't send request to peer 23f962e4a1744381ad5fa0d2d8b10241 for tablet fcde65c4e4cf4df29b9ef9884ce292b2. Error code: TABLET_NOT_RUNNING (12). Status: Illegal state: Tablet not RUNNING: NOT_STARTED. Retrying in the next heartbeat period. Already tried 434 times.
W1031 23:07:30.599110 5816 consensus_peers.cc:357] T 991306ec7acb449c89e5dd29d90e8d55 P 0f53a0d3ef7e44ebb0365c800752d5bd -> Peer 23f962e4a1744381ad5fa0d2d8b10241 (c3-kudu-tst-st07.bj:18700): Couldn't send request to peer 23f962e4a1744381ad5fa0d2d8b10241 for tablet 991306ec7acb449c89e5dd29d90e8d55. Error code: TABLET_NOT_RUNNING (12). Status: Illegal state: Tablet not RUNNING: NOT_STARTED. Retrying in the next heartbeat period. Already tried 375 times.
W1031 23:07:30.615262 5816 consensus_peers.cc:357] T fcde65c4e4cf4df29b9ef9884ce292b2 P 0f53a0d3ef7e44ebb0365c800752d5bd -> Peer 23f962e4a1744381ad5fa0d2d8b10241 (c3-kudu-tst-st07.bj:18700): Couldn't send request to peer 23f962e4a1744381ad5fa0d2d8b10241 for tablet fcde65c4e4cf4df29b9ef9884ce292b2. Error code: TABLET_NOT_RUNNING (12). Status: Illegal state: Tablet not RUNNING: NOT_STARTED. Retrying in the next heartbeat period. Already tried 435 times.
W1031 23:07:31.099164 5816 consensus_peers.cc:357] T 991306ec7acb449c89e5dd29d90e8d55 P 0f53a0d3ef7e44ebb0365c800752d5bd -> Peer 23f962e4a1744381ad5fa0d2d8b10241 (c3-kudu-tst-st07.bj:18700): Couldn't send request to peer 23f962e4a1744381ad5fa0d2d8b10241 for tablet 991306ec7acb449c89e5dd29d90e8d55. Error code: TABLET_NOT_RUNNING (12). Status: Illegal state: Tablet not RUNNING: NOT_STARTED. Retrying in the next heartbeat period. Already tried 376 times.
W1031 23:07:31.115456 5816 consensus_peers.cc:357] T fcde65c4e4cf4df29b9ef9884ce292b2 P 0f53a0d3ef7e44ebb0365c800752d5bd -> Peer 23f962e4a1744381ad5fa0d2d8b10241 (c3-kudu-tst-st07.bj:18700): Couldn't send request to peer 23f962e4a1744381ad5fa0d2d8b10241 for tablet fcde65c4e4cf4df29b9ef9884ce292b2. Error code: TABLET_NOT_RUNNING (12). Status: Illegal state: Tablet not RUNNING: NOT_STARTED. Retrying in the next heartbeat period. Already tried 436 times.
W1031 23:07:31.599367 5816 consensus_peers.cc:357] T 991306ec7acb449c89e5dd29d90e8d55 P 0f53a0d3ef7e44ebb0365c800752d5bd -> Peer 23f962e4a1744381ad5fa0d2d8b10241 (c3-kudu-tst-st07.bj:18700): Couldn't send request to peer 23f962e4a1744381ad5fa0d2d8b10241 for tablet 991306ec7acb449c89e5dd29d90e8d55. Error code: TABLET_NOT_RUNNING (12). Status: Illegal state: Tablet not RUNNING: NOT_STARTED. Retrying in the next heartbeat period. Already tried 377 times.
W1031 23:07:31.615602 5816 consensus_peers.cc:357] T fcde65c4e4cf4df29b9ef9884ce292b2 P 0f53a0d3ef7e44ebb0365c800752d5bd -> Peer 23f962e4a1744381ad5fa0d2d8b10241 (c3-kudu-tst-st07.bj:18700): Couldn't send request to peer 23f962e4a1744381ad5fa0d2d8b10241 for tablet fcde65c4e4cf4df29b9ef9884ce292b2. Error code: TABLET_NOT_RUNNING (12). Status: Illegal state: Tablet not RUNNING: NOT_STARTED. Retrying in the next heartbeat period. Already tried 437 times.
I1031 23:07:31.713057 34585 raft_consensus.cc:411] T 56155a2adc24450d89e338cc955bfa18 P 0f53a0d3ef7e44ebb0365c800752d5bd [term 0 FOLLOWER]: Starting pre-election (no leader contacted us within the election timeout)
I1031 23:07:31.713096 34585 raft_consensus.cc:2162] T 56155a2adc24450d89e338cc955bfa18 P 0f53a0d3ef7e44ebb0365c800752d5bd [term 0 FOLLOWER]: Snoozing failure detection for election timeout plus an additional 13.708s
I1031 23:07:31.713168 34585 raft_consensus.cc:435] T 56155a2adc24450d89e338cc955bfa18 P 0f53a0d3ef7e44ebb0365c800752d5bd [term 0 FOLLOWER]: Starting pre-election with config: opid_index: -1 OBSOLETE_local: false peers { permanent_uuid: "625f49b9554549e6a5c3a92b76e576cf" member_type: VOTER last_known_addr { host: "c3-kudu-tst-st10.bj" port: 18700 } } peers { permanent_uuid: "193181be29284287b25df2ee92938f0b" member_type: VOTER last_known_addr { host: "c3-kudu-tst-st08.bj" port: 18700 } } peers { permanent_uuid: "0f53a0d3ef7e44ebb0365c800752d5bd" member_type: VOTER last_known_addr { host: "c3-kudu-tst-st01.bj" port: 18700 } }
I1031 23:07:31.713737 34585 leader_election.cc:216] T 56155a2adc24450d89e338cc955bfa18 P 0f53a0d3ef7e44ebb0365c800752d5bd [CANDIDATE]: Term 1 pre-election: Requesting pre-vote from peer 625f49b9554549e6a5c3a92b76e576cf
I1031 23:07:31.713760 34585 leader_election.cc:216] T 56155a2adc24450d89e338cc955bfa18 P 0f53a0d3ef7e44ebb0365c800752d5bd [CANDIDATE]: Term 1 pre-election: Requesting pre-vote from peer 193181be29284287b25df2ee92938f0b
W1031 23:07:31.714020 5815 leader_election.cc:278] T 56155a2adc24450d89e338cc955bfa18 P 0f53a0d3ef7e44ebb0365c800752d5bd [CANDIDATE]: Term 1 pre-election: Tablet error from VoteRequest() call to peer 193181be29284287b25df2ee92938f0b: Not found: Tablet not found
W1031 23:07:31.714100 5814 leader_election.cc:278] T 56155a2adc24450d89e338cc955bfa18 P 0f53a0d3ef7e44ebb0365c800752d5bd [CANDIDATE]: Term 1 pre-election: Tablet error from VoteRequest() call to peer 625f49b9554549e6a5c3a92b76e576cf: Not found: Tablet not found
I1031 23:07:31.714128 5814 leader_election.cc:243] T 56155a2adc24450d89e338cc955bfa18 P 0f53a0d3ef7e44ebb0365c800752d5bd [CANDIDATE]: Term 1 pre-election: Election decided. Result: candidate lost.
I1031 23:07:31.714936 36027 raft_consensus.cc:2162] T 56155a2adc24450d89e338cc955bfa18 P 0f53a0d3ef7e44ebb0365c800752d5bd [term 0 FOLLOWER]: Snoozing failure detection for election timeout plus an additional 3.213s
I1031 23:07:31.714968 36027 raft_consensus.cc:1908] T 56155a2adc24450d89e338cc955bfa18 P 0f53a0d3ef7e44ebb0365c800752d5bd [term 0 FOLLOWER]: Leader pre-election lost for term 1. Reason: could not achieve majority
W1031 23:07:32.099459 5816 consensus_peers.cc:357] T 991306ec7acb449c89e5dd29d90e8d55 P 0f53a0d3ef7e44ebb0365c800752d5bd -> Peer 23f962e4a1744381ad5fa0d2d8b10241 (c3-kudu-tst-st07.bj:18700): Couldn't send request to peer 23f962e4a1744381ad5fa0d2d8b10241 for tablet 991306ec7acb449c89e5dd29d90e8d55. Error code: TABLET_NOT_RUNNING (12). Status: Illegal state: Tablet not RUNNING: NOT_STARTED. Retrying in the next heartbeat period. Already tried 378 times.
W1031 23:07:32.115670 5816 consensus_peers.cc:357] T fcde65c4e4cf4df29b9ef9884ce292b2 P 0f53a0d3ef7e44ebb0365c800752d5bd -> Peer 23f962e4a1744381ad5fa0d2d8b10241 (c3-kudu-tst-st07.bj:18700): Couldn't send request to peer 23f962e4a1744381ad5fa0d2d8b10241 for tablet fcde65c4e4cf4df29b9ef9884ce292b2. Error code: TABLET_NOT_RUNNING (12). Status: Illegal state: Tablet not RUNNING: NOT_STARTED. Retrying in the next heartbeat period. Already tried 438 times.
I1031 23:07:32.373733 5853 maintenance_manager.cc:208] P 0f53a0d3ef7e44ebb0365c800752d5bd: Unregistered op CompactRowSetsOp(117cd74bcdab4942901acb0005cdd702)
I1031 23:07:32.373769 5857 maintenance_manager.cc:208] P 0f53a0d3ef7e44ebb0365c800752d5bd: Unregistered op CompactRowSetsOp(bff7dab34ccd4b42842077e82106f6fb)
I1031 23:07:32.373783 5861 maintenance_manager.cc:208] P 0f53a0d3ef7e44ebb0365c800752d5bd: Unregistered op CompactRowSetsOp(56155a2adc24450d89e338cc955bfa18)
I1031 23:07:32.373793 5853 maintenance_manager.cc:208] P 0f53a0d3ef7e44ebb0365c800752d5bd: Unregistered op MinorDeltaCompactionOp(117cd74bcdab4942901acb0005cdd702)
I1031 23:07:32.373843 5857 maintenance_manager.cc:208] P 0f53a0d3ef7e44ebb0365c800752d5bd: Unregistered op MinorDeltaCompactionOp(bff7dab34ccd4b42842077e82106f6fb)
I1031 23:07:32.373852 5853 maintenance_manager.cc:208] P 0f53a0d3ef7e44ebb0365c800752d5bd: Unregistered op MajorDeltaCompactionOp(117cd74bcdab4942901acb0005cdd702)
I1031 23:07:32.373867 5857 maintenance_manager.cc:208] P 0f53a0d3ef7e44ebb0365c800752d5bd: Unregistered op MajorDeltaCompactionOp(bff7dab34ccd4b42842077e82106f6fb)
I1031 23:07:32.373878 5853 maintenance_manager.cc:208] P 0f53a0d3ef7e44ebb0365c800752d5bd: Unregistered op UndoDeltaBlockGCOp(117cd74bcdab4942901acb0005cdd702)
I1031 23:07:32.373885 5857 maintenance_manager.cc:208] P 0f53a0d3ef7e44ebb0365c800752d5bd: Unregistered op UndoDeltaBlockGCOp(bff7dab34ccd4b42842077e82106f6fb)
I1031 23:07:32.373900 5861 maintenance_manager.cc:208] P 0f53a0d3ef7e44ebb0365c800752d5bd: Unregistered op MinorDeltaCompactionOp(56155a2adc24450d89e338cc955bfa18)
I1031 23:07:32.373915 5853 maintenance_manager.cc:208] P 0f53a0d3ef7e44ebb0365c800752d5bd: Unregistered op FlushMRSOp(117cd74bcdab4942901acb0005cdd702)
I1031 23:07:32.373921 5861 maintenance_manager.cc:208] P 0f53a0d3ef7e44ebb0365c800752d5bd: Unregistered op MajorDeltaCompactionOp(56155a2adc24450d89e338cc955bfa18)
I1031 23:07:32.373944 5853 maintenance_manager.cc:208] P 0f53a0d3ef7e44ebb0365c800752d5bd: Unregistered op FlushDeltaMemStoresOp(117cd74bcdab4942901acb0005cdd702)
I1031 23:07:32.373951 5861 maintenance_manager.cc:208] P 0f53a0d3ef7e44ebb0365c800752d5bd: Unregistered op UndoDeltaBlockGCOp(56155a2adc24450d89e338cc955bfa18)
I1031 23:07:32.373965 5857 maintenance_manager.cc:208] P 0f53a0d3ef7e44ebb0365c800752d5bd: Unregistered op FlushMRSOp(bff7dab34ccd4b42842077e82106f6fb)
I1031 23:07:32.373975 5861 maintenance_manager.cc:208] P 0f53a0d3ef7e44ebb0365c800752d5bd: Unregistered op FlushMRSOp(56155a2adc24450d89e338cc955bfa18)
I1031 23:07:32.373982 5853 maintenance_manager.cc:208] P 0f53a0d3ef7e44ebb0365c800752d5bd: Unregistered op LogGCOp(117cd74bcdab4942901acb0005cdd702)
I1031 23:07:32.373991 5857 maintenance_manager.cc:208] P 0f53a0d3ef7e44ebb0365c800752d5bd: Unregistered op FlushDeltaMemStoresOp(bff7dab34ccd4b42842077e82106f6fb)
I1031 23:07:32.373999 5853 raft_consensus.cc:1569] T 117cd74bcdab4942901acb0005cdd702 P 0f53a0d3ef7e44ebb0365c800752d5bd [term 0 FOLLOWER]: Raft consensus shutting down.
I1031 23:07:32.374012 5861 maintenance_manager.cc:208] P 0f53a0d3ef7e44ebb0365c800752d5bd: Unregistered op FlushDeltaMemStoresOp(56155a2adc24450d89e338cc955bfa18)
I1031 23:07:32.374018 5853 raft_consensus.cc:1585] T 117cd74bcdab4942901acb0005cdd702 P 0f53a0d3ef7e44ebb0365c800752d5bd [term 0 FOLLOWER]: Raft consensus is shut down!
I1031 23:07:32.374020 5857 maintenance_manager.cc:208] P 0f53a0d3ef7e44ebb0365c800752d5bd: Unregistered op LogGCOp(bff7dab34ccd4b42842077e82106f6fb)
I1031 23:07:32.374115 5857 raft_consensus.cc:1569] T bff7dab34ccd4b42842077e82106f6fb P 0f53a0d3ef7e44ebb0365c800752d5bd [term 0 FOLLOWER]: Raft consensus shutting down.
I1031 23:07:32.374136 5857 raft_consensus.cc:1585] T bff7dab34ccd4b42842077e82106f6fb P 0f53a0d3ef7e44ebb0365c800752d5bd [term 0 FOLLOWER]: Raft consensus is shut down!
I1031 23:07:32.374030 5861 maintenance_manager.cc:208] P 0f53a0d3ef7e44ebb0365c800752d5bd: Unregistered op LogGCOp(56155a2adc24450d89e338cc955bfa18)
I1031 23:07:32.374207 5861 raft_consensus.cc:1569] T 56155a2adc24450d89e338cc955bfa18 P 0f53a0d3ef7e44ebb0365c800752d5bd [term 0 FOLLOWER]: Raft consensus shutting down.
I1031 23:07:32.374254 5861 raft_consensus.cc:1585] T 56155a2adc24450d89e338cc955bfa18 P 0f53a0d3ef7e44ebb0365c800752d5bd [term 0 FOLLOWER]: Raft consensus is shut down!
I1031 23:07:32.377606 5857 ts_tablet_manager.cc:1020] T bff7dab34ccd4b42842077e82106f6fb P 0f53a0d3ef7e44ebb0365c800752d5bd: Deleting tablet data with delete state TABLET_DATA_DELETED
I1031 23:07:32.379412 5853 ts_tablet_manager.cc:1020] T 117cd74bcdab4942901acb0005cdd702 P 0f53a0d3ef7e44ebb0365c800752d5bd: Deleting tablet data with delete state TABLET_DATA_DELETED
I1031 23:07:32.379539 5861 ts_tablet_manager.cc:1020] T 56155a2adc24450d89e338cc955bfa18 P 0f53a0d3ef7e44ebb0365c800752d5bd: Deleting tablet data with delete state TABLET_DATA_DELETED
I1031 23:07:32.548648 5853 ts_tablet_manager.cc:1032] T 117cd74bcdab4942901acb0005cdd702 P 0f53a0d3ef7e44ebb0365c800752d5bd: Tablet deleted. Last logged OpId: 0.0
I1031 23:07:32.548774 5853 log.cc:876] T 117cd74bcdab4942901acb0005cdd702 P 0f53a0d3ef7e44ebb0365c800752d5bd: Deleting WAL directory at /home/work/app/kudu/c3prc-kernel65/kudu_tablet_server/hdd1/wals/117cd74bcdab4942901acb0005cdd702
I1031 23:07:32.549101 5853 consensus_meta.cc:71] T 117cd74bcdab4942901acb0005cdd702 Deleting consensus metadata
I1031 23:07:32.582350 5861 ts_tablet_manager.cc:1032] T 56155a2adc24450d89e338cc955bfa18 P 0f53a0d3ef7e44ebb0365c800752d5bd: Tablet deleted. Last logged OpId: 0.0
I1031 23:07:32.582494 5861 log.cc:876] T 56155a2adc24450d89e338cc955bfa18 P 0f53a0d3ef7e44ebb0365c800752d5bd: Deleting WAL directory at /home/work/app/kudu/c3prc-kernel65/kudu_tablet_server/hdd1/wals/56155a2adc24450d89e338cc955bfa18
I1031 23:07:32.582861 5861 consensus_meta.cc:71] T 56155a2adc24450d89e338cc955bfa18 Deleting consensus metadata
W1031 23:07:32.599458 5816 consensus_peers.cc:357] T 991306ec7acb449c89e5dd29d90e8d55 P 0f53a0d3ef7e44ebb0365c800752d5bd -> Peer 23f962e4a1744381ad5fa0d2d8b10241 (c3-kudu-tst-st07.bj:18700): Couldn't send request to peer 23f962e4a1744381ad5fa0d2d8b10241 for tablet 991306ec7acb449c89e5dd29d90e8d55. Error code: TABLET_NOT_RUNNING (12). Status: Illegal state: Tablet not RUNNING: NOT_STARTED. Retrying in the next heartbeat period. Already tried 379 times.
I1031 23:07:32.607692 5857 ts_tablet_manager.cc:1032] T bff7dab34ccd4b42842077e82106f6fb P 0f53a0d3ef7e44ebb0365c800752d5bd: Tablet deleted. Last logged OpId: 0.0
W1031 23:07:32.607830 5853 rpcz_store.cc:234] Call kudu.tserver.TabletServerAdminService.DeleteTablet from 10.108.187.10:53997 (request call id 64) took 94334ms (client timeout 29999).
W1031 23:07:32.607830 5861 rpcz_store.cc:234] Call kudu.tserver.TabletServerAdminService.DeleteTablet from 10.108.187.10:53997 (request call id 67) took 94229ms (client timeout 29999).
I1031 23:07:32.607867 5857 log.cc:876] T bff7dab34ccd4b42842077e82106f6fb P 0f53a0d3ef7e44ebb0365c800752d5bd: Deleting WAL directory at /home/work/app/kudu/c3prc-kernel65/kudu_tablet_server/hdd1/wals/bff7dab34ccd4b42842077e82106f6fb
W1031 23:07:32.608037 5853 rpcz_store.cc:238] Trace: 1031 23:05:58.273724 (+ 0us) service_pool.cc:143] Inserting onto call queue 1031 23:05:58.273793 (+ 69us) service_pool.cc:202] Handling call 1031 23:05:58.273835 (+ 42us) ts_tablet_manager.cc:572] Deleting tablet 117cd74bcdab4942901acb0005cdd702 1031 23:05:58.273835 (+ 0us) ts_tablet_manager.cc:580] Acquired tablet manager lock 1031 23:07:32.464732 (+94190897us) tablet_metadata.cc:461] Metadata flushed 1031 23:07:32.548626 (+ 83894us) tablet_metadata.cc:461] Metadata flushed 1031 23:07:32.607816 (+ 59190us) inbound_call.cc:130] Queueing success response Metrics: {"fdatasync":2,"fdatasync_us":83904,"mutex_wait_us":94099890,"tcmalloc_contention_cycles":133376}
W1031 23:07:32.608047 5861 rpcz_store.cc:238] Trace: 1031 23:05:58.377963 (+ 0us) service_pool.cc:143] Inserting onto call queue 1031 23:05:58.378009 (+ 46us) service_pool.cc:202] Handling call 1031 23:05:58.378109 (+ 100us) ts_tablet_manager.cc:572] Deleting tablet 56155a2adc24450d89e338cc955bfa18 1031 23:05:58.378110 (+ 1us) ts_tablet_manager.cc:580] Acquired tablet manager lock 1031 23:07:32.515015 (+94136905us) tablet_metadata.cc:461] Metadata flushed 1031 23:07:32.582317 (+ 67302us) tablet_metadata.cc:461] Metadata flushed 1031 23:07:32.607809 (+ 25492us) inbound_call.cc:130] Queueing success response Metrics: {"fdatasync":2,"fdatasync_us":83784,"mutex_wait_us":93995649,"tcmalloc_contention_cycles":76160}
I1031 23:07:32.608186 5857 consensus_meta.cc:71] T bff7dab34ccd4b42842077e82106f6fb Deleting consensus metadata
W1031 23:07:32.608386 5857 rpcz_store.cc:234] Call kudu.tserver.TabletServerAdminService.DeleteTablet from 10.108.187.10:53997 (request call id 66) took 94277ms (client timeout 29999).
W1031 23:07:32.608525 5857 rpcz_store.cc:238] Trace: 1031 23:05:58.330776 (+ 0us) service_pool.cc:143] Inserting onto call queue 1031 23:05:58.330787 (+ 11us) service_pool.cc:202] Handling call 1031 23:05:58.330824 (+ 37us) ts_tablet_manager.cc:572] Deleting tablet bff7dab34ccd4b42842077e82106f6fb 1031 23:05:58.330825 (+ 1us) ts_tablet_manager.cc:580] Acquired tablet manager lock 1031 23:07:32.498352 (+94167527us) tablet_metadata.cc:461] Metadata flushed 1031 23:07:32.607652 (+109300us) tablet_metadata.cc:461] Metadata flushed 1031 23:07:32.608374 (+ 722us) inbound_call.cc:130] Queueing success response Metrics: {"fdatasync":2,"fdatasync_us":85586,"mutex_wait_us":94042959,"tcmalloc_contention_cycles":43904}
I1031 23:07:32.608857 5734 tablet.cc:911] T cd5d028ce30a4eb19eacbecbf5a3486b P 0f53a0d3ef7e44ebb0365c800752d5bd: Flush: entering stage 1 (old memrowset already frozen for inserts)
I1031 23:07:32.608882 5734 compaction.cc:877] Selected 1 rowsets to compact:
I1031 23:07:32.608907 5734 compaction.cc:880] memrowset(current size on disk: ~0 bytes)
I1031 23:07:32.608922 5734 tablet.cc:913] T cd5d028ce30a4eb19eacbecbf5a3486b P 0f53a0d3ef7e44ebb0365c800752d5bd: Memstore in-memory size: 3751 bytes
I1031 23:07:32.608947 5734 tablet.cc:1174] T cd5d028ce30a4eb19eacbecbf5a3486b P 0f53a0d3ef7e44ebb0365c800752d5bd: Flush: entering phase 1 (flushing snapshot). Phase 1 snapshot: MvccSnapshot[committed={T|T < 6182757230424834048 or (T in {6182757230424834048})}]
I1031 23:07:32.609093 5734 multi_column_writer.cc:85] Opened CFile writer for column ts[int32 NOT NULL]
I1031 23:07:32.609134 5734 multi_column_writer.cc:85] Opened CFile writer for column id[int32 NOT NULL]
W1031 23:07:32.615627 5816 consensus_peers.cc:357] T fcde65c4e4cf4df29b9ef9884ce292b2 P 0f53a0d3ef7e44ebb0365c800752d5bd -> Peer 23f962e4a1744381ad5fa0d2d8b10241 (c3-kudu-tst-st07.bj:18700): Couldn't send request to peer 23f962e4a1744381ad5fa0d2d8b10241 for tablet fcde65c4e4cf4df29b9ef9884ce292b2. Error code: TABLET_NOT_RUNNING (12). Status: Illegal state: Tablet not RUNNING: NOT_STARTED. Retrying in the next heartbeat period. Already tried 439 times.
I1031 23:07:32.739135 5734 tablet.cc:1259] T cd5d028ce30a4eb19eacbecbf5a3486b P 0f53a0d3ef7e44ebb0365c800752d5bd: Flush: entering phase 2 (starting to duplicate updates in new rowsets)
I1031 23:07:32.967370 5734 tablet.cc:1314] T cd5d028ce30a4eb19eacbecbf5a3486b P 0f53a0d3ef7e44ebb0365c800752d5bd: Flush Phase 2: carrying over any updates which arrived during Phase 1
I1031 23:07:32.967432 5734 tablet.cc:1316] T cd5d028ce30a4eb19eacbecbf5a3486b P 0f53a0d3ef7e44ebb0365c800752d5bd: Phase 2 snapshot: MvccSnapshot[committed={T|T < 6182757230424834048 or (T in {6182757230424834048})}]
W1031 23:07:33.099637 5816 consensus_peers.cc:357] T 991306ec7acb449c89e5dd29d90e8d55 P 0f53a0d3ef7e44ebb0365c800752d5bd -> Peer 23f962e4a1744381ad5fa0d2d8b10241 (c3-kudu-tst-st07.bj:18700): Couldn't send request to peer 23f962e4a1744381ad5fa0d2d8b10241 for tablet 991306ec7acb449c89e5dd29d90e8d55. Error code: TABLET_NOT_RUNNING (12). Status: Illegal state: Tablet not RUNNING: NOT_STARTED. Retrying in the next heartbeat period. Already tried 380 times.
W1031 23:07:33.115788 5816 consensus_peers.cc:357] T fcde65c4e4cf4df29b9ef9884ce292b2 P 0f53a0d3ef7e44ebb0365c800752d5bd -> Peer 23f962e4a1744381ad5fa0d2d8b10241 (c3-kudu-tst-st07.bj:18700): Couldn't send request to peer 23f962e4a1744381ad5fa0d2d8b10241 for tablet fcde65c4e4cf4df29b9ef9884ce292b2. Error code: TABLET_NOT_RUNNING (12). Status: Illegal state: Tablet not RUNNING: NOT_STARTED. Retrying in the next heartbeat period. Already tried 440 times.
I1031 23:07:33.390091 5734 tablet.cc:1358] T cd5d028ce30a4eb19eacbecbf5a3486b P 0f53a0d3ef7e44ebb0365c800752d5bd: Flush successful on 9 rows (4328 bytes)
I1031 23:07:33.390180 5734 maintenance_manager.cc:419] Time spent running FlushMRSOp(cd5d028ce30a4eb19eacbecbf5a3486b): real 1.016s user 0.816s sys 0.004s
I1031 23:07:33.390348 5734 maintenance_manager.cc:425] P 0f53a0d3ef7e44ebb0365c800752d5bd: FlushMRSOp(cd5d028ce30a4eb19eacbecbf5a3486b) metrics: {"cfile_init":1,"fdatasync":11,"fdatasync_us":173593,"lbm_read_time_us":7,"lbm_reads_lt_1ms":4,"lbm_write_time_us":175,"lbm_writes_lt_1ms":26,"tcmalloc_contention_cycles":98560}
W1031 23:07:33.599798 5816 consensus_peers.cc:357] T 991306ec7acb449c89e5dd29d90e8d55 P 0f53a0d3ef7e44ebb0365c800752d5bd -> Peer 23f962e4a1744381ad5fa0d2d8b10241 (c3-kudu-tst-st07.bj:18700): Couldn't send request to peer 23f962e4a1744381ad5fa0d2d8b10241 for tablet 991306ec7acb449c89e5dd29d90e8d55. Error code: TABLET_NOT_RUNNING (12). Status: Illegal state: Tablet not RUNNING: NOT_STARTED. Retrying in the next heartbeat period. Already tried 381 times.
W1031 23:07:33.615921 5816 consensus_peers.cc:357] T fcde65c4e4cf4df29b9ef9884ce292b2 P 0f53a0d3ef7e44ebb0365c800752d5bd -> Peer 23f962e4a1744381ad5fa0d2d8b10241 (c3-kudu-tst-st07.bj:18700): Couldn't send request to peer 23f962e4a1744381ad5fa0d2d8b10241 for tablet fcde65c4e4cf4df29b9ef9884ce292b2. Error code: TABLET_NOT_RUNNING (12). Status: Illegal state: Tablet not RUNNING: NOT_STARTED. Retrying in the next heartbeat period. Already tried 441 times.
W1031 23:07:34.099807 5816 consensus_peers.cc:357] T 991306ec7acb449c89e5dd29d90e8d55 P 0f53a0d3ef7e44ebb0365c800752d5bd -> Peer 23f962e4a1744381ad5fa0d2d8b10241 (c3-kudu-tst-st07.bj:18700): Couldn't send request to peer 23f962e4a1744381ad5fa0d2d8b10241 for tablet 991306ec7acb449c89e5dd29d90e8d55. Error code: TABLET_NOT_RUNNING (12). Status: Illegal state: Tablet not RUNNING: NOT_STARTED. Retrying in the next heartbeat period. Already tried 382 times.
W1031 23:07:34.115983 5816 consensus_peers.cc:357] T fcde65c4e4cf4df29b9ef9884ce292b2 P 0f53a0d3ef7e44ebb0365c800752d5bd -> Peer 23f962e4a1744381ad5fa0d2d8b10241 (c3-kudu-tst-st07.bj:18700): Couldn't send request to peer 23f962e4a1744381ad5fa0d2d8b10241 for tablet fcde65c4e4cf4df29b9ef9884ce292b2. Error code: TABLET_NOT_RUNNING (12). Status: Illegal state: Tablet not RUNNING: NOT_STARTED. Retrying in the next heartbeat period. Already tried 442 times.
W1031 23:07:34.599928 5816 consensus_peers.cc:357] T 991306ec7acb449c89e5dd29d90e8d55 P 0f53a0d3ef7e44ebb0365c800752d5bd -> Peer 23f962e4a1744381ad5fa0d2d8b10241 (c3-kudu-tst-st07.bj:18700): Couldn't send request to peer 23f962e4a1744381ad5fa0d2d8b10241 for tablet 991306ec7acb449c89e5dd29d90e8d55. Error code: TABLET_NOT_RUNNING (12). Status: Illegal state: Tablet not RUNNING: NOT_STARTED. Retrying in the next heartbeat period. Already tried 383 times.
W1031 23:07:34.616008 5816 consensus_peers.cc:357] T fcde65c4e4cf4df29b9ef9884ce292b2 P 0f53a0d3ef7e44ebb0365c800752d5bd -> Peer 23f962e4a1744381ad5fa0d2d8b10241 (c3-kudu-tst-st07.bj:18700): Couldn't send request to peer 23f962e4a1744381ad5fa0d2d8b10241 for tablet fcde65c4e4cf4df29b9ef9884ce292b2. Error code: TABLET_NOT_RUNNING (12). Status: Illegal state: Tablet not RUNNING: NOT_STARTED. Retrying in the next heartbeat period. Already tried 443 times.
W1031 23:07:35.099884 5816 consensus_peers.cc:357] T 991306ec7acb449c89e5dd29d90e8d55 P 0f53a0d3ef7e44ebb0365c800752d5bd -> Peer 23f962e4a1744381ad5fa0d2d8b10241 (c3-kudu-tst-st07.bj:18700): Couldn't send request to peer 23f962e4a1744381ad5fa0d2d8b10241 for tablet 991306ec7acb449c89e5dd29d90e8d55. Error code: TABLET_NOT_RUNNING (12). Status: Illegal state: Tablet not RUNNING: NOT_STARTED. Retrying in the next heartbeat period. Already tried 384 times.
W1031 23:07:35.116098 5816 consensus_peers.cc:357] T fcde65c4e4cf4df29b9ef9884ce292b2 P 0f53a0d3ef7e44ebb0365c800752d5bd -> Peer 23f962e4a1744381ad5fa0d2d8b10241 (c3-kudu-tst-st07.bj:18700): Couldn't send request to peer 23f962e4a1744381ad5fa0d2d8b10241 for tablet fcde65c4e4cf4df29b9ef9884ce292b2. Error code: TABLET_NOT_RUNNING (12). Status: Illegal state: Tablet not RUNNING: NOT_STARTED. Retrying in the next heartbeat period. Already tried 444 times.
W1031 23:07:35.599997 5816 consensus_peers.cc:357] T 991306ec7acb449c89e5dd29d90e8d55 P 0f53a0d3ef7e44ebb0365c800752d5bd -> Peer 23f962e4a1744381ad5fa0d2d8b10241 (c3-kudu-tst-st07.bj:18700): Couldn't send request to peer 23f962e4a1744381ad5fa0d2d8b10241 for tablet 991306ec7acb449c89e5dd29d90e8d55. Error code: TABLET_NOT_RUNNING (12). Status: Illegal state: Tablet not RUNNING: NOT_STARTED. Retrying in the next heartbeat period. Already tried 385 times.
W1031 23:07:35.616158 5816 consensus_peers.cc:357] T fcde65c4e4cf4df29b9ef9884ce292b2 P 0f53a0d3ef7e44ebb0365c800752d5bd -> Peer 23f962e4a1744381ad5fa0d2d8b10241 (c3-kudu-tst-st07.bj:18700): Couldn't send request to peer 23f962e4a1744381ad5fa0d2d8b10241 for tablet fcde65c4e4cf4df29b9ef9884ce292b2. Error code: TABLET_NOT_RUNNING (12). Status: Illegal state: Tablet not RUNNING: NOT_STARTED. Retrying in the next heartbeat period. Already tried 445 times.
W1031 23:07:36.100064 5816 consensus_peers.cc:357] T 991306ec7acb449c89e5dd29d90e8d55 P 0f53a0d3ef7e44ebb0365c800752d5bd -> Peer 23f962e4a1744381ad5fa0d2d8b10241 (c3-kudu-tst-st07.bj:18700): Couldn't send request to peer 23f962e4a1744381ad5fa0d2d8b10241 for tablet 991306ec7acb449c89e5dd29d90e8d55. Error code: TABLET_NOT_RUNNING (12). Status: Illegal state: Tablet not RUNNING: NOT_STARTED. Retrying in the next heartbeat period. Already tried 386 times.
W1031 23:07:36.116215 5816 consensus_peers.cc:357] T fcde65c4e4cf4df29b9ef9884ce292b2 P 0f53a0d3ef7e44ebb0365c800752d5bd -> Peer 23f962e4a1744381ad5fa0d2d8b10241 (c3-kudu-tst-st07.bj:18700): Couldn't send request to peer 23f962e4a1744381ad5fa0d2d8b10241 for tablet fcde65c4e4cf4df29b9ef9884ce292b2. Error code: TABLET_NOT_RUNNING (12). Status: Illegal state: Tablet not RUNNING: NOT_STARTED. Retrying in the next heartbeat period. Already tried 446 times.
W1031 23:07:36.600114 5816 consensus_peers.cc:357] T 991306ec7acb449c89e5dd29d90e8d55 P 0f53a0d3ef7e44ebb0365c800752d5bd -> Peer 23f962e4a1744381ad5fa0d2d8b10241 (c3-kudu-tst-st07.bj:18700): Couldn't send request to peer 23f962e4a1744381ad5fa0d2d8b10241 for tablet 991306ec7acb449c89e5dd29d90e8d55. Error code: TABLET_NOT_RUNNING (12). Status: Illegal state: Tablet not RUNNING: NOT_STARTED. Retrying in the next heartbeat period. Already tried 387 times.
W1031 23:07:36.616263 5816 consensus_peers.cc:357] T fcde65c4e4cf4df29b9ef9884ce292b2 P 0f53a0d3ef7e44ebb0365c800752d5bd -> Peer 23f962e4a1744381ad5fa0d2d8b10241 (c3-kudu-tst-st07.bj:18700): Couldn't send request to peer 23f962e4a1744381ad5fa0d2d8b10241 for tablet fcde65c4e4cf4df29b9ef9884ce292b2. Error code: TABLET_NOT_RUNNING (12). Status: Illegal state: Tablet not RUNNING: NOT_STARTED. Retrying in the next heartbeat period. Already tried 447 times.
W1031 23:07:37.100260 5816 consensus_peers.cc:357] T 991306ec7acb449c89e5dd29d90e8d55 P 0f53a0d3ef7e44ebb0365c800752d5bd -> Peer 23f962e4a1744381ad5fa0d2d8b10241 (c3-kudu-tst-st07.bj:18700): Couldn't send request to peer 23f962e4a1744381ad5fa0d2d8b10241 for tablet 991306ec7acb449c89e5dd29d90e8d55. Error code: TABLET_NOT_RUNNING (12). Status: Illegal state: Tablet not RUNNING: NOT_STARTED. Retrying in the next heartbeat period. Already tried 388 times.
W1031 23:07:37.116371 5816 consensus_peers.cc:357] T fcde65c4e4cf4df29b9ef9884ce292b2 P 0f53a0d3ef7e44ebb0365c800752d5bd -> Peer 23f962e4a1744381ad5fa0d2d8b10241 (c3-kudu-tst-st07.bj:18700): Couldn't send request to peer 23f962e4a1744381ad5fa0d2d8b10241 for tablet fcde65c4e4cf4df29b9ef9884ce292b2. Error code: TABLET_NOT_RUNNING (12). Status: Illegal state: Tablet not RUNNING: NOT_STARTED. Retrying in the next heartbeat period. Already tried 448 times.
W1031 23:07:37.600304 5816 consensus_peers.cc:357] T 991306ec7acb449c89e5dd29d90e8d55 P 0f53a0d3ef7e44ebb0365c800752d5bd -> Peer 23f962e4a1744381ad5fa0d2d8b10241 (c3-kudu-tst-st07.bj:18700): Couldn't send request to peer 23f962e4a1744381ad5fa0d2d8b10241 for tablet 991306ec7acb449c89e5dd29d90e8d55. Error code: TABLET_NOT_RUNNING (12). Status: Illegal state: Tablet not RUNNING: NOT_STARTED. Retrying in the next heartbeat period. Already tried 389 times.
W1031 23:07:37.616420 5816 consensus_peers.cc:357] T fcde65c4e4cf4df29b9ef9884ce292b2 P 0f53a0d3ef7e44ebb0365c800752d5bd -> Peer 23f962e4a1744381ad5fa0d2d8b10241 (c3-kudu-tst-st07.bj:18700): Couldn't send request to peer 23f962e4a1744381ad5fa0d2d8b10241 for tablet fcde65c4e4cf4df29b9ef9884ce292b2. Error code: TABLET_NOT_RUNNING (12). Status: Illegal state: Tablet not RUNNING: NOT_STARTED. Retrying in the next heartbeat period. Already tried 449 times.
