I1031 23:05:22.374245 34590 leader_election.cc:216] T 117cd74bcdab4942901acb0005cdd702 P 0f53a0d3ef7e44ebb0365c800752d5bd [CANDIDATE]: Term 1 pre-election: Requesting pre-vote from peer 0a8bbcbbb5a6459aa5258464755db3bb
W1031 23:05:22.374444 5814 leader_election.cc:278] T 117cd74bcdab4942901acb0005cdd702 P 0f53a0d3ef7e44ebb0365c800752d5bd [CANDIDATE]: Term 1 pre-election: Tablet error from VoteRequest() call to peer 625f49b9554549e6a5c3a92b76e576cf: Illegal state: Tablet not RUNNING: NOT_STARTED
W1031 23:05:22.374478 5816 leader_election.cc:278] T 117cd74bcdab4942901acb0005cdd702 P 0f53a0d3ef7e44ebb0365c800752d5bd [CANDIDATE]: Term 1 pre-election: Tablet error from VoteRequest() call to peer 0a8bbcbbb5a6459aa5258464755db3bb: Illegal state: Tablet not RUNNING: NOT_STARTED
I1031 23:05:22.374500 5816 leader_election.cc:243] T 117cd74bcdab4942901acb0005cdd702 P 0f53a0d3ef7e44ebb0365c800752d5bd [CANDIDATE]: Term 1 pre-election: Election decided. Result: candidate lost.
I1031 23:05:22.375192 35065 raft_consensus.cc:2162] T 117cd74bcdab4942901acb0005cdd702 P 0f53a0d3ef7e44ebb0365c800752d5bd [term 0 FOLLOWER]: Snoozing failure detection for election timeout plus an additional 10.081s
I1031 23:05:22.375214 35065 raft_consensus.cc:1908] T 117cd74bcdab4942901acb0005cdd702 P 0f53a0d3ef7e44ebb0365c800752d5bd [term 0 FOLLOWER]: Leader pre-election lost for term 1. Reason: could not achieve majority
I1031 23:05:22.526315 5857 tablet_service.cc:650] Processing CreateTablet for tablet 012b21c0f95e4dd594076018fd6fdb7e (table=default.timeout_tst [id=cdcb3e60c1314776843d856365535d49]), partition=HASH (id) PARTITION 4, RANGE (date) PARTITION 20171025 <= VALUES < 20171026
I1031 23:05:22.526378 5866 tablet_service.cc:650] Processing CreateTablet for tablet 95f15519e52a48edab3b765ae3a8e93d (table=default.timeout_tst [id=cdcb3e60c1314776843d856365535d49]), partition=HASH (id) PARTITION 4, RANGE (date) PARTITION 20171027 <= VALUES < 20171028
I1031 23:05:22.527453 5861 tablet_service.cc:650] Processing CreateTablet for tablet b4e182b626554f3597d5c733c80997e6 (table=default.timeout_tst [id=cdcb3e60c1314776843d856365535d49]), partition=HASH (id) PARTITION 4, RANGE (date) PARTITION 20171029 <= VALUES < 20171030
W1031 23:05:22.579232 5816 consensus_peers.cc:357] T 991306ec7acb449c89e5dd29d90e8d55 P 0f53a0d3ef7e44ebb0365c800752d5bd -> Peer 23f962e4a1744381ad5fa0d2d8b10241 (c3-kudu-tst-st07.bj:18700): Couldn't send request to peer 23f962e4a1744381ad5fa0d2d8b10241 for tablet 991306ec7acb449c89e5dd29d90e8d55. Error code: TABLET_NOT_RUNNING (12). Status: Illegal state: Tablet not RUNNING: NOT_STARTED. Retrying in the next heartbeat period. Already tried 119 times.
I1031 23:05:22.581339 5866 ts_tablet_manager.cc:862] T 95f15519e52a48edab3b765ae3a8e93d P 0f53a0d3ef7e44ebb0365c800752d5bd: Registered tablet (data state: TABLET_DATA_READY)
I1031 23:05:22.582216 35069 ts_tablet_manager.cc:723] T 95f15519e52a48edab3b765ae3a8e93d P 0f53a0d3ef7e44ebb0365c800752d5bd: Bootstrapping tablet
I1031 23:05:22.582610 35069 tablet_bootstrap.cc:382] T 95f15519e52a48edab3b765ae3a8e93d P 0f53a0d3ef7e44ebb0365c800752d5bd: Bootstrap starting.
I1031 23:05:22.582775 35069 tablet_bootstrap.cc:541] T 95f15519e52a48edab3b765ae3a8e93d P 0f53a0d3ef7e44ebb0365c800752d5bd: Time spent opening tablet: real 0.000s user 0.000s sys 0.000s
I1031 23:05:22.582916 35069 tablet_bootstrap.cc:484] T 95f15519e52a48edab3b765ae3a8e93d P 0f53a0d3ef7e44ebb0365c800752d5bd: No blocks or log segments found. Creating new log.
I1031 23:05:22.584532 35069 tablet_bootstrap.cc:382] T 95f15519e52a48edab3b765ae3a8e93d P 0f53a0d3ef7e44ebb0365c800752d5bd: No bootstrap required, opened a new log
I1031 23:05:22.584560 35069 ts_tablet_manager.cc:728] T 95f15519e52a48edab3b765ae3a8e93d P 0f53a0d3ef7e44ebb0365c800752d5bd: Time spent bootstrapping tablet: real 0.002s user 0.000s sys 0.001s
I1031 23:05:22.585342 35069 raft_consensus.cc:288] T 95f15519e52a48edab3b765ae3a8e93d P 0f53a0d3ef7e44ebb0365c800752d5bd [term 0 FOLLOWER]: Replica starting. Triggering 0 pending transactions. Active config: opid_index: -1 OBSOLETE_local: false peers { permanent_uuid: "0f53a0d3ef7e44ebb0365c800752d5bd" member_type: VOTER last_known_addr { host: "c3-kudu-tst-st01.bj" port: 18700 } } peers { permanent_uuid: "d3eb30bd1bc34b95902fa61724239553" member_type: VOTER last_known_addr { host: "c3-kudu-tst-st05.bj" port: 18700 } } peers { permanent_uuid: "193181be29284287b25df2ee92938f0b" member_type: VOTER last_known_addr { host: "c3-kudu-tst-st08.bj" port: 18700 } }
I1031 23:05:22.585366 35069 raft_consensus.cc:319] T 95f15519e52a48edab3b765ae3a8e93d P 0f53a0d3ef7e44ebb0365c800752d5bd [term 0 FOLLOWER]: Consensus starting up: Expiring failure detector timer to make a prompt election more likely
I1031 23:05:22.585377 35069 raft_consensus.cc:548] T 95f15519e52a48edab3b765ae3a8e93d P 0f53a0d3ef7e44ebb0365c800752d5bd [term 0 FOLLOWER]: Becoming Follower/Learner. State: Replica: 0f53a0d3ef7e44ebb0365c800752d5bd, State: 1, Role: FOLLOWER
I1031 23:05:22.585394 35069 consensus_queue.cc:176] T 95f15519e52a48edab3b765ae3a8e93d P 0f53a0d3ef7e44ebb0365c800752d5bd [NON_LEADER]: Queue going to NON_LEADER mode. State: All replicated index: 0, Majority replicated index: 0, Committed index: 0, Last appended: 0.0, Current term: 0, Majority size: -1, State: 1, Mode: NON_LEADER
W1031 23:05:22.594977 5816 consensus_peers.cc:357] T fcde65c4e4cf4df29b9ef9884ce292b2 P 0f53a0d3ef7e44ebb0365c800752d5bd -> Peer 23f962e4a1744381ad5fa0d2d8b10241 (c3-kudu-tst-st07.bj:18700): Couldn't send request to peer 23f962e4a1744381ad5fa0d2d8b10241 for tablet fcde65c4e4cf4df29b9ef9884ce292b2. Error code: TABLET_NOT_RUNNING (12). Status: Illegal state: Tablet not RUNNING: NOT_STARTED. Retrying in the next heartbeat period. Already tried 179 times.
I1031 23:05:22.606559 5861 ts_tablet_manager.cc:862] T b4e182b626554f3597d5c733c80997e6 P 0f53a0d3ef7e44ebb0365c800752d5bd: Registered tablet (data state: TABLET_DATA_READY)
I1031 23:05:22.607147 35074 ts_tablet_manager.cc:723] T b4e182b626554f3597d5c733c80997e6 P 0f53a0d3ef7e44ebb0365c800752d5bd: Bootstrapping tablet
I1031 23:05:22.607594 35074 tablet_bootstrap.cc:382] T b4e182b626554f3597d5c733c80997e6 P 0f53a0d3ef7e44ebb0365c800752d5bd: Bootstrap starting.
I1031 23:05:22.607713 35074 tablet_bootstrap.cc:541] T b4e182b626554f3597d5c733c80997e6 P 0f53a0d3ef7e44ebb0365c800752d5bd: Time spent opening tablet: real 0.000s user 0.000s sys 0.000s
I1031 23:05:22.607820 35074 tablet_bootstrap.cc:484] T b4e182b626554f3597d5c733c80997e6 P 0f53a0d3ef7e44ebb0365c800752d5bd: No blocks or log segments found. Creating new log.
I1031 23:05:22.609000 35074 tablet_bootstrap.cc:382] T b4e182b626554f3597d5c733c80997e6 P 0f53a0d3ef7e44ebb0365c800752d5bd: No bootstrap required, opened a new log
I1031 23:05:22.609027 35074 ts_tablet_manager.cc:728] T b4e182b626554f3597d5c733c80997e6 P 0f53a0d3ef7e44ebb0365c800752d5bd: Time spent bootstrapping tablet: real 0.002s user 0.000s sys 0.001s
I1031 23:05:22.609829 35074 raft_consensus.cc:288] T b4e182b626554f3597d5c733c80997e6 P 0f53a0d3ef7e44ebb0365c800752d5bd [term 0 FOLLOWER]: Replica starting. Triggering 0 pending transactions. Active config: opid_index: -1 OBSOLETE_local: false peers { permanent_uuid: "d3eb30bd1bc34b95902fa61724239553" member_type: VOTER last_known_addr { host: "c3-kudu-tst-st05.bj" port: 18700 } } peers { permanent_uuid: "193181be29284287b25df2ee92938f0b" member_type: VOTER last_known_addr { host: "c3-kudu-tst-st08.bj" port: 18700 } } peers { permanent_uuid: "0f53a0d3ef7e44ebb0365c800752d5bd" member_type: VOTER last_known_addr { host: "c3-kudu-tst-st01.bj" port: 18700 } }
I1031 23:05:22.609850 35074 raft_consensus.cc:319] T b4e182b626554f3597d5c733c80997e6 P 0f53a0d3ef7e44ebb0365c800752d5bd [term 0 FOLLOWER]: Consensus starting up: Expiring failure detector timer to make a prompt election more likely
I1031 23:05:22.609863 35074 raft_consensus.cc:548] T b4e182b626554f3597d5c733c80997e6 P 0f53a0d3ef7e44ebb0365c800752d5bd [term 0 FOLLOWER]: Becoming Follower/Learner. State: Replica: 0f53a0d3ef7e44ebb0365c800752d5bd, State: 1, Role: FOLLOWER
I1031 23:05:22.609879 35074 consensus_queue.cc:176] T b4e182b626554f3597d5c733c80997e6 P 0f53a0d3ef7e44ebb0365c800752d5bd [NON_LEADER]: Queue going to NON_LEADER mode. State: All replicated index: 0, Majority replicated index: 0, Committed index: 0, Last appended: 0.0, Current term: 0, Majority size: -1, State: 1, Mode: NON_LEADER
I1031 23:05:22.631845 5857 ts_tablet_manager.cc:862] T 012b21c0f95e4dd594076018fd6fdb7e P 0f53a0d3ef7e44ebb0365c800752d5bd: Registered tablet (data state: TABLET_DATA_READY)
I1031 23:05:22.632414 35079 ts_tablet_manager.cc:723] T 012b21c0f95e4dd594076018fd6fdb7e P 0f53a0d3ef7e44ebb0365c800752d5bd: Bootstrapping tablet
I1031 23:05:22.632836 35079 tablet_bootstrap.cc:382] T 012b21c0f95e4dd594076018fd6fdb7e P 0f53a0d3ef7e44ebb0365c800752d5bd: Bootstrap starting.
I1031 23:05:22.633016 35079 tablet_bootstrap.cc:541] T 012b21c0f95e4dd594076018fd6fdb7e P 0f53a0d3ef7e44ebb0365c800752d5bd: Time spent opening tablet: real 0.000s user 0.000s sys 0.000s
I1031 23:05:22.633153 35079 tablet_bootstrap.cc:484] T 012b21c0f95e4dd594076018fd6fdb7e P 0f53a0d3ef7e44ebb0365c800752d5bd: No blocks or log segments found. Creating new log.
I1031 23:05:22.634610 35079 tablet_bootstrap.cc:382] T 012b21c0f95e4dd594076018fd6fdb7e P 0f53a0d3ef7e44ebb0365c800752d5bd: No bootstrap required, opened a new log
I1031 23:05:22.634642 35079 ts_tablet_manager.cc:728] T 012b21c0f95e4dd594076018fd6fdb7e P 0f53a0d3ef7e44ebb0365c800752d5bd: Time spent bootstrapping tablet: real 0.002s user 0.001s sys 0.000s
I1031 23:05:22.635105 35079 raft_consensus.cc:288] T 012b21c0f95e4dd594076018fd6fdb7e P 0f53a0d3ef7e44ebb0365c800752d5bd [term 0 FOLLOWER]: Replica starting. Triggering 0 pending transactions. Active config: opid_index: -1 OBSOLETE_local: false peers { permanent_uuid: "23f962e4a1744381ad5fa0d2d8b10241" member_type: VOTER last_known_addr { host: "c3-kudu-tst-st07.bj" port: 18700 } } peers { permanent_uuid: "0f53a0d3ef7e44ebb0365c800752d5bd" member_type: VOTER last_known_addr { host: "c3-kudu-tst-st01.bj" port: 18700 } } peers { permanent_uuid: "625f49b9554549e6a5c3a92b76e576cf" member_type: VOTER last_known_addr { host: "c3-kudu-tst-st10.bj" port: 18700 } }
I1031 23:05:22.635125 35079 raft_consensus.cc:319] T 012b21c0f95e4dd594076018fd6fdb7e P 0f53a0d3ef7e44ebb0365c800752d5bd [term 0 FOLLOWER]: Consensus starting up: Expiring failure detector timer to make a prompt election more likely
I1031 23:05:22.635133 35079 raft_consensus.cc:548] T 012b21c0f95e4dd594076018fd6fdb7e P 0f53a0d3ef7e44ebb0365c800752d5bd [term 0 FOLLOWER]: Becoming Follower/Learner. State: Replica: 0f53a0d3ef7e44ebb0365c800752d5bd, State: 1, Role: FOLLOWER
I1031 23:05:22.635160 35079 consensus_queue.cc:176] T 012b21c0f95e4dd594076018fd6fdb7e P 0f53a0d3ef7e44ebb0365c800752d5bd [NON_LEADER]: Queue going to NON_LEADER mode. State: All replicated index: 0, Majority replicated index: 0, Committed index: 0, Last appended: 0.0, Current term: 0, Majority size: -1, State: 1, Mode: NON_LEADER
I1031 23:05:22.789542 5882 raft_consensus.cc:2162] T 95f15519e52a48edab3b765ae3a8e93d P 0f53a0d3ef7e44ebb0365c800752d5bd [term 0 FOLLOWER]: Snoozing failure detection for election timeout plus an additional 1.732s
I1031 23:05:22.789641 5882 raft_consensus.cc:1747] T 95f15519e52a48edab3b765ae3a8e93d P 0f53a0d3ef7e44ebb0365c800752d5bd [term 0 FOLLOWER]: Leader pre-election vote request: Granting yes vote for candidate d3eb30bd1bc34b95902fa61724239553 in term 0.
I1031 23:05:22.791340 5882 raft_consensus.cc:2206] T 95f15519e52a48edab3b765ae3a8e93d P 0f53a0d3ef7e44ebb0365c800752d5bd [term 0 FOLLOWER]: Advancing to term 1
I1031 23:05:22.791396 5882 raft_consensus.cc:2162] T 95f15519e52a48edab3b765ae3a8e93d P 0f53a0d3ef7e44ebb0365c800752d5bd [term 1 FOLLOWER]: Snoozing failure detection for election timeout plus an additional 1.994s
I1031 23:05:22.792062 5882 raft_consensus.cc:1747] T 95f15519e52a48edab3b765ae3a8e93d P 0f53a0d3ef7e44ebb0365c800752d5bd [term 1 FOLLOWER]: Leader election vote request: Granting yes vote for candidate d3eb30bd1bc34b95902fa61724239553 in term 1.
W1031 23:05:22.846271 5816 consensus_peers.cc:357] T 648eb376255a4dd4bb5818262efcc813 P 0f53a0d3ef7e44ebb0365c800752d5bd -> Peer 0a8bbcbbb5a6459aa5258464755db3bb (c3-kudu-tst-st02.bj:18700): Couldn't send request to peer 0a8bbcbbb5a6459aa5258464755db3bb for tablet 648eb376255a4dd4bb5818262efcc813. Error code: TABLET_NOT_RUNNING (12). Status: Illegal state: Tablet not RUNNING: NOT_STARTED. Retrying in the next heartbeat period. Already tried 180 times.
I1031 23:05:23.003857 35077 raft_consensus.cc:411] T b4e182b626554f3597d5c733c80997e6 P 0f53a0d3ef7e44ebb0365c800752d5bd [term 0 FOLLOWER]: Starting pre-election (no leader contacted us within the election timeout)
I1031 23:05:23.003890 35077 raft_consensus.cc:2162] T b4e182b626554f3597d5c733c80997e6 P 0f53a0d3ef7e44ebb0365c800752d5bd [term 0 FOLLOWER]: Snoozing failure detection for election timeout plus an additional 1.569s
I1031 23:05:23.003932 35077 raft_consensus.cc:435] T b4e182b626554f3597d5c733c80997e6 P 0f53a0d3ef7e44ebb0365c800752d5bd [term 0 FOLLOWER]: Starting pre-election with config: opid_index: -1 OBSOLETE_local: false peers { permanent_uuid: "d3eb30bd1bc34b95902fa61724239553" member_type: VOTER last_known_addr { host: "c3-kudu-tst-st05.bj" port: 18700 } } peers { permanent_uuid: "193181be29284287b25df2ee92938f0b" member_type: VOTER last_known_addr { host: "c3-kudu-tst-st08.bj" port: 18700 } } peers { permanent_uuid: "0f53a0d3ef7e44ebb0365c800752d5bd" member_type: VOTER last_known_addr { host: "c3-kudu-tst-st01.bj" port: 18700 } }
I1031 23:05:23.004664 35077 leader_election.cc:216] T b4e182b626554f3597d5c733c80997e6 P 0f53a0d3ef7e44ebb0365c800752d5bd [CANDIDATE]: Term 1 pre-election: Requesting pre-vote from peer d3eb30bd1bc34b95902fa61724239553
I1031 23:05:23.004703 35077 leader_election.cc:216] T b4e182b626554f3597d5c733c80997e6 P 0f53a0d3ef7e44ebb0365c800752d5bd [CANDIDATE]: Term 1 pre-election: Requesting pre-vote from peer 193181be29284287b25df2ee92938f0b
W1031 23:05:23.004998 5815 leader_election.cc:278] T b4e182b626554f3597d5c733c80997e6 P 0f53a0d3ef7e44ebb0365c800752d5bd [CANDIDATE]: Term 1 pre-election: Tablet error from VoteRequest() call to peer 193181be29284287b25df2ee92938f0b: Illegal state: Tablet not RUNNING: NOT_STARTED
I1031 23:05:23.005198 5815 leader_election.cc:348] T b4e182b626554f3597d5c733c80997e6 P 0f53a0d3ef7e44ebb0365c800752d5bd [CANDIDATE]: Term 1 pre-election: Vote granted by peer d3eb30bd1bc34b95902fa61724239553
I1031 23:05:23.005218 5815 leader_election.cc:243] T b4e182b626554f3597d5c733c80997e6 P 0f53a0d3ef7e44ebb0365c800752d5bd [CANDIDATE]: Term 1 pre-election: Election decided. Result: candidate won.
I1031 23:05:23.005303 35078 raft_consensus.cc:2162] T b4e182b626554f3597d5c733c80997e6 P 0f53a0d3ef7e44ebb0365c800752d5bd [term 0 FOLLOWER]: Snoozing failure detection for election timeout plus an additional 1.620s
I1031 23:05:23.005327 35078 raft_consensus.cc:1971] T b4e182b626554f3597d5c733c80997e6 P 0f53a0d3ef7e44ebb0365c800752d5bd [term 0 FOLLOWER]: Leader pre-election won for term 1
I1031 23:05:23.005349 35078 raft_consensus.cc:411] T b4e182b626554f3597d5c733c80997e6 P 0f53a0d3ef7e44ebb0365c800752d5bd [term 0 FOLLOWER]: Starting leader election (no leader contacted us within the election timeout)
I1031 23:05:23.005360 35078 raft_consensus.cc:2162] T b4e182b626554f3597d5c733c80997e6 P 0f53a0d3ef7e44ebb0365c800752d5bd [term 0 FOLLOWER]: Snoozing failure detection for election timeout plus an additional 1.901s
I1031 23:05:23.005368 35078 raft_consensus.cc:2206] T b4e182b626554f3597d5c733c80997e6 P 0f53a0d3ef7e44ebb0365c800752d5bd [term 0 FOLLOWER]: Advancing to term 1
I1031 23:05:23.005816 35078 raft_consensus.cc:435] T b4e182b626554f3597d5c733c80997e6 P 0f53a0d3ef7e44ebb0365c800752d5bd [term 1 FOLLOWER]: Starting leader election with config: opid_index: -1 OBSOLETE_local: false peers { permanent_uuid: "d3eb30bd1bc34b95902fa61724239553" member_type: VOTER last_known_addr { host: "c3-kudu-tst-st05.bj" port: 18700 } } peers { permanent_uuid: "193181be29284287b25df2ee92938f0b" member_type: VOTER last_known_addr { host: "c3-kudu-tst-st08.bj" port: 18700 } } peers { permanent_uuid: "0f53a0d3ef7e44ebb0365c800752d5bd" member_type: VOTER last_known_addr { host: "c3-kudu-tst-st01.bj" port: 18700 } }
I1031 23:05:23.006335 35078 leader_election.cc:216] T b4e182b626554f3597d5c733c80997e6 P 0f53a0d3ef7e44ebb0365c800752d5bd [CANDIDATE]: Term 1 election: Requesting vote from peer d3eb30bd1bc34b95902fa61724239553
I1031 23:05:23.006368 35078 leader_election.cc:216] T b4e182b626554f3597d5c733c80997e6 P 0f53a0d3ef7e44ebb0365c800752d5bd [CANDIDATE]: Term 1 election: Requesting vote from peer 193181be29284287b25df2ee92938f0b
W1031 23:05:23.006681 5815 leader_election.cc:278] T b4e182b626554f3597d5c733c80997e6 P 0f53a0d3ef7e44ebb0365c800752d5bd [CANDIDATE]: Term 1 election: Tablet error from VoteRequest() call to peer 193181be29284287b25df2ee92938f0b: Illegal state: Tablet not RUNNING: NOT_STARTED
I1031 23:05:23.007576 5815 leader_election.cc:348] T b4e182b626554f3597d5c733c80997e6 P 0f53a0d3ef7e44ebb0365c800752d5bd [CANDIDATE]: Term 1 election: Vote granted by peer d3eb30bd1bc34b95902fa61724239553
I1031 23:05:23.007596 5815 leader_election.cc:243] T b4e182b626554f3597d5c733c80997e6 P 0f53a0d3ef7e44ebb0365c800752d5bd [CANDIDATE]: Term 1 election: Election decided. Result: candidate won.
I1031 23:05:23.007632 35078 raft_consensus.cc:2162] T b4e182b626554f3597d5c733c80997e6 P 0f53a0d3ef7e44ebb0365c800752d5bd [term 1 FOLLOWER]: Snoozing failure detection for election timeout plus an additional 1.771s
I1031 23:05:23.007648 35078 raft_consensus.cc:1971] T b4e182b626554f3597d5c733c80997e6 P 0f53a0d3ef7e44ebb0365c800752d5bd [term 1 FOLLOWER]: Leader election won for term 1
I1031 23:05:23.008442 35078 raft_consensus.cc:518] T b4e182b626554f3597d5c733c80997e6 P 0f53a0d3ef7e44ebb0365c800752d5bd [term 1 LEADER]: Becoming Leader. State: Replica: 0f53a0d3ef7e44ebb0365c800752d5bd, State: 1, Role: LEADER
I1031 23:05:23.008533 35078 consensus_queue.cc:158] T b4e182b626554f3597d5c733c80997e6 P 0f53a0d3ef7e44ebb0365c800752d5bd [LEADER]: Queue going to LEADER mode. State: All replicated index: 0, Majority replicated index: 0, Committed index: 0, Last appended: 0.0, Current term: 1, Majority size: 2, State: 1, Mode: LEADER, active raft config: opid_index: -1 OBSOLETE_local: false peers { permanent_uuid: "d3eb30bd1bc34b95902fa61724239553" member_type: VOTER last_known_addr { host: "c3-kudu-tst-st05.bj" port: 18700 } } peers { permanent_uuid: "193181be29284287b25df2ee92938f0b" member_type: VOTER last_known_addr { host: "c3-kudu-tst-st08.bj" port: 18700 } } peers { permanent_uuid: "0f53a0d3ef7e44ebb0365c800752d5bd" member_type: VOTER last_known_addr { host: "c3-kudu-tst-st01.bj" port: 18700 } }
W1031 23:05:23.079248 5816 consensus_peers.cc:357] T 991306ec7acb449c89e5dd29d90e8d55 P 0f53a0d3ef7e44ebb0365c800752d5bd -> Peer 23f962e4a1744381ad5fa0d2d8b10241 (c3-kudu-tst-st07.bj:18700): Couldn't send request to peer 23f962e4a1744381ad5fa0d2d8b10241 for tablet 991306ec7acb449c89e5dd29d90e8d55. Error code: TABLET_NOT_RUNNING (12). Status: Illegal state: Tablet not RUNNING: NOT_STARTED. Retrying in the next heartbeat period. Already tried 120 times.
W1031 23:05:23.095141 5816 consensus_peers.cc:357] T fcde65c4e4cf4df29b9ef9884ce292b2 P 0f53a0d3ef7e44ebb0365c800752d5bd -> Peer 23f962e4a1744381ad5fa0d2d8b10241 (c3-kudu-tst-st07.bj:18700): Couldn't send request to peer 23f962e4a1744381ad5fa0d2d8b10241 for tablet fcde65c4e4cf4df29b9ef9884ce292b2. Error code: TABLET_NOT_RUNNING (12). Status: Illegal state: Tablet not RUNNING: NOT_STARTED. Retrying in the next heartbeat period. Already tried 180 times.
I1031 23:05:23.183188 35084 raft_consensus.cc:411] T 012b21c0f95e4dd594076018fd6fdb7e P 0f53a0d3ef7e44ebb0365c800752d5bd [term 0 FOLLOWER]: Starting pre-election (no leader contacted us within the election timeout)
I1031 23:05:23.183254 35084 raft_consensus.cc:2162] T 012b21c0f95e4dd594076018fd6fdb7e P 0f53a0d3ef7e44ebb0365c800752d5bd [term 0 FOLLOWER]: Snoozing failure detection for election timeout plus an additional 1.801s
I1031 23:05:23.183317 35084 raft_consensus.cc:435] T 012b21c0f95e4dd594076018fd6fdb7e P 0f53a0d3ef7e44ebb0365c800752d5bd [term 0 FOLLOWER]: Starting pre-election with config: opid_index: -1 OBSOLETE_local: false peers { permanent_uuid: "23f962e4a1744381ad5fa0d2d8b10241" member_type: VOTER last_known_addr { host: "c3-kudu-tst-st07.bj" port: 18700 } } peers { permanent_uuid: "0f53a0d3ef7e44ebb0365c800752d5bd" member_type: VOTER last_known_addr { host: "c3-kudu-tst-st01.bj" port: 18700 } } peers { permanent_uuid: "625f49b9554549e6a5c3a92b76e576cf" member_type: VOTER last_known_addr { host: "c3-kudu-tst-st10.bj" port: 18700 } }
I1031 23:05:23.183962 35084 leader_election.cc:216] T 012b21c0f95e4dd594076018fd6fdb7e P 0f53a0d3ef7e44ebb0365c800752d5bd [CANDIDATE]: Term 1 pre-election: Requesting pre-vote from peer 23f962e4a1744381ad5fa0d2d8b10241
I1031 23:05:23.183995 35084 leader_election.cc:216] T 012b21c0f95e4dd594076018fd6fdb7e P 0f53a0d3ef7e44ebb0365c800752d5bd [CANDIDATE]: Term 1 pre-election: Requesting pre-vote from peer 625f49b9554549e6a5c3a92b76e576cf
W1031 23:05:23.184283 5816 leader_election.cc:278] T 012b21c0f95e4dd594076018fd6fdb7e P 0f53a0d3ef7e44ebb0365c800752d5bd [CANDIDATE]: Term 1 pre-election: Tablet error from VoteRequest() call to peer 23f962e4a1744381ad5fa0d2d8b10241: Illegal state: Tablet not RUNNING: NOT_STARTED
W1031 23:05:23.184355 5814 leader_election.cc:278] T 012b21c0f95e4dd594076018fd6fdb7e P 0f53a0d3ef7e44ebb0365c800752d5bd [CANDIDATE]: Term 1 pre-election: Tablet error from VoteRequest() call to peer 625f49b9554549e6a5c3a92b76e576cf: Illegal state: Tablet not RUNNING: NOT_STARTED
I1031 23:05:23.184381 5814 leader_election.cc:243] T 012b21c0f95e4dd594076018fd6fdb7e P 0f53a0d3ef7e44ebb0365c800752d5bd [CANDIDATE]: Term 1 pre-election: Election decided. Result: candidate lost.
I1031 23:05:23.184437 35085 raft_consensus.cc:2162] T 012b21c0f95e4dd594076018fd6fdb7e P 0f53a0d3ef7e44ebb0365c800752d5bd [term 0 FOLLOWER]: Snoozing failure detection for election timeout plus an additional 1.572s
I1031 23:05:23.184476 35085 raft_consensus.cc:1908] T 012b21c0f95e4dd594076018fd6fdb7e P 0f53a0d3ef7e44ebb0365c800752d5bd [term 0 FOLLOWER]: Leader pre-election lost for term 1. Reason: could not achieve majority
I1031 23:05:23.293786 5886 raft_consensus.cc:918] T 95f15519e52a48edab3b765ae3a8e93d P 0f53a0d3ef7e44ebb0365c800752d5bd [term 1 FOLLOWER]: Refusing update from remote peer d3eb30bd1bc34b95902fa61724239553: Log matching property violated. Preceding OpId in replica: term: 0 index: 0. Preceding OpId from leader: term: 1 index: 1. (index mismatch)
W1031 23:05:23.346426 5816 consensus_peers.cc:357] T 648eb376255a4dd4bb5818262efcc813 P 0f53a0d3ef7e44ebb0365c800752d5bd -> Peer 0a8bbcbbb5a6459aa5258464755db3bb (c3-kudu-tst-st02.bj:18700): Couldn't send request to peer 0a8bbcbbb5a6459aa5258464755db3bb for tablet 648eb376255a4dd4bb5818262efcc813. Error code: TABLET_NOT_RUNNING (12). Status: Illegal state: Tablet not RUNNING: NOT_STARTED. Retrying in the next heartbeat period. Already tried 181 times.
I1031 23:05:23.509783 35078 consensus_queue.cc:695] T b4e182b626554f3597d5c733c80997e6 P 0f53a0d3ef7e44ebb0365c800752d5bd [LEADER]: Connected to new peer: Peer: d3eb30bd1bc34b95902fa61724239553, Is new: false, Last received: 0.0, Next index: 1, Last known committed idx: 0, Last exchange result: ERROR, Needs tablet copy: false
W1031 23:05:23.510280 5815 consensus_peers.cc:357] T b4e182b626554f3597d5c733c80997e6 P 0f53a0d3ef7e44ebb0365c800752d5bd -> Peer 193181be29284287b25df2ee92938f0b (c3-kudu-tst-st08.bj:18700): Couldn't send request to peer 193181be29284287b25df2ee92938f0b for tablet b4e182b626554f3597d5c733c80997e6. Error code: TABLET_NOT_RUNNING (12). Status: Illegal state: Tablet not RUNNING: NOT_STARTED. Retrying in the next heartbeat period. Already tried 1 times.
W1031 23:05:23.579457 5816 consensus_peers.cc:357] T 991306ec7acb449c89e5dd29d90e8d55 P 0f53a0d3ef7e44ebb0365c800752d5bd -> Peer 23f962e4a1744381ad5fa0d2d8b10241 (c3-kudu-tst-st07.bj:18700): Couldn't send request to peer 23f962e4a1744381ad5fa0d2d8b10241 for tablet 991306ec7acb449c89e5dd29d90e8d55. Error code: TABLET_NOT_RUNNING (12). Status: Illegal state: Tablet not RUNNING: NOT_STARTED. Retrying in the next heartbeat period. Already tried 121 times.
W1031 23:05:23.595223 5816 consensus_peers.cc:357] T fcde65c4e4cf4df29b9ef9884ce292b2 P 0f53a0d3ef7e44ebb0365c800752d5bd -> Peer 23f962e4a1744381ad5fa0d2d8b10241 (c3-kudu-tst-st07.bj:18700): Couldn't send request to peer 23f962e4a1744381ad5fa0d2d8b10241 for tablet fcde65c4e4cf4df29b9ef9884ce292b2. Error code: TABLET_NOT_RUNNING (12). Status: Illegal state: Tablet not RUNNING: NOT_STARTED. Retrying in the next heartbeat period. Already tried 181 times.
W1031 23:05:23.846469 5816 consensus_peers.cc:357] T 648eb376255a4dd4bb5818262efcc813 P 0f53a0d3ef7e44ebb0365c800752d5bd -> Peer 0a8bbcbbb5a6459aa5258464755db3bb (c3-kudu-tst-st02.bj:18700): Couldn't send request to peer 0a8bbcbbb5a6459aa5258464755db3bb for tablet 648eb376255a4dd4bb5818262efcc813. Error code: TABLET_NOT_RUNNING (12). Status: Illegal state: Tablet not RUNNING: NOT_STARTED. Retrying in the next heartbeat period. Already tried 182 times.
W1031 23:05:24.010464 5815 consensus_peers.cc:357] T b4e182b626554f3597d5c733c80997e6 P 0f53a0d3ef7e44ebb0365c800752d5bd -> Peer 193181be29284287b25df2ee92938f0b (c3-kudu-tst-st08.bj:18700): Couldn't send request to peer 193181be29284287b25df2ee92938f0b for tablet b4e182b626554f3597d5c733c80997e6. Error code: TABLET_NOT_RUNNING (12). Status: Illegal state: Tablet not RUNNING: NOT_STARTED. Retrying in the next heartbeat period. Already tried 2 times.
W1031 23:05:24.079525 5816 consensus_peers.cc:357] T 991306ec7acb449c89e5dd29d90e8d55 P 0f53a0d3ef7e44ebb0365c800752d5bd -> Peer 23f962e4a1744381ad5fa0d2d8b10241 (c3-kudu-tst-st07.bj:18700): Couldn't send request to peer 23f962e4a1744381ad5fa0d2d8b10241 for tablet 991306ec7acb449c89e5dd29d90e8d55. Error code: TABLET_NOT_RUNNING (12). Status: Illegal state: Tablet not RUNNING: NOT_STARTED. Retrying in the next heartbeat period. Already tried 122 times.
W1031 23:05:24.095327 5816 consensus_peers.cc:357] T fcde65c4e4cf4df29b9ef9884ce292b2 P 0f53a0d3ef7e44ebb0365c800752d5bd -> Peer 23f962e4a1744381ad5fa0d2d8b10241 (c3-kudu-tst-st07.bj:18700): Couldn't send request to peer 23f962e4a1744381ad5fa0d2d8b10241 for tablet fcde65c4e4cf4df29b9ef9884ce292b2. Error code: TABLET_NOT_RUNNING (12). Status: Illegal state: Tablet not RUNNING: NOT_STARTED. Retrying in the next heartbeat period. Already tried 182 times.
W1031 23:05:24.310559 5815 consensus_peers.cc:357] T b4e182b626554f3597d5c733c80997e6 P 0f53a0d3ef7e44ebb0365c800752d5bd -> Peer 193181be29284287b25df2ee92938f0b (c3-kudu-tst-st08.bj:18700): Couldn't send request to peer 193181be29284287b25df2ee92938f0b for tablet b4e182b626554f3597d5c733c80997e6. Error code: TABLET_NOT_RUNNING (12). Status: Illegal state: Tablet not RUNNING: NOT_STARTED. Retrying in the next heartbeat period. Already tried 3 times.
W1031 23:05:24.346478 5816 consensus_peers.cc:357] T 648eb376255a4dd4bb5818262efcc813 P 0f53a0d3ef7e44ebb0365c800752d5bd -> Peer 0a8bbcbbb5a6459aa5258464755db3bb (c3-kudu-tst-st02.bj:18700): Couldn't send request to peer 0a8bbcbbb5a6459aa5258464755db3bb for tablet 648eb376255a4dd4bb5818262efcc813. Error code: TABLET_NOT_RUNNING (12). Status: Illegal state: Tablet not RUNNING: NOT_STARTED. Retrying in the next heartbeat period. Already tried 183 times.
W1031 23:05:24.579612 5816 consensus_peers.cc:357] T 991306ec7acb449c89e5dd29d90e8d55 P 0f53a0d3ef7e44ebb0365c800752d5bd -> Peer 23f962e4a1744381ad5fa0d2d8b10241 (c3-kudu-tst-st07.bj:18700): Couldn't send request to peer 23f962e4a1744381ad5fa0d2d8b10241 for tablet 991306ec7acb449c89e5dd29d90e8d55. Error code: TABLET_NOT_RUNNING (12). Status: Illegal state: Tablet not RUNNING: NOT_STARTED. Retrying in the next heartbeat period. Already tried 123 times.
W1031 23:05:24.595383 5816 consensus_peers.cc:357] T fcde65c4e4cf4df29b9ef9884ce292b2 P 0f53a0d3ef7e44ebb0365c800752d5bd -> Peer 23f962e4a1744381ad5fa0d2d8b10241 (c3-kudu-tst-st07.bj:18700): Couldn't send request to peer 23f962e4a1744381ad5fa0d2d8b10241 for tablet fcde65c4e4cf4df29b9ef9884ce292b2. Error code: TABLET_NOT_RUNNING (12). Status: Illegal state: Tablet not RUNNING: NOT_STARTED. Retrying in the next heartbeat period. Already tried 183 times.
W1031 23:05:24.810590 5815 consensus_peers.cc:357] T b4e182b626554f3597d5c733c80997e6 P 0f53a0d3ef7e44ebb0365c800752d5bd -> Peer 193181be29284287b25df2ee92938f0b (c3-kudu-tst-st08.bj:18700): Couldn't send request to peer 193181be29284287b25df2ee92938f0b for tablet b4e182b626554f3597d5c733c80997e6. Error code: TABLET_NOT_RUNNING (12). Status: Illegal state: Tablet not RUNNING: NOT_STARTED. Retrying in the next heartbeat period. Already tried 4 times.
W1031 23:05:24.846655 5816 consensus_peers.cc:357] T 648eb376255a4dd4bb5818262efcc813 P 0f53a0d3ef7e44ebb0365c800752d5bd -> Peer 0a8bbcbbb5a6459aa5258464755db3bb (c3-kudu-tst-st02.bj:18700): Couldn't send request to peer 0a8bbcbbb5a6459aa5258464755db3bb for tablet 648eb376255a4dd4bb5818262efcc813. Error code: TABLET_NOT_RUNNING (12). Status: Illegal state: Tablet not RUNNING: NOT_STARTED. Retrying in the next heartbeat period. Already tried 184 times.
W1031 23:05:25.079627 5816 consensus_peers.cc:357] T 991306ec7acb449c89e5dd29d90e8d55 P 0f53a0d3ef7e44ebb0365c800752d5bd -> Peer 23f962e4a1744381ad5fa0d2d8b10241 (c3-kudu-tst-st07.bj:18700): Couldn't send request to peer 23f962e4a1744381ad5fa0d2d8b10241 for tablet 991306ec7acb449c89e5dd29d90e8d55. Error code: TABLET_NOT_RUNNING (12). Status: Illegal state: Tablet not RUNNING: NOT_STARTED. Retrying in the next heartbeat period. Already tried 124 times.
W1031 23:05:25.095490 5816 consensus_peers.cc:357] T fcde65c4e4cf4df29b9ef9884ce292b2 P 0f53a0d3ef7e44ebb0365c800752d5bd -> Peer 23f962e4a1744381ad5fa0d2d8b10241 (c3-kudu-tst-st07.bj:18700): Couldn't send request to peer 23f962e4a1744381ad5fa0d2d8b10241 for tablet fcde65c4e4cf4df29b9ef9884ce292b2. Error code: TABLET_NOT_RUNNING (12). Status: Illegal state: Tablet not RUNNING: NOT_STARTED. Retrying in the next heartbeat period. Already tried 184 times.
W1031 23:05:25.310647 5815 consensus_peers.cc:357] T b4e182b626554f3597d5c733c80997e6 P 0f53a0d3ef7e44ebb0365c800752d5bd -> Peer 193181be29284287b25df2ee92938f0b (c3-kudu-tst-st08.bj:18700): Couldn't send request to peer 193181be29284287b25df2ee92938f0b for tablet b4e182b626554f3597d5c733c80997e6. Error code: TABLET_NOT_RUNNING (12). Status: Illegal state: Tablet not RUNNING: NOT_STARTED. Retrying in the next heartbeat period. Already tried 5 times.
W1031 23:05:25.346699 5816 consensus_peers.cc:357] T 648eb376255a4dd4bb5818262efcc813 P 0f53a0d3ef7e44ebb0365c800752d5bd -> Peer 0a8bbcbbb5a6459aa5258464755db3bb (c3-kudu-tst-st02.bj:18700): Couldn't send request to peer 0a8bbcbbb5a6459aa5258464755db3bb for tablet 648eb376255a4dd4bb5818262efcc813. Error code: TABLET_NOT_RUNNING (12). Status: Illegal state: Tablet not RUNNING: NOT_STARTED. Retrying in the next heartbeat period. Already tried 185 times.
I1031 23:05:25.469280 5857 tablet_service.cc:691] Processing DeleteTablet for tablet 117cd74bcdab4942901acb0005cdd702 with delete_type TABLET_DATA_DELETED (Replaced by acb401e40e7049fbbfdbeb40474353d9 at 2017-10-31 23:04:52 CST) from {username='work'} at 10.108.187.10:53997
I1031 23:05:25.543488 5857 tablet_service.cc:691] Processing DeleteTablet for tablet 6a813ca355f749b6b31a773aa0f2ac7a with delete_type TABLET_DATA_DELETED (Replaced by 582c1281bf5147b2bd40c9a950a1152f at 2017-10-31 23:04:22 CST) from {username='work'} at 10.108.187.10:53997
I1031 23:05:25.546959 5857 tablet_service.cc:691] Processing DeleteTablet for tablet bff7dab34ccd4b42842077e82106f6fb with delete_type TABLET_DATA_DELETED (Replaced by 005a48fb466c4a52896842dd00124755 at 2017-10-31 23:04:52 CST) from {username='work'} at 10.108.187.10:53997
W1031 23:05:25.579701 5816 consensus_peers.cc:357] T 991306ec7acb449c89e5dd29d90e8d55 P 0f53a0d3ef7e44ebb0365c800752d5bd -> Peer 23f962e4a1744381ad5fa0d2d8b10241 (c3-kudu-tst-st07.bj:18700): Couldn't send request to peer 23f962e4a1744381ad5fa0d2d8b10241 for tablet 991306ec7acb449c89e5dd29d90e8d55. Error code: TABLET_NOT_RUNNING (12). Status: Illegal state: Tablet not RUNNING: NOT_STARTED. Retrying in the next heartbeat period. Already tried 125 times.
I1031 23:05:25.586838 5857 tablet_service.cc:691] Processing DeleteTablet for tablet 56155a2adc24450d89e338cc955bfa18 with delete_type TABLET_DATA_DELETED (Replaced by 80ba7f33ec864c5f96c61932edb5cdc4 at 2017-10-31 23:04:52 CST) from {username='work'} at 10.108.187.10:53997
W1031 23:05:25.595484 5816 consensus_peers.cc:357] T fcde65c4e4cf4df29b9ef9884ce292b2 P 0f53a0d3ef7e44ebb0365c800752d5bd -> Peer 23f962e4a1744381ad5fa0d2d8b10241 (c3-kudu-tst-st07.bj:18700): Couldn't send request to peer 23f962e4a1744381ad5fa0d2d8b10241 for tablet fcde65c4e4cf4df29b9ef9884ce292b2. Error code: TABLET_NOT_RUNNING (12). Status: Illegal state: Tablet not RUNNING: NOT_STARTED. Retrying in the next heartbeat period. Already tried 185 times.
W1031 23:05:25.810714 5815 consensus_peers.cc:357] T b4e182b626554f3597d5c733c80997e6 P 0f53a0d3ef7e44ebb0365c800752d5bd -> Peer 193181be29284287b25df2ee92938f0b (c3-kudu-tst-st08.bj:18700): Couldn't send request to peer 193181be29284287b25df2ee92938f0b for tablet b4e182b626554f3597d5c733c80997e6. Error code: TABLET_NOT_RUNNING (12). Status: Illegal state: Tablet not RUNNING: NOT_STARTED. Retrying in the next heartbeat period. Already tried 6 times.
W1031 23:05:25.846742 5816 consensus_peers.cc:357] T 648eb376255a4dd4bb5818262efcc813 P 0f53a0d3ef7e44ebb0365c800752d5bd -> Peer 0a8bbcbbb5a6459aa5258464755db3bb (c3-kudu-tst-st02.bj:18700): Couldn't send request to peer 0a8bbcbbb5a6459aa5258464755db3bb for tablet 648eb376255a4dd4bb5818262efcc813. Error code: TABLET_NOT_RUNNING (12). Status: Illegal state: Tablet not RUNNING: NOT_STARTED. Retrying in the next heartbeat period. Already tried 186 times.
W1031 23:05:26.079810 5816 consensus_peers.cc:357] T 991306ec7acb449c89e5dd29d90e8d55 P 0f53a0d3ef7e44ebb0365c800752d5bd -> Peer 23f962e4a1744381ad5fa0d2d8b10241 (c3-kudu-tst-st07.bj:18700): Couldn't send request to peer 23f962e4a1744381ad5fa0d2d8b10241 for tablet 991306ec7acb449c89e5dd29d90e8d55. Error code: TABLET_NOT_RUNNING (12). Status: Illegal state: Tablet not RUNNING: NOT_STARTED. Retrying in the next heartbeat period. Already tried 126 times.
W1031 23:05:26.095548 5816 consensus_peers.cc:357] T fcde65c4e4cf4df29b9ef9884ce292b2 P 0f53a0d3ef7e44ebb0365c800752d5bd -> Peer 23f962e4a1744381ad5fa0d2d8b10241 (c3-kudu-tst-st07.bj:18700): Couldn't send request to peer 23f962e4a1744381ad5fa0d2d8b10241 for tablet fcde65c4e4cf4df29b9ef9884ce292b2. Error code: TABLET_NOT_RUNNING (12). Status: Illegal state: Tablet not RUNNING: NOT_STARTED. Retrying in the next heartbeat period. Already tried 186 times.
W1031 23:05:26.310813 5815 consensus_peers.cc:357] T b4e182b626554f3597d5c733c80997e6 P 0f53a0d3ef7e44ebb0365c800752d5bd -> Peer 193181be29284287b25df2ee92938f0b (c3-kudu-tst-st08.bj:18700): Couldn't send request to peer 193181be29284287b25df2ee92938f0b for tablet b4e182b626554f3597d5c733c80997e6. Error code: TABLET_NOT_RUNNING (12). Status: Illegal state: Tablet not RUNNING: NOT_STARTED. Retrying in the next heartbeat period. Already tried 7 times.
W1031 23:05:26.346861 5816 consensus_peers.cc:357] T 648eb376255a4dd4bb5818262efcc813 P 0f53a0d3ef7e44ebb0365c800752d5bd -> Peer 0a8bbcbbb5a6459aa5258464755db3bb (c3-kudu-tst-st02.bj:18700): Couldn't send request to peer 0a8bbcbbb5a6459aa5258464755db3bb for tablet 648eb376255a4dd4bb5818262efcc813. Error code: TABLET_NOT_RUNNING (12). Status: Illegal state: Tablet not RUNNING: NOT_STARTED. Retrying in the next heartbeat period. Already tried 187 times.
I1031 23:05:26.398499 35084 raft_consensus.cc:411] T 012b21c0f95e4dd594076018fd6fdb7e P 0f53a0d3ef7e44ebb0365c800752d5bd [term 0 FOLLOWER]: Starting pre-election (no leader contacted us within the election timeout)
I1031 23:05:26.398550 35084 raft_consensus.cc:2162] T 012b21c0f95e4dd594076018fd6fdb7e P 0f53a0d3ef7e44ebb0365c800752d5bd [term 0 FOLLOWER]: Snoozing failure detection for election timeout plus an additional 2.739s
I1031 23:05:26.398624 35084 raft_consensus.cc:435] T 012b21c0f95e4dd594076018fd6fdb7e P 0f53a0d3ef7e44ebb0365c800752d5bd [term 0 FOLLOWER]: Starting pre-election with config: opid_index: -1 OBSOLETE_local: false peers { permanent_uuid: "23f962e4a1744381ad5fa0d2d8b10241" member_type: VOTER last_known_addr { host: "c3-kudu-tst-st07.bj" port: 18700 } } peers { permanent_uuid: "0f53a0d3ef7e44ebb0365c800752d5bd" member_type: VOTER last_known_addr { host: "c3-kudu-tst-st01.bj" port: 18700 } } peers { permanent_uuid: "625f49b9554549e6a5c3a92b76e576cf" member_type: VOTER last_known_addr { host: "c3-kudu-tst-st10.bj" port: 18700 } }
I1031 23:05:26.399309 35084 leader_election.cc:216] T 012b21c0f95e4dd594076018fd6fdb7e P 0f53a0d3ef7e44ebb0365c800752d5bd [CANDIDATE]: Term 1 pre-election: Requesting pre-vote from peer 23f962e4a1744381ad5fa0d2d8b10241
I1031 23:05:26.399350 35084 leader_election.cc:216] T 012b21c0f95e4dd594076018fd6fdb7e P 0f53a0d3ef7e44ebb0365c800752d5bd [CANDIDATE]: Term 1 pre-election: Requesting pre-vote from peer 625f49b9554549e6a5c3a92b76e576cf
W1031 23:05:26.399639 5814 leader_election.cc:278] T 012b21c0f95e4dd594076018fd6fdb7e P 0f53a0d3ef7e44ebb0365c800752d5bd [CANDIDATE]: Term 1 pre-election: Tablet error from VoteRequest() call to peer 625f49b9554549e6a5c3a92b76e576cf: Illegal state: Tablet not RUNNING: NOT_STARTED
W1031 23:05:26.399690 5816 leader_election.cc:278] T 012b21c0f95e4dd594076018fd6fdb7e P 0f53a0d3ef7e44ebb0365c800752d5bd [CANDIDATE]: Term 1 pre-election: Tablet error from VoteRequest() call to peer 23f962e4a1744381ad5fa0d2d8b10241: Illegal state: Tablet not RUNNING: NOT_STARTED
I1031 23:05:26.399718 5816 leader_election.cc:243] T 012b21c0f95e4dd594076018fd6fdb7e P 0f53a0d3ef7e44ebb0365c800752d5bd [CANDIDATE]: Term 1 pre-election: Election decided. Result: candidate lost.
I1031 23:05:26.400002 35107 raft_consensus.cc:2162] T 012b21c0f95e4dd594076018fd6fdb7e P 0f53a0d3ef7e44ebb0365c800752d5bd [term 0 FOLLOWER]: Snoozing failure detection for election timeout plus an additional 3.218s
I1031 23:05:26.400033 35107 raft_consensus.cc:1908] T 012b21c0f95e4dd594076018fd6fdb7e P 0f53a0d3ef7e44ebb0365c800752d5bd [term 0 FOLLOWER]: Leader pre-election lost for term 1. Reason: could not achieve majority
W1031 23:05:26.579968 5816 consensus_peers.cc:357] T 991306ec7acb449c89e5dd29d90e8d55 P 0f53a0d3ef7e44ebb0365c800752d5bd -> Peer 23f962e4a1744381ad5fa0d2d8b10241 (c3-kudu-tst-st07.bj:18700): Couldn't send request to peer 23f962e4a1744381ad5fa0d2d8b10241 for tablet 991306ec7acb449c89e5dd29d90e8d55. Error code: TABLET_NOT_RUNNING (12). Status: Illegal state: Tablet not RUNNING: NOT_STARTED. Retrying in the next heartbeat period. Already tried 127 times.
W1031 23:05:26.595710 5816 consensus_peers.cc:357] T fcde65c4e4cf4df29b9ef9884ce292b2 P 0f53a0d3ef7e44ebb0365c800752d5bd -> Peer 23f962e4a1744381ad5fa0d2d8b10241 (c3-kudu-tst-st07.bj:18700): Couldn't send request to peer 23f962e4a1744381ad5fa0d2d8b10241 for tablet fcde65c4e4cf4df29b9ef9884ce292b2. Error code: TABLET_NOT_RUNNING (12). Status: Illegal state: Tablet not RUNNING: NOT_STARTED. Retrying in the next heartbeat period. Already tried 187 times.
W1031 23:05:26.810914 5815 consensus_peers.cc:357] T b4e182b626554f3597d5c733c80997e6 P 0f53a0d3ef7e44ebb0365c800752d5bd -> Peer 193181be29284287b25df2ee92938f0b (c3-kudu-tst-st08.bj:18700): Couldn't send request to peer 193181be29284287b25df2ee92938f0b for tablet b4e182b626554f3597d5c733c80997e6. Error code: TABLET_NOT_RUNNING (12). Status: Illegal state: Tablet not RUNNING: NOT_STARTED. Retrying in the next heartbeat period. Already tried 8 times.
W1031 23:05:26.846943 5816 consensus_peers.cc:357] T 648eb376255a4dd4bb5818262efcc813 P 0f53a0d3ef7e44ebb0365c800752d5bd -> Peer 0a8bbcbbb5a6459aa5258464755db3bb (c3-kudu-tst-st02.bj:18700): Couldn't send request to peer 0a8bbcbbb5a6459aa5258464755db3bb for tablet 648eb376255a4dd4bb5818262efcc813. Error code: TABLET_NOT_RUNNING (12). Status: Illegal state: Tablet not RUNNING: NOT_STARTED. Retrying in the next heartbeat period. Already tried 188 times.
W1031 23:05:27.079902 5816 consensus_peers.cc:357] T 991306ec7acb449c89e5dd29d90e8d55 P 0f53a0d3ef7e44ebb0365c800752d5bd -> Peer 23f962e4a1744381ad5fa0d2d8b10241 (c3-kudu-tst-st07.bj:18700): Couldn't send request to peer 23f962e4a1744381ad5fa0d2d8b10241 for tablet 991306ec7acb449c89e5dd29d90e8d55. Error code: TABLET_NOT_RUNNING (12). Status: Illegal state: Tablet not RUNNING: NOT_STARTED. Retrying in the next heartbeat period. Already tried 128 times.
W1031 23:05:27.095721 5816 consensus_peers.cc:357] T fcde65c4e4cf4df29b9ef9884ce292b2 P 0f53a0d3ef7e44ebb0365c800752d5bd -> Peer 23f962e4a1744381ad5fa0d2d8b10241 (c3-kudu-tst-st07.bj:18700): Couldn't send request to peer 23f962e4a1744381ad5fa0d2d8b10241 for tablet fcde65c4e4cf4df29b9ef9884ce292b2. Error code: TABLET_NOT_RUNNING (12). Status: Illegal state: Tablet not RUNNING: NOT_STARTED. Retrying in the next heartbeat period. Already tried 188 times.
W1031 23:05:27.311015 5815 consensus_peers.cc:357] T b4e182b626554f3597d5c733c80997e6 P 0f53a0d3ef7e44ebb0365c800752d5bd -> Peer 193181be29284287b25df2ee92938f0b (c3-kudu-tst-st08.bj:18700): Couldn't send request to peer 193181be29284287b25df2ee92938f0b for tablet b4e182b626554f3597d5c733c80997e6. Error code: TABLET_NOT_RUNNING (12). Status: Illegal state: Tablet not RUNNING: NOT_STARTED. Retrying in the next heartbeat period. Already tried 9 times.
W1031 23:05:27.346966 5816 consensus_peers.cc:357] T 648eb376255a4dd4bb5818262efcc813 P 0f53a0d3ef7e44ebb0365c800752d5bd -> Peer 0a8bbcbbb5a6459aa5258464755db3bb (c3-kudu-tst-st02.bj:18700): Couldn't send request to peer 0a8bbcbbb5a6459aa5258464755db3bb for tablet 648eb376255a4dd4bb5818262efcc813. Error code: TABLET_NOT_RUNNING (12). Status: Illegal state: Tablet not RUNNING: NOT_STARTED. Retrying in the next heartbeat period. Already tried 189 times.
W1031 23:05:27.580094 5816 consensus_peers.cc:357] T 991306ec7acb449c89e5dd29d90e8d55 P 0f53a0d3ef7e44ebb0365c800752d5bd -> Peer 23f962e4a1744381ad5fa0d2d8b10241 (c3-kudu-tst-st07.bj:18700): Couldn't send request to peer 23f962e4a1744381ad5fa0d2d8b10241 for tablet 991306ec7acb449c89e5dd29d90e8d55. Error code: TABLET_NOT_RUNNING (12). Status: Illegal state: Tablet not RUNNING: NOT_STARTED. Retrying in the next heartbeat period. Already tried 129 times.
W1031 23:05:27.595839 5816 consensus_peers.cc:357] T fcde65c4e4cf4df29b9ef9884ce292b2 P 0f53a0d3ef7e44ebb0365c800752d5bd -> Peer 23f962e4a1744381ad5fa0d2d8b10241 (c3-kudu-tst-st07.bj:18700): Couldn't send request to peer 23f962e4a1744381ad5fa0d2d8b10241 for tablet fcde65c4e4cf4df29b9ef9884ce292b2. Error code: TABLET_NOT_RUNNING (12). Status: Illegal state: Tablet not RUNNING: NOT_STARTED. Retrying in the next heartbeat period. Already tried 189 times.
W1031 23:05:27.811108 5815 consensus_peers.cc:357] T b4e182b626554f3597d5c733c80997e6 P 0f53a0d3ef7e44ebb0365c800752d5bd -> Peer 193181be29284287b25df2ee92938f0b (c3-kudu-tst-st08.bj:18700): Couldn't send request to peer 193181be29284287b25df2ee92938f0b for tablet b4e182b626554f3597d5c733c80997e6. Error code: TABLET_NOT_RUNNING (12). Status: Illegal state: Tablet not RUNNING: NOT_STARTED. Retrying in the next heartbeat period. Already tried 10 times.
W1031 23:05:27.846983 5816 consensus_peers.cc:357] T 648eb376255a4dd4bb5818262efcc813 P 0f53a0d3ef7e44ebb0365c800752d5bd -> Peer 0a8bbcbbb5a6459aa5258464755db3bb (c3-kudu-tst-st02.bj:18700): Couldn't send request to peer 0a8bbcbbb5a6459aa5258464755db3bb for tablet 648eb376255a4dd4bb5818262efcc813. Error code: TABLET_NOT_RUNNING (12). Status: Illegal state: Tablet not RUNNING: NOT_STARTED. Retrying in the next heartbeat period. Already tried 190 times.
W1031 23:05:28.080099 5816 consensus_peers.cc:357] T 991306ec7acb449c89e5dd29d90e8d55 P 0f53a0d3ef7e44ebb0365c800752d5bd -> Peer 23f962e4a1744381ad5fa0d2d8b10241 (c3-kudu-tst-st07.bj:18700): Couldn't send request to peer 23f962e4a1744381ad5fa0d2d8b10241 for tablet 991306ec7acb449c89e5dd29d90e8d55. Error code: TABLET_NOT_RUNNING (12). Status: Illegal state: Tablet not RUNNING: NOT_STARTED. Retrying in the next heartbeat period. Already tried 130 times.
W1031 23:05:28.095939 5816 consensus_peers.cc:357] T fcde65c4e4cf4df29b9ef9884ce292b2 P 0f53a0d3ef7e44ebb0365c800752d5bd -> Peer 23f962e4a1744381ad5fa0d2d8b10241 (c3-kudu-tst-st07.bj:18700): Couldn't send request to peer 23f962e4a1744381ad5fa0d2d8b10241 for tablet fcde65c4e4cf4df29b9ef9884ce292b2. Error code: TABLET_NOT_RUNNING (12). Status: Illegal state: Tablet not RUNNING: NOT_STARTED. Retrying in the next heartbeat period. Already tried 190 times.
W1031 23:05:28.311168 5815 consensus_peers.cc:357] T b4e182b626554f3597d5c733c80997e6 P 0f53a0d3ef7e44ebb0365c800752d5bd -> Peer 193181be29284287b25df2ee92938f0b (c3-kudu-tst-st08.bj:18700): Couldn't send request to peer 193181be29284287b25df2ee92938f0b for tablet b4e182b626554f3597d5c733c80997e6. Error code: TABLET_NOT_RUNNING (12). Status: Illegal state: Tablet not RUNNING: NOT_STARTED. Retrying in the next heartbeat period. Already tried 11 times.
W1031 23:05:28.347014 5816 consensus_peers.cc:357] T 648eb376255a4dd4bb5818262efcc813 P 0f53a0d3ef7e44ebb0365c800752d5bd -> Peer 0a8bbcbbb5a6459aa5258464755db3bb (c3-kudu-tst-st02.bj:18700): Couldn't send request to peer 0a8bbcbbb5a6459aa5258464755db3bb for tablet 648eb376255a4dd4bb5818262efcc813. Error code: TABLET_NOT_RUNNING (12). Status: Illegal state: Tablet not RUNNING: NOT_STARTED. Retrying in the next heartbeat period. Already tried 191 times.
W1031 23:05:28.580230 5816 consensus_peers.cc:357] T 991306ec7acb449c89e5dd29d90e8d55 P 0f53a0d3ef7e44ebb0365c800752d5bd -> Peer 23f962e4a1744381ad5fa0d2d8b10241 (c3-kudu-tst-st07.bj:18700): Couldn't send request to peer 23f962e4a1744381ad5fa0d2d8b10241 for tablet 991306ec7acb449c89e5dd29d90e8d55. Error code: TABLET_NOT_RUNNING (12). Status: Illegal state: Tablet not RUNNING: NOT_STARTED. Retrying in the next heartbeat period. Already tried 131 times.
W1031 23:05:28.596040 5816 consensus_peers.cc:357] T fcde65c4e4cf4df29b9ef9884ce292b2 P 0f53a0d3ef7e44ebb0365c800752d5bd -> Peer 23f962e4a1744381ad5fa0d2d8b10241 (c3-kudu-tst-st07.bj:18700): Couldn't send request to peer 23f962e4a1744381ad5fa0d2d8b10241 for tablet fcde65c4e4cf4df29b9ef9884ce292b2. Error code: TABLET_NOT_RUNNING (12). Status: Illegal state: Tablet not RUNNING: NOT_STARTED. Retrying in the next heartbeat period. Already tried 191 times.
W1031 23:05:28.811233 5815 consensus_peers.cc:357] T b4e182b626554f3597d5c733c80997e6 P 0f53a0d3ef7e44ebb0365c800752d5bd -> Peer 193181be29284287b25df2ee92938f0b (c3-kudu-tst-st08.bj:18700): Couldn't send request to peer 193181be29284287b25df2ee92938f0b for tablet b4e182b626554f3597d5c733c80997e6. Error code: TABLET_NOT_RUNNING (12). Status: Illegal state: Tablet not RUNNING: NOT_STARTED. Retrying in the next heartbeat period. Already tried 12 times.
W1031 23:05:28.847128 5816 consensus_peers.cc:357] T 648eb376255a4dd4bb5818262efcc813 P 0f53a0d3ef7e44ebb0365c800752d5bd -> Peer 0a8bbcbbb5a6459aa5258464755db3bb (c3-kudu-tst-st02.bj:18700): Couldn't send request to peer 0a8bbcbbb5a6459aa5258464755db3bb for tablet 648eb376255a4dd4bb5818262efcc813. Error code: TABLET_NOT_RUNNING (12). Status: Illegal state: Tablet not RUNNING: NOT_STARTED. Retrying in the next heartbeat period. Already tried 192 times.
W1031 23:05:29.080241 5816 consensus_peers.cc:357] T 991306ec7acb449c89e5dd29d90e8d55 P 0f53a0d3ef7e44ebb0365c800752d5bd -> Peer 23f962e4a1744381ad5fa0d2d8b10241 (c3-kudu-tst-st07.bj:18700): Couldn't send request to peer 23f962e4a1744381ad5fa0d2d8b10241 for tablet 991306ec7acb449c89e5dd29d90e8d55. Error code: TABLET_NOT_RUNNING (12). Status: Illegal state: Tablet not RUNNING: NOT_STARTED. Retrying in the next heartbeat period. Already tried 132 times.
W1031 23:05:29.095990 5816 consensus_peers.cc:357] T fcde65c4e4cf4df29b9ef9884ce292b2 P 0f53a0d3ef7e44ebb0365c800752d5bd -> Peer 23f962e4a1744381ad5fa0d2d8b10241 (c3-kudu-tst-st07.bj:18700): Couldn't send request to peer 23f962e4a1744381ad5fa0d2d8b10241 for tablet fcde65c4e4cf4df29b9ef9884ce292b2. Error code: TABLET_NOT_RUNNING (12). Status: Illegal state: Tablet not RUNNING: NOT_STARTED. Retrying in the next heartbeat period. Already tried 192 times.
W1031 23:05:29.311373 5815 consensus_peers.cc:357] T b4e182b626554f3597d5c733c80997e6 P 0f53a0d3ef7e44ebb0365c800752d5bd -> Peer 193181be29284287b25df2ee92938f0b (c3-kudu-tst-st08.bj:18700): Couldn't send request to peer 193181be29284287b25df2ee92938f0b for tablet b4e182b626554f3597d5c733c80997e6. Error code: TABLET_NOT_RUNNING (12). Status: Illegal state: Tablet not RUNNING: NOT_STARTED. Retrying in the next heartbeat period. Already tried 13 times.
W1031 23:05:29.347299 5816 consensus_peers.cc:357] T 648eb376255a4dd4bb5818262efcc813 P 0f53a0d3ef7e44ebb0365c800752d5bd -> Peer 0a8bbcbbb5a6459aa5258464755db3bb (c3-kudu-tst-st02.bj:18700): Couldn't send request to peer 0a8bbcbbb5a6459aa5258464755db3bb for tablet 648eb376255a4dd4bb5818262efcc813. Error code: TABLET_NOT_RUNNING (12). Status: Illegal state: Tablet not RUNNING: NOT_STARTED. Retrying in the next heartbeat period. Already tried 193 times.
