W1031 23:05:39.097697 5816 consensus_peers.cc:357] T fcde65c4e4cf4df29b9ef9884ce292b2 P 0f53a0d3ef7e44ebb0365c800752d5bd -> Peer 23f962e4a1744381ad5fa0d2d8b10241 (c3-kudu-tst-st07.bj:18700): Couldn't send request to peer 23f962e4a1744381ad5fa0d2d8b10241 for tablet fcde65c4e4cf4df29b9ef9884ce292b2. Error code: TABLET_NOT_RUNNING (12). Status: Illegal state: Tablet not RUNNING: NOT_STARTED. Retrying in the next heartbeat period. Already tried 212 times.
W1031 23:05:39.312638 5815 consensus_peers.cc:357] T b4e182b626554f3597d5c733c80997e6 P 0f53a0d3ef7e44ebb0365c800752d5bd -> Peer 193181be29284287b25df2ee92938f0b (c3-kudu-tst-st08.bj:18700): Couldn't send request to peer 193181be29284287b25df2ee92938f0b for tablet b4e182b626554f3597d5c733c80997e6. Error code: TABLET_NOT_RUNNING (12). Status: Illegal state: Tablet not RUNNING: NOT_STARTED. Retrying in the next heartbeat period. Already tried 33 times.
W1031 23:05:39.581902 5816 consensus_peers.cc:357] T 991306ec7acb449c89e5dd29d90e8d55 P 0f53a0d3ef7e44ebb0365c800752d5bd -> Peer 23f962e4a1744381ad5fa0d2d8b10241 (c3-kudu-tst-st07.bj:18700): Couldn't send request to peer 23f962e4a1744381ad5fa0d2d8b10241 for tablet 991306ec7acb449c89e5dd29d90e8d55. Error code: TABLET_NOT_RUNNING (12). Status: Illegal state: Tablet not RUNNING: NOT_STARTED. Retrying in the next heartbeat period. Already tried 153 times.
W1031 23:05:39.597743 5816 consensus_peers.cc:357] T fcde65c4e4cf4df29b9ef9884ce292b2 P 0f53a0d3ef7e44ebb0365c800752d5bd -> Peer 23f962e4a1744381ad5fa0d2d8b10241 (c3-kudu-tst-st07.bj:18700): Couldn't send request to peer 23f962e4a1744381ad5fa0d2d8b10241 for tablet fcde65c4e4cf4df29b9ef9884ce292b2. Error code: TABLET_NOT_RUNNING (12). Status: Illegal state: Tablet not RUNNING: NOT_STARTED. Retrying in the next heartbeat period. Already tried 213 times.
W1031 23:05:39.812827 5815 consensus_peers.cc:357] T b4e182b626554f3597d5c733c80997e6 P 0f53a0d3ef7e44ebb0365c800752d5bd -> Peer 193181be29284287b25df2ee92938f0b (c3-kudu-tst-st08.bj:18700): Couldn't send request to peer 193181be29284287b25df2ee92938f0b for tablet b4e182b626554f3597d5c733c80997e6. Error code: TABLET_NOT_RUNNING (12). Status: Illegal state: Tablet not RUNNING: NOT_STARTED. Retrying in the next heartbeat period. Already tried 34 times.
W1031 23:05:40.082016 5816 consensus_peers.cc:357] T 991306ec7acb449c89e5dd29d90e8d55 P 0f53a0d3ef7e44ebb0365c800752d5bd -> Peer 23f962e4a1744381ad5fa0d2d8b10241 (c3-kudu-tst-st07.bj:18700): Couldn't send request to peer 23f962e4a1744381ad5fa0d2d8b10241 for tablet 991306ec7acb449c89e5dd29d90e8d55. Error code: TABLET_NOT_RUNNING (12). Status: Illegal state: Tablet not RUNNING: NOT_STARTED. Retrying in the next heartbeat period. Already tried 154 times.
W1031 23:05:40.097695 5816 consensus_peers.cc:357] T fcde65c4e4cf4df29b9ef9884ce292b2 P 0f53a0d3ef7e44ebb0365c800752d5bd -> Peer 23f962e4a1744381ad5fa0d2d8b10241 (c3-kudu-tst-st07.bj:18700): Couldn't send request to peer 23f962e4a1744381ad5fa0d2d8b10241 for tablet fcde65c4e4cf4df29b9ef9884ce292b2. Error code: TABLET_NOT_RUNNING (12). Status: Illegal state: Tablet not RUNNING: NOT_STARTED. Retrying in the next heartbeat period. Already tried 214 times.
W1031 23:05:40.312903 5815 consensus_peers.cc:357] T b4e182b626554f3597d5c733c80997e6 P 0f53a0d3ef7e44ebb0365c800752d5bd -> Peer 193181be29284287b25df2ee92938f0b (c3-kudu-tst-st08.bj:18700): Couldn't send request to peer 193181be29284287b25df2ee92938f0b for tablet b4e182b626554f3597d5c733c80997e6. Error code: TABLET_NOT_RUNNING (12). Status: Illegal state: Tablet not RUNNING: NOT_STARTED. Retrying in the next heartbeat period. Already tried 35 times.
W1031 23:05:40.582073 5816 consensus_peers.cc:357] T 991306ec7acb449c89e5dd29d90e8d55 P 0f53a0d3ef7e44ebb0365c800752d5bd -> Peer 23f962e4a1744381ad5fa0d2d8b10241 (c3-kudu-tst-st07.bj:18700): Couldn't send request to peer 23f962e4a1744381ad5fa0d2d8b10241 for tablet 991306ec7acb449c89e5dd29d90e8d55. Error code: TABLET_NOT_RUNNING (12). Status: Illegal state: Tablet not RUNNING: NOT_STARTED. Retrying in the next heartbeat period. Already tried 155 times.
W1031 23:05:40.597936 5816 consensus_peers.cc:357] T fcde65c4e4cf4df29b9ef9884ce292b2 P 0f53a0d3ef7e44ebb0365c800752d5bd -> Peer 23f962e4a1744381ad5fa0d2d8b10241 (c3-kudu-tst-st07.bj:18700): Couldn't send request to peer 23f962e4a1744381ad5fa0d2d8b10241 for tablet fcde65c4e4cf4df29b9ef9884ce292b2. Error code: TABLET_NOT_RUNNING (12). Status: Illegal state: Tablet not RUNNING: NOT_STARTED. Retrying in the next heartbeat period. Already tried 215 times.
W1031 23:05:40.813035 5815 consensus_peers.cc:357] T b4e182b626554f3597d5c733c80997e6 P 0f53a0d3ef7e44ebb0365c800752d5bd -> Peer 193181be29284287b25df2ee92938f0b (c3-kudu-tst-st08.bj:18700): Couldn't send request to peer 193181be29284287b25df2ee92938f0b for tablet b4e182b626554f3597d5c733c80997e6. Error code: TABLET_NOT_RUNNING (12). Status: Illegal state: Tablet not RUNNING: NOT_STARTED. Retrying in the next heartbeat period. Already tried 36 times.
W1031 23:05:41.082092 5816 consensus_peers.cc:357] T 991306ec7acb449c89e5dd29d90e8d55 P 0f53a0d3ef7e44ebb0365c800752d5bd -> Peer 23f962e4a1744381ad5fa0d2d8b10241 (c3-kudu-tst-st07.bj:18700): Couldn't send request to peer 23f962e4a1744381ad5fa0d2d8b10241 for tablet 991306ec7acb449c89e5dd29d90e8d55. Error code: TABLET_NOT_RUNNING (12). Status: Illegal state: Tablet not RUNNING: NOT_STARTED. Retrying in the next heartbeat period. Already tried 156 times.
W1031 23:05:41.097915 5816 consensus_peers.cc:357] T fcde65c4e4cf4df29b9ef9884ce292b2 P 0f53a0d3ef7e44ebb0365c800752d5bd -> Peer 23f962e4a1744381ad5fa0d2d8b10241 (c3-kudu-tst-st07.bj:18700): Couldn't send request to peer 23f962e4a1744381ad5fa0d2d8b10241 for tablet fcde65c4e4cf4df29b9ef9884ce292b2. Error code: TABLET_NOT_RUNNING (12). Status: Illegal state: Tablet not RUNNING: NOT_STARTED. Retrying in the next heartbeat period. Already tried 216 times.
W1031 23:05:41.313020 5815 consensus_peers.cc:357] T b4e182b626554f3597d5c733c80997e6 P 0f53a0d3ef7e44ebb0365c800752d5bd -> Peer 193181be29284287b25df2ee92938f0b (c3-kudu-tst-st08.bj:18700): Couldn't send request to peer 193181be29284287b25df2ee92938f0b for tablet b4e182b626554f3597d5c733c80997e6. Error code: TABLET_NOT_RUNNING (12). Status: Illegal state: Tablet not RUNNING: NOT_STARTED. Retrying in the next heartbeat period. Already tried 37 times.
W1031 23:05:41.582248 5816 consensus_peers.cc:357] T 991306ec7acb449c89e5dd29d90e8d55 P 0f53a0d3ef7e44ebb0365c800752d5bd -> Peer 23f962e4a1744381ad5fa0d2d8b10241 (c3-kudu-tst-st07.bj:18700): Couldn't send request to peer 23f962e4a1744381ad5fa0d2d8b10241 for tablet 991306ec7acb449c89e5dd29d90e8d55. Error code: TABLET_NOT_RUNNING (12). Status: Illegal state: Tablet not RUNNING: NOT_STARTED. Retrying in the next heartbeat period. Already tried 157 times.
W1031 23:05:41.597981 5816 consensus_peers.cc:357] T fcde65c4e4cf4df29b9ef9884ce292b2 P 0f53a0d3ef7e44ebb0365c800752d5bd -> Peer 23f962e4a1744381ad5fa0d2d8b10241 (c3-kudu-tst-st07.bj:18700): Couldn't send request to peer 23f962e4a1744381ad5fa0d2d8b10241 for tablet fcde65c4e4cf4df29b9ef9884ce292b2. Error code: TABLET_NOT_RUNNING (12). Status: Illegal state: Tablet not RUNNING: NOT_STARTED. Retrying in the next heartbeat period. Already tried 217 times.
W1031 23:05:41.813128 5815 consensus_peers.cc:357] T b4e182b626554f3597d5c733c80997e6 P 0f53a0d3ef7e44ebb0365c800752d5bd -> Peer 193181be29284287b25df2ee92938f0b (c3-kudu-tst-st08.bj:18700): Couldn't send request to peer 193181be29284287b25df2ee92938f0b for tablet b4e182b626554f3597d5c733c80997e6. Error code: TABLET_NOT_RUNNING (12). Status: Illegal state: Tablet not RUNNING: NOT_STARTED. Retrying in the next heartbeat period. Already tried 38 times.
I1031 23:05:41.964049 35084 raft_consensus.cc:411] T 012b21c0f95e4dd594076018fd6fdb7e P 0f53a0d3ef7e44ebb0365c800752d5bd [term 0 FOLLOWER]: Starting pre-election (no leader contacted us within the election timeout)
I1031 23:05:41.964089 35084 raft_consensus.cc:2162] T 012b21c0f95e4dd594076018fd6fdb7e P 0f53a0d3ef7e44ebb0365c800752d5bd [term 0 FOLLOWER]: Snoozing failure detection for election timeout plus an additional 3.477s
I1031 23:05:41.964143 35084 raft_consensus.cc:435] T 012b21c0f95e4dd594076018fd6fdb7e P 0f53a0d3ef7e44ebb0365c800752d5bd [term 0 FOLLOWER]: Starting pre-election with config: opid_index: -1 OBSOLETE_local: false peers { permanent_uuid: "23f962e4a1744381ad5fa0d2d8b10241" member_type: VOTER last_known_addr { host: "c3-kudu-tst-st07.bj" port: 18700 } } peers { permanent_uuid: "0f53a0d3ef7e44ebb0365c800752d5bd" member_type: VOTER last_known_addr { host: "c3-kudu-tst-st01.bj" port: 18700 } } peers { permanent_uuid: "625f49b9554549e6a5c3a92b76e576cf" member_type: VOTER last_known_addr { host: "c3-kudu-tst-st10.bj" port: 18700 } }
I1031 23:05:41.964664 35084 leader_election.cc:216] T 012b21c0f95e4dd594076018fd6fdb7e P 0f53a0d3ef7e44ebb0365c800752d5bd [CANDIDATE]: Term 1 pre-election: Requesting pre-vote from peer 23f962e4a1744381ad5fa0d2d8b10241
I1031 23:05:41.964692 35084 leader_election.cc:216] T 012b21c0f95e4dd594076018fd6fdb7e P 0f53a0d3ef7e44ebb0365c800752d5bd [CANDIDATE]: Term 1 pre-election: Requesting pre-vote from peer 625f49b9554549e6a5c3a92b76e576cf
W1031 23:05:41.964901 5816 leader_election.cc:278] T 012b21c0f95e4dd594076018fd6fdb7e P 0f53a0d3ef7e44ebb0365c800752d5bd [CANDIDATE]: Term 1 pre-election: Tablet error from VoteRequest() call to peer 23f962e4a1744381ad5fa0d2d8b10241: Illegal state: Tablet not RUNNING: NOT_STARTED
W1031 23:05:41.965003 5814 leader_election.cc:278] T 012b21c0f95e4dd594076018fd6fdb7e P 0f53a0d3ef7e44ebb0365c800752d5bd [CANDIDATE]: Term 1 pre-election: Tablet error from VoteRequest() call to peer 625f49b9554549e6a5c3a92b76e576cf: Illegal state: Tablet not RUNNING: NOT_STARTED
I1031 23:05:41.965026 5814 leader_election.cc:243] T 012b21c0f95e4dd594076018fd6fdb7e P 0f53a0d3ef7e44ebb0365c800752d5bd [CANDIDATE]: Term 1 pre-election: Election decided. Result: candidate lost.
I1031 23:05:41.965855 35178 raft_consensus.cc:2162] T 012b21c0f95e4dd594076018fd6fdb7e P 0f53a0d3ef7e44ebb0365c800752d5bd [term 0 FOLLOWER]: Snoozing failure detection for election timeout plus an additional 4.808s
I1031 23:05:41.965876 35178 raft_consensus.cc:1908] T 012b21c0f95e4dd594076018fd6fdb7e P 0f53a0d3ef7e44ebb0365c800752d5bd [term 0 FOLLOWER]: Leader pre-election lost for term 1. Reason: could not achieve majority
W1031 23:05:42.082262 5816 consensus_peers.cc:357] T 991306ec7acb449c89e5dd29d90e8d55 P 0f53a0d3ef7e44ebb0365c800752d5bd -> Peer 23f962e4a1744381ad5fa0d2d8b10241 (c3-kudu-tst-st07.bj:18700): Couldn't send request to peer 23f962e4a1744381ad5fa0d2d8b10241 for tablet 991306ec7acb449c89e5dd29d90e8d55. Error code: TABLET_NOT_RUNNING (12). Status: Illegal state: Tablet not RUNNING: NOT_STARTED. Retrying in the next heartbeat period. Already tried 158 times.
W1031 23:05:42.098002 5816 consensus_peers.cc:357] T fcde65c4e4cf4df29b9ef9884ce292b2 P 0f53a0d3ef7e44ebb0365c800752d5bd -> Peer 23f962e4a1744381ad5fa0d2d8b10241 (c3-kudu-tst-st07.bj:18700): Couldn't send request to peer 23f962e4a1744381ad5fa0d2d8b10241 for tablet fcde65c4e4cf4df29b9ef9884ce292b2. Error code: TABLET_NOT_RUNNING (12). Status: Illegal state: Tablet not RUNNING: NOT_STARTED. Retrying in the next heartbeat period. Already tried 218 times.
W1031 23:05:42.313133 5815 consensus_peers.cc:357] T b4e182b626554f3597d5c733c80997e6 P 0f53a0d3ef7e44ebb0365c800752d5bd -> Peer 193181be29284287b25df2ee92938f0b (c3-kudu-tst-st08.bj:18700): Couldn't send request to peer 193181be29284287b25df2ee92938f0b for tablet b4e182b626554f3597d5c733c80997e6. Error code: TABLET_NOT_RUNNING (12). Status: Illegal state: Tablet not RUNNING: NOT_STARTED. Retrying in the next heartbeat period. Already tried 39 times.
W1031 23:05:42.582413 5816 consensus_peers.cc:357] T 991306ec7acb449c89e5dd29d90e8d55 P 0f53a0d3ef7e44ebb0365c800752d5bd -> Peer 23f962e4a1744381ad5fa0d2d8b10241 (c3-kudu-tst-st07.bj:18700): Couldn't send request to peer 23f962e4a1744381ad5fa0d2d8b10241 for tablet 991306ec7acb449c89e5dd29d90e8d55. Error code: TABLET_NOT_RUNNING (12). Status: Illegal state: Tablet not RUNNING: NOT_STARTED. Retrying in the next heartbeat period. Already tried 159 times.
W1031 23:05:42.598088 5816 consensus_peers.cc:357] T fcde65c4e4cf4df29b9ef9884ce292b2 P 0f53a0d3ef7e44ebb0365c800752d5bd -> Peer 23f962e4a1744381ad5fa0d2d8b10241 (c3-kudu-tst-st07.bj:18700): Couldn't send request to peer 23f962e4a1744381ad5fa0d2d8b10241 for tablet fcde65c4e4cf4df29b9ef9884ce292b2. Error code: TABLET_NOT_RUNNING (12). Status: Illegal state: Tablet not RUNNING: NOT_STARTED. Retrying in the next heartbeat period. Already tried 219 times.
W1031 23:05:42.813210 5815 consensus_peers.cc:357] T b4e182b626554f3597d5c733c80997e6 P 0f53a0d3ef7e44ebb0365c800752d5bd -> Peer 193181be29284287b25df2ee92938f0b (c3-kudu-tst-st08.bj:18700): Couldn't send request to peer 193181be29284287b25df2ee92938f0b for tablet b4e182b626554f3597d5c733c80997e6. Error code: TABLET_NOT_RUNNING (12). Status: Illegal state: Tablet not RUNNING: NOT_STARTED. Retrying in the next heartbeat period. Already tried 40 times.
W1031 23:05:43.082377 5816 consensus_peers.cc:357] T 991306ec7acb449c89e5dd29d90e8d55 P 0f53a0d3ef7e44ebb0365c800752d5bd -> Peer 23f962e4a1744381ad5fa0d2d8b10241 (c3-kudu-tst-st07.bj:18700): Couldn't send request to peer 23f962e4a1744381ad5fa0d2d8b10241 for tablet 991306ec7acb449c89e5dd29d90e8d55. Error code: TABLET_NOT_RUNNING (12). Status: Illegal state: Tablet not RUNNING: NOT_STARTED. Retrying in the next heartbeat period. Already tried 160 times.
W1031 23:05:43.098222 5816 consensus_peers.cc:357] T fcde65c4e4cf4df29b9ef9884ce292b2 P 0f53a0d3ef7e44ebb0365c800752d5bd -> Peer 23f962e4a1744381ad5fa0d2d8b10241 (c3-kudu-tst-st07.bj:18700): Couldn't send request to peer 23f962e4a1744381ad5fa0d2d8b10241 for tablet fcde65c4e4cf4df29b9ef9884ce292b2. Error code: TABLET_NOT_RUNNING (12). Status: Illegal state: Tablet not RUNNING: NOT_STARTED. Retrying in the next heartbeat period. Already tried 220 times.
I1031 23:05:43.237738 34590 raft_consensus.cc:411] T 117cd74bcdab4942901acb0005cdd702 P 0f53a0d3ef7e44ebb0365c800752d5bd [term 0 FOLLOWER]: Starting pre-election (no leader contacted us within the election timeout)
I1031 23:05:43.237792 34590 raft_consensus.cc:2162] T 117cd74bcdab4942901acb0005cdd702 P 0f53a0d3ef7e44ebb0365c800752d5bd [term 0 FOLLOWER]: Snoozing failure detection for election timeout plus an additional 12.933s
I1031 23:05:43.237851 34590 raft_consensus.cc:435] T 117cd74bcdab4942901acb0005cdd702 P 0f53a0d3ef7e44ebb0365c800752d5bd [term 0 FOLLOWER]: Starting pre-election with config: opid_index: -1 OBSOLETE_local: false peers { permanent_uuid: "625f49b9554549e6a5c3a92b76e576cf" member_type: VOTER last_known_addr { host: "c3-kudu-tst-st10.bj" port: 18700 } } peers { permanent_uuid: "0a8bbcbbb5a6459aa5258464755db3bb" member_type: VOTER last_known_addr { host: "c3-kudu-tst-st02.bj" port: 18700 } } peers { permanent_uuid: "0f53a0d3ef7e44ebb0365c800752d5bd" member_type: VOTER last_known_addr { host: "c3-kudu-tst-st01.bj" port: 18700 } }
I1031 23:05:43.238462 34590 leader_election.cc:216] T 117cd74bcdab4942901acb0005cdd702 P 0f53a0d3ef7e44ebb0365c800752d5bd [CANDIDATE]: Term 1 pre-election: Requesting pre-vote from peer 625f49b9554549e6a5c3a92b76e576cf
I1031 23:05:43.238489 34590 leader_election.cc:216] T 117cd74bcdab4942901acb0005cdd702 P 0f53a0d3ef7e44ebb0365c800752d5bd [CANDIDATE]: Term 1 pre-election: Requesting pre-vote from peer 0a8bbcbbb5a6459aa5258464755db3bb
W1031 23:05:43.238757 5814 leader_election.cc:278] T 117cd74bcdab4942901acb0005cdd702 P 0f53a0d3ef7e44ebb0365c800752d5bd [CANDIDATE]: Term 1 pre-election: Tablet error from VoteRequest() call to peer 625f49b9554549e6a5c3a92b76e576cf: Illegal state: Tablet not RUNNING: NOT_STARTED
W1031 23:05:43.238790 5816 leader_election.cc:278] T 117cd74bcdab4942901acb0005cdd702 P 0f53a0d3ef7e44ebb0365c800752d5bd [CANDIDATE]: Term 1 pre-election: Tablet error from VoteRequest() call to peer 0a8bbcbbb5a6459aa5258464755db3bb: Not found: Tablet not found
I1031 23:05:43.238816 5816 leader_election.cc:243] T 117cd74bcdab4942901acb0005cdd702 P 0f53a0d3ef7e44ebb0365c800752d5bd [CANDIDATE]: Term 1 pre-election: Election decided. Result: candidate lost.
I1031 23:05:43.239069 35181 raft_consensus.cc:2162] T 117cd74bcdab4942901acb0005cdd702 P 0f53a0d3ef7e44ebb0365c800752d5bd [term 0 FOLLOWER]: Snoozing failure detection for election timeout plus an additional 13.115s
I1031 23:05:43.239091 35181 raft_consensus.cc:1908] T 117cd74bcdab4942901acb0005cdd702 P 0f53a0d3ef7e44ebb0365c800752d5bd [term 0 FOLLOWER]: Leader pre-election lost for term 1. Reason: could not achieve majority
W1031 23:05:43.313311 5815 consensus_peers.cc:357] T b4e182b626554f3597d5c733c80997e6 P 0f53a0d3ef7e44ebb0365c800752d5bd -> Peer 193181be29284287b25df2ee92938f0b (c3-kudu-tst-st08.bj:18700): Couldn't send request to peer 193181be29284287b25df2ee92938f0b for tablet b4e182b626554f3597d5c733c80997e6. Error code: TABLET_NOT_RUNNING (12). Status: Illegal state: Tablet not RUNNING: NOT_STARTED. Retrying in the next heartbeat period. Already tried 41 times.
W1031 23:05:43.582485 5816 consensus_peers.cc:357] T 991306ec7acb449c89e5dd29d90e8d55 P 0f53a0d3ef7e44ebb0365c800752d5bd -> Peer 23f962e4a1744381ad5fa0d2d8b10241 (c3-kudu-tst-st07.bj:18700): Couldn't send request to peer 23f962e4a1744381ad5fa0d2d8b10241 for tablet 991306ec7acb449c89e5dd29d90e8d55. Error code: TABLET_NOT_RUNNING (12). Status: Illegal state: Tablet not RUNNING: NOT_STARTED. Retrying in the next heartbeat period. Already tried 161 times.
W1031 23:05:43.598263 5816 consensus_peers.cc:357] T fcde65c4e4cf4df29b9ef9884ce292b2 P 0f53a0d3ef7e44ebb0365c800752d5bd -> Peer 23f962e4a1744381ad5fa0d2d8b10241 (c3-kudu-tst-st07.bj:18700): Couldn't send request to peer 23f962e4a1744381ad5fa0d2d8b10241 for tablet fcde65c4e4cf4df29b9ef9884ce292b2. Error code: TABLET_NOT_RUNNING (12). Status: Illegal state: Tablet not RUNNING: NOT_STARTED. Retrying in the next heartbeat period. Already tried 221 times.
W1031 23:05:43.813406 5815 consensus_peers.cc:357] T b4e182b626554f3597d5c733c80997e6 P 0f53a0d3ef7e44ebb0365c800752d5bd -> Peer 193181be29284287b25df2ee92938f0b (c3-kudu-tst-st08.bj:18700): Couldn't send request to peer 193181be29284287b25df2ee92938f0b for tablet b4e182b626554f3597d5c733c80997e6. Error code: TABLET_NOT_RUNNING (12). Status: Illegal state: Tablet not RUNNING: NOT_STARTED. Retrying in the next heartbeat period. Already tried 42 times.
W1031 23:05:44.082533 5816 consensus_peers.cc:357] T 991306ec7acb449c89e5dd29d90e8d55 P 0f53a0d3ef7e44ebb0365c800752d5bd -> Peer 23f962e4a1744381ad5fa0d2d8b10241 (c3-kudu-tst-st07.bj:18700): Couldn't send request to peer 23f962e4a1744381ad5fa0d2d8b10241 for tablet 991306ec7acb449c89e5dd29d90e8d55. Error code: TABLET_NOT_RUNNING (12). Status: Illegal state: Tablet not RUNNING: NOT_STARTED. Retrying in the next heartbeat period. Already tried 162 times.
W1031 23:05:44.098392 5816 consensus_peers.cc:357] T fcde65c4e4cf4df29b9ef9884ce292b2 P 0f53a0d3ef7e44ebb0365c800752d5bd -> Peer 23f962e4a1744381ad5fa0d2d8b10241 (c3-kudu-tst-st07.bj:18700): Couldn't send request to peer 23f962e4a1744381ad5fa0d2d8b10241 for tablet fcde65c4e4cf4df29b9ef9884ce292b2. Error code: TABLET_NOT_RUNNING (12). Status: Illegal state: Tablet not RUNNING: NOT_STARTED. Retrying in the next heartbeat period. Already tried 222 times.
W1031 23:05:44.313477 5815 consensus_peers.cc:357] T b4e182b626554f3597d5c733c80997e6 P 0f53a0d3ef7e44ebb0365c800752d5bd -> Peer 193181be29284287b25df2ee92938f0b (c3-kudu-tst-st08.bj:18700): Couldn't send request to peer 193181be29284287b25df2ee92938f0b for tablet b4e182b626554f3597d5c733c80997e6. Error code: TABLET_NOT_RUNNING (12). Status: Illegal state: Tablet not RUNNING: NOT_STARTED. Retrying in the next heartbeat period. Already tried 43 times.
W1031 23:05:44.582715 5816 consensus_peers.cc:357] T 991306ec7acb449c89e5dd29d90e8d55 P 0f53a0d3ef7e44ebb0365c800752d5bd -> Peer 23f962e4a1744381ad5fa0d2d8b10241 (c3-kudu-tst-st07.bj:18700): Couldn't send request to peer 23f962e4a1744381ad5fa0d2d8b10241 for tablet 991306ec7acb449c89e5dd29d90e8d55. Error code: TABLET_NOT_RUNNING (12). Status: Illegal state: Tablet not RUNNING: NOT_STARTED. Retrying in the next heartbeat period. Already tried 163 times.
W1031 23:05:44.598475 5816 consensus_peers.cc:357] T fcde65c4e4cf4df29b9ef9884ce292b2 P 0f53a0d3ef7e44ebb0365c800752d5bd -> Peer 23f962e4a1744381ad5fa0d2d8b10241 (c3-kudu-tst-st07.bj:18700): Couldn't send request to peer 23f962e4a1744381ad5fa0d2d8b10241 for tablet fcde65c4e4cf4df29b9ef9884ce292b2. Error code: TABLET_NOT_RUNNING (12). Status: Illegal state: Tablet not RUNNING: NOT_STARTED. Retrying in the next heartbeat period. Already tried 223 times.
W1031 23:05:44.813524 5815 consensus_peers.cc:357] T b4e182b626554f3597d5c733c80997e6 P 0f53a0d3ef7e44ebb0365c800752d5bd -> Peer 193181be29284287b25df2ee92938f0b (c3-kudu-tst-st08.bj:18700): Couldn't send request to peer 193181be29284287b25df2ee92938f0b for tablet b4e182b626554f3597d5c733c80997e6. Error code: TABLET_NOT_RUNNING (12). Status: Illegal state: Tablet not RUNNING: NOT_STARTED. Retrying in the next heartbeat period. Already tried 44 times.
W1031 23:05:45.082712 5816 consensus_peers.cc:357] T 991306ec7acb449c89e5dd29d90e8d55 P 0f53a0d3ef7e44ebb0365c800752d5bd -> Peer 23f962e4a1744381ad5fa0d2d8b10241 (c3-kudu-tst-st07.bj:18700): Couldn't send request to peer 23f962e4a1744381ad5fa0d2d8b10241 for tablet 991306ec7acb449c89e5dd29d90e8d55. Error code: TABLET_NOT_RUNNING (12). Status: Illegal state: Tablet not RUNNING: NOT_STARTED. Retrying in the next heartbeat period. Already tried 164 times.
W1031 23:05:45.098477 5816 consensus_peers.cc:357] T fcde65c4e4cf4df29b9ef9884ce292b2 P 0f53a0d3ef7e44ebb0365c800752d5bd -> Peer 23f962e4a1744381ad5fa0d2d8b10241 (c3-kudu-tst-st07.bj:18700): Couldn't send request to peer 23f962e4a1744381ad5fa0d2d8b10241 for tablet fcde65c4e4cf4df29b9ef9884ce292b2. Error code: TABLET_NOT_RUNNING (12). Status: Illegal state: Tablet not RUNNING: NOT_STARTED. Retrying in the next heartbeat period. Already tried 224 times.
W1031 23:05:45.313638 5815 consensus_peers.cc:357] T b4e182b626554f3597d5c733c80997e6 P 0f53a0d3ef7e44ebb0365c800752d5bd -> Peer 193181be29284287b25df2ee92938f0b (c3-kudu-tst-st08.bj:18700): Couldn't send request to peer 193181be29284287b25df2ee92938f0b for tablet b4e182b626554f3597d5c733c80997e6. Error code: TABLET_NOT_RUNNING (12). Status: Illegal state: Tablet not RUNNING: NOT_STARTED. Retrying in the next heartbeat period. Already tried 45 times.
W1031 23:05:45.582808 5816 consensus_peers.cc:357] T 991306ec7acb449c89e5dd29d90e8d55 P 0f53a0d3ef7e44ebb0365c800752d5bd -> Peer 23f962e4a1744381ad5fa0d2d8b10241 (c3-kudu-tst-st07.bj:18700): Couldn't send request to peer 23f962e4a1744381ad5fa0d2d8b10241 for tablet 991306ec7acb449c89e5dd29d90e8d55. Error code: TABLET_NOT_RUNNING (12). Status: Illegal state: Tablet not RUNNING: NOT_STARTED. Retrying in the next heartbeat period. Already tried 165 times.
W1031 23:05:45.598623 5816 consensus_peers.cc:357] T fcde65c4e4cf4df29b9ef9884ce292b2 P 0f53a0d3ef7e44ebb0365c800752d5bd -> Peer 23f962e4a1744381ad5fa0d2d8b10241 (c3-kudu-tst-st07.bj:18700): Couldn't send request to peer 23f962e4a1744381ad5fa0d2d8b10241 for tablet fcde65c4e4cf4df29b9ef9884ce292b2. Error code: TABLET_NOT_RUNNING (12). Status: Illegal state: Tablet not RUNNING: NOT_STARTED. Retrying in the next heartbeat period. Already tried 225 times.
W1031 23:05:45.813745 5815 consensus_peers.cc:357] T b4e182b626554f3597d5c733c80997e6 P 0f53a0d3ef7e44ebb0365c800752d5bd -> Peer 193181be29284287b25df2ee92938f0b (c3-kudu-tst-st08.bj:18700): Couldn't send request to peer 193181be29284287b25df2ee92938f0b for tablet b4e182b626554f3597d5c733c80997e6. Error code: TABLET_NOT_RUNNING (12). Status: Illegal state: Tablet not RUNNING: NOT_STARTED. Retrying in the next heartbeat period. Already tried 46 times.
W1031 23:05:46.082820 5816 consensus_peers.cc:357] T 991306ec7acb449c89e5dd29d90e8d55 P 0f53a0d3ef7e44ebb0365c800752d5bd -> Peer 23f962e4a1744381ad5fa0d2d8b10241 (c3-kudu-tst-st07.bj:18700): Couldn't send request to peer 23f962e4a1744381ad5fa0d2d8b10241 for tablet 991306ec7acb449c89e5dd29d90e8d55. Error code: TABLET_NOT_RUNNING (12). Status: Illegal state: Tablet not RUNNING: NOT_STARTED. Retrying in the next heartbeat period. Already tried 166 times.
W1031 23:05:46.098703 5816 consensus_peers.cc:357] T fcde65c4e4cf4df29b9ef9884ce292b2 P 0f53a0d3ef7e44ebb0365c800752d5bd -> Peer 23f962e4a1744381ad5fa0d2d8b10241 (c3-kudu-tst-st07.bj:18700): Couldn't send request to peer 23f962e4a1744381ad5fa0d2d8b10241 for tablet fcde65c4e4cf4df29b9ef9884ce292b2. Error code: TABLET_NOT_RUNNING (12). Status: Illegal state: Tablet not RUNNING: NOT_STARTED. Retrying in the next heartbeat period. Already tried 226 times.
I1031 23:05:46.308656 34067 raft_consensus.cc:411] T 6a813ca355f749b6b31a773aa0f2ac7a P 0f53a0d3ef7e44ebb0365c800752d5bd [term 0 FOLLOWER]: Starting pre-election (no leader contacted us within the election timeout)
I1031 23:05:46.308697 34067 raft_consensus.cc:2162] T 6a813ca355f749b6b31a773aa0f2ac7a P 0f53a0d3ef7e44ebb0365c800752d5bd [term 0 FOLLOWER]: Snoozing failure detection for election timeout plus an additional 8.403s
I1031 23:05:46.308750 34067 raft_consensus.cc:435] T 6a813ca355f749b6b31a773aa0f2ac7a P 0f53a0d3ef7e44ebb0365c800752d5bd [term 0 FOLLOWER]: Starting pre-election with config: opid_index: -1 OBSOLETE_local: false peers { permanent_uuid: "0a8bbcbbb5a6459aa5258464755db3bb" member_type: VOTER last_known_addr { host: "c3-kudu-tst-st02.bj" port: 18700 } } peers { permanent_uuid: "0f53a0d3ef7e44ebb0365c800752d5bd" member_type: VOTER last_known_addr { host: "c3-kudu-tst-st01.bj" port: 18700 } } peers { permanent_uuid: "193181be29284287b25df2ee92938f0b" member_type: VOTER last_known_addr { host: "c3-kudu-tst-st08.bj" port: 18700 } }
I1031 23:05:46.309429 34067 leader_election.cc:216] T 6a813ca355f749b6b31a773aa0f2ac7a P 0f53a0d3ef7e44ebb0365c800752d5bd [CANDIDATE]: Term 1 pre-election: Requesting pre-vote from peer 0a8bbcbbb5a6459aa5258464755db3bb
I1031 23:05:46.309458 34067 leader_election.cc:216] T 6a813ca355f749b6b31a773aa0f2ac7a P 0f53a0d3ef7e44ebb0365c800752d5bd [CANDIDATE]: Term 1 pre-election: Requesting pre-vote from peer 193181be29284287b25df2ee92938f0b
W1031 23:05:46.309660 5816 leader_election.cc:278] T 6a813ca355f749b6b31a773aa0f2ac7a P 0f53a0d3ef7e44ebb0365c800752d5bd [CANDIDATE]: Term 1 pre-election: Tablet error from VoteRequest() call to peer 0a8bbcbbb5a6459aa5258464755db3bb: Not found: Tablet not found
W1031 23:05:46.309790 5815 leader_election.cc:278] T 6a813ca355f749b6b31a773aa0f2ac7a P 0f53a0d3ef7e44ebb0365c800752d5bd [CANDIDATE]: Term 1 pre-election: Tablet error from VoteRequest() call to peer 193181be29284287b25df2ee92938f0b: Illegal state: Tablet not RUNNING: NOT_STARTED
I1031 23:05:46.309810 5815 leader_election.cc:243] T 6a813ca355f749b6b31a773aa0f2ac7a P 0f53a0d3ef7e44ebb0365c800752d5bd [CANDIDATE]: Term 1 pre-election: Election decided. Result: candidate lost.
I1031 23:05:46.310086 35199 raft_consensus.cc:2162] T 6a813ca355f749b6b31a773aa0f2ac7a P 0f53a0d3ef7e44ebb0365c800752d5bd [term 0 FOLLOWER]: Snoozing failure detection for election timeout plus an additional 7.861s
I1031 23:05:46.310102 35199 raft_consensus.cc:1908] T 6a813ca355f749b6b31a773aa0f2ac7a P 0f53a0d3ef7e44ebb0365c800752d5bd [term 0 FOLLOWER]: Leader pre-election lost for term 1. Reason: could not achieve majority
W1031 23:05:46.313730 5815 consensus_peers.cc:357] T b4e182b626554f3597d5c733c80997e6 P 0f53a0d3ef7e44ebb0365c800752d5bd -> Peer 193181be29284287b25df2ee92938f0b (c3-kudu-tst-st08.bj:18700): Couldn't send request to peer 193181be29284287b25df2ee92938f0b for tablet b4e182b626554f3597d5c733c80997e6. Error code: TABLET_NOT_RUNNING (12). Status: Illegal state: Tablet not RUNNING: NOT_STARTED. Retrying in the next heartbeat period. Already tried 47 times.
W1031 23:05:46.582831 5816 consensus_peers.cc:357] T 991306ec7acb449c89e5dd29d90e8d55 P 0f53a0d3ef7e44ebb0365c800752d5bd -> Peer 23f962e4a1744381ad5fa0d2d8b10241 (c3-kudu-tst-st07.bj:18700): Couldn't send request to peer 23f962e4a1744381ad5fa0d2d8b10241 for tablet 991306ec7acb449c89e5dd29d90e8d55. Error code: TABLET_NOT_RUNNING (12). Status: Illegal state: Tablet not RUNNING: NOT_STARTED. Retrying in the next heartbeat period. Already tried 167 times.
W1031 23:05:46.598724 5816 consensus_peers.cc:357] T fcde65c4e4cf4df29b9ef9884ce292b2 P 0f53a0d3ef7e44ebb0365c800752d5bd -> Peer 23f962e4a1744381ad5fa0d2d8b10241 (c3-kudu-tst-st07.bj:18700): Couldn't send request to peer 23f962e4a1744381ad5fa0d2d8b10241 for tablet fcde65c4e4cf4df29b9ef9884ce292b2. Error code: TABLET_NOT_RUNNING (12). Status: Illegal state: Tablet not RUNNING: NOT_STARTED. Retrying in the next heartbeat period. Already tried 227 times.
W1031 23:05:46.813827 5815 consensus_peers.cc:357] T b4e182b626554f3597d5c733c80997e6 P 0f53a0d3ef7e44ebb0365c800752d5bd -> Peer 193181be29284287b25df2ee92938f0b (c3-kudu-tst-st08.bj:18700): Couldn't send request to peer 193181be29284287b25df2ee92938f0b for tablet b4e182b626554f3597d5c733c80997e6. Error code: TABLET_NOT_RUNNING (12). Status: Illegal state: Tablet not RUNNING: NOT_STARTED. Retrying in the next heartbeat period. Already tried 48 times.
W1031 23:05:47.082936 5816 consensus_peers.cc:357] T 991306ec7acb449c89e5dd29d90e8d55 P 0f53a0d3ef7e44ebb0365c800752d5bd -> Peer 23f962e4a1744381ad5fa0d2d8b10241 (c3-kudu-tst-st07.bj:18700): Couldn't send request to peer 23f962e4a1744381ad5fa0d2d8b10241 for tablet 991306ec7acb449c89e5dd29d90e8d55. Error code: TABLET_NOT_RUNNING (12). Status: Illegal state: Tablet not RUNNING: NOT_STARTED. Retrying in the next heartbeat period. Already tried 168 times.
W1031 23:05:47.098861 5816 consensus_peers.cc:357] T fcde65c4e4cf4df29b9ef9884ce292b2 P 0f53a0d3ef7e44ebb0365c800752d5bd -> Peer 23f962e4a1744381ad5fa0d2d8b10241 (c3-kudu-tst-st07.bj:18700): Couldn't send request to peer 23f962e4a1744381ad5fa0d2d8b10241 for tablet fcde65c4e4cf4df29b9ef9884ce292b2. Error code: TABLET_NOT_RUNNING (12). Status: Illegal state: Tablet not RUNNING: NOT_STARTED. Retrying in the next heartbeat period. Already tried 228 times.
I1031 23:05:47.306716 34585 raft_consensus.cc:411] T 56155a2adc24450d89e338cc955bfa18 P 0f53a0d3ef7e44ebb0365c800752d5bd [term 0 FOLLOWER]: Starting pre-election (no leader contacted us within the election timeout)
I1031 23:05:47.306753 34585 raft_consensus.cc:2162] T 56155a2adc24450d89e338cc955bfa18 P 0f53a0d3ef7e44ebb0365c800752d5bd [term 0 FOLLOWER]: Snoozing failure detection for election timeout plus an additional 6.989s
I1031 23:05:47.306813 34585 raft_consensus.cc:435] T 56155a2adc24450d89e338cc955bfa18 P 0f53a0d3ef7e44ebb0365c800752d5bd [term 0 FOLLOWER]: Starting pre-election with config: opid_index: -1 OBSOLETE_local: false peers { permanent_uuid: "625f49b9554549e6a5c3a92b76e576cf" member_type: VOTER last_known_addr { host: "c3-kudu-tst-st10.bj" port: 18700 } } peers { permanent_uuid: "193181be29284287b25df2ee92938f0b" member_type: VOTER last_known_addr { host: "c3-kudu-tst-st08.bj" port: 18700 } } peers { permanent_uuid: "0f53a0d3ef7e44ebb0365c800752d5bd" member_type: VOTER last_known_addr { host: "c3-kudu-tst-st01.bj" port: 18700 } }
I1031 23:05:47.307381 34585 leader_election.cc:216] T 56155a2adc24450d89e338cc955bfa18 P 0f53a0d3ef7e44ebb0365c800752d5bd [CANDIDATE]: Term 1 pre-election: Requesting pre-vote from peer 625f49b9554549e6a5c3a92b76e576cf
I1031 23:05:47.307409 34585 leader_election.cc:216] T 56155a2adc24450d89e338cc955bfa18 P 0f53a0d3ef7e44ebb0365c800752d5bd [CANDIDATE]: Term 1 pre-election: Requesting pre-vote from peer 193181be29284287b25df2ee92938f0b
W1031 23:05:47.307731 5814 leader_election.cc:278] T 56155a2adc24450d89e338cc955bfa18 P 0f53a0d3ef7e44ebb0365c800752d5bd [CANDIDATE]: Term 1 pre-election: Tablet error from VoteRequest() call to peer 625f49b9554549e6a5c3a92b76e576cf: Illegal state: Tablet not RUNNING: NOT_STARTED
W1031 23:05:47.307785 5815 leader_election.cc:278] T 56155a2adc24450d89e338cc955bfa18 P 0f53a0d3ef7e44ebb0365c800752d5bd [CANDIDATE]: Term 1 pre-election: Tablet error from VoteRequest() call to peer 193181be29284287b25df2ee92938f0b: Illegal state: Tablet not RUNNING: NOT_STARTED
I1031 23:05:47.307802 5815 leader_election.cc:243] T 56155a2adc24450d89e338cc955bfa18 P 0f53a0d3ef7e44ebb0365c800752d5bd [CANDIDATE]: Term 1 pre-election: Election decided. Result: candidate lost.
I1031 23:05:47.308596 35200 raft_consensus.cc:2162] T 56155a2adc24450d89e338cc955bfa18 P 0f53a0d3ef7e44ebb0365c800752d5bd [term 0 FOLLOWER]: Snoozing failure detection for election timeout plus an additional 14.845s
I1031 23:05:47.308617 35200 raft_consensus.cc:1908] T 56155a2adc24450d89e338cc955bfa18 P 0f53a0d3ef7e44ebb0365c800752d5bd [term 0 FOLLOWER]: Leader pre-election lost for term 1. Reason: could not achieve majority
W1031 23:05:47.313895 5815 consensus_peers.cc:357] T b4e182b626554f3597d5c733c80997e6 P 0f53a0d3ef7e44ebb0365c800752d5bd -> Peer 193181be29284287b25df2ee92938f0b (c3-kudu-tst-st08.bj:18700): Couldn't send request to peer 193181be29284287b25df2ee92938f0b for tablet b4e182b626554f3597d5c733c80997e6. Error code: TABLET_NOT_RUNNING (12). Status: Illegal state: Tablet not RUNNING: NOT_STARTED. Retrying in the next heartbeat period. Already tried 49 times.
W1031 23:05:47.583021 5816 consensus_peers.cc:357] T 991306ec7acb449c89e5dd29d90e8d55 P 0f53a0d3ef7e44ebb0365c800752d5bd -> Peer 23f962e4a1744381ad5fa0d2d8b10241 (c3-kudu-tst-st07.bj:18700): Couldn't send request to peer 23f962e4a1744381ad5fa0d2d8b10241 for tablet 991306ec7acb449c89e5dd29d90e8d55. Error code: TABLET_NOT_RUNNING (12). Status: Illegal state: Tablet not RUNNING: NOT_STARTED. Retrying in the next heartbeat period. Already tried 169 times.
W1031 23:05:47.598927 5816 consensus_peers.cc:357] T fcde65c4e4cf4df29b9ef9884ce292b2 P 0f53a0d3ef7e44ebb0365c800752d5bd -> Peer 23f962e4a1744381ad5fa0d2d8b10241 (c3-kudu-tst-st07.bj:18700): Couldn't send request to peer 23f962e4a1744381ad5fa0d2d8b10241 for tablet fcde65c4e4cf4df29b9ef9884ce292b2. Error code: TABLET_NOT_RUNNING (12). Status: Illegal state: Tablet not RUNNING: NOT_STARTED. Retrying in the next heartbeat period. Already tried 229 times.
W1031 23:05:47.814028 5815 consensus_peers.cc:357] T b4e182b626554f3597d5c733c80997e6 P 0f53a0d3ef7e44ebb0365c800752d5bd -> Peer 193181be29284287b25df2ee92938f0b (c3-kudu-tst-st08.bj:18700): Couldn't send request to peer 193181be29284287b25df2ee92938f0b for tablet b4e182b626554f3597d5c733c80997e6. Error code: TABLET_NOT_RUNNING (12). Status: Illegal state: Tablet not RUNNING: NOT_STARTED. Retrying in the next heartbeat period. Already tried 50 times.
W1031 23:05:48.083139 5816 consensus_peers.cc:357] T 991306ec7acb449c89e5dd29d90e8d55 P 0f53a0d3ef7e44ebb0365c800752d5bd -> Peer 23f962e4a1744381ad5fa0d2d8b10241 (c3-kudu-tst-st07.bj:18700): Couldn't send request to peer 23f962e4a1744381ad5fa0d2d8b10241 for tablet 991306ec7acb449c89e5dd29d90e8d55. Error code: TABLET_NOT_RUNNING (12). Status: Illegal state: Tablet not RUNNING: NOT_STARTED. Retrying in the next heartbeat period. Already tried 170 times.
W1031 23:05:48.099052 5816 consensus_peers.cc:357] T fcde65c4e4cf4df29b9ef9884ce292b2 P 0f53a0d3ef7e44ebb0365c800752d5bd -> Peer 23f962e4a1744381ad5fa0d2d8b10241 (c3-kudu-tst-st07.bj:18700): Couldn't send request to peer 23f962e4a1744381ad5fa0d2d8b10241 for tablet fcde65c4e4cf4df29b9ef9884ce292b2. Error code: TABLET_NOT_RUNNING (12). Status: Illegal state: Tablet not RUNNING: NOT_STARTED. Retrying in the next heartbeat period. Already tried 230 times.
W1031 23:05:48.314066 5815 consensus_peers.cc:357] T b4e182b626554f3597d5c733c80997e6 P 0f53a0d3ef7e44ebb0365c800752d5bd -> Peer 193181be29284287b25df2ee92938f0b (c3-kudu-tst-st08.bj:18700): Couldn't send request to peer 193181be29284287b25df2ee92938f0b for tablet b4e182b626554f3597d5c733c80997e6. Error code: TABLET_NOT_RUNNING (12). Status: Illegal state: Tablet not RUNNING: NOT_STARTED. Retrying in the next heartbeat period. Already tried 51 times.
W1031 23:05:48.583106 5816 consensus_peers.cc:357] T 991306ec7acb449c89e5dd29d90e8d55 P 0f53a0d3ef7e44ebb0365c800752d5bd -> Peer 23f962e4a1744381ad5fa0d2d8b10241 (c3-kudu-tst-st07.bj:18700): Couldn't send request to peer 23f962e4a1744381ad5fa0d2d8b10241 for tablet 991306ec7acb449c89e5dd29d90e8d55. Error code: TABLET_NOT_RUNNING (12). Status: Illegal state: Tablet not RUNNING: NOT_STARTED. Retrying in the next heartbeat period. Already tried 171 times.
W1031 23:05:48.599037 5816 consensus_peers.cc:357] T fcde65c4e4cf4df29b9ef9884ce292b2 P 0f53a0d3ef7e44ebb0365c800752d5bd -> Peer 23f962e4a1744381ad5fa0d2d8b10241 (c3-kudu-tst-st07.bj:18700): Couldn't send request to peer 23f962e4a1744381ad5fa0d2d8b10241 for tablet fcde65c4e4cf4df29b9ef9884ce292b2. Error code: TABLET_NOT_RUNNING (12). Status: Illegal state: Tablet not RUNNING: NOT_STARTED. Retrying in the next heartbeat period. Already tried 231 times.
I1031 23:05:48.717746 35084 raft_consensus.cc:411] T 012b21c0f95e4dd594076018fd6fdb7e P 0f53a0d3ef7e44ebb0365c800752d5bd [term 0 FOLLOWER]: Starting pre-election (no leader contacted us within the election timeout)
I1031 23:05:48.717784 35084 raft_consensus.cc:2162] T 012b21c0f95e4dd594076018fd6fdb7e P 0f53a0d3ef7e44ebb0365c800752d5bd [term 0 FOLLOWER]: Snoozing failure detection for election timeout plus an additional 15.992s
I1031 23:05:48.717835 35084 raft_consensus.cc:435] T 012b21c0f95e4dd594076018fd6fdb7e P 0f53a0d3ef7e44ebb0365c800752d5bd [term 0 FOLLOWER]: Starting pre-election with config: opid_index: -1 OBSOLETE_local: false peers { permanent_uuid: "23f962e4a1744381ad5fa0d2d8b10241" member_type: VOTER last_known_addr { host: "c3-kudu-tst-st07.bj" port: 18700 } } peers { permanent_uuid: "0f53a0d3ef7e44ebb0365c800752d5bd" member_type: VOTER last_known_addr { host: "c3-kudu-tst-st01.bj" port: 18700 } } peers { permanent_uuid: "625f49b9554549e6a5c3a92b76e576cf" member_type: VOTER last_known_addr { host: "c3-kudu-tst-st10.bj" port: 18700 } }
I1031 23:05:48.718382 35084 leader_election.cc:216] T 012b21c0f95e4dd594076018fd6fdb7e P 0f53a0d3ef7e44ebb0365c800752d5bd [CANDIDATE]: Term 1 pre-election: Requesting pre-vote from peer 23f962e4a1744381ad5fa0d2d8b10241
I1031 23:05:48.718410 35084 leader_election.cc:216] T 012b21c0f95e4dd594076018fd6fdb7e P 0f53a0d3ef7e44ebb0365c800752d5bd [CANDIDATE]: Term 1 pre-election: Requesting pre-vote from peer 625f49b9554549e6a5c3a92b76e576cf
W1031 23:05:48.718688 5816 leader_election.cc:278] T 012b21c0f95e4dd594076018fd6fdb7e P 0f53a0d3ef7e44ebb0365c800752d5bd [CANDIDATE]: Term 1 pre-election: Tablet error from VoteRequest() call to peer 23f962e4a1744381ad5fa0d2d8b10241: Illegal state: Tablet not RUNNING: NOT_STARTED
W1031 23:05:48.718791 5814 leader_election.cc:278] T 012b21c0f95e4dd594076018fd6fdb7e P 0f53a0d3ef7e44ebb0365c800752d5bd [CANDIDATE]: Term 1 pre-election: Tablet error from VoteRequest() call to peer 625f49b9554549e6a5c3a92b76e576cf: Illegal state: Tablet not RUNNING: NOT_STARTED
I1031 23:05:48.718817 5814 leader_election.cc:243] T 012b21c0f95e4dd594076018fd6fdb7e P 0f53a0d3ef7e44ebb0365c800752d5bd [CANDIDATE]: Term 1 pre-election: Election decided. Result: candidate lost.
I1031 23:05:48.719079 35203 raft_consensus.cc:2162] T 012b21c0f95e4dd594076018fd6fdb7e P 0f53a0d3ef7e44ebb0365c800752d5bd [term 0 FOLLOWER]: Snoozing failure detection for election timeout plus an additional 12.067s
I1031 23:05:48.719097 35203 raft_consensus.cc:1908] T 012b21c0f95e4dd594076018fd6fdb7e P 0f53a0d3ef7e44ebb0365c800752d5bd [term 0 FOLLOWER]: Leader pre-election lost for term 1. Reason: could not achieve majority
W1031 23:05:48.814235 5815 consensus_peers.cc:357] T b4e182b626554f3597d5c733c80997e6 P 0f53a0d3ef7e44ebb0365c800752d5bd -> Peer 193181be29284287b25df2ee92938f0b (c3-kudu-tst-st08.bj:18700): Couldn't send request to peer 193181be29284287b25df2ee92938f0b for tablet b4e182b626554f3597d5c733c80997e6. Error code: TABLET_NOT_RUNNING (12). Status: Illegal state: Tablet not RUNNING: NOT_STARTED. Retrying in the next heartbeat period. Already tried 52 times.
W1031 23:05:49.083169 5816 consensus_peers.cc:357] T 991306ec7acb449c89e5dd29d90e8d55 P 0f53a0d3ef7e44ebb0365c800752d5bd -> Peer 23f962e4a1744381ad5fa0d2d8b10241 (c3-kudu-tst-st07.bj:18700): Couldn't send request to peer 23f962e4a1744381ad5fa0d2d8b10241 for tablet 991306ec7acb449c89e5dd29d90e8d55. Error code: TABLET_NOT_RUNNING (12). Status: Illegal state: Tablet not RUNNING: NOT_STARTED. Retrying in the next heartbeat period. Already tried 172 times.
W1031 23:05:49.099150 5816 consensus_peers.cc:357] T fcde65c4e4cf4df29b9ef9884ce292b2 P 0f53a0d3ef7e44ebb0365c800752d5bd -> Peer 23f962e4a1744381ad5fa0d2d8b10241 (c3-kudu-tst-st07.bj:18700): Couldn't send request to peer 23f962e4a1744381ad5fa0d2d8b10241 for tablet fcde65c4e4cf4df29b9ef9884ce292b2. Error code: TABLET_NOT_RUNNING (12). Status: Illegal state: Tablet not RUNNING: NOT_STARTED. Retrying in the next heartbeat period. Already tried 232 times.
W1031 23:05:49.314198 5815 consensus_peers.cc:357] T b4e182b626554f3597d5c733c80997e6 P 0f53a0d3ef7e44ebb0365c800752d5bd -> Peer 193181be29284287b25df2ee92938f0b (c3-kudu-tst-st08.bj:18700): Couldn't send request to peer 193181be29284287b25df2ee92938f0b for tablet b4e182b626554f3597d5c733c80997e6. Error code: TABLET_NOT_RUNNING (12). Status: Illegal state: Tablet not RUNNING: NOT_STARTED. Retrying in the next heartbeat period. Already tried 53 times.
W1031 23:05:49.583323 5816 consensus_peers.cc:357] T 991306ec7acb449c89e5dd29d90e8d55 P 0f53a0d3ef7e44ebb0365c800752d5bd -> Peer 23f962e4a1744381ad5fa0d2d8b10241 (c3-kudu-tst-st07.bj:18700): Couldn't send request to peer 23f962e4a1744381ad5fa0d2d8b10241 for tablet 991306ec7acb449c89e5dd29d90e8d55. Error code: TABLET_NOT_RUNNING (12). Status: Illegal state: Tablet not RUNNING: NOT_STARTED. Retrying in the next heartbeat period. Already tried 173 times.
W1031 23:05:49.599340 5816 consensus_peers.cc:357] T fcde65c4e4cf4df29b9ef9884ce292b2 P 0f53a0d3ef7e44ebb0365c800752d5bd -> Peer 23f962e4a1744381ad5fa0d2d8b10241 (c3-kudu-tst-st07.bj:18700): Couldn't send request to peer 23f962e4a1744381ad5fa0d2d8b10241 for tablet fcde65c4e4cf4df29b9ef9884ce292b2. Error code: TABLET_NOT_RUNNING (12). Status: Illegal state: Tablet not RUNNING: NOT_STARTED. Retrying in the next heartbeat period. Already tried 233 times.
W1031 23:05:49.814352 5815 consensus_peers.cc:357] T b4e182b626554f3597d5c733c80997e6 P 0f53a0d3ef7e44ebb0365c800752d5bd -> Peer 193181be29284287b25df2ee92938f0b (c3-kudu-tst-st08.bj:18700): Couldn't send request to peer 193181be29284287b25df2ee92938f0b for tablet b4e182b626554f3597d5c733c80997e6. Error code: TABLET_NOT_RUNNING (12). Status: Illegal state: Tablet not RUNNING: NOT_STARTED. Retrying in the next heartbeat period. Already tried 54 times.
W1031 23:05:50.083360 5816 consensus_peers.cc:357] T 991306ec7acb449c89e5dd29d90e8d55 P 0f53a0d3ef7e44ebb0365c800752d5bd -> Peer 23f962e4a1744381ad5fa0d2d8b10241 (c3-kudu-tst-st07.bj:18700): Couldn't send request to peer 23f962e4a1744381ad5fa0d2d8b10241 for tablet 991306ec7acb449c89e5dd29d90e8d55. Error code: TABLET_NOT_RUNNING (12). Status: Illegal state: Tablet not RUNNING: NOT_STARTED. Retrying in the next heartbeat period. Already tried 174 times.
W1031 23:05:50.099309 5816 consensus_peers.cc:357] T fcde65c4e4cf4df29b9ef9884ce292b2 P 0f53a0d3ef7e44ebb0365c800752d5bd -> Peer 23f962e4a1744381ad5fa0d2d8b10241 (c3-kudu-tst-st07.bj:18700): Couldn't send request to peer 23f962e4a1744381ad5fa0d2d8b10241 for tablet fcde65c4e4cf4df29b9ef9884ce292b2. Error code: TABLET_NOT_RUNNING (12). Status: Illegal state: Tablet not RUNNING: NOT_STARTED. Retrying in the next heartbeat period. Already tried 234 times.
W1031 23:05:50.314393 5815 consensus_peers.cc:357] T b4e182b626554f3597d5c733c80997e6 P 0f53a0d3ef7e44ebb0365c800752d5bd -> Peer 193181be29284287b25df2ee92938f0b (c3-kudu-tst-st08.bj:18700): Couldn't send request to peer 193181be29284287b25df2ee92938f0b for tablet b4e182b626554f3597d5c733c80997e6. Error code: TABLET_NOT_RUNNING (12). Status: Illegal state: Tablet not RUNNING: NOT_STARTED. Retrying in the next heartbeat period. Already tried 55 times.
W1031 23:05:50.583477 5816 consensus_peers.cc:357] T 991306ec7acb449c89e5dd29d90e8d55 P 0f53a0d3ef7e44ebb0365c800752d5bd -> Peer 23f962e4a1744381ad5fa0d2d8b10241 (c3-kudu-tst-st07.bj:18700): Couldn't send request to peer 23f962e4a1744381ad5fa0d2d8b10241 for tablet 991306ec7acb449c89e5dd29d90e8d55. Error code: TABLET_NOT_RUNNING (12). Status: Illegal state: Tablet not RUNNING: NOT_STARTED. Retrying in the next heartbeat period. Already tried 175 times.
W1031 23:05:50.599346 5816 consensus_peers.cc:357] T fcde65c4e4cf4df29b9ef9884ce292b2 P 0f53a0d3ef7e44ebb0365c800752d5bd -> Peer 23f962e4a1744381ad5fa0d2d8b10241 (c3-kudu-tst-st07.bj:18700): Couldn't send request to peer 23f962e4a1744381ad5fa0d2d8b10241 for tablet fcde65c4e4cf4df29b9ef9884ce292b2. Error code: TABLET_NOT_RUNNING (12). Status: Illegal state: Tablet not RUNNING: NOT_STARTED. Retrying in the next heartbeat period. Already tried 235 times.
W1031 23:05:50.814399 5815 consensus_peers.cc:357] T b4e182b626554f3597d5c733c80997e6 P 0f53a0d3ef7e44ebb0365c800752d5bd -> Peer 193181be29284287b25df2ee92938f0b (c3-kudu-tst-st08.bj:18700): Couldn't send request to peer 193181be29284287b25df2ee92938f0b for tablet b4e182b626554f3597d5c733c80997e6. Error code: TABLET_NOT_RUNNING (12). Status: Illegal state: Tablet not RUNNING: NOT_STARTED. Retrying in the next heartbeat period. Already tried 56 times.
W1031 23:05:51.083525 5816 consensus_peers.cc:357] T 991306ec7acb449c89e5dd29d90e8d55 P 0f53a0d3ef7e44ebb0365c800752d5bd -> Peer 23f962e4a1744381ad5fa0d2d8b10241 (c3-kudu-tst-st07.bj:18700): Couldn't send request to peer 23f962e4a1744381ad5fa0d2d8b10241 for tablet 991306ec7acb449c89e5dd29d90e8d55. Error code: TABLET_NOT_RUNNING (12). Status: Illegal state: Tablet not RUNNING: NOT_STARTED. Retrying in the next heartbeat period. Already tried 176 times.
W1031 23:05:51.099462 5816 consensus_peers.cc:357] T fcde65c4e4cf4df29b9ef9884ce292b2 P 0f53a0d3ef7e44ebb0365c800752d5bd -> Peer 23f962e4a1744381ad5fa0d2d8b10241 (c3-kudu-tst-st07.bj:18700): Couldn't send request to peer 23f962e4a1744381ad5fa0d2d8b10241 for tablet fcde65c4e4cf4df29b9ef9884ce292b2. Error code: TABLET_NOT_RUNNING (12). Status: Illegal state: Tablet not RUNNING: NOT_STARTED. Retrying in the next heartbeat period. Already tried 236 times.
W1031 23:05:51.314600 5815 consensus_peers.cc:357] T b4e182b626554f3597d5c733c80997e6 P 0f53a0d3ef7e44ebb0365c800752d5bd -> Peer 193181be29284287b25df2ee92938f0b (c3-kudu-tst-st08.bj:18700): Couldn't send request to peer 193181be29284287b25df2ee92938f0b for tablet b4e182b626554f3597d5c733c80997e6. Error code: TABLET_NOT_RUNNING (12). Status: Illegal state: Tablet not RUNNING: NOT_STARTED. Retrying in the next heartbeat period. Already tried 57 times.
I1031 23:05:51.417315 5853 maintenance_manager.cc:208] P 0f53a0d3ef7e44ebb0365c800752d5bd: Unregistered op CompactRowSetsOp(6a813ca355f749b6b31a773aa0f2ac7a)
I1031 23:05:51.417379 5853 maintenance_manager.cc:208] P 0f53a0d3ef7e44ebb0365c800752d5bd: Unregistered op MinorDeltaCompactionOp(6a813ca355f749b6b31a773aa0f2ac7a)
I1031 23:05:51.417407 5853 maintenance_manager.cc:208] P 0f53a0d3ef7e44ebb0365c800752d5bd: Unregistered op MajorDeltaCompactionOp(6a813ca355f749b6b31a773aa0f2ac7a)
I1031 23:05:51.417629 35069 ts_tablet_manager.cc:755] T 95f15519e52a48edab3b765ae3a8e93d P 0f53a0d3ef7e44ebb0365c800752d5bd: Time spent starting tablet: real 28.833s user 0.000s sys 0.002s
W1031 23:05:51.417654 35069 ts_tablet_manager.cc:785] T 95f15519e52a48edab3b765ae3a8e93d P 0f53a0d3ef7e44ebb0365c800752d5bd: Tablet startup took 28833ms
I1031 23:05:51.417693 5853 maintenance_manager.cc:208] P 0f53a0d3ef7e44ebb0365c800752d5bd: Unregistered op UndoDeltaBlockGCOp(6a813ca355f749b6b31a773aa0f2ac7a)
W1031 23:05:51.417747 35069 ts_tablet_manager.cc:787] T 95f15519e52a48edab3b765ae3a8e93d P 0f53a0d3ef7e44ebb0365c800752d5bd: Trace: 1031 23:05:22.526192 (+ 0us) service_pool.cc:143] Inserting onto call queue 1031 23:05:22.526206 (+ 14us) service_pool.cc:202] Handling call 1031 23:05:22.526410 (+ 204us) ts_tablet_manager.cc:275] Acquired tablet manager lock 1031 23:05:22.526413 (+ 3us) ts_tablet_manager.cc:288] Creating new metadata... 1031 23:05:22.580936 (+ 54523us) tablet_metadata.cc:461] Metadata flushed 1031 23:05:22.582195 (+ 1259us) inbound_call.cc:130] Queueing success response 1031 23:05:22.582242 (+ 47us) ts_tablet_manager.cc:724] Bootstrapping tablet 1031 23:05:22.584572 (+ 2330us) ts_tablet_manager.cc:756] Initializing tablet peer 1031 23:05:22.584589 (+ 17us) tablet_peer.cc:161] Creating consensus instance 1031 23:05:22.584900 (+ 311us) tablet_peer.cc:183] Starting instrumentation 1031 23:05:22.584904 (+ 4us) tablet_peer.cc:188] TabletPeer::Init() finished 1031 23:05:22.584905 (+ 1us) ts_tablet_manager.cc:771] Starting tablet peer 1031 23:05:22.584906 (+ 1us) tablet_peer.cc:195] Starting consensus Metrics: {"fdatasync":1,"fdatasync_us":36884,"mutex_wait_us":28831738,"raft.queue_time_us":391,"raft.run_cpu_time_us":3,"raft.run_wall_time_us":4,"tablet-open.queue_time_us":811,"tcmalloc_contention_cycles":3584,"thread_start_us":1550,"threads_started":3}
I1031 23:05:51.417771 34582 ts_tablet_manager.cc:755] T 56155a2adc24450d89e338cc955bfa18 P 0f53a0d3ef7e44ebb0365c800752d5bd: Time spent starting tablet: real 88.820s user 0.001s sys 0.000s
W1031 23:05:51.417788 34582 ts_tablet_manager.cc:785] T 56155a2adc24450d89e338cc955bfa18 P 0f53a0d3ef7e44ebb0365c800752d5bd: Tablet startup took 88819ms
