I1031 23:09:04.896791 30450 raft_consensus.cc:435] T 13f1cd14968447f7951d92ce30c4b7c0 P 23f962e4a1744381ad5fa0d2d8b10241 [term 0 FOLLOWER]: Starting pre-election with config: opid_index: -1 OBSOLETE_local: false peers { permanent_uuid: "044f1da9a27c46acb82b1386f829f4dc" member_type: VOTER last_known_addr { host: "c3-kudu-tst-st03.bj" port: 18700 } } peers { permanent_uuid: "23f962e4a1744381ad5fa0d2d8b10241" member_type: VOTER last_known_addr { host: "c3-kudu-tst-st07.bj" port: 18700 } } peers { permanent_uuid: "0fc477287c154136abc1e2f3c82fb7f9" member_type: VOTER last_known_addr { host: "c3-kudu-tst-st04.bj" port: 18700 } }
I1031 23:09:04.897327 30450 leader_election.cc:216] T 13f1cd14968447f7951d92ce30c4b7c0 P 23f962e4a1744381ad5fa0d2d8b10241 [CANDIDATE]: Term 1 pre-election: Requesting pre-vote from peer 044f1da9a27c46acb82b1386f829f4dc
I1031 23:09:04.897378 30450 leader_election.cc:216] T 13f1cd14968447f7951d92ce30c4b7c0 P 23f962e4a1744381ad5fa0d2d8b10241 [CANDIDATE]: Term 1 pre-election: Requesting pre-vote from peer 0fc477287c154136abc1e2f3c82fb7f9
I1031 23:09:04.897594 32773 leader_election.cc:362] T 13f1cd14968447f7951d92ce30c4b7c0 P 23f962e4a1744381ad5fa0d2d8b10241 [CANDIDATE]: Term 1 pre-election: Vote denied by peer 044f1da9a27c46acb82b1386f829f4dc. Message: Invalid argument: T 13f1cd14968447f7951d92ce30c4b7c0 P 044f1da9a27c46acb82b1386f829f4dc [term 1 LEADER]: Leader pre-election vote request: Denying vote to candidate 23f962e4a1744381ad5fa0d2d8b10241 for term 1 because replica is either leader or believes a valid leader to be alive.
I1031 23:09:04.897804 32771 leader_election.cc:362] T 13f1cd14968447f7951d92ce30c4b7c0 P 23f962e4a1744381ad5fa0d2d8b10241 [CANDIDATE]: Term 1 pre-election: Vote denied by peer 0fc477287c154136abc1e2f3c82fb7f9. Message: Invalid argument: T 13f1cd14968447f7951d92ce30c4b7c0 P 0fc477287c154136abc1e2f3c82fb7f9 [term 1 FOLLOWER]: Leader pre-election vote request: Denying vote to candidate 23f962e4a1744381ad5fa0d2d8b10241 for term 1 because replica is either leader or believes a valid leader to be alive.
I1031 23:09:04.897825 32771 leader_election.cc:243] T 13f1cd14968447f7951d92ce30c4b7c0 P 23f962e4a1744381ad5fa0d2d8b10241 [CANDIDATE]: Term 1 pre-election: Election decided. Result: candidate lost.
I1031 23:09:04.897861 30451 raft_consensus.cc:2162] T 13f1cd14968447f7951d92ce30c4b7c0 P 23f962e4a1744381ad5fa0d2d8b10241 [term 0 FOLLOWER]: Snoozing failure detection for election timeout plus an additional 1.797s
I1031 23:09:04.897873 30451 raft_consensus.cc:2206] T 13f1cd14968447f7951d92ce30c4b7c0 P 23f962e4a1744381ad5fa0d2d8b10241 [term 0 FOLLOWER]: Advancing to term 1
I1031 23:09:04.898346 30451 raft_consensus.cc:1908] T 13f1cd14968447f7951d92ce30c4b7c0 P 23f962e4a1744381ad5fa0d2d8b10241 [term 1 FOLLOWER]: Leader pre-election lost for term 1. Reason: could not achieve majority
I1031 23:09:04.922669 30537 raft_consensus.cc:411] T bb4c891b261b42ef9b983f46cefef6ae P 23f962e4a1744381ad5fa0d2d8b10241 [term 0 FOLLOWER]: Starting pre-election (no leader contacted us within the election timeout)
I1031 23:09:04.922696 30537 raft_consensus.cc:2162] T bb4c891b261b42ef9b983f46cefef6ae P 23f962e4a1744381ad5fa0d2d8b10241 [term 0 FOLLOWER]: Snoozing failure detection for election timeout plus an additional 2.109s
I1031 23:09:04.922734 30537 raft_consensus.cc:435] T bb4c891b261b42ef9b983f46cefef6ae P 23f962e4a1744381ad5fa0d2d8b10241 [term 0 FOLLOWER]: Starting pre-election with config: opid_index: -1 OBSOLETE_local: false peers { permanent_uuid: "23f962e4a1744381ad5fa0d2d8b10241" member_type: VOTER last_known_addr { host: "c3-kudu-tst-st07.bj" port: 18700 } } peers { permanent_uuid: "193181be29284287b25df2ee92938f0b" member_type: VOTER last_known_addr { host: "c3-kudu-tst-st08.bj" port: 18700 } } peers { permanent_uuid: "044f1da9a27c46acb82b1386f829f4dc" member_type: VOTER last_known_addr { host: "c3-kudu-tst-st03.bj" port: 18700 } }
I1031 23:09:04.923246 30537 leader_election.cc:216] T bb4c891b261b42ef9b983f46cefef6ae P 23f962e4a1744381ad5fa0d2d8b10241 [CANDIDATE]: Term 1 pre-election: Requesting pre-vote from peer 193181be29284287b25df2ee92938f0b
I1031 23:09:04.923295 30537 leader_election.cc:216] T bb4c891b261b42ef9b983f46cefef6ae P 23f962e4a1744381ad5fa0d2d8b10241 [CANDIDATE]: Term 1 pre-election: Requesting pre-vote from peer 044f1da9a27c46acb82b1386f829f4dc
I1031 23:09:04.923636 32773 leader_election.cc:362] T bb4c891b261b42ef9b983f46cefef6ae P 23f962e4a1744381ad5fa0d2d8b10241 [CANDIDATE]: Term 1 pre-election: Vote denied by peer 044f1da9a27c46acb82b1386f829f4dc. Message: Invalid argument: T bb4c891b261b42ef9b983f46cefef6ae P 044f1da9a27c46acb82b1386f829f4dc [term 1 FOLLOWER]: Leader pre-election vote request: Denying vote to candidate 23f962e4a1744381ad5fa0d2d8b10241 for term 1 because replica is either leader or believes a valid leader to be alive.
I1031 23:09:04.923739 32772 leader_election.cc:362] T bb4c891b261b42ef9b983f46cefef6ae P 23f962e4a1744381ad5fa0d2d8b10241 [CANDIDATE]: Term 1 pre-election: Vote denied by peer 193181be29284287b25df2ee92938f0b. Message: Invalid argument: T bb4c891b261b42ef9b983f46cefef6ae P 193181be29284287b25df2ee92938f0b [term 1 LEADER]: Leader pre-election vote request: Denying vote to candidate 23f962e4a1744381ad5fa0d2d8b10241 for term 1 because replica is either leader or believes a valid leader to be alive.
I1031 23:09:04.923759 32772 leader_election.cc:243] T bb4c891b261b42ef9b983f46cefef6ae P 23f962e4a1744381ad5fa0d2d8b10241 [CANDIDATE]: Term 1 pre-election: Election decided. Result: candidate lost.
I1031 23:09:04.923852 30544 raft_consensus.cc:2162] T bb4c891b261b42ef9b983f46cefef6ae P 23f962e4a1744381ad5fa0d2d8b10241 [term 0 FOLLOWER]: Snoozing failure detection for election timeout plus an additional 1.561s
I1031 23:09:04.923873 30544 raft_consensus.cc:2206] T bb4c891b261b42ef9b983f46cefef6ae P 23f962e4a1744381ad5fa0d2d8b10241 [term 0 FOLLOWER]: Advancing to term 1
I1031 23:09:04.970232 30465 raft_consensus.cc:411] T c1be6b6a217c475b9aed375afd1f491b P 23f962e4a1744381ad5fa0d2d8b10241 [term 0 FOLLOWER]: Starting pre-election (no leader contacted us within the election timeout)
I1031 23:09:04.970263 30465 raft_consensus.cc:2162] T c1be6b6a217c475b9aed375afd1f491b P 23f962e4a1744381ad5fa0d2d8b10241 [term 0 FOLLOWER]: Snoozing failure detection for election timeout plus an additional 1.522s
I1031 23:09:04.970316 30465 raft_consensus.cc:435] T c1be6b6a217c475b9aed375afd1f491b P 23f962e4a1744381ad5fa0d2d8b10241 [term 0 FOLLOWER]: Starting pre-election with config: opid_index: -1 OBSOLETE_local: false peers { permanent_uuid: "0fc477287c154136abc1e2f3c82fb7f9" member_type: VOTER last_known_addr { host: "c3-kudu-tst-st04.bj" port: 18700 } } peers { permanent_uuid: "23f962e4a1744381ad5fa0d2d8b10241" member_type: VOTER last_known_addr { host: "c3-kudu-tst-st07.bj" port: 18700 } } peers { permanent_uuid: "d3eb30bd1bc34b95902fa61724239553" member_type: VOTER last_known_addr { host: "c3-kudu-tst-st05.bj" port: 18700 } }
I1031 23:09:04.970788 30465 leader_election.cc:216] T c1be6b6a217c475b9aed375afd1f491b P 23f962e4a1744381ad5fa0d2d8b10241 [CANDIDATE]: Term 1 pre-election: Requesting pre-vote from peer 0fc477287c154136abc1e2f3c82fb7f9
I1031 23:09:04.970816 30465 leader_election.cc:216] T c1be6b6a217c475b9aed375afd1f491b P 23f962e4a1744381ad5fa0d2d8b10241 [CANDIDATE]: Term 1 pre-election: Requesting pre-vote from peer d3eb30bd1bc34b95902fa61724239553
I1031 23:09:04.971099 32772 leader_election.cc:362] T c1be6b6a217c475b9aed375afd1f491b P 23f962e4a1744381ad5fa0d2d8b10241 [CANDIDATE]: Term 1 pre-election: Vote denied by peer d3eb30bd1bc34b95902fa61724239553. Message: Invalid argument: T c1be6b6a217c475b9aed375afd1f491b P d3eb30bd1bc34b95902fa61724239553 [term 1 FOLLOWER]: Leader pre-election vote request: Denying vote to candidate 23f962e4a1744381ad5fa0d2d8b10241 for term 1 because replica is either leader or believes a valid leader to be alive.
I1031 23:09:04.971222 32771 leader_election.cc:362] T c1be6b6a217c475b9aed375afd1f491b P 23f962e4a1744381ad5fa0d2d8b10241 [CANDIDATE]: Term 1 pre-election: Vote denied by peer 0fc477287c154136abc1e2f3c82fb7f9. Message: Invalid argument: T c1be6b6a217c475b9aed375afd1f491b P 0fc477287c154136abc1e2f3c82fb7f9 [term 1 LEADER]: Leader pre-election vote request: Denying vote to candidate 23f962e4a1744381ad5fa0d2d8b10241 for term 1 because replica is either leader or believes a valid leader to be alive.
I1031 23:09:04.971245 32771 leader_election.cc:243] T c1be6b6a217c475b9aed375afd1f491b P 23f962e4a1744381ad5fa0d2d8b10241 [CANDIDATE]: Term 1 pre-election: Election decided. Result: candidate lost.
I1031 23:09:04.971295 30472 raft_consensus.cc:2162] T c1be6b6a217c475b9aed375afd1f491b P 23f962e4a1744381ad5fa0d2d8b10241 [term 0 FOLLOWER]: Snoozing failure detection for election timeout plus an additional 1.683s
I1031 23:09:04.971321 30472 raft_consensus.cc:2206] T c1be6b6a217c475b9aed375afd1f491b P 23f962e4a1744381ad5fa0d2d8b10241 [term 0 FOLLOWER]: Advancing to term 1
I1031 23:09:04.991638 30544 raft_consensus.cc:1908] T bb4c891b261b42ef9b983f46cefef6ae P 23f962e4a1744381ad5fa0d2d8b10241 [term 1 FOLLOWER]: Leader pre-election lost for term 1. Reason: could not achieve majority
I1031 23:09:04.991720 30472 raft_consensus.cc:1908] T c1be6b6a217c475b9aed375afd1f491b P 23f962e4a1744381ad5fa0d2d8b10241 [term 1 FOLLOWER]: Leader pre-election lost for term 1. Reason: could not achieve majority
I1031 23:09:05.009945 32831 raft_consensus.cc:918] T 13f1cd14968447f7951d92ce30c4b7c0 P 23f962e4a1744381ad5fa0d2d8b10241 [term 1 FOLLOWER]: Refusing update from remote peer 044f1da9a27c46acb82b1386f829f4dc: Log matching property violated. Preceding OpId in replica: term: 0 index: 0. Preceding OpId from leader: term: 1 index: 1. (index mismatch)
I1031 23:09:05.010702 32827 raft_consensus.cc:918] T bb4c891b261b42ef9b983f46cefef6ae P 23f962e4a1744381ad5fa0d2d8b10241 [term 1 FOLLOWER]: Refusing update from remote peer 193181be29284287b25df2ee92938f0b: Log matching property violated. Preceding OpId in replica: term: 0 index: 0. Preceding OpId from leader: term: 1 index: 1. (index mismatch)
I1031 23:09:05.013514 32827 raft_consensus.cc:918] T c1be6b6a217c475b9aed375afd1f491b P 23f962e4a1744381ad5fa0d2d8b10241 [term 1 FOLLOWER]: Refusing update from remote peer 0fc477287c154136abc1e2f3c82fb7f9: Log matching property violated. Preceding OpId in replica: term: 0 index: 0. Preceding OpId from leader: term: 1 index: 1. (index mismatch)
I1031 23:09:05.028066 32827 raft_consensus.cc:2206] T 47eeb8448c454968a45bf1a984427b25 P 23f962e4a1744381ad5fa0d2d8b10241 [term 0 FOLLOWER]: Advancing to term 1
I1031 23:09:05.028425 32827 raft_consensus.cc:918] T 47eeb8448c454968a45bf1a984427b25 P 23f962e4a1744381ad5fa0d2d8b10241 [term 1 FOLLOWER]: Refusing update from remote peer 0a8bbcbbb5a6459aa5258464755db3bb: Log matching property violated. Preceding OpId in replica: term: 0 index: 0. Preceding OpId from leader: term: 1 index: 1. (index mismatch)
I1031 23:09:05.075750 32831 raft_consensus.cc:2206] T 68aa6071fa594e79958cddb8489a1f0c P 23f962e4a1744381ad5fa0d2d8b10241 [term 0 FOLLOWER]: Advancing to term 1
I1031 23:09:05.076133 32831 raft_consensus.cc:918] T 68aa6071fa594e79958cddb8489a1f0c P 23f962e4a1744381ad5fa0d2d8b10241 [term 1 FOLLOWER]: Refusing update from remote peer 0a8bbcbbb5a6459aa5258464755db3bb: Log matching property violated. Preceding OpId in replica: term: 0 index: 0. Preceding OpId from leader: term: 1 index: 1. (index mismatch)
I1031 23:09:05.088610 32760 tablet.cc:1259] T 03802df37c9543298202506697cc8906 P 23f962e4a1744381ad5fa0d2d8b10241: Flush: entering phase 2 (starting to duplicate updates in new rowsets)
I1031 23:09:05.089673 32760 tablet.cc:1314] T 03802df37c9543298202506697cc8906 P 23f962e4a1744381ad5fa0d2d8b10241: Flush Phase 2: carrying over any updates which arrived during Phase 1
I1031 23:09:05.089691 32760 tablet.cc:1316] T 03802df37c9543298202506697cc8906 P 23f962e4a1744381ad5fa0d2d8b10241: Phase 2 snapshot: MvccSnapshot[committed={T|T < 6182758582111772672 or (T in {6182758582111772672})}]
I1031 23:09:05.106129 30468 raft_consensus.cc:411] T cc323d8862bb429490b7ef96568245c5 P 23f962e4a1744381ad5fa0d2d8b10241 [term 0 FOLLOWER]: Starting pre-election (no leader contacted us within the election timeout)
I1031 23:09:05.106160 30468 raft_consensus.cc:2162] T cc323d8862bb429490b7ef96568245c5 P 23f962e4a1744381ad5fa0d2d8b10241 [term 0 FOLLOWER]: Snoozing failure detection for election timeout plus an additional 1.856s
I1031 23:09:05.106197 30468 raft_consensus.cc:435] T cc323d8862bb429490b7ef96568245c5 P 23f962e4a1744381ad5fa0d2d8b10241 [term 0 FOLLOWER]: Starting pre-election with config: opid_index: -1 OBSOLETE_local: false peers { permanent_uuid: "193181be29284287b25df2ee92938f0b" member_type: VOTER last_known_addr { host: "c3-kudu-tst-st08.bj" port: 18700 } } peers { permanent_uuid: "044f1da9a27c46acb82b1386f829f4dc" member_type: VOTER last_known_addr { host: "c3-kudu-tst-st03.bj" port: 18700 } } peers { permanent_uuid: "23f962e4a1744381ad5fa0d2d8b10241" member_type: VOTER last_known_addr { host: "c3-kudu-tst-st07.bj" port: 18700 } }
I1031 23:09:05.106724 30468 leader_election.cc:216] T cc323d8862bb429490b7ef96568245c5 P 23f962e4a1744381ad5fa0d2d8b10241 [CANDIDATE]: Term 1 pre-election: Requesting pre-vote from peer 193181be29284287b25df2ee92938f0b
I1031 23:09:05.106765 30468 leader_election.cc:216] T cc323d8862bb429490b7ef96568245c5 P 23f962e4a1744381ad5fa0d2d8b10241 [CANDIDATE]: Term 1 pre-election: Requesting pre-vote from peer 044f1da9a27c46acb82b1386f829f4dc
I1031 23:09:05.107041 32773 leader_election.cc:362] T cc323d8862bb429490b7ef96568245c5 P 23f962e4a1744381ad5fa0d2d8b10241 [CANDIDATE]: Term 1 pre-election: Vote denied by peer 044f1da9a27c46acb82b1386f829f4dc. Message: Invalid argument: T cc323d8862bb429490b7ef96568245c5 P 044f1da9a27c46acb82b1386f829f4dc [term 1 LEADER]: Leader pre-election vote request: Denying vote to candidate 23f962e4a1744381ad5fa0d2d8b10241 for term 1 because replica is either leader or believes a valid leader to be alive.
I1031 23:09:05.107075 32772 leader_election.cc:362] T cc323d8862bb429490b7ef96568245c5 P 23f962e4a1744381ad5fa0d2d8b10241 [CANDIDATE]: Term 1 pre-election: Vote denied by peer 193181be29284287b25df2ee92938f0b. Message: Invalid argument: T cc323d8862bb429490b7ef96568245c5 P 193181be29284287b25df2ee92938f0b [term 1 FOLLOWER]: Leader pre-election vote request: Denying vote to candidate 23f962e4a1744381ad5fa0d2d8b10241 for term 1 because replica is either leader or believes a valid leader to be alive.
I1031 23:09:05.107089 32772 leader_election.cc:243] T cc323d8862bb429490b7ef96568245c5 P 23f962e4a1744381ad5fa0d2d8b10241 [CANDIDATE]: Term 1 pre-election: Election decided. Result: candidate lost.
I1031 23:09:05.107158 30477 raft_consensus.cc:2162] T cc323d8862bb429490b7ef96568245c5 P 23f962e4a1744381ad5fa0d2d8b10241 [term 0 FOLLOWER]: Snoozing failure detection for election timeout plus an additional 2.097s
I1031 23:09:05.107179 30477 raft_consensus.cc:2206] T cc323d8862bb429490b7ef96568245c5 P 23f962e4a1744381ad5fa0d2d8b10241 [term 0 FOLLOWER]: Advancing to term 1
I1031 23:09:05.107647 30477 raft_consensus.cc:1908] T cc323d8862bb429490b7ef96568245c5 P 23f962e4a1744381ad5fa0d2d8b10241 [term 1 FOLLOWER]: Leader pre-election lost for term 1. Reason: could not achieve majority
I1031 23:09:05.109177 32831 raft_consensus.cc:918] T cc323d8862bb429490b7ef96568245c5 P 23f962e4a1744381ad5fa0d2d8b10241 [term 1 FOLLOWER]: Refusing update from remote peer 044f1da9a27c46acb82b1386f829f4dc: Log matching property violated. Preceding OpId in replica: term: 0 index: 0. Preceding OpId from leader: term: 1 index: 1. (index mismatch)
I1031 23:09:05.114826 32831 raft_consensus.cc:918] T 991306ec7acb449c89e5dd29d90e8d55 P 23f962e4a1744381ad5fa0d2d8b10241 [term 1 FOLLOWER]: Refusing update from remote peer 0f53a0d3ef7e44ebb0365c800752d5bd: Log matching property violated. Preceding OpId in replica: term: 0 index: 0. Preceding OpId from leader: term: 1 index: 1. (index mismatch)
I1031 23:09:05.130522 32831 raft_consensus.cc:2206] T fcde65c4e4cf4df29b9ef9884ce292b2 P 23f962e4a1744381ad5fa0d2d8b10241 [term 0 FOLLOWER]: Advancing to term 1
I1031 23:09:05.134865 32831 raft_consensus.cc:918] T fcde65c4e4cf4df29b9ef9884ce292b2 P 23f962e4a1744381ad5fa0d2d8b10241 [term 1 FOLLOWER]: Refusing update from remote peer 0f53a0d3ef7e44ebb0365c800752d5bd: Log matching property violated. Preceding OpId in replica: term: 0 index: 0. Preceding OpId from leader: term: 1 index: 1. (index mismatch)
I1031 23:09:05.269290 32807 ts_tablet_manager.cc:1032] T 005a48fb466c4a52896842dd00124755 P 23f962e4a1744381ad5fa0d2d8b10241: Tablet deleted. Last logged OpId: 0.0
I1031 23:09:05.269338 32807 log.cc:876] T 005a48fb466c4a52896842dd00124755 P 23f962e4a1744381ad5fa0d2d8b10241: Deleting WAL directory at /home/work/app/kudu/c3prc-kernel65/kudu_tablet_server/hdd1/wals/005a48fb466c4a52896842dd00124755
I1031 23:09:05.269522 32807 consensus_meta.cc:71] T 005a48fb466c4a52896842dd00124755 Deleting consensus metadata
I1031 23:09:05.294723 32805 ts_tablet_manager.cc:1032] T f0a40a8745bb4f4abbe8b304ebc7626c P 23f962e4a1744381ad5fa0d2d8b10241: Tablet deleted. Last logged OpId: 0.0
I1031 23:09:05.294750 32805 log.cc:876] T f0a40a8745bb4f4abbe8b304ebc7626c P 23f962e4a1744381ad5fa0d2d8b10241: Deleting WAL directory at /home/work/app/kudu/c3prc-kernel65/kudu_tablet_server/hdd1/wals/f0a40a8745bb4f4abbe8b304ebc7626c
I1031 23:09:05.294878 32805 consensus_meta.cc:71] T f0a40a8745bb4f4abbe8b304ebc7626c Deleting consensus metadata
I1031 23:09:05.480214 32802 ts_tablet_manager.cc:1032] T 46fc46e028434bc69f467922a9a59101 P 23f962e4a1744381ad5fa0d2d8b10241: Tablet deleted. Last logged OpId: 0.0
I1031 23:09:05.480249 32802 log.cc:876] T 46fc46e028434bc69f467922a9a59101 P 23f962e4a1744381ad5fa0d2d8b10241: Deleting WAL directory at /home/work/app/kudu/c3prc-kernel65/kudu_tablet_server/hdd1/wals/46fc46e028434bc69f467922a9a59101
I1031 23:09:05.480401 32802 consensus_meta.cc:71] T 46fc46e028434bc69f467922a9a59101 Deleting consensus metadata
I1031 23:09:05.505640 32809 ts_tablet_manager.cc:1032] T f49a4f915ac048b096fcb5f4878f436d P 23f962e4a1744381ad5fa0d2d8b10241: Tablet deleted. Last logged OpId: 0.0
I1031 23:09:05.505671 32809 log.cc:876] T f49a4f915ac048b096fcb5f4878f436d P 23f962e4a1744381ad5fa0d2d8b10241: Deleting WAL directory at /home/work/app/kudu/c3prc-kernel65/kudu_tablet_server/hdd1/wals/f49a4f915ac048b096fcb5f4878f436d
I1031 23:09:05.505820 32809 consensus_meta.cc:71] T f49a4f915ac048b096fcb5f4878f436d Deleting consensus metadata
I1031 23:09:05.539974 32818 ts_tablet_manager.cc:1032] T f2af422919fd4560bd6441509a68d64b P 23f962e4a1744381ad5fa0d2d8b10241: Tablet deleted. Last logged OpId: 0.0
I1031 23:09:05.540055 32818 log.cc:876] T f2af422919fd4560bd6441509a68d64b P 23f962e4a1744381ad5fa0d2d8b10241: Deleting WAL directory at /home/work/app/kudu/c3prc-kernel65/kudu_tablet_server/hdd1/wals/f2af422919fd4560bd6441509a68d64b
I1031 23:09:05.540269 32818 consensus_meta.cc:71] T f2af422919fd4560bd6441509a68d64b Deleting consensus metadata
I1031 23:09:05.573804 32810 ts_tablet_manager.cc:1032] T 4b81a7f36c9a4b24a3294e39fdf19d9d P 23f962e4a1744381ad5fa0d2d8b10241: Tablet deleted. Last logged OpId: 0.0
I1031 23:09:05.573837 32810 log.cc:876] T 4b81a7f36c9a4b24a3294e39fdf19d9d P 23f962e4a1744381ad5fa0d2d8b10241: Deleting WAL directory at /home/work/app/kudu/c3prc-kernel65/kudu_tablet_server/hdd1/wals/4b81a7f36c9a4b24a3294e39fdf19d9d
I1031 23:09:05.573956 32810 consensus_meta.cc:71] T 4b81a7f36c9a4b24a3294e39fdf19d9d Deleting consensus metadata
I1031 23:09:05.599175 32813 ts_tablet_manager.cc:1032] T 32984b820db347e1b2d4d0786cf221f2 P 23f962e4a1744381ad5fa0d2d8b10241: Tablet deleted. Last logged OpId: 0.0
I1031 23:09:05.599242 32813 log.cc:876] T 32984b820db347e1b2d4d0786cf221f2 P 23f962e4a1744381ad5fa0d2d8b10241: Deleting WAL directory at /home/work/app/kudu/c3prc-kernel65/kudu_tablet_server/hdd1/wals/32984b820db347e1b2d4d0786cf221f2
I1031 23:09:05.599390 32813 consensus_meta.cc:71] T 32984b820db347e1b2d4d0786cf221f2 Deleting consensus metadata
I1031 23:09:05.632755 32817 ts_tablet_manager.cc:1032] T b758ec3274c84dcbb110cf5aa3dca9aa P 23f962e4a1744381ad5fa0d2d8b10241: Tablet deleted. Last logged OpId: 0.0
I1031 23:09:05.632789 32817 log.cc:876] T b758ec3274c84dcbb110cf5aa3dca9aa P 23f962e4a1744381ad5fa0d2d8b10241: Deleting WAL directory at /home/work/app/kudu/c3prc-kernel65/kudu_tablet_server/hdd1/wals/b758ec3274c84dcbb110cf5aa3dca9aa
I1031 23:09:05.632920 32817 consensus_meta.cc:71] T b758ec3274c84dcbb110cf5aa3dca9aa Deleting consensus metadata
I1031 23:09:05.691910 32804 ts_tablet_manager.cc:1032] T 012b21c0f95e4dd594076018fd6fdb7e P 23f962e4a1744381ad5fa0d2d8b10241: Tablet deleted. Last logged OpId: 0.0
I1031 23:09:05.691961 32804 log.cc:876] T 012b21c0f95e4dd594076018fd6fdb7e P 23f962e4a1744381ad5fa0d2d8b10241: Deleting WAL directory at /home/work/app/kudu/c3prc-kernel65/kudu_tablet_server/hdd1/wals/012b21c0f95e4dd594076018fd6fdb7e
I1031 23:09:05.692080 32804 consensus_meta.cc:71] T 012b21c0f95e4dd594076018fd6fdb7e Deleting consensus metadata
I1031 23:09:05.717308 32806 ts_tablet_manager.cc:1032] T 27f651ff46ca4722b064a85e795dcaa4 P 23f962e4a1744381ad5fa0d2d8b10241: Tablet deleted. Last logged OpId: 0.0
I1031 23:09:05.717336 32806 log.cc:876] T 27f651ff46ca4722b064a85e795dcaa4 P 23f962e4a1744381ad5fa0d2d8b10241: Deleting WAL directory at /home/work/app/kudu/c3prc-kernel65/kudu_tablet_server/hdd1/wals/27f651ff46ca4722b064a85e795dcaa4
I1031 23:09:05.717453 32806 consensus_meta.cc:71] T 27f651ff46ca4722b064a85e795dcaa4 Deleting consensus metadata
I1031 23:09:05.742624 32811 ts_tablet_manager.cc:1032] T d67c8d7da92f4f10b75858f21d80f8c4 P 23f962e4a1744381ad5fa0d2d8b10241: Tablet deleted. Last logged OpId: 0.0
I1031 23:09:05.742677 32811 log.cc:876] T d67c8d7da92f4f10b75858f21d80f8c4 P 23f962e4a1744381ad5fa0d2d8b10241: Deleting WAL directory at /home/work/app/kudu/c3prc-kernel65/kudu_tablet_server/hdd1/wals/d67c8d7da92f4f10b75858f21d80f8c4
I1031 23:09:05.742802 32811 consensus_meta.cc:71] T d67c8d7da92f4f10b75858f21d80f8c4 Deleting consensus metadata
I1031 23:09:05.784639 32809 rpcz_store.cc:248] Call kudu.tserver.TabletServerAdminService.DeleteTablet from 10.108.187.10:62607 (request call id 287) took 1068ms. Request Metrics: {"fdatasync":2,"fdatasync_us":311962}
I1031 23:09:05.784639 32802 rpcz_store.cc:248] Call kudu.tserver.TabletServerAdminService.DeleteTablet from 10.108.187.10:62607 (request call id 290) took 1065ms. Request Metrics: {"fdatasync":2,"fdatasync_us":307907}
I1031 23:09:05.784920 32818 rpcz_store.cc:248] Call kudu.tserver.TabletServerAdminService.DeleteTablet from 10.108.187.10:62607 (request call id 299) took 1044ms. Request Metrics: {"fdatasync":2,"fdatasync_us":289658}
I1031 23:09:05.818397 32810 rpcz_store.cc:248] Call kudu.tserver.TabletServerAdminService.DeleteTablet from 10.108.187.10:62607 (request call id 296) took 1095ms. Request Metrics: {"fdatasync":2,"fdatasync_us":306033}
I1031 23:09:05.818460 32813 rpcz_store.cc:248] Call kudu.tserver.TabletServerAdminService.DeleteTablet from 10.108.187.10:62607 (request call id 300) took 1077ms. Request Metrics: {"fdatasync":2,"fdatasync_us":288839}
I1031 23:09:05.819526 32760 tablet.cc:1358] T 03802df37c9543298202506697cc8906 P 23f962e4a1744381ad5fa0d2d8b10241: Flush successful on 2029 rows (311919 bytes)
I1031 23:09:05.819885 32760 maintenance_manager.cc:419] Time spent running FlushMRSOp(03802df37c9543298202506697cc8906): real 1.139s user 0.019s sys 0.000s
I1031 23:09:05.819924 32760 maintenance_manager.cc:425] P 23f962e4a1744381ad5fa0d2d8b10241: FlushMRSOp(03802df37c9543298202506697cc8906) metrics: {"cfile_init":1,"data dir 4.queue_time_us":331,"data dir 4.run_cpu_time_us":118,"data dir 4.run_wall_time_us":23300,"fdatasync":29,"fdatasync_us":426401,"lbm_read_time_us":5,"lbm_reads_lt_1ms":4,"lbm_write_time_us":744,"lbm_writes_lt_1ms":87,"tcmalloc_contention_cycles":194560,"thread_start_us":319,"threads_started":1}
I1031 23:09:05.843828 32814 ts_tablet_manager.cc:1032] T 0ea66c65e2d4445eb9cc83ba7ee1448b P 23f962e4a1744381ad5fa0d2d8b10241: Tablet deleted. Last logged OpId: 0.0
I1031 23:09:05.843871 32814 log.cc:876] T 0ea66c65e2d4445eb9cc83ba7ee1448b P 23f962e4a1744381ad5fa0d2d8b10241: Deleting WAL directory at /home/work/app/kudu/c3prc-kernel65/kudu_tablet_server/hdd1/wals/0ea66c65e2d4445eb9cc83ba7ee1448b
I1031 23:09:05.843917 32817 rpcz_store.cc:248] Call kudu.tserver.TabletServerAdminService.DeleteTablet from 10.108.187.10:62607 (request call id 293) took 1122ms. Request Metrics: {"fdatasync":2,"fdatasync_us":306332}
I1031 23:09:05.844005 32814 consensus_meta.cc:71] T 0ea66c65e2d4445eb9cc83ba7ee1448b Deleting consensus metadata
I1031 23:09:05.869109 32801 ts_tablet_manager.cc:1032] T 5110f0095bd94f67abf0aad906332efe P 23f962e4a1744381ad5fa0d2d8b10241: Tablet deleted. Last logged OpId: 0.0
I1031 23:09:05.869135 32801 log.cc:876] T 5110f0095bd94f67abf0aad906332efe P 23f962e4a1744381ad5fa0d2d8b10241: Deleting WAL directory at /home/work/app/kudu/c3prc-kernel65/kudu_tablet_server/hdd1/wals/5110f0095bd94f67abf0aad906332efe
I1031 23:09:05.869246 32804 rpcz_store.cc:248] Call kudu.tserver.TabletServerAdminService.DeleteTablet from 10.108.187.10:62607 (request call id 298) took 1130ms. Request Metrics: {"fdatasync":2,"fdatasync_us":290468}
I1031 23:09:05.869256 32806 rpcz_store.cc:248] Call kudu.tserver.TabletServerAdminService.DeleteTablet from 10.108.187.10:62607 (request call id 286) took 1154ms. Request Metrics: {"fdatasync":2,"fdatasync_us":313441,"mutex_wait_us":44}
I1031 23:09:05.869292 32801 consensus_meta.cc:71] T 5110f0095bd94f67abf0aad906332efe Deleting consensus metadata
I1031 23:09:05.869341 32811 rpcz_store.cc:248] Call kudu.tserver.TabletServerAdminService.DeleteTablet from 10.108.187.10:62607 (request call id 297) took 1146ms. Request Metrics: {"fdatasync":2,"fdatasync_us":305530}
I1031 23:09:05.903044 32815 ts_tablet_manager.cc:1032] T 80ba7f33ec864c5f96c61932edb5cdc4 P 23f962e4a1744381ad5fa0d2d8b10241: Tablet deleted. Last logged OpId: 0.0
I1031 23:09:05.903085 32815 log.cc:876] T 80ba7f33ec864c5f96c61932edb5cdc4 P 23f962e4a1744381ad5fa0d2d8b10241: Deleting WAL directory at /home/work/app/kudu/c3prc-kernel65/kudu_tablet_server/hdd1/wals/80ba7f33ec864c5f96c61932edb5cdc4
I1031 23:09:05.903192 32814 rpcz_store.cc:248] Call kudu.tserver.TabletServerAdminService.DeleteTablet from 10.108.187.10:62607 (request call id 292) took 1183ms. Request Metrics: {"fdatasync":2,"fdatasync_us":307310}
I1031 23:09:05.903204 32815 consensus_meta.cc:71] T 80ba7f33ec864c5f96c61932edb5cdc4 Deleting consensus metadata
I1031 23:09:05.928447 32803 ts_tablet_manager.cc:1032] T bff7dab34ccd4b42842077e82106f6fb P 23f962e4a1744381ad5fa0d2d8b10241: Tablet deleted. Last logged OpId: 0.0
I1031 23:09:05.928506 32803 log.cc:876] T bff7dab34ccd4b42842077e82106f6fb P 23f962e4a1744381ad5fa0d2d8b10241: Deleting WAL directory at /home/work/app/kudu/c3prc-kernel65/kudu_tablet_server/hdd1/wals/bff7dab34ccd4b42842077e82106f6fb
I1031 23:09:05.928565 32801 rpcz_store.cc:248] Call kudu.tserver.TabletServerAdminService.DeleteTablet from 10.108.187.10:62607 (request call id 289) took 1211ms. Request Metrics: {"fdatasync":2,"fdatasync_us":311538}
I1031 23:09:05.928594 32815 rpcz_store.cc:248] Call kudu.tserver.TabletServerAdminService.DeleteTablet from 10.108.187.10:62607 (request call id 291) took 1209ms. Request Metrics: {"fdatasync":2,"fdatasync_us":308027,"mutex_wait_us":5}
I1031 23:09:05.928670 32803 consensus_meta.cc:71] T bff7dab34ccd4b42842077e82106f6fb Deleting consensus metadata
I1031 23:09:05.928793 32803 rpcz_store.cc:248] Call kudu.tserver.TabletServerAdminService.DeleteTablet from 10.108.187.10:62607 (request call id 295) took 1205ms. Request Metrics: {"fdatasync":2,"fdatasync_us":305365}
I1031 23:09:05.964252 32760 tablet.cc:911] T 2765976a053c4287874c0cb2fb7781b2 P 23f962e4a1744381ad5fa0d2d8b10241: Flush: entering stage 1 (old memrowset already frozen for inserts)
I1031 23:09:05.964273 32760 compaction.cc:877] Selected 1 rowsets to compact:
I1031 23:09:05.964282 32760 compaction.cc:880] memrowset(current size on disk: ~0 bytes)
I1031 23:09:05.964287 32760 tablet.cc:913] T 2765976a053c4287874c0cb2fb7781b2 P 23f962e4a1744381ad5fa0d2d8b10241: Memstore in-memory size: 1019671 bytes
I1031 23:09:05.964295 32760 tablet.cc:1174] T 2765976a053c4287874c0cb2fb7781b2 P 23f962e4a1744381ad5fa0d2d8b10241: Flush: entering phase 1 (flushing snapshot). Phase 1 snapshot: MvccSnapshot[committed={T|T < 6182758586410422272 or (T in {6182758586410422272})}]
I1031 23:09:05.964409 32760 multi_column_writer.cc:85] Opened CFile writer for column olap_date[int32 NOT NULL]
I1031 23:09:05.964448 32760 multi_column_writer.cc:85] Opened CFile writer for column timestamp[int64 NOT NULL]
I1031 23:09:05.964480 32760 multi_column_writer.cc:85] Opened CFile writer for column tweet_id[int64 NOT NULL]
I1031 23:09:05.964520 32760 multi_column_writer.cc:85] Opened CFile writer for column created_at[string NULLABLE]
I1031 23:09:05.964566 32760 multi_column_writer.cc:85] Opened CFile writer for column text[string NULLABLE]
I1031 23:09:05.964601 32760 multi_column_writer.cc:85] Opened CFile writer for column source[string NULLABLE]
I1031 23:09:05.964633 32760 multi_column_writer.cc:85] Opened CFile writer for column user_id[int64 NULLABLE]
I1031 23:09:05.964682 32760 multi_column_writer.cc:85] Opened CFile writer for column user_name[string NULLABLE]
I1031 23:09:05.964714 32760 multi_column_writer.cc:85] Opened CFile writer for column user_location[string NULLABLE]
I1031 23:09:05.964745 32760 multi_column_writer.cc:85] Opened CFile writer for column user_followers_count[int32 NULLABLE]
I1031 23:09:05.964771 32760 multi_column_writer.cc:85] Opened CFile writer for column user_friends_count[int32 NULLABLE]
I1031 23:09:06.016544 27541 raft_consensus.cc:411] T 69b4b5f037014f10bfab077f3f98ca49 P 23f962e4a1744381ad5fa0d2d8b10241 [term 0 FOLLOWER]: Starting pre-election (no leader contacted us within the election timeout)
I1031 23:09:06.016602 27541 raft_consensus.cc:2162] T 69b4b5f037014f10bfab077f3f98ca49 P 23f962e4a1744381ad5fa0d2d8b10241 [term 0 FOLLOWER]: Snoozing failure detection for election timeout plus an additional 14.907s
I1031 23:09:06.016649 27541 raft_consensus.cc:435] T 69b4b5f037014f10bfab077f3f98ca49 P 23f962e4a1744381ad5fa0d2d8b10241 [term 0 FOLLOWER]: Starting pre-election with config: opid_index: -1 OBSOLETE_local: false peers { permanent_uuid: "23f962e4a1744381ad5fa0d2d8b10241" member_type: VOTER last_known_addr { host: "c3-kudu-tst-st07.bj" port: 18700 } } peers { permanent_uuid: "0a8bbcbbb5a6459aa5258464755db3bb" member_type: VOTER last_known_addr { host: "c3-kudu-tst-st02.bj" port: 18700 } } peers { permanent_uuid: "625f49b9554549e6a5c3a92b76e576cf" member_type: VOTER last_known_addr { host: "c3-kudu-tst-st10.bj" port: 18700 } }
I1031 23:09:06.017282 27541 leader_election.cc:216] T 69b4b5f037014f10bfab077f3f98ca49 P 23f962e4a1744381ad5fa0d2d8b10241 [CANDIDATE]: Term 1 pre-election: Requesting pre-vote from peer 0a8bbcbbb5a6459aa5258464755db3bb
I1031 23:09:06.017324 27541 leader_election.cc:216] T 69b4b5f037014f10bfab077f3f98ca49 P 23f962e4a1744381ad5fa0d2d8b10241 [CANDIDATE]: Term 1 pre-election: Requesting pre-vote from peer 625f49b9554549e6a5c3a92b76e576cf
W1031 23:09:06.017555 32773 leader_election.cc:278] T 69b4b5f037014f10bfab077f3f98ca49 P 23f962e4a1744381ad5fa0d2d8b10241 [CANDIDATE]: Term 1 pre-election: Tablet error from VoteRequest() call to peer 0a8bbcbbb5a6459aa5258464755db3bb: Not found: Tablet not found
W1031 23:09:06.017679 32771 leader_election.cc:278] T 69b4b5f037014f10bfab077f3f98ca49 P 23f962e4a1744381ad5fa0d2d8b10241 [CANDIDATE]: Term 1 pre-election: Tablet error from VoteRequest() call to peer 625f49b9554549e6a5c3a92b76e576cf: Not found: Tablet not found
I1031 23:09:06.017700 32771 leader_election.cc:243] T 69b4b5f037014f10bfab077f3f98ca49 P 23f962e4a1744381ad5fa0d2d8b10241 [CANDIDATE]: Term 1 pre-election: Election decided. Result: candidate lost.
I1031 23:09:06.017835 30566 raft_consensus.cc:2162] T 69b4b5f037014f10bfab077f3f98ca49 P 23f962e4a1744381ad5fa0d2d8b10241 [term 0 FOLLOWER]: Snoozing failure detection for election timeout plus an additional 3.943s
I1031 23:09:06.017854 30566 raft_consensus.cc:1908] T 69b4b5f037014f10bfab077f3f98ca49 P 23f962e4a1744381ad5fa0d2d8b10241 [term 0 FOLLOWER]: Leader pre-election lost for term 1. Reason: could not achieve majority
I1031 23:09:06.266911 32760 tablet.cc:1259] T 2765976a053c4287874c0cb2fb7781b2 P 23f962e4a1744381ad5fa0d2d8b10241: Flush: entering phase 2 (starting to duplicate updates in new rowsets)
I1031 23:09:06.267727 32760 tablet.cc:1314] T 2765976a053c4287874c0cb2fb7781b2 P 23f962e4a1744381ad5fa0d2d8b10241: Flush Phase 2: carrying over any updates which arrived during Phase 1
I1031 23:09:06.267742 32760 tablet.cc:1316] T 2765976a053c4287874c0cb2fb7781b2 P 23f962e4a1744381ad5fa0d2d8b10241: Phase 2 snapshot: MvccSnapshot[committed={T|T < 6182758589227958272 or (T in {6182758589227958272})}]
I1031 23:09:06.321962 32760 tablet.cc:1358] T 2765976a053c4287874c0cb2fb7781b2 P 23f962e4a1744381ad5fa0d2d8b10241: Flush successful on 1970 rows (305448 bytes)
I1031 23:09:06.322244 32760 maintenance_manager.cc:419] Time spent running FlushMRSOp(2765976a053c4287874c0cb2fb7781b2): real 0.359s user 0.014s sys 0.002s
I1031 23:09:06.322276 32760 maintenance_manager.cc:425] P 23f962e4a1744381ad5fa0d2d8b10241: FlushMRSOp(2765976a053c4287874c0cb2fb7781b2) metrics: {"cfile_init":1,"data dir 3.queue_time_us":280,"data dir 3.run_cpu_time_us":150,"data dir 3.run_wall_time_us":14384,"fdatasync":29,"fdatasync_us":317185,"lbm_read_time_us":7,"lbm_reads_lt_1ms":4,"lbm_write_time_us":698,"lbm_writes_lt_1ms":87,"thread_start_us":269,"threads_started":1}
I1031 23:09:06.530439 32760 maintenance_manager.cc:419] Time spent running UndoDeltaBlockGCOp(3a949c88a8864d509b058fddddebc6d2): real 0.044s user 0.002s sys 0.000s
I1031 23:09:06.530545 32760 maintenance_manager.cc:425] P 23f962e4a1744381ad5fa0d2d8b10241: UndoDeltaBlockGCOp(3a949c88a8864d509b058fddddebc6d2) metrics: {"cfile_init":1,"data dir 4.queue_time_us":201,"data dir 4.run_cpu_time_us":75,"data dir 4.run_wall_time_us":75,"fdatasync":1,"fdatasync_us":24793,"lbm_read_time_us":7,"lbm_reads_lt_1ms":4,"thread_start_us":189,"threads_started":1}
I1031 23:09:06.805884 32760 maintenance_manager.cc:419] Time spent running UndoDeltaBlockGCOp(03802df37c9543298202506697cc8906): real 0.049s user 0.002s sys 0.000s
I1031 23:09:06.806036 32760 maintenance_manager.cc:425] P 23f962e4a1744381ad5fa0d2d8b10241: UndoDeltaBlockGCOp(03802df37c9543298202506697cc8906) metrics: {"cfile_init":1,"data dir 7.queue_time_us":242,"data dir 7.run_cpu_time_us":62,"data dir 7.run_wall_time_us":62,"fdatasync":1,"fdatasync_us":30072,"lbm_read_time_us":8,"lbm_reads_lt_1ms":4,"thread_start_us":230,"threads_started":1}
I1031 23:09:06.855870 37675 raft_consensus.cc:411] T ba08e192cf754b30acaccc0ced6d0c1c P 23f962e4a1744381ad5fa0d2d8b10241 [term 0 FOLLOWER]: Starting pre-election (no leader contacted us within the election timeout)
I1031 23:09:06.855924 37675 raft_consensus.cc:2162] T ba08e192cf754b30acaccc0ced6d0c1c P 23f962e4a1744381ad5fa0d2d8b10241 [term 0 FOLLOWER]: Snoozing failure detection for election timeout plus an additional 6.492s
I1031 23:09:06.855973 37675 raft_consensus.cc:435] T ba08e192cf754b30acaccc0ced6d0c1c P 23f962e4a1744381ad5fa0d2d8b10241 [term 0 FOLLOWER]: Starting pre-election with config: opid_index: -1 OBSOLETE_local: false peers { permanent_uuid: "0a8bbcbbb5a6459aa5258464755db3bb" member_type: VOTER last_known_addr { host: "c3-kudu-tst-st02.bj" port: 18700 } } peers { permanent_uuid: "23f962e4a1744381ad5fa0d2d8b10241" member_type: VOTER last_known_addr { host: "c3-kudu-tst-st07.bj" port: 18700 } } peers { permanent_uuid: "044f1da9a27c46acb82b1386f829f4dc" member_type: VOTER last_known_addr { host: "c3-kudu-tst-st03.bj" port: 18700 } }
I1031 23:09:06.856501 37675 leader_election.cc:216] T ba08e192cf754b30acaccc0ced6d0c1c P 23f962e4a1744381ad5fa0d2d8b10241 [CANDIDATE]: Term 1 pre-election: Requesting pre-vote from peer 0a8bbcbbb5a6459aa5258464755db3bb
I1031 23:09:06.856528 37675 leader_election.cc:216] T ba08e192cf754b30acaccc0ced6d0c1c P 23f962e4a1744381ad5fa0d2d8b10241 [CANDIDATE]: Term 1 pre-election: Requesting pre-vote from peer 044f1da9a27c46acb82b1386f829f4dc
W1031 23:09:06.856827 32773 leader_election.cc:278] T ba08e192cf754b30acaccc0ced6d0c1c P 23f962e4a1744381ad5fa0d2d8b10241 [CANDIDATE]: Term 1 pre-election: Tablet error from VoteRequest() call to peer 0a8bbcbbb5a6459aa5258464755db3bb: Not found: Tablet not found
W1031 23:09:06.856935 32773 leader_election.cc:278] T ba08e192cf754b30acaccc0ced6d0c1c P 23f962e4a1744381ad5fa0d2d8b10241 [CANDIDATE]: Term 1 pre-election: Tablet error from VoteRequest() call to peer 044f1da9a27c46acb82b1386f829f4dc: Not found: Tablet not found
I1031 23:09:06.856956 32773 leader_election.cc:243] T ba08e192cf754b30acaccc0ced6d0c1c P 23f962e4a1744381ad5fa0d2d8b10241 [CANDIDATE]: Term 1 pre-election: Election decided. Result: candidate lost.
I1031 23:09:06.857156 30571 raft_consensus.cc:2162] T ba08e192cf754b30acaccc0ced6d0c1c P 23f962e4a1744381ad5fa0d2d8b10241 [term 0 FOLLOWER]: Snoozing failure detection for election timeout plus an additional 1.606s
I1031 23:09:06.857178 30571 raft_consensus.cc:1908] T ba08e192cf754b30acaccc0ced6d0c1c P 23f962e4a1744381ad5fa0d2d8b10241 [term 0 FOLLOWER]: Leader pre-election lost for term 1. Reason: could not achieve majority
I1031 23:09:06.904294 37685 raft_consensus.cc:411] T a56a9d551d3746e59739adec9d8125ea P 23f962e4a1744381ad5fa0d2d8b10241 [term 0 FOLLOWER]: Starting pre-election (no leader contacted us within the election timeout)
I1031 23:09:06.904317 37685 raft_consensus.cc:2162] T a56a9d551d3746e59739adec9d8125ea P 23f962e4a1744381ad5fa0d2d8b10241 [term 0 FOLLOWER]: Snoozing failure detection for election timeout plus an additional 13.428s
I1031 23:09:06.904371 37685 raft_consensus.cc:435] T a56a9d551d3746e59739adec9d8125ea P 23f962e4a1744381ad5fa0d2d8b10241 [term 0 FOLLOWER]: Starting pre-election with config: opid_index: -1 OBSOLETE_local: false peers { permanent_uuid: "193181be29284287b25df2ee92938f0b" member_type: VOTER last_known_addr { host: "c3-kudu-tst-st08.bj" port: 18700 } } peers { permanent_uuid: "23f962e4a1744381ad5fa0d2d8b10241" member_type: VOTER last_known_addr { host: "c3-kudu-tst-st07.bj" port: 18700 } } peers { permanent_uuid: "044f1da9a27c46acb82b1386f829f4dc" member_type: VOTER last_known_addr { host: "c3-kudu-tst-st03.bj" port: 18700 } }
I1031 23:09:06.904852 37685 leader_election.cc:216] T a56a9d551d3746e59739adec9d8125ea P 23f962e4a1744381ad5fa0d2d8b10241 [CANDIDATE]: Term 1 pre-election: Requesting pre-vote from peer 193181be29284287b25df2ee92938f0b
I1031 23:09:06.904875 37685 leader_election.cc:216] T a56a9d551d3746e59739adec9d8125ea P 23f962e4a1744381ad5fa0d2d8b10241 [CANDIDATE]: Term 1 pre-election: Requesting pre-vote from peer 044f1da9a27c46acb82b1386f829f4dc
W1031 23:09:06.905233 32772 leader_election.cc:278] T a56a9d551d3746e59739adec9d8125ea P 23f962e4a1744381ad5fa0d2d8b10241 [CANDIDATE]: Term 1 pre-election: Tablet error from VoteRequest() call to peer 193181be29284287b25df2ee92938f0b: Not found: Tablet not found
W1031 23:09:06.905299 32773 leader_election.cc:278] T a56a9d551d3746e59739adec9d8125ea P 23f962e4a1744381ad5fa0d2d8b10241 [CANDIDATE]: Term 1 pre-election: Tablet error from VoteRequest() call to peer 044f1da9a27c46acb82b1386f829f4dc: Not found: Tablet not found
I1031 23:09:06.905323 32773 leader_election.cc:243] T a56a9d551d3746e59739adec9d8125ea P 23f962e4a1744381ad5fa0d2d8b10241 [CANDIDATE]: Term 1 pre-election: Election decided. Result: candidate lost.
I1031 23:09:06.905493 30572 raft_consensus.cc:2162] T a56a9d551d3746e59739adec9d8125ea P 23f962e4a1744381ad5fa0d2d8b10241 [term 0 FOLLOWER]: Snoozing failure detection for election timeout plus an additional 13.092s
I1031 23:09:06.905514 30572 raft_consensus.cc:1908] T a56a9d551d3746e59739adec9d8125ea P 23f962e4a1744381ad5fa0d2d8b10241 [term 0 FOLLOWER]: Leader pre-election lost for term 1. Reason: could not achieve majority
I1031 23:09:07.073133 32760 maintenance_manager.cc:419] Time spent running UndoDeltaBlockGCOp(2765976a053c4287874c0cb2fb7781b2): real 0.046s user 0.002s sys 0.000s
I1031 23:09:07.073171 32760 maintenance_manager.cc:425] P 23f962e4a1744381ad5fa0d2d8b10241: UndoDeltaBlockGCOp(2765976a053c4287874c0cb2fb7781b2) metrics: {"cfile_init":1,"data dir 6.queue_time_us":209,"data dir 6.run_cpu_time_us":58,"data dir 6.run_wall_time_us":58,"fdatasync":1,"fdatasync_us":26752,"lbm_read_time_us":8,"lbm_reads_lt_1ms":4,"thread_start_us":199,"threads_started":1}
I1031 23:09:07.299185 32760 tablet.cc:911] T 3123639d9835456b9f5dab3f7dd7ebd9 P 23f962e4a1744381ad5fa0d2d8b10241: Flush: entering stage 1 (old memrowset already frozen for inserts)
I1031 23:09:07.299221 32760 compaction.cc:877] Selected 1 rowsets to compact:
I1031 23:09:07.299228 32760 compaction.cc:880] memrowset(current size on disk: ~0 bytes)
I1031 23:09:07.299234 32760 tablet.cc:913] T 3123639d9835456b9f5dab3f7dd7ebd9 P 23f962e4a1744381ad5fa0d2d8b10241: Memstore in-memory size: 1019671 bytes
I1031 23:09:07.299243 32760 tablet.cc:1174] T 3123639d9835456b9f5dab3f7dd7ebd9 P 23f962e4a1744381ad5fa0d2d8b10241: Flush: entering phase 1 (flushing snapshot). Phase 1 snapshot: MvccSnapshot[committed={T|T < 6182758593453412352 or (T in {6182758593453412352})}]
I1031 23:09:07.299345 32760 multi_column_writer.cc:85] Opened CFile writer for column olap_date[int32 NOT NULL]
I1031 23:09:07.299391 32760 multi_column_writer.cc:85] Opened CFile writer for column timestamp[int64 NOT NULL]
I1031 23:09:07.299420 32760 multi_column_writer.cc:85] Opened CFile writer for column tweet_id[int64 NOT NULL]
I1031 23:09:07.299455 32760 multi_column_writer.cc:85] Opened CFile writer for column created_at[string NULLABLE]
I1031 23:09:07.299494 32760 multi_column_writer.cc:85] Opened CFile writer for column text[string NULLABLE]
I1031 23:09:07.299526 32760 multi_column_writer.cc:85] Opened CFile writer for column source[string NULLABLE]
I1031 23:09:07.299556 32760 multi_column_writer.cc:85] Opened CFile writer for column user_id[int64 NULLABLE]
I1031 23:09:07.299613 32760 multi_column_writer.cc:85] Opened CFile writer for column user_name[string NULLABLE]
I1031 23:09:07.299659 32760 multi_column_writer.cc:85] Opened CFile writer for column user_location[string NULLABLE]
I1031 23:09:07.299688 32760 multi_column_writer.cc:85] Opened CFile writer for column user_followers_count[int32 NULLABLE]
I1031 23:09:07.299718 32760 multi_column_writer.cc:85] Opened CFile writer for column user_friends_count[int32 NULLABLE]
I1031 23:09:07.530020 32760 tablet.cc:1259] T 3123639d9835456b9f5dab3f7dd7ebd9 P 23f962e4a1744381ad5fa0d2d8b10241: Flush: entering phase 2 (starting to duplicate updates in new rowsets)
I1031 23:09:07.530797 32760 tablet.cc:1314] T 3123639d9835456b9f5dab3f7dd7ebd9 P 23f962e4a1744381ad5fa0d2d8b10241: Flush Phase 2: carrying over any updates which arrived during Phase 1
I1031 23:09:07.530813 32760 tablet.cc:1316] T 3123639d9835456b9f5dab3f7dd7ebd9 P 23f962e4a1744381ad5fa0d2d8b10241: Phase 2 snapshot: MvccSnapshot[committed={T|T < 6182758594147270656 or (T in {6182758594147270656})}]
I1031 23:09:07.574647 32760 tablet.cc:1358] T 3123639d9835456b9f5dab3f7dd7ebd9 P 23f962e4a1744381ad5fa0d2d8b10241: Flush successful on 2064 rows (315631 bytes)
I1031 23:09:07.574903 32760 maintenance_manager.cc:419] Time spent running FlushMRSOp(3123639d9835456b9f5dab3f7dd7ebd9): real 0.277s user 0.014s sys 0.002s
I1031 23:09:07.574934 32760 maintenance_manager.cc:425] P 23f962e4a1744381ad5fa0d2d8b10241: FlushMRSOp(3123639d9835456b9f5dab3f7dd7ebd9) metrics: {"cfile_init":1,"data dir 2.queue_time_us":164,"data dir 2.run_cpu_time_us":141,"data dir 2.run_wall_time_us":80978,"fdatasync":29,"fdatasync_us":242730,"lbm_read_time_us":5,"lbm_reads_lt_1ms":4,"lbm_write_time_us":726,"lbm_writes_lt_1ms":87,"thread_start_us":153,"threads_started":1}
I1031 23:09:07.821687 32760 tablet.cc:911] T 3a949c88a8864d509b058fddddebc6d2 P 23f962e4a1744381ad5fa0d2d8b10241: Flush: entering stage 1 (old memrowset already frozen for inserts)
I1031 23:09:07.821732 32760 compaction.cc:877] Selected 1 rowsets to compact:
I1031 23:09:07.821741 32760 compaction.cc:880] memrowset(current size on disk: ~0 bytes)
I1031 23:09:07.821748 32760 tablet.cc:913] T 3a949c88a8864d509b058fddddebc6d2 P 23f962e4a1744381ad5fa0d2d8b10241: Memstore in-memory size: 1019671 bytes
I1031 23:09:07.821755 32760 tablet.cc:1174] T 3a949c88a8864d509b058fddddebc6d2 P 23f962e4a1744381ad5fa0d2d8b10241: Flush: entering phase 1 (flushing snapshot). Phase 1 snapshot: MvccSnapshot[committed={T|T < 6182758594574151680 or (T in {6182758594574151680})}]
I1031 23:09:07.821851 32760 multi_column_writer.cc:85] Opened CFile writer for column olap_date[int32 NOT NULL]
I1031 23:09:07.821887 32760 multi_column_writer.cc:85] Opened CFile writer for column timestamp[int64 NOT NULL]
I1031 23:09:07.821916 32760 multi_column_writer.cc:85] Opened CFile writer for column tweet_id[int64 NOT NULL]
I1031 23:09:07.821960 32760 multi_column_writer.cc:85] Opened CFile writer for column created_at[string NULLABLE]
I1031 23:09:07.821993 32760 multi_column_writer.cc:85] Opened CFile writer for column text[string NULLABLE]
I1031 23:09:07.822024 32760 multi_column_writer.cc:85] Opened CFile writer for column source[string NULLABLE]
I1031 23:09:07.822059 32760 multi_column_writer.cc:85] Opened CFile writer for column user_id[int64 NULLABLE]
I1031 23:09:07.822106 32760 multi_column_writer.cc:85] Opened CFile writer for column user_name[string NULLABLE]
I1031 23:09:07.822142 32760 multi_column_writer.cc:85] Opened CFile writer for column user_location[string NULLABLE]
I1031 23:09:07.822167 32760 multi_column_writer.cc:85] Opened CFile writer for column user_followers_count[int32 NULLABLE]
I1031 23:09:07.822193 32760 multi_column_writer.cc:85] Opened CFile writer for column user_friends_count[int32 NULLABLE]
I1031 23:09:07.966717 37655 raft_consensus.cc:411] T bade583b5fea4f3781e889af8cd881ed P 23f962e4a1744381ad5fa0d2d8b10241 [term 0 FOLLOWER]: Starting pre-election (no leader contacted us within the election timeout)
I1031 23:09:07.966768 37655 raft_consensus.cc:2162] T bade583b5fea4f3781e889af8cd881ed P 23f962e4a1744381ad5fa0d2d8b10241 [term 0 FOLLOWER]: Snoozing failure detection for election timeout plus an additional 12.247s
I1031 23:09:07.966826 37655 raft_consensus.cc:435] T bade583b5fea4f3781e889af8cd881ed P 23f962e4a1744381ad5fa0d2d8b10241 [term 0 FOLLOWER]: Starting pre-election with config: opid_index: -1 OBSOLETE_local: false peers { permanent_uuid: "23f962e4a1744381ad5fa0d2d8b10241" member_type: VOTER last_known_addr { host: "c3-kudu-tst-st07.bj" port: 18700 } } peers { permanent_uuid: "daba39963d4346e1816089fd3a5442b5" member_type: VOTER last_known_addr { host: "c3-kudu-tst-st09.bj" port: 18700 } } peers { permanent_uuid: "193181be29284287b25df2ee92938f0b" member_type: VOTER last_known_addr { host: "c3-kudu-tst-st08.bj" port: 18700 } }
I1031 23:09:07.967432 37655 leader_election.cc:216] T bade583b5fea4f3781e889af8cd881ed P 23f962e4a1744381ad5fa0d2d8b10241 [CANDIDATE]: Term 1 pre-election: Requesting pre-vote from peer daba39963d4346e1816089fd3a5442b5
I1031 23:09:07.967468 37655 leader_election.cc:216] T bade583b5fea4f3781e889af8cd881ed P 23f962e4a1744381ad5fa0d2d8b10241 [CANDIDATE]: Term 1 pre-election: Requesting pre-vote from peer 193181be29284287b25df2ee92938f0b
W1031 23:09:07.967696 32770 leader_election.cc:278] T bade583b5fea4f3781e889af8cd881ed P 23f962e4a1744381ad5fa0d2d8b10241 [CANDIDATE]: Term 1 pre-election: Tablet error from VoteRequest() call to peer daba39963d4346e1816089fd3a5442b5: Not found: Tablet not found
W1031 23:09:07.967762 32772 leader_election.cc:278] T bade583b5fea4f3781e889af8cd881ed P 23f962e4a1744381ad5fa0d2d8b10241 [CANDIDATE]: Term 1 pre-election: Tablet error from VoteRequest() call to peer 193181be29284287b25df2ee92938f0b: Not found: Tablet not found
I1031 23:09:07.967787 32772 leader_election.cc:243] T bade583b5fea4f3781e889af8cd881ed P 23f962e4a1744381ad5fa0d2d8b10241 [CANDIDATE]: Term 1 pre-election: Election decided. Result: candidate lost.
I1031 23:09:07.968051 30594 raft_consensus.cc:2162] T bade583b5fea4f3781e889af8cd881ed P 23f962e4a1744381ad5fa0d2d8b10241 [term 0 FOLLOWER]: Snoozing failure detection for election timeout plus an additional 14.544s
I1031 23:09:07.968076 30594 raft_consensus.cc:1908] T bade583b5fea4f3781e889af8cd881ed P 23f962e4a1744381ad5fa0d2d8b10241 [term 0 FOLLOWER]: Leader pre-election lost for term 1. Reason: could not achieve majority
I1031 23:09:08.023378 32760 tablet.cc:1259] T 3a949c88a8864d509b058fddddebc6d2 P 23f962e4a1744381ad5fa0d2d8b10241: Flush: entering phase 2 (starting to duplicate updates in new rowsets)
I1031 23:09:08.024355 32760 tablet.cc:1314] T 3a949c88a8864d509b058fddddebc6d2 P 23f962e4a1744381ad5fa0d2d8b10241: Flush Phase 2: carrying over any updates which arrived during Phase 1
I1031 23:09:08.024372 32760 tablet.cc:1316] T 3a949c88a8864d509b058fddddebc6d2 P 23f962e4a1744381ad5fa0d2d8b10241: Phase 2 snapshot: MvccSnapshot[committed={T|T < 6182758594574151680 or (T in {6182758594574151680})}]
I1031 23:09:08.075459 32760 tablet.cc:1358] T 3a949c88a8864d509b058fddddebc6d2 P 23f962e4a1744381ad5fa0d2d8b10241: Flush successful on 1960 rows (301023 bytes)
I1031 23:09:08.075742 32760 maintenance_manager.cc:419] Time spent running FlushMRSOp(3a949c88a8864d509b058fddddebc6d2): real 0.255s user 0.013s sys 0.003s
