I1031 23:03:52.449676 32814 tablet_service.cc:650] Processing CreateTablet for tablet 68aa6071fa594e79958cddb8489a1f0c (table=default.timeout_tst [id=cdcb3e60c1314776843d856365535d49]), partition=HASH (id) PARTITION 0, RANGE (date) PARTITION 20171025 <= VALUES < 20171026
I1031 23:03:52.449687 32801 tablet_service.cc:650] Processing CreateTablet for tablet f49a4f915ac048b096fcb5f4878f436d (table=default.timeout_tst [id=cdcb3e60c1314776843d856365535d49]), partition=HASH (id) PARTITION 0, RANGE (date) PARTITION 20171029 <= VALUES < 20171030
I1031 23:03:52.449681 32802 tablet_service.cc:650] Processing CreateTablet for tablet 5110f0095bd94f67abf0aad906332efe (table=default.timeout_tst [id=cdcb3e60c1314776843d856365535d49]), partition=HASH (id) PARTITION 0, RANGE (date) PARTITION 20171028 <= VALUES < 20171029
I1031 23:03:52.449687 32818 tablet_service.cc:650] Processing CreateTablet for tablet 6f911a94e20d47aa9efaf9ffe3914c3b (table=default.timeout_tst [id=cdcb3e60c1314776843d856365535d49]), partition=HASH (id) PARTITION 0, RANGE (date) PARTITION 20171101 <= VALUES < 20171102
I1031 23:03:52.449709 32810 tablet_service.cc:650] Processing CreateTablet for tablet 31d6227f03a240c0977a072c02773b7a (table=default.timeout_tst [id=cdcb3e60c1314776843d856365535d49]), partition=HASH (id) PARTITION 1, RANGE (date) PARTITION 20171025 <= VALUES < 20171026
I1031 23:03:52.449761 32817 tablet_service.cc:650] Processing CreateTablet for tablet cc323d8862bb429490b7ef96568245c5 (table=default.timeout_tst [id=cdcb3e60c1314776843d856365535d49]), partition=HASH (id) PARTITION 1, RANGE (date) PARTITION 20171028 <= VALUES < 20171029
I1031 23:03:52.449769 32815 tablet_service.cc:650] Processing CreateTablet for tablet 27f651ff46ca4722b064a85e795dcaa4 (table=default.timeout_tst [id=cdcb3e60c1314776843d856365535d49]), partition=HASH (id) PARTITION 1, RANGE (date) PARTITION 20171030 <= VALUES < 20171031
I1031 23:03:52.449771 32806 tablet_service.cc:650] Processing CreateTablet for tablet f0a40a8745bb4f4abbe8b304ebc7626c (table=default.timeout_tst [id=cdcb3e60c1314776843d856365535d49]), partition=HASH (id) PARTITION 1, RANGE (date) PARTITION 20171027 <= VALUES < 20171028
I1031 23:03:52.450664 32803 tablet_service.cc:650] Processing CreateTablet for tablet c1be6b6a217c475b9aed375afd1f491b (table=default.timeout_tst [id=cdcb3e60c1314776843d856365535d49]), partition=HASH (id) PARTITION 2, RANGE (date) PARTITION 20171023 <= VALUES < 20171024
I1031 23:03:52.450693 32819 tablet_service.cc:650] Processing CreateTablet for tablet 9967925d5dbd49eaadc0a1a58e7e2089 (table=default.timeout_tst [id=cdcb3e60c1314776843d856365535d49]), partition=HASH (id) PARTITION 2, RANGE (date) PARTITION 20171028 <= VALUES < 20171029
I1031 23:03:52.450706 32813 tablet_service.cc:650] Processing CreateTablet for tablet 6ca74226a6af40e2a78046fc3591c038 (table=default.timeout_tst [id=cdcb3e60c1314776843d856365535d49]), partition=HASH (id) PARTITION 2, RANGE (date) PARTITION 20171024 <= VALUES < 20171025
I1031 23:03:52.450721 32816 tablet_service.cc:650] Processing CreateTablet for tablet 69b4b5f037014f10bfab077f3f98ca49 (table=default.timeout_tst [id=cdcb3e60c1314776843d856365535d49]), partition=HASH (id) PARTITION 3, RANGE (date) PARTITION 20171023 <= VALUES < 20171024
I1031 23:03:52.450753 32811 tablet_service.cc:650] Processing CreateTablet for tablet e53178c96c3c4ad2b3068e9674d1259d (table=default.timeout_tst [id=cdcb3e60c1314776843d856365535d49]), partition=HASH (id) PARTITION 3, RANGE (date) PARTITION 20171025 <= VALUES < 20171026
I1031 23:03:52.450762 32805 tablet_service.cc:650] Processing CreateTablet for tablet fcde65c4e4cf4df29b9ef9884ce292b2 (table=default.timeout_tst [id=cdcb3e60c1314776843d856365535d49]), partition=HASH (id) PARTITION 2, RANGE (date) PARTITION 20171031 <= VALUES < 20171101
I1031 23:03:52.451371 32800 tablet_service.cc:650] Processing CreateTablet for tablet de45d05c3a064dc5acb91d66dcaea6ed (table=default.timeout_tst [id=cdcb3e60c1314776843d856365535d49]), partition=HASH (id) PARTITION 3, RANGE (date) PARTITION 20171029 <= VALUES < 20171030
I1031 23:03:52.451372 32804 tablet_service.cc:650] Processing CreateTablet for tablet 090accc17fae4e60b7bddb6dd0bf2ef8 (table=default.timeout_tst [id=cdcb3e60c1314776843d856365535d49]), partition=HASH (id) PARTITION 3, RANGE (date) PARTITION 20171030 <= VALUES < 20171031
I1031 23:03:52.451392 32807 tablet_service.cc:650] Processing CreateTablet for tablet 13f1cd14968447f7951d92ce30c4b7c0 (table=default.timeout_tst [id=cdcb3e60c1314776843d856365535d49]), partition=HASH (id) PARTITION 4, RANGE (date) PARTITION 20171026 <= VALUES < 20171027
I1031 23:03:52.451436 32809 tablet_service.cc:650] Processing CreateTablet for tablet 42d56cd12bbb4bed9973f96a230fdb9e (table=default.timeout_tst [id=cdcb3e60c1314776843d856365535d49]), partition=HASH (id) PARTITION 4, RANGE (date) PARTITION 20171030 <= VALUES < 20171031
I1031 23:03:52.734959 32800 ts_tablet_manager.cc:862] T de45d05c3a064dc5acb91d66dcaea6ed P 23f962e4a1744381ad5fa0d2d8b10241: Registered tablet (data state: TABLET_DATA_READY)
I1031 23:03:52.735221 27533 ts_tablet_manager.cc:723] T de45d05c3a064dc5acb91d66dcaea6ed P 23f962e4a1744381ad5fa0d2d8b10241: Bootstrapping tablet
I1031 23:03:52.735635 27533 tablet_bootstrap.cc:382] T de45d05c3a064dc5acb91d66dcaea6ed P 23f962e4a1744381ad5fa0d2d8b10241: Bootstrap starting.
I1031 23:03:52.735798 27533 tablet_bootstrap.cc:541] T de45d05c3a064dc5acb91d66dcaea6ed P 23f962e4a1744381ad5fa0d2d8b10241: Time spent opening tablet: real 0.000s user 0.000s sys 0.000s
I1031 23:03:52.735908 27533 tablet_bootstrap.cc:484] T de45d05c3a064dc5acb91d66dcaea6ed P 23f962e4a1744381ad5fa0d2d8b10241: No blocks or log segments found. Creating new log.
I1031 23:03:52.736621 27533 tablet_bootstrap.cc:382] T de45d05c3a064dc5acb91d66dcaea6ed P 23f962e4a1744381ad5fa0d2d8b10241: No bootstrap required, opened a new log
I1031 23:03:52.736654 27533 ts_tablet_manager.cc:728] T de45d05c3a064dc5acb91d66dcaea6ed P 23f962e4a1744381ad5fa0d2d8b10241: Time spent bootstrapping tablet: real 0.001s user 0.001s sys 0.000s
I1031 23:03:52.737205 27533 raft_consensus.cc:288] T de45d05c3a064dc5acb91d66dcaea6ed P 23f962e4a1744381ad5fa0d2d8b10241 [term 0 FOLLOWER]: Replica starting. Triggering 0 pending transactions. Active config: opid_index: -1 OBSOLETE_local: false peers { permanent_uuid: "193181be29284287b25df2ee92938f0b" member_type: VOTER last_known_addr { host: "c3-kudu-tst-st08.bj" port: 18700 } } peers { permanent_uuid: "0f53a0d3ef7e44ebb0365c800752d5bd" member_type: VOTER last_known_addr { host: "c3-kudu-tst-st01.bj" port: 18700 } } peers { permanent_uuid: "23f962e4a1744381ad5fa0d2d8b10241" member_type: VOTER last_known_addr { host: "c3-kudu-tst-st07.bj" port: 18700 } }
I1031 23:03:52.737226 27533 raft_consensus.cc:319] T de45d05c3a064dc5acb91d66dcaea6ed P 23f962e4a1744381ad5fa0d2d8b10241 [term 0 FOLLOWER]: Consensus starting up: Expiring failure detector timer to make a prompt election more likely
I1031 23:03:52.737237 27533 raft_consensus.cc:548] T de45d05c3a064dc5acb91d66dcaea6ed P 23f962e4a1744381ad5fa0d2d8b10241 [term 0 FOLLOWER]: Becoming Follower/Learner. State: Replica: 23f962e4a1744381ad5fa0d2d8b10241, State: 1, Role: FOLLOWER
I1031 23:03:52.737253 27533 consensus_queue.cc:176] T de45d05c3a064dc5acb91d66dcaea6ed P 23f962e4a1744381ad5fa0d2d8b10241 [NON_LEADER]: Queue going to NON_LEADER mode. State: All replicated index: 0, Majority replicated index: 0, Committed index: 0, Last appended: 0.0, Current term: 0, Majority size: -1, State: 1, Mode: NON_LEADER
I1031 23:03:52.760095 32816 ts_tablet_manager.cc:862] T 69b4b5f037014f10bfab077f3f98ca49 P 23f962e4a1744381ad5fa0d2d8b10241: Registered tablet (data state: TABLET_DATA_READY)
I1031 23:03:52.760535 27538 ts_tablet_manager.cc:723] T 69b4b5f037014f10bfab077f3f98ca49 P 23f962e4a1744381ad5fa0d2d8b10241: Bootstrapping tablet
I1031 23:03:52.760841 27538 tablet_bootstrap.cc:382] T 69b4b5f037014f10bfab077f3f98ca49 P 23f962e4a1744381ad5fa0d2d8b10241: Bootstrap starting.
I1031 23:03:52.760996 27538 tablet_bootstrap.cc:541] T 69b4b5f037014f10bfab077f3f98ca49 P 23f962e4a1744381ad5fa0d2d8b10241: Time spent opening tablet: real 0.000s user 0.000s sys 0.000s
I1031 23:03:52.761104 27538 tablet_bootstrap.cc:484] T 69b4b5f037014f10bfab077f3f98ca49 P 23f962e4a1744381ad5fa0d2d8b10241: No blocks or log segments found. Creating new log.
I1031 23:03:52.776211 27538 tablet_bootstrap.cc:382] T 69b4b5f037014f10bfab077f3f98ca49 P 23f962e4a1744381ad5fa0d2d8b10241: No bootstrap required, opened a new log
I1031 23:03:52.776239 27538 ts_tablet_manager.cc:728] T 69b4b5f037014f10bfab077f3f98ca49 P 23f962e4a1744381ad5fa0d2d8b10241: Time spent bootstrapping tablet: real 0.016s user 0.001s sys 0.000s
I1031 23:03:52.776743 27538 raft_consensus.cc:288] T 69b4b5f037014f10bfab077f3f98ca49 P 23f962e4a1744381ad5fa0d2d8b10241 [term 0 FOLLOWER]: Replica starting. Triggering 0 pending transactions. Active config: opid_index: -1 OBSOLETE_local: false peers { permanent_uuid: "23f962e4a1744381ad5fa0d2d8b10241" member_type: VOTER last_known_addr { host: "c3-kudu-tst-st07.bj" port: 18700 } } peers { permanent_uuid: "0a8bbcbbb5a6459aa5258464755db3bb" member_type: VOTER last_known_addr { host: "c3-kudu-tst-st02.bj" port: 18700 } } peers { permanent_uuid: "625f49b9554549e6a5c3a92b76e576cf" member_type: VOTER last_known_addr { host: "c3-kudu-tst-st10.bj" port: 18700 } }
I1031 23:03:52.776762 27538 raft_consensus.cc:319] T 69b4b5f037014f10bfab077f3f98ca49 P 23f962e4a1744381ad5fa0d2d8b10241 [term 0 FOLLOWER]: Consensus starting up: Expiring failure detector timer to make a prompt election more likely
I1031 23:03:52.776772 27538 raft_consensus.cc:548] T 69b4b5f037014f10bfab077f3f98ca49 P 23f962e4a1744381ad5fa0d2d8b10241 [term 0 FOLLOWER]: Becoming Follower/Learner. State: Replica: 23f962e4a1744381ad5fa0d2d8b10241, State: 1, Role: FOLLOWER
I1031 23:03:52.776787 27538 consensus_queue.cc:176] T 69b4b5f037014f10bfab077f3f98ca49 P 23f962e4a1744381ad5fa0d2d8b10241 [NON_LEADER]: Queue going to NON_LEADER mode. State: All replicated index: 0, Majority replicated index: 0, Committed index: 0, Last appended: 0.0, Current term: 0, Majority size: -1, State: 1, Mode: NON_LEADER
I1031 23:03:52.785368 32819 ts_tablet_manager.cc:862] T 9967925d5dbd49eaadc0a1a58e7e2089 P 23f962e4a1744381ad5fa0d2d8b10241: Registered tablet (data state: TABLET_DATA_READY)
I1031 23:03:52.785728 27543 ts_tablet_manager.cc:723] T 9967925d5dbd49eaadc0a1a58e7e2089 P 23f962e4a1744381ad5fa0d2d8b10241: Bootstrapping tablet
I1031 23:03:52.786149 27543 tablet_bootstrap.cc:382] T 9967925d5dbd49eaadc0a1a58e7e2089 P 23f962e4a1744381ad5fa0d2d8b10241: Bootstrap starting.
I1031 23:03:52.786288 27543 tablet_bootstrap.cc:541] T 9967925d5dbd49eaadc0a1a58e7e2089 P 23f962e4a1744381ad5fa0d2d8b10241: Time spent opening tablet: real 0.000s user 0.000s sys 0.000s
I1031 23:03:52.786391 27543 tablet_bootstrap.cc:484] T 9967925d5dbd49eaadc0a1a58e7e2089 P 23f962e4a1744381ad5fa0d2d8b10241: No blocks or log segments found. Creating new log.
I1031 23:03:52.786876 27543 tablet_bootstrap.cc:382] T 9967925d5dbd49eaadc0a1a58e7e2089 P 23f962e4a1744381ad5fa0d2d8b10241: No bootstrap required, opened a new log
I1031 23:03:52.786911 27543 ts_tablet_manager.cc:728] T 9967925d5dbd49eaadc0a1a58e7e2089 P 23f962e4a1744381ad5fa0d2d8b10241: Time spent bootstrapping tablet: real 0.001s user 0.000s sys 0.000s
I1031 23:03:52.787588 27543 raft_consensus.cc:288] T 9967925d5dbd49eaadc0a1a58e7e2089 P 23f962e4a1744381ad5fa0d2d8b10241 [term 0 FOLLOWER]: Replica starting. Triggering 0 pending transactions. Active config: opid_index: -1 OBSOLETE_local: false peers { permanent_uuid: "23f962e4a1744381ad5fa0d2d8b10241" member_type: VOTER last_known_addr { host: "c3-kudu-tst-st07.bj" port: 18700 } } peers { permanent_uuid: "193181be29284287b25df2ee92938f0b" member_type: VOTER last_known_addr { host: "c3-kudu-tst-st08.bj" port: 18700 } } peers { permanent_uuid: "0a8bbcbbb5a6459aa5258464755db3bb" member_type: VOTER last_known_addr { host: "c3-kudu-tst-st02.bj" port: 18700 } }
I1031 23:03:52.787607 27543 raft_consensus.cc:319] T 9967925d5dbd49eaadc0a1a58e7e2089 P 23f962e4a1744381ad5fa0d2d8b10241 [term 0 FOLLOWER]: Consensus starting up: Expiring failure detector timer to make a prompt election more likely
I1031 23:03:52.787616 27543 raft_consensus.cc:548] T 9967925d5dbd49eaadc0a1a58e7e2089 P 23f962e4a1744381ad5fa0d2d8b10241 [term 0 FOLLOWER]: Becoming Follower/Learner. State: Replica: 23f962e4a1744381ad5fa0d2d8b10241, State: 1, Role: FOLLOWER
I1031 23:03:52.787628 27543 consensus_queue.cc:176] T 9967925d5dbd49eaadc0a1a58e7e2089 P 23f962e4a1744381ad5fa0d2d8b10241 [NON_LEADER]: Queue going to NON_LEADER mode. State: All replicated index: 0, Majority replicated index: 0, Committed index: 0, Last appended: 0.0, Current term: 0, Majority size: -1, State: 1, Mode: NON_LEADER
I1031 23:03:52.810550 32813 ts_tablet_manager.cc:862] T 6ca74226a6af40e2a78046fc3591c038 P 23f962e4a1744381ad5fa0d2d8b10241: Registered tablet (data state: TABLET_DATA_READY)
I1031 23:03:52.810878 27548 ts_tablet_manager.cc:723] T 6ca74226a6af40e2a78046fc3591c038 P 23f962e4a1744381ad5fa0d2d8b10241: Bootstrapping tablet
I1031 23:03:52.811213 27548 tablet_bootstrap.cc:382] T 6ca74226a6af40e2a78046fc3591c038 P 23f962e4a1744381ad5fa0d2d8b10241: Bootstrap starting.
I1031 23:03:52.811347 27548 tablet_bootstrap.cc:541] T 6ca74226a6af40e2a78046fc3591c038 P 23f962e4a1744381ad5fa0d2d8b10241: Time spent opening tablet: real 0.000s user 0.000s sys 0.000s
I1031 23:03:52.811452 27548 tablet_bootstrap.cc:484] T 6ca74226a6af40e2a78046fc3591c038 P 23f962e4a1744381ad5fa0d2d8b10241: No blocks or log segments found. Creating new log.
I1031 23:03:52.812489 27548 tablet_bootstrap.cc:382] T 6ca74226a6af40e2a78046fc3591c038 P 23f962e4a1744381ad5fa0d2d8b10241: No bootstrap required, opened a new log
I1031 23:03:52.812528 27548 ts_tablet_manager.cc:728] T 6ca74226a6af40e2a78046fc3591c038 P 23f962e4a1744381ad5fa0d2d8b10241: Time spent bootstrapping tablet: real 0.002s user 0.001s sys 0.000s
I1031 23:03:52.813185 27548 raft_consensus.cc:288] T 6ca74226a6af40e2a78046fc3591c038 P 23f962e4a1744381ad5fa0d2d8b10241 [term 0 FOLLOWER]: Replica starting. Triggering 0 pending transactions. Active config: opid_index: -1 OBSOLETE_local: false peers { permanent_uuid: "0a8bbcbbb5a6459aa5258464755db3bb" member_type: VOTER last_known_addr { host: "c3-kudu-tst-st02.bj" port: 18700 } } peers { permanent_uuid: "193181be29284287b25df2ee92938f0b" member_type: VOTER last_known_addr { host: "c3-kudu-tst-st08.bj" port: 18700 } } peers { permanent_uuid: "23f962e4a1744381ad5fa0d2d8b10241" member_type: VOTER last_known_addr { host: "c3-kudu-tst-st07.bj" port: 18700 } }
I1031 23:03:52.813205 27548 raft_consensus.cc:319] T 6ca74226a6af40e2a78046fc3591c038 P 23f962e4a1744381ad5fa0d2d8b10241 [term 0 FOLLOWER]: Consensus starting up: Expiring failure detector timer to make a prompt election more likely
I1031 23:03:52.813213 27548 raft_consensus.cc:548] T 6ca74226a6af40e2a78046fc3591c038 P 23f962e4a1744381ad5fa0d2d8b10241 [term 0 FOLLOWER]: Becoming Follower/Learner. State: Replica: 23f962e4a1744381ad5fa0d2d8b10241, State: 1, Role: FOLLOWER
I1031 23:03:52.813226 27548 consensus_queue.cc:176] T 6ca74226a6af40e2a78046fc3591c038 P 23f962e4a1744381ad5fa0d2d8b10241 [NON_LEADER]: Queue going to NON_LEADER mode. State: All replicated index: 0, Majority replicated index: 0, Committed index: 0, Last appended: 0.0, Current term: 0, Majority size: -1, State: 1, Mode: NON_LEADER
I1031 23:03:52.835835 32818 ts_tablet_manager.cc:862] T 6f911a94e20d47aa9efaf9ffe3914c3b P 23f962e4a1744381ad5fa0d2d8b10241: Registered tablet (data state: TABLET_DATA_READY)
I1031 23:03:52.836185 27553 ts_tablet_manager.cc:723] T 6f911a94e20d47aa9efaf9ffe3914c3b P 23f962e4a1744381ad5fa0d2d8b10241: Bootstrapping tablet
I1031 23:03:52.836563 27553 tablet_bootstrap.cc:382] T 6f911a94e20d47aa9efaf9ffe3914c3b P 23f962e4a1744381ad5fa0d2d8b10241: Bootstrap starting.
I1031 23:03:52.836683 27553 tablet_bootstrap.cc:541] T 6f911a94e20d47aa9efaf9ffe3914c3b P 23f962e4a1744381ad5fa0d2d8b10241: Time spent opening tablet: real 0.000s user 0.000s sys 0.000s
I1031 23:03:52.836781 27553 tablet_bootstrap.cc:484] T 6f911a94e20d47aa9efaf9ffe3914c3b P 23f962e4a1744381ad5fa0d2d8b10241: No blocks or log segments found. Creating new log.
I1031 23:03:52.837704 27553 tablet_bootstrap.cc:382] T 6f911a94e20d47aa9efaf9ffe3914c3b P 23f962e4a1744381ad5fa0d2d8b10241: No bootstrap required, opened a new log
I1031 23:03:52.837728 27553 ts_tablet_manager.cc:728] T 6f911a94e20d47aa9efaf9ffe3914c3b P 23f962e4a1744381ad5fa0d2d8b10241: Time spent bootstrapping tablet: real 0.002s user 0.000s sys 0.001s
I1031 23:03:52.838356 27553 raft_consensus.cc:288] T 6f911a94e20d47aa9efaf9ffe3914c3b P 23f962e4a1744381ad5fa0d2d8b10241 [term 0 FOLLOWER]: Replica starting. Triggering 0 pending transactions. Active config: opid_index: -1 OBSOLETE_local: false peers { permanent_uuid: "0a8bbcbbb5a6459aa5258464755db3bb" member_type: VOTER last_known_addr { host: "c3-kudu-tst-st02.bj" port: 18700 } } peers { permanent_uuid: "23f962e4a1744381ad5fa0d2d8b10241" member_type: VOTER last_known_addr { host: "c3-kudu-tst-st07.bj" port: 18700 } } peers { permanent_uuid: "0fc477287c154136abc1e2f3c82fb7f9" member_type: VOTER last_known_addr { host: "c3-kudu-tst-st04.bj" port: 18700 } }
I1031 23:03:52.838373 27553 raft_consensus.cc:319] T 6f911a94e20d47aa9efaf9ffe3914c3b P 23f962e4a1744381ad5fa0d2d8b10241 [term 0 FOLLOWER]: Consensus starting up: Expiring failure detector timer to make a prompt election more likely
I1031 23:03:52.838382 27553 raft_consensus.cc:548] T 6f911a94e20d47aa9efaf9ffe3914c3b P 23f962e4a1744381ad5fa0d2d8b10241 [term 0 FOLLOWER]: Becoming Follower/Learner. State: Replica: 23f962e4a1744381ad5fa0d2d8b10241, State: 1, Role: FOLLOWER
I1031 23:03:52.838397 27553 consensus_queue.cc:176] T 6f911a94e20d47aa9efaf9ffe3914c3b P 23f962e4a1744381ad5fa0d2d8b10241 [NON_LEADER]: Queue going to NON_LEADER mode. State: All replicated index: 0, Majority replicated index: 0, Committed index: 0, Last appended: 0.0, Current term: 0, Majority size: -1, State: 1, Mode: NON_LEADER
I1031 23:03:52.861145 32804 ts_tablet_manager.cc:862] T 090accc17fae4e60b7bddb6dd0bf2ef8 P 23f962e4a1744381ad5fa0d2d8b10241: Registered tablet (data state: TABLET_DATA_READY)
I1031 23:03:52.861534 27558 ts_tablet_manager.cc:723] T 090accc17fae4e60b7bddb6dd0bf2ef8 P 23f962e4a1744381ad5fa0d2d8b10241: Bootstrapping tablet
I1031 23:03:52.861937 27558 tablet_bootstrap.cc:382] T 090accc17fae4e60b7bddb6dd0bf2ef8 P 23f962e4a1744381ad5fa0d2d8b10241: Bootstrap starting.
I1031 23:03:52.862079 27558 tablet_bootstrap.cc:541] T 090accc17fae4e60b7bddb6dd0bf2ef8 P 23f962e4a1744381ad5fa0d2d8b10241: Time spent opening tablet: real 0.000s user 0.000s sys 0.000s
I1031 23:03:52.862177 27558 tablet_bootstrap.cc:484] T 090accc17fae4e60b7bddb6dd0bf2ef8 P 23f962e4a1744381ad5fa0d2d8b10241: No blocks or log segments found. Creating new log.
I1031 23:03:52.863097 27558 tablet_bootstrap.cc:382] T 090accc17fae4e60b7bddb6dd0bf2ef8 P 23f962e4a1744381ad5fa0d2d8b10241: No bootstrap required, opened a new log
I1031 23:03:52.863121 27558 ts_tablet_manager.cc:728] T 090accc17fae4e60b7bddb6dd0bf2ef8 P 23f962e4a1744381ad5fa0d2d8b10241: Time spent bootstrapping tablet: real 0.002s user 0.001s sys 0.000s
I1031 23:03:52.863816 27558 raft_consensus.cc:288] T 090accc17fae4e60b7bddb6dd0bf2ef8 P 23f962e4a1744381ad5fa0d2d8b10241 [term 0 FOLLOWER]: Replica starting. Triggering 0 pending transactions. Active config: opid_index: -1 OBSOLETE_local: false peers { permanent_uuid: "0a8bbcbbb5a6459aa5258464755db3bb" member_type: VOTER last_known_addr { host: "c3-kudu-tst-st02.bj" port: 18700 } } peers { permanent_uuid: "193181be29284287b25df2ee92938f0b" member_type: VOTER last_known_addr { host: "c3-kudu-tst-st08.bj" port: 18700 } } peers { permanent_uuid: "23f962e4a1744381ad5fa0d2d8b10241" member_type: VOTER last_known_addr { host: "c3-kudu-tst-st07.bj" port: 18700 } }
I1031 23:03:52.863833 27558 raft_consensus.cc:319] T 090accc17fae4e60b7bddb6dd0bf2ef8 P 23f962e4a1744381ad5fa0d2d8b10241 [term 0 FOLLOWER]: Consensus starting up: Expiring failure detector timer to make a prompt election more likely
I1031 23:03:52.863842 27558 raft_consensus.cc:548] T 090accc17fae4e60b7bddb6dd0bf2ef8 P 23f962e4a1744381ad5fa0d2d8b10241 [term 0 FOLLOWER]: Becoming Follower/Learner. State: Replica: 23f962e4a1744381ad5fa0d2d8b10241, State: 1, Role: FOLLOWER
I1031 23:03:52.863853 27558 consensus_queue.cc:176] T 090accc17fae4e60b7bddb6dd0bf2ef8 P 23f962e4a1744381ad5fa0d2d8b10241 [NON_LEADER]: Queue going to NON_LEADER mode. State: All replicated index: 0, Majority replicated index: 0, Committed index: 0, Last appended: 0.0, Current term: 0, Majority size: -1, State: 1, Mode: NON_LEADER
I1031 23:03:52.886399 32811 ts_tablet_manager.cc:862] T e53178c96c3c4ad2b3068e9674d1259d P 23f962e4a1744381ad5fa0d2d8b10241: Registered tablet (data state: TABLET_DATA_READY)
I1031 23:03:52.886775 27563 ts_tablet_manager.cc:723] T e53178c96c3c4ad2b3068e9674d1259d P 23f962e4a1744381ad5fa0d2d8b10241: Bootstrapping tablet
I1031 23:03:52.887182 27563 tablet_bootstrap.cc:382] T e53178c96c3c4ad2b3068e9674d1259d P 23f962e4a1744381ad5fa0d2d8b10241: Bootstrap starting.
I1031 23:03:52.887312 27563 tablet_bootstrap.cc:541] T e53178c96c3c4ad2b3068e9674d1259d P 23f962e4a1744381ad5fa0d2d8b10241: Time spent opening tablet: real 0.000s user 0.000s sys 0.000s
I1031 23:03:52.887394 27563 tablet_bootstrap.cc:484] T e53178c96c3c4ad2b3068e9674d1259d P 23f962e4a1744381ad5fa0d2d8b10241: No blocks or log segments found. Creating new log.
I1031 23:03:52.888095 27563 tablet_bootstrap.cc:382] T e53178c96c3c4ad2b3068e9674d1259d P 23f962e4a1744381ad5fa0d2d8b10241: No bootstrap required, opened a new log
I1031 23:03:52.888118 27563 ts_tablet_manager.cc:728] T e53178c96c3c4ad2b3068e9674d1259d P 23f962e4a1744381ad5fa0d2d8b10241: Time spent bootstrapping tablet: real 0.001s user 0.001s sys 0.000s
I1031 23:03:52.888768 27563 raft_consensus.cc:288] T e53178c96c3c4ad2b3068e9674d1259d P 23f962e4a1744381ad5fa0d2d8b10241 [term 0 FOLLOWER]: Replica starting. Triggering 0 pending transactions. Active config: opid_index: -1 OBSOLETE_local: false peers { permanent_uuid: "0a8bbcbbb5a6459aa5258464755db3bb" member_type: VOTER last_known_addr { host: "c3-kudu-tst-st02.bj" port: 18700 } } peers { permanent_uuid: "daba39963d4346e1816089fd3a5442b5" member_type: VOTER last_known_addr { host: "c3-kudu-tst-st09.bj" port: 18700 } } peers { permanent_uuid: "23f962e4a1744381ad5fa0d2d8b10241" member_type: VOTER last_known_addr { host: "c3-kudu-tst-st07.bj" port: 18700 } }
I1031 23:03:52.888787 27563 raft_consensus.cc:319] T e53178c96c3c4ad2b3068e9674d1259d P 23f962e4a1744381ad5fa0d2d8b10241 [term 0 FOLLOWER]: Consensus starting up: Expiring failure detector timer to make a prompt election more likely
I1031 23:03:52.888799 27563 raft_consensus.cc:548] T e53178c96c3c4ad2b3068e9674d1259d P 23f962e4a1744381ad5fa0d2d8b10241 [term 0 FOLLOWER]: Becoming Follower/Learner. State: Replica: 23f962e4a1744381ad5fa0d2d8b10241, State: 1, Role: FOLLOWER
I1031 23:03:52.888814 27563 consensus_queue.cc:176] T e53178c96c3c4ad2b3068e9674d1259d P 23f962e4a1744381ad5fa0d2d8b10241 [NON_LEADER]: Queue going to NON_LEADER mode. State: All replicated index: 0, Majority replicated index: 0, Committed index: 0, Last appended: 0.0, Current term: 0, Majority size: -1, State: 1, Mode: NON_LEADER
I1031 23:03:52.911722 32810 ts_tablet_manager.cc:862] T 31d6227f03a240c0977a072c02773b7a P 23f962e4a1744381ad5fa0d2d8b10241: Registered tablet (data state: TABLET_DATA_READY)
I1031 23:03:52.911905 27568 ts_tablet_manager.cc:723] T 31d6227f03a240c0977a072c02773b7a P 23f962e4a1744381ad5fa0d2d8b10241: Bootstrapping tablet
I1031 23:03:52.912282 27568 tablet_bootstrap.cc:382] T 31d6227f03a240c0977a072c02773b7a P 23f962e4a1744381ad5fa0d2d8b10241: Bootstrap starting.
I1031 23:03:52.912420 27568 tablet_bootstrap.cc:541] T 31d6227f03a240c0977a072c02773b7a P 23f962e4a1744381ad5fa0d2d8b10241: Time spent opening tablet: real 0.000s user 0.000s sys 0.000s
I1031 23:03:52.912513 27568 tablet_bootstrap.cc:484] T 31d6227f03a240c0977a072c02773b7a P 23f962e4a1744381ad5fa0d2d8b10241: No blocks or log segments found. Creating new log.
I1031 23:03:52.913120 27568 tablet_bootstrap.cc:382] T 31d6227f03a240c0977a072c02773b7a P 23f962e4a1744381ad5fa0d2d8b10241: No bootstrap required, opened a new log
I1031 23:03:52.913144 27568 ts_tablet_manager.cc:728] T 31d6227f03a240c0977a072c02773b7a P 23f962e4a1744381ad5fa0d2d8b10241: Time spent bootstrapping tablet: real 0.001s user 0.001s sys 0.000s
I1031 23:03:52.913635 27568 raft_consensus.cc:288] T 31d6227f03a240c0977a072c02773b7a P 23f962e4a1744381ad5fa0d2d8b10241 [term 0 FOLLOWER]: Replica starting. Triggering 0 pending transactions. Active config: opid_index: -1 OBSOLETE_local: false peers { permanent_uuid: "193181be29284287b25df2ee92938f0b" member_type: VOTER last_known_addr { host: "c3-kudu-tst-st08.bj" port: 18700 } } peers { permanent_uuid: "23f962e4a1744381ad5fa0d2d8b10241" member_type: VOTER last_known_addr { host: "c3-kudu-tst-st07.bj" port: 18700 } } peers { permanent_uuid: "044f1da9a27c46acb82b1386f829f4dc" member_type: VOTER last_known_addr { host: "c3-kudu-tst-st03.bj" port: 18700 } }
I1031 23:03:52.913653 27568 raft_consensus.cc:319] T 31d6227f03a240c0977a072c02773b7a P 23f962e4a1744381ad5fa0d2d8b10241 [term 0 FOLLOWER]: Consensus starting up: Expiring failure detector timer to make a prompt election more likely
I1031 23:03:52.913663 27568 raft_consensus.cc:548] T 31d6227f03a240c0977a072c02773b7a P 23f962e4a1744381ad5fa0d2d8b10241 [term 0 FOLLOWER]: Becoming Follower/Learner. State: Replica: 23f962e4a1744381ad5fa0d2d8b10241, State: 1, Role: FOLLOWER
I1031 23:03:52.913676 27568 consensus_queue.cc:176] T 31d6227f03a240c0977a072c02773b7a P 23f962e4a1744381ad5fa0d2d8b10241 [NON_LEADER]: Queue going to NON_LEADER mode. State: All replicated index: 0, Majority replicated index: 0, Committed index: 0, Last appended: 0.0, Current term: 0, Majority size: -1, State: 1, Mode: NON_LEADER
I1031 23:03:52.930795 32828 raft_consensus.cc:2162] T 31d6227f03a240c0977a072c02773b7a P 23f962e4a1744381ad5fa0d2d8b10241 [term 0 FOLLOWER]: Snoozing failure detection for election timeout plus an additional 1.773s
I1031 23:03:52.930817 32828 raft_consensus.cc:1747] T 31d6227f03a240c0977a072c02773b7a P 23f962e4a1744381ad5fa0d2d8b10241 [term 0 FOLLOWER]: Leader pre-election vote request: Granting yes vote for candidate 044f1da9a27c46acb82b1386f829f4dc in term 0.
I1031 23:03:52.932297 32828 raft_consensus.cc:2206] T 31d6227f03a240c0977a072c02773b7a P 23f962e4a1744381ad5fa0d2d8b10241 [term 0 FOLLOWER]: Advancing to term 1
I1031 23:03:52.932324 32828 raft_consensus.cc:2162] T 31d6227f03a240c0977a072c02773b7a P 23f962e4a1744381ad5fa0d2d8b10241 [term 1 FOLLOWER]: Snoozing failure detection for election timeout plus an additional 2.184s
I1031 23:03:52.932773 32828 raft_consensus.cc:1747] T 31d6227f03a240c0977a072c02773b7a P 23f962e4a1744381ad5fa0d2d8b10241 [term 1 FOLLOWER]: Leader election vote request: Granting yes vote for candidate 044f1da9a27c46acb82b1386f829f4dc in term 1.
I1031 23:03:52.937116 32803 ts_tablet_manager.cc:862] T c1be6b6a217c475b9aed375afd1f491b P 23f962e4a1744381ad5fa0d2d8b10241: Registered tablet (data state: TABLET_DATA_READY)
I1031 23:03:52.958606 27546 raft_consensus.cc:411] T 9967925d5dbd49eaadc0a1a58e7e2089 P 23f962e4a1744381ad5fa0d2d8b10241 [term 0 FOLLOWER]: Starting pre-election (no leader contacted us within the election timeout)
I1031 23:03:52.958634 27546 raft_consensus.cc:2162] T 9967925d5dbd49eaadc0a1a58e7e2089 P 23f962e4a1744381ad5fa0d2d8b10241 [term 0 FOLLOWER]: Snoozing failure detection for election timeout plus an additional 1.781s
I1031 23:03:52.958679 27546 raft_consensus.cc:435] T 9967925d5dbd49eaadc0a1a58e7e2089 P 23f962e4a1744381ad5fa0d2d8b10241 [term 0 FOLLOWER]: Starting pre-election with config: opid_index: -1 OBSOLETE_local: false peers { permanent_uuid: "23f962e4a1744381ad5fa0d2d8b10241" member_type: VOTER last_known_addr { host: "c3-kudu-tst-st07.bj" port: 18700 } } peers { permanent_uuid: "193181be29284287b25df2ee92938f0b" member_type: VOTER last_known_addr { host: "c3-kudu-tst-st08.bj" port: 18700 } } peers { permanent_uuid: "0a8bbcbbb5a6459aa5258464755db3bb" member_type: VOTER last_known_addr { host: "c3-kudu-tst-st02.bj" port: 18700 } }
I1031 23:03:52.959292 27546 leader_election.cc:216] T 9967925d5dbd49eaadc0a1a58e7e2089 P 23f962e4a1744381ad5fa0d2d8b10241 [CANDIDATE]: Term 1 pre-election: Requesting pre-vote from peer 193181be29284287b25df2ee92938f0b
I1031 23:03:52.959344 27546 leader_election.cc:216] T 9967925d5dbd49eaadc0a1a58e7e2089 P 23f962e4a1744381ad5fa0d2d8b10241 [CANDIDATE]: Term 1 pre-election: Requesting pre-vote from peer 0a8bbcbbb5a6459aa5258464755db3bb
W1031 23:03:52.959585 32773 leader_election.cc:278] T 9967925d5dbd49eaadc0a1a58e7e2089 P 23f962e4a1744381ad5fa0d2d8b10241 [CANDIDATE]: Term 1 pre-election: Tablet error from VoteRequest() call to peer 0a8bbcbbb5a6459aa5258464755db3bb: Not found: Tablet not found
I1031 23:03:52.959659 32772 leader_election.cc:348] T 9967925d5dbd49eaadc0a1a58e7e2089 P 23f962e4a1744381ad5fa0d2d8b10241 [CANDIDATE]: Term 1 pre-election: Vote granted by peer 193181be29284287b25df2ee92938f0b
I1031 23:03:52.959676 32772 leader_election.cc:243] T 9967925d5dbd49eaadc0a1a58e7e2089 P 23f962e4a1744381ad5fa0d2d8b10241 [CANDIDATE]: Term 1 pre-election: Election decided. Result: candidate won.
I1031 23:03:52.959801 27547 raft_consensus.cc:2162] T 9967925d5dbd49eaadc0a1a58e7e2089 P 23f962e4a1744381ad5fa0d2d8b10241 [term 0 FOLLOWER]: Snoozing failure detection for election timeout plus an additional 1.971s
I1031 23:03:52.959836 27547 raft_consensus.cc:1971] T 9967925d5dbd49eaadc0a1a58e7e2089 P 23f962e4a1744381ad5fa0d2d8b10241 [term 0 FOLLOWER]: Leader pre-election won for term 1
I1031 23:03:52.959846 27547 raft_consensus.cc:411] T 9967925d5dbd49eaadc0a1a58e7e2089 P 23f962e4a1744381ad5fa0d2d8b10241 [term 0 FOLLOWER]: Starting leader election (no leader contacted us within the election timeout)
I1031 23:03:52.959861 27547 raft_consensus.cc:2162] T 9967925d5dbd49eaadc0a1a58e7e2089 P 23f962e4a1744381ad5fa0d2d8b10241 [term 0 FOLLOWER]: Snoozing failure detection for election timeout plus an additional 1.763s
I1031 23:03:52.959870 27547 raft_consensus.cc:2206] T 9967925d5dbd49eaadc0a1a58e7e2089 P 23f962e4a1744381ad5fa0d2d8b10241 [term 0 FOLLOWER]: Advancing to term 1
I1031 23:03:52.960764 32828 raft_consensus.cc:2162] T 6ca74226a6af40e2a78046fc3591c038 P 23f962e4a1744381ad5fa0d2d8b10241 [term 0 FOLLOWER]: Snoozing failure detection for election timeout plus an additional 2.121s
I1031 23:03:52.960783 32828 raft_consensus.cc:1747] T 6ca74226a6af40e2a78046fc3591c038 P 23f962e4a1744381ad5fa0d2d8b10241 [term 0 FOLLOWER]: Leader pre-election vote request: Granting yes vote for candidate 0a8bbcbbb5a6459aa5258464755db3bb in term 0.
I1031 23:03:52.962352 32828 raft_consensus.cc:2206] T 6ca74226a6af40e2a78046fc3591c038 P 23f962e4a1744381ad5fa0d2d8b10241 [term 0 FOLLOWER]: Advancing to term 1
I1031 23:03:52.962388 32828 raft_consensus.cc:2162] T 6ca74226a6af40e2a78046fc3591c038 P 23f962e4a1744381ad5fa0d2d8b10241 [term 1 FOLLOWER]: Snoozing failure detection for election timeout plus an additional 2.197s
I1031 23:03:52.962481 27547 raft_consensus.cc:435] T 9967925d5dbd49eaadc0a1a58e7e2089 P 23f962e4a1744381ad5fa0d2d8b10241 [term 1 FOLLOWER]: Starting leader election with config: opid_index: -1 OBSOLETE_local: false peers { permanent_uuid: "23f962e4a1744381ad5fa0d2d8b10241" member_type: VOTER last_known_addr { host: "c3-kudu-tst-st07.bj" port: 18700 } } peers { permanent_uuid: "193181be29284287b25df2ee92938f0b" member_type: VOTER last_known_addr { host: "c3-kudu-tst-st08.bj" port: 18700 } } peers { permanent_uuid: "0a8bbcbbb5a6459aa5258464755db3bb" member_type: VOTER last_known_addr { host: "c3-kudu-tst-st02.bj" port: 18700 } }
I1031 23:03:52.962735 32828 raft_consensus.cc:1747] T 6ca74226a6af40e2a78046fc3591c038 P 23f962e4a1744381ad5fa0d2d8b10241 [term 1 FOLLOWER]: Leader election vote request: Granting yes vote for candidate 0a8bbcbbb5a6459aa5258464755db3bb in term 1.
I1031 23:03:52.963028 27547 leader_election.cc:216] T 9967925d5dbd49eaadc0a1a58e7e2089 P 23f962e4a1744381ad5fa0d2d8b10241 [CANDIDATE]: Term 1 election: Requesting vote from peer 193181be29284287b25df2ee92938f0b
I1031 23:03:52.963060 27547 leader_election.cc:216] T 9967925d5dbd49eaadc0a1a58e7e2089 P 23f962e4a1744381ad5fa0d2d8b10241 [CANDIDATE]: Term 1 election: Requesting vote from peer 0a8bbcbbb5a6459aa5258464755db3bb
W1031 23:03:52.963388 32773 leader_election.cc:278] T 9967925d5dbd49eaadc0a1a58e7e2089 P 23f962e4a1744381ad5fa0d2d8b10241 [CANDIDATE]: Term 1 election: Tablet error from VoteRequest() call to peer 0a8bbcbbb5a6459aa5258464755db3bb: Not found: Tablet not found
I1031 23:03:52.963824 32772 leader_election.cc:348] T 9967925d5dbd49eaadc0a1a58e7e2089 P 23f962e4a1744381ad5fa0d2d8b10241 [CANDIDATE]: Term 1 election: Vote granted by peer 193181be29284287b25df2ee92938f0b
I1031 23:03:52.963850 32772 leader_election.cc:243] T 9967925d5dbd49eaadc0a1a58e7e2089 P 23f962e4a1744381ad5fa0d2d8b10241 [CANDIDATE]: Term 1 election: Election decided. Result: candidate won.
I1031 23:03:52.963878 27547 raft_consensus.cc:2162] T 9967925d5dbd49eaadc0a1a58e7e2089 P 23f962e4a1744381ad5fa0d2d8b10241 [term 1 FOLLOWER]: Snoozing failure detection for election timeout plus an additional 1.678s
I1031 23:03:52.963896 27547 raft_consensus.cc:1971] T 9967925d5dbd49eaadc0a1a58e7e2089 P 23f962e4a1744381ad5fa0d2d8b10241 [term 1 FOLLOWER]: Leader election won for term 1
I1031 23:03:52.964061 27547 raft_consensus.cc:518] T 9967925d5dbd49eaadc0a1a58e7e2089 P 23f962e4a1744381ad5fa0d2d8b10241 [term 1 LEADER]: Becoming Leader. State: Replica: 23f962e4a1744381ad5fa0d2d8b10241, State: 1, Role: LEADER
I1031 23:03:52.964105 27547 consensus_queue.cc:158] T 9967925d5dbd49eaadc0a1a58e7e2089 P 23f962e4a1744381ad5fa0d2d8b10241 [LEADER]: Queue going to LEADER mode. State: All replicated index: 0, Majority replicated index: 0, Committed index: 0, Last appended: 0.0, Current term: 1, Majority size: 2, State: 1, Mode: LEADER, active raft config: opid_index: -1 OBSOLETE_local: false peers { permanent_uuid: "23f962e4a1744381ad5fa0d2d8b10241" member_type: VOTER last_known_addr { host: "c3-kudu-tst-st07.bj" port: 18700 } } peers { permanent_uuid: "193181be29284287b25df2ee92938f0b" member_type: VOTER last_known_addr { host: "c3-kudu-tst-st08.bj" port: 18700 } } peers { permanent_uuid: "0a8bbcbbb5a6459aa5258464755db3bb" member_type: VOTER last_known_addr { host: "c3-kudu-tst-st02.bj" port: 18700 } }
I1031 23:03:52.970844 32807 ts_tablet_manager.cc:862] T 13f1cd14968447f7951d92ce30c4b7c0 P 23f962e4a1744381ad5fa0d2d8b10241: Registered tablet (data state: TABLET_DATA_READY)
I1031 23:03:53.004600 32815 ts_tablet_manager.cc:862] T 27f651ff46ca4722b064a85e795dcaa4 P 23f962e4a1744381ad5fa0d2d8b10241: Registered tablet (data state: TABLET_DATA_READY)
I1031 23:03:53.007146 32828 raft_consensus.cc:2162] T e53178c96c3c4ad2b3068e9674d1259d P 23f962e4a1744381ad5fa0d2d8b10241 [term 0 FOLLOWER]: Snoozing failure detection for election timeout plus an additional 1.648s
I1031 23:03:53.007167 32828 raft_consensus.cc:1747] T e53178c96c3c4ad2b3068e9674d1259d P 23f962e4a1744381ad5fa0d2d8b10241 [term 0 FOLLOWER]: Leader pre-election vote request: Granting yes vote for candidate daba39963d4346e1816089fd3a5442b5 in term 0.
I1031 23:03:53.008524 32828 raft_consensus.cc:2206] T e53178c96c3c4ad2b3068e9674d1259d P 23f962e4a1744381ad5fa0d2d8b10241 [term 0 FOLLOWER]: Advancing to term 1
I1031 23:03:53.008555 32828 raft_consensus.cc:2162] T e53178c96c3c4ad2b3068e9674d1259d P 23f962e4a1744381ad5fa0d2d8b10241 [term 1 FOLLOWER]: Snoozing failure detection for election timeout plus an additional 2.206s
I1031 23:03:53.008910 32828 raft_consensus.cc:1747] T e53178c96c3c4ad2b3068e9674d1259d P 23f962e4a1744381ad5fa0d2d8b10241 [term 1 FOLLOWER]: Leader election vote request: Granting yes vote for candidate daba39963d4346e1816089fd3a5442b5 in term 1.
I1031 23:03:53.024197 37685 raft_consensus.cc:411] T a56a9d551d3746e59739adec9d8125ea P 23f962e4a1744381ad5fa0d2d8b10241 [term 0 FOLLOWER]: Starting pre-election (no leader contacted us within the election timeout)
I1031 23:03:53.024235 37685 raft_consensus.cc:2162] T a56a9d551d3746e59739adec9d8125ea P 23f962e4a1744381ad5fa0d2d8b10241 [term 0 FOLLOWER]: Snoozing failure detection for election timeout plus an additional 19.073s
I1031 23:03:53.024281 37685 raft_consensus.cc:435] T a56a9d551d3746e59739adec9d8125ea P 23f962e4a1744381ad5fa0d2d8b10241 [term 0 FOLLOWER]: Starting pre-election with config: opid_index: -1 OBSOLETE_local: false peers { permanent_uuid: "193181be29284287b25df2ee92938f0b" member_type: VOTER last_known_addr { host: "c3-kudu-tst-st08.bj" port: 18700 } } peers { permanent_uuid: "23f962e4a1744381ad5fa0d2d8b10241" member_type: VOTER last_known_addr { host: "c3-kudu-tst-st07.bj" port: 18700 } } peers { permanent_uuid: "044f1da9a27c46acb82b1386f829f4dc" member_type: VOTER last_known_addr { host: "c3-kudu-tst-st03.bj" port: 18700 } }
I1031 23:03:53.024701 37685 leader_election.cc:216] T a56a9d551d3746e59739adec9d8125ea P 23f962e4a1744381ad5fa0d2d8b10241 [CANDIDATE]: Term 1 pre-election: Requesting pre-vote from peer 193181be29284287b25df2ee92938f0b
I1031 23:03:53.024739 37685 leader_election.cc:216] T a56a9d551d3746e59739adec9d8125ea P 23f962e4a1744381ad5fa0d2d8b10241 [CANDIDATE]: Term 1 pre-election: Requesting pre-vote from peer 044f1da9a27c46acb82b1386f829f4dc
W1031 23:03:53.024961 32772 leader_election.cc:278] T a56a9d551d3746e59739adec9d8125ea P 23f962e4a1744381ad5fa0d2d8b10241 [CANDIDATE]: Term 1 pre-election: Tablet error from VoteRequest() call to peer 193181be29284287b25df2ee92938f0b: Not found: Tablet not found
W1031 23:03:53.025044 32773 leader_election.cc:278] T a56a9d551d3746e59739adec9d8125ea P 23f962e4a1744381ad5fa0d2d8b10241 [CANDIDATE]: Term 1 pre-election: Tablet error from VoteRequest() call to peer 044f1da9a27c46acb82b1386f829f4dc: Not found: Tablet not found
I1031 23:03:53.025066 32773 leader_election.cc:243] T a56a9d551d3746e59739adec9d8125ea P 23f962e4a1744381ad5fa0d2d8b10241 [CANDIDATE]: Term 1 pre-election: Election decided. Result: candidate lost.
I1031 23:03:53.025472 27576 raft_consensus.cc:2162] T a56a9d551d3746e59739adec9d8125ea P 23f962e4a1744381ad5fa0d2d8b10241 [term 0 FOLLOWER]: Snoozing failure detection for election timeout plus an additional 9.521s
I1031 23:03:53.025493 27576 raft_consensus.cc:1908] T a56a9d551d3746e59739adec9d8125ea P 23f962e4a1744381ad5fa0d2d8b10241 [term 0 FOLLOWER]: Leader pre-election lost for term 1. Reason: could not achieve majority
I1031 23:03:53.038365 32817 ts_tablet_manager.cc:862] T cc323d8862bb429490b7ef96568245c5 P 23f962e4a1744381ad5fa0d2d8b10241: Registered tablet (data state: TABLET_DATA_READY)
I1031 23:03:53.049438 27556 raft_consensus.cc:411] T 6f911a94e20d47aa9efaf9ffe3914c3b P 23f962e4a1744381ad5fa0d2d8b10241 [term 0 FOLLOWER]: Starting pre-election (no leader contacted us within the election timeout)
I1031 23:03:53.049473 27556 raft_consensus.cc:2162] T 6f911a94e20d47aa9efaf9ffe3914c3b P 23f962e4a1744381ad5fa0d2d8b10241 [term 0 FOLLOWER]: Snoozing failure detection for election timeout plus an additional 2.085s
I1031 23:03:53.049511 27556 raft_consensus.cc:435] T 6f911a94e20d47aa9efaf9ffe3914c3b P 23f962e4a1744381ad5fa0d2d8b10241 [term 0 FOLLOWER]: Starting pre-election with config: opid_index: -1 OBSOLETE_local: false peers { permanent_uuid: "0a8bbcbbb5a6459aa5258464755db3bb" member_type: VOTER last_known_addr { host: "c3-kudu-tst-st02.bj" port: 18700 } } peers { permanent_uuid: "23f962e4a1744381ad5fa0d2d8b10241" member_type: VOTER last_known_addr { host: "c3-kudu-tst-st07.bj" port: 18700 } } peers { permanent_uuid: "0fc477287c154136abc1e2f3c82fb7f9" member_type: VOTER last_known_addr { host: "c3-kudu-tst-st04.bj" port: 18700 } }
I1031 23:03:53.050052 27556 leader_election.cc:216] T 6f911a94e20d47aa9efaf9ffe3914c3b P 23f962e4a1744381ad5fa0d2d8b10241 [CANDIDATE]: Term 1 pre-election: Requesting pre-vote from peer 0a8bbcbbb5a6459aa5258464755db3bb
I1031 23:03:53.050081 27556 leader_election.cc:216] T 6f911a94e20d47aa9efaf9ffe3914c3b P 23f962e4a1744381ad5fa0d2d8b10241 [CANDIDATE]: Term 1 pre-election: Requesting pre-vote from peer 0fc477287c154136abc1e2f3c82fb7f9
W1031 23:03:53.050287 32773 leader_election.cc:278] T 6f911a94e20d47aa9efaf9ffe3914c3b P 23f962e4a1744381ad5fa0d2d8b10241 [CANDIDATE]: Term 1 pre-election: Tablet error from VoteRequest() call to peer 0a8bbcbbb5a6459aa5258464755db3bb: Illegal state: Tablet not RUNNING: NOT_STARTED
W1031 23:03:53.050390 32771 leader_election.cc:278] T 6f911a94e20d47aa9efaf9ffe3914c3b P 23f962e4a1744381ad5fa0d2d8b10241 [CANDIDATE]: Term 1 pre-election: Tablet error from VoteRequest() call to peer 0fc477287c154136abc1e2f3c82fb7f9: Illegal state: Tablet not RUNNING: NOT_STARTED
I1031 23:03:53.050421 32771 leader_election.cc:243] T 6f911a94e20d47aa9efaf9ffe3914c3b P 23f962e4a1744381ad5fa0d2d8b10241 [CANDIDATE]: Term 1 pre-election: Election decided. Result: candidate lost.
I1031 23:03:53.050509 27557 raft_consensus.cc:2162] T 6f911a94e20d47aa9efaf9ffe3914c3b P 23f962e4a1744381ad5fa0d2d8b10241 [term 0 FOLLOWER]: Snoozing failure detection for election timeout plus an additional 1.967s
I1031 23:03:53.050529 27557 raft_consensus.cc:1908] T 6f911a94e20d47aa9efaf9ffe3914c3b P 23f962e4a1744381ad5fa0d2d8b10241 [term 0 FOLLOWER]: Leader pre-election lost for term 1. Reason: could not achieve majority
I1031 23:03:53.054198 27536 raft_consensus.cc:411] T de45d05c3a064dc5acb91d66dcaea6ed P 23f962e4a1744381ad5fa0d2d8b10241 [term 0 FOLLOWER]: Starting pre-election (no leader contacted us within the election timeout)
I1031 23:03:53.054227 27536 raft_consensus.cc:2162] T de45d05c3a064dc5acb91d66dcaea6ed P 23f962e4a1744381ad5fa0d2d8b10241 [term 0 FOLLOWER]: Snoozing failure detection for election timeout plus an additional 2.144s
I1031 23:03:53.054265 27536 raft_consensus.cc:435] T de45d05c3a064dc5acb91d66dcaea6ed P 23f962e4a1744381ad5fa0d2d8b10241 [term 0 FOLLOWER]: Starting pre-election with config: opid_index: -1 OBSOLETE_local: false peers { permanent_uuid: "193181be29284287b25df2ee92938f0b" member_type: VOTER last_known_addr { host: "c3-kudu-tst-st08.bj" port: 18700 } } peers { permanent_uuid: "0f53a0d3ef7e44ebb0365c800752d5bd" member_type: VOTER last_known_addr { host: "c3-kudu-tst-st01.bj" port: 18700 } } peers { permanent_uuid: "23f962e4a1744381ad5fa0d2d8b10241" member_type: VOTER last_known_addr { host: "c3-kudu-tst-st07.bj" port: 18700 } }
I1031 23:03:53.054791 27536 leader_election.cc:216] T de45d05c3a064dc5acb91d66dcaea6ed P 23f962e4a1744381ad5fa0d2d8b10241 [CANDIDATE]: Term 1 pre-election: Requesting pre-vote from peer 193181be29284287b25df2ee92938f0b
I1031 23:03:53.054819 27536 leader_election.cc:216] T de45d05c3a064dc5acb91d66dcaea6ed P 23f962e4a1744381ad5fa0d2d8b10241 [CANDIDATE]: Term 1 pre-election: Requesting pre-vote from peer 0f53a0d3ef7e44ebb0365c800752d5bd
I1031 23:03:53.055080 32772 leader_election.cc:348] T de45d05c3a064dc5acb91d66dcaea6ed P 23f962e4a1744381ad5fa0d2d8b10241 [CANDIDATE]: Term 1 pre-election: Vote granted by peer 193181be29284287b25df2ee92938f0b
I1031 23:03:53.055094 32772 leader_election.cc:243] T de45d05c3a064dc5acb91d66dcaea6ed P 23f962e4a1744381ad5fa0d2d8b10241 [CANDIDATE]: Term 1 pre-election: Election decided. Result: candidate won.
I1031 23:03:53.055130 27537 raft_consensus.cc:2162] T de45d05c3a064dc5acb91d66dcaea6ed P 23f962e4a1744381ad5fa0d2d8b10241 [term 0 FOLLOWER]: Snoozing failure detection for election timeout plus an additional 1.540s
I1031 23:03:53.055145 27537 raft_consensus.cc:1971] T de45d05c3a064dc5acb91d66dcaea6ed P 23f962e4a1744381ad5fa0d2d8b10241 [term 0 FOLLOWER]: Leader pre-election won for term 1
I1031 23:03:53.055155 27537 raft_consensus.cc:411] T de45d05c3a064dc5acb91d66dcaea6ed P 23f962e4a1744381ad5fa0d2d8b10241 [term 0 FOLLOWER]: Starting leader election (no leader contacted us within the election timeout)
I1031 23:03:53.055166 27537 raft_consensus.cc:2162] T de45d05c3a064dc5acb91d66dcaea6ed P 23f962e4a1744381ad5fa0d2d8b10241 [term 0 FOLLOWER]: Snoozing failure detection for election timeout plus an additional 1.737s
I1031 23:03:53.055176 27537 raft_consensus.cc:2206] T de45d05c3a064dc5acb91d66dcaea6ed P 23f962e4a1744381ad5fa0d2d8b10241 [term 0 FOLLOWER]: Advancing to term 1
I1031 23:03:53.055317 32770 leader_election.cc:348] T de45d05c3a064dc5acb91d66dcaea6ed P 23f962e4a1744381ad5fa0d2d8b10241 [CANDIDATE]: Term 1 pre-election: Vote granted by peer 0f53a0d3ef7e44ebb0365c800752d5bd
I1031 23:03:53.055639 27537 raft_consensus.cc:435] T de45d05c3a064dc5acb91d66dcaea6ed P 23f962e4a1744381ad5fa0d2d8b10241 [term 1 FOLLOWER]: Starting leader election with config: opid_index: -1 OBSOLETE_local: false peers { permanent_uuid: "193181be29284287b25df2ee92938f0b" member_type: VOTER last_known_addr { host: "c3-kudu-tst-st08.bj" port: 18700 } } peers { permanent_uuid: "0f53a0d3ef7e44ebb0365c800752d5bd" member_type: VOTER last_known_addr { host: "c3-kudu-tst-st01.bj" port: 18700 } } peers { permanent_uuid: "23f962e4a1744381ad5fa0d2d8b10241" member_type: VOTER last_known_addr { host: "c3-kudu-tst-st07.bj" port: 18700 } }
I1031 23:03:53.056089 27537 leader_election.cc:216] T de45d05c3a064dc5acb91d66dcaea6ed P 23f962e4a1744381ad5fa0d2d8b10241 [CANDIDATE]: Term 1 election: Requesting vote from peer 193181be29284287b25df2ee92938f0b
I1031 23:03:53.056116 27537 leader_election.cc:216] T de45d05c3a064dc5acb91d66dcaea6ed P 23f962e4a1744381ad5fa0d2d8b10241 [CANDIDATE]: Term 1 election: Requesting vote from peer 0f53a0d3ef7e44ebb0365c800752d5bd
I1031 23:03:53.056756 32772 leader_election.cc:348] T de45d05c3a064dc5acb91d66dcaea6ed P 23f962e4a1744381ad5fa0d2d8b10241 [CANDIDATE]: Term 1 election: Vote granted by peer 193181be29284287b25df2ee92938f0b
I1031 23:03:53.056784 32772 leader_election.cc:243] T de45d05c3a064dc5acb91d66dcaea6ed P 23f962e4a1744381ad5fa0d2d8b10241 [CANDIDATE]: Term 1 election: Election decided. Result: candidate won.
I1031 23:03:53.056813 27537 raft_consensus.cc:2162] T de45d05c3a064dc5acb91d66dcaea6ed P 23f962e4a1744381ad5fa0d2d8b10241 [term 1 FOLLOWER]: Snoozing failure detection for election timeout plus an additional 2.242s
I1031 23:03:53.056828 27537 raft_consensus.cc:1971] T de45d05c3a064dc5acb91d66dcaea6ed P 23f962e4a1744381ad5fa0d2d8b10241 [term 1 FOLLOWER]: Leader election won for term 1
I1031 23:03:53.057221 32770 leader_election.cc:348] T de45d05c3a064dc5acb91d66dcaea6ed P 23f962e4a1744381ad5fa0d2d8b10241 [CANDIDATE]: Term 1 election: Vote granted by peer 0f53a0d3ef7e44ebb0365c800752d5bd
I1031 23:03:53.057227 27537 raft_consensus.cc:518] T de45d05c3a064dc5acb91d66dcaea6ed P 23f962e4a1744381ad5fa0d2d8b10241 [term 1 LEADER]: Becoming Leader. State: Replica: 23f962e4a1744381ad5fa0d2d8b10241, State: 1, Role: LEADER
I1031 23:03:53.057273 27537 consensus_queue.cc:158] T de45d05c3a064dc5acb91d66dcaea6ed P 23f962e4a1744381ad5fa0d2d8b10241 [LEADER]: Queue going to LEADER mode. State: All replicated index: 0, Majority replicated index: 0, Committed index: 0, Last appended: 0.0, Current term: 1, Majority size: 2, State: 1, Mode: LEADER, active raft config: opid_index: -1 OBSOLETE_local: false peers { permanent_uuid: "193181be29284287b25df2ee92938f0b" member_type: VOTER last_known_addr { host: "c3-kudu-tst-st08.bj" port: 18700 } } peers { permanent_uuid: "0f53a0d3ef7e44ebb0365c800752d5bd" member_type: VOTER last_known_addr { host: "c3-kudu-tst-st01.bj" port: 18700 } } peers { permanent_uuid: "23f962e4a1744381ad5fa0d2d8b10241" member_type: VOTER last_known_addr { host: "c3-kudu-tst-st07.bj" port: 18700 } }
I1031 23:03:53.063609 32801 ts_tablet_manager.cc:862] T f49a4f915ac048b096fcb5f4878f436d P 23f962e4a1744381ad5fa0d2d8b10241: Registered tablet (data state: TABLET_DATA_READY)
I1031 23:03:53.097404 32814 ts_tablet_manager.cc:862] T 68aa6071fa594e79958cddb8489a1f0c P 23f962e4a1744381ad5fa0d2d8b10241: Registered tablet (data state: TABLET_DATA_READY)
I1031 23:03:53.122566 32806 ts_tablet_manager.cc:862] T f0a40a8745bb4f4abbe8b304ebc7626c P 23f962e4a1744381ad5fa0d2d8b10241: Registered tablet (data state: TABLET_DATA_READY)
I1031 23:03:53.147754 32809 ts_tablet_manager.cc:862] T 42d56cd12bbb4bed9973f96a230fdb9e P 23f962e4a1744381ad5fa0d2d8b10241: Registered tablet (data state: TABLET_DATA_READY)
I1031 23:03:53.172963 32802 ts_tablet_manager.cc:862] T 5110f0095bd94f67abf0aad906332efe P 23f962e4a1744381ad5fa0d2d8b10241: Registered tablet (data state: TABLET_DATA_READY)
I1031 23:03:53.198792 32805 ts_tablet_manager.cc:862] T fcde65c4e4cf4df29b9ef9884ce292b2 P 23f962e4a1744381ad5fa0d2d8b10241: Registered tablet (data state: TABLET_DATA_READY)
I1031 23:03:53.434947 32820 raft_consensus.cc:918] T 31d6227f03a240c0977a072c02773b7a P 23f962e4a1744381ad5fa0d2d8b10241 [term 1 FOLLOWER]: Refusing update from remote peer 044f1da9a27c46acb82b1386f829f4dc: Log matching property violated. Preceding OpId in replica: term: 0 index: 0. Preceding OpId from leader: term: 1 index: 1. (index mismatch)
I1031 23:03:53.464802 32820 raft_consensus.cc:918] T 6ca74226a6af40e2a78046fc3591c038 P 23f962e4a1744381ad5fa0d2d8b10241 [term 1 FOLLOWER]: Refusing update from remote peer 0a8bbcbbb5a6459aa5258464755db3bb: Log matching property violated. Preceding OpId in replica: term: 0 index: 0. Preceding OpId from leader: term: 1 index: 1. (index mismatch)
I1031 23:03:53.465030 27547 consensus_queue.cc:695] T 9967925d5dbd49eaadc0a1a58e7e2089 P 23f962e4a1744381ad5fa0d2d8b10241 [LEADER]: Connected to new peer: Peer: 193181be29284287b25df2ee92938f0b, Is new: false, Last received: 0.0, Next index: 1, Last known committed idx: 0, Last exchange result: ERROR, Needs tablet copy: false
