I1031 23:09:04.720571 32809 ts_tablet_manager.cc:1020] T f49a4f915ac048b096fcb5f4878f436d P 23f962e4a1744381ad5fa0d2d8b10241: Deleting tablet data with delete state TABLET_DATA_DELETED
I1031 23:09:04.720692 32805 ts_tablet_manager.cc:1020] T f0a40a8745bb4f4abbe8b304ebc7626c P 23f962e4a1744381ad5fa0d2d8b10241: Deleting tablet data with delete state TABLET_DATA_DELETED
I1031 23:09:04.720861 32801 ts_tablet_manager.cc:1020] T 5110f0095bd94f67abf0aad906332efe P 23f962e4a1744381ad5fa0d2d8b10241: Deleting tablet data with delete state TABLET_DATA_DELETED
I1031 23:09:04.720870 27558 raft_consensus.cc:288] T 005a48fb466c4a52896842dd00124755 P 23f962e4a1744381ad5fa0d2d8b10241 [term 0 FOLLOWER]: Replica starting. Triggering 0 pending transactions. Active config: opid_index: -1 OBSOLETE_local: false peers { permanent_uuid: "23f962e4a1744381ad5fa0d2d8b10241" member_type: VOTER last_known_addr { host: "c3-kudu-tst-st07.bj" port: 18700 } } peers { permanent_uuid: "044f1da9a27c46acb82b1386f829f4dc" member_type: VOTER last_known_addr { host: "c3-kudu-tst-st03.bj" port: 18700 } } peers { permanent_uuid: "625f49b9554549e6a5c3a92b76e576cf" member_type: VOTER last_known_addr { host: "c3-kudu-tst-st10.bj" port: 18700 } }
I1031 23:09:04.720876 27563 raft_consensus.cc:288] T 4b81a7f36c9a4b24a3294e39fdf19d9d P 23f962e4a1744381ad5fa0d2d8b10241 [term 0 FOLLOWER]: Replica starting. Triggering 0 pending transactions. Active config: opid_index: -1 OBSOLETE_local: false peers { permanent_uuid: "0a8bbcbbb5a6459aa5258464755db3bb" member_type: VOTER last_known_addr { host: "c3-kudu-tst-st02.bj" port: 18700 } } peers { permanent_uuid: "23f962e4a1744381ad5fa0d2d8b10241" member_type: VOTER last_known_addr { host: "c3-kudu-tst-st07.bj" port: 18700 } } peers { permanent_uuid: "625f49b9554549e6a5c3a92b76e576cf" member_type: VOTER last_known_addr { host: "c3-kudu-tst-st10.bj" port: 18700 } }
I1031 23:09:04.720886 27558 raft_consensus.cc:319] T 005a48fb466c4a52896842dd00124755 P 23f962e4a1744381ad5fa0d2d8b10241 [term 0 FOLLOWER]: Consensus starting up: Expiring failure detector timer to make a prompt election more likely
I1031 23:09:04.720892 27563 raft_consensus.cc:319] T 4b81a7f36c9a4b24a3294e39fdf19d9d P 23f962e4a1744381ad5fa0d2d8b10241 [term 0 FOLLOWER]: Consensus starting up: Expiring failure detector timer to make a prompt election more likely
I1031 23:09:04.720894 27558 raft_consensus.cc:548] T 005a48fb466c4a52896842dd00124755 P 23f962e4a1744381ad5fa0d2d8b10241 [term 0 FOLLOWER]: Becoming Follower/Learner. State: Replica: 23f962e4a1744381ad5fa0d2d8b10241, State: 1, Role: FOLLOWER
I1031 23:09:04.720906 27563 raft_consensus.cc:548] T 4b81a7f36c9a4b24a3294e39fdf19d9d P 23f962e4a1744381ad5fa0d2d8b10241 [term 0 FOLLOWER]: Becoming Follower/Learner. State: Replica: 23f962e4a1744381ad5fa0d2d8b10241, State: 1, Role: FOLLOWER
I1031 23:09:04.720921 27558 consensus_queue.cc:176] T 005a48fb466c4a52896842dd00124755 P 23f962e4a1744381ad5fa0d2d8b10241 [NON_LEADER]: Queue going to NON_LEADER mode. State: All replicated index: 0, Majority replicated index: 0, Committed index: 0, Last appended: 0.0, Current term: 0, Majority size: -1, State: 1, Mode: NON_LEADER
I1031 23:09:04.720927 27563 consensus_queue.cc:176] T 4b81a7f36c9a4b24a3294e39fdf19d9d P 23f962e4a1744381ad5fa0d2d8b10241 [NON_LEADER]: Queue going to NON_LEADER mode. State: All replicated index: 0, Majority replicated index: 0, Committed index: 0, Last appended: 0.0, Current term: 0, Majority size: -1, State: 1, Mode: NON_LEADER
I1031 23:09:04.721361 27568 raft_consensus.cc:288] T bff7dab34ccd4b42842077e82106f6fb P 23f962e4a1744381ad5fa0d2d8b10241 [term 0 FOLLOWER]: Replica starting. Triggering 0 pending transactions. Active config: opid_index: -1 OBSOLETE_local: false peers { permanent_uuid: "0f53a0d3ef7e44ebb0365c800752d5bd" member_type: VOTER last_known_addr { host: "c3-kudu-tst-st01.bj" port: 18700 } } peers { permanent_uuid: "23f962e4a1744381ad5fa0d2d8b10241" member_type: VOTER last_known_addr { host: "c3-kudu-tst-st07.bj" port: 18700 } } peers { permanent_uuid: "193181be29284287b25df2ee92938f0b" member_type: VOTER last_known_addr { host: "c3-kudu-tst-st08.bj" port: 18700 } }
I1031 23:09:04.721384 27568 raft_consensus.cc:319] T bff7dab34ccd4b42842077e82106f6fb P 23f962e4a1744381ad5fa0d2d8b10241 [term 0 FOLLOWER]: Consensus starting up: Expiring failure detector timer to make a prompt election more likely
I1031 23:09:04.721397 27568 raft_consensus.cc:548] T bff7dab34ccd4b42842077e82106f6fb P 23f962e4a1744381ad5fa0d2d8b10241 [term 0 FOLLOWER]: Becoming Follower/Learner. State: Replica: 23f962e4a1744381ad5fa0d2d8b10241, State: 1, Role: FOLLOWER
I1031 23:09:04.721397 27548 ts_tablet_manager.cc:755] T b758ec3274c84dcbb110cf5aa3dca9aa P 23f962e4a1744381ad5fa0d2d8b10241: Time spent starting tablet: real 0.003s user 0.000s sys 0.001s
I1031 23:09:04.721421 27568 consensus_queue.cc:176] T bff7dab34ccd4b42842077e82106f6fb P 23f962e4a1744381ad5fa0d2d8b10241 [NON_LEADER]: Queue going to NON_LEADER mode. State: All replicated index: 0, Majority replicated index: 0, Committed index: 0, Last appended: 0.0, Current term: 0, Majority size: -1, State: 1, Mode: NON_LEADER
I1031 23:09:04.721432 27548 ts_tablet_manager.cc:723] T db5874009dd84d4892fccdb3316010c2 P 23f962e4a1744381ad5fa0d2d8b10241: Bootstrapping tablet
I1031 23:09:04.721644 32817 tablet_service.cc:691] Processing DeleteTablet for tablet b758ec3274c84dcbb110cf5aa3dca9aa with delete_type TABLET_DATA_DELETED (Replaced by 8356b43879104775b9a8c5a9e546e85b at 2017-10-31 23:04:52 CST) from {username='work'} at 10.108.187.10:62607
I1031 23:09:04.721674 32817 tablet_peer.cc:221] Initiating TabletPeer shutdown for tablet: b758ec3274c84dcbb110cf5aa3dca9aa
I1031 23:09:04.721683 27548 tablet_bootstrap.cc:382] T db5874009dd84d4892fccdb3316010c2 P 23f962e4a1744381ad5fa0d2d8b10241: Bootstrap starting.
I1031 23:09:04.721701 32817 maintenance_manager.cc:208] P 23f962e4a1744381ad5fa0d2d8b10241: Unregistered op CompactRowSetsOp(b758ec3274c84dcbb110cf5aa3dca9aa)
I1031 23:09:04.721725 32817 maintenance_manager.cc:208] P 23f962e4a1744381ad5fa0d2d8b10241: Unregistered op MinorDeltaCompactionOp(b758ec3274c84dcbb110cf5aa3dca9aa)
I1031 23:09:04.721748 32817 maintenance_manager.cc:208] P 23f962e4a1744381ad5fa0d2d8b10241: Unregistered op MajorDeltaCompactionOp(b758ec3274c84dcbb110cf5aa3dca9aa)
I1031 23:09:04.721771 32817 maintenance_manager.cc:208] P 23f962e4a1744381ad5fa0d2d8b10241: Unregistered op UndoDeltaBlockGCOp(b758ec3274c84dcbb110cf5aa3dca9aa)
I1031 23:09:04.721786 27548 tablet_bootstrap.cc:541] T db5874009dd84d4892fccdb3316010c2 P 23f962e4a1744381ad5fa0d2d8b10241: Time spent opening tablet: real 0.000s user 0.000s sys 0.000s
I1031 23:09:04.721793 32817 maintenance_manager.cc:208] P 23f962e4a1744381ad5fa0d2d8b10241: Unregistered op FlushMRSOp(b758ec3274c84dcbb110cf5aa3dca9aa)
I1031 23:09:04.721815 32817 maintenance_manager.cc:208] P 23f962e4a1744381ad5fa0d2d8b10241: Unregistered op FlushDeltaMemStoresOp(b758ec3274c84dcbb110cf5aa3dca9aa)
I1031 23:09:04.721837 32817 maintenance_manager.cc:208] P 23f962e4a1744381ad5fa0d2d8b10241: Unregistered op LogGCOp(b758ec3274c84dcbb110cf5aa3dca9aa)
I1031 23:09:04.721860 32817 raft_consensus.cc:1569] T b758ec3274c84dcbb110cf5aa3dca9aa P 23f962e4a1744381ad5fa0d2d8b10241 [term 0 FOLLOWER]: Raft consensus shutting down.
I1031 23:09:04.721877 27548 tablet_bootstrap.cc:484] T db5874009dd84d4892fccdb3316010c2 P 23f962e4a1744381ad5fa0d2d8b10241: No blocks or log segments found. Creating new log.
I1031 23:09:04.721889 32817 raft_consensus.cc:1585] T b758ec3274c84dcbb110cf5aa3dca9aa P 23f962e4a1744381ad5fa0d2d8b10241 [term 0 FOLLOWER]: Raft consensus is shut down!
I1031 23:09:04.722149 27543 tablet_bootstrap.cc:382] T d67c8d7da92f4f10b75858f21d80f8c4 P 23f962e4a1744381ad5fa0d2d8b10241: No bootstrap required, opened a new log
I1031 23:09:04.722182 27543 ts_tablet_manager.cc:728] T d67c8d7da92f4f10b75858f21d80f8c4 P 23f962e4a1744381ad5fa0d2d8b10241: Time spent bootstrapping tablet: real 0.003s user 0.000s sys 0.001s
I1031 23:09:04.722187 27558 ts_tablet_manager.cc:755] T 005a48fb466c4a52896842dd00124755 P 23f962e4a1744381ad5fa0d2d8b10241: Time spent starting tablet: real 0.003s user 0.000s sys 0.001s
I1031 23:09:04.722216 27558 ts_tablet_manager.cc:723] T 47eeb8448c454968a45bf1a984427b25 P 23f962e4a1744381ad5fa0d2d8b10241: Bootstrapping tablet
I1031 23:09:04.722285 27563 ts_tablet_manager.cc:755] T 4b81a7f36c9a4b24a3294e39fdf19d9d P 23f962e4a1744381ad5fa0d2d8b10241: Time spent starting tablet: real 0.004s user 0.000s sys 0.003s
I1031 23:09:04.722313 27563 ts_tablet_manager.cc:723] T 012b21c0f95e4dd594076018fd6fdb7e P 23f962e4a1744381ad5fa0d2d8b10241: Bootstrapping tablet
I1031 23:09:04.722324 27568 ts_tablet_manager.cc:755] T bff7dab34ccd4b42842077e82106f6fb P 23f962e4a1744381ad5fa0d2d8b10241: Time spent starting tablet: real 0.004s user 0.000s sys 0.001s
I1031 23:09:04.722355 27568 ts_tablet_manager.cc:723] T bb4c891b261b42ef9b983f46cefef6ae P 23f962e4a1744381ad5fa0d2d8b10241: Bootstrapping tablet
I1031 23:09:04.722376 27553 tablet_bootstrap.cc:382] T 7d1359dc00a24df68d41c2447e367f1d P 23f962e4a1744381ad5fa0d2d8b10241: No bootstrap required, opened a new log
I1031 23:09:04.722400 27553 ts_tablet_manager.cc:728] T 7d1359dc00a24df68d41c2447e367f1d P 23f962e4a1744381ad5fa0d2d8b10241: Time spent bootstrapping tablet: real 0.003s user 0.001s sys 0.001s
I1031 23:09:04.722400 32807 tablet_service.cc:691] Processing DeleteTablet for tablet 005a48fb466c4a52896842dd00124755 with delete_type TABLET_DATA_DELETED (Replaced by f2af422919fd4560bd6441509a68d64b at 2017-10-31 23:05:22 CST) from {username='work'} at 10.108.187.10:62607
I1031 23:09:04.722447 27558 tablet_bootstrap.cc:382] T 47eeb8448c454968a45bf1a984427b25 P 23f962e4a1744381ad5fa0d2d8b10241: Bootstrap starting.
I1031 23:09:04.722553 27558 tablet_bootstrap.cc:541] T 47eeb8448c454968a45bf1a984427b25 P 23f962e4a1744381ad5fa0d2d8b10241: Time spent opening tablet: real 0.000s user 0.000s sys 0.000s
I1031 23:09:04.722570 27563 tablet_bootstrap.cc:382] T 012b21c0f95e4dd594076018fd6fdb7e P 23f962e4a1744381ad5fa0d2d8b10241: Bootstrap starting.
I1031 23:09:04.722640 27558 tablet_bootstrap.cc:484] T 47eeb8448c454968a45bf1a984427b25 P 23f962e4a1744381ad5fa0d2d8b10241: No blocks or log segments found. Creating new log.
I1031 23:09:04.722646 27568 tablet_bootstrap.cc:382] T bb4c891b261b42ef9b983f46cefef6ae P 23f962e4a1744381ad5fa0d2d8b10241: Bootstrap starting.
I1031 23:09:04.722698 27563 tablet_bootstrap.cc:541] T 012b21c0f95e4dd594076018fd6fdb7e P 23f962e4a1744381ad5fa0d2d8b10241: Time spent opening tablet: real 0.000s user 0.000s sys 0.000s
I1031 23:09:04.722726 27543 raft_consensus.cc:288] T d67c8d7da92f4f10b75858f21d80f8c4 P 23f962e4a1744381ad5fa0d2d8b10241 [term 0 FOLLOWER]: Replica starting. Triggering 0 pending transactions. Active config: opid_index: -1 OBSOLETE_local: false peers { permanent_uuid: "625f49b9554549e6a5c3a92b76e576cf" member_type: VOTER last_known_addr { host: "c3-kudu-tst-st10.bj" port: 18700 } } peers { permanent_uuid: "23f962e4a1744381ad5fa0d2d8b10241" member_type: VOTER last_known_addr { host: "c3-kudu-tst-st07.bj" port: 18700 } } peers { permanent_uuid: "d3eb30bd1bc34b95902fa61724239553" member_type: VOTER last_known_addr { host: "c3-kudu-tst-st05.bj" port: 18700 } }
I1031 23:09:04.722748 27543 raft_consensus.cc:319] T d67c8d7da92f4f10b75858f21d80f8c4 P 23f962e4a1744381ad5fa0d2d8b10241 [term 0 FOLLOWER]: Consensus starting up: Expiring failure detector timer to make a prompt election more likely
I1031 23:09:04.722754 27568 tablet_bootstrap.cc:541] T bb4c891b261b42ef9b983f46cefef6ae P 23f962e4a1744381ad5fa0d2d8b10241: Time spent opening tablet: real 0.000s user 0.000s sys 0.000s
I1031 23:09:04.722761 27543 raft_consensus.cc:548] T d67c8d7da92f4f10b75858f21d80f8c4 P 23f962e4a1744381ad5fa0d2d8b10241 [term 0 FOLLOWER]: Becoming Follower/Learner. State: Replica: 23f962e4a1744381ad5fa0d2d8b10241, State: 1, Role: FOLLOWER
I1031 23:09:04.722779 27543 consensus_queue.cc:176] T d67c8d7da92f4f10b75858f21d80f8c4 P 23f962e4a1744381ad5fa0d2d8b10241 [NON_LEADER]: Queue going to NON_LEADER mode. State: All replicated index: 0, Majority replicated index: 0, Committed index: 0, Last appended: 0.0, Current term: 0, Majority size: -1, State: 1, Mode: NON_LEADER
I1031 23:09:04.722786 27563 tablet_bootstrap.cc:484] T 012b21c0f95e4dd594076018fd6fdb7e P 23f962e4a1744381ad5fa0d2d8b10241: No blocks or log segments found. Creating new log.
I1031 23:09:04.722827 32807 tablet_peer.cc:221] Initiating TabletPeer shutdown for tablet: 005a48fb466c4a52896842dd00124755
I1031 23:09:04.722849 32807 maintenance_manager.cc:208] P 23f962e4a1744381ad5fa0d2d8b10241: Unregistered op CompactRowSetsOp(005a48fb466c4a52896842dd00124755)
I1031 23:09:04.722851 27568 tablet_bootstrap.cc:484] T bb4c891b261b42ef9b983f46cefef6ae P 23f962e4a1744381ad5fa0d2d8b10241: No blocks or log segments found. Creating new log.
I1031 23:09:04.722862 27553 raft_consensus.cc:288] T 7d1359dc00a24df68d41c2447e367f1d P 23f962e4a1744381ad5fa0d2d8b10241 [term 0 FOLLOWER]: Replica starting. Triggering 0 pending transactions. Active config: opid_index: -1 OBSOLETE_local: false peers { permanent_uuid: "0fc477287c154136abc1e2f3c82fb7f9" member_type: VOTER last_known_addr { host: "c3-kudu-tst-st04.bj" port: 18700 } } peers { permanent_uuid: "23f962e4a1744381ad5fa0d2d8b10241" member_type: VOTER last_known_addr { host: "c3-kudu-tst-st07.bj" port: 18700 } } peers { permanent_uuid: "044f1da9a27c46acb82b1386f829f4dc" member_type: VOTER last_known_addr { host: "c3-kudu-tst-st03.bj" port: 18700 } }
I1031 23:09:04.722863 32807 maintenance_manager.cc:208] P 23f962e4a1744381ad5fa0d2d8b10241: Unregistered op MinorDeltaCompactionOp(005a48fb466c4a52896842dd00124755)
I1031 23:09:04.722878 27553 raft_consensus.cc:319] T 7d1359dc00a24df68d41c2447e367f1d P 23f962e4a1744381ad5fa0d2d8b10241 [term 0 FOLLOWER]: Consensus starting up: Expiring failure detector timer to make a prompt election more likely
I1031 23:09:04.722885 27553 raft_consensus.cc:548] T 7d1359dc00a24df68d41c2447e367f1d P 23f962e4a1744381ad5fa0d2d8b10241 [term 0 FOLLOWER]: Becoming Follower/Learner. State: Replica: 23f962e4a1744381ad5fa0d2d8b10241, State: 1, Role: FOLLOWER
I1031 23:09:04.722887 32807 maintenance_manager.cc:208] P 23f962e4a1744381ad5fa0d2d8b10241: Unregistered op MajorDeltaCompactionOp(005a48fb466c4a52896842dd00124755)
I1031 23:09:04.722898 27553 consensus_queue.cc:176] T 7d1359dc00a24df68d41c2447e367f1d P 23f962e4a1744381ad5fa0d2d8b10241 [NON_LEADER]: Queue going to NON_LEADER mode. State: All replicated index: 0, Majority replicated index: 0, Committed index: 0, Last appended: 0.0, Current term: 0, Majority size: -1, State: 1, Mode: NON_LEADER
I1031 23:09:04.722898 32807 maintenance_manager.cc:208] P 23f962e4a1744381ad5fa0d2d8b10241: Unregistered op UndoDeltaBlockGCOp(005a48fb466c4a52896842dd00124755)
I1031 23:09:04.722918 32807 maintenance_manager.cc:208] P 23f962e4a1744381ad5fa0d2d8b10241: Unregistered op FlushMRSOp(005a48fb466c4a52896842dd00124755)
I1031 23:09:04.722931 32807 maintenance_manager.cc:208] P 23f962e4a1744381ad5fa0d2d8b10241: Unregistered op FlushDeltaMemStoresOp(005a48fb466c4a52896842dd00124755)
I1031 23:09:04.722957 32807 maintenance_manager.cc:208] P 23f962e4a1744381ad5fa0d2d8b10241: Unregistered op LogGCOp(005a48fb466c4a52896842dd00124755)
I1031 23:09:04.722973 32807 raft_consensus.cc:1569] T 005a48fb466c4a52896842dd00124755 P 23f962e4a1744381ad5fa0d2d8b10241 [term 0 FOLLOWER]: Raft consensus shutting down.
I1031 23:09:04.722982 32803 tablet_service.cc:691] Processing DeleteTablet for tablet bff7dab34ccd4b42842077e82106f6fb with delete_type TABLET_DATA_DELETED (Replaced by 005a48fb466c4a52896842dd00124755 at 2017-10-31 23:04:52 CST) from {username='work'} at 10.108.187.10:62607
I1031 23:09:04.722982 32807 raft_consensus.cc:1585] T 005a48fb466c4a52896842dd00124755 P 23f962e4a1744381ad5fa0d2d8b10241 [term 0 FOLLOWER]: Raft consensus is shut down!
I1031 23:09:04.723000 32810 tablet_service.cc:691] Processing DeleteTablet for tablet 4b81a7f36c9a4b24a3294e39fdf19d9d with delete_type TABLET_DATA_DELETED (Replaced by 1cebccaea10d49478c004cca39676556 at 2017-10-31 23:04:52 CST) from {username='work'} at 10.108.187.10:62607
I1031 23:09:04.723002 32803 tablet_peer.cc:221] Initiating TabletPeer shutdown for tablet: bff7dab34ccd4b42842077e82106f6fb
I1031 23:09:04.723019 32810 tablet_peer.cc:221] Initiating TabletPeer shutdown for tablet: 4b81a7f36c9a4b24a3294e39fdf19d9d
I1031 23:09:04.723021 27543 ts_tablet_manager.cc:755] T d67c8d7da92f4f10b75858f21d80f8c4 P 23f962e4a1744381ad5fa0d2d8b10241: Time spent starting tablet: real 0.001s user 0.000s sys 0.001s
I1031 23:09:04.723029 32803 maintenance_manager.cc:208] P 23f962e4a1744381ad5fa0d2d8b10241: Unregistered op CompactRowSetsOp(bff7dab34ccd4b42842077e82106f6fb)
I1031 23:09:04.723038 32810 maintenance_manager.cc:208] P 23f962e4a1744381ad5fa0d2d8b10241: Unregistered op CompactRowSetsOp(4b81a7f36c9a4b24a3294e39fdf19d9d)
I1031 23:09:04.723057 32803 maintenance_manager.cc:208] P 23f962e4a1744381ad5fa0d2d8b10241: Unregistered op MinorDeltaCompactionOp(bff7dab34ccd4b42842077e82106f6fb)
I1031 23:09:04.723063 32810 maintenance_manager.cc:208] P 23f962e4a1744381ad5fa0d2d8b10241: Unregistered op MinorDeltaCompactionOp(4b81a7f36c9a4b24a3294e39fdf19d9d)
I1031 23:09:04.723068 32803 maintenance_manager.cc:208] P 23f962e4a1744381ad5fa0d2d8b10241: Unregistered op MajorDeltaCompactionOp(bff7dab34ccd4b42842077e82106f6fb)
I1031 23:09:04.723074 27543 ts_tablet_manager.cc:723] T 8566e0c79e674a74803cd1a15fec8cb2 P 23f962e4a1744381ad5fa0d2d8b10241: Bootstrapping tablet
I1031 23:09:04.723083 32810 maintenance_manager.cc:208] P 23f962e4a1744381ad5fa0d2d8b10241: Unregistered op MajorDeltaCompactionOp(4b81a7f36c9a4b24a3294e39fdf19d9d)
I1031 23:09:04.723085 32803 maintenance_manager.cc:208] P 23f962e4a1744381ad5fa0d2d8b10241: Unregistered op UndoDeltaBlockGCOp(bff7dab34ccd4b42842077e82106f6fb)
I1031 23:09:04.723091 32810 maintenance_manager.cc:208] P 23f962e4a1744381ad5fa0d2d8b10241: Unregistered op UndoDeltaBlockGCOp(4b81a7f36c9a4b24a3294e39fdf19d9d)
I1031 23:09:04.723095 32803 maintenance_manager.cc:208] P 23f962e4a1744381ad5fa0d2d8b10241: Unregistered op FlushMRSOp(bff7dab34ccd4b42842077e82106f6fb)
I1031 23:09:04.723104 32803 maintenance_manager.cc:208] P 23f962e4a1744381ad5fa0d2d8b10241: Unregistered op FlushDeltaMemStoresOp(bff7dab34ccd4b42842077e82106f6fb)
I1031 23:09:04.723112 32803 maintenance_manager.cc:208] P 23f962e4a1744381ad5fa0d2d8b10241: Unregistered op LogGCOp(bff7dab34ccd4b42842077e82106f6fb)
I1031 23:09:04.723119 32810 maintenance_manager.cc:208] P 23f962e4a1744381ad5fa0d2d8b10241: Unregistered op FlushMRSOp(4b81a7f36c9a4b24a3294e39fdf19d9d)
I1031 23:09:04.723121 32803 raft_consensus.cc:1569] T bff7dab34ccd4b42842077e82106f6fb P 23f962e4a1744381ad5fa0d2d8b10241 [term 0 FOLLOWER]: Raft consensus shutting down.
I1031 23:09:04.723139 32803 raft_consensus.cc:1585] T bff7dab34ccd4b42842077e82106f6fb P 23f962e4a1744381ad5fa0d2d8b10241 [term 0 FOLLOWER]: Raft consensus is shut down!
I1031 23:09:04.723143 32810 maintenance_manager.cc:208] P 23f962e4a1744381ad5fa0d2d8b10241: Unregistered op FlushDeltaMemStoresOp(4b81a7f36c9a4b24a3294e39fdf19d9d)
I1031 23:09:04.723152 32810 maintenance_manager.cc:208] P 23f962e4a1744381ad5fa0d2d8b10241: Unregistered op LogGCOp(4b81a7f36c9a4b24a3294e39fdf19d9d)
I1031 23:09:04.723162 32810 raft_consensus.cc:1569] T 4b81a7f36c9a4b24a3294e39fdf19d9d P 23f962e4a1744381ad5fa0d2d8b10241 [term 0 FOLLOWER]: Raft consensus shutting down.
I1031 23:09:04.723172 32810 raft_consensus.cc:1585] T 4b81a7f36c9a4b24a3294e39fdf19d9d P 23f962e4a1744381ad5fa0d2d8b10241 [term 0 FOLLOWER]: Raft consensus is shut down!
I1031 23:09:04.723227 32811 tablet_service.cc:691] Processing DeleteTablet for tablet d67c8d7da92f4f10b75858f21d80f8c4 with delete_type TABLET_DATA_DELETED (Replaced by 8566e0c79e674a74803cd1a15fec8cb2 at 2017-10-31 23:05:52 CST) from {username='work'} at 10.108.187.10:62607
I1031 23:09:04.723243 32811 tablet_peer.cc:221] Initiating TabletPeer shutdown for tablet: d67c8d7da92f4f10b75858f21d80f8c4
I1031 23:09:04.723256 32811 maintenance_manager.cc:208] P 23f962e4a1744381ad5fa0d2d8b10241: Unregistered op CompactRowSetsOp(d67c8d7da92f4f10b75858f21d80f8c4)
I1031 23:09:04.723268 32811 maintenance_manager.cc:208] P 23f962e4a1744381ad5fa0d2d8b10241: Unregistered op MinorDeltaCompactionOp(d67c8d7da92f4f10b75858f21d80f8c4)
I1031 23:09:04.723278 32811 maintenance_manager.cc:208] P 23f962e4a1744381ad5fa0d2d8b10241: Unregistered op MajorDeltaCompactionOp(d67c8d7da92f4f10b75858f21d80f8c4)
I1031 23:09:04.723287 32811 maintenance_manager.cc:208] P 23f962e4a1744381ad5fa0d2d8b10241: Unregistered op UndoDeltaBlockGCOp(d67c8d7da92f4f10b75858f21d80f8c4)
I1031 23:09:04.723306 32811 maintenance_manager.cc:208] P 23f962e4a1744381ad5fa0d2d8b10241: Unregistered op FlushMRSOp(d67c8d7da92f4f10b75858f21d80f8c4)
I1031 23:09:04.723316 32811 maintenance_manager.cc:208] P 23f962e4a1744381ad5fa0d2d8b10241: Unregistered op FlushDeltaMemStoresOp(d67c8d7da92f4f10b75858f21d80f8c4)
I1031 23:09:04.723325 32811 maintenance_manager.cc:208] P 23f962e4a1744381ad5fa0d2d8b10241: Unregistered op LogGCOp(d67c8d7da92f4f10b75858f21d80f8c4)
I1031 23:09:04.723335 32811 raft_consensus.cc:1569] T d67c8d7da92f4f10b75858f21d80f8c4 P 23f962e4a1744381ad5fa0d2d8b10241 [term 0 FOLLOWER]: Raft consensus shutting down.
I1031 23:09:04.723343 32811 raft_consensus.cc:1585] T d67c8d7da92f4f10b75858f21d80f8c4 P 23f962e4a1744381ad5fa0d2d8b10241 [term 0 FOLLOWER]: Raft consensus is shut down!
I1031 23:09:04.723386 27543 tablet_bootstrap.cc:382] T 8566e0c79e674a74803cd1a15fec8cb2 P 23f962e4a1744381ad5fa0d2d8b10241: Bootstrap starting.
I1031 23:09:04.723510 27543 tablet_bootstrap.cc:541] T 8566e0c79e674a74803cd1a15fec8cb2 P 23f962e4a1744381ad5fa0d2d8b10241: Time spent opening tablet: real 0.000s user 0.000s sys 0.000s
I1031 23:09:04.723651 27543 tablet_bootstrap.cc:484] T 8566e0c79e674a74803cd1a15fec8cb2 P 23f962e4a1744381ad5fa0d2d8b10241: No blocks or log segments found. Creating new log.
I1031 23:09:04.724273 32802 ts_tablet_manager.cc:1020] T 46fc46e028434bc69f467922a9a59101 P 23f962e4a1744381ad5fa0d2d8b10241: Deleting tablet data with delete state TABLET_DATA_DELETED
I1031 23:09:04.724366 32815 ts_tablet_manager.cc:1020] T 80ba7f33ec864c5f96c61932edb5cdc4 P 23f962e4a1744381ad5fa0d2d8b10241: Deleting tablet data with delete state TABLET_DATA_DELETED
I1031 23:09:04.724417 27553 ts_tablet_manager.cc:755] T 7d1359dc00a24df68d41c2447e367f1d P 23f962e4a1744381ad5fa0d2d8b10241: Time spent starting tablet: real 0.002s user 0.000s sys 0.000s
I1031 23:09:04.725246 32814 ts_tablet_manager.cc:1020] T 0ea66c65e2d4445eb9cc83ba7ee1448b P 23f962e4a1744381ad5fa0d2d8b10241: Deleting tablet data with delete state TABLET_DATA_DELETED
I1031 23:09:04.726197 32817 ts_tablet_manager.cc:1020] T b758ec3274c84dcbb110cf5aa3dca9aa P 23f962e4a1744381ad5fa0d2d8b10241: Deleting tablet data with delete state TABLET_DATA_DELETED
I1031 23:09:04.726934 32810 ts_tablet_manager.cc:1020] T 4b81a7f36c9a4b24a3294e39fdf19d9d P 23f962e4a1744381ad5fa0d2d8b10241: Deleting tablet data with delete state TABLET_DATA_DELETED
I1031 23:09:04.726958 32811 ts_tablet_manager.cc:1020] T d67c8d7da92f4f10b75858f21d80f8c4 P 23f962e4a1744381ad5fa0d2d8b10241: Deleting tablet data with delete state TABLET_DATA_DELETED
I1031 23:09:04.726987 32807 ts_tablet_manager.cc:1020] T 005a48fb466c4a52896842dd00124755 P 23f962e4a1744381ad5fa0d2d8b10241: Deleting tablet data with delete state TABLET_DATA_DELETED
I1031 23:09:04.727150 32803 ts_tablet_manager.cc:1020] T bff7dab34ccd4b42842077e82106f6fb P 23f962e4a1744381ad5fa0d2d8b10241: Deleting tablet data with delete state TABLET_DATA_DELETED
I1031 23:09:04.734272 27538 tablet_bootstrap.cc:382] T f2af422919fd4560bd6441509a68d64b P 23f962e4a1744381ad5fa0d2d8b10241: No bootstrap required, opened a new log
I1031 23:09:04.734274 27563 tablet_bootstrap.cc:382] T 012b21c0f95e4dd594076018fd6fdb7e P 23f962e4a1744381ad5fa0d2d8b10241: No bootstrap required, opened a new log
I1031 23:09:04.734299 30495 raft_consensus.cc:411] T 991306ec7acb449c89e5dd29d90e8d55 P 23f962e4a1744381ad5fa0d2d8b10241 [term 0 FOLLOWER]: Starting pre-election (no leader contacted us within the election timeout)
I1031 23:09:04.734308 27563 ts_tablet_manager.cc:728] T 012b21c0f95e4dd594076018fd6fdb7e P 23f962e4a1744381ad5fa0d2d8b10241: Time spent bootstrapping tablet: real 0.012s user 0.000s sys 0.000s
I1031 23:09:04.734302 27538 ts_tablet_manager.cc:728] T f2af422919fd4560bd6441509a68d64b P 23f962e4a1744381ad5fa0d2d8b10241: Time spent bootstrapping tablet: real 0.015s user 0.000s sys 0.001s
I1031 23:09:04.734351 27558 tablet_bootstrap.cc:382] T 47eeb8448c454968a45bf1a984427b25 P 23f962e4a1744381ad5fa0d2d8b10241: No bootstrap required, opened a new log
I1031 23:09:04.734810 30495 raft_consensus.cc:2162] T 991306ec7acb449c89e5dd29d90e8d55 P 23f962e4a1744381ad5fa0d2d8b10241 [term 0 FOLLOWER]: Snoozing failure detection for election timeout plus an additional 1.570s
I1031 23:09:04.734822 27558 ts_tablet_manager.cc:728] T 47eeb8448c454968a45bf1a984427b25 P 23f962e4a1744381ad5fa0d2d8b10241: Time spent bootstrapping tablet: real 0.013s user 0.000s sys 0.000s
I1031 23:09:04.734850 27533 tablet_bootstrap.cc:382] T 32984b820db347e1b2d4d0786cf221f2 P 23f962e4a1744381ad5fa0d2d8b10241: No bootstrap required, opened a new log
I1031 23:09:04.734864 30495 raft_consensus.cc:435] T 991306ec7acb449c89e5dd29d90e8d55 P 23f962e4a1744381ad5fa0d2d8b10241 [term 0 FOLLOWER]: Starting pre-election with config: opid_index: -1 OBSOLETE_local: false peers { permanent_uuid: "0f53a0d3ef7e44ebb0365c800752d5bd" member_type: VOTER last_known_addr { host: "c3-kudu-tst-st01.bj" port: 18700 } } peers { permanent_uuid: "daba39963d4346e1816089fd3a5442b5" member_type: VOTER last_known_addr { host: "c3-kudu-tst-st09.bj" port: 18700 } } peers { permanent_uuid: "23f962e4a1744381ad5fa0d2d8b10241" member_type: VOTER last_known_addr { host: "c3-kudu-tst-st07.bj" port: 18700 } }
I1031 23:09:04.734879 27533 ts_tablet_manager.cc:728] T 32984b820db347e1b2d4d0786cf221f2 P 23f962e4a1744381ad5fa0d2d8b10241: Time spent bootstrapping tablet: real 0.016s user 0.001s sys 0.000s
I1031 23:09:04.735162 27543 tablet_bootstrap.cc:382] T 8566e0c79e674a74803cd1a15fec8cb2 P 23f962e4a1744381ad5fa0d2d8b10241: No bootstrap required, opened a new log
I1031 23:09:04.735174 27568 tablet_bootstrap.cc:382] T bb4c891b261b42ef9b983f46cefef6ae P 23f962e4a1744381ad5fa0d2d8b10241: No bootstrap required, opened a new log
I1031 23:09:04.735190 27543 ts_tablet_manager.cc:728] T 8566e0c79e674a74803cd1a15fec8cb2 P 23f962e4a1744381ad5fa0d2d8b10241: Time spent bootstrapping tablet: real 0.012s user 0.000s sys 0.001s
I1031 23:09:04.735198 27568 ts_tablet_manager.cc:728] T bb4c891b261b42ef9b983f46cefef6ae P 23f962e4a1744381ad5fa0d2d8b10241: Time spent bootstrapping tablet: real 0.013s user 0.001s sys 0.001s
I1031 23:09:04.735420 27548 tablet_bootstrap.cc:382] T db5874009dd84d4892fccdb3316010c2 P 23f962e4a1744381ad5fa0d2d8b10241: No bootstrap required, opened a new log
I1031 23:09:04.735442 27548 ts_tablet_manager.cc:728] T db5874009dd84d4892fccdb3316010c2 P 23f962e4a1744381ad5fa0d2d8b10241: Time spent bootstrapping tablet: real 0.014s user 0.000s sys 0.001s
I1031 23:09:04.737260 27563 raft_consensus.cc:288] T 012b21c0f95e4dd594076018fd6fdb7e P 23f962e4a1744381ad5fa0d2d8b10241 [term 0 FOLLOWER]: Replica starting. Triggering 0 pending transactions. Active config: opid_index: -1 OBSOLETE_local: false peers { permanent_uuid: "23f962e4a1744381ad5fa0d2d8b10241" member_type: VOTER last_known_addr { host: "c3-kudu-tst-st07.bj" port: 18700 } } peers { permanent_uuid: "0f53a0d3ef7e44ebb0365c800752d5bd" member_type: VOTER last_known_addr { host: "c3-kudu-tst-st01.bj" port: 18700 } } peers { permanent_uuid: "625f49b9554549e6a5c3a92b76e576cf" member_type: VOTER last_known_addr { host: "c3-kudu-tst-st10.bj" port: 18700 } }
I1031 23:09:04.737280 27563 raft_consensus.cc:319] T 012b21c0f95e4dd594076018fd6fdb7e P 23f962e4a1744381ad5fa0d2d8b10241 [term 0 FOLLOWER]: Consensus starting up: Expiring failure detector timer to make a prompt election more likely
I1031 23:09:04.737291 27563 raft_consensus.cc:548] T 012b21c0f95e4dd594076018fd6fdb7e P 23f962e4a1744381ad5fa0d2d8b10241 [term 0 FOLLOWER]: Becoming Follower/Learner. State: Replica: 23f962e4a1744381ad5fa0d2d8b10241, State: 1, Role: FOLLOWER
I1031 23:09:04.737303 27563 consensus_queue.cc:176] T 012b21c0f95e4dd594076018fd6fdb7e P 23f962e4a1744381ad5fa0d2d8b10241 [NON_LEADER]: Queue going to NON_LEADER mode. State: All replicated index: 0, Majority replicated index: 0, Committed index: 0, Last appended: 0.0, Current term: 0, Majority size: -1, State: 1, Mode: NON_LEADER
I1031 23:09:04.737574 27543 raft_consensus.cc:288] T 8566e0c79e674a74803cd1a15fec8cb2 P 23f962e4a1744381ad5fa0d2d8b10241 [term 0 FOLLOWER]: Replica starting. Triggering 0 pending transactions. Active config: opid_index: -1 OBSOLETE_local: false peers { permanent_uuid: "0fc477287c154136abc1e2f3c82fb7f9" member_type: VOTER last_known_addr { host: "c3-kudu-tst-st04.bj" port: 18700 } } peers { permanent_uuid: "193181be29284287b25df2ee92938f0b" member_type: VOTER last_known_addr { host: "c3-kudu-tst-st08.bj" port: 18700 } } peers { permanent_uuid: "23f962e4a1744381ad5fa0d2d8b10241" member_type: VOTER last_known_addr { host: "c3-kudu-tst-st07.bj" port: 18700 } }
I1031 23:09:04.737591 27538 raft_consensus.cc:288] T f2af422919fd4560bd6441509a68d64b P 23f962e4a1744381ad5fa0d2d8b10241 [term 0 FOLLOWER]: Replica starting. Triggering 0 pending transactions. Active config: opid_index: -1 OBSOLETE_local: false peers { permanent_uuid: "193181be29284287b25df2ee92938f0b" member_type: VOTER last_known_addr { host: "c3-kudu-tst-st08.bj" port: 18700 } } peers { permanent_uuid: "0a8bbcbbb5a6459aa5258464755db3bb" member_type: VOTER last_known_addr { host: "c3-kudu-tst-st02.bj" port: 18700 } } peers { permanent_uuid: "23f962e4a1744381ad5fa0d2d8b10241" member_type: VOTER last_known_addr { host: "c3-kudu-tst-st07.bj" port: 18700 } }
I1031 23:09:04.737599 27558 raft_consensus.cc:288] T 47eeb8448c454968a45bf1a984427b25 P 23f962e4a1744381ad5fa0d2d8b10241 [term 0 FOLLOWER]: Replica starting. Triggering 0 pending transactions. Active config: opid_index: -1 OBSOLETE_local: false peers { permanent_uuid: "23f962e4a1744381ad5fa0d2d8b10241" member_type: VOTER last_known_addr { host: "c3-kudu-tst-st07.bj" port: 18700 } } peers { permanent_uuid: "daba39963d4346e1816089fd3a5442b5" member_type: VOTER last_known_addr { host: "c3-kudu-tst-st09.bj" port: 18700 } } peers { permanent_uuid: "0a8bbcbbb5a6459aa5258464755db3bb" member_type: VOTER last_known_addr { host: "c3-kudu-tst-st02.bj" port: 18700 } }
I1031 23:09:04.737610 27538 raft_consensus.cc:319] T f2af422919fd4560bd6441509a68d64b P 23f962e4a1744381ad5fa0d2d8b10241 [term 0 FOLLOWER]: Consensus starting up: Expiring failure detector timer to make a prompt election more likely
I1031 23:09:04.737593 27543 raft_consensus.cc:319] T 8566e0c79e674a74803cd1a15fec8cb2 P 23f962e4a1744381ad5fa0d2d8b10241 [term 0 FOLLOWER]: Consensus starting up: Expiring failure detector timer to make a prompt election more likely
I1031 23:09:04.737622 27538 raft_consensus.cc:548] T f2af422919fd4560bd6441509a68d64b P 23f962e4a1744381ad5fa0d2d8b10241 [term 0 FOLLOWER]: Becoming Follower/Learner. State: Replica: 23f962e4a1744381ad5fa0d2d8b10241, State: 1, Role: FOLLOWER
I1031 23:09:04.737625 27558 raft_consensus.cc:319] T 47eeb8448c454968a45bf1a984427b25 P 23f962e4a1744381ad5fa0d2d8b10241 [term 0 FOLLOWER]: Consensus starting up: Expiring failure detector timer to make a prompt election more likely
I1031 23:09:04.737623 27543 raft_consensus.cc:548] T 8566e0c79e674a74803cd1a15fec8cb2 P 23f962e4a1744381ad5fa0d2d8b10241 [term 0 FOLLOWER]: Becoming Follower/Learner. State: Replica: 23f962e4a1744381ad5fa0d2d8b10241, State: 1, Role: FOLLOWER
I1031 23:09:04.737644 27543 consensus_queue.cc:176] T 8566e0c79e674a74803cd1a15fec8cb2 P 23f962e4a1744381ad5fa0d2d8b10241 [NON_LEADER]: Queue going to NON_LEADER mode. State: All replicated index: 0, Majority replicated index: 0, Committed index: 0, Last appended: 0.0, Current term: 0, Majority size: -1, State: 1, Mode: NON_LEADER
I1031 23:09:04.737640 27558 raft_consensus.cc:548] T 47eeb8448c454968a45bf1a984427b25 P 23f962e4a1744381ad5fa0d2d8b10241 [term 0 FOLLOWER]: Becoming Follower/Learner. State: Replica: 23f962e4a1744381ad5fa0d2d8b10241, State: 1, Role: FOLLOWER
I1031 23:09:04.737639 27568 raft_consensus.cc:288] T bb4c891b261b42ef9b983f46cefef6ae P 23f962e4a1744381ad5fa0d2d8b10241 [term 0 FOLLOWER]: Replica starting. Triggering 0 pending transactions. Active config: opid_index: -1 OBSOLETE_local: false peers { permanent_uuid: "23f962e4a1744381ad5fa0d2d8b10241" member_type: VOTER last_known_addr { host: "c3-kudu-tst-st07.bj" port: 18700 } } peers { permanent_uuid: "193181be29284287b25df2ee92938f0b" member_type: VOTER last_known_addr { host: "c3-kudu-tst-st08.bj" port: 18700 } } peers { permanent_uuid: "044f1da9a27c46acb82b1386f829f4dc" member_type: VOTER last_known_addr { host: "c3-kudu-tst-st03.bj" port: 18700 } }
I1031 23:09:04.737640 27538 consensus_queue.cc:176] T f2af422919fd4560bd6441509a68d64b P 23f962e4a1744381ad5fa0d2d8b10241 [NON_LEADER]: Queue going to NON_LEADER mode. State: All replicated index: 0, Majority replicated index: 0, Committed index: 0, Last appended: 0.0, Current term: 0, Majority size: -1, State: 1, Mode: NON_LEADER
I1031 23:09:04.737663 27558 consensus_queue.cc:176] T 47eeb8448c454968a45bf1a984427b25 P 23f962e4a1744381ad5fa0d2d8b10241 [NON_LEADER]: Queue going to NON_LEADER mode. State: All replicated index: 0, Majority replicated index: 0, Committed index: 0, Last appended: 0.0, Current term: 0, Majority size: -1, State: 1, Mode: NON_LEADER
I1031 23:09:04.737665 27568 raft_consensus.cc:319] T bb4c891b261b42ef9b983f46cefef6ae P 23f962e4a1744381ad5fa0d2d8b10241 [term 0 FOLLOWER]: Consensus starting up: Expiring failure detector timer to make a prompt election more likely
I1031 23:09:04.737679 27568 raft_consensus.cc:548] T bb4c891b261b42ef9b983f46cefef6ae P 23f962e4a1744381ad5fa0d2d8b10241 [term 0 FOLLOWER]: Becoming Follower/Learner. State: Replica: 23f962e4a1744381ad5fa0d2d8b10241, State: 1, Role: FOLLOWER
I1031 23:09:04.737679 27533 raft_consensus.cc:288] T 32984b820db347e1b2d4d0786cf221f2 P 23f962e4a1744381ad5fa0d2d8b10241 [term 0 FOLLOWER]: Replica starting. Triggering 0 pending transactions. Active config: opid_index: -1 OBSOLETE_local: false peers { permanent_uuid: "23f962e4a1744381ad5fa0d2d8b10241" member_type: VOTER last_known_addr { host: "c3-kudu-tst-st07.bj" port: 18700 } } peers { permanent_uuid: "0fc477287c154136abc1e2f3c82fb7f9" member_type: VOTER last_known_addr { host: "c3-kudu-tst-st04.bj" port: 18700 } } peers { permanent_uuid: "0a8bbcbbb5a6459aa5258464755db3bb" member_type: VOTER last_known_addr { host: "c3-kudu-tst-st02.bj" port: 18700 } }
I1031 23:09:04.737695 27568 consensus_queue.cc:176] T bb4c891b261b42ef9b983f46cefef6ae P 23f962e4a1744381ad5fa0d2d8b10241 [NON_LEADER]: Queue going to NON_LEADER mode. State: All replicated index: 0, Majority replicated index: 0, Committed index: 0, Last appended: 0.0, Current term: 0, Majority size: -1, State: 1, Mode: NON_LEADER
I1031 23:09:04.737711 27533 raft_consensus.cc:319] T 32984b820db347e1b2d4d0786cf221f2 P 23f962e4a1744381ad5fa0d2d8b10241 [term 0 FOLLOWER]: Consensus starting up: Expiring failure detector timer to make a prompt election more likely
I1031 23:09:04.737722 27533 raft_consensus.cc:548] T 32984b820db347e1b2d4d0786cf221f2 P 23f962e4a1744381ad5fa0d2d8b10241 [term 0 FOLLOWER]: Becoming Follower/Learner. State: Replica: 23f962e4a1744381ad5fa0d2d8b10241, State: 1, Role: FOLLOWER
I1031 23:09:04.737736 27533 consensus_queue.cc:176] T 32984b820db347e1b2d4d0786cf221f2 P 23f962e4a1744381ad5fa0d2d8b10241 [NON_LEADER]: Queue going to NON_LEADER mode. State: All replicated index: 0, Majority replicated index: 0, Committed index: 0, Last appended: 0.0, Current term: 0, Majority size: -1, State: 1, Mode: NON_LEADER
I1031 23:09:04.738916 27563 ts_tablet_manager.cc:755] T 012b21c0f95e4dd594076018fd6fdb7e P 23f962e4a1744381ad5fa0d2d8b10241: Time spent starting tablet: real 0.004s user 0.000s sys 0.000s
I1031 23:09:04.738950 27548 raft_consensus.cc:288] T db5874009dd84d4892fccdb3316010c2 P 23f962e4a1744381ad5fa0d2d8b10241 [term 0 FOLLOWER]: Replica starting. Triggering 0 pending transactions. Active config: opid_index: -1 OBSOLETE_local: false peers { permanent_uuid: "23f962e4a1744381ad5fa0d2d8b10241" member_type: VOTER last_known_addr { host: "c3-kudu-tst-st07.bj" port: 18700 } } peers { permanent_uuid: "daba39963d4346e1816089fd3a5442b5" member_type: VOTER last_known_addr { host: "c3-kudu-tst-st09.bj" port: 18700 } } peers { permanent_uuid: "044f1da9a27c46acb82b1386f829f4dc" member_type: VOTER last_known_addr { host: "c3-kudu-tst-st03.bj" port: 18700 } }
I1031 23:09:04.738965 27548 raft_consensus.cc:319] T db5874009dd84d4892fccdb3316010c2 P 23f962e4a1744381ad5fa0d2d8b10241 [term 0 FOLLOWER]: Consensus starting up: Expiring failure detector timer to make a prompt election more likely
I1031 23:09:04.738976 27548 raft_consensus.cc:548] T db5874009dd84d4892fccdb3316010c2 P 23f962e4a1744381ad5fa0d2d8b10241 [term 0 FOLLOWER]: Becoming Follower/Learner. State: Replica: 23f962e4a1744381ad5fa0d2d8b10241, State: 1, Role: FOLLOWER
I1031 23:09:04.738987 27548 consensus_queue.cc:176] T db5874009dd84d4892fccdb3316010c2 P 23f962e4a1744381ad5fa0d2d8b10241 [NON_LEADER]: Queue going to NON_LEADER mode. State: All replicated index: 0, Majority replicated index: 0, Committed index: 0, Last appended: 0.0, Current term: 0, Majority size: -1, State: 1, Mode: NON_LEADER
I1031 23:09:04.739147 32804 tablet_service.cc:691] Processing DeleteTablet for tablet 012b21c0f95e4dd594076018fd6fdb7e with delete_type TABLET_DATA_DELETED (Replaced by ae7fa26c77054ef1b98d5e0f4e6940d6 at 2017-10-31 23:05:52 CST) from {username='work'} at 10.108.187.10:62607
I1031 23:09:04.739166 32804 tablet_peer.cc:221] Initiating TabletPeer shutdown for tablet: 012b21c0f95e4dd594076018fd6fdb7e
I1031 23:09:04.739181 32804 maintenance_manager.cc:208] P 23f962e4a1744381ad5fa0d2d8b10241: Unregistered op CompactRowSetsOp(012b21c0f95e4dd594076018fd6fdb7e)
I1031 23:09:04.739192 32804 maintenance_manager.cc:208] P 23f962e4a1744381ad5fa0d2d8b10241: Unregistered op MinorDeltaCompactionOp(012b21c0f95e4dd594076018fd6fdb7e)
I1031 23:09:04.739203 32804 maintenance_manager.cc:208] P 23f962e4a1744381ad5fa0d2d8b10241: Unregistered op MajorDeltaCompactionOp(012b21c0f95e4dd594076018fd6fdb7e)
I1031 23:09:04.739215 32804 maintenance_manager.cc:208] P 23f962e4a1744381ad5fa0d2d8b10241: Unregistered op UndoDeltaBlockGCOp(012b21c0f95e4dd594076018fd6fdb7e)
I1031 23:09:04.739228 32804 maintenance_manager.cc:208] P 23f962e4a1744381ad5fa0d2d8b10241: Unregistered op FlushMRSOp(012b21c0f95e4dd594076018fd6fdb7e)
I1031 23:09:04.739238 32804 maintenance_manager.cc:208] P 23f962e4a1744381ad5fa0d2d8b10241: Unregistered op FlushDeltaMemStoresOp(012b21c0f95e4dd594076018fd6fdb7e)
I1031 23:09:04.739248 32804 maintenance_manager.cc:208] P 23f962e4a1744381ad5fa0d2d8b10241: Unregistered op LogGCOp(012b21c0f95e4dd594076018fd6fdb7e)
I1031 23:09:04.739259 32804 raft_consensus.cc:1569] T 012b21c0f95e4dd594076018fd6fdb7e P 23f962e4a1744381ad5fa0d2d8b10241 [term 0 FOLLOWER]: Raft consensus shutting down.
I1031 23:09:04.739269 32804 raft_consensus.cc:1585] T 012b21c0f95e4dd594076018fd6fdb7e P 23f962e4a1744381ad5fa0d2d8b10241 [term 0 FOLLOWER]: Raft consensus is shut down!
I1031 23:09:04.739918 27568 ts_tablet_manager.cc:755] T bb4c891b261b42ef9b983f46cefef6ae P 23f962e4a1744381ad5fa0d2d8b10241: Time spent starting tablet: real 0.005s user 0.000s sys 0.002s
I1031 23:09:04.740191 30495 leader_election.cc:216] T 991306ec7acb449c89e5dd29d90e8d55 P 23f962e4a1744381ad5fa0d2d8b10241 [CANDIDATE]: Term 1 pre-election: Requesting pre-vote from peer 0f53a0d3ef7e44ebb0365c800752d5bd
I1031 23:09:04.740227 30495 leader_election.cc:216] T 991306ec7acb449c89e5dd29d90e8d55 P 23f962e4a1744381ad5fa0d2d8b10241 [CANDIDATE]: Term 1 pre-election: Requesting pre-vote from peer daba39963d4346e1816089fd3a5442b5
I1031 23:09:04.740229 27558 ts_tablet_manager.cc:755] T 47eeb8448c454968a45bf1a984427b25 P 23f962e4a1744381ad5fa0d2d8b10241: Time spent starting tablet: real 0.005s user 0.001s sys 0.001s
I1031 23:09:04.740259 27533 ts_tablet_manager.cc:755] T 32984b820db347e1b2d4d0786cf221f2 P 23f962e4a1744381ad5fa0d2d8b10241: Time spent starting tablet: real 0.005s user 0.000s sys 0.002s
I1031 23:09:04.740303 27538 ts_tablet_manager.cc:755] T f2af422919fd4560bd6441509a68d64b P 23f962e4a1744381ad5fa0d2d8b10241: Time spent starting tablet: real 0.005s user 0.001s sys 0.000s
I1031 23:09:04.740357 27543 ts_tablet_manager.cc:755] T 8566e0c79e674a74803cd1a15fec8cb2 P 23f962e4a1744381ad5fa0d2d8b10241: Time spent starting tablet: real 0.005s user 0.001s sys 0.001s
I1031 23:09:04.740372 27548 ts_tablet_manager.cc:755] T db5874009dd84d4892fccdb3316010c2 P 23f962e4a1744381ad5fa0d2d8b10241: Time spent starting tablet: real 0.005s user 0.001s sys 0.000s
I1031 23:09:04.740458 32770 leader_election.cc:362] T 991306ec7acb449c89e5dd29d90e8d55 P 23f962e4a1744381ad5fa0d2d8b10241 [CANDIDATE]: Term 1 pre-election: Vote denied by peer 0f53a0d3ef7e44ebb0365c800752d5bd. Message: Invalid argument: T 991306ec7acb449c89e5dd29d90e8d55 P 0f53a0d3ef7e44ebb0365c800752d5bd [term 1 LEADER]: Leader pre-election vote request: Denying vote to candidate 23f962e4a1744381ad5fa0d2d8b10241 for term 1 because replica is either leader or believes a valid leader to be alive.
I1031 23:09:04.740583 32770 leader_election.cc:362] T 991306ec7acb449c89e5dd29d90e8d55 P 23f962e4a1744381ad5fa0d2d8b10241 [CANDIDATE]: Term 1 pre-election: Vote denied by peer daba39963d4346e1816089fd3a5442b5. Message: Invalid argument: T 991306ec7acb449c89e5dd29d90e8d55 P daba39963d4346e1816089fd3a5442b5 [term 1 FOLLOWER]: Leader pre-election vote request: Denying vote to candidate 23f962e4a1744381ad5fa0d2d8b10241 for term 1 because replica is either leader or believes a valid leader to be alive.
I1031 23:09:04.740598 32770 leader_election.cc:243] T 991306ec7acb449c89e5dd29d90e8d55 P 23f962e4a1744381ad5fa0d2d8b10241 [CANDIDATE]: Term 1 pre-election: Election decided. Result: candidate lost.
I1031 23:09:04.740651 30498 raft_consensus.cc:2162] T 991306ec7acb449c89e5dd29d90e8d55 P 23f962e4a1744381ad5fa0d2d8b10241 [term 0 FOLLOWER]: Snoozing failure detection for election timeout plus an additional 1.904s
I1031 23:09:04.740669 30498 raft_consensus.cc:2206] T 991306ec7acb449c89e5dd29d90e8d55 P 23f962e4a1744381ad5fa0d2d8b10241 [term 0 FOLLOWER]: Advancing to term 1
I1031 23:09:04.740738 32818 tablet_service.cc:691] Processing DeleteTablet for tablet f2af422919fd4560bd6441509a68d64b with delete_type TABLET_DATA_DELETED (Replaced by a17da97943904920814af1508905ecfc at 2017-10-31 23:05:52 CST) from {username='work'} at 10.108.187.10:62607
I1031 23:09:04.740756 32818 tablet_peer.cc:221] Initiating TabletPeer shutdown for tablet: f2af422919fd4560bd6441509a68d64b
I1031 23:09:04.740772 32818 maintenance_manager.cc:208] P 23f962e4a1744381ad5fa0d2d8b10241: Unregistered op CompactRowSetsOp(f2af422919fd4560bd6441509a68d64b)
I1031 23:09:04.740787 32818 maintenance_manager.cc:208] P 23f962e4a1744381ad5fa0d2d8b10241: Unregistered op MinorDeltaCompactionOp(f2af422919fd4560bd6441509a68d64b)
I1031 23:09:04.740798 32818 maintenance_manager.cc:208] P 23f962e4a1744381ad5fa0d2d8b10241: Unregistered op MajorDeltaCompactionOp(f2af422919fd4560bd6441509a68d64b)
I1031 23:09:04.740809 32818 maintenance_manager.cc:208] P 23f962e4a1744381ad5fa0d2d8b10241: Unregistered op UndoDeltaBlockGCOp(f2af422919fd4560bd6441509a68d64b)
I1031 23:09:04.740823 32818 maintenance_manager.cc:208] P 23f962e4a1744381ad5fa0d2d8b10241: Unregistered op FlushMRSOp(f2af422919fd4560bd6441509a68d64b)
I1031 23:09:04.740831 32818 maintenance_manager.cc:208] P 23f962e4a1744381ad5fa0d2d8b10241: Unregistered op FlushDeltaMemStoresOp(f2af422919fd4560bd6441509a68d64b)
I1031 23:09:04.740842 32818 maintenance_manager.cc:208] P 23f962e4a1744381ad5fa0d2d8b10241: Unregistered op LogGCOp(f2af422919fd4560bd6441509a68d64b)
I1031 23:09:04.740851 32818 raft_consensus.cc:1569] T f2af422919fd4560bd6441509a68d64b P 23f962e4a1744381ad5fa0d2d8b10241 [term 0 FOLLOWER]: Raft consensus shutting down.
I1031 23:09:04.740862 32818 raft_consensus.cc:1585] T f2af422919fd4560bd6441509a68d64b P 23f962e4a1744381ad5fa0d2d8b10241 [term 0 FOLLOWER]: Raft consensus is shut down!
I1031 23:09:04.741122 32813 tablet_service.cc:691] Processing DeleteTablet for tablet 32984b820db347e1b2d4d0786cf221f2 with delete_type TABLET_DATA_DELETED (Replaced by eeb3a3cb417b466abffd16749d165a61 at 2017-10-31 23:05:22 CST) from {username='work'} at 10.108.187.10:62607
I1031 23:09:04.741144 32813 tablet_peer.cc:221] Initiating TabletPeer shutdown for tablet: 32984b820db347e1b2d4d0786cf221f2
I1031 23:09:04.741160 32813 maintenance_manager.cc:208] P 23f962e4a1744381ad5fa0d2d8b10241: Unregistered op CompactRowSetsOp(32984b820db347e1b2d4d0786cf221f2)
I1031 23:09:04.741173 32813 maintenance_manager.cc:208] P 23f962e4a1744381ad5fa0d2d8b10241: Unregistered op MinorDeltaCompactionOp(32984b820db347e1b2d4d0786cf221f2)
I1031 23:09:04.741184 32813 maintenance_manager.cc:208] P 23f962e4a1744381ad5fa0d2d8b10241: Unregistered op MajorDeltaCompactionOp(32984b820db347e1b2d4d0786cf221f2)
I1031 23:09:04.741194 30498 raft_consensus.cc:1908] T 991306ec7acb449c89e5dd29d90e8d55 P 23f962e4a1744381ad5fa0d2d8b10241 [term 1 FOLLOWER]: Leader pre-election lost for term 1. Reason: could not achieve majority
I1031 23:09:04.741196 32813 maintenance_manager.cc:208] P 23f962e4a1744381ad5fa0d2d8b10241: Unregistered op UndoDeltaBlockGCOp(32984b820db347e1b2d4d0786cf221f2)
I1031 23:09:04.741233 32813 maintenance_manager.cc:208] P 23f962e4a1744381ad5fa0d2d8b10241: Unregistered op FlushMRSOp(32984b820db347e1b2d4d0786cf221f2)
I1031 23:09:04.741250 32813 maintenance_manager.cc:208] P 23f962e4a1744381ad5fa0d2d8b10241: Unregistered op FlushDeltaMemStoresOp(32984b820db347e1b2d4d0786cf221f2)
I1031 23:09:04.741263 32813 maintenance_manager.cc:208] P 23f962e4a1744381ad5fa0d2d8b10241: Unregistered op LogGCOp(32984b820db347e1b2d4d0786cf221f2)
I1031 23:09:04.741278 32813 raft_consensus.cc:1569] T 32984b820db347e1b2d4d0786cf221f2 P 23f962e4a1744381ad5fa0d2d8b10241 [term 0 FOLLOWER]: Raft consensus shutting down.
I1031 23:09:04.741289 32813 raft_consensus.cc:1585] T 32984b820db347e1b2d4d0786cf221f2 P 23f962e4a1744381ad5fa0d2d8b10241 [term 0 FOLLOWER]: Raft consensus is shut down!
I1031 23:09:04.742014 32804 ts_tablet_manager.cc:1020] T 012b21c0f95e4dd594076018fd6fdb7e P 23f962e4a1744381ad5fa0d2d8b10241: Deleting tablet data with delete state TABLET_DATA_DELETED
I1031 23:09:04.742843 32818 ts_tablet_manager.cc:1020] T f2af422919fd4560bd6441509a68d64b P 23f962e4a1744381ad5fa0d2d8b10241: Deleting tablet data with delete state TABLET_DATA_DELETED
I1031 23:09:04.743371 32813 ts_tablet_manager.cc:1020] T 32984b820db347e1b2d4d0786cf221f2 P 23f962e4a1744381ad5fa0d2d8b10241: Deleting tablet data with delete state TABLET_DATA_DELETED
I1031 23:09:04.752004 32827 raft_consensus.cc:2206] T db5874009dd84d4892fccdb3316010c2 P 23f962e4a1744381ad5fa0d2d8b10241 [term 0 FOLLOWER]: Advancing to term 1
I1031 23:09:04.752516 32827 raft_consensus.cc:918] T db5874009dd84d4892fccdb3316010c2 P 23f962e4a1744381ad5fa0d2d8b10241 [term 1 FOLLOWER]: Refusing update from remote peer 044f1da9a27c46acb82b1386f829f4dc: Log matching property violated. Preceding OpId in replica: term: 0 index: 0. Preceding OpId from leader: term: 1 index: 1. (index mismatch)
I1031 23:09:04.780004 32831 raft_consensus.cc:2206] T 42d56cd12bbb4bed9973f96a230fdb9e P 23f962e4a1744381ad5fa0d2d8b10241 [term 0 FOLLOWER]: Advancing to term 1
I1031 23:09:04.780464 32831 raft_consensus.cc:918] T 42d56cd12bbb4bed9973f96a230fdb9e P 23f962e4a1744381ad5fa0d2d8b10241 [term 1 FOLLOWER]: Refusing update from remote peer d3eb30bd1bc34b95902fa61724239553: Log matching property violated. Preceding OpId in replica: term: 0 index: 0. Preceding OpId from leader: term: 1 index: 1. (index mismatch)
I1031 23:09:04.870645 32831 raft_consensus.cc:2206] T 8566e0c79e674a74803cd1a15fec8cb2 P 23f962e4a1744381ad5fa0d2d8b10241 [term 0 FOLLOWER]: Advancing to term 1
I1031 23:09:04.871019 32831 raft_consensus.cc:918] T 8566e0c79e674a74803cd1a15fec8cb2 P 23f962e4a1744381ad5fa0d2d8b10241 [term 1 FOLLOWER]: Refusing update from remote peer 193181be29284287b25df2ee92938f0b: Log matching property violated. Preceding OpId in replica: term: 0 index: 0. Preceding OpId from leader: term: 1 index: 1. (index mismatch)
I1031 23:09:04.892827 32831 raft_consensus.cc:2206] T 7d1359dc00a24df68d41c2447e367f1d P 23f962e4a1744381ad5fa0d2d8b10241 [term 0 FOLLOWER]: Advancing to term 1
I1031 23:09:04.893214 32831 raft_consensus.cc:918] T 7d1359dc00a24df68d41c2447e367f1d P 23f962e4a1744381ad5fa0d2d8b10241 [term 1 FOLLOWER]: Refusing update from remote peer 044f1da9a27c46acb82b1386f829f4dc: Log matching property violated. Preceding OpId in replica: term: 0 index: 0. Preceding OpId from leader: term: 1 index: 1. (index mismatch)
I1031 23:09:04.896715 30450 raft_consensus.cc:411] T 13f1cd14968447f7951d92ce30c4b7c0 P 23f962e4a1744381ad5fa0d2d8b10241 [term 0 FOLLOWER]: Starting pre-election (no leader contacted us within the election timeout)
I1031 23:09:04.896742 30450 raft_consensus.cc:2162] T 13f1cd14968447f7951d92ce30c4b7c0 P 23f962e4a1744381ad5fa0d2d8b10241 [term 0 FOLLOWER]: Snoozing failure detection for election timeout plus an additional 1.735s
