I1031 23:05:28.334302 32806 tablet_service.cc:691] Processing DeleteTablet for tablet f0a40a8745bb4f4abbe8b304ebc7626c with delete_type TABLET_DATA_DELETED (Replaced by 802f72af09384e95acd389f46a1d9c84 at 2017-10-31 23:04:22 CST) from {username='work'} at 10.108.187.10:62607
W1031 23:05:28.353715 30386 log.cc:565] Time spent T 3123639d9835456b9f5dab3f7dd7ebd9 P 23f962e4a1744381ad5fa0d2d8b10241: Append to log took a long time: real 0.186s user 0.000s sys 0.000s
I1031 23:05:28.369308 32806 tablet_service.cc:691] Processing DeleteTablet for tablet 5110f0095bd94f67abf0aad906332efe with delete_type TABLET_DATA_DELETED (Replaced by bff7dab34ccd4b42842077e82106f6fb at 2017-10-31 23:04:22 CST) from {username='work'} at 10.108.187.10:62607
W1031 23:05:28.426955 32773 consensus_peers.cc:357] T 9967925d5dbd49eaadc0a1a58e7e2089 P 23f962e4a1744381ad5fa0d2d8b10241 -> Peer 0a8bbcbbb5a6459aa5258464755db3bb (c3-kudu-tst-st02.bj:18700): Couldn't send request to peer 0a8bbcbbb5a6459aa5258464755db3bb for tablet 9967925d5dbd49eaadc0a1a58e7e2089. Error code: TABLET_NOT_RUNNING (12). Status: Illegal state: Tablet not RUNNING: NOT_STARTED. Retrying in the next heartbeat period. Already tried 191 times.
W1031 23:05:28.926982 32773 consensus_peers.cc:357] T 9967925d5dbd49eaadc0a1a58e7e2089 P 23f962e4a1744381ad5fa0d2d8b10241 -> Peer 0a8bbcbbb5a6459aa5258464755db3bb (c3-kudu-tst-st02.bj:18700): Couldn't send request to peer 0a8bbcbbb5a6459aa5258464755db3bb for tablet 9967925d5dbd49eaadc0a1a58e7e2089. Error code: TABLET_NOT_RUNNING (12). Status: Illegal state: Tablet not RUNNING: NOT_STARTED. Retrying in the next heartbeat period. Already tried 192 times.
W1031 23:05:29.427114 32773 consensus_peers.cc:357] T 9967925d5dbd49eaadc0a1a58e7e2089 P 23f962e4a1744381ad5fa0d2d8b10241 -> Peer 0a8bbcbbb5a6459aa5258464755db3bb (c3-kudu-tst-st02.bj:18700): Couldn't send request to peer 0a8bbcbbb5a6459aa5258464755db3bb for tablet 9967925d5dbd49eaadc0a1a58e7e2089. Error code: TABLET_NOT_RUNNING (12). Status: Illegal state: Tablet not RUNNING: NOT_STARTED. Retrying in the next heartbeat period. Already tried 193 times.
W1031 23:05:29.927062 32773 consensus_peers.cc:357] T 9967925d5dbd49eaadc0a1a58e7e2089 P 23f962e4a1744381ad5fa0d2d8b10241 -> Peer 0a8bbcbbb5a6459aa5258464755db3bb (c3-kudu-tst-st02.bj:18700): Couldn't send request to peer 0a8bbcbbb5a6459aa5258464755db3bb for tablet 9967925d5dbd49eaadc0a1a58e7e2089. Error code: TABLET_NOT_RUNNING (12). Status: Illegal state: Tablet not RUNNING: NOT_STARTED. Retrying in the next heartbeat period. Already tried 194 times.
W1031 23:05:30.427287 32773 consensus_peers.cc:357] T 9967925d5dbd49eaadc0a1a58e7e2089 P 23f962e4a1744381ad5fa0d2d8b10241 -> Peer 0a8bbcbbb5a6459aa5258464755db3bb (c3-kudu-tst-st02.bj:18700): Couldn't send request to peer 0a8bbcbbb5a6459aa5258464755db3bb for tablet 9967925d5dbd49eaadc0a1a58e7e2089. Error code: TABLET_NOT_RUNNING (12). Status: Illegal state: Tablet not RUNNING: NOT_STARTED. Retrying in the next heartbeat period. Already tried 195 times.
I1031 23:05:30.892277 32806 tablet_service.cc:691] Processing DeleteTablet for tablet 32984b820db347e1b2d4d0786cf221f2 with delete_type TABLET_DATA_DELETED (Replaced by eeb3a3cb417b466abffd16749d165a61 at 2017-10-31 23:05:22 CST) from {username='work'} at 10.108.187.10:62607
I1031 23:05:30.898818 32806 tablet_service.cc:691] Processing DeleteTablet for tablet 005a48fb466c4a52896842dd00124755 with delete_type TABLET_DATA_DELETED (Replaced by f2af422919fd4560bd6441509a68d64b at 2017-10-31 23:05:22 CST) from {username='work'} at 10.108.187.10:62607
W1031 23:05:30.927182 32773 consensus_peers.cc:357] T 9967925d5dbd49eaadc0a1a58e7e2089 P 23f962e4a1744381ad5fa0d2d8b10241 -> Peer 0a8bbcbbb5a6459aa5258464755db3bb (c3-kudu-tst-st02.bj:18700): Couldn't send request to peer 0a8bbcbbb5a6459aa5258464755db3bb for tablet 9967925d5dbd49eaadc0a1a58e7e2089. Error code: TABLET_NOT_RUNNING (12). Status: Illegal state: Tablet not RUNNING: NOT_STARTED. Retrying in the next heartbeat period. Already tried 196 times.
I1031 23:05:30.942684 32806 tablet_service.cc:691] Processing DeleteTablet for tablet 80ba7f33ec864c5f96c61932edb5cdc4 with delete_type TABLET_DATA_DELETED (Replaced by 47eeb8448c454968a45bf1a984427b25 at 2017-10-31 23:05:22 CST) from {username='work'} at 10.108.187.10:62607
W1031 23:05:31.427400 32773 consensus_peers.cc:357] T 9967925d5dbd49eaadc0a1a58e7e2089 P 23f962e4a1744381ad5fa0d2d8b10241 -> Peer 0a8bbcbbb5a6459aa5258464755db3bb (c3-kudu-tst-st02.bj:18700): Couldn't send request to peer 0a8bbcbbb5a6459aa5258464755db3bb for tablet 9967925d5dbd49eaadc0a1a58e7e2089. Error code: TABLET_NOT_RUNNING (12). Status: Illegal state: Tablet not RUNNING: NOT_STARTED. Retrying in the next heartbeat period. Already tried 197 times.
W1031 23:05:31.927340 32773 consensus_peers.cc:357] T 9967925d5dbd49eaadc0a1a58e7e2089 P 23f962e4a1744381ad5fa0d2d8b10241 -> Peer 0a8bbcbbb5a6459aa5258464755db3bb (c3-kudu-tst-st02.bj:18700): Couldn't send request to peer 0a8bbcbbb5a6459aa5258464755db3bb for tablet 9967925d5dbd49eaadc0a1a58e7e2089. Error code: TABLET_NOT_RUNNING (12). Status: Illegal state: Tablet not RUNNING: NOT_STARTED. Retrying in the next heartbeat period. Already tried 198 times.
I1031 23:05:32.044402 37655 raft_consensus.cc:411] T bade583b5fea4f3781e889af8cd881ed P 23f962e4a1744381ad5fa0d2d8b10241 [term 0 FOLLOWER]: Starting pre-election (no leader contacted us within the election timeout)
I1031 23:05:32.044443 37655 raft_consensus.cc:2162] T bade583b5fea4f3781e889af8cd881ed P 23f962e4a1744381ad5fa0d2d8b10241 [term 0 FOLLOWER]: Snoozing failure detection for election timeout plus an additional 10.945s
I1031 23:05:32.044503 37655 raft_consensus.cc:435] T bade583b5fea4f3781e889af8cd881ed P 23f962e4a1744381ad5fa0d2d8b10241 [term 0 FOLLOWER]: Starting pre-election with config: opid_index: -1 OBSOLETE_local: false peers { permanent_uuid: "23f962e4a1744381ad5fa0d2d8b10241" member_type: VOTER last_known_addr { host: "c3-kudu-tst-st07.bj" port: 18700 } } peers { permanent_uuid: "daba39963d4346e1816089fd3a5442b5" member_type: VOTER last_known_addr { host: "c3-kudu-tst-st09.bj" port: 18700 } } peers { permanent_uuid: "193181be29284287b25df2ee92938f0b" member_type: VOTER last_known_addr { host: "c3-kudu-tst-st08.bj" port: 18700 } }
I1031 23:05:32.045095 37655 leader_election.cc:216] T bade583b5fea4f3781e889af8cd881ed P 23f962e4a1744381ad5fa0d2d8b10241 [CANDIDATE]: Term 1 pre-election: Requesting pre-vote from peer daba39963d4346e1816089fd3a5442b5
I1031 23:05:32.045121 37655 leader_election.cc:216] T bade583b5fea4f3781e889af8cd881ed P 23f962e4a1744381ad5fa0d2d8b10241 [CANDIDATE]: Term 1 pre-election: Requesting pre-vote from peer 193181be29284287b25df2ee92938f0b
W1031 23:05:32.045358 32770 leader_election.cc:278] T bade583b5fea4f3781e889af8cd881ed P 23f962e4a1744381ad5fa0d2d8b10241 [CANDIDATE]: Term 1 pre-election: Tablet error from VoteRequest() call to peer daba39963d4346e1816089fd3a5442b5: Not found: Tablet not found
W1031 23:05:32.045390 32772 leader_election.cc:278] T bade583b5fea4f3781e889af8cd881ed P 23f962e4a1744381ad5fa0d2d8b10241 [CANDIDATE]: Term 1 pre-election: Tablet error from VoteRequest() call to peer 193181be29284287b25df2ee92938f0b: Not found: Tablet not found
I1031 23:05:32.045408 32772 leader_election.cc:243] T bade583b5fea4f3781e889af8cd881ed P 23f962e4a1744381ad5fa0d2d8b10241 [CANDIDATE]: Term 1 pre-election: Election decided. Result: candidate lost.
I1031 23:05:32.045537 28598 raft_consensus.cc:2162] T bade583b5fea4f3781e889af8cd881ed P 23f962e4a1744381ad5fa0d2d8b10241 [term 0 FOLLOWER]: Snoozing failure detection for election timeout plus an additional 9.838s
I1031 23:05:32.045557 28598 raft_consensus.cc:1908] T bade583b5fea4f3781e889af8cd881ed P 23f962e4a1744381ad5fa0d2d8b10241 [term 0 FOLLOWER]: Leader pre-election lost for term 1. Reason: could not achieve majority
W1031 23:05:32.427538 32773 consensus_peers.cc:357] T 9967925d5dbd49eaadc0a1a58e7e2089 P 23f962e4a1744381ad5fa0d2d8b10241 -> Peer 0a8bbcbbb5a6459aa5258464755db3bb (c3-kudu-tst-st02.bj:18700): Couldn't send request to peer 0a8bbcbbb5a6459aa5258464755db3bb for tablet 9967925d5dbd49eaadc0a1a58e7e2089. Error code: TABLET_NOT_RUNNING (12). Status: Illegal state: Tablet not RUNNING: NOT_STARTED. Retrying in the next heartbeat period. Already tried 199 times.
W1031 23:05:32.927639 32773 consensus_peers.cc:357] T 9967925d5dbd49eaadc0a1a58e7e2089 P 23f962e4a1744381ad5fa0d2d8b10241 -> Peer 0a8bbcbbb5a6459aa5258464755db3bb (c3-kudu-tst-st02.bj:18700): Couldn't send request to peer 0a8bbcbbb5a6459aa5258464755db3bb for tablet 9967925d5dbd49eaadc0a1a58e7e2089. Error code: TABLET_NOT_RUNNING (12). Status: Illegal state: Tablet not RUNNING: NOT_STARTED. Retrying in the next heartbeat period. Already tried 200 times.
W1031 23:05:33.427680 32773 consensus_peers.cc:357] T 9967925d5dbd49eaadc0a1a58e7e2089 P 23f962e4a1744381ad5fa0d2d8b10241 -> Peer 0a8bbcbbb5a6459aa5258464755db3bb (c3-kudu-tst-st02.bj:18700): Couldn't send request to peer 0a8bbcbbb5a6459aa5258464755db3bb for tablet 9967925d5dbd49eaadc0a1a58e7e2089. Error code: TABLET_NOT_RUNNING (12). Status: Illegal state: Tablet not RUNNING: NOT_STARTED. Retrying in the next heartbeat period. Already tried 201 times.
I1031 23:05:33.628484 27541 raft_consensus.cc:411] T 69b4b5f037014f10bfab077f3f98ca49 P 23f962e4a1744381ad5fa0d2d8b10241 [term 0 FOLLOWER]: Starting pre-election (no leader contacted us within the election timeout)
I1031 23:05:33.628525 27541 raft_consensus.cc:2162] T 69b4b5f037014f10bfab077f3f98ca49 P 23f962e4a1744381ad5fa0d2d8b10241 [term 0 FOLLOWER]: Snoozing failure detection for election timeout plus an additional 3.627s
I1031 23:05:33.628584 27541 raft_consensus.cc:435] T 69b4b5f037014f10bfab077f3f98ca49 P 23f962e4a1744381ad5fa0d2d8b10241 [term 0 FOLLOWER]: Starting pre-election with config: opid_index: -1 OBSOLETE_local: false peers { permanent_uuid: "23f962e4a1744381ad5fa0d2d8b10241" member_type: VOTER last_known_addr { host: "c3-kudu-tst-st07.bj" port: 18700 } } peers { permanent_uuid: "0a8bbcbbb5a6459aa5258464755db3bb" member_type: VOTER last_known_addr { host: "c3-kudu-tst-st02.bj" port: 18700 } } peers { permanent_uuid: "625f49b9554549e6a5c3a92b76e576cf" member_type: VOTER last_known_addr { host: "c3-kudu-tst-st10.bj" port: 18700 } }
I1031 23:05:33.629106 27541 leader_election.cc:216] T 69b4b5f037014f10bfab077f3f98ca49 P 23f962e4a1744381ad5fa0d2d8b10241 [CANDIDATE]: Term 1 pre-election: Requesting pre-vote from peer 0a8bbcbbb5a6459aa5258464755db3bb
I1031 23:05:33.629143 27541 leader_election.cc:216] T 69b4b5f037014f10bfab077f3f98ca49 P 23f962e4a1744381ad5fa0d2d8b10241 [CANDIDATE]: Term 1 pre-election: Requesting pre-vote from peer 625f49b9554549e6a5c3a92b76e576cf
W1031 23:05:33.629353 32773 leader_election.cc:278] T 69b4b5f037014f10bfab077f3f98ca49 P 23f962e4a1744381ad5fa0d2d8b10241 [CANDIDATE]: Term 1 pre-election: Tablet error from VoteRequest() call to peer 0a8bbcbbb5a6459aa5258464755db3bb: Illegal state: Tablet not RUNNING: NOT_STARTED
W1031 23:05:33.629427 32771 leader_election.cc:278] T 69b4b5f037014f10bfab077f3f98ca49 P 23f962e4a1744381ad5fa0d2d8b10241 [CANDIDATE]: Term 1 pre-election: Tablet error from VoteRequest() call to peer 625f49b9554549e6a5c3a92b76e576cf: Illegal state: Tablet not RUNNING: NOT_STARTED
I1031 23:05:33.629452 32771 leader_election.cc:243] T 69b4b5f037014f10bfab077f3f98ca49 P 23f962e4a1744381ad5fa0d2d8b10241 [CANDIDATE]: Term 1 pre-election: Election decided. Result: candidate lost.
I1031 23:05:33.629626 28603 raft_consensus.cc:2162] T 69b4b5f037014f10bfab077f3f98ca49 P 23f962e4a1744381ad5fa0d2d8b10241 [term 0 FOLLOWER]: Snoozing failure detection for election timeout plus an additional 14.279s
I1031 23:05:33.629647 28603 raft_consensus.cc:1908] T 69b4b5f037014f10bfab077f3f98ca49 P 23f962e4a1744381ad5fa0d2d8b10241 [term 0 FOLLOWER]: Leader pre-election lost for term 1. Reason: could not achieve majority
I1031 23:05:33.961925 27573 consensus_queue.cc:695] T 9967925d5dbd49eaadc0a1a58e7e2089 P 23f962e4a1744381ad5fa0d2d8b10241 [LEADER]: Connected to new peer: Peer: 0a8bbcbbb5a6459aa5258464755db3bb, Is new: false, Last received: 0.0, Next index: 1, Last known committed idx: 0, Last exchange result: ERROR, Needs tablet copy: false
I1031 23:05:34.201814 32834 raft_consensus.cc:1708] T 090accc17fae4e60b7bddb6dd0bf2ef8 P 23f962e4a1744381ad5fa0d2d8b10241 [term 1 FOLLOWER]: Leader pre-election vote request: Denying vote to candidate 0a8bbcbbb5a6459aa5258464755db3bb for term 1 because replica is either leader or believes a valid leader to be alive.
I1031 23:05:34.204388 32834 raft_consensus.cc:1708] T 6f911a94e20d47aa9efaf9ffe3914c3b P 23f962e4a1744381ad5fa0d2d8b10241 [term 1 FOLLOWER]: Leader pre-election vote request: Denying vote to candidate 0a8bbcbbb5a6459aa5258464755db3bb for term 1 because replica is either leader or believes a valid leader to be alive.
I1031 23:05:34.385516 32837 raft_consensus.cc:1708] T e53178c96c3c4ad2b3068e9674d1259d P 23f962e4a1744381ad5fa0d2d8b10241 [term 1 FOLLOWER]: Leader pre-election vote request: Denying vote to candidate 0a8bbcbbb5a6459aa5258464755db3bb for term 1 because replica is either leader or believes a valid leader to be alive.
I1031 23:05:34.551164 37685 raft_consensus.cc:411] T a56a9d551d3746e59739adec9d8125ea P 23f962e4a1744381ad5fa0d2d8b10241 [term 0 FOLLOWER]: Starting pre-election (no leader contacted us within the election timeout)
I1031 23:05:34.551198 37685 raft_consensus.cc:2162] T a56a9d551d3746e59739adec9d8125ea P 23f962e4a1744381ad5fa0d2d8b10241 [term 0 FOLLOWER]: Snoozing failure detection for election timeout plus an additional 12.163s
I1031 23:05:34.551252 37685 raft_consensus.cc:435] T a56a9d551d3746e59739adec9d8125ea P 23f962e4a1744381ad5fa0d2d8b10241 [term 0 FOLLOWER]: Starting pre-election with config: opid_index: -1 OBSOLETE_local: false peers { permanent_uuid: "193181be29284287b25df2ee92938f0b" member_type: VOTER last_known_addr { host: "c3-kudu-tst-st08.bj" port: 18700 } } peers { permanent_uuid: "23f962e4a1744381ad5fa0d2d8b10241" member_type: VOTER last_known_addr { host: "c3-kudu-tst-st07.bj" port: 18700 } } peers { permanent_uuid: "044f1da9a27c46acb82b1386f829f4dc" member_type: VOTER last_known_addr { host: "c3-kudu-tst-st03.bj" port: 18700 } }
I1031 23:05:34.551767 37685 leader_election.cc:216] T a56a9d551d3746e59739adec9d8125ea P 23f962e4a1744381ad5fa0d2d8b10241 [CANDIDATE]: Term 1 pre-election: Requesting pre-vote from peer 193181be29284287b25df2ee92938f0b
I1031 23:05:34.551790 37685 leader_election.cc:216] T a56a9d551d3746e59739adec9d8125ea P 23f962e4a1744381ad5fa0d2d8b10241 [CANDIDATE]: Term 1 pre-election: Requesting pre-vote from peer 044f1da9a27c46acb82b1386f829f4dc
W1031 23:05:34.552001 32773 leader_election.cc:278] T a56a9d551d3746e59739adec9d8125ea P 23f962e4a1744381ad5fa0d2d8b10241 [CANDIDATE]: Term 1 pre-election: Tablet error from VoteRequest() call to peer 044f1da9a27c46acb82b1386f829f4dc: Not found: Tablet not found
W1031 23:05:34.552085 32772 leader_election.cc:278] T a56a9d551d3746e59739adec9d8125ea P 23f962e4a1744381ad5fa0d2d8b10241 [CANDIDATE]: Term 1 pre-election: Tablet error from VoteRequest() call to peer 193181be29284287b25df2ee92938f0b: Not found: Tablet not found
I1031 23:05:34.552104 32772 leader_election.cc:243] T a56a9d551d3746e59739adec9d8125ea P 23f962e4a1744381ad5fa0d2d8b10241 [CANDIDATE]: Term 1 pre-election: Election decided. Result: candidate lost.
I1031 23:05:34.552363 28616 raft_consensus.cc:2162] T a56a9d551d3746e59739adec9d8125ea P 23f962e4a1744381ad5fa0d2d8b10241 [term 0 FOLLOWER]: Snoozing failure detection for election timeout plus an additional 9.779s
I1031 23:05:34.552388 28616 raft_consensus.cc:1908] T a56a9d551d3746e59739adec9d8125ea P 23f962e4a1744381ad5fa0d2d8b10241 [term 0 FOLLOWER]: Leader pre-election lost for term 1. Reason: could not achieve majority
I1031 23:05:34.640718 37675 raft_consensus.cc:411] T ba08e192cf754b30acaccc0ced6d0c1c P 23f962e4a1744381ad5fa0d2d8b10241 [term 0 FOLLOWER]: Starting pre-election (no leader contacted us within the election timeout)
I1031 23:05:34.640745 37675 raft_consensus.cc:2162] T ba08e192cf754b30acaccc0ced6d0c1c P 23f962e4a1744381ad5fa0d2d8b10241 [term 0 FOLLOWER]: Snoozing failure detection for election timeout plus an additional 15.301s
I1031 23:05:34.640784 37675 raft_consensus.cc:435] T ba08e192cf754b30acaccc0ced6d0c1c P 23f962e4a1744381ad5fa0d2d8b10241 [term 0 FOLLOWER]: Starting pre-election with config: opid_index: -1 OBSOLETE_local: false peers { permanent_uuid: "0a8bbcbbb5a6459aa5258464755db3bb" member_type: VOTER last_known_addr { host: "c3-kudu-tst-st02.bj" port: 18700 } } peers { permanent_uuid: "23f962e4a1744381ad5fa0d2d8b10241" member_type: VOTER last_known_addr { host: "c3-kudu-tst-st07.bj" port: 18700 } } peers { permanent_uuid: "044f1da9a27c46acb82b1386f829f4dc" member_type: VOTER last_known_addr { host: "c3-kudu-tst-st03.bj" port: 18700 } }
I1031 23:05:34.641217 37675 leader_election.cc:216] T ba08e192cf754b30acaccc0ced6d0c1c P 23f962e4a1744381ad5fa0d2d8b10241 [CANDIDATE]: Term 1 pre-election: Requesting pre-vote from peer 0a8bbcbbb5a6459aa5258464755db3bb
I1031 23:05:34.641242 37675 leader_election.cc:216] T ba08e192cf754b30acaccc0ced6d0c1c P 23f962e4a1744381ad5fa0d2d8b10241 [CANDIDATE]: Term 1 pre-election: Requesting pre-vote from peer 044f1da9a27c46acb82b1386f829f4dc
W1031 23:05:34.641505 32773 leader_election.cc:278] T ba08e192cf754b30acaccc0ced6d0c1c P 23f962e4a1744381ad5fa0d2d8b10241 [CANDIDATE]: Term 1 pre-election: Tablet error from VoteRequest() call to peer 044f1da9a27c46acb82b1386f829f4dc: Not found: Tablet not found
W1031 23:05:34.641552 32773 leader_election.cc:278] T ba08e192cf754b30acaccc0ced6d0c1c P 23f962e4a1744381ad5fa0d2d8b10241 [CANDIDATE]: Term 1 pre-election: Tablet error from VoteRequest() call to peer 0a8bbcbbb5a6459aa5258464755db3bb: Not found: Tablet not found
I1031 23:05:34.641567 32773 leader_election.cc:243] T ba08e192cf754b30acaccc0ced6d0c1c P 23f962e4a1744381ad5fa0d2d8b10241 [CANDIDATE]: Term 1 pre-election: Election decided. Result: candidate lost.
I1031 23:05:34.641750 28619 raft_consensus.cc:2162] T ba08e192cf754b30acaccc0ced6d0c1c P 23f962e4a1744381ad5fa0d2d8b10241 [term 0 FOLLOWER]: Snoozing failure detection for election timeout plus an additional 15.156s
I1031 23:05:34.641772 28619 raft_consensus.cc:1908] T ba08e192cf754b30acaccc0ced6d0c1c P 23f962e4a1744381ad5fa0d2d8b10241 [term 0 FOLLOWER]: Leader pre-election lost for term 1. Reason: could not achieve majority
I1031 23:05:35.179422 31124 raft_consensus.cc:411] T 0cbdac8627e144b4a2e5f080abda7766 P 23f962e4a1744381ad5fa0d2d8b10241 [term 0 FOLLOWER]: Starting pre-election (no leader contacted us within the election timeout)
I1031 23:05:35.179458 31124 raft_consensus.cc:2162] T 0cbdac8627e144b4a2e5f080abda7766 P 23f962e4a1744381ad5fa0d2d8b10241 [term 0 FOLLOWER]: Snoozing failure detection for election timeout plus an additional 12.335s
I1031 23:05:35.179502 31124 raft_consensus.cc:435] T 0cbdac8627e144b4a2e5f080abda7766 P 23f962e4a1744381ad5fa0d2d8b10241 [term 0 FOLLOWER]: Starting pre-election with config: opid_index: -1 OBSOLETE_local: false peers { permanent_uuid: "193181be29284287b25df2ee92938f0b" member_type: VOTER last_known_addr { host: "c3-kudu-tst-st08.bj" port: 18700 } } peers { permanent_uuid: "d3eb30bd1bc34b95902fa61724239553" member_type: VOTER last_known_addr { host: "c3-kudu-tst-st05.bj" port: 18700 } } peers { permanent_uuid: "23f962e4a1744381ad5fa0d2d8b10241" member_type: VOTER last_known_addr { host: "c3-kudu-tst-st07.bj" port: 18700 } }
I1031 23:05:35.179934 31124 leader_election.cc:216] T 0cbdac8627e144b4a2e5f080abda7766 P 23f962e4a1744381ad5fa0d2d8b10241 [CANDIDATE]: Term 1 pre-election: Requesting pre-vote from peer 193181be29284287b25df2ee92938f0b
I1031 23:05:35.179978 31124 leader_election.cc:216] T 0cbdac8627e144b4a2e5f080abda7766 P 23f962e4a1744381ad5fa0d2d8b10241 [CANDIDATE]: Term 1 pre-election: Requesting pre-vote from peer d3eb30bd1bc34b95902fa61724239553
W1031 23:05:35.180244 32772 leader_election.cc:278] T 0cbdac8627e144b4a2e5f080abda7766 P 23f962e4a1744381ad5fa0d2d8b10241 [CANDIDATE]: Term 1 pre-election: Tablet error from VoteRequest() call to peer 193181be29284287b25df2ee92938f0b: Not found: Tablet not found
W1031 23:05:35.180318 32772 leader_election.cc:278] T 0cbdac8627e144b4a2e5f080abda7766 P 23f962e4a1744381ad5fa0d2d8b10241 [CANDIDATE]: Term 1 pre-election: Tablet error from VoteRequest() call to peer d3eb30bd1bc34b95902fa61724239553: Not found: Tablet not found
I1031 23:05:35.180348 32772 leader_election.cc:243] T 0cbdac8627e144b4a2e5f080abda7766 P 23f962e4a1744381ad5fa0d2d8b10241 [CANDIDATE]: Term 1 pre-election: Election decided. Result: candidate lost.
I1031 23:05:35.180929 28625 raft_consensus.cc:2162] T 0cbdac8627e144b4a2e5f080abda7766 P 23f962e4a1744381ad5fa0d2d8b10241 [term 0 FOLLOWER]: Snoozing failure detection for election timeout plus an additional 2.727s
I1031 23:05:35.180951 28625 raft_consensus.cc:1908] T 0cbdac8627e144b4a2e5f080abda7766 P 23f962e4a1744381ad5fa0d2d8b10241 [term 0 FOLLOWER]: Leader pre-election lost for term 1. Reason: could not achieve majority
I1031 23:05:39.114843 32806 tablet_service.cc:691] Processing DeleteTablet for tablet 32984b820db347e1b2d4d0786cf221f2 with delete_type TABLET_DATA_DELETED (Replaced by eeb3a3cb417b466abffd16749d165a61 at 2017-10-31 23:05:22 CST) from {username='work'} at 10.108.187.10:62607
I1031 23:05:39.124737 32806 tablet_service.cc:691] Processing DeleteTablet for tablet 005a48fb466c4a52896842dd00124755 with delete_type TABLET_DATA_DELETED (Replaced by f2af422919fd4560bd6441509a68d64b at 2017-10-31 23:05:22 CST) from {username='work'} at 10.108.187.10:62607
I1031 23:05:39.144850 32806 tablet_service.cc:691] Processing DeleteTablet for tablet 80ba7f33ec864c5f96c61932edb5cdc4 with delete_type TABLET_DATA_DELETED (Replaced by 47eeb8448c454968a45bf1a984427b25 at 2017-10-31 23:05:22 CST) from {username='work'} at 10.108.187.10:62607
I1031 23:05:39.549674 31124 raft_consensus.cc:411] T 0cbdac8627e144b4a2e5f080abda7766 P 23f962e4a1744381ad5fa0d2d8b10241 [term 0 FOLLOWER]: Starting pre-election (no leader contacted us within the election timeout)
I1031 23:05:39.549715 31124 raft_consensus.cc:2162] T 0cbdac8627e144b4a2e5f080abda7766 P 23f962e4a1744381ad5fa0d2d8b10241 [term 0 FOLLOWER]: Snoozing failure detection for election timeout plus an additional 2.180s
I1031 23:05:39.549783 31124 raft_consensus.cc:435] T 0cbdac8627e144b4a2e5f080abda7766 P 23f962e4a1744381ad5fa0d2d8b10241 [term 0 FOLLOWER]: Starting pre-election with config: opid_index: -1 OBSOLETE_local: false peers { permanent_uuid: "193181be29284287b25df2ee92938f0b" member_type: VOTER last_known_addr { host: "c3-kudu-tst-st08.bj" port: 18700 } } peers { permanent_uuid: "d3eb30bd1bc34b95902fa61724239553" member_type: VOTER last_known_addr { host: "c3-kudu-tst-st05.bj" port: 18700 } } peers { permanent_uuid: "23f962e4a1744381ad5fa0d2d8b10241" member_type: VOTER last_known_addr { host: "c3-kudu-tst-st07.bj" port: 18700 } }
I1031 23:05:39.550317 31124 leader_election.cc:216] T 0cbdac8627e144b4a2e5f080abda7766 P 23f962e4a1744381ad5fa0d2d8b10241 [CANDIDATE]: Term 1 pre-election: Requesting pre-vote from peer 193181be29284287b25df2ee92938f0b
I1031 23:05:39.550341 31124 leader_election.cc:216] T 0cbdac8627e144b4a2e5f080abda7766 P 23f962e4a1744381ad5fa0d2d8b10241 [CANDIDATE]: Term 1 pre-election: Requesting pre-vote from peer d3eb30bd1bc34b95902fa61724239553
W1031 23:05:39.550614 32772 leader_election.cc:278] T 0cbdac8627e144b4a2e5f080abda7766 P 23f962e4a1744381ad5fa0d2d8b10241 [CANDIDATE]: Term 1 pre-election: Tablet error from VoteRequest() call to peer 193181be29284287b25df2ee92938f0b: Not found: Tablet not found
W1031 23:05:39.550691 32772 leader_election.cc:278] T 0cbdac8627e144b4a2e5f080abda7766 P 23f962e4a1744381ad5fa0d2d8b10241 [CANDIDATE]: Term 1 pre-election: Tablet error from VoteRequest() call to peer d3eb30bd1bc34b95902fa61724239553: Not found: Tablet not found
I1031 23:05:39.550721 32772 leader_election.cc:243] T 0cbdac8627e144b4a2e5f080abda7766 P 23f962e4a1744381ad5fa0d2d8b10241 [CANDIDATE]: Term 1 pre-election: Election decided. Result: candidate lost.
I1031 23:05:39.551183 28659 raft_consensus.cc:2162] T 0cbdac8627e144b4a2e5f080abda7766 P 23f962e4a1744381ad5fa0d2d8b10241 [term 0 FOLLOWER]: Snoozing failure detection for election timeout plus an additional 2.926s
I1031 23:05:39.551205 28659 raft_consensus.cc:1908] T 0cbdac8627e144b4a2e5f080abda7766 P 23f962e4a1744381ad5fa0d2d8b10241 [term 0 FOLLOWER]: Leader pre-election lost for term 1. Reason: could not achieve majority
I1031 23:05:43.931841 37655 raft_consensus.cc:411] T bade583b5fea4f3781e889af8cd881ed P 23f962e4a1744381ad5fa0d2d8b10241 [term 0 FOLLOWER]: Starting pre-election (no leader contacted us within the election timeout)
I1031 23:05:43.931891 37655 raft_consensus.cc:2162] T bade583b5fea4f3781e889af8cd881ed P 23f962e4a1744381ad5fa0d2d8b10241 [term 0 FOLLOWER]: Snoozing failure detection for election timeout plus an additional 13.751s
I1031 23:05:43.931953 37655 raft_consensus.cc:435] T bade583b5fea4f3781e889af8cd881ed P 23f962e4a1744381ad5fa0d2d8b10241 [term 0 FOLLOWER]: Starting pre-election with config: opid_index: -1 OBSOLETE_local: false peers { permanent_uuid: "23f962e4a1744381ad5fa0d2d8b10241" member_type: VOTER last_known_addr { host: "c3-kudu-tst-st07.bj" port: 18700 } } peers { permanent_uuid: "daba39963d4346e1816089fd3a5442b5" member_type: VOTER last_known_addr { host: "c3-kudu-tst-st09.bj" port: 18700 } } peers { permanent_uuid: "193181be29284287b25df2ee92938f0b" member_type: VOTER last_known_addr { host: "c3-kudu-tst-st08.bj" port: 18700 } }
I1031 23:05:43.932494 37655 leader_election.cc:216] T bade583b5fea4f3781e889af8cd881ed P 23f962e4a1744381ad5fa0d2d8b10241 [CANDIDATE]: Term 1 pre-election: Requesting pre-vote from peer daba39963d4346e1816089fd3a5442b5
I1031 23:05:43.932518 37655 leader_election.cc:216] T bade583b5fea4f3781e889af8cd881ed P 23f962e4a1744381ad5fa0d2d8b10241 [CANDIDATE]: Term 1 pre-election: Requesting pre-vote from peer 193181be29284287b25df2ee92938f0b
W1031 23:05:43.932711 32770 leader_election.cc:278] T bade583b5fea4f3781e889af8cd881ed P 23f962e4a1744381ad5fa0d2d8b10241 [CANDIDATE]: Term 1 pre-election: Tablet error from VoteRequest() call to peer daba39963d4346e1816089fd3a5442b5: Not found: Tablet not found
W1031 23:05:43.932756 32772 leader_election.cc:278] T bade583b5fea4f3781e889af8cd881ed P 23f962e4a1744381ad5fa0d2d8b10241 [CANDIDATE]: Term 1 pre-election: Tablet error from VoteRequest() call to peer 193181be29284287b25df2ee92938f0b: Not found: Tablet not found
I1031 23:05:43.932782 32772 leader_election.cc:243] T bade583b5fea4f3781e889af8cd881ed P 23f962e4a1744381ad5fa0d2d8b10241 [CANDIDATE]: Term 1 pre-election: Election decided. Result: candidate lost.
I1031 23:05:43.933338 28679 raft_consensus.cc:2162] T bade583b5fea4f3781e889af8cd881ed P 23f962e4a1744381ad5fa0d2d8b10241 [term 0 FOLLOWER]: Snoozing failure detection for election timeout plus an additional 9.608s
I1031 23:05:43.933367 28679 raft_consensus.cc:1908] T bade583b5fea4f3781e889af8cd881ed P 23f962e4a1744381ad5fa0d2d8b10241 [term 0 FOLLOWER]: Leader pre-election lost for term 1. Reason: could not achieve majority
W1031 23:05:44.104032 30386 log.cc:565] Time spent T 3123639d9835456b9f5dab3f7dd7ebd9 P 23f962e4a1744381ad5fa0d2d8b10241: Append to log took a long time: real 0.203s user 0.000s sys 0.000s
W1031 23:05:44.104038 30396 log.cc:565] Time spent T 03802df37c9543298202506697cc8906 P 23f962e4a1744381ad5fa0d2d8b10241: Append to log took a long time: real 0.211s user 0.000s sys 0.000s
I1031 23:05:44.378962 31124 raft_consensus.cc:411] T 0cbdac8627e144b4a2e5f080abda7766 P 23f962e4a1744381ad5fa0d2d8b10241 [term 0 FOLLOWER]: Starting pre-election (no leader contacted us within the election timeout)
I1031 23:05:44.378988 31124 raft_consensus.cc:2162] T 0cbdac8627e144b4a2e5f080abda7766 P 23f962e4a1744381ad5fa0d2d8b10241 [term 0 FOLLOWER]: Snoozing failure detection for election timeout plus an additional 15.223s
I1031 23:05:44.379036 31124 raft_consensus.cc:435] T 0cbdac8627e144b4a2e5f080abda7766 P 23f962e4a1744381ad5fa0d2d8b10241 [term 0 FOLLOWER]: Starting pre-election with config: opid_index: -1 OBSOLETE_local: false peers { permanent_uuid: "193181be29284287b25df2ee92938f0b" member_type: VOTER last_known_addr { host: "c3-kudu-tst-st08.bj" port: 18700 } } peers { permanent_uuid: "d3eb30bd1bc34b95902fa61724239553" member_type: VOTER last_known_addr { host: "c3-kudu-tst-st05.bj" port: 18700 } } peers { permanent_uuid: "23f962e4a1744381ad5fa0d2d8b10241" member_type: VOTER last_known_addr { host: "c3-kudu-tst-st07.bj" port: 18700 } }
I1031 23:05:44.379531 31124 leader_election.cc:216] T 0cbdac8627e144b4a2e5f080abda7766 P 23f962e4a1744381ad5fa0d2d8b10241 [CANDIDATE]: Term 1 pre-election: Requesting pre-vote from peer 193181be29284287b25df2ee92938f0b
I1031 23:05:44.379554 31124 leader_election.cc:216] T 0cbdac8627e144b4a2e5f080abda7766 P 23f962e4a1744381ad5fa0d2d8b10241 [CANDIDATE]: Term 1 pre-election: Requesting pre-vote from peer d3eb30bd1bc34b95902fa61724239553
W1031 23:05:44.379832 32772 leader_election.cc:278] T 0cbdac8627e144b4a2e5f080abda7766 P 23f962e4a1744381ad5fa0d2d8b10241 [CANDIDATE]: Term 1 pre-election: Tablet error from VoteRequest() call to peer 193181be29284287b25df2ee92938f0b: Not found: Tablet not found
W1031 23:05:44.379900 32772 leader_election.cc:278] T 0cbdac8627e144b4a2e5f080abda7766 P 23f962e4a1744381ad5fa0d2d8b10241 [CANDIDATE]: Term 1 pre-election: Tablet error from VoteRequest() call to peer d3eb30bd1bc34b95902fa61724239553: Not found: Tablet not found
I1031 23:05:44.379925 32772 leader_election.cc:243] T 0cbdac8627e144b4a2e5f080abda7766 P 23f962e4a1744381ad5fa0d2d8b10241 [CANDIDATE]: Term 1 pre-election: Election decided. Result: candidate lost.
I1031 23:05:44.380122 28681 raft_consensus.cc:2162] T 0cbdac8627e144b4a2e5f080abda7766 P 23f962e4a1744381ad5fa0d2d8b10241 [term 0 FOLLOWER]: Snoozing failure detection for election timeout plus an additional 12.778s
I1031 23:05:44.380144 28681 raft_consensus.cc:1908] T 0cbdac8627e144b4a2e5f080abda7766 P 23f962e4a1744381ad5fa0d2d8b10241 [term 0 FOLLOWER]: Leader pre-election lost for term 1. Reason: could not achieve majority
I1031 23:05:45.992084 37685 raft_consensus.cc:411] T a56a9d551d3746e59739adec9d8125ea P 23f962e4a1744381ad5fa0d2d8b10241 [term 0 FOLLOWER]: Starting pre-election (no leader contacted us within the election timeout)
I1031 23:05:45.992132 37685 raft_consensus.cc:2162] T a56a9d551d3746e59739adec9d8125ea P 23f962e4a1744381ad5fa0d2d8b10241 [term 0 FOLLOWER]: Snoozing failure detection for election timeout plus an additional 18.382s
I1031 23:05:45.992189 37685 raft_consensus.cc:435] T a56a9d551d3746e59739adec9d8125ea P 23f962e4a1744381ad5fa0d2d8b10241 [term 0 FOLLOWER]: Starting pre-election with config: opid_index: -1 OBSOLETE_local: false peers { permanent_uuid: "193181be29284287b25df2ee92938f0b" member_type: VOTER last_known_addr { host: "c3-kudu-tst-st08.bj" port: 18700 } } peers { permanent_uuid: "23f962e4a1744381ad5fa0d2d8b10241" member_type: VOTER last_known_addr { host: "c3-kudu-tst-st07.bj" port: 18700 } } peers { permanent_uuid: "044f1da9a27c46acb82b1386f829f4dc" member_type: VOTER last_known_addr { host: "c3-kudu-tst-st03.bj" port: 18700 } }
I1031 23:05:45.992804 37685 leader_election.cc:216] T a56a9d551d3746e59739adec9d8125ea P 23f962e4a1744381ad5fa0d2d8b10241 [CANDIDATE]: Term 1 pre-election: Requesting pre-vote from peer 193181be29284287b25df2ee92938f0b
I1031 23:05:45.992830 37685 leader_election.cc:216] T a56a9d551d3746e59739adec9d8125ea P 23f962e4a1744381ad5fa0d2d8b10241 [CANDIDATE]: Term 1 pre-election: Requesting pre-vote from peer 044f1da9a27c46acb82b1386f829f4dc
W1031 23:05:45.993072 32772 leader_election.cc:278] T a56a9d551d3746e59739adec9d8125ea P 23f962e4a1744381ad5fa0d2d8b10241 [CANDIDATE]: Term 1 pre-election: Tablet error from VoteRequest() call to peer 193181be29284287b25df2ee92938f0b: Not found: Tablet not found
W1031 23:05:45.993170 32773 leader_election.cc:278] T a56a9d551d3746e59739adec9d8125ea P 23f962e4a1744381ad5fa0d2d8b10241 [CANDIDATE]: Term 1 pre-election: Tablet error from VoteRequest() call to peer 044f1da9a27c46acb82b1386f829f4dc: Not found: Tablet not found
I1031 23:05:45.993201 32773 leader_election.cc:243] T a56a9d551d3746e59739adec9d8125ea P 23f962e4a1744381ad5fa0d2d8b10241 [CANDIDATE]: Term 1 pre-election: Election decided. Result: candidate lost.
I1031 23:05:45.993438 28687 raft_consensus.cc:2162] T a56a9d551d3746e59739adec9d8125ea P 23f962e4a1744381ad5fa0d2d8b10241 [term 0 FOLLOWER]: Snoozing failure detection for election timeout plus an additional 4.516s
I1031 23:05:45.993460 28687 raft_consensus.cc:1908] T a56a9d551d3746e59739adec9d8125ea P 23f962e4a1744381ad5fa0d2d8b10241 [term 0 FOLLOWER]: Leader pre-election lost for term 1. Reason: could not achieve majority
I1031 23:05:49.752964 27541 raft_consensus.cc:411] T 69b4b5f037014f10bfab077f3f98ca49 P 23f962e4a1744381ad5fa0d2d8b10241 [term 0 FOLLOWER]: Starting pre-election (no leader contacted us within the election timeout)
I1031 23:05:49.753013 27541 raft_consensus.cc:2162] T 69b4b5f037014f10bfab077f3f98ca49 P 23f962e4a1744381ad5fa0d2d8b10241 [term 0 FOLLOWER]: Snoozing failure detection for election timeout plus an additional 9.739s
I1031 23:05:49.753074 27541 raft_consensus.cc:435] T 69b4b5f037014f10bfab077f3f98ca49 P 23f962e4a1744381ad5fa0d2d8b10241 [term 0 FOLLOWER]: Starting pre-election with config: opid_index: -1 OBSOLETE_local: false peers { permanent_uuid: "23f962e4a1744381ad5fa0d2d8b10241" member_type: VOTER last_known_addr { host: "c3-kudu-tst-st07.bj" port: 18700 } } peers { permanent_uuid: "0a8bbcbbb5a6459aa5258464755db3bb" member_type: VOTER last_known_addr { host: "c3-kudu-tst-st02.bj" port: 18700 } } peers { permanent_uuid: "625f49b9554549e6a5c3a92b76e576cf" member_type: VOTER last_known_addr { host: "c3-kudu-tst-st10.bj" port: 18700 } }
I1031 23:05:49.753636 27541 leader_election.cc:216] T 69b4b5f037014f10bfab077f3f98ca49 P 23f962e4a1744381ad5fa0d2d8b10241 [CANDIDATE]: Term 1 pre-election: Requesting pre-vote from peer 0a8bbcbbb5a6459aa5258464755db3bb
I1031 23:05:49.753661 27541 leader_election.cc:216] T 69b4b5f037014f10bfab077f3f98ca49 P 23f962e4a1744381ad5fa0d2d8b10241 [CANDIDATE]: Term 1 pre-election: Requesting pre-vote from peer 625f49b9554549e6a5c3a92b76e576cf
W1031 23:05:49.753931 32771 leader_election.cc:278] T 69b4b5f037014f10bfab077f3f98ca49 P 23f962e4a1744381ad5fa0d2d8b10241 [CANDIDATE]: Term 1 pre-election: Tablet error from VoteRequest() call to peer 625f49b9554549e6a5c3a92b76e576cf: Illegal state: Tablet not RUNNING: NOT_STARTED
W1031 23:05:49.753971 32773 leader_election.cc:278] T 69b4b5f037014f10bfab077f3f98ca49 P 23f962e4a1744381ad5fa0d2d8b10241 [CANDIDATE]: Term 1 pre-election: Tablet error from VoteRequest() call to peer 0a8bbcbbb5a6459aa5258464755db3bb: Not found: Tablet not found
I1031 23:05:49.753998 32773 leader_election.cc:243] T 69b4b5f037014f10bfab077f3f98ca49 P 23f962e4a1744381ad5fa0d2d8b10241 [CANDIDATE]: Term 1 pre-election: Election decided. Result: candidate lost.
I1031 23:05:49.754505 28721 raft_consensus.cc:2162] T 69b4b5f037014f10bfab077f3f98ca49 P 23f962e4a1744381ad5fa0d2d8b10241 [term 0 FOLLOWER]: Snoozing failure detection for election timeout plus an additional 16.435s
I1031 23:05:49.754528 28721 raft_consensus.cc:1908] T 69b4b5f037014f10bfab077f3f98ca49 P 23f962e4a1744381ad5fa0d2d8b10241 [term 0 FOLLOWER]: Leader pre-election lost for term 1. Reason: could not achieve majority
I1031 23:05:51.428102 37675 raft_consensus.cc:411] T ba08e192cf754b30acaccc0ced6d0c1c P 23f962e4a1744381ad5fa0d2d8b10241 [term 0 FOLLOWER]: Starting pre-election (no leader contacted us within the election timeout)
I1031 23:05:51.428133 37675 raft_consensus.cc:2162] T ba08e192cf754b30acaccc0ced6d0c1c P 23f962e4a1744381ad5fa0d2d8b10241 [term 0 FOLLOWER]: Snoozing failure detection for election timeout plus an additional 6.963s
I1031 23:05:51.428189 37675 raft_consensus.cc:435] T ba08e192cf754b30acaccc0ced6d0c1c P 23f962e4a1744381ad5fa0d2d8b10241 [term 0 FOLLOWER]: Starting pre-election with config: opid_index: -1 OBSOLETE_local: false peers { permanent_uuid: "0a8bbcbbb5a6459aa5258464755db3bb" member_type: VOTER last_known_addr { host: "c3-kudu-tst-st02.bj" port: 18700 } } peers { permanent_uuid: "23f962e4a1744381ad5fa0d2d8b10241" member_type: VOTER last_known_addr { host: "c3-kudu-tst-st07.bj" port: 18700 } } peers { permanent_uuid: "044f1da9a27c46acb82b1386f829f4dc" member_type: VOTER last_known_addr { host: "c3-kudu-tst-st03.bj" port: 18700 } }
I1031 23:05:51.428683 37675 leader_election.cc:216] T ba08e192cf754b30acaccc0ced6d0c1c P 23f962e4a1744381ad5fa0d2d8b10241 [CANDIDATE]: Term 1 pre-election: Requesting pre-vote from peer 0a8bbcbbb5a6459aa5258464755db3bb
I1031 23:05:51.428715 37675 leader_election.cc:216] T ba08e192cf754b30acaccc0ced6d0c1c P 23f962e4a1744381ad5fa0d2d8b10241 [CANDIDATE]: Term 1 pre-election: Requesting pre-vote from peer 044f1da9a27c46acb82b1386f829f4dc
W1031 23:05:51.429095 32773 leader_election.cc:278] T ba08e192cf754b30acaccc0ced6d0c1c P 23f962e4a1744381ad5fa0d2d8b10241 [CANDIDATE]: Term 1 pre-election: Tablet error from VoteRequest() call to peer 044f1da9a27c46acb82b1386f829f4dc: Not found: Tablet not found
W1031 23:05:51.429142 32773 leader_election.cc:278] T ba08e192cf754b30acaccc0ced6d0c1c P 23f962e4a1744381ad5fa0d2d8b10241 [CANDIDATE]: Term 1 pre-election: Tablet error from VoteRequest() call to peer 0a8bbcbbb5a6459aa5258464755db3bb: Not found: Tablet not found
I1031 23:05:51.429157 32773 leader_election.cc:243] T ba08e192cf754b30acaccc0ced6d0c1c P 23f962e4a1744381ad5fa0d2d8b10241 [CANDIDATE]: Term 1 pre-election: Election decided. Result: candidate lost.
I1031 23:05:51.429338 28730 raft_consensus.cc:2162] T ba08e192cf754b30acaccc0ced6d0c1c P 23f962e4a1744381ad5fa0d2d8b10241 [term 0 FOLLOWER]: Snoozing failure detection for election timeout plus an additional 3.979s
I1031 23:05:51.429361 28730 raft_consensus.cc:1908] T ba08e192cf754b30acaccc0ced6d0c1c P 23f962e4a1744381ad5fa0d2d8b10241 [term 0 FOLLOWER]: Leader pre-election lost for term 1. Reason: could not achieve majority
I1031 23:05:52.218683 37685 raft_consensus.cc:411] T a56a9d551d3746e59739adec9d8125ea P 23f962e4a1744381ad5fa0d2d8b10241 [term 0 FOLLOWER]: Starting pre-election (no leader contacted us within the election timeout)
I1031 23:05:52.218737 37685 raft_consensus.cc:2162] T a56a9d551d3746e59739adec9d8125ea P 23f962e4a1744381ad5fa0d2d8b10241 [term 0 FOLLOWER]: Snoozing failure detection for election timeout plus an additional 2.791s
I1031 23:05:52.218798 37685 raft_consensus.cc:435] T a56a9d551d3746e59739adec9d8125ea P 23f962e4a1744381ad5fa0d2d8b10241 [term 0 FOLLOWER]: Starting pre-election with config: opid_index: -1 OBSOLETE_local: false peers { permanent_uuid: "193181be29284287b25df2ee92938f0b" member_type: VOTER last_known_addr { host: "c3-kudu-tst-st08.bj" port: 18700 } } peers { permanent_uuid: "23f962e4a1744381ad5fa0d2d8b10241" member_type: VOTER last_known_addr { host: "c3-kudu-tst-st07.bj" port: 18700 } } peers { permanent_uuid: "044f1da9a27c46acb82b1386f829f4dc" member_type: VOTER last_known_addr { host: "c3-kudu-tst-st03.bj" port: 18700 } }
I1031 23:05:52.219295 37685 leader_election.cc:216] T a56a9d551d3746e59739adec9d8125ea P 23f962e4a1744381ad5fa0d2d8b10241 [CANDIDATE]: Term 1 pre-election: Requesting pre-vote from peer 193181be29284287b25df2ee92938f0b
I1031 23:05:52.219328 37685 leader_election.cc:216] T a56a9d551d3746e59739adec9d8125ea P 23f962e4a1744381ad5fa0d2d8b10241 [CANDIDATE]: Term 1 pre-election: Requesting pre-vote from peer 044f1da9a27c46acb82b1386f829f4dc
W1031 23:05:52.219586 32772 leader_election.cc:278] T a56a9d551d3746e59739adec9d8125ea P 23f962e4a1744381ad5fa0d2d8b10241 [CANDIDATE]: Term 1 pre-election: Tablet error from VoteRequest() call to peer 193181be29284287b25df2ee92938f0b: Not found: Tablet not found
W1031 23:05:52.219661 32773 leader_election.cc:278] T a56a9d551d3746e59739adec9d8125ea P 23f962e4a1744381ad5fa0d2d8b10241 [CANDIDATE]: Term 1 pre-election: Tablet error from VoteRequest() call to peer 044f1da9a27c46acb82b1386f829f4dc: Not found: Tablet not found
I1031 23:05:52.219688 32773 leader_election.cc:243] T a56a9d551d3746e59739adec9d8125ea P 23f962e4a1744381ad5fa0d2d8b10241 [CANDIDATE]: Term 1 pre-election: Election decided. Result: candidate lost.
I1031 23:05:52.219928 28731 raft_consensus.cc:2162] T a56a9d551d3746e59739adec9d8125ea P 23f962e4a1744381ad5fa0d2d8b10241 [term 0 FOLLOWER]: Snoozing failure detection for election timeout plus an additional 4.091s
I1031 23:05:52.219949 28731 raft_consensus.cc:1908] T a56a9d551d3746e59739adec9d8125ea P 23f962e4a1744381ad5fa0d2d8b10241 [term 0 FOLLOWER]: Leader pre-election lost for term 1. Reason: could not achieve majority
I1031 23:05:52.547650 32809 tablet_service.cc:691] Processing DeleteTablet for tablet d67c8d7da92f4f10b75858f21d80f8c4 with delete_type TABLET_DATA_DELETED (Replaced by 8566e0c79e674a74803cd1a15fec8cb2 at 2017-10-31 23:05:52 CST) from {username='work'} at 10.108.187.10:62607
I1031 23:05:52.547660 32806 tablet_service.cc:691] Processing DeleteTablet for tablet f2af422919fd4560bd6441509a68d64b with delete_type TABLET_DATA_DELETED (Replaced by a17da97943904920814af1508905ecfc at 2017-10-31 23:05:52 CST) from {username='work'} at 10.108.187.10:62607
I1031 23:05:52.547971 32806 tablet_service.cc:691] Processing DeleteTablet for tablet 012b21c0f95e4dd594076018fd6fdb7e with delete_type TABLET_DATA_DELETED (Replaced by ae7fa26c77054ef1b98d5e0f4e6940d6 at 2017-10-31 23:05:52 CST) from {username='work'} at 10.108.187.10:62607
I1031 23:05:52.548280 32809 tablet_service.cc:650] Processing CreateTablet for tablet bb4c891b261b42ef9b983f46cefef6ae (table=default.timeout_tst [id=cdcb3e60c1314776843d856365535d49]), partition=HASH (id) PARTITION 1, RANGE (date) PARTITION 20171027 <= VALUES < 20171028
I1031 23:05:52.548280 32806 tablet_service.cc:650] Processing CreateTablet for tablet 8566e0c79e674a74803cd1a15fec8cb2 (table=default.timeout_tst [id=cdcb3e60c1314776843d856365535d49]), partition=HASH (id) PARTITION 1, RANGE (date) PARTITION 20171026 <= VALUES < 20171027
I1031 23:05:52.588491 32805 tablet_service.cc:691] Processing DeleteTablet for tablet d67c8d7da92f4f10b75858f21d80f8c4 with delete_type TABLET_DATA_DELETED (Replaced by 8566e0c79e674a74803cd1a15fec8cb2 at 2017-10-31 23:05:52 CST) from {username='work'} at 10.108.187.10:62607
I1031 23:05:52.593037 32805 tablet_service.cc:691] Processing DeleteTablet for tablet f2af422919fd4560bd6441509a68d64b with delete_type TABLET_DATA_DELETED (Replaced by a17da97943904920814af1508905ecfc at 2017-10-31 23:05:52 CST) from {username='work'} at 10.108.187.10:62607
I1031 23:05:52.608008 32805 tablet_service.cc:691] Processing DeleteTablet for tablet 012b21c0f95e4dd594076018fd6fdb7e with delete_type TABLET_DATA_DELETED (Replaced by ae7fa26c77054ef1b98d5e0f4e6940d6 at 2017-10-31 23:05:52 CST) from {username='work'} at 10.108.187.10:62607
I1031 23:05:52.629473 32805 tablet_service.cc:691] Processing DeleteTablet for tablet d67c8d7da92f4f10b75858f21d80f8c4 with delete_type TABLET_DATA_DELETED (Replaced by 8566e0c79e674a74803cd1a15fec8cb2 at 2017-10-31 23:05:52 CST) from {username='work'} at 10.108.187.10:62607
I1031 23:05:52.634001 32805 tablet_service.cc:691] Processing DeleteTablet for tablet f2af422919fd4560bd6441509a68d64b with delete_type TABLET_DATA_DELETED (Replaced by a17da97943904920814af1508905ecfc at 2017-10-31 23:05:52 CST) from {username='work'} at 10.108.187.10:62607
I1031 23:05:52.666491 32805 tablet_service.cc:691] Processing DeleteTablet for tablet 012b21c0f95e4dd594076018fd6fdb7e with delete_type TABLET_DATA_DELETED (Replaced by ae7fa26c77054ef1b98d5e0f4e6940d6 at 2017-10-31 23:05:52 CST) from {username='work'} at 10.108.187.10:62607
I1031 23:05:52.715903 32805 tablet_service.cc:691] Processing DeleteTablet for tablet f2af422919fd4560bd6441509a68d64b with delete_type TABLET_DATA_DELETED (Replaced by a17da97943904920814af1508905ecfc at 2017-10-31 23:05:52 CST) from {username='work'} at 10.108.187.10:62607
I1031 23:05:52.727310 32805 tablet_service.cc:691] Processing DeleteTablet for tablet d67c8d7da92f4f10b75858f21d80f8c4 with delete_type TABLET_DATA_DELETED (Replaced by 8566e0c79e674a74803cd1a15fec8cb2 at 2017-10-31 23:05:52 CST) from {username='work'} at 10.108.187.10:62607
I1031 23:05:52.765121 32805 tablet_service.cc:691] Processing DeleteTablet for tablet 012b21c0f95e4dd594076018fd6fdb7e with delete_type TABLET_DATA_DELETED (Replaced by ae7fa26c77054ef1b98d5e0f4e6940d6 at 2017-10-31 23:05:52 CST) from {username='work'} at 10.108.187.10:62607
I1031 23:05:52.789096 32809 ts_tablet_manager.cc:862] T bb4c891b261b42ef9b983f46cefef6ae P 23f962e4a1744381ad5fa0d2d8b10241: Registered tablet (data state: TABLET_DATA_READY)
I1031 23:05:52.814342 32806 ts_tablet_manager.cc:862] T 8566e0c79e674a74803cd1a15fec8cb2 P 23f962e4a1744381ad5fa0d2d8b10241: Registered tablet (data state: TABLET_DATA_READY)
I1031 23:05:52.887092 32806 tablet_service.cc:691] Processing DeleteTablet for tablet f2af422919fd4560bd6441509a68d64b with delete_type TABLET_DATA_DELETED (Replaced by a17da97943904920814af1508905ecfc at 2017-10-31 23:05:52 CST) from {username='work'} at 10.108.187.10:62607
I1031 23:05:52.891607 32806 tablet_service.cc:691] Processing DeleteTablet for tablet d67c8d7da92f4f10b75858f21d80f8c4 with delete_type TABLET_DATA_DELETED (Replaced by 8566e0c79e674a74803cd1a15fec8cb2 at 2017-10-31 23:05:52 CST) from {username='work'} at 10.108.187.10:62607
I1031 23:05:52.913154 32806 tablet_service.cc:691] Processing DeleteTablet for tablet 012b21c0f95e4dd594076018fd6fdb7e with delete_type TABLET_DATA_DELETED (Replaced by ae7fa26c77054ef1b98d5e0f4e6940d6 at 2017-10-31 23:05:52 CST) from {username='work'} at 10.108.187.10:62607
I1031 23:05:53.157228 32806 tablet_service.cc:691] Processing DeleteTablet for tablet f2af422919fd4560bd6441509a68d64b with delete_type TABLET_DATA_DELETED (Replaced by a17da97943904920814af1508905ecfc at 2017-10-31 23:05:52 CST) from {username='work'} at 10.108.187.10:62607
I1031 23:05:53.197722 32806 tablet_service.cc:691] Processing DeleteTablet for tablet d67c8d7da92f4f10b75858f21d80f8c4 with delete_type TABLET_DATA_DELETED (Replaced by 8566e0c79e674a74803cd1a15fec8cb2 at 2017-10-31 23:05:52 CST) from {username='work'} at 10.108.187.10:62607
I1031 23:05:53.202137 32806 tablet_service.cc:691] Processing DeleteTablet for tablet 012b21c0f95e4dd594076018fd6fdb7e with delete_type TABLET_DATA_DELETED (Replaced by ae7fa26c77054ef1b98d5e0f4e6940d6 at 2017-10-31 23:05:52 CST) from {username='work'} at 10.108.187.10:62607
I1031 23:05:53.691848 32806 tablet_service.cc:691] Processing DeleteTablet for tablet f2af422919fd4560bd6441509a68d64b with delete_type TABLET_DATA_DELETED (Replaced by a17da97943904920814af1508905ecfc at 2017-10-31 23:05:52 CST) from {username='work'} at 10.108.187.10:62607
I1031 23:05:53.715396 32806 tablet_service.cc:691] Processing DeleteTablet for tablet 012b21c0f95e4dd594076018fd6fdb7e with delete_type TABLET_DATA_DELETED (Replaced by ae7fa26c77054ef1b98d5e0f4e6940d6 at 2017-10-31 23:05:52 CST) from {username='work'} at 10.108.187.10:62607
I1031 23:05:53.716747 32806 tablet_service.cc:691] Processing DeleteTablet for tablet d67c8d7da92f4f10b75858f21d80f8c4 with delete_type TABLET_DATA_DELETED (Replaced by 8566e0c79e674a74803cd1a15fec8cb2 at 2017-10-31 23:05:52 CST) from {username='work'} at 10.108.187.10:62607
I1031 23:05:54.728545 32806 tablet_service.cc:691] Processing DeleteTablet for tablet f2af422919fd4560bd6441509a68d64b with delete_type TABLET_DATA_DELETED (Replaced by a17da97943904920814af1508905ecfc at 2017-10-31 23:05:52 CST) from {username='work'} at 10.108.187.10:62607
I1031 23:05:54.758196 32806 tablet_service.cc:691] Processing DeleteTablet for tablet d67c8d7da92f4f10b75858f21d80f8c4 with delete_type TABLET_DATA_DELETED (Replaced by 8566e0c79e674a74803cd1a15fec8cb2 at 2017-10-31 23:05:52 CST) from {username='work'} at 10.108.187.10:62607
I1031 23:05:54.775665 32806 tablet_service.cc:691] Processing DeleteTablet for tablet 012b21c0f95e4dd594076018fd6fdb7e with delete_type TABLET_DATA_DELETED (Replaced by ae7fa26c77054ef1b98d5e0f4e6940d6 at 2017-10-31 23:05:52 CST) from {username='work'} at 10.108.187.10:62607
I1031 23:05:55.533725 32806 tablet_service.cc:691] Processing DeleteTablet for tablet 80ba7f33ec864c5f96c61932edb5cdc4 with delete_type TABLET_DATA_DELETED (Replaced by 47eeb8448c454968a45bf1a984427b25 at 2017-10-31 23:05:22 CST) from {username='work'} at 10.108.187.10:62607
I1031 23:05:55.535081 32806 tablet_service.cc:691] Processing DeleteTablet for tablet 32984b820db347e1b2d4d0786cf221f2 with delete_type TABLET_DATA_DELETED (Replaced by eeb3a3cb417b466abffd16749d165a61 at 2017-10-31 23:05:22 CST) from {username='work'} at 10.108.187.10:62607
I1031 23:05:55.550551 32806 tablet_service.cc:691] Processing DeleteTablet for tablet 005a48fb466c4a52896842dd00124755 with delete_type TABLET_DATA_DELETED (Replaced by f2af422919fd4560bd6441509a68d64b at 2017-10-31 23:05:22 CST) from {username='work'} at 10.108.187.10:62607
I1031 23:05:55.563335 37655 raft_consensus.cc:411] T bade583b5fea4f3781e889af8cd881ed P 23f962e4a1744381ad5fa0d2d8b10241 [term 0 FOLLOWER]: Starting pre-election (no leader contacted us within the election timeout)
I1031 23:05:55.563387 37655 raft_consensus.cc:2162] T bade583b5fea4f3781e889af8cd881ed P 23f962e4a1744381ad5fa0d2d8b10241 [term 0 FOLLOWER]: Snoozing failure detection for election timeout plus an additional 13.218s
