W1031 23:04:07.413071 32773 consensus_peers.cc:357] T 9967925d5dbd49eaadc0a1a58e7e2089 P 23f962e4a1744381ad5fa0d2d8b10241 -> Peer 0a8bbcbbb5a6459aa5258464755db3bb (c3-kudu-tst-st02.bj:18700): Couldn't send request to peer 0a8bbcbbb5a6459aa5258464755db3bb for tablet 9967925d5dbd49eaadc0a1a58e7e2089. Error code: TABLET_NOT_RUNNING (12). Status: Illegal state: Tablet not RUNNING: NOT_STARTED. Retrying in the next heartbeat period. Already tried 29 times.
W1031 23:04:07.913053 32773 consensus_peers.cc:357] T 9967925d5dbd49eaadc0a1a58e7e2089 P 23f962e4a1744381ad5fa0d2d8b10241 -> Peer 0a8bbcbbb5a6459aa5258464755db3bb (c3-kudu-tst-st02.bj:18700): Couldn't send request to peer 0a8bbcbbb5a6459aa5258464755db3bb for tablet 9967925d5dbd49eaadc0a1a58e7e2089. Error code: TABLET_NOT_RUNNING (12). Status: Illegal state: Tablet not RUNNING: NOT_STARTED. Retrying in the next heartbeat period. Already tried 30 times.
I1031 23:04:08.347860 27556 raft_consensus.cc:411] T 6f911a94e20d47aa9efaf9ffe3914c3b P 23f962e4a1744381ad5fa0d2d8b10241 [term 0 FOLLOWER]: Starting pre-election (no leader contacted us within the election timeout)
I1031 23:04:08.347919 27556 raft_consensus.cc:2162] T 6f911a94e20d47aa9efaf9ffe3914c3b P 23f962e4a1744381ad5fa0d2d8b10241 [term 0 FOLLOWER]: Snoozing failure detection for election timeout plus an additional 3.074s
I1031 23:04:08.347980 27556 raft_consensus.cc:435] T 6f911a94e20d47aa9efaf9ffe3914c3b P 23f962e4a1744381ad5fa0d2d8b10241 [term 0 FOLLOWER]: Starting pre-election with config: opid_index: -1 OBSOLETE_local: false peers { permanent_uuid: "0a8bbcbbb5a6459aa5258464755db3bb" member_type: VOTER last_known_addr { host: "c3-kudu-tst-st02.bj" port: 18700 } } peers { permanent_uuid: "23f962e4a1744381ad5fa0d2d8b10241" member_type: VOTER last_known_addr { host: "c3-kudu-tst-st07.bj" port: 18700 } } peers { permanent_uuid: "0fc477287c154136abc1e2f3c82fb7f9" member_type: VOTER last_known_addr { host: "c3-kudu-tst-st04.bj" port: 18700 } }
I1031 23:04:08.348572 27556 leader_election.cc:216] T 6f911a94e20d47aa9efaf9ffe3914c3b P 23f962e4a1744381ad5fa0d2d8b10241 [CANDIDATE]: Term 1 pre-election: Requesting pre-vote from peer 0a8bbcbbb5a6459aa5258464755db3bb
I1031 23:04:08.348598 27556 leader_election.cc:216] T 6f911a94e20d47aa9efaf9ffe3914c3b P 23f962e4a1744381ad5fa0d2d8b10241 [CANDIDATE]: Term 1 pre-election: Requesting pre-vote from peer 0fc477287c154136abc1e2f3c82fb7f9
W1031 23:04:08.348810 32773 leader_election.cc:278] T 6f911a94e20d47aa9efaf9ffe3914c3b P 23f962e4a1744381ad5fa0d2d8b10241 [CANDIDATE]: Term 1 pre-election: Tablet error from VoteRequest() call to peer 0a8bbcbbb5a6459aa5258464755db3bb: Illegal state: Tablet not RUNNING: NOT_STARTED
W1031 23:04:08.348959 32771 leader_election.cc:278] T 6f911a94e20d47aa9efaf9ffe3914c3b P 23f962e4a1744381ad5fa0d2d8b10241 [CANDIDATE]: Term 1 pre-election: Tablet error from VoteRequest() call to peer 0fc477287c154136abc1e2f3c82fb7f9: Illegal state: Tablet not RUNNING: NOT_STARTED
I1031 23:04:08.348981 32771 leader_election.cc:243] T 6f911a94e20d47aa9efaf9ffe3914c3b P 23f962e4a1744381ad5fa0d2d8b10241 [CANDIDATE]: Term 1 pre-election: Election decided. Result: candidate lost.
I1031 23:04:08.349375 27698 raft_consensus.cc:2162] T 6f911a94e20d47aa9efaf9ffe3914c3b P 23f962e4a1744381ad5fa0d2d8b10241 [term 0 FOLLOWER]: Snoozing failure detection for election timeout plus an additional 9.718s
I1031 23:04:08.349395 27698 raft_consensus.cc:1908] T 6f911a94e20d47aa9efaf9ffe3914c3b P 23f962e4a1744381ad5fa0d2d8b10241 [term 0 FOLLOWER]: Leader pre-election lost for term 1. Reason: could not achieve majority
W1031 23:04:08.413138 32773 consensus_peers.cc:357] T 9967925d5dbd49eaadc0a1a58e7e2089 P 23f962e4a1744381ad5fa0d2d8b10241 -> Peer 0a8bbcbbb5a6459aa5258464755db3bb (c3-kudu-tst-st02.bj:18700): Couldn't send request to peer 0a8bbcbbb5a6459aa5258464755db3bb for tablet 9967925d5dbd49eaadc0a1a58e7e2089. Error code: TABLET_NOT_RUNNING (12). Status: Illegal state: Tablet not RUNNING: NOT_STARTED. Retrying in the next heartbeat period. Already tried 31 times.
W1031 23:04:08.913249 32773 consensus_peers.cc:357] T 9967925d5dbd49eaadc0a1a58e7e2089 P 23f962e4a1744381ad5fa0d2d8b10241 -> Peer 0a8bbcbbb5a6459aa5258464755db3bb (c3-kudu-tst-st02.bj:18700): Couldn't send request to peer 0a8bbcbbb5a6459aa5258464755db3bb for tablet 9967925d5dbd49eaadc0a1a58e7e2089. Error code: TABLET_NOT_RUNNING (12). Status: Illegal state: Tablet not RUNNING: NOT_STARTED. Retrying in the next heartbeat period. Already tried 32 times.
W1031 23:04:09.413368 32773 consensus_peers.cc:357] T 9967925d5dbd49eaadc0a1a58e7e2089 P 23f962e4a1744381ad5fa0d2d8b10241 -> Peer 0a8bbcbbb5a6459aa5258464755db3bb (c3-kudu-tst-st02.bj:18700): Couldn't send request to peer 0a8bbcbbb5a6459aa5258464755db3bb for tablet 9967925d5dbd49eaadc0a1a58e7e2089. Error code: TABLET_NOT_RUNNING (12). Status: Illegal state: Tablet not RUNNING: NOT_STARTED. Retrying in the next heartbeat period. Already tried 33 times.
W1031 23:04:09.913437 32773 consensus_peers.cc:357] T 9967925d5dbd49eaadc0a1a58e7e2089 P 23f962e4a1744381ad5fa0d2d8b10241 -> Peer 0a8bbcbbb5a6459aa5258464755db3bb (c3-kudu-tst-st02.bj:18700): Couldn't send request to peer 0a8bbcbbb5a6459aa5258464755db3bb for tablet 9967925d5dbd49eaadc0a1a58e7e2089. Error code: TABLET_NOT_RUNNING (12). Status: Illegal state: Tablet not RUNNING: NOT_STARTED. Retrying in the next heartbeat period. Already tried 34 times.
W1031 23:04:10.413415 32773 consensus_peers.cc:357] T 9967925d5dbd49eaadc0a1a58e7e2089 P 23f962e4a1744381ad5fa0d2d8b10241 -> Peer 0a8bbcbbb5a6459aa5258464755db3bb (c3-kudu-tst-st02.bj:18700): Couldn't send request to peer 0a8bbcbbb5a6459aa5258464755db3bb for tablet 9967925d5dbd49eaadc0a1a58e7e2089. Error code: TABLET_NOT_RUNNING (12). Status: Illegal state: Tablet not RUNNING: NOT_STARTED. Retrying in the next heartbeat period. Already tried 35 times.
W1031 23:04:10.913589 32773 consensus_peers.cc:357] T 9967925d5dbd49eaadc0a1a58e7e2089 P 23f962e4a1744381ad5fa0d2d8b10241 -> Peer 0a8bbcbbb5a6459aa5258464755db3bb (c3-kudu-tst-st02.bj:18700): Couldn't send request to peer 0a8bbcbbb5a6459aa5258464755db3bb for tablet 9967925d5dbd49eaadc0a1a58e7e2089. Error code: TABLET_NOT_RUNNING (12). Status: Illegal state: Tablet not RUNNING: NOT_STARTED. Retrying in the next heartbeat period. Already tried 36 times.
W1031 23:04:11.413669 32773 consensus_peers.cc:357] T 9967925d5dbd49eaadc0a1a58e7e2089 P 23f962e4a1744381ad5fa0d2d8b10241 -> Peer 0a8bbcbbb5a6459aa5258464755db3bb (c3-kudu-tst-st02.bj:18700): Couldn't send request to peer 0a8bbcbbb5a6459aa5258464755db3bb for tablet 9967925d5dbd49eaadc0a1a58e7e2089. Error code: TABLET_NOT_RUNNING (12). Status: Illegal state: Tablet not RUNNING: NOT_STARTED. Retrying in the next heartbeat period. Already tried 37 times.
W1031 23:04:11.913717 32773 consensus_peers.cc:357] T 9967925d5dbd49eaadc0a1a58e7e2089 P 23f962e4a1744381ad5fa0d2d8b10241 -> Peer 0a8bbcbbb5a6459aa5258464755db3bb (c3-kudu-tst-st02.bj:18700): Couldn't send request to peer 0a8bbcbbb5a6459aa5258464755db3bb for tablet 9967925d5dbd49eaadc0a1a58e7e2089. Error code: TABLET_NOT_RUNNING (12). Status: Illegal state: Tablet not RUNNING: NOT_STARTED. Retrying in the next heartbeat period. Already tried 38 times.
W1031 23:04:12.284577 30391 log.cc:565] Time spent T 3a949c88a8864d509b058fddddebc6d2 P 23f962e4a1744381ad5fa0d2d8b10241: Append to log took a long time: real 0.060s user 0.000s sys 0.000s
W1031 23:04:12.284633 30386 log.cc:565] Time spent T 3123639d9835456b9f5dab3f7dd7ebd9 P 23f962e4a1744381ad5fa0d2d8b10241: Append to log took a long time: real 0.060s user 0.000s sys 0.000s
W1031 23:04:12.413790 32773 consensus_peers.cc:357] T 9967925d5dbd49eaadc0a1a58e7e2089 P 23f962e4a1744381ad5fa0d2d8b10241 -> Peer 0a8bbcbbb5a6459aa5258464755db3bb (c3-kudu-tst-st02.bj:18700): Couldn't send request to peer 0a8bbcbbb5a6459aa5258464755db3bb for tablet 9967925d5dbd49eaadc0a1a58e7e2089. Error code: TABLET_NOT_RUNNING (12). Status: Illegal state: Tablet not RUNNING: NOT_STARTED. Retrying in the next heartbeat period. Already tried 39 times.
I1031 23:04:12.479156 31124 raft_consensus.cc:411] T 0cbdac8627e144b4a2e5f080abda7766 P 23f962e4a1744381ad5fa0d2d8b10241 [term 0 FOLLOWER]: Starting pre-election (no leader contacted us within the election timeout)
I1031 23:04:12.479205 31124 raft_consensus.cc:2162] T 0cbdac8627e144b4a2e5f080abda7766 P 23f962e4a1744381ad5fa0d2d8b10241 [term 0 FOLLOWER]: Snoozing failure detection for election timeout plus an additional 2.606s
I1031 23:04:12.479256 31124 raft_consensus.cc:435] T 0cbdac8627e144b4a2e5f080abda7766 P 23f962e4a1744381ad5fa0d2d8b10241 [term 0 FOLLOWER]: Starting pre-election with config: opid_index: -1 OBSOLETE_local: false peers { permanent_uuid: "193181be29284287b25df2ee92938f0b" member_type: VOTER last_known_addr { host: "c3-kudu-tst-st08.bj" port: 18700 } } peers { permanent_uuid: "d3eb30bd1bc34b95902fa61724239553" member_type: VOTER last_known_addr { host: "c3-kudu-tst-st05.bj" port: 18700 } } peers { permanent_uuid: "23f962e4a1744381ad5fa0d2d8b10241" member_type: VOTER last_known_addr { host: "c3-kudu-tst-st07.bj" port: 18700 } }
I1031 23:04:12.479815 31124 leader_election.cc:216] T 0cbdac8627e144b4a2e5f080abda7766 P 23f962e4a1744381ad5fa0d2d8b10241 [CANDIDATE]: Term 1 pre-election: Requesting pre-vote from peer 193181be29284287b25df2ee92938f0b
I1031 23:04:12.479837 31124 leader_election.cc:216] T 0cbdac8627e144b4a2e5f080abda7766 P 23f962e4a1744381ad5fa0d2d8b10241 [CANDIDATE]: Term 1 pre-election: Requesting pre-vote from peer d3eb30bd1bc34b95902fa61724239553
W1031 23:04:12.480096 32772 leader_election.cc:278] T 0cbdac8627e144b4a2e5f080abda7766 P 23f962e4a1744381ad5fa0d2d8b10241 [CANDIDATE]: Term 1 pre-election: Tablet error from VoteRequest() call to peer 193181be29284287b25df2ee92938f0b: Not found: Tablet not found
W1031 23:04:12.480135 32772 leader_election.cc:278] T 0cbdac8627e144b4a2e5f080abda7766 P 23f962e4a1744381ad5fa0d2d8b10241 [CANDIDATE]: Term 1 pre-election: Tablet error from VoteRequest() call to peer d3eb30bd1bc34b95902fa61724239553: Not found: Tablet not found
I1031 23:04:12.480146 32772 leader_election.cc:243] T 0cbdac8627e144b4a2e5f080abda7766 P 23f962e4a1744381ad5fa0d2d8b10241 [CANDIDATE]: Term 1 pre-election: Election decided. Result: candidate lost.
I1031 23:04:12.480723 27709 raft_consensus.cc:2162] T 0cbdac8627e144b4a2e5f080abda7766 P 23f962e4a1744381ad5fa0d2d8b10241 [term 0 FOLLOWER]: Snoozing failure detection for election timeout plus an additional 16.455s
I1031 23:04:12.480758 27709 raft_consensus.cc:1908] T 0cbdac8627e144b4a2e5f080abda7766 P 23f962e4a1744381ad5fa0d2d8b10241 [term 0 FOLLOWER]: Leader pre-election lost for term 1. Reason: could not achieve majority
W1031 23:04:12.913955 32773 consensus_peers.cc:357] T 9967925d5dbd49eaadc0a1a58e7e2089 P 23f962e4a1744381ad5fa0d2d8b10241 -> Peer 0a8bbcbbb5a6459aa5258464755db3bb (c3-kudu-tst-st02.bj:18700): Couldn't send request to peer 0a8bbcbbb5a6459aa5258464755db3bb for tablet 9967925d5dbd49eaadc0a1a58e7e2089. Error code: TABLET_NOT_RUNNING (12). Status: Illegal state: Tablet not RUNNING: NOT_STARTED. Retrying in the next heartbeat period. Already tried 40 times.
I1031 23:04:13.270800 27541 raft_consensus.cc:411] T 69b4b5f037014f10bfab077f3f98ca49 P 23f962e4a1744381ad5fa0d2d8b10241 [term 0 FOLLOWER]: Starting pre-election (no leader contacted us within the election timeout)
I1031 23:04:13.270848 27541 raft_consensus.cc:2162] T 69b4b5f037014f10bfab077f3f98ca49 P 23f962e4a1744381ad5fa0d2d8b10241 [term 0 FOLLOWER]: Snoozing failure detection for election timeout plus an additional 1.628s
I1031 23:04:13.270900 27541 raft_consensus.cc:435] T 69b4b5f037014f10bfab077f3f98ca49 P 23f962e4a1744381ad5fa0d2d8b10241 [term 0 FOLLOWER]: Starting pre-election with config: opid_index: -1 OBSOLETE_local: false peers { permanent_uuid: "23f962e4a1744381ad5fa0d2d8b10241" member_type: VOTER last_known_addr { host: "c3-kudu-tst-st07.bj" port: 18700 } } peers { permanent_uuid: "0a8bbcbbb5a6459aa5258464755db3bb" member_type: VOTER last_known_addr { host: "c3-kudu-tst-st02.bj" port: 18700 } } peers { permanent_uuid: "625f49b9554549e6a5c3a92b76e576cf" member_type: VOTER last_known_addr { host: "c3-kudu-tst-st10.bj" port: 18700 } }
I1031 23:04:13.271397 27541 leader_election.cc:216] T 69b4b5f037014f10bfab077f3f98ca49 P 23f962e4a1744381ad5fa0d2d8b10241 [CANDIDATE]: Term 1 pre-election: Requesting pre-vote from peer 0a8bbcbbb5a6459aa5258464755db3bb
I1031 23:04:13.271440 27541 leader_election.cc:216] T 69b4b5f037014f10bfab077f3f98ca49 P 23f962e4a1744381ad5fa0d2d8b10241 [CANDIDATE]: Term 1 pre-election: Requesting pre-vote from peer 625f49b9554549e6a5c3a92b76e576cf
W1031 23:04:13.271798 32771 leader_election.cc:278] T 69b4b5f037014f10bfab077f3f98ca49 P 23f962e4a1744381ad5fa0d2d8b10241 [CANDIDATE]: Term 1 pre-election: Tablet error from VoteRequest() call to peer 625f49b9554549e6a5c3a92b76e576cf: Illegal state: Tablet not RUNNING: NOT_STARTED
W1031 23:04:13.271842 32773 leader_election.cc:278] T 69b4b5f037014f10bfab077f3f98ca49 P 23f962e4a1744381ad5fa0d2d8b10241 [CANDIDATE]: Term 1 pre-election: Tablet error from VoteRequest() call to peer 0a8bbcbbb5a6459aa5258464755db3bb: Illegal state: Tablet not RUNNING: NOT_STARTED
I1031 23:04:13.271869 32773 leader_election.cc:243] T 69b4b5f037014f10bfab077f3f98ca49 P 23f962e4a1744381ad5fa0d2d8b10241 [CANDIDATE]: Term 1 pre-election: Election decided. Result: candidate lost.
I1031 23:04:13.272007 27713 raft_consensus.cc:2162] T 69b4b5f037014f10bfab077f3f98ca49 P 23f962e4a1744381ad5fa0d2d8b10241 [term 0 FOLLOWER]: Snoozing failure detection for election timeout plus an additional 10.852s
I1031 23:04:13.272034 27713 raft_consensus.cc:1908] T 69b4b5f037014f10bfab077f3f98ca49 P 23f962e4a1744381ad5fa0d2d8b10241 [term 0 FOLLOWER]: Leader pre-election lost for term 1. Reason: could not achieve majority
W1031 23:04:13.414068 32773 consensus_peers.cc:357] T 9967925d5dbd49eaadc0a1a58e7e2089 P 23f962e4a1744381ad5fa0d2d8b10241 -> Peer 0a8bbcbbb5a6459aa5258464755db3bb (c3-kudu-tst-st02.bj:18700): Couldn't send request to peer 0a8bbcbbb5a6459aa5258464755db3bb for tablet 9967925d5dbd49eaadc0a1a58e7e2089. Error code: TABLET_NOT_RUNNING (12). Status: Illegal state: Tablet not RUNNING: NOT_STARTED. Retrying in the next heartbeat period. Already tried 41 times.
I1031 23:04:13.733753 37675 raft_consensus.cc:411] T ba08e192cf754b30acaccc0ced6d0c1c P 23f962e4a1744381ad5fa0d2d8b10241 [term 0 FOLLOWER]: Starting pre-election (no leader contacted us within the election timeout)
I1031 23:04:13.733791 37675 raft_consensus.cc:2162] T ba08e192cf754b30acaccc0ced6d0c1c P 23f962e4a1744381ad5fa0d2d8b10241 [term 0 FOLLOWER]: Snoozing failure detection for election timeout plus an additional 7.963s
I1031 23:04:13.733829 37675 raft_consensus.cc:435] T ba08e192cf754b30acaccc0ced6d0c1c P 23f962e4a1744381ad5fa0d2d8b10241 [term 0 FOLLOWER]: Starting pre-election with config: opid_index: -1 OBSOLETE_local: false peers { permanent_uuid: "0a8bbcbbb5a6459aa5258464755db3bb" member_type: VOTER last_known_addr { host: "c3-kudu-tst-st02.bj" port: 18700 } } peers { permanent_uuid: "23f962e4a1744381ad5fa0d2d8b10241" member_type: VOTER last_known_addr { host: "c3-kudu-tst-st07.bj" port: 18700 } } peers { permanent_uuid: "044f1da9a27c46acb82b1386f829f4dc" member_type: VOTER last_known_addr { host: "c3-kudu-tst-st03.bj" port: 18700 } }
I1031 23:04:13.734259 37675 leader_election.cc:216] T ba08e192cf754b30acaccc0ced6d0c1c P 23f962e4a1744381ad5fa0d2d8b10241 [CANDIDATE]: Term 1 pre-election: Requesting pre-vote from peer 0a8bbcbbb5a6459aa5258464755db3bb
I1031 23:04:13.734295 37675 leader_election.cc:216] T ba08e192cf754b30acaccc0ced6d0c1c P 23f962e4a1744381ad5fa0d2d8b10241 [CANDIDATE]: Term 1 pre-election: Requesting pre-vote from peer 044f1da9a27c46acb82b1386f829f4dc
W1031 23:04:13.734460 32773 leader_election.cc:278] T ba08e192cf754b30acaccc0ced6d0c1c P 23f962e4a1744381ad5fa0d2d8b10241 [CANDIDATE]: Term 1 pre-election: Tablet error from VoteRequest() call to peer 0a8bbcbbb5a6459aa5258464755db3bb: Not found: Tablet not found
W1031 23:04:13.734505 32773 leader_election.cc:278] T ba08e192cf754b30acaccc0ced6d0c1c P 23f962e4a1744381ad5fa0d2d8b10241 [CANDIDATE]: Term 1 pre-election: Tablet error from VoteRequest() call to peer 044f1da9a27c46acb82b1386f829f4dc: Not found: Tablet not found
I1031 23:04:13.734524 32773 leader_election.cc:243] T ba08e192cf754b30acaccc0ced6d0c1c P 23f962e4a1744381ad5fa0d2d8b10241 [CANDIDATE]: Term 1 pre-election: Election decided. Result: candidate lost.
I1031 23:04:13.734647 27717 raft_consensus.cc:2162] T ba08e192cf754b30acaccc0ced6d0c1c P 23f962e4a1744381ad5fa0d2d8b10241 [term 0 FOLLOWER]: Snoozing failure detection for election timeout plus an additional 19.418s
I1031 23:04:13.734668 27717 raft_consensus.cc:1908] T ba08e192cf754b30acaccc0ced6d0c1c P 23f962e4a1744381ad5fa0d2d8b10241 [term 0 FOLLOWER]: Leader pre-election lost for term 1. Reason: could not achieve majority
W1031 23:04:13.914124 32773 consensus_peers.cc:357] T 9967925d5dbd49eaadc0a1a58e7e2089 P 23f962e4a1744381ad5fa0d2d8b10241 -> Peer 0a8bbcbbb5a6459aa5258464755db3bb (c3-kudu-tst-st02.bj:18700): Couldn't send request to peer 0a8bbcbbb5a6459aa5258464755db3bb for tablet 9967925d5dbd49eaadc0a1a58e7e2089. Error code: TABLET_NOT_RUNNING (12). Status: Illegal state: Tablet not RUNNING: NOT_STARTED. Retrying in the next heartbeat period. Already tried 42 times.
W1031 23:04:14.414198 32773 consensus_peers.cc:357] T 9967925d5dbd49eaadc0a1a58e7e2089 P 23f962e4a1744381ad5fa0d2d8b10241 -> Peer 0a8bbcbbb5a6459aa5258464755db3bb (c3-kudu-tst-st02.bj:18700): Couldn't send request to peer 0a8bbcbbb5a6459aa5258464755db3bb for tablet 9967925d5dbd49eaadc0a1a58e7e2089. Error code: TABLET_NOT_RUNNING (12). Status: Illegal state: Tablet not RUNNING: NOT_STARTED. Retrying in the next heartbeat period. Already tried 43 times.
W1031 23:04:14.914312 32773 consensus_peers.cc:357] T 9967925d5dbd49eaadc0a1a58e7e2089 P 23f962e4a1744381ad5fa0d2d8b10241 -> Peer 0a8bbcbbb5a6459aa5258464755db3bb (c3-kudu-tst-st02.bj:18700): Couldn't send request to peer 0a8bbcbbb5a6459aa5258464755db3bb for tablet 9967925d5dbd49eaadc0a1a58e7e2089. Error code: TABLET_NOT_RUNNING (12). Status: Illegal state: Tablet not RUNNING: NOT_STARTED. Retrying in the next heartbeat period. Already tried 44 times.
W1031 23:04:15.414361 32773 consensus_peers.cc:357] T 9967925d5dbd49eaadc0a1a58e7e2089 P 23f962e4a1744381ad5fa0d2d8b10241 -> Peer 0a8bbcbbb5a6459aa5258464755db3bb (c3-kudu-tst-st02.bj:18700): Couldn't send request to peer 0a8bbcbbb5a6459aa5258464755db3bb for tablet 9967925d5dbd49eaadc0a1a58e7e2089. Error code: TABLET_NOT_RUNNING (12). Status: Illegal state: Tablet not RUNNING: NOT_STARTED. Retrying in the next heartbeat period. Already tried 45 times.
I1031 23:04:15.465147 37685 raft_consensus.cc:411] T a56a9d551d3746e59739adec9d8125ea P 23f962e4a1744381ad5fa0d2d8b10241 [term 0 FOLLOWER]: Starting pre-election (no leader contacted us within the election timeout)
I1031 23:04:15.465206 37685 raft_consensus.cc:2162] T a56a9d551d3746e59739adec9d8125ea P 23f962e4a1744381ad5fa0d2d8b10241 [term 0 FOLLOWER]: Snoozing failure detection for election timeout plus an additional 1.914s
I1031 23:04:15.465272 37685 raft_consensus.cc:435] T a56a9d551d3746e59739adec9d8125ea P 23f962e4a1744381ad5fa0d2d8b10241 [term 0 FOLLOWER]: Starting pre-election with config: opid_index: -1 OBSOLETE_local: false peers { permanent_uuid: "193181be29284287b25df2ee92938f0b" member_type: VOTER last_known_addr { host: "c3-kudu-tst-st08.bj" port: 18700 } } peers { permanent_uuid: "23f962e4a1744381ad5fa0d2d8b10241" member_type: VOTER last_known_addr { host: "c3-kudu-tst-st07.bj" port: 18700 } } peers { permanent_uuid: "044f1da9a27c46acb82b1386f829f4dc" member_type: VOTER last_known_addr { host: "c3-kudu-tst-st03.bj" port: 18700 } }
I1031 23:04:15.466359 37685 leader_election.cc:216] T a56a9d551d3746e59739adec9d8125ea P 23f962e4a1744381ad5fa0d2d8b10241 [CANDIDATE]: Term 1 pre-election: Requesting pre-vote from peer 193181be29284287b25df2ee92938f0b
I1031 23:04:15.466388 37685 leader_election.cc:216] T a56a9d551d3746e59739adec9d8125ea P 23f962e4a1744381ad5fa0d2d8b10241 [CANDIDATE]: Term 1 pre-election: Requesting pre-vote from peer 044f1da9a27c46acb82b1386f829f4dc
W1031 23:04:15.466653 32773 leader_election.cc:278] T a56a9d551d3746e59739adec9d8125ea P 23f962e4a1744381ad5fa0d2d8b10241 [CANDIDATE]: Term 1 pre-election: Tablet error from VoteRequest() call to peer 044f1da9a27c46acb82b1386f829f4dc: Not found: Tablet not found
W1031 23:04:15.466686 32772 leader_election.cc:278] T a56a9d551d3746e59739adec9d8125ea P 23f962e4a1744381ad5fa0d2d8b10241 [CANDIDATE]: Term 1 pre-election: Tablet error from VoteRequest() call to peer 193181be29284287b25df2ee92938f0b: Not found: Tablet not found
I1031 23:04:15.466706 32772 leader_election.cc:243] T a56a9d551d3746e59739adec9d8125ea P 23f962e4a1744381ad5fa0d2d8b10241 [CANDIDATE]: Term 1 pre-election: Election decided. Result: candidate lost.
I1031 23:04:15.466899 27731 raft_consensus.cc:2162] T a56a9d551d3746e59739adec9d8125ea P 23f962e4a1744381ad5fa0d2d8b10241 [term 0 FOLLOWER]: Snoozing failure detection for election timeout plus an additional 17.620s
I1031 23:04:15.466934 27731 raft_consensus.cc:1908] T a56a9d551d3746e59739adec9d8125ea P 23f962e4a1744381ad5fa0d2d8b10241 [term 0 FOLLOWER]: Leader pre-election lost for term 1. Reason: could not achieve majority
W1031 23:04:15.914417 32773 consensus_peers.cc:357] T 9967925d5dbd49eaadc0a1a58e7e2089 P 23f962e4a1744381ad5fa0d2d8b10241 -> Peer 0a8bbcbbb5a6459aa5258464755db3bb (c3-kudu-tst-st02.bj:18700): Couldn't send request to peer 0a8bbcbbb5a6459aa5258464755db3bb for tablet 9967925d5dbd49eaadc0a1a58e7e2089. Error code: TABLET_NOT_RUNNING (12). Status: Illegal state: Tablet not RUNNING: NOT_STARTED. Retrying in the next heartbeat period. Already tried 46 times.
W1031 23:04:16.414454 32773 consensus_peers.cc:357] T 9967925d5dbd49eaadc0a1a58e7e2089 P 23f962e4a1744381ad5fa0d2d8b10241 -> Peer 0a8bbcbbb5a6459aa5258464755db3bb (c3-kudu-tst-st02.bj:18700): Couldn't send request to peer 0a8bbcbbb5a6459aa5258464755db3bb for tablet 9967925d5dbd49eaadc0a1a58e7e2089. Error code: TABLET_NOT_RUNNING (12). Status: Illegal state: Tablet not RUNNING: NOT_STARTED. Retrying in the next heartbeat period. Already tried 47 times.
W1031 23:04:16.914595 32773 consensus_peers.cc:357] T 9967925d5dbd49eaadc0a1a58e7e2089 P 23f962e4a1744381ad5fa0d2d8b10241 -> Peer 0a8bbcbbb5a6459aa5258464755db3bb (c3-kudu-tst-st02.bj:18700): Couldn't send request to peer 0a8bbcbbb5a6459aa5258464755db3bb for tablet 9967925d5dbd49eaadc0a1a58e7e2089. Error code: TABLET_NOT_RUNNING (12). Status: Illegal state: Tablet not RUNNING: NOT_STARTED. Retrying in the next heartbeat period. Already tried 48 times.
W1031 23:04:17.414837 32773 consensus_peers.cc:357] T 9967925d5dbd49eaadc0a1a58e7e2089 P 23f962e4a1744381ad5fa0d2d8b10241 -> Peer 0a8bbcbbb5a6459aa5258464755db3bb (c3-kudu-tst-st02.bj:18700): Couldn't send request to peer 0a8bbcbbb5a6459aa5258464755db3bb for tablet 9967925d5dbd49eaadc0a1a58e7e2089. Error code: TABLET_NOT_RUNNING (12). Status: Illegal state: Tablet not RUNNING: NOT_STARTED. Retrying in the next heartbeat period. Already tried 49 times.
I1031 23:04:17.572558 37655 raft_consensus.cc:411] T bade583b5fea4f3781e889af8cd881ed P 23f962e4a1744381ad5fa0d2d8b10241 [term 0 FOLLOWER]: Starting pre-election (no leader contacted us within the election timeout)
I1031 23:04:17.572609 37655 raft_consensus.cc:2162] T bade583b5fea4f3781e889af8cd881ed P 23f962e4a1744381ad5fa0d2d8b10241 [term 0 FOLLOWER]: Snoozing failure detection for election timeout plus an additional 17.343s
I1031 23:04:17.572666 37655 raft_consensus.cc:435] T bade583b5fea4f3781e889af8cd881ed P 23f962e4a1744381ad5fa0d2d8b10241 [term 0 FOLLOWER]: Starting pre-election with config: opid_index: -1 OBSOLETE_local: false peers { permanent_uuid: "23f962e4a1744381ad5fa0d2d8b10241" member_type: VOTER last_known_addr { host: "c3-kudu-tst-st07.bj" port: 18700 } } peers { permanent_uuid: "daba39963d4346e1816089fd3a5442b5" member_type: VOTER last_known_addr { host: "c3-kudu-tst-st09.bj" port: 18700 } } peers { permanent_uuid: "193181be29284287b25df2ee92938f0b" member_type: VOTER last_known_addr { host: "c3-kudu-tst-st08.bj" port: 18700 } }
I1031 23:04:17.573164 37655 leader_election.cc:216] T bade583b5fea4f3781e889af8cd881ed P 23f962e4a1744381ad5fa0d2d8b10241 [CANDIDATE]: Term 1 pre-election: Requesting pre-vote from peer daba39963d4346e1816089fd3a5442b5
I1031 23:04:17.573196 37655 leader_election.cc:216] T bade583b5fea4f3781e889af8cd881ed P 23f962e4a1744381ad5fa0d2d8b10241 [CANDIDATE]: Term 1 pre-election: Requesting pre-vote from peer 193181be29284287b25df2ee92938f0b
W1031 23:04:17.573412 32770 leader_election.cc:278] T bade583b5fea4f3781e889af8cd881ed P 23f962e4a1744381ad5fa0d2d8b10241 [CANDIDATE]: Term 1 pre-election: Tablet error from VoteRequest() call to peer daba39963d4346e1816089fd3a5442b5: Not found: Tablet not found
W1031 23:04:17.573444 32772 leader_election.cc:278] T bade583b5fea4f3781e889af8cd881ed P 23f962e4a1744381ad5fa0d2d8b10241 [CANDIDATE]: Term 1 pre-election: Tablet error from VoteRequest() call to peer 193181be29284287b25df2ee92938f0b: Not found: Tablet not found
I1031 23:04:17.573472 32772 leader_election.cc:243] T bade583b5fea4f3781e889af8cd881ed P 23f962e4a1744381ad5fa0d2d8b10241 [CANDIDATE]: Term 1 pre-election: Election decided. Result: candidate lost.
I1031 23:04:17.573984 27749 raft_consensus.cc:2162] T bade583b5fea4f3781e889af8cd881ed P 23f962e4a1744381ad5fa0d2d8b10241 [term 0 FOLLOWER]: Snoozing failure detection for election timeout plus an additional 6.372s
I1031 23:04:17.574015 27749 raft_consensus.cc:1908] T bade583b5fea4f3781e889af8cd881ed P 23f962e4a1744381ad5fa0d2d8b10241 [term 0 FOLLOWER]: Leader pre-election lost for term 1. Reason: could not achieve majority
W1031 23:04:17.914710 32773 consensus_peers.cc:357] T 9967925d5dbd49eaadc0a1a58e7e2089 P 23f962e4a1744381ad5fa0d2d8b10241 -> Peer 0a8bbcbbb5a6459aa5258464755db3bb (c3-kudu-tst-st02.bj:18700): Couldn't send request to peer 0a8bbcbbb5a6459aa5258464755db3bb for tablet 9967925d5dbd49eaadc0a1a58e7e2089. Error code: TABLET_NOT_RUNNING (12). Status: Illegal state: Tablet not RUNNING: NOT_STARTED. Retrying in the next heartbeat period. Already tried 50 times.
W1031 23:04:18.414916 32773 consensus_peers.cc:357] T 9967925d5dbd49eaadc0a1a58e7e2089 P 23f962e4a1744381ad5fa0d2d8b10241 -> Peer 0a8bbcbbb5a6459aa5258464755db3bb (c3-kudu-tst-st02.bj:18700): Couldn't send request to peer 0a8bbcbbb5a6459aa5258464755db3bb for tablet 9967925d5dbd49eaadc0a1a58e7e2089. Error code: TABLET_NOT_RUNNING (12). Status: Illegal state: Tablet not RUNNING: NOT_STARTED. Retrying in the next heartbeat period. Already tried 51 times.
W1031 23:04:18.914984 32773 consensus_peers.cc:357] T 9967925d5dbd49eaadc0a1a58e7e2089 P 23f962e4a1744381ad5fa0d2d8b10241 -> Peer 0a8bbcbbb5a6459aa5258464755db3bb (c3-kudu-tst-st02.bj:18700): Couldn't send request to peer 0a8bbcbbb5a6459aa5258464755db3bb for tablet 9967925d5dbd49eaadc0a1a58e7e2089. Error code: TABLET_NOT_RUNNING (12). Status: Illegal state: Tablet not RUNNING: NOT_STARTED. Retrying in the next heartbeat period. Already tried 52 times.
W1031 23:04:19.415068 32773 consensus_peers.cc:357] T 9967925d5dbd49eaadc0a1a58e7e2089 P 23f962e4a1744381ad5fa0d2d8b10241 -> Peer 0a8bbcbbb5a6459aa5258464755db3bb (c3-kudu-tst-st02.bj:18700): Couldn't send request to peer 0a8bbcbbb5a6459aa5258464755db3bb for tablet 9967925d5dbd49eaadc0a1a58e7e2089. Error code: TABLET_NOT_RUNNING (12). Status: Illegal state: Tablet not RUNNING: NOT_STARTED. Retrying in the next heartbeat period. Already tried 53 times.
I1031 23:04:19.809341 27556 raft_consensus.cc:411] T 6f911a94e20d47aa9efaf9ffe3914c3b P 23f962e4a1744381ad5fa0d2d8b10241 [term 0 FOLLOWER]: Starting pre-election (no leader contacted us within the election timeout)
I1031 23:04:19.809381 27556 raft_consensus.cc:2162] T 6f911a94e20d47aa9efaf9ffe3914c3b P 23f962e4a1744381ad5fa0d2d8b10241 [term 0 FOLLOWER]: Snoozing failure detection for election timeout plus an additional 15.881s
I1031 23:04:19.809437 27556 raft_consensus.cc:435] T 6f911a94e20d47aa9efaf9ffe3914c3b P 23f962e4a1744381ad5fa0d2d8b10241 [term 0 FOLLOWER]: Starting pre-election with config: opid_index: -1 OBSOLETE_local: false peers { permanent_uuid: "0a8bbcbbb5a6459aa5258464755db3bb" member_type: VOTER last_known_addr { host: "c3-kudu-tst-st02.bj" port: 18700 } } peers { permanent_uuid: "23f962e4a1744381ad5fa0d2d8b10241" member_type: VOTER last_known_addr { host: "c3-kudu-tst-st07.bj" port: 18700 } } peers { permanent_uuid: "0fc477287c154136abc1e2f3c82fb7f9" member_type: VOTER last_known_addr { host: "c3-kudu-tst-st04.bj" port: 18700 } }
I1031 23:04:19.809998 27556 leader_election.cc:216] T 6f911a94e20d47aa9efaf9ffe3914c3b P 23f962e4a1744381ad5fa0d2d8b10241 [CANDIDATE]: Term 1 pre-election: Requesting pre-vote from peer 0a8bbcbbb5a6459aa5258464755db3bb
I1031 23:04:19.810029 27556 leader_election.cc:216] T 6f911a94e20d47aa9efaf9ffe3914c3b P 23f962e4a1744381ad5fa0d2d8b10241 [CANDIDATE]: Term 1 pre-election: Requesting pre-vote from peer 0fc477287c154136abc1e2f3c82fb7f9
W1031 23:04:19.810220 32773 leader_election.cc:278] T 6f911a94e20d47aa9efaf9ffe3914c3b P 23f962e4a1744381ad5fa0d2d8b10241 [CANDIDATE]: Term 1 pre-election: Tablet error from VoteRequest() call to peer 0a8bbcbbb5a6459aa5258464755db3bb: Illegal state: Tablet not RUNNING: NOT_STARTED
W1031 23:04:19.810366 32771 leader_election.cc:278] T 6f911a94e20d47aa9efaf9ffe3914c3b P 23f962e4a1744381ad5fa0d2d8b10241 [CANDIDATE]: Term 1 pre-election: Tablet error from VoteRequest() call to peer 0fc477287c154136abc1e2f3c82fb7f9: Illegal state: Tablet not RUNNING: NOT_STARTED
I1031 23:04:19.810389 32771 leader_election.cc:243] T 6f911a94e20d47aa9efaf9ffe3914c3b P 23f962e4a1744381ad5fa0d2d8b10241 [CANDIDATE]: Term 1 pre-election: Election decided. Result: candidate lost.
I1031 23:04:19.810570 27774 raft_consensus.cc:2162] T 6f911a94e20d47aa9efaf9ffe3914c3b P 23f962e4a1744381ad5fa0d2d8b10241 [term 0 FOLLOWER]: Snoozing failure detection for election timeout plus an additional 1.594s
I1031 23:04:19.810590 27774 raft_consensus.cc:1908] T 6f911a94e20d47aa9efaf9ffe3914c3b P 23f962e4a1744381ad5fa0d2d8b10241 [term 0 FOLLOWER]: Leader pre-election lost for term 1. Reason: could not achieve majority
W1031 23:04:19.915109 32773 consensus_peers.cc:357] T 9967925d5dbd49eaadc0a1a58e7e2089 P 23f962e4a1744381ad5fa0d2d8b10241 -> Peer 0a8bbcbbb5a6459aa5258464755db3bb (c3-kudu-tst-st02.bj:18700): Couldn't send request to peer 0a8bbcbbb5a6459aa5258464755db3bb for tablet 9967925d5dbd49eaadc0a1a58e7e2089. Error code: TABLET_NOT_RUNNING (12). Status: Illegal state: Tablet not RUNNING: NOT_STARTED. Retrying in the next heartbeat period. Already tried 54 times.
W1031 23:04:20.415321 32773 consensus_peers.cc:357] T 9967925d5dbd49eaadc0a1a58e7e2089 P 23f962e4a1744381ad5fa0d2d8b10241 -> Peer 0a8bbcbbb5a6459aa5258464755db3bb (c3-kudu-tst-st02.bj:18700): Couldn't send request to peer 0a8bbcbbb5a6459aa5258464755db3bb for tablet 9967925d5dbd49eaadc0a1a58e7e2089. Error code: TABLET_NOT_RUNNING (12). Status: Illegal state: Tablet not RUNNING: NOT_STARTED. Retrying in the next heartbeat period. Already tried 55 times.
W1031 23:04:20.915287 32773 consensus_peers.cc:357] T 9967925d5dbd49eaadc0a1a58e7e2089 P 23f962e4a1744381ad5fa0d2d8b10241 -> Peer 0a8bbcbbb5a6459aa5258464755db3bb (c3-kudu-tst-st02.bj:18700): Couldn't send request to peer 0a8bbcbbb5a6459aa5258464755db3bb for tablet 9967925d5dbd49eaadc0a1a58e7e2089. Error code: TABLET_NOT_RUNNING (12). Status: Illegal state: Tablet not RUNNING: NOT_STARTED. Retrying in the next heartbeat period. Already tried 56 times.
W1031 23:04:21.415364 32773 consensus_peers.cc:357] T 9967925d5dbd49eaadc0a1a58e7e2089 P 23f962e4a1744381ad5fa0d2d8b10241 -> Peer 0a8bbcbbb5a6459aa5258464755db3bb (c3-kudu-tst-st02.bj:18700): Couldn't send request to peer 0a8bbcbbb5a6459aa5258464755db3bb for tablet 9967925d5dbd49eaadc0a1a58e7e2089. Error code: TABLET_NOT_RUNNING (12). Status: Illegal state: Tablet not RUNNING: NOT_STARTED. Retrying in the next heartbeat period. Already tried 57 times.
W1031 23:04:21.915501 32773 consensus_peers.cc:357] T 9967925d5dbd49eaadc0a1a58e7e2089 P 23f962e4a1744381ad5fa0d2d8b10241 -> Peer 0a8bbcbbb5a6459aa5258464755db3bb (c3-kudu-tst-st02.bj:18700): Couldn't send request to peer 0a8bbcbbb5a6459aa5258464755db3bb for tablet 9967925d5dbd49eaadc0a1a58e7e2089. Error code: TABLET_NOT_RUNNING (12). Status: Illegal state: Tablet not RUNNING: NOT_STARTED. Retrying in the next heartbeat period. Already tried 58 times.
I1031 23:04:21.975949 32828 raft_consensus.cc:2162] T 6f911a94e20d47aa9efaf9ffe3914c3b P 23f962e4a1744381ad5fa0d2d8b10241 [term 0 FOLLOWER]: Snoozing failure detection for election timeout plus an additional 14.523s
I1031 23:04:21.975970 32828 raft_consensus.cc:1747] T 6f911a94e20d47aa9efaf9ffe3914c3b P 23f962e4a1744381ad5fa0d2d8b10241 [term 0 FOLLOWER]: Leader pre-election vote request: Granting yes vote for candidate 0fc477287c154136abc1e2f3c82fb7f9 in term 0.
I1031 23:04:21.977746 32828 raft_consensus.cc:2206] T 6f911a94e20d47aa9efaf9ffe3914c3b P 23f962e4a1744381ad5fa0d2d8b10241 [term 0 FOLLOWER]: Advancing to term 1
I1031 23:04:21.977780 32828 raft_consensus.cc:2162] T 6f911a94e20d47aa9efaf9ffe3914c3b P 23f962e4a1744381ad5fa0d2d8b10241 [term 1 FOLLOWER]: Snoozing failure detection for election timeout plus an additional 3.007s
I1031 23:04:21.978332 32828 raft_consensus.cc:1747] T 6f911a94e20d47aa9efaf9ffe3914c3b P 23f962e4a1744381ad5fa0d2d8b10241 [term 1 FOLLOWER]: Leader election vote request: Granting yes vote for candidate 0fc477287c154136abc1e2f3c82fb7f9 in term 1.
W1031 23:04:22.419111 32773 consensus_peers.cc:357] T 9967925d5dbd49eaadc0a1a58e7e2089 P 23f962e4a1744381ad5fa0d2d8b10241 -> Peer 0a8bbcbbb5a6459aa5258464755db3bb (c3-kudu-tst-st02.bj:18700): Couldn't send request to peer 0a8bbcbbb5a6459aa5258464755db3bb for tablet 9967925d5dbd49eaadc0a1a58e7e2089. Error code: TABLET_NOT_RUNNING (12). Status: Illegal state: Tablet not RUNNING: NOT_STARTED. Retrying in the next heartbeat period. Already tried 59 times.
I1031 23:04:22.476183 32805 tablet_service.cc:691] Processing DeleteTablet for tablet 5110f0095bd94f67abf0aad906332efe with delete_type TABLET_DATA_DELETED (Replaced by bff7dab34ccd4b42842077e82106f6fb at 2017-10-31 23:04:22 CST) from {username='work'} at 10.108.187.10:62607
I1031 23:04:22.476191 32802 tablet_service.cc:691] Processing DeleteTablet for tablet f49a4f915ac048b096fcb5f4878f436d with delete_type TABLET_DATA_DELETED (Replaced by 56155a2adc24450d89e338cc955bfa18 at 2017-10-31 23:04:22 CST) from {username='work'} at 10.108.187.10:62607
I1031 23:04:22.476259 32805 tablet_service.cc:691] Processing DeleteTablet for tablet f0a40a8745bb4f4abbe8b304ebc7626c with delete_type TABLET_DATA_DELETED (Replaced by 802f72af09384e95acd389f46a1d9c84 at 2017-10-31 23:04:22 CST) from {username='work'} at 10.108.187.10:62607
I1031 23:04:22.476536 32805 tablet_service.cc:691] Processing DeleteTablet for tablet 27f651ff46ca4722b064a85e795dcaa4 with delete_type TABLET_DATA_DELETED (Replaced by 46fc46e028434bc69f467922a9a59101 at 2017-10-31 23:04:22 CST) from {username='work'} at 10.108.187.10:62607
I1031 23:04:22.476552 32802 tablet_service.cc:691] Processing DeleteTablet for tablet 69b4b5f037014f10bfab077f3f98ca49 with delete_type TABLET_DATA_DELETED (Replaced by b758ec3274c84dcbb110cf5aa3dca9aa at 2017-10-31 23:04:22 CST) from {username='work'} at 10.108.187.10:62607
I1031 23:04:22.477280 32802 tablet_service.cc:650] Processing CreateTablet for tablet bff7dab34ccd4b42842077e82106f6fb (table=default.timeout_tst [id=cdcb3e60c1314776843d856365535d49]), partition=HASH (id) PARTITION 0, RANGE (date) PARTITION 20171028 <= VALUES < 20171029
I1031 23:04:22.477449 32805 tablet_service.cc:650] Processing CreateTablet for tablet 46fc46e028434bc69f467922a9a59101 (table=default.timeout_tst [id=cdcb3e60c1314776843d856365535d49]), partition=HASH (id) PARTITION 1, RANGE (date) PARTITION 20171030 <= VALUES < 20171031
I1031 23:04:22.477489 32809 tablet_service.cc:650] Processing CreateTablet for tablet b758ec3274c84dcbb110cf5aa3dca9aa (table=default.timeout_tst [id=cdcb3e60c1314776843d856365535d49]), partition=HASH (id) PARTITION 3, RANGE (date) PARTITION 20171023 <= VALUES < 20171024
I1031 23:04:22.478196 32806 tablet_service.cc:650] Processing CreateTablet for tablet 0ea66c65e2d4445eb9cc83ba7ee1448b (table=default.timeout_tst [id=cdcb3e60c1314776843d856365535d49]), partition=HASH (id) PARTITION 3, RANGE (date) PARTITION 20171028 <= VALUES < 20171029
I1031 23:04:22.478318 32801 tablet_service.cc:650] Processing CreateTablet for tablet 991306ec7acb449c89e5dd29d90e8d55 (table=default.timeout_tst [id=cdcb3e60c1314776843d856365535d49]), partition=HASH (id) PARTITION 4, RANGE (date) PARTITION 20171031 <= VALUES < 20171101
I1031 23:04:22.478318 32814 tablet_service.cc:650] Processing CreateTablet for tablet 4b81a7f36c9a4b24a3294e39fdf19d9d (table=default.timeout_tst [id=cdcb3e60c1314776843d856365535d49]), partition=HASH (id) PARTITION 4, RANGE (date) PARTITION 20171029 <= VALUES < 20171030
I1031 23:04:22.479874 32827 raft_consensus.cc:918] T 6f911a94e20d47aa9efaf9ffe3914c3b P 23f962e4a1744381ad5fa0d2d8b10241 [term 1 FOLLOWER]: Refusing update from remote peer 0fc477287c154136abc1e2f3c82fb7f9: Log matching property violated. Preceding OpId in replica: term: 0 index: 0. Preceding OpId from leader: term: 1 index: 1. (index mismatch)
I1031 23:04:22.510752 32817 tablet_service.cc:691] Processing DeleteTablet for tablet f49a4f915ac048b096fcb5f4878f436d with delete_type TABLET_DATA_DELETED (Replaced by 56155a2adc24450d89e338cc955bfa18 at 2017-10-31 23:04:22 CST) from {username='work'} at 10.108.187.10:62607
I1031 23:04:22.510946 32817 tablet_service.cc:691] Processing DeleteTablet for tablet f0a40a8745bb4f4abbe8b304ebc7626c with delete_type TABLET_DATA_DELETED (Replaced by 802f72af09384e95acd389f46a1d9c84 at 2017-10-31 23:04:22 CST) from {username='work'} at 10.108.187.10:62607
I1031 23:04:22.514456 32817 tablet_service.cc:691] Processing DeleteTablet for tablet 5110f0095bd94f67abf0aad906332efe with delete_type TABLET_DATA_DELETED (Replaced by bff7dab34ccd4b42842077e82106f6fb at 2017-10-31 23:04:22 CST) from {username='work'} at 10.108.187.10:62607
I1031 23:04:22.540370 32817 tablet_service.cc:691] Processing DeleteTablet for tablet 27f651ff46ca4722b064a85e795dcaa4 with delete_type TABLET_DATA_DELETED (Replaced by 46fc46e028434bc69f467922a9a59101 at 2017-10-31 23:04:22 CST) from {username='work'} at 10.108.187.10:62607
I1031 23:04:22.540380 32815 tablet_service.cc:691] Processing DeleteTablet for tablet 69b4b5f037014f10bfab077f3f98ca49 with delete_type TABLET_DATA_DELETED (Replaced by b758ec3274c84dcbb110cf5aa3dca9aa at 2017-10-31 23:04:22 CST) from {username='work'} at 10.108.187.10:62607
I1031 23:04:22.548136 32815 tablet_service.cc:691] Processing DeleteTablet for tablet f49a4f915ac048b096fcb5f4878f436d with delete_type TABLET_DATA_DELETED (Replaced by 56155a2adc24450d89e338cc955bfa18 at 2017-10-31 23:04:22 CST) from {username='work'} at 10.108.187.10:62607
I1031 23:04:22.579180 32815 tablet_service.cc:691] Processing DeleteTablet for tablet 69b4b5f037014f10bfab077f3f98ca49 with delete_type TABLET_DATA_DELETED (Replaced by b758ec3274c84dcbb110cf5aa3dca9aa at 2017-10-31 23:04:22 CST) from {username='work'} at 10.108.187.10:62607
I1031 23:04:22.581734 32815 tablet_service.cc:691] Processing DeleteTablet for tablet 27f651ff46ca4722b064a85e795dcaa4 with delete_type TABLET_DATA_DELETED (Replaced by 46fc46e028434bc69f467922a9a59101 at 2017-10-31 23:04:22 CST) from {username='work'} at 10.108.187.10:62607
I1031 23:04:22.584273 32815 tablet_service.cc:691] Processing DeleteTablet for tablet f0a40a8745bb4f4abbe8b304ebc7626c with delete_type TABLET_DATA_DELETED (Replaced by 802f72af09384e95acd389f46a1d9c84 at 2017-10-31 23:04:22 CST) from {username='work'} at 10.108.187.10:62607
I1031 23:04:22.595646 32815 tablet_service.cc:691] Processing DeleteTablet for tablet 5110f0095bd94f67abf0aad906332efe with delete_type TABLET_DATA_DELETED (Replaced by bff7dab34ccd4b42842077e82106f6fb at 2017-10-31 23:04:22 CST) from {username='work'} at 10.108.187.10:62607
I1031 23:04:22.648411 32815 tablet_service.cc:691] Processing DeleteTablet for tablet 69b4b5f037014f10bfab077f3f98ca49 with delete_type TABLET_DATA_DELETED (Replaced by b758ec3274c84dcbb110cf5aa3dca9aa at 2017-10-31 23:04:22 CST) from {username='work'} at 10.108.187.10:62607
I1031 23:04:22.651866 32815 tablet_service.cc:691] Processing DeleteTablet for tablet f0a40a8745bb4f4abbe8b304ebc7626c with delete_type TABLET_DATA_DELETED (Replaced by 802f72af09384e95acd389f46a1d9c84 at 2017-10-31 23:04:22 CST) from {username='work'} at 10.108.187.10:62607
I1031 23:04:22.654297 32815 tablet_service.cc:691] Processing DeleteTablet for tablet f49a4f915ac048b096fcb5f4878f436d with delete_type TABLET_DATA_DELETED (Replaced by 56155a2adc24450d89e338cc955bfa18 at 2017-10-31 23:04:22 CST) from {username='work'} at 10.108.187.10:62607
I1031 23:04:22.682572 32815 tablet_service.cc:691] Processing DeleteTablet for tablet 27f651ff46ca4722b064a85e795dcaa4 with delete_type TABLET_DATA_DELETED (Replaced by 46fc46e028434bc69f467922a9a59101 at 2017-10-31 23:04:22 CST) from {username='work'} at 10.108.187.10:62607
I1031 23:04:22.704385 32815 tablet_service.cc:691] Processing DeleteTablet for tablet 5110f0095bd94f67abf0aad906332efe with delete_type TABLET_DATA_DELETED (Replaced by bff7dab34ccd4b42842077e82106f6fb at 2017-10-31 23:04:22 CST) from {username='work'} at 10.108.187.10:62607
I1031 23:04:22.716347 32806 ts_tablet_manager.cc:862] T 0ea66c65e2d4445eb9cc83ba7ee1448b P 23f962e4a1744381ad5fa0d2d8b10241: Registered tablet (data state: TABLET_DATA_READY)
I1031 23:04:22.741789 32814 ts_tablet_manager.cc:862] T 4b81a7f36c9a4b24a3294e39fdf19d9d P 23f962e4a1744381ad5fa0d2d8b10241: Registered tablet (data state: TABLET_DATA_READY)
I1031 23:04:22.766932 32801 ts_tablet_manager.cc:862] T 991306ec7acb449c89e5dd29d90e8d55 P 23f962e4a1744381ad5fa0d2d8b10241: Registered tablet (data state: TABLET_DATA_READY)
I1031 23:04:22.792290 32805 ts_tablet_manager.cc:862] T 46fc46e028434bc69f467922a9a59101 P 23f962e4a1744381ad5fa0d2d8b10241: Registered tablet (data state: TABLET_DATA_READY)
I1031 23:04:22.800925 32805 tablet_service.cc:691] Processing DeleteTablet for tablet 69b4b5f037014f10bfab077f3f98ca49 with delete_type TABLET_DATA_DELETED (Replaced by b758ec3274c84dcbb110cf5aa3dca9aa at 2017-10-31 23:04:22 CST) from {username='work'} at 10.108.187.10:62607
I1031 23:04:22.817478 32809 ts_tablet_manager.cc:862] T b758ec3274c84dcbb110cf5aa3dca9aa P 23f962e4a1744381ad5fa0d2d8b10241: Registered tablet (data state: TABLET_DATA_READY)
I1031 23:04:22.827895 32809 tablet_service.cc:691] Processing DeleteTablet for tablet f49a4f915ac048b096fcb5f4878f436d with delete_type TABLET_DATA_DELETED (Replaced by 56155a2adc24450d89e338cc955bfa18 at 2017-10-31 23:04:22 CST) from {username='work'} at 10.108.187.10:62607
I1031 23:04:22.828078 32809 tablet_service.cc:691] Processing DeleteTablet for tablet f0a40a8745bb4f4abbe8b304ebc7626c with delete_type TABLET_DATA_DELETED (Replaced by 802f72af09384e95acd389f46a1d9c84 at 2017-10-31 23:04:22 CST) from {username='work'} at 10.108.187.10:62607
I1031 23:04:22.835573 32809 tablet_service.cc:691] Processing DeleteTablet for tablet 5110f0095bd94f67abf0aad906332efe with delete_type TABLET_DATA_DELETED (Replaced by bff7dab34ccd4b42842077e82106f6fb at 2017-10-31 23:04:22 CST) from {username='work'} at 10.108.187.10:62607
I1031 23:04:22.842607 32802 ts_tablet_manager.cc:862] T bff7dab34ccd4b42842077e82106f6fb P 23f962e4a1744381ad5fa0d2d8b10241: Registered tablet (data state: TABLET_DATA_READY)
I1031 23:04:22.852157 32802 tablet_service.cc:691] Processing DeleteTablet for tablet 27f651ff46ca4722b064a85e795dcaa4 with delete_type TABLET_DATA_DELETED (Replaced by 46fc46e028434bc69f467922a9a59101 at 2017-10-31 23:04:22 CST) from {username='work'} at 10.108.187.10:62607
W1031 23:04:22.915679 32773 consensus_peers.cc:357] T 9967925d5dbd49eaadc0a1a58e7e2089 P 23f962e4a1744381ad5fa0d2d8b10241 -> Peer 0a8bbcbbb5a6459aa5258464755db3bb (c3-kudu-tst-st02.bj:18700): Couldn't send request to peer 0a8bbcbbb5a6459aa5258464755db3bb for tablet 9967925d5dbd49eaadc0a1a58e7e2089. Error code: TABLET_NOT_RUNNING (12). Status: Illegal state: Tablet not RUNNING: NOT_STARTED. Retrying in the next heartbeat period. Already tried 60 times.
I1031 23:04:23.070286 32802 tablet_service.cc:691] Processing DeleteTablet for tablet 69b4b5f037014f10bfab077f3f98ca49 with delete_type TABLET_DATA_DELETED (Replaced by b758ec3274c84dcbb110cf5aa3dca9aa at 2017-10-31 23:04:22 CST) from {username='work'} at 10.108.187.10:62607
I1031 23:04:23.099129 32802 tablet_service.cc:691] Processing DeleteTablet for tablet f49a4f915ac048b096fcb5f4878f436d with delete_type TABLET_DATA_DELETED (Replaced by 56155a2adc24450d89e338cc955bfa18 at 2017-10-31 23:04:22 CST) from {username='work'} at 10.108.187.10:62607
I1031 23:04:23.100452 32802 tablet_service.cc:691] Processing DeleteTablet for tablet f0a40a8745bb4f4abbe8b304ebc7626c with delete_type TABLET_DATA_DELETED (Replaced by 802f72af09384e95acd389f46a1d9c84 at 2017-10-31 23:04:22 CST) from {username='work'} at 10.108.187.10:62607
I1031 23:04:23.109225 32802 tablet_service.cc:691] Processing DeleteTablet for tablet 27f651ff46ca4722b064a85e795dcaa4 with delete_type TABLET_DATA_DELETED (Replaced by 46fc46e028434bc69f467922a9a59101 at 2017-10-31 23:04:22 CST) from {username='work'} at 10.108.187.10:62607
I1031 23:04:23.126963 32802 tablet_service.cc:691] Processing DeleteTablet for tablet 5110f0095bd94f67abf0aad906332efe with delete_type TABLET_DATA_DELETED (Replaced by bff7dab34ccd4b42842077e82106f6fb at 2017-10-31 23:04:22 CST) from {username='work'} at 10.108.187.10:62607
W1031 23:04:23.415829 32773 consensus_peers.cc:357] T 9967925d5dbd49eaadc0a1a58e7e2089 P 23f962e4a1744381ad5fa0d2d8b10241 -> Peer 0a8bbcbbb5a6459aa5258464755db3bb (c3-kudu-tst-st02.bj:18700): Couldn't send request to peer 0a8bbcbbb5a6459aa5258464755db3bb for tablet 9967925d5dbd49eaadc0a1a58e7e2089. Error code: TABLET_NOT_RUNNING (12). Status: Illegal state: Tablet not RUNNING: NOT_STARTED. Retrying in the next heartbeat period. Already tried 61 times.
I1031 23:04:23.617090 32802 tablet_service.cc:691] Processing DeleteTablet for tablet f49a4f915ac048b096fcb5f4878f436d with delete_type TABLET_DATA_DELETED (Replaced by 56155a2adc24450d89e338cc955bfa18 at 2017-10-31 23:04:22 CST) from {username='work'} at 10.108.187.10:62607
I1031 23:04:23.619570 32802 tablet_service.cc:691] Processing DeleteTablet for tablet 69b4b5f037014f10bfab077f3f98ca49 with delete_type TABLET_DATA_DELETED (Replaced by b758ec3274c84dcbb110cf5aa3dca9aa at 2017-10-31 23:04:22 CST) from {username='work'} at 10.108.187.10:62607
I1031 23:04:23.647469 32802 tablet_service.cc:691] Processing DeleteTablet for tablet 27f651ff46ca4722b064a85e795dcaa4 with delete_type TABLET_DATA_DELETED (Replaced by 46fc46e028434bc69f467922a9a59101 at 2017-10-31 23:04:22 CST) from {username='work'} at 10.108.187.10:62607
I1031 23:04:23.659966 32802 tablet_service.cc:691] Processing DeleteTablet for tablet f0a40a8745bb4f4abbe8b304ebc7626c with delete_type TABLET_DATA_DELETED (Replaced by 802f72af09384e95acd389f46a1d9c84 at 2017-10-31 23:04:22 CST) from {username='work'} at 10.108.187.10:62607
I1031 23:04:23.686182 32802 tablet_service.cc:691] Processing DeleteTablet for tablet 5110f0095bd94f67abf0aad906332efe with delete_type TABLET_DATA_DELETED (Replaced by bff7dab34ccd4b42842077e82106f6fb at 2017-10-31 23:04:22 CST) from {username='work'} at 10.108.187.10:62607
W1031 23:04:23.915822 32773 consensus_peers.cc:357] T 9967925d5dbd49eaadc0a1a58e7e2089 P 23f962e4a1744381ad5fa0d2d8b10241 -> Peer 0a8bbcbbb5a6459aa5258464755db3bb (c3-kudu-tst-st02.bj:18700): Couldn't send request to peer 0a8bbcbbb5a6459aa5258464755db3bb for tablet 9967925d5dbd49eaadc0a1a58e7e2089. Error code: TABLET_NOT_RUNNING (12). Status: Illegal state: Tablet not RUNNING: NOT_STARTED. Retrying in the next heartbeat period. Already tried 62 times.
W1031 23:04:24.416018 32773 consensus_peers.cc:357] T 9967925d5dbd49eaadc0a1a58e7e2089 P 23f962e4a1744381ad5fa0d2d8b10241 -> Peer 0a8bbcbbb5a6459aa5258464755db3bb (c3-kudu-tst-st02.bj:18700): Couldn't send request to peer 0a8bbcbbb5a6459aa5258464755db3bb for tablet 9967925d5dbd49eaadc0a1a58e7e2089. Error code: TABLET_NOT_RUNNING (12). Status: Illegal state: Tablet not RUNNING: NOT_STARTED. Retrying in the next heartbeat period. Already tried 63 times.
I1031 23:04:24.642771 32802 tablet_service.cc:691] Processing DeleteTablet for tablet f49a4f915ac048b096fcb5f4878f436d with delete_type TABLET_DATA_DELETED (Replaced by 56155a2adc24450d89e338cc955bfa18 at 2017-10-31 23:04:22 CST) from {username='work'} at 10.108.187.10:62607
I1031 23:04:24.672009 32802 tablet_service.cc:691] Processing DeleteTablet for tablet 69b4b5f037014f10bfab077f3f98ca49 with delete_type TABLET_DATA_DELETED (Replaced by b758ec3274c84dcbb110cf5aa3dca9aa at 2017-10-31 23:04:22 CST) from {username='work'} at 10.108.187.10:62607
I1031 23:04:24.695283 32802 tablet_service.cc:691] Processing DeleteTablet for tablet f0a40a8745bb4f4abbe8b304ebc7626c with delete_type TABLET_DATA_DELETED (Replaced by 802f72af09384e95acd389f46a1d9c84 at 2017-10-31 23:04:22 CST) from {username='work'} at 10.108.187.10:62607
I1031 23:04:24.697731 32802 tablet_service.cc:691] Processing DeleteTablet for tablet 27f651ff46ca4722b064a85e795dcaa4 with delete_type TABLET_DATA_DELETED (Replaced by 46fc46e028434bc69f467922a9a59101 at 2017-10-31 23:04:22 CST) from {username='work'} at 10.108.187.10:62607
