I1031 23:09:04.708750 27533 tablet_bootstrap.cc:382] T f0a40a8745bb4f4abbe8b304ebc7626c P 23f962e4a1744381ad5fa0d2d8b10241: No bootstrap required, opened a new log
I1031 23:09:04.708751 27548 ts_tablet_manager.cc:728] T f49a4f915ac048b096fcb5f4878f436d P 23f962e4a1744381ad5fa0d2d8b10241: Time spent bootstrapping tablet: real 0.026s user 0.001s sys 0.001s
I1031 23:09:04.708755 27558 tablet_bootstrap.cc:382] T 42d56cd12bbb4bed9973f96a230fdb9e P 23f962e4a1744381ad5fa0d2d8b10241: No bootstrap required, opened a new log
I1031 23:09:04.708784 27533 ts_tablet_manager.cc:728] T f0a40a8745bb4f4abbe8b304ebc7626c P 23f962e4a1744381ad5fa0d2d8b10241: Time spent bootstrapping tablet: real 0.026s user 0.001s sys 0.000s
I1031 23:09:04.708791 27558 ts_tablet_manager.cc:728] T 42d56cd12bbb4bed9973f96a230fdb9e P 23f962e4a1744381ad5fa0d2d8b10241: Time spent bootstrapping tablet: real 0.026s user 0.001s sys 0.000s
I1031 23:09:04.709095 27543 tablet_bootstrap.cc:382] T 68aa6071fa594e79958cddb8489a1f0c P 23f962e4a1744381ad5fa0d2d8b10241: No bootstrap required, opened a new log
I1031 23:09:04.709120 27543 ts_tablet_manager.cc:728] T 68aa6071fa594e79958cddb8489a1f0c P 23f962e4a1744381ad5fa0d2d8b10241: Time spent bootstrapping tablet: real 0.026s user 0.001s sys 0.000s
I1031 23:09:04.710170 27568 tablet_bootstrap.cc:382] T cc323d8862bb429490b7ef96568245c5 P 23f962e4a1744381ad5fa0d2d8b10241: No bootstrap required, opened a new log
I1031 23:09:04.710180 27553 tablet_bootstrap.cc:382] T 5110f0095bd94f67abf0aad906332efe P 23f962e4a1744381ad5fa0d2d8b10241: No bootstrap required, opened a new log
I1031 23:09:04.710194 27568 ts_tablet_manager.cc:728] T cc323d8862bb429490b7ef96568245c5 P 23f962e4a1744381ad5fa0d2d8b10241: Time spent bootstrapping tablet: real 0.028s user 0.001s sys 0.001s
I1031 23:09:04.710213 27553 ts_tablet_manager.cc:728] T 5110f0095bd94f67abf0aad906332efe P 23f962e4a1744381ad5fa0d2d8b10241: Time spent bootstrapping tablet: real 0.010s user 0.001s sys 0.001s
I1031 23:09:04.710937 27558 raft_consensus.cc:288] T 42d56cd12bbb4bed9973f96a230fdb9e P 23f962e4a1744381ad5fa0d2d8b10241 [term 0 FOLLOWER]: Replica starting. Triggering 0 pending transactions. Active config: opid_index: -1 OBSOLETE_local: false peers { permanent_uuid: "d3eb30bd1bc34b95902fa61724239553" member_type: VOTER last_known_addr { host: "c3-kudu-tst-st05.bj" port: 18700 } } peers { permanent_uuid: "0f53a0d3ef7e44ebb0365c800752d5bd" member_type: VOTER last_known_addr { host: "c3-kudu-tst-st01.bj" port: 18700 } } peers { permanent_uuid: "23f962e4a1744381ad5fa0d2d8b10241" member_type: VOTER last_known_addr { host: "c3-kudu-tst-st07.bj" port: 18700 } }
I1031 23:09:04.710969 27558 raft_consensus.cc:319] T 42d56cd12bbb4bed9973f96a230fdb9e P 23f962e4a1744381ad5fa0d2d8b10241 [term 0 FOLLOWER]: Consensus starting up: Expiring failure detector timer to make a prompt election more likely
I1031 23:09:04.710981 27558 raft_consensus.cc:548] T 42d56cd12bbb4bed9973f96a230fdb9e P 23f962e4a1744381ad5fa0d2d8b10241 [term 0 FOLLOWER]: Becoming Follower/Learner. State: Replica: 23f962e4a1744381ad5fa0d2d8b10241, State: 1, Role: FOLLOWER
I1031 23:09:04.710999 27558 consensus_queue.cc:176] T 42d56cd12bbb4bed9973f96a230fdb9e P 23f962e4a1744381ad5fa0d2d8b10241 [NON_LEADER]: Queue going to NON_LEADER mode. State: All replicated index: 0, Majority replicated index: 0, Committed index: 0, Last appended: 0.0, Current term: 0, Majority size: -1, State: 1, Mode: NON_LEADER
I1031 23:09:04.711017 27533 raft_consensus.cc:288] T f0a40a8745bb4f4abbe8b304ebc7626c P 23f962e4a1744381ad5fa0d2d8b10241 [term 0 FOLLOWER]: Replica starting. Triggering 0 pending transactions. Active config: opid_index: -1 OBSOLETE_local: false peers { permanent_uuid: "044f1da9a27c46acb82b1386f829f4dc" member_type: VOTER last_known_addr { host: "c3-kudu-tst-st03.bj" port: 18700 } } peers { permanent_uuid: "193181be29284287b25df2ee92938f0b" member_type: VOTER last_known_addr { host: "c3-kudu-tst-st08.bj" port: 18700 } } peers { permanent_uuid: "23f962e4a1744381ad5fa0d2d8b10241" member_type: VOTER last_known_addr { host: "c3-kudu-tst-st07.bj" port: 18700 } }
I1031 23:09:04.711037 27533 raft_consensus.cc:319] T f0a40a8745bb4f4abbe8b304ebc7626c P 23f962e4a1744381ad5fa0d2d8b10241 [term 0 FOLLOWER]: Consensus starting up: Expiring failure detector timer to make a prompt election more likely
I1031 23:09:04.711045 27533 raft_consensus.cc:548] T f0a40a8745bb4f4abbe8b304ebc7626c P 23f962e4a1744381ad5fa0d2d8b10241 [term 0 FOLLOWER]: Becoming Follower/Learner. State: Replica: 23f962e4a1744381ad5fa0d2d8b10241, State: 1, Role: FOLLOWER
I1031 23:09:04.711061 27533 consensus_queue.cc:176] T f0a40a8745bb4f4abbe8b304ebc7626c P 23f962e4a1744381ad5fa0d2d8b10241 [NON_LEADER]: Queue going to NON_LEADER mode. State: All replicated index: 0, Majority replicated index: 0, Committed index: 0, Last appended: 0.0, Current term: 0, Majority size: -1, State: 1, Mode: NON_LEADER
I1031 23:09:04.711096 27543 raft_consensus.cc:288] T 68aa6071fa594e79958cddb8489a1f0c P 23f962e4a1744381ad5fa0d2d8b10241 [term 0 FOLLOWER]: Replica starting. Triggering 0 pending transactions. Active config: opid_index: -1 OBSOLETE_local: false peers { permanent_uuid: "23f962e4a1744381ad5fa0d2d8b10241" member_type: VOTER last_known_addr { host: "c3-kudu-tst-st07.bj" port: 18700 } } peers { permanent_uuid: "0fc477287c154136abc1e2f3c82fb7f9" member_type: VOTER last_known_addr { host: "c3-kudu-tst-st04.bj" port: 18700 } } peers { permanent_uuid: "0a8bbcbbb5a6459aa5258464755db3bb" member_type: VOTER last_known_addr { host: "c3-kudu-tst-st02.bj" port: 18700 } }
I1031 23:09:04.711118 27543 raft_consensus.cc:319] T 68aa6071fa594e79958cddb8489a1f0c P 23f962e4a1744381ad5fa0d2d8b10241 [term 0 FOLLOWER]: Consensus starting up: Expiring failure detector timer to make a prompt election more likely
I1031 23:09:04.711128 27543 raft_consensus.cc:548] T 68aa6071fa594e79958cddb8489a1f0c P 23f962e4a1744381ad5fa0d2d8b10241 [term 0 FOLLOWER]: Becoming Follower/Learner. State: Replica: 23f962e4a1744381ad5fa0d2d8b10241, State: 1, Role: FOLLOWER
I1031 23:09:04.711143 27543 consensus_queue.cc:176] T 68aa6071fa594e79958cddb8489a1f0c P 23f962e4a1744381ad5fa0d2d8b10241 [NON_LEADER]: Queue going to NON_LEADER mode. State: All replicated index: 0, Majority replicated index: 0, Committed index: 0, Last appended: 0.0, Current term: 0, Majority size: -1, State: 1, Mode: NON_LEADER
I1031 23:09:04.711194 27538 raft_consensus.cc:288] T c1be6b6a217c475b9aed375afd1f491b P 23f962e4a1744381ad5fa0d2d8b10241 [term 0 FOLLOWER]: Replica starting. Triggering 0 pending transactions. Active config: opid_index: -1 OBSOLETE_local: false peers { permanent_uuid: "0fc477287c154136abc1e2f3c82fb7f9" member_type: VOTER last_known_addr { host: "c3-kudu-tst-st04.bj" port: 18700 } } peers { permanent_uuid: "23f962e4a1744381ad5fa0d2d8b10241" member_type: VOTER last_known_addr { host: "c3-kudu-tst-st07.bj" port: 18700 } } peers { permanent_uuid: "d3eb30bd1bc34b95902fa61724239553" member_type: VOTER last_known_addr { host: "c3-kudu-tst-st05.bj" port: 18700 } }
I1031 23:09:04.711216 27538 raft_consensus.cc:319] T c1be6b6a217c475b9aed375afd1f491b P 23f962e4a1744381ad5fa0d2d8b10241 [term 0 FOLLOWER]: Consensus starting up: Expiring failure detector timer to make a prompt election more likely
I1031 23:09:04.711210 27563 raft_consensus.cc:288] T 27f651ff46ca4722b064a85e795dcaa4 P 23f962e4a1744381ad5fa0d2d8b10241 [term 0 FOLLOWER]: Replica starting. Triggering 0 pending transactions. Active config: opid_index: -1 OBSOLETE_local: false peers { permanent_uuid: "0a8bbcbbb5a6459aa5258464755db3bb" member_type: VOTER last_known_addr { host: "c3-kudu-tst-st02.bj" port: 18700 } } peers { permanent_uuid: "193181be29284287b25df2ee92938f0b" member_type: VOTER last_known_addr { host: "c3-kudu-tst-st08.bj" port: 18700 } } peers { permanent_uuid: "23f962e4a1744381ad5fa0d2d8b10241" member_type: VOTER last_known_addr { host: "c3-kudu-tst-st07.bj" port: 18700 } }
I1031 23:09:04.711230 27538 raft_consensus.cc:548] T c1be6b6a217c475b9aed375afd1f491b P 23f962e4a1744381ad5fa0d2d8b10241 [term 0 FOLLOWER]: Becoming Follower/Learner. State: Replica: 23f962e4a1744381ad5fa0d2d8b10241, State: 1, Role: FOLLOWER
I1031 23:09:04.711252 27563 raft_consensus.cc:319] T 27f651ff46ca4722b064a85e795dcaa4 P 23f962e4a1744381ad5fa0d2d8b10241 [term 0 FOLLOWER]: Consensus starting up: Expiring failure detector timer to make a prompt election more likely
I1031 23:09:04.711256 27538 consensus_queue.cc:176] T c1be6b6a217c475b9aed375afd1f491b P 23f962e4a1744381ad5fa0d2d8b10241 [NON_LEADER]: Queue going to NON_LEADER mode. State: All replicated index: 0, Majority replicated index: 0, Committed index: 0, Last appended: 0.0, Current term: 0, Majority size: -1, State: 1, Mode: NON_LEADER
I1031 23:09:04.711272 27563 raft_consensus.cc:548] T 27f651ff46ca4722b064a85e795dcaa4 P 23f962e4a1744381ad5fa0d2d8b10241 [term 0 FOLLOWER]: Becoming Follower/Learner. State: Replica: 23f962e4a1744381ad5fa0d2d8b10241, State: 1, Role: FOLLOWER
I1031 23:09:04.711289 27563 consensus_queue.cc:176] T 27f651ff46ca4722b064a85e795dcaa4 P 23f962e4a1744381ad5fa0d2d8b10241 [NON_LEADER]: Queue going to NON_LEADER mode. State: All replicated index: 0, Majority replicated index: 0, Committed index: 0, Last appended: 0.0, Current term: 0, Majority size: -1, State: 1, Mode: NON_LEADER
I1031 23:09:04.711367 27548 raft_consensus.cc:288] T f49a4f915ac048b096fcb5f4878f436d P 23f962e4a1744381ad5fa0d2d8b10241 [term 0 FOLLOWER]: Replica starting. Triggering 0 pending transactions. Active config: opid_index: -1 OBSOLETE_local: false peers { permanent_uuid: "0fc477287c154136abc1e2f3c82fb7f9" member_type: VOTER last_known_addr { host: "c3-kudu-tst-st04.bj" port: 18700 } } peers { permanent_uuid: "23f962e4a1744381ad5fa0d2d8b10241" member_type: VOTER last_known_addr { host: "c3-kudu-tst-st07.bj" port: 18700 } } peers { permanent_uuid: "0a8bbcbbb5a6459aa5258464755db3bb" member_type: VOTER last_known_addr { host: "c3-kudu-tst-st02.bj" port: 18700 } }
I1031 23:09:04.711386 27548 raft_consensus.cc:319] T f49a4f915ac048b096fcb5f4878f436d P 23f962e4a1744381ad5fa0d2d8b10241 [term 0 FOLLOWER]: Consensus starting up: Expiring failure detector timer to make a prompt election more likely
I1031 23:09:04.711393 27548 raft_consensus.cc:548] T f49a4f915ac048b096fcb5f4878f436d P 23f962e4a1744381ad5fa0d2d8b10241 [term 0 FOLLOWER]: Becoming Follower/Learner. State: Replica: 23f962e4a1744381ad5fa0d2d8b10241, State: 1, Role: FOLLOWER
I1031 23:09:04.711406 27548 consensus_queue.cc:176] T f49a4f915ac048b096fcb5f4878f436d P 23f962e4a1744381ad5fa0d2d8b10241 [NON_LEADER]: Queue going to NON_LEADER mode. State: All replicated index: 0, Majority replicated index: 0, Committed index: 0, Last appended: 0.0, Current term: 0, Majority size: -1, State: 1, Mode: NON_LEADER
I1031 23:09:04.713030 27553 raft_consensus.cc:288] T 5110f0095bd94f67abf0aad906332efe P 23f962e4a1744381ad5fa0d2d8b10241 [term 0 FOLLOWER]: Replica starting. Triggering 0 pending transactions. Active config: opid_index: -1 OBSOLETE_local: false peers { permanent_uuid: "23f962e4a1744381ad5fa0d2d8b10241" member_type: VOTER last_known_addr { host: "c3-kudu-tst-st07.bj" port: 18700 } } peers { permanent_uuid: "193181be29284287b25df2ee92938f0b" member_type: VOTER last_known_addr { host: "c3-kudu-tst-st08.bj" port: 18700 } } peers { permanent_uuid: "0a8bbcbbb5a6459aa5258464755db3bb" member_type: VOTER last_known_addr { host: "c3-kudu-tst-st02.bj" port: 18700 } }
I1031 23:09:04.713052 27553 raft_consensus.cc:319] T 5110f0095bd94f67abf0aad906332efe P 23f962e4a1744381ad5fa0d2d8b10241 [term 0 FOLLOWER]: Consensus starting up: Expiring failure detector timer to make a prompt election more likely
I1031 23:09:04.713064 27553 raft_consensus.cc:548] T 5110f0095bd94f67abf0aad906332efe P 23f962e4a1744381ad5fa0d2d8b10241 [term 0 FOLLOWER]: Becoming Follower/Learner. State: Replica: 23f962e4a1744381ad5fa0d2d8b10241, State: 1, Role: FOLLOWER
I1031 23:09:04.713078 27553 consensus_queue.cc:176] T 5110f0095bd94f67abf0aad906332efe P 23f962e4a1744381ad5fa0d2d8b10241 [NON_LEADER]: Queue going to NON_LEADER mode. State: All replicated index: 0, Majority replicated index: 0, Committed index: 0, Last appended: 0.0, Current term: 0, Majority size: -1, State: 1, Mode: NON_LEADER
I1031 23:09:04.713100 27568 raft_consensus.cc:288] T cc323d8862bb429490b7ef96568245c5 P 23f962e4a1744381ad5fa0d2d8b10241 [term 0 FOLLOWER]: Replica starting. Triggering 0 pending transactions. Active config: opid_index: -1 OBSOLETE_local: false peers { permanent_uuid: "193181be29284287b25df2ee92938f0b" member_type: VOTER last_known_addr { host: "c3-kudu-tst-st08.bj" port: 18700 } } peers { permanent_uuid: "044f1da9a27c46acb82b1386f829f4dc" member_type: VOTER last_known_addr { host: "c3-kudu-tst-st03.bj" port: 18700 } } peers { permanent_uuid: "23f962e4a1744381ad5fa0d2d8b10241" member_type: VOTER last_known_addr { host: "c3-kudu-tst-st07.bj" port: 18700 } }
I1031 23:09:04.713116 27568 raft_consensus.cc:319] T cc323d8862bb429490b7ef96568245c5 P 23f962e4a1744381ad5fa0d2d8b10241 [term 0 FOLLOWER]: Consensus starting up: Expiring failure detector timer to make a prompt election more likely
I1031 23:09:04.713126 27568 raft_consensus.cc:548] T cc323d8862bb429490b7ef96568245c5 P 23f962e4a1744381ad5fa0d2d8b10241 [term 0 FOLLOWER]: Becoming Follower/Learner. State: Replica: 23f962e4a1744381ad5fa0d2d8b10241, State: 1, Role: FOLLOWER
I1031 23:09:04.713143 27568 consensus_queue.cc:176] T cc323d8862bb429490b7ef96568245c5 P 23f962e4a1744381ad5fa0d2d8b10241 [NON_LEADER]: Queue going to NON_LEADER mode. State: All replicated index: 0, Majority replicated index: 0, Committed index: 0, Last appended: 0.0, Current term: 0, Majority size: -1, State: 1, Mode: NON_LEADER
I1031 23:09:04.713158 27558 ts_tablet_manager.cc:755] T 42d56cd12bbb4bed9973f96a230fdb9e P 23f962e4a1744381ad5fa0d2d8b10241: Time spent starting tablet: real 0.004s user 0.002s sys 0.000s
I1031 23:09:04.713188 27558 ts_tablet_manager.cc:723] T fcde65c4e4cf4df29b9ef9884ce292b2 P 23f962e4a1744381ad5fa0d2d8b10241: Bootstrapping tablet
I1031 23:09:04.713435 27558 tablet_bootstrap.cc:382] T fcde65c4e4cf4df29b9ef9884ce292b2 P 23f962e4a1744381ad5fa0d2d8b10241: Bootstrap starting.
I1031 23:09:04.713558 27558 tablet_bootstrap.cc:541] T fcde65c4e4cf4df29b9ef9884ce292b2 P 23f962e4a1744381ad5fa0d2d8b10241: Time spent opening tablet: real 0.000s user 0.000s sys 0.000s
I1031 23:09:04.713654 27558 tablet_bootstrap.cc:484] T fcde65c4e4cf4df29b9ef9884ce292b2 P 23f962e4a1744381ad5fa0d2d8b10241: No blocks or log segments found. Creating new log.
I1031 23:09:04.714000 27543 ts_tablet_manager.cc:755] T 68aa6071fa594e79958cddb8489a1f0c P 23f962e4a1744381ad5fa0d2d8b10241: Time spent starting tablet: real 0.005s user 0.001s sys 0.001s
I1031 23:09:04.714033 27543 ts_tablet_manager.cc:723] T 0ea66c65e2d4445eb9cc83ba7ee1448b P 23f962e4a1744381ad5fa0d2d8b10241: Bootstrapping tablet
I1031 23:09:04.714064 27563 ts_tablet_manager.cc:755] T 27f651ff46ca4722b064a85e795dcaa4 P 23f962e4a1744381ad5fa0d2d8b10241: Time spent starting tablet: real 0.005s user 0.002s sys 0.000s
I1031 23:09:04.714143 27538 ts_tablet_manager.cc:755] T c1be6b6a217c475b9aed375afd1f491b P 23f962e4a1744381ad5fa0d2d8b10241: Time spent starting tablet: real 0.005s user 0.001s sys 0.000s
I1031 23:09:04.714159 27563 ts_tablet_manager.cc:723] T 4b81a7f36c9a4b24a3294e39fdf19d9d P 23f962e4a1744381ad5fa0d2d8b10241: Bootstrapping tablet
I1031 23:09:04.714236 27538 ts_tablet_manager.cc:723] T 991306ec7acb449c89e5dd29d90e8d55 P 23f962e4a1744381ad5fa0d2d8b10241: Bootstrapping tablet
I1031 23:09:04.714306 27543 tablet_bootstrap.cc:382] T 0ea66c65e2d4445eb9cc83ba7ee1448b P 23f962e4a1744381ad5fa0d2d8b10241: Bootstrap starting.
I1031 23:09:04.714413 27543 tablet_bootstrap.cc:541] T 0ea66c65e2d4445eb9cc83ba7ee1448b P 23f962e4a1744381ad5fa0d2d8b10241: Time spent opening tablet: real 0.000s user 0.000s sys 0.000s
I1031 23:09:04.714490 27563 tablet_bootstrap.cc:382] T 4b81a7f36c9a4b24a3294e39fdf19d9d P 23f962e4a1744381ad5fa0d2d8b10241: Bootstrap starting.
I1031 23:09:04.714505 27543 tablet_bootstrap.cc:484] T 0ea66c65e2d4445eb9cc83ba7ee1448b P 23f962e4a1744381ad5fa0d2d8b10241: No blocks or log segments found. Creating new log.
I1031 23:09:04.714532 27538 tablet_bootstrap.cc:382] T 991306ec7acb449c89e5dd29d90e8d55 P 23f962e4a1744381ad5fa0d2d8b10241: Bootstrap starting.
I1031 23:09:04.714582 32806 tablet_service.cc:691] Processing DeleteTablet for tablet 27f651ff46ca4722b064a85e795dcaa4 with delete_type TABLET_DATA_DELETED (Replaced by 46fc46e028434bc69f467922a9a59101 at 2017-10-31 23:04:22 CST) from {username='work'} at 10.108.187.10:62607
I1031 23:09:04.714603 32806 tablet_peer.cc:221] Initiating TabletPeer shutdown for tablet: 27f651ff46ca4722b064a85e795dcaa4
I1031 23:09:04.714630 27533 ts_tablet_manager.cc:755] T f0a40a8745bb4f4abbe8b304ebc7626c P 23f962e4a1744381ad5fa0d2d8b10241: Time spent starting tablet: real 0.006s user 0.001s sys 0.001s
I1031 23:09:04.714640 27563 tablet_bootstrap.cc:541] T 4b81a7f36c9a4b24a3294e39fdf19d9d P 23f962e4a1744381ad5fa0d2d8b10241: Time spent opening tablet: real 0.000s user 0.000s sys 0.000s
I1031 23:09:04.714640 32806 maintenance_manager.cc:208] P 23f962e4a1744381ad5fa0d2d8b10241: Unregistered op CompactRowSetsOp(27f651ff46ca4722b064a85e795dcaa4)
I1031 23:09:04.714653 27538 tablet_bootstrap.cc:541] T 991306ec7acb449c89e5dd29d90e8d55 P 23f962e4a1744381ad5fa0d2d8b10241: Time spent opening tablet: real 0.000s user 0.000s sys 0.000s
I1031 23:09:04.714665 27533 ts_tablet_manager.cc:723] T 46fc46e028434bc69f467922a9a59101 P 23f962e4a1744381ad5fa0d2d8b10241: Bootstrapping tablet
I1031 23:09:04.714675 32806 maintenance_manager.cc:208] P 23f962e4a1744381ad5fa0d2d8b10241: Unregistered op MinorDeltaCompactionOp(27f651ff46ca4722b064a85e795dcaa4)
I1031 23:09:04.714728 27548 ts_tablet_manager.cc:755] T f49a4f915ac048b096fcb5f4878f436d P 23f962e4a1744381ad5fa0d2d8b10241: Time spent starting tablet: real 0.006s user 0.001s sys 0.000s
I1031 23:09:04.714732 32806 maintenance_manager.cc:208] P 23f962e4a1744381ad5fa0d2d8b10241: Unregistered op MajorDeltaCompactionOp(27f651ff46ca4722b064a85e795dcaa4)
I1031 23:09:04.714757 32806 maintenance_manager.cc:208] P 23f962e4a1744381ad5fa0d2d8b10241: Unregistered op UndoDeltaBlockGCOp(27f651ff46ca4722b064a85e795dcaa4)
I1031 23:09:04.714761 27548 ts_tablet_manager.cc:723] T b758ec3274c84dcbb110cf5aa3dca9aa P 23f962e4a1744381ad5fa0d2d8b10241: Bootstrapping tablet
I1031 23:09:04.714776 27538 tablet_bootstrap.cc:484] T 991306ec7acb449c89e5dd29d90e8d55 P 23f962e4a1744381ad5fa0d2d8b10241: No blocks or log segments found. Creating new log.
I1031 23:09:04.714785 32806 maintenance_manager.cc:208] P 23f962e4a1744381ad5fa0d2d8b10241: Unregistered op FlushMRSOp(27f651ff46ca4722b064a85e795dcaa4)
I1031 23:09:04.714803 32806 maintenance_manager.cc:208] P 23f962e4a1744381ad5fa0d2d8b10241: Unregistered op FlushDeltaMemStoresOp(27f651ff46ca4722b064a85e795dcaa4)
I1031 23:09:04.714810 27563 tablet_bootstrap.cc:484] T 4b81a7f36c9a4b24a3294e39fdf19d9d P 23f962e4a1744381ad5fa0d2d8b10241: No blocks or log segments found. Creating new log.
I1031 23:09:04.714823 32806 maintenance_manager.cc:208] P 23f962e4a1744381ad5fa0d2d8b10241: Unregistered op LogGCOp(27f651ff46ca4722b064a85e795dcaa4)
I1031 23:09:04.714838 32806 raft_consensus.cc:1569] T 27f651ff46ca4722b064a85e795dcaa4 P 23f962e4a1744381ad5fa0d2d8b10241 [term 0 FOLLOWER]: Raft consensus shutting down.
I1031 23:09:04.714855 32806 raft_consensus.cc:1585] T 27f651ff46ca4722b064a85e795dcaa4 P 23f962e4a1744381ad5fa0d2d8b10241 [term 0 FOLLOWER]: Raft consensus is shut down!
I1031 23:09:04.714885 27568 ts_tablet_manager.cc:755] T cc323d8862bb429490b7ef96568245c5 P 23f962e4a1744381ad5fa0d2d8b10241: Time spent starting tablet: real 0.005s user 0.000s sys 0.001s
I1031 23:09:04.714905 27553 ts_tablet_manager.cc:755] T 5110f0095bd94f67abf0aad906332efe P 23f962e4a1744381ad5fa0d2d8b10241: Time spent starting tablet: real 0.005s user 0.001s sys 0.000s
I1031 23:09:04.714918 27568 ts_tablet_manager.cc:723] T bff7dab34ccd4b42842077e82106f6fb P 23f962e4a1744381ad5fa0d2d8b10241: Bootstrapping tablet
I1031 23:09:04.714937 27553 ts_tablet_manager.cc:723] T 80ba7f33ec864c5f96c61932edb5cdc4 P 23f962e4a1744381ad5fa0d2d8b10241: Bootstrapping tablet
I1031 23:09:04.714973 27533 tablet_bootstrap.cc:382] T 46fc46e028434bc69f467922a9a59101 P 23f962e4a1744381ad5fa0d2d8b10241: Bootstrap starting.
I1031 23:09:04.715091 27533 tablet_bootstrap.cc:541] T 46fc46e028434bc69f467922a9a59101 P 23f962e4a1744381ad5fa0d2d8b10241: Time spent opening tablet: real 0.000s user 0.000s sys 0.000s
I1031 23:09:04.715163 27543 tablet_bootstrap.cc:382] T 0ea66c65e2d4445eb9cc83ba7ee1448b P 23f962e4a1744381ad5fa0d2d8b10241: No bootstrap required, opened a new log
I1031 23:09:04.715186 27533 tablet_bootstrap.cc:484] T 46fc46e028434bc69f467922a9a59101 P 23f962e4a1744381ad5fa0d2d8b10241: No blocks or log segments found. Creating new log.
I1031 23:09:04.715195 27543 ts_tablet_manager.cc:728] T 0ea66c65e2d4445eb9cc83ba7ee1448b P 23f962e4a1744381ad5fa0d2d8b10241: Time spent bootstrapping tablet: real 0.001s user 0.001s sys 0.000s
I1031 23:09:04.715212 27548 tablet_bootstrap.cc:382] T b758ec3274c84dcbb110cf5aa3dca9aa P 23f962e4a1744381ad5fa0d2d8b10241: Bootstrap starting.
I1031 23:09:04.715226 27553 tablet_bootstrap.cc:382] T 80ba7f33ec864c5f96c61932edb5cdc4 P 23f962e4a1744381ad5fa0d2d8b10241: Bootstrap starting.
I1031 23:09:04.715278 27568 tablet_bootstrap.cc:382] T bff7dab34ccd4b42842077e82106f6fb P 23f962e4a1744381ad5fa0d2d8b10241: Bootstrap starting.
I1031 23:09:04.715373 27553 tablet_bootstrap.cc:541] T 80ba7f33ec864c5f96c61932edb5cdc4 P 23f962e4a1744381ad5fa0d2d8b10241: Time spent opening tablet: real 0.000s user 0.000s sys 0.000s
I1031 23:09:04.715386 27548 tablet_bootstrap.cc:541] T b758ec3274c84dcbb110cf5aa3dca9aa P 23f962e4a1744381ad5fa0d2d8b10241: Time spent opening tablet: real 0.000s user 0.000s sys 0.000s
I1031 23:09:04.715411 27568 tablet_bootstrap.cc:541] T bff7dab34ccd4b42842077e82106f6fb P 23f962e4a1744381ad5fa0d2d8b10241: Time spent opening tablet: real 0.000s user 0.000s sys 0.000s
I1031 23:09:04.715467 27553 tablet_bootstrap.cc:484] T 80ba7f33ec864c5f96c61932edb5cdc4 P 23f962e4a1744381ad5fa0d2d8b10241: No blocks or log segments found. Creating new log.
I1031 23:09:04.715577 27568 tablet_bootstrap.cc:484] T bff7dab34ccd4b42842077e82106f6fb P 23f962e4a1744381ad5fa0d2d8b10241: No blocks or log segments found. Creating new log.
I1031 23:09:04.715622 27548 tablet_bootstrap.cc:484] T b758ec3274c84dcbb110cf5aa3dca9aa P 23f962e4a1744381ad5fa0d2d8b10241: No blocks or log segments found. Creating new log.
I1031 23:09:04.715847 27558 tablet_bootstrap.cc:382] T fcde65c4e4cf4df29b9ef9884ce292b2 P 23f962e4a1744381ad5fa0d2d8b10241: No bootstrap required, opened a new log
I1031 23:09:04.715870 27558 ts_tablet_manager.cc:728] T fcde65c4e4cf4df29b9ef9884ce292b2 P 23f962e4a1744381ad5fa0d2d8b10241: Time spent bootstrapping tablet: real 0.003s user 0.001s sys 0.001s
I1031 23:09:04.716286 27558 raft_consensus.cc:288] T fcde65c4e4cf4df29b9ef9884ce292b2 P 23f962e4a1744381ad5fa0d2d8b10241 [term 0 FOLLOWER]: Replica starting. Triggering 0 pending transactions. Active config: opid_index: -1 OBSOLETE_local: false peers { permanent_uuid: "0a8bbcbbb5a6459aa5258464755db3bb" member_type: VOTER last_known_addr { host: "c3-kudu-tst-st02.bj" port: 18700 } } peers { permanent_uuid: "0f53a0d3ef7e44ebb0365c800752d5bd" member_type: VOTER last_known_addr { host: "c3-kudu-tst-st01.bj" port: 18700 } } peers { permanent_uuid: "23f962e4a1744381ad5fa0d2d8b10241" member_type: VOTER last_known_addr { host: "c3-kudu-tst-st07.bj" port: 18700 } }
I1031 23:09:04.716303 27558 raft_consensus.cc:319] T fcde65c4e4cf4df29b9ef9884ce292b2 P 23f962e4a1744381ad5fa0d2d8b10241 [term 0 FOLLOWER]: Consensus starting up: Expiring failure detector timer to make a prompt election more likely
I1031 23:09:04.716312 27558 raft_consensus.cc:548] T fcde65c4e4cf4df29b9ef9884ce292b2 P 23f962e4a1744381ad5fa0d2d8b10241 [term 0 FOLLOWER]: Becoming Follower/Learner. State: Replica: 23f962e4a1744381ad5fa0d2d8b10241, State: 1, Role: FOLLOWER
I1031 23:09:04.716325 27558 consensus_queue.cc:176] T fcde65c4e4cf4df29b9ef9884ce292b2 P 23f962e4a1744381ad5fa0d2d8b10241 [NON_LEADER]: Queue going to NON_LEADER mode. State: All replicated index: 0, Majority replicated index: 0, Committed index: 0, Last appended: 0.0, Current term: 0, Majority size: -1, State: 1, Mode: NON_LEADER
I1031 23:09:04.716428 32809 tablet_service.cc:691] Processing DeleteTablet for tablet f49a4f915ac048b096fcb5f4878f436d with delete_type TABLET_DATA_DELETED (Replaced by 56155a2adc24450d89e338cc955bfa18 at 2017-10-31 23:04:22 CST) from {username='work'} at 10.108.187.10:62607
I1031 23:09:04.716430 32805 tablet_service.cc:691] Processing DeleteTablet for tablet f0a40a8745bb4f4abbe8b304ebc7626c with delete_type TABLET_DATA_DELETED (Replaced by 802f72af09384e95acd389f46a1d9c84 at 2017-10-31 23:04:22 CST) from {username='work'} at 10.108.187.10:62607
I1031 23:09:04.716457 32809 tablet_peer.cc:221] Initiating TabletPeer shutdown for tablet: f49a4f915ac048b096fcb5f4878f436d
I1031 23:09:04.716462 32805 tablet_peer.cc:221] Initiating TabletPeer shutdown for tablet: f0a40a8745bb4f4abbe8b304ebc7626c
I1031 23:09:04.716469 27558 ts_tablet_manager.cc:755] T fcde65c4e4cf4df29b9ef9884ce292b2 P 23f962e4a1744381ad5fa0d2d8b10241: Time spent starting tablet: real 0.001s user 0.000s sys 0.000s
I1031 23:09:04.716486 32809 maintenance_manager.cc:208] P 23f962e4a1744381ad5fa0d2d8b10241: Unregistered op CompactRowSetsOp(f49a4f915ac048b096fcb5f4878f436d)
I1031 23:09:04.716493 32805 maintenance_manager.cc:208] P 23f962e4a1744381ad5fa0d2d8b10241: Unregistered op CompactRowSetsOp(f0a40a8745bb4f4abbe8b304ebc7626c)
I1031 23:09:04.716500 27558 ts_tablet_manager.cc:723] T 005a48fb466c4a52896842dd00124755 P 23f962e4a1744381ad5fa0d2d8b10241: Bootstrapping tablet
I1031 23:09:04.716511 32809 maintenance_manager.cc:208] P 23f962e4a1744381ad5fa0d2d8b10241: Unregistered op MinorDeltaCompactionOp(f49a4f915ac048b096fcb5f4878f436d)
I1031 23:09:04.716516 32805 maintenance_manager.cc:208] P 23f962e4a1744381ad5fa0d2d8b10241: Unregistered op MinorDeltaCompactionOp(f0a40a8745bb4f4abbe8b304ebc7626c)
I1031 23:09:04.716536 32809 maintenance_manager.cc:208] P 23f962e4a1744381ad5fa0d2d8b10241: Unregistered op MajorDeltaCompactionOp(f49a4f915ac048b096fcb5f4878f436d)
I1031 23:09:04.716542 32805 maintenance_manager.cc:208] P 23f962e4a1744381ad5fa0d2d8b10241: Unregistered op MajorDeltaCompactionOp(f0a40a8745bb4f4abbe8b304ebc7626c)
I1031 23:09:04.716554 32809 maintenance_manager.cc:208] P 23f962e4a1744381ad5fa0d2d8b10241: Unregistered op UndoDeltaBlockGCOp(f49a4f915ac048b096fcb5f4878f436d)
I1031 23:09:04.716559 32805 maintenance_manager.cc:208] P 23f962e4a1744381ad5fa0d2d8b10241: Unregistered op UndoDeltaBlockGCOp(f0a40a8745bb4f4abbe8b304ebc7626c)
I1031 23:09:04.716583 32809 maintenance_manager.cc:208] P 23f962e4a1744381ad5fa0d2d8b10241: Unregistered op FlushMRSOp(f49a4f915ac048b096fcb5f4878f436d)
I1031 23:09:04.716588 32805 maintenance_manager.cc:208] P 23f962e4a1744381ad5fa0d2d8b10241: Unregistered op FlushMRSOp(f0a40a8745bb4f4abbe8b304ebc7626c)
I1031 23:09:04.716605 32809 maintenance_manager.cc:208] P 23f962e4a1744381ad5fa0d2d8b10241: Unregistered op FlushDeltaMemStoresOp(f49a4f915ac048b096fcb5f4878f436d)
I1031 23:09:04.716608 32805 maintenance_manager.cc:208] P 23f962e4a1744381ad5fa0d2d8b10241: Unregistered op FlushDeltaMemStoresOp(f0a40a8745bb4f4abbe8b304ebc7626c)
I1031 23:09:04.716626 32809 maintenance_manager.cc:208] P 23f962e4a1744381ad5fa0d2d8b10241: Unregistered op LogGCOp(f49a4f915ac048b096fcb5f4878f436d)
I1031 23:09:04.716629 32805 maintenance_manager.cc:208] P 23f962e4a1744381ad5fa0d2d8b10241: Unregistered op LogGCOp(f0a40a8745bb4f4abbe8b304ebc7626c)
I1031 23:09:04.716645 32809 raft_consensus.cc:1569] T f49a4f915ac048b096fcb5f4878f436d P 23f962e4a1744381ad5fa0d2d8b10241 [term 0 FOLLOWER]: Raft consensus shutting down.
I1031 23:09:04.716648 32805 raft_consensus.cc:1569] T f0a40a8745bb4f4abbe8b304ebc7626c P 23f962e4a1744381ad5fa0d2d8b10241 [term 0 FOLLOWER]: Raft consensus shutting down.
I1031 23:09:04.716666 32809 raft_consensus.cc:1585] T f49a4f915ac048b096fcb5f4878f436d P 23f962e4a1744381ad5fa0d2d8b10241 [term 0 FOLLOWER]: Raft consensus is shut down!
I1031 23:09:04.716670 32805 raft_consensus.cc:1585] T f0a40a8745bb4f4abbe8b304ebc7626c P 23f962e4a1744381ad5fa0d2d8b10241 [term 0 FOLLOWER]: Raft consensus is shut down!
I1031 23:09:04.716725 27558 tablet_bootstrap.cc:382] T 005a48fb466c4a52896842dd00124755 P 23f962e4a1744381ad5fa0d2d8b10241: Bootstrap starting.
I1031 23:09:04.716792 32801 tablet_service.cc:691] Processing DeleteTablet for tablet 5110f0095bd94f67abf0aad906332efe with delete_type TABLET_DATA_DELETED (Replaced by bff7dab34ccd4b42842077e82106f6fb at 2017-10-31 23:04:22 CST) from {username='work'} at 10.108.187.10:62607
I1031 23:09:04.716814 32801 tablet_peer.cc:221] Initiating TabletPeer shutdown for tablet: 5110f0095bd94f67abf0aad906332efe
I1031 23:09:04.716831 32801 maintenance_manager.cc:208] P 23f962e4a1744381ad5fa0d2d8b10241: Unregistered op CompactRowSetsOp(5110f0095bd94f67abf0aad906332efe)
I1031 23:09:04.716842 27558 tablet_bootstrap.cc:541] T 005a48fb466c4a52896842dd00124755 P 23f962e4a1744381ad5fa0d2d8b10241: Time spent opening tablet: real 0.000s user 0.000s sys 0.000s
I1031 23:09:04.716845 32801 maintenance_manager.cc:208] P 23f962e4a1744381ad5fa0d2d8b10241: Unregistered op MinorDeltaCompactionOp(5110f0095bd94f67abf0aad906332efe)
I1031 23:09:04.716856 27533 tablet_bootstrap.cc:382] T 46fc46e028434bc69f467922a9a59101 P 23f962e4a1744381ad5fa0d2d8b10241: No bootstrap required, opened a new log
I1031 23:09:04.716859 32801 maintenance_manager.cc:208] P 23f962e4a1744381ad5fa0d2d8b10241: Unregistered op MajorDeltaCompactionOp(5110f0095bd94f67abf0aad906332efe)
I1031 23:09:04.716886 27533 ts_tablet_manager.cc:728] T 46fc46e028434bc69f467922a9a59101 P 23f962e4a1744381ad5fa0d2d8b10241: Time spent bootstrapping tablet: real 0.002s user 0.001s sys 0.000s
I1031 23:09:04.716889 32801 maintenance_manager.cc:208] P 23f962e4a1744381ad5fa0d2d8b10241: Unregistered op UndoDeltaBlockGCOp(5110f0095bd94f67abf0aad906332efe)
I1031 23:09:04.716909 32801 maintenance_manager.cc:208] P 23f962e4a1744381ad5fa0d2d8b10241: Unregistered op FlushMRSOp(5110f0095bd94f67abf0aad906332efe)
I1031 23:09:04.716920 32801 maintenance_manager.cc:208] P 23f962e4a1744381ad5fa0d2d8b10241: Unregistered op FlushDeltaMemStoresOp(5110f0095bd94f67abf0aad906332efe)
I1031 23:09:04.716931 32801 maintenance_manager.cc:208] P 23f962e4a1744381ad5fa0d2d8b10241: Unregistered op LogGCOp(5110f0095bd94f67abf0aad906332efe)
I1031 23:09:04.716938 27558 tablet_bootstrap.cc:484] T 005a48fb466c4a52896842dd00124755 P 23f962e4a1744381ad5fa0d2d8b10241: No blocks or log segments found. Creating new log.
I1031 23:09:04.716946 32801 raft_consensus.cc:1569] T 5110f0095bd94f67abf0aad906332efe P 23f962e4a1744381ad5fa0d2d8b10241 [term 0 FOLLOWER]: Raft consensus shutting down.
I1031 23:09:04.716956 32801 raft_consensus.cc:1585] T 5110f0095bd94f67abf0aad906332efe P 23f962e4a1744381ad5fa0d2d8b10241 [term 0 FOLLOWER]: Raft consensus is shut down!
I1031 23:09:04.716969 27543 raft_consensus.cc:288] T 0ea66c65e2d4445eb9cc83ba7ee1448b P 23f962e4a1744381ad5fa0d2d8b10241 [term 0 FOLLOWER]: Replica starting. Triggering 0 pending transactions. Active config: opid_index: -1 OBSOLETE_local: false peers { permanent_uuid: "625f49b9554549e6a5c3a92b76e576cf" member_type: VOTER last_known_addr { host: "c3-kudu-tst-st10.bj" port: 18700 } } peers { permanent_uuid: "23f962e4a1744381ad5fa0d2d8b10241" member_type: VOTER last_known_addr { host: "c3-kudu-tst-st07.bj" port: 18700 } } peers { permanent_uuid: "daba39963d4346e1816089fd3a5442b5" member_type: VOTER last_known_addr { host: "c3-kudu-tst-st09.bj" port: 18700 } }
I1031 23:09:04.716995 27543 raft_consensus.cc:319] T 0ea66c65e2d4445eb9cc83ba7ee1448b P 23f962e4a1744381ad5fa0d2d8b10241 [term 0 FOLLOWER]: Consensus starting up: Expiring failure detector timer to make a prompt election more likely
I1031 23:09:04.717008 27543 raft_consensus.cc:548] T 0ea66c65e2d4445eb9cc83ba7ee1448b P 23f962e4a1744381ad5fa0d2d8b10241 [term 0 FOLLOWER]: Becoming Follower/Learner. State: Replica: 23f962e4a1744381ad5fa0d2d8b10241, State: 1, Role: FOLLOWER
I1031 23:09:04.717023 27543 consensus_queue.cc:176] T 0ea66c65e2d4445eb9cc83ba7ee1448b P 23f962e4a1744381ad5fa0d2d8b10241 [NON_LEADER]: Queue going to NON_LEADER mode. State: All replicated index: 0, Majority replicated index: 0, Committed index: 0, Last appended: 0.0, Current term: 0, Majority size: -1, State: 1, Mode: NON_LEADER
I1031 23:09:04.717191 27538 tablet_bootstrap.cc:382] T 991306ec7acb449c89e5dd29d90e8d55 P 23f962e4a1744381ad5fa0d2d8b10241: No bootstrap required, opened a new log
I1031 23:09:04.717216 27538 ts_tablet_manager.cc:728] T 991306ec7acb449c89e5dd29d90e8d55 P 23f962e4a1744381ad5fa0d2d8b10241: Time spent bootstrapping tablet: real 0.003s user 0.000s sys 0.001s
I1031 23:09:04.717325 27533 raft_consensus.cc:288] T 46fc46e028434bc69f467922a9a59101 P 23f962e4a1744381ad5fa0d2d8b10241 [term 0 FOLLOWER]: Replica starting. Triggering 0 pending transactions. Active config: opid_index: -1 OBSOLETE_local: false peers { permanent_uuid: "625f49b9554549e6a5c3a92b76e576cf" member_type: VOTER last_known_addr { host: "c3-kudu-tst-st10.bj" port: 18700 } } peers { permanent_uuid: "0a8bbcbbb5a6459aa5258464755db3bb" member_type: VOTER last_known_addr { host: "c3-kudu-tst-st02.bj" port: 18700 } } peers { permanent_uuid: "23f962e4a1744381ad5fa0d2d8b10241" member_type: VOTER last_known_addr { host: "c3-kudu-tst-st07.bj" port: 18700 } }
I1031 23:09:04.717344 27533 raft_consensus.cc:319] T 46fc46e028434bc69f467922a9a59101 P 23f962e4a1744381ad5fa0d2d8b10241 [term 0 FOLLOWER]: Consensus starting up: Expiring failure detector timer to make a prompt election more likely
I1031 23:09:04.717356 27533 raft_consensus.cc:548] T 46fc46e028434bc69f467922a9a59101 P 23f962e4a1744381ad5fa0d2d8b10241 [term 0 FOLLOWER]: Becoming Follower/Learner. State: Replica: 23f962e4a1744381ad5fa0d2d8b10241, State: 1, Role: FOLLOWER
I1031 23:09:04.717371 27533 consensus_queue.cc:176] T 46fc46e028434bc69f467922a9a59101 P 23f962e4a1744381ad5fa0d2d8b10241 [NON_LEADER]: Queue going to NON_LEADER mode. State: All replicated index: 0, Majority replicated index: 0, Committed index: 0, Last appended: 0.0, Current term: 0, Majority size: -1, State: 1, Mode: NON_LEADER
I1031 23:09:04.718130 27553 tablet_bootstrap.cc:382] T 80ba7f33ec864c5f96c61932edb5cdc4 P 23f962e4a1744381ad5fa0d2d8b10241: No bootstrap required, opened a new log
I1031 23:09:04.718140 27548 tablet_bootstrap.cc:382] T b758ec3274c84dcbb110cf5aa3dca9aa P 23f962e4a1744381ad5fa0d2d8b10241: No bootstrap required, opened a new log
I1031 23:09:04.718152 27553 ts_tablet_manager.cc:728] T 80ba7f33ec864c5f96c61932edb5cdc4 P 23f962e4a1744381ad5fa0d2d8b10241: Time spent bootstrapping tablet: real 0.003s user 0.000s sys 0.002s
I1031 23:09:04.718173 27548 ts_tablet_manager.cc:728] T b758ec3274c84dcbb110cf5aa3dca9aa P 23f962e4a1744381ad5fa0d2d8b10241: Time spent bootstrapping tablet: real 0.003s user 0.001s sys 0.001s
I1031 23:09:04.718235 27538 raft_consensus.cc:288] T 991306ec7acb449c89e5dd29d90e8d55 P 23f962e4a1744381ad5fa0d2d8b10241 [term 0 FOLLOWER]: Replica starting. Triggering 0 pending transactions. Active config: opid_index: -1 OBSOLETE_local: false peers { permanent_uuid: "0f53a0d3ef7e44ebb0365c800752d5bd" member_type: VOTER last_known_addr { host: "c3-kudu-tst-st01.bj" port: 18700 } } peers { permanent_uuid: "daba39963d4346e1816089fd3a5442b5" member_type: VOTER last_known_addr { host: "c3-kudu-tst-st09.bj" port: 18700 } } peers { permanent_uuid: "23f962e4a1744381ad5fa0d2d8b10241" member_type: VOTER last_known_addr { host: "c3-kudu-tst-st07.bj" port: 18700 } }
I1031 23:09:04.718252 27538 raft_consensus.cc:319] T 991306ec7acb449c89e5dd29d90e8d55 P 23f962e4a1744381ad5fa0d2d8b10241 [term 0 FOLLOWER]: Consensus starting up: Expiring failure detector timer to make a prompt election more likely
I1031 23:09:04.718262 27538 raft_consensus.cc:548] T 991306ec7acb449c89e5dd29d90e8d55 P 23f962e4a1744381ad5fa0d2d8b10241 [term 0 FOLLOWER]: Becoming Follower/Learner. State: Replica: 23f962e4a1744381ad5fa0d2d8b10241, State: 1, Role: FOLLOWER
I1031 23:09:04.718276 27538 consensus_queue.cc:176] T 991306ec7acb449c89e5dd29d90e8d55 P 23f962e4a1744381ad5fa0d2d8b10241 [NON_LEADER]: Queue going to NON_LEADER mode. State: All replicated index: 0, Majority replicated index: 0, Committed index: 0, Last appended: 0.0, Current term: 0, Majority size: -1, State: 1, Mode: NON_LEADER
I1031 23:09:04.718304 27533 ts_tablet_manager.cc:755] T 46fc46e028434bc69f467922a9a59101 P 23f962e4a1744381ad5fa0d2d8b10241: Time spent starting tablet: real 0.001s user 0.001s sys 0.000s
I1031 23:09:04.718413 27568 tablet_bootstrap.cc:382] T bff7dab34ccd4b42842077e82106f6fb P 23f962e4a1744381ad5fa0d2d8b10241: No bootstrap required, opened a new log
I1031 23:09:04.718418 27563 tablet_bootstrap.cc:382] T 4b81a7f36c9a4b24a3294e39fdf19d9d P 23f962e4a1744381ad5fa0d2d8b10241: No bootstrap required, opened a new log
I1031 23:09:04.718443 27568 ts_tablet_manager.cc:728] T bff7dab34ccd4b42842077e82106f6fb P 23f962e4a1744381ad5fa0d2d8b10241: Time spent bootstrapping tablet: real 0.004s user 0.001s sys 0.001s
I1031 23:09:04.718443 27563 ts_tablet_manager.cc:728] T 4b81a7f36c9a4b24a3294e39fdf19d9d P 23f962e4a1744381ad5fa0d2d8b10241: Time spent bootstrapping tablet: real 0.004s user 0.001s sys 0.000s
I1031 23:09:04.718505 27543 ts_tablet_manager.cc:755] T 0ea66c65e2d4445eb9cc83ba7ee1448b P 23f962e4a1744381ad5fa0d2d8b10241: Time spent starting tablet: real 0.003s user 0.000s sys 0.001s
I1031 23:09:04.718531 27538 ts_tablet_manager.cc:755] T 991306ec7acb449c89e5dd29d90e8d55 P 23f962e4a1744381ad5fa0d2d8b10241: Time spent starting tablet: real 0.001s user 0.000s sys 0.001s
I1031 23:09:04.718665 27553 raft_consensus.cc:288] T 80ba7f33ec864c5f96c61932edb5cdc4 P 23f962e4a1744381ad5fa0d2d8b10241 [term 0 FOLLOWER]: Replica starting. Triggering 0 pending transactions. Active config: opid_index: -1 OBSOLETE_local: false peers { permanent_uuid: "044f1da9a27c46acb82b1386f829f4dc" member_type: VOTER last_known_addr { host: "c3-kudu-tst-st03.bj" port: 18700 } } peers { permanent_uuid: "193181be29284287b25df2ee92938f0b" member_type: VOTER last_known_addr { host: "c3-kudu-tst-st08.bj" port: 18700 } } peers { permanent_uuid: "23f962e4a1744381ad5fa0d2d8b10241" member_type: VOTER last_known_addr { host: "c3-kudu-tst-st07.bj" port: 18700 } }
I1031 23:09:04.718688 27553 raft_consensus.cc:319] T 80ba7f33ec864c5f96c61932edb5cdc4 P 23f962e4a1744381ad5fa0d2d8b10241 [term 0 FOLLOWER]: Consensus starting up: Expiring failure detector timer to make a prompt election more likely
I1031 23:09:04.718695 27553 raft_consensus.cc:548] T 80ba7f33ec864c5f96c61932edb5cdc4 P 23f962e4a1744381ad5fa0d2d8b10241 [term 0 FOLLOWER]: Becoming Follower/Learner. State: Replica: 23f962e4a1744381ad5fa0d2d8b10241, State: 1, Role: FOLLOWER
I1031 23:09:04.718709 27553 consensus_queue.cc:176] T 80ba7f33ec864c5f96c61932edb5cdc4 P 23f962e4a1744381ad5fa0d2d8b10241 [NON_LEADER]: Queue going to NON_LEADER mode. State: All replicated index: 0, Majority replicated index: 0, Committed index: 0, Last appended: 0.0, Current term: 0, Majority size: -1, State: 1, Mode: NON_LEADER
I1031 23:09:04.718755 27558 tablet_bootstrap.cc:382] T 005a48fb466c4a52896842dd00124755 P 23f962e4a1744381ad5fa0d2d8b10241: No bootstrap required, opened a new log
I1031 23:09:04.718780 27558 ts_tablet_manager.cc:728] T 005a48fb466c4a52896842dd00124755 P 23f962e4a1744381ad5fa0d2d8b10241: Time spent bootstrapping tablet: real 0.002s user 0.000s sys 0.002s
I1031 23:09:04.718801 32806 ts_tablet_manager.cc:1020] T 27f651ff46ca4722b064a85e795dcaa4 P 23f962e4a1744381ad5fa0d2d8b10241: Deleting tablet data with delete state TABLET_DATA_DELETED
I1031 23:09:04.718868 27553 ts_tablet_manager.cc:755] T 80ba7f33ec864c5f96c61932edb5cdc4 P 23f962e4a1744381ad5fa0d2d8b10241: Time spent starting tablet: real 0.001s user 0.000s sys 0.000s
I1031 23:09:04.718955 27533 ts_tablet_manager.cc:723] T 32984b820db347e1b2d4d0786cf221f2 P 23f962e4a1744381ad5fa0d2d8b10241: Bootstrapping tablet
I1031 23:09:04.718963 27553 ts_tablet_manager.cc:723] T 7d1359dc00a24df68d41c2447e367f1d P 23f962e4a1744381ad5fa0d2d8b10241: Bootstrapping tablet
I1031 23:09:04.718979 27543 ts_tablet_manager.cc:723] T d67c8d7da92f4f10b75858f21d80f8c4 P 23f962e4a1744381ad5fa0d2d8b10241: Bootstrapping tablet
I1031 23:09:04.719161 32802 tablet_service.cc:691] Processing DeleteTablet for tablet 46fc46e028434bc69f467922a9a59101 with delete_type TABLET_DATA_DELETED (Replaced by 7d1359dc00a24df68d41c2447e367f1d at 2017-10-31 23:04:52 CST) from {username='work'} at 10.108.187.10:62607
I1031 23:09:04.719187 32802 tablet_peer.cc:221] Initiating TabletPeer shutdown for tablet: 46fc46e028434bc69f467922a9a59101
I1031 23:09:04.719208 32802 maintenance_manager.cc:208] P 23f962e4a1744381ad5fa0d2d8b10241: Unregistered op CompactRowSetsOp(46fc46e028434bc69f467922a9a59101)
I1031 23:09:04.719226 32802 maintenance_manager.cc:208] P 23f962e4a1744381ad5fa0d2d8b10241: Unregistered op MinorDeltaCompactionOp(46fc46e028434bc69f467922a9a59101)
I1031 23:09:04.719240 27548 raft_consensus.cc:288] T b758ec3274c84dcbb110cf5aa3dca9aa P 23f962e4a1744381ad5fa0d2d8b10241 [term 0 FOLLOWER]: Replica starting. Triggering 0 pending transactions. Active config: opid_index: -1 OBSOLETE_local: false peers { permanent_uuid: "23f962e4a1744381ad5fa0d2d8b10241" member_type: VOTER last_known_addr { host: "c3-kudu-tst-st07.bj" port: 18700 } } peers { permanent_uuid: "193181be29284287b25df2ee92938f0b" member_type: VOTER last_known_addr { host: "c3-kudu-tst-st08.bj" port: 18700 } } peers { permanent_uuid: "0a8bbcbbb5a6459aa5258464755db3bb" member_type: VOTER last_known_addr { host: "c3-kudu-tst-st02.bj" port: 18700 } }
I1031 23:09:04.719246 32802 maintenance_manager.cc:208] P 23f962e4a1744381ad5fa0d2d8b10241: Unregistered op MajorDeltaCompactionOp(46fc46e028434bc69f467922a9a59101)
I1031 23:09:04.719269 27548 raft_consensus.cc:319] T b758ec3274c84dcbb110cf5aa3dca9aa P 23f962e4a1744381ad5fa0d2d8b10241 [term 0 FOLLOWER]: Consensus starting up: Expiring failure detector timer to make a prompt election more likely
I1031 23:09:04.719257 27543 tablet_bootstrap.cc:382] T d67c8d7da92f4f10b75858f21d80f8c4 P 23f962e4a1744381ad5fa0d2d8b10241: Bootstrap starting.
I1031 23:09:04.719281 32802 maintenance_manager.cc:208] P 23f962e4a1744381ad5fa0d2d8b10241: Unregistered op UndoDeltaBlockGCOp(46fc46e028434bc69f467922a9a59101)
I1031 23:09:04.719285 27548 raft_consensus.cc:548] T b758ec3274c84dcbb110cf5aa3dca9aa P 23f962e4a1744381ad5fa0d2d8b10241 [term 0 FOLLOWER]: Becoming Follower/Learner. State: Replica: 23f962e4a1744381ad5fa0d2d8b10241, State: 1, Role: FOLLOWER
I1031 23:09:04.719287 27553 tablet_bootstrap.cc:382] T 7d1359dc00a24df68d41c2447e367f1d P 23f962e4a1744381ad5fa0d2d8b10241: Bootstrap starting.
I1031 23:09:04.719303 27548 consensus_queue.cc:176] T b758ec3274c84dcbb110cf5aa3dca9aa P 23f962e4a1744381ad5fa0d2d8b10241 [NON_LEADER]: Queue going to NON_LEADER mode. State: All replicated index: 0, Majority replicated index: 0, Committed index: 0, Last appended: 0.0, Current term: 0, Majority size: -1, State: 1, Mode: NON_LEADER
I1031 23:09:04.719296 32802 maintenance_manager.cc:208] P 23f962e4a1744381ad5fa0d2d8b10241: Unregistered op FlushMRSOp(46fc46e028434bc69f467922a9a59101)
I1031 23:09:04.719322 27538 ts_tablet_manager.cc:723] T f2af422919fd4560bd6441509a68d64b P 23f962e4a1744381ad5fa0d2d8b10241: Bootstrapping tablet
I1031 23:09:04.719331 32802 maintenance_manager.cc:208] P 23f962e4a1744381ad5fa0d2d8b10241: Unregistered op FlushDeltaMemStoresOp(46fc46e028434bc69f467922a9a59101)
I1031 23:09:04.719342 32802 maintenance_manager.cc:208] P 23f962e4a1744381ad5fa0d2d8b10241: Unregistered op LogGCOp(46fc46e028434bc69f467922a9a59101)
I1031 23:09:04.719357 32802 raft_consensus.cc:1569] T 46fc46e028434bc69f467922a9a59101 P 23f962e4a1744381ad5fa0d2d8b10241 [term 0 FOLLOWER]: Raft consensus shutting down.
I1031 23:09:04.719374 32802 raft_consensus.cc:1585] T 46fc46e028434bc69f467922a9a59101 P 23f962e4a1744381ad5fa0d2d8b10241 [term 0 FOLLOWER]: Raft consensus is shut down!
I1031 23:09:04.719383 27543 tablet_bootstrap.cc:541] T d67c8d7da92f4f10b75858f21d80f8c4 P 23f962e4a1744381ad5fa0d2d8b10241: Time spent opening tablet: real 0.000s user 0.000s sys 0.000s
I1031 23:09:04.719431 27553 tablet_bootstrap.cc:541] T 7d1359dc00a24df68d41c2447e367f1d P 23f962e4a1744381ad5fa0d2d8b10241: Time spent opening tablet: real 0.000s user 0.000s sys 0.000s
I1031 23:09:04.719488 32815 tablet_service.cc:691] Processing DeleteTablet for tablet 80ba7f33ec864c5f96c61932edb5cdc4 with delete_type TABLET_DATA_DELETED (Replaced by 47eeb8448c454968a45bf1a984427b25 at 2017-10-31 23:05:22 CST) from {username='work'} at 10.108.187.10:62607
I1031 23:09:04.719501 27543 tablet_bootstrap.cc:484] T d67c8d7da92f4f10b75858f21d80f8c4 P 23f962e4a1744381ad5fa0d2d8b10241: No blocks or log segments found. Creating new log.
I1031 23:09:04.719511 32815 tablet_peer.cc:221] Initiating TabletPeer shutdown for tablet: 80ba7f33ec864c5f96c61932edb5cdc4
I1031 23:09:04.719519 32814 tablet_service.cc:691] Processing DeleteTablet for tablet 0ea66c65e2d4445eb9cc83ba7ee1448b with delete_type TABLET_DATA_DELETED (Replaced by 32984b820db347e1b2d4d0786cf221f2 at 2017-10-31 23:04:52 CST) from {username='work'} at 10.108.187.10:62607
I1031 23:09:04.719532 32815 maintenance_manager.cc:208] P 23f962e4a1744381ad5fa0d2d8b10241: Unregistered op CompactRowSetsOp(80ba7f33ec864c5f96c61932edb5cdc4)
I1031 23:09:04.719539 32814 tablet_peer.cc:221] Initiating TabletPeer shutdown for tablet: 0ea66c65e2d4445eb9cc83ba7ee1448b
I1031 23:09:04.719550 32815 maintenance_manager.cc:208] P 23f962e4a1744381ad5fa0d2d8b10241: Unregistered op MinorDeltaCompactionOp(80ba7f33ec864c5f96c61932edb5cdc4)
I1031 23:09:04.719558 32814 maintenance_manager.cc:208] P 23f962e4a1744381ad5fa0d2d8b10241: Unregistered op CompactRowSetsOp(0ea66c65e2d4445eb9cc83ba7ee1448b)
I1031 23:09:04.719569 32815 maintenance_manager.cc:208] P 23f962e4a1744381ad5fa0d2d8b10241: Unregistered op MajorDeltaCompactionOp(80ba7f33ec864c5f96c61932edb5cdc4)
I1031 23:09:04.719571 27553 tablet_bootstrap.cc:484] T 7d1359dc00a24df68d41c2447e367f1d P 23f962e4a1744381ad5fa0d2d8b10241: No blocks or log segments found. Creating new log.
I1031 23:09:04.719580 32814 maintenance_manager.cc:208] P 23f962e4a1744381ad5fa0d2d8b10241: Unregistered op MinorDeltaCompactionOp(0ea66c65e2d4445eb9cc83ba7ee1448b)
I1031 23:09:04.719588 32815 maintenance_manager.cc:208] P 23f962e4a1744381ad5fa0d2d8b10241: Unregistered op UndoDeltaBlockGCOp(80ba7f33ec864c5f96c61932edb5cdc4)
I1031 23:09:04.719599 32814 maintenance_manager.cc:208] P 23f962e4a1744381ad5fa0d2d8b10241: Unregistered op MajorDeltaCompactionOp(0ea66c65e2d4445eb9cc83ba7ee1448b)
I1031 23:09:04.719604 32815 maintenance_manager.cc:208] P 23f962e4a1744381ad5fa0d2d8b10241: Unregistered op FlushMRSOp(80ba7f33ec864c5f96c61932edb5cdc4)
I1031 23:09:04.719619 32814 maintenance_manager.cc:208] P 23f962e4a1744381ad5fa0d2d8b10241: Unregistered op UndoDeltaBlockGCOp(0ea66c65e2d4445eb9cc83ba7ee1448b)
I1031 23:09:04.719626 32815 maintenance_manager.cc:208] P 23f962e4a1744381ad5fa0d2d8b10241: Unregistered op FlushDeltaMemStoresOp(80ba7f33ec864c5f96c61932edb5cdc4)
I1031 23:09:04.719636 32814 maintenance_manager.cc:208] P 23f962e4a1744381ad5fa0d2d8b10241: Unregistered op FlushMRSOp(0ea66c65e2d4445eb9cc83ba7ee1448b)
I1031 23:09:04.719642 32815 maintenance_manager.cc:208] P 23f962e4a1744381ad5fa0d2d8b10241: Unregistered op LogGCOp(80ba7f33ec864c5f96c61932edb5cdc4)
I1031 23:09:04.719652 32814 maintenance_manager.cc:208] P 23f962e4a1744381ad5fa0d2d8b10241: Unregistered op FlushDeltaMemStoresOp(0ea66c65e2d4445eb9cc83ba7ee1448b)
I1031 23:09:04.719656 32815 raft_consensus.cc:1569] T 80ba7f33ec864c5f96c61932edb5cdc4 P 23f962e4a1744381ad5fa0d2d8b10241 [term 0 FOLLOWER]: Raft consensus shutting down.
I1031 23:09:04.719668 32814 maintenance_manager.cc:208] P 23f962e4a1744381ad5fa0d2d8b10241: Unregistered op LogGCOp(0ea66c65e2d4445eb9cc83ba7ee1448b)
I1031 23:09:04.719671 27538 tablet_bootstrap.cc:382] T f2af422919fd4560bd6441509a68d64b P 23f962e4a1744381ad5fa0d2d8b10241: Bootstrap starting.
I1031 23:09:04.719681 32814 raft_consensus.cc:1569] T 0ea66c65e2d4445eb9cc83ba7ee1448b P 23f962e4a1744381ad5fa0d2d8b10241 [term 0 FOLLOWER]: Raft consensus shutting down.
I1031 23:09:04.719672 32815 raft_consensus.cc:1585] T 80ba7f33ec864c5f96c61932edb5cdc4 P 23f962e4a1744381ad5fa0d2d8b10241 [term 0 FOLLOWER]: Raft consensus is shut down!
I1031 23:09:04.719704 32814 raft_consensus.cc:1585] T 0ea66c65e2d4445eb9cc83ba7ee1448b P 23f962e4a1744381ad5fa0d2d8b10241 [term 0 FOLLOWER]: Raft consensus is shut down!
I1031 23:09:04.719810 27538 tablet_bootstrap.cc:541] T f2af422919fd4560bd6441509a68d64b P 23f962e4a1744381ad5fa0d2d8b10241: Time spent opening tablet: real 0.000s user 0.000s sys 0.000s
I1031 23:09:04.719295 27533 tablet_bootstrap.cc:382] T 32984b820db347e1b2d4d0786cf221f2 P 23f962e4a1744381ad5fa0d2d8b10241: Bootstrap starting.
I1031 23:09:04.719931 27538 tablet_bootstrap.cc:484] T f2af422919fd4560bd6441509a68d64b P 23f962e4a1744381ad5fa0d2d8b10241: No blocks or log segments found. Creating new log.
I1031 23:09:04.720038 27533 tablet_bootstrap.cc:541] T 32984b820db347e1b2d4d0786cf221f2 P 23f962e4a1744381ad5fa0d2d8b10241: Time spent opening tablet: real 0.000s user 0.000s sys 0.000s
I1031 23:09:04.720137 27533 tablet_bootstrap.cc:484] T 32984b820db347e1b2d4d0786cf221f2 P 23f962e4a1744381ad5fa0d2d8b10241: No blocks or log segments found. Creating new log.
