I1031 23:09:08.075775 32760 maintenance_manager.cc:425] P 23f962e4a1744381ad5fa0d2d8b10241: FlushMRSOp(3a949c88a8864d509b058fddddebc6d2) metrics: {"cfile_init":1,"data dir 1.queue_time_us":225,"data dir 1.run_cpu_time_us":135,"data dir 1.run_wall_time_us":11799,"fdatasync":29,"fdatasync_us":221858,"lbm_read_time_us":13,"lbm_reads_lt_1ms":4,"lbm_write_time_us":656,"lbm_writes_lt_1ms":87,"mutex_wait_us":1,"thread_start_us":212,"threads_started":1}
I1031 23:09:08.400681 32760 maintenance_manager.cc:419] Time spent running UndoDeltaBlockGCOp(3123639d9835456b9f5dab3f7dd7ebd9): real 0.049s user 0.002s sys 0.000s
I1031 23:09:08.400797 32760 maintenance_manager.cc:425] P 23f962e4a1744381ad5fa0d2d8b10241: UndoDeltaBlockGCOp(3123639d9835456b9f5dab3f7dd7ebd9) metrics: {"cfile_init":1,"data dir 5.queue_time_us":203,"data dir 5.run_cpu_time_us":83,"data dir 5.run_wall_time_us":83,"fdatasync":1,"fdatasync_us":30001,"lbm_read_time_us":7,"lbm_reads_lt_1ms":4,"thread_start_us":191,"threads_started":1}
I1031 23:09:08.621685 32760 maintenance_manager.cc:419] Time spent running UndoDeltaBlockGCOp(3a949c88a8864d509b058fddddebc6d2): real 0.000s user 0.000s sys 0.000s
I1031 23:09:08.621709 32760 maintenance_manager.cc:425] P 23f962e4a1744381ad5fa0d2d8b10241: UndoDeltaBlockGCOp(3a949c88a8864d509b058fddddebc6d2) metrics: {"cfile_init":1,"lbm_read_time_us":7,"lbm_reads_lt_1ms":4}
I1031 23:09:08.933727 32760 maintenance_manager.cc:419] Time spent running UndoDeltaBlockGCOp(3409046e569643c3a083c3f27cfe1582): real 0.041s user 0.041s sys 0.000s
I1031 23:09:08.933784 32760 maintenance_manager.cc:425] P 23f962e4a1744381ad5fa0d2d8b10241: UndoDeltaBlockGCOp(3409046e569643c3a083c3f27cfe1582) metrics: {"cfile_init":1,"lbm_read_time_us":15,"lbm_reads_lt_1ms":4}
I1031 23:09:09.782491 32760 tablet.cc:911] T 3409046e569643c3a083c3f27cfe1582 P 23f962e4a1744381ad5fa0d2d8b10241: Flush: entering stage 1 (old memrowset already frozen for inserts)
I1031 23:09:09.782618 32760 compaction.cc:877] Selected 1 rowsets to compact:
I1031 23:09:09.782637 32760 compaction.cc:880] memrowset(current size on disk: ~0 bytes)
I1031 23:09:09.782652 32760 tablet.cc:913] T 3409046e569643c3a083c3f27cfe1582 P 23f962e4a1744381ad5fa0d2d8b10241: Memstore in-memory size: 763 bytes
I1031 23:09:09.782678 32760 tablet.cc:1174] T 3409046e569643c3a083c3f27cfe1582 P 23f962e4a1744381ad5fa0d2d8b10241: Flush: entering phase 1 (flushing snapshot). Phase 1 snapshot: MvccSnapshot[committed={T|T < 6182758459659628544 or (T in {6182758459659628544})}]
I1031 23:09:09.782816 32760 multi_column_writer.cc:85] Opened CFile writer for column ts[int32 NOT NULL]
I1031 23:09:09.782852 32760 multi_column_writer.cc:85] Opened CFile writer for column id[int32 NOT NULL]
I1031 23:09:09.976078 32760 tablet.cc:1259] T 3409046e569643c3a083c3f27cfe1582 P 23f962e4a1744381ad5fa0d2d8b10241: Flush: entering phase 2 (starting to duplicate updates in new rowsets)
I1031 23:09:09.980132 37675 raft_consensus.cc:411] T ba08e192cf754b30acaccc0ced6d0c1c P 23f962e4a1744381ad5fa0d2d8b10241 [term 0 FOLLOWER]: Starting pre-election (no leader contacted us within the election timeout)
I1031 23:09:09.980181 37675 raft_consensus.cc:2162] T ba08e192cf754b30acaccc0ced6d0c1c P 23f962e4a1744381ad5fa0d2d8b10241 [term 0 FOLLOWER]: Snoozing failure detection for election timeout plus an additional 17.975s
I1031 23:09:09.980232 37675 raft_consensus.cc:435] T ba08e192cf754b30acaccc0ced6d0c1c P 23f962e4a1744381ad5fa0d2d8b10241 [term 0 FOLLOWER]: Starting pre-election with config: opid_index: -1 OBSOLETE_local: false peers { permanent_uuid: "0a8bbcbbb5a6459aa5258464755db3bb" member_type: VOTER last_known_addr { host: "c3-kudu-tst-st02.bj" port: 18700 } } peers { permanent_uuid: "23f962e4a1744381ad5fa0d2d8b10241" member_type: VOTER last_known_addr { host: "c3-kudu-tst-st07.bj" port: 18700 } } peers { permanent_uuid: "044f1da9a27c46acb82b1386f829f4dc" member_type: VOTER last_known_addr { host: "c3-kudu-tst-st03.bj" port: 18700 } }
I1031 23:09:09.980753 37675 leader_election.cc:216] T ba08e192cf754b30acaccc0ced6d0c1c P 23f962e4a1744381ad5fa0d2d8b10241 [CANDIDATE]: Term 1 pre-election: Requesting pre-vote from peer 0a8bbcbbb5a6459aa5258464755db3bb
I1031 23:09:09.980775 37675 leader_election.cc:216] T ba08e192cf754b30acaccc0ced6d0c1c P 23f962e4a1744381ad5fa0d2d8b10241 [CANDIDATE]: Term 1 pre-election: Requesting pre-vote from peer 044f1da9a27c46acb82b1386f829f4dc
W1031 23:09:09.980999 32773 leader_election.cc:278] T ba08e192cf754b30acaccc0ced6d0c1c P 23f962e4a1744381ad5fa0d2d8b10241 [CANDIDATE]: Term 1 pre-election: Tablet error from VoteRequest() call to peer 0a8bbcbbb5a6459aa5258464755db3bb: Not found: Tablet not found
W1031 23:09:09.981045 32773 leader_election.cc:278] T ba08e192cf754b30acaccc0ced6d0c1c P 23f962e4a1744381ad5fa0d2d8b10241 [CANDIDATE]: Term 1 pre-election: Tablet error from VoteRequest() call to peer 044f1da9a27c46acb82b1386f829f4dc: Not found: Tablet not found
I1031 23:09:09.981077 32773 leader_election.cc:243] T ba08e192cf754b30acaccc0ced6d0c1c P 23f962e4a1744381ad5fa0d2d8b10241 [CANDIDATE]: Term 1 pre-election: Election decided. Result: candidate lost.
I1031 23:09:09.981279 30606 raft_consensus.cc:2162] T ba08e192cf754b30acaccc0ced6d0c1c P 23f962e4a1744381ad5fa0d2d8b10241 [term 0 FOLLOWER]: Snoozing failure detection for election timeout plus an additional 4.920s
I1031 23:09:09.981299 30606 raft_consensus.cc:1908] T ba08e192cf754b30acaccc0ced6d0c1c P 23f962e4a1744381ad5fa0d2d8b10241 [term 0 FOLLOWER]: Leader pre-election lost for term 1. Reason: could not achieve majority
I1031 23:09:10.588021 32760 tablet.cc:1314] T 3409046e569643c3a083c3f27cfe1582 P 23f962e4a1744381ad5fa0d2d8b10241: Flush Phase 2: carrying over any updates which arrived during Phase 1
I1031 23:09:10.588146 32760 tablet.cc:1316] T 3409046e569643c3a083c3f27cfe1582 P 23f962e4a1744381ad5fa0d2d8b10241: Phase 2 snapshot: MvccSnapshot[committed={T|T < 6182758459659628544 or (T in {6182758459659628544})}]
I1031 23:09:11.561239 32760 tablet.cc:1358] T 3409046e569643c3a083c3f27cfe1582 P 23f962e4a1744381ad5fa0d2d8b10241: Flush successful on 4 rows (4325 bytes)
I1031 23:09:11.561416 32760 maintenance_manager.cc:419] Time spent running FlushMRSOp(3409046e569643c3a083c3f27cfe1582): real 2.399s user 2.084s sys 0.005s
I1031 23:09:11.561601 32760 maintenance_manager.cc:425] P 23f962e4a1744381ad5fa0d2d8b10241: FlushMRSOp(3409046e569643c3a083c3f27cfe1582) metrics: {"cfile_init":1,"fdatasync":11,"fdatasync_us":296851,"lbm_read_time_us":7,"lbm_reads_lt_1ms":4,"lbm_write_time_us":145,"lbm_writes_lt_1ms":26,"tcmalloc_contention_cycles":342400}
I1031 23:09:11.987593 27541 raft_consensus.cc:411] T 69b4b5f037014f10bfab077f3f98ca49 P 23f962e4a1744381ad5fa0d2d8b10241 [term 0 FOLLOWER]: Starting pre-election (no leader contacted us within the election timeout)
I1031 23:09:11.987648 27541 raft_consensus.cc:2162] T 69b4b5f037014f10bfab077f3f98ca49 P 23f962e4a1744381ad5fa0d2d8b10241 [term 0 FOLLOWER]: Snoozing failure detection for election timeout plus an additional 16.293s
I1031 23:09:11.987707 27541 raft_consensus.cc:435] T 69b4b5f037014f10bfab077f3f98ca49 P 23f962e4a1744381ad5fa0d2d8b10241 [term 0 FOLLOWER]: Starting pre-election with config: opid_index: -1 OBSOLETE_local: false peers { permanent_uuid: "23f962e4a1744381ad5fa0d2d8b10241" member_type: VOTER last_known_addr { host: "c3-kudu-tst-st07.bj" port: 18700 } } peers { permanent_uuid: "0a8bbcbbb5a6459aa5258464755db3bb" member_type: VOTER last_known_addr { host: "c3-kudu-tst-st02.bj" port: 18700 } } peers { permanent_uuid: "625f49b9554549e6a5c3a92b76e576cf" member_type: VOTER last_known_addr { host: "c3-kudu-tst-st10.bj" port: 18700 } }
I1031 23:09:11.988289 27541 leader_election.cc:216] T 69b4b5f037014f10bfab077f3f98ca49 P 23f962e4a1744381ad5fa0d2d8b10241 [CANDIDATE]: Term 1 pre-election: Requesting pre-vote from peer 0a8bbcbbb5a6459aa5258464755db3bb
I1031 23:09:11.988327 27541 leader_election.cc:216] T 69b4b5f037014f10bfab077f3f98ca49 P 23f962e4a1744381ad5fa0d2d8b10241 [CANDIDATE]: Term 1 pre-election: Requesting pre-vote from peer 625f49b9554549e6a5c3a92b76e576cf
W1031 23:09:11.988538 32773 leader_election.cc:278] T 69b4b5f037014f10bfab077f3f98ca49 P 23f962e4a1744381ad5fa0d2d8b10241 [CANDIDATE]: Term 1 pre-election: Tablet error from VoteRequest() call to peer 0a8bbcbbb5a6459aa5258464755db3bb: Not found: Tablet not found
W1031 23:09:11.988590 32771 leader_election.cc:278] T 69b4b5f037014f10bfab077f3f98ca49 P 23f962e4a1744381ad5fa0d2d8b10241 [CANDIDATE]: Term 1 pre-election: Tablet error from VoteRequest() call to peer 625f49b9554549e6a5c3a92b76e576cf: Not found: Tablet not found
I1031 23:09:11.988610 32771 leader_election.cc:243] T 69b4b5f037014f10bfab077f3f98ca49 P 23f962e4a1744381ad5fa0d2d8b10241 [CANDIDATE]: Term 1 pre-election: Election decided. Result: candidate lost.
I1031 23:09:11.988857 30620 raft_consensus.cc:2162] T 69b4b5f037014f10bfab077f3f98ca49 P 23f962e4a1744381ad5fa0d2d8b10241 [term 0 FOLLOWER]: Snoozing failure detection for election timeout plus an additional 19.041s
I1031 23:09:11.988878 30620 raft_consensus.cc:1908] T 69b4b5f037014f10bfab077f3f98ca49 P 23f962e4a1744381ad5fa0d2d8b10241 [term 0 FOLLOWER]: Leader pre-election lost for term 1. Reason: could not achieve majority
I1031 23:09:16.486675 37675 raft_consensus.cc:411] T ba08e192cf754b30acaccc0ced6d0c1c P 23f962e4a1744381ad5fa0d2d8b10241 [term 0 FOLLOWER]: Starting pre-election (no leader contacted us within the election timeout)
I1031 23:09:16.486730 37675 raft_consensus.cc:2162] T ba08e192cf754b30acaccc0ced6d0c1c P 23f962e4a1744381ad5fa0d2d8b10241 [term 0 FOLLOWER]: Snoozing failure detection for election timeout plus an additional 10.558s
I1031 23:09:16.486783 37675 raft_consensus.cc:435] T ba08e192cf754b30acaccc0ced6d0c1c P 23f962e4a1744381ad5fa0d2d8b10241 [term 0 FOLLOWER]: Starting pre-election with config: opid_index: -1 OBSOLETE_local: false peers { permanent_uuid: "0a8bbcbbb5a6459aa5258464755db3bb" member_type: VOTER last_known_addr { host: "c3-kudu-tst-st02.bj" port: 18700 } } peers { permanent_uuid: "23f962e4a1744381ad5fa0d2d8b10241" member_type: VOTER last_known_addr { host: "c3-kudu-tst-st07.bj" port: 18700 } } peers { permanent_uuid: "044f1da9a27c46acb82b1386f829f4dc" member_type: VOTER last_known_addr { host: "c3-kudu-tst-st03.bj" port: 18700 } }
I1031 23:09:16.487403 37675 leader_election.cc:216] T ba08e192cf754b30acaccc0ced6d0c1c P 23f962e4a1744381ad5fa0d2d8b10241 [CANDIDATE]: Term 1 pre-election: Requesting pre-vote from peer 0a8bbcbbb5a6459aa5258464755db3bb
I1031 23:09:16.487428 37675 leader_election.cc:216] T ba08e192cf754b30acaccc0ced6d0c1c P 23f962e4a1744381ad5fa0d2d8b10241 [CANDIDATE]: Term 1 pre-election: Requesting pre-vote from peer 044f1da9a27c46acb82b1386f829f4dc
W1031 23:09:16.487663 32773 leader_election.cc:278] T ba08e192cf754b30acaccc0ced6d0c1c P 23f962e4a1744381ad5fa0d2d8b10241 [CANDIDATE]: Term 1 pre-election: Tablet error from VoteRequest() call to peer 0a8bbcbbb5a6459aa5258464755db3bb: Not found: Tablet not found
W1031 23:09:16.487711 32773 leader_election.cc:278] T ba08e192cf754b30acaccc0ced6d0c1c P 23f962e4a1744381ad5fa0d2d8b10241 [CANDIDATE]: Term 1 pre-election: Tablet error from VoteRequest() call to peer 044f1da9a27c46acb82b1386f829f4dc: Not found: Tablet not found
I1031 23:09:16.487732 32773 leader_election.cc:243] T ba08e192cf754b30acaccc0ced6d0c1c P 23f962e4a1744381ad5fa0d2d8b10241 [CANDIDATE]: Term 1 pre-election: Election decided. Result: candidate lost.
I1031 23:09:16.488028 30640 raft_consensus.cc:2162] T ba08e192cf754b30acaccc0ced6d0c1c P 23f962e4a1744381ad5fa0d2d8b10241 [term 0 FOLLOWER]: Snoozing failure detection for election timeout plus an additional 17.944s
I1031 23:09:16.488047 30640 raft_consensus.cc:1908] T ba08e192cf754b30acaccc0ced6d0c1c P 23f962e4a1744381ad5fa0d2d8b10241 [term 0 FOLLOWER]: Leader pre-election lost for term 1. Reason: could not achieve majority
I1031 23:09:21.854383 37685 raft_consensus.cc:411] T a56a9d551d3746e59739adec9d8125ea P 23f962e4a1744381ad5fa0d2d8b10241 [term 0 FOLLOWER]: Starting pre-election (no leader contacted us within the election timeout)
I1031 23:09:21.854425 37685 raft_consensus.cc:2162] T a56a9d551d3746e59739adec9d8125ea P 23f962e4a1744381ad5fa0d2d8b10241 [term 0 FOLLOWER]: Snoozing failure detection for election timeout plus an additional 2.219s
I1031 23:09:21.854485 37685 raft_consensus.cc:435] T a56a9d551d3746e59739adec9d8125ea P 23f962e4a1744381ad5fa0d2d8b10241 [term 0 FOLLOWER]: Starting pre-election with config: opid_index: -1 OBSOLETE_local: false peers { permanent_uuid: "193181be29284287b25df2ee92938f0b" member_type: VOTER last_known_addr { host: "c3-kudu-tst-st08.bj" port: 18700 } } peers { permanent_uuid: "23f962e4a1744381ad5fa0d2d8b10241" member_type: VOTER last_known_addr { host: "c3-kudu-tst-st07.bj" port: 18700 } } peers { permanent_uuid: "044f1da9a27c46acb82b1386f829f4dc" member_type: VOTER last_known_addr { host: "c3-kudu-tst-st03.bj" port: 18700 } }
I1031 23:09:21.855028 37685 leader_election.cc:216] T a56a9d551d3746e59739adec9d8125ea P 23f962e4a1744381ad5fa0d2d8b10241 [CANDIDATE]: Term 1 pre-election: Requesting pre-vote from peer 193181be29284287b25df2ee92938f0b
I1031 23:09:21.855063 37685 leader_election.cc:216] T a56a9d551d3746e59739adec9d8125ea P 23f962e4a1744381ad5fa0d2d8b10241 [CANDIDATE]: Term 1 pre-election: Requesting pre-vote from peer 044f1da9a27c46acb82b1386f829f4dc
W1031 23:09:21.855269 32772 leader_election.cc:278] T a56a9d551d3746e59739adec9d8125ea P 23f962e4a1744381ad5fa0d2d8b10241 [CANDIDATE]: Term 1 pre-election: Tablet error from VoteRequest() call to peer 193181be29284287b25df2ee92938f0b: Not found: Tablet not found
W1031 23:09:21.855310 32773 leader_election.cc:278] T a56a9d551d3746e59739adec9d8125ea P 23f962e4a1744381ad5fa0d2d8b10241 [CANDIDATE]: Term 1 pre-election: Tablet error from VoteRequest() call to peer 044f1da9a27c46acb82b1386f829f4dc: Not found: Tablet not found
I1031 23:09:21.855334 32773 leader_election.cc:243] T a56a9d551d3746e59739adec9d8125ea P 23f962e4a1744381ad5fa0d2d8b10241 [CANDIDATE]: Term 1 pre-election: Election decided. Result: candidate lost.
I1031 23:09:21.855548 30665 raft_consensus.cc:2162] T a56a9d551d3746e59739adec9d8125ea P 23f962e4a1744381ad5fa0d2d8b10241 [term 0 FOLLOWER]: Snoozing failure detection for election timeout plus an additional 14.849s
I1031 23:09:21.855576 30665 raft_consensus.cc:1908] T a56a9d551d3746e59739adec9d8125ea P 23f962e4a1744381ad5fa0d2d8b10241 [term 0 FOLLOWER]: Leader pre-election lost for term 1. Reason: could not achieve majority
I1031 23:09:22.356118 31124 raft_consensus.cc:411] T 0cbdac8627e144b4a2e5f080abda7766 P 23f962e4a1744381ad5fa0d2d8b10241 [term 0 FOLLOWER]: Starting pre-election (no leader contacted us within the election timeout)
I1031 23:09:22.356158 31124 raft_consensus.cc:2162] T 0cbdac8627e144b4a2e5f080abda7766 P 23f962e4a1744381ad5fa0d2d8b10241 [term 0 FOLLOWER]: Snoozing failure detection for election timeout plus an additional 16.203s
I1031 23:09:22.356199 31124 raft_consensus.cc:435] T 0cbdac8627e144b4a2e5f080abda7766 P 23f962e4a1744381ad5fa0d2d8b10241 [term 0 FOLLOWER]: Starting pre-election with config: opid_index: -1 OBSOLETE_local: false peers { permanent_uuid: "193181be29284287b25df2ee92938f0b" member_type: VOTER last_known_addr { host: "c3-kudu-tst-st08.bj" port: 18700 } } peers { permanent_uuid: "d3eb30bd1bc34b95902fa61724239553" member_type: VOTER last_known_addr { host: "c3-kudu-tst-st05.bj" port: 18700 } } peers { permanent_uuid: "23f962e4a1744381ad5fa0d2d8b10241" member_type: VOTER last_known_addr { host: "c3-kudu-tst-st07.bj" port: 18700 } }
I1031 23:09:22.356667 31124 leader_election.cc:216] T 0cbdac8627e144b4a2e5f080abda7766 P 23f962e4a1744381ad5fa0d2d8b10241 [CANDIDATE]: Term 1 pre-election: Requesting pre-vote from peer 193181be29284287b25df2ee92938f0b
I1031 23:09:22.356703 31124 leader_election.cc:216] T 0cbdac8627e144b4a2e5f080abda7766 P 23f962e4a1744381ad5fa0d2d8b10241 [CANDIDATE]: Term 1 pre-election: Requesting pre-vote from peer d3eb30bd1bc34b95902fa61724239553
W1031 23:09:22.356933 32772 leader_election.cc:278] T 0cbdac8627e144b4a2e5f080abda7766 P 23f962e4a1744381ad5fa0d2d8b10241 [CANDIDATE]: Term 1 pre-election: Tablet error from VoteRequest() call to peer 193181be29284287b25df2ee92938f0b: Not found: Tablet not found
W1031 23:09:22.356974 32772 leader_election.cc:278] T 0cbdac8627e144b4a2e5f080abda7766 P 23f962e4a1744381ad5fa0d2d8b10241 [CANDIDATE]: Term 1 pre-election: Tablet error from VoteRequest() call to peer d3eb30bd1bc34b95902fa61724239553: Not found: Tablet not found
I1031 23:09:22.356986 32772 leader_election.cc:243] T 0cbdac8627e144b4a2e5f080abda7766 P 23f962e4a1744381ad5fa0d2d8b10241 [CANDIDATE]: Term 1 pre-election: Election decided. Result: candidate lost.
I1031 23:09:22.357450 30667 raft_consensus.cc:2162] T 0cbdac8627e144b4a2e5f080abda7766 P 23f962e4a1744381ad5fa0d2d8b10241 [term 0 FOLLOWER]: Snoozing failure detection for election timeout plus an additional 3.537s
I1031 23:09:22.357472 30667 raft_consensus.cc:1908] T 0cbdac8627e144b4a2e5f080abda7766 P 23f962e4a1744381ad5fa0d2d8b10241 [term 0 FOLLOWER]: Leader pre-election lost for term 1. Reason: could not achieve majority
I1031 23:09:24.787109 37655 raft_consensus.cc:411] T bade583b5fea4f3781e889af8cd881ed P 23f962e4a1744381ad5fa0d2d8b10241 [term 0 FOLLOWER]: Starting pre-election (no leader contacted us within the election timeout)
I1031 23:09:24.787171 37655 raft_consensus.cc:2162] T bade583b5fea4f3781e889af8cd881ed P 23f962e4a1744381ad5fa0d2d8b10241 [term 0 FOLLOWER]: Snoozing failure detection for election timeout plus an additional 14.685s
I1031 23:09:24.787226 37655 raft_consensus.cc:435] T bade583b5fea4f3781e889af8cd881ed P 23f962e4a1744381ad5fa0d2d8b10241 [term 0 FOLLOWER]: Starting pre-election with config: opid_index: -1 OBSOLETE_local: false peers { permanent_uuid: "23f962e4a1744381ad5fa0d2d8b10241" member_type: VOTER last_known_addr { host: "c3-kudu-tst-st07.bj" port: 18700 } } peers { permanent_uuid: "daba39963d4346e1816089fd3a5442b5" member_type: VOTER last_known_addr { host: "c3-kudu-tst-st09.bj" port: 18700 } } peers { permanent_uuid: "193181be29284287b25df2ee92938f0b" member_type: VOTER last_known_addr { host: "c3-kudu-tst-st08.bj" port: 18700 } }
I1031 23:09:24.787818 37655 leader_election.cc:216] T bade583b5fea4f3781e889af8cd881ed P 23f962e4a1744381ad5fa0d2d8b10241 [CANDIDATE]: Term 1 pre-election: Requesting pre-vote from peer daba39963d4346e1816089fd3a5442b5
I1031 23:09:24.787855 37655 leader_election.cc:216] T bade583b5fea4f3781e889af8cd881ed P 23f962e4a1744381ad5fa0d2d8b10241 [CANDIDATE]: Term 1 pre-election: Requesting pre-vote from peer 193181be29284287b25df2ee92938f0b
W1031 23:09:24.788106 32770 leader_election.cc:278] T bade583b5fea4f3781e889af8cd881ed P 23f962e4a1744381ad5fa0d2d8b10241 [CANDIDATE]: Term 1 pre-election: Tablet error from VoteRequest() call to peer daba39963d4346e1816089fd3a5442b5: Not found: Tablet not found
W1031 23:09:24.788133 32772 leader_election.cc:278] T bade583b5fea4f3781e889af8cd881ed P 23f962e4a1744381ad5fa0d2d8b10241 [CANDIDATE]: Term 1 pre-election: Tablet error from VoteRequest() call to peer 193181be29284287b25df2ee92938f0b: Not found: Tablet not found
I1031 23:09:24.788158 32772 leader_election.cc:243] T bade583b5fea4f3781e889af8cd881ed P 23f962e4a1744381ad5fa0d2d8b10241 [CANDIDATE]: Term 1 pre-election: Election decided. Result: candidate lost.
I1031 23:09:24.788470 30677 raft_consensus.cc:2162] T bade583b5fea4f3781e889af8cd881ed P 23f962e4a1744381ad5fa0d2d8b10241 [term 0 FOLLOWER]: Snoozing failure detection for election timeout plus an additional 2.845s
I1031 23:09:24.788496 30677 raft_consensus.cc:1908] T bade583b5fea4f3781e889af8cd881ed P 23f962e4a1744381ad5fa0d2d8b10241 [term 0 FOLLOWER]: Leader pre-election lost for term 1. Reason: could not achieve majority
W1031 23:09:26.670730 30381 log.cc:565] Time spent T 2765976a053c4287874c0cb2fb7781b2 P 23f962e4a1744381ad5fa0d2d8b10241: Append to log took a long time: real 0.149s user 0.000s sys 0.000s
W1031 23:09:26.670756 30386 log.cc:565] Time spent T 3123639d9835456b9f5dab3f7dd7ebd9 P 23f962e4a1744381ad5fa0d2d8b10241: Append to log took a long time: real 0.219s user 0.000s sys 0.000s
I1031 23:09:27.737440 31124 raft_consensus.cc:411] T 0cbdac8627e144b4a2e5f080abda7766 P 23f962e4a1744381ad5fa0d2d8b10241 [term 0 FOLLOWER]: Starting pre-election (no leader contacted us within the election timeout)
I1031 23:09:27.737483 31124 raft_consensus.cc:2162] T 0cbdac8627e144b4a2e5f080abda7766 P 23f962e4a1744381ad5fa0d2d8b10241 [term 0 FOLLOWER]: Snoozing failure detection for election timeout plus an additional 3.884s
I1031 23:09:27.737537 31124 raft_consensus.cc:435] T 0cbdac8627e144b4a2e5f080abda7766 P 23f962e4a1744381ad5fa0d2d8b10241 [term 0 FOLLOWER]: Starting pre-election with config: opid_index: -1 OBSOLETE_local: false peers { permanent_uuid: "193181be29284287b25df2ee92938f0b" member_type: VOTER last_known_addr { host: "c3-kudu-tst-st08.bj" port: 18700 } } peers { permanent_uuid: "d3eb30bd1bc34b95902fa61724239553" member_type: VOTER last_known_addr { host: "c3-kudu-tst-st05.bj" port: 18700 } } peers { permanent_uuid: "23f962e4a1744381ad5fa0d2d8b10241" member_type: VOTER last_known_addr { host: "c3-kudu-tst-st07.bj" port: 18700 } }
I1031 23:09:27.738210 31124 leader_election.cc:216] T 0cbdac8627e144b4a2e5f080abda7766 P 23f962e4a1744381ad5fa0d2d8b10241 [CANDIDATE]: Term 1 pre-election: Requesting pre-vote from peer 193181be29284287b25df2ee92938f0b
I1031 23:09:27.738240 31124 leader_election.cc:216] T 0cbdac8627e144b4a2e5f080abda7766 P 23f962e4a1744381ad5fa0d2d8b10241 [CANDIDATE]: Term 1 pre-election: Requesting pre-vote from peer d3eb30bd1bc34b95902fa61724239553
W1031 23:09:27.738482 32772 leader_election.cc:278] T 0cbdac8627e144b4a2e5f080abda7766 P 23f962e4a1744381ad5fa0d2d8b10241 [CANDIDATE]: Term 1 pre-election: Tablet error from VoteRequest() call to peer 193181be29284287b25df2ee92938f0b: Not found: Tablet not found
W1031 23:09:27.738528 32772 leader_election.cc:278] T 0cbdac8627e144b4a2e5f080abda7766 P 23f962e4a1744381ad5fa0d2d8b10241 [CANDIDATE]: Term 1 pre-election: Tablet error from VoteRequest() call to peer d3eb30bd1bc34b95902fa61724239553: Not found: Tablet not found
I1031 23:09:27.738546 32772 leader_election.cc:243] T 0cbdac8627e144b4a2e5f080abda7766 P 23f962e4a1744381ad5fa0d2d8b10241 [CANDIDATE]: Term 1 pre-election: Election decided. Result: candidate lost.
I1031 23:09:27.738867 30684 raft_consensus.cc:2162] T 0cbdac8627e144b4a2e5f080abda7766 P 23f962e4a1744381ad5fa0d2d8b10241 [term 0 FOLLOWER]: Snoozing failure detection for election timeout plus an additional 17.354s
I1031 23:09:27.738890 30684 raft_consensus.cc:1908] T 0cbdac8627e144b4a2e5f080abda7766 P 23f962e4a1744381ad5fa0d2d8b10241 [term 0 FOLLOWER]: Leader pre-election lost for term 1. Reason: could not achieve majority
I1031 23:09:28.360893 32803 tablet_service.cc:691] Processing DeleteTablet for tablet f49a4f915ac048b096fcb5f4878f436d with delete_type TABLET_DATA_DELETED (Replaced by 56155a2adc24450d89e338cc955bfa18 at 2017-10-31 23:04:22 CST) from {username='work'} at 10.108.187.10:62607
I1031 23:09:28.383411 32803 tablet_service.cc:691] Processing DeleteTablet for tablet 80ba7f33ec864c5f96c61932edb5cdc4 with delete_type TABLET_DATA_DELETED (Replaced by 47eeb8448c454968a45bf1a984427b25 at 2017-10-31 23:05:22 CST) from {username='work'} at 10.108.187.10:62607
I1031 23:09:28.386862 32803 tablet_service.cc:691] Processing DeleteTablet for tablet 27f651ff46ca4722b064a85e795dcaa4 with delete_type TABLET_DATA_DELETED (Replaced by 46fc46e028434bc69f467922a9a59101 at 2017-10-31 23:04:22 CST) from {username='work'} at 10.108.187.10:62607
I1031 23:09:28.398325 32803 tablet_service.cc:691] Processing DeleteTablet for tablet 32984b820db347e1b2d4d0786cf221f2 with delete_type TABLET_DATA_DELETED (Replaced by eeb3a3cb417b466abffd16749d165a61 at 2017-10-31 23:05:22 CST) from {username='work'} at 10.108.187.10:62607
I1031 23:09:28.444923 32803 tablet_service.cc:691] Processing DeleteTablet for tablet f0a40a8745bb4f4abbe8b304ebc7626c with delete_type TABLET_DATA_DELETED (Replaced by 802f72af09384e95acd389f46a1d9c84 at 2017-10-31 23:04:22 CST) from {username='work'} at 10.108.187.10:62607
I1031 23:09:28.447346 32803 tablet_service.cc:691] Processing DeleteTablet for tablet 005a48fb466c4a52896842dd00124755 with delete_type TABLET_DATA_DELETED (Replaced by f2af422919fd4560bd6441509a68d64b at 2017-10-31 23:05:22 CST) from {username='work'} at 10.108.187.10:62607
I1031 23:09:28.461704 32803 tablet_service.cc:691] Processing DeleteTablet for tablet 69b4b5f037014f10bfab077f3f98ca49 with delete_type TABLET_DATA_DELETED (Replaced by b758ec3274c84dcbb110cf5aa3dca9aa at 2017-10-31 23:04:22 CST) from {username='work'} at 10.108.187.10:62607
I1031 23:09:28.461736 32803 tablet_peer.cc:221] Initiating TabletPeer shutdown for tablet: 69b4b5f037014f10bfab077f3f98ca49
I1031 23:09:28.492910 32815 tablet_service.cc:691] Processing DeleteTablet for tablet 5110f0095bd94f67abf0aad906332efe with delete_type TABLET_DATA_DELETED (Replaced by bff7dab34ccd4b42842077e82106f6fb at 2017-10-31 23:04:22 CST) from {username='work'} at 10.108.187.10:62607
I1031 23:09:29.914530 37655 raft_consensus.cc:411] T bade583b5fea4f3781e889af8cd881ed P 23f962e4a1744381ad5fa0d2d8b10241 [term 0 FOLLOWER]: Starting pre-election (no leader contacted us within the election timeout)
I1031 23:09:29.914574 37655 raft_consensus.cc:2162] T bade583b5fea4f3781e889af8cd881ed P 23f962e4a1744381ad5fa0d2d8b10241 [term 0 FOLLOWER]: Snoozing failure detection for election timeout plus an additional 12.613s
I1031 23:09:29.914635 37655 raft_consensus.cc:435] T bade583b5fea4f3781e889af8cd881ed P 23f962e4a1744381ad5fa0d2d8b10241 [term 0 FOLLOWER]: Starting pre-election with config: opid_index: -1 OBSOLETE_local: false peers { permanent_uuid: "23f962e4a1744381ad5fa0d2d8b10241" member_type: VOTER last_known_addr { host: "c3-kudu-tst-st07.bj" port: 18700 } } peers { permanent_uuid: "daba39963d4346e1816089fd3a5442b5" member_type: VOTER last_known_addr { host: "c3-kudu-tst-st09.bj" port: 18700 } } peers { permanent_uuid: "193181be29284287b25df2ee92938f0b" member_type: VOTER last_known_addr { host: "c3-kudu-tst-st08.bj" port: 18700 } }
I1031 23:09:29.915180 37655 leader_election.cc:216] T bade583b5fea4f3781e889af8cd881ed P 23f962e4a1744381ad5fa0d2d8b10241 [CANDIDATE]: Term 1 pre-election: Requesting pre-vote from peer daba39963d4346e1816089fd3a5442b5
I1031 23:09:29.915216 37655 leader_election.cc:216] T bade583b5fea4f3781e889af8cd881ed P 23f962e4a1744381ad5fa0d2d8b10241 [CANDIDATE]: Term 1 pre-election: Requesting pre-vote from peer 193181be29284287b25df2ee92938f0b
W1031 23:09:29.915427 32772 leader_election.cc:278] T bade583b5fea4f3781e889af8cd881ed P 23f962e4a1744381ad5fa0d2d8b10241 [CANDIDATE]: Term 1 pre-election: Tablet error from VoteRequest() call to peer 193181be29284287b25df2ee92938f0b: Not found: Tablet not found
W1031 23:09:29.915518 32770 leader_election.cc:278] T bade583b5fea4f3781e889af8cd881ed P 23f962e4a1744381ad5fa0d2d8b10241 [CANDIDATE]: Term 1 pre-election: Tablet error from VoteRequest() call to peer daba39963d4346e1816089fd3a5442b5: Not found: Tablet not found
I1031 23:09:29.915540 32770 leader_election.cc:243] T bade583b5fea4f3781e889af8cd881ed P 23f962e4a1744381ad5fa0d2d8b10241 [CANDIDATE]: Term 1 pre-election: Election decided. Result: candidate lost.
I1031 23:09:29.915792 30881 raft_consensus.cc:2162] T bade583b5fea4f3781e889af8cd881ed P 23f962e4a1744381ad5fa0d2d8b10241 [term 0 FOLLOWER]: Snoozing failure detection for election timeout plus an additional 6.832s
I1031 23:09:29.915829 30881 raft_consensus.cc:1908] T bade583b5fea4f3781e889af8cd881ed P 23f962e4a1744381ad5fa0d2d8b10241 [term 0 FOLLOWER]: Leader pre-election lost for term 1. Reason: could not achieve majority
I1031 23:09:32.794590 27541 raft_consensus.cc:411] T 69b4b5f037014f10bfab077f3f98ca49 P 23f962e4a1744381ad5fa0d2d8b10241 [term 0 FOLLOWER]: Starting pre-election (no leader contacted us within the election timeout)
I1031 23:09:32.794651 27541 raft_consensus.cc:2162] T 69b4b5f037014f10bfab077f3f98ca49 P 23f962e4a1744381ad5fa0d2d8b10241 [term 0 FOLLOWER]: Snoozing failure detection for election timeout plus an additional 19.552s
I1031 23:09:32.794704 27541 raft_consensus.cc:435] T 69b4b5f037014f10bfab077f3f98ca49 P 23f962e4a1744381ad5fa0d2d8b10241 [term 0 FOLLOWER]: Starting pre-election with config: opid_index: -1 OBSOLETE_local: false peers { permanent_uuid: "23f962e4a1744381ad5fa0d2d8b10241" member_type: VOTER last_known_addr { host: "c3-kudu-tst-st07.bj" port: 18700 } } peers { permanent_uuid: "0a8bbcbbb5a6459aa5258464755db3bb" member_type: VOTER last_known_addr { host: "c3-kudu-tst-st02.bj" port: 18700 } } peers { permanent_uuid: "625f49b9554549e6a5c3a92b76e576cf" member_type: VOTER last_known_addr { host: "c3-kudu-tst-st10.bj" port: 18700 } }
I1031 23:09:32.795327 27541 leader_election.cc:216] T 69b4b5f037014f10bfab077f3f98ca49 P 23f962e4a1744381ad5fa0d2d8b10241 [CANDIDATE]: Term 1 pre-election: Requesting pre-vote from peer 0a8bbcbbb5a6459aa5258464755db3bb
I1031 23:09:32.795364 27541 leader_election.cc:216] T 69b4b5f037014f10bfab077f3f98ca49 P 23f962e4a1744381ad5fa0d2d8b10241 [CANDIDATE]: Term 1 pre-election: Requesting pre-vote from peer 625f49b9554549e6a5c3a92b76e576cf
W1031 23:09:32.795593 32773 leader_election.cc:278] T 69b4b5f037014f10bfab077f3f98ca49 P 23f962e4a1744381ad5fa0d2d8b10241 [CANDIDATE]: Term 1 pre-election: Tablet error from VoteRequest() call to peer 0a8bbcbbb5a6459aa5258464755db3bb: Not found: Tablet not found
W1031 23:09:32.795702 32771 leader_election.cc:278] T 69b4b5f037014f10bfab077f3f98ca49 P 23f962e4a1744381ad5fa0d2d8b10241 [CANDIDATE]: Term 1 pre-election: Tablet error from VoteRequest() call to peer 625f49b9554549e6a5c3a92b76e576cf: Not found: Tablet not found
I1031 23:09:32.795724 32771 leader_election.cc:243] T 69b4b5f037014f10bfab077f3f98ca49 P 23f962e4a1744381ad5fa0d2d8b10241 [CANDIDATE]: Term 1 pre-election: Election decided. Result: candidate lost.
I1031 23:09:32.795843 30890 raft_consensus.cc:2162] T 69b4b5f037014f10bfab077f3f98ca49 P 23f962e4a1744381ad5fa0d2d8b10241 [term 0 FOLLOWER]: Snoozing failure detection for election timeout plus an additional 16.440s
I1031 23:09:32.795864 30890 raft_consensus.cc:1908] T 69b4b5f037014f10bfab077f3f98ca49 P 23f962e4a1744381ad5fa0d2d8b10241 [term 0 FOLLOWER]: Leader pre-election lost for term 1. Reason: could not achieve majority
I1031 23:09:36.601217 37675 raft_consensus.cc:411] T ba08e192cf754b30acaccc0ced6d0c1c P 23f962e4a1744381ad5fa0d2d8b10241 [term 0 FOLLOWER]: Starting pre-election (no leader contacted us within the election timeout)
I1031 23:09:36.601271 37675 raft_consensus.cc:2162] T ba08e192cf754b30acaccc0ced6d0c1c P 23f962e4a1744381ad5fa0d2d8b10241 [term 0 FOLLOWER]: Snoozing failure detection for election timeout plus an additional 19.795s
I1031 23:09:36.601325 37675 raft_consensus.cc:435] T ba08e192cf754b30acaccc0ced6d0c1c P 23f962e4a1744381ad5fa0d2d8b10241 [term 0 FOLLOWER]: Starting pre-election with config: opid_index: -1 OBSOLETE_local: false peers { permanent_uuid: "0a8bbcbbb5a6459aa5258464755db3bb" member_type: VOTER last_known_addr { host: "c3-kudu-tst-st02.bj" port: 18700 } } peers { permanent_uuid: "23f962e4a1744381ad5fa0d2d8b10241" member_type: VOTER last_known_addr { host: "c3-kudu-tst-st07.bj" port: 18700 } } peers { permanent_uuid: "044f1da9a27c46acb82b1386f829f4dc" member_type: VOTER last_known_addr { host: "c3-kudu-tst-st03.bj" port: 18700 } }
I1031 23:09:36.601853 37675 leader_election.cc:216] T ba08e192cf754b30acaccc0ced6d0c1c P 23f962e4a1744381ad5fa0d2d8b10241 [CANDIDATE]: Term 1 pre-election: Requesting pre-vote from peer 0a8bbcbbb5a6459aa5258464755db3bb
I1031 23:09:36.601884 37675 leader_election.cc:216] T ba08e192cf754b30acaccc0ced6d0c1c P 23f962e4a1744381ad5fa0d2d8b10241 [CANDIDATE]: Term 1 pre-election: Requesting pre-vote from peer 044f1da9a27c46acb82b1386f829f4dc
W1031 23:09:36.602151 32773 leader_election.cc:278] T ba08e192cf754b30acaccc0ced6d0c1c P 23f962e4a1744381ad5fa0d2d8b10241 [CANDIDATE]: Term 1 pre-election: Tablet error from VoteRequest() call to peer 044f1da9a27c46acb82b1386f829f4dc: Not found: Tablet not found
W1031 23:09:36.602185 32773 leader_election.cc:278] T ba08e192cf754b30acaccc0ced6d0c1c P 23f962e4a1744381ad5fa0d2d8b10241 [CANDIDATE]: Term 1 pre-election: Tablet error from VoteRequest() call to peer 0a8bbcbbb5a6459aa5258464755db3bb: Not found: Tablet not found
I1031 23:09:36.602195 32773 leader_election.cc:243] T ba08e192cf754b30acaccc0ced6d0c1c P 23f962e4a1744381ad5fa0d2d8b10241 [CANDIDATE]: Term 1 pre-election: Election decided. Result: candidate lost.
I1031 23:09:36.602560 30912 raft_consensus.cc:2162] T ba08e192cf754b30acaccc0ced6d0c1c P 23f962e4a1744381ad5fa0d2d8b10241 [term 0 FOLLOWER]: Snoozing failure detection for election timeout plus an additional 13.858s
I1031 23:09:36.602586 30912 raft_consensus.cc:1908] T ba08e192cf754b30acaccc0ced6d0c1c P 23f962e4a1744381ad5fa0d2d8b10241 [term 0 FOLLOWER]: Leader pre-election lost for term 1. Reason: could not achieve majority
I1031 23:09:38.388643 37655 raft_consensus.cc:411] T bade583b5fea4f3781e889af8cd881ed P 23f962e4a1744381ad5fa0d2d8b10241 [term 0 FOLLOWER]: Starting pre-election (no leader contacted us within the election timeout)
I1031 23:09:38.388696 37655 raft_consensus.cc:2162] T bade583b5fea4f3781e889af8cd881ed P 23f962e4a1744381ad5fa0d2d8b10241 [term 0 FOLLOWER]: Snoozing failure detection for election timeout plus an additional 12.424s
I1031 23:09:38.388754 37655 raft_consensus.cc:435] T bade583b5fea4f3781e889af8cd881ed P 23f962e4a1744381ad5fa0d2d8b10241 [term 0 FOLLOWER]: Starting pre-election with config: opid_index: -1 OBSOLETE_local: false peers { permanent_uuid: "23f962e4a1744381ad5fa0d2d8b10241" member_type: VOTER last_known_addr { host: "c3-kudu-tst-st07.bj" port: 18700 } } peers { permanent_uuid: "daba39963d4346e1816089fd3a5442b5" member_type: VOTER last_known_addr { host: "c3-kudu-tst-st09.bj" port: 18700 } } peers { permanent_uuid: "193181be29284287b25df2ee92938f0b" member_type: VOTER last_known_addr { host: "c3-kudu-tst-st08.bj" port: 18700 } }
I1031 23:09:38.389247 37655 leader_election.cc:216] T bade583b5fea4f3781e889af8cd881ed P 23f962e4a1744381ad5fa0d2d8b10241 [CANDIDATE]: Term 1 pre-election: Requesting pre-vote from peer daba39963d4346e1816089fd3a5442b5
I1031 23:09:38.389274 37655 leader_election.cc:216] T bade583b5fea4f3781e889af8cd881ed P 23f962e4a1744381ad5fa0d2d8b10241 [CANDIDATE]: Term 1 pre-election: Requesting pre-vote from peer 193181be29284287b25df2ee92938f0b
W1031 23:09:38.389542 32770 leader_election.cc:278] T bade583b5fea4f3781e889af8cd881ed P 23f962e4a1744381ad5fa0d2d8b10241 [CANDIDATE]: Term 1 pre-election: Tablet error from VoteRequest() call to peer daba39963d4346e1816089fd3a5442b5: Not found: Tablet not found
W1031 23:09:38.389585 32772 leader_election.cc:278] T bade583b5fea4f3781e889af8cd881ed P 23f962e4a1744381ad5fa0d2d8b10241 [CANDIDATE]: Term 1 pre-election: Tablet error from VoteRequest() call to peer 193181be29284287b25df2ee92938f0b: Not found: Tablet not found
I1031 23:09:38.389601 32772 leader_election.cc:243] T bade583b5fea4f3781e889af8cd881ed P 23f962e4a1744381ad5fa0d2d8b10241 [CANDIDATE]: Term 1 pre-election: Election decided. Result: candidate lost.
I1031 23:09:38.389788 30934 raft_consensus.cc:2162] T bade583b5fea4f3781e889af8cd881ed P 23f962e4a1744381ad5fa0d2d8b10241 [term 0 FOLLOWER]: Snoozing failure detection for election timeout plus an additional 17.626s
I1031 23:09:38.389816 30934 raft_consensus.cc:1908] T bade583b5fea4f3781e889af8cd881ed P 23f962e4a1744381ad5fa0d2d8b10241 [term 0 FOLLOWER]: Leader pre-election lost for term 1. Reason: could not achieve majority
I1031 23:09:38.568507 37685 raft_consensus.cc:411] T a56a9d551d3746e59739adec9d8125ea P 23f962e4a1744381ad5fa0d2d8b10241 [term 0 FOLLOWER]: Starting pre-election (no leader contacted us within the election timeout)
I1031 23:09:38.568545 37685 raft_consensus.cc:2162] T a56a9d551d3746e59739adec9d8125ea P 23f962e4a1744381ad5fa0d2d8b10241 [term 0 FOLLOWER]: Snoozing failure detection for election timeout plus an additional 10.683s
I1031 23:09:38.568590 37685 raft_consensus.cc:435] T a56a9d551d3746e59739adec9d8125ea P 23f962e4a1744381ad5fa0d2d8b10241 [term 0 FOLLOWER]: Starting pre-election with config: opid_index: -1 OBSOLETE_local: false peers { permanent_uuid: "193181be29284287b25df2ee92938f0b" member_type: VOTER last_known_addr { host: "c3-kudu-tst-st08.bj" port: 18700 } } peers { permanent_uuid: "23f962e4a1744381ad5fa0d2d8b10241" member_type: VOTER last_known_addr { host: "c3-kudu-tst-st07.bj" port: 18700 } } peers { permanent_uuid: "044f1da9a27c46acb82b1386f829f4dc" member_type: VOTER last_known_addr { host: "c3-kudu-tst-st03.bj" port: 18700 } }
I1031 23:09:38.569025 37685 leader_election.cc:216] T a56a9d551d3746e59739adec9d8125ea P 23f962e4a1744381ad5fa0d2d8b10241 [CANDIDATE]: Term 1 pre-election: Requesting pre-vote from peer 193181be29284287b25df2ee92938f0b
I1031 23:09:38.569047 37685 leader_election.cc:216] T a56a9d551d3746e59739adec9d8125ea P 23f962e4a1744381ad5fa0d2d8b10241 [CANDIDATE]: Term 1 pre-election: Requesting pre-vote from peer 044f1da9a27c46acb82b1386f829f4dc
W1031 23:09:38.569272 32773 leader_election.cc:278] T a56a9d551d3746e59739adec9d8125ea P 23f962e4a1744381ad5fa0d2d8b10241 [CANDIDATE]: Term 1 pre-election: Tablet error from VoteRequest() call to peer 044f1da9a27c46acb82b1386f829f4dc: Not found: Tablet not found
W1031 23:09:38.569324 32772 leader_election.cc:278] T a56a9d551d3746e59739adec9d8125ea P 23f962e4a1744381ad5fa0d2d8b10241 [CANDIDATE]: Term 1 pre-election: Tablet error from VoteRequest() call to peer 193181be29284287b25df2ee92938f0b: Not found: Tablet not found
I1031 23:09:38.569342 32772 leader_election.cc:243] T a56a9d551d3746e59739adec9d8125ea P 23f962e4a1744381ad5fa0d2d8b10241 [CANDIDATE]: Term 1 pre-election: Election decided. Result: candidate lost.
I1031 23:09:38.569602 30935 raft_consensus.cc:2162] T a56a9d551d3746e59739adec9d8125ea P 23f962e4a1744381ad5fa0d2d8b10241 [term 0 FOLLOWER]: Snoozing failure detection for election timeout plus an additional 11.377s
I1031 23:09:38.569623 30935 raft_consensus.cc:1908] T a56a9d551d3746e59739adec9d8125ea P 23f962e4a1744381ad5fa0d2d8b10241 [term 0 FOLLOWER]: Leader pre-election lost for term 1. Reason: could not achieve majority
I1031 23:09:46.927129 31124 raft_consensus.cc:411] T 0cbdac8627e144b4a2e5f080abda7766 P 23f962e4a1744381ad5fa0d2d8b10241 [term 0 FOLLOWER]: Starting pre-election (no leader contacted us within the election timeout)
I1031 23:09:46.927187 31124 raft_consensus.cc:2162] T 0cbdac8627e144b4a2e5f080abda7766 P 23f962e4a1744381ad5fa0d2d8b10241 [term 0 FOLLOWER]: Snoozing failure detection for election timeout plus an additional 7.894s
I1031 23:09:46.927248 31124 raft_consensus.cc:435] T 0cbdac8627e144b4a2e5f080abda7766 P 23f962e4a1744381ad5fa0d2d8b10241 [term 0 FOLLOWER]: Starting pre-election with config: opid_index: -1 OBSOLETE_local: false peers { permanent_uuid: "193181be29284287b25df2ee92938f0b" member_type: VOTER last_known_addr { host: "c3-kudu-tst-st08.bj" port: 18700 } } peers { permanent_uuid: "d3eb30bd1bc34b95902fa61724239553" member_type: VOTER last_known_addr { host: "c3-kudu-tst-st05.bj" port: 18700 } } peers { permanent_uuid: "23f962e4a1744381ad5fa0d2d8b10241" member_type: VOTER last_known_addr { host: "c3-kudu-tst-st07.bj" port: 18700 } }
I1031 23:09:46.927855 31124 leader_election.cc:216] T 0cbdac8627e144b4a2e5f080abda7766 P 23f962e4a1744381ad5fa0d2d8b10241 [CANDIDATE]: Term 1 pre-election: Requesting pre-vote from peer 193181be29284287b25df2ee92938f0b
I1031 23:09:46.927896 31124 leader_election.cc:216] T 0cbdac8627e144b4a2e5f080abda7766 P 23f962e4a1744381ad5fa0d2d8b10241 [CANDIDATE]: Term 1 pre-election: Requesting pre-vote from peer d3eb30bd1bc34b95902fa61724239553
W1031 23:09:46.928189 32772 leader_election.cc:278] T 0cbdac8627e144b4a2e5f080abda7766 P 23f962e4a1744381ad5fa0d2d8b10241 [CANDIDATE]: Term 1 pre-election: Tablet error from VoteRequest() call to peer 193181be29284287b25df2ee92938f0b: Not found: Tablet not found
W1031 23:09:46.928267 32772 leader_election.cc:278] T 0cbdac8627e144b4a2e5f080abda7766 P 23f962e4a1744381ad5fa0d2d8b10241 [CANDIDATE]: Term 1 pre-election: Tablet error from VoteRequest() call to peer d3eb30bd1bc34b95902fa61724239553: Not found: Tablet not found
I1031 23:09:46.928297 32772 leader_election.cc:243] T 0cbdac8627e144b4a2e5f080abda7766 P 23f962e4a1744381ad5fa0d2d8b10241 [CANDIDATE]: Term 1 pre-election: Election decided. Result: candidate lost.
I1031 23:09:46.928702 30960 raft_consensus.cc:2162] T 0cbdac8627e144b4a2e5f080abda7766 P 23f962e4a1744381ad5fa0d2d8b10241 [term 0 FOLLOWER]: Snoozing failure detection for election timeout plus an additional 9.858s
I1031 23:09:46.928724 30960 raft_consensus.cc:1908] T 0cbdac8627e144b4a2e5f080abda7766 P 23f962e4a1744381ad5fa0d2d8b10241 [term 0 FOLLOWER]: Leader pre-election lost for term 1. Reason: could not achieve majority
I1031 23:09:51.075034 27541 raft_consensus.cc:411] T 69b4b5f037014f10bfab077f3f98ca49 P 23f962e4a1744381ad5fa0d2d8b10241 [term 0 FOLLOWER]: Starting pre-election (no leader contacted us within the election timeout)
I1031 23:09:51.075089 27541 raft_consensus.cc:2162] T 69b4b5f037014f10bfab077f3f98ca49 P 23f962e4a1744381ad5fa0d2d8b10241 [term 0 FOLLOWER]: Snoozing failure detection for election timeout plus an additional 10.257s
I1031 23:09:51.075141 27541 raft_consensus.cc:435] T 69b4b5f037014f10bfab077f3f98ca49 P 23f962e4a1744381ad5fa0d2d8b10241 [term 0 FOLLOWER]: Starting pre-election with config: opid_index: -1 OBSOLETE_local: false peers { permanent_uuid: "23f962e4a1744381ad5fa0d2d8b10241" member_type: VOTER last_known_addr { host: "c3-kudu-tst-st07.bj" port: 18700 } } peers { permanent_uuid: "0a8bbcbbb5a6459aa5258464755db3bb" member_type: VOTER last_known_addr { host: "c3-kudu-tst-st02.bj" port: 18700 } } peers { permanent_uuid: "625f49b9554549e6a5c3a92b76e576cf" member_type: VOTER last_known_addr { host: "c3-kudu-tst-st10.bj" port: 18700 } }
I1031 23:09:51.075651 27541 leader_election.cc:216] T 69b4b5f037014f10bfab077f3f98ca49 P 23f962e4a1744381ad5fa0d2d8b10241 [CANDIDATE]: Term 1 pre-election: Requesting pre-vote from peer 0a8bbcbbb5a6459aa5258464755db3bb
I1031 23:09:51.075696 27541 leader_election.cc:216] T 69b4b5f037014f10bfab077f3f98ca49 P 23f962e4a1744381ad5fa0d2d8b10241 [CANDIDATE]: Term 1 pre-election: Requesting pre-vote from peer 625f49b9554549e6a5c3a92b76e576cf
W1031 23:09:51.075948 32773 leader_election.cc:278] T 69b4b5f037014f10bfab077f3f98ca49 P 23f962e4a1744381ad5fa0d2d8b10241 [CANDIDATE]: Term 1 pre-election: Tablet error from VoteRequest() call to peer 0a8bbcbbb5a6459aa5258464755db3bb: Not found: Tablet not found
W1031 23:09:51.076031 32771 leader_election.cc:278] T 69b4b5f037014f10bfab077f3f98ca49 P 23f962e4a1744381ad5fa0d2d8b10241 [CANDIDATE]: Term 1 pre-election: Tablet error from VoteRequest() call to peer 625f49b9554549e6a5c3a92b76e576cf: Not found: Tablet not found
I1031 23:09:51.076053 32771 leader_election.cc:243] T 69b4b5f037014f10bfab077f3f98ca49 P 23f962e4a1744381ad5fa0d2d8b10241 [CANDIDATE]: Term 1 pre-election: Election decided. Result: candidate lost.
I1031 23:09:51.076409 30986 raft_consensus.cc:2162] T 69b4b5f037014f10bfab077f3f98ca49 P 23f962e4a1744381ad5fa0d2d8b10241 [term 0 FOLLOWER]: Snoozing failure detection for election timeout plus an additional 6.810s
I1031 23:09:51.076431 30986 raft_consensus.cc:1908] T 69b4b5f037014f10bfab077f3f98ca49 P 23f962e4a1744381ad5fa0d2d8b10241 [term 0 FOLLOWER]: Leader pre-election lost for term 1. Reason: could not achieve majority
I1031 23:09:51.684998 37685 raft_consensus.cc:411] T a56a9d551d3746e59739adec9d8125ea P 23f962e4a1744381ad5fa0d2d8b10241 [term 0 FOLLOWER]: Starting pre-election (no leader contacted us within the election timeout)
I1031 23:09:51.685046 37685 raft_consensus.cc:2162] T a56a9d551d3746e59739adec9d8125ea P 23f962e4a1744381ad5fa0d2d8b10241 [term 0 FOLLOWER]: Snoozing failure detection for election timeout plus an additional 11.404s
I1031 23:09:51.685093 37685 raft_consensus.cc:435] T a56a9d551d3746e59739adec9d8125ea P 23f962e4a1744381ad5fa0d2d8b10241 [term 0 FOLLOWER]: Starting pre-election with config: opid_index: -1 OBSOLETE_local: false peers { permanent_uuid: "193181be29284287b25df2ee92938f0b" member_type: VOTER last_known_addr { host: "c3-kudu-tst-st08.bj" port: 18700 } } peers { permanent_uuid: "23f962e4a1744381ad5fa0d2d8b10241" member_type: VOTER last_known_addr { host: "c3-kudu-tst-st07.bj" port: 18700 } } peers { permanent_uuid: "044f1da9a27c46acb82b1386f829f4dc" member_type: VOTER last_known_addr { host: "c3-kudu-tst-st03.bj" port: 18700 } }
I1031 23:09:51.685561 37685 leader_election.cc:216] T a56a9d551d3746e59739adec9d8125ea P 23f962e4a1744381ad5fa0d2d8b10241 [CANDIDATE]: Term 1 pre-election: Requesting pre-vote from peer 193181be29284287b25df2ee92938f0b
I1031 23:09:51.685582 37685 leader_election.cc:216] T a56a9d551d3746e59739adec9d8125ea P 23f962e4a1744381ad5fa0d2d8b10241 [CANDIDATE]: Term 1 pre-election: Requesting pre-vote from peer 044f1da9a27c46acb82b1386f829f4dc
W1031 23:09:51.685775 32773 leader_election.cc:278] T a56a9d551d3746e59739adec9d8125ea P 23f962e4a1744381ad5fa0d2d8b10241 [CANDIDATE]: Term 1 pre-election: Tablet error from VoteRequest() call to peer 044f1da9a27c46acb82b1386f829f4dc: Not found: Tablet not found
W1031 23:09:51.685910 32772 leader_election.cc:278] T a56a9d551d3746e59739adec9d8125ea P 23f962e4a1744381ad5fa0d2d8b10241 [CANDIDATE]: Term 1 pre-election: Tablet error from VoteRequest() call to peer 193181be29284287b25df2ee92938f0b: Not found: Tablet not found
I1031 23:09:51.685936 32772 leader_election.cc:243] T a56a9d551d3746e59739adec9d8125ea P 23f962e4a1744381ad5fa0d2d8b10241 [CANDIDATE]: Term 1 pre-election: Election decided. Result: candidate lost.
I1031 23:09:51.686538 30987 raft_consensus.cc:2162] T a56a9d551d3746e59739adec9d8125ea P 23f962e4a1744381ad5fa0d2d8b10241 [term 0 FOLLOWER]: Snoozing failure detection for election timeout plus an additional 16.848s
I1031 23:09:51.686561 30987 raft_consensus.cc:1908] T a56a9d551d3746e59739adec9d8125ea P 23f962e4a1744381ad5fa0d2d8b10241 [term 0 FOLLOWER]: Leader pre-election lost for term 1. Reason: could not achieve majority
I1031 23:09:52.126404 37675 raft_consensus.cc:411] T ba08e192cf754b30acaccc0ced6d0c1c P 23f962e4a1744381ad5fa0d2d8b10241 [term 0 FOLLOWER]: Starting pre-election (no leader contacted us within the election timeout)
I1031 23:09:52.126441 37675 raft_consensus.cc:2162] T ba08e192cf754b30acaccc0ced6d0c1c P 23f962e4a1744381ad5fa0d2d8b10241 [term 0 FOLLOWER]: Snoozing failure detection for election timeout plus an additional 5.117s
I1031 23:09:52.126485 37675 raft_consensus.cc:435] T ba08e192cf754b30acaccc0ced6d0c1c P 23f962e4a1744381ad5fa0d2d8b10241 [term 0 FOLLOWER]: Starting pre-election with config: opid_index: -1 OBSOLETE_local: false peers { permanent_uuid: "0a8bbcbbb5a6459aa5258464755db3bb" member_type: VOTER last_known_addr { host: "c3-kudu-tst-st02.bj" port: 18700 } } peers { permanent_uuid: "23f962e4a1744381ad5fa0d2d8b10241" member_type: VOTER last_known_addr { host: "c3-kudu-tst-st07.bj" port: 18700 } } peers { permanent_uuid: "044f1da9a27c46acb82b1386f829f4dc" member_type: VOTER last_known_addr { host: "c3-kudu-tst-st03.bj" port: 18700 } }
I1031 23:09:52.126914 37675 leader_election.cc:216] T ba08e192cf754b30acaccc0ced6d0c1c P 23f962e4a1744381ad5fa0d2d8b10241 [CANDIDATE]: Term 1 pre-election: Requesting pre-vote from peer 0a8bbcbbb5a6459aa5258464755db3bb
I1031 23:09:52.126947 37675 leader_election.cc:216] T ba08e192cf754b30acaccc0ced6d0c1c P 23f962e4a1744381ad5fa0d2d8b10241 [CANDIDATE]: Term 1 pre-election: Requesting pre-vote from peer 044f1da9a27c46acb82b1386f829f4dc
W1031 23:09:52.127207 32773 leader_election.cc:278] T ba08e192cf754b30acaccc0ced6d0c1c P 23f962e4a1744381ad5fa0d2d8b10241 [CANDIDATE]: Term 1 pre-election: Tablet error from VoteRequest() call to peer 0a8bbcbbb5a6459aa5258464755db3bb: Not found: Tablet not found
W1031 23:09:52.127259 32773 leader_election.cc:278] T ba08e192cf754b30acaccc0ced6d0c1c P 23f962e4a1744381ad5fa0d2d8b10241 [CANDIDATE]: Term 1 pre-election: Tablet error from VoteRequest() call to peer 044f1da9a27c46acb82b1386f829f4dc: Not found: Tablet not found
I1031 23:09:52.127281 32773 leader_election.cc:243] T ba08e192cf754b30acaccc0ced6d0c1c P 23f962e4a1744381ad5fa0d2d8b10241 [CANDIDATE]: Term 1 pre-election: Election decided. Result: candidate lost.
I1031 23:09:52.127460 30988 raft_consensus.cc:2162] T ba08e192cf754b30acaccc0ced6d0c1c P 23f962e4a1744381ad5fa0d2d8b10241 [term 0 FOLLOWER]: Snoozing failure detection for election timeout plus an additional 9.166s
I1031 23:09:52.127480 30988 raft_consensus.cc:1908] T ba08e192cf754b30acaccc0ced6d0c1c P 23f962e4a1744381ad5fa0d2d8b10241 [term 0 FOLLOWER]: Leader pre-election lost for term 1. Reason: could not achieve majority
W1031 23:09:56.864621 30381 log.cc:565] Time spent T 2765976a053c4287874c0cb2fb7781b2 P 23f962e4a1744381ad5fa0d2d8b10241: Append to log took a long time: real 0.115s user 0.000s sys 0.000s
W1031 23:09:56.864616 30391 log.cc:565] Time spent T 3a949c88a8864d509b058fddddebc6d2 P 23f962e4a1744381ad5fa0d2d8b10241: Append to log took a long time: real 0.062s user 0.000s sys 0.000s
I1031 23:09:57.695013 37655 raft_consensus.cc:411] T bade583b5fea4f3781e889af8cd881ed P 23f962e4a1744381ad5fa0d2d8b10241 [term 0 FOLLOWER]: Starting pre-election (no leader contacted us within the election timeout)
I1031 23:09:57.695055 37655 raft_consensus.cc:2162] T bade583b5fea4f3781e889af8cd881ed P 23f962e4a1744381ad5fa0d2d8b10241 [term 0 FOLLOWER]: Snoozing failure detection for election timeout plus an additional 12.676s
