I1031 23:16:30.441392 32760 maintenance_manager.cc:425] P 23f962e4a1744381ad5fa0d2d8b10241: UndoDeltaBlockGCOp(3a949c88a8864d509b058fddddebc6d2) metrics: {"cfile_init":1,"data dir 5.queue_time_us":266,"data dir 5.run_cpu_time_us":55,"data dir 5.run_wall_time_us":55,"fdatasync":1,"fdatasync_us":24931,"lbm_read_time_us":7,"lbm_reads_lt_1ms":4,"thread_start_us":257,"threads_started":1}
I1031 23:16:30.836524 37685 raft_consensus.cc:411] T a56a9d551d3746e59739adec9d8125ea P 23f962e4a1744381ad5fa0d2d8b10241 [term 0 FOLLOWER]: Starting pre-election (no leader contacted us within the election timeout)
I1031 23:16:30.836578 37685 raft_consensus.cc:2162] T a56a9d551d3746e59739adec9d8125ea P 23f962e4a1744381ad5fa0d2d8b10241 [term 0 FOLLOWER]: Snoozing failure detection for election timeout plus an additional 18.499s
I1031 23:16:30.836632 37685 raft_consensus.cc:435] T a56a9d551d3746e59739adec9d8125ea P 23f962e4a1744381ad5fa0d2d8b10241 [term 0 FOLLOWER]: Starting pre-election with config: opid_index: -1 OBSOLETE_local: false peers { permanent_uuid: "193181be29284287b25df2ee92938f0b" member_type: VOTER last_known_addr { host: "c3-kudu-tst-st08.bj" port: 18700 } } peers { permanent_uuid: "23f962e4a1744381ad5fa0d2d8b10241" member_type: VOTER last_known_addr { host: "c3-kudu-tst-st07.bj" port: 18700 } } peers { permanent_uuid: "044f1da9a27c46acb82b1386f829f4dc" member_type: VOTER last_known_addr { host: "c3-kudu-tst-st03.bj" port: 18700 } }
I1031 23:16:30.837168 37685 leader_election.cc:216] T a56a9d551d3746e59739adec9d8125ea P 23f962e4a1744381ad5fa0d2d8b10241 [CANDIDATE]: Term 1 pre-election: Requesting pre-vote from peer 193181be29284287b25df2ee92938f0b
I1031 23:16:30.837208 37685 leader_election.cc:216] T a56a9d551d3746e59739adec9d8125ea P 23f962e4a1744381ad5fa0d2d8b10241 [CANDIDATE]: Term 1 pre-election: Requesting pre-vote from peer 044f1da9a27c46acb82b1386f829f4dc
W1031 23:16:30.837460 32773 leader_election.cc:278] T a56a9d551d3746e59739adec9d8125ea P 23f962e4a1744381ad5fa0d2d8b10241 [CANDIDATE]: Term 1 pre-election: Tablet error from VoteRequest() call to peer 044f1da9a27c46acb82b1386f829f4dc: Not found: Tablet not found
W1031 23:16:30.837491 32772 leader_election.cc:278] T a56a9d551d3746e59739adec9d8125ea P 23f962e4a1744381ad5fa0d2d8b10241 [CANDIDATE]: Term 1 pre-election: Tablet error from VoteRequest() call to peer 193181be29284287b25df2ee92938f0b: Not found: Tablet not found
I1031 23:16:30.837507 32772 leader_election.cc:243] T a56a9d551d3746e59739adec9d8125ea P 23f962e4a1744381ad5fa0d2d8b10241 [CANDIDATE]: Term 1 pre-election: Election decided. Result: candidate lost.
I1031 23:16:30.838137 34924 raft_consensus.cc:2162] T a56a9d551d3746e59739adec9d8125ea P 23f962e4a1744381ad5fa0d2d8b10241 [term 0 FOLLOWER]: Snoozing failure detection for election timeout plus an additional 19.070s
I1031 23:16:30.838173 34924 raft_consensus.cc:1908] T a56a9d551d3746e59739adec9d8125ea P 23f962e4a1744381ad5fa0d2d8b10241 [term 0 FOLLOWER]: Leader pre-election lost for term 1. Reason: could not achieve majority
I1031 23:16:31.072568 32760 maintenance_manager.cc:419] Time spent running UndoDeltaBlockGCOp(3409046e569643c3a083c3f27cfe1582): real 0.405s user 0.312s sys 0.005s
I1031 23:16:31.072903 32760 maintenance_manager.cc:425] P 23f962e4a1744381ad5fa0d2d8b10241: UndoDeltaBlockGCOp(3409046e569643c3a083c3f27cfe1582) metrics: {"cfile_init":1,"data dir 2.queue_time_us":137,"data dir 2.run_cpu_time_us":40,"data dir 2.run_wall_time_us":40,"data dir 4.queue_time_us":267,"data dir 4.run_cpu_time_us":49,"data dir 4.run_wall_time_us":49,"fdatasync":1,"fdatasync_us":73076,"lbm_read_time_us":12,"lbm_reads_lt_1ms":4,"tcmalloc_contention_cycles":80384,"thread_start_us":381,"threads_started":2}
I1031 23:16:31.794309 32760 tablet.cc:911] T 3409046e569643c3a083c3f27cfe1582 P 23f962e4a1744381ad5fa0d2d8b10241: Flush: entering stage 1 (old memrowset already frozen for inserts)
I1031 23:16:31.794430 32760 compaction.cc:877] Selected 1 rowsets to compact:
I1031 23:16:31.794447 32760 compaction.cc:880] memrowset(current size on disk: ~0 bytes)
I1031 23:16:31.794463 32760 tablet.cc:913] T 3409046e569643c3a083c3f27cfe1582 P 23f962e4a1744381ad5fa0d2d8b10241: Memstore in-memory size: 1759 bytes
I1031 23:16:31.794484 32760 tablet.cc:1174] T 3409046e569643c3a083c3f27cfe1582 P 23f962e4a1744381ad5fa0d2d8b10241: Flush: entering phase 1 (flushing snapshot). Phase 1 snapshot: MvccSnapshot[committed={T|T < 6182760330540052480 or (T in {6182760330540052480})}]
I1031 23:16:31.794618 32760 multi_column_writer.cc:85] Opened CFile writer for column ts[int32 NOT NULL]
I1031 23:16:31.794652 32760 multi_column_writer.cc:85] Opened CFile writer for column id[int32 NOT NULL]
I1031 23:16:32.110666 32760 tablet.cc:1259] T 3409046e569643c3a083c3f27cfe1582 P 23f962e4a1744381ad5fa0d2d8b10241: Flush: entering phase 2 (starting to duplicate updates in new rowsets)
I1031 23:16:32.721129 32760 tablet.cc:1314] T 3409046e569643c3a083c3f27cfe1582 P 23f962e4a1744381ad5fa0d2d8b10241: Flush Phase 2: carrying over any updates which arrived during Phase 1
I1031 23:16:32.721261 32760 tablet.cc:1316] T 3409046e569643c3a083c3f27cfe1582 P 23f962e4a1744381ad5fa0d2d8b10241: Phase 2 snapshot: MvccSnapshot[committed={T|T < 6182760330540052480 or (T in {6182760330540052480})}]
I1031 23:16:33.652246 32760 tablet.cc:1358] T 3409046e569643c3a083c3f27cfe1582 P 23f962e4a1744381ad5fa0d2d8b10241: Flush successful on 13 rows (4354 bytes)
I1031 23:16:33.652420 32760 maintenance_manager.cc:419] Time spent running FlushMRSOp(3409046e569643c3a083c3f27cfe1582): real 2.464s user 2.061s sys 0.006s
I1031 23:16:33.652623 32760 maintenance_manager.cc:425] P 23f962e4a1744381ad5fa0d2d8b10241: FlushMRSOp(3409046e569643c3a083c3f27cfe1582) metrics: {"cfile_init":1,"fdatasync":11,"fdatasync_us":384903,"lbm_read_time_us":7,"lbm_reads_lt_1ms":4,"lbm_write_time_us":155,"lbm_writes_lt_1ms":26,"tcmalloc_contention_cycles":137600}
I1031 23:16:38.265929 31124 raft_consensus.cc:411] T 0cbdac8627e144b4a2e5f080abda7766 P 23f962e4a1744381ad5fa0d2d8b10241 [term 0 FOLLOWER]: Starting pre-election (no leader contacted us within the election timeout)
I1031 23:16:38.265986 31124 raft_consensus.cc:2162] T 0cbdac8627e144b4a2e5f080abda7766 P 23f962e4a1744381ad5fa0d2d8b10241 [term 0 FOLLOWER]: Snoozing failure detection for election timeout plus an additional 18.601s
I1031 23:16:38.266048 31124 raft_consensus.cc:435] T 0cbdac8627e144b4a2e5f080abda7766 P 23f962e4a1744381ad5fa0d2d8b10241 [term 0 FOLLOWER]: Starting pre-election with config: opid_index: -1 OBSOLETE_local: false peers { permanent_uuid: "193181be29284287b25df2ee92938f0b" member_type: VOTER last_known_addr { host: "c3-kudu-tst-st08.bj" port: 18700 } } peers { permanent_uuid: "d3eb30bd1bc34b95902fa61724239553" member_type: VOTER last_known_addr { host: "c3-kudu-tst-st05.bj" port: 18700 } } peers { permanent_uuid: "23f962e4a1744381ad5fa0d2d8b10241" member_type: VOTER last_known_addr { host: "c3-kudu-tst-st07.bj" port: 18700 } }
I1031 23:16:38.266604 31124 leader_election.cc:216] T 0cbdac8627e144b4a2e5f080abda7766 P 23f962e4a1744381ad5fa0d2d8b10241 [CANDIDATE]: Term 1 pre-election: Requesting pre-vote from peer 193181be29284287b25df2ee92938f0b
I1031 23:16:38.266641 31124 leader_election.cc:216] T 0cbdac8627e144b4a2e5f080abda7766 P 23f962e4a1744381ad5fa0d2d8b10241 [CANDIDATE]: Term 1 pre-election: Requesting pre-vote from peer d3eb30bd1bc34b95902fa61724239553
W1031 23:16:38.266871 32772 leader_election.cc:278] T 0cbdac8627e144b4a2e5f080abda7766 P 23f962e4a1744381ad5fa0d2d8b10241 [CANDIDATE]: Term 1 pre-election: Tablet error from VoteRequest() call to peer d3eb30bd1bc34b95902fa61724239553: Not found: Tablet not found
W1031 23:16:38.266929 32772 leader_election.cc:278] T 0cbdac8627e144b4a2e5f080abda7766 P 23f962e4a1744381ad5fa0d2d8b10241 [CANDIDATE]: Term 1 pre-election: Tablet error from VoteRequest() call to peer 193181be29284287b25df2ee92938f0b: Not found: Tablet not found
I1031 23:16:38.266942 32772 leader_election.cc:243] T 0cbdac8627e144b4a2e5f080abda7766 P 23f962e4a1744381ad5fa0d2d8b10241 [CANDIDATE]: Term 1 pre-election: Election decided. Result: candidate lost.
I1031 23:16:38.267097 34977 raft_consensus.cc:2162] T 0cbdac8627e144b4a2e5f080abda7766 P 23f962e4a1744381ad5fa0d2d8b10241 [term 0 FOLLOWER]: Snoozing failure detection for election timeout plus an additional 9.504s
I1031 23:16:38.267119 34977 raft_consensus.cc:1908] T 0cbdac8627e144b4a2e5f080abda7766 P 23f962e4a1744381ad5fa0d2d8b10241 [term 0 FOLLOWER]: Leader pre-election lost for term 1. Reason: could not achieve majority
I1031 23:16:38.455875 37655 raft_consensus.cc:411] T bade583b5fea4f3781e889af8cd881ed P 23f962e4a1744381ad5fa0d2d8b10241 [term 0 FOLLOWER]: Starting pre-election (no leader contacted us within the election timeout)
I1031 23:16:38.455899 37655 raft_consensus.cc:2162] T bade583b5fea4f3781e889af8cd881ed P 23f962e4a1744381ad5fa0d2d8b10241 [term 0 FOLLOWER]: Snoozing failure detection for election timeout plus an additional 8.269s
I1031 23:16:38.455935 37655 raft_consensus.cc:435] T bade583b5fea4f3781e889af8cd881ed P 23f962e4a1744381ad5fa0d2d8b10241 [term 0 FOLLOWER]: Starting pre-election with config: opid_index: -1 OBSOLETE_local: false peers { permanent_uuid: "23f962e4a1744381ad5fa0d2d8b10241" member_type: VOTER last_known_addr { host: "c3-kudu-tst-st07.bj" port: 18700 } } peers { permanent_uuid: "daba39963d4346e1816089fd3a5442b5" member_type: VOTER last_known_addr { host: "c3-kudu-tst-st09.bj" port: 18700 } } peers { permanent_uuid: "193181be29284287b25df2ee92938f0b" member_type: VOTER last_known_addr { host: "c3-kudu-tst-st08.bj" port: 18700 } }
I1031 23:16:38.456370 37655 leader_election.cc:216] T bade583b5fea4f3781e889af8cd881ed P 23f962e4a1744381ad5fa0d2d8b10241 [CANDIDATE]: Term 1 pre-election: Requesting pre-vote from peer daba39963d4346e1816089fd3a5442b5
I1031 23:16:38.456405 37655 leader_election.cc:216] T bade583b5fea4f3781e889af8cd881ed P 23f962e4a1744381ad5fa0d2d8b10241 [CANDIDATE]: Term 1 pre-election: Requesting pre-vote from peer 193181be29284287b25df2ee92938f0b
W1031 23:16:38.456598 32770 leader_election.cc:278] T bade583b5fea4f3781e889af8cd881ed P 23f962e4a1744381ad5fa0d2d8b10241 [CANDIDATE]: Term 1 pre-election: Tablet error from VoteRequest() call to peer daba39963d4346e1816089fd3a5442b5: Not found: Tablet not found
W1031 23:16:38.456645 32772 leader_election.cc:278] T bade583b5fea4f3781e889af8cd881ed P 23f962e4a1744381ad5fa0d2d8b10241 [CANDIDATE]: Term 1 pre-election: Tablet error from VoteRequest() call to peer 193181be29284287b25df2ee92938f0b: Not found: Tablet not found
I1031 23:16:38.456661 32772 leader_election.cc:243] T bade583b5fea4f3781e889af8cd881ed P 23f962e4a1744381ad5fa0d2d8b10241 [CANDIDATE]: Term 1 pre-election: Election decided. Result: candidate lost.
I1031 23:16:38.456840 34978 raft_consensus.cc:2162] T bade583b5fea4f3781e889af8cd881ed P 23f962e4a1744381ad5fa0d2d8b10241 [term 0 FOLLOWER]: Snoozing failure detection for election timeout plus an additional 14.634s
I1031 23:16:38.456874 34978 raft_consensus.cc:1908] T bade583b5fea4f3781e889af8cd881ed P 23f962e4a1744381ad5fa0d2d8b10241 [term 0 FOLLOWER]: Leader pre-election lost for term 1. Reason: could not achieve majority
I1031 23:16:39.105583 37675 raft_consensus.cc:411] T ba08e192cf754b30acaccc0ced6d0c1c P 23f962e4a1744381ad5fa0d2d8b10241 [term 0 FOLLOWER]: Starting pre-election (no leader contacted us within the election timeout)
I1031 23:16:39.105634 37675 raft_consensus.cc:2162] T ba08e192cf754b30acaccc0ced6d0c1c P 23f962e4a1744381ad5fa0d2d8b10241 [term 0 FOLLOWER]: Snoozing failure detection for election timeout plus an additional 17.155s
I1031 23:16:39.105698 37675 raft_consensus.cc:435] T ba08e192cf754b30acaccc0ced6d0c1c P 23f962e4a1744381ad5fa0d2d8b10241 [term 0 FOLLOWER]: Starting pre-election with config: opid_index: -1 OBSOLETE_local: false peers { permanent_uuid: "0a8bbcbbb5a6459aa5258464755db3bb" member_type: VOTER last_known_addr { host: "c3-kudu-tst-st02.bj" port: 18700 } } peers { permanent_uuid: "23f962e4a1744381ad5fa0d2d8b10241" member_type: VOTER last_known_addr { host: "c3-kudu-tst-st07.bj" port: 18700 } } peers { permanent_uuid: "044f1da9a27c46acb82b1386f829f4dc" member_type: VOTER last_known_addr { host: "c3-kudu-tst-st03.bj" port: 18700 } }
I1031 23:16:39.106228 37675 leader_election.cc:216] T ba08e192cf754b30acaccc0ced6d0c1c P 23f962e4a1744381ad5fa0d2d8b10241 [CANDIDATE]: Term 1 pre-election: Requesting pre-vote from peer 0a8bbcbbb5a6459aa5258464755db3bb
I1031 23:16:39.106266 37675 leader_election.cc:216] T ba08e192cf754b30acaccc0ced6d0c1c P 23f962e4a1744381ad5fa0d2d8b10241 [CANDIDATE]: Term 1 pre-election: Requesting pre-vote from peer 044f1da9a27c46acb82b1386f829f4dc
W1031 23:16:39.106528 32773 leader_election.cc:278] T ba08e192cf754b30acaccc0ced6d0c1c P 23f962e4a1744381ad5fa0d2d8b10241 [CANDIDATE]: Term 1 pre-election: Tablet error from VoteRequest() call to peer 0a8bbcbbb5a6459aa5258464755db3bb: Not found: Tablet not found
W1031 23:16:39.106564 32773 leader_election.cc:278] T ba08e192cf754b30acaccc0ced6d0c1c P 23f962e4a1744381ad5fa0d2d8b10241 [CANDIDATE]: Term 1 pre-election: Tablet error from VoteRequest() call to peer 044f1da9a27c46acb82b1386f829f4dc: Not found: Tablet not found
I1031 23:16:39.106577 32773 leader_election.cc:243] T ba08e192cf754b30acaccc0ced6d0c1c P 23f962e4a1744381ad5fa0d2d8b10241 [CANDIDATE]: Term 1 pre-election: Election decided. Result: candidate lost.
I1031 23:16:39.106766 34980 raft_consensus.cc:2162] T ba08e192cf754b30acaccc0ced6d0c1c P 23f962e4a1744381ad5fa0d2d8b10241 [term 0 FOLLOWER]: Snoozing failure detection for election timeout plus an additional 14.580s
I1031 23:16:39.106788 34980 raft_consensus.cc:1908] T ba08e192cf754b30acaccc0ced6d0c1c P 23f962e4a1744381ad5fa0d2d8b10241 [term 0 FOLLOWER]: Leader pre-election lost for term 1. Reason: could not achieve majority
I1031 23:16:49.580106 31124 raft_consensus.cc:411] T 0cbdac8627e144b4a2e5f080abda7766 P 23f962e4a1744381ad5fa0d2d8b10241 [term 0 FOLLOWER]: Starting pre-election (no leader contacted us within the election timeout)
I1031 23:16:49.580157 31124 raft_consensus.cc:2162] T 0cbdac8627e144b4a2e5f080abda7766 P 23f962e4a1744381ad5fa0d2d8b10241 [term 0 FOLLOWER]: Snoozing failure detection for election timeout plus an additional 3.870s
I1031 23:16:49.580216 31124 raft_consensus.cc:435] T 0cbdac8627e144b4a2e5f080abda7766 P 23f962e4a1744381ad5fa0d2d8b10241 [term 0 FOLLOWER]: Starting pre-election with config: opid_index: -1 OBSOLETE_local: false peers { permanent_uuid: "193181be29284287b25df2ee92938f0b" member_type: VOTER last_known_addr { host: "c3-kudu-tst-st08.bj" port: 18700 } } peers { permanent_uuid: "d3eb30bd1bc34b95902fa61724239553" member_type: VOTER last_known_addr { host: "c3-kudu-tst-st05.bj" port: 18700 } } peers { permanent_uuid: "23f962e4a1744381ad5fa0d2d8b10241" member_type: VOTER last_known_addr { host: "c3-kudu-tst-st07.bj" port: 18700 } }
I1031 23:16:49.580726 31124 leader_election.cc:216] T 0cbdac8627e144b4a2e5f080abda7766 P 23f962e4a1744381ad5fa0d2d8b10241 [CANDIDATE]: Term 1 pre-election: Requesting pre-vote from peer 193181be29284287b25df2ee92938f0b
I1031 23:16:49.580750 31124 leader_election.cc:216] T 0cbdac8627e144b4a2e5f080abda7766 P 23f962e4a1744381ad5fa0d2d8b10241 [CANDIDATE]: Term 1 pre-election: Requesting pre-vote from peer d3eb30bd1bc34b95902fa61724239553
W1031 23:16:49.580972 32772 leader_election.cc:278] T 0cbdac8627e144b4a2e5f080abda7766 P 23f962e4a1744381ad5fa0d2d8b10241 [CANDIDATE]: Term 1 pre-election: Tablet error from VoteRequest() call to peer d3eb30bd1bc34b95902fa61724239553: Not found: Tablet not found
W1031 23:16:49.581029 32772 leader_election.cc:278] T 0cbdac8627e144b4a2e5f080abda7766 P 23f962e4a1744381ad5fa0d2d8b10241 [CANDIDATE]: Term 1 pre-election: Tablet error from VoteRequest() call to peer 193181be29284287b25df2ee92938f0b: Not found: Tablet not found
I1031 23:16:49.581049 32772 leader_election.cc:243] T 0cbdac8627e144b4a2e5f080abda7766 P 23f962e4a1744381ad5fa0d2d8b10241 [CANDIDATE]: Term 1 pre-election: Election decided. Result: candidate lost.
I1031 23:16:49.581269 35023 raft_consensus.cc:2162] T 0cbdac8627e144b4a2e5f080abda7766 P 23f962e4a1744381ad5fa0d2d8b10241 [term 0 FOLLOWER]: Snoozing failure detection for election timeout plus an additional 6.387s
I1031 23:16:49.581290 35023 raft_consensus.cc:1908] T 0cbdac8627e144b4a2e5f080abda7766 P 23f962e4a1744381ad5fa0d2d8b10241 [term 0 FOLLOWER]: Leader pre-election lost for term 1. Reason: could not achieve majority
I1031 23:16:51.609284 37685 raft_consensus.cc:411] T a56a9d551d3746e59739adec9d8125ea P 23f962e4a1744381ad5fa0d2d8b10241 [term 0 FOLLOWER]: Starting pre-election (no leader contacted us within the election timeout)
I1031 23:16:51.609339 37685 raft_consensus.cc:2162] T a56a9d551d3746e59739adec9d8125ea P 23f962e4a1744381ad5fa0d2d8b10241 [term 0 FOLLOWER]: Snoozing failure detection for election timeout plus an additional 13.669s
I1031 23:16:51.609392 37685 raft_consensus.cc:435] T a56a9d551d3746e59739adec9d8125ea P 23f962e4a1744381ad5fa0d2d8b10241 [term 0 FOLLOWER]: Starting pre-election with config: opid_index: -1 OBSOLETE_local: false peers { permanent_uuid: "193181be29284287b25df2ee92938f0b" member_type: VOTER last_known_addr { host: "c3-kudu-tst-st08.bj" port: 18700 } } peers { permanent_uuid: "23f962e4a1744381ad5fa0d2d8b10241" member_type: VOTER last_known_addr { host: "c3-kudu-tst-st07.bj" port: 18700 } } peers { permanent_uuid: "044f1da9a27c46acb82b1386f829f4dc" member_type: VOTER last_known_addr { host: "c3-kudu-tst-st03.bj" port: 18700 } }
I1031 23:16:51.609902 37685 leader_election.cc:216] T a56a9d551d3746e59739adec9d8125ea P 23f962e4a1744381ad5fa0d2d8b10241 [CANDIDATE]: Term 1 pre-election: Requesting pre-vote from peer 193181be29284287b25df2ee92938f0b
I1031 23:16:51.609925 37685 leader_election.cc:216] T a56a9d551d3746e59739adec9d8125ea P 23f962e4a1744381ad5fa0d2d8b10241 [CANDIDATE]: Term 1 pre-election: Requesting pre-vote from peer 044f1da9a27c46acb82b1386f829f4dc
W1031 23:16:51.610165 32773 leader_election.cc:278] T a56a9d551d3746e59739adec9d8125ea P 23f962e4a1744381ad5fa0d2d8b10241 [CANDIDATE]: Term 1 pre-election: Tablet error from VoteRequest() call to peer 044f1da9a27c46acb82b1386f829f4dc: Not found: Tablet not found
W1031 23:16:51.610201 32772 leader_election.cc:278] T a56a9d551d3746e59739adec9d8125ea P 23f962e4a1744381ad5fa0d2d8b10241 [CANDIDATE]: Term 1 pre-election: Tablet error from VoteRequest() call to peer 193181be29284287b25df2ee92938f0b: Not found: Tablet not found
I1031 23:16:51.610216 32772 leader_election.cc:243] T a56a9d551d3746e59739adec9d8125ea P 23f962e4a1744381ad5fa0d2d8b10241 [CANDIDATE]: Term 1 pre-election: Election decided. Result: candidate lost.
I1031 23:16:51.610396 35032 raft_consensus.cc:2162] T a56a9d551d3746e59739adec9d8125ea P 23f962e4a1744381ad5fa0d2d8b10241 [term 0 FOLLOWER]: Snoozing failure detection for election timeout plus an additional 3.184s
I1031 23:16:51.610424 35032 raft_consensus.cc:1908] T a56a9d551d3746e59739adec9d8125ea P 23f962e4a1744381ad5fa0d2d8b10241 [term 0 FOLLOWER]: Leader pre-election lost for term 1. Reason: could not achieve majority
I1031 23:16:54.919981 37655 raft_consensus.cc:411] T bade583b5fea4f3781e889af8cd881ed P 23f962e4a1744381ad5fa0d2d8b10241 [term 0 FOLLOWER]: Starting pre-election (no leader contacted us within the election timeout)
I1031 23:16:54.920043 37655 raft_consensus.cc:2162] T bade583b5fea4f3781e889af8cd881ed P 23f962e4a1744381ad5fa0d2d8b10241 [term 0 FOLLOWER]: Snoozing failure detection for election timeout plus an additional 13.295s
I1031 23:16:54.920104 37655 raft_consensus.cc:435] T bade583b5fea4f3781e889af8cd881ed P 23f962e4a1744381ad5fa0d2d8b10241 [term 0 FOLLOWER]: Starting pre-election with config: opid_index: -1 OBSOLETE_local: false peers { permanent_uuid: "23f962e4a1744381ad5fa0d2d8b10241" member_type: VOTER last_known_addr { host: "c3-kudu-tst-st07.bj" port: 18700 } } peers { permanent_uuid: "daba39963d4346e1816089fd3a5442b5" member_type: VOTER last_known_addr { host: "c3-kudu-tst-st09.bj" port: 18700 } } peers { permanent_uuid: "193181be29284287b25df2ee92938f0b" member_type: VOTER last_known_addr { host: "c3-kudu-tst-st08.bj" port: 18700 } }
I1031 23:16:54.920644 37655 leader_election.cc:216] T bade583b5fea4f3781e889af8cd881ed P 23f962e4a1744381ad5fa0d2d8b10241 [CANDIDATE]: Term 1 pre-election: Requesting pre-vote from peer daba39963d4346e1816089fd3a5442b5
I1031 23:16:54.920676 37655 leader_election.cc:216] T bade583b5fea4f3781e889af8cd881ed P 23f962e4a1744381ad5fa0d2d8b10241 [CANDIDATE]: Term 1 pre-election: Requesting pre-vote from peer 193181be29284287b25df2ee92938f0b
W1031 23:16:54.920925 32770 leader_election.cc:278] T bade583b5fea4f3781e889af8cd881ed P 23f962e4a1744381ad5fa0d2d8b10241 [CANDIDATE]: Term 1 pre-election: Tablet error from VoteRequest() call to peer daba39963d4346e1816089fd3a5442b5: Not found: Tablet not found
W1031 23:16:54.920969 32772 leader_election.cc:278] T bade583b5fea4f3781e889af8cd881ed P 23f962e4a1744381ad5fa0d2d8b10241 [CANDIDATE]: Term 1 pre-election: Tablet error from VoteRequest() call to peer 193181be29284287b25df2ee92938f0b: Not found: Tablet not found
I1031 23:16:54.920984 32772 leader_election.cc:243] T bade583b5fea4f3781e889af8cd881ed P 23f962e4a1744381ad5fa0d2d8b10241 [CANDIDATE]: Term 1 pre-election: Election decided. Result: candidate lost.
I1031 23:16:54.921273 35044 raft_consensus.cc:2162] T bade583b5fea4f3781e889af8cd881ed P 23f962e4a1744381ad5fa0d2d8b10241 [term 0 FOLLOWER]: Snoozing failure detection for election timeout plus an additional 13.964s
I1031 23:16:54.921319 35044 raft_consensus.cc:1908] T bade583b5fea4f3781e889af8cd881ed P 23f962e4a1744381ad5fa0d2d8b10241 [term 0 FOLLOWER]: Leader pre-election lost for term 1. Reason: could not achieve majority
I1031 23:16:55.629505 37675 raft_consensus.cc:411] T ba08e192cf754b30acaccc0ced6d0c1c P 23f962e4a1744381ad5fa0d2d8b10241 [term 0 FOLLOWER]: Starting pre-election (no leader contacted us within the election timeout)
I1031 23:16:55.629545 37675 raft_consensus.cc:2162] T ba08e192cf754b30acaccc0ced6d0c1c P 23f962e4a1744381ad5fa0d2d8b10241 [term 0 FOLLOWER]: Snoozing failure detection for election timeout plus an additional 13.988s
I1031 23:16:55.629583 37675 raft_consensus.cc:435] T ba08e192cf754b30acaccc0ced6d0c1c P 23f962e4a1744381ad5fa0d2d8b10241 [term 0 FOLLOWER]: Starting pre-election with config: opid_index: -1 OBSOLETE_local: false peers { permanent_uuid: "0a8bbcbbb5a6459aa5258464755db3bb" member_type: VOTER last_known_addr { host: "c3-kudu-tst-st02.bj" port: 18700 } } peers { permanent_uuid: "23f962e4a1744381ad5fa0d2d8b10241" member_type: VOTER last_known_addr { host: "c3-kudu-tst-st07.bj" port: 18700 } } peers { permanent_uuid: "044f1da9a27c46acb82b1386f829f4dc" member_type: VOTER last_known_addr { host: "c3-kudu-tst-st03.bj" port: 18700 } }
I1031 23:16:55.630107 37675 leader_election.cc:216] T ba08e192cf754b30acaccc0ced6d0c1c P 23f962e4a1744381ad5fa0d2d8b10241 [CANDIDATE]: Term 1 pre-election: Requesting pre-vote from peer 0a8bbcbbb5a6459aa5258464755db3bb
I1031 23:16:55.630144 37675 leader_election.cc:216] T ba08e192cf754b30acaccc0ced6d0c1c P 23f962e4a1744381ad5fa0d2d8b10241 [CANDIDATE]: Term 1 pre-election: Requesting pre-vote from peer 044f1da9a27c46acb82b1386f829f4dc
W1031 23:16:55.630334 32773 leader_election.cc:278] T ba08e192cf754b30acaccc0ced6d0c1c P 23f962e4a1744381ad5fa0d2d8b10241 [CANDIDATE]: Term 1 pre-election: Tablet error from VoteRequest() call to peer 044f1da9a27c46acb82b1386f829f4dc: Not found: Tablet not found
W1031 23:16:55.630374 32773 leader_election.cc:278] T ba08e192cf754b30acaccc0ced6d0c1c P 23f962e4a1744381ad5fa0d2d8b10241 [CANDIDATE]: Term 1 pre-election: Tablet error from VoteRequest() call to peer 0a8bbcbbb5a6459aa5258464755db3bb: Not found: Tablet not found
I1031 23:16:55.630390 32773 leader_election.cc:243] T ba08e192cf754b30acaccc0ced6d0c1c P 23f962e4a1744381ad5fa0d2d8b10241 [CANDIDATE]: Term 1 pre-election: Election decided. Result: candidate lost.
I1031 23:16:55.630605 35047 raft_consensus.cc:2162] T ba08e192cf754b30acaccc0ced6d0c1c P 23f962e4a1744381ad5fa0d2d8b10241 [term 0 FOLLOWER]: Snoozing failure detection for election timeout plus an additional 8.538s
I1031 23:16:55.630627 35047 raft_consensus.cc:1908] T ba08e192cf754b30acaccc0ced6d0c1c P 23f962e4a1744381ad5fa0d2d8b10241 [term 0 FOLLOWER]: Leader pre-election lost for term 1. Reason: could not achieve majority
I1031 23:16:56.798744 37685 raft_consensus.cc:411] T a56a9d551d3746e59739adec9d8125ea P 23f962e4a1744381ad5fa0d2d8b10241 [term 0 FOLLOWER]: Starting pre-election (no leader contacted us within the election timeout)
I1031 23:16:56.798787 37685 raft_consensus.cc:2162] T a56a9d551d3746e59739adec9d8125ea P 23f962e4a1744381ad5fa0d2d8b10241 [term 0 FOLLOWER]: Snoozing failure detection for election timeout plus an additional 13.133s
I1031 23:16:56.798830 37685 raft_consensus.cc:435] T a56a9d551d3746e59739adec9d8125ea P 23f962e4a1744381ad5fa0d2d8b10241 [term 0 FOLLOWER]: Starting pre-election with config: opid_index: -1 OBSOLETE_local: false peers { permanent_uuid: "193181be29284287b25df2ee92938f0b" member_type: VOTER last_known_addr { host: "c3-kudu-tst-st08.bj" port: 18700 } } peers { permanent_uuid: "23f962e4a1744381ad5fa0d2d8b10241" member_type: VOTER last_known_addr { host: "c3-kudu-tst-st07.bj" port: 18700 } } peers { permanent_uuid: "044f1da9a27c46acb82b1386f829f4dc" member_type: VOTER last_known_addr { host: "c3-kudu-tst-st03.bj" port: 18700 } }
I1031 23:16:56.799363 37685 leader_election.cc:216] T a56a9d551d3746e59739adec9d8125ea P 23f962e4a1744381ad5fa0d2d8b10241 [CANDIDATE]: Term 1 pre-election: Requesting pre-vote from peer 193181be29284287b25df2ee92938f0b
I1031 23:16:56.799392 37685 leader_election.cc:216] T a56a9d551d3746e59739adec9d8125ea P 23f962e4a1744381ad5fa0d2d8b10241 [CANDIDATE]: Term 1 pre-election: Requesting pre-vote from peer 044f1da9a27c46acb82b1386f829f4dc
W1031 23:16:56.799620 32773 leader_election.cc:278] T a56a9d551d3746e59739adec9d8125ea P 23f962e4a1744381ad5fa0d2d8b10241 [CANDIDATE]: Term 1 pre-election: Tablet error from VoteRequest() call to peer 044f1da9a27c46acb82b1386f829f4dc: Not found: Tablet not found
W1031 23:16:56.799659 32772 leader_election.cc:278] T a56a9d551d3746e59739adec9d8125ea P 23f962e4a1744381ad5fa0d2d8b10241 [CANDIDATE]: Term 1 pre-election: Tablet error from VoteRequest() call to peer 193181be29284287b25df2ee92938f0b: Not found: Tablet not found
I1031 23:16:56.799677 32772 leader_election.cc:243] T a56a9d551d3746e59739adec9d8125ea P 23f962e4a1744381ad5fa0d2d8b10241 [CANDIDATE]: Term 1 pre-election: Election decided. Result: candidate lost.
I1031 23:16:56.799918 35055 raft_consensus.cc:2162] T a56a9d551d3746e59739adec9d8125ea P 23f962e4a1744381ad5fa0d2d8b10241 [term 0 FOLLOWER]: Snoozing failure detection for election timeout plus an additional 2.217s
I1031 23:16:56.799942 35055 raft_consensus.cc:1908] T a56a9d551d3746e59739adec9d8125ea P 23f962e4a1744381ad5fa0d2d8b10241 [term 0 FOLLOWER]: Leader pre-election lost for term 1. Reason: could not achieve majority
I1031 23:16:57.566920 31124 raft_consensus.cc:411] T 0cbdac8627e144b4a2e5f080abda7766 P 23f962e4a1744381ad5fa0d2d8b10241 [term 0 FOLLOWER]: Starting pre-election (no leader contacted us within the election timeout)
I1031 23:16:57.566970 31124 raft_consensus.cc:2162] T 0cbdac8627e144b4a2e5f080abda7766 P 23f962e4a1744381ad5fa0d2d8b10241 [term 0 FOLLOWER]: Snoozing failure detection for election timeout plus an additional 1.854s
I1031 23:16:57.567039 31124 raft_consensus.cc:435] T 0cbdac8627e144b4a2e5f080abda7766 P 23f962e4a1744381ad5fa0d2d8b10241 [term 0 FOLLOWER]: Starting pre-election with config: opid_index: -1 OBSOLETE_local: false peers { permanent_uuid: "193181be29284287b25df2ee92938f0b" member_type: VOTER last_known_addr { host: "c3-kudu-tst-st08.bj" port: 18700 } } peers { permanent_uuid: "d3eb30bd1bc34b95902fa61724239553" member_type: VOTER last_known_addr { host: "c3-kudu-tst-st05.bj" port: 18700 } } peers { permanent_uuid: "23f962e4a1744381ad5fa0d2d8b10241" member_type: VOTER last_known_addr { host: "c3-kudu-tst-st07.bj" port: 18700 } }
I1031 23:16:57.567584 31124 leader_election.cc:216] T 0cbdac8627e144b4a2e5f080abda7766 P 23f962e4a1744381ad5fa0d2d8b10241 [CANDIDATE]: Term 1 pre-election: Requesting pre-vote from peer 193181be29284287b25df2ee92938f0b
I1031 23:16:57.567613 31124 leader_election.cc:216] T 0cbdac8627e144b4a2e5f080abda7766 P 23f962e4a1744381ad5fa0d2d8b10241 [CANDIDATE]: Term 1 pre-election: Requesting pre-vote from peer d3eb30bd1bc34b95902fa61724239553
W1031 23:16:57.567895 32772 leader_election.cc:278] T 0cbdac8627e144b4a2e5f080abda7766 P 23f962e4a1744381ad5fa0d2d8b10241 [CANDIDATE]: Term 1 pre-election: Tablet error from VoteRequest() call to peer d3eb30bd1bc34b95902fa61724239553: Not found: Tablet not found
W1031 23:16:57.567935 32772 leader_election.cc:278] T 0cbdac8627e144b4a2e5f080abda7766 P 23f962e4a1744381ad5fa0d2d8b10241 [CANDIDATE]: Term 1 pre-election: Tablet error from VoteRequest() call to peer 193181be29284287b25df2ee92938f0b: Not found: Tablet not found
I1031 23:16:57.567947 32772 leader_election.cc:243] T 0cbdac8627e144b4a2e5f080abda7766 P 23f962e4a1744381ad5fa0d2d8b10241 [CANDIDATE]: Term 1 pre-election: Election decided. Result: candidate lost.
I1031 23:16:57.568294 35057 raft_consensus.cc:2162] T 0cbdac8627e144b4a2e5f080abda7766 P 23f962e4a1744381ad5fa0d2d8b10241 [term 0 FOLLOWER]: Snoozing failure detection for election timeout plus an additional 3.524s
I1031 23:16:57.568318 35057 raft_consensus.cc:1908] T 0cbdac8627e144b4a2e5f080abda7766 P 23f962e4a1744381ad5fa0d2d8b10241 [term 0 FOLLOWER]: Leader pre-election lost for term 1. Reason: could not achieve majority
I1031 23:16:58.616158 32803 tablet_service.cc:691] Processing DeleteTablet for tablet 69b4b5f037014f10bfab077f3f98ca49 with delete_type TABLET_DATA_DELETED (Replaced by b758ec3274c84dcbb110cf5aa3dca9aa at 2017-10-31 23:04:22 CST) from {username='work'} at 10.108.187.10:62607
I1031 23:17:00.992142 37685 raft_consensus.cc:411] T a56a9d551d3746e59739adec9d8125ea P 23f962e4a1744381ad5fa0d2d8b10241 [term 0 FOLLOWER]: Starting pre-election (no leader contacted us within the election timeout)
I1031 23:17:00.992197 37685 raft_consensus.cc:2162] T a56a9d551d3746e59739adec9d8125ea P 23f962e4a1744381ad5fa0d2d8b10241 [term 0 FOLLOWER]: Snoozing failure detection for election timeout plus an additional 17.188s
I1031 23:17:00.992255 37685 raft_consensus.cc:435] T a56a9d551d3746e59739adec9d8125ea P 23f962e4a1744381ad5fa0d2d8b10241 [term 0 FOLLOWER]: Starting pre-election with config: opid_index: -1 OBSOLETE_local: false peers { permanent_uuid: "193181be29284287b25df2ee92938f0b" member_type: VOTER last_known_addr { host: "c3-kudu-tst-st08.bj" port: 18700 } } peers { permanent_uuid: "23f962e4a1744381ad5fa0d2d8b10241" member_type: VOTER last_known_addr { host: "c3-kudu-tst-st07.bj" port: 18700 } } peers { permanent_uuid: "044f1da9a27c46acb82b1386f829f4dc" member_type: VOTER last_known_addr { host: "c3-kudu-tst-st03.bj" port: 18700 } }
I1031 23:17:00.992913 37685 leader_election.cc:216] T a56a9d551d3746e59739adec9d8125ea P 23f962e4a1744381ad5fa0d2d8b10241 [CANDIDATE]: Term 1 pre-election: Requesting pre-vote from peer 193181be29284287b25df2ee92938f0b
I1031 23:17:00.992941 37685 leader_election.cc:216] T a56a9d551d3746e59739adec9d8125ea P 23f962e4a1744381ad5fa0d2d8b10241 [CANDIDATE]: Term 1 pre-election: Requesting pre-vote from peer 044f1da9a27c46acb82b1386f829f4dc
W1031 23:17:00.993227 32772 leader_election.cc:278] T a56a9d551d3746e59739adec9d8125ea P 23f962e4a1744381ad5fa0d2d8b10241 [CANDIDATE]: Term 1 pre-election: Tablet error from VoteRequest() call to peer 193181be29284287b25df2ee92938f0b: Not found: Tablet not found
W1031 23:17:00.993255 32773 leader_election.cc:278] T a56a9d551d3746e59739adec9d8125ea P 23f962e4a1744381ad5fa0d2d8b10241 [CANDIDATE]: Term 1 pre-election: Tablet error from VoteRequest() call to peer 044f1da9a27c46acb82b1386f829f4dc: Not found: Tablet not found
I1031 23:17:00.993278 32773 leader_election.cc:243] T a56a9d551d3746e59739adec9d8125ea P 23f962e4a1744381ad5fa0d2d8b10241 [CANDIDATE]: Term 1 pre-election: Election decided. Result: candidate lost.
I1031 23:17:00.993643 35085 raft_consensus.cc:2162] T a56a9d551d3746e59739adec9d8125ea P 23f962e4a1744381ad5fa0d2d8b10241 [term 0 FOLLOWER]: Snoozing failure detection for election timeout plus an additional 18.675s
I1031 23:17:00.993670 35085 raft_consensus.cc:1908] T a56a9d551d3746e59739adec9d8125ea P 23f962e4a1744381ad5fa0d2d8b10241 [term 0 FOLLOWER]: Leader pre-election lost for term 1. Reason: could not achieve majority
I1031 23:17:02.594375 31124 raft_consensus.cc:411] T 0cbdac8627e144b4a2e5f080abda7766 P 23f962e4a1744381ad5fa0d2d8b10241 [term 0 FOLLOWER]: Starting pre-election (no leader contacted us within the election timeout)
I1031 23:17:02.594425 31124 raft_consensus.cc:2162] T 0cbdac8627e144b4a2e5f080abda7766 P 23f962e4a1744381ad5fa0d2d8b10241 [term 0 FOLLOWER]: Snoozing failure detection for election timeout plus an additional 13.406s
I1031 23:17:02.594485 31124 raft_consensus.cc:435] T 0cbdac8627e144b4a2e5f080abda7766 P 23f962e4a1744381ad5fa0d2d8b10241 [term 0 FOLLOWER]: Starting pre-election with config: opid_index: -1 OBSOLETE_local: false peers { permanent_uuid: "193181be29284287b25df2ee92938f0b" member_type: VOTER last_known_addr { host: "c3-kudu-tst-st08.bj" port: 18700 } } peers { permanent_uuid: "d3eb30bd1bc34b95902fa61724239553" member_type: VOTER last_known_addr { host: "c3-kudu-tst-st05.bj" port: 18700 } } peers { permanent_uuid: "23f962e4a1744381ad5fa0d2d8b10241" member_type: VOTER last_known_addr { host: "c3-kudu-tst-st07.bj" port: 18700 } }
I1031 23:17:02.594965 31124 leader_election.cc:216] T 0cbdac8627e144b4a2e5f080abda7766 P 23f962e4a1744381ad5fa0d2d8b10241 [CANDIDATE]: Term 1 pre-election: Requesting pre-vote from peer 193181be29284287b25df2ee92938f0b
I1031 23:17:02.595000 31124 leader_election.cc:216] T 0cbdac8627e144b4a2e5f080abda7766 P 23f962e4a1744381ad5fa0d2d8b10241 [CANDIDATE]: Term 1 pre-election: Requesting pre-vote from peer d3eb30bd1bc34b95902fa61724239553
W1031 23:17:02.595232 32772 leader_election.cc:278] T 0cbdac8627e144b4a2e5f080abda7766 P 23f962e4a1744381ad5fa0d2d8b10241 [CANDIDATE]: Term 1 pre-election: Tablet error from VoteRequest() call to peer d3eb30bd1bc34b95902fa61724239553: Not found: Tablet not found
W1031 23:17:02.595291 32772 leader_election.cc:278] T 0cbdac8627e144b4a2e5f080abda7766 P 23f962e4a1744381ad5fa0d2d8b10241 [CANDIDATE]: Term 1 pre-election: Tablet error from VoteRequest() call to peer 193181be29284287b25df2ee92938f0b: Not found: Tablet not found
I1031 23:17:02.595304 32772 leader_election.cc:243] T 0cbdac8627e144b4a2e5f080abda7766 P 23f962e4a1744381ad5fa0d2d8b10241 [CANDIDATE]: Term 1 pre-election: Election decided. Result: candidate lost.
I1031 23:17:02.595489 35188 raft_consensus.cc:2162] T 0cbdac8627e144b4a2e5f080abda7766 P 23f962e4a1744381ad5fa0d2d8b10241 [term 0 FOLLOWER]: Snoozing failure detection for election timeout plus an additional 9.693s
I1031 23:17:02.595508 35188 raft_consensus.cc:1908] T 0cbdac8627e144b4a2e5f080abda7766 P 23f962e4a1744381ad5fa0d2d8b10241 [term 0 FOLLOWER]: Leader pre-election lost for term 1. Reason: could not achieve majority
W1031 23:17:02.643573 30396 log.cc:565] Time spent T 03802df37c9543298202506697cc8906 P 23f962e4a1744381ad5fa0d2d8b10241: Append to log took a long time: real 0.054s user 0.000s sys 0.000s
I1031 23:17:05.744627 37675 raft_consensus.cc:411] T ba08e192cf754b30acaccc0ced6d0c1c P 23f962e4a1744381ad5fa0d2d8b10241 [term 0 FOLLOWER]: Starting pre-election (no leader contacted us within the election timeout)
I1031 23:17:05.744668 37675 raft_consensus.cc:2162] T ba08e192cf754b30acaccc0ced6d0c1c P 23f962e4a1744381ad5fa0d2d8b10241 [term 0 FOLLOWER]: Snoozing failure detection for election timeout plus an additional 6.483s
I1031 23:17:05.744720 37675 raft_consensus.cc:435] T ba08e192cf754b30acaccc0ced6d0c1c P 23f962e4a1744381ad5fa0d2d8b10241 [term 0 FOLLOWER]: Starting pre-election with config: opid_index: -1 OBSOLETE_local: false peers { permanent_uuid: "0a8bbcbbb5a6459aa5258464755db3bb" member_type: VOTER last_known_addr { host: "c3-kudu-tst-st02.bj" port: 18700 } } peers { permanent_uuid: "23f962e4a1744381ad5fa0d2d8b10241" member_type: VOTER last_known_addr { host: "c3-kudu-tst-st07.bj" port: 18700 } } peers { permanent_uuid: "044f1da9a27c46acb82b1386f829f4dc" member_type: VOTER last_known_addr { host: "c3-kudu-tst-st03.bj" port: 18700 } }
I1031 23:17:05.745297 37675 leader_election.cc:216] T ba08e192cf754b30acaccc0ced6d0c1c P 23f962e4a1744381ad5fa0d2d8b10241 [CANDIDATE]: Term 1 pre-election: Requesting pre-vote from peer 0a8bbcbbb5a6459aa5258464755db3bb
I1031 23:17:05.745332 37675 leader_election.cc:216] T ba08e192cf754b30acaccc0ced6d0c1c P 23f962e4a1744381ad5fa0d2d8b10241 [CANDIDATE]: Term 1 pre-election: Requesting pre-vote from peer 044f1da9a27c46acb82b1386f829f4dc
W1031 23:17:05.745551 32773 leader_election.cc:278] T ba08e192cf754b30acaccc0ced6d0c1c P 23f962e4a1744381ad5fa0d2d8b10241 [CANDIDATE]: Term 1 pre-election: Tablet error from VoteRequest() call to peer 0a8bbcbbb5a6459aa5258464755db3bb: Not found: Tablet not found
W1031 23:17:05.745602 32773 leader_election.cc:278] T ba08e192cf754b30acaccc0ced6d0c1c P 23f962e4a1744381ad5fa0d2d8b10241 [CANDIDATE]: Term 1 pre-election: Tablet error from VoteRequest() call to peer 044f1da9a27c46acb82b1386f829f4dc: Not found: Tablet not found
I1031 23:17:05.745623 32773 leader_election.cc:243] T ba08e192cf754b30acaccc0ced6d0c1c P 23f962e4a1744381ad5fa0d2d8b10241 [CANDIDATE]: Term 1 pre-election: Election decided. Result: candidate lost.
I1031 23:17:05.745921 35215 raft_consensus.cc:2162] T ba08e192cf754b30acaccc0ced6d0c1c P 23f962e4a1744381ad5fa0d2d8b10241 [term 0 FOLLOWER]: Snoozing failure detection for election timeout plus an additional 13.949s
I1031 23:17:05.745942 35215 raft_consensus.cc:1908] T ba08e192cf754b30acaccc0ced6d0c1c P 23f962e4a1744381ad5fa0d2d8b10241 [term 0 FOLLOWER]: Leader pre-election lost for term 1. Reason: could not achieve majority
I1031 23:17:10.442940 37655 raft_consensus.cc:411] T bade583b5fea4f3781e889af8cd881ed P 23f962e4a1744381ad5fa0d2d8b10241 [term 0 FOLLOWER]: Starting pre-election (no leader contacted us within the election timeout)
I1031 23:17:10.442996 37655 raft_consensus.cc:2162] T bade583b5fea4f3781e889af8cd881ed P 23f962e4a1744381ad5fa0d2d8b10241 [term 0 FOLLOWER]: Snoozing failure detection for election timeout plus an additional 5.465s
I1031 23:17:10.443053 37655 raft_consensus.cc:435] T bade583b5fea4f3781e889af8cd881ed P 23f962e4a1744381ad5fa0d2d8b10241 [term 0 FOLLOWER]: Starting pre-election with config: opid_index: -1 OBSOLETE_local: false peers { permanent_uuid: "23f962e4a1744381ad5fa0d2d8b10241" member_type: VOTER last_known_addr { host: "c3-kudu-tst-st07.bj" port: 18700 } } peers { permanent_uuid: "daba39963d4346e1816089fd3a5442b5" member_type: VOTER last_known_addr { host: "c3-kudu-tst-st09.bj" port: 18700 } } peers { permanent_uuid: "193181be29284287b25df2ee92938f0b" member_type: VOTER last_known_addr { host: "c3-kudu-tst-st08.bj" port: 18700 } }
I1031 23:17:10.443598 37655 leader_election.cc:216] T bade583b5fea4f3781e889af8cd881ed P 23f962e4a1744381ad5fa0d2d8b10241 [CANDIDATE]: Term 1 pre-election: Requesting pre-vote from peer daba39963d4346e1816089fd3a5442b5
I1031 23:17:10.443639 37655 leader_election.cc:216] T bade583b5fea4f3781e889af8cd881ed P 23f962e4a1744381ad5fa0d2d8b10241 [CANDIDATE]: Term 1 pre-election: Requesting pre-vote from peer 193181be29284287b25df2ee92938f0b
W1031 23:17:10.443861 32770 leader_election.cc:278] T bade583b5fea4f3781e889af8cd881ed P 23f962e4a1744381ad5fa0d2d8b10241 [CANDIDATE]: Term 1 pre-election: Tablet error from VoteRequest() call to peer daba39963d4346e1816089fd3a5442b5: Not found: Tablet not found
W1031 23:17:10.443897 32772 leader_election.cc:278] T bade583b5fea4f3781e889af8cd881ed P 23f962e4a1744381ad5fa0d2d8b10241 [CANDIDATE]: Term 1 pre-election: Tablet error from VoteRequest() call to peer 193181be29284287b25df2ee92938f0b: Not found: Tablet not found
I1031 23:17:10.443910 32772 leader_election.cc:243] T bade583b5fea4f3781e889af8cd881ed P 23f962e4a1744381ad5fa0d2d8b10241 [CANDIDATE]: Term 1 pre-election: Election decided. Result: candidate lost.
I1031 23:17:10.444258 35245 raft_consensus.cc:2162] T bade583b5fea4f3781e889af8cd881ed P 23f962e4a1744381ad5fa0d2d8b10241 [term 0 FOLLOWER]: Snoozing failure detection for election timeout plus an additional 17.150s
I1031 23:17:10.444284 35245 raft_consensus.cc:1908] T bade583b5fea4f3781e889af8cd881ed P 23f962e4a1744381ad5fa0d2d8b10241 [term 0 FOLLOWER]: Leader pre-election lost for term 1. Reason: could not achieve majority
I1031 23:17:14.206933 31124 raft_consensus.cc:411] T 0cbdac8627e144b4a2e5f080abda7766 P 23f962e4a1744381ad5fa0d2d8b10241 [term 0 FOLLOWER]: Starting pre-election (no leader contacted us within the election timeout)
I1031 23:17:14.206974 31124 raft_consensus.cc:2162] T 0cbdac8627e144b4a2e5f080abda7766 P 23f962e4a1744381ad5fa0d2d8b10241 [term 0 FOLLOWER]: Snoozing failure detection for election timeout plus an additional 14.680s
I1031 23:17:14.207033 31124 raft_consensus.cc:435] T 0cbdac8627e144b4a2e5f080abda7766 P 23f962e4a1744381ad5fa0d2d8b10241 [term 0 FOLLOWER]: Starting pre-election with config: opid_index: -1 OBSOLETE_local: false peers { permanent_uuid: "193181be29284287b25df2ee92938f0b" member_type: VOTER last_known_addr { host: "c3-kudu-tst-st08.bj" port: 18700 } } peers { permanent_uuid: "d3eb30bd1bc34b95902fa61724239553" member_type: VOTER last_known_addr { host: "c3-kudu-tst-st05.bj" port: 18700 } } peers { permanent_uuid: "23f962e4a1744381ad5fa0d2d8b10241" member_type: VOTER last_known_addr { host: "c3-kudu-tst-st07.bj" port: 18700 } }
I1031 23:17:14.207645 31124 leader_election.cc:216] T 0cbdac8627e144b4a2e5f080abda7766 P 23f962e4a1744381ad5fa0d2d8b10241 [CANDIDATE]: Term 1 pre-election: Requesting pre-vote from peer 193181be29284287b25df2ee92938f0b
I1031 23:17:14.207669 31124 leader_election.cc:216] T 0cbdac8627e144b4a2e5f080abda7766 P 23f962e4a1744381ad5fa0d2d8b10241 [CANDIDATE]: Term 1 pre-election: Requesting pre-vote from peer d3eb30bd1bc34b95902fa61724239553
W1031 23:17:14.207875 32772 leader_election.cc:278] T 0cbdac8627e144b4a2e5f080abda7766 P 23f962e4a1744381ad5fa0d2d8b10241 [CANDIDATE]: Term 1 pre-election: Tablet error from VoteRequest() call to peer 193181be29284287b25df2ee92938f0b: Not found: Tablet not found
W1031 23:17:14.207911 32772 leader_election.cc:278] T 0cbdac8627e144b4a2e5f080abda7766 P 23f962e4a1744381ad5fa0d2d8b10241 [CANDIDATE]: Term 1 pre-election: Tablet error from VoteRequest() call to peer d3eb30bd1bc34b95902fa61724239553: Not found: Tablet not found
I1031 23:17:14.207922 32772 leader_election.cc:243] T 0cbdac8627e144b4a2e5f080abda7766 P 23f962e4a1744381ad5fa0d2d8b10241 [CANDIDATE]: Term 1 pre-election: Election decided. Result: candidate lost.
I1031 23:17:14.208112 35259 raft_consensus.cc:2162] T 0cbdac8627e144b4a2e5f080abda7766 P 23f962e4a1744381ad5fa0d2d8b10241 [term 0 FOLLOWER]: Snoozing failure detection for election timeout plus an additional 9.283s
I1031 23:17:14.208151 35259 raft_consensus.cc:1908] T 0cbdac8627e144b4a2e5f080abda7766 P 23f962e4a1744381ad5fa0d2d8b10241 [term 0 FOLLOWER]: Leader pre-election lost for term 1. Reason: could not achieve majority
I1031 23:17:21.235787 37675 raft_consensus.cc:411] T ba08e192cf754b30acaccc0ced6d0c1c P 23f962e4a1744381ad5fa0d2d8b10241 [term 0 FOLLOWER]: Starting pre-election (no leader contacted us within the election timeout)
I1031 23:17:21.235846 37675 raft_consensus.cc:2162] T ba08e192cf754b30acaccc0ced6d0c1c P 23f962e4a1744381ad5fa0d2d8b10241 [term 0 FOLLOWER]: Snoozing failure detection for election timeout plus an additional 15.671s
I1031 23:17:21.235895 37675 raft_consensus.cc:435] T ba08e192cf754b30acaccc0ced6d0c1c P 23f962e4a1744381ad5fa0d2d8b10241 [term 0 FOLLOWER]: Starting pre-election with config: opid_index: -1 OBSOLETE_local: false peers { permanent_uuid: "0a8bbcbbb5a6459aa5258464755db3bb" member_type: VOTER last_known_addr { host: "c3-kudu-tst-st02.bj" port: 18700 } } peers { permanent_uuid: "23f962e4a1744381ad5fa0d2d8b10241" member_type: VOTER last_known_addr { host: "c3-kudu-tst-st07.bj" port: 18700 } } peers { permanent_uuid: "044f1da9a27c46acb82b1386f829f4dc" member_type: VOTER last_known_addr { host: "c3-kudu-tst-st03.bj" port: 18700 } }
I1031 23:17:21.236407 37675 leader_election.cc:216] T ba08e192cf754b30acaccc0ced6d0c1c P 23f962e4a1744381ad5fa0d2d8b10241 [CANDIDATE]: Term 1 pre-election: Requesting pre-vote from peer 0a8bbcbbb5a6459aa5258464755db3bb
I1031 23:17:21.236429 37675 leader_election.cc:216] T ba08e192cf754b30acaccc0ced6d0c1c P 23f962e4a1744381ad5fa0d2d8b10241 [CANDIDATE]: Term 1 pre-election: Requesting pre-vote from peer 044f1da9a27c46acb82b1386f829f4dc
W1031 23:17:21.236588 32773 leader_election.cc:278] T ba08e192cf754b30acaccc0ced6d0c1c P 23f962e4a1744381ad5fa0d2d8b10241 [CANDIDATE]: Term 1 pre-election: Tablet error from VoteRequest() call to peer 044f1da9a27c46acb82b1386f829f4dc: Not found: Tablet not found
W1031 23:17:21.236620 32773 leader_election.cc:278] T ba08e192cf754b30acaccc0ced6d0c1c P 23f962e4a1744381ad5fa0d2d8b10241 [CANDIDATE]: Term 1 pre-election: Tablet error from VoteRequest() call to peer 0a8bbcbbb5a6459aa5258464755db3bb: Not found: Tablet not found
I1031 23:17:21.236629 32773 leader_election.cc:243] T ba08e192cf754b30acaccc0ced6d0c1c P 23f962e4a1744381ad5fa0d2d8b10241 [CANDIDATE]: Term 1 pre-election: Election decided. Result: candidate lost.
I1031 23:17:21.236874 35302 raft_consensus.cc:2162] T ba08e192cf754b30acaccc0ced6d0c1c P 23f962e4a1744381ad5fa0d2d8b10241 [term 0 FOLLOWER]: Snoozing failure detection for election timeout plus an additional 12.967s
I1031 23:17:21.236901 35302 raft_consensus.cc:1908] T ba08e192cf754b30acaccc0ced6d0c1c P 23f962e4a1744381ad5fa0d2d8b10241 [term 0 FOLLOWER]: Leader pre-election lost for term 1. Reason: could not achieve majority
I1031 23:17:21.961213 37685 raft_consensus.cc:411] T a56a9d551d3746e59739adec9d8125ea P 23f962e4a1744381ad5fa0d2d8b10241 [term 0 FOLLOWER]: Starting pre-election (no leader contacted us within the election timeout)
I1031 23:17:21.961254 37685 raft_consensus.cc:2162] T a56a9d551d3746e59739adec9d8125ea P 23f962e4a1744381ad5fa0d2d8b10241 [term 0 FOLLOWER]: Snoozing failure detection for election timeout plus an additional 14.210s
I1031 23:17:21.961298 37685 raft_consensus.cc:435] T a56a9d551d3746e59739adec9d8125ea P 23f962e4a1744381ad5fa0d2d8b10241 [term 0 FOLLOWER]: Starting pre-election with config: opid_index: -1 OBSOLETE_local: false peers { permanent_uuid: "193181be29284287b25df2ee92938f0b" member_type: VOTER last_known_addr { host: "c3-kudu-tst-st08.bj" port: 18700 } } peers { permanent_uuid: "23f962e4a1744381ad5fa0d2d8b10241" member_type: VOTER last_known_addr { host: "c3-kudu-tst-st07.bj" port: 18700 } } peers { permanent_uuid: "044f1da9a27c46acb82b1386f829f4dc" member_type: VOTER last_known_addr { host: "c3-kudu-tst-st03.bj" port: 18700 } }
I1031 23:17:21.961758 37685 leader_election.cc:216] T a56a9d551d3746e59739adec9d8125ea P 23f962e4a1744381ad5fa0d2d8b10241 [CANDIDATE]: Term 1 pre-election: Requesting pre-vote from peer 193181be29284287b25df2ee92938f0b
I1031 23:17:21.961792 37685 leader_election.cc:216] T a56a9d551d3746e59739adec9d8125ea P 23f962e4a1744381ad5fa0d2d8b10241 [CANDIDATE]: Term 1 pre-election: Requesting pre-vote from peer 044f1da9a27c46acb82b1386f829f4dc
W1031 23:17:21.962000 32773 leader_election.cc:278] T a56a9d551d3746e59739adec9d8125ea P 23f962e4a1744381ad5fa0d2d8b10241 [CANDIDATE]: Term 1 pre-election: Tablet error from VoteRequest() call to peer 044f1da9a27c46acb82b1386f829f4dc: Not found: Tablet not found
W1031 23:17:21.962074 32772 leader_election.cc:278] T a56a9d551d3746e59739adec9d8125ea P 23f962e4a1744381ad5fa0d2d8b10241 [CANDIDATE]: Term 1 pre-election: Tablet error from VoteRequest() call to peer 193181be29284287b25df2ee92938f0b: Not found: Tablet not found
I1031 23:17:21.962092 32772 leader_election.cc:243] T a56a9d551d3746e59739adec9d8125ea P 23f962e4a1744381ad5fa0d2d8b10241 [CANDIDATE]: Term 1 pre-election: Election decided. Result: candidate lost.
I1031 23:17:21.962563 35303 raft_consensus.cc:2162] T a56a9d551d3746e59739adec9d8125ea P 23f962e4a1744381ad5fa0d2d8b10241 [term 0 FOLLOWER]: Snoozing failure detection for election timeout plus an additional 5.155s
I1031 23:17:21.962584 35303 raft_consensus.cc:1908] T a56a9d551d3746e59739adec9d8125ea P 23f962e4a1744381ad5fa0d2d8b10241 [term 0 FOLLOWER]: Leader pre-election lost for term 1. Reason: could not achieve majority
I1031 23:17:25.420281 31124 raft_consensus.cc:411] T 0cbdac8627e144b4a2e5f080abda7766 P 23f962e4a1744381ad5fa0d2d8b10241 [term 0 FOLLOWER]: Starting pre-election (no leader contacted us within the election timeout)
I1031 23:17:25.420321 31124 raft_consensus.cc:2162] T 0cbdac8627e144b4a2e5f080abda7766 P 23f962e4a1744381ad5fa0d2d8b10241 [term 0 FOLLOWER]: Snoozing failure detection for election timeout plus an additional 9.046s
I1031 23:17:25.420369 31124 raft_consensus.cc:435] T 0cbdac8627e144b4a2e5f080abda7766 P 23f962e4a1744381ad5fa0d2d8b10241 [term 0 FOLLOWER]: Starting pre-election with config: opid_index: -1 OBSOLETE_local: false peers { permanent_uuid: "193181be29284287b25df2ee92938f0b" member_type: VOTER last_known_addr { host: "c3-kudu-tst-st08.bj" port: 18700 } } peers { permanent_uuid: "d3eb30bd1bc34b95902fa61724239553" member_type: VOTER last_known_addr { host: "c3-kudu-tst-st05.bj" port: 18700 } } peers { permanent_uuid: "23f962e4a1744381ad5fa0d2d8b10241" member_type: VOTER last_known_addr { host: "c3-kudu-tst-st07.bj" port: 18700 } }
