W1031 23:05:42.982189 10720 consensus_peers.cc:357] T 47eeb8448c454968a45bf1a984427b25 P 0a8bbcbbb5a6459aa5258464755db3bb -> Peer 23f962e4a1744381ad5fa0d2d8b10241 (c3-kudu-tst-st07.bj:18700): Couldn't send request to peer 23f962e4a1744381ad5fa0d2d8b10241 for tablet 47eeb8448c454968a45bf1a984427b25. Error code: TABLET_NOT_RUNNING (12). Status: Illegal state: Tablet not RUNNING: NOT_STARTED. Retrying in the next heartbeat period. Already tried 17 times.
W1031 23:05:43.049387 10720 consensus_peers.cc:357] T 68aa6071fa594e79958cddb8489a1f0c P 0a8bbcbbb5a6459aa5258464755db3bb -> Peer 23f962e4a1744381ad5fa0d2d8b10241 (c3-kudu-tst-st07.bj:18700): Couldn't send request to peer 23f962e4a1744381ad5fa0d2d8b10241 for tablet 68aa6071fa594e79958cddb8489a1f0c. Error code: TABLET_NOT_RUNNING (12). Status: Illegal state: Tablet not RUNNING: NOT_STARTED. Retrying in the next heartbeat period. Already tried 220 times.
W1031 23:05:43.444185 10718 consensus_peers.cc:357] T eeb3a3cb417b466abffd16749d165a61 P 0a8bbcbbb5a6459aa5258464755db3bb -> Peer 625f49b9554549e6a5c3a92b76e576cf (c3-kudu-tst-st10.bj:18700): Couldn't send request to peer 625f49b9554549e6a5c3a92b76e576cf for tablet eeb3a3cb417b466abffd16749d165a61. Error code: TABLET_NOT_RUNNING (12). Status: Illegal state: Tablet not RUNNING: NOT_STARTED. Retrying in the next heartbeat period. Already tried 19 times.
W1031 23:05:43.482334 10720 consensus_peers.cc:357] T 47eeb8448c454968a45bf1a984427b25 P 0a8bbcbbb5a6459aa5258464755db3bb -> Peer 23f962e4a1744381ad5fa0d2d8b10241 (c3-kudu-tst-st07.bj:18700): Couldn't send request to peer 23f962e4a1744381ad5fa0d2d8b10241 for tablet 47eeb8448c454968a45bf1a984427b25. Error code: TABLET_NOT_RUNNING (12). Status: Illegal state: Tablet not RUNNING: NOT_STARTED. Retrying in the next heartbeat period. Already tried 18 times.
W1031 23:05:43.549528 10720 consensus_peers.cc:357] T 68aa6071fa594e79958cddb8489a1f0c P 0a8bbcbbb5a6459aa5258464755db3bb -> Peer 23f962e4a1744381ad5fa0d2d8b10241 (c3-kudu-tst-st07.bj:18700): Couldn't send request to peer 23f962e4a1744381ad5fa0d2d8b10241 for tablet 68aa6071fa594e79958cddb8489a1f0c. Error code: TABLET_NOT_RUNNING (12). Status: Illegal state: Tablet not RUNNING: NOT_STARTED. Retrying in the next heartbeat period. Already tried 221 times.
W1031 23:05:43.944205 10718 consensus_peers.cc:357] T eeb3a3cb417b466abffd16749d165a61 P 0a8bbcbbb5a6459aa5258464755db3bb -> Peer 625f49b9554549e6a5c3a92b76e576cf (c3-kudu-tst-st10.bj:18700): Couldn't send request to peer 625f49b9554549e6a5c3a92b76e576cf for tablet eeb3a3cb417b466abffd16749d165a61. Error code: TABLET_NOT_RUNNING (12). Status: Illegal state: Tablet not RUNNING: NOT_STARTED. Retrying in the next heartbeat period. Already tried 20 times.
W1031 23:05:43.982275 10720 consensus_peers.cc:357] T 47eeb8448c454968a45bf1a984427b25 P 0a8bbcbbb5a6459aa5258464755db3bb -> Peer 23f962e4a1744381ad5fa0d2d8b10241 (c3-kudu-tst-st07.bj:18700): Couldn't send request to peer 23f962e4a1744381ad5fa0d2d8b10241 for tablet 47eeb8448c454968a45bf1a984427b25. Error code: TABLET_NOT_RUNNING (12). Status: Illegal state: Tablet not RUNNING: NOT_STARTED. Retrying in the next heartbeat period. Already tried 19 times.
W1031 23:05:44.049679 10720 consensus_peers.cc:357] T 68aa6071fa594e79958cddb8489a1f0c P 0a8bbcbbb5a6459aa5258464755db3bb -> Peer 23f962e4a1744381ad5fa0d2d8b10241 (c3-kudu-tst-st07.bj:18700): Couldn't send request to peer 23f962e4a1744381ad5fa0d2d8b10241 for tablet 68aa6071fa594e79958cddb8489a1f0c. Error code: TABLET_NOT_RUNNING (12). Status: Illegal state: Tablet not RUNNING: NOT_STARTED. Retrying in the next heartbeat period. Already tried 222 times.
W1031 23:05:44.444326 10718 consensus_peers.cc:357] T eeb3a3cb417b466abffd16749d165a61 P 0a8bbcbbb5a6459aa5258464755db3bb -> Peer 625f49b9554549e6a5c3a92b76e576cf (c3-kudu-tst-st10.bj:18700): Couldn't send request to peer 625f49b9554549e6a5c3a92b76e576cf for tablet eeb3a3cb417b466abffd16749d165a61. Error code: TABLET_NOT_RUNNING (12). Status: Illegal state: Tablet not RUNNING: NOT_STARTED. Retrying in the next heartbeat period. Already tried 21 times.
W1031 23:05:44.482415 10720 consensus_peers.cc:357] T 47eeb8448c454968a45bf1a984427b25 P 0a8bbcbbb5a6459aa5258464755db3bb -> Peer 23f962e4a1744381ad5fa0d2d8b10241 (c3-kudu-tst-st07.bj:18700): Couldn't send request to peer 23f962e4a1744381ad5fa0d2d8b10241 for tablet 47eeb8448c454968a45bf1a984427b25. Error code: TABLET_NOT_RUNNING (12). Status: Illegal state: Tablet not RUNNING: NOT_STARTED. Retrying in the next heartbeat period. Already tried 20 times.
W1031 23:05:44.549582 10720 consensus_peers.cc:357] T 68aa6071fa594e79958cddb8489a1f0c P 0a8bbcbbb5a6459aa5258464755db3bb -> Peer 23f962e4a1744381ad5fa0d2d8b10241 (c3-kudu-tst-st07.bj:18700): Couldn't send request to peer 23f962e4a1744381ad5fa0d2d8b10241 for tablet 68aa6071fa594e79958cddb8489a1f0c. Error code: TABLET_NOT_RUNNING (12). Status: Illegal state: Tablet not RUNNING: NOT_STARTED. Retrying in the next heartbeat period. Already tried 223 times.
W1031 23:05:44.944294 10718 consensus_peers.cc:357] T eeb3a3cb417b466abffd16749d165a61 P 0a8bbcbbb5a6459aa5258464755db3bb -> Peer 625f49b9554549e6a5c3a92b76e576cf (c3-kudu-tst-st10.bj:18700): Couldn't send request to peer 625f49b9554549e6a5c3a92b76e576cf for tablet eeb3a3cb417b466abffd16749d165a61. Error code: TABLET_NOT_RUNNING (12). Status: Illegal state: Tablet not RUNNING: NOT_STARTED. Retrying in the next heartbeat period. Already tried 22 times.
W1031 23:05:44.982393 10720 consensus_peers.cc:357] T 47eeb8448c454968a45bf1a984427b25 P 0a8bbcbbb5a6459aa5258464755db3bb -> Peer 23f962e4a1744381ad5fa0d2d8b10241 (c3-kudu-tst-st07.bj:18700): Couldn't send request to peer 23f962e4a1744381ad5fa0d2d8b10241 for tablet 47eeb8448c454968a45bf1a984427b25. Error code: TABLET_NOT_RUNNING (12). Status: Illegal state: Tablet not RUNNING: NOT_STARTED. Retrying in the next heartbeat period. Already tried 21 times.
W1031 23:05:45.049778 10720 consensus_peers.cc:357] T 68aa6071fa594e79958cddb8489a1f0c P 0a8bbcbbb5a6459aa5258464755db3bb -> Peer 23f962e4a1744381ad5fa0d2d8b10241 (c3-kudu-tst-st07.bj:18700): Couldn't send request to peer 23f962e4a1744381ad5fa0d2d8b10241 for tablet 68aa6071fa594e79958cddb8489a1f0c. Error code: TABLET_NOT_RUNNING (12). Status: Illegal state: Tablet not RUNNING: NOT_STARTED. Retrying in the next heartbeat period. Already tried 224 times.
W1031 23:05:45.444373 10718 consensus_peers.cc:357] T eeb3a3cb417b466abffd16749d165a61 P 0a8bbcbbb5a6459aa5258464755db3bb -> Peer 625f49b9554549e6a5c3a92b76e576cf (c3-kudu-tst-st10.bj:18700): Couldn't send request to peer 625f49b9554549e6a5c3a92b76e576cf for tablet eeb3a3cb417b466abffd16749d165a61. Error code: TABLET_NOT_RUNNING (12). Status: Illegal state: Tablet not RUNNING: NOT_STARTED. Retrying in the next heartbeat period. Already tried 23 times.
W1031 23:05:45.482553 10720 consensus_peers.cc:357] T 47eeb8448c454968a45bf1a984427b25 P 0a8bbcbbb5a6459aa5258464755db3bb -> Peer 23f962e4a1744381ad5fa0d2d8b10241 (c3-kudu-tst-st07.bj:18700): Couldn't send request to peer 23f962e4a1744381ad5fa0d2d8b10241 for tablet 47eeb8448c454968a45bf1a984427b25. Error code: TABLET_NOT_RUNNING (12). Status: Illegal state: Tablet not RUNNING: NOT_STARTED. Retrying in the next heartbeat period. Already tried 22 times.
W1031 23:05:45.549720 10720 consensus_peers.cc:357] T 68aa6071fa594e79958cddb8489a1f0c P 0a8bbcbbb5a6459aa5258464755db3bb -> Peer 23f962e4a1744381ad5fa0d2d8b10241 (c3-kudu-tst-st07.bj:18700): Couldn't send request to peer 23f962e4a1744381ad5fa0d2d8b10241 for tablet 68aa6071fa594e79958cddb8489a1f0c. Error code: TABLET_NOT_RUNNING (12). Status: Illegal state: Tablet not RUNNING: NOT_STARTED. Retrying in the next heartbeat period. Already tried 225 times.
W1031 23:05:45.944489 10718 consensus_peers.cc:357] T eeb3a3cb417b466abffd16749d165a61 P 0a8bbcbbb5a6459aa5258464755db3bb -> Peer 625f49b9554549e6a5c3a92b76e576cf (c3-kudu-tst-st10.bj:18700): Couldn't send request to peer 625f49b9554549e6a5c3a92b76e576cf for tablet eeb3a3cb417b466abffd16749d165a61. Error code: TABLET_NOT_RUNNING (12). Status: Illegal state: Tablet not RUNNING: NOT_STARTED. Retrying in the next heartbeat period. Already tried 24 times.
W1031 23:05:45.982589 10720 consensus_peers.cc:357] T 47eeb8448c454968a45bf1a984427b25 P 0a8bbcbbb5a6459aa5258464755db3bb -> Peer 23f962e4a1744381ad5fa0d2d8b10241 (c3-kudu-tst-st07.bj:18700): Couldn't send request to peer 23f962e4a1744381ad5fa0d2d8b10241 for tablet 47eeb8448c454968a45bf1a984427b25. Error code: TABLET_NOT_RUNNING (12). Status: Illegal state: Tablet not RUNNING: NOT_STARTED. Retrying in the next heartbeat period. Already tried 23 times.
W1031 23:05:46.049831 10720 consensus_peers.cc:357] T 68aa6071fa594e79958cddb8489a1f0c P 0a8bbcbbb5a6459aa5258464755db3bb -> Peer 23f962e4a1744381ad5fa0d2d8b10241 (c3-kudu-tst-st07.bj:18700): Couldn't send request to peer 23f962e4a1744381ad5fa0d2d8b10241 for tablet 68aa6071fa594e79958cddb8489a1f0c. Error code: TABLET_NOT_RUNNING (12). Status: Illegal state: Tablet not RUNNING: NOT_STARTED. Retrying in the next heartbeat period. Already tried 226 times.
W1031 23:05:46.444628 10718 consensus_peers.cc:357] T eeb3a3cb417b466abffd16749d165a61 P 0a8bbcbbb5a6459aa5258464755db3bb -> Peer 625f49b9554549e6a5c3a92b76e576cf (c3-kudu-tst-st10.bj:18700): Couldn't send request to peer 625f49b9554549e6a5c3a92b76e576cf for tablet eeb3a3cb417b466abffd16749d165a61. Error code: TABLET_NOT_RUNNING (12). Status: Illegal state: Tablet not RUNNING: NOT_STARTED. Retrying in the next heartbeat period. Already tried 25 times.
W1031 23:05:46.482657 10720 consensus_peers.cc:357] T 47eeb8448c454968a45bf1a984427b25 P 0a8bbcbbb5a6459aa5258464755db3bb -> Peer 23f962e4a1744381ad5fa0d2d8b10241 (c3-kudu-tst-st07.bj:18700): Couldn't send request to peer 23f962e4a1744381ad5fa0d2d8b10241 for tablet 47eeb8448c454968a45bf1a984427b25. Error code: TABLET_NOT_RUNNING (12). Status: Illegal state: Tablet not RUNNING: NOT_STARTED. Retrying in the next heartbeat period. Already tried 24 times.
W1031 23:05:46.549840 10720 consensus_peers.cc:357] T 68aa6071fa594e79958cddb8489a1f0c P 0a8bbcbbb5a6459aa5258464755db3bb -> Peer 23f962e4a1744381ad5fa0d2d8b10241 (c3-kudu-tst-st07.bj:18700): Couldn't send request to peer 23f962e4a1744381ad5fa0d2d8b10241 for tablet 68aa6071fa594e79958cddb8489a1f0c. Error code: TABLET_NOT_RUNNING (12). Status: Illegal state: Tablet not RUNNING: NOT_STARTED. Retrying in the next heartbeat period. Already tried 227 times.
W1031 23:05:46.944592 10718 consensus_peers.cc:357] T eeb3a3cb417b466abffd16749d165a61 P 0a8bbcbbb5a6459aa5258464755db3bb -> Peer 625f49b9554549e6a5c3a92b76e576cf (c3-kudu-tst-st10.bj:18700): Couldn't send request to peer 625f49b9554549e6a5c3a92b76e576cf for tablet eeb3a3cb417b466abffd16749d165a61. Error code: TABLET_NOT_RUNNING (12). Status: Illegal state: Tablet not RUNNING: NOT_STARTED. Retrying in the next heartbeat period. Already tried 26 times.
W1031 23:05:46.982789 10720 consensus_peers.cc:357] T 47eeb8448c454968a45bf1a984427b25 P 0a8bbcbbb5a6459aa5258464755db3bb -> Peer 23f962e4a1744381ad5fa0d2d8b10241 (c3-kudu-tst-st07.bj:18700): Couldn't send request to peer 23f962e4a1744381ad5fa0d2d8b10241 for tablet 47eeb8448c454968a45bf1a984427b25. Error code: TABLET_NOT_RUNNING (12). Status: Illegal state: Tablet not RUNNING: NOT_STARTED. Retrying in the next heartbeat period. Already tried 25 times.
W1031 23:05:47.049968 10720 consensus_peers.cc:357] T 68aa6071fa594e79958cddb8489a1f0c P 0a8bbcbbb5a6459aa5258464755db3bb -> Peer 23f962e4a1744381ad5fa0d2d8b10241 (c3-kudu-tst-st07.bj:18700): Couldn't send request to peer 23f962e4a1744381ad5fa0d2d8b10241 for tablet 68aa6071fa594e79958cddb8489a1f0c. Error code: TABLET_NOT_RUNNING (12). Status: Illegal state: Tablet not RUNNING: NOT_STARTED. Retrying in the next heartbeat period. Already tried 228 times.
W1031 23:05:47.444689 10718 consensus_peers.cc:357] T eeb3a3cb417b466abffd16749d165a61 P 0a8bbcbbb5a6459aa5258464755db3bb -> Peer 625f49b9554549e6a5c3a92b76e576cf (c3-kudu-tst-st10.bj:18700): Couldn't send request to peer 625f49b9554549e6a5c3a92b76e576cf for tablet eeb3a3cb417b466abffd16749d165a61. Error code: TABLET_NOT_RUNNING (12). Status: Illegal state: Tablet not RUNNING: NOT_STARTED. Retrying in the next heartbeat period. Already tried 27 times.
W1031 23:05:47.482827 10720 consensus_peers.cc:357] T 47eeb8448c454968a45bf1a984427b25 P 0a8bbcbbb5a6459aa5258464755db3bb -> Peer 23f962e4a1744381ad5fa0d2d8b10241 (c3-kudu-tst-st07.bj:18700): Couldn't send request to peer 23f962e4a1744381ad5fa0d2d8b10241 for tablet 47eeb8448c454968a45bf1a984427b25. Error code: TABLET_NOT_RUNNING (12). Status: Illegal state: Tablet not RUNNING: NOT_STARTED. Retrying in the next heartbeat period. Already tried 26 times.
W1031 23:05:47.550030 10720 consensus_peers.cc:357] T 68aa6071fa594e79958cddb8489a1f0c P 0a8bbcbbb5a6459aa5258464755db3bb -> Peer 23f962e4a1744381ad5fa0d2d8b10241 (c3-kudu-tst-st07.bj:18700): Couldn't send request to peer 23f962e4a1744381ad5fa0d2d8b10241 for tablet 68aa6071fa594e79958cddb8489a1f0c. Error code: TABLET_NOT_RUNNING (12). Status: Illegal state: Tablet not RUNNING: NOT_STARTED. Retrying in the next heartbeat period. Already tried 229 times.
I1031 23:05:47.848317 40663 raft_consensus.cc:411] T f2af422919fd4560bd6441509a68d64b P 0a8bbcbbb5a6459aa5258464755db3bb [term 0 FOLLOWER]: Starting pre-election (no leader contacted us within the election timeout)
I1031 23:05:47.848374 40663 raft_consensus.cc:2162] T f2af422919fd4560bd6441509a68d64b P 0a8bbcbbb5a6459aa5258464755db3bb [term 0 FOLLOWER]: Snoozing failure detection for election timeout plus an additional 5.275s
I1031 23:05:47.848450 40663 raft_consensus.cc:435] T f2af422919fd4560bd6441509a68d64b P 0a8bbcbbb5a6459aa5258464755db3bb [term 0 FOLLOWER]: Starting pre-election with config: opid_index: -1 OBSOLETE_local: false peers { permanent_uuid: "193181be29284287b25df2ee92938f0b" member_type: VOTER last_known_addr { host: "c3-kudu-tst-st08.bj" port: 18700 } } peers { permanent_uuid: "0a8bbcbbb5a6459aa5258464755db3bb" member_type: VOTER last_known_addr { host: "c3-kudu-tst-st02.bj" port: 18700 } } peers { permanent_uuid: "23f962e4a1744381ad5fa0d2d8b10241" member_type: VOTER last_known_addr { host: "c3-kudu-tst-st07.bj" port: 18700 } }
I1031 23:05:47.849169 40663 leader_election.cc:216] T f2af422919fd4560bd6441509a68d64b P 0a8bbcbbb5a6459aa5258464755db3bb [CANDIDATE]: Term 1 pre-election: Requesting pre-vote from peer 193181be29284287b25df2ee92938f0b
I1031 23:05:47.849200 40663 leader_election.cc:216] T f2af422919fd4560bd6441509a68d64b P 0a8bbcbbb5a6459aa5258464755db3bb [CANDIDATE]: Term 1 pre-election: Requesting pre-vote from peer 23f962e4a1744381ad5fa0d2d8b10241
W1031 23:05:47.849428 10720 leader_election.cc:278] T f2af422919fd4560bd6441509a68d64b P 0a8bbcbbb5a6459aa5258464755db3bb [CANDIDATE]: Term 1 pre-election: Tablet error from VoteRequest() call to peer 23f962e4a1744381ad5fa0d2d8b10241: Illegal state: Tablet not RUNNING: NOT_STARTED
W1031 23:05:47.849494 10719 leader_election.cc:278] T f2af422919fd4560bd6441509a68d64b P 0a8bbcbbb5a6459aa5258464755db3bb [CANDIDATE]: Term 1 pre-election: Tablet error from VoteRequest() call to peer 193181be29284287b25df2ee92938f0b: Illegal state: Tablet not RUNNING: NOT_STARTED
I1031 23:05:47.849521 10719 leader_election.cc:243] T f2af422919fd4560bd6441509a68d64b P 0a8bbcbbb5a6459aa5258464755db3bb [CANDIDATE]: Term 1 pre-election: Election decided. Result: candidate lost.
I1031 23:05:47.849818 40753 raft_consensus.cc:2162] T f2af422919fd4560bd6441509a68d64b P 0a8bbcbbb5a6459aa5258464755db3bb [term 0 FOLLOWER]: Snoozing failure detection for election timeout plus an additional 3.204s
I1031 23:05:47.849846 40753 raft_consensus.cc:1908] T f2af422919fd4560bd6441509a68d64b P 0a8bbcbbb5a6459aa5258464755db3bb [term 0 FOLLOWER]: Leader pre-election lost for term 1. Reason: could not achieve majority
W1031 23:05:47.944656 10718 consensus_peers.cc:357] T eeb3a3cb417b466abffd16749d165a61 P 0a8bbcbbb5a6459aa5258464755db3bb -> Peer 625f49b9554549e6a5c3a92b76e576cf (c3-kudu-tst-st10.bj:18700): Couldn't send request to peer 625f49b9554549e6a5c3a92b76e576cf for tablet eeb3a3cb417b466abffd16749d165a61. Error code: TABLET_NOT_RUNNING (12). Status: Illegal state: Tablet not RUNNING: NOT_STARTED. Retrying in the next heartbeat period. Already tried 28 times.
W1031 23:05:47.982882 10720 consensus_peers.cc:357] T 47eeb8448c454968a45bf1a984427b25 P 0a8bbcbbb5a6459aa5258464755db3bb -> Peer 23f962e4a1744381ad5fa0d2d8b10241 (c3-kudu-tst-st07.bj:18700): Couldn't send request to peer 23f962e4a1744381ad5fa0d2d8b10241 for tablet 47eeb8448c454968a45bf1a984427b25. Error code: TABLET_NOT_RUNNING (12). Status: Illegal state: Tablet not RUNNING: NOT_STARTED. Retrying in the next heartbeat period. Already tried 27 times.
W1031 23:05:48.050094 10720 consensus_peers.cc:357] T 68aa6071fa594e79958cddb8489a1f0c P 0a8bbcbbb5a6459aa5258464755db3bb -> Peer 23f962e4a1744381ad5fa0d2d8b10241 (c3-kudu-tst-st07.bj:18700): Couldn't send request to peer 23f962e4a1744381ad5fa0d2d8b10241 for tablet 68aa6071fa594e79958cddb8489a1f0c. Error code: TABLET_NOT_RUNNING (12). Status: Illegal state: Tablet not RUNNING: NOT_STARTED. Retrying in the next heartbeat period. Already tried 230 times.
W1031 23:05:48.444789 10718 consensus_peers.cc:357] T eeb3a3cb417b466abffd16749d165a61 P 0a8bbcbbb5a6459aa5258464755db3bb -> Peer 625f49b9554549e6a5c3a92b76e576cf (c3-kudu-tst-st10.bj:18700): Couldn't send request to peer 625f49b9554549e6a5c3a92b76e576cf for tablet eeb3a3cb417b466abffd16749d165a61. Error code: TABLET_NOT_RUNNING (12). Status: Illegal state: Tablet not RUNNING: NOT_STARTED. Retrying in the next heartbeat period. Already tried 29 times.
W1031 23:05:48.483041 10720 consensus_peers.cc:357] T 47eeb8448c454968a45bf1a984427b25 P 0a8bbcbbb5a6459aa5258464755db3bb -> Peer 23f962e4a1744381ad5fa0d2d8b10241 (c3-kudu-tst-st07.bj:18700): Couldn't send request to peer 23f962e4a1744381ad5fa0d2d8b10241 for tablet 47eeb8448c454968a45bf1a984427b25. Error code: TABLET_NOT_RUNNING (12). Status: Illegal state: Tablet not RUNNING: NOT_STARTED. Retrying in the next heartbeat period. Already tried 28 times.
W1031 23:05:48.550144 10720 consensus_peers.cc:357] T 68aa6071fa594e79958cddb8489a1f0c P 0a8bbcbbb5a6459aa5258464755db3bb -> Peer 23f962e4a1744381ad5fa0d2d8b10241 (c3-kudu-tst-st07.bj:18700): Couldn't send request to peer 23f962e4a1744381ad5fa0d2d8b10241 for tablet 68aa6071fa594e79958cddb8489a1f0c. Error code: TABLET_NOT_RUNNING (12). Status: Illegal state: Tablet not RUNNING: NOT_STARTED. Retrying in the next heartbeat period. Already tried 231 times.
W1031 23:05:48.944883 10718 consensus_peers.cc:357] T eeb3a3cb417b466abffd16749d165a61 P 0a8bbcbbb5a6459aa5258464755db3bb -> Peer 625f49b9554549e6a5c3a92b76e576cf (c3-kudu-tst-st10.bj:18700): Couldn't send request to peer 625f49b9554549e6a5c3a92b76e576cf for tablet eeb3a3cb417b466abffd16749d165a61. Error code: TABLET_NOT_RUNNING (12). Status: Illegal state: Tablet not RUNNING: NOT_STARTED. Retrying in the next heartbeat period. Already tried 30 times.
W1031 23:05:48.983145 10720 consensus_peers.cc:357] T 47eeb8448c454968a45bf1a984427b25 P 0a8bbcbbb5a6459aa5258464755db3bb -> Peer 23f962e4a1744381ad5fa0d2d8b10241 (c3-kudu-tst-st07.bj:18700): Couldn't send request to peer 23f962e4a1744381ad5fa0d2d8b10241 for tablet 47eeb8448c454968a45bf1a984427b25. Error code: TABLET_NOT_RUNNING (12). Status: Illegal state: Tablet not RUNNING: NOT_STARTED. Retrying in the next heartbeat period. Already tried 29 times.
I1031 23:05:49.018596 39731 raft_consensus.cc:411] T 27f651ff46ca4722b064a85e795dcaa4 P 0a8bbcbbb5a6459aa5258464755db3bb [term 0 FOLLOWER]: Starting pre-election (no leader contacted us within the election timeout)
I1031 23:05:49.018635 39731 raft_consensus.cc:2162] T 27f651ff46ca4722b064a85e795dcaa4 P 0a8bbcbbb5a6459aa5258464755db3bb [term 0 FOLLOWER]: Snoozing failure detection for election timeout plus an additional 14.438s
I1031 23:05:49.018692 39731 raft_consensus.cc:435] T 27f651ff46ca4722b064a85e795dcaa4 P 0a8bbcbbb5a6459aa5258464755db3bb [term 0 FOLLOWER]: Starting pre-election with config: opid_index: -1 OBSOLETE_local: false peers { permanent_uuid: "0a8bbcbbb5a6459aa5258464755db3bb" member_type: VOTER last_known_addr { host: "c3-kudu-tst-st02.bj" port: 18700 } } peers { permanent_uuid: "193181be29284287b25df2ee92938f0b" member_type: VOTER last_known_addr { host: "c3-kudu-tst-st08.bj" port: 18700 } } peers { permanent_uuid: "23f962e4a1744381ad5fa0d2d8b10241" member_type: VOTER last_known_addr { host: "c3-kudu-tst-st07.bj" port: 18700 } }
I1031 23:05:49.019214 39731 leader_election.cc:216] T 27f651ff46ca4722b064a85e795dcaa4 P 0a8bbcbbb5a6459aa5258464755db3bb [CANDIDATE]: Term 1 pre-election: Requesting pre-vote from peer 193181be29284287b25df2ee92938f0b
I1031 23:05:49.019245 39731 leader_election.cc:216] T 27f651ff46ca4722b064a85e795dcaa4 P 0a8bbcbbb5a6459aa5258464755db3bb [CANDIDATE]: Term 1 pre-election: Requesting pre-vote from peer 23f962e4a1744381ad5fa0d2d8b10241
W1031 23:05:49.019482 10719 leader_election.cc:278] T 27f651ff46ca4722b064a85e795dcaa4 P 0a8bbcbbb5a6459aa5258464755db3bb [CANDIDATE]: Term 1 pre-election: Tablet error from VoteRequest() call to peer 193181be29284287b25df2ee92938f0b: Illegal state: Tablet not RUNNING: NOT_STARTED
W1031 23:05:49.019518 10720 leader_election.cc:278] T 27f651ff46ca4722b064a85e795dcaa4 P 0a8bbcbbb5a6459aa5258464755db3bb [CANDIDATE]: Term 1 pre-election: Tablet error from VoteRequest() call to peer 23f962e4a1744381ad5fa0d2d8b10241: Illegal state: Tablet not RUNNING: NOT_STARTED
I1031 23:05:49.019551 10720 leader_election.cc:243] T 27f651ff46ca4722b064a85e795dcaa4 P 0a8bbcbbb5a6459aa5258464755db3bb [CANDIDATE]: Term 1 pre-election: Election decided. Result: candidate lost.
I1031 23:05:49.019690 40756 raft_consensus.cc:2162] T 27f651ff46ca4722b064a85e795dcaa4 P 0a8bbcbbb5a6459aa5258464755db3bb [term 0 FOLLOWER]: Snoozing failure detection for election timeout plus an additional 2.867s
I1031 23:05:49.019711 40756 raft_consensus.cc:1908] T 27f651ff46ca4722b064a85e795dcaa4 P 0a8bbcbbb5a6459aa5258464755db3bb [term 0 FOLLOWER]: Leader pre-election lost for term 1. Reason: could not achieve majority
W1031 23:05:49.050222 10720 consensus_peers.cc:357] T 68aa6071fa594e79958cddb8489a1f0c P 0a8bbcbbb5a6459aa5258464755db3bb -> Peer 23f962e4a1744381ad5fa0d2d8b10241 (c3-kudu-tst-st07.bj:18700): Couldn't send request to peer 23f962e4a1744381ad5fa0d2d8b10241 for tablet 68aa6071fa594e79958cddb8489a1f0c. Error code: TABLET_NOT_RUNNING (12). Status: Illegal state: Tablet not RUNNING: NOT_STARTED. Retrying in the next heartbeat period. Already tried 232 times.
W1031 23:05:49.444994 10718 consensus_peers.cc:357] T eeb3a3cb417b466abffd16749d165a61 P 0a8bbcbbb5a6459aa5258464755db3bb -> Peer 625f49b9554549e6a5c3a92b76e576cf (c3-kudu-tst-st10.bj:18700): Couldn't send request to peer 625f49b9554549e6a5c3a92b76e576cf for tablet eeb3a3cb417b466abffd16749d165a61. Error code: TABLET_NOT_RUNNING (12). Status: Illegal state: Tablet not RUNNING: NOT_STARTED. Retrying in the next heartbeat period. Already tried 31 times.
W1031 23:05:49.483217 10720 consensus_peers.cc:357] T 47eeb8448c454968a45bf1a984427b25 P 0a8bbcbbb5a6459aa5258464755db3bb -> Peer 23f962e4a1744381ad5fa0d2d8b10241 (c3-kudu-tst-st07.bj:18700): Couldn't send request to peer 23f962e4a1744381ad5fa0d2d8b10241 for tablet 47eeb8448c454968a45bf1a984427b25. Error code: TABLET_NOT_RUNNING (12). Status: Illegal state: Tablet not RUNNING: NOT_STARTED. Retrying in the next heartbeat period. Already tried 30 times.
W1031 23:05:49.550310 10720 consensus_peers.cc:357] T 68aa6071fa594e79958cddb8489a1f0c P 0a8bbcbbb5a6459aa5258464755db3bb -> Peer 23f962e4a1744381ad5fa0d2d8b10241 (c3-kudu-tst-st07.bj:18700): Couldn't send request to peer 23f962e4a1744381ad5fa0d2d8b10241 for tablet 68aa6071fa594e79958cddb8489a1f0c. Error code: TABLET_NOT_RUNNING (12). Status: Illegal state: Tablet not RUNNING: NOT_STARTED. Retrying in the next heartbeat period. Already tried 233 times.
W1031 23:05:49.944975 10718 consensus_peers.cc:357] T eeb3a3cb417b466abffd16749d165a61 P 0a8bbcbbb5a6459aa5258464755db3bb -> Peer 625f49b9554549e6a5c3a92b76e576cf (c3-kudu-tst-st10.bj:18700): Couldn't send request to peer 625f49b9554549e6a5c3a92b76e576cf for tablet eeb3a3cb417b466abffd16749d165a61. Error code: TABLET_NOT_RUNNING (12). Status: Illegal state: Tablet not RUNNING: NOT_STARTED. Retrying in the next heartbeat period. Already tried 32 times.
W1031 23:05:49.983191 10720 consensus_peers.cc:357] T 47eeb8448c454968a45bf1a984427b25 P 0a8bbcbbb5a6459aa5258464755db3bb -> Peer 23f962e4a1744381ad5fa0d2d8b10241 (c3-kudu-tst-st07.bj:18700): Couldn't send request to peer 23f962e4a1744381ad5fa0d2d8b10241 for tablet 47eeb8448c454968a45bf1a984427b25. Error code: TABLET_NOT_RUNNING (12). Status: Illegal state: Tablet not RUNNING: NOT_STARTED. Retrying in the next heartbeat period. Already tried 31 times.
W1031 23:05:50.050462 10720 consensus_peers.cc:357] T 68aa6071fa594e79958cddb8489a1f0c P 0a8bbcbbb5a6459aa5258464755db3bb -> Peer 23f962e4a1744381ad5fa0d2d8b10241 (c3-kudu-tst-st07.bj:18700): Couldn't send request to peer 23f962e4a1744381ad5fa0d2d8b10241 for tablet 68aa6071fa594e79958cddb8489a1f0c. Error code: TABLET_NOT_RUNNING (12). Status: Illegal state: Tablet not RUNNING: NOT_STARTED. Retrying in the next heartbeat period. Already tried 234 times.
W1031 23:05:50.445042 10718 consensus_peers.cc:357] T eeb3a3cb417b466abffd16749d165a61 P 0a8bbcbbb5a6459aa5258464755db3bb -> Peer 625f49b9554549e6a5c3a92b76e576cf (c3-kudu-tst-st10.bj:18700): Couldn't send request to peer 625f49b9554549e6a5c3a92b76e576cf for tablet eeb3a3cb417b466abffd16749d165a61. Error code: TABLET_NOT_RUNNING (12). Status: Illegal state: Tablet not RUNNING: NOT_STARTED. Retrying in the next heartbeat period. Already tried 33 times.
W1031 23:05:50.483322 10720 consensus_peers.cc:357] T 47eeb8448c454968a45bf1a984427b25 P 0a8bbcbbb5a6459aa5258464755db3bb -> Peer 23f962e4a1744381ad5fa0d2d8b10241 (c3-kudu-tst-st07.bj:18700): Couldn't send request to peer 23f962e4a1744381ad5fa0d2d8b10241 for tablet 47eeb8448c454968a45bf1a984427b25. Error code: TABLET_NOT_RUNNING (12). Status: Illegal state: Tablet not RUNNING: NOT_STARTED. Retrying in the next heartbeat period. Already tried 32 times.
W1031 23:05:50.550457 10720 consensus_peers.cc:357] T 68aa6071fa594e79958cddb8489a1f0c P 0a8bbcbbb5a6459aa5258464755db3bb -> Peer 23f962e4a1744381ad5fa0d2d8b10241 (c3-kudu-tst-st07.bj:18700): Couldn't send request to peer 23f962e4a1744381ad5fa0d2d8b10241 for tablet 68aa6071fa594e79958cddb8489a1f0c. Error code: TABLET_NOT_RUNNING (12). Status: Illegal state: Tablet not RUNNING: NOT_STARTED. Retrying in the next heartbeat period. Already tried 235 times.
W1031 23:05:50.945107 10718 consensus_peers.cc:357] T eeb3a3cb417b466abffd16749d165a61 P 0a8bbcbbb5a6459aa5258464755db3bb -> Peer 625f49b9554549e6a5c3a92b76e576cf (c3-kudu-tst-st10.bj:18700): Couldn't send request to peer 625f49b9554549e6a5c3a92b76e576cf for tablet eeb3a3cb417b466abffd16749d165a61. Error code: TABLET_NOT_RUNNING (12). Status: Illegal state: Tablet not RUNNING: NOT_STARTED. Retrying in the next heartbeat period. Already tried 34 times.
W1031 23:05:50.983381 10720 consensus_peers.cc:357] T 47eeb8448c454968a45bf1a984427b25 P 0a8bbcbbb5a6459aa5258464755db3bb -> Peer 23f962e4a1744381ad5fa0d2d8b10241 (c3-kudu-tst-st07.bj:18700): Couldn't send request to peer 23f962e4a1744381ad5fa0d2d8b10241 for tablet 47eeb8448c454968a45bf1a984427b25. Error code: TABLET_NOT_RUNNING (12). Status: Illegal state: Tablet not RUNNING: NOT_STARTED. Retrying in the next heartbeat period. Already tried 33 times.
W1031 23:05:51.050577 10720 consensus_peers.cc:357] T 68aa6071fa594e79958cddb8489a1f0c P 0a8bbcbbb5a6459aa5258464755db3bb -> Peer 23f962e4a1744381ad5fa0d2d8b10241 (c3-kudu-tst-st07.bj:18700): Couldn't send request to peer 23f962e4a1744381ad5fa0d2d8b10241 for tablet 68aa6071fa594e79958cddb8489a1f0c. Error code: TABLET_NOT_RUNNING (12). Status: Illegal state: Tablet not RUNNING: NOT_STARTED. Retrying in the next heartbeat period. Already tried 236 times.
W1031 23:05:51.445773 10718 consensus_peers.cc:357] T eeb3a3cb417b466abffd16749d165a61 P 0a8bbcbbb5a6459aa5258464755db3bb -> Peer 625f49b9554549e6a5c3a92b76e576cf (c3-kudu-tst-st10.bj:18700): Couldn't send request to peer 625f49b9554549e6a5c3a92b76e576cf for tablet eeb3a3cb417b466abffd16749d165a61. Error code: TABLET_NOT_RUNNING (12). Status: Illegal state: Tablet not RUNNING: NOT_STARTED. Retrying in the next heartbeat period. Already tried 35 times.
W1031 23:05:51.483381 10720 consensus_peers.cc:357] T 47eeb8448c454968a45bf1a984427b25 P 0a8bbcbbb5a6459aa5258464755db3bb -> Peer 23f962e4a1744381ad5fa0d2d8b10241 (c3-kudu-tst-st07.bj:18700): Couldn't send request to peer 23f962e4a1744381ad5fa0d2d8b10241 for tablet 47eeb8448c454968a45bf1a984427b25. Error code: TABLET_NOT_RUNNING (12). Status: Illegal state: Tablet not RUNNING: NOT_STARTED. Retrying in the next heartbeat period. Already tried 34 times.
W1031 23:05:51.550614 10720 consensus_peers.cc:357] T 68aa6071fa594e79958cddb8489a1f0c P 0a8bbcbbb5a6459aa5258464755db3bb -> Peer 23f962e4a1744381ad5fa0d2d8b10241 (c3-kudu-tst-st07.bj:18700): Couldn't send request to peer 23f962e4a1744381ad5fa0d2d8b10241 for tablet 68aa6071fa594e79958cddb8489a1f0c. Error code: TABLET_NOT_RUNNING (12). Status: Illegal state: Tablet not RUNNING: NOT_STARTED. Retrying in the next heartbeat period. Already tried 237 times.
W1031 23:05:51.945245 10718 consensus_peers.cc:357] T eeb3a3cb417b466abffd16749d165a61 P 0a8bbcbbb5a6459aa5258464755db3bb -> Peer 625f49b9554549e6a5c3a92b76e576cf (c3-kudu-tst-st10.bj:18700): Couldn't send request to peer 625f49b9554549e6a5c3a92b76e576cf for tablet eeb3a3cb417b466abffd16749d165a61. Error code: TABLET_NOT_RUNNING (12). Status: Illegal state: Tablet not RUNNING: NOT_STARTED. Retrying in the next heartbeat period. Already tried 36 times.
W1031 23:05:51.983474 10720 consensus_peers.cc:357] T 47eeb8448c454968a45bf1a984427b25 P 0a8bbcbbb5a6459aa5258464755db3bb -> Peer 23f962e4a1744381ad5fa0d2d8b10241 (c3-kudu-tst-st07.bj:18700): Couldn't send request to peer 23f962e4a1744381ad5fa0d2d8b10241 for tablet 47eeb8448c454968a45bf1a984427b25. Error code: TABLET_NOT_RUNNING (12). Status: Illegal state: Tablet not RUNNING: NOT_STARTED. Retrying in the next heartbeat period. Already tried 35 times.
W1031 23:05:52.050637 10720 consensus_peers.cc:357] T 68aa6071fa594e79958cddb8489a1f0c P 0a8bbcbbb5a6459aa5258464755db3bb -> Peer 23f962e4a1744381ad5fa0d2d8b10241 (c3-kudu-tst-st07.bj:18700): Couldn't send request to peer 23f962e4a1744381ad5fa0d2d8b10241 for tablet 68aa6071fa594e79958cddb8489a1f0c. Error code: TABLET_NOT_RUNNING (12). Status: Illegal state: Tablet not RUNNING: NOT_STARTED. Retrying in the next heartbeat period. Already tried 238 times.
W1031 23:05:52.445417 10718 consensus_peers.cc:357] T eeb3a3cb417b466abffd16749d165a61 P 0a8bbcbbb5a6459aa5258464755db3bb -> Peer 625f49b9554549e6a5c3a92b76e576cf (c3-kudu-tst-st10.bj:18700): Couldn't send request to peer 625f49b9554549e6a5c3a92b76e576cf for tablet eeb3a3cb417b466abffd16749d165a61. Error code: TABLET_NOT_RUNNING (12). Status: Illegal state: Tablet not RUNNING: NOT_STARTED. Retrying in the next heartbeat period. Already tried 37 times.
W1031 23:05:52.483542 10720 consensus_peers.cc:357] T 47eeb8448c454968a45bf1a984427b25 P 0a8bbcbbb5a6459aa5258464755db3bb -> Peer 23f962e4a1744381ad5fa0d2d8b10241 (c3-kudu-tst-st07.bj:18700): Couldn't send request to peer 23f962e4a1744381ad5fa0d2d8b10241 for tablet 47eeb8448c454968a45bf1a984427b25. Error code: TABLET_NOT_RUNNING (12). Status: Illegal state: Tablet not RUNNING: NOT_STARTED. Retrying in the next heartbeat period. Already tried 36 times.
I1031 23:05:52.548722 10754 tablet_service.cc:691] Processing DeleteTablet for tablet f2af422919fd4560bd6441509a68d64b with delete_type TABLET_DATA_DELETED (Replaced by a17da97943904920814af1508905ecfc at 2017-10-31 23:05:52 CST) from {username='work'} at 10.108.187.10:43437
I1031 23:05:52.548769 10754 tablet_peer.cc:221] Initiating TabletPeer shutdown for tablet: f2af422919fd4560bd6441509a68d64b
I1031 23:05:52.549315 10773 tablet_service.cc:650] Processing CreateTablet for tablet a17da97943904920814af1508905ecfc (table=default.timeout_tst [id=cdcb3e60c1314776843d856365535d49]), partition=HASH (id) PARTITION 0, RANGE (date) PARTITION 20171028 <= VALUES < 20171029
W1031 23:05:52.550705 10720 consensus_peers.cc:357] T 68aa6071fa594e79958cddb8489a1f0c P 0a8bbcbbb5a6459aa5258464755db3bb -> Peer 23f962e4a1744381ad5fa0d2d8b10241 (c3-kudu-tst-st07.bj:18700): Couldn't send request to peer 23f962e4a1744381ad5fa0d2d8b10241 for tablet 68aa6071fa594e79958cddb8489a1f0c. Error code: TABLET_NOT_RUNNING (12). Status: Illegal state: Tablet not RUNNING: NOT_STARTED. Retrying in the next heartbeat period. Already tried 239 times.
I1031 23:05:52.606356 10773 ts_tablet_manager.cc:862] T a17da97943904920814af1508905ecfc P 0a8bbcbbb5a6459aa5258464755db3bb: Registered tablet (data state: TABLET_DATA_READY)
I1031 23:05:52.606709 40778 ts_tablet_manager.cc:723] T a17da97943904920814af1508905ecfc P 0a8bbcbbb5a6459aa5258464755db3bb: Bootstrapping tablet
I1031 23:05:52.607266 40778 tablet_bootstrap.cc:382] T a17da97943904920814af1508905ecfc P 0a8bbcbbb5a6459aa5258464755db3bb: Bootstrap starting.
I1031 23:05:52.607436 40778 tablet_bootstrap.cc:541] T a17da97943904920814af1508905ecfc P 0a8bbcbbb5a6459aa5258464755db3bb: Time spent opening tablet: real 0.000s user 0.000s sys 0.000s
I1031 23:05:52.607584 40778 tablet_bootstrap.cc:484] T a17da97943904920814af1508905ecfc P 0a8bbcbbb5a6459aa5258464755db3bb: No blocks or log segments found. Creating new log.
I1031 23:05:52.608942 40778 tablet_bootstrap.cc:382] T a17da97943904920814af1508905ecfc P 0a8bbcbbb5a6459aa5258464755db3bb: No bootstrap required, opened a new log
I1031 23:05:52.608973 40778 ts_tablet_manager.cc:728] T a17da97943904920814af1508905ecfc P 0a8bbcbbb5a6459aa5258464755db3bb: Time spent bootstrapping tablet: real 0.002s user 0.002s sys 0.000s
I1031 23:05:52.609833 40778 raft_consensus.cc:288] T a17da97943904920814af1508905ecfc P 0a8bbcbbb5a6459aa5258464755db3bb [term 0 FOLLOWER]: Replica starting. Triggering 0 pending transactions. Active config: opid_index: -1 OBSOLETE_local: false peers { permanent_uuid: "193181be29284287b25df2ee92938f0b" member_type: VOTER last_known_addr { host: "c3-kudu-tst-st08.bj" port: 18700 } } peers { permanent_uuid: "0a8bbcbbb5a6459aa5258464755db3bb" member_type: VOTER last_known_addr { host: "c3-kudu-tst-st02.bj" port: 18700 } } peers { permanent_uuid: "044f1da9a27c46acb82b1386f829f4dc" member_type: VOTER last_known_addr { host: "c3-kudu-tst-st03.bj" port: 18700 } }
I1031 23:05:52.609856 40778 raft_consensus.cc:319] T a17da97943904920814af1508905ecfc P 0a8bbcbbb5a6459aa5258464755db3bb [term 0 FOLLOWER]: Consensus starting up: Expiring failure detector timer to make a prompt election more likely
I1031 23:05:52.609866 40778 raft_consensus.cc:548] T a17da97943904920814af1508905ecfc P 0a8bbcbbb5a6459aa5258464755db3bb [term 0 FOLLOWER]: Becoming Follower/Learner. State: Replica: 0a8bbcbbb5a6459aa5258464755db3bb, State: 1, Role: FOLLOWER
I1031 23:05:52.609882 40778 consensus_queue.cc:176] T a17da97943904920814af1508905ecfc P 0a8bbcbbb5a6459aa5258464755db3bb [NON_LEADER]: Queue going to NON_LEADER mode. State: All replicated index: 0, Majority replicated index: 0, Committed index: 0, Last appended: 0.0, Current term: 0, Majority size: -1, State: 1, Mode: NON_LEADER
I1031 23:05:52.813930 40663 raft_consensus.cc:411] T f2af422919fd4560bd6441509a68d64b P 0a8bbcbbb5a6459aa5258464755db3bb [term 0 FOLLOWER]: Starting pre-election (no leader contacted us within the election timeout)
I1031 23:05:52.813992 40663 raft_consensus.cc:2162] T f2af422919fd4560bd6441509a68d64b P 0a8bbcbbb5a6459aa5258464755db3bb [term 0 FOLLOWER]: Snoozing failure detection for election timeout plus an additional 8.185s
I1031 23:05:52.814055 40663 raft_consensus.cc:435] T f2af422919fd4560bd6441509a68d64b P 0a8bbcbbb5a6459aa5258464755db3bb [term 0 FOLLOWER]: Starting pre-election with config: opid_index: -1 OBSOLETE_local: false peers { permanent_uuid: "193181be29284287b25df2ee92938f0b" member_type: VOTER last_known_addr { host: "c3-kudu-tst-st08.bj" port: 18700 } } peers { permanent_uuid: "0a8bbcbbb5a6459aa5258464755db3bb" member_type: VOTER last_known_addr { host: "c3-kudu-tst-st02.bj" port: 18700 } } peers { permanent_uuid: "23f962e4a1744381ad5fa0d2d8b10241" member_type: VOTER last_known_addr { host: "c3-kudu-tst-st07.bj" port: 18700 } }
I1031 23:05:52.814784 40663 leader_election.cc:216] T f2af422919fd4560bd6441509a68d64b P 0a8bbcbbb5a6459aa5258464755db3bb [CANDIDATE]: Term 1 pre-election: Requesting pre-vote from peer 193181be29284287b25df2ee92938f0b
I1031 23:05:52.814815 40663 leader_election.cc:216] T f2af422919fd4560bd6441509a68d64b P 0a8bbcbbb5a6459aa5258464755db3bb [CANDIDATE]: Term 1 pre-election: Requesting pre-vote from peer 23f962e4a1744381ad5fa0d2d8b10241
W1031 23:05:52.815038 10720 leader_election.cc:278] T f2af422919fd4560bd6441509a68d64b P 0a8bbcbbb5a6459aa5258464755db3bb [CANDIDATE]: Term 1 pre-election: Tablet error from VoteRequest() call to peer 23f962e4a1744381ad5fa0d2d8b10241: Illegal state: Tablet not RUNNING: NOT_STARTED
W1031 23:05:52.815071 10719 leader_election.cc:278] T f2af422919fd4560bd6441509a68d64b P 0a8bbcbbb5a6459aa5258464755db3bb [CANDIDATE]: Term 1 pre-election: Tablet error from VoteRequest() call to peer 193181be29284287b25df2ee92938f0b: Illegal state: Tablet not RUNNING: NOT_STARTED
I1031 23:05:52.815095 10719 leader_election.cc:243] T f2af422919fd4560bd6441509a68d64b P 0a8bbcbbb5a6459aa5258464755db3bb [CANDIDATE]: Term 1 pre-election: Election decided. Result: candidate lost.
I1031 23:05:52.815805 40783 raft_consensus.cc:2162] T f2af422919fd4560bd6441509a68d64b P 0a8bbcbbb5a6459aa5258464755db3bb [term 0 FOLLOWER]: Snoozing failure detection for election timeout plus an additional 4.283s
I1031 23:05:52.815838 40783 raft_consensus.cc:1908] T f2af422919fd4560bd6441509a68d64b P 0a8bbcbbb5a6459aa5258464755db3bb [term 0 FOLLOWER]: Leader pre-election lost for term 1. Reason: could not achieve majority
W1031 23:05:52.983642 10720 consensus_peers.cc:357] T 47eeb8448c454968a45bf1a984427b25 P 0a8bbcbbb5a6459aa5258464755db3bb -> Peer 23f962e4a1744381ad5fa0d2d8b10241 (c3-kudu-tst-st07.bj:18700): Couldn't send request to peer 23f962e4a1744381ad5fa0d2d8b10241 for tablet 47eeb8448c454968a45bf1a984427b25. Error code: TABLET_NOT_RUNNING (12). Status: Illegal state: Tablet not RUNNING: NOT_STARTED. Retrying in the next heartbeat period. Already tried 37 times.
I1031 23:05:52.986106 40661 consensus_queue.cc:695] T eeb3a3cb417b466abffd16749d165a61 P 0a8bbcbbb5a6459aa5258464755db3bb [LEADER]: Connected to new peer: Peer: 625f49b9554549e6a5c3a92b76e576cf, Is new: false, Last received: 0.0, Next index: 1, Last known committed idx: 0, Last exchange result: ERROR, Needs tablet copy: false
W1031 23:05:53.050884 10720 consensus_peers.cc:357] T 68aa6071fa594e79958cddb8489a1f0c P 0a8bbcbbb5a6459aa5258464755db3bb -> Peer 23f962e4a1744381ad5fa0d2d8b10241 (c3-kudu-tst-st07.bj:18700): Couldn't send request to peer 23f962e4a1744381ad5fa0d2d8b10241 for tablet 68aa6071fa594e79958cddb8489a1f0c. Error code: TABLET_NOT_RUNNING (12). Status: Illegal state: Tablet not RUNNING: NOT_STARTED. Retrying in the next heartbeat period. Already tried 240 times.
I1031 23:05:53.195051 40781 raft_consensus.cc:411] T a17da97943904920814af1508905ecfc P 0a8bbcbbb5a6459aa5258464755db3bb [term 0 FOLLOWER]: Starting pre-election (no leader contacted us within the election timeout)
I1031 23:05:53.195147 40781 raft_consensus.cc:2162] T a17da97943904920814af1508905ecfc P 0a8bbcbbb5a6459aa5258464755db3bb [term 0 FOLLOWER]: Snoozing failure detection for election timeout plus an additional 1.600s
I1031 23:05:53.195246 40781 raft_consensus.cc:435] T a17da97943904920814af1508905ecfc P 0a8bbcbbb5a6459aa5258464755db3bb [term 0 FOLLOWER]: Starting pre-election with config: opid_index: -1 OBSOLETE_local: false peers { permanent_uuid: "193181be29284287b25df2ee92938f0b" member_type: VOTER last_known_addr { host: "c3-kudu-tst-st08.bj" port: 18700 } } peers { permanent_uuid: "0a8bbcbbb5a6459aa5258464755db3bb" member_type: VOTER last_known_addr { host: "c3-kudu-tst-st02.bj" port: 18700 } } peers { permanent_uuid: "044f1da9a27c46acb82b1386f829f4dc" member_type: VOTER last_known_addr { host: "c3-kudu-tst-st03.bj" port: 18700 } }
I1031 23:05:53.195950 40781 leader_election.cc:216] T a17da97943904920814af1508905ecfc P 0a8bbcbbb5a6459aa5258464755db3bb [CANDIDATE]: Term 1 pre-election: Requesting pre-vote from peer 193181be29284287b25df2ee92938f0b
I1031 23:05:53.196007 40781 leader_election.cc:216] T a17da97943904920814af1508905ecfc P 0a8bbcbbb5a6459aa5258464755db3bb [CANDIDATE]: Term 1 pre-election: Requesting pre-vote from peer 044f1da9a27c46acb82b1386f829f4dc
W1031 23:05:53.196286 10719 leader_election.cc:278] T a17da97943904920814af1508905ecfc P 0a8bbcbbb5a6459aa5258464755db3bb [CANDIDATE]: Term 1 pre-election: Tablet error from VoteRequest() call to peer 193181be29284287b25df2ee92938f0b: Illegal state: Tablet not RUNNING: NOT_STARTED
I1031 23:05:53.196362 10720 leader_election.cc:348] T a17da97943904920814af1508905ecfc P 0a8bbcbbb5a6459aa5258464755db3bb [CANDIDATE]: Term 1 pre-election: Vote granted by peer 044f1da9a27c46acb82b1386f829f4dc
I1031 23:05:53.196385 10720 leader_election.cc:243] T a17da97943904920814af1508905ecfc P 0a8bbcbbb5a6459aa5258464755db3bb [CANDIDATE]: Term 1 pre-election: Election decided. Result: candidate won.
I1031 23:05:53.196461 40782 raft_consensus.cc:2162] T a17da97943904920814af1508905ecfc P 0a8bbcbbb5a6459aa5258464755db3bb [term 0 FOLLOWER]: Snoozing failure detection for election timeout plus an additional 1.937s
I1031 23:05:53.196493 40782 raft_consensus.cc:1971] T a17da97943904920814af1508905ecfc P 0a8bbcbbb5a6459aa5258464755db3bb [term 0 FOLLOWER]: Leader pre-election won for term 1
I1031 23:05:53.196512 40782 raft_consensus.cc:411] T a17da97943904920814af1508905ecfc P 0a8bbcbbb5a6459aa5258464755db3bb [term 0 FOLLOWER]: Starting leader election (no leader contacted us within the election timeout)
I1031 23:05:53.196533 40782 raft_consensus.cc:2162] T a17da97943904920814af1508905ecfc P 0a8bbcbbb5a6459aa5258464755db3bb [term 0 FOLLOWER]: Snoozing failure detection for election timeout plus an additional 1.575s
I1031 23:05:53.196550 40782 raft_consensus.cc:2206] T a17da97943904920814af1508905ecfc P 0a8bbcbbb5a6459aa5258464755db3bb [term 0 FOLLOWER]: Advancing to term 1
I1031 23:05:53.197500 40782 raft_consensus.cc:435] T a17da97943904920814af1508905ecfc P 0a8bbcbbb5a6459aa5258464755db3bb [term 1 FOLLOWER]: Starting leader election with config: opid_index: -1 OBSOLETE_local: false peers { permanent_uuid: "193181be29284287b25df2ee92938f0b" member_type: VOTER last_known_addr { host: "c3-kudu-tst-st08.bj" port: 18700 } } peers { permanent_uuid: "0a8bbcbbb5a6459aa5258464755db3bb" member_type: VOTER last_known_addr { host: "c3-kudu-tst-st02.bj" port: 18700 } } peers { permanent_uuid: "044f1da9a27c46acb82b1386f829f4dc" member_type: VOTER last_known_addr { host: "c3-kudu-tst-st03.bj" port: 18700 } }
I1031 23:05:53.198256 40782 leader_election.cc:216] T a17da97943904920814af1508905ecfc P 0a8bbcbbb5a6459aa5258464755db3bb [CANDIDATE]: Term 1 election: Requesting vote from peer 193181be29284287b25df2ee92938f0b
I1031 23:05:53.198300 40782 leader_election.cc:216] T a17da97943904920814af1508905ecfc P 0a8bbcbbb5a6459aa5258464755db3bb [CANDIDATE]: Term 1 election: Requesting vote from peer 044f1da9a27c46acb82b1386f829f4dc
W1031 23:05:53.198530 10719 leader_election.cc:278] T a17da97943904920814af1508905ecfc P 0a8bbcbbb5a6459aa5258464755db3bb [CANDIDATE]: Term 1 election: Tablet error from VoteRequest() call to peer 193181be29284287b25df2ee92938f0b: Illegal state: Tablet not RUNNING: NOT_STARTED
I1031 23:05:53.199213 10720 leader_election.cc:348] T a17da97943904920814af1508905ecfc P 0a8bbcbbb5a6459aa5258464755db3bb [CANDIDATE]: Term 1 election: Vote granted by peer 044f1da9a27c46acb82b1386f829f4dc
I1031 23:05:53.199230 10720 leader_election.cc:243] T a17da97943904920814af1508905ecfc P 0a8bbcbbb5a6459aa5258464755db3bb [CANDIDATE]: Term 1 election: Election decided. Result: candidate won.
I1031 23:05:53.199293 40782 raft_consensus.cc:2162] T a17da97943904920814af1508905ecfc P 0a8bbcbbb5a6459aa5258464755db3bb [term 1 FOLLOWER]: Snoozing failure detection for election timeout plus an additional 1.870s
I1031 23:05:53.199312 40782 raft_consensus.cc:1971] T a17da97943904920814af1508905ecfc P 0a8bbcbbb5a6459aa5258464755db3bb [term 1 FOLLOWER]: Leader election won for term 1
I1031 23:05:53.199575 40782 raft_consensus.cc:518] T a17da97943904920814af1508905ecfc P 0a8bbcbbb5a6459aa5258464755db3bb [term 1 LEADER]: Becoming Leader. State: Replica: 0a8bbcbbb5a6459aa5258464755db3bb, State: 1, Role: LEADER
I1031 23:05:53.199643 40782 consensus_queue.cc:158] T a17da97943904920814af1508905ecfc P 0a8bbcbbb5a6459aa5258464755db3bb [LEADER]: Queue going to LEADER mode. State: All replicated index: 0, Majority replicated index: 0, Committed index: 0, Last appended: 0.0, Current term: 1, Majority size: 2, State: 1, Mode: LEADER, active raft config: opid_index: -1 OBSOLETE_local: false peers { permanent_uuid: "193181be29284287b25df2ee92938f0b" member_type: VOTER last_known_addr { host: "c3-kudu-tst-st08.bj" port: 18700 } } peers { permanent_uuid: "0a8bbcbbb5a6459aa5258464755db3bb" member_type: VOTER last_known_addr { host: "c3-kudu-tst-st02.bj" port: 18700 } } peers { permanent_uuid: "044f1da9a27c46acb82b1386f829f4dc" member_type: VOTER last_known_addr { host: "c3-kudu-tst-st03.bj" port: 18700 } }
W1031 23:05:53.483642 10720 consensus_peers.cc:357] T 47eeb8448c454968a45bf1a984427b25 P 0a8bbcbbb5a6459aa5258464755db3bb -> Peer 23f962e4a1744381ad5fa0d2d8b10241 (c3-kudu-tst-st07.bj:18700): Couldn't send request to peer 23f962e4a1744381ad5fa0d2d8b10241 for tablet 47eeb8448c454968a45bf1a984427b25. Error code: TABLET_NOT_RUNNING (12). Status: Illegal state: Tablet not RUNNING: NOT_STARTED. Retrying in the next heartbeat period. Already tried 38 times.
W1031 23:05:53.550820 10720 consensus_peers.cc:357] T 68aa6071fa594e79958cddb8489a1f0c P 0a8bbcbbb5a6459aa5258464755db3bb -> Peer 23f962e4a1744381ad5fa0d2d8b10241 (c3-kudu-tst-st07.bj:18700): Couldn't send request to peer 23f962e4a1744381ad5fa0d2d8b10241 for tablet 68aa6071fa594e79958cddb8489a1f0c. Error code: TABLET_NOT_RUNNING (12). Status: Illegal state: Tablet not RUNNING: NOT_STARTED. Retrying in the next heartbeat period. Already tried 241 times.
W1031 23:05:53.700812 10719 consensus_peers.cc:357] T a17da97943904920814af1508905ecfc P 0a8bbcbbb5a6459aa5258464755db3bb -> Peer 193181be29284287b25df2ee92938f0b (c3-kudu-tst-st08.bj:18700): Couldn't send request to peer 193181be29284287b25df2ee92938f0b for tablet a17da97943904920814af1508905ecfc. Error code: TABLET_NOT_RUNNING (12). Status: Illegal state: Tablet not RUNNING: NOT_STARTED. Retrying in the next heartbeat period. Already tried 1 times.
I1031 23:05:53.701377 40785 consensus_queue.cc:695] T a17da97943904920814af1508905ecfc P 0a8bbcbbb5a6459aa5258464755db3bb [LEADER]: Connected to new peer: Peer: 044f1da9a27c46acb82b1386f829f4dc, Is new: false, Last received: 0.0, Next index: 1, Last known committed idx: 0, Last exchange result: ERROR, Needs tablet copy: false
I1031 23:05:53.969990 39731 raft_consensus.cc:411] T 27f651ff46ca4722b064a85e795dcaa4 P 0a8bbcbbb5a6459aa5258464755db3bb [term 0 FOLLOWER]: Starting pre-election (no leader contacted us within the election timeout)
I1031 23:05:53.970063 39731 raft_consensus.cc:2162] T 27f651ff46ca4722b064a85e795dcaa4 P 0a8bbcbbb5a6459aa5258464755db3bb [term 0 FOLLOWER]: Snoozing failure detection for election timeout plus an additional 12.415s
I1031 23:05:53.970155 39731 raft_consensus.cc:435] T 27f651ff46ca4722b064a85e795dcaa4 P 0a8bbcbbb5a6459aa5258464755db3bb [term 0 FOLLOWER]: Starting pre-election with config: opid_index: -1 OBSOLETE_local: false peers { permanent_uuid: "0a8bbcbbb5a6459aa5258464755db3bb" member_type: VOTER last_known_addr { host: "c3-kudu-tst-st02.bj" port: 18700 } } peers { permanent_uuid: "193181be29284287b25df2ee92938f0b" member_type: VOTER last_known_addr { host: "c3-kudu-tst-st08.bj" port: 18700 } } peers { permanent_uuid: "23f962e4a1744381ad5fa0d2d8b10241" member_type: VOTER last_known_addr { host: "c3-kudu-tst-st07.bj" port: 18700 } }
I1031 23:05:53.970779 39731 leader_election.cc:216] T 27f651ff46ca4722b064a85e795dcaa4 P 0a8bbcbbb5a6459aa5258464755db3bb [CANDIDATE]: Term 1 pre-election: Requesting pre-vote from peer 193181be29284287b25df2ee92938f0b
I1031 23:05:53.970813 39731 leader_election.cc:216] T 27f651ff46ca4722b064a85e795dcaa4 P 0a8bbcbbb5a6459aa5258464755db3bb [CANDIDATE]: Term 1 pre-election: Requesting pre-vote from peer 23f962e4a1744381ad5fa0d2d8b10241
W1031 23:05:53.971060 10720 leader_election.cc:278] T 27f651ff46ca4722b064a85e795dcaa4 P 0a8bbcbbb5a6459aa5258464755db3bb [CANDIDATE]: Term 1 pre-election: Tablet error from VoteRequest() call to peer 23f962e4a1744381ad5fa0d2d8b10241: Illegal state: Tablet not RUNNING: NOT_STARTED
W1031 23:05:53.971156 10719 leader_election.cc:278] T 27f651ff46ca4722b064a85e795dcaa4 P 0a8bbcbbb5a6459aa5258464755db3bb [CANDIDATE]: Term 1 pre-election: Tablet error from VoteRequest() call to peer 193181be29284287b25df2ee92938f0b: Illegal state: Tablet not RUNNING: NOT_STARTED
I1031 23:05:53.971182 10719 leader_election.cc:243] T 27f651ff46ca4722b064a85e795dcaa4 P 0a8bbcbbb5a6459aa5258464755db3bb [CANDIDATE]: Term 1 pre-election: Election decided. Result: candidate lost.
