I1031 23:05:33.933712 39768 tablet_bootstrap.cc:541] T 4b81a7f36c9a4b24a3294e39fdf19d9d P 0a8bbcbbb5a6459aa5258464755db3bb: Time spent opening tablet: real 0.000s user 0.000s sys 0.000s
I1031 23:05:33.933779 39748 tablet_bootstrap.cc:484] T 388697c0c21a4b158a92f2b292b8012f P 0a8bbcbbb5a6459aa5258464755db3bb: No blocks or log segments found. Creating new log.
I1031 23:05:33.933859 39763 tablet_bootstrap.cc:484] T 812b248175004ae8992ff2660fc9d520 P 0a8bbcbbb5a6459aa5258464755db3bb: No blocks or log segments found. Creating new log.
I1031 23:05:33.933902 39768 tablet_bootstrap.cc:484] T 4b81a7f36c9a4b24a3294e39fdf19d9d P 0a8bbcbbb5a6459aa5258464755db3bb: No blocks or log segments found. Creating new log.
I1031 23:05:33.933959 39738 ts_tablet_manager.cc:755] T 69b4b5f037014f10bfab077f3f98ca49 P 0a8bbcbbb5a6459aa5258464755db3bb: Time spent starting tablet: real 0.005s user 0.000s sys 0.000s
I1031 23:05:33.934002 39738 ts_tablet_manager.cc:723] T 8ed42ada2d6846f3b3b70c9d9c13c986 P 0a8bbcbbb5a6459aa5258464755db3bb: Bootstrapping tablet
I1031 23:05:33.934036 39743 ts_tablet_manager.cc:755] T 45e2cfbf12734183aa63ce7e9e78c541 P 0a8bbcbbb5a6459aa5258464755db3bb: Time spent starting tablet: real 0.005s user 0.001s sys 0.001s
I1031 23:05:33.934064 39728 ts_tablet_manager.cc:755] T bd6a9e583cad413ca558178148ac7f85 P 0a8bbcbbb5a6459aa5258464755db3bb: Time spent starting tablet: real 0.005s user 0.001s sys 0.001s
I1031 23:05:33.934073 39743 ts_tablet_manager.cc:723] T 9710e0187e434acfa54ca8f8504434ed P 0a8bbcbbb5a6459aa5258464755db3bb: Bootstrapping tablet
I1031 23:05:33.934094 39728 ts_tablet_manager.cc:723] T b758ec3274c84dcbb110cf5aa3dca9aa P 0a8bbcbbb5a6459aa5258464755db3bb: Bootstrapping tablet
I1031 23:05:33.934424 39743 tablet_bootstrap.cc:382] T 9710e0187e434acfa54ca8f8504434ed P 0a8bbcbbb5a6459aa5258464755db3bb: Bootstrap starting.
I1031 23:05:33.934439 10767 tablet_service.cc:691] Processing DeleteTablet for tablet 6a813ca355f749b6b31a773aa0f2ac7a with delete_type TABLET_DATA_DELETED (Replaced by 582c1281bf5147b2bd40c9a950a1152f at 2017-10-31 23:04:22 CST) from {username='work'} at 10.108.187.10:43437
I1031 23:05:33.934479 39728 tablet_bootstrap.cc:382] T b758ec3274c84dcbb110cf5aa3dca9aa P 0a8bbcbbb5a6459aa5258464755db3bb: Bootstrap starting.
I1031 23:05:33.934538 10767 tablet_peer.cc:221] Initiating TabletPeer shutdown for tablet: 6a813ca355f749b6b31a773aa0f2ac7a
I1031 23:05:33.934543 39738 tablet_bootstrap.cc:382] T 8ed42ada2d6846f3b3b70c9d9c13c986 P 0a8bbcbbb5a6459aa5258464755db3bb: Bootstrap starting.
I1031 23:05:33.934545 39743 tablet_bootstrap.cc:541] T 9710e0187e434acfa54ca8f8504434ed P 0a8bbcbbb5a6459aa5258464755db3bb: Time spent opening tablet: real 0.000s user 0.000s sys 0.000s
I1031 23:05:33.934562 10767 maintenance_manager.cc:208] P 0a8bbcbbb5a6459aa5258464755db3bb: Unregistered op CompactRowSetsOp(6a813ca355f749b6b31a773aa0f2ac7a)
I1031 23:05:33.934572 10767 maintenance_manager.cc:208] P 0a8bbcbbb5a6459aa5258464755db3bb: Unregistered op MinorDeltaCompactionOp(6a813ca355f749b6b31a773aa0f2ac7a)
I1031 23:05:33.934582 10767 maintenance_manager.cc:208] P 0a8bbcbbb5a6459aa5258464755db3bb: Unregistered op MajorDeltaCompactionOp(6a813ca355f749b6b31a773aa0f2ac7a)
I1031 23:05:33.934595 10767 maintenance_manager.cc:208] P 0a8bbcbbb5a6459aa5258464755db3bb: Unregistered op UndoDeltaBlockGCOp(6a813ca355f749b6b31a773aa0f2ac7a)
I1031 23:05:33.934609 10767 maintenance_manager.cc:208] P 0a8bbcbbb5a6459aa5258464755db3bb: Unregistered op FlushMRSOp(6a813ca355f749b6b31a773aa0f2ac7a)
I1031 23:05:33.934639 10767 maintenance_manager.cc:208] P 0a8bbcbbb5a6459aa5258464755db3bb: Unregistered op FlushDeltaMemStoresOp(6a813ca355f749b6b31a773aa0f2ac7a)
I1031 23:05:33.934643 39728 tablet_bootstrap.cc:541] T b758ec3274c84dcbb110cf5aa3dca9aa P 0a8bbcbbb5a6459aa5258464755db3bb: Time spent opening tablet: real 0.000s user 0.000s sys 0.000s
I1031 23:05:33.934674 39743 tablet_bootstrap.cc:484] T 9710e0187e434acfa54ca8f8504434ed P 0a8bbcbbb5a6459aa5258464755db3bb: No blocks or log segments found. Creating new log.
I1031 23:05:33.934680 10767 maintenance_manager.cc:208] P 0a8bbcbbb5a6459aa5258464755db3bb: Unregistered op LogGCOp(6a813ca355f749b6b31a773aa0f2ac7a)
I1031 23:05:33.934700 10767 raft_consensus.cc:1569] T 6a813ca355f749b6b31a773aa0f2ac7a P 0a8bbcbbb5a6459aa5258464755db3bb [term 0 FOLLOWER]: Raft consensus shutting down.
I1031 23:05:33.934720 10767 raft_consensus.cc:1585] T 6a813ca355f749b6b31a773aa0f2ac7a P 0a8bbcbbb5a6459aa5258464755db3bb [term 0 FOLLOWER]: Raft consensus is shut down!
I1031 23:05:33.934722 39753 ts_tablet_manager.cc:755] T 648eb376255a4dd4bb5818262efcc813 P 0a8bbcbbb5a6459aa5258464755db3bb: Time spent starting tablet: real 0.004s user 0.000s sys 0.002s
I1031 23:05:33.934756 39753 ts_tablet_manager.cc:723] T 46fc46e028434bc69f467922a9a59101 P 0a8bbcbbb5a6459aa5258464755db3bb: Bootstrapping tablet
I1031 23:05:33.934790 39728 tablet_bootstrap.cc:484] T b758ec3274c84dcbb110cf5aa3dca9aa P 0a8bbcbbb5a6459aa5258464755db3bb: No blocks or log segments found. Creating new log.
I1031 23:05:33.934795 39738 tablet_bootstrap.cc:541] T 8ed42ada2d6846f3b3b70c9d9c13c986 P 0a8bbcbbb5a6459aa5258464755db3bb: Time spent opening tablet: real 0.000s user 0.000s sys 0.000s
I1031 23:05:33.934809 39733 ts_tablet_manager.cc:755] T e53178c96c3c4ad2b3068e9674d1259d P 0a8bbcbbb5a6459aa5258464755db3bb: Time spent starting tablet: real 0.005s user 0.000s sys 0.002s
I1031 23:05:33.934825 10769 tablet_service.cc:691] Processing DeleteTablet for tablet 45e2cfbf12734183aa63ce7e9e78c541 with delete_type TABLET_DATA_DELETED (Replaced by 991306ec7acb449c89e5dd29d90e8d55 at 2017-10-31 23:04:22 CST) from {username='work'} at 10.108.187.10:43437
I1031 23:05:33.934851 10764 tablet_service.cc:691] Processing DeleteTablet for tablet bd6a9e583cad413ca558178148ac7f85 with delete_type TABLET_DATA_DELETED (Replaced by 117cd74bcdab4942901acb0005cdd702 at 2017-10-31 23:04:22 CST) from {username='work'} at 10.108.187.10:43437
I1031 23:05:33.934876 39758 ts_tablet_manager.cc:755] T 1d674793183b4a3fb8f88dc864e9059a P 0a8bbcbbb5a6459aa5258464755db3bb: Time spent starting tablet: real 0.005s user 0.001s sys 0.001s
I1031 23:05:33.934882 10762 tablet_service.cc:691] Processing DeleteTablet for tablet 69b4b5f037014f10bfab077f3f98ca49 with delete_type TABLET_DATA_DELETED (Replaced by b758ec3274c84dcbb110cf5aa3dca9aa at 2017-10-31 23:04:22 CST) from {username='work'} at 10.108.187.10:43437
I1031 23:05:33.934988 39738 tablet_bootstrap.cc:484] T 8ed42ada2d6846f3b3b70c9d9c13c986 P 0a8bbcbbb5a6459aa5258464755db3bb: No blocks or log segments found. Creating new log.
I1031 23:05:33.935005 10769 tablet_peer.cc:221] Initiating TabletPeer shutdown for tablet: 45e2cfbf12734183aa63ce7e9e78c541
I1031 23:05:33.935029 10769 maintenance_manager.cc:208] P 0a8bbcbbb5a6459aa5258464755db3bb: Unregistered op CompactRowSetsOp(45e2cfbf12734183aa63ce7e9e78c541)
I1031 23:05:33.935035 10764 tablet_peer.cc:221] Initiating TabletPeer shutdown for tablet: bd6a9e583cad413ca558178148ac7f85
I1031 23:05:33.935042 10769 maintenance_manager.cc:208] P 0a8bbcbbb5a6459aa5258464755db3bb: Unregistered op MinorDeltaCompactionOp(45e2cfbf12734183aa63ce7e9e78c541)
I1031 23:05:33.935058 39758 ts_tablet_manager.cc:723] T 802f72af09384e95acd389f46a1d9c84 P 0a8bbcbbb5a6459aa5258464755db3bb: Bootstrapping tablet
I1031 23:05:33.935024 10762 tablet_peer.cc:221] Initiating TabletPeer shutdown for tablet: 69b4b5f037014f10bfab077f3f98ca49
I1031 23:05:33.935077 10764 maintenance_manager.cc:208] P 0a8bbcbbb5a6459aa5258464755db3bb: Unregistered op CompactRowSetsOp(bd6a9e583cad413ca558178148ac7f85)
I1031 23:05:33.935055 39733 ts_tablet_manager.cc:723] T 582c1281bf5147b2bd40c9a950a1152f P 0a8bbcbbb5a6459aa5258464755db3bb: Bootstrapping tablet
I1031 23:05:33.935082 10769 maintenance_manager.cc:208] P 0a8bbcbbb5a6459aa5258464755db3bb: Unregistered op MajorDeltaCompactionOp(45e2cfbf12734183aa63ce7e9e78c541)
I1031 23:05:33.935097 10762 maintenance_manager.cc:208] P 0a8bbcbbb5a6459aa5258464755db3bb: Unregistered op CompactRowSetsOp(69b4b5f037014f10bfab077f3f98ca49)
I1031 23:05:33.935132 10769 maintenance_manager.cc:208] P 0a8bbcbbb5a6459aa5258464755db3bb: Unregistered op UndoDeltaBlockGCOp(45e2cfbf12734183aa63ce7e9e78c541)
I1031 23:05:33.935134 10762 maintenance_manager.cc:208] P 0a8bbcbbb5a6459aa5258464755db3bb: Unregistered op MinorDeltaCompactionOp(69b4b5f037014f10bfab077f3f98ca49)
I1031 23:05:33.935153 10769 maintenance_manager.cc:208] P 0a8bbcbbb5a6459aa5258464755db3bb: Unregistered op FlushMRSOp(45e2cfbf12734183aa63ce7e9e78c541)
I1031 23:05:33.935099 10764 maintenance_manager.cc:208] P 0a8bbcbbb5a6459aa5258464755db3bb: Unregistered op MinorDeltaCompactionOp(bd6a9e583cad413ca558178148ac7f85)
I1031 23:05:33.935164 10762 maintenance_manager.cc:208] P 0a8bbcbbb5a6459aa5258464755db3bb: Unregistered op MajorDeltaCompactionOp(69b4b5f037014f10bfab077f3f98ca49)
I1031 23:05:33.935170 10769 maintenance_manager.cc:208] P 0a8bbcbbb5a6459aa5258464755db3bb: Unregistered op FlushDeltaMemStoresOp(45e2cfbf12734183aa63ce7e9e78c541)
I1031 23:05:33.935184 10764 maintenance_manager.cc:208] P 0a8bbcbbb5a6459aa5258464755db3bb: Unregistered op MajorDeltaCompactionOp(bd6a9e583cad413ca558178148ac7f85)
I1031 23:05:33.935199 10762 maintenance_manager.cc:208] P 0a8bbcbbb5a6459aa5258464755db3bb: Unregistered op UndoDeltaBlockGCOp(69b4b5f037014f10bfab077f3f98ca49)
I1031 23:05:33.935191 10769 maintenance_manager.cc:208] P 0a8bbcbbb5a6459aa5258464755db3bb: Unregistered op LogGCOp(45e2cfbf12734183aa63ce7e9e78c541)
I1031 23:05:33.935219 10764 maintenance_manager.cc:208] P 0a8bbcbbb5a6459aa5258464755db3bb: Unregistered op UndoDeltaBlockGCOp(bd6a9e583cad413ca558178148ac7f85)
I1031 23:05:33.935223 10769 raft_consensus.cc:1569] T 45e2cfbf12734183aa63ce7e9e78c541 P 0a8bbcbbb5a6459aa5258464755db3bb [term 0 FOLLOWER]: Raft consensus shutting down.
I1031 23:05:33.935235 39753 tablet_bootstrap.cc:382] T 46fc46e028434bc69f467922a9a59101 P 0a8bbcbbb5a6459aa5258464755db3bb: Bootstrap starting.
I1031 23:05:33.935223 10762 maintenance_manager.cc:208] P 0a8bbcbbb5a6459aa5258464755db3bb: Unregistered op FlushMRSOp(69b4b5f037014f10bfab077f3f98ca49)
I1031 23:05:33.935251 10764 maintenance_manager.cc:208] P 0a8bbcbbb5a6459aa5258464755db3bb: Unregistered op FlushMRSOp(bd6a9e583cad413ca558178148ac7f85)
I1031 23:05:33.935256 10769 raft_consensus.cc:1585] T 45e2cfbf12734183aa63ce7e9e78c541 P 0a8bbcbbb5a6459aa5258464755db3bb [term 0 FOLLOWER]: Raft consensus is shut down!
I1031 23:05:33.935271 10764 maintenance_manager.cc:208] P 0a8bbcbbb5a6459aa5258464755db3bb: Unregistered op FlushDeltaMemStoresOp(bd6a9e583cad413ca558178148ac7f85)
I1031 23:05:33.935261 10762 maintenance_manager.cc:208] P 0a8bbcbbb5a6459aa5258464755db3bb: Unregistered op FlushDeltaMemStoresOp(69b4b5f037014f10bfab077f3f98ca49)
I1031 23:05:33.935282 10764 maintenance_manager.cc:208] P 0a8bbcbbb5a6459aa5258464755db3bb: Unregistered op LogGCOp(bd6a9e583cad413ca558178148ac7f85)
I1031 23:05:33.935286 10762 maintenance_manager.cc:208] P 0a8bbcbbb5a6459aa5258464755db3bb: Unregistered op LogGCOp(69b4b5f037014f10bfab077f3f98ca49)
I1031 23:05:33.935307 10762 raft_consensus.cc:1569] T 69b4b5f037014f10bfab077f3f98ca49 P 0a8bbcbbb5a6459aa5258464755db3bb [term 0 FOLLOWER]: Raft consensus shutting down.
I1031 23:05:33.935303 10764 raft_consensus.cc:1569] T bd6a9e583cad413ca558178148ac7f85 P 0a8bbcbbb5a6459aa5258464755db3bb [term 0 FOLLOWER]: Raft consensus shutting down.
I1031 23:05:33.935330 10762 raft_consensus.cc:1585] T 69b4b5f037014f10bfab077f3f98ca49 P 0a8bbcbbb5a6459aa5258464755db3bb [term 0 FOLLOWER]: Raft consensus is shut down!
I1031 23:05:33.935343 10764 raft_consensus.cc:1585] T bd6a9e583cad413ca558178148ac7f85 P 0a8bbcbbb5a6459aa5258464755db3bb [term 0 FOLLOWER]: Raft consensus is shut down!
I1031 23:05:33.935398 39753 tablet_bootstrap.cc:541] T 46fc46e028434bc69f467922a9a59101 P 0a8bbcbbb5a6459aa5258464755db3bb: Time spent opening tablet: real 0.000s user 0.000s sys 0.000s
I1031 23:05:33.935428 39758 tablet_bootstrap.cc:382] T 802f72af09384e95acd389f46a1d9c84 P 0a8bbcbbb5a6459aa5258464755db3bb: Bootstrap starting.
I1031 23:05:33.935495 39733 tablet_bootstrap.cc:382] T 582c1281bf5147b2bd40c9a950a1152f P 0a8bbcbbb5a6459aa5258464755db3bb: Bootstrap starting.
I1031 23:05:33.935501 39753 tablet_bootstrap.cc:484] T 46fc46e028434bc69f467922a9a59101 P 0a8bbcbbb5a6459aa5258464755db3bb: No blocks or log segments found. Creating new log.
I1031 23:05:33.935580 39758 tablet_bootstrap.cc:541] T 802f72af09384e95acd389f46a1d9c84 P 0a8bbcbbb5a6459aa5258464755db3bb: Time spent opening tablet: real 0.000s user 0.000s sys 0.000s
I1031 23:05:33.935624 39733 tablet_bootstrap.cc:541] T 582c1281bf5147b2bd40c9a950a1152f P 0a8bbcbbb5a6459aa5258464755db3bb: Time spent opening tablet: real 0.000s user 0.000s sys 0.000s
I1031 23:05:33.935684 39758 tablet_bootstrap.cc:484] T 802f72af09384e95acd389f46a1d9c84 P 0a8bbcbbb5a6459aa5258464755db3bb: No blocks or log segments found. Creating new log.
I1031 23:05:33.935745 39733 tablet_bootstrap.cc:484] T 582c1281bf5147b2bd40c9a950a1152f P 0a8bbcbbb5a6459aa5258464755db3bb: No blocks or log segments found. Creating new log.
I1031 23:05:33.936328 39768 tablet_bootstrap.cc:382] T 4b81a7f36c9a4b24a3294e39fdf19d9d P 0a8bbcbbb5a6459aa5258464755db3bb: No bootstrap required, opened a new log
I1031 23:05:33.936360 39768 ts_tablet_manager.cc:728] T 4b81a7f36c9a4b24a3294e39fdf19d9d P 0a8bbcbbb5a6459aa5258464755db3bb: Time spent bootstrapping tablet: real 0.003s user 0.000s sys 0.002s
I1031 23:05:33.938014 39733 tablet_bootstrap.cc:382] T 582c1281bf5147b2bd40c9a950a1152f P 0a8bbcbbb5a6459aa5258464755db3bb: No bootstrap required, opened a new log
I1031 23:05:33.938024 39763 tablet_bootstrap.cc:382] T 812b248175004ae8992ff2660fc9d520 P 0a8bbcbbb5a6459aa5258464755db3bb: No bootstrap required, opened a new log
I1031 23:05:33.938055 39733 ts_tablet_manager.cc:728] T 582c1281bf5147b2bd40c9a950a1152f P 0a8bbcbbb5a6459aa5258464755db3bb: Time spent bootstrapping tablet: real 0.003s user 0.001s sys 0.000s
I1031 23:05:33.938076 39758 tablet_bootstrap.cc:382] T 802f72af09384e95acd389f46a1d9c84 P 0a8bbcbbb5a6459aa5258464755db3bb: No bootstrap required, opened a new log
I1031 23:05:33.938077 39763 ts_tablet_manager.cc:728] T 812b248175004ae8992ff2660fc9d520 P 0a8bbcbbb5a6459aa5258464755db3bb: Time spent bootstrapping tablet: real 0.005s user 0.001s sys 0.001s
I1031 23:05:33.938117 39758 ts_tablet_manager.cc:728] T 802f72af09384e95acd389f46a1d9c84 P 0a8bbcbbb5a6459aa5258464755db3bb: Time spent bootstrapping tablet: real 0.003s user 0.001s sys 0.000s
I1031 23:05:33.938138 39768 raft_consensus.cc:288] T 4b81a7f36c9a4b24a3294e39fdf19d9d P 0a8bbcbbb5a6459aa5258464755db3bb [term 0 FOLLOWER]: Replica starting. Triggering 0 pending transactions. Active config: opid_index: -1 OBSOLETE_local: false peers { permanent_uuid: "0a8bbcbbb5a6459aa5258464755db3bb" member_type: VOTER last_known_addr { host: "c3-kudu-tst-st02.bj" port: 18700 } } peers { permanent_uuid: "23f962e4a1744381ad5fa0d2d8b10241" member_type: VOTER last_known_addr { host: "c3-kudu-tst-st07.bj" port: 18700 } } peers { permanent_uuid: "625f49b9554549e6a5c3a92b76e576cf" member_type: VOTER last_known_addr { host: "c3-kudu-tst-st10.bj" port: 18700 } }
I1031 23:05:33.938169 39768 raft_consensus.cc:319] T 4b81a7f36c9a4b24a3294e39fdf19d9d P 0a8bbcbbb5a6459aa5258464755db3bb [term 0 FOLLOWER]: Consensus starting up: Expiring failure detector timer to make a prompt election more likely
I1031 23:05:33.938190 39768 raft_consensus.cc:548] T 4b81a7f36c9a4b24a3294e39fdf19d9d P 0a8bbcbbb5a6459aa5258464755db3bb [term 0 FOLLOWER]: Becoming Follower/Learner. State: Replica: 0a8bbcbbb5a6459aa5258464755db3bb, State: 1, Role: FOLLOWER
I1031 23:05:33.938215 39768 consensus_queue.cc:176] T 4b81a7f36c9a4b24a3294e39fdf19d9d P 0a8bbcbbb5a6459aa5258464755db3bb [NON_LEADER]: Queue going to NON_LEADER mode. State: All replicated index: 0, Majority replicated index: 0, Committed index: 0, Last appended: 0.0, Current term: 0, Majority size: -1, State: 1, Mode: NON_LEADER
I1031 23:05:33.938387 39748 tablet_bootstrap.cc:382] T 388697c0c21a4b158a92f2b292b8012f P 0a8bbcbbb5a6459aa5258464755db3bb: No bootstrap required, opened a new log
I1031 23:05:33.938436 39748 ts_tablet_manager.cc:728] T 388697c0c21a4b158a92f2b292b8012f P 0a8bbcbbb5a6459aa5258464755db3bb: Time spent bootstrapping tablet: real 0.005s user 0.002s sys 0.000s
I1031 23:05:33.938511 39768 ts_tablet_manager.cc:755] T 4b81a7f36c9a4b24a3294e39fdf19d9d P 0a8bbcbbb5a6459aa5258464755db3bb: Time spent starting tablet: real 0.002s user 0.000s sys 0.000s
I1031 23:05:33.938563 39743 tablet_bootstrap.cc:382] T 9710e0187e434acfa54ca8f8504434ed P 0a8bbcbbb5a6459aa5258464755db3bb: No bootstrap required, opened a new log
I1031 23:05:33.938594 39743 ts_tablet_manager.cc:728] T 9710e0187e434acfa54ca8f8504434ed P 0a8bbcbbb5a6459aa5258464755db3bb: Time spent bootstrapping tablet: real 0.005s user 0.001s sys 0.000s
I1031 23:05:33.938699 39758 raft_consensus.cc:288] T 802f72af09384e95acd389f46a1d9c84 P 0a8bbcbbb5a6459aa5258464755db3bb [term 0 FOLLOWER]: Replica starting. Triggering 0 pending transactions. Active config: opid_index: -1 OBSOLETE_local: false peers { permanent_uuid: "0a8bbcbbb5a6459aa5258464755db3bb" member_type: VOTER last_known_addr { host: "c3-kudu-tst-st02.bj" port: 18700 } } peers { permanent_uuid: "0fc477287c154136abc1e2f3c82fb7f9" member_type: VOTER last_known_addr { host: "c3-kudu-tst-st04.bj" port: 18700 } } peers { permanent_uuid: "193181be29284287b25df2ee92938f0b" member_type: VOTER last_known_addr { host: "c3-kudu-tst-st08.bj" port: 18700 } }
I1031 23:05:33.938727 39758 raft_consensus.cc:319] T 802f72af09384e95acd389f46a1d9c84 P 0a8bbcbbb5a6459aa5258464755db3bb [term 0 FOLLOWER]: Consensus starting up: Expiring failure detector timer to make a prompt election more likely
I1031 23:05:33.938740 39758 raft_consensus.cc:548] T 802f72af09384e95acd389f46a1d9c84 P 0a8bbcbbb5a6459aa5258464755db3bb [term 0 FOLLOWER]: Becoming Follower/Learner. State: Replica: 0a8bbcbbb5a6459aa5258464755db3bb, State: 1, Role: FOLLOWER
I1031 23:05:33.938755 39758 consensus_queue.cc:176] T 802f72af09384e95acd389f46a1d9c84 P 0a8bbcbbb5a6459aa5258464755db3bb [NON_LEADER]: Queue going to NON_LEADER mode. State: All replicated index: 0, Majority replicated index: 0, Committed index: 0, Last appended: 0.0, Current term: 0, Majority size: -1, State: 1, Mode: NON_LEADER
I1031 23:05:33.939075 39768 ts_tablet_manager.cc:723] T 117cd74bcdab4942901acb0005cdd702 P 0a8bbcbbb5a6459aa5258464755db3bb: Bootstrapping tablet
I1031 23:05:33.939322 10763 tablet_service.cc:691] Processing DeleteTablet for tablet 4b81a7f36c9a4b24a3294e39fdf19d9d with delete_type TABLET_DATA_DELETED (Replaced by 1cebccaea10d49478c004cca39676556 at 2017-10-31 23:04:52 CST) from {username='work'} at 10.108.187.10:43437
I1031 23:05:33.939348 10763 tablet_peer.cc:221] Initiating TabletPeer shutdown for tablet: 4b81a7f36c9a4b24a3294e39fdf19d9d
I1031 23:05:33.939371 10763 maintenance_manager.cc:208] P 0a8bbcbbb5a6459aa5258464755db3bb: Unregistered op CompactRowSetsOp(4b81a7f36c9a4b24a3294e39fdf19d9d)
I1031 23:05:33.939399 10763 maintenance_manager.cc:208] P 0a8bbcbbb5a6459aa5258464755db3bb: Unregistered op MinorDeltaCompactionOp(4b81a7f36c9a4b24a3294e39fdf19d9d)
I1031 23:05:33.939402 39768 tablet_bootstrap.cc:382] T 117cd74bcdab4942901acb0005cdd702 P 0a8bbcbbb5a6459aa5258464755db3bb: Bootstrap starting.
I1031 23:05:33.939419 10763 maintenance_manager.cc:208] P 0a8bbcbbb5a6459aa5258464755db3bb: Unregistered op MajorDeltaCompactionOp(4b81a7f36c9a4b24a3294e39fdf19d9d)
I1031 23:05:33.939435 10763 maintenance_manager.cc:208] P 0a8bbcbbb5a6459aa5258464755db3bb: Unregistered op UndoDeltaBlockGCOp(4b81a7f36c9a4b24a3294e39fdf19d9d)
I1031 23:05:33.939453 10763 maintenance_manager.cc:208] P 0a8bbcbbb5a6459aa5258464755db3bb: Unregistered op FlushMRSOp(4b81a7f36c9a4b24a3294e39fdf19d9d)
I1031 23:05:33.939469 10763 maintenance_manager.cc:208] P 0a8bbcbbb5a6459aa5258464755db3bb: Unregistered op FlushDeltaMemStoresOp(4b81a7f36c9a4b24a3294e39fdf19d9d)
I1031 23:05:33.939488 10763 maintenance_manager.cc:208] P 0a8bbcbbb5a6459aa5258464755db3bb: Unregistered op LogGCOp(4b81a7f36c9a4b24a3294e39fdf19d9d)
I1031 23:05:33.939502 10763 raft_consensus.cc:1569] T 4b81a7f36c9a4b24a3294e39fdf19d9d P 0a8bbcbbb5a6459aa5258464755db3bb [term 0 FOLLOWER]: Raft consensus shutting down.
I1031 23:05:33.939517 10763 raft_consensus.cc:1585] T 4b81a7f36c9a4b24a3294e39fdf19d9d P 0a8bbcbbb5a6459aa5258464755db3bb [term 0 FOLLOWER]: Raft consensus is shut down!
I1031 23:05:33.939541 39768 tablet_bootstrap.cc:541] T 117cd74bcdab4942901acb0005cdd702 P 0a8bbcbbb5a6459aa5258464755db3bb: Time spent opening tablet: real 0.000s user 0.000s sys 0.000s
I1031 23:05:33.939707 39768 tablet_bootstrap.cc:484] T 117cd74bcdab4942901acb0005cdd702 P 0a8bbcbbb5a6459aa5258464755db3bb: No blocks or log segments found. Creating new log.
I1031 23:05:33.941223 10767 ts_tablet_manager.cc:1020] T 6a813ca355f749b6b31a773aa0f2ac7a P 0a8bbcbbb5a6459aa5258464755db3bb: Deleting tablet data with delete state TABLET_DATA_DELETED
I1031 23:05:33.941519 10764 ts_tablet_manager.cc:1020] T bd6a9e583cad413ca558178148ac7f85 P 0a8bbcbbb5a6459aa5258464755db3bb: Deleting tablet data with delete state TABLET_DATA_DELETED
I1031 23:05:33.941606 10769 ts_tablet_manager.cc:1020] T 45e2cfbf12734183aa63ce7e9e78c541 P 0a8bbcbbb5a6459aa5258464755db3bb: Deleting tablet data with delete state TABLET_DATA_DELETED
I1031 23:05:33.941669 10762 ts_tablet_manager.cc:1020] T 69b4b5f037014f10bfab077f3f98ca49 P 0a8bbcbbb5a6459aa5258464755db3bb: Deleting tablet data with delete state TABLET_DATA_DELETED
I1031 23:05:33.942380 39738 tablet_bootstrap.cc:382] T 8ed42ada2d6846f3b3b70c9d9c13c986 P 0a8bbcbbb5a6459aa5258464755db3bb: No bootstrap required, opened a new log
I1031 23:05:33.942415 39738 ts_tablet_manager.cc:728] T 8ed42ada2d6846f3b3b70c9d9c13c986 P 0a8bbcbbb5a6459aa5258464755db3bb: Time spent bootstrapping tablet: real 0.008s user 0.001s sys 0.001s
I1031 23:05:33.942505 39728 tablet_bootstrap.cc:382] T b758ec3274c84dcbb110cf5aa3dca9aa P 0a8bbcbbb5a6459aa5258464755db3bb: No bootstrap required, opened a new log
I1031 23:05:33.942512 39758 ts_tablet_manager.cc:755] T 802f72af09384e95acd389f46a1d9c84 P 0a8bbcbbb5a6459aa5258464755db3bb: Time spent starting tablet: real 0.004s user 0.000s sys 0.001s
I1031 23:05:33.942534 39728 ts_tablet_manager.cc:728] T b758ec3274c84dcbb110cf5aa3dca9aa P 0a8bbcbbb5a6459aa5258464755db3bb: Time spent bootstrapping tablet: real 0.008s user 0.001s sys 0.002s
I1031 23:05:33.942987 39758 ts_tablet_manager.cc:723] T c94f26e6a0ea4bea82140a0877c0f226 P 0a8bbcbbb5a6459aa5258464755db3bb: Bootstrapping tablet
I1031 23:05:33.943282 10759 tablet_service.cc:691] Processing DeleteTablet for tablet 802f72af09384e95acd389f46a1d9c84 with delete_type TABLET_DATA_DELETED (Replaced by 721e8a57234447eabda00f5df65bd574 at 2017-10-31 23:04:52 CST) from {username='work'} at 10.108.187.10:43437
I1031 23:05:33.943286 39748 raft_consensus.cc:288] T 388697c0c21a4b158a92f2b292b8012f P 0a8bbcbbb5a6459aa5258464755db3bb [term 0 FOLLOWER]: Replica starting. Triggering 0 pending transactions. Active config: opid_index: -1 OBSOLETE_local: false peers { permanent_uuid: "625f49b9554549e6a5c3a92b76e576cf" member_type: VOTER last_known_addr { host: "c3-kudu-tst-st10.bj" port: 18700 } } peers { permanent_uuid: "193181be29284287b25df2ee92938f0b" member_type: VOTER last_known_addr { host: "c3-kudu-tst-st08.bj" port: 18700 } } peers { permanent_uuid: "0a8bbcbbb5a6459aa5258464755db3bb" member_type: VOTER last_known_addr { host: "c3-kudu-tst-st02.bj" port: 18700 } }
I1031 23:05:33.943302 10759 tablet_peer.cc:221] Initiating TabletPeer shutdown for tablet: 802f72af09384e95acd389f46a1d9c84
I1031 23:05:33.943307 39758 tablet_bootstrap.cc:382] T c94f26e6a0ea4bea82140a0877c0f226 P 0a8bbcbbb5a6459aa5258464755db3bb: Bootstrap starting.
I1031 23:05:33.943307 39733 raft_consensus.cc:288] T 582c1281bf5147b2bd40c9a950a1152f P 0a8bbcbbb5a6459aa5258464755db3bb [term 0 FOLLOWER]: Replica starting. Triggering 0 pending transactions. Active config: opid_index: -1 OBSOLETE_local: false peers { permanent_uuid: "0a8bbcbbb5a6459aa5258464755db3bb" member_type: VOTER last_known_addr { host: "c3-kudu-tst-st02.bj" port: 18700 } } peers { permanent_uuid: "193181be29284287b25df2ee92938f0b" member_type: VOTER last_known_addr { host: "c3-kudu-tst-st08.bj" port: 18700 } } peers { permanent_uuid: "625f49b9554549e6a5c3a92b76e576cf" member_type: VOTER last_known_addr { host: "c3-kudu-tst-st10.bj" port: 18700 } }
I1031 23:05:33.943310 39748 raft_consensus.cc:319] T 388697c0c21a4b158a92f2b292b8012f P 0a8bbcbbb5a6459aa5258464755db3bb [term 0 FOLLOWER]: Consensus starting up: Expiring failure detector timer to make a prompt election more likely
I1031 23:05:33.943321 10759 maintenance_manager.cc:208] P 0a8bbcbbb5a6459aa5258464755db3bb: Unregistered op CompactRowSetsOp(802f72af09384e95acd389f46a1d9c84)
I1031 23:05:33.943343 39733 raft_consensus.cc:319] T 582c1281bf5147b2bd40c9a950a1152f P 0a8bbcbbb5a6459aa5258464755db3bb [term 0 FOLLOWER]: Consensus starting up: Expiring failure detector timer to make a prompt election more likely
I1031 23:05:33.943346 39748 raft_consensus.cc:548] T 388697c0c21a4b158a92f2b292b8012f P 0a8bbcbbb5a6459aa5258464755db3bb [term 0 FOLLOWER]: Becoming Follower/Learner. State: Replica: 0a8bbcbbb5a6459aa5258464755db3bb, State: 1, Role: FOLLOWER
I1031 23:05:33.943353 10759 maintenance_manager.cc:208] P 0a8bbcbbb5a6459aa5258464755db3bb: Unregistered op MinorDeltaCompactionOp(802f72af09384e95acd389f46a1d9c84)
I1031 23:05:33.943364 39733 raft_consensus.cc:548] T 582c1281bf5147b2bd40c9a950a1152f P 0a8bbcbbb5a6459aa5258464755db3bb [term 0 FOLLOWER]: Becoming Follower/Learner. State: Replica: 0a8bbcbbb5a6459aa5258464755db3bb, State: 1, Role: FOLLOWER
I1031 23:05:33.943377 39748 consensus_queue.cc:176] T 388697c0c21a4b158a92f2b292b8012f P 0a8bbcbbb5a6459aa5258464755db3bb [NON_LEADER]: Queue going to NON_LEADER mode. State: All replicated index: 0, Majority replicated index: 0, Committed index: 0, Last appended: 0.0, Current term: 0, Majority size: -1, State: 1, Mode: NON_LEADER
I1031 23:05:33.943382 10759 maintenance_manager.cc:208] P 0a8bbcbbb5a6459aa5258464755db3bb: Unregistered op MajorDeltaCompactionOp(802f72af09384e95acd389f46a1d9c84)
I1031 23:05:33.943384 39733 consensus_queue.cc:176] T 582c1281bf5147b2bd40c9a950a1152f P 0a8bbcbbb5a6459aa5258464755db3bb [NON_LEADER]: Queue going to NON_LEADER mode. State: All replicated index: 0, Majority replicated index: 0, Committed index: 0, Last appended: 0.0, Current term: 0, Majority size: -1, State: 1, Mode: NON_LEADER
I1031 23:05:33.943398 10759 maintenance_manager.cc:208] P 0a8bbcbbb5a6459aa5258464755db3bb: Unregistered op UndoDeltaBlockGCOp(802f72af09384e95acd389f46a1d9c84)
I1031 23:05:33.943416 10759 maintenance_manager.cc:208] P 0a8bbcbbb5a6459aa5258464755db3bb: Unregistered op FlushMRSOp(802f72af09384e95acd389f46a1d9c84)
I1031 23:05:33.943434 10759 maintenance_manager.cc:208] P 0a8bbcbbb5a6459aa5258464755db3bb: Unregistered op FlushDeltaMemStoresOp(802f72af09384e95acd389f46a1d9c84)
I1031 23:05:33.943446 10759 maintenance_manager.cc:208] P 0a8bbcbbb5a6459aa5258464755db3bb: Unregistered op LogGCOp(802f72af09384e95acd389f46a1d9c84)
I1031 23:05:33.943452 39743 raft_consensus.cc:288] T 9710e0187e434acfa54ca8f8504434ed P 0a8bbcbbb5a6459aa5258464755db3bb [term 0 FOLLOWER]: Replica starting. Triggering 0 pending transactions. Active config: opid_index: -1 OBSOLETE_local: false peers { permanent_uuid: "0a8bbcbbb5a6459aa5258464755db3bb" member_type: VOTER last_known_addr { host: "c3-kudu-tst-st02.bj" port: 18700 } } peers { permanent_uuid: "d3eb30bd1bc34b95902fa61724239553" member_type: VOTER last_known_addr { host: "c3-kudu-tst-st05.bj" port: 18700 } } peers { permanent_uuid: "daba39963d4346e1816089fd3a5442b5" member_type: VOTER last_known_addr { host: "c3-kudu-tst-st09.bj" port: 18700 } }
I1031 23:05:33.943464 39763 raft_consensus.cc:288] T 812b248175004ae8992ff2660fc9d520 P 0a8bbcbbb5a6459aa5258464755db3bb [term 0 FOLLOWER]: Replica starting. Triggering 0 pending transactions. Active config: opid_index: -1 OBSOLETE_local: false peers { permanent_uuid: "625f49b9554549e6a5c3a92b76e576cf" member_type: VOTER last_known_addr { host: "c3-kudu-tst-st10.bj" port: 18700 } } peers { permanent_uuid: "0a8bbcbbb5a6459aa5258464755db3bb" member_type: VOTER last_known_addr { host: "c3-kudu-tst-st02.bj" port: 18700 } } peers { permanent_uuid: "daba39963d4346e1816089fd3a5442b5" member_type: VOTER last_known_addr { host: "c3-kudu-tst-st09.bj" port: 18700 } }
I1031 23:05:33.943457 10759 raft_consensus.cc:1569] T 802f72af09384e95acd389f46a1d9c84 P 0a8bbcbbb5a6459aa5258464755db3bb [term 0 FOLLOWER]: Raft consensus shutting down.
I1031 23:05:33.943481 39763 raft_consensus.cc:319] T 812b248175004ae8992ff2660fc9d520 P 0a8bbcbbb5a6459aa5258464755db3bb [term 0 FOLLOWER]: Consensus starting up: Expiring failure detector timer to make a prompt election more likely
I1031 23:05:33.943483 10759 raft_consensus.cc:1585] T 802f72af09384e95acd389f46a1d9c84 P 0a8bbcbbb5a6459aa5258464755db3bb [term 0 FOLLOWER]: Raft consensus is shut down!
I1031 23:05:33.943497 39763 raft_consensus.cc:548] T 812b248175004ae8992ff2660fc9d520 P 0a8bbcbbb5a6459aa5258464755db3bb [term 0 FOLLOWER]: Becoming Follower/Learner. State: Replica: 0a8bbcbbb5a6459aa5258464755db3bb, State: 1, Role: FOLLOWER
I1031 23:05:33.943500 39728 raft_consensus.cc:288] T b758ec3274c84dcbb110cf5aa3dca9aa P 0a8bbcbbb5a6459aa5258464755db3bb [term 0 FOLLOWER]: Replica starting. Triggering 0 pending transactions. Active config: opid_index: -1 OBSOLETE_local: false peers { permanent_uuid: "23f962e4a1744381ad5fa0d2d8b10241" member_type: VOTER last_known_addr { host: "c3-kudu-tst-st07.bj" port: 18700 } } peers { permanent_uuid: "193181be29284287b25df2ee92938f0b" member_type: VOTER last_known_addr { host: "c3-kudu-tst-st08.bj" port: 18700 } } peers { permanent_uuid: "0a8bbcbbb5a6459aa5258464755db3bb" member_type: VOTER last_known_addr { host: "c3-kudu-tst-st02.bj" port: 18700 } }
I1031 23:05:33.943517 39763 consensus_queue.cc:176] T 812b248175004ae8992ff2660fc9d520 P 0a8bbcbbb5a6459aa5258464755db3bb [NON_LEADER]: Queue going to NON_LEADER mode. State: All replicated index: 0, Majority replicated index: 0, Committed index: 0, Last appended: 0.0, Current term: 0, Majority size: -1, State: 1, Mode: NON_LEADER
I1031 23:05:33.943523 39728 raft_consensus.cc:319] T b758ec3274c84dcbb110cf5aa3dca9aa P 0a8bbcbbb5a6459aa5258464755db3bb [term 0 FOLLOWER]: Consensus starting up: Expiring failure detector timer to make a prompt election more likely
I1031 23:05:33.943532 39728 raft_consensus.cc:548] T b758ec3274c84dcbb110cf5aa3dca9aa P 0a8bbcbbb5a6459aa5258464755db3bb [term 0 FOLLOWER]: Becoming Follower/Learner. State: Replica: 0a8bbcbbb5a6459aa5258464755db3bb, State: 1, Role: FOLLOWER
I1031 23:05:33.943547 39728 consensus_queue.cc:176] T b758ec3274c84dcbb110cf5aa3dca9aa P 0a8bbcbbb5a6459aa5258464755db3bb [NON_LEADER]: Queue going to NON_LEADER mode. State: All replicated index: 0, Majority replicated index: 0, Committed index: 0, Last appended: 0.0, Current term: 0, Majority size: -1, State: 1, Mode: NON_LEADER
I1031 23:05:33.943482 39743 raft_consensus.cc:319] T 9710e0187e434acfa54ca8f8504434ed P 0a8bbcbbb5a6459aa5258464755db3bb [term 0 FOLLOWER]: Consensus starting up: Expiring failure detector timer to make a prompt election more likely
I1031 23:05:33.943583 39733 ts_tablet_manager.cc:755] T 582c1281bf5147b2bd40c9a950a1152f P 0a8bbcbbb5a6459aa5258464755db3bb: Time spent starting tablet: real 0.005s user 0.001s sys 0.000s
I1031 23:05:33.943596 39753 tablet_bootstrap.cc:382] T 46fc46e028434bc69f467922a9a59101 P 0a8bbcbbb5a6459aa5258464755db3bb: No bootstrap required, opened a new log
I1031 23:05:33.943604 39743 raft_consensus.cc:548] T 9710e0187e434acfa54ca8f8504434ed P 0a8bbcbbb5a6459aa5258464755db3bb [term 0 FOLLOWER]: Becoming Follower/Learner. State: Replica: 0a8bbcbbb5a6459aa5258464755db3bb, State: 1, Role: FOLLOWER
I1031 23:05:33.943626 39733 ts_tablet_manager.cc:723] T 32984b820db347e1b2d4d0786cf221f2 P 0a8bbcbbb5a6459aa5258464755db3bb: Bootstrapping tablet
I1031 23:05:33.943634 39743 consensus_queue.cc:176] T 9710e0187e434acfa54ca8f8504434ed P 0a8bbcbbb5a6459aa5258464755db3bb [NON_LEADER]: Queue going to NON_LEADER mode. State: All replicated index: 0, Majority replicated index: 0, Committed index: 0, Last appended: 0.0, Current term: 0, Majority size: -1, State: 1, Mode: NON_LEADER
I1031 23:05:33.943639 39753 ts_tablet_manager.cc:728] T 46fc46e028434bc69f467922a9a59101 P 0a8bbcbbb5a6459aa5258464755db3bb: Time spent bootstrapping tablet: real 0.009s user 0.001s sys 0.001s
I1031 23:05:33.943672 39748 ts_tablet_manager.cc:755] T 388697c0c21a4b158a92f2b292b8012f P 0a8bbcbbb5a6459aa5258464755db3bb: Time spent starting tablet: real 0.005s user 0.000s sys 0.002s
I1031 23:05:33.943692 39758 tablet_bootstrap.cc:541] T c94f26e6a0ea4bea82140a0877c0f226 P 0a8bbcbbb5a6459aa5258464755db3bb: Time spent opening tablet: real 0.000s user 0.000s sys 0.000s
I1031 23:05:33.943711 39748 ts_tablet_manager.cc:723] T 8356b43879104775b9a8c5a9e546e85b P 0a8bbcbbb5a6459aa5258464755db3bb: Bootstrapping tablet
I1031 23:05:33.943732 39738 raft_consensus.cc:288] T 8ed42ada2d6846f3b3b70c9d9c13c986 P 0a8bbcbbb5a6459aa5258464755db3bb [term 0 FOLLOWER]: Replica starting. Triggering 0 pending transactions. Active config: opid_index: -1 OBSOLETE_local: false peers { permanent_uuid: "daba39963d4346e1816089fd3a5442b5" member_type: VOTER last_known_addr { host: "c3-kudu-tst-st09.bj" port: 18700 } } peers { permanent_uuid: "193181be29284287b25df2ee92938f0b" member_type: VOTER last_known_addr { host: "c3-kudu-tst-st08.bj" port: 18700 } } peers { permanent_uuid: "0a8bbcbbb5a6459aa5258464755db3bb" member_type: VOTER last_known_addr { host: "c3-kudu-tst-st02.bj" port: 18700 } }
I1031 23:05:33.943750 39738 raft_consensus.cc:319] T 8ed42ada2d6846f3b3b70c9d9c13c986 P 0a8bbcbbb5a6459aa5258464755db3bb [term 0 FOLLOWER]: Consensus starting up: Expiring failure detector timer to make a prompt election more likely
I1031 23:05:33.943759 39738 raft_consensus.cc:548] T 8ed42ada2d6846f3b3b70c9d9c13c986 P 0a8bbcbbb5a6459aa5258464755db3bb [term 0 FOLLOWER]: Becoming Follower/Learner. State: Replica: 0a8bbcbbb5a6459aa5258464755db3bb, State: 1, Role: FOLLOWER
I1031 23:05:33.943773 39738 consensus_queue.cc:176] T 8ed42ada2d6846f3b3b70c9d9c13c986 P 0a8bbcbbb5a6459aa5258464755db3bb [NON_LEADER]: Queue going to NON_LEADER mode. State: All replicated index: 0, Majority replicated index: 0, Committed index: 0, Last appended: 0.0, Current term: 0, Majority size: -1, State: 1, Mode: NON_LEADER
I1031 23:05:33.943826 10758 tablet_service.cc:691] Processing DeleteTablet for tablet 582c1281bf5147b2bd40c9a950a1152f with delete_type TABLET_DATA_DELETED (Replaced by 0def0264c0db4c438e16c22b23a0b43a at 2017-10-31 23:04:52 CST) from {username='work'} at 10.108.187.10:43437
I1031 23:05:33.943832 39758 tablet_bootstrap.cc:484] T c94f26e6a0ea4bea82140a0877c0f226 P 0a8bbcbbb5a6459aa5258464755db3bb: No blocks or log segments found. Creating new log.
I1031 23:05:33.944003 39768 tablet_bootstrap.cc:382] T 117cd74bcdab4942901acb0005cdd702 P 0a8bbcbbb5a6459aa5258464755db3bb: No bootstrap required, opened a new log
I1031 23:05:33.944033 39768 ts_tablet_manager.cc:728] T 117cd74bcdab4942901acb0005cdd702 P 0a8bbcbbb5a6459aa5258464755db3bb: Time spent bootstrapping tablet: real 0.005s user 0.000s sys 0.002s
I1031 23:05:33.944042 39733 tablet_bootstrap.cc:382] T 32984b820db347e1b2d4d0786cf221f2 P 0a8bbcbbb5a6459aa5258464755db3bb: Bootstrap starting.
I1031 23:05:33.944097 39748 tablet_bootstrap.cc:382] T 8356b43879104775b9a8c5a9e546e85b P 0a8bbcbbb5a6459aa5258464755db3bb: Bootstrap starting.
I1031 23:05:33.944169 10758 tablet_peer.cc:221] Initiating TabletPeer shutdown for tablet: 582c1281bf5147b2bd40c9a950a1152f
I1031 23:05:33.944200 10758 maintenance_manager.cc:208] P 0a8bbcbbb5a6459aa5258464755db3bb: Unregistered op CompactRowSetsOp(582c1281bf5147b2bd40c9a950a1152f)
I1031 23:05:33.944222 10758 maintenance_manager.cc:208] P 0a8bbcbbb5a6459aa5258464755db3bb: Unregistered op MinorDeltaCompactionOp(582c1281bf5147b2bd40c9a950a1152f)
I1031 23:05:33.944231 39748 tablet_bootstrap.cc:541] T 8356b43879104775b9a8c5a9e546e85b P 0a8bbcbbb5a6459aa5258464755db3bb: Time spent opening tablet: real 0.000s user 0.000s sys 0.000s
I1031 23:05:33.944223 39733 tablet_bootstrap.cc:541] T 32984b820db347e1b2d4d0786cf221f2 P 0a8bbcbbb5a6459aa5258464755db3bb: Time spent opening tablet: real 0.000s user 0.000s sys 0.000s
I1031 23:05:33.944247 10758 maintenance_manager.cc:208] P 0a8bbcbbb5a6459aa5258464755db3bb: Unregistered op MajorDeltaCompactionOp(582c1281bf5147b2bd40c9a950a1152f)
I1031 23:05:33.944255 39753 raft_consensus.cc:288] T 46fc46e028434bc69f467922a9a59101 P 0a8bbcbbb5a6459aa5258464755db3bb [term 0 FOLLOWER]: Replica starting. Triggering 0 pending transactions. Active config: opid_index: -1 OBSOLETE_local: false peers { permanent_uuid: "625f49b9554549e6a5c3a92b76e576cf" member_type: VOTER last_known_addr { host: "c3-kudu-tst-st10.bj" port: 18700 } } peers { permanent_uuid: "0a8bbcbbb5a6459aa5258464755db3bb" member_type: VOTER last_known_addr { host: "c3-kudu-tst-st02.bj" port: 18700 } } peers { permanent_uuid: "23f962e4a1744381ad5fa0d2d8b10241" member_type: VOTER last_known_addr { host: "c3-kudu-tst-st07.bj" port: 18700 } }
I1031 23:05:33.944268 10758 maintenance_manager.cc:208] P 0a8bbcbbb5a6459aa5258464755db3bb: Unregistered op UndoDeltaBlockGCOp(582c1281bf5147b2bd40c9a950a1152f)
I1031 23:05:33.944283 39753 raft_consensus.cc:319] T 46fc46e028434bc69f467922a9a59101 P 0a8bbcbbb5a6459aa5258464755db3bb [term 0 FOLLOWER]: Consensus starting up: Expiring failure detector timer to make a prompt election more likely
I1031 23:05:33.944285 10758 maintenance_manager.cc:208] P 0a8bbcbbb5a6459aa5258464755db3bb: Unregistered op FlushMRSOp(582c1281bf5147b2bd40c9a950a1152f)
I1031 23:05:33.944299 39753 raft_consensus.cc:548] T 46fc46e028434bc69f467922a9a59101 P 0a8bbcbbb5a6459aa5258464755db3bb [term 0 FOLLOWER]: Becoming Follower/Learner. State: Replica: 0a8bbcbbb5a6459aa5258464755db3bb, State: 1, Role: FOLLOWER
I1031 23:05:33.944308 10758 maintenance_manager.cc:208] P 0a8bbcbbb5a6459aa5258464755db3bb: Unregistered op FlushDeltaMemStoresOp(582c1281bf5147b2bd40c9a950a1152f)
I1031 23:05:33.944321 39753 consensus_queue.cc:176] T 46fc46e028434bc69f467922a9a59101 P 0a8bbcbbb5a6459aa5258464755db3bb [NON_LEADER]: Queue going to NON_LEADER mode. State: All replicated index: 0, Majority replicated index: 0, Committed index: 0, Last appended: 0.0, Current term: 0, Majority size: -1, State: 1, Mode: NON_LEADER
I1031 23:05:33.944327 10758 maintenance_manager.cc:208] P 0a8bbcbbb5a6459aa5258464755db3bb: Unregistered op LogGCOp(582c1281bf5147b2bd40c9a950a1152f)
I1031 23:05:33.944345 10758 raft_consensus.cc:1569] T 582c1281bf5147b2bd40c9a950a1152f P 0a8bbcbbb5a6459aa5258464755db3bb [term 0 FOLLOWER]: Raft consensus shutting down.
I1031 23:05:33.944361 10758 raft_consensus.cc:1585] T 582c1281bf5147b2bd40c9a950a1152f P 0a8bbcbbb5a6459aa5258464755db3bb [term 0 FOLLOWER]: Raft consensus is shut down!
I1031 23:05:33.944388 10756 tablet_service.cc:691] Processing DeleteTablet for tablet 388697c0c21a4b158a92f2b292b8012f with delete_type TABLET_DATA_DELETED (Replaced by 0ea66c65e2d4445eb9cc83ba7ee1448b at 2017-10-31 23:04:22 CST) from {username='work'} at 10.108.187.10:43437
I1031 23:05:33.944393 39733 tablet_bootstrap.cc:484] T 32984b820db347e1b2d4d0786cf221f2 P 0a8bbcbbb5a6459aa5258464755db3bb: No blocks or log segments found. Creating new log.
I1031 23:05:33.944409 10756 tablet_peer.cc:221] Initiating TabletPeer shutdown for tablet: 388697c0c21a4b158a92f2b292b8012f
I1031 23:05:33.944396 10763 ts_tablet_manager.cc:1020] T 4b81a7f36c9a4b24a3294e39fdf19d9d P 0a8bbcbbb5a6459aa5258464755db3bb: Deleting tablet data with delete state TABLET_DATA_DELETED
I1031 23:05:33.944427 10756 maintenance_manager.cc:208] P 0a8bbcbbb5a6459aa5258464755db3bb: Unregistered op CompactRowSetsOp(388697c0c21a4b158a92f2b292b8012f)
I1031 23:05:33.944427 39748 tablet_bootstrap.cc:484] T 8356b43879104775b9a8c5a9e546e85b P 0a8bbcbbb5a6459aa5258464755db3bb: No blocks or log segments found. Creating new log.
I1031 23:05:33.944447 10756 maintenance_manager.cc:208] P 0a8bbcbbb5a6459aa5258464755db3bb: Unregistered op MinorDeltaCompactionOp(388697c0c21a4b158a92f2b292b8012f)
I1031 23:05:33.944473 10756 maintenance_manager.cc:208] P 0a8bbcbbb5a6459aa5258464755db3bb: Unregistered op MajorDeltaCompactionOp(388697c0c21a4b158a92f2b292b8012f)
I1031 23:05:33.944488 10756 maintenance_manager.cc:208] P 0a8bbcbbb5a6459aa5258464755db3bb: Unregistered op UndoDeltaBlockGCOp(388697c0c21a4b158a92f2b292b8012f)
I1031 23:05:33.944500 10756 maintenance_manager.cc:208] P 0a8bbcbbb5a6459aa5258464755db3bb: Unregistered op FlushMRSOp(388697c0c21a4b158a92f2b292b8012f)
I1031 23:05:33.944514 10756 maintenance_manager.cc:208] P 0a8bbcbbb5a6459aa5258464755db3bb: Unregistered op FlushDeltaMemStoresOp(388697c0c21a4b158a92f2b292b8012f)
I1031 23:05:33.944525 10756 maintenance_manager.cc:208] P 0a8bbcbbb5a6459aa5258464755db3bb: Unregistered op LogGCOp(388697c0c21a4b158a92f2b292b8012f)
I1031 23:05:33.944533 10756 raft_consensus.cc:1569] T 388697c0c21a4b158a92f2b292b8012f P 0a8bbcbbb5a6459aa5258464755db3bb [term 0 FOLLOWER]: Raft consensus shutting down.
I1031 23:05:33.944545 10756 raft_consensus.cc:1585] T 388697c0c21a4b158a92f2b292b8012f P 0a8bbcbbb5a6459aa5258464755db3bb [term 0 FOLLOWER]: Raft consensus is shut down!
I1031 23:05:33.946357 39728 ts_tablet_manager.cc:755] T b758ec3274c84dcbb110cf5aa3dca9aa P 0a8bbcbbb5a6459aa5258464755db3bb: Time spent starting tablet: real 0.004s user 0.000s sys 0.001s
I1031 23:05:33.946390 39728 ts_tablet_manager.cc:723] T de37a68992504da8a4640f8ab4653544 P 0a8bbcbbb5a6459aa5258464755db3bb: Bootstrapping tablet
I1031 23:05:33.946610 10773 tablet_service.cc:691] Processing DeleteTablet for tablet b758ec3274c84dcbb110cf5aa3dca9aa with delete_type TABLET_DATA_DELETED (Replaced by 8356b43879104775b9a8c5a9e546e85b at 2017-10-31 23:04:52 CST) from {username='work'} at 10.108.187.10:43437
I1031 23:05:33.946641 39728 tablet_bootstrap.cc:382] T de37a68992504da8a4640f8ab4653544 P 0a8bbcbbb5a6459aa5258464755db3bb: Bootstrap starting.
I1031 23:05:33.946641 10773 tablet_peer.cc:221] Initiating TabletPeer shutdown for tablet: b758ec3274c84dcbb110cf5aa3dca9aa
I1031 23:05:33.946683 10773 maintenance_manager.cc:208] P 0a8bbcbbb5a6459aa5258464755db3bb: Unregistered op CompactRowSetsOp(b758ec3274c84dcbb110cf5aa3dca9aa)
I1031 23:05:33.946701 10773 maintenance_manager.cc:208] P 0a8bbcbbb5a6459aa5258464755db3bb: Unregistered op MinorDeltaCompactionOp(b758ec3274c84dcbb110cf5aa3dca9aa)
I1031 23:05:33.946717 10773 maintenance_manager.cc:208] P 0a8bbcbbb5a6459aa5258464755db3bb: Unregistered op MajorDeltaCompactionOp(b758ec3274c84dcbb110cf5aa3dca9aa)
I1031 23:05:33.946736 10773 maintenance_manager.cc:208] P 0a8bbcbbb5a6459aa5258464755db3bb: Unregistered op UndoDeltaBlockGCOp(b758ec3274c84dcbb110cf5aa3dca9aa)
I1031 23:05:33.946756 10773 maintenance_manager.cc:208] P 0a8bbcbbb5a6459aa5258464755db3bb: Unregistered op FlushMRSOp(b758ec3274c84dcbb110cf5aa3dca9aa)
I1031 23:05:33.946769 39728 tablet_bootstrap.cc:541] T de37a68992504da8a4640f8ab4653544 P 0a8bbcbbb5a6459aa5258464755db3bb: Time spent opening tablet: real 0.000s user 0.000s sys 0.000s
I1031 23:05:33.946772 10773 maintenance_manager.cc:208] P 0a8bbcbbb5a6459aa5258464755db3bb: Unregistered op FlushDeltaMemStoresOp(b758ec3274c84dcbb110cf5aa3dca9aa)
I1031 23:05:33.946804 10773 maintenance_manager.cc:208] P 0a8bbcbbb5a6459aa5258464755db3bb: Unregistered op LogGCOp(b758ec3274c84dcbb110cf5aa3dca9aa)
I1031 23:05:33.946816 10773 raft_consensus.cc:1569] T b758ec3274c84dcbb110cf5aa3dca9aa P 0a8bbcbbb5a6459aa5258464755db3bb [term 0 FOLLOWER]: Raft consensus shutting down.
I1031 23:05:33.946835 10768 tablet_service.cc:691] Processing DeleteTablet for tablet b758ec3274c84dcbb110cf5aa3dca9aa with delete_type TABLET_DATA_DELETED (Replaced by 8356b43879104775b9a8c5a9e546e85b at 2017-10-31 23:04:52 CST) from {username='work'} at 10.108.187.10:43437
I1031 23:05:33.946836 10773 raft_consensus.cc:1585] T b758ec3274c84dcbb110cf5aa3dca9aa P 0a8bbcbbb5a6459aa5258464755db3bb [term 0 FOLLOWER]: Raft consensus is shut down!
I1031 23:05:33.946884 39728 tablet_bootstrap.cc:484] T de37a68992504da8a4640f8ab4653544 P 0a8bbcbbb5a6459aa5258464755db3bb: No blocks or log segments found. Creating new log.
I1031 23:05:33.946902 39738 ts_tablet_manager.cc:755] T 8ed42ada2d6846f3b3b70c9d9c13c986 P 0a8bbcbbb5a6459aa5258464755db3bb: Time spent starting tablet: real 0.004s user 0.000s sys 0.001s
I1031 23:05:33.946990 39738 ts_tablet_manager.cc:723] T 721e8a57234447eabda00f5df65bd574 P 0a8bbcbbb5a6459aa5258464755db3bb: Bootstrapping tablet
I1031 23:05:33.947027 39763 ts_tablet_manager.cc:755] T 812b248175004ae8992ff2660fc9d520 P 0a8bbcbbb5a6459aa5258464755db3bb: Time spent starting tablet: real 0.009s user 0.002s sys 0.000s
I1031 23:05:33.947064 39763 ts_tablet_manager.cc:723] T 1cebccaea10d49478c004cca39676556 P 0a8bbcbbb5a6459aa5258464755db3bb: Bootstrapping tablet
I1031 23:05:33.947080 39743 ts_tablet_manager.cc:755] T 9710e0187e434acfa54ca8f8504434ed P 0a8bbcbbb5a6459aa5258464755db3bb: Time spent starting tablet: real 0.008s user 0.000s sys 0.002s
I1031 23:05:33.947113 39743 ts_tablet_manager.cc:723] T 0c2abca80c8f4fdaa788afd6a931df9d P 0a8bbcbbb5a6459aa5258464755db3bb: Bootstrapping tablet
I1031 23:05:33.947168 10768 tablet_service.cc:691] Processing DeleteTablet for tablet 8ed42ada2d6846f3b3b70c9d9c13c986 with delete_type TABLET_DATA_DELETED (Replaced by de37a68992504da8a4640f8ab4653544 at 2017-10-31 23:04:52 CST) from {username='work'} at 10.108.187.10:43437
I1031 23:05:33.947186 10768 tablet_peer.cc:221] Initiating TabletPeer shutdown for tablet: 8ed42ada2d6846f3b3b70c9d9c13c986
I1031 23:05:33.947203 10768 maintenance_manager.cc:208] P 0a8bbcbbb5a6459aa5258464755db3bb: Unregistered op CompactRowSetsOp(8ed42ada2d6846f3b3b70c9d9c13c986)
I1031 23:05:33.947218 10768 maintenance_manager.cc:208] P 0a8bbcbbb5a6459aa5258464755db3bb: Unregistered op MinorDeltaCompactionOp(8ed42ada2d6846f3b3b70c9d9c13c986)
I1031 23:05:33.947237 10768 maintenance_manager.cc:208] P 0a8bbcbbb5a6459aa5258464755db3bb: Unregistered op MajorDeltaCompactionOp(8ed42ada2d6846f3b3b70c9d9c13c986)
I1031 23:05:33.947258 10768 maintenance_manager.cc:208] P 0a8bbcbbb5a6459aa5258464755db3bb: Unregistered op UndoDeltaBlockGCOp(8ed42ada2d6846f3b3b70c9d9c13c986)
I1031 23:05:33.947278 10768 maintenance_manager.cc:208] P 0a8bbcbbb5a6459aa5258464755db3bb: Unregistered op FlushMRSOp(8ed42ada2d6846f3b3b70c9d9c13c986)
I1031 23:05:33.947291 10768 maintenance_manager.cc:208] P 0a8bbcbbb5a6459aa5258464755db3bb: Unregistered op FlushDeltaMemStoresOp(8ed42ada2d6846f3b3b70c9d9c13c986)
I1031 23:05:33.947306 10768 maintenance_manager.cc:208] P 0a8bbcbbb5a6459aa5258464755db3bb: Unregistered op LogGCOp(8ed42ada2d6846f3b3b70c9d9c13c986)
I1031 23:05:33.947314 39738 tablet_bootstrap.cc:382] T 721e8a57234447eabda00f5df65bd574 P 0a8bbcbbb5a6459aa5258464755db3bb: Bootstrap starting.
I1031 23:05:33.947325 10768 raft_consensus.cc:1569] T 8ed42ada2d6846f3b3b70c9d9c13c986 P 0a8bbcbbb5a6459aa5258464755db3bb [term 0 FOLLOWER]: Raft consensus shutting down.
I1031 23:05:33.947350 10768 raft_consensus.cc:1585] T 8ed42ada2d6846f3b3b70c9d9c13c986 P 0a8bbcbbb5a6459aa5258464755db3bb [term 0 FOLLOWER]: Raft consensus is shut down!
I1031 23:05:33.947391 39763 tablet_bootstrap.cc:382] T 1cebccaea10d49478c004cca39676556 P 0a8bbcbbb5a6459aa5258464755db3bb: Bootstrap starting.
I1031 23:05:33.947413 39743 tablet_bootstrap.cc:382] T 0c2abca80c8f4fdaa788afd6a931df9d P 0a8bbcbbb5a6459aa5258464755db3bb: Bootstrap starting.
I1031 23:05:33.947445 39738 tablet_bootstrap.cc:541] T 721e8a57234447eabda00f5df65bd574 P 0a8bbcbbb5a6459aa5258464755db3bb: Time spent opening tablet: real 0.000s user 0.000s sys 0.000s
I1031 23:05:33.947522 39763 tablet_bootstrap.cc:541] T 1cebccaea10d49478c004cca39676556 P 0a8bbcbbb5a6459aa5258464755db3bb: Time spent opening tablet: real 0.000s user 0.000s sys 0.000s
I1031 23:05:33.947540 39743 tablet_bootstrap.cc:541] T 0c2abca80c8f4fdaa788afd6a931df9d P 0a8bbcbbb5a6459aa5258464755db3bb: Time spent opening tablet: real 0.000s user 0.000s sys 0.000s
I1031 23:05:33.947577 10771 tablet_service.cc:691] Processing DeleteTablet for tablet 812b248175004ae8992ff2660fc9d520 with delete_type TABLET_DATA_DELETED (Replaced by 8ed42ada2d6846f3b3b70c9d9c13c986 at 2017-10-31 23:04:22 CST) from {username='work'} at 10.108.187.10:43437
I1031 23:05:33.947585 39738 tablet_bootstrap.cc:484] T 721e8a57234447eabda00f5df65bd574 P 0a8bbcbbb5a6459aa5258464755db3bb: No blocks or log segments found. Creating new log.
I1031 23:05:33.947608 10771 tablet_peer.cc:221] Initiating TabletPeer shutdown for tablet: 812b248175004ae8992ff2660fc9d520
I1031 23:05:33.947625 10771 maintenance_manager.cc:208] P 0a8bbcbbb5a6459aa5258464755db3bb: Unregistered op CompactRowSetsOp(812b248175004ae8992ff2660fc9d520)
I1031 23:05:33.947640 10771 maintenance_manager.cc:208] P 0a8bbcbbb5a6459aa5258464755db3bb: Unregistered op MinorDeltaCompactionOp(812b248175004ae8992ff2660fc9d520)
I1031 23:05:33.947644 39763 tablet_bootstrap.cc:484] T 1cebccaea10d49478c004cca39676556 P 0a8bbcbbb5a6459aa5258464755db3bb: No blocks or log segments found. Creating new log.
I1031 23:05:33.947654 10771 maintenance_manager.cc:208] P 0a8bbcbbb5a6459aa5258464755db3bb: Unregistered op MajorDeltaCompactionOp(812b248175004ae8992ff2660fc9d520)
I1031 23:05:33.947662 10771 maintenance_manager.cc:208] P 0a8bbcbbb5a6459aa5258464755db3bb: Unregistered op UndoDeltaBlockGCOp(812b248175004ae8992ff2660fc9d520)
