I1031 23:05:34.008935 10717 leader_election.cc:243] T eeb3a3cb417b466abffd16749d165a61 P 0a8bbcbbb5a6459aa5258464755db3bb [CANDIDATE]: Term 1 pre-election: Election decided. Result: candidate won.
I1031 23:05:34.008981 40661 raft_consensus.cc:2162] T eeb3a3cb417b466abffd16749d165a61 P 0a8bbcbbb5a6459aa5258464755db3bb [term 0 FOLLOWER]: Snoozing failure detection for election timeout plus an additional 2.024s
I1031 23:05:34.009003 40661 raft_consensus.cc:1971] T eeb3a3cb417b466abffd16749d165a61 P 0a8bbcbbb5a6459aa5258464755db3bb [term 0 FOLLOWER]: Leader pre-election won for term 1
I1031 23:05:34.009016 40661 raft_consensus.cc:411] T eeb3a3cb417b466abffd16749d165a61 P 0a8bbcbbb5a6459aa5258464755db3bb [term 0 FOLLOWER]: Starting leader election (no leader contacted us within the election timeout)
I1031 23:05:34.009030 40661 raft_consensus.cc:2162] T eeb3a3cb417b466abffd16749d165a61 P 0a8bbcbbb5a6459aa5258464755db3bb [term 0 FOLLOWER]: Snoozing failure detection for election timeout plus an additional 1.824s
I1031 23:05:34.009042 40661 raft_consensus.cc:2206] T eeb3a3cb417b466abffd16749d165a61 P 0a8bbcbbb5a6459aa5258464755db3bb [term 0 FOLLOWER]: Advancing to term 1
I1031 23:05:34.009657 40661 raft_consensus.cc:435] T eeb3a3cb417b466abffd16749d165a61 P 0a8bbcbbb5a6459aa5258464755db3bb [term 1 FOLLOWER]: Starting leader election with config: opid_index: -1 OBSOLETE_local: false peers { permanent_uuid: "0a8bbcbbb5a6459aa5258464755db3bb" member_type: VOTER last_known_addr { host: "c3-kudu-tst-st02.bj" port: 18700 } } peers { permanent_uuid: "625f49b9554549e6a5c3a92b76e576cf" member_type: VOTER last_known_addr { host: "c3-kudu-tst-st10.bj" port: 18700 } } peers { permanent_uuid: "daba39963d4346e1816089fd3a5442b5" member_type: VOTER last_known_addr { host: "c3-kudu-tst-st09.bj" port: 18700 } }
I1031 23:05:34.010085 40661 leader_election.cc:216] T eeb3a3cb417b466abffd16749d165a61 P 0a8bbcbbb5a6459aa5258464755db3bb [CANDIDATE]: Term 1 election: Requesting vote from peer 625f49b9554549e6a5c3a92b76e576cf
I1031 23:05:34.010116 40661 leader_election.cc:216] T eeb3a3cb417b466abffd16749d165a61 P 0a8bbcbbb5a6459aa5258464755db3bb [CANDIDATE]: Term 1 election: Requesting vote from peer daba39963d4346e1816089fd3a5442b5
W1031 23:05:34.010313 10718 leader_election.cc:278] T eeb3a3cb417b466abffd16749d165a61 P 0a8bbcbbb5a6459aa5258464755db3bb [CANDIDATE]: Term 1 election: Tablet error from VoteRequest() call to peer 625f49b9554549e6a5c3a92b76e576cf: Illegal state: Tablet not RUNNING: NOT_STARTED
W1031 23:05:34.048156 10720 consensus_peers.cc:357] T 68aa6071fa594e79958cddb8489a1f0c P 0a8bbcbbb5a6459aa5258464755db3bb -> Peer 23f962e4a1744381ad5fa0d2d8b10241 (c3-kudu-tst-st07.bj:18700): Couldn't send request to peer 23f962e4a1744381ad5fa0d2d8b10241 for tablet 68aa6071fa594e79958cddb8489a1f0c. Error code: TABLET_NOT_RUNNING (12). Status: Illegal state: Tablet not RUNNING: NOT_STARTED. Retrying in the next heartbeat period. Already tried 202 times.
I1031 23:05:34.050987 10717 leader_election.cc:348] T eeb3a3cb417b466abffd16749d165a61 P 0a8bbcbbb5a6459aa5258464755db3bb [CANDIDATE]: Term 1 election: Vote granted by peer daba39963d4346e1816089fd3a5442b5
I1031 23:05:34.051015 10717 leader_election.cc:243] T eeb3a3cb417b466abffd16749d165a61 P 0a8bbcbbb5a6459aa5258464755db3bb [CANDIDATE]: Term 1 election: Election decided. Result: candidate won.
I1031 23:05:34.051090 40661 raft_consensus.cc:2162] T eeb3a3cb417b466abffd16749d165a61 P 0a8bbcbbb5a6459aa5258464755db3bb [term 1 FOLLOWER]: Snoozing failure detection for election timeout plus an additional 1.528s
I1031 23:05:34.051111 40661 raft_consensus.cc:1971] T eeb3a3cb417b466abffd16749d165a61 P 0a8bbcbbb5a6459aa5258464755db3bb [term 1 FOLLOWER]: Leader election won for term 1
I1031 23:05:34.051822 40661 raft_consensus.cc:518] T eeb3a3cb417b466abffd16749d165a61 P 0a8bbcbbb5a6459aa5258464755db3bb [term 1 LEADER]: Becoming Leader. State: Replica: 0a8bbcbbb5a6459aa5258464755db3bb, State: 1, Role: LEADER
I1031 23:05:34.051877 40661 consensus_queue.cc:158] T eeb3a3cb417b466abffd16749d165a61 P 0a8bbcbbb5a6459aa5258464755db3bb [LEADER]: Queue going to LEADER mode. State: All replicated index: 0, Majority replicated index: 0, Committed index: 0, Last appended: 0.0, Current term: 1, Majority size: 2, State: 1, Mode: LEADER, active raft config: opid_index: -1 OBSOLETE_local: false peers { permanent_uuid: "0a8bbcbbb5a6459aa5258464755db3bb" member_type: VOTER last_known_addr { host: "c3-kudu-tst-st02.bj" port: 18700 } } peers { permanent_uuid: "625f49b9554549e6a5c3a92b76e576cf" member_type: VOTER last_known_addr { host: "c3-kudu-tst-st10.bj" port: 18700 } } peers { permanent_uuid: "daba39963d4346e1816089fd3a5442b5" member_type: VOTER last_known_addr { host: "c3-kudu-tst-st09.bj" port: 18700 } }
I1031 23:05:34.121672 10774 raft_consensus.cc:2206] T 9710e0187e434acfa54ca8f8504434ed P 0a8bbcbbb5a6459aa5258464755db3bb [term 0 FOLLOWER]: Advancing to term 1
I1031 23:05:34.121966 40572 raft_consensus.cc:411] T 648eb376255a4dd4bb5818262efcc813 P 0a8bbcbbb5a6459aa5258464755db3bb [term 0 FOLLOWER]: Starting pre-election (no leader contacted us within the election timeout)
I1031 23:05:34.121999 40572 raft_consensus.cc:2162] T 648eb376255a4dd4bb5818262efcc813 P 0a8bbcbbb5a6459aa5258464755db3bb [term 0 FOLLOWER]: Snoozing failure detection for election timeout plus an additional 2.196s
I1031 23:05:34.122058 40572 raft_consensus.cc:435] T 648eb376255a4dd4bb5818262efcc813 P 0a8bbcbbb5a6459aa5258464755db3bb [term 0 FOLLOWER]: Starting pre-election with config: opid_index: -1 OBSOLETE_local: false peers { permanent_uuid: "d3eb30bd1bc34b95902fa61724239553" member_type: VOTER last_known_addr { host: "c3-kudu-tst-st05.bj" port: 18700 } } peers { permanent_uuid: "0a8bbcbbb5a6459aa5258464755db3bb" member_type: VOTER last_known_addr { host: "c3-kudu-tst-st02.bj" port: 18700 } } peers { permanent_uuid: "0f53a0d3ef7e44ebb0365c800752d5bd" member_type: VOTER last_known_addr { host: "c3-kudu-tst-st01.bj" port: 18700 } }
I1031 23:05:34.122664 40572 leader_election.cc:216] T 648eb376255a4dd4bb5818262efcc813 P 0a8bbcbbb5a6459aa5258464755db3bb [CANDIDATE]: Term 1 pre-election: Requesting pre-vote from peer d3eb30bd1bc34b95902fa61724239553
I1031 23:05:34.122697 40572 leader_election.cc:216] T 648eb376255a4dd4bb5818262efcc813 P 0a8bbcbbb5a6459aa5258464755db3bb [CANDIDATE]: Term 1 pre-election: Requesting pre-vote from peer 0f53a0d3ef7e44ebb0365c800752d5bd
I1031 23:05:34.123045 10717 leader_election.cc:362] T 648eb376255a4dd4bb5818262efcc813 P 0a8bbcbbb5a6459aa5258464755db3bb [CANDIDATE]: Term 1 pre-election: Vote denied by peer 0f53a0d3ef7e44ebb0365c800752d5bd. Message: Invalid argument: T 648eb376255a4dd4bb5818262efcc813 P 0f53a0d3ef7e44ebb0365c800752d5bd [term 1 LEADER]: Leader pre-election vote request: Denying vote to candidate 0a8bbcbbb5a6459aa5258464755db3bb for term 1 because replica is either leader or believes a valid leader to be alive.
I1031 23:05:34.123116 10719 leader_election.cc:362] T 648eb376255a4dd4bb5818262efcc813 P 0a8bbcbbb5a6459aa5258464755db3bb [CANDIDATE]: Term 1 pre-election: Vote denied by peer d3eb30bd1bc34b95902fa61724239553. Message: Invalid argument: T 648eb376255a4dd4bb5818262efcc813 P d3eb30bd1bc34b95902fa61724239553 [term 1 FOLLOWER]: Leader pre-election vote request: Denying vote to candidate 0a8bbcbbb5a6459aa5258464755db3bb for term 1 because replica is either leader or believes a valid leader to be alive.
I1031 23:05:34.123145 10719 leader_election.cc:243] T 648eb376255a4dd4bb5818262efcc813 P 0a8bbcbbb5a6459aa5258464755db3bb [CANDIDATE]: Term 1 pre-election: Election decided. Result: candidate lost.
I1031 23:05:34.123184 40576 raft_consensus.cc:2162] T 648eb376255a4dd4bb5818262efcc813 P 0a8bbcbbb5a6459aa5258464755db3bb [term 0 FOLLOWER]: Snoozing failure detection for election timeout plus an additional 1.996s
I1031 23:05:34.123204 40576 raft_consensus.cc:2206] T 648eb376255a4dd4bb5818262efcc813 P 0a8bbcbbb5a6459aa5258464755db3bb [term 0 FOLLOWER]: Advancing to term 1
I1031 23:05:34.125732 10790 raft_consensus.cc:2206] T 1d674793183b4a3fb8f88dc864e9059a P 0a8bbcbbb5a6459aa5258464755db3bb [term 0 FOLLOWER]: Advancing to term 1
I1031 23:05:34.180534 10778 raft_consensus.cc:2206] T 69b8c3e3568c4c19b638bb66e46a95a1 P 0a8bbcbbb5a6459aa5258464755db3bb [term 0 FOLLOWER]: Advancing to term 1
I1031 23:05:34.197633 10778 raft_consensus.cc:918] T 69b8c3e3568c4c19b638bb66e46a95a1 P 0a8bbcbbb5a6459aa5258464755db3bb [term 1 FOLLOWER]: Refusing update from remote peer 625f49b9554549e6a5c3a92b76e576cf: Log matching property violated. Preceding OpId in replica: term: 0 index: 0. Preceding OpId from leader: term: 1 index: 1. (index mismatch)
I1031 23:05:34.197791 10790 raft_consensus.cc:918] T 1d674793183b4a3fb8f88dc864e9059a P 0a8bbcbbb5a6459aa5258464755db3bb [term 1 FOLLOWER]: Refusing update from remote peer 0fc477287c154136abc1e2f3c82fb7f9: Log matching property violated. Preceding OpId in replica: term: 0 index: 0. Preceding OpId from leader: term: 1 index: 1. (index mismatch)
I1031 23:05:34.197803 40576 raft_consensus.cc:1908] T 648eb376255a4dd4bb5818262efcc813 P 0a8bbcbbb5a6459aa5258464755db3bb [term 1 FOLLOWER]: Leader pre-election lost for term 1. Reason: could not achieve majority
I1031 23:05:34.197886 10774 raft_consensus.cc:918] T 9710e0187e434acfa54ca8f8504434ed P 0a8bbcbbb5a6459aa5258464755db3bb [term 1 FOLLOWER]: Refusing update from remote peer daba39963d4346e1816089fd3a5442b5: Log matching property violated. Preceding OpId in replica: term: 0 index: 0. Preceding OpId from leader: term: 1 index: 1. (index mismatch)
I1031 23:05:34.201951 40559 raft_consensus.cc:411] T 090accc17fae4e60b7bddb6dd0bf2ef8 P 0a8bbcbbb5a6459aa5258464755db3bb [term 0 FOLLOWER]: Starting pre-election (no leader contacted us within the election timeout)
I1031 23:05:34.201985 40559 raft_consensus.cc:2162] T 090accc17fae4e60b7bddb6dd0bf2ef8 P 0a8bbcbbb5a6459aa5258464755db3bb [term 0 FOLLOWER]: Snoozing failure detection for election timeout plus an additional 1.639s
I1031 23:05:34.202041 40559 raft_consensus.cc:435] T 090accc17fae4e60b7bddb6dd0bf2ef8 P 0a8bbcbbb5a6459aa5258464755db3bb [term 0 FOLLOWER]: Starting pre-election with config: opid_index: -1 OBSOLETE_local: false peers { permanent_uuid: "0a8bbcbbb5a6459aa5258464755db3bb" member_type: VOTER last_known_addr { host: "c3-kudu-tst-st02.bj" port: 18700 } } peers { permanent_uuid: "193181be29284287b25df2ee92938f0b" member_type: VOTER last_known_addr { host: "c3-kudu-tst-st08.bj" port: 18700 } } peers { permanent_uuid: "23f962e4a1744381ad5fa0d2d8b10241" member_type: VOTER last_known_addr { host: "c3-kudu-tst-st07.bj" port: 18700 } }
I1031 23:05:34.202734 40559 leader_election.cc:216] T 090accc17fae4e60b7bddb6dd0bf2ef8 P 0a8bbcbbb5a6459aa5258464755db3bb [CANDIDATE]: Term 1 pre-election: Requesting pre-vote from peer 193181be29284287b25df2ee92938f0b
I1031 23:05:34.202764 40559 leader_election.cc:216] T 090accc17fae4e60b7bddb6dd0bf2ef8 P 0a8bbcbbb5a6459aa5258464755db3bb [CANDIDATE]: Term 1 pre-election: Requesting pre-vote from peer 23f962e4a1744381ad5fa0d2d8b10241
I1031 23:05:34.203023 10719 leader_election.cc:362] T 090accc17fae4e60b7bddb6dd0bf2ef8 P 0a8bbcbbb5a6459aa5258464755db3bb [CANDIDATE]: Term 1 pre-election: Vote denied by peer 193181be29284287b25df2ee92938f0b. Message: Invalid argument: T 090accc17fae4e60b7bddb6dd0bf2ef8 P 193181be29284287b25df2ee92938f0b [term 1 LEADER]: Leader pre-election vote request: Denying vote to candidate 0a8bbcbbb5a6459aa5258464755db3bb for term 1 because replica is either leader or believes a valid leader to be alive.
I1031 23:05:34.203078 10720 leader_election.cc:362] T 090accc17fae4e60b7bddb6dd0bf2ef8 P 0a8bbcbbb5a6459aa5258464755db3bb [CANDIDATE]: Term 1 pre-election: Vote denied by peer 23f962e4a1744381ad5fa0d2d8b10241. Message: Invalid argument: T 090accc17fae4e60b7bddb6dd0bf2ef8 P 23f962e4a1744381ad5fa0d2d8b10241 [term 1 FOLLOWER]: Leader pre-election vote request: Denying vote to candidate 0a8bbcbbb5a6459aa5258464755db3bb for term 1 because replica is either leader or believes a valid leader to be alive.
I1031 23:05:34.203101 10720 leader_election.cc:243] T 090accc17fae4e60b7bddb6dd0bf2ef8 P 0a8bbcbbb5a6459aa5258464755db3bb [CANDIDATE]: Term 1 pre-election: Election decided. Result: candidate lost.
I1031 23:05:34.203148 40571 raft_consensus.cc:2162] T 090accc17fae4e60b7bddb6dd0bf2ef8 P 0a8bbcbbb5a6459aa5258464755db3bb [term 0 FOLLOWER]: Snoozing failure detection for election timeout plus an additional 1.923s
I1031 23:05:34.203171 40571 raft_consensus.cc:2206] T 090accc17fae4e60b7bddb6dd0bf2ef8 P 0a8bbcbbb5a6459aa5258464755db3bb [term 0 FOLLOWER]: Advancing to term 1
I1031 23:05:34.203725 40571 raft_consensus.cc:1908] T 090accc17fae4e60b7bddb6dd0bf2ef8 P 0a8bbcbbb5a6459aa5258464755db3bb [term 1 FOLLOWER]: Leader pre-election lost for term 1. Reason: could not achieve majority
I1031 23:05:34.204766 40547 raft_consensus.cc:411] T 6f911a94e20d47aa9efaf9ffe3914c3b P 0a8bbcbbb5a6459aa5258464755db3bb [term 0 FOLLOWER]: Starting pre-election (no leader contacted us within the election timeout)
I1031 23:05:34.204800 40547 raft_consensus.cc:2162] T 6f911a94e20d47aa9efaf9ffe3914c3b P 0a8bbcbbb5a6459aa5258464755db3bb [term 0 FOLLOWER]: Snoozing failure detection for election timeout plus an additional 1.799s
I1031 23:05:34.204850 40547 raft_consensus.cc:435] T 6f911a94e20d47aa9efaf9ffe3914c3b P 0a8bbcbbb5a6459aa5258464755db3bb [term 0 FOLLOWER]: Starting pre-election with config: opid_index: -1 OBSOLETE_local: false peers { permanent_uuid: "0a8bbcbbb5a6459aa5258464755db3bb" member_type: VOTER last_known_addr { host: "c3-kudu-tst-st02.bj" port: 18700 } } peers { permanent_uuid: "23f962e4a1744381ad5fa0d2d8b10241" member_type: VOTER last_known_addr { host: "c3-kudu-tst-st07.bj" port: 18700 } } peers { permanent_uuid: "0fc477287c154136abc1e2f3c82fb7f9" member_type: VOTER last_known_addr { host: "c3-kudu-tst-st04.bj" port: 18700 } }
I1031 23:05:34.205265 40547 leader_election.cc:216] T 6f911a94e20d47aa9efaf9ffe3914c3b P 0a8bbcbbb5a6459aa5258464755db3bb [CANDIDATE]: Term 1 pre-election: Requesting pre-vote from peer 23f962e4a1744381ad5fa0d2d8b10241
I1031 23:05:34.205307 40547 leader_election.cc:216] T 6f911a94e20d47aa9efaf9ffe3914c3b P 0a8bbcbbb5a6459aa5258464755db3bb [CANDIDATE]: Term 1 pre-election: Requesting pre-vote from peer 0fc477287c154136abc1e2f3c82fb7f9
I1031 23:05:34.205606 10720 leader_election.cc:362] T 6f911a94e20d47aa9efaf9ffe3914c3b P 0a8bbcbbb5a6459aa5258464755db3bb [CANDIDATE]: Term 1 pre-election: Vote denied by peer 23f962e4a1744381ad5fa0d2d8b10241. Message: Invalid argument: T 6f911a94e20d47aa9efaf9ffe3914c3b P 23f962e4a1744381ad5fa0d2d8b10241 [term 1 FOLLOWER]: Leader pre-election vote request: Denying vote to candidate 0a8bbcbbb5a6459aa5258464755db3bb for term 1 because replica is either leader or believes a valid leader to be alive.
I1031 23:05:34.205659 10718 leader_election.cc:362] T 6f911a94e20d47aa9efaf9ffe3914c3b P 0a8bbcbbb5a6459aa5258464755db3bb [CANDIDATE]: Term 1 pre-election: Vote denied by peer 0fc477287c154136abc1e2f3c82fb7f9. Message: Invalid argument: T 6f911a94e20d47aa9efaf9ffe3914c3b P 0fc477287c154136abc1e2f3c82fb7f9 [term 1 LEADER]: Leader pre-election vote request: Denying vote to candidate 0a8bbcbbb5a6459aa5258464755db3bb for term 1 because replica is either leader or believes a valid leader to be alive.
I1031 23:05:34.205680 10718 leader_election.cc:243] T 6f911a94e20d47aa9efaf9ffe3914c3b P 0a8bbcbbb5a6459aa5258464755db3bb [CANDIDATE]: Term 1 pre-election: Election decided. Result: candidate lost.
I1031 23:05:34.205721 40549 raft_consensus.cc:2162] T 6f911a94e20d47aa9efaf9ffe3914c3b P 0a8bbcbbb5a6459aa5258464755db3bb [term 0 FOLLOWER]: Snoozing failure detection for election timeout plus an additional 1.814s
I1031 23:05:34.205742 40549 raft_consensus.cc:2206] T 6f911a94e20d47aa9efaf9ffe3914c3b P 0a8bbcbbb5a6459aa5258464755db3bb [term 0 FOLLOWER]: Advancing to term 1
I1031 23:05:34.244460 10778 raft_consensus.cc:2206] T 865b2d5788f44598b169ca6415314610 P 0a8bbcbbb5a6459aa5258464755db3bb [term 0 FOLLOWER]: Advancing to term 1
I1031 23:05:34.298444 10778 raft_consensus.cc:918] T 865b2d5788f44598b169ca6415314610 P 0a8bbcbbb5a6459aa5258464755db3bb [term 1 FOLLOWER]: Refusing update from remote peer daba39963d4346e1816089fd3a5442b5: Log matching property violated. Preceding OpId in replica: term: 0 index: 0. Preceding OpId from leader: term: 1 index: 1. (index mismatch)
I1031 23:05:34.298532 40549 raft_consensus.cc:1908] T 6f911a94e20d47aa9efaf9ffe3914c3b P 0a8bbcbbb5a6459aa5258464755db3bb [term 1 FOLLOWER]: Leader pre-election lost for term 1. Reason: could not achieve majority
I1031 23:05:34.298595 10790 raft_consensus.cc:918] T 6f911a94e20d47aa9efaf9ffe3914c3b P 0a8bbcbbb5a6459aa5258464755db3bb [term 1 FOLLOWER]: Refusing update from remote peer 0fc477287c154136abc1e2f3c82fb7f9: Log matching property violated. Preceding OpId in replica: term: 0 index: 0. Preceding OpId from leader: term: 1 index: 1. (index mismatch)
I1031 23:05:34.334942 40645 raft_consensus.cc:411] T 32984b820db347e1b2d4d0786cf221f2 P 0a8bbcbbb5a6459aa5258464755db3bb [term 0 FOLLOWER]: Starting pre-election (no leader contacted us within the election timeout)
I1031 23:05:34.334981 40645 raft_consensus.cc:2162] T 32984b820db347e1b2d4d0786cf221f2 P 0a8bbcbbb5a6459aa5258464755db3bb [term 0 FOLLOWER]: Snoozing failure detection for election timeout plus an additional 2.223s
I1031 23:05:34.335042 40645 raft_consensus.cc:435] T 32984b820db347e1b2d4d0786cf221f2 P 0a8bbcbbb5a6459aa5258464755db3bb [term 0 FOLLOWER]: Starting pre-election with config: opid_index: -1 OBSOLETE_local: false peers { permanent_uuid: "23f962e4a1744381ad5fa0d2d8b10241" member_type: VOTER last_known_addr { host: "c3-kudu-tst-st07.bj" port: 18700 } } peers { permanent_uuid: "0fc477287c154136abc1e2f3c82fb7f9" member_type: VOTER last_known_addr { host: "c3-kudu-tst-st04.bj" port: 18700 } } peers { permanent_uuid: "0a8bbcbbb5a6459aa5258464755db3bb" member_type: VOTER last_known_addr { host: "c3-kudu-tst-st02.bj" port: 18700 } }
I1031 23:05:34.335866 40645 leader_election.cc:216] T 32984b820db347e1b2d4d0786cf221f2 P 0a8bbcbbb5a6459aa5258464755db3bb [CANDIDATE]: Term 1 pre-election: Requesting pre-vote from peer 23f962e4a1744381ad5fa0d2d8b10241
I1031 23:05:34.335923 40645 leader_election.cc:216] T 32984b820db347e1b2d4d0786cf221f2 P 0a8bbcbbb5a6459aa5258464755db3bb [CANDIDATE]: Term 1 pre-election: Requesting pre-vote from peer 0fc477287c154136abc1e2f3c82fb7f9
W1031 23:05:34.336129 10720 leader_election.cc:278] T 32984b820db347e1b2d4d0786cf221f2 P 0a8bbcbbb5a6459aa5258464755db3bb [CANDIDATE]: Term 1 pre-election: Tablet error from VoteRequest() call to peer 23f962e4a1744381ad5fa0d2d8b10241: Illegal state: Tablet not RUNNING: NOT_STARTED
I1031 23:05:34.336184 40506 raft_consensus.cc:411] T 1c64d9f8e8c740c8ae73f0d7357fcbfd P 0a8bbcbbb5a6459aa5258464755db3bb [term 0 FOLLOWER]: Starting pre-election (no leader contacted us within the election timeout)
I1031 23:05:34.336212 40506 raft_consensus.cc:2162] T 1c64d9f8e8c740c8ae73f0d7357fcbfd P 0a8bbcbbb5a6459aa5258464755db3bb [term 0 FOLLOWER]: Snoozing failure detection for election timeout plus an additional 1.926s
I1031 23:05:34.336244 10718 leader_election.cc:348] T 32984b820db347e1b2d4d0786cf221f2 P 0a8bbcbbb5a6459aa5258464755db3bb [CANDIDATE]: Term 1 pre-election: Vote granted by peer 0fc477287c154136abc1e2f3c82fb7f9
I1031 23:05:34.336261 10718 leader_election.cc:243] T 32984b820db347e1b2d4d0786cf221f2 P 0a8bbcbbb5a6459aa5258464755db3bb [CANDIDATE]: Term 1 pre-election: Election decided. Result: candidate won.
I1031 23:05:34.336277 40506 raft_consensus.cc:435] T 1c64d9f8e8c740c8ae73f0d7357fcbfd P 0a8bbcbbb5a6459aa5258464755db3bb [term 0 FOLLOWER]: Starting pre-election with config: opid_index: -1 OBSOLETE_local: false peers { permanent_uuid: "d3eb30bd1bc34b95902fa61724239553" member_type: VOTER last_known_addr { host: "c3-kudu-tst-st05.bj" port: 18700 } } peers { permanent_uuid: "0a8bbcbbb5a6459aa5258464755db3bb" member_type: VOTER last_known_addr { host: "c3-kudu-tst-st02.bj" port: 18700 } } peers { permanent_uuid: "044f1da9a27c46acb82b1386f829f4dc" member_type: VOTER last_known_addr { host: "c3-kudu-tst-st03.bj" port: 18700 } }
I1031 23:05:34.336308 40652 raft_consensus.cc:2162] T 32984b820db347e1b2d4d0786cf221f2 P 0a8bbcbbb5a6459aa5258464755db3bb [term 0 FOLLOWER]: Snoozing failure detection for election timeout plus an additional 1.998s
I1031 23:05:34.336329 40652 raft_consensus.cc:1971] T 32984b820db347e1b2d4d0786cf221f2 P 0a8bbcbbb5a6459aa5258464755db3bb [term 0 FOLLOWER]: Leader pre-election won for term 1
I1031 23:05:34.336341 40652 raft_consensus.cc:411] T 32984b820db347e1b2d4d0786cf221f2 P 0a8bbcbbb5a6459aa5258464755db3bb [term 0 FOLLOWER]: Starting leader election (no leader contacted us within the election timeout)
I1031 23:05:34.336361 40652 raft_consensus.cc:2162] T 32984b820db347e1b2d4d0786cf221f2 P 0a8bbcbbb5a6459aa5258464755db3bb [term 0 FOLLOWER]: Snoozing failure detection for election timeout plus an additional 2.175s
I1031 23:05:34.336375 40652 raft_consensus.cc:2206] T 32984b820db347e1b2d4d0786cf221f2 P 0a8bbcbbb5a6459aa5258464755db3bb [term 0 FOLLOWER]: Advancing to term 1
I1031 23:05:34.336851 40506 leader_election.cc:216] T 1c64d9f8e8c740c8ae73f0d7357fcbfd P 0a8bbcbbb5a6459aa5258464755db3bb [CANDIDATE]: Term 1 pre-election: Requesting pre-vote from peer d3eb30bd1bc34b95902fa61724239553
I1031 23:05:34.336881 40506 leader_election.cc:216] T 1c64d9f8e8c740c8ae73f0d7357fcbfd P 0a8bbcbbb5a6459aa5258464755db3bb [CANDIDATE]: Term 1 pre-election: Requesting pre-vote from peer 044f1da9a27c46acb82b1386f829f4dc
I1031 23:05:34.337149 10720 leader_election.cc:362] T 1c64d9f8e8c740c8ae73f0d7357fcbfd P 0a8bbcbbb5a6459aa5258464755db3bb [CANDIDATE]: Term 1 pre-election: Vote denied by peer 044f1da9a27c46acb82b1386f829f4dc. Message: Invalid argument: T 1c64d9f8e8c740c8ae73f0d7357fcbfd P 044f1da9a27c46acb82b1386f829f4dc [term 1 LEADER]: Leader pre-election vote request: Denying vote to candidate 0a8bbcbbb5a6459aa5258464755db3bb for term 1 because replica is either leader or believes a valid leader to be alive.
I1031 23:05:34.337225 10719 leader_election.cc:362] T 1c64d9f8e8c740c8ae73f0d7357fcbfd P 0a8bbcbbb5a6459aa5258464755db3bb [CANDIDATE]: Term 1 pre-election: Vote denied by peer d3eb30bd1bc34b95902fa61724239553. Message: Invalid argument: T 1c64d9f8e8c740c8ae73f0d7357fcbfd P d3eb30bd1bc34b95902fa61724239553 [term 1 FOLLOWER]: Leader pre-election vote request: Denying vote to candidate 0a8bbcbbb5a6459aa5258464755db3bb for term 1 because replica is either leader or believes a valid leader to be alive.
I1031 23:05:34.337245 10719 leader_election.cc:243] T 1c64d9f8e8c740c8ae73f0d7357fcbfd P 0a8bbcbbb5a6459aa5258464755db3bb [CANDIDATE]: Term 1 pre-election: Election decided. Result: candidate lost.
I1031 23:05:34.337297 40508 raft_consensus.cc:2162] T 1c64d9f8e8c740c8ae73f0d7357fcbfd P 0a8bbcbbb5a6459aa5258464755db3bb [term 0 FOLLOWER]: Snoozing failure detection for election timeout plus an additional 1.758s
I1031 23:05:34.337322 40508 raft_consensus.cc:2206] T 1c64d9f8e8c740c8ae73f0d7357fcbfd P 0a8bbcbbb5a6459aa5258464755db3bb [term 0 FOLLOWER]: Advancing to term 1
I1031 23:05:34.340144 40652 raft_consensus.cc:435] T 32984b820db347e1b2d4d0786cf221f2 P 0a8bbcbbb5a6459aa5258464755db3bb [term 1 FOLLOWER]: Starting leader election with config: opid_index: -1 OBSOLETE_local: false peers { permanent_uuid: "23f962e4a1744381ad5fa0d2d8b10241" member_type: VOTER last_known_addr { host: "c3-kudu-tst-st07.bj" port: 18700 } } peers { permanent_uuid: "0fc477287c154136abc1e2f3c82fb7f9" member_type: VOTER last_known_addr { host: "c3-kudu-tst-st04.bj" port: 18700 } } peers { permanent_uuid: "0a8bbcbbb5a6459aa5258464755db3bb" member_type: VOTER last_known_addr { host: "c3-kudu-tst-st02.bj" port: 18700 } }
I1031 23:05:34.340198 40508 raft_consensus.cc:1908] T 1c64d9f8e8c740c8ae73f0d7357fcbfd P 0a8bbcbbb5a6459aa5258464755db3bb [term 1 FOLLOWER]: Leader pre-election lost for term 1. Reason: could not achieve majority
I1031 23:05:34.340253 10778 raft_consensus.cc:918] T 1c64d9f8e8c740c8ae73f0d7357fcbfd P 0a8bbcbbb5a6459aa5258464755db3bb [term 1 FOLLOWER]: Refusing update from remote peer 044f1da9a27c46acb82b1386f829f4dc: Log matching property violated. Preceding OpId in replica: term: 0 index: 0. Preceding OpId from leader: term: 1 index: 1. (index mismatch)
I1031 23:05:34.340692 40652 leader_election.cc:216] T 32984b820db347e1b2d4d0786cf221f2 P 0a8bbcbbb5a6459aa5258464755db3bb [CANDIDATE]: Term 1 election: Requesting vote from peer 23f962e4a1744381ad5fa0d2d8b10241
I1031 23:05:34.340721 40652 leader_election.cc:216] T 32984b820db347e1b2d4d0786cf221f2 P 0a8bbcbbb5a6459aa5258464755db3bb [CANDIDATE]: Term 1 election: Requesting vote from peer 0fc477287c154136abc1e2f3c82fb7f9
W1031 23:05:34.340966 10720 leader_election.cc:278] T 32984b820db347e1b2d4d0786cf221f2 P 0a8bbcbbb5a6459aa5258464755db3bb [CANDIDATE]: Term 1 election: Tablet error from VoteRequest() call to peer 23f962e4a1744381ad5fa0d2d8b10241: Illegal state: Tablet not RUNNING: NOT_STARTED
I1031 23:05:34.341828 10718 leader_election.cc:348] T 32984b820db347e1b2d4d0786cf221f2 P 0a8bbcbbb5a6459aa5258464755db3bb [CANDIDATE]: Term 1 election: Vote granted by peer 0fc477287c154136abc1e2f3c82fb7f9
I1031 23:05:34.341845 10718 leader_election.cc:243] T 32984b820db347e1b2d4d0786cf221f2 P 0a8bbcbbb5a6459aa5258464755db3bb [CANDIDATE]: Term 1 election: Election decided. Result: candidate won.
I1031 23:05:34.341879 40652 raft_consensus.cc:2162] T 32984b820db347e1b2d4d0786cf221f2 P 0a8bbcbbb5a6459aa5258464755db3bb [term 1 FOLLOWER]: Snoozing failure detection for election timeout plus an additional 1.921s
I1031 23:05:34.341897 40652 raft_consensus.cc:1971] T 32984b820db347e1b2d4d0786cf221f2 P 0a8bbcbbb5a6459aa5258464755db3bb [term 1 FOLLOWER]: Leader election won for term 1
I1031 23:05:34.342175 40652 raft_consensus.cc:518] T 32984b820db347e1b2d4d0786cf221f2 P 0a8bbcbbb5a6459aa5258464755db3bb [term 1 LEADER]: Becoming Leader. State: Replica: 0a8bbcbbb5a6459aa5258464755db3bb, State: 1, Role: LEADER
I1031 23:05:34.342232 40652 consensus_queue.cc:158] T 32984b820db347e1b2d4d0786cf221f2 P 0a8bbcbbb5a6459aa5258464755db3bb [LEADER]: Queue going to LEADER mode. State: All replicated index: 0, Majority replicated index: 0, Committed index: 0, Last appended: 0.0, Current term: 1, Majority size: 2, State: 1, Mode: LEADER, active raft config: opid_index: -1 OBSOLETE_local: false peers { permanent_uuid: "23f962e4a1744381ad5fa0d2d8b10241" member_type: VOTER last_known_addr { host: "c3-kudu-tst-st07.bj" port: 18700 } } peers { permanent_uuid: "0fc477287c154136abc1e2f3c82fb7f9" member_type: VOTER last_known_addr { host: "c3-kudu-tst-st04.bj" port: 18700 } } peers { permanent_uuid: "0a8bbcbbb5a6459aa5258464755db3bb" member_type: VOTER last_known_addr { host: "c3-kudu-tst-st02.bj" port: 18700 } }
I1031 23:05:34.345727 10778 raft_consensus.cc:2206] T 67cc714357a24166a1354f3d7276848f P 0a8bbcbbb5a6459aa5258464755db3bb [term 0 FOLLOWER]: Advancing to term 1
I1031 23:05:34.346345 10778 raft_consensus.cc:918] T 67cc714357a24166a1354f3d7276848f P 0a8bbcbbb5a6459aa5258464755db3bb [term 1 FOLLOWER]: Refusing update from remote peer 0fc477287c154136abc1e2f3c82fb7f9: Log matching property violated. Preceding OpId in replica: term: 0 index: 0. Preceding OpId from leader: term: 1 index: 1. (index mismatch)
I1031 23:05:34.349045 10778 raft_consensus.cc:918] T 648eb376255a4dd4bb5818262efcc813 P 0a8bbcbbb5a6459aa5258464755db3bb [term 1 FOLLOWER]: Refusing update from remote peer 0f53a0d3ef7e44ebb0365c800752d5bd: Log matching property violated. Preceding OpId in replica: term: 0 index: 0. Preceding OpId from leader: term: 1 index: 1. (index mismatch)
I1031 23:05:34.369911 40528 raft_consensus.cc:411] T d528d43805c44cc398cfba41658e36f0 P 0a8bbcbbb5a6459aa5258464755db3bb [term 0 FOLLOWER]: Starting pre-election (no leader contacted us within the election timeout)
I1031 23:05:34.369971 40528 raft_consensus.cc:2162] T d528d43805c44cc398cfba41658e36f0 P 0a8bbcbbb5a6459aa5258464755db3bb [term 0 FOLLOWER]: Snoozing failure detection for election timeout plus an additional 1.916s
I1031 23:05:34.370087 40528 raft_consensus.cc:435] T d528d43805c44cc398cfba41658e36f0 P 0a8bbcbbb5a6459aa5258464755db3bb [term 0 FOLLOWER]: Starting pre-election with config: opid_index: -1 OBSOLETE_local: false peers { permanent_uuid: "0a8bbcbbb5a6459aa5258464755db3bb" member_type: VOTER last_known_addr { host: "c3-kudu-tst-st02.bj" port: 18700 } } peers { permanent_uuid: "625f49b9554549e6a5c3a92b76e576cf" member_type: VOTER last_known_addr { host: "c3-kudu-tst-st10.bj" port: 18700 } } peers { permanent_uuid: "044f1da9a27c46acb82b1386f829f4dc" member_type: VOTER last_known_addr { host: "c3-kudu-tst-st03.bj" port: 18700 } }
I1031 23:05:34.370833 40528 leader_election.cc:216] T d528d43805c44cc398cfba41658e36f0 P 0a8bbcbbb5a6459aa5258464755db3bb [CANDIDATE]: Term 1 pre-election: Requesting pre-vote from peer 625f49b9554549e6a5c3a92b76e576cf
I1031 23:05:34.370896 40528 leader_election.cc:216] T d528d43805c44cc398cfba41658e36f0 P 0a8bbcbbb5a6459aa5258464755db3bb [CANDIDATE]: Term 1 pre-election: Requesting pre-vote from peer 044f1da9a27c46acb82b1386f829f4dc
I1031 23:05:34.371161 10718 leader_election.cc:362] T d528d43805c44cc398cfba41658e36f0 P 0a8bbcbbb5a6459aa5258464755db3bb [CANDIDATE]: Term 1 pre-election: Vote denied by peer 625f49b9554549e6a5c3a92b76e576cf. Message: Invalid argument: T d528d43805c44cc398cfba41658e36f0 P 625f49b9554549e6a5c3a92b76e576cf [term 1 FOLLOWER]: Leader pre-election vote request: Denying vote to candidate 0a8bbcbbb5a6459aa5258464755db3bb for term 1 because replica is either leader or believes a valid leader to be alive.
I1031 23:05:34.371210 10720 leader_election.cc:362] T d528d43805c44cc398cfba41658e36f0 P 0a8bbcbbb5a6459aa5258464755db3bb [CANDIDATE]: Term 1 pre-election: Vote denied by peer 044f1da9a27c46acb82b1386f829f4dc. Message: Invalid argument: T d528d43805c44cc398cfba41658e36f0 P 044f1da9a27c46acb82b1386f829f4dc [term 1 LEADER]: Leader pre-election vote request: Denying vote to candidate 0a8bbcbbb5a6459aa5258464755db3bb for term 1 because replica is either leader or believes a valid leader to be alive.
I1031 23:05:34.371240 10720 leader_election.cc:243] T d528d43805c44cc398cfba41658e36f0 P 0a8bbcbbb5a6459aa5258464755db3bb [CANDIDATE]: Term 1 pre-election: Election decided. Result: candidate lost.
I1031 23:05:34.371291 40533 raft_consensus.cc:2162] T d528d43805c44cc398cfba41658e36f0 P 0a8bbcbbb5a6459aa5258464755db3bb [term 0 FOLLOWER]: Snoozing failure detection for election timeout plus an additional 2.056s
I1031 23:05:34.371311 40533 raft_consensus.cc:2206] T d528d43805c44cc398cfba41658e36f0 P 0a8bbcbbb5a6459aa5258464755db3bb [term 0 FOLLOWER]: Advancing to term 1
I1031 23:05:34.385676 40568 raft_consensus.cc:411] T e53178c96c3c4ad2b3068e9674d1259d P 0a8bbcbbb5a6459aa5258464755db3bb [term 0 FOLLOWER]: Starting pre-election (no leader contacted us within the election timeout)
I1031 23:05:34.385725 40568 raft_consensus.cc:2162] T e53178c96c3c4ad2b3068e9674d1259d P 0a8bbcbbb5a6459aa5258464755db3bb [term 0 FOLLOWER]: Snoozing failure detection for election timeout plus an additional 2.157s
I1031 23:05:34.385792 40568 raft_consensus.cc:435] T e53178c96c3c4ad2b3068e9674d1259d P 0a8bbcbbb5a6459aa5258464755db3bb [term 0 FOLLOWER]: Starting pre-election with config: opid_index: -1 OBSOLETE_local: false peers { permanent_uuid: "0a8bbcbbb5a6459aa5258464755db3bb" member_type: VOTER last_known_addr { host: "c3-kudu-tst-st02.bj" port: 18700 } } peers { permanent_uuid: "daba39963d4346e1816089fd3a5442b5" member_type: VOTER last_known_addr { host: "c3-kudu-tst-st09.bj" port: 18700 } } peers { permanent_uuid: "23f962e4a1744381ad5fa0d2d8b10241" member_type: VOTER last_known_addr { host: "c3-kudu-tst-st07.bj" port: 18700 } }
I1031 23:05:34.386427 40568 leader_election.cc:216] T e53178c96c3c4ad2b3068e9674d1259d P 0a8bbcbbb5a6459aa5258464755db3bb [CANDIDATE]: Term 1 pre-election: Requesting pre-vote from peer daba39963d4346e1816089fd3a5442b5
I1031 23:05:34.386476 40568 leader_election.cc:216] T e53178c96c3c4ad2b3068e9674d1259d P 0a8bbcbbb5a6459aa5258464755db3bb [CANDIDATE]: Term 1 pre-election: Requesting pre-vote from peer 23f962e4a1744381ad5fa0d2d8b10241
I1031 23:05:34.386755 10720 leader_election.cc:362] T e53178c96c3c4ad2b3068e9674d1259d P 0a8bbcbbb5a6459aa5258464755db3bb [CANDIDATE]: Term 1 pre-election: Vote denied by peer 23f962e4a1744381ad5fa0d2d8b10241. Message: Invalid argument: T e53178c96c3c4ad2b3068e9674d1259d P 23f962e4a1744381ad5fa0d2d8b10241 [term 1 FOLLOWER]: Leader pre-election vote request: Denying vote to candidate 0a8bbcbbb5a6459aa5258464755db3bb for term 1 because replica is either leader or believes a valid leader to be alive.
I1031 23:05:34.386790 10717 leader_election.cc:362] T e53178c96c3c4ad2b3068e9674d1259d P 0a8bbcbbb5a6459aa5258464755db3bb [CANDIDATE]: Term 1 pre-election: Vote denied by peer daba39963d4346e1816089fd3a5442b5. Message: Invalid argument: T e53178c96c3c4ad2b3068e9674d1259d P daba39963d4346e1816089fd3a5442b5 [term 1 LEADER]: Leader pre-election vote request: Denying vote to candidate 0a8bbcbbb5a6459aa5258464755db3bb for term 1 because replica is either leader or believes a valid leader to be alive.
I1031 23:05:34.386821 10717 leader_election.cc:243] T e53178c96c3c4ad2b3068e9674d1259d P 0a8bbcbbb5a6459aa5258464755db3bb [CANDIDATE]: Term 1 pre-election: Election decided. Result: candidate lost.
I1031 23:05:34.386865 40577 raft_consensus.cc:2162] T e53178c96c3c4ad2b3068e9674d1259d P 0a8bbcbbb5a6459aa5258464755db3bb [term 0 FOLLOWER]: Snoozing failure detection for election timeout plus an additional 1.709s
I1031 23:05:34.386885 40577 raft_consensus.cc:2206] T e53178c96c3c4ad2b3068e9674d1259d P 0a8bbcbbb5a6459aa5258464755db3bb [term 0 FOLLOWER]: Advancing to term 1
I1031 23:05:34.399232 40533 raft_consensus.cc:1908] T d528d43805c44cc398cfba41658e36f0 P 0a8bbcbbb5a6459aa5258464755db3bb [term 1 FOLLOWER]: Leader pre-election lost for term 1. Reason: could not achieve majority
I1031 23:05:34.399305 10778 raft_consensus.cc:918] T d528d43805c44cc398cfba41658e36f0 P 0a8bbcbbb5a6459aa5258464755db3bb [term 1 FOLLOWER]: Refusing update from remote peer 044f1da9a27c46acb82b1386f829f4dc: Log matching property violated. Preceding OpId in replica: term: 0 index: 0. Preceding OpId from leader: term: 1 index: 1. (index mismatch)
I1031 23:05:34.399313 40577 raft_consensus.cc:1908] T e53178c96c3c4ad2b3068e9674d1259d P 0a8bbcbbb5a6459aa5258464755db3bb [term 1 FOLLOWER]: Leader pre-election lost for term 1. Reason: could not achieve majority
I1031 23:05:34.399363 10790 raft_consensus.cc:918] T e53178c96c3c4ad2b3068e9674d1259d P 0a8bbcbbb5a6459aa5258464755db3bb [term 1 FOLLOWER]: Refusing update from remote peer daba39963d4346e1816089fd3a5442b5: Log matching property violated. Preceding OpId in replica: term: 0 index: 0. Preceding OpId from leader: term: 1 index: 1. (index mismatch)
I1031 23:05:34.422183 10778 raft_consensus.cc:918] T 090accc17fae4e60b7bddb6dd0bf2ef8 P 0a8bbcbbb5a6459aa5258464755db3bb [term 1 FOLLOWER]: Refusing update from remote peer 193181be29284287b25df2ee92938f0b: Log matching property violated. Preceding OpId in replica: term: 0 index: 0. Preceding OpId from leader: term: 1 index: 1. (index mismatch)
I1031 23:05:34.433851 40642 raft_consensus.cc:411] T acb401e40e7049fbbfdbeb40474353d9 P 0a8bbcbbb5a6459aa5258464755db3bb [term 0 FOLLOWER]: Starting pre-election (no leader contacted us within the election timeout)
I1031 23:05:34.433884 40642 raft_consensus.cc:2162] T acb401e40e7049fbbfdbeb40474353d9 P 0a8bbcbbb5a6459aa5258464755db3bb [term 0 FOLLOWER]: Snoozing failure detection for election timeout plus an additional 1.597s
I1031 23:05:34.433936 40642 raft_consensus.cc:435] T acb401e40e7049fbbfdbeb40474353d9 P 0a8bbcbbb5a6459aa5258464755db3bb [term 0 FOLLOWER]: Starting pre-election with config: opid_index: -1 OBSOLETE_local: false peers { permanent_uuid: "193181be29284287b25df2ee92938f0b" member_type: VOTER last_known_addr { host: "c3-kudu-tst-st08.bj" port: 18700 } } peers { permanent_uuid: "0a8bbcbbb5a6459aa5258464755db3bb" member_type: VOTER last_known_addr { host: "c3-kudu-tst-st02.bj" port: 18700 } } peers { permanent_uuid: "0fc477287c154136abc1e2f3c82fb7f9" member_type: VOTER last_known_addr { host: "c3-kudu-tst-st04.bj" port: 18700 } }
I1031 23:05:34.434484 40642 leader_election.cc:216] T acb401e40e7049fbbfdbeb40474353d9 P 0a8bbcbbb5a6459aa5258464755db3bb [CANDIDATE]: Term 1 pre-election: Requesting pre-vote from peer 193181be29284287b25df2ee92938f0b
I1031 23:05:34.434517 40642 leader_election.cc:216] T acb401e40e7049fbbfdbeb40474353d9 P 0a8bbcbbb5a6459aa5258464755db3bb [CANDIDATE]: Term 1 pre-election: Requesting pre-vote from peer 0fc477287c154136abc1e2f3c82fb7f9
W1031 23:05:34.434746 10719 leader_election.cc:278] T acb401e40e7049fbbfdbeb40474353d9 P 0a8bbcbbb5a6459aa5258464755db3bb [CANDIDATE]: Term 1 pre-election: Tablet error from VoteRequest() call to peer 193181be29284287b25df2ee92938f0b: Illegal state: Tablet not RUNNING: NOT_STARTED
I1031 23:05:34.435057 10718 leader_election.cc:348] T acb401e40e7049fbbfdbeb40474353d9 P 0a8bbcbbb5a6459aa5258464755db3bb [CANDIDATE]: Term 1 pre-election: Vote granted by peer 0fc477287c154136abc1e2f3c82fb7f9
I1031 23:05:34.435102 10718 leader_election.cc:243] T acb401e40e7049fbbfdbeb40474353d9 P 0a8bbcbbb5a6459aa5258464755db3bb [CANDIDATE]: Term 1 pre-election: Election decided. Result: candidate won.
I1031 23:05:34.435183 40651 raft_consensus.cc:2162] T acb401e40e7049fbbfdbeb40474353d9 P 0a8bbcbbb5a6459aa5258464755db3bb [term 0 FOLLOWER]: Snoozing failure detection for election timeout plus an additional 2.072s
I1031 23:05:34.435205 40651 raft_consensus.cc:1971] T acb401e40e7049fbbfdbeb40474353d9 P 0a8bbcbbb5a6459aa5258464755db3bb [term 0 FOLLOWER]: Leader pre-election won for term 1
I1031 23:05:34.435219 40651 raft_consensus.cc:411] T acb401e40e7049fbbfdbeb40474353d9 P 0a8bbcbbb5a6459aa5258464755db3bb [term 0 FOLLOWER]: Starting leader election (no leader contacted us within the election timeout)
I1031 23:05:34.435233 40651 raft_consensus.cc:2162] T acb401e40e7049fbbfdbeb40474353d9 P 0a8bbcbbb5a6459aa5258464755db3bb [term 0 FOLLOWER]: Snoozing failure detection for election timeout plus an additional 2.241s
I1031 23:05:34.435245 40651 raft_consensus.cc:2206] T acb401e40e7049fbbfdbeb40474353d9 P 0a8bbcbbb5a6459aa5258464755db3bb [term 0 FOLLOWER]: Advancing to term 1
I1031 23:05:34.445164 10778 raft_consensus.cc:2162] T 29fdcf1d33f94660b0c77445ec7e559b P 0a8bbcbbb5a6459aa5258464755db3bb [term 0 FOLLOWER]: Snoozing failure detection for election timeout plus an additional 1.927s
I1031 23:05:34.445192 10778 raft_consensus.cc:1747] T 29fdcf1d33f94660b0c77445ec7e559b P 0a8bbcbbb5a6459aa5258464755db3bb [term 0 FOLLOWER]: Leader pre-election vote request: Granting yes vote for candidate 0fc477287c154136abc1e2f3c82fb7f9 in term 0.
I1031 23:05:34.446861 10778 raft_consensus.cc:2206] T 29fdcf1d33f94660b0c77445ec7e559b P 0a8bbcbbb5a6459aa5258464755db3bb [term 0 FOLLOWER]: Advancing to term 1
I1031 23:05:34.446888 10778 raft_consensus.cc:2162] T 29fdcf1d33f94660b0c77445ec7e559b P 0a8bbcbbb5a6459aa5258464755db3bb [term 1 FOLLOWER]: Snoozing failure detection for election timeout plus an additional 1.615s
I1031 23:05:34.450007 40663 raft_consensus.cc:411] T f2af422919fd4560bd6441509a68d64b P 0a8bbcbbb5a6459aa5258464755db3bb [term 0 FOLLOWER]: Starting pre-election (no leader contacted us within the election timeout)
I1031 23:05:34.450045 40663 raft_consensus.cc:2162] T f2af422919fd4560bd6441509a68d64b P 0a8bbcbbb5a6459aa5258464755db3bb [term 0 FOLLOWER]: Snoozing failure detection for election timeout plus an additional 2.002s
I1031 23:05:34.450106 40663 raft_consensus.cc:435] T f2af422919fd4560bd6441509a68d64b P 0a8bbcbbb5a6459aa5258464755db3bb [term 0 FOLLOWER]: Starting pre-election with config: opid_index: -1 OBSOLETE_local: false peers { permanent_uuid: "193181be29284287b25df2ee92938f0b" member_type: VOTER last_known_addr { host: "c3-kudu-tst-st08.bj" port: 18700 } } peers { permanent_uuid: "0a8bbcbbb5a6459aa5258464755db3bb" member_type: VOTER last_known_addr { host: "c3-kudu-tst-st02.bj" port: 18700 } } peers { permanent_uuid: "23f962e4a1744381ad5fa0d2d8b10241" member_type: VOTER last_known_addr { host: "c3-kudu-tst-st07.bj" port: 18700 } }
I1031 23:05:34.450700 40663 leader_election.cc:216] T f2af422919fd4560bd6441509a68d64b P 0a8bbcbbb5a6459aa5258464755db3bb [CANDIDATE]: Term 1 pre-election: Requesting pre-vote from peer 193181be29284287b25df2ee92938f0b
I1031 23:05:34.450731 40663 leader_election.cc:216] T f2af422919fd4560bd6441509a68d64b P 0a8bbcbbb5a6459aa5258464755db3bb [CANDIDATE]: Term 1 pre-election: Requesting pre-vote from peer 23f962e4a1744381ad5fa0d2d8b10241
W1031 23:05:34.450944 10720 leader_election.cc:278] T f2af422919fd4560bd6441509a68d64b P 0a8bbcbbb5a6459aa5258464755db3bb [CANDIDATE]: Term 1 pre-election: Tablet error from VoteRequest() call to peer 23f962e4a1744381ad5fa0d2d8b10241: Illegal state: Tablet not RUNNING: NOT_STARTED
W1031 23:05:34.450974 10719 leader_election.cc:278] T f2af422919fd4560bd6441509a68d64b P 0a8bbcbbb5a6459aa5258464755db3bb [CANDIDATE]: Term 1 pre-election: Tablet error from VoteRequest() call to peer 193181be29284287b25df2ee92938f0b: Illegal state: Tablet not RUNNING: NOT_STARTED
I1031 23:05:34.450999 10719 leader_election.cc:243] T f2af422919fd4560bd6441509a68d64b P 0a8bbcbbb5a6459aa5258464755db3bb [CANDIDATE]: Term 1 pre-election: Election decided. Result: candidate lost.
I1031 23:05:34.451045 40664 raft_consensus.cc:2162] T f2af422919fd4560bd6441509a68d64b P 0a8bbcbbb5a6459aa5258464755db3bb [term 0 FOLLOWER]: Snoozing failure detection for election timeout plus an additional 1.728s
I1031 23:05:34.451064 40664 raft_consensus.cc:1908] T f2af422919fd4560bd6441509a68d64b P 0a8bbcbbb5a6459aa5258464755db3bb [term 0 FOLLOWER]: Leader pre-election lost for term 1. Reason: could not achieve majority
I1031 23:05:34.456691 40659 raft_consensus.cc:411] T 0def0264c0db4c438e16c22b23a0b43a P 0a8bbcbbb5a6459aa5258464755db3bb [term 0 FOLLOWER]: Starting pre-election (no leader contacted us within the election timeout)
I1031 23:05:34.456718 40659 raft_consensus.cc:2162] T 0def0264c0db4c438e16c22b23a0b43a P 0a8bbcbbb5a6459aa5258464755db3bb [term 0 FOLLOWER]: Snoozing failure detection for election timeout plus an additional 1.699s
I1031 23:05:34.456764 40659 raft_consensus.cc:435] T 0def0264c0db4c438e16c22b23a0b43a P 0a8bbcbbb5a6459aa5258464755db3bb [term 0 FOLLOWER]: Starting pre-election with config: opid_index: -1 OBSOLETE_local: false peers { permanent_uuid: "0a8bbcbbb5a6459aa5258464755db3bb" member_type: VOTER last_known_addr { host: "c3-kudu-tst-st02.bj" port: 18700 } } peers { permanent_uuid: "625f49b9554549e6a5c3a92b76e576cf" member_type: VOTER last_known_addr { host: "c3-kudu-tst-st10.bj" port: 18700 } } peers { permanent_uuid: "193181be29284287b25df2ee92938f0b" member_type: VOTER last_known_addr { host: "c3-kudu-tst-st08.bj" port: 18700 } }
I1031 23:05:34.457317 40659 leader_election.cc:216] T 0def0264c0db4c438e16c22b23a0b43a P 0a8bbcbbb5a6459aa5258464755db3bb [CANDIDATE]: Term 1 pre-election: Requesting pre-vote from peer 625f49b9554549e6a5c3a92b76e576cf
I1031 23:05:34.457346 40659 leader_election.cc:216] T 0def0264c0db4c438e16c22b23a0b43a P 0a8bbcbbb5a6459aa5258464755db3bb [CANDIDATE]: Term 1 pre-election: Requesting pre-vote from peer 193181be29284287b25df2ee92938f0b
W1031 23:05:34.457589 10718 leader_election.cc:278] T 0def0264c0db4c438e16c22b23a0b43a P 0a8bbcbbb5a6459aa5258464755db3bb [CANDIDATE]: Term 1 pre-election: Tablet error from VoteRequest() call to peer 625f49b9554549e6a5c3a92b76e576cf: Illegal state: Tablet not RUNNING: NOT_STARTED
W1031 23:05:34.457618 10719 leader_election.cc:278] T 0def0264c0db4c438e16c22b23a0b43a P 0a8bbcbbb5a6459aa5258464755db3bb [CANDIDATE]: Term 1 pre-election: Tablet error from VoteRequest() call to peer 193181be29284287b25df2ee92938f0b: Illegal state: Tablet not RUNNING: NOT_STARTED
I1031 23:05:34.457645 10719 leader_election.cc:243] T 0def0264c0db4c438e16c22b23a0b43a P 0a8bbcbbb5a6459aa5258464755db3bb [CANDIDATE]: Term 1 pre-election: Election decided. Result: candidate lost.
I1031 23:05:34.457693 40662 raft_consensus.cc:2162] T 0def0264c0db4c438e16c22b23a0b43a P 0a8bbcbbb5a6459aa5258464755db3bb [term 0 FOLLOWER]: Snoozing failure detection for election timeout plus an additional 2.247s
I1031 23:05:34.457715 40662 raft_consensus.cc:1908] T 0def0264c0db4c438e16c22b23a0b43a P 0a8bbcbbb5a6459aa5258464755db3bb [term 0 FOLLOWER]: Leader pre-election lost for term 1. Reason: could not achieve majority
I1031 23:05:34.458142 10778 raft_consensus.cc:1747] T 29fdcf1d33f94660b0c77445ec7e559b P 0a8bbcbbb5a6459aa5258464755db3bb [term 1 FOLLOWER]: Leader election vote request: Granting yes vote for candidate 0fc477287c154136abc1e2f3c82fb7f9 in term 1.
I1031 23:05:34.458272 40651 raft_consensus.cc:435] T acb401e40e7049fbbfdbeb40474353d9 P 0a8bbcbbb5a6459aa5258464755db3bb [term 1 FOLLOWER]: Starting leader election with config: opid_index: -1 OBSOLETE_local: false peers { permanent_uuid: "193181be29284287b25df2ee92938f0b" member_type: VOTER last_known_addr { host: "c3-kudu-tst-st08.bj" port: 18700 } } peers { permanent_uuid: "0a8bbcbbb5a6459aa5258464755db3bb" member_type: VOTER last_known_addr { host: "c3-kudu-tst-st02.bj" port: 18700 } } peers { permanent_uuid: "0fc477287c154136abc1e2f3c82fb7f9" member_type: VOTER last_known_addr { host: "c3-kudu-tst-st04.bj" port: 18700 } }
I1031 23:05:34.458784 40651 leader_election.cc:216] T acb401e40e7049fbbfdbeb40474353d9 P 0a8bbcbbb5a6459aa5258464755db3bb [CANDIDATE]: Term 1 election: Requesting vote from peer 193181be29284287b25df2ee92938f0b
I1031 23:05:34.458812 40651 leader_election.cc:216] T acb401e40e7049fbbfdbeb40474353d9 P 0a8bbcbbb5a6459aa5258464755db3bb [CANDIDATE]: Term 1 election: Requesting vote from peer 0fc477287c154136abc1e2f3c82fb7f9
W1031 23:05:34.459022 10719 leader_election.cc:278] T acb401e40e7049fbbfdbeb40474353d9 P 0a8bbcbbb5a6459aa5258464755db3bb [CANDIDATE]: Term 1 election: Tablet error from VoteRequest() call to peer 193181be29284287b25df2ee92938f0b: Illegal state: Tablet not RUNNING: NOT_STARTED
I1031 23:05:34.459900 10718 leader_election.cc:348] T acb401e40e7049fbbfdbeb40474353d9 P 0a8bbcbbb5a6459aa5258464755db3bb [CANDIDATE]: Term 1 election: Vote granted by peer 0fc477287c154136abc1e2f3c82fb7f9
I1031 23:05:34.459918 10718 leader_election.cc:243] T acb401e40e7049fbbfdbeb40474353d9 P 0a8bbcbbb5a6459aa5258464755db3bb [CANDIDATE]: Term 1 election: Election decided. Result: candidate won.
I1031 23:05:34.459949 40651 raft_consensus.cc:2162] T acb401e40e7049fbbfdbeb40474353d9 P 0a8bbcbbb5a6459aa5258464755db3bb [term 1 FOLLOWER]: Snoozing failure detection for election timeout plus an additional 1.849s
I1031 23:05:34.459964 40651 raft_consensus.cc:1971] T acb401e40e7049fbbfdbeb40474353d9 P 0a8bbcbbb5a6459aa5258464755db3bb [term 1 FOLLOWER]: Leader election won for term 1
I1031 23:05:34.460203 40651 raft_consensus.cc:518] T acb401e40e7049fbbfdbeb40474353d9 P 0a8bbcbbb5a6459aa5258464755db3bb [term 1 LEADER]: Becoming Leader. State: Replica: 0a8bbcbbb5a6459aa5258464755db3bb, State: 1, Role: LEADER
I1031 23:05:34.460254 40651 consensus_queue.cc:158] T acb401e40e7049fbbfdbeb40474353d9 P 0a8bbcbbb5a6459aa5258464755db3bb [LEADER]: Queue going to LEADER mode. State: All replicated index: 0, Majority replicated index: 0, Committed index: 0, Last appended: 0.0, Current term: 1, Majority size: 2, State: 1, Mode: LEADER, active raft config: opid_index: -1 OBSOLETE_local: false peers { permanent_uuid: "193181be29284287b25df2ee92938f0b" member_type: VOTER last_known_addr { host: "c3-kudu-tst-st08.bj" port: 18700 } } peers { permanent_uuid: "0a8bbcbbb5a6459aa5258464755db3bb" member_type: VOTER last_known_addr { host: "c3-kudu-tst-st02.bj" port: 18700 } } peers { permanent_uuid: "0fc477287c154136abc1e2f3c82fb7f9" member_type: VOTER last_known_addr { host: "c3-kudu-tst-st04.bj" port: 18700 } }
I1031 23:05:34.546833 40643 raft_consensus.cc:411] T 721e8a57234447eabda00f5df65bd574 P 0a8bbcbbb5a6459aa5258464755db3bb [term 0 FOLLOWER]: Starting pre-election (no leader contacted us within the election timeout)
I1031 23:05:34.546888 40643 raft_consensus.cc:2162] T 721e8a57234447eabda00f5df65bd574 P 0a8bbcbbb5a6459aa5258464755db3bb [term 0 FOLLOWER]: Snoozing failure detection for election timeout plus an additional 1.916s
I1031 23:05:34.546967 40643 raft_consensus.cc:435] T 721e8a57234447eabda00f5df65bd574 P 0a8bbcbbb5a6459aa5258464755db3bb [term 0 FOLLOWER]: Starting pre-election with config: opid_index: -1 OBSOLETE_local: false peers { permanent_uuid: "0a8bbcbbb5a6459aa5258464755db3bb" member_type: VOTER last_known_addr { host: "c3-kudu-tst-st02.bj" port: 18700 } } peers { permanent_uuid: "d3eb30bd1bc34b95902fa61724239553" member_type: VOTER last_known_addr { host: "c3-kudu-tst-st05.bj" port: 18700 } } peers { permanent_uuid: "193181be29284287b25df2ee92938f0b" member_type: VOTER last_known_addr { host: "c3-kudu-tst-st08.bj" port: 18700 } }
I1031 23:05:34.547606 40643 leader_election.cc:216] T 721e8a57234447eabda00f5df65bd574 P 0a8bbcbbb5a6459aa5258464755db3bb [CANDIDATE]: Term 1 pre-election: Requesting pre-vote from peer d3eb30bd1bc34b95902fa61724239553
I1031 23:05:34.547636 40643 leader_election.cc:216] T 721e8a57234447eabda00f5df65bd574 P 0a8bbcbbb5a6459aa5258464755db3bb [CANDIDATE]: Term 1 pre-election: Requesting pre-vote from peer 193181be29284287b25df2ee92938f0b
