W1031 23:05:34.547886 10719 leader_election.cc:278] T 721e8a57234447eabda00f5df65bd574 P 0a8bbcbbb5a6459aa5258464755db3bb [CANDIDATE]: Term 1 pre-election: Tablet error from VoteRequest() call to peer 193181be29284287b25df2ee92938f0b: Illegal state: Tablet not RUNNING: NOT_STARTED
I1031 23:05:34.547942 10719 leader_election.cc:348] T 721e8a57234447eabda00f5df65bd574 P 0a8bbcbbb5a6459aa5258464755db3bb [CANDIDATE]: Term 1 pre-election: Vote granted by peer d3eb30bd1bc34b95902fa61724239553
I1031 23:05:34.547962 10719 leader_election.cc:243] T 721e8a57234447eabda00f5df65bd574 P 0a8bbcbbb5a6459aa5258464755db3bb [CANDIDATE]: Term 1 pre-election: Election decided. Result: candidate won.
I1031 23:05:34.548004 40650 raft_consensus.cc:2162] T 721e8a57234447eabda00f5df65bd574 P 0a8bbcbbb5a6459aa5258464755db3bb [term 0 FOLLOWER]: Snoozing failure detection for election timeout plus an additional 2.007s
I1031 23:05:34.548022 40650 raft_consensus.cc:1971] T 721e8a57234447eabda00f5df65bd574 P 0a8bbcbbb5a6459aa5258464755db3bb [term 0 FOLLOWER]: Leader pre-election won for term 1
I1031 23:05:34.548033 40650 raft_consensus.cc:411] T 721e8a57234447eabda00f5df65bd574 P 0a8bbcbbb5a6459aa5258464755db3bb [term 0 FOLLOWER]: Starting leader election (no leader contacted us within the election timeout)
I1031 23:05:34.548045 40650 raft_consensus.cc:2162] T 721e8a57234447eabda00f5df65bd574 P 0a8bbcbbb5a6459aa5258464755db3bb [term 0 FOLLOWER]: Snoozing failure detection for election timeout plus an additional 1.618s
I1031 23:05:34.548055 40650 raft_consensus.cc:2206] T 721e8a57234447eabda00f5df65bd574 P 0a8bbcbbb5a6459aa5258464755db3bb [term 0 FOLLOWER]: Advancing to term 1
W1031 23:05:34.548214 10720 consensus_peers.cc:357] T 68aa6071fa594e79958cddb8489a1f0c P 0a8bbcbbb5a6459aa5258464755db3bb -> Peer 23f962e4a1744381ad5fa0d2d8b10241 (c3-kudu-tst-st07.bj:18700): Couldn't send request to peer 23f962e4a1744381ad5fa0d2d8b10241 for tablet 68aa6071fa594e79958cddb8489a1f0c. Error code: TABLET_NOT_RUNNING (12). Status: Illegal state: Tablet not RUNNING: NOT_STARTED. Retrying in the next heartbeat period. Already tried 203 times.
I1031 23:05:34.548851 40650 raft_consensus.cc:435] T 721e8a57234447eabda00f5df65bd574 P 0a8bbcbbb5a6459aa5258464755db3bb [term 1 FOLLOWER]: Starting leader election with config: opid_index: -1 OBSOLETE_local: false peers { permanent_uuid: "0a8bbcbbb5a6459aa5258464755db3bb" member_type: VOTER last_known_addr { host: "c3-kudu-tst-st02.bj" port: 18700 } } peers { permanent_uuid: "d3eb30bd1bc34b95902fa61724239553" member_type: VOTER last_known_addr { host: "c3-kudu-tst-st05.bj" port: 18700 } } peers { permanent_uuid: "193181be29284287b25df2ee92938f0b" member_type: VOTER last_known_addr { host: "c3-kudu-tst-st08.bj" port: 18700 } }
I1031 23:05:34.549381 40650 leader_election.cc:216] T 721e8a57234447eabda00f5df65bd574 P 0a8bbcbbb5a6459aa5258464755db3bb [CANDIDATE]: Term 1 election: Requesting vote from peer d3eb30bd1bc34b95902fa61724239553
I1031 23:05:34.549407 40650 leader_election.cc:216] T 721e8a57234447eabda00f5df65bd574 P 0a8bbcbbb5a6459aa5258464755db3bb [CANDIDATE]: Term 1 election: Requesting vote from peer 193181be29284287b25df2ee92938f0b
W1031 23:05:34.549640 10719 leader_election.cc:278] T 721e8a57234447eabda00f5df65bd574 P 0a8bbcbbb5a6459aa5258464755db3bb [CANDIDATE]: Term 1 election: Tablet error from VoteRequest() call to peer 193181be29284287b25df2ee92938f0b: Illegal state: Tablet not RUNNING: NOT_STARTED
I1031 23:05:34.550523 10719 leader_election.cc:348] T 721e8a57234447eabda00f5df65bd574 P 0a8bbcbbb5a6459aa5258464755db3bb [CANDIDATE]: Term 1 election: Vote granted by peer d3eb30bd1bc34b95902fa61724239553
I1031 23:05:34.550540 10719 leader_election.cc:243] T 721e8a57234447eabda00f5df65bd574 P 0a8bbcbbb5a6459aa5258464755db3bb [CANDIDATE]: Term 1 election: Election decided. Result: candidate won.
I1031 23:05:34.550567 40650 raft_consensus.cc:2162] T 721e8a57234447eabda00f5df65bd574 P 0a8bbcbbb5a6459aa5258464755db3bb [term 1 FOLLOWER]: Snoozing failure detection for election timeout plus an additional 1.750s
I1031 23:05:34.550580 40650 raft_consensus.cc:1971] T 721e8a57234447eabda00f5df65bd574 P 0a8bbcbbb5a6459aa5258464755db3bb [term 1 FOLLOWER]: Leader election won for term 1
I1031 23:05:34.551043 40650 raft_consensus.cc:518] T 721e8a57234447eabda00f5df65bd574 P 0a8bbcbbb5a6459aa5258464755db3bb [term 1 LEADER]: Becoming Leader. State: Replica: 0a8bbcbbb5a6459aa5258464755db3bb, State: 1, Role: LEADER
I1031 23:05:34.551093 40650 consensus_queue.cc:158] T 721e8a57234447eabda00f5df65bd574 P 0a8bbcbbb5a6459aa5258464755db3bb [LEADER]: Queue going to LEADER mode. State: All replicated index: 0, Majority replicated index: 0, Committed index: 0, Last appended: 0.0, Current term: 1, Majority size: 2, State: 1, Mode: LEADER, active raft config: opid_index: -1 OBSOLETE_local: false peers { permanent_uuid: "0a8bbcbbb5a6459aa5258464755db3bb" member_type: VOTER last_known_addr { host: "c3-kudu-tst-st02.bj" port: 18700 } } peers { permanent_uuid: "d3eb30bd1bc34b95902fa61724239553" member_type: VOTER last_known_addr { host: "c3-kudu-tst-st05.bj" port: 18700 } } peers { permanent_uuid: "193181be29284287b25df2ee92938f0b" member_type: VOTER last_known_addr { host: "c3-kudu-tst-st08.bj" port: 18700 } }
W1031 23:05:34.552757 10718 consensus_peers.cc:357] T eeb3a3cb417b466abffd16749d165a61 P 0a8bbcbbb5a6459aa5258464755db3bb -> Peer 625f49b9554549e6a5c3a92b76e576cf (c3-kudu-tst-st10.bj:18700): Couldn't send request to peer 625f49b9554549e6a5c3a92b76e576cf for tablet eeb3a3cb417b466abffd16749d165a61. Error code: TABLET_NOT_RUNNING (12). Status: Illegal state: Tablet not RUNNING: NOT_STARTED. Retrying in the next heartbeat period. Already tried 1 times.
I1031 23:05:34.553434 40673 consensus_queue.cc:695] T eeb3a3cb417b466abffd16749d165a61 P 0a8bbcbbb5a6459aa5258464755db3bb [LEADER]: Connected to new peer: Peer: daba39963d4346e1816089fd3a5442b5, Is new: false, Last received: 0.0, Next index: 1, Last known committed idx: 0, Last exchange result: ERROR, Needs tablet copy: false
I1031 23:05:34.589118 40671 raft_consensus.cc:411] T 47eeb8448c454968a45bf1a984427b25 P 0a8bbcbbb5a6459aa5258464755db3bb [term 0 FOLLOWER]: Starting pre-election (no leader contacted us within the election timeout)
I1031 23:05:34.589139 40671 raft_consensus.cc:2162] T 47eeb8448c454968a45bf1a984427b25 P 0a8bbcbbb5a6459aa5258464755db3bb [term 0 FOLLOWER]: Snoozing failure detection for election timeout plus an additional 1.829s
I1031 23:05:34.589186 40671 raft_consensus.cc:435] T 47eeb8448c454968a45bf1a984427b25 P 0a8bbcbbb5a6459aa5258464755db3bb [term 0 FOLLOWER]: Starting pre-election with config: opid_index: -1 OBSOLETE_local: false peers { permanent_uuid: "23f962e4a1744381ad5fa0d2d8b10241" member_type: VOTER last_known_addr { host: "c3-kudu-tst-st07.bj" port: 18700 } } peers { permanent_uuid: "daba39963d4346e1816089fd3a5442b5" member_type: VOTER last_known_addr { host: "c3-kudu-tst-st09.bj" port: 18700 } } peers { permanent_uuid: "0a8bbcbbb5a6459aa5258464755db3bb" member_type: VOTER last_known_addr { host: "c3-kudu-tst-st02.bj" port: 18700 } }
I1031 23:05:34.589691 40671 leader_election.cc:216] T 47eeb8448c454968a45bf1a984427b25 P 0a8bbcbbb5a6459aa5258464755db3bb [CANDIDATE]: Term 1 pre-election: Requesting pre-vote from peer 23f962e4a1744381ad5fa0d2d8b10241
I1031 23:05:34.589715 40671 leader_election.cc:216] T 47eeb8448c454968a45bf1a984427b25 P 0a8bbcbbb5a6459aa5258464755db3bb [CANDIDATE]: Term 1 pre-election: Requesting pre-vote from peer daba39963d4346e1816089fd3a5442b5
W1031 23:05:34.589972 10720 leader_election.cc:278] T 47eeb8448c454968a45bf1a984427b25 P 0a8bbcbbb5a6459aa5258464755db3bb [CANDIDATE]: Term 1 pre-election: Tablet error from VoteRequest() call to peer 23f962e4a1744381ad5fa0d2d8b10241: Illegal state: Tablet not RUNNING: NOT_STARTED
I1031 23:05:34.590046 10717 leader_election.cc:348] T 47eeb8448c454968a45bf1a984427b25 P 0a8bbcbbb5a6459aa5258464755db3bb [CANDIDATE]: Term 1 pre-election: Vote granted by peer daba39963d4346e1816089fd3a5442b5
I1031 23:05:34.590098 10717 leader_election.cc:243] T 47eeb8448c454968a45bf1a984427b25 P 0a8bbcbbb5a6459aa5258464755db3bb [CANDIDATE]: Term 1 pre-election: Election decided. Result: candidate won.
I1031 23:05:34.590199 40672 raft_consensus.cc:2162] T 47eeb8448c454968a45bf1a984427b25 P 0a8bbcbbb5a6459aa5258464755db3bb [term 0 FOLLOWER]: Snoozing failure detection for election timeout plus an additional 1.993s
I1031 23:05:34.590221 40672 raft_consensus.cc:1971] T 47eeb8448c454968a45bf1a984427b25 P 0a8bbcbbb5a6459aa5258464755db3bb [term 0 FOLLOWER]: Leader pre-election won for term 1
I1031 23:05:34.590231 40672 raft_consensus.cc:411] T 47eeb8448c454968a45bf1a984427b25 P 0a8bbcbbb5a6459aa5258464755db3bb [term 0 FOLLOWER]: Starting leader election (no leader contacted us within the election timeout)
I1031 23:05:34.590243 40672 raft_consensus.cc:2162] T 47eeb8448c454968a45bf1a984427b25 P 0a8bbcbbb5a6459aa5258464755db3bb [term 0 FOLLOWER]: Snoozing failure detection for election timeout plus an additional 1.597s
I1031 23:05:34.590252 40672 raft_consensus.cc:2206] T 47eeb8448c454968a45bf1a984427b25 P 0a8bbcbbb5a6459aa5258464755db3bb [term 0 FOLLOWER]: Advancing to term 1
I1031 23:05:34.601403 40672 raft_consensus.cc:435] T 47eeb8448c454968a45bf1a984427b25 P 0a8bbcbbb5a6459aa5258464755db3bb [term 1 FOLLOWER]: Starting leader election with config: opid_index: -1 OBSOLETE_local: false peers { permanent_uuid: "23f962e4a1744381ad5fa0d2d8b10241" member_type: VOTER last_known_addr { host: "c3-kudu-tst-st07.bj" port: 18700 } } peers { permanent_uuid: "daba39963d4346e1816089fd3a5442b5" member_type: VOTER last_known_addr { host: "c3-kudu-tst-st09.bj" port: 18700 } } peers { permanent_uuid: "0a8bbcbbb5a6459aa5258464755db3bb" member_type: VOTER last_known_addr { host: "c3-kudu-tst-st02.bj" port: 18700 } }
I1031 23:05:34.601900 40672 leader_election.cc:216] T 47eeb8448c454968a45bf1a984427b25 P 0a8bbcbbb5a6459aa5258464755db3bb [CANDIDATE]: Term 1 election: Requesting vote from peer 23f962e4a1744381ad5fa0d2d8b10241
I1031 23:05:34.601925 40672 leader_election.cc:216] T 47eeb8448c454968a45bf1a984427b25 P 0a8bbcbbb5a6459aa5258464755db3bb [CANDIDATE]: Term 1 election: Requesting vote from peer daba39963d4346e1816089fd3a5442b5
W1031 23:05:34.602149 10720 leader_election.cc:278] T 47eeb8448c454968a45bf1a984427b25 P 0a8bbcbbb5a6459aa5258464755db3bb [CANDIDATE]: Term 1 election: Tablet error from VoteRequest() call to peer 23f962e4a1744381ad5fa0d2d8b10241: Illegal state: Tablet not RUNNING: NOT_STARTED
I1031 23:05:34.602929 10717 leader_election.cc:348] T 47eeb8448c454968a45bf1a984427b25 P 0a8bbcbbb5a6459aa5258464755db3bb [CANDIDATE]: Term 1 election: Vote granted by peer daba39963d4346e1816089fd3a5442b5
I1031 23:05:34.602951 10717 leader_election.cc:243] T 47eeb8448c454968a45bf1a984427b25 P 0a8bbcbbb5a6459aa5258464755db3bb [CANDIDATE]: Term 1 election: Election decided. Result: candidate won.
I1031 23:05:34.602982 40672 raft_consensus.cc:2162] T 47eeb8448c454968a45bf1a984427b25 P 0a8bbcbbb5a6459aa5258464755db3bb [term 1 FOLLOWER]: Snoozing failure detection for election timeout plus an additional 1.869s
I1031 23:05:34.602994 40672 raft_consensus.cc:1971] T 47eeb8448c454968a45bf1a984427b25 P 0a8bbcbbb5a6459aa5258464755db3bb [term 1 FOLLOWER]: Leader election won for term 1
I1031 23:05:34.603410 40672 raft_consensus.cc:518] T 47eeb8448c454968a45bf1a984427b25 P 0a8bbcbbb5a6459aa5258464755db3bb [term 1 LEADER]: Becoming Leader. State: Replica: 0a8bbcbbb5a6459aa5258464755db3bb, State: 1, Role: LEADER
I1031 23:05:34.603463 40672 consensus_queue.cc:158] T 47eeb8448c454968a45bf1a984427b25 P 0a8bbcbbb5a6459aa5258464755db3bb [LEADER]: Queue going to LEADER mode. State: All replicated index: 0, Majority replicated index: 0, Committed index: 0, Last appended: 0.0, Current term: 1, Majority size: 2, State: 1, Mode: LEADER, active raft config: opid_index: -1 OBSOLETE_local: false peers { permanent_uuid: "23f962e4a1744381ad5fa0d2d8b10241" member_type: VOTER last_known_addr { host: "c3-kudu-tst-st07.bj" port: 18700 } } peers { permanent_uuid: "daba39963d4346e1816089fd3a5442b5" member_type: VOTER last_known_addr { host: "c3-kudu-tst-st09.bj" port: 18700 } } peers { permanent_uuid: "0a8bbcbbb5a6459aa5258464755db3bb" member_type: VOTER last_known_addr { host: "c3-kudu-tst-st02.bj" port: 18700 } }
I1031 23:05:34.665725 40639 raft_consensus.cc:411] T 8356b43879104775b9a8c5a9e546e85b P 0a8bbcbbb5a6459aa5258464755db3bb [term 0 FOLLOWER]: Starting pre-election (no leader contacted us within the election timeout)
I1031 23:05:34.665763 40639 raft_consensus.cc:2162] T 8356b43879104775b9a8c5a9e546e85b P 0a8bbcbbb5a6459aa5258464755db3bb [term 0 FOLLOWER]: Snoozing failure detection for election timeout plus an additional 2.080s
I1031 23:05:34.665833 40639 raft_consensus.cc:435] T 8356b43879104775b9a8c5a9e546e85b P 0a8bbcbbb5a6459aa5258464755db3bb [term 0 FOLLOWER]: Starting pre-election with config: opid_index: -1 OBSOLETE_local: false peers { permanent_uuid: "0a8bbcbbb5a6459aa5258464755db3bb" member_type: VOTER last_known_addr { host: "c3-kudu-tst-st02.bj" port: 18700 } } peers { permanent_uuid: "193181be29284287b25df2ee92938f0b" member_type: VOTER last_known_addr { host: "c3-kudu-tst-st08.bj" port: 18700 } } peers { permanent_uuid: "d3eb30bd1bc34b95902fa61724239553" member_type: VOTER last_known_addr { host: "c3-kudu-tst-st05.bj" port: 18700 } }
I1031 23:05:34.666605 40639 leader_election.cc:216] T 8356b43879104775b9a8c5a9e546e85b P 0a8bbcbbb5a6459aa5258464755db3bb [CANDIDATE]: Term 1 pre-election: Requesting pre-vote from peer 193181be29284287b25df2ee92938f0b
I1031 23:05:34.666637 40639 leader_election.cc:216] T 8356b43879104775b9a8c5a9e546e85b P 0a8bbcbbb5a6459aa5258464755db3bb [CANDIDATE]: Term 1 pre-election: Requesting pre-vote from peer d3eb30bd1bc34b95902fa61724239553
W1031 23:05:34.666961 10719 leader_election.cc:278] T 8356b43879104775b9a8c5a9e546e85b P 0a8bbcbbb5a6459aa5258464755db3bb [CANDIDATE]: Term 1 pre-election: Tablet error from VoteRequest() call to peer 193181be29284287b25df2ee92938f0b: Illegal state: Tablet not RUNNING: NOT_STARTED
I1031 23:05:34.667006 10719 leader_election.cc:348] T 8356b43879104775b9a8c5a9e546e85b P 0a8bbcbbb5a6459aa5258464755db3bb [CANDIDATE]: Term 1 pre-election: Vote granted by peer d3eb30bd1bc34b95902fa61724239553
I1031 23:05:34.667016 10719 leader_election.cc:243] T 8356b43879104775b9a8c5a9e546e85b P 0a8bbcbbb5a6459aa5258464755db3bb [CANDIDATE]: Term 1 pre-election: Election decided. Result: candidate won.
I1031 23:05:34.667062 40648 raft_consensus.cc:2162] T 8356b43879104775b9a8c5a9e546e85b P 0a8bbcbbb5a6459aa5258464755db3bb [term 0 FOLLOWER]: Snoozing failure detection for election timeout plus an additional 2.010s
I1031 23:05:34.667084 40648 raft_consensus.cc:1971] T 8356b43879104775b9a8c5a9e546e85b P 0a8bbcbbb5a6459aa5258464755db3bb [term 0 FOLLOWER]: Leader pre-election won for term 1
I1031 23:05:34.667100 40648 raft_consensus.cc:411] T 8356b43879104775b9a8c5a9e546e85b P 0a8bbcbbb5a6459aa5258464755db3bb [term 0 FOLLOWER]: Starting leader election (no leader contacted us within the election timeout)
I1031 23:05:34.667111 40648 raft_consensus.cc:2162] T 8356b43879104775b9a8c5a9e546e85b P 0a8bbcbbb5a6459aa5258464755db3bb [term 0 FOLLOWER]: Snoozing failure detection for election timeout plus an additional 1.651s
I1031 23:05:34.667121 40648 raft_consensus.cc:2206] T 8356b43879104775b9a8c5a9e546e85b P 0a8bbcbbb5a6459aa5258464755db3bb [term 0 FOLLOWER]: Advancing to term 1
I1031 23:05:34.676530 40648 raft_consensus.cc:435] T 8356b43879104775b9a8c5a9e546e85b P 0a8bbcbbb5a6459aa5258464755db3bb [term 1 FOLLOWER]: Starting leader election with config: opid_index: -1 OBSOLETE_local: false peers { permanent_uuid: "0a8bbcbbb5a6459aa5258464755db3bb" member_type: VOTER last_known_addr { host: "c3-kudu-tst-st02.bj" port: 18700 } } peers { permanent_uuid: "193181be29284287b25df2ee92938f0b" member_type: VOTER last_known_addr { host: "c3-kudu-tst-st08.bj" port: 18700 } } peers { permanent_uuid: "d3eb30bd1bc34b95902fa61724239553" member_type: VOTER last_known_addr { host: "c3-kudu-tst-st05.bj" port: 18700 } }
I1031 23:05:34.677057 40648 leader_election.cc:216] T 8356b43879104775b9a8c5a9e546e85b P 0a8bbcbbb5a6459aa5258464755db3bb [CANDIDATE]: Term 1 election: Requesting vote from peer 193181be29284287b25df2ee92938f0b
I1031 23:05:34.677091 40648 leader_election.cc:216] T 8356b43879104775b9a8c5a9e546e85b P 0a8bbcbbb5a6459aa5258464755db3bb [CANDIDATE]: Term 1 election: Requesting vote from peer d3eb30bd1bc34b95902fa61724239553
W1031 23:05:34.677336 10719 leader_election.cc:278] T 8356b43879104775b9a8c5a9e546e85b P 0a8bbcbbb5a6459aa5258464755db3bb [CANDIDATE]: Term 1 election: Tablet error from VoteRequest() call to peer 193181be29284287b25df2ee92938f0b: Illegal state: Tablet not RUNNING: NOT_STARTED
I1031 23:05:34.678086 10719 leader_election.cc:348] T 8356b43879104775b9a8c5a9e546e85b P 0a8bbcbbb5a6459aa5258464755db3bb [CANDIDATE]: Term 1 election: Vote granted by peer d3eb30bd1bc34b95902fa61724239553
I1031 23:05:34.678102 10719 leader_election.cc:243] T 8356b43879104775b9a8c5a9e546e85b P 0a8bbcbbb5a6459aa5258464755db3bb [CANDIDATE]: Term 1 election: Election decided. Result: candidate won.
I1031 23:05:34.678139 40648 raft_consensus.cc:2162] T 8356b43879104775b9a8c5a9e546e85b P 0a8bbcbbb5a6459aa5258464755db3bb [term 1 FOLLOWER]: Snoozing failure detection for election timeout plus an additional 2.141s
I1031 23:05:34.678156 40648 raft_consensus.cc:1971] T 8356b43879104775b9a8c5a9e546e85b P 0a8bbcbbb5a6459aa5258464755db3bb [term 1 FOLLOWER]: Leader election won for term 1
I1031 23:05:34.678691 40648 raft_consensus.cc:518] T 8356b43879104775b9a8c5a9e546e85b P 0a8bbcbbb5a6459aa5258464755db3bb [term 1 LEADER]: Becoming Leader. State: Replica: 0a8bbcbbb5a6459aa5258464755db3bb, State: 1, Role: LEADER
I1031 23:05:34.678738 40648 consensus_queue.cc:158] T 8356b43879104775b9a8c5a9e546e85b P 0a8bbcbbb5a6459aa5258464755db3bb [LEADER]: Queue going to LEADER mode. State: All replicated index: 0, Majority replicated index: 0, Committed index: 0, Last appended: 0.0, Current term: 1, Majority size: 2, State: 1, Mode: LEADER, active raft config: opid_index: -1 OBSOLETE_local: false peers { permanent_uuid: "0a8bbcbbb5a6459aa5258464755db3bb" member_type: VOTER last_known_addr { host: "c3-kudu-tst-st02.bj" port: 18700 } } peers { permanent_uuid: "193181be29284287b25df2ee92938f0b" member_type: VOTER last_known_addr { host: "c3-kudu-tst-st08.bj" port: 18700 } } peers { permanent_uuid: "d3eb30bd1bc34b95902fa61724239553" member_type: VOTER last_known_addr { host: "c3-kudu-tst-st05.bj" port: 18700 } }
I1031 23:05:34.693372 10773 ts_tablet_manager.cc:1032] T b758ec3274c84dcbb110cf5aa3dca9aa P 0a8bbcbbb5a6459aa5258464755db3bb: Tablet deleted. Last logged OpId: 0.0
I1031 23:05:34.693403 10773 log.cc:876] T b758ec3274c84dcbb110cf5aa3dca9aa P 0a8bbcbbb5a6459aa5258464755db3bb: Deleting WAL directory at /home/work/app/kudu/c3prc-kernel65/kudu_tablet_server/hdd1/wals/b758ec3274c84dcbb110cf5aa3dca9aa
I1031 23:05:34.693606 10773 consensus_meta.cc:71] T b758ec3274c84dcbb110cf5aa3dca9aa Deleting consensus metadata
I1031 23:05:34.735491 10771 ts_tablet_manager.cc:1032] T 812b248175004ae8992ff2660fc9d520 P 0a8bbcbbb5a6459aa5258464755db3bb: Tablet deleted. Last logged OpId: 0.0
I1031 23:05:34.735532 10771 log.cc:876] T 812b248175004ae8992ff2660fc9d520 P 0a8bbcbbb5a6459aa5258464755db3bb: Deleting WAL directory at /home/work/app/kudu/c3prc-kernel65/kudu_tablet_server/hdd1/wals/812b248175004ae8992ff2660fc9d520
I1031 23:05:34.735723 10771 consensus_meta.cc:71] T 812b248175004ae8992ff2660fc9d520 Deleting consensus metadata
I1031 23:05:34.752562 10758 ts_tablet_manager.cc:1032] T 582c1281bf5147b2bd40c9a950a1152f P 0a8bbcbbb5a6459aa5258464755db3bb: Tablet deleted. Last logged OpId: 0.0
I1031 23:05:34.752602 10758 log.cc:876] T 582c1281bf5147b2bd40c9a950a1152f P 0a8bbcbbb5a6459aa5258464755db3bb: Deleting WAL directory at /home/work/app/kudu/c3prc-kernel65/kudu_tablet_server/hdd1/wals/582c1281bf5147b2bd40c9a950a1152f
I1031 23:05:34.752830 10758 consensus_meta.cc:71] T 582c1281bf5147b2bd40c9a950a1152f Deleting consensus metadata
W1031 23:05:34.843443 10720 consensus_peers.cc:357] T 32984b820db347e1b2d4d0786cf221f2 P 0a8bbcbbb5a6459aa5258464755db3bb -> Peer 23f962e4a1744381ad5fa0d2d8b10241 (c3-kudu-tst-st07.bj:18700): Couldn't send request to peer 23f962e4a1744381ad5fa0d2d8b10241 for tablet 32984b820db347e1b2d4d0786cf221f2. Error code: TABLET_NOT_RUNNING (12). Status: Illegal state: Tablet not RUNNING: NOT_STARTED. Retrying in the next heartbeat period. Already tried 1 times.
I1031 23:05:34.844149 40676 consensus_queue.cc:695] T 32984b820db347e1b2d4d0786cf221f2 P 0a8bbcbbb5a6459aa5258464755db3bb [LEADER]: Connected to new peer: Peer: 0fc477287c154136abc1e2f3c82fb7f9, Is new: false, Last received: 0.0, Next index: 1, Last known committed idx: 0, Last exchange result: ERROR, Needs tablet copy: false
I1031 23:05:34.960068 10774 raft_consensus.cc:918] T 29fdcf1d33f94660b0c77445ec7e559b P 0a8bbcbbb5a6459aa5258464755db3bb [term 1 FOLLOWER]: Refusing update from remote peer 0fc477287c154136abc1e2f3c82fb7f9: Log matching property violated. Preceding OpId in replica: term: 0 index: 0. Preceding OpId from leader: term: 1 index: 1. (index mismatch)
W1031 23:05:34.960870 10719 consensus_peers.cc:357] T acb401e40e7049fbbfdbeb40474353d9 P 0a8bbcbbb5a6459aa5258464755db3bb -> Peer 193181be29284287b25df2ee92938f0b (c3-kudu-tst-st08.bj:18700): Couldn't send request to peer 193181be29284287b25df2ee92938f0b for tablet acb401e40e7049fbbfdbeb40474353d9. Error code: TABLET_NOT_RUNNING (12). Status: Illegal state: Tablet not RUNNING: NOT_STARTED. Retrying in the next heartbeat period. Already tried 1 times.
I1031 23:05:34.961275 40680 consensus_queue.cc:695] T acb401e40e7049fbbfdbeb40474353d9 P 0a8bbcbbb5a6459aa5258464755db3bb [LEADER]: Connected to new peer: Peer: 0fc477287c154136abc1e2f3c82fb7f9, Is new: false, Last received: 0.0, Next index: 1, Last known committed idx: 0, Last exchange result: ERROR, Needs tablet copy: false
I1031 23:05:35.030840 10754 ts_tablet_manager.cc:1032] T f49a4f915ac048b096fcb5f4878f436d P 0a8bbcbbb5a6459aa5258464755db3bb: Tablet deleted. Last logged OpId: 0.0
I1031 23:05:35.030910 10754 log.cc:876] T f49a4f915ac048b096fcb5f4878f436d P 0a8bbcbbb5a6459aa5258464755db3bb: Deleting WAL directory at /home/work/app/kudu/c3prc-kernel65/kudu_tablet_server/hdd1/wals/f49a4f915ac048b096fcb5f4878f436d
I1031 23:05:35.031219 10754 consensus_meta.cc:71] T f49a4f915ac048b096fcb5f4878f436d Deleting consensus metadata
W1031 23:05:35.048336 10720 consensus_peers.cc:357] T 68aa6071fa594e79958cddb8489a1f0c P 0a8bbcbbb5a6459aa5258464755db3bb -> Peer 23f962e4a1744381ad5fa0d2d8b10241 (c3-kudu-tst-st07.bj:18700): Couldn't send request to peer 23f962e4a1744381ad5fa0d2d8b10241 for tablet 68aa6071fa594e79958cddb8489a1f0c. Error code: TABLET_NOT_RUNNING (12). Status: Illegal state: Tablet not RUNNING: NOT_STARTED. Retrying in the next heartbeat period. Already tried 204 times.
I1031 23:05:35.052044 40650 consensus_queue.cc:695] T 721e8a57234447eabda00f5df65bd574 P 0a8bbcbbb5a6459aa5258464755db3bb [LEADER]: Connected to new peer: Peer: d3eb30bd1bc34b95902fa61724239553, Is new: false, Last received: 0.0, Next index: 1, Last known committed idx: 0, Last exchange result: ERROR, Needs tablet copy: false
W1031 23:05:35.052469 10719 consensus_peers.cc:357] T 721e8a57234447eabda00f5df65bd574 P 0a8bbcbbb5a6459aa5258464755db3bb -> Peer 193181be29284287b25df2ee92938f0b (c3-kudu-tst-st08.bj:18700): Couldn't send request to peer 193181be29284287b25df2ee92938f0b for tablet 721e8a57234447eabda00f5df65bd574. Error code: TABLET_NOT_RUNNING (12). Status: Illegal state: Tablet not RUNNING: NOT_STARTED. Retrying in the next heartbeat period. Already tried 1 times.
W1031 23:05:35.052829 10718 consensus_peers.cc:357] T eeb3a3cb417b466abffd16749d165a61 P 0a8bbcbbb5a6459aa5258464755db3bb -> Peer 625f49b9554549e6a5c3a92b76e576cf (c3-kudu-tst-st10.bj:18700): Couldn't send request to peer 625f49b9554549e6a5c3a92b76e576cf for tablet eeb3a3cb417b466abffd16749d165a61. Error code: TABLET_NOT_RUNNING (12). Status: Illegal state: Tablet not RUNNING: NOT_STARTED. Retrying in the next heartbeat period. Already tried 2 times.
W1031 23:05:35.104362 10720 consensus_peers.cc:357] T 47eeb8448c454968a45bf1a984427b25 P 0a8bbcbbb5a6459aa5258464755db3bb -> Peer 23f962e4a1744381ad5fa0d2d8b10241 (c3-kudu-tst-st07.bj:18700): Couldn't send request to peer 23f962e4a1744381ad5fa0d2d8b10241 for tablet 47eeb8448c454968a45bf1a984427b25. Error code: TABLET_NOT_RUNNING (12). Status: Illegal state: Tablet not RUNNING: NOT_STARTED. Retrying in the next heartbeat period. Already tried 1 times.
I1031 23:05:35.105401 40698 consensus_queue.cc:695] T 47eeb8448c454968a45bf1a984427b25 P 0a8bbcbbb5a6459aa5258464755db3bb [LEADER]: Connected to new peer: Peer: daba39963d4346e1816089fd3a5442b5, Is new: false, Last received: 0.0, Next index: 1, Last known committed idx: 0, Last exchange result: ERROR, Needs tablet copy: false
I1031 23:05:35.122925 10759 ts_tablet_manager.cc:1032] T 802f72af09384e95acd389f46a1d9c84 P 0a8bbcbbb5a6459aa5258464755db3bb: Tablet deleted. Last logged OpId: 0.0
I1031 23:05:35.122977 10759 log.cc:876] T 802f72af09384e95acd389f46a1d9c84 P 0a8bbcbbb5a6459aa5258464755db3bb: Deleting WAL directory at /home/work/app/kudu/c3prc-kernel65/kudu_tablet_server/hdd1/wals/802f72af09384e95acd389f46a1d9c84
I1031 23:05:35.126152 10759 consensus_meta.cc:71] T 802f72af09384e95acd389f46a1d9c84 Deleting consensus metadata
I1031 23:05:35.167130 10773 rpcz_store.cc:248] Call kudu.tserver.TabletServerAdminService.DeleteTablet from 10.108.187.10:43437 (request call id 369) took 1220ms. Request Metrics: {"fdatasync":2,"fdatasync_us":242158,"tcmalloc_contention_cycles":2816}
I1031 23:05:35.167186 10773 tablet_service.cc:691] Processing DeleteTablet for tablet 8356b43879104775b9a8c5a9e546e85b with delete_type TABLET_DATA_DELETED (Replaced by 29fdcf1d33f94660b0c77445ec7e559b at 2017-10-31 23:05:22 CST) from {username='work'} at 10.108.187.10:43437
I1031 23:05:35.167198 10773 tablet_peer.cc:221] Initiating TabletPeer shutdown for tablet: 8356b43879104775b9a8c5a9e546e85b
I1031 23:05:35.167217 10773 maintenance_manager.cc:208] P 0a8bbcbbb5a6459aa5258464755db3bb: Unregistered op CompactRowSetsOp(8356b43879104775b9a8c5a9e546e85b)
I1031 23:05:35.167245 10773 maintenance_manager.cc:208] P 0a8bbcbbb5a6459aa5258464755db3bb: Unregistered op MinorDeltaCompactionOp(8356b43879104775b9a8c5a9e546e85b)
I1031 23:05:35.167258 10773 maintenance_manager.cc:208] P 0a8bbcbbb5a6459aa5258464755db3bb: Unregistered op MajorDeltaCompactionOp(8356b43879104775b9a8c5a9e546e85b)
I1031 23:05:35.167284 10773 maintenance_manager.cc:208] P 0a8bbcbbb5a6459aa5258464755db3bb: Unregistered op UndoDeltaBlockGCOp(8356b43879104775b9a8c5a9e546e85b)
I1031 23:05:35.167309 10773 maintenance_manager.cc:208] P 0a8bbcbbb5a6459aa5258464755db3bb: Unregistered op FlushMRSOp(8356b43879104775b9a8c5a9e546e85b)
I1031 23:05:35.167320 10773 maintenance_manager.cc:208] P 0a8bbcbbb5a6459aa5258464755db3bb: Unregistered op FlushDeltaMemStoresOp(8356b43879104775b9a8c5a9e546e85b)
I1031 23:05:35.167333 10773 maintenance_manager.cc:208] P 0a8bbcbbb5a6459aa5258464755db3bb: Unregistered op LogGCOp(8356b43879104775b9a8c5a9e546e85b)
I1031 23:05:35.167348 10773 raft_consensus.cc:1569] T 8356b43879104775b9a8c5a9e546e85b P 0a8bbcbbb5a6459aa5258464755db3bb [term 1 LEADER]: Raft consensus shutting down.
I1031 23:05:35.167423 10773 consensus_peers.cc:381] T 8356b43879104775b9a8c5a9e546e85b P 0a8bbcbbb5a6459aa5258464755db3bb -> Peer d3eb30bd1bc34b95902fa61724239553 (c3-kudu-tst-st05.bj:18700): Closing peer: d3eb30bd1bc34b95902fa61724239553
I1031 23:05:35.167472 10773 consensus_peers.cc:381] T 8356b43879104775b9a8c5a9e546e85b P 0a8bbcbbb5a6459aa5258464755db3bb -> Peer 193181be29284287b25df2ee92938f0b (c3-kudu-tst-st08.bj:18700): Closing peer: 193181be29284287b25df2ee92938f0b
I1031 23:05:35.167490 10773 raft_consensus_state.cc:371] T 8356b43879104775b9a8c5a9e546e85b P 0a8bbcbbb5a6459aa5258464755db3bb: Trying to abort 1 pending transactions.
I1031 23:05:35.167524 10773 raft_consensus_state.cc:376] T 8356b43879104775b9a8c5a9e546e85b P 0a8bbcbbb5a6459aa5258464755db3bb: Aborting transaction as it isn't in flight: id { term: 1 index: 1 } timestamp: 6182757722849439744 op_type: NO_OP noop_request { }
I1031 23:05:35.167585 10773 raft_consensus.cc:2041] T 8356b43879104775b9a8c5a9e546e85b P 0a8bbcbbb5a6459aa5258464755db3bb: NO_OP replication failed: Aborted: Transaction aborted
I1031 23:05:35.167596 10773 raft_consensus.cc:1585] T 8356b43879104775b9a8c5a9e546e85b P 0a8bbcbbb5a6459aa5258464755db3bb [term 1 LEADER]: Raft consensus is shut down!
I1031 23:05:35.170570 10773 ts_tablet_manager.cc:1020] T 8356b43879104775b9a8c5a9e546e85b P 0a8bbcbbb5a6459aa5258464755db3bb: Deleting tablet data with delete state TABLET_DATA_DELETED
I1031 23:05:35.190501 10686 maintenance_manager.cc:419] Time spent running UndoDeltaBlockGCOp(805311cf0a9549e08dc0767b41b859ec): real 0.944s user 0.167s sys 0.005s
I1031 23:05:35.190783 10686 maintenance_manager.cc:425] P 0a8bbcbbb5a6459aa5258464755db3bb: UndoDeltaBlockGCOp(805311cf0a9549e08dc0767b41b859ec) metrics: {"data dir 5.queue_time_us":178,"data dir 5.run_cpu_time_us":46,"data dir 5.run_wall_time_us":46,"fdatasync":1,"fdatasync_us":88570,"tcmalloc_contention_cycles":62336,"thread_start_us":167,"threads_started":1}
I1031 23:05:35.207414 10757 ts_tablet_manager.cc:1032] T 5110f0095bd94f67abf0aad906332efe P 0a8bbcbbb5a6459aa5258464755db3bb: Tablet deleted. Last logged OpId: 0.0
I1031 23:05:35.207471 10757 log.cc:876] T 5110f0095bd94f67abf0aad906332efe P 0a8bbcbbb5a6459aa5258464755db3bb: Deleting WAL directory at /home/work/app/kudu/c3prc-kernel65/kudu_tablet_server/hdd1/wals/5110f0095bd94f67abf0aad906332efe
I1031 23:05:35.207648 10771 rpcz_store.cc:248] Call kudu.tserver.TabletServerAdminService.DeleteTablet from 10.108.187.10:43437 (request call id 372) took 1260ms. Request Metrics: {"fdatasync":2,"fdatasync_us":242062}
I1031 23:05:35.207687 10757 consensus_meta.cc:71] T 5110f0095bd94f67abf0aad906332efe Deleting consensus metadata
I1031 23:05:35.207711 10771 tablet_service.cc:691] Processing DeleteTablet for tablet 0c2abca80c8f4fdaa788afd6a931df9d with delete_type TABLET_DATA_DELETED (Replaced by db5874009dd84d4892fccdb3316010c2 at 2017-10-31 23:05:22 CST) from {username='work'} at 10.108.187.10:43437
I1031 23:05:35.207744 10771 rpcz_store.cc:248] Call kudu.tserver.TabletServerAdminService.DeleteTablet from 10.108.187.10:43437 (request call id 381) took 1253ms. Request Metrics: {}
I1031 23:05:35.207787 10771 tablet_service.cc:691] Processing DeleteTablet for tablet 721e8a57234447eabda00f5df65bd574 with delete_type TABLET_DATA_DELETED (Replaced by 8df4d6c546194972a7c0cfb8bf652384 at 2017-10-31 23:05:22 CST) from {username='work'} at 10.108.187.10:43437
I1031 23:05:35.207803 10771 tablet_peer.cc:221] Initiating TabletPeer shutdown for tablet: 721e8a57234447eabda00f5df65bd574
I1031 23:05:35.207839 10771 maintenance_manager.cc:208] P 0a8bbcbbb5a6459aa5258464755db3bb: Unregistered op CompactRowSetsOp(721e8a57234447eabda00f5df65bd574)
I1031 23:05:35.207859 10771 maintenance_manager.cc:208] P 0a8bbcbbb5a6459aa5258464755db3bb: Unregistered op MinorDeltaCompactionOp(721e8a57234447eabda00f5df65bd574)
I1031 23:05:35.207877 10771 maintenance_manager.cc:208] P 0a8bbcbbb5a6459aa5258464755db3bb: Unregistered op MajorDeltaCompactionOp(721e8a57234447eabda00f5df65bd574)
I1031 23:05:35.207895 10771 maintenance_manager.cc:208] P 0a8bbcbbb5a6459aa5258464755db3bb: Unregistered op UndoDeltaBlockGCOp(721e8a57234447eabda00f5df65bd574)
I1031 23:05:35.207921 10771 maintenance_manager.cc:208] P 0a8bbcbbb5a6459aa5258464755db3bb: Unregistered op FlushMRSOp(721e8a57234447eabda00f5df65bd574)
I1031 23:05:35.207938 10771 maintenance_manager.cc:208] P 0a8bbcbbb5a6459aa5258464755db3bb: Unregistered op FlushDeltaMemStoresOp(721e8a57234447eabda00f5df65bd574)
I1031 23:05:35.207954 10771 maintenance_manager.cc:208] P 0a8bbcbbb5a6459aa5258464755db3bb: Unregistered op LogGCOp(721e8a57234447eabda00f5df65bd574)
I1031 23:05:35.207983 10771 raft_consensus.cc:1569] T 721e8a57234447eabda00f5df65bd574 P 0a8bbcbbb5a6459aa5258464755db3bb [term 1 LEADER]: Raft consensus shutting down.
I1031 23:05:35.208130 10771 consensus_peers.cc:381] T 721e8a57234447eabda00f5df65bd574 P 0a8bbcbbb5a6459aa5258464755db3bb -> Peer 193181be29284287b25df2ee92938f0b (c3-kudu-tst-st08.bj:18700): Closing peer: 193181be29284287b25df2ee92938f0b
I1031 23:05:35.208209 10771 consensus_peers.cc:381] T 721e8a57234447eabda00f5df65bd574 P 0a8bbcbbb5a6459aa5258464755db3bb -> Peer d3eb30bd1bc34b95902fa61724239553 (c3-kudu-tst-st05.bj:18700): Closing peer: d3eb30bd1bc34b95902fa61724239553
I1031 23:05:35.208299 10771 raft_consensus.cc:1585] T 721e8a57234447eabda00f5df65bd574 P 0a8bbcbbb5a6459aa5258464755db3bb [term 1 LEADER]: Raft consensus is shut down!
I1031 23:05:35.211489 10771 ts_tablet_manager.cc:1020] T 721e8a57234447eabda00f5df65bd574 P 0a8bbcbbb5a6459aa5258464755db3bb: Deleting tablet data with delete state TABLET_DATA_DELETED
I1031 23:05:35.232838 10762 ts_tablet_manager.cc:1032] T 69b4b5f037014f10bfab077f3f98ca49 P 0a8bbcbbb5a6459aa5258464755db3bb: Tablet deleted. Last logged OpId: 0.0
I1031 23:05:35.232877 10762 log.cc:876] T 69b4b5f037014f10bfab077f3f98ca49 P 0a8bbcbbb5a6459aa5258464755db3bb: Deleting WAL directory at /home/work/app/kudu/c3prc-kernel65/kudu_tablet_server/hdd1/wals/69b4b5f037014f10bfab077f3f98ca49
I1031 23:05:35.233011 10762 consensus_meta.cc:71] T 69b4b5f037014f10bfab077f3f98ca49 Deleting consensus metadata
I1031 23:05:35.258321 10758 rpcz_store.cc:248] Call kudu.tserver.TabletServerAdminService.DeleteTablet from 10.108.187.10:43437 (request call id 367) took 1314ms. Request Metrics: {"fdatasync":2,"fdatasync_us":251086,"tcmalloc_contention_cycles":18304}
I1031 23:05:35.258364 10758 tablet_service.cc:691] Processing DeleteTablet for tablet acb401e40e7049fbbfdbeb40474353d9 with delete_type TABLET_DATA_DELETED (Replaced by d67c8d7da92f4f10b75858f21d80f8c4 at 2017-10-31 23:05:22 CST) from {username='work'} at 10.108.187.10:43437
I1031 23:05:35.258376 10758 tablet_peer.cc:221] Initiating TabletPeer shutdown for tablet: acb401e40e7049fbbfdbeb40474353d9
I1031 23:05:35.317229 10764 ts_tablet_manager.cc:1032] T bd6a9e583cad413ca558178148ac7f85 P 0a8bbcbbb5a6459aa5258464755db3bb: Tablet deleted. Last logged OpId: 0.0
I1031 23:05:35.317273 10764 log.cc:876] T bd6a9e583cad413ca558178148ac7f85 P 0a8bbcbbb5a6459aa5258464755db3bb: Deleting WAL directory at /home/work/app/kudu/c3prc-kernel65/kudu_tablet_server/hdd1/wals/bd6a9e583cad413ca558178148ac7f85
I1031 23:05:35.317402 10764 consensus_meta.cc:71] T bd6a9e583cad413ca558178148ac7f85 Deleting consensus metadata
I1031 23:05:35.342512 10763 ts_tablet_manager.cc:1032] T 4b81a7f36c9a4b24a3294e39fdf19d9d P 0a8bbcbbb5a6459aa5258464755db3bb: Tablet deleted. Last logged OpId: 0.0
I1031 23:05:35.342591 10763 log.cc:876] T 4b81a7f36c9a4b24a3294e39fdf19d9d P 0a8bbcbbb5a6459aa5258464755db3bb: Deleting WAL directory at /home/work/app/kudu/c3prc-kernel65/kudu_tablet_server/hdd1/wals/4b81a7f36c9a4b24a3294e39fdf19d9d
I1031 23:05:35.343011 10763 consensus_meta.cc:71] T 4b81a7f36c9a4b24a3294e39fdf19d9d Deleting consensus metadata
W1031 23:05:35.343504 10720 consensus_peers.cc:357] T 32984b820db347e1b2d4d0786cf221f2 P 0a8bbcbbb5a6459aa5258464755db3bb -> Peer 23f962e4a1744381ad5fa0d2d8b10241 (c3-kudu-tst-st07.bj:18700): Couldn't send request to peer 23f962e4a1744381ad5fa0d2d8b10241 for tablet 32984b820db347e1b2d4d0786cf221f2. Error code: TABLET_NOT_RUNNING (12). Status: Illegal state: Tablet not RUNNING: NOT_STARTED. Retrying in the next heartbeat period. Already tried 2 times.
I1031 23:05:35.355330 10758 maintenance_manager.cc:208] P 0a8bbcbbb5a6459aa5258464755db3bb: Unregistered op CompactRowSetsOp(acb401e40e7049fbbfdbeb40474353d9)
I1031 23:05:35.355365 10758 maintenance_manager.cc:208] P 0a8bbcbbb5a6459aa5258464755db3bb: Unregistered op MinorDeltaCompactionOp(acb401e40e7049fbbfdbeb40474353d9)
I1031 23:05:35.355381 10758 maintenance_manager.cc:208] P 0a8bbcbbb5a6459aa5258464755db3bb: Unregistered op MajorDeltaCompactionOp(acb401e40e7049fbbfdbeb40474353d9)
I1031 23:05:35.355401 10758 maintenance_manager.cc:208] P 0a8bbcbbb5a6459aa5258464755db3bb: Unregistered op UndoDeltaBlockGCOp(acb401e40e7049fbbfdbeb40474353d9)
I1031 23:05:35.355428 10758 maintenance_manager.cc:208] P 0a8bbcbbb5a6459aa5258464755db3bb: Unregistered op FlushMRSOp(acb401e40e7049fbbfdbeb40474353d9)
I1031 23:05:35.355444 10758 maintenance_manager.cc:208] P 0a8bbcbbb5a6459aa5258464755db3bb: Unregistered op FlushDeltaMemStoresOp(acb401e40e7049fbbfdbeb40474353d9)
I1031 23:05:35.355460 10758 maintenance_manager.cc:208] P 0a8bbcbbb5a6459aa5258464755db3bb: Unregistered op LogGCOp(acb401e40e7049fbbfdbeb40474353d9)
I1031 23:05:35.355474 10758 raft_consensus.cc:1569] T acb401e40e7049fbbfdbeb40474353d9 P 0a8bbcbbb5a6459aa5258464755db3bb [term 1 LEADER]: Raft consensus shutting down.
I1031 23:05:35.355626 10758 consensus_peers.cc:381] T acb401e40e7049fbbfdbeb40474353d9 P 0a8bbcbbb5a6459aa5258464755db3bb -> Peer 0fc477287c154136abc1e2f3c82fb7f9 (c3-kudu-tst-st04.bj:18700): Closing peer: 0fc477287c154136abc1e2f3c82fb7f9
I1031 23:05:35.355697 10758 consensus_peers.cc:381] T acb401e40e7049fbbfdbeb40474353d9 P 0a8bbcbbb5a6459aa5258464755db3bb -> Peer 193181be29284287b25df2ee92938f0b (c3-kudu-tst-st08.bj:18700): Closing peer: 193181be29284287b25df2ee92938f0b
I1031 23:05:35.355754 10758 raft_consensus.cc:1585] T acb401e40e7049fbbfdbeb40474353d9 P 0a8bbcbbb5a6459aa5258464755db3bb [term 1 LEADER]: Raft consensus is shut down!
I1031 23:05:35.358261 10758 ts_tablet_manager.cc:1020] T acb401e40e7049fbbfdbeb40474353d9 P 0a8bbcbbb5a6459aa5258464755db3bb: Deleting tablet data with delete state TABLET_DATA_DELETED
I1031 23:05:35.367702 10761 ts_tablet_manager.cc:1032] T 1cebccaea10d49478c004cca39676556 P 0a8bbcbbb5a6459aa5258464755db3bb: Tablet deleted. Last logged OpId: 0.0
I1031 23:05:35.367758 10761 log.cc:876] T 1cebccaea10d49478c004cca39676556 P 0a8bbcbbb5a6459aa5258464755db3bb: Deleting WAL directory at /home/work/app/kudu/c3prc-kernel65/kudu_tablet_server/hdd1/wals/1cebccaea10d49478c004cca39676556
I1031 23:05:35.367920 10761 consensus_meta.cc:71] T 1cebccaea10d49478c004cca39676556 Deleting consensus metadata
I1031 23:05:35.401443 10760 ts_tablet_manager.cc:1032] T 117cd74bcdab4942901acb0005cdd702 P 0a8bbcbbb5a6459aa5258464755db3bb: Tablet deleted. Last logged OpId: 0.0
I1031 23:05:35.401492 10760 log.cc:876] T 117cd74bcdab4942901acb0005cdd702 P 0a8bbcbbb5a6459aa5258464755db3bb: Deleting WAL directory at /home/work/app/kudu/c3prc-kernel65/kudu_tablet_server/hdd1/wals/117cd74bcdab4942901acb0005cdd702
I1031 23:05:35.401646 10760 consensus_meta.cc:71] T 117cd74bcdab4942901acb0005cdd702 Deleting consensus metadata
I1031 23:05:35.435037 10766 ts_tablet_manager.cc:1032] T de37a68992504da8a4640f8ab4653544 P 0a8bbcbbb5a6459aa5258464755db3bb: Tablet deleted. Last logged OpId: 0.0
I1031 23:05:35.435089 10766 log.cc:876] T de37a68992504da8a4640f8ab4653544 P 0a8bbcbbb5a6459aa5258464755db3bb: Deleting WAL directory at /home/work/app/kudu/c3prc-kernel65/kudu_tablet_server/hdd1/wals/de37a68992504da8a4640f8ab4653544
I1031 23:05:35.435236 10766 consensus_meta.cc:71] T de37a68992504da8a4640f8ab4653544 Deleting consensus metadata
W1031 23:05:35.443050 10718 consensus_peers.cc:357] T eeb3a3cb417b466abffd16749d165a61 P 0a8bbcbbb5a6459aa5258464755db3bb -> Peer 625f49b9554549e6a5c3a92b76e576cf (c3-kudu-tst-st10.bj:18700): Couldn't send request to peer 625f49b9554549e6a5c3a92b76e576cf for tablet eeb3a3cb417b466abffd16749d165a61. Error code: TABLET_NOT_RUNNING (12). Status: Illegal state: Tablet not RUNNING: NOT_STARTED. Retrying in the next heartbeat period. Already tried 3 times.
I1031 23:05:35.468732 10765 ts_tablet_manager.cc:1032] T c94f26e6a0ea4bea82140a0877c0f226 P 0a8bbcbbb5a6459aa5258464755db3bb: Tablet deleted. Last logged OpId: 0.0
I1031 23:05:35.468770 10765 log.cc:876] T c94f26e6a0ea4bea82140a0877c0f226 P 0a8bbcbbb5a6459aa5258464755db3bb: Deleting WAL directory at /home/work/app/kudu/c3prc-kernel65/kudu_tablet_server/hdd1/wals/c94f26e6a0ea4bea82140a0877c0f226
I1031 23:05:35.468906 10754 rpcz_store.cc:248] Call kudu.tserver.TabletServerAdminService.DeleteTablet from 10.108.187.10:43437 (request call id 360) took 1560ms. Request Metrics: {"fdatasync":2,"fdatasync_us":108229}
I1031 23:05:35.468916 10765 consensus_meta.cc:71] T c94f26e6a0ea4bea82140a0877c0f226 Deleting consensus metadata
I1031 23:05:35.468961 10754 tablet_service.cc:691] Processing DeleteTablet for tablet 32984b820db347e1b2d4d0786cf221f2 with delete_type TABLET_DATA_DELETED (Replaced by eeb3a3cb417b466abffd16749d165a61 at 2017-10-31 23:05:22 CST) from {username='work'} at 10.108.187.10:43437
I1031 23:05:35.468986 10754 tablet_peer.cc:221] Initiating TabletPeer shutdown for tablet: 32984b820db347e1b2d4d0786cf221f2
I1031 23:05:35.469013 10754 maintenance_manager.cc:208] P 0a8bbcbbb5a6459aa5258464755db3bb: Unregistered op CompactRowSetsOp(32984b820db347e1b2d4d0786cf221f2)
I1031 23:05:35.469033 10754 maintenance_manager.cc:208] P 0a8bbcbbb5a6459aa5258464755db3bb: Unregistered op MinorDeltaCompactionOp(32984b820db347e1b2d4d0786cf221f2)
I1031 23:05:35.469053 10754 maintenance_manager.cc:208] P 0a8bbcbbb5a6459aa5258464755db3bb: Unregistered op MajorDeltaCompactionOp(32984b820db347e1b2d4d0786cf221f2)
I1031 23:05:35.469069 10754 maintenance_manager.cc:208] P 0a8bbcbbb5a6459aa5258464755db3bb: Unregistered op UndoDeltaBlockGCOp(32984b820db347e1b2d4d0786cf221f2)
I1031 23:05:35.469094 10754 maintenance_manager.cc:208] P 0a8bbcbbb5a6459aa5258464755db3bb: Unregistered op FlushMRSOp(32984b820db347e1b2d4d0786cf221f2)
I1031 23:05:35.469107 10754 maintenance_manager.cc:208] P 0a8bbcbbb5a6459aa5258464755db3bb: Unregistered op FlushDeltaMemStoresOp(32984b820db347e1b2d4d0786cf221f2)
I1031 23:05:35.469120 10754 maintenance_manager.cc:208] P 0a8bbcbbb5a6459aa5258464755db3bb: Unregistered op LogGCOp(32984b820db347e1b2d4d0786cf221f2)
I1031 23:05:35.469131 10754 raft_consensus.cc:1569] T 32984b820db347e1b2d4d0786cf221f2 P 0a8bbcbbb5a6459aa5258464755db3bb [term 1 LEADER]: Raft consensus shutting down.
I1031 23:05:35.469262 10754 consensus_peers.cc:381] T 32984b820db347e1b2d4d0786cf221f2 P 0a8bbcbbb5a6459aa5258464755db3bb -> Peer 0fc477287c154136abc1e2f3c82fb7f9 (c3-kudu-tst-st04.bj:18700): Closing peer: 0fc477287c154136abc1e2f3c82fb7f9
I1031 23:05:35.469339 10754 consensus_peers.cc:381] T 32984b820db347e1b2d4d0786cf221f2 P 0a8bbcbbb5a6459aa5258464755db3bb -> Peer 23f962e4a1744381ad5fa0d2d8b10241 (c3-kudu-tst-st07.bj:18700): Closing peer: 23f962e4a1744381ad5fa0d2d8b10241
I1031 23:05:35.469370 10754 raft_consensus.cc:1585] T 32984b820db347e1b2d4d0786cf221f2 P 0a8bbcbbb5a6459aa5258464755db3bb [term 1 LEADER]: Raft consensus is shut down!
I1031 23:05:35.472285 10754 ts_tablet_manager.cc:1020] T 32984b820db347e1b2d4d0786cf221f2 P 0a8bbcbbb5a6459aa5258464755db3bb: Deleting tablet data with delete state TABLET_DATA_DELETED
I1031 23:05:35.494046 10756 ts_tablet_manager.cc:1032] T 388697c0c21a4b158a92f2b292b8012f P 0a8bbcbbb5a6459aa5258464755db3bb: Tablet deleted. Last logged OpId: 0.0
I1031 23:05:35.494115 10756 log.cc:876] T 388697c0c21a4b158a92f2b292b8012f P 0a8bbcbbb5a6459aa5258464755db3bb: Deleting WAL directory at /home/work/app/kudu/c3prc-kernel65/kudu_tablet_server/hdd1/wals/388697c0c21a4b158a92f2b292b8012f
I1031 23:05:35.494352 10756 consensus_meta.cc:71] T 388697c0c21a4b158a92f2b292b8012f Deleting consensus metadata
I1031 23:05:35.519278 10769 ts_tablet_manager.cc:1032] T 45e2cfbf12734183aa63ce7e9e78c541 P 0a8bbcbbb5a6459aa5258464755db3bb: Tablet deleted. Last logged OpId: 0.0
I1031 23:05:35.519333 10769 log.cc:876] T 45e2cfbf12734183aa63ce7e9e78c541 P 0a8bbcbbb5a6459aa5258464755db3bb: Deleting WAL directory at /home/work/app/kudu/c3prc-kernel65/kudu_tablet_server/hdd1/wals/45e2cfbf12734183aa63ce7e9e78c541
I1031 23:05:35.519522 10757 rpcz_store.cc:248] Call kudu.tserver.TabletServerAdminService.DeleteTablet from 10.108.187.10:43437 (request call id 358) took 1619ms. Request Metrics: {"fdatasync":2,"fdatasync_us":241679}
I1031 23:05:35.519546 10769 consensus_meta.cc:71] T 45e2cfbf12734183aa63ce7e9e78c541 Deleting consensus metadata
I1031 23:05:35.519574 10757 tablet_service.cc:691] Processing DeleteTablet for tablet 0def0264c0db4c438e16c22b23a0b43a with delete_type TABLET_DATA_DELETED (Replaced by 95f15519e52a48edab3b765ae3a8e93d at 2017-10-31 23:05:22 CST) from {username='work'} at 10.108.187.10:43437
I1031 23:05:35.519601 10757 tablet_peer.cc:221] Initiating TabletPeer shutdown for tablet: 0def0264c0db4c438e16c22b23a0b43a
I1031 23:05:35.519623 10757 maintenance_manager.cc:208] P 0a8bbcbbb5a6459aa5258464755db3bb: Unregistered op CompactRowSetsOp(0def0264c0db4c438e16c22b23a0b43a)
I1031 23:05:35.519640 10757 maintenance_manager.cc:208] P 0a8bbcbbb5a6459aa5258464755db3bb: Unregistered op MinorDeltaCompactionOp(0def0264c0db4c438e16c22b23a0b43a)
I1031 23:05:35.519642 10762 rpcz_store.cc:248] Call kudu.tserver.TabletServerAdminService.DeleteTablet from 10.108.187.10:43437 (request call id 364) took 1584ms. Request Metrics: {"fdatasync":2,"fdatasync_us":231909,"mutex_wait_us":28}
I1031 23:05:35.519645 10759 rpcz_store.cc:248] Call kudu.tserver.TabletServerAdminService.DeleteTablet from 10.108.187.10:43437 (request call id 366) took 1576ms. Request Metrics: {"fdatasync":2,"fdatasync_us":250105}
I1031 23:05:35.519673 10757 maintenance_manager.cc:208] P 0a8bbcbbb5a6459aa5258464755db3bb: Unregistered op MajorDeltaCompactionOp(0def0264c0db4c438e16c22b23a0b43a)
I1031 23:05:35.519704 10762 tablet_service.cc:691] Processing DeleteTablet for tablet 8ed42ada2d6846f3b3b70c9d9c13c986 with delete_type TABLET_DATA_DELETED (Replaced by de37a68992504da8a4640f8ab4653544 at 2017-10-31 23:04:52 CST) from {username='work'} at 10.108.187.10:43437
I1031 23:05:35.519718 10759 tablet_service.cc:691] Processing DeleteTablet for tablet b758ec3274c84dcbb110cf5aa3dca9aa with delete_type TABLET_DATA_DELETED (Replaced by 8356b43879104775b9a8c5a9e546e85b at 2017-10-31 23:04:52 CST) from {username='work'} at 10.108.187.10:43437
I1031 23:05:35.519716 10757 maintenance_manager.cc:208] P 0a8bbcbbb5a6459aa5258464755db3bb: Unregistered op UndoDeltaBlockGCOp(0def0264c0db4c438e16c22b23a0b43a)
I1031 23:05:35.519743 10762 rpcz_store.cc:248] Call kudu.tserver.TabletServerAdminService.DeleteTablet from 10.108.187.10:43437 (request call id 386) took 1514ms. Request Metrics: {}
I1031 23:05:35.519752 10759 rpcz_store.cc:248] Call kudu.tserver.TabletServerAdminService.DeleteTablet from 10.108.187.10:43437 (request call id 387) took 1507ms. Request Metrics: {}
I1031 23:05:35.519771 10757 maintenance_manager.cc:208] P 0a8bbcbbb5a6459aa5258464755db3bb: Unregistered op FlushMRSOp(0def0264c0db4c438e16c22b23a0b43a)
I1031 23:05:35.519783 10759 tablet_service.cc:691] Processing DeleteTablet for tablet 32984b820db347e1b2d4d0786cf221f2 with delete_type TABLET_DATA_DELETED (Replaced by eeb3a3cb417b466abffd16749d165a61 at 2017-10-31 23:05:22 CST) from {username='work'} at 10.108.187.10:43437
I1031 23:05:35.519788 10762 tablet_service.cc:691] Processing DeleteTablet for tablet acb401e40e7049fbbfdbeb40474353d9 with delete_type TABLET_DATA_DELETED (Replaced by d67c8d7da92f4f10b75858f21d80f8c4 at 2017-10-31 23:05:22 CST) from {username='work'} at 10.108.187.10:43437
I1031 23:05:35.519788 10757 maintenance_manager.cc:208] P 0a8bbcbbb5a6459aa5258464755db3bb: Unregistered op FlushDeltaMemStoresOp(0def0264c0db4c438e16c22b23a0b43a)
I1031 23:05:35.519814 10759 rpcz_store.cc:248] Call kudu.tserver.TabletServerAdminService.DeleteTablet from 10.108.187.10:43437 (request call id 388) took 1175ms. Request Metrics: {}
I1031 23:05:35.519815 10757 maintenance_manager.cc:208] P 0a8bbcbbb5a6459aa5258464755db3bb: Unregistered op LogGCOp(0def0264c0db4c438e16c22b23a0b43a)
I1031 23:05:35.519830 10762 rpcz_store.cc:248] Call kudu.tserver.TabletServerAdminService.DeleteTablet from 10.108.187.10:43437 (request call id 389) took 1058ms. Request Metrics: {}
I1031 23:05:35.519842 10757 raft_consensus.cc:1569] T 0def0264c0db4c438e16c22b23a0b43a P 0a8bbcbbb5a6459aa5258464755db3bb [term 0 FOLLOWER]: Raft consensus shutting down.
I1031 23:05:35.519843 10759 tablet_service.cc:691] Processing DeleteTablet for tablet 721e8a57234447eabda00f5df65bd574 with delete_type TABLET_DATA_DELETED (Replaced by 8df4d6c546194972a7c0cfb8bf652384 at 2017-10-31 23:05:22 CST) from {username='work'} at 10.108.187.10:43437
I1031 23:05:35.519855 10757 raft_consensus.cc:1585] T 0def0264c0db4c438e16c22b23a0b43a P 0a8bbcbbb5a6459aa5258464755db3bb [term 0 FOLLOWER]: Raft consensus is shut down!
I1031 23:05:35.519868 10762 tablet_service.cc:691] Processing DeleteTablet for tablet 8356b43879104775b9a8c5a9e546e85b with delete_type TABLET_DATA_DELETED (Replaced by 29fdcf1d33f94660b0c77445ec7e559b at 2017-10-31 23:05:22 CST) from {username='work'} at 10.108.187.10:43437
I1031 23:05:35.519896 10759 tablet_service.cc:691] Processing DeleteTablet for tablet 0c2abca80c8f4fdaa788afd6a931df9d with delete_type TABLET_DATA_DELETED (Replaced by db5874009dd84d4892fccdb3316010c2 at 2017-10-31 23:05:22 CST) from {username='work'} at 10.108.187.10:43437
I1031 23:05:35.522593 10757 ts_tablet_manager.cc:1020] T 0def0264c0db4c438e16c22b23a0b43a P 0a8bbcbbb5a6459aa5258464755db3bb: Deleting tablet data with delete state TABLET_DATA_DELETED
I1031 23:05:35.539141 10759 tablet_service.cc:691] Processing DeleteTablet for tablet 8356b43879104775b9a8c5a9e546e85b with delete_type TABLET_DATA_DELETED (Replaced by 29fdcf1d33f94660b0c77445ec7e559b at 2017-10-31 23:05:22 CST) from {username='work'} at 10.108.187.10:43437
