W1031 23:05:35.548254 10720 consensus_peers.cc:357] T 68aa6071fa594e79958cddb8489a1f0c P 0a8bbcbbb5a6459aa5258464755db3bb -> Peer 23f962e4a1744381ad5fa0d2d8b10241 (c3-kudu-tst-st07.bj:18700): Couldn't send request to peer 23f962e4a1744381ad5fa0d2d8b10241 for tablet 68aa6071fa594e79958cddb8489a1f0c. Error code: TABLET_NOT_RUNNING (12). Status: Illegal state: Tablet not RUNNING: NOT_STARTED. Retrying in the next heartbeat period. Already tried 205 times.
I1031 23:05:35.552503 10759 tablet_service.cc:691] Processing DeleteTablet for tablet 721e8a57234447eabda00f5df65bd574 with delete_type TABLET_DATA_DELETED (Replaced by 8df4d6c546194972a7c0cfb8bf652384 at 2017-10-31 23:05:22 CST) from {username='work'} at 10.108.187.10:43437
I1031 23:05:35.561489 10770 ts_tablet_manager.cc:1032] T 8182189275034354a3c350318114c7e4 P 0a8bbcbbb5a6459aa5258464755db3bb: Tablet deleted. Last logged OpId: 0.0
I1031 23:05:35.561539 10770 log.cc:876] T 8182189275034354a3c350318114c7e4 P 0a8bbcbbb5a6459aa5258464755db3bb: Deleting WAL directory at /home/work/app/kudu/c3prc-kernel65/kudu_tablet_server/hdd1/wals/8182189275034354a3c350318114c7e4
I1031 23:05:35.561770 10770 consensus_meta.cc:71] T 8182189275034354a3c350318114c7e4 Deleting consensus metadata
I1031 23:05:35.561873 10759 tablet_service.cc:691] Processing DeleteTablet for tablet 32984b820db347e1b2d4d0786cf221f2 with delete_type TABLET_DATA_DELETED (Replaced by eeb3a3cb417b466abffd16749d165a61 at 2017-10-31 23:05:22 CST) from {username='work'} at 10.108.187.10:43437
I1031 23:05:35.561902 10762 tablet_service.cc:691] Processing DeleteTablet for tablet 0c2abca80c8f4fdaa788afd6a931df9d with delete_type TABLET_DATA_DELETED (Replaced by db5874009dd84d4892fccdb3316010c2 at 2017-10-31 23:05:22 CST) from {username='work'} at 10.108.187.10:43437
I1031 23:05:35.573292 10762 tablet_service.cc:691] Processing DeleteTablet for tablet acb401e40e7049fbbfdbeb40474353d9 with delete_type TABLET_DATA_DELETED (Replaced by d67c8d7da92f4f10b75858f21d80f8c4 at 2017-10-31 23:05:22 CST) from {username='work'} at 10.108.187.10:43437
I1031 23:05:35.583652 10762 tablet_service.cc:691] Processing DeleteTablet for tablet 8ed42ada2d6846f3b3b70c9d9c13c986 with delete_type TABLET_DATA_DELETED (Replaced by de37a68992504da8a4640f8ab4653544 at 2017-10-31 23:04:52 CST) from {username='work'} at 10.108.187.10:43437
I1031 23:05:35.587007 10762 tablet_service.cc:691] Processing DeleteTablet for tablet 721e8a57234447eabda00f5df65bd574 with delete_type TABLET_DATA_DELETED (Replaced by 8df4d6c546194972a7c0cfb8bf652384 at 2017-10-31 23:05:22 CST) from {username='work'} at 10.108.187.10:43437
I1031 23:05:35.604401 10762 tablet_service.cc:691] Processing DeleteTablet for tablet 8356b43879104775b9a8c5a9e546e85b with delete_type TABLET_DATA_DELETED (Replaced by 29fdcf1d33f94660b0c77445ec7e559b at 2017-10-31 23:05:22 CST) from {username='work'} at 10.108.187.10:43437
W1031 23:05:35.607002 10720 consensus_peers.cc:357] T 47eeb8448c454968a45bf1a984427b25 P 0a8bbcbbb5a6459aa5258464755db3bb -> Peer 23f962e4a1744381ad5fa0d2d8b10241 (c3-kudu-tst-st07.bj:18700): Couldn't send request to peer 23f962e4a1744381ad5fa0d2d8b10241 for tablet 47eeb8448c454968a45bf1a984427b25. Error code: TABLET_NOT_RUNNING (12). Status: Illegal state: Tablet not RUNNING: NOT_STARTED. Retrying in the next heartbeat period. Already tried 2 times.
I1031 23:05:35.609787 10762 tablet_service.cc:691] Processing DeleteTablet for tablet 32984b820db347e1b2d4d0786cf221f2 with delete_type TABLET_DATA_DELETED (Replaced by eeb3a3cb417b466abffd16749d165a61 at 2017-10-31 23:05:22 CST) from {username='work'} at 10.108.187.10:43437
I1031 23:05:35.612004 10767 ts_tablet_manager.cc:1032] T 6a813ca355f749b6b31a773aa0f2ac7a P 0a8bbcbbb5a6459aa5258464755db3bb: Tablet deleted. Last logged OpId: 0.0
I1031 23:05:35.612051 10767 log.cc:876] T 6a813ca355f749b6b31a773aa0f2ac7a P 0a8bbcbbb5a6459aa5258464755db3bb: Deleting WAL directory at /home/work/app/kudu/c3prc-kernel65/kudu_tablet_server/hdd1/wals/6a813ca355f749b6b31a773aa0f2ac7a
I1031 23:05:35.612179 10764 rpcz_store.cc:248] Call kudu.tserver.TabletServerAdminService.DeleteTablet from 10.108.187.10:43437 (request call id 363) took 1677ms. Request Metrics: {"fdatasync":2,"fdatasync_us":234102}
I1031 23:05:35.612241 10761 rpcz_store.cc:248] Call kudu.tserver.TabletServerAdminService.DeleteTablet from 10.108.187.10:43437 (request call id 379) took 1657ms. Request Metrics: {"fdatasync":2,"fdatasync_us":150658,"mutex_wait_us":27}
I1031 23:05:35.612270 10767 consensus_meta.cc:71] T 6a813ca355f749b6b31a773aa0f2ac7a Deleting consensus metadata
I1031 23:05:35.612275 10763 rpcz_store.cc:248] Call kudu.tserver.TabletServerAdminService.DeleteTablet from 10.108.187.10:43437 (request call id 365) took 1672ms. Request Metrics: {"fdatasync":2,"fdatasync_us":233921,"mutex_wait_us":21}
I1031 23:05:35.612383 10760 rpcz_store.cc:248] Call kudu.tserver.TabletServerAdminService.DeleteTablet from 10.108.187.10:43437 (request call id 375) took 1661ms. Request Metrics: {"fdatasync":2,"fdatasync_us":333847}
I1031 23:05:35.626741 10760 tablet_service.cc:691] Processing DeleteTablet for tablet acb401e40e7049fbbfdbeb40474353d9 with delete_type TABLET_DATA_DELETED (Replaced by d67c8d7da92f4f10b75858f21d80f8c4 at 2017-10-31 23:05:22 CST) from {username='work'} at 10.108.187.10:43437
I1031 23:05:35.645946 10755 ts_tablet_manager.cc:1032] T 0c2abca80c8f4fdaa788afd6a931df9d P 0a8bbcbbb5a6459aa5258464755db3bb: Tablet deleted. Last logged OpId: 0.0
I1031 23:05:35.646013 10755 log.cc:876] T 0c2abca80c8f4fdaa788afd6a931df9d P 0a8bbcbbb5a6459aa5258464755db3bb: Deleting WAL directory at /home/work/app/kudu/c3prc-kernel65/kudu_tablet_server/hdd1/wals/0c2abca80c8f4fdaa788afd6a931df9d
I1031 23:05:35.646122 10766 rpcz_store.cc:248] Call kudu.tserver.TabletServerAdminService.DeleteTablet from 10.108.187.10:43437 (request call id 376) took 1695ms. Request Metrics: {"fdatasync":2,"fdatasync_us":348963}
I1031 23:05:35.646173 10755 consensus_meta.cc:71] T 0c2abca80c8f4fdaa788afd6a931df9d Deleting consensus metadata
I1031 23:05:35.651502 10766 tablet_service.cc:691] Processing DeleteTablet for tablet 0c2abca80c8f4fdaa788afd6a931df9d with delete_type TABLET_DATA_DELETED (Replaced by db5874009dd84d4892fccdb3316010c2 at 2017-10-31 23:05:22 CST) from {username='work'} at 10.108.187.10:43437
I1031 23:05:35.661895 10766 tablet_service.cc:691] Processing DeleteTablet for tablet 8ed42ada2d6846f3b3b70c9d9c13c986 with delete_type TABLET_DATA_DELETED (Replaced by de37a68992504da8a4640f8ab4653544 at 2017-10-31 23:04:52 CST) from {username='work'} at 10.108.187.10:43437
I1031 23:05:35.665607 10686 tablet.cc:911] T 037f0f4d2e0f4f52b42d6ef46d250ba8 P 0a8bbcbbb5a6459aa5258464755db3bb: Flush: entering stage 1 (old memrowset already frozen for inserts)
I1031 23:05:35.665643 10686 compaction.cc:877] Selected 1 rowsets to compact:
I1031 23:05:35.665658 10686 compaction.cc:880] memrowset(current size on disk: ~0 bytes)
I1031 23:05:35.665674 10686 tablet.cc:913] T 037f0f4d2e0f4f52b42d6ef46d250ba8 P 0a8bbcbbb5a6459aa5258464755db3bb: Memstore in-memory size: 3751 bytes
I1031 23:05:35.665701 10686 tablet.cc:1174] T 037f0f4d2e0f4f52b42d6ef46d250ba8 P 0a8bbcbbb5a6459aa5258464755db3bb: Flush: entering phase 1 (flushing snapshot). Phase 1 snapshot: MvccSnapshot[committed={T|T < 6182757722158796800 or (T in {6182757722158796800})}]
I1031 23:05:35.665928 10686 multi_column_writer.cc:85] Opened CFile writer for column ts[int32 NOT NULL]
I1031 23:05:35.665968 10686 multi_column_writer.cc:85] Opened CFile writer for column id[int32 NOT NULL]
I1031 23:05:35.671711 10765 rpcz_store.cc:248] Call kudu.tserver.TabletServerAdminService.DeleteTablet from 10.108.187.10:43437 (request call id 378) took 1717ms. Request Metrics: {"fdatasync":2,"fdatasync_us":141860,"mutex_wait_us":24}
I1031 23:05:35.671779 10756 rpcz_store.cc:248] Call kudu.tserver.TabletServerAdminService.DeleteTablet from 10.108.187.10:43437 (request call id 368) took 1727ms. Request Metrics: {"fdatasync":2,"fdatasync_us":259058}
I1031 23:05:35.671808 10769 rpcz_store.cc:248] Call kudu.tserver.TabletServerAdminService.DeleteTablet from 10.108.187.10:43437 (request call id 362) took 1737ms. Request Metrics: {"fdatasync":2,"fdatasync_us":283533,"mutex_wait_us":1}
I1031 23:05:35.680151 10769 tablet_service.cc:691] Processing DeleteTablet for tablet 721e8a57234447eabda00f5df65bd574 with delete_type TABLET_DATA_DELETED (Replaced by 8df4d6c546194972a7c0cfb8bf652384 at 2017-10-31 23:05:22 CST) from {username='work'} at 10.108.187.10:43437
I1031 23:05:35.707587 10769 tablet_service.cc:691] Processing DeleteTablet for tablet 32984b820db347e1b2d4d0786cf221f2 with delete_type TABLET_DATA_DELETED (Replaced by eeb3a3cb417b466abffd16749d165a61 at 2017-10-31 23:05:22 CST) from {username='work'} at 10.108.187.10:43437
I1031 23:05:35.708899 10769 tablet_service.cc:691] Processing DeleteTablet for tablet acb401e40e7049fbbfdbeb40474353d9 with delete_type TABLET_DATA_DELETED (Replaced by d67c8d7da92f4f10b75858f21d80f8c4 at 2017-10-31 23:05:22 CST) from {username='work'} at 10.108.187.10:43437
I1031 23:05:35.710186 10769 tablet_service.cc:691] Processing DeleteTablet for tablet 8356b43879104775b9a8c5a9e546e85b with delete_type TABLET_DATA_DELETED (Replaced by 29fdcf1d33f94660b0c77445ec7e559b at 2017-10-31 23:05:22 CST) from {username='work'} at 10.108.187.10:43437
I1031 23:05:35.722280 10770 rpcz_store.cc:248] Call kudu.tserver.TabletServerAdminService.DeleteTablet from 10.108.187.10:43437 (request call id 359) took 1815ms. Request Metrics: {"fdatasync":2,"fdatasync_us":91886}
I1031 23:05:35.747661 10767 rpcz_store.cc:248] Call kudu.tserver.TabletServerAdminService.DeleteTablet from 10.108.187.10:43437 (request call id 361) took 1813ms. Request Metrics: {"fdatasync":2,"fdatasync_us":233866,"mutex_wait_us":8}
I1031 23:05:35.785670 10686 tablet.cc:1259] T 037f0f4d2e0f4f52b42d6ef46d250ba8 P 0a8bbcbbb5a6459aa5258464755db3bb: Flush: entering phase 2 (starting to duplicate updates in new rowsets)
I1031 23:05:35.789541 10772 ts_tablet_manager.cc:1032] T 46fc46e028434bc69f467922a9a59101 P 0a8bbcbbb5a6459aa5258464755db3bb: Tablet deleted. Last logged OpId: 0.0
I1031 23:05:35.789594 10772 log.cc:876] T 46fc46e028434bc69f467922a9a59101 P 0a8bbcbbb5a6459aa5258464755db3bb: Deleting WAL directory at /home/work/app/kudu/c3prc-kernel65/kudu_tablet_server/hdd1/wals/46fc46e028434bc69f467922a9a59101
I1031 23:05:35.789742 10772 consensus_meta.cc:71] T 46fc46e028434bc69f467922a9a59101 Deleting consensus metadata
I1031 23:05:35.815011 10757 ts_tablet_manager.cc:1032] T 0def0264c0db4c438e16c22b23a0b43a P 0a8bbcbbb5a6459aa5258464755db3bb: Tablet deleted. Last logged OpId: 0.0
I1031 23:05:35.815084 10757 log.cc:876] T 0def0264c0db4c438e16c22b23a0b43a P 0a8bbcbbb5a6459aa5258464755db3bb: Deleting WAL directory at /home/work/app/kudu/c3prc-kernel65/kudu_tablet_server/hdd1/wals/0def0264c0db4c438e16c22b23a0b43a
I1031 23:05:35.815102 10767 tablet_service.cc:691] Processing DeleteTablet for tablet 8ed42ada2d6846f3b3b70c9d9c13c986 with delete_type TABLET_DATA_DELETED (Replaced by de37a68992504da8a4640f8ab4653544 at 2017-10-31 23:04:52 CST) from {username='work'} at 10.108.187.10:43437
I1031 23:05:35.815331 10757 consensus_meta.cc:71] T 0def0264c0db4c438e16c22b23a0b43a Deleting consensus metadata
I1031 23:05:35.822609 10767 tablet_service.cc:691] Processing DeleteTablet for tablet 721e8a57234447eabda00f5df65bd574 with delete_type TABLET_DATA_DELETED (Replaced by 8df4d6c546194972a7c0cfb8bf652384 at 2017-10-31 23:05:22 CST) from {username='work'} at 10.108.187.10:43437
I1031 23:05:35.827044 10767 tablet_service.cc:691] Processing DeleteTablet for tablet 0c2abca80c8f4fdaa788afd6a931df9d with delete_type TABLET_DATA_DELETED (Replaced by db5874009dd84d4892fccdb3316010c2 at 2017-10-31 23:05:22 CST) from {username='work'} at 10.108.187.10:43437
I1031 23:05:35.840209 10768 ts_tablet_manager.cc:1032] T 8ed42ada2d6846f3b3b70c9d9c13c986 P 0a8bbcbbb5a6459aa5258464755db3bb: Tablet deleted. Last logged OpId: 0.0
I1031 23:05:35.840250 10768 log.cc:876] T 8ed42ada2d6846f3b3b70c9d9c13c986 P 0a8bbcbbb5a6459aa5258464755db3bb: Deleting WAL directory at /home/work/app/kudu/c3prc-kernel65/kudu_tablet_server/hdd1/wals/8ed42ada2d6846f3b3b70c9d9c13c986
I1031 23:05:35.840397 10755 rpcz_store.cc:248] Call kudu.tserver.TabletServerAdminService.DeleteTablet from 10.108.187.10:43437 (request call id 377) took 1886ms. Request Metrics: {"fdatasync":2,"fdatasync_us":141950}
I1031 23:05:35.840530 10768 consensus_meta.cc:71] T 8ed42ada2d6846f3b3b70c9d9c13c986 Deleting consensus metadata
I1031 23:05:35.853792 10755 tablet_service.cc:691] Processing DeleteTablet for tablet acb401e40e7049fbbfdbeb40474353d9 with delete_type TABLET_DATA_DELETED (Replaced by d67c8d7da92f4f10b75858f21d80f8c4 at 2017-10-31 23:05:22 CST) from {username='work'} at 10.108.187.10:43437
I1031 23:05:35.861182 10755 tablet_service.cc:691] Processing DeleteTablet for tablet 8356b43879104775b9a8c5a9e546e85b with delete_type TABLET_DATA_DELETED (Replaced by 29fdcf1d33f94660b0c77445ec7e559b at 2017-10-31 23:05:22 CST) from {username='work'} at 10.108.187.10:43437
I1031 23:05:35.885713 10755 tablet_service.cc:691] Processing DeleteTablet for tablet 32984b820db347e1b2d4d0786cf221f2 with delete_type TABLET_DATA_DELETED (Replaced by eeb3a3cb417b466abffd16749d165a61 at 2017-10-31 23:05:22 CST) from {username='work'} at 10.108.187.10:43437
I1031 23:05:35.916353 10771 ts_tablet_manager.cc:1032] T 721e8a57234447eabda00f5df65bd574 P 0a8bbcbbb5a6459aa5258464755db3bb: Tablet deleted. Last logged OpId: 1.1
I1031 23:05:35.916416 10771 log.cc:876] T 721e8a57234447eabda00f5df65bd574 P 0a8bbcbbb5a6459aa5258464755db3bb: Deleting WAL directory at /home/work/app/kudu/c3prc-kernel65/kudu_tablet_server/hdd1/wals/721e8a57234447eabda00f5df65bd574
I1031 23:05:35.916785 10771 consensus_meta.cc:71] T 721e8a57234447eabda00f5df65bd574 Deleting consensus metadata
I1031 23:05:35.941462 10758 ts_tablet_manager.cc:1032] T acb401e40e7049fbbfdbeb40474353d9 P 0a8bbcbbb5a6459aa5258464755db3bb: Tablet deleted. Last logged OpId: 1.1
I1031 23:05:35.941514 10758 log.cc:876] T acb401e40e7049fbbfdbeb40474353d9 P 0a8bbcbbb5a6459aa5258464755db3bb: Deleting WAL directory at /home/work/app/kudu/c3prc-kernel65/kudu_tablet_server/hdd1/wals/acb401e40e7049fbbfdbeb40474353d9
I1031 23:05:35.941766 10758 consensus_meta.cc:71] T acb401e40e7049fbbfdbeb40474353d9 Deleting consensus metadata
W1031 23:05:35.943132 10718 consensus_peers.cc:357] T eeb3a3cb417b466abffd16749d165a61 P 0a8bbcbbb5a6459aa5258464755db3bb -> Peer 625f49b9554549e6a5c3a92b76e576cf (c3-kudu-tst-st10.bj:18700): Couldn't send request to peer 625f49b9554549e6a5c3a92b76e576cf for tablet eeb3a3cb417b466abffd16749d165a61. Error code: TABLET_NOT_RUNNING (12). Status: Illegal state: Tablet not RUNNING: NOT_STARTED. Retrying in the next heartbeat period. Already tried 4 times.
I1031 23:05:35.966784 10773 ts_tablet_manager.cc:1032] T 8356b43879104775b9a8c5a9e546e85b P 0a8bbcbbb5a6459aa5258464755db3bb: Tablet deleted. Last logged OpId: 1.1
I1031 23:05:35.966825 10773 log.cc:876] T 8356b43879104775b9a8c5a9e546e85b P 0a8bbcbbb5a6459aa5258464755db3bb: Deleting WAL directory at /home/work/app/kudu/c3prc-kernel65/kudu_tablet_server/hdd1/wals/8356b43879104775b9a8c5a9e546e85b
I1031 23:05:35.967033 10772 rpcz_store.cc:248] Call kudu.tserver.TabletServerAdminService.DeleteTablet from 10.108.187.10:43437 (request call id 374) took 2018ms. Request Metrics: {"fdatasync":2,"fdatasync_us":325668}
I1031 23:05:35.967037 10757 rpcz_store.cc:248] Call kudu.tserver.TabletServerAdminService.DeleteTablet from 10.108.187.10:43437 (request call id 385) took 2008ms. Request Metrics: {"fdatasync":2,"fdatasync_us":91257,"mutex_wait_us":1}
I1031 23:05:35.967067 10773 consensus_meta.cc:71] T 8356b43879104775b9a8c5a9e546e85b Deleting consensus metadata
I1031 23:05:35.967083 10768 rpcz_store.cc:248] Call kudu.tserver.TabletServerAdminService.DeleteTablet from 10.108.187.10:43437 (request call id 371) took 2019ms. Request Metrics: {"fdatasync":2,"fdatasync_us":325573,"mutex_wait_us":85}
I1031 23:05:35.967113 10771 rpcz_store.cc:248] Call kudu.tserver.TabletServerAdminService.DeleteTablet from 10.108.187.10:43437 (request call id 382) took 2011ms. Request Metrics: {"fdatasync":2,"fdatasync_us":74840}
W1031 23:05:35.981323 10720 consensus_peers.cc:357] T 47eeb8448c454968a45bf1a984427b25 P 0a8bbcbbb5a6459aa5258464755db3bb -> Peer 23f962e4a1744381ad5fa0d2d8b10241 (c3-kudu-tst-st07.bj:18700): Couldn't send request to peer 23f962e4a1744381ad5fa0d2d8b10241 for tablet 47eeb8448c454968a45bf1a984427b25. Error code: TABLET_NOT_RUNNING (12). Status: Illegal state: Tablet not RUNNING: NOT_STARTED. Retrying in the next heartbeat period. Already tried 3 times.
I1031 23:05:35.992157 10754 ts_tablet_manager.cc:1032] T 32984b820db347e1b2d4d0786cf221f2 P 0a8bbcbbb5a6459aa5258464755db3bb: Tablet deleted. Last logged OpId: 1.1
I1031 23:05:35.992209 10754 log.cc:876] T 32984b820db347e1b2d4d0786cf221f2 P 0a8bbcbbb5a6459aa5258464755db3bb: Deleting WAL directory at /home/work/app/kudu/c3prc-kernel65/kudu_tablet_server/hdd1/wals/32984b820db347e1b2d4d0786cf221f2
I1031 23:05:35.992257 10758 rpcz_store.cc:248] Call kudu.tserver.TabletServerAdminService.DeleteTablet from 10.108.187.10:43437 (request call id 383) took 2035ms. Request Metrics: {"fdatasync":2,"fdatasync_us":82944,"mutex_wait_us":96928}
I1031 23:05:35.992336 10773 rpcz_store.cc:248] Call kudu.tserver.TabletServerAdminService.DeleteTablet from 10.108.187.10:43437 (request call id 380) took 2037ms. Request Metrics: {"fdatasync":2,"fdatasync_us":83000,"mutex_wait_us":1,"tcmalloc_contention_cycles":384}
I1031 23:05:35.992431 10754 consensus_meta.cc:71] T 32984b820db347e1b2d4d0786cf221f2 Deleting consensus metadata
I1031 23:05:35.992573 10754 rpcz_store.cc:248] Call kudu.tserver.TabletServerAdminService.DeleteTablet from 10.108.187.10:43437 (request call id 384) took 2035ms. Request Metrics: {"fdatasync":2,"fdatasync_us":91211}
W1031 23:05:36.048497 10720 consensus_peers.cc:357] T 68aa6071fa594e79958cddb8489a1f0c P 0a8bbcbbb5a6459aa5258464755db3bb -> Peer 23f962e4a1744381ad5fa0d2d8b10241 (c3-kudu-tst-st07.bj:18700): Couldn't send request to peer 23f962e4a1744381ad5fa0d2d8b10241 for tablet 68aa6071fa594e79958cddb8489a1f0c. Error code: TABLET_NOT_RUNNING (12). Status: Illegal state: Tablet not RUNNING: NOT_STARTED. Retrying in the next heartbeat period. Already tried 206 times.
I1031 23:05:36.078097 10754 tablet_service.cc:691] Processing DeleteTablet for tablet 8ed42ada2d6846f3b3b70c9d9c13c986 with delete_type TABLET_DATA_DELETED (Replaced by de37a68992504da8a4640f8ab4653544 at 2017-10-31 23:04:52 CST) from {username='work'} at 10.108.187.10:43437
I1031 23:05:36.083873 10686 tablet.cc:1314] T 037f0f4d2e0f4f52b42d6ef46d250ba8 P 0a8bbcbbb5a6459aa5258464755db3bb: Flush Phase 2: carrying over any updates which arrived during Phase 1
I1031 23:05:36.083935 10686 tablet.cc:1316] T 037f0f4d2e0f4f52b42d6ef46d250ba8 P 0a8bbcbbb5a6459aa5258464755db3bb: Phase 2 snapshot: MvccSnapshot[committed={T|T < 6182757722158796800 or (T in {6182757722158796800})}]
I1031 23:05:36.094559 10754 tablet_service.cc:691] Processing DeleteTablet for tablet 0c2abca80c8f4fdaa788afd6a931df9d with delete_type TABLET_DATA_DELETED (Replaced by db5874009dd84d4892fccdb3316010c2 at 2017-10-31 23:05:22 CST) from {username='work'} at 10.108.187.10:43437
I1031 23:05:36.095966 10754 tablet_service.cc:691] Processing DeleteTablet for tablet 721e8a57234447eabda00f5df65bd574 with delete_type TABLET_DATA_DELETED (Replaced by 8df4d6c546194972a7c0cfb8bf652384 at 2017-10-31 23:05:22 CST) from {username='work'} at 10.108.187.10:43437
I1031 23:05:36.118755 10754 tablet_service.cc:691] Processing DeleteTablet for tablet 8356b43879104775b9a8c5a9e546e85b with delete_type TABLET_DATA_DELETED (Replaced by 29fdcf1d33f94660b0c77445ec7e559b at 2017-10-31 23:05:22 CST) from {username='work'} at 10.108.187.10:43437
I1031 23:05:36.127110 10754 tablet_service.cc:691] Processing DeleteTablet for tablet acb401e40e7049fbbfdbeb40474353d9 with delete_type TABLET_DATA_DELETED (Replaced by d67c8d7da92f4f10b75858f21d80f8c4 at 2017-10-31 23:05:22 CST) from {username='work'} at 10.108.187.10:43437
I1031 23:05:36.186697 10754 tablet_service.cc:691] Processing DeleteTablet for tablet 32984b820db347e1b2d4d0786cf221f2 with delete_type TABLET_DATA_DELETED (Replaced by eeb3a3cb417b466abffd16749d165a61 at 2017-10-31 23:05:22 CST) from {username='work'} at 10.108.187.10:43437
W1031 23:05:36.443099 10718 consensus_peers.cc:357] T eeb3a3cb417b466abffd16749d165a61 P 0a8bbcbbb5a6459aa5258464755db3bb -> Peer 625f49b9554549e6a5c3a92b76e576cf (c3-kudu-tst-st10.bj:18700): Couldn't send request to peer 625f49b9554549e6a5c3a92b76e576cf for tablet eeb3a3cb417b466abffd16749d165a61. Error code: TABLET_NOT_RUNNING (12). Status: Illegal state: Tablet not RUNNING: NOT_STARTED. Retrying in the next heartbeat period. Already tried 5 times.
W1031 23:05:36.481324 10720 consensus_peers.cc:357] T 47eeb8448c454968a45bf1a984427b25 P 0a8bbcbbb5a6459aa5258464755db3bb -> Peer 23f962e4a1744381ad5fa0d2d8b10241 (c3-kudu-tst-st07.bj:18700): Couldn't send request to peer 23f962e4a1744381ad5fa0d2d8b10241 for tablet 47eeb8448c454968a45bf1a984427b25. Error code: TABLET_NOT_RUNNING (12). Status: Illegal state: Tablet not RUNNING: NOT_STARTED. Retrying in the next heartbeat period. Already tried 4 times.
W1031 23:05:36.548481 10720 consensus_peers.cc:357] T 68aa6071fa594e79958cddb8489a1f0c P 0a8bbcbbb5a6459aa5258464755db3bb -> Peer 23f962e4a1744381ad5fa0d2d8b10241 (c3-kudu-tst-st07.bj:18700): Couldn't send request to peer 23f962e4a1744381ad5fa0d2d8b10241 for tablet 68aa6071fa594e79958cddb8489a1f0c. Error code: TABLET_NOT_RUNNING (12). Status: Illegal state: Tablet not RUNNING: NOT_STARTED. Retrying in the next heartbeat period. Already tried 207 times.
I1031 23:05:36.631566 10686 tablet.cc:1358] T 037f0f4d2e0f4f52b42d6ef46d250ba8 P 0a8bbcbbb5a6459aa5258464755db3bb: Flush successful on 16 rows (4331 bytes)
I1031 23:05:36.631644 10686 maintenance_manager.cc:419] Time spent running FlushMRSOp(037f0f4d2e0f4f52b42d6ef46d250ba8): real 1.276s user 1.051s sys 0.016s
I1031 23:05:36.631791 10686 maintenance_manager.cc:425] P 0a8bbcbbb5a6459aa5258464755db3bb: FlushMRSOp(037f0f4d2e0f4f52b42d6ef46d250ba8) metrics: {"cfile_init":1,"fdatasync":11,"fdatasync_us":168044,"lbm_read_time_us":10,"lbm_reads_lt_1ms":4,"lbm_write_time_us":174,"lbm_writes_lt_1ms":26,"tcmalloc_contention_cycles":174464}
W1031 23:05:36.943331 10718 consensus_peers.cc:357] T eeb3a3cb417b466abffd16749d165a61 P 0a8bbcbbb5a6459aa5258464755db3bb -> Peer 625f49b9554549e6a5c3a92b76e576cf (c3-kudu-tst-st10.bj:18700): Couldn't send request to peer 625f49b9554549e6a5c3a92b76e576cf for tablet eeb3a3cb417b466abffd16749d165a61. Error code: TABLET_NOT_RUNNING (12). Status: Illegal state: Tablet not RUNNING: NOT_STARTED. Retrying in the next heartbeat period. Already tried 6 times.
W1031 23:05:36.981406 10720 consensus_peers.cc:357] T 47eeb8448c454968a45bf1a984427b25 P 0a8bbcbbb5a6459aa5258464755db3bb -> Peer 23f962e4a1744381ad5fa0d2d8b10241 (c3-kudu-tst-st07.bj:18700): Couldn't send request to peer 23f962e4a1744381ad5fa0d2d8b10241 for tablet 47eeb8448c454968a45bf1a984427b25. Error code: TABLET_NOT_RUNNING (12). Status: Illegal state: Tablet not RUNNING: NOT_STARTED. Retrying in the next heartbeat period. Already tried 5 times.
W1031 23:05:37.048607 10720 consensus_peers.cc:357] T 68aa6071fa594e79958cddb8489a1f0c P 0a8bbcbbb5a6459aa5258464755db3bb -> Peer 23f962e4a1744381ad5fa0d2d8b10241 (c3-kudu-tst-st07.bj:18700): Couldn't send request to peer 23f962e4a1744381ad5fa0d2d8b10241 for tablet 68aa6071fa594e79958cddb8489a1f0c. Error code: TABLET_NOT_RUNNING (12). Status: Illegal state: Tablet not RUNNING: NOT_STARTED. Retrying in the next heartbeat period. Already tried 208 times.
W1031 23:05:37.443327 10718 consensus_peers.cc:357] T eeb3a3cb417b466abffd16749d165a61 P 0a8bbcbbb5a6459aa5258464755db3bb -> Peer 625f49b9554549e6a5c3a92b76e576cf (c3-kudu-tst-st10.bj:18700): Couldn't send request to peer 625f49b9554549e6a5c3a92b76e576cf for tablet eeb3a3cb417b466abffd16749d165a61. Error code: TABLET_NOT_RUNNING (12). Status: Illegal state: Tablet not RUNNING: NOT_STARTED. Retrying in the next heartbeat period. Already tried 7 times.
W1031 23:05:37.481408 10720 consensus_peers.cc:357] T 47eeb8448c454968a45bf1a984427b25 P 0a8bbcbbb5a6459aa5258464755db3bb -> Peer 23f962e4a1744381ad5fa0d2d8b10241 (c3-kudu-tst-st07.bj:18700): Couldn't send request to peer 23f962e4a1744381ad5fa0d2d8b10241 for tablet 47eeb8448c454968a45bf1a984427b25. Error code: TABLET_NOT_RUNNING (12). Status: Illegal state: Tablet not RUNNING: NOT_STARTED. Retrying in the next heartbeat period. Already tried 6 times.
W1031 23:05:37.548590 10720 consensus_peers.cc:357] T 68aa6071fa594e79958cddb8489a1f0c P 0a8bbcbbb5a6459aa5258464755db3bb -> Peer 23f962e4a1744381ad5fa0d2d8b10241 (c3-kudu-tst-st07.bj:18700): Couldn't send request to peer 23f962e4a1744381ad5fa0d2d8b10241 for tablet 68aa6071fa594e79958cddb8489a1f0c. Error code: TABLET_NOT_RUNNING (12). Status: Illegal state: Tablet not RUNNING: NOT_STARTED. Retrying in the next heartbeat period. Already tried 209 times.
W1031 23:05:37.943423 10718 consensus_peers.cc:357] T eeb3a3cb417b466abffd16749d165a61 P 0a8bbcbbb5a6459aa5258464755db3bb -> Peer 625f49b9554549e6a5c3a92b76e576cf (c3-kudu-tst-st10.bj:18700): Couldn't send request to peer 625f49b9554549e6a5c3a92b76e576cf for tablet eeb3a3cb417b466abffd16749d165a61. Error code: TABLET_NOT_RUNNING (12). Status: Illegal state: Tablet not RUNNING: NOT_STARTED. Retrying in the next heartbeat period. Already tried 8 times.
W1031 23:05:37.981487 10720 consensus_peers.cc:357] T 47eeb8448c454968a45bf1a984427b25 P 0a8bbcbbb5a6459aa5258464755db3bb -> Peer 23f962e4a1744381ad5fa0d2d8b10241 (c3-kudu-tst-st07.bj:18700): Couldn't send request to peer 23f962e4a1744381ad5fa0d2d8b10241 for tablet 47eeb8448c454968a45bf1a984427b25. Error code: TABLET_NOT_RUNNING (12). Status: Illegal state: Tablet not RUNNING: NOT_STARTED. Retrying in the next heartbeat period. Already tried 7 times.
I1031 23:05:38.000365 39731 raft_consensus.cc:411] T 27f651ff46ca4722b064a85e795dcaa4 P 0a8bbcbbb5a6459aa5258464755db3bb [term 0 FOLLOWER]: Starting pre-election (no leader contacted us within the election timeout)
I1031 23:05:38.000406 39731 raft_consensus.cc:2162] T 27f651ff46ca4722b064a85e795dcaa4 P 0a8bbcbbb5a6459aa5258464755db3bb [term 0 FOLLOWER]: Snoozing failure detection for election timeout plus an additional 14.931s
I1031 23:05:38.000454 39731 raft_consensus.cc:435] T 27f651ff46ca4722b064a85e795dcaa4 P 0a8bbcbbb5a6459aa5258464755db3bb [term 0 FOLLOWER]: Starting pre-election with config: opid_index: -1 OBSOLETE_local: false peers { permanent_uuid: "0a8bbcbbb5a6459aa5258464755db3bb" member_type: VOTER last_known_addr { host: "c3-kudu-tst-st02.bj" port: 18700 } } peers { permanent_uuid: "193181be29284287b25df2ee92938f0b" member_type: VOTER last_known_addr { host: "c3-kudu-tst-st08.bj" port: 18700 } } peers { permanent_uuid: "23f962e4a1744381ad5fa0d2d8b10241" member_type: VOTER last_known_addr { host: "c3-kudu-tst-st07.bj" port: 18700 } }
I1031 23:05:38.001036 39731 leader_election.cc:216] T 27f651ff46ca4722b064a85e795dcaa4 P 0a8bbcbbb5a6459aa5258464755db3bb [CANDIDATE]: Term 1 pre-election: Requesting pre-vote from peer 193181be29284287b25df2ee92938f0b
I1031 23:05:38.001071 39731 leader_election.cc:216] T 27f651ff46ca4722b064a85e795dcaa4 P 0a8bbcbbb5a6459aa5258464755db3bb [CANDIDATE]: Term 1 pre-election: Requesting pre-vote from peer 23f962e4a1744381ad5fa0d2d8b10241
W1031 23:05:38.001327 10720 leader_election.cc:278] T 27f651ff46ca4722b064a85e795dcaa4 P 0a8bbcbbb5a6459aa5258464755db3bb [CANDIDATE]: Term 1 pre-election: Tablet error from VoteRequest() call to peer 23f962e4a1744381ad5fa0d2d8b10241: Illegal state: Tablet not RUNNING: NOT_STARTED
W1031 23:05:38.001384 10719 leader_election.cc:278] T 27f651ff46ca4722b064a85e795dcaa4 P 0a8bbcbbb5a6459aa5258464755db3bb [CANDIDATE]: Term 1 pre-election: Tablet error from VoteRequest() call to peer 193181be29284287b25df2ee92938f0b: Illegal state: Tablet not RUNNING: NOT_STARTED
I1031 23:05:38.001408 10719 leader_election.cc:243] T 27f651ff46ca4722b064a85e795dcaa4 P 0a8bbcbbb5a6459aa5258464755db3bb [CANDIDATE]: Term 1 pre-election: Election decided. Result: candidate lost.
I1031 23:05:38.001653 40717 raft_consensus.cc:2162] T 27f651ff46ca4722b064a85e795dcaa4 P 0a8bbcbbb5a6459aa5258464755db3bb [term 0 FOLLOWER]: Snoozing failure detection for election timeout plus an additional 9.335s
I1031 23:05:38.001674 40717 raft_consensus.cc:1908] T 27f651ff46ca4722b064a85e795dcaa4 P 0a8bbcbbb5a6459aa5258464755db3bb [term 0 FOLLOWER]: Leader pre-election lost for term 1. Reason: could not achieve majority
W1031 23:05:38.048743 10720 consensus_peers.cc:357] T 68aa6071fa594e79958cddb8489a1f0c P 0a8bbcbbb5a6459aa5258464755db3bb -> Peer 23f962e4a1744381ad5fa0d2d8b10241 (c3-kudu-tst-st07.bj:18700): Couldn't send request to peer 23f962e4a1744381ad5fa0d2d8b10241 for tablet 68aa6071fa594e79958cddb8489a1f0c. Error code: TABLET_NOT_RUNNING (12). Status: Illegal state: Tablet not RUNNING: NOT_STARTED. Retrying in the next heartbeat period. Already tried 210 times.
I1031 23:05:38.067153 40663 raft_consensus.cc:411] T f2af422919fd4560bd6441509a68d64b P 0a8bbcbbb5a6459aa5258464755db3bb [term 0 FOLLOWER]: Starting pre-election (no leader contacted us within the election timeout)
I1031 23:05:38.067188 40663 raft_consensus.cc:2162] T f2af422919fd4560bd6441509a68d64b P 0a8bbcbbb5a6459aa5258464755db3bb [term 0 FOLLOWER]: Snoozing failure detection for election timeout plus an additional 1.842s
I1031 23:05:38.067229 40663 raft_consensus.cc:435] T f2af422919fd4560bd6441509a68d64b P 0a8bbcbbb5a6459aa5258464755db3bb [term 0 FOLLOWER]: Starting pre-election with config: opid_index: -1 OBSOLETE_local: false peers { permanent_uuid: "193181be29284287b25df2ee92938f0b" member_type: VOTER last_known_addr { host: "c3-kudu-tst-st08.bj" port: 18700 } } peers { permanent_uuid: "0a8bbcbbb5a6459aa5258464755db3bb" member_type: VOTER last_known_addr { host: "c3-kudu-tst-st02.bj" port: 18700 } } peers { permanent_uuid: "23f962e4a1744381ad5fa0d2d8b10241" member_type: VOTER last_known_addr { host: "c3-kudu-tst-st07.bj" port: 18700 } }
I1031 23:05:38.067868 40663 leader_election.cc:216] T f2af422919fd4560bd6441509a68d64b P 0a8bbcbbb5a6459aa5258464755db3bb [CANDIDATE]: Term 1 pre-election: Requesting pre-vote from peer 193181be29284287b25df2ee92938f0b
I1031 23:05:38.067905 40663 leader_election.cc:216] T f2af422919fd4560bd6441509a68d64b P 0a8bbcbbb5a6459aa5258464755db3bb [CANDIDATE]: Term 1 pre-election: Requesting pre-vote from peer 23f962e4a1744381ad5fa0d2d8b10241
W1031 23:05:38.068166 10719 leader_election.cc:278] T f2af422919fd4560bd6441509a68d64b P 0a8bbcbbb5a6459aa5258464755db3bb [CANDIDATE]: Term 1 pre-election: Tablet error from VoteRequest() call to peer 193181be29284287b25df2ee92938f0b: Illegal state: Tablet not RUNNING: NOT_STARTED
W1031 23:05:38.068313 10720 leader_election.cc:278] T f2af422919fd4560bd6441509a68d64b P 0a8bbcbbb5a6459aa5258464755db3bb [CANDIDATE]: Term 1 pre-election: Tablet error from VoteRequest() call to peer 23f962e4a1744381ad5fa0d2d8b10241: Illegal state: Tablet not RUNNING: NOT_STARTED
I1031 23:05:38.068336 10720 leader_election.cc:243] T f2af422919fd4560bd6441509a68d64b P 0a8bbcbbb5a6459aa5258464755db3bb [CANDIDATE]: Term 1 pre-election: Election decided. Result: candidate lost.
I1031 23:05:38.068677 40718 raft_consensus.cc:2162] T f2af422919fd4560bd6441509a68d64b P 0a8bbcbbb5a6459aa5258464755db3bb [term 0 FOLLOWER]: Snoozing failure detection for election timeout plus an additional 2.571s
I1031 23:05:38.068708 40718 raft_consensus.cc:1908] T f2af422919fd4560bd6441509a68d64b P 0a8bbcbbb5a6459aa5258464755db3bb [term 0 FOLLOWER]: Leader pre-election lost for term 1. Reason: could not achieve majority
W1031 23:05:38.443349 10718 consensus_peers.cc:357] T eeb3a3cb417b466abffd16749d165a61 P 0a8bbcbbb5a6459aa5258464755db3bb -> Peer 625f49b9554549e6a5c3a92b76e576cf (c3-kudu-tst-st10.bj:18700): Couldn't send request to peer 625f49b9554549e6a5c3a92b76e576cf for tablet eeb3a3cb417b466abffd16749d165a61. Error code: TABLET_NOT_RUNNING (12). Status: Illegal state: Tablet not RUNNING: NOT_STARTED. Retrying in the next heartbeat period. Already tried 9 times.
W1031 23:05:38.481623 10720 consensus_peers.cc:357] T 47eeb8448c454968a45bf1a984427b25 P 0a8bbcbbb5a6459aa5258464755db3bb -> Peer 23f962e4a1744381ad5fa0d2d8b10241 (c3-kudu-tst-st07.bj:18700): Couldn't send request to peer 23f962e4a1744381ad5fa0d2d8b10241 for tablet 47eeb8448c454968a45bf1a984427b25. Error code: TABLET_NOT_RUNNING (12). Status: Illegal state: Tablet not RUNNING: NOT_STARTED. Retrying in the next heartbeat period. Already tried 8 times.
W1031 23:05:38.548851 10720 consensus_peers.cc:357] T 68aa6071fa594e79958cddb8489a1f0c P 0a8bbcbbb5a6459aa5258464755db3bb -> Peer 23f962e4a1744381ad5fa0d2d8b10241 (c3-kudu-tst-st07.bj:18700): Couldn't send request to peer 23f962e4a1744381ad5fa0d2d8b10241 for tablet 68aa6071fa594e79958cddb8489a1f0c. Error code: TABLET_NOT_RUNNING (12). Status: Illegal state: Tablet not RUNNING: NOT_STARTED. Retrying in the next heartbeat period. Already tried 211 times.
W1031 23:05:38.943521 10718 consensus_peers.cc:357] T eeb3a3cb417b466abffd16749d165a61 P 0a8bbcbbb5a6459aa5258464755db3bb -> Peer 625f49b9554549e6a5c3a92b76e576cf (c3-kudu-tst-st10.bj:18700): Couldn't send request to peer 625f49b9554549e6a5c3a92b76e576cf for tablet eeb3a3cb417b466abffd16749d165a61. Error code: TABLET_NOT_RUNNING (12). Status: Illegal state: Tablet not RUNNING: NOT_STARTED. Retrying in the next heartbeat period. Already tried 10 times.
W1031 23:05:38.981698 10720 consensus_peers.cc:357] T 47eeb8448c454968a45bf1a984427b25 P 0a8bbcbbb5a6459aa5258464755db3bb -> Peer 23f962e4a1744381ad5fa0d2d8b10241 (c3-kudu-tst-st07.bj:18700): Couldn't send request to peer 23f962e4a1744381ad5fa0d2d8b10241 for tablet 47eeb8448c454968a45bf1a984427b25. Error code: TABLET_NOT_RUNNING (12). Status: Illegal state: Tablet not RUNNING: NOT_STARTED. Retrying in the next heartbeat period. Already tried 9 times.
I1031 23:05:39.030678 10754 tablet_service.cc:691] Processing DeleteTablet for tablet 721e8a57234447eabda00f5df65bd574 with delete_type TABLET_DATA_DELETED (Replaced by 8df4d6c546194972a7c0cfb8bf652384 at 2017-10-31 23:05:22 CST) from {username='work'} at 10.108.187.10:43437
W1031 23:05:39.048882 10720 consensus_peers.cc:357] T 68aa6071fa594e79958cddb8489a1f0c P 0a8bbcbbb5a6459aa5258464755db3bb -> Peer 23f962e4a1744381ad5fa0d2d8b10241 (c3-kudu-tst-st07.bj:18700): Couldn't send request to peer 23f962e4a1744381ad5fa0d2d8b10241 for tablet 68aa6071fa594e79958cddb8489a1f0c. Error code: TABLET_NOT_RUNNING (12). Status: Illegal state: Tablet not RUNNING: NOT_STARTED. Retrying in the next heartbeat period. Already tried 212 times.
I1031 23:05:39.059417 10754 tablet_service.cc:691] Processing DeleteTablet for tablet 8356b43879104775b9a8c5a9e546e85b with delete_type TABLET_DATA_DELETED (Replaced by 29fdcf1d33f94660b0c77445ec7e559b at 2017-10-31 23:05:22 CST) from {username='work'} at 10.108.187.10:43437
I1031 23:05:39.121393 10754 tablet_service.cc:691] Processing DeleteTablet for tablet 1cebccaea10d49478c004cca39676556 with delete_type TABLET_DATA_DELETED (Replaced by b4e182b626554f3597d5c733c80997e6 at 2017-10-31 23:05:22 CST) from {username='work'} at 10.108.187.10:43437
I1031 23:05:39.139487 10754 tablet_service.cc:691] Processing DeleteTablet for tablet 32984b820db347e1b2d4d0786cf221f2 with delete_type TABLET_DATA_DELETED (Replaced by eeb3a3cb417b466abffd16749d165a61 at 2017-10-31 23:05:22 CST) from {username='work'} at 10.108.187.10:43437
I1031 23:05:39.149384 10754 tablet_service.cc:691] Processing DeleteTablet for tablet 0c2abca80c8f4fdaa788afd6a931df9d with delete_type TABLET_DATA_DELETED (Replaced by db5874009dd84d4892fccdb3316010c2 at 2017-10-31 23:05:22 CST) from {username='work'} at 10.108.187.10:43437
I1031 23:05:39.164788 10754 tablet_service.cc:691] Processing DeleteTablet for tablet acb401e40e7049fbbfdbeb40474353d9 with delete_type TABLET_DATA_DELETED (Replaced by d67c8d7da92f4f10b75858f21d80f8c4 at 2017-10-31 23:05:22 CST) from {username='work'} at 10.108.187.10:43437
I1031 23:05:39.166072 10754 tablet_service.cc:691] Processing DeleteTablet for tablet 0def0264c0db4c438e16c22b23a0b43a with delete_type TABLET_DATA_DELETED (Replaced by 95f15519e52a48edab3b765ae3a8e93d at 2017-10-31 23:05:22 CST) from {username='work'} at 10.108.187.10:43437
I1031 23:05:39.171495 10754 tablet_service.cc:691] Processing DeleteTablet for tablet de37a68992504da8a4640f8ab4653544 with delete_type TABLET_DATA_DELETED (Replaced by 012b21c0f95e4dd594076018fd6fdb7e at 2017-10-31 23:05:22 CST) from {username='work'} at 10.108.187.10:43437
W1031 23:05:39.443528 10718 consensus_peers.cc:357] T eeb3a3cb417b466abffd16749d165a61 P 0a8bbcbbb5a6459aa5258464755db3bb -> Peer 625f49b9554549e6a5c3a92b76e576cf (c3-kudu-tst-st10.bj:18700): Couldn't send request to peer 625f49b9554549e6a5c3a92b76e576cf for tablet eeb3a3cb417b466abffd16749d165a61. Error code: TABLET_NOT_RUNNING (12). Status: Illegal state: Tablet not RUNNING: NOT_STARTED. Retrying in the next heartbeat period. Already tried 11 times.
W1031 23:05:39.481709 10720 consensus_peers.cc:357] T 47eeb8448c454968a45bf1a984427b25 P 0a8bbcbbb5a6459aa5258464755db3bb -> Peer 23f962e4a1744381ad5fa0d2d8b10241 (c3-kudu-tst-st07.bj:18700): Couldn't send request to peer 23f962e4a1744381ad5fa0d2d8b10241 for tablet 47eeb8448c454968a45bf1a984427b25. Error code: TABLET_NOT_RUNNING (12). Status: Illegal state: Tablet not RUNNING: NOT_STARTED. Retrying in the next heartbeat period. Already tried 10 times.
W1031 23:05:39.548912 10720 consensus_peers.cc:357] T 68aa6071fa594e79958cddb8489a1f0c P 0a8bbcbbb5a6459aa5258464755db3bb -> Peer 23f962e4a1744381ad5fa0d2d8b10241 (c3-kudu-tst-st07.bj:18700): Couldn't send request to peer 23f962e4a1744381ad5fa0d2d8b10241 for tablet 68aa6071fa594e79958cddb8489a1f0c. Error code: TABLET_NOT_RUNNING (12). Status: Illegal state: Tablet not RUNNING: NOT_STARTED. Retrying in the next heartbeat period. Already tried 213 times.
W1031 23:05:39.943666 10718 consensus_peers.cc:357] T eeb3a3cb417b466abffd16749d165a61 P 0a8bbcbbb5a6459aa5258464755db3bb -> Peer 625f49b9554549e6a5c3a92b76e576cf (c3-kudu-tst-st10.bj:18700): Couldn't send request to peer 625f49b9554549e6a5c3a92b76e576cf for tablet eeb3a3cb417b466abffd16749d165a61. Error code: TABLET_NOT_RUNNING (12). Status: Illegal state: Tablet not RUNNING: NOT_STARTED. Retrying in the next heartbeat period. Already tried 12 times.
W1031 23:05:39.981861 10720 consensus_peers.cc:357] T 47eeb8448c454968a45bf1a984427b25 P 0a8bbcbbb5a6459aa5258464755db3bb -> Peer 23f962e4a1744381ad5fa0d2d8b10241 (c3-kudu-tst-st07.bj:18700): Couldn't send request to peer 23f962e4a1744381ad5fa0d2d8b10241 for tablet 47eeb8448c454968a45bf1a984427b25. Error code: TABLET_NOT_RUNNING (12). Status: Illegal state: Tablet not RUNNING: NOT_STARTED. Retrying in the next heartbeat period. Already tried 11 times.
W1031 23:05:40.048938 10720 consensus_peers.cc:357] T 68aa6071fa594e79958cddb8489a1f0c P 0a8bbcbbb5a6459aa5258464755db3bb -> Peer 23f962e4a1744381ad5fa0d2d8b10241 (c3-kudu-tst-st07.bj:18700): Couldn't send request to peer 23f962e4a1744381ad5fa0d2d8b10241 for tablet 68aa6071fa594e79958cddb8489a1f0c. Error code: TABLET_NOT_RUNNING (12). Status: Illegal state: Tablet not RUNNING: NOT_STARTED. Retrying in the next heartbeat period. Already tried 214 times.
W1031 23:05:40.443732 10718 consensus_peers.cc:357] T eeb3a3cb417b466abffd16749d165a61 P 0a8bbcbbb5a6459aa5258464755db3bb -> Peer 625f49b9554549e6a5c3a92b76e576cf (c3-kudu-tst-st10.bj:18700): Couldn't send request to peer 625f49b9554549e6a5c3a92b76e576cf for tablet eeb3a3cb417b466abffd16749d165a61. Error code: TABLET_NOT_RUNNING (12). Status: Illegal state: Tablet not RUNNING: NOT_STARTED. Retrying in the next heartbeat period. Already tried 13 times.
W1031 23:05:40.481873 10720 consensus_peers.cc:357] T 47eeb8448c454968a45bf1a984427b25 P 0a8bbcbbb5a6459aa5258464755db3bb -> Peer 23f962e4a1744381ad5fa0d2d8b10241 (c3-kudu-tst-st07.bj:18700): Couldn't send request to peer 23f962e4a1744381ad5fa0d2d8b10241 for tablet 47eeb8448c454968a45bf1a984427b25. Error code: TABLET_NOT_RUNNING (12). Status: Illegal state: Tablet not RUNNING: NOT_STARTED. Retrying in the next heartbeat period. Already tried 12 times.
W1031 23:05:40.549069 10720 consensus_peers.cc:357] T 68aa6071fa594e79958cddb8489a1f0c P 0a8bbcbbb5a6459aa5258464755db3bb -> Peer 23f962e4a1744381ad5fa0d2d8b10241 (c3-kudu-tst-st07.bj:18700): Couldn't send request to peer 23f962e4a1744381ad5fa0d2d8b10241 for tablet 68aa6071fa594e79958cddb8489a1f0c. Error code: TABLET_NOT_RUNNING (12). Status: Illegal state: Tablet not RUNNING: NOT_STARTED. Retrying in the next heartbeat period. Already tried 215 times.
W1031 23:05:40.943744 10718 consensus_peers.cc:357] T eeb3a3cb417b466abffd16749d165a61 P 0a8bbcbbb5a6459aa5258464755db3bb -> Peer 625f49b9554549e6a5c3a92b76e576cf (c3-kudu-tst-st10.bj:18700): Couldn't send request to peer 625f49b9554549e6a5c3a92b76e576cf for tablet eeb3a3cb417b466abffd16749d165a61. Error code: TABLET_NOT_RUNNING (12). Status: Illegal state: Tablet not RUNNING: NOT_STARTED. Retrying in the next heartbeat period. Already tried 14 times.
W1031 23:05:40.981904 10720 consensus_peers.cc:357] T 47eeb8448c454968a45bf1a984427b25 P 0a8bbcbbb5a6459aa5258464755db3bb -> Peer 23f962e4a1744381ad5fa0d2d8b10241 (c3-kudu-tst-st07.bj:18700): Couldn't send request to peer 23f962e4a1744381ad5fa0d2d8b10241 for tablet 47eeb8448c454968a45bf1a984427b25. Error code: TABLET_NOT_RUNNING (12). Status: Illegal state: Tablet not RUNNING: NOT_STARTED. Retrying in the next heartbeat period. Already tried 13 times.
W1031 23:05:41.049227 10720 consensus_peers.cc:357] T 68aa6071fa594e79958cddb8489a1f0c P 0a8bbcbbb5a6459aa5258464755db3bb -> Peer 23f962e4a1744381ad5fa0d2d8b10241 (c3-kudu-tst-st07.bj:18700): Couldn't send request to peer 23f962e4a1744381ad5fa0d2d8b10241 for tablet 68aa6071fa594e79958cddb8489a1f0c. Error code: TABLET_NOT_RUNNING (12). Status: Illegal state: Tablet not RUNNING: NOT_STARTED. Retrying in the next heartbeat period. Already tried 216 times.
W1031 23:05:41.443795 10718 consensus_peers.cc:357] T eeb3a3cb417b466abffd16749d165a61 P 0a8bbcbbb5a6459aa5258464755db3bb -> Peer 625f49b9554549e6a5c3a92b76e576cf (c3-kudu-tst-st10.bj:18700): Couldn't send request to peer 625f49b9554549e6a5c3a92b76e576cf for tablet eeb3a3cb417b466abffd16749d165a61. Error code: TABLET_NOT_RUNNING (12). Status: Illegal state: Tablet not RUNNING: NOT_STARTED. Retrying in the next heartbeat period. Already tried 15 times.
W1031 23:05:41.482003 10720 consensus_peers.cc:357] T 47eeb8448c454968a45bf1a984427b25 P 0a8bbcbbb5a6459aa5258464755db3bb -> Peer 23f962e4a1744381ad5fa0d2d8b10241 (c3-kudu-tst-st07.bj:18700): Couldn't send request to peer 23f962e4a1744381ad5fa0d2d8b10241 for tablet 47eeb8448c454968a45bf1a984427b25. Error code: TABLET_NOT_RUNNING (12). Status: Illegal state: Tablet not RUNNING: NOT_STARTED. Retrying in the next heartbeat period. Already tried 14 times.
W1031 23:05:41.549226 10720 consensus_peers.cc:357] T 68aa6071fa594e79958cddb8489a1f0c P 0a8bbcbbb5a6459aa5258464755db3bb -> Peer 23f962e4a1744381ad5fa0d2d8b10241 (c3-kudu-tst-st07.bj:18700): Couldn't send request to peer 23f962e4a1744381ad5fa0d2d8b10241 for tablet 68aa6071fa594e79958cddb8489a1f0c. Error code: TABLET_NOT_RUNNING (12). Status: Illegal state: Tablet not RUNNING: NOT_STARTED. Retrying in the next heartbeat period. Already tried 217 times.
W1031 23:05:41.943974 10718 consensus_peers.cc:357] T eeb3a3cb417b466abffd16749d165a61 P 0a8bbcbbb5a6459aa5258464755db3bb -> Peer 625f49b9554549e6a5c3a92b76e576cf (c3-kudu-tst-st10.bj:18700): Couldn't send request to peer 625f49b9554549e6a5c3a92b76e576cf for tablet eeb3a3cb417b466abffd16749d165a61. Error code: TABLET_NOT_RUNNING (12). Status: Illegal state: Tablet not RUNNING: NOT_STARTED. Retrying in the next heartbeat period. Already tried 16 times.
W1031 23:05:41.982136 10720 consensus_peers.cc:357] T 47eeb8448c454968a45bf1a984427b25 P 0a8bbcbbb5a6459aa5258464755db3bb -> Peer 23f962e4a1744381ad5fa0d2d8b10241 (c3-kudu-tst-st07.bj:18700): Couldn't send request to peer 23f962e4a1744381ad5fa0d2d8b10241 for tablet 47eeb8448c454968a45bf1a984427b25. Error code: TABLET_NOT_RUNNING (12). Status: Illegal state: Tablet not RUNNING: NOT_STARTED. Retrying in the next heartbeat period. Already tried 15 times.
W1031 23:05:42.049262 10720 consensus_peers.cc:357] T 68aa6071fa594e79958cddb8489a1f0c P 0a8bbcbbb5a6459aa5258464755db3bb -> Peer 23f962e4a1744381ad5fa0d2d8b10241 (c3-kudu-tst-st07.bj:18700): Couldn't send request to peer 23f962e4a1744381ad5fa0d2d8b10241 for tablet 68aa6071fa594e79958cddb8489a1f0c. Error code: TABLET_NOT_RUNNING (12). Status: Illegal state: Tablet not RUNNING: NOT_STARTED. Retrying in the next heartbeat period. Already tried 218 times.
W1031 23:05:42.444013 10718 consensus_peers.cc:357] T eeb3a3cb417b466abffd16749d165a61 P 0a8bbcbbb5a6459aa5258464755db3bb -> Peer 625f49b9554549e6a5c3a92b76e576cf (c3-kudu-tst-st10.bj:18700): Couldn't send request to peer 625f49b9554549e6a5c3a92b76e576cf for tablet eeb3a3cb417b466abffd16749d165a61. Error code: TABLET_NOT_RUNNING (12). Status: Illegal state: Tablet not RUNNING: NOT_STARTED. Retrying in the next heartbeat period. Already tried 17 times.
W1031 23:05:42.482142 10720 consensus_peers.cc:357] T 47eeb8448c454968a45bf1a984427b25 P 0a8bbcbbb5a6459aa5258464755db3bb -> Peer 23f962e4a1744381ad5fa0d2d8b10241 (c3-kudu-tst-st07.bj:18700): Couldn't send request to peer 23f962e4a1744381ad5fa0d2d8b10241 for tablet 47eeb8448c454968a45bf1a984427b25. Error code: TABLET_NOT_RUNNING (12). Status: Illegal state: Tablet not RUNNING: NOT_STARTED. Retrying in the next heartbeat period. Already tried 16 times.
W1031 23:05:42.549285 10720 consensus_peers.cc:357] T 68aa6071fa594e79958cddb8489a1f0c P 0a8bbcbbb5a6459aa5258464755db3bb -> Peer 23f962e4a1744381ad5fa0d2d8b10241 (c3-kudu-tst-st07.bj:18700): Couldn't send request to peer 23f962e4a1744381ad5fa0d2d8b10241 for tablet 68aa6071fa594e79958cddb8489a1f0c. Error code: TABLET_NOT_RUNNING (12). Status: Illegal state: Tablet not RUNNING: NOT_STARTED. Retrying in the next heartbeat period. Already tried 219 times.
I1031 23:05:42.647505 40663 raft_consensus.cc:411] T f2af422919fd4560bd6441509a68d64b P 0a8bbcbbb5a6459aa5258464755db3bb [term 0 FOLLOWER]: Starting pre-election (no leader contacted us within the election timeout)
I1031 23:05:42.647547 40663 raft_consensus.cc:2162] T f2af422919fd4560bd6441509a68d64b P 0a8bbcbbb5a6459aa5258464755db3bb [term 0 FOLLOWER]: Snoozing failure detection for election timeout plus an additional 1.594s
I1031 23:05:42.647608 40663 raft_consensus.cc:435] T f2af422919fd4560bd6441509a68d64b P 0a8bbcbbb5a6459aa5258464755db3bb [term 0 FOLLOWER]: Starting pre-election with config: opid_index: -1 OBSOLETE_local: false peers { permanent_uuid: "193181be29284287b25df2ee92938f0b" member_type: VOTER last_known_addr { host: "c3-kudu-tst-st08.bj" port: 18700 } } peers { permanent_uuid: "0a8bbcbbb5a6459aa5258464755db3bb" member_type: VOTER last_known_addr { host: "c3-kudu-tst-st02.bj" port: 18700 } } peers { permanent_uuid: "23f962e4a1744381ad5fa0d2d8b10241" member_type: VOTER last_known_addr { host: "c3-kudu-tst-st07.bj" port: 18700 } }
I1031 23:05:42.648325 40663 leader_election.cc:216] T f2af422919fd4560bd6441509a68d64b P 0a8bbcbbb5a6459aa5258464755db3bb [CANDIDATE]: Term 1 pre-election: Requesting pre-vote from peer 193181be29284287b25df2ee92938f0b
I1031 23:05:42.648365 40663 leader_election.cc:216] T f2af422919fd4560bd6441509a68d64b P 0a8bbcbbb5a6459aa5258464755db3bb [CANDIDATE]: Term 1 pre-election: Requesting pre-vote from peer 23f962e4a1744381ad5fa0d2d8b10241
W1031 23:05:42.648610 10720 leader_election.cc:278] T f2af422919fd4560bd6441509a68d64b P 0a8bbcbbb5a6459aa5258464755db3bb [CANDIDATE]: Term 1 pre-election: Tablet error from VoteRequest() call to peer 23f962e4a1744381ad5fa0d2d8b10241: Illegal state: Tablet not RUNNING: NOT_STARTED
W1031 23:05:42.648695 10719 leader_election.cc:278] T f2af422919fd4560bd6441509a68d64b P 0a8bbcbbb5a6459aa5258464755db3bb [CANDIDATE]: Term 1 pre-election: Tablet error from VoteRequest() call to peer 193181be29284287b25df2ee92938f0b: Illegal state: Tablet not RUNNING: NOT_STARTED
I1031 23:05:42.648731 10719 leader_election.cc:243] T f2af422919fd4560bd6441509a68d64b P 0a8bbcbbb5a6459aa5258464755db3bb [CANDIDATE]: Term 1 pre-election: Election decided. Result: candidate lost.
I1031 23:05:42.648999 40743 raft_consensus.cc:2162] T f2af422919fd4560bd6441509a68d64b P 0a8bbcbbb5a6459aa5258464755db3bb [term 0 FOLLOWER]: Snoozing failure detection for election timeout plus an additional 3.389s
I1031 23:05:42.649032 40743 raft_consensus.cc:1908] T f2af422919fd4560bd6441509a68d64b P 0a8bbcbbb5a6459aa5258464755db3bb [term 0 FOLLOWER]: Leader pre-election lost for term 1. Reason: could not achieve majority
W1031 23:05:42.944062 10718 consensus_peers.cc:357] T eeb3a3cb417b466abffd16749d165a61 P 0a8bbcbbb5a6459aa5258464755db3bb -> Peer 625f49b9554549e6a5c3a92b76e576cf (c3-kudu-tst-st10.bj:18700): Couldn't send request to peer 625f49b9554549e6a5c3a92b76e576cf for tablet eeb3a3cb417b466abffd16749d165a61. Error code: TABLET_NOT_RUNNING (12). Status: Illegal state: Tablet not RUNNING: NOT_STARTED. Retrying in the next heartbeat period. Already tried 18 times.
