I1031 23:05:33.896224 39728 raft_consensus.cc:548] T 5110f0095bd94f67abf0aad906332efe P 0a8bbcbbb5a6459aa5258464755db3bb [term 0 FOLLOWER]: Becoming Follower/Learner. State: Replica: 0a8bbcbbb5a6459aa5258464755db3bb, State: 1, Role: FOLLOWER
I1031 23:05:33.896246 39728 consensus_queue.cc:176] T 5110f0095bd94f67abf0aad906332efe P 0a8bbcbbb5a6459aa5258464755db3bb [NON_LEADER]: Queue going to NON_LEADER mode. State: All replicated index: 0, Majority replicated index: 0, Committed index: 0, Last appended: 0.0, Current term: 0, Majority size: -1, State: 1, Mode: NON_LEADER
I1031 23:05:33.896286 39743 tablet_bootstrap.cc:541] T 8182189275034354a3c350318114c7e4 P 0a8bbcbbb5a6459aa5258464755db3bb: Time spent opening tablet: real 0.000s user 0.000s sys 0.000s
I1031 23:05:33.896383 39743 tablet_bootstrap.cc:484] T 8182189275034354a3c350318114c7e4 P 0a8bbcbbb5a6459aa5258464755db3bb: No blocks or log segments found. Creating new log.
I1031 23:05:33.896456 39768 tablet_bootstrap.cc:382] T d528d43805c44cc398cfba41658e36f0 P 0a8bbcbbb5a6459aa5258464755db3bb: Bootstrap starting.
I1031 23:05:33.896476 39733 tablet_bootstrap.cc:382] T f49a4f915ac048b096fcb5f4878f436d P 0a8bbcbbb5a6459aa5258464755db3bb: Bootstrap starting.
I1031 23:05:33.896518 39753 tablet_bootstrap.cc:382] T 67cc714357a24166a1354f3d7276848f P 0a8bbcbbb5a6459aa5258464755db3bb: Bootstrap starting.
I1031 23:05:33.896530 39758 tablet_bootstrap.cc:382] T 6f911a94e20d47aa9efaf9ffe3914c3b P 0a8bbcbbb5a6459aa5258464755db3bb: Bootstrap starting.
I1031 23:05:33.896535 39738 tablet_bootstrap.cc:382] T 9967925d5dbd49eaadc0a1a58e7e2089 P 0a8bbcbbb5a6459aa5258464755db3bb: Bootstrap starting.
I1031 23:05:33.896567 39768 tablet_bootstrap.cc:541] T d528d43805c44cc398cfba41658e36f0 P 0a8bbcbbb5a6459aa5258464755db3bb: Time spent opening tablet: real 0.000s user 0.000s sys 0.000s
I1031 23:05:33.896610 39733 tablet_bootstrap.cc:541] T f49a4f915ac048b096fcb5f4878f436d P 0a8bbcbbb5a6459aa5258464755db3bb: Time spent opening tablet: real 0.000s user 0.000s sys 0.000s
I1031 23:05:33.896667 39768 tablet_bootstrap.cc:484] T d528d43805c44cc398cfba41658e36f0 P 0a8bbcbbb5a6459aa5258464755db3bb: No blocks or log segments found. Creating new log.
I1031 23:05:33.896673 39738 tablet_bootstrap.cc:541] T 9967925d5dbd49eaadc0a1a58e7e2089 P 0a8bbcbbb5a6459aa5258464755db3bb: Time spent opening tablet: real 0.000s user 0.000s sys 0.000s
I1031 23:05:33.896786 39733 tablet_bootstrap.cc:484] T f49a4f915ac048b096fcb5f4878f436d P 0a8bbcbbb5a6459aa5258464755db3bb: No blocks or log segments found. Creating new log.
I1031 23:05:33.896836 39738 tablet_bootstrap.cc:484] T 9967925d5dbd49eaadc0a1a58e7e2089 P 0a8bbcbbb5a6459aa5258464755db3bb: No blocks or log segments found. Creating new log.
I1031 23:05:33.899183 39763 tablet_bootstrap.cc:382] T 3125380200594db7a7b78a5539b9dfad P 0a8bbcbbb5a6459aa5258464755db3bb: No bootstrap required, opened a new log
I1031 23:05:33.899227 39763 ts_tablet_manager.cc:728] T 3125380200594db7a7b78a5539b9dfad P 0a8bbcbbb5a6459aa5258464755db3bb: Time spent bootstrapping tablet: real 0.005s user 0.002s sys 0.000s
I1031 23:05:33.899325 39753 tablet_bootstrap.cc:541] T 67cc714357a24166a1354f3d7276848f P 0a8bbcbbb5a6459aa5258464755db3bb: Time spent opening tablet: real 0.000s user 0.000s sys 0.000s
I1031 23:05:33.899410 39728 ts_tablet_manager.cc:755] T 5110f0095bd94f67abf0aad906332efe P 0a8bbcbbb5a6459aa5258464755db3bb: Time spent starting tablet: real 0.004s user 0.000s sys 0.001s
I1031 23:05:33.899428 39753 tablet_bootstrap.cc:484] T 67cc714357a24166a1354f3d7276848f P 0a8bbcbbb5a6459aa5258464755db3bb: No blocks or log segments found. Creating new log.
I1031 23:05:33.899440 39748 raft_consensus.cc:288] T 69b8c3e3568c4c19b638bb66e46a95a1 P 0a8bbcbbb5a6459aa5258464755db3bb [term 0 FOLLOWER]: Replica starting. Triggering 0 pending transactions. Active config: opid_index: -1 OBSOLETE_local: false peers { permanent_uuid: "0a8bbcbbb5a6459aa5258464755db3bb" member_type: VOTER last_known_addr { host: "c3-kudu-tst-st02.bj" port: 18700 } } peers { permanent_uuid: "625f49b9554549e6a5c3a92b76e576cf" member_type: VOTER last_known_addr { host: "c3-kudu-tst-st10.bj" port: 18700 } } peers { permanent_uuid: "0fc477287c154136abc1e2f3c82fb7f9" member_type: VOTER last_known_addr { host: "c3-kudu-tst-st04.bj" port: 18700 } }
I1031 23:05:33.899468 39748 raft_consensus.cc:319] T 69b8c3e3568c4c19b638bb66e46a95a1 P 0a8bbcbbb5a6459aa5258464755db3bb [term 0 FOLLOWER]: Consensus starting up: Expiring failure detector timer to make a prompt election more likely
I1031 23:05:33.899477 39758 tablet_bootstrap.cc:541] T 6f911a94e20d47aa9efaf9ffe3914c3b P 0a8bbcbbb5a6459aa5258464755db3bb: Time spent opening tablet: real 0.000s user 0.000s sys 0.000s
I1031 23:05:33.899482 39748 raft_consensus.cc:548] T 69b8c3e3568c4c19b638bb66e46a95a1 P 0a8bbcbbb5a6459aa5258464755db3bb [term 0 FOLLOWER]: Becoming Follower/Learner. State: Replica: 0a8bbcbbb5a6459aa5258464755db3bb, State: 1, Role: FOLLOWER
I1031 23:05:33.899508 39748 consensus_queue.cc:176] T 69b8c3e3568c4c19b638bb66e46a95a1 P 0a8bbcbbb5a6459aa5258464755db3bb [NON_LEADER]: Queue going to NON_LEADER mode. State: All replicated index: 0, Majority replicated index: 0, Committed index: 0, Last appended: 0.0, Current term: 0, Majority size: -1, State: 1, Mode: NON_LEADER
I1031 23:05:33.899600 39758 tablet_bootstrap.cc:484] T 6f911a94e20d47aa9efaf9ffe3914c3b P 0a8bbcbbb5a6459aa5258464755db3bb: No blocks or log segments found. Creating new log.
I1031 23:05:33.899767 39748 ts_tablet_manager.cc:755] T 69b8c3e3568c4c19b638bb66e46a95a1 P 0a8bbcbbb5a6459aa5258464755db3bb: Time spent starting tablet: real 0.004s user 0.001s sys 0.000s
I1031 23:05:33.899869 39728 ts_tablet_manager.cc:723] T bd6a9e583cad413ca558178148ac7f85 P 0a8bbcbbb5a6459aa5258464755db3bb: Bootstrapping tablet
I1031 23:05:33.899878 39748 ts_tablet_manager.cc:723] T 090accc17fae4e60b7bddb6dd0bf2ef8 P 0a8bbcbbb5a6459aa5258464755db3bb: Bootstrapping tablet
I1031 23:05:33.900231 10757 tablet_service.cc:691] Processing DeleteTablet for tablet 5110f0095bd94f67abf0aad906332efe with delete_type TABLET_DATA_DELETED (Replaced by bff7dab34ccd4b42842077e82106f6fb at 2017-10-31 23:04:22 CST) from {username='work'} at 10.108.187.10:43437
I1031 23:05:33.900235 39748 tablet_bootstrap.cc:382] T 090accc17fae4e60b7bddb6dd0bf2ef8 P 0a8bbcbbb5a6459aa5258464755db3bb: Bootstrap starting.
I1031 23:05:33.900239 39728 tablet_bootstrap.cc:382] T bd6a9e583cad413ca558178148ac7f85 P 0a8bbcbbb5a6459aa5258464755db3bb: Bootstrap starting.
I1031 23:05:33.900264 10757 tablet_peer.cc:221] Initiating TabletPeer shutdown for tablet: 5110f0095bd94f67abf0aad906332efe
I1031 23:05:33.900279 10757 maintenance_manager.cc:208] P 0a8bbcbbb5a6459aa5258464755db3bb: Unregistered op CompactRowSetsOp(5110f0095bd94f67abf0aad906332efe)
I1031 23:05:33.900296 10757 maintenance_manager.cc:208] P 0a8bbcbbb5a6459aa5258464755db3bb: Unregistered op MinorDeltaCompactionOp(5110f0095bd94f67abf0aad906332efe)
I1031 23:05:33.900306 10757 maintenance_manager.cc:208] P 0a8bbcbbb5a6459aa5258464755db3bb: Unregistered op MajorDeltaCompactionOp(5110f0095bd94f67abf0aad906332efe)
I1031 23:05:33.900318 10757 maintenance_manager.cc:208] P 0a8bbcbbb5a6459aa5258464755db3bb: Unregistered op UndoDeltaBlockGCOp(5110f0095bd94f67abf0aad906332efe)
I1031 23:05:33.900346 10757 maintenance_manager.cc:208] P 0a8bbcbbb5a6459aa5258464755db3bb: Unregistered op FlushMRSOp(5110f0095bd94f67abf0aad906332efe)
I1031 23:05:33.900359 10757 maintenance_manager.cc:208] P 0a8bbcbbb5a6459aa5258464755db3bb: Unregistered op FlushDeltaMemStoresOp(5110f0095bd94f67abf0aad906332efe)
I1031 23:05:33.900378 10757 maintenance_manager.cc:208] P 0a8bbcbbb5a6459aa5258464755db3bb: Unregistered op LogGCOp(5110f0095bd94f67abf0aad906332efe)
I1031 23:05:33.900394 10757 raft_consensus.cc:1569] T 5110f0095bd94f67abf0aad906332efe P 0a8bbcbbb5a6459aa5258464755db3bb [term 0 FOLLOWER]: Raft consensus shutting down.
I1031 23:05:33.900405 39728 tablet_bootstrap.cc:541] T bd6a9e583cad413ca558178148ac7f85 P 0a8bbcbbb5a6459aa5258464755db3bb: Time spent opening tablet: real 0.000s user 0.000s sys 0.000s
I1031 23:05:33.900413 10757 raft_consensus.cc:1585] T 5110f0095bd94f67abf0aad906332efe P 0a8bbcbbb5a6459aa5258464755db3bb [term 0 FOLLOWER]: Raft consensus is shut down!
I1031 23:05:33.900409 39748 tablet_bootstrap.cc:541] T 090accc17fae4e60b7bddb6dd0bf2ef8 P 0a8bbcbbb5a6459aa5258464755db3bb: Time spent opening tablet: real 0.000s user 0.000s sys 0.000s
I1031 23:05:33.900545 39728 tablet_bootstrap.cc:484] T bd6a9e583cad413ca558178148ac7f85 P 0a8bbcbbb5a6459aa5258464755db3bb: No blocks or log segments found. Creating new log.
I1031 23:05:33.900598 39748 tablet_bootstrap.cc:484] T 090accc17fae4e60b7bddb6dd0bf2ef8 P 0a8bbcbbb5a6459aa5258464755db3bb: No blocks or log segments found. Creating new log.
I1031 23:05:33.901968 39768 tablet_bootstrap.cc:382] T d528d43805c44cc398cfba41658e36f0 P 0a8bbcbbb5a6459aa5258464755db3bb: No bootstrap required, opened a new log
I1031 23:05:33.902009 39768 ts_tablet_manager.cc:728] T d528d43805c44cc398cfba41658e36f0 P 0a8bbcbbb5a6459aa5258464755db3bb: Time spent bootstrapping tablet: real 0.006s user 0.003s sys 0.000s
I1031 23:05:33.902014 39743 tablet_bootstrap.cc:382] T 8182189275034354a3c350318114c7e4 P 0a8bbcbbb5a6459aa5258464755db3bb: No bootstrap required, opened a new log
I1031 23:05:33.902050 39743 ts_tablet_manager.cc:728] T 8182189275034354a3c350318114c7e4 P 0a8bbcbbb5a6459aa5258464755db3bb: Time spent bootstrapping tablet: real 0.006s user 0.000s sys 0.002s
I1031 23:05:33.902117 39763 raft_consensus.cc:288] T 3125380200594db7a7b78a5539b9dfad P 0a8bbcbbb5a6459aa5258464755db3bb [term 0 FOLLOWER]: Replica starting. Triggering 0 pending transactions. Active config: opid_index: -1 OBSOLETE_local: false peers { permanent_uuid: "0a8bbcbbb5a6459aa5258464755db3bb" member_type: VOTER last_known_addr { host: "c3-kudu-tst-st02.bj" port: 18700 } } peers { permanent_uuid: "625f49b9554549e6a5c3a92b76e576cf" member_type: VOTER last_known_addr { host: "c3-kudu-tst-st10.bj" port: 18700 } } peers { permanent_uuid: "0fc477287c154136abc1e2f3c82fb7f9" member_type: VOTER last_known_addr { host: "c3-kudu-tst-st04.bj" port: 18700 } }
I1031 23:05:33.902151 39763 raft_consensus.cc:319] T 3125380200594db7a7b78a5539b9dfad P 0a8bbcbbb5a6459aa5258464755db3bb [term 0 FOLLOWER]: Consensus starting up: Expiring failure detector timer to make a prompt election more likely
I1031 23:05:33.902173 39763 raft_consensus.cc:548] T 3125380200594db7a7b78a5539b9dfad P 0a8bbcbbb5a6459aa5258464755db3bb [term 0 FOLLOWER]: Becoming Follower/Learner. State: Replica: 0a8bbcbbb5a6459aa5258464755db3bb, State: 1, Role: FOLLOWER
I1031 23:05:33.902201 39763 consensus_queue.cc:176] T 3125380200594db7a7b78a5539b9dfad P 0a8bbcbbb5a6459aa5258464755db3bb [NON_LEADER]: Queue going to NON_LEADER mode. State: All replicated index: 0, Majority replicated index: 0, Committed index: 0, Last appended: 0.0, Current term: 0, Majority size: -1, State: 1, Mode: NON_LEADER
I1031 23:05:33.902786 39738 tablet_bootstrap.cc:382] T 9967925d5dbd49eaadc0a1a58e7e2089 P 0a8bbcbbb5a6459aa5258464755db3bb: No bootstrap required, opened a new log
I1031 23:05:33.902823 39738 ts_tablet_manager.cc:728] T 9967925d5dbd49eaadc0a1a58e7e2089 P 0a8bbcbbb5a6459aa5258464755db3bb: Time spent bootstrapping tablet: real 0.007s user 0.001s sys 0.001s
I1031 23:05:33.902882 39768 raft_consensus.cc:288] T d528d43805c44cc398cfba41658e36f0 P 0a8bbcbbb5a6459aa5258464755db3bb [term 0 FOLLOWER]: Replica starting. Triggering 0 pending transactions. Active config: opid_index: -1 OBSOLETE_local: false peers { permanent_uuid: "0a8bbcbbb5a6459aa5258464755db3bb" member_type: VOTER last_known_addr { host: "c3-kudu-tst-st02.bj" port: 18700 } } peers { permanent_uuid: "625f49b9554549e6a5c3a92b76e576cf" member_type: VOTER last_known_addr { host: "c3-kudu-tst-st10.bj" port: 18700 } } peers { permanent_uuid: "044f1da9a27c46acb82b1386f829f4dc" member_type: VOTER last_known_addr { host: "c3-kudu-tst-st03.bj" port: 18700 } }
I1031 23:05:33.902912 39768 raft_consensus.cc:319] T d528d43805c44cc398cfba41658e36f0 P 0a8bbcbbb5a6459aa5258464755db3bb [term 0 FOLLOWER]: Consensus starting up: Expiring failure detector timer to make a prompt election more likely
I1031 23:05:33.902920 39743 raft_consensus.cc:288] T 8182189275034354a3c350318114c7e4 P 0a8bbcbbb5a6459aa5258464755db3bb [term 0 FOLLOWER]: Replica starting. Triggering 0 pending transactions. Active config: opid_index: -1 OBSOLETE_local: false peers { permanent_uuid: "193181be29284287b25df2ee92938f0b" member_type: VOTER last_known_addr { host: "c3-kudu-tst-st08.bj" port: 18700 } } peers { permanent_uuid: "044f1da9a27c46acb82b1386f829f4dc" member_type: VOTER last_known_addr { host: "c3-kudu-tst-st03.bj" port: 18700 } } peers { permanent_uuid: "0a8bbcbbb5a6459aa5258464755db3bb" member_type: VOTER last_known_addr { host: "c3-kudu-tst-st02.bj" port: 18700 } }
I1031 23:05:33.902930 39768 raft_consensus.cc:548] T d528d43805c44cc398cfba41658e36f0 P 0a8bbcbbb5a6459aa5258464755db3bb [term 0 FOLLOWER]: Becoming Follower/Learner. State: Replica: 0a8bbcbbb5a6459aa5258464755db3bb, State: 1, Role: FOLLOWER
I1031 23:05:33.902932 39763 ts_tablet_manager.cc:755] T 3125380200594db7a7b78a5539b9dfad P 0a8bbcbbb5a6459aa5258464755db3bb: Time spent starting tablet: real 0.004s user 0.000s sys 0.001s
I1031 23:05:33.902941 39743 raft_consensus.cc:319] T 8182189275034354a3c350318114c7e4 P 0a8bbcbbb5a6459aa5258464755db3bb [term 0 FOLLOWER]: Consensus starting up: Expiring failure detector timer to make a prompt election more likely
I1031 23:05:33.902951 39733 tablet_bootstrap.cc:382] T f49a4f915ac048b096fcb5f4878f436d P 0a8bbcbbb5a6459aa5258464755db3bb: No bootstrap required, opened a new log
I1031 23:05:33.902952 39768 consensus_queue.cc:176] T d528d43805c44cc398cfba41658e36f0 P 0a8bbcbbb5a6459aa5258464755db3bb [NON_LEADER]: Queue going to NON_LEADER mode. State: All replicated index: 0, Majority replicated index: 0, Committed index: 0, Last appended: 0.0, Current term: 0, Majority size: -1, State: 1, Mode: NON_LEADER
I1031 23:05:33.902953 39743 raft_consensus.cc:548] T 8182189275034354a3c350318114c7e4 P 0a8bbcbbb5a6459aa5258464755db3bb [term 0 FOLLOWER]: Becoming Follower/Learner. State: Replica: 0a8bbcbbb5a6459aa5258464755db3bb, State: 1, Role: FOLLOWER
I1031 23:05:33.902987 39733 ts_tablet_manager.cc:728] T f49a4f915ac048b096fcb5f4878f436d P 0a8bbcbbb5a6459aa5258464755db3bb: Time spent bootstrapping tablet: real 0.007s user 0.001s sys 0.001s
I1031 23:05:33.903015 39743 consensus_queue.cc:176] T 8182189275034354a3c350318114c7e4 P 0a8bbcbbb5a6459aa5258464755db3bb [NON_LEADER]: Queue going to NON_LEADER mode. State: All replicated index: 0, Majority replicated index: 0, Committed index: 0, Last appended: 0.0, Current term: 0, Majority size: -1, State: 1, Mode: NON_LEADER
I1031 23:05:33.903949 39763 ts_tablet_manager.cc:723] T 865b2d5788f44598b169ca6415314610 P 0a8bbcbbb5a6459aa5258464755db3bb: Bootstrapping tablet
I1031 23:05:33.904289 39763 tablet_bootstrap.cc:382] T 865b2d5788f44598b169ca6415314610 P 0a8bbcbbb5a6459aa5258464755db3bb: Bootstrap starting.
I1031 23:05:33.904424 39763 tablet_bootstrap.cc:541] T 865b2d5788f44598b169ca6415314610 P 0a8bbcbbb5a6459aa5258464755db3bb: Time spent opening tablet: real 0.000s user 0.000s sys 0.000s
I1031 23:05:33.904547 39763 tablet_bootstrap.cc:484] T 865b2d5788f44598b169ca6415314610 P 0a8bbcbbb5a6459aa5258464755db3bb: No blocks or log segments found. Creating new log.
I1031 23:05:33.905318 39768 ts_tablet_manager.cc:755] T d528d43805c44cc398cfba41658e36f0 P 0a8bbcbbb5a6459aa5258464755db3bb: Time spent starting tablet: real 0.003s user 0.001s sys 0.000s
I1031 23:05:33.905360 39768 ts_tablet_manager.cc:723] T 6a813ca355f749b6b31a773aa0f2ac7a P 0a8bbcbbb5a6459aa5258464755db3bb: Bootstrapping tablet
I1031 23:05:33.905467 39753 tablet_bootstrap.cc:382] T 67cc714357a24166a1354f3d7276848f P 0a8bbcbbb5a6459aa5258464755db3bb: No bootstrap required, opened a new log
I1031 23:05:33.905498 39753 ts_tablet_manager.cc:728] T 67cc714357a24166a1354f3d7276848f P 0a8bbcbbb5a6459aa5258464755db3bb: Time spent bootstrapping tablet: real 0.009s user 0.002s sys 0.000s
I1031 23:05:33.905519 39758 tablet_bootstrap.cc:382] T 6f911a94e20d47aa9efaf9ffe3914c3b P 0a8bbcbbb5a6459aa5258464755db3bb: No bootstrap required, opened a new log
I1031 23:05:33.905536 39743 ts_tablet_manager.cc:755] T 8182189275034354a3c350318114c7e4 P 0a8bbcbbb5a6459aa5258464755db3bb: Time spent starting tablet: real 0.003s user 0.000s sys 0.001s
I1031 23:05:33.905549 39758 ts_tablet_manager.cc:728] T 6f911a94e20d47aa9efaf9ffe3914c3b P 0a8bbcbbb5a6459aa5258464755db3bb: Time spent bootstrapping tablet: real 0.010s user 0.002s sys 0.000s
I1031 23:05:33.905570 39743 ts_tablet_manager.cc:723] T 45e2cfbf12734183aa63ce7e9e78c541 P 0a8bbcbbb5a6459aa5258464755db3bb: Bootstrapping tablet
I1031 23:05:33.905604 39738 raft_consensus.cc:288] T 9967925d5dbd49eaadc0a1a58e7e2089 P 0a8bbcbbb5a6459aa5258464755db3bb [term 0 FOLLOWER]: Replica starting. Triggering 0 pending transactions. Active config: opid_index: -1 OBSOLETE_local: false peers { permanent_uuid: "23f962e4a1744381ad5fa0d2d8b10241" member_type: VOTER last_known_addr { host: "c3-kudu-tst-st07.bj" port: 18700 } } peers { permanent_uuid: "193181be29284287b25df2ee92938f0b" member_type: VOTER last_known_addr { host: "c3-kudu-tst-st08.bj" port: 18700 } } peers { permanent_uuid: "0a8bbcbbb5a6459aa5258464755db3bb" member_type: VOTER last_known_addr { host: "c3-kudu-tst-st02.bj" port: 18700 } }
I1031 23:05:33.905634 39738 raft_consensus.cc:319] T 9967925d5dbd49eaadc0a1a58e7e2089 P 0a8bbcbbb5a6459aa5258464755db3bb [term 0 FOLLOWER]: Consensus starting up: Expiring failure detector timer to make a prompt election more likely
I1031 23:05:33.905642 39768 tablet_bootstrap.cc:382] T 6a813ca355f749b6b31a773aa0f2ac7a P 0a8bbcbbb5a6459aa5258464755db3bb: Bootstrap starting.
I1031 23:05:33.905637 10757 ts_tablet_manager.cc:1020] T 5110f0095bd94f67abf0aad906332efe P 0a8bbcbbb5a6459aa5258464755db3bb: Deleting tablet data with delete state TABLET_DATA_DELETED
I1031 23:05:33.905658 39738 raft_consensus.cc:548] T 9967925d5dbd49eaadc0a1a58e7e2089 P 0a8bbcbbb5a6459aa5258464755db3bb [term 0 FOLLOWER]: Becoming Follower/Learner. State: Replica: 0a8bbcbbb5a6459aa5258464755db3bb, State: 1, Role: FOLLOWER
I1031 23:05:33.905696 39738 consensus_queue.cc:176] T 9967925d5dbd49eaadc0a1a58e7e2089 P 0a8bbcbbb5a6459aa5258464755db3bb [NON_LEADER]: Queue going to NON_LEADER mode. State: All replicated index: 0, Majority replicated index: 0, Committed index: 0, Last appended: 0.0, Current term: 0, Majority size: -1, State: 1, Mode: NON_LEADER
I1031 23:05:33.905758 39768 tablet_bootstrap.cc:541] T 6a813ca355f749b6b31a773aa0f2ac7a P 0a8bbcbbb5a6459aa5258464755db3bb: Time spent opening tablet: real 0.000s user 0.000s sys 0.000s
I1031 23:05:33.905846 39768 tablet_bootstrap.cc:484] T 6a813ca355f749b6b31a773aa0f2ac7a P 0a8bbcbbb5a6459aa5258464755db3bb: No blocks or log segments found. Creating new log.
I1031 23:05:33.905879 39743 tablet_bootstrap.cc:382] T 45e2cfbf12734183aa63ce7e9e78c541 P 0a8bbcbbb5a6459aa5258464755db3bb: Bootstrap starting.
I1031 23:05:33.906016 39743 tablet_bootstrap.cc:541] T 45e2cfbf12734183aa63ce7e9e78c541 P 0a8bbcbbb5a6459aa5258464755db3bb: Time spent opening tablet: real 0.000s user 0.000s sys 0.000s
I1031 23:05:33.906141 39743 tablet_bootstrap.cc:484] T 45e2cfbf12734183aa63ce7e9e78c541 P 0a8bbcbbb5a6459aa5258464755db3bb: No blocks or log segments found. Creating new log.
I1031 23:05:33.906179 39733 raft_consensus.cc:288] T f49a4f915ac048b096fcb5f4878f436d P 0a8bbcbbb5a6459aa5258464755db3bb [term 0 FOLLOWER]: Replica starting. Triggering 0 pending transactions. Active config: opid_index: -1 OBSOLETE_local: false peers { permanent_uuid: "0fc477287c154136abc1e2f3c82fb7f9" member_type: VOTER last_known_addr { host: "c3-kudu-tst-st04.bj" port: 18700 } } peers { permanent_uuid: "23f962e4a1744381ad5fa0d2d8b10241" member_type: VOTER last_known_addr { host: "c3-kudu-tst-st07.bj" port: 18700 } } peers { permanent_uuid: "0a8bbcbbb5a6459aa5258464755db3bb" member_type: VOTER last_known_addr { host: "c3-kudu-tst-st02.bj" port: 18700 } }
I1031 23:05:33.906211 39733 raft_consensus.cc:319] T f49a4f915ac048b096fcb5f4878f436d P 0a8bbcbbb5a6459aa5258464755db3bb [term 0 FOLLOWER]: Consensus starting up: Expiring failure detector timer to make a prompt election more likely
I1031 23:05:33.906219 39738 ts_tablet_manager.cc:755] T 9967925d5dbd49eaadc0a1a58e7e2089 P 0a8bbcbbb5a6459aa5258464755db3bb: Time spent starting tablet: real 0.003s user 0.001s sys 0.000s
I1031 23:05:33.906224 39733 raft_consensus.cc:548] T f49a4f915ac048b096fcb5f4878f436d P 0a8bbcbbb5a6459aa5258464755db3bb [term 0 FOLLOWER]: Becoming Follower/Learner. State: Replica: 0a8bbcbbb5a6459aa5258464755db3bb, State: 1, Role: FOLLOWER
I1031 23:05:33.906252 39738 ts_tablet_manager.cc:723] T 69b4b5f037014f10bfab077f3f98ca49 P 0a8bbcbbb5a6459aa5258464755db3bb: Bootstrapping tablet
I1031 23:05:33.906255 39733 consensus_queue.cc:176] T f49a4f915ac048b096fcb5f4878f436d P 0a8bbcbbb5a6459aa5258464755db3bb [NON_LEADER]: Queue going to NON_LEADER mode. State: All replicated index: 0, Majority replicated index: 0, Committed index: 0, Last appended: 0.0, Current term: 0, Majority size: -1, State: 1, Mode: NON_LEADER
I1031 23:05:33.906366 10770 tablet_service.cc:691] Processing DeleteTablet for tablet 8182189275034354a3c350318114c7e4 with delete_type TABLET_DATA_DELETED (Replaced by 9710e0187e434acfa54ca8f8504434ed at 2017-10-31 23:04:22 CST) from {username='work'} at 10.108.187.10:43437
I1031 23:05:33.906394 10770 tablet_peer.cc:221] Initiating TabletPeer shutdown for tablet: 8182189275034354a3c350318114c7e4
I1031 23:05:33.906417 10770 maintenance_manager.cc:208] P 0a8bbcbbb5a6459aa5258464755db3bb: Unregistered op CompactRowSetsOp(8182189275034354a3c350318114c7e4)
I1031 23:05:33.906436 10770 maintenance_manager.cc:208] P 0a8bbcbbb5a6459aa5258464755db3bb: Unregistered op MinorDeltaCompactionOp(8182189275034354a3c350318114c7e4)
I1031 23:05:33.906453 10770 maintenance_manager.cc:208] P 0a8bbcbbb5a6459aa5258464755db3bb: Unregistered op MajorDeltaCompactionOp(8182189275034354a3c350318114c7e4)
I1031 23:05:33.906471 10770 maintenance_manager.cc:208] P 0a8bbcbbb5a6459aa5258464755db3bb: Unregistered op UndoDeltaBlockGCOp(8182189275034354a3c350318114c7e4)
I1031 23:05:33.906489 10770 maintenance_manager.cc:208] P 0a8bbcbbb5a6459aa5258464755db3bb: Unregistered op FlushMRSOp(8182189275034354a3c350318114c7e4)
I1031 23:05:33.906505 39738 tablet_bootstrap.cc:382] T 69b4b5f037014f10bfab077f3f98ca49 P 0a8bbcbbb5a6459aa5258464755db3bb: Bootstrap starting.
I1031 23:05:33.906507 10770 maintenance_manager.cc:208] P 0a8bbcbbb5a6459aa5258464755db3bb: Unregistered op FlushDeltaMemStoresOp(8182189275034354a3c350318114c7e4)
I1031 23:05:33.906538 10770 maintenance_manager.cc:208] P 0a8bbcbbb5a6459aa5258464755db3bb: Unregistered op LogGCOp(8182189275034354a3c350318114c7e4)
I1031 23:05:33.906558 10770 raft_consensus.cc:1569] T 8182189275034354a3c350318114c7e4 P 0a8bbcbbb5a6459aa5258464755db3bb [term 0 FOLLOWER]: Raft consensus shutting down.
I1031 23:05:33.906577 10770 raft_consensus.cc:1585] T 8182189275034354a3c350318114c7e4 P 0a8bbcbbb5a6459aa5258464755db3bb [term 0 FOLLOWER]: Raft consensus is shut down!
I1031 23:05:33.906652 39738 tablet_bootstrap.cc:541] T 69b4b5f037014f10bfab077f3f98ca49 P 0a8bbcbbb5a6459aa5258464755db3bb: Time spent opening tablet: real 0.000s user 0.000s sys 0.000s
I1031 23:05:33.906759 39738 tablet_bootstrap.cc:484] T 69b4b5f037014f10bfab077f3f98ca49 P 0a8bbcbbb5a6459aa5258464755db3bb: No blocks or log segments found. Creating new log.
I1031 23:05:33.906810 39753 raft_consensus.cc:288] T 67cc714357a24166a1354f3d7276848f P 0a8bbcbbb5a6459aa5258464755db3bb [term 0 FOLLOWER]: Replica starting. Triggering 0 pending transactions. Active config: opid_index: -1 OBSOLETE_local: false peers { permanent_uuid: "0a8bbcbbb5a6459aa5258464755db3bb" member_type: VOTER last_known_addr { host: "c3-kudu-tst-st02.bj" port: 18700 } } peers { permanent_uuid: "0fc477287c154136abc1e2f3c82fb7f9" member_type: VOTER last_known_addr { host: "c3-kudu-tst-st04.bj" port: 18700 } } peers { permanent_uuid: "193181be29284287b25df2ee92938f0b" member_type: VOTER last_known_addr { host: "c3-kudu-tst-st08.bj" port: 18700 } }
I1031 23:05:33.906831 39753 raft_consensus.cc:319] T 67cc714357a24166a1354f3d7276848f P 0a8bbcbbb5a6459aa5258464755db3bb [term 0 FOLLOWER]: Consensus starting up: Expiring failure detector timer to make a prompt election more likely
I1031 23:05:33.906847 39753 raft_consensus.cc:548] T 67cc714357a24166a1354f3d7276848f P 0a8bbcbbb5a6459aa5258464755db3bb [term 0 FOLLOWER]: Becoming Follower/Learner. State: Replica: 0a8bbcbbb5a6459aa5258464755db3bb, State: 1, Role: FOLLOWER
I1031 23:05:33.906862 39753 consensus_queue.cc:176] T 67cc714357a24166a1354f3d7276848f P 0a8bbcbbb5a6459aa5258464755db3bb [NON_LEADER]: Queue going to NON_LEADER mode. State: All replicated index: 0, Majority replicated index: 0, Committed index: 0, Last appended: 0.0, Current term: 0, Majority size: -1, State: 1, Mode: NON_LEADER
I1031 23:05:33.907027 39753 ts_tablet_manager.cc:755] T 67cc714357a24166a1354f3d7276848f P 0a8bbcbbb5a6459aa5258464755db3bb: Time spent starting tablet: real 0.002s user 0.000s sys 0.001s
I1031 23:05:33.907053 39753 ts_tablet_manager.cc:723] T 648eb376255a4dd4bb5818262efcc813 P 0a8bbcbbb5a6459aa5258464755db3bb: Bootstrapping tablet
I1031 23:05:33.907289 39753 tablet_bootstrap.cc:382] T 648eb376255a4dd4bb5818262efcc813 P 0a8bbcbbb5a6459aa5258464755db3bb: Bootstrap starting.
I1031 23:05:33.907436 39753 tablet_bootstrap.cc:541] T 648eb376255a4dd4bb5818262efcc813 P 0a8bbcbbb5a6459aa5258464755db3bb: Time spent opening tablet: real 0.000s user 0.000s sys 0.000s
I1031 23:05:33.907532 39753 tablet_bootstrap.cc:484] T 648eb376255a4dd4bb5818262efcc813 P 0a8bbcbbb5a6459aa5258464755db3bb: No blocks or log segments found. Creating new log.
I1031 23:05:33.907716 39733 ts_tablet_manager.cc:755] T f49a4f915ac048b096fcb5f4878f436d P 0a8bbcbbb5a6459aa5258464755db3bb: Time spent starting tablet: real 0.005s user 0.001s sys 0.001s
I1031 23:05:33.907748 39733 ts_tablet_manager.cc:723] T e53178c96c3c4ad2b3068e9674d1259d P 0a8bbcbbb5a6459aa5258464755db3bb: Bootstrapping tablet
I1031 23:05:33.907749 39758 raft_consensus.cc:288] T 6f911a94e20d47aa9efaf9ffe3914c3b P 0a8bbcbbb5a6459aa5258464755db3bb [term 0 FOLLOWER]: Replica starting. Triggering 0 pending transactions. Active config: opid_index: -1 OBSOLETE_local: false peers { permanent_uuid: "0a8bbcbbb5a6459aa5258464755db3bb" member_type: VOTER last_known_addr { host: "c3-kudu-tst-st02.bj" port: 18700 } } peers { permanent_uuid: "23f962e4a1744381ad5fa0d2d8b10241" member_type: VOTER last_known_addr { host: "c3-kudu-tst-st07.bj" port: 18700 } } peers { permanent_uuid: "0fc477287c154136abc1e2f3c82fb7f9" member_type: VOTER last_known_addr { host: "c3-kudu-tst-st04.bj" port: 18700 } }
I1031 23:05:33.907778 39758 raft_consensus.cc:319] T 6f911a94e20d47aa9efaf9ffe3914c3b P 0a8bbcbbb5a6459aa5258464755db3bb [term 0 FOLLOWER]: Consensus starting up: Expiring failure detector timer to make a prompt election more likely
I1031 23:05:33.907788 39758 raft_consensus.cc:548] T 6f911a94e20d47aa9efaf9ffe3914c3b P 0a8bbcbbb5a6459aa5258464755db3bb [term 0 FOLLOWER]: Becoming Follower/Learner. State: Replica: 0a8bbcbbb5a6459aa5258464755db3bb, State: 1, Role: FOLLOWER
I1031 23:05:33.907804 39758 consensus_queue.cc:176] T 6f911a94e20d47aa9efaf9ffe3914c3b P 0a8bbcbbb5a6459aa5258464755db3bb [NON_LEADER]: Queue going to NON_LEADER mode. State: All replicated index: 0, Majority replicated index: 0, Committed index: 0, Last appended: 0.0, Current term: 0, Majority size: -1, State: 1, Mode: NON_LEADER
I1031 23:05:33.907977 39758 ts_tablet_manager.cc:755] T 6f911a94e20d47aa9efaf9ffe3914c3b P 0a8bbcbbb5a6459aa5258464755db3bb: Time spent starting tablet: real 0.002s user 0.001s sys 0.000s
I1031 23:05:33.908012 39758 ts_tablet_manager.cc:723] T 1d674793183b4a3fb8f88dc864e9059a P 0a8bbcbbb5a6459aa5258464755db3bb: Bootstrapping tablet
I1031 23:05:33.908044 10754 tablet_service.cc:691] Processing DeleteTablet for tablet f49a4f915ac048b096fcb5f4878f436d with delete_type TABLET_DATA_DELETED (Replaced by 56155a2adc24450d89e338cc955bfa18 at 2017-10-31 23:04:22 CST) from {username='work'} at 10.108.187.10:43437
I1031 23:05:33.908067 10754 tablet_peer.cc:221] Initiating TabletPeer shutdown for tablet: f49a4f915ac048b096fcb5f4878f436d
I1031 23:05:33.908084 10754 maintenance_manager.cc:208] P 0a8bbcbbb5a6459aa5258464755db3bb: Unregistered op CompactRowSetsOp(f49a4f915ac048b096fcb5f4878f436d)
I1031 23:05:33.908092 39733 tablet_bootstrap.cc:382] T e53178c96c3c4ad2b3068e9674d1259d P 0a8bbcbbb5a6459aa5258464755db3bb: Bootstrap starting.
I1031 23:05:33.908103 10754 maintenance_manager.cc:208] P 0a8bbcbbb5a6459aa5258464755db3bb: Unregistered op MinorDeltaCompactionOp(f49a4f915ac048b096fcb5f4878f436d)
I1031 23:05:33.908119 10754 maintenance_manager.cc:208] P 0a8bbcbbb5a6459aa5258464755db3bb: Unregistered op MajorDeltaCompactionOp(f49a4f915ac048b096fcb5f4878f436d)
I1031 23:05:33.908133 10754 maintenance_manager.cc:208] P 0a8bbcbbb5a6459aa5258464755db3bb: Unregistered op UndoDeltaBlockGCOp(f49a4f915ac048b096fcb5f4878f436d)
I1031 23:05:33.908146 10754 maintenance_manager.cc:208] P 0a8bbcbbb5a6459aa5258464755db3bb: Unregistered op FlushMRSOp(f49a4f915ac048b096fcb5f4878f436d)
I1031 23:05:33.908157 10754 maintenance_manager.cc:208] P 0a8bbcbbb5a6459aa5258464755db3bb: Unregistered op FlushDeltaMemStoresOp(f49a4f915ac048b096fcb5f4878f436d)
I1031 23:05:33.908167 10754 maintenance_manager.cc:208] P 0a8bbcbbb5a6459aa5258464755db3bb: Unregistered op LogGCOp(f49a4f915ac048b096fcb5f4878f436d)
I1031 23:05:33.908176 10754 raft_consensus.cc:1569] T f49a4f915ac048b096fcb5f4878f436d P 0a8bbcbbb5a6459aa5258464755db3bb [term 0 FOLLOWER]: Raft consensus shutting down.
I1031 23:05:33.908188 10754 raft_consensus.cc:1585] T f49a4f915ac048b096fcb5f4878f436d P 0a8bbcbbb5a6459aa5258464755db3bb [term 0 FOLLOWER]: Raft consensus is shut down!
I1031 23:05:33.908236 39733 tablet_bootstrap.cc:541] T e53178c96c3c4ad2b3068e9674d1259d P 0a8bbcbbb5a6459aa5258464755db3bb: Time spent opening tablet: real 0.000s user 0.000s sys 0.000s
I1031 23:05:33.908284 39758 tablet_bootstrap.cc:382] T 1d674793183b4a3fb8f88dc864e9059a P 0a8bbcbbb5a6459aa5258464755db3bb: Bootstrap starting.
I1031 23:05:33.908354 39733 tablet_bootstrap.cc:484] T e53178c96c3c4ad2b3068e9674d1259d P 0a8bbcbbb5a6459aa5258464755db3bb: No blocks or log segments found. Creating new log.
I1031 23:05:33.908407 39758 tablet_bootstrap.cc:541] T 1d674793183b4a3fb8f88dc864e9059a P 0a8bbcbbb5a6459aa5258464755db3bb: Time spent opening tablet: real 0.000s user 0.000s sys 0.000s
I1031 23:05:33.908515 39758 tablet_bootstrap.cc:484] T 1d674793183b4a3fb8f88dc864e9059a P 0a8bbcbbb5a6459aa5258464755db3bb: No blocks or log segments found. Creating new log.
I1031 23:05:33.910347 10770 ts_tablet_manager.cc:1020] T 8182189275034354a3c350318114c7e4 P 0a8bbcbbb5a6459aa5258464755db3bb: Deleting tablet data with delete state TABLET_DATA_DELETED
I1031 23:05:33.911424 10754 ts_tablet_manager.cc:1020] T f49a4f915ac048b096fcb5f4878f436d P 0a8bbcbbb5a6459aa5258464755db3bb: Deleting tablet data with delete state TABLET_DATA_DELETED
I1031 23:05:33.926786 39748 tablet_bootstrap.cc:382] T 090accc17fae4e60b7bddb6dd0bf2ef8 P 0a8bbcbbb5a6459aa5258464755db3bb: No bootstrap required, opened a new log
I1031 23:05:33.926844 39748 ts_tablet_manager.cc:728] T 090accc17fae4e60b7bddb6dd0bf2ef8 P 0a8bbcbbb5a6459aa5258464755db3bb: Time spent bootstrapping tablet: real 0.027s user 0.000s sys 0.001s
I1031 23:05:33.926970 39768 tablet_bootstrap.cc:382] T 6a813ca355f749b6b31a773aa0f2ac7a P 0a8bbcbbb5a6459aa5258464755db3bb: No bootstrap required, opened a new log
I1031 23:05:33.927007 39768 ts_tablet_manager.cc:728] T 6a813ca355f749b6b31a773aa0f2ac7a P 0a8bbcbbb5a6459aa5258464755db3bb: Time spent bootstrapping tablet: real 0.022s user 0.001s sys 0.000s
I1031 23:05:33.927099 39763 tablet_bootstrap.cc:382] T 865b2d5788f44598b169ca6415314610 P 0a8bbcbbb5a6459aa5258464755db3bb: No bootstrap required, opened a new log
I1031 23:05:33.927141 39763 ts_tablet_manager.cc:728] T 865b2d5788f44598b169ca6415314610 P 0a8bbcbbb5a6459aa5258464755db3bb: Time spent bootstrapping tablet: real 0.023s user 0.001s sys 0.000s
I1031 23:05:33.928606 39738 tablet_bootstrap.cc:382] T 69b4b5f037014f10bfab077f3f98ca49 P 0a8bbcbbb5a6459aa5258464755db3bb: No bootstrap required, opened a new log
I1031 23:05:33.928629 39743 tablet_bootstrap.cc:382] T 45e2cfbf12734183aa63ce7e9e78c541 P 0a8bbcbbb5a6459aa5258464755db3bb: No bootstrap required, opened a new log
I1031 23:05:33.928666 39738 ts_tablet_manager.cc:728] T 69b4b5f037014f10bfab077f3f98ca49 P 0a8bbcbbb5a6459aa5258464755db3bb: Time spent bootstrapping tablet: real 0.022s user 0.001s sys 0.002s
I1031 23:05:33.928678 39728 tablet_bootstrap.cc:382] T bd6a9e583cad413ca558178148ac7f85 P 0a8bbcbbb5a6459aa5258464755db3bb: No bootstrap required, opened a new log
I1031 23:05:33.928679 39743 ts_tablet_manager.cc:728] T 45e2cfbf12734183aa63ce7e9e78c541 P 0a8bbcbbb5a6459aa5258464755db3bb: Time spent bootstrapping tablet: real 0.023s user 0.001s sys 0.001s
I1031 23:05:33.928732 39728 ts_tablet_manager.cc:728] T bd6a9e583cad413ca558178148ac7f85 P 0a8bbcbbb5a6459aa5258464755db3bb: Time spent bootstrapping tablet: real 0.029s user 0.001s sys 0.001s
I1031 23:05:33.928756 10782 raft_consensus.cc:2206] T 9967925d5dbd49eaadc0a1a58e7e2089 P 0a8bbcbbb5a6459aa5258464755db3bb [term 0 FOLLOWER]: Advancing to term 1
I1031 23:05:33.929798 39758 tablet_bootstrap.cc:382] T 1d674793183b4a3fb8f88dc864e9059a P 0a8bbcbbb5a6459aa5258464755db3bb: No bootstrap required, opened a new log
I1031 23:05:33.929834 39758 ts_tablet_manager.cc:728] T 1d674793183b4a3fb8f88dc864e9059a P 0a8bbcbbb5a6459aa5258464755db3bb: Time spent bootstrapping tablet: real 0.022s user 0.001s sys 0.000s
I1031 23:05:33.929958 39748 raft_consensus.cc:288] T 090accc17fae4e60b7bddb6dd0bf2ef8 P 0a8bbcbbb5a6459aa5258464755db3bb [term 0 FOLLOWER]: Replica starting. Triggering 0 pending transactions. Active config: opid_index: -1 OBSOLETE_local: false peers { permanent_uuid: "0a8bbcbbb5a6459aa5258464755db3bb" member_type: VOTER last_known_addr { host: "c3-kudu-tst-st02.bj" port: 18700 } } peers { permanent_uuid: "193181be29284287b25df2ee92938f0b" member_type: VOTER last_known_addr { host: "c3-kudu-tst-st08.bj" port: 18700 } } peers { permanent_uuid: "23f962e4a1744381ad5fa0d2d8b10241" member_type: VOTER last_known_addr { host: "c3-kudu-tst-st07.bj" port: 18700 } }
I1031 23:05:33.929991 39748 raft_consensus.cc:319] T 090accc17fae4e60b7bddb6dd0bf2ef8 P 0a8bbcbbb5a6459aa5258464755db3bb [term 0 FOLLOWER]: Consensus starting up: Expiring failure detector timer to make a prompt election more likely
I1031 23:05:33.929991 39733 tablet_bootstrap.cc:382] T e53178c96c3c4ad2b3068e9674d1259d P 0a8bbcbbb5a6459aa5258464755db3bb: No bootstrap required, opened a new log
I1031 23:05:33.930003 39748 raft_consensus.cc:548] T 090accc17fae4e60b7bddb6dd0bf2ef8 P 0a8bbcbbb5a6459aa5258464755db3bb [term 0 FOLLOWER]: Becoming Follower/Learner. State: Replica: 0a8bbcbbb5a6459aa5258464755db3bb, State: 1, Role: FOLLOWER
I1031 23:05:33.930033 39748 consensus_queue.cc:176] T 090accc17fae4e60b7bddb6dd0bf2ef8 P 0a8bbcbbb5a6459aa5258464755db3bb [NON_LEADER]: Queue going to NON_LEADER mode. State: All replicated index: 0, Majority replicated index: 0, Committed index: 0, Last appended: 0.0, Current term: 0, Majority size: -1, State: 1, Mode: NON_LEADER
I1031 23:05:33.930037 39733 ts_tablet_manager.cc:728] T e53178c96c3c4ad2b3068e9674d1259d P 0a8bbcbbb5a6459aa5258464755db3bb: Time spent bootstrapping tablet: real 0.022s user 0.001s sys 0.001s
I1031 23:05:33.930107 39763 raft_consensus.cc:288] T 865b2d5788f44598b169ca6415314610 P 0a8bbcbbb5a6459aa5258464755db3bb [term 0 FOLLOWER]: Replica starting. Triggering 0 pending transactions. Active config: opid_index: -1 OBSOLETE_local: false peers { permanent_uuid: "0f53a0d3ef7e44ebb0365c800752d5bd" member_type: VOTER last_known_addr { host: "c3-kudu-tst-st01.bj" port: 18700 } } peers { permanent_uuid: "daba39963d4346e1816089fd3a5442b5" member_type: VOTER last_known_addr { host: "c3-kudu-tst-st09.bj" port: 18700 } } peers { permanent_uuid: "0a8bbcbbb5a6459aa5258464755db3bb" member_type: VOTER last_known_addr { host: "c3-kudu-tst-st02.bj" port: 18700 } }
I1031 23:05:33.930138 39763 raft_consensus.cc:319] T 865b2d5788f44598b169ca6415314610 P 0a8bbcbbb5a6459aa5258464755db3bb [term 0 FOLLOWER]: Consensus starting up: Expiring failure detector timer to make a prompt election more likely
I1031 23:05:33.930155 39763 raft_consensus.cc:548] T 865b2d5788f44598b169ca6415314610 P 0a8bbcbbb5a6459aa5258464755db3bb [term 0 FOLLOWER]: Becoming Follower/Learner. State: Replica: 0a8bbcbbb5a6459aa5258464755db3bb, State: 1, Role: FOLLOWER
I1031 23:05:33.930173 39763 consensus_queue.cc:176] T 865b2d5788f44598b169ca6415314610 P 0a8bbcbbb5a6459aa5258464755db3bb [NON_LEADER]: Queue going to NON_LEADER mode. State: All replicated index: 0, Majority replicated index: 0, Committed index: 0, Last appended: 0.0, Current term: 0, Majority size: -1, State: 1, Mode: NON_LEADER
I1031 23:05:33.930239 39768 raft_consensus.cc:288] T 6a813ca355f749b6b31a773aa0f2ac7a P 0a8bbcbbb5a6459aa5258464755db3bb [term 0 FOLLOWER]: Replica starting. Triggering 0 pending transactions. Active config: opid_index: -1 OBSOLETE_local: false peers { permanent_uuid: "0a8bbcbbb5a6459aa5258464755db3bb" member_type: VOTER last_known_addr { host: "c3-kudu-tst-st02.bj" port: 18700 } } peers { permanent_uuid: "0f53a0d3ef7e44ebb0365c800752d5bd" member_type: VOTER last_known_addr { host: "c3-kudu-tst-st01.bj" port: 18700 } } peers { permanent_uuid: "193181be29284287b25df2ee92938f0b" member_type: VOTER last_known_addr { host: "c3-kudu-tst-st08.bj" port: 18700 } }
I1031 23:05:33.930259 39768 raft_consensus.cc:319] T 6a813ca355f749b6b31a773aa0f2ac7a P 0a8bbcbbb5a6459aa5258464755db3bb [term 0 FOLLOWER]: Consensus starting up: Expiring failure detector timer to make a prompt election more likely
I1031 23:05:33.930263 39753 tablet_bootstrap.cc:382] T 648eb376255a4dd4bb5818262efcc813 P 0a8bbcbbb5a6459aa5258464755db3bb: No bootstrap required, opened a new log
I1031 23:05:33.930268 39768 raft_consensus.cc:548] T 6a813ca355f749b6b31a773aa0f2ac7a P 0a8bbcbbb5a6459aa5258464755db3bb [term 0 FOLLOWER]: Becoming Follower/Learner. State: Replica: 0a8bbcbbb5a6459aa5258464755db3bb, State: 1, Role: FOLLOWER
I1031 23:05:33.930295 39753 ts_tablet_manager.cc:728] T 648eb376255a4dd4bb5818262efcc813 P 0a8bbcbbb5a6459aa5258464755db3bb: Time spent bootstrapping tablet: real 0.023s user 0.001s sys 0.000s
I1031 23:05:33.930297 39768 consensus_queue.cc:176] T 6a813ca355f749b6b31a773aa0f2ac7a P 0a8bbcbbb5a6459aa5258464755db3bb [NON_LEADER]: Queue going to NON_LEADER mode. State: All replicated index: 0, Majority replicated index: 0, Committed index: 0, Last appended: 0.0, Current term: 0, Majority size: -1, State: 1, Mode: NON_LEADER
I1031 23:05:33.931008 39743 raft_consensus.cc:288] T 45e2cfbf12734183aa63ce7e9e78c541 P 0a8bbcbbb5a6459aa5258464755db3bb [term 0 FOLLOWER]: Replica starting. Triggering 0 pending transactions. Active config: opid_index: -1 OBSOLETE_local: false peers { permanent_uuid: "0fc477287c154136abc1e2f3c82fb7f9" member_type: VOTER last_known_addr { host: "c3-kudu-tst-st04.bj" port: 18700 } } peers { permanent_uuid: "0a8bbcbbb5a6459aa5258464755db3bb" member_type: VOTER last_known_addr { host: "c3-kudu-tst-st02.bj" port: 18700 } } peers { permanent_uuid: "193181be29284287b25df2ee92938f0b" member_type: VOTER last_known_addr { host: "c3-kudu-tst-st08.bj" port: 18700 } }
I1031 23:05:33.931031 39743 raft_consensus.cc:319] T 45e2cfbf12734183aa63ce7e9e78c541 P 0a8bbcbbb5a6459aa5258464755db3bb [term 0 FOLLOWER]: Consensus starting up: Expiring failure detector timer to make a prompt election more likely
I1031 23:05:33.931044 39743 raft_consensus.cc:548] T 45e2cfbf12734183aa63ce7e9e78c541 P 0a8bbcbbb5a6459aa5258464755db3bb [term 0 FOLLOWER]: Becoming Follower/Learner. State: Replica: 0a8bbcbbb5a6459aa5258464755db3bb, State: 1, Role: FOLLOWER
I1031 23:05:33.931057 39743 consensus_queue.cc:176] T 45e2cfbf12734183aa63ce7e9e78c541 P 0a8bbcbbb5a6459aa5258464755db3bb [NON_LEADER]: Queue going to NON_LEADER mode. State: All replicated index: 0, Majority replicated index: 0, Committed index: 0, Last appended: 0.0, Current term: 0, Majority size: -1, State: 1, Mode: NON_LEADER
I1031 23:05:33.931107 39738 raft_consensus.cc:288] T 69b4b5f037014f10bfab077f3f98ca49 P 0a8bbcbbb5a6459aa5258464755db3bb [term 0 FOLLOWER]: Replica starting. Triggering 0 pending transactions. Active config: opid_index: -1 OBSOLETE_local: false peers { permanent_uuid: "23f962e4a1744381ad5fa0d2d8b10241" member_type: VOTER last_known_addr { host: "c3-kudu-tst-st07.bj" port: 18700 } } peers { permanent_uuid: "0a8bbcbbb5a6459aa5258464755db3bb" member_type: VOTER last_known_addr { host: "c3-kudu-tst-st02.bj" port: 18700 } } peers { permanent_uuid: "625f49b9554549e6a5c3a92b76e576cf" member_type: VOTER last_known_addr { host: "c3-kudu-tst-st10.bj" port: 18700 } }
I1031 23:05:33.931129 39738 raft_consensus.cc:319] T 69b4b5f037014f10bfab077f3f98ca49 P 0a8bbcbbb5a6459aa5258464755db3bb [term 0 FOLLOWER]: Consensus starting up: Expiring failure detector timer to make a prompt election more likely
I1031 23:05:33.931133 39728 raft_consensus.cc:288] T bd6a9e583cad413ca558178148ac7f85 P 0a8bbcbbb5a6459aa5258464755db3bb [term 0 FOLLOWER]: Replica starting. Triggering 0 pending transactions. Active config: opid_index: -1 OBSOLETE_local: false peers { permanent_uuid: "0a8bbcbbb5a6459aa5258464755db3bb" member_type: VOTER last_known_addr { host: "c3-kudu-tst-st02.bj" port: 18700 } } peers { permanent_uuid: "193181be29284287b25df2ee92938f0b" member_type: VOTER last_known_addr { host: "c3-kudu-tst-st08.bj" port: 18700 } } peers { permanent_uuid: "daba39963d4346e1816089fd3a5442b5" member_type: VOTER last_known_addr { host: "c3-kudu-tst-st09.bj" port: 18700 } }
I1031 23:05:33.931139 39738 raft_consensus.cc:548] T 69b4b5f037014f10bfab077f3f98ca49 P 0a8bbcbbb5a6459aa5258464755db3bb [term 0 FOLLOWER]: Becoming Follower/Learner. State: Replica: 0a8bbcbbb5a6459aa5258464755db3bb, State: 1, Role: FOLLOWER
I1031 23:05:33.931159 39728 raft_consensus.cc:319] T bd6a9e583cad413ca558178148ac7f85 P 0a8bbcbbb5a6459aa5258464755db3bb [term 0 FOLLOWER]: Consensus starting up: Expiring failure detector timer to make a prompt election more likely
I1031 23:05:33.931165 39738 consensus_queue.cc:176] T 69b4b5f037014f10bfab077f3f98ca49 P 0a8bbcbbb5a6459aa5258464755db3bb [NON_LEADER]: Queue going to NON_LEADER mode. State: All replicated index: 0, Majority replicated index: 0, Committed index: 0, Last appended: 0.0, Current term: 0, Majority size: -1, State: 1, Mode: NON_LEADER
I1031 23:05:33.931174 39728 raft_consensus.cc:548] T bd6a9e583cad413ca558178148ac7f85 P 0a8bbcbbb5a6459aa5258464755db3bb [term 0 FOLLOWER]: Becoming Follower/Learner. State: Replica: 0a8bbcbbb5a6459aa5258464755db3bb, State: 1, Role: FOLLOWER
I1031 23:05:33.931190 39728 consensus_queue.cc:176] T bd6a9e583cad413ca558178148ac7f85 P 0a8bbcbbb5a6459aa5258464755db3bb [NON_LEADER]: Queue going to NON_LEADER mode. State: All replicated index: 0, Majority replicated index: 0, Committed index: 0, Last appended: 0.0, Current term: 0, Majority size: -1, State: 1, Mode: NON_LEADER
I1031 23:05:33.932554 39758 raft_consensus.cc:288] T 1d674793183b4a3fb8f88dc864e9059a P 0a8bbcbbb5a6459aa5258464755db3bb [term 0 FOLLOWER]: Replica starting. Triggering 0 pending transactions. Active config: opid_index: -1 OBSOLETE_local: false peers { permanent_uuid: "0fc477287c154136abc1e2f3c82fb7f9" member_type: VOTER last_known_addr { host: "c3-kudu-tst-st04.bj" port: 18700 } } peers { permanent_uuid: "d3eb30bd1bc34b95902fa61724239553" member_type: VOTER last_known_addr { host: "c3-kudu-tst-st05.bj" port: 18700 } } peers { permanent_uuid: "0a8bbcbbb5a6459aa5258464755db3bb" member_type: VOTER last_known_addr { host: "c3-kudu-tst-st02.bj" port: 18700 } }
I1031 23:05:33.932577 39758 raft_consensus.cc:319] T 1d674793183b4a3fb8f88dc864e9059a P 0a8bbcbbb5a6459aa5258464755db3bb [term 0 FOLLOWER]: Consensus starting up: Expiring failure detector timer to make a prompt election more likely
I1031 23:05:33.932587 39758 raft_consensus.cc:548] T 1d674793183b4a3fb8f88dc864e9059a P 0a8bbcbbb5a6459aa5258464755db3bb [term 0 FOLLOWER]: Becoming Follower/Learner. State: Replica: 0a8bbcbbb5a6459aa5258464755db3bb, State: 1, Role: FOLLOWER
I1031 23:05:33.932601 39758 consensus_queue.cc:176] T 1d674793183b4a3fb8f88dc864e9059a P 0a8bbcbbb5a6459aa5258464755db3bb [NON_LEADER]: Queue going to NON_LEADER mode. State: All replicated index: 0, Majority replicated index: 0, Committed index: 0, Last appended: 0.0, Current term: 0, Majority size: -1, State: 1, Mode: NON_LEADER
I1031 23:05:33.932652 39733 raft_consensus.cc:288] T e53178c96c3c4ad2b3068e9674d1259d P 0a8bbcbbb5a6459aa5258464755db3bb [term 0 FOLLOWER]: Replica starting. Triggering 0 pending transactions. Active config: opid_index: -1 OBSOLETE_local: false peers { permanent_uuid: "0a8bbcbbb5a6459aa5258464755db3bb" member_type: VOTER last_known_addr { host: "c3-kudu-tst-st02.bj" port: 18700 } } peers { permanent_uuid: "daba39963d4346e1816089fd3a5442b5" member_type: VOTER last_known_addr { host: "c3-kudu-tst-st09.bj" port: 18700 } } peers { permanent_uuid: "23f962e4a1744381ad5fa0d2d8b10241" member_type: VOTER last_known_addr { host: "c3-kudu-tst-st07.bj" port: 18700 } }
I1031 23:05:33.932674 39733 raft_consensus.cc:319] T e53178c96c3c4ad2b3068e9674d1259d P 0a8bbcbbb5a6459aa5258464755db3bb [term 0 FOLLOWER]: Consensus starting up: Expiring failure detector timer to make a prompt election more likely
I1031 23:05:33.932687 39733 raft_consensus.cc:548] T e53178c96c3c4ad2b3068e9674d1259d P 0a8bbcbbb5a6459aa5258464755db3bb [term 0 FOLLOWER]: Becoming Follower/Learner. State: Replica: 0a8bbcbbb5a6459aa5258464755db3bb, State: 1, Role: FOLLOWER
I1031 23:05:33.932699 39733 consensus_queue.cc:176] T e53178c96c3c4ad2b3068e9674d1259d P 0a8bbcbbb5a6459aa5258464755db3bb [NON_LEADER]: Queue going to NON_LEADER mode. State: All replicated index: 0, Majority replicated index: 0, Committed index: 0, Last appended: 0.0, Current term: 0, Majority size: -1, State: 1, Mode: NON_LEADER
I1031 23:05:33.932813 39763 ts_tablet_manager.cc:755] T 865b2d5788f44598b169ca6415314610 P 0a8bbcbbb5a6459aa5258464755db3bb: Time spent starting tablet: real 0.006s user 0.001s sys 0.002s
I1031 23:05:33.932914 39763 ts_tablet_manager.cc:723] T 812b248175004ae8992ff2660fc9d520 P 0a8bbcbbb5a6459aa5258464755db3bb: Bootstrapping tablet
I1031 23:05:33.932932 39753 raft_consensus.cc:288] T 648eb376255a4dd4bb5818262efcc813 P 0a8bbcbbb5a6459aa5258464755db3bb [term 0 FOLLOWER]: Replica starting. Triggering 0 pending transactions. Active config: opid_index: -1 OBSOLETE_local: false peers { permanent_uuid: "d3eb30bd1bc34b95902fa61724239553" member_type: VOTER last_known_addr { host: "c3-kudu-tst-st05.bj" port: 18700 } } peers { permanent_uuid: "0a8bbcbbb5a6459aa5258464755db3bb" member_type: VOTER last_known_addr { host: "c3-kudu-tst-st02.bj" port: 18700 } } peers { permanent_uuid: "0f53a0d3ef7e44ebb0365c800752d5bd" member_type: VOTER last_known_addr { host: "c3-kudu-tst-st01.bj" port: 18700 } }
I1031 23:05:33.932960 39753 raft_consensus.cc:319] T 648eb376255a4dd4bb5818262efcc813 P 0a8bbcbbb5a6459aa5258464755db3bb [term 0 FOLLOWER]: Consensus starting up: Expiring failure detector timer to make a prompt election more likely
I1031 23:05:33.932976 39753 raft_consensus.cc:548] T 648eb376255a4dd4bb5818262efcc813 P 0a8bbcbbb5a6459aa5258464755db3bb [term 0 FOLLOWER]: Becoming Follower/Learner. State: Replica: 0a8bbcbbb5a6459aa5258464755db3bb, State: 1, Role: FOLLOWER
I1031 23:05:33.932996 39748 ts_tablet_manager.cc:755] T 090accc17fae4e60b7bddb6dd0bf2ef8 P 0a8bbcbbb5a6459aa5258464755db3bb: Time spent starting tablet: real 0.006s user 0.001s sys 0.001s
I1031 23:05:33.932996 39753 consensus_queue.cc:176] T 648eb376255a4dd4bb5818262efcc813 P 0a8bbcbbb5a6459aa5258464755db3bb [NON_LEADER]: Queue going to NON_LEADER mode. State: All replicated index: 0, Majority replicated index: 0, Committed index: 0, Last appended: 0.0, Current term: 0, Majority size: -1, State: 1, Mode: NON_LEADER
I1031 23:05:33.933030 39748 ts_tablet_manager.cc:723] T 388697c0c21a4b158a92f2b292b8012f P 0a8bbcbbb5a6459aa5258464755db3bb: Bootstrapping tablet
I1031 23:05:33.933027 39768 ts_tablet_manager.cc:755] T 6a813ca355f749b6b31a773aa0f2ac7a P 0a8bbcbbb5a6459aa5258464755db3bb: Time spent starting tablet: real 0.006s user 0.002s sys 0.001s
I1031 23:05:33.933075 39768 ts_tablet_manager.cc:723] T 4b81a7f36c9a4b24a3294e39fdf19d9d P 0a8bbcbbb5a6459aa5258464755db3bb: Bootstrapping tablet
I1031 23:05:33.933408 39748 tablet_bootstrap.cc:382] T 388697c0c21a4b158a92f2b292b8012f P 0a8bbcbbb5a6459aa5258464755db3bb: Bootstrap starting.
I1031 23:05:33.933434 39763 tablet_bootstrap.cc:382] T 812b248175004ae8992ff2660fc9d520 P 0a8bbcbbb5a6459aa5258464755db3bb: Bootstrap starting.
I1031 23:05:33.933562 39768 tablet_bootstrap.cc:382] T 4b81a7f36c9a4b24a3294e39fdf19d9d P 0a8bbcbbb5a6459aa5258464755db3bb: Bootstrap starting.
I1031 23:05:33.933598 39748 tablet_bootstrap.cc:541] T 388697c0c21a4b158a92f2b292b8012f P 0a8bbcbbb5a6459aa5258464755db3bb: Time spent opening tablet: real 0.000s user 0.000s sys 0.000s
I1031 23:05:33.933601 39763 tablet_bootstrap.cc:541] T 812b248175004ae8992ff2660fc9d520 P 0a8bbcbbb5a6459aa5258464755db3bb: Time spent opening tablet: real 0.000s user 0.000s sys 0.000s
