I1031 23:03:52.451198 10759 tablet_service.cc:650] Processing CreateTablet for tablet 68aa6071fa594e79958cddb8489a1f0c (table=default.timeout_tst [id=cdcb3e60c1314776843d856365535d49]), partition=HASH (id) PARTITION 0, RANGE (date) PARTITION 20171025 <= VALUES < 20171026
I1031 23:03:52.451217 10761 tablet_service.cc:650] Processing CreateTablet for tablet 5110f0095bd94f67abf0aad906332efe (table=default.timeout_tst [id=cdcb3e60c1314776843d856365535d49]), partition=HASH (id) PARTITION 0, RANGE (date) PARTITION 20171028 <= VALUES < 20171029
I1031 23:03:52.451215 10772 tablet_service.cc:650] Processing CreateTablet for tablet f49a4f915ac048b096fcb5f4878f436d (table=default.timeout_tst [id=cdcb3e60c1314776843d856365535d49]), partition=HASH (id) PARTITION 0, RANGE (date) PARTITION 20171029 <= VALUES < 20171030
I1031 23:03:52.451198 10756 tablet_service.cc:650] Processing CreateTablet for tablet c7eb286102a648969b5cf2a93710a72c (table=default.timeout_tst [id=cdcb3e60c1314776843d856365535d49]), partition=HASH (id) PARTITION 0, RANGE (date) PARTITION 20171027 <= VALUES < 20171028
I1031 23:03:52.451225 10764 tablet_service.cc:650] Processing CreateTablet for tablet 318722d72b774164aba6657098b58c90 (table=default.timeout_tst [id=cdcb3e60c1314776843d856365535d49]), partition=HASH (id) PARTITION 0, RANGE (date) PARTITION 20171030 <= VALUES < 20171031
I1031 23:03:52.451264 10773 tablet_service.cc:650] Processing CreateTablet for tablet 67cc714357a24166a1354f3d7276848f (table=default.timeout_tst [id=cdcb3e60c1314776843d856365535d49]), partition=HASH (id) PARTITION 0, RANGE (date) PARTITION 20171031 <= VALUES < 20171101
I1031 23:03:52.451278 10760 tablet_service.cc:650] Processing CreateTablet for tablet 6f911a94e20d47aa9efaf9ffe3914c3b (table=default.timeout_tst [id=cdcb3e60c1314776843d856365535d49]), partition=HASH (id) PARTITION 0, RANGE (date) PARTITION 20171101 <= VALUES < 20171102
I1031 23:03:52.451290 10768 tablet_service.cc:650] Processing CreateTablet for tablet d528d43805c44cc398cfba41658e36f0 (table=default.timeout_tst [id=cdcb3e60c1314776843d856365535d49]), partition=HASH (id) PARTITION 1, RANGE (date) PARTITION 20171023 <= VALUES < 20171024
I1031 23:03:52.451298 10767 tablet_service.cc:650] Processing CreateTablet for tablet f05a7aa04e784d02a30ce666139a7263 (table=default.timeout_tst [id=cdcb3e60c1314776843d856365535d49]), partition=HASH (id) PARTITION 1, RANGE (date) PARTITION 20171024 <= VALUES < 20171025
I1031 23:03:52.451355 10769 tablet_service.cc:650] Processing CreateTablet for tablet 27f651ff46ca4722b064a85e795dcaa4 (table=default.timeout_tst [id=cdcb3e60c1314776843d856365535d49]), partition=HASH (id) PARTITION 1, RANGE (date) PARTITION 20171030 <= VALUES < 20171031
I1031 23:03:52.451359 10758 tablet_service.cc:650] Processing CreateTablet for tablet bd6a9e583cad413ca558178148ac7f85 (table=default.timeout_tst [id=cdcb3e60c1314776843d856365535d49]), partition=HASH (id) PARTITION 1, RANGE (date) PARTITION 20171026 <= VALUES < 20171027
I1031 23:03:52.451375 10765 tablet_service.cc:650] Processing CreateTablet for tablet 69b8c3e3568c4c19b638bb66e46a95a1 (table=default.timeout_tst [id=cdcb3e60c1314776843d856365535d49]), partition=HASH (id) PARTITION 1, RANGE (date) PARTITION 20171101 <= VALUES < 20171102
I1031 23:03:52.451400 10762 tablet_service.cc:650] Processing CreateTablet for tablet feeb15ca2b1f490296ccd8a8edacf49f (table=default.timeout_tst [id=cdcb3e60c1314776843d856365535d49]), partition=HASH (id) PARTITION 1, RANGE (date) PARTITION 20171029 <= VALUES < 20171030
I1031 23:03:52.451411 10770 tablet_service.cc:650] Processing CreateTablet for tablet 6ca74226a6af40e2a78046fc3591c038 (table=default.timeout_tst [id=cdcb3e60c1314776843d856365535d49]), partition=HASH (id) PARTITION 2, RANGE (date) PARTITION 20171024 <= VALUES < 20171025
I1031 23:03:52.451436 10763 tablet_service.cc:650] Processing CreateTablet for tablet 269d7d8c1d21484ab7f554a011190a84 (table=default.timeout_tst [id=cdcb3e60c1314776843d856365535d49]), partition=HASH (id) PARTITION 2, RANGE (date) PARTITION 20171025 <= VALUES < 20171026
I1031 23:03:52.451448 10771 tablet_service.cc:650] Processing CreateTablet for tablet 9967925d5dbd49eaadc0a1a58e7e2089 (table=default.timeout_tst [id=cdcb3e60c1314776843d856365535d49]), partition=HASH (id) PARTITION 2, RANGE (date) PARTITION 20171028 <= VALUES < 20171029
I1031 23:03:52.451477 10766 tablet_service.cc:650] Processing CreateTablet for tablet 8182189275034354a3c350318114c7e4 (table=default.timeout_tst [id=cdcb3e60c1314776843d856365535d49]), partition=HASH (id) PARTITION 2, RANGE (date) PARTITION 20171030 <= VALUES < 20171031
I1031 23:03:52.451517 10755 tablet_service.cc:650] Processing CreateTablet for tablet 3125380200594db7a7b78a5539b9dfad (table=default.timeout_tst [id=cdcb3e60c1314776843d856365535d49]), partition=HASH (id) PARTITION 2, RANGE (date) PARTITION 20171101 <= VALUES < 20171102
I1031 23:03:52.451548 10754 tablet_service.cc:650] Processing CreateTablet for tablet 1c64d9f8e8c740c8ae73f0d7357fcbfd (table=default.timeout_tst [id=cdcb3e60c1314776843d856365535d49]), partition=HASH (id) PARTITION 2, RANGE (date) PARTITION 20171029 <= VALUES < 20171030
I1031 23:03:52.451663 10757 tablet_service.cc:650] Processing CreateTablet for tablet fcde65c4e4cf4df29b9ef9884ce292b2 (table=default.timeout_tst [id=cdcb3e60c1314776843d856365535d49]), partition=HASH (id) PARTITION 2, RANGE (date) PARTITION 20171031 <= VALUES < 20171101
I1031 23:03:52.589109 10769 ts_tablet_manager.cc:862] T 27f651ff46ca4722b064a85e795dcaa4 P 0a8bbcbbb5a6459aa5258464755db3bb: Registered tablet (data state: TABLET_DATA_READY)
I1031 23:03:52.589510 39728 ts_tablet_manager.cc:723] T 27f651ff46ca4722b064a85e795dcaa4 P 0a8bbcbbb5a6459aa5258464755db3bb: Bootstrapping tablet
I1031 23:03:52.589519 10769 tablet_service.cc:650] Processing CreateTablet for tablet 69b4b5f037014f10bfab077f3f98ca49 (table=default.timeout_tst [id=cdcb3e60c1314776843d856365535d49]), partition=HASH (id) PARTITION 3, RANGE (date) PARTITION 20171023 <= VALUES < 20171024
I1031 23:03:52.589890 39728 tablet_bootstrap.cc:382] T 27f651ff46ca4722b064a85e795dcaa4 P 0a8bbcbbb5a6459aa5258464755db3bb: Bootstrap starting.
I1031 23:03:52.590054 39728 tablet_bootstrap.cc:541] T 27f651ff46ca4722b064a85e795dcaa4 P 0a8bbcbbb5a6459aa5258464755db3bb: Time spent opening tablet: real 0.000s user 0.000s sys 0.000s
I1031 23:03:52.590183 39728 tablet_bootstrap.cc:484] T 27f651ff46ca4722b064a85e795dcaa4 P 0a8bbcbbb5a6459aa5258464755db3bb: No blocks or log segments found. Creating new log.
I1031 23:03:52.590978 39728 tablet_bootstrap.cc:382] T 27f651ff46ca4722b064a85e795dcaa4 P 0a8bbcbbb5a6459aa5258464755db3bb: No bootstrap required, opened a new log
I1031 23:03:52.591008 39728 ts_tablet_manager.cc:728] T 27f651ff46ca4722b064a85e795dcaa4 P 0a8bbcbbb5a6459aa5258464755db3bb: Time spent bootstrapping tablet: real 0.001s user 0.000s sys 0.001s
I1031 23:03:52.591698 39728 raft_consensus.cc:288] T 27f651ff46ca4722b064a85e795dcaa4 P 0a8bbcbbb5a6459aa5258464755db3bb [term 0 FOLLOWER]: Replica starting. Triggering 0 pending transactions. Active config: opid_index: -1 OBSOLETE_local: false peers { permanent_uuid: "0a8bbcbbb5a6459aa5258464755db3bb" member_type: VOTER last_known_addr { host: "c3-kudu-tst-st02.bj" port: 18700 } } peers { permanent_uuid: "193181be29284287b25df2ee92938f0b" member_type: VOTER last_known_addr { host: "c3-kudu-tst-st08.bj" port: 18700 } } peers { permanent_uuid: "23f962e4a1744381ad5fa0d2d8b10241" member_type: VOTER last_known_addr { host: "c3-kudu-tst-st07.bj" port: 18700 } }
I1031 23:03:52.591727 39728 raft_consensus.cc:319] T 27f651ff46ca4722b064a85e795dcaa4 P 0a8bbcbbb5a6459aa5258464755db3bb [term 0 FOLLOWER]: Consensus starting up: Expiring failure detector timer to make a prompt election more likely
I1031 23:03:52.591743 39728 raft_consensus.cc:548] T 27f651ff46ca4722b064a85e795dcaa4 P 0a8bbcbbb5a6459aa5258464755db3bb [term 0 FOLLOWER]: Becoming Follower/Learner. State: Replica: 0a8bbcbbb5a6459aa5258464755db3bb, State: 1, Role: FOLLOWER
I1031 23:03:52.591776 39728 consensus_queue.cc:176] T 27f651ff46ca4722b064a85e795dcaa4 P 0a8bbcbbb5a6459aa5258464755db3bb [NON_LEADER]: Queue going to NON_LEADER mode. State: All replicated index: 0, Majority replicated index: 0, Committed index: 0, Last appended: 0.0, Current term: 0, Majority size: -1, State: 1, Mode: NON_LEADER
I1031 23:03:52.614400 10763 ts_tablet_manager.cc:862] T 269d7d8c1d21484ab7f554a011190a84 P 0a8bbcbbb5a6459aa5258464755db3bb: Registered tablet (data state: TABLET_DATA_READY)
I1031 23:03:52.614871 39733 ts_tablet_manager.cc:723] T 269d7d8c1d21484ab7f554a011190a84 P 0a8bbcbbb5a6459aa5258464755db3bb: Bootstrapping tablet
I1031 23:03:52.614938 10763 tablet_service.cc:650] Processing CreateTablet for tablet e53178c96c3c4ad2b3068e9674d1259d (table=default.timeout_tst [id=cdcb3e60c1314776843d856365535d49]), partition=HASH (id) PARTITION 3, RANGE (date) PARTITION 20171025 <= VALUES < 20171026
I1031 23:03:52.615263 39733 tablet_bootstrap.cc:382] T 269d7d8c1d21484ab7f554a011190a84 P 0a8bbcbbb5a6459aa5258464755db3bb: Bootstrap starting.
I1031 23:03:52.615398 39733 tablet_bootstrap.cc:541] T 269d7d8c1d21484ab7f554a011190a84 P 0a8bbcbbb5a6459aa5258464755db3bb: Time spent opening tablet: real 0.000s user 0.000s sys 0.000s
I1031 23:03:52.615527 39733 tablet_bootstrap.cc:484] T 269d7d8c1d21484ab7f554a011190a84 P 0a8bbcbbb5a6459aa5258464755db3bb: No blocks or log segments found. Creating new log.
I1031 23:03:52.633394 39733 tablet_bootstrap.cc:382] T 269d7d8c1d21484ab7f554a011190a84 P 0a8bbcbbb5a6459aa5258464755db3bb: No bootstrap required, opened a new log
I1031 23:03:52.633447 39733 ts_tablet_manager.cc:728] T 269d7d8c1d21484ab7f554a011190a84 P 0a8bbcbbb5a6459aa5258464755db3bb: Time spent bootstrapping tablet: real 0.019s user 0.001s sys 0.000s
I1031 23:03:52.634541 39733 raft_consensus.cc:288] T 269d7d8c1d21484ab7f554a011190a84 P 0a8bbcbbb5a6459aa5258464755db3bb [term 0 FOLLOWER]: Replica starting. Triggering 0 pending transactions. Active config: opid_index: -1 OBSOLETE_local: false peers { permanent_uuid: "0a8bbcbbb5a6459aa5258464755db3bb" member_type: VOTER last_known_addr { host: "c3-kudu-tst-st02.bj" port: 18700 } } peers { permanent_uuid: "044f1da9a27c46acb82b1386f829f4dc" member_type: VOTER last_known_addr { host: "c3-kudu-tst-st03.bj" port: 18700 } } peers { permanent_uuid: "daba39963d4346e1816089fd3a5442b5" member_type: VOTER last_known_addr { host: "c3-kudu-tst-st09.bj" port: 18700 } }
I1031 23:03:52.634569 39733 raft_consensus.cc:319] T 269d7d8c1d21484ab7f554a011190a84 P 0a8bbcbbb5a6459aa5258464755db3bb [term 0 FOLLOWER]: Consensus starting up: Expiring failure detector timer to make a prompt election more likely
I1031 23:03:52.634583 39733 raft_consensus.cc:548] T 269d7d8c1d21484ab7f554a011190a84 P 0a8bbcbbb5a6459aa5258464755db3bb [term 0 FOLLOWER]: Becoming Follower/Learner. State: Replica: 0a8bbcbbb5a6459aa5258464755db3bb, State: 1, Role: FOLLOWER
I1031 23:03:52.634604 39733 consensus_queue.cc:176] T 269d7d8c1d21484ab7f554a011190a84 P 0a8bbcbbb5a6459aa5258464755db3bb [NON_LEADER]: Queue going to NON_LEADER mode. State: All replicated index: 0, Majority replicated index: 0, Committed index: 0, Last appended: 0.0, Current term: 0, Majority size: -1, State: 1, Mode: NON_LEADER
I1031 23:03:52.639906 10757 ts_tablet_manager.cc:862] T fcde65c4e4cf4df29b9ef9884ce292b2 P 0a8bbcbbb5a6459aa5258464755db3bb: Registered tablet (data state: TABLET_DATA_READY)
I1031 23:03:52.640473 39738 ts_tablet_manager.cc:723] T fcde65c4e4cf4df29b9ef9884ce292b2 P 0a8bbcbbb5a6459aa5258464755db3bb: Bootstrapping tablet
I1031 23:03:52.640542 10757 tablet_service.cc:650] Processing CreateTablet for tablet 388697c0c21a4b158a92f2b292b8012f (table=default.timeout_tst [id=cdcb3e60c1314776843d856365535d49]), partition=HASH (id) PARTITION 3, RANGE (date) PARTITION 20171028 <= VALUES < 20171029
I1031 23:03:52.641031 39738 tablet_bootstrap.cc:382] T fcde65c4e4cf4df29b9ef9884ce292b2 P 0a8bbcbbb5a6459aa5258464755db3bb: Bootstrap starting.
I1031 23:03:52.641230 39738 tablet_bootstrap.cc:541] T fcde65c4e4cf4df29b9ef9884ce292b2 P 0a8bbcbbb5a6459aa5258464755db3bb: Time spent opening tablet: real 0.000s user 0.000s sys 0.000s
I1031 23:03:52.641420 39738 tablet_bootstrap.cc:484] T fcde65c4e4cf4df29b9ef9884ce292b2 P 0a8bbcbbb5a6459aa5258464755db3bb: No blocks or log segments found. Creating new log.
I1031 23:03:52.642702 39738 tablet_bootstrap.cc:382] T fcde65c4e4cf4df29b9ef9884ce292b2 P 0a8bbcbbb5a6459aa5258464755db3bb: No bootstrap required, opened a new log
I1031 23:03:52.642742 39738 ts_tablet_manager.cc:728] T fcde65c4e4cf4df29b9ef9884ce292b2 P 0a8bbcbbb5a6459aa5258464755db3bb: Time spent bootstrapping tablet: real 0.002s user 0.002s sys 0.000s
I1031 23:03:52.643546 39738 raft_consensus.cc:288] T fcde65c4e4cf4df29b9ef9884ce292b2 P 0a8bbcbbb5a6459aa5258464755db3bb [term 0 FOLLOWER]: Replica starting. Triggering 0 pending transactions. Active config: opid_index: -1 OBSOLETE_local: false peers { permanent_uuid: "0a8bbcbbb5a6459aa5258464755db3bb" member_type: VOTER last_known_addr { host: "c3-kudu-tst-st02.bj" port: 18700 } } peers { permanent_uuid: "0f53a0d3ef7e44ebb0365c800752d5bd" member_type: VOTER last_known_addr { host: "c3-kudu-tst-st01.bj" port: 18700 } } peers { permanent_uuid: "23f962e4a1744381ad5fa0d2d8b10241" member_type: VOTER last_known_addr { host: "c3-kudu-tst-st07.bj" port: 18700 } }
I1031 23:03:52.643577 39738 raft_consensus.cc:319] T fcde65c4e4cf4df29b9ef9884ce292b2 P 0a8bbcbbb5a6459aa5258464755db3bb [term 0 FOLLOWER]: Consensus starting up: Expiring failure detector timer to make a prompt election more likely
I1031 23:03:52.643599 39738 raft_consensus.cc:548] T fcde65c4e4cf4df29b9ef9884ce292b2 P 0a8bbcbbb5a6459aa5258464755db3bb [term 0 FOLLOWER]: Becoming Follower/Learner. State: Replica: 0a8bbcbbb5a6459aa5258464755db3bb, State: 1, Role: FOLLOWER
I1031 23:03:52.643627 39738 consensus_queue.cc:176] T fcde65c4e4cf4df29b9ef9884ce292b2 P 0a8bbcbbb5a6459aa5258464755db3bb [NON_LEADER]: Queue going to NON_LEADER mode. State: All replicated index: 0, Majority replicated index: 0, Committed index: 0, Last appended: 0.0, Current term: 0, Majority size: -1, State: 1, Mode: NON_LEADER
I1031 23:03:52.665231 10756 ts_tablet_manager.cc:862] T c7eb286102a648969b5cf2a93710a72c P 0a8bbcbbb5a6459aa5258464755db3bb: Registered tablet (data state: TABLET_DATA_READY)
I1031 23:03:52.665997 39743 ts_tablet_manager.cc:723] T c7eb286102a648969b5cf2a93710a72c P 0a8bbcbbb5a6459aa5258464755db3bb: Bootstrapping tablet
I1031 23:03:52.666102 10756 tablet_service.cc:650] Processing CreateTablet for tablet 090accc17fae4e60b7bddb6dd0bf2ef8 (table=default.timeout_tst [id=cdcb3e60c1314776843d856365535d49]), partition=HASH (id) PARTITION 3, RANGE (date) PARTITION 20171030 <= VALUES < 20171031
I1031 23:03:52.666453 39743 tablet_bootstrap.cc:382] T c7eb286102a648969b5cf2a93710a72c P 0a8bbcbbb5a6459aa5258464755db3bb: Bootstrap starting.
I1031 23:03:52.666615 39743 tablet_bootstrap.cc:541] T c7eb286102a648969b5cf2a93710a72c P 0a8bbcbbb5a6459aa5258464755db3bb: Time spent opening tablet: real 0.000s user 0.000s sys 0.000s
I1031 23:03:52.666772 39743 tablet_bootstrap.cc:484] T c7eb286102a648969b5cf2a93710a72c P 0a8bbcbbb5a6459aa5258464755db3bb: No blocks or log segments found. Creating new log.
I1031 23:03:52.668025 39743 tablet_bootstrap.cc:382] T c7eb286102a648969b5cf2a93710a72c P 0a8bbcbbb5a6459aa5258464755db3bb: No bootstrap required, opened a new log
I1031 23:03:52.668052 39743 ts_tablet_manager.cc:728] T c7eb286102a648969b5cf2a93710a72c P 0a8bbcbbb5a6459aa5258464755db3bb: Time spent bootstrapping tablet: real 0.002s user 0.001s sys 0.000s
I1031 23:03:52.668741 39743 raft_consensus.cc:288] T c7eb286102a648969b5cf2a93710a72c P 0a8bbcbbb5a6459aa5258464755db3bb [term 0 FOLLOWER]: Replica starting. Triggering 0 pending transactions. Active config: opid_index: -1 OBSOLETE_local: false peers { permanent_uuid: "0a8bbcbbb5a6459aa5258464755db3bb" member_type: VOTER last_known_addr { host: "c3-kudu-tst-st02.bj" port: 18700 } } peers { permanent_uuid: "625f49b9554549e6a5c3a92b76e576cf" member_type: VOTER last_known_addr { host: "c3-kudu-tst-st10.bj" port: 18700 } } peers { permanent_uuid: "d3eb30bd1bc34b95902fa61724239553" member_type: VOTER last_known_addr { host: "c3-kudu-tst-st05.bj" port: 18700 } }
I1031 23:03:52.668764 39743 raft_consensus.cc:319] T c7eb286102a648969b5cf2a93710a72c P 0a8bbcbbb5a6459aa5258464755db3bb [term 0 FOLLOWER]: Consensus starting up: Expiring failure detector timer to make a prompt election more likely
I1031 23:03:52.668776 39743 raft_consensus.cc:548] T c7eb286102a648969b5cf2a93710a72c P 0a8bbcbbb5a6459aa5258464755db3bb [term 0 FOLLOWER]: Becoming Follower/Learner. State: Replica: 0a8bbcbbb5a6459aa5258464755db3bb, State: 1, Role: FOLLOWER
I1031 23:03:52.668790 39743 consensus_queue.cc:176] T c7eb286102a648969b5cf2a93710a72c P 0a8bbcbbb5a6459aa5258464755db3bb [NON_LEADER]: Queue going to NON_LEADER mode. State: All replicated index: 0, Majority replicated index: 0, Committed index: 0, Last appended: 0.0, Current term: 0, Majority size: -1, State: 1, Mode: NON_LEADER
I1031 23:03:52.690452 10770 ts_tablet_manager.cc:862] T 6ca74226a6af40e2a78046fc3591c038 P 0a8bbcbbb5a6459aa5258464755db3bb: Registered tablet (data state: TABLET_DATA_READY)
I1031 23:03:52.690775 39748 ts_tablet_manager.cc:723] T 6ca74226a6af40e2a78046fc3591c038 P 0a8bbcbbb5a6459aa5258464755db3bb: Bootstrapping tablet
I1031 23:03:52.690874 10770 tablet_service.cc:650] Processing CreateTablet for tablet 865b2d5788f44598b169ca6415314610 (table=default.timeout_tst [id=cdcb3e60c1314776843d856365535d49]), partition=HASH (id) PARTITION 3, RANGE (date) PARTITION 20171031 <= VALUES < 20171101
I1031 23:03:52.691248 39748 tablet_bootstrap.cc:382] T 6ca74226a6af40e2a78046fc3591c038 P 0a8bbcbbb5a6459aa5258464755db3bb: Bootstrap starting.
I1031 23:03:52.691402 39748 tablet_bootstrap.cc:541] T 6ca74226a6af40e2a78046fc3591c038 P 0a8bbcbbb5a6459aa5258464755db3bb: Time spent opening tablet: real 0.000s user 0.000s sys 0.000s
I1031 23:03:52.691551 39748 tablet_bootstrap.cc:484] T 6ca74226a6af40e2a78046fc3591c038 P 0a8bbcbbb5a6459aa5258464755db3bb: No blocks or log segments found. Creating new log.
I1031 23:03:52.692754 39748 tablet_bootstrap.cc:382] T 6ca74226a6af40e2a78046fc3591c038 P 0a8bbcbbb5a6459aa5258464755db3bb: No bootstrap required, opened a new log
I1031 23:03:52.692786 39748 ts_tablet_manager.cc:728] T 6ca74226a6af40e2a78046fc3591c038 P 0a8bbcbbb5a6459aa5258464755db3bb: Time spent bootstrapping tablet: real 0.002s user 0.001s sys 0.000s
I1031 23:03:52.693647 39748 raft_consensus.cc:288] T 6ca74226a6af40e2a78046fc3591c038 P 0a8bbcbbb5a6459aa5258464755db3bb [term 0 FOLLOWER]: Replica starting. Triggering 0 pending transactions. Active config: opid_index: -1 OBSOLETE_local: false peers { permanent_uuid: "0a8bbcbbb5a6459aa5258464755db3bb" member_type: VOTER last_known_addr { host: "c3-kudu-tst-st02.bj" port: 18700 } } peers { permanent_uuid: "193181be29284287b25df2ee92938f0b" member_type: VOTER last_known_addr { host: "c3-kudu-tst-st08.bj" port: 18700 } } peers { permanent_uuid: "23f962e4a1744381ad5fa0d2d8b10241" member_type: VOTER last_known_addr { host: "c3-kudu-tst-st07.bj" port: 18700 } }
I1031 23:03:52.693673 39748 raft_consensus.cc:319] T 6ca74226a6af40e2a78046fc3591c038 P 0a8bbcbbb5a6459aa5258464755db3bb [term 0 FOLLOWER]: Consensus starting up: Expiring failure detector timer to make a prompt election more likely
I1031 23:03:52.693684 39748 raft_consensus.cc:548] T 6ca74226a6af40e2a78046fc3591c038 P 0a8bbcbbb5a6459aa5258464755db3bb [term 0 FOLLOWER]: Becoming Follower/Learner. State: Replica: 0a8bbcbbb5a6459aa5258464755db3bb, State: 1, Role: FOLLOWER
I1031 23:03:52.693708 39748 consensus_queue.cc:176] T 6ca74226a6af40e2a78046fc3591c038 P 0a8bbcbbb5a6459aa5258464755db3bb [NON_LEADER]: Queue going to NON_LEADER mode. State: All replicated index: 0, Majority replicated index: 0, Committed index: 0, Last appended: 0.0, Current term: 0, Majority size: -1, State: 1, Mode: NON_LEADER
I1031 23:03:52.715920 10767 ts_tablet_manager.cc:862] T f05a7aa04e784d02a30ce666139a7263 P 0a8bbcbbb5a6459aa5258464755db3bb: Registered tablet (data state: TABLET_DATA_READY)
I1031 23:03:52.716204 39753 ts_tablet_manager.cc:723] T f05a7aa04e784d02a30ce666139a7263 P 0a8bbcbbb5a6459aa5258464755db3bb: Bootstrapping tablet
I1031 23:03:52.716294 10767 tablet_service.cc:650] Processing CreateTablet for tablet 1d674793183b4a3fb8f88dc864e9059a (table=default.timeout_tst [id=cdcb3e60c1314776843d856365535d49]), partition=HASH (id) PARTITION 4, RANGE (date) PARTITION 20171024 <= VALUES < 20171025
I1031 23:03:52.716699 39753 tablet_bootstrap.cc:382] T f05a7aa04e784d02a30ce666139a7263 P 0a8bbcbbb5a6459aa5258464755db3bb: Bootstrap starting.
I1031 23:03:52.716897 39753 tablet_bootstrap.cc:541] T f05a7aa04e784d02a30ce666139a7263 P 0a8bbcbbb5a6459aa5258464755db3bb: Time spent opening tablet: real 0.000s user 0.000s sys 0.000s
I1031 23:03:52.717036 39753 tablet_bootstrap.cc:484] T f05a7aa04e784d02a30ce666139a7263 P 0a8bbcbbb5a6459aa5258464755db3bb: No blocks or log segments found. Creating new log.
I1031 23:03:52.718040 39753 tablet_bootstrap.cc:382] T f05a7aa04e784d02a30ce666139a7263 P 0a8bbcbbb5a6459aa5258464755db3bb: No bootstrap required, opened a new log
I1031 23:03:52.718070 39753 ts_tablet_manager.cc:728] T f05a7aa04e784d02a30ce666139a7263 P 0a8bbcbbb5a6459aa5258464755db3bb: Time spent bootstrapping tablet: real 0.002s user 0.001s sys 0.000s
I1031 23:03:52.719094 39753 raft_consensus.cc:288] T f05a7aa04e784d02a30ce666139a7263 P 0a8bbcbbb5a6459aa5258464755db3bb [term 0 FOLLOWER]: Replica starting. Triggering 0 pending transactions. Active config: opid_index: -1 OBSOLETE_local: false peers { permanent_uuid: "0fc477287c154136abc1e2f3c82fb7f9" member_type: VOTER last_known_addr { host: "c3-kudu-tst-st04.bj" port: 18700 } } peers { permanent_uuid: "0a8bbcbbb5a6459aa5258464755db3bb" member_type: VOTER last_known_addr { host: "c3-kudu-tst-st02.bj" port: 18700 } } peers { permanent_uuid: "625f49b9554549e6a5c3a92b76e576cf" member_type: VOTER last_known_addr { host: "c3-kudu-tst-st10.bj" port: 18700 } }
I1031 23:03:52.719118 39753 raft_consensus.cc:319] T f05a7aa04e784d02a30ce666139a7263 P 0a8bbcbbb5a6459aa5258464755db3bb [term 0 FOLLOWER]: Consensus starting up: Expiring failure detector timer to make a prompt election more likely
I1031 23:03:52.719131 39753 raft_consensus.cc:548] T f05a7aa04e784d02a30ce666139a7263 P 0a8bbcbbb5a6459aa5258464755db3bb [term 0 FOLLOWER]: Becoming Follower/Learner. State: Replica: 0a8bbcbbb5a6459aa5258464755db3bb, State: 1, Role: FOLLOWER
I1031 23:03:52.719149 39753 consensus_queue.cc:176] T f05a7aa04e784d02a30ce666139a7263 P 0a8bbcbbb5a6459aa5258464755db3bb [NON_LEADER]: Queue going to NON_LEADER mode. State: All replicated index: 0, Majority replicated index: 0, Committed index: 0, Last appended: 0.0, Current term: 0, Majority size: -1, State: 1, Mode: NON_LEADER
I1031 23:03:52.730764 10777 raft_consensus.cc:2162] T f05a7aa04e784d02a30ce666139a7263 P 0a8bbcbbb5a6459aa5258464755db3bb [term 0 FOLLOWER]: Snoozing failure detection for election timeout plus an additional 1.582s
I1031 23:03:52.730886 10777 raft_consensus.cc:1747] T f05a7aa04e784d02a30ce666139a7263 P 0a8bbcbbb5a6459aa5258464755db3bb [term 0 FOLLOWER]: Leader pre-election vote request: Granting yes vote for candidate 0fc477287c154136abc1e2f3c82fb7f9 in term 0.
I1031 23:03:52.734125 10777 raft_consensus.cc:2206] T f05a7aa04e784d02a30ce666139a7263 P 0a8bbcbbb5a6459aa5258464755db3bb [term 0 FOLLOWER]: Advancing to term 1
I1031 23:03:52.734175 10777 raft_consensus.cc:2162] T f05a7aa04e784d02a30ce666139a7263 P 0a8bbcbbb5a6459aa5258464755db3bb [term 1 FOLLOWER]: Snoozing failure detection for election timeout plus an additional 1.596s
I1031 23:03:52.734948 10777 raft_consensus.cc:1747] T f05a7aa04e784d02a30ce666139a7263 P 0a8bbcbbb5a6459aa5258464755db3bb [term 1 FOLLOWER]: Leader election vote request: Granting yes vote for candidate 0fc477287c154136abc1e2f3c82fb7f9 in term 1.
I1031 23:03:52.741122 10764 ts_tablet_manager.cc:862] T 318722d72b774164aba6657098b58c90 P 0a8bbcbbb5a6459aa5258464755db3bb: Registered tablet (data state: TABLET_DATA_READY)
I1031 23:03:52.741399 39758 ts_tablet_manager.cc:723] T 318722d72b774164aba6657098b58c90 P 0a8bbcbbb5a6459aa5258464755db3bb: Bootstrapping tablet
I1031 23:03:52.741482 10764 tablet_service.cc:650] Processing CreateTablet for tablet 812b248175004ae8992ff2660fc9d520 (table=default.timeout_tst [id=cdcb3e60c1314776843d856365535d49]), partition=HASH (id) PARTITION 4, RANGE (date) PARTITION 20171025 <= VALUES < 20171026
I1031 23:03:52.741804 39758 tablet_bootstrap.cc:382] T 318722d72b774164aba6657098b58c90 P 0a8bbcbbb5a6459aa5258464755db3bb: Bootstrap starting.
I1031 23:03:52.742000 39758 tablet_bootstrap.cc:541] T 318722d72b774164aba6657098b58c90 P 0a8bbcbbb5a6459aa5258464755db3bb: Time spent opening tablet: real 0.000s user 0.000s sys 0.000s
I1031 23:03:52.742121 39758 tablet_bootstrap.cc:484] T 318722d72b774164aba6657098b58c90 P 0a8bbcbbb5a6459aa5258464755db3bb: No blocks or log segments found. Creating new log.
I1031 23:03:52.743332 39758 tablet_bootstrap.cc:382] T 318722d72b774164aba6657098b58c90 P 0a8bbcbbb5a6459aa5258464755db3bb: No bootstrap required, opened a new log
I1031 23:03:52.743367 39758 ts_tablet_manager.cc:728] T 318722d72b774164aba6657098b58c90 P 0a8bbcbbb5a6459aa5258464755db3bb: Time spent bootstrapping tablet: real 0.002s user 0.000s sys 0.001s
I1031 23:03:52.743893 39758 raft_consensus.cc:288] T 318722d72b774164aba6657098b58c90 P 0a8bbcbbb5a6459aa5258464755db3bb [term 0 FOLLOWER]: Replica starting. Triggering 0 pending transactions. Active config: opid_index: -1 OBSOLETE_local: false peers { permanent_uuid: "0a8bbcbbb5a6459aa5258464755db3bb" member_type: VOTER last_known_addr { host: "c3-kudu-tst-st02.bj" port: 18700 } } peers { permanent_uuid: "193181be29284287b25df2ee92938f0b" member_type: VOTER last_known_addr { host: "c3-kudu-tst-st08.bj" port: 18700 } } peers { permanent_uuid: "daba39963d4346e1816089fd3a5442b5" member_type: VOTER last_known_addr { host: "c3-kudu-tst-st09.bj" port: 18700 } }
I1031 23:03:52.743917 39758 raft_consensus.cc:319] T 318722d72b774164aba6657098b58c90 P 0a8bbcbbb5a6459aa5258464755db3bb [term 0 FOLLOWER]: Consensus starting up: Expiring failure detector timer to make a prompt election more likely
I1031 23:03:52.743929 39758 raft_consensus.cc:548] T 318722d72b774164aba6657098b58c90 P 0a8bbcbbb5a6459aa5258464755db3bb [term 0 FOLLOWER]: Becoming Follower/Learner. State: Replica: 0a8bbcbbb5a6459aa5258464755db3bb, State: 1, Role: FOLLOWER
I1031 23:03:52.744012 39758 consensus_queue.cc:176] T 318722d72b774164aba6657098b58c90 P 0a8bbcbbb5a6459aa5258464755db3bb [NON_LEADER]: Queue going to NON_LEADER mode. State: All replicated index: 0, Majority replicated index: 0, Committed index: 0, Last appended: 0.0, Current term: 0, Majority size: -1, State: 1, Mode: NON_LEADER
I1031 23:03:52.774662 10762 ts_tablet_manager.cc:862] T feeb15ca2b1f490296ccd8a8edacf49f P 0a8bbcbbb5a6459aa5258464755db3bb: Registered tablet (data state: TABLET_DATA_READY)
I1031 23:03:52.775009 39763 ts_tablet_manager.cc:723] T feeb15ca2b1f490296ccd8a8edacf49f P 0a8bbcbbb5a6459aa5258464755db3bb: Bootstrapping tablet
I1031 23:03:52.775080 10762 tablet_service.cc:650] Processing CreateTablet for tablet 6a813ca355f749b6b31a773aa0f2ac7a (table=default.timeout_tst [id=cdcb3e60c1314776843d856365535d49]), partition=HASH (id) PARTITION 4, RANGE (date) PARTITION 20171027 <= VALUES < 20171028
I1031 23:03:52.775485 39763 tablet_bootstrap.cc:382] T feeb15ca2b1f490296ccd8a8edacf49f P 0a8bbcbbb5a6459aa5258464755db3bb: Bootstrap starting.
I1031 23:03:52.775655 39763 tablet_bootstrap.cc:541] T feeb15ca2b1f490296ccd8a8edacf49f P 0a8bbcbbb5a6459aa5258464755db3bb: Time spent opening tablet: real 0.000s user 0.000s sys 0.000s
I1031 23:03:52.775802 39763 tablet_bootstrap.cc:484] T feeb15ca2b1f490296ccd8a8edacf49f P 0a8bbcbbb5a6459aa5258464755db3bb: No blocks or log segments found. Creating new log.
I1031 23:03:52.776644 39763 tablet_bootstrap.cc:382] T feeb15ca2b1f490296ccd8a8edacf49f P 0a8bbcbbb5a6459aa5258464755db3bb: No bootstrap required, opened a new log
I1031 23:03:52.776676 39763 ts_tablet_manager.cc:728] T feeb15ca2b1f490296ccd8a8edacf49f P 0a8bbcbbb5a6459aa5258464755db3bb: Time spent bootstrapping tablet: real 0.002s user 0.001s sys 0.000s
I1031 23:03:52.777155 39763 raft_consensus.cc:288] T feeb15ca2b1f490296ccd8a8edacf49f P 0a8bbcbbb5a6459aa5258464755db3bb [term 0 FOLLOWER]: Replica starting. Triggering 0 pending transactions. Active config: opid_index: -1 OBSOLETE_local: false peers { permanent_uuid: "daba39963d4346e1816089fd3a5442b5" member_type: VOTER last_known_addr { host: "c3-kudu-tst-st09.bj" port: 18700 } } peers { permanent_uuid: "044f1da9a27c46acb82b1386f829f4dc" member_type: VOTER last_known_addr { host: "c3-kudu-tst-st03.bj" port: 18700 } } peers { permanent_uuid: "0a8bbcbbb5a6459aa5258464755db3bb" member_type: VOTER last_known_addr { host: "c3-kudu-tst-st02.bj" port: 18700 } }
I1031 23:03:52.777179 39763 raft_consensus.cc:319] T feeb15ca2b1f490296ccd8a8edacf49f P 0a8bbcbbb5a6459aa5258464755db3bb [term 0 FOLLOWER]: Consensus starting up: Expiring failure detector timer to make a prompt election more likely
I1031 23:03:52.777194 39763 raft_consensus.cc:548] T feeb15ca2b1f490296ccd8a8edacf49f P 0a8bbcbbb5a6459aa5258464755db3bb [term 0 FOLLOWER]: Becoming Follower/Learner. State: Replica: 0a8bbcbbb5a6459aa5258464755db3bb, State: 1, Role: FOLLOWER
I1031 23:03:52.777215 39763 consensus_queue.cc:176] T feeb15ca2b1f490296ccd8a8edacf49f P 0a8bbcbbb5a6459aa5258464755db3bb [NON_LEADER]: Queue going to NON_LEADER mode. State: All replicated index: 0, Majority replicated index: 0, Committed index: 0, Last appended: 0.0, Current term: 0, Majority size: -1, State: 1, Mode: NON_LEADER
I1031 23:03:52.800243 10759 ts_tablet_manager.cc:862] T 68aa6071fa594e79958cddb8489a1f0c P 0a8bbcbbb5a6459aa5258464755db3bb: Registered tablet (data state: TABLET_DATA_READY)
I1031 23:03:52.800545 39768 ts_tablet_manager.cc:723] T 68aa6071fa594e79958cddb8489a1f0c P 0a8bbcbbb5a6459aa5258464755db3bb: Bootstrapping tablet
I1031 23:03:52.800609 10759 tablet_service.cc:650] Processing CreateTablet for tablet 45e2cfbf12734183aa63ce7e9e78c541 (table=default.timeout_tst [id=cdcb3e60c1314776843d856365535d49]), partition=HASH (id) PARTITION 4, RANGE (date) PARTITION 20171031 <= VALUES < 20171101
I1031 23:03:52.801038 39768 tablet_bootstrap.cc:382] T 68aa6071fa594e79958cddb8489a1f0c P 0a8bbcbbb5a6459aa5258464755db3bb: Bootstrap starting.
I1031 23:03:52.801921 39768 tablet_bootstrap.cc:541] T 68aa6071fa594e79958cddb8489a1f0c P 0a8bbcbbb5a6459aa5258464755db3bb: Time spent opening tablet: real 0.000s user 0.000s sys 0.000s
I1031 23:03:52.802064 39768 tablet_bootstrap.cc:484] T 68aa6071fa594e79958cddb8489a1f0c P 0a8bbcbbb5a6459aa5258464755db3bb: No blocks or log segments found. Creating new log.
I1031 23:03:52.802664 39768 tablet_bootstrap.cc:382] T 68aa6071fa594e79958cddb8489a1f0c P 0a8bbcbbb5a6459aa5258464755db3bb: No bootstrap required, opened a new log
I1031 23:03:52.802691 39768 ts_tablet_manager.cc:728] T 68aa6071fa594e79958cddb8489a1f0c P 0a8bbcbbb5a6459aa5258464755db3bb: Time spent bootstrapping tablet: real 0.002s user 0.002s sys 0.000s
I1031 23:03:52.803131 39768 raft_consensus.cc:288] T 68aa6071fa594e79958cddb8489a1f0c P 0a8bbcbbb5a6459aa5258464755db3bb [term 0 FOLLOWER]: Replica starting. Triggering 0 pending transactions. Active config: opid_index: -1 OBSOLETE_local: false peers { permanent_uuid: "23f962e4a1744381ad5fa0d2d8b10241" member_type: VOTER last_known_addr { host: "c3-kudu-tst-st07.bj" port: 18700 } } peers { permanent_uuid: "0fc477287c154136abc1e2f3c82fb7f9" member_type: VOTER last_known_addr { host: "c3-kudu-tst-st04.bj" port: 18700 } } peers { permanent_uuid: "0a8bbcbbb5a6459aa5258464755db3bb" member_type: VOTER last_known_addr { host: "c3-kudu-tst-st02.bj" port: 18700 } }
I1031 23:03:52.803160 39768 raft_consensus.cc:319] T 68aa6071fa594e79958cddb8489a1f0c P 0a8bbcbbb5a6459aa5258464755db3bb [term 0 FOLLOWER]: Consensus starting up: Expiring failure detector timer to make a prompt election more likely
I1031 23:03:52.803170 39768 raft_consensus.cc:548] T 68aa6071fa594e79958cddb8489a1f0c P 0a8bbcbbb5a6459aa5258464755db3bb [term 0 FOLLOWER]: Becoming Follower/Learner. State: Replica: 0a8bbcbbb5a6459aa5258464755db3bb, State: 1, Role: FOLLOWER
I1031 23:03:52.803186 39768 consensus_queue.cc:176] T 68aa6071fa594e79958cddb8489a1f0c P 0a8bbcbbb5a6459aa5258464755db3bb [NON_LEADER]: Queue going to NON_LEADER mode. State: All replicated index: 0, Majority replicated index: 0, Committed index: 0, Last appended: 0.0, Current term: 0, Majority size: -1, State: 1, Mode: NON_LEADER
I1031 23:03:52.825320 10754 ts_tablet_manager.cc:862] T 1c64d9f8e8c740c8ae73f0d7357fcbfd P 0a8bbcbbb5a6459aa5258464755db3bb: Registered tablet (data state: TABLET_DATA_READY)
I1031 23:03:52.825408 10754 tablet_service.cc:650] Processing CreateTablet for tablet 648eb376255a4dd4bb5818262efcc813 (table=default.timeout_tst [id=cdcb3e60c1314776843d856365535d49]), partition=HASH (id) PARTITION 4, RANGE (date) PARTITION 20171101 <= VALUES < 20171102
I1031 23:03:52.844645 39731 raft_consensus.cc:411] T 27f651ff46ca4722b064a85e795dcaa4 P 0a8bbcbbb5a6459aa5258464755db3bb [term 0 FOLLOWER]: Starting pre-election (no leader contacted us within the election timeout)
I1031 23:03:52.844683 39731 raft_consensus.cc:2162] T 27f651ff46ca4722b064a85e795dcaa4 P 0a8bbcbbb5a6459aa5258464755db3bb [term 0 FOLLOWER]: Snoozing failure detection for election timeout plus an additional 1.932s
I1031 23:03:52.844735 39731 raft_consensus.cc:435] T 27f651ff46ca4722b064a85e795dcaa4 P 0a8bbcbbb5a6459aa5258464755db3bb [term 0 FOLLOWER]: Starting pre-election with config: opid_index: -1 OBSOLETE_local: false peers { permanent_uuid: "0a8bbcbbb5a6459aa5258464755db3bb" member_type: VOTER last_known_addr { host: "c3-kudu-tst-st02.bj" port: 18700 } } peers { permanent_uuid: "193181be29284287b25df2ee92938f0b" member_type: VOTER last_known_addr { host: "c3-kudu-tst-st08.bj" port: 18700 } } peers { permanent_uuid: "23f962e4a1744381ad5fa0d2d8b10241" member_type: VOTER last_known_addr { host: "c3-kudu-tst-st07.bj" port: 18700 } }
I1031 23:03:52.845420 39731 leader_election.cc:216] T 27f651ff46ca4722b064a85e795dcaa4 P 0a8bbcbbb5a6459aa5258464755db3bb [CANDIDATE]: Term 1 pre-election: Requesting pre-vote from peer 193181be29284287b25df2ee92938f0b
I1031 23:03:52.845468 39731 leader_election.cc:216] T 27f651ff46ca4722b064a85e795dcaa4 P 0a8bbcbbb5a6459aa5258464755db3bb [CANDIDATE]: Term 1 pre-election: Requesting pre-vote from peer 23f962e4a1744381ad5fa0d2d8b10241
W1031 23:03:52.845679 10719 leader_election.cc:278] T 27f651ff46ca4722b064a85e795dcaa4 P 0a8bbcbbb5a6459aa5258464755db3bb [CANDIDATE]: Term 1 pre-election: Tablet error from VoteRequest() call to peer 193181be29284287b25df2ee92938f0b: Not found: Tablet not found
W1031 23:03:52.845738 10720 leader_election.cc:278] T 27f651ff46ca4722b064a85e795dcaa4 P 0a8bbcbbb5a6459aa5258464755db3bb [CANDIDATE]: Term 1 pre-election: Tablet error from VoteRequest() call to peer 23f962e4a1744381ad5fa0d2d8b10241: Not found: Tablet not found
I1031 23:03:52.845759 10720 leader_election.cc:243] T 27f651ff46ca4722b064a85e795dcaa4 P 0a8bbcbbb5a6459aa5258464755db3bb [CANDIDATE]: Term 1 pre-election: Election decided. Result: candidate lost.
I1031 23:03:52.845841 39732 raft_consensus.cc:2162] T 27f651ff46ca4722b064a85e795dcaa4 P 0a8bbcbbb5a6459aa5258464755db3bb [term 0 FOLLOWER]: Snoozing failure detection for election timeout plus an additional 1.826s
I1031 23:03:52.845865 39732 raft_consensus.cc:1908] T 27f651ff46ca4722b064a85e795dcaa4 P 0a8bbcbbb5a6459aa5258464755db3bb [term 0 FOLLOWER]: Leader pre-election lost for term 1. Reason: could not achieve majority
I1031 23:03:52.850719 10761 ts_tablet_manager.cc:862] T 5110f0095bd94f67abf0aad906332efe P 0a8bbcbbb5a6459aa5258464755db3bb: Registered tablet (data state: TABLET_DATA_READY)
I1031 23:03:52.875849 10765 ts_tablet_manager.cc:862] T 69b8c3e3568c4c19b638bb66e46a95a1 P 0a8bbcbbb5a6459aa5258464755db3bb: Registered tablet (data state: TABLET_DATA_READY)
I1031 23:03:52.900943 10755 ts_tablet_manager.cc:862] T 3125380200594db7a7b78a5539b9dfad P 0a8bbcbbb5a6459aa5258464755db3bb: Registered tablet (data state: TABLET_DATA_READY)
I1031 23:03:52.926308 10766 ts_tablet_manager.cc:862] T 8182189275034354a3c350318114c7e4 P 0a8bbcbbb5a6459aa5258464755db3bb: Registered tablet (data state: TABLET_DATA_READY)
I1031 23:03:52.941737 39746 raft_consensus.cc:411] T c7eb286102a648969b5cf2a93710a72c P 0a8bbcbbb5a6459aa5258464755db3bb [term 0 FOLLOWER]: Starting pre-election (no leader contacted us within the election timeout)
I1031 23:03:52.941768 39746 raft_consensus.cc:2162] T c7eb286102a648969b5cf2a93710a72c P 0a8bbcbbb5a6459aa5258464755db3bb [term 0 FOLLOWER]: Snoozing failure detection for election timeout plus an additional 1.697s
I1031 23:03:52.941812 39746 raft_consensus.cc:435] T c7eb286102a648969b5cf2a93710a72c P 0a8bbcbbb5a6459aa5258464755db3bb [term 0 FOLLOWER]: Starting pre-election with config: opid_index: -1 OBSOLETE_local: false peers { permanent_uuid: "0a8bbcbbb5a6459aa5258464755db3bb" member_type: VOTER last_known_addr { host: "c3-kudu-tst-st02.bj" port: 18700 } } peers { permanent_uuid: "625f49b9554549e6a5c3a92b76e576cf" member_type: VOTER last_known_addr { host: "c3-kudu-tst-st10.bj" port: 18700 } } peers { permanent_uuid: "d3eb30bd1bc34b95902fa61724239553" member_type: VOTER last_known_addr { host: "c3-kudu-tst-st05.bj" port: 18700 } }
I1031 23:03:52.942502 39746 leader_election.cc:216] T c7eb286102a648969b5cf2a93710a72c P 0a8bbcbbb5a6459aa5258464755db3bb [CANDIDATE]: Term 1 pre-election: Requesting pre-vote from peer 625f49b9554549e6a5c3a92b76e576cf
I1031 23:03:52.942535 39746 leader_election.cc:216] T c7eb286102a648969b5cf2a93710a72c P 0a8bbcbbb5a6459aa5258464755db3bb [CANDIDATE]: Term 1 pre-election: Requesting pre-vote from peer d3eb30bd1bc34b95902fa61724239553
W1031 23:03:52.942850 10718 leader_election.cc:278] T c7eb286102a648969b5cf2a93710a72c P 0a8bbcbbb5a6459aa5258464755db3bb [CANDIDATE]: Term 1 pre-election: Tablet error from VoteRequest() call to peer 625f49b9554549e6a5c3a92b76e576cf: Illegal state: Tablet not RUNNING: NOT_STARTED
W1031 23:03:52.942910 10719 leader_election.cc:278] T c7eb286102a648969b5cf2a93710a72c P 0a8bbcbbb5a6459aa5258464755db3bb [CANDIDATE]: Term 1 pre-election: Tablet error from VoteRequest() call to peer d3eb30bd1bc34b95902fa61724239553: Illegal state: Tablet not RUNNING: NOT_STARTED
I1031 23:03:52.942939 10719 leader_election.cc:243] T c7eb286102a648969b5cf2a93710a72c P 0a8bbcbbb5a6459aa5258464755db3bb [CANDIDATE]: Term 1 pre-election: Election decided. Result: candidate lost.
I1031 23:03:52.942977 39747 raft_consensus.cc:2162] T c7eb286102a648969b5cf2a93710a72c P 0a8bbcbbb5a6459aa5258464755db3bb [term 0 FOLLOWER]: Snoozing failure detection for election timeout plus an additional 2.127s
I1031 23:03:52.943002 39747 raft_consensus.cc:1908] T c7eb286102a648969b5cf2a93710a72c P 0a8bbcbbb5a6459aa5258464755db3bb [term 0 FOLLOWER]: Leader pre-election lost for term 1. Reason: could not achieve majority
I1031 23:03:52.959833 10760 ts_tablet_manager.cc:862] T 6f911a94e20d47aa9efaf9ffe3914c3b P 0a8bbcbbb5a6459aa5258464755db3bb: Registered tablet (data state: TABLET_DATA_READY)
I1031 23:03:52.960705 39751 raft_consensus.cc:411] T 6ca74226a6af40e2a78046fc3591c038 P 0a8bbcbbb5a6459aa5258464755db3bb [term 0 FOLLOWER]: Starting pre-election (no leader contacted us within the election timeout)
I1031 23:03:52.960753 39751 raft_consensus.cc:2162] T 6ca74226a6af40e2a78046fc3591c038 P 0a8bbcbbb5a6459aa5258464755db3bb [term 0 FOLLOWER]: Snoozing failure detection for election timeout plus an additional 2.140s
I1031 23:03:52.960830 39751 raft_consensus.cc:435] T 6ca74226a6af40e2a78046fc3591c038 P 0a8bbcbbb5a6459aa5258464755db3bb [term 0 FOLLOWER]: Starting pre-election with config: opid_index: -1 OBSOLETE_local: false peers { permanent_uuid: "0a8bbcbbb5a6459aa5258464755db3bb" member_type: VOTER last_known_addr { host: "c3-kudu-tst-st02.bj" port: 18700 } } peers { permanent_uuid: "193181be29284287b25df2ee92938f0b" member_type: VOTER last_known_addr { host: "c3-kudu-tst-st08.bj" port: 18700 } } peers { permanent_uuid: "23f962e4a1744381ad5fa0d2d8b10241" member_type: VOTER last_known_addr { host: "c3-kudu-tst-st07.bj" port: 18700 } }
I1031 23:03:52.961665 39751 leader_election.cc:216] T 6ca74226a6af40e2a78046fc3591c038 P 0a8bbcbbb5a6459aa5258464755db3bb [CANDIDATE]: Term 1 pre-election: Requesting pre-vote from peer 193181be29284287b25df2ee92938f0b
I1031 23:03:52.961695 39751 leader_election.cc:216] T 6ca74226a6af40e2a78046fc3591c038 P 0a8bbcbbb5a6459aa5258464755db3bb [CANDIDATE]: Term 1 pre-election: Requesting pre-vote from peer 23f962e4a1744381ad5fa0d2d8b10241
I1031 23:03:52.961906 10719 leader_election.cc:348] T 6ca74226a6af40e2a78046fc3591c038 P 0a8bbcbbb5a6459aa5258464755db3bb [CANDIDATE]: Term 1 pre-election: Vote granted by peer 193181be29284287b25df2ee92938f0b
I1031 23:03:52.961926 10719 leader_election.cc:243] T 6ca74226a6af40e2a78046fc3591c038 P 0a8bbcbbb5a6459aa5258464755db3bb [CANDIDATE]: Term 1 pre-election: Election decided. Result: candidate won.
I1031 23:03:52.962019 39752 raft_consensus.cc:2162] T 6ca74226a6af40e2a78046fc3591c038 P 0a8bbcbbb5a6459aa5258464755db3bb [term 0 FOLLOWER]: Snoozing failure detection for election timeout plus an additional 1.978s
I1031 23:03:52.962033 10720 leader_election.cc:348] T 6ca74226a6af40e2a78046fc3591c038 P 0a8bbcbbb5a6459aa5258464755db3bb [CANDIDATE]: Term 1 pre-election: Vote granted by peer 23f962e4a1744381ad5fa0d2d8b10241
I1031 23:03:52.962044 39752 raft_consensus.cc:1971] T 6ca74226a6af40e2a78046fc3591c038 P 0a8bbcbbb5a6459aa5258464755db3bb [term 0 FOLLOWER]: Leader pre-election won for term 1
I1031 23:03:52.962082 39752 raft_consensus.cc:411] T 6ca74226a6af40e2a78046fc3591c038 P 0a8bbcbbb5a6459aa5258464755db3bb [term 0 FOLLOWER]: Starting leader election (no leader contacted us within the election timeout)
I1031 23:03:52.962100 39752 raft_consensus.cc:2162] T 6ca74226a6af40e2a78046fc3591c038 P 0a8bbcbbb5a6459aa5258464755db3bb [term 0 FOLLOWER]: Snoozing failure detection for election timeout plus an additional 2.102s
I1031 23:03:52.962111 39752 raft_consensus.cc:2206] T 6ca74226a6af40e2a78046fc3591c038 P 0a8bbcbbb5a6459aa5258464755db3bb [term 0 FOLLOWER]: Advancing to term 1
I1031 23:03:52.962774 39752 raft_consensus.cc:435] T 6ca74226a6af40e2a78046fc3591c038 P 0a8bbcbbb5a6459aa5258464755db3bb [term 1 FOLLOWER]: Starting leader election with config: opid_index: -1 OBSOLETE_local: false peers { permanent_uuid: "0a8bbcbbb5a6459aa5258464755db3bb" member_type: VOTER last_known_addr { host: "c3-kudu-tst-st02.bj" port: 18700 } } peers { permanent_uuid: "193181be29284287b25df2ee92938f0b" member_type: VOTER last_known_addr { host: "c3-kudu-tst-st08.bj" port: 18700 } } peers { permanent_uuid: "23f962e4a1744381ad5fa0d2d8b10241" member_type: VOTER last_known_addr { host: "c3-kudu-tst-st07.bj" port: 18700 } }
I1031 23:03:52.963279 39752 leader_election.cc:216] T 6ca74226a6af40e2a78046fc3591c038 P 0a8bbcbbb5a6459aa5258464755db3bb [CANDIDATE]: Term 1 election: Requesting vote from peer 193181be29284287b25df2ee92938f0b
I1031 23:03:52.963305 39752 leader_election.cc:216] T 6ca74226a6af40e2a78046fc3591c038 P 0a8bbcbbb5a6459aa5258464755db3bb [CANDIDATE]: Term 1 election: Requesting vote from peer 23f962e4a1744381ad5fa0d2d8b10241
I1031 23:03:52.963963 10720 leader_election.cc:348] T 6ca74226a6af40e2a78046fc3591c038 P 0a8bbcbbb5a6459aa5258464755db3bb [CANDIDATE]: Term 1 election: Vote granted by peer 23f962e4a1744381ad5fa0d2d8b10241
I1031 23:03:52.963987 10720 leader_election.cc:243] T 6ca74226a6af40e2a78046fc3591c038 P 0a8bbcbbb5a6459aa5258464755db3bb [CANDIDATE]: Term 1 election: Election decided. Result: candidate won.
I1031 23:03:52.964031 39752 raft_consensus.cc:2162] T 6ca74226a6af40e2a78046fc3591c038 P 0a8bbcbbb5a6459aa5258464755db3bb [term 1 FOLLOWER]: Snoozing failure detection for election timeout plus an additional 2.036s
I1031 23:03:52.964046 39752 raft_consensus.cc:1971] T 6ca74226a6af40e2a78046fc3591c038 P 0a8bbcbbb5a6459aa5258464755db3bb [term 1 FOLLOWER]: Leader election won for term 1
I1031 23:03:52.964357 39752 raft_consensus.cc:518] T 6ca74226a6af40e2a78046fc3591c038 P 0a8bbcbbb5a6459aa5258464755db3bb [term 1 LEADER]: Becoming Leader. State: Replica: 0a8bbcbbb5a6459aa5258464755db3bb, State: 1, Role: LEADER
I1031 23:03:52.964423 39752 consensus_queue.cc:158] T 6ca74226a6af40e2a78046fc3591c038 P 0a8bbcbbb5a6459aa5258464755db3bb [LEADER]: Queue going to LEADER mode. State: All replicated index: 0, Majority replicated index: 0, Committed index: 0, Last appended: 0.0, Current term: 1, Majority size: 2, State: 1, Mode: LEADER, active raft config: opid_index: -1 OBSOLETE_local: false peers { permanent_uuid: "0a8bbcbbb5a6459aa5258464755db3bb" member_type: VOTER last_known_addr { host: "c3-kudu-tst-st02.bj" port: 18700 } } peers { permanent_uuid: "193181be29284287b25df2ee92938f0b" member_type: VOTER last_known_addr { host: "c3-kudu-tst-st08.bj" port: 18700 } } peers { permanent_uuid: "23f962e4a1744381ad5fa0d2d8b10241" member_type: VOTER last_known_addr { host: "c3-kudu-tst-st07.bj" port: 18700 } }
I1031 23:03:52.964895 10719 leader_election.cc:348] T 6ca74226a6af40e2a78046fc3591c038 P 0a8bbcbbb5a6459aa5258464755db3bb [CANDIDATE]: Term 1 election: Vote granted by peer 193181be29284287b25df2ee92938f0b
I1031 23:03:52.985360 10777 raft_consensus.cc:1677] T f05a7aa04e784d02a30ce666139a7263 P 0a8bbcbbb5a6459aa5258464755db3bb [term 1 FOLLOWER]: Leader pre-election vote request: Denying vote to candidate 625f49b9554549e6a5c3a92b76e576cf in current term 1: Already voted for candidate 0fc477287c154136abc1e2f3c82fb7f9 in this term.
I1031 23:03:53.025158 39771 raft_consensus.cc:411] T 68aa6071fa594e79958cddb8489a1f0c P 0a8bbcbbb5a6459aa5258464755db3bb [term 0 FOLLOWER]: Starting pre-election (no leader contacted us within the election timeout)
I1031 23:03:53.025245 39771 raft_consensus.cc:2162] T 68aa6071fa594e79958cddb8489a1f0c P 0a8bbcbbb5a6459aa5258464755db3bb [term 0 FOLLOWER]: Snoozing failure detection for election timeout plus an additional 1.942s
I1031 23:03:53.025362 39771 raft_consensus.cc:435] T 68aa6071fa594e79958cddb8489a1f0c P 0a8bbcbbb5a6459aa5258464755db3bb [term 0 FOLLOWER]: Starting pre-election with config: opid_index: -1 OBSOLETE_local: false peers { permanent_uuid: "23f962e4a1744381ad5fa0d2d8b10241" member_type: VOTER last_known_addr { host: "c3-kudu-tst-st07.bj" port: 18700 } } peers { permanent_uuid: "0fc477287c154136abc1e2f3c82fb7f9" member_type: VOTER last_known_addr { host: "c3-kudu-tst-st04.bj" port: 18700 } } peers { permanent_uuid: "0a8bbcbbb5a6459aa5258464755db3bb" member_type: VOTER last_known_addr { host: "c3-kudu-tst-st02.bj" port: 18700 } }
I1031 23:03:53.026217 39771 leader_election.cc:216] T 68aa6071fa594e79958cddb8489a1f0c P 0a8bbcbbb5a6459aa5258464755db3bb [CANDIDATE]: Term 1 pre-election: Requesting pre-vote from peer 23f962e4a1744381ad5fa0d2d8b10241
I1031 23:03:53.026278 39771 leader_election.cc:216] T 68aa6071fa594e79958cddb8489a1f0c P 0a8bbcbbb5a6459aa5258464755db3bb [CANDIDATE]: Term 1 pre-election: Requesting pre-vote from peer 0fc477287c154136abc1e2f3c82fb7f9
W1031 23:03:53.026501 10720 leader_election.cc:278] T 68aa6071fa594e79958cddb8489a1f0c P 0a8bbcbbb5a6459aa5258464755db3bb [CANDIDATE]: Term 1 pre-election: Tablet error from VoteRequest() call to peer 23f962e4a1744381ad5fa0d2d8b10241: Not found: Tablet not found
I1031 23:03:53.026556 10718 leader_election.cc:348] T 68aa6071fa594e79958cddb8489a1f0c P 0a8bbcbbb5a6459aa5258464755db3bb [CANDIDATE]: Term 1 pre-election: Vote granted by peer 0fc477287c154136abc1e2f3c82fb7f9
I1031 23:03:53.026581 10718 leader_election.cc:243] T 68aa6071fa594e79958cddb8489a1f0c P 0a8bbcbbb5a6459aa5258464755db3bb [CANDIDATE]: Term 1 pre-election: Election decided. Result: candidate won.
I1031 23:03:53.026648 39772 raft_consensus.cc:2162] T 68aa6071fa594e79958cddb8489a1f0c P 0a8bbcbbb5a6459aa5258464755db3bb [term 0 FOLLOWER]: Snoozing failure detection for election timeout plus an additional 1.841s
I1031 23:03:53.026669 39772 raft_consensus.cc:1971] T 68aa6071fa594e79958cddb8489a1f0c P 0a8bbcbbb5a6459aa5258464755db3bb [term 0 FOLLOWER]: Leader pre-election won for term 1
I1031 23:03:53.026682 39772 raft_consensus.cc:411] T 68aa6071fa594e79958cddb8489a1f0c P 0a8bbcbbb5a6459aa5258464755db3bb [term 0 FOLLOWER]: Starting leader election (no leader contacted us within the election timeout)
I1031 23:03:53.026697 39772 raft_consensus.cc:2162] T 68aa6071fa594e79958cddb8489a1f0c P 0a8bbcbbb5a6459aa5258464755db3bb [term 0 FOLLOWER]: Snoozing failure detection for election timeout plus an additional 2.185s
I1031 23:03:53.026710 39772 raft_consensus.cc:2206] T 68aa6071fa594e79958cddb8489a1f0c P 0a8bbcbbb5a6459aa5258464755db3bb [term 0 FOLLOWER]: Advancing to term 1
I1031 23:03:53.059195 39766 raft_consensus.cc:411] T feeb15ca2b1f490296ccd8a8edacf49f P 0a8bbcbbb5a6459aa5258464755db3bb [term 0 FOLLOWER]: Starting pre-election (no leader contacted us within the election timeout)
I1031 23:03:53.059269 39766 raft_consensus.cc:2162] T feeb15ca2b1f490296ccd8a8edacf49f P 0a8bbcbbb5a6459aa5258464755db3bb [term 0 FOLLOWER]: Snoozing failure detection for election timeout plus an additional 1.614s
