W1031 23:08:00.568193 10720 consensus_peers.cc:357] T 68aa6071fa594e79958cddb8489a1f0c P 0a8bbcbbb5a6459aa5258464755db3bb -> Peer 23f962e4a1744381ad5fa0d2d8b10241 (c3-kudu-tst-st07.bj:18700): Couldn't send request to peer 23f962e4a1744381ad5fa0d2d8b10241 for tablet 68aa6071fa594e79958cddb8489a1f0c. Error code: TABLET_NOT_RUNNING (12). Status: Illegal state: Tablet not RUNNING: NOT_STARTED. Retrying in the next heartbeat period. Already tried 495 times.
W1031 23:08:01.007402 10720 consensus_peers.cc:357] T 47eeb8448c454968a45bf1a984427b25 P 0a8bbcbbb5a6459aa5258464755db3bb -> Peer 23f962e4a1744381ad5fa0d2d8b10241 (c3-kudu-tst-st07.bj:18700): Couldn't send request to peer 23f962e4a1744381ad5fa0d2d8b10241 for tablet 47eeb8448c454968a45bf1a984427b25. Error code: TABLET_NOT_RUNNING (12). Status: Illegal state: Tablet not RUNNING: NOT_STARTED. Retrying in the next heartbeat period. Already tried 293 times.
W1031 23:08:01.068310 10720 consensus_peers.cc:357] T 68aa6071fa594e79958cddb8489a1f0c P 0a8bbcbbb5a6459aa5258464755db3bb -> Peer 23f962e4a1744381ad5fa0d2d8b10241 (c3-kudu-tst-st07.bj:18700): Couldn't send request to peer 23f962e4a1744381ad5fa0d2d8b10241 for tablet 68aa6071fa594e79958cddb8489a1f0c. Error code: TABLET_NOT_RUNNING (12). Status: Illegal state: Tablet not RUNNING: NOT_STARTED. Retrying in the next heartbeat period. Already tried 496 times.
W1031 23:08:01.507437 10720 consensus_peers.cc:357] T 47eeb8448c454968a45bf1a984427b25 P 0a8bbcbbb5a6459aa5258464755db3bb -> Peer 23f962e4a1744381ad5fa0d2d8b10241 (c3-kudu-tst-st07.bj:18700): Couldn't send request to peer 23f962e4a1744381ad5fa0d2d8b10241 for tablet 47eeb8448c454968a45bf1a984427b25. Error code: TABLET_NOT_RUNNING (12). Status: Illegal state: Tablet not RUNNING: NOT_STARTED. Retrying in the next heartbeat period. Already tried 294 times.
W1031 23:08:01.568373 10720 consensus_peers.cc:357] T 68aa6071fa594e79958cddb8489a1f0c P 0a8bbcbbb5a6459aa5258464755db3bb -> Peer 23f962e4a1744381ad5fa0d2d8b10241 (c3-kudu-tst-st07.bj:18700): Couldn't send request to peer 23f962e4a1744381ad5fa0d2d8b10241 for tablet 68aa6071fa594e79958cddb8489a1f0c. Error code: TABLET_NOT_RUNNING (12). Status: Illegal state: Tablet not RUNNING: NOT_STARTED. Retrying in the next heartbeat period. Already tried 497 times.
W1031 23:08:02.007508 10720 consensus_peers.cc:357] T 47eeb8448c454968a45bf1a984427b25 P 0a8bbcbbb5a6459aa5258464755db3bb -> Peer 23f962e4a1744381ad5fa0d2d8b10241 (c3-kudu-tst-st07.bj:18700): Couldn't send request to peer 23f962e4a1744381ad5fa0d2d8b10241 for tablet 47eeb8448c454968a45bf1a984427b25. Error code: TABLET_NOT_RUNNING (12). Status: Illegal state: Tablet not RUNNING: NOT_STARTED. Retrying in the next heartbeat period. Already tried 295 times.
W1031 23:08:02.068372 10720 consensus_peers.cc:357] T 68aa6071fa594e79958cddb8489a1f0c P 0a8bbcbbb5a6459aa5258464755db3bb -> Peer 23f962e4a1744381ad5fa0d2d8b10241 (c3-kudu-tst-st07.bj:18700): Couldn't send request to peer 23f962e4a1744381ad5fa0d2d8b10241 for tablet 68aa6071fa594e79958cddb8489a1f0c. Error code: TABLET_NOT_RUNNING (12). Status: Illegal state: Tablet not RUNNING: NOT_STARTED. Retrying in the next heartbeat period. Already tried 498 times.
W1031 23:08:02.507580 10720 consensus_peers.cc:357] T 47eeb8448c454968a45bf1a984427b25 P 0a8bbcbbb5a6459aa5258464755db3bb -> Peer 23f962e4a1744381ad5fa0d2d8b10241 (c3-kudu-tst-st07.bj:18700): Couldn't send request to peer 23f962e4a1744381ad5fa0d2d8b10241 for tablet 47eeb8448c454968a45bf1a984427b25. Error code: TABLET_NOT_RUNNING (12). Status: Illegal state: Tablet not RUNNING: NOT_STARTED. Retrying in the next heartbeat period. Already tried 296 times.
W1031 23:08:02.568496 10720 consensus_peers.cc:357] T 68aa6071fa594e79958cddb8489a1f0c P 0a8bbcbbb5a6459aa5258464755db3bb -> Peer 23f962e4a1744381ad5fa0d2d8b10241 (c3-kudu-tst-st07.bj:18700): Couldn't send request to peer 23f962e4a1744381ad5fa0d2d8b10241 for tablet 68aa6071fa594e79958cddb8489a1f0c. Error code: TABLET_NOT_RUNNING (12). Status: Illegal state: Tablet not RUNNING: NOT_STARTED. Retrying in the next heartbeat period. Already tried 499 times.
W1031 23:08:03.007647 10720 consensus_peers.cc:357] T 47eeb8448c454968a45bf1a984427b25 P 0a8bbcbbb5a6459aa5258464755db3bb -> Peer 23f962e4a1744381ad5fa0d2d8b10241 (c3-kudu-tst-st07.bj:18700): Couldn't send request to peer 23f962e4a1744381ad5fa0d2d8b10241 for tablet 47eeb8448c454968a45bf1a984427b25. Error code: TABLET_NOT_RUNNING (12). Status: Illegal state: Tablet not RUNNING: NOT_STARTED. Retrying in the next heartbeat period. Already tried 297 times.
W1031 23:08:03.068545 10720 consensus_peers.cc:357] T 68aa6071fa594e79958cddb8489a1f0c P 0a8bbcbbb5a6459aa5258464755db3bb -> Peer 23f962e4a1744381ad5fa0d2d8b10241 (c3-kudu-tst-st07.bj:18700): Couldn't send request to peer 23f962e4a1744381ad5fa0d2d8b10241 for tablet 68aa6071fa594e79958cddb8489a1f0c. Error code: TABLET_NOT_RUNNING (12). Status: Illegal state: Tablet not RUNNING: NOT_STARTED. Retrying in the next heartbeat period. Already tried 500 times.
W1031 23:08:03.507680 10720 consensus_peers.cc:357] T 47eeb8448c454968a45bf1a984427b25 P 0a8bbcbbb5a6459aa5258464755db3bb -> Peer 23f962e4a1744381ad5fa0d2d8b10241 (c3-kudu-tst-st07.bj:18700): Couldn't send request to peer 23f962e4a1744381ad5fa0d2d8b10241 for tablet 47eeb8448c454968a45bf1a984427b25. Error code: TABLET_NOT_RUNNING (12). Status: Illegal state: Tablet not RUNNING: NOT_STARTED. Retrying in the next heartbeat period. Already tried 298 times.
W1031 23:08:03.568608 10720 consensus_peers.cc:357] T 68aa6071fa594e79958cddb8489a1f0c P 0a8bbcbbb5a6459aa5258464755db3bb -> Peer 23f962e4a1744381ad5fa0d2d8b10241 (c3-kudu-tst-st07.bj:18700): Couldn't send request to peer 23f962e4a1744381ad5fa0d2d8b10241 for tablet 68aa6071fa594e79958cddb8489a1f0c. Error code: TABLET_NOT_RUNNING (12). Status: Illegal state: Tablet not RUNNING: NOT_STARTED. Retrying in the next heartbeat period. Already tried 501 times.
W1031 23:08:04.007769 10720 consensus_peers.cc:357] T 47eeb8448c454968a45bf1a984427b25 P 0a8bbcbbb5a6459aa5258464755db3bb -> Peer 23f962e4a1744381ad5fa0d2d8b10241 (c3-kudu-tst-st07.bj:18700): Couldn't send request to peer 23f962e4a1744381ad5fa0d2d8b10241 for tablet 47eeb8448c454968a45bf1a984427b25. Error code: TABLET_NOT_RUNNING (12). Status: Illegal state: Tablet not RUNNING: NOT_STARTED. Retrying in the next heartbeat period. Already tried 299 times.
W1031 23:08:04.068681 10720 consensus_peers.cc:357] T 68aa6071fa594e79958cddb8489a1f0c P 0a8bbcbbb5a6459aa5258464755db3bb -> Peer 23f962e4a1744381ad5fa0d2d8b10241 (c3-kudu-tst-st07.bj:18700): Couldn't send request to peer 23f962e4a1744381ad5fa0d2d8b10241 for tablet 68aa6071fa594e79958cddb8489a1f0c. Error code: TABLET_NOT_RUNNING (12). Status: Illegal state: Tablet not RUNNING: NOT_STARTED. Retrying in the next heartbeat period. Already tried 502 times.
W1031 23:08:04.507843 10720 consensus_peers.cc:357] T 47eeb8448c454968a45bf1a984427b25 P 0a8bbcbbb5a6459aa5258464755db3bb -> Peer 23f962e4a1744381ad5fa0d2d8b10241 (c3-kudu-tst-st07.bj:18700): Couldn't send request to peer 23f962e4a1744381ad5fa0d2d8b10241 for tablet 47eeb8448c454968a45bf1a984427b25. Error code: TABLET_NOT_RUNNING (12). Status: Illegal state: Tablet not RUNNING: NOT_STARTED. Retrying in the next heartbeat period. Already tried 300 times.
W1031 23:08:04.568732 10720 consensus_peers.cc:357] T 68aa6071fa594e79958cddb8489a1f0c P 0a8bbcbbb5a6459aa5258464755db3bb -> Peer 23f962e4a1744381ad5fa0d2d8b10241 (c3-kudu-tst-st07.bj:18700): Couldn't send request to peer 23f962e4a1744381ad5fa0d2d8b10241 for tablet 68aa6071fa594e79958cddb8489a1f0c. Error code: TABLET_NOT_RUNNING (12). Status: Illegal state: Tablet not RUNNING: NOT_STARTED. Retrying in the next heartbeat period. Already tried 503 times.
W1031 23:08:05.007973 10720 consensus_peers.cc:357] T 47eeb8448c454968a45bf1a984427b25 P 0a8bbcbbb5a6459aa5258464755db3bb -> Peer 23f962e4a1744381ad5fa0d2d8b10241 (c3-kudu-tst-st07.bj:18700): Couldn't send request to peer 23f962e4a1744381ad5fa0d2d8b10241 for tablet 47eeb8448c454968a45bf1a984427b25. Error code: TABLET_NOT_RUNNING (12). Status: Illegal state: Tablet not RUNNING: NOT_STARTED. Retrying in the next heartbeat period. Already tried 301 times.
W1031 23:08:05.068843 10720 consensus_peers.cc:357] T 68aa6071fa594e79958cddb8489a1f0c P 0a8bbcbbb5a6459aa5258464755db3bb -> Peer 23f962e4a1744381ad5fa0d2d8b10241 (c3-kudu-tst-st07.bj:18700): Couldn't send request to peer 23f962e4a1744381ad5fa0d2d8b10241 for tablet 68aa6071fa594e79958cddb8489a1f0c. Error code: TABLET_NOT_RUNNING (12). Status: Illegal state: Tablet not RUNNING: NOT_STARTED. Retrying in the next heartbeat period. Already tried 504 times.
W1031 23:08:05.513386 10720 consensus_peers.cc:357] T 47eeb8448c454968a45bf1a984427b25 P 0a8bbcbbb5a6459aa5258464755db3bb -> Peer 23f962e4a1744381ad5fa0d2d8b10241 (c3-kudu-tst-st07.bj:18700): Couldn't send request to peer 23f962e4a1744381ad5fa0d2d8b10241 for tablet 47eeb8448c454968a45bf1a984427b25. Error code: TABLET_NOT_RUNNING (12). Status: Illegal state: Tablet not RUNNING: NOT_STARTED. Retrying in the next heartbeat period. Already tried 302 times.
W1031 23:08:05.568903 10720 consensus_peers.cc:357] T 68aa6071fa594e79958cddb8489a1f0c P 0a8bbcbbb5a6459aa5258464755db3bb -> Peer 23f962e4a1744381ad5fa0d2d8b10241 (c3-kudu-tst-st07.bj:18700): Couldn't send request to peer 23f962e4a1744381ad5fa0d2d8b10241 for tablet 68aa6071fa594e79958cddb8489a1f0c. Error code: TABLET_NOT_RUNNING (12). Status: Illegal state: Tablet not RUNNING: NOT_STARTED. Retrying in the next heartbeat period. Already tried 505 times.
W1031 23:08:06.013456 10720 consensus_peers.cc:357] T 47eeb8448c454968a45bf1a984427b25 P 0a8bbcbbb5a6459aa5258464755db3bb -> Peer 23f962e4a1744381ad5fa0d2d8b10241 (c3-kudu-tst-st07.bj:18700): Couldn't send request to peer 23f962e4a1744381ad5fa0d2d8b10241 for tablet 47eeb8448c454968a45bf1a984427b25. Error code: TABLET_NOT_RUNNING (12). Status: Illegal state: Tablet not RUNNING: NOT_STARTED. Retrying in the next heartbeat period. Already tried 303 times.
I1031 23:08:06.037040 40663 raft_consensus.cc:411] T f2af422919fd4560bd6441509a68d64b P 0a8bbcbbb5a6459aa5258464755db3bb [term 0 FOLLOWER]: Starting pre-election (no leader contacted us within the election timeout)
I1031 23:08:06.037091 40663 raft_consensus.cc:2162] T f2af422919fd4560bd6441509a68d64b P 0a8bbcbbb5a6459aa5258464755db3bb [term 0 FOLLOWER]: Snoozing failure detection for election timeout plus an additional 4.085s
I1031 23:08:06.037171 40663 raft_consensus.cc:435] T f2af422919fd4560bd6441509a68d64b P 0a8bbcbbb5a6459aa5258464755db3bb [term 0 FOLLOWER]: Starting pre-election with config: opid_index: -1 OBSOLETE_local: false peers { permanent_uuid: "193181be29284287b25df2ee92938f0b" member_type: VOTER last_known_addr { host: "c3-kudu-tst-st08.bj" port: 18700 } } peers { permanent_uuid: "0a8bbcbbb5a6459aa5258464755db3bb" member_type: VOTER last_known_addr { host: "c3-kudu-tst-st02.bj" port: 18700 } } peers { permanent_uuid: "23f962e4a1744381ad5fa0d2d8b10241" member_type: VOTER last_known_addr { host: "c3-kudu-tst-st07.bj" port: 18700 } }
I1031 23:08:06.037787 40663 leader_election.cc:216] T f2af422919fd4560bd6441509a68d64b P 0a8bbcbbb5a6459aa5258464755db3bb [CANDIDATE]: Term 1 pre-election: Requesting pre-vote from peer 193181be29284287b25df2ee92938f0b
I1031 23:08:06.037825 40663 leader_election.cc:216] T f2af422919fd4560bd6441509a68d64b P 0a8bbcbbb5a6459aa5258464755db3bb [CANDIDATE]: Term 1 pre-election: Requesting pre-vote from peer 23f962e4a1744381ad5fa0d2d8b10241
W1031 23:08:06.038027 10719 leader_election.cc:278] T f2af422919fd4560bd6441509a68d64b P 0a8bbcbbb5a6459aa5258464755db3bb [CANDIDATE]: Term 1 pre-election: Tablet error from VoteRequest() call to peer 193181be29284287b25df2ee92938f0b: Not found: Tablet not found
W1031 23:08:06.038067 10720 leader_election.cc:278] T f2af422919fd4560bd6441509a68d64b P 0a8bbcbbb5a6459aa5258464755db3bb [CANDIDATE]: Term 1 pre-election: Tablet error from VoteRequest() call to peer 23f962e4a1744381ad5fa0d2d8b10241: Illegal state: Tablet not RUNNING: NOT_STARTED
I1031 23:08:06.038107 10720 leader_election.cc:243] T f2af422919fd4560bd6441509a68d64b P 0a8bbcbbb5a6459aa5258464755db3bb [CANDIDATE]: Term 1 pre-election: Election decided. Result: candidate lost.
I1031 23:08:06.038455 41921 raft_consensus.cc:2162] T f2af422919fd4560bd6441509a68d64b P 0a8bbcbbb5a6459aa5258464755db3bb [term 0 FOLLOWER]: Snoozing failure detection for election timeout plus an additional 16.809s
I1031 23:08:06.038483 41921 raft_consensus.cc:1908] T f2af422919fd4560bd6441509a68d64b P 0a8bbcbbb5a6459aa5258464755db3bb [term 0 FOLLOWER]: Leader pre-election lost for term 1. Reason: could not achieve majority
W1031 23:08:06.068928 10720 consensus_peers.cc:357] T 68aa6071fa594e79958cddb8489a1f0c P 0a8bbcbbb5a6459aa5258464755db3bb -> Peer 23f962e4a1744381ad5fa0d2d8b10241 (c3-kudu-tst-st07.bj:18700): Couldn't send request to peer 23f962e4a1744381ad5fa0d2d8b10241 for tablet 68aa6071fa594e79958cddb8489a1f0c. Error code: TABLET_NOT_RUNNING (12). Status: Illegal state: Tablet not RUNNING: NOT_STARTED. Retrying in the next heartbeat period. Already tried 506 times.
W1031 23:08:06.513433 10720 consensus_peers.cc:357] T 47eeb8448c454968a45bf1a984427b25 P 0a8bbcbbb5a6459aa5258464755db3bb -> Peer 23f962e4a1744381ad5fa0d2d8b10241 (c3-kudu-tst-st07.bj:18700): Couldn't send request to peer 23f962e4a1744381ad5fa0d2d8b10241 for tablet 47eeb8448c454968a45bf1a984427b25. Error code: TABLET_NOT_RUNNING (12). Status: Illegal state: Tablet not RUNNING: NOT_STARTED. Retrying in the next heartbeat period. Already tried 304 times.
W1031 23:08:06.568955 10720 consensus_peers.cc:357] T 68aa6071fa594e79958cddb8489a1f0c P 0a8bbcbbb5a6459aa5258464755db3bb -> Peer 23f962e4a1744381ad5fa0d2d8b10241 (c3-kudu-tst-st07.bj:18700): Couldn't send request to peer 23f962e4a1744381ad5fa0d2d8b10241 for tablet 68aa6071fa594e79958cddb8489a1f0c. Error code: TABLET_NOT_RUNNING (12). Status: Illegal state: Tablet not RUNNING: NOT_STARTED. Retrying in the next heartbeat period. Already tried 507 times.
W1031 23:08:07.013572 10720 consensus_peers.cc:357] T 47eeb8448c454968a45bf1a984427b25 P 0a8bbcbbb5a6459aa5258464755db3bb -> Peer 23f962e4a1744381ad5fa0d2d8b10241 (c3-kudu-tst-st07.bj:18700): Couldn't send request to peer 23f962e4a1744381ad5fa0d2d8b10241 for tablet 47eeb8448c454968a45bf1a984427b25. Error code: TABLET_NOT_RUNNING (12). Status: Illegal state: Tablet not RUNNING: NOT_STARTED. Retrying in the next heartbeat period. Already tried 305 times.
W1031 23:08:07.069030 10720 consensus_peers.cc:357] T 68aa6071fa594e79958cddb8489a1f0c P 0a8bbcbbb5a6459aa5258464755db3bb -> Peer 23f962e4a1744381ad5fa0d2d8b10241 (c3-kudu-tst-st07.bj:18700): Couldn't send request to peer 23f962e4a1744381ad5fa0d2d8b10241 for tablet 68aa6071fa594e79958cddb8489a1f0c. Error code: TABLET_NOT_RUNNING (12). Status: Illegal state: Tablet not RUNNING: NOT_STARTED. Retrying in the next heartbeat period. Already tried 508 times.
W1031 23:08:07.513782 10720 consensus_peers.cc:357] T 47eeb8448c454968a45bf1a984427b25 P 0a8bbcbbb5a6459aa5258464755db3bb -> Peer 23f962e4a1744381ad5fa0d2d8b10241 (c3-kudu-tst-st07.bj:18700): Couldn't send request to peer 23f962e4a1744381ad5fa0d2d8b10241 for tablet 47eeb8448c454968a45bf1a984427b25. Error code: TABLET_NOT_RUNNING (12). Status: Illegal state: Tablet not RUNNING: NOT_STARTED. Retrying in the next heartbeat period. Already tried 306 times.
W1031 23:08:07.569118 10720 consensus_peers.cc:357] T 68aa6071fa594e79958cddb8489a1f0c P 0a8bbcbbb5a6459aa5258464755db3bb -> Peer 23f962e4a1744381ad5fa0d2d8b10241 (c3-kudu-tst-st07.bj:18700): Couldn't send request to peer 23f962e4a1744381ad5fa0d2d8b10241 for tablet 68aa6071fa594e79958cddb8489a1f0c. Error code: TABLET_NOT_RUNNING (12). Status: Illegal state: Tablet not RUNNING: NOT_STARTED. Retrying in the next heartbeat period. Already tried 509 times.
W1031 23:08:08.013687 10720 consensus_peers.cc:357] T 47eeb8448c454968a45bf1a984427b25 P 0a8bbcbbb5a6459aa5258464755db3bb -> Peer 23f962e4a1744381ad5fa0d2d8b10241 (c3-kudu-tst-st07.bj:18700): Couldn't send request to peer 23f962e4a1744381ad5fa0d2d8b10241 for tablet 47eeb8448c454968a45bf1a984427b25. Error code: TABLET_NOT_RUNNING (12). Status: Illegal state: Tablet not RUNNING: NOT_STARTED. Retrying in the next heartbeat period. Already tried 307 times.
W1031 23:08:08.069182 10720 consensus_peers.cc:357] T 68aa6071fa594e79958cddb8489a1f0c P 0a8bbcbbb5a6459aa5258464755db3bb -> Peer 23f962e4a1744381ad5fa0d2d8b10241 (c3-kudu-tst-st07.bj:18700): Couldn't send request to peer 23f962e4a1744381ad5fa0d2d8b10241 for tablet 68aa6071fa594e79958cddb8489a1f0c. Error code: TABLET_NOT_RUNNING (12). Status: Illegal state: Tablet not RUNNING: NOT_STARTED. Retrying in the next heartbeat period. Already tried 510 times.
W1031 23:08:08.513766 10720 consensus_peers.cc:357] T 47eeb8448c454968a45bf1a984427b25 P 0a8bbcbbb5a6459aa5258464755db3bb -> Peer 23f962e4a1744381ad5fa0d2d8b10241 (c3-kudu-tst-st07.bj:18700): Couldn't send request to peer 23f962e4a1744381ad5fa0d2d8b10241 for tablet 47eeb8448c454968a45bf1a984427b25. Error code: TABLET_NOT_RUNNING (12). Status: Illegal state: Tablet not RUNNING: NOT_STARTED. Retrying in the next heartbeat period. Already tried 308 times.
W1031 23:08:08.569237 10720 consensus_peers.cc:357] T 68aa6071fa594e79958cddb8489a1f0c P 0a8bbcbbb5a6459aa5258464755db3bb -> Peer 23f962e4a1744381ad5fa0d2d8b10241 (c3-kudu-tst-st07.bj:18700): Couldn't send request to peer 23f962e4a1744381ad5fa0d2d8b10241 for tablet 68aa6071fa594e79958cddb8489a1f0c. Error code: TABLET_NOT_RUNNING (12). Status: Illegal state: Tablet not RUNNING: NOT_STARTED. Retrying in the next heartbeat period. Already tried 511 times.
I1031 23:08:08.873817 39731 raft_consensus.cc:411] T 27f651ff46ca4722b064a85e795dcaa4 P 0a8bbcbbb5a6459aa5258464755db3bb [term 0 FOLLOWER]: Starting pre-election (no leader contacted us within the election timeout)
I1031 23:08:08.873872 39731 raft_consensus.cc:2162] T 27f651ff46ca4722b064a85e795dcaa4 P 0a8bbcbbb5a6459aa5258464755db3bb [term 0 FOLLOWER]: Snoozing failure detection for election timeout plus an additional 16.476s
I1031 23:08:08.873940 39731 raft_consensus.cc:435] T 27f651ff46ca4722b064a85e795dcaa4 P 0a8bbcbbb5a6459aa5258464755db3bb [term 0 FOLLOWER]: Starting pre-election with config: opid_index: -1 OBSOLETE_local: false peers { permanent_uuid: "0a8bbcbbb5a6459aa5258464755db3bb" member_type: VOTER last_known_addr { host: "c3-kudu-tst-st02.bj" port: 18700 } } peers { permanent_uuid: "193181be29284287b25df2ee92938f0b" member_type: VOTER last_known_addr { host: "c3-kudu-tst-st08.bj" port: 18700 } } peers { permanent_uuid: "23f962e4a1744381ad5fa0d2d8b10241" member_type: VOTER last_known_addr { host: "c3-kudu-tst-st07.bj" port: 18700 } }
I1031 23:08:08.874505 39731 leader_election.cc:216] T 27f651ff46ca4722b064a85e795dcaa4 P 0a8bbcbbb5a6459aa5258464755db3bb [CANDIDATE]: Term 1 pre-election: Requesting pre-vote from peer 193181be29284287b25df2ee92938f0b
I1031 23:08:08.874533 39731 leader_election.cc:216] T 27f651ff46ca4722b064a85e795dcaa4 P 0a8bbcbbb5a6459aa5258464755db3bb [CANDIDATE]: Term 1 pre-election: Requesting pre-vote from peer 23f962e4a1744381ad5fa0d2d8b10241
W1031 23:08:08.874819 10719 leader_election.cc:278] T 27f651ff46ca4722b064a85e795dcaa4 P 0a8bbcbbb5a6459aa5258464755db3bb [CANDIDATE]: Term 1 pre-election: Tablet error from VoteRequest() call to peer 193181be29284287b25df2ee92938f0b: Not found: Tablet not found
W1031 23:08:08.874939 10720 leader_election.cc:278] T 27f651ff46ca4722b064a85e795dcaa4 P 0a8bbcbbb5a6459aa5258464755db3bb [CANDIDATE]: Term 1 pre-election: Tablet error from VoteRequest() call to peer 23f962e4a1744381ad5fa0d2d8b10241: Illegal state: Tablet not RUNNING: NOT_STARTED
I1031 23:08:08.874977 10720 leader_election.cc:243] T 27f651ff46ca4722b064a85e795dcaa4 P 0a8bbcbbb5a6459aa5258464755db3bb [CANDIDATE]: Term 1 pre-election: Election decided. Result: candidate lost.
I1031 23:08:08.875288 41928 raft_consensus.cc:2162] T 27f651ff46ca4722b064a85e795dcaa4 P 0a8bbcbbb5a6459aa5258464755db3bb [term 0 FOLLOWER]: Snoozing failure detection for election timeout plus an additional 14.922s
I1031 23:08:08.875309 41928 raft_consensus.cc:1908] T 27f651ff46ca4722b064a85e795dcaa4 P 0a8bbcbbb5a6459aa5258464755db3bb [term 0 FOLLOWER]: Leader pre-election lost for term 1. Reason: could not achieve majority
W1031 23:08:09.013877 10720 consensus_peers.cc:357] T 47eeb8448c454968a45bf1a984427b25 P 0a8bbcbbb5a6459aa5258464755db3bb -> Peer 23f962e4a1744381ad5fa0d2d8b10241 (c3-kudu-tst-st07.bj:18700): Couldn't send request to peer 23f962e4a1744381ad5fa0d2d8b10241 for tablet 47eeb8448c454968a45bf1a984427b25. Error code: TABLET_NOT_RUNNING (12). Status: Illegal state: Tablet not RUNNING: NOT_STARTED. Retrying in the next heartbeat period. Already tried 309 times.
W1031 23:08:09.069314 10720 consensus_peers.cc:357] T 68aa6071fa594e79958cddb8489a1f0c P 0a8bbcbbb5a6459aa5258464755db3bb -> Peer 23f962e4a1744381ad5fa0d2d8b10241 (c3-kudu-tst-st07.bj:18700): Couldn't send request to peer 23f962e4a1744381ad5fa0d2d8b10241 for tablet 68aa6071fa594e79958cddb8489a1f0c. Error code: TABLET_NOT_RUNNING (12). Status: Illegal state: Tablet not RUNNING: NOT_STARTED. Retrying in the next heartbeat period. Already tried 512 times.
W1031 23:08:09.513907 10720 consensus_peers.cc:357] T 47eeb8448c454968a45bf1a984427b25 P 0a8bbcbbb5a6459aa5258464755db3bb -> Peer 23f962e4a1744381ad5fa0d2d8b10241 (c3-kudu-tst-st07.bj:18700): Couldn't send request to peer 23f962e4a1744381ad5fa0d2d8b10241 for tablet 47eeb8448c454968a45bf1a984427b25. Error code: TABLET_NOT_RUNNING (12). Status: Illegal state: Tablet not RUNNING: NOT_STARTED. Retrying in the next heartbeat period. Already tried 310 times.
W1031 23:08:09.569460 10720 consensus_peers.cc:357] T 68aa6071fa594e79958cddb8489a1f0c P 0a8bbcbbb5a6459aa5258464755db3bb -> Peer 23f962e4a1744381ad5fa0d2d8b10241 (c3-kudu-tst-st07.bj:18700): Couldn't send request to peer 23f962e4a1744381ad5fa0d2d8b10241 for tablet 68aa6071fa594e79958cddb8489a1f0c. Error code: TABLET_NOT_RUNNING (12). Status: Illegal state: Tablet not RUNNING: NOT_STARTED. Retrying in the next heartbeat period. Already tried 513 times.
W1031 23:08:10.014027 10720 consensus_peers.cc:357] T 47eeb8448c454968a45bf1a984427b25 P 0a8bbcbbb5a6459aa5258464755db3bb -> Peer 23f962e4a1744381ad5fa0d2d8b10241 (c3-kudu-tst-st07.bj:18700): Couldn't send request to peer 23f962e4a1744381ad5fa0d2d8b10241 for tablet 47eeb8448c454968a45bf1a984427b25. Error code: TABLET_NOT_RUNNING (12). Status: Illegal state: Tablet not RUNNING: NOT_STARTED. Retrying in the next heartbeat period. Already tried 311 times.
W1031 23:08:10.069463 10720 consensus_peers.cc:357] T 68aa6071fa594e79958cddb8489a1f0c P 0a8bbcbbb5a6459aa5258464755db3bb -> Peer 23f962e4a1744381ad5fa0d2d8b10241 (c3-kudu-tst-st07.bj:18700): Couldn't send request to peer 23f962e4a1744381ad5fa0d2d8b10241 for tablet 68aa6071fa594e79958cddb8489a1f0c. Error code: TABLET_NOT_RUNNING (12). Status: Illegal state: Tablet not RUNNING: NOT_STARTED. Retrying in the next heartbeat period. Already tried 514 times.
W1031 23:08:10.514091 10720 consensus_peers.cc:357] T 47eeb8448c454968a45bf1a984427b25 P 0a8bbcbbb5a6459aa5258464755db3bb -> Peer 23f962e4a1744381ad5fa0d2d8b10241 (c3-kudu-tst-st07.bj:18700): Couldn't send request to peer 23f962e4a1744381ad5fa0d2d8b10241 for tablet 47eeb8448c454968a45bf1a984427b25. Error code: TABLET_NOT_RUNNING (12). Status: Illegal state: Tablet not RUNNING: NOT_STARTED. Retrying in the next heartbeat period. Already tried 312 times.
W1031 23:08:10.569577 10720 consensus_peers.cc:357] T 68aa6071fa594e79958cddb8489a1f0c P 0a8bbcbbb5a6459aa5258464755db3bb -> Peer 23f962e4a1744381ad5fa0d2d8b10241 (c3-kudu-tst-st07.bj:18700): Couldn't send request to peer 23f962e4a1744381ad5fa0d2d8b10241 for tablet 68aa6071fa594e79958cddb8489a1f0c. Error code: TABLET_NOT_RUNNING (12). Status: Illegal state: Tablet not RUNNING: NOT_STARTED. Retrying in the next heartbeat period. Already tried 515 times.
W1031 23:08:11.014170 10720 consensus_peers.cc:357] T 47eeb8448c454968a45bf1a984427b25 P 0a8bbcbbb5a6459aa5258464755db3bb -> Peer 23f962e4a1744381ad5fa0d2d8b10241 (c3-kudu-tst-st07.bj:18700): Couldn't send request to peer 23f962e4a1744381ad5fa0d2d8b10241 for tablet 47eeb8448c454968a45bf1a984427b25. Error code: TABLET_NOT_RUNNING (12). Status: Illegal state: Tablet not RUNNING: NOT_STARTED. Retrying in the next heartbeat period. Already tried 313 times.
W1031 23:08:11.069749 10720 consensus_peers.cc:357] T 68aa6071fa594e79958cddb8489a1f0c P 0a8bbcbbb5a6459aa5258464755db3bb -> Peer 23f962e4a1744381ad5fa0d2d8b10241 (c3-kudu-tst-st07.bj:18700): Couldn't send request to peer 23f962e4a1744381ad5fa0d2d8b10241 for tablet 68aa6071fa594e79958cddb8489a1f0c. Error code: TABLET_NOT_RUNNING (12). Status: Illegal state: Tablet not RUNNING: NOT_STARTED. Retrying in the next heartbeat period. Already tried 516 times.
W1031 23:08:11.514214 10720 consensus_peers.cc:357] T 47eeb8448c454968a45bf1a984427b25 P 0a8bbcbbb5a6459aa5258464755db3bb -> Peer 23f962e4a1744381ad5fa0d2d8b10241 (c3-kudu-tst-st07.bj:18700): Couldn't send request to peer 23f962e4a1744381ad5fa0d2d8b10241 for tablet 47eeb8448c454968a45bf1a984427b25. Error code: TABLET_NOT_RUNNING (12). Status: Illegal state: Tablet not RUNNING: NOT_STARTED. Retrying in the next heartbeat period. Already tried 314 times.
W1031 23:08:11.569700 10720 consensus_peers.cc:357] T 68aa6071fa594e79958cddb8489a1f0c P 0a8bbcbbb5a6459aa5258464755db3bb -> Peer 23f962e4a1744381ad5fa0d2d8b10241 (c3-kudu-tst-st07.bj:18700): Couldn't send request to peer 23f962e4a1744381ad5fa0d2d8b10241 for tablet 68aa6071fa594e79958cddb8489a1f0c. Error code: TABLET_NOT_RUNNING (12). Status: Illegal state: Tablet not RUNNING: NOT_STARTED. Retrying in the next heartbeat period. Already tried 517 times.
I1031 23:08:11.875133 10754 maintenance_manager.cc:208] P 0a8bbcbbb5a6459aa5258464755db3bb: Unregistered op CompactRowSetsOp(f2af422919fd4560bd6441509a68d64b)
I1031 23:08:11.875195 10773 maintenance_manager.cc:208] P 0a8bbcbbb5a6459aa5258464755db3bb: Unregistered op CompactRowSetsOp(27f651ff46ca4722b064a85e795dcaa4)
I1031 23:08:11.875211 10754 maintenance_manager.cc:208] P 0a8bbcbbb5a6459aa5258464755db3bb: Unregistered op MinorDeltaCompactionOp(f2af422919fd4560bd6441509a68d64b)
I1031 23:08:11.875274 40778 ts_tablet_manager.cc:755] T a17da97943904920814af1508905ecfc P 0a8bbcbbb5a6459aa5258464755db3bb: Time spent starting tablet: real 139.266s user 0.000s sys 0.001s
I1031 23:08:11.875294 10773 maintenance_manager.cc:208] P 0a8bbcbbb5a6459aa5258464755db3bb: Unregistered op MinorDeltaCompactionOp(27f651ff46ca4722b064a85e795dcaa4)
W1031 23:08:11.875306 40778 ts_tablet_manager.cc:785] T a17da97943904920814af1508905ecfc P 0a8bbcbbb5a6459aa5258464755db3bb: Tablet startup took 139266ms
I1031 23:08:11.875318 10773 maintenance_manager.cc:208] P 0a8bbcbbb5a6459aa5258464755db3bb: Unregistered op MajorDeltaCompactionOp(27f651ff46ca4722b064a85e795dcaa4)
I1031 23:08:11.875340 10773 maintenance_manager.cc:208] P 0a8bbcbbb5a6459aa5258464755db3bb: Unregistered op UndoDeltaBlockGCOp(27f651ff46ca4722b064a85e795dcaa4)
I1031 23:08:11.875335 10754 maintenance_manager.cc:208] P 0a8bbcbbb5a6459aa5258464755db3bb: Unregistered op MajorDeltaCompactionOp(f2af422919fd4560bd6441509a68d64b)
I1031 23:08:11.875366 10773 maintenance_manager.cc:208] P 0a8bbcbbb5a6459aa5258464755db3bb: Unregistered op FlushMRSOp(27f651ff46ca4722b064a85e795dcaa4)
I1031 23:08:11.875376 10754 maintenance_manager.cc:208] P 0a8bbcbbb5a6459aa5258464755db3bb: Unregistered op UndoDeltaBlockGCOp(f2af422919fd4560bd6441509a68d64b)
I1031 23:08:11.875385 10773 maintenance_manager.cc:208] P 0a8bbcbbb5a6459aa5258464755db3bb: Unregistered op FlushDeltaMemStoresOp(27f651ff46ca4722b064a85e795dcaa4)
I1031 23:08:11.875393 10754 maintenance_manager.cc:208] P 0a8bbcbbb5a6459aa5258464755db3bb: Unregistered op FlushMRSOp(f2af422919fd4560bd6441509a68d64b)
I1031 23:08:11.875401 10773 maintenance_manager.cc:208] P 0a8bbcbbb5a6459aa5258464755db3bb: Unregistered op LogGCOp(27f651ff46ca4722b064a85e795dcaa4)
I1031 23:08:11.875406 10754 maintenance_manager.cc:208] P 0a8bbcbbb5a6459aa5258464755db3bb: Unregistered op FlushDeltaMemStoresOp(f2af422919fd4560bd6441509a68d64b)
I1031 23:08:11.875412 10773 raft_consensus.cc:1569] T 27f651ff46ca4722b064a85e795dcaa4 P 0a8bbcbbb5a6459aa5258464755db3bb [term 0 FOLLOWER]: Raft consensus shutting down.
I1031 23:08:11.875416 10754 maintenance_manager.cc:208] P 0a8bbcbbb5a6459aa5258464755db3bb: Unregistered op LogGCOp(f2af422919fd4560bd6441509a68d64b)
W1031 23:08:11.875414 40778 ts_tablet_manager.cc:787] T a17da97943904920814af1508905ecfc P 0a8bbcbbb5a6459aa5258464755db3bb: Trace: 1031 23:05:52.549226 (+ 0us) service_pool.cc:143] Inserting onto call queue 1031 23:05:52.549241 (+ 15us) service_pool.cc:202] Handling call 1031 23:05:52.549337 (+ 96us) ts_tablet_manager.cc:275] Acquired tablet manager lock 1031 23:05:52.549341 (+ 4us) ts_tablet_manager.cc:288] Creating new metadata... 1031 23:05:52.605614 (+ 56273us) tablet_metadata.cc:461] Metadata flushed 1031 23:05:52.606691 (+ 1077us) inbound_call.cc:130] Queueing success response 1031 23:05:52.606742 (+ 51us) ts_tablet_manager.cc:724] Bootstrapping tablet 1031 23:05:52.608997 (+ 2255us) ts_tablet_manager.cc:756] Initializing tablet peer 1031 23:05:52.609023 (+ 26us) tablet_peer.cc:161] Creating consensus instance 1031 23:05:52.609415 (+ 392us) tablet_peer.cc:183] Starting instrumentation 1031 23:05:52.609421 (+ 6us) tablet_peer.cc:188] TabletPeer::Init() finished 1031 23:05:52.609421 (+ 0us) ts_tablet_manager.cc:771] Starting tablet peer 1031 23:05:52.609422 (+ 1us) tablet_peer.cc:195] Starting consensus Metrics: {"fdatasync":1,"fdatasync_us":30575,"mutex_wait_us":139264881,"raft.queue_time_us":377,"raft.run_cpu_time_us":4,"raft.run_wall_time_us":3,"tablet-open.queue_time_us":291,"thread_start_us":998,"threads_started":3}
I1031 23:08:11.875424 10773 raft_consensus.cc:1585] T 27f651ff46ca4722b064a85e795dcaa4 P 0a8bbcbbb5a6459aa5258464755db3bb [term 0 FOLLOWER]: Raft consensus is shut down!
I1031 23:08:11.875428 10754 raft_consensus.cc:1569] T f2af422919fd4560bd6441509a68d64b P 0a8bbcbbb5a6459aa5258464755db3bb [term 0 FOLLOWER]: Raft consensus shutting down.
I1031 23:08:11.875463 10754 raft_consensus.cc:1585] T f2af422919fd4560bd6441509a68d64b P 0a8bbcbbb5a6459aa5258464755db3bb [term 0 FOLLOWER]: Raft consensus is shut down!
I1031 23:08:11.878120 10754 ts_tablet_manager.cc:1020] T f2af422919fd4560bd6441509a68d64b P 0a8bbcbbb5a6459aa5258464755db3bb: Deleting tablet data with delete state TABLET_DATA_DELETED
I1031 23:08:11.878334 10773 ts_tablet_manager.cc:1020] T 27f651ff46ca4722b064a85e795dcaa4 P 0a8bbcbbb5a6459aa5258464755db3bb: Deleting tablet data with delete state TABLET_DATA_DELETED
I1031 23:08:11.895121 10686 maintenance_manager.cc:419] Time spent running UndoDeltaBlockGCOp(037f0f4d2e0f4f52b42d6ef46d250ba8): real 0.020s user 0.020s sys 0.000s
I1031 23:08:11.895171 10686 maintenance_manager.cc:425] P 0a8bbcbbb5a6459aa5258464755db3bb: UndoDeltaBlockGCOp(037f0f4d2e0f4f52b42d6ef46d250ba8) metrics: {"cfile_init":1,"lbm_read_time_us":14,"lbm_reads_lt_1ms":4}
W1031 23:08:12.014333 10720 consensus_peers.cc:357] T 47eeb8448c454968a45bf1a984427b25 P 0a8bbcbbb5a6459aa5258464755db3bb -> Peer 23f962e4a1744381ad5fa0d2d8b10241 (c3-kudu-tst-st07.bj:18700): Couldn't send request to peer 23f962e4a1744381ad5fa0d2d8b10241 for tablet 47eeb8448c454968a45bf1a984427b25. Error code: TABLET_NOT_RUNNING (12). Status: Illegal state: Tablet not RUNNING: NOT_STARTED. Retrying in the next heartbeat period. Already tried 315 times.
I1031 23:08:12.036203 10754 ts_tablet_manager.cc:1032] T f2af422919fd4560bd6441509a68d64b P 0a8bbcbbb5a6459aa5258464755db3bb: Tablet deleted. Last logged OpId: 0.0
I1031 23:08:12.036274 10754 log.cc:876] T f2af422919fd4560bd6441509a68d64b P 0a8bbcbbb5a6459aa5258464755db3bb: Deleting WAL directory at /home/work/app/kudu/c3prc-kernel65/kudu_tablet_server/hdd1/wals/f2af422919fd4560bd6441509a68d64b
I1031 23:08:12.036505 10754 consensus_meta.cc:71] T f2af422919fd4560bd6441509a68d64b Deleting consensus metadata
I1031 23:08:12.061450 10773 ts_tablet_manager.cc:1032] T 27f651ff46ca4722b064a85e795dcaa4 P 0a8bbcbbb5a6459aa5258464755db3bb: Tablet deleted. Last logged OpId: 0.0
I1031 23:08:12.061534 10773 log.cc:876] T 27f651ff46ca4722b064a85e795dcaa4 P 0a8bbcbbb5a6459aa5258464755db3bb: Deleting WAL directory at /home/work/app/kudu/c3prc-kernel65/kudu_tablet_server/hdd1/wals/27f651ff46ca4722b064a85e795dcaa4
W1031 23:08:12.061630 10754 rpcz_store.cc:234] Call kudu.tserver.TabletServerAdminService.DeleteTablet from 10.108.187.10:43437 (request call id 429) took 139512ms (client timeout 29999).
W1031 23:08:12.061738 10754 rpcz_store.cc:238] Trace: 1031 23:05:52.548665 (+ 0us) service_pool.cc:143] Inserting onto call queue 1031 23:05:52.548679 (+ 14us) service_pool.cc:202] Handling call 1031 23:05:52.548763 (+ 84us) ts_tablet_manager.cc:572] Deleting tablet f2af422919fd4560bd6441509a68d64b 1031 23:05:52.548763 (+ 0us) ts_tablet_manager.cc:580] Acquired tablet manager lock 1031 23:08:11.952121 (+139403358us) tablet_metadata.cc:461] Metadata flushed 1031 23:08:12.036178 (+ 84057us) tablet_metadata.cc:461] Metadata flushed 1031 23:08:12.061608 (+ 25430us) inbound_call.cc:130] Queueing success response Metrics: {"fdatasync":2,"fdatasync_us":89195,"mutex_wait_us":139326448}
I1031 23:08:12.061830 10773 consensus_meta.cc:71] T 27f651ff46ca4722b064a85e795dcaa4 Deleting consensus metadata
W1031 23:08:12.062074 10773 rpcz_store.cc:234] Call kudu.tserver.TabletServerAdminService.DeleteTablet from 10.108.187.10:43437 (request call id 456) took 103635ms (client timeout 29999).
W1031 23:08:12.062283 10773 rpcz_store.cc:238] Trace: 1031 23:06:28.426745 (+ 0us) service_pool.cc:143] Inserting onto call queue 1031 23:06:28.426760 (+ 15us) service_pool.cc:202] Handling call 1031 23:06:28.426828 (+ 68us) ts_tablet_manager.cc:572] Deleting tablet 27f651ff46ca4722b064a85e795dcaa4 1031 23:06:28.426828 (+ 0us) ts_tablet_manager.cc:580] Acquired tablet manager lock 1031 23:08:11.968779 (+103541951us) tablet_metadata.cc:461] Metadata flushed 1031 23:08:12.061423 (+ 92644us) tablet_metadata.cc:461] Metadata flushed 1031 23:08:12.062055 (+ 632us) inbound_call.cc:130] Queueing success response Metrics: {"fdatasync":2,"fdatasync_us":89189,"mutex_wait_us":103448401}
W1031 23:08:12.069736 10720 consensus_peers.cc:357] T 68aa6071fa594e79958cddb8489a1f0c P 0a8bbcbbb5a6459aa5258464755db3bb -> Peer 23f962e4a1744381ad5fa0d2d8b10241 (c3-kudu-tst-st07.bj:18700): Couldn't send request to peer 23f962e4a1744381ad5fa0d2d8b10241 for tablet 68aa6071fa594e79958cddb8489a1f0c. Error code: TABLET_NOT_RUNNING (12). Status: Illegal state: Tablet not RUNNING: NOT_STARTED. Retrying in the next heartbeat period. Already tried 518 times.
I1031 23:08:12.258626 10686 maintenance_manager.cc:419] Time spent running UndoDeltaBlockGCOp(fffdb462a7184409ae79f01145545574): real 0.025s user 0.025s sys 0.000s
I1031 23:08:12.258677 10686 maintenance_manager.cc:425] P 0a8bbcbbb5a6459aa5258464755db3bb: UndoDeltaBlockGCOp(fffdb462a7184409ae79f01145545574) metrics: {"cfile_init":1,"lbm_read_time_us":17,"lbm_reads_lt_1ms":4}
W1031 23:08:12.514374 10720 consensus_peers.cc:357] T 47eeb8448c454968a45bf1a984427b25 P 0a8bbcbbb5a6459aa5258464755db3bb -> Peer 23f962e4a1744381ad5fa0d2d8b10241 (c3-kudu-tst-st07.bj:18700): Couldn't send request to peer 23f962e4a1744381ad5fa0d2d8b10241 for tablet 47eeb8448c454968a45bf1a984427b25. Error code: TABLET_NOT_RUNNING (12). Status: Illegal state: Tablet not RUNNING: NOT_STARTED. Retrying in the next heartbeat period. Already tried 316 times.
W1031 23:08:12.569772 10720 consensus_peers.cc:357] T 68aa6071fa594e79958cddb8489a1f0c P 0a8bbcbbb5a6459aa5258464755db3bb -> Peer 23f962e4a1744381ad5fa0d2d8b10241 (c3-kudu-tst-st07.bj:18700): Couldn't send request to peer 23f962e4a1744381ad5fa0d2d8b10241 for tablet 68aa6071fa594e79958cddb8489a1f0c. Error code: TABLET_NOT_RUNNING (12). Status: Illegal state: Tablet not RUNNING: NOT_STARTED. Retrying in the next heartbeat period. Already tried 519 times.
I1031 23:08:12.848420 10686 maintenance_manager.cc:419] Time spent running UndoDeltaBlockGCOp(8fa7cc8c413f452fb2c45eb13d186632): real 0.258s user 0.178s sys 0.009s
I1031 23:08:12.848769 10686 maintenance_manager.cc:425] P 0a8bbcbbb5a6459aa5258464755db3bb: UndoDeltaBlockGCOp(8fa7cc8c413f452fb2c45eb13d186632) metrics: {"cfile_init":1,"data dir 3.queue_time_us":245,"data dir 3.run_cpu_time_us":89,"data dir 3.run_wall_time_us":89,"fdatasync":1,"fdatasync_us":47844,"lbm_read_time_us":15,"lbm_reads_lt_1ms":4,"tcmalloc_contention_cycles":72448,"thread_start_us":222,"threads_started":1}
W1031 23:08:13.014452 10720 consensus_peers.cc:357] T 47eeb8448c454968a45bf1a984427b25 P 0a8bbcbbb5a6459aa5258464755db3bb -> Peer 23f962e4a1744381ad5fa0d2d8b10241 (c3-kudu-tst-st07.bj:18700): Couldn't send request to peer 23f962e4a1744381ad5fa0d2d8b10241 for tablet 47eeb8448c454968a45bf1a984427b25. Error code: TABLET_NOT_RUNNING (12). Status: Illegal state: Tablet not RUNNING: NOT_STARTED. Retrying in the next heartbeat period. Already tried 317 times.
W1031 23:08:13.069814 10720 consensus_peers.cc:357] T 68aa6071fa594e79958cddb8489a1f0c P 0a8bbcbbb5a6459aa5258464755db3bb -> Peer 23f962e4a1744381ad5fa0d2d8b10241 (c3-kudu-tst-st07.bj:18700): Couldn't send request to peer 23f962e4a1744381ad5fa0d2d8b10241 for tablet 68aa6071fa594e79958cddb8489a1f0c. Error code: TABLET_NOT_RUNNING (12). Status: Illegal state: Tablet not RUNNING: NOT_STARTED. Retrying in the next heartbeat period. Already tried 520 times.
I1031 23:08:13.508752 10686 maintenance_manager.cc:419] Time spent running UndoDeltaBlockGCOp(867ed73769f842bda8756be0b016a15a): real 0.313s user 0.185s sys 0.008s
I1031 23:08:13.509094 10686 maintenance_manager.cc:425] P 0a8bbcbbb5a6459aa5258464755db3bb: UndoDeltaBlockGCOp(867ed73769f842bda8756be0b016a15a) metrics: {"cfile_init":1,"data dir 7.queue_time_us":198,"data dir 7.run_cpu_time_us":64,"data dir 7.run_wall_time_us":64,"fdatasync":1,"fdatasync_us":105060,"lbm_read_time_us":14,"lbm_reads_lt_1ms":4,"tcmalloc_contention_cycles":61568,"thread_start_us":188,"threads_started":1}
W1031 23:08:13.514520 10720 consensus_peers.cc:357] T 47eeb8448c454968a45bf1a984427b25 P 0a8bbcbbb5a6459aa5258464755db3bb -> Peer 23f962e4a1744381ad5fa0d2d8b10241 (c3-kudu-tst-st07.bj:18700): Couldn't send request to peer 23f962e4a1744381ad5fa0d2d8b10241 for tablet 47eeb8448c454968a45bf1a984427b25. Error code: TABLET_NOT_RUNNING (12). Status: Illegal state: Tablet not RUNNING: NOT_STARTED. Retrying in the next heartbeat period. Already tried 318 times.
W1031 23:08:13.569913 10720 consensus_peers.cc:357] T 68aa6071fa594e79958cddb8489a1f0c P 0a8bbcbbb5a6459aa5258464755db3bb -> Peer 23f962e4a1744381ad5fa0d2d8b10241 (c3-kudu-tst-st07.bj:18700): Couldn't send request to peer 23f962e4a1744381ad5fa0d2d8b10241 for tablet 68aa6071fa594e79958cddb8489a1f0c. Error code: TABLET_NOT_RUNNING (12). Status: Illegal state: Tablet not RUNNING: NOT_STARTED. Retrying in the next heartbeat period. Already tried 521 times.
W1031 23:08:14.014577 10720 consensus_peers.cc:357] T 47eeb8448c454968a45bf1a984427b25 P 0a8bbcbbb5a6459aa5258464755db3bb -> Peer 23f962e4a1744381ad5fa0d2d8b10241 (c3-kudu-tst-st07.bj:18700): Couldn't send request to peer 23f962e4a1744381ad5fa0d2d8b10241 for tablet 47eeb8448c454968a45bf1a984427b25. Error code: TABLET_NOT_RUNNING (12). Status: Illegal state: Tablet not RUNNING: NOT_STARTED. Retrying in the next heartbeat period. Already tried 319 times.
W1031 23:08:14.069977 10720 consensus_peers.cc:357] T 68aa6071fa594e79958cddb8489a1f0c P 0a8bbcbbb5a6459aa5258464755db3bb -> Peer 23f962e4a1744381ad5fa0d2d8b10241 (c3-kudu-tst-st07.bj:18700): Couldn't send request to peer 23f962e4a1744381ad5fa0d2d8b10241 for tablet 68aa6071fa594e79958cddb8489a1f0c. Error code: TABLET_NOT_RUNNING (12). Status: Illegal state: Tablet not RUNNING: NOT_STARTED. Retrying in the next heartbeat period. Already tried 522 times.
I1031 23:08:14.135411 10686 tablet.cc:911] T 2605bb9cd2fe47fea1ad25d47ab8741d P 0a8bbcbbb5a6459aa5258464755db3bb: Flush: entering stage 1 (old memrowset already frozen for inserts)
I1031 23:08:14.135453 10686 compaction.cc:877] Selected 1 rowsets to compact:
I1031 23:08:14.135470 10686 compaction.cc:880] memrowset(current size on disk: ~0 bytes)
I1031 23:08:14.135488 10686 tablet.cc:913] T 2605bb9cd2fe47fea1ad25d47ab8741d P 0a8bbcbbb5a6459aa5258464755db3bb: Memstore in-memory size: 3751 bytes
I1031 23:08:14.135524 10686 tablet.cc:1174] T 2605bb9cd2fe47fea1ad25d47ab8741d P 0a8bbcbbb5a6459aa5258464755db3bb: Flush: entering phase 1 (flushing snapshot). Phase 1 snapshot: MvccSnapshot[committed={T|T < 6182758215047065601 or (T in {6182758215047065601})}]
I1031 23:08:14.135677 10686 multi_column_writer.cc:85] Opened CFile writer for column ts[int32 NOT NULL]
I1031 23:08:14.135865 10686 multi_column_writer.cc:85] Opened CFile writer for column id[int32 NOT NULL]
I1031 23:08:14.259479 10686 tablet.cc:1259] T 2605bb9cd2fe47fea1ad25d47ab8741d P 0a8bbcbbb5a6459aa5258464755db3bb: Flush: entering phase 2 (starting to duplicate updates in new rowsets)
W1031 23:08:14.514636 10720 consensus_peers.cc:357] T 47eeb8448c454968a45bf1a984427b25 P 0a8bbcbbb5a6459aa5258464755db3bb -> Peer 23f962e4a1744381ad5fa0d2d8b10241 (c3-kudu-tst-st07.bj:18700): Couldn't send request to peer 23f962e4a1744381ad5fa0d2d8b10241 for tablet 47eeb8448c454968a45bf1a984427b25. Error code: TABLET_NOT_RUNNING (12). Status: Illegal state: Tablet not RUNNING: NOT_STARTED. Retrying in the next heartbeat period. Already tried 320 times.
W1031 23:08:14.570019 10720 consensus_peers.cc:357] T 68aa6071fa594e79958cddb8489a1f0c P 0a8bbcbbb5a6459aa5258464755db3bb -> Peer 23f962e4a1744381ad5fa0d2d8b10241 (c3-kudu-tst-st07.bj:18700): Couldn't send request to peer 23f962e4a1744381ad5fa0d2d8b10241 for tablet 68aa6071fa594e79958cddb8489a1f0c. Error code: TABLET_NOT_RUNNING (12). Status: Illegal state: Tablet not RUNNING: NOT_STARTED. Retrying in the next heartbeat period. Already tried 523 times.
I1031 23:08:14.604056 10686 tablet.cc:1314] T 2605bb9cd2fe47fea1ad25d47ab8741d P 0a8bbcbbb5a6459aa5258464755db3bb: Flush Phase 2: carrying over any updates which arrived during Phase 1
I1031 23:08:14.604115 10686 tablet.cc:1316] T 2605bb9cd2fe47fea1ad25d47ab8741d P 0a8bbcbbb5a6459aa5258464755db3bb: Phase 2 snapshot: MvccSnapshot[committed={T|T < 6182758215047065601 or (T in {6182758215047065601})}]
W1031 23:08:15.014639 10720 consensus_peers.cc:357] T 47eeb8448c454968a45bf1a984427b25 P 0a8bbcbbb5a6459aa5258464755db3bb -> Peer 23f962e4a1744381ad5fa0d2d8b10241 (c3-kudu-tst-st07.bj:18700): Couldn't send request to peer 23f962e4a1744381ad5fa0d2d8b10241 for tablet 47eeb8448c454968a45bf1a984427b25. Error code: TABLET_NOT_RUNNING (12). Status: Illegal state: Tablet not RUNNING: NOT_STARTED. Retrying in the next heartbeat period. Already tried 321 times.
W1031 23:08:15.070058 10720 consensus_peers.cc:357] T 68aa6071fa594e79958cddb8489a1f0c P 0a8bbcbbb5a6459aa5258464755db3bb -> Peer 23f962e4a1744381ad5fa0d2d8b10241 (c3-kudu-tst-st07.bj:18700): Couldn't send request to peer 23f962e4a1744381ad5fa0d2d8b10241 for tablet 68aa6071fa594e79958cddb8489a1f0c. Error code: TABLET_NOT_RUNNING (12). Status: Illegal state: Tablet not RUNNING: NOT_STARTED. Retrying in the next heartbeat period. Already tried 524 times.
I1031 23:08:15.190003 10686 tablet.cc:1358] T 2605bb9cd2fe47fea1ad25d47ab8741d P 0a8bbcbbb5a6459aa5258464755db3bb: Flush successful on 18 rows (4411 bytes)
I1031 23:08:15.190100 10686 maintenance_manager.cc:419] Time spent running FlushMRSOp(2605bb9cd2fe47fea1ad25d47ab8741d): real 1.380s user 1.148s sys 0.023s
I1031 23:08:15.190254 10686 maintenance_manager.cc:425] P 0a8bbcbbb5a6459aa5258464755db3bb: FlushMRSOp(2605bb9cd2fe47fea1ad25d47ab8741d) metrics: {"cfile_init":1,"fdatasync":11,"fdatasync_us":193156,"lbm_read_time_us":17,"lbm_reads_lt_1ms":4,"lbm_write_time_us":183,"lbm_writes_lt_1ms":26,"mutex_wait_us":1,"tcmalloc_contention_cycles":75648}
W1031 23:08:15.514816 10720 consensus_peers.cc:357] T 47eeb8448c454968a45bf1a984427b25 P 0a8bbcbbb5a6459aa5258464755db3bb -> Peer 23f962e4a1744381ad5fa0d2d8b10241 (c3-kudu-tst-st07.bj:18700): Couldn't send request to peer 23f962e4a1744381ad5fa0d2d8b10241 for tablet 47eeb8448c454968a45bf1a984427b25. Error code: TABLET_NOT_RUNNING (12). Status: Illegal state: Tablet not RUNNING: NOT_STARTED. Retrying in the next heartbeat period. Already tried 322 times.
W1031 23:08:15.570211 10720 consensus_peers.cc:357] T 68aa6071fa594e79958cddb8489a1f0c P 0a8bbcbbb5a6459aa5258464755db3bb -> Peer 23f962e4a1744381ad5fa0d2d8b10241 (c3-kudu-tst-st07.bj:18700): Couldn't send request to peer 23f962e4a1744381ad5fa0d2d8b10241 for tablet 68aa6071fa594e79958cddb8489a1f0c. Error code: TABLET_NOT_RUNNING (12). Status: Illegal state: Tablet not RUNNING: NOT_STARTED. Retrying in the next heartbeat period. Already tried 525 times.
W1031 23:08:16.014942 10720 consensus_peers.cc:357] T 47eeb8448c454968a45bf1a984427b25 P 0a8bbcbbb5a6459aa5258464755db3bb -> Peer 23f962e4a1744381ad5fa0d2d8b10241 (c3-kudu-tst-st07.bj:18700): Couldn't send request to peer 23f962e4a1744381ad5fa0d2d8b10241 for tablet 47eeb8448c454968a45bf1a984427b25. Error code: TABLET_NOT_RUNNING (12). Status: Illegal state: Tablet not RUNNING: NOT_STARTED. Retrying in the next heartbeat period. Already tried 323 times.
W1031 23:08:16.070288 10720 consensus_peers.cc:357] T 68aa6071fa594e79958cddb8489a1f0c P 0a8bbcbbb5a6459aa5258464755db3bb -> Peer 23f962e4a1744381ad5fa0d2d8b10241 (c3-kudu-tst-st07.bj:18700): Couldn't send request to peer 23f962e4a1744381ad5fa0d2d8b10241 for tablet 68aa6071fa594e79958cddb8489a1f0c. Error code: TABLET_NOT_RUNNING (12). Status: Illegal state: Tablet not RUNNING: NOT_STARTED. Retrying in the next heartbeat period. Already tried 526 times.
W1031 23:08:16.515044 10720 consensus_peers.cc:357] T 47eeb8448c454968a45bf1a984427b25 P 0a8bbcbbb5a6459aa5258464755db3bb -> Peer 23f962e4a1744381ad5fa0d2d8b10241 (c3-kudu-tst-st07.bj:18700): Couldn't send request to peer 23f962e4a1744381ad5fa0d2d8b10241 for tablet 47eeb8448c454968a45bf1a984427b25. Error code: TABLET_NOT_RUNNING (12). Status: Illegal state: Tablet not RUNNING: NOT_STARTED. Retrying in the next heartbeat period. Already tried 324 times.
W1031 23:08:16.570369 10720 consensus_peers.cc:357] T 68aa6071fa594e79958cddb8489a1f0c P 0a8bbcbbb5a6459aa5258464755db3bb -> Peer 23f962e4a1744381ad5fa0d2d8b10241 (c3-kudu-tst-st07.bj:18700): Couldn't send request to peer 23f962e4a1744381ad5fa0d2d8b10241 for tablet 68aa6071fa594e79958cddb8489a1f0c. Error code: TABLET_NOT_RUNNING (12). Status: Illegal state: Tablet not RUNNING: NOT_STARTED. Retrying in the next heartbeat period. Already tried 527 times.
W1031 23:08:17.015137 10720 consensus_peers.cc:357] T 47eeb8448c454968a45bf1a984427b25 P 0a8bbcbbb5a6459aa5258464755db3bb -> Peer 23f962e4a1744381ad5fa0d2d8b10241 (c3-kudu-tst-st07.bj:18700): Couldn't send request to peer 23f962e4a1744381ad5fa0d2d8b10241 for tablet 47eeb8448c454968a45bf1a984427b25. Error code: TABLET_NOT_RUNNING (12). Status: Illegal state: Tablet not RUNNING: NOT_STARTED. Retrying in the next heartbeat period. Already tried 325 times.
W1031 23:08:17.070406 10720 consensus_peers.cc:357] T 68aa6071fa594e79958cddb8489a1f0c P 0a8bbcbbb5a6459aa5258464755db3bb -> Peer 23f962e4a1744381ad5fa0d2d8b10241 (c3-kudu-tst-st07.bj:18700): Couldn't send request to peer 23f962e4a1744381ad5fa0d2d8b10241 for tablet 68aa6071fa594e79958cddb8489a1f0c. Error code: TABLET_NOT_RUNNING (12). Status: Illegal state: Tablet not RUNNING: NOT_STARTED. Retrying in the next heartbeat period. Already tried 528 times.
W1031 23:08:17.515149 10720 consensus_peers.cc:357] T 47eeb8448c454968a45bf1a984427b25 P 0a8bbcbbb5a6459aa5258464755db3bb -> Peer 23f962e4a1744381ad5fa0d2d8b10241 (c3-kudu-tst-st07.bj:18700): Couldn't send request to peer 23f962e4a1744381ad5fa0d2d8b10241 for tablet 47eeb8448c454968a45bf1a984427b25. Error code: TABLET_NOT_RUNNING (12). Status: Illegal state: Tablet not RUNNING: NOT_STARTED. Retrying in the next heartbeat period. Already tried 326 times.
W1031 23:08:17.570518 10720 consensus_peers.cc:357] T 68aa6071fa594e79958cddb8489a1f0c P 0a8bbcbbb5a6459aa5258464755db3bb -> Peer 23f962e4a1744381ad5fa0d2d8b10241 (c3-kudu-tst-st07.bj:18700): Couldn't send request to peer 23f962e4a1744381ad5fa0d2d8b10241 for tablet 68aa6071fa594e79958cddb8489a1f0c. Error code: TABLET_NOT_RUNNING (12). Status: Illegal state: Tablet not RUNNING: NOT_STARTED. Retrying in the next heartbeat period. Already tried 529 times.
W1031 23:08:18.015251 10720 consensus_peers.cc:357] T 47eeb8448c454968a45bf1a984427b25 P 0a8bbcbbb5a6459aa5258464755db3bb -> Peer 23f962e4a1744381ad5fa0d2d8b10241 (c3-kudu-tst-st07.bj:18700): Couldn't send request to peer 23f962e4a1744381ad5fa0d2d8b10241 for tablet 47eeb8448c454968a45bf1a984427b25. Error code: TABLET_NOT_RUNNING (12). Status: Illegal state: Tablet not RUNNING: NOT_STARTED. Retrying in the next heartbeat period. Already tried 327 times.
W1031 23:08:18.070510 10720 consensus_peers.cc:357] T 68aa6071fa594e79958cddb8489a1f0c P 0a8bbcbbb5a6459aa5258464755db3bb -> Peer 23f962e4a1744381ad5fa0d2d8b10241 (c3-kudu-tst-st07.bj:18700): Couldn't send request to peer 23f962e4a1744381ad5fa0d2d8b10241 for tablet 68aa6071fa594e79958cddb8489a1f0c. Error code: TABLET_NOT_RUNNING (12). Status: Illegal state: Tablet not RUNNING: NOT_STARTED. Retrying in the next heartbeat period. Already tried 530 times.
