I1031 23:03:53.059357 39766 raft_consensus.cc:435] T feeb15ca2b1f490296ccd8a8edacf49f P 0a8bbcbbb5a6459aa5258464755db3bb [term 0 FOLLOWER]: Starting pre-election with config: opid_index: -1 OBSOLETE_local: false peers { permanent_uuid: "daba39963d4346e1816089fd3a5442b5" member_type: VOTER last_known_addr { host: "c3-kudu-tst-st09.bj" port: 18700 } } peers { permanent_uuid: "044f1da9a27c46acb82b1386f829f4dc" member_type: VOTER last_known_addr { host: "c3-kudu-tst-st03.bj" port: 18700 } } peers { permanent_uuid: "0a8bbcbbb5a6459aa5258464755db3bb" member_type: VOTER last_known_addr { host: "c3-kudu-tst-st02.bj" port: 18700 } }
I1031 23:03:53.059940 39766 leader_election.cc:216] T feeb15ca2b1f490296ccd8a8edacf49f P 0a8bbcbbb5a6459aa5258464755db3bb [CANDIDATE]: Term 1 pre-election: Requesting pre-vote from peer daba39963d4346e1816089fd3a5442b5
I1031 23:03:53.059979 39766 leader_election.cc:216] T feeb15ca2b1f490296ccd8a8edacf49f P 0a8bbcbbb5a6459aa5258464755db3bb [CANDIDATE]: Term 1 pre-election: Requesting pre-vote from peer 044f1da9a27c46acb82b1386f829f4dc
I1031 23:03:53.060161 10717 leader_election.cc:348] T feeb15ca2b1f490296ccd8a8edacf49f P 0a8bbcbbb5a6459aa5258464755db3bb [CANDIDATE]: Term 1 pre-election: Vote granted by peer daba39963d4346e1816089fd3a5442b5
I1031 23:03:53.060181 10717 leader_election.cc:243] T feeb15ca2b1f490296ccd8a8edacf49f P 0a8bbcbbb5a6459aa5258464755db3bb [CANDIDATE]: Term 1 pre-election: Election decided. Result: candidate won.
W1031 23:03:53.060209 10720 leader_election.cc:278] T feeb15ca2b1f490296ccd8a8edacf49f P 0a8bbcbbb5a6459aa5258464755db3bb [CANDIDATE]: Term 1 pre-election: Tablet error from VoteRequest() call to peer 044f1da9a27c46acb82b1386f829f4dc: Illegal state: Tablet not RUNNING: NOT_STARTED
I1031 23:03:53.060230 39767 raft_consensus.cc:2162] T feeb15ca2b1f490296ccd8a8edacf49f P 0a8bbcbbb5a6459aa5258464755db3bb [term 0 FOLLOWER]: Snoozing failure detection for election timeout plus an additional 1.598s
I1031 23:03:53.060250 39767 raft_consensus.cc:1971] T feeb15ca2b1f490296ccd8a8edacf49f P 0a8bbcbbb5a6459aa5258464755db3bb [term 0 FOLLOWER]: Leader pre-election won for term 1
I1031 23:03:53.060263 39767 raft_consensus.cc:411] T feeb15ca2b1f490296ccd8a8edacf49f P 0a8bbcbbb5a6459aa5258464755db3bb [term 0 FOLLOWER]: Starting leader election (no leader contacted us within the election timeout)
I1031 23:03:53.060277 39767 raft_consensus.cc:2162] T feeb15ca2b1f490296ccd8a8edacf49f P 0a8bbcbbb5a6459aa5258464755db3bb [term 0 FOLLOWER]: Snoozing failure detection for election timeout plus an additional 2.197s
I1031 23:03:53.060289 39767 raft_consensus.cc:2206] T feeb15ca2b1f490296ccd8a8edacf49f P 0a8bbcbbb5a6459aa5258464755db3bb [term 0 FOLLOWER]: Advancing to term 1
I1031 23:03:53.072903 10777 raft_consensus.cc:2162] T 318722d72b774164aba6657098b58c90 P 0a8bbcbbb5a6459aa5258464755db3bb [term 0 FOLLOWER]: Snoozing failure detection for election timeout plus an additional 2.050s
I1031 23:03:53.073047 10777 raft_consensus.cc:1747] T 318722d72b774164aba6657098b58c90 P 0a8bbcbbb5a6459aa5258464755db3bb [term 0 FOLLOWER]: Leader pre-election vote request: Granting yes vote for candidate daba39963d4346e1816089fd3a5442b5 in term 0.
I1031 23:03:53.074448 10777 raft_consensus.cc:2206] T 318722d72b774164aba6657098b58c90 P 0a8bbcbbb5a6459aa5258464755db3bb [term 0 FOLLOWER]: Advancing to term 1
I1031 23:03:53.074502 10777 raft_consensus.cc:2162] T 318722d72b774164aba6657098b58c90 P 0a8bbcbbb5a6459aa5258464755db3bb [term 1 FOLLOWER]: Snoozing failure detection for election timeout plus an additional 1.865s
I1031 23:03:53.111121 39767 raft_consensus.cc:435] T feeb15ca2b1f490296ccd8a8edacf49f P 0a8bbcbbb5a6459aa5258464755db3bb [term 1 FOLLOWER]: Starting leader election with config: opid_index: -1 OBSOLETE_local: false peers { permanent_uuid: "daba39963d4346e1816089fd3a5442b5" member_type: VOTER last_known_addr { host: "c3-kudu-tst-st09.bj" port: 18700 } } peers { permanent_uuid: "044f1da9a27c46acb82b1386f829f4dc" member_type: VOTER last_known_addr { host: "c3-kudu-tst-st03.bj" port: 18700 } } peers { permanent_uuid: "0a8bbcbbb5a6459aa5258464755db3bb" member_type: VOTER last_known_addr { host: "c3-kudu-tst-st02.bj" port: 18700 } }
I1031 23:03:53.111142 10777 raft_consensus.cc:1747] T 318722d72b774164aba6657098b58c90 P 0a8bbcbbb5a6459aa5258464755db3bb [term 1 FOLLOWER]: Leader election vote request: Granting yes vote for candidate daba39963d4346e1816089fd3a5442b5 in term 1.
I1031 23:03:53.111264 39772 raft_consensus.cc:435] T 68aa6071fa594e79958cddb8489a1f0c P 0a8bbcbbb5a6459aa5258464755db3bb [term 1 FOLLOWER]: Starting leader election with config: opid_index: -1 OBSOLETE_local: false peers { permanent_uuid: "23f962e4a1744381ad5fa0d2d8b10241" member_type: VOTER last_known_addr { host: "c3-kudu-tst-st07.bj" port: 18700 } } peers { permanent_uuid: "0fc477287c154136abc1e2f3c82fb7f9" member_type: VOTER last_known_addr { host: "c3-kudu-tst-st04.bj" port: 18700 } } peers { permanent_uuid: "0a8bbcbbb5a6459aa5258464755db3bb" member_type: VOTER last_known_addr { host: "c3-kudu-tst-st02.bj" port: 18700 } }
I1031 23:03:53.111804 39767 leader_election.cc:216] T feeb15ca2b1f490296ccd8a8edacf49f P 0a8bbcbbb5a6459aa5258464755db3bb [CANDIDATE]: Term 1 election: Requesting vote from peer daba39963d4346e1816089fd3a5442b5
I1031 23:03:53.111834 39772 leader_election.cc:216] T 68aa6071fa594e79958cddb8489a1f0c P 0a8bbcbbb5a6459aa5258464755db3bb [CANDIDATE]: Term 1 election: Requesting vote from peer 23f962e4a1744381ad5fa0d2d8b10241
I1031 23:03:53.111836 39767 leader_election.cc:216] T feeb15ca2b1f490296ccd8a8edacf49f P 0a8bbcbbb5a6459aa5258464755db3bb [CANDIDATE]: Term 1 election: Requesting vote from peer 044f1da9a27c46acb82b1386f829f4dc
I1031 23:03:53.111866 39772 leader_election.cc:216] T 68aa6071fa594e79958cddb8489a1f0c P 0a8bbcbbb5a6459aa5258464755db3bb [CANDIDATE]: Term 1 election: Requesting vote from peer 0fc477287c154136abc1e2f3c82fb7f9
W1031 23:03:53.112071 10720 leader_election.cc:278] T feeb15ca2b1f490296ccd8a8edacf49f P 0a8bbcbbb5a6459aa5258464755db3bb [CANDIDATE]: Term 1 election: Tablet error from VoteRequest() call to peer 044f1da9a27c46acb82b1386f829f4dc: Illegal state: Tablet not RUNNING: NOT_STARTED
W1031 23:03:53.112161 10720 leader_election.cc:278] T 68aa6071fa594e79958cddb8489a1f0c P 0a8bbcbbb5a6459aa5258464755db3bb [CANDIDATE]: Term 1 election: Tablet error from VoteRequest() call to peer 23f962e4a1744381ad5fa0d2d8b10241: Illegal state: Tablet not RUNNING: NOT_STARTED
I1031 23:03:53.112779 10717 leader_election.cc:348] T feeb15ca2b1f490296ccd8a8edacf49f P 0a8bbcbbb5a6459aa5258464755db3bb [CANDIDATE]: Term 1 election: Vote granted by peer daba39963d4346e1816089fd3a5442b5
I1031 23:03:53.112797 10717 leader_election.cc:243] T feeb15ca2b1f490296ccd8a8edacf49f P 0a8bbcbbb5a6459aa5258464755db3bb [CANDIDATE]: Term 1 election: Election decided. Result: candidate won.
I1031 23:03:53.112838 39767 raft_consensus.cc:2162] T feeb15ca2b1f490296ccd8a8edacf49f P 0a8bbcbbb5a6459aa5258464755db3bb [term 1 FOLLOWER]: Snoozing failure detection for election timeout plus an additional 2.206s
I1031 23:03:53.112854 39767 raft_consensus.cc:1971] T feeb15ca2b1f490296ccd8a8edacf49f P 0a8bbcbbb5a6459aa5258464755db3bb [term 1 FOLLOWER]: Leader election won for term 1
I1031 23:03:53.113081 10718 leader_election.cc:348] T 68aa6071fa594e79958cddb8489a1f0c P 0a8bbcbbb5a6459aa5258464755db3bb [CANDIDATE]: Term 1 election: Vote granted by peer 0fc477287c154136abc1e2f3c82fb7f9
I1031 23:03:53.113095 39767 raft_consensus.cc:518] T feeb15ca2b1f490296ccd8a8edacf49f P 0a8bbcbbb5a6459aa5258464755db3bb [term 1 LEADER]: Becoming Leader. State: Replica: 0a8bbcbbb5a6459aa5258464755db3bb, State: 1, Role: LEADER
I1031 23:03:53.113101 10718 leader_election.cc:243] T 68aa6071fa594e79958cddb8489a1f0c P 0a8bbcbbb5a6459aa5258464755db3bb [CANDIDATE]: Term 1 election: Election decided. Result: candidate won.
I1031 23:03:53.113142 39772 raft_consensus.cc:2162] T 68aa6071fa594e79958cddb8489a1f0c P 0a8bbcbbb5a6459aa5258464755db3bb [term 1 FOLLOWER]: Snoozing failure detection for election timeout plus an additional 2.007s
I1031 23:03:53.113154 39767 consensus_queue.cc:158] T feeb15ca2b1f490296ccd8a8edacf49f P 0a8bbcbbb5a6459aa5258464755db3bb [LEADER]: Queue going to LEADER mode. State: All replicated index: 0, Majority replicated index: 0, Committed index: 0, Last appended: 0.0, Current term: 1, Majority size: 2, State: 1, Mode: LEADER, active raft config: opid_index: -1 OBSOLETE_local: false peers { permanent_uuid: "daba39963d4346e1816089fd3a5442b5" member_type: VOTER last_known_addr { host: "c3-kudu-tst-st09.bj" port: 18700 } } peers { permanent_uuid: "044f1da9a27c46acb82b1386f829f4dc" member_type: VOTER last_known_addr { host: "c3-kudu-tst-st03.bj" port: 18700 } } peers { permanent_uuid: "0a8bbcbbb5a6459aa5258464755db3bb" member_type: VOTER last_known_addr { host: "c3-kudu-tst-st02.bj" port: 18700 } }
I1031 23:03:53.113162 39772 raft_consensus.cc:1971] T 68aa6071fa594e79958cddb8489a1f0c P 0a8bbcbbb5a6459aa5258464755db3bb [term 1 FOLLOWER]: Leader election won for term 1
I1031 23:03:53.113896 39772 raft_consensus.cc:518] T 68aa6071fa594e79958cddb8489a1f0c P 0a8bbcbbb5a6459aa5258464755db3bb [term 1 LEADER]: Becoming Leader. State: Replica: 0a8bbcbbb5a6459aa5258464755db3bb, State: 1, Role: LEADER
I1031 23:03:53.113972 39772 consensus_queue.cc:158] T 68aa6071fa594e79958cddb8489a1f0c P 0a8bbcbbb5a6459aa5258464755db3bb [LEADER]: Queue going to LEADER mode. State: All replicated index: 0, Majority replicated index: 0, Committed index: 0, Last appended: 0.0, Current term: 1, Majority size: 2, State: 1, Mode: LEADER, active raft config: opid_index: -1 OBSOLETE_local: false peers { permanent_uuid: "23f962e4a1744381ad5fa0d2d8b10241" member_type: VOTER last_known_addr { host: "c3-kudu-tst-st07.bj" port: 18700 } } peers { permanent_uuid: "0fc477287c154136abc1e2f3c82fb7f9" member_type: VOTER last_known_addr { host: "c3-kudu-tst-st04.bj" port: 18700 } } peers { permanent_uuid: "0a8bbcbbb5a6459aa5258464755db3bb" member_type: VOTER last_known_addr { host: "c3-kudu-tst-st02.bj" port: 18700 } }
I1031 23:03:53.131762 10777 raft_consensus.cc:2162] T fcde65c4e4cf4df29b9ef9884ce292b2 P 0a8bbcbbb5a6459aa5258464755db3bb [term 0 FOLLOWER]: Snoozing failure detection for election timeout plus an additional 1.652s
I1031 23:03:53.131821 10777 raft_consensus.cc:1747] T fcde65c4e4cf4df29b9ef9884ce292b2 P 0a8bbcbbb5a6459aa5258464755db3bb [term 0 FOLLOWER]: Leader pre-election vote request: Granting yes vote for candidate 0f53a0d3ef7e44ebb0365c800752d5bd in term 0.
I1031 23:03:53.133095 10777 raft_consensus.cc:2206] T fcde65c4e4cf4df29b9ef9884ce292b2 P 0a8bbcbbb5a6459aa5258464755db3bb [term 0 FOLLOWER]: Advancing to term 1
I1031 23:03:53.133119 10777 raft_consensus.cc:2162] T fcde65c4e4cf4df29b9ef9884ce292b2 P 0a8bbcbbb5a6459aa5258464755db3bb [term 1 FOLLOWER]: Snoozing failure detection for election timeout plus an additional 1.592s
I1031 23:03:53.161265 10777 raft_consensus.cc:1747] T fcde65c4e4cf4df29b9ef9884ce292b2 P 0a8bbcbbb5a6459aa5258464755db3bb [term 1 FOLLOWER]: Leader election vote request: Granting yes vote for candidate 0f53a0d3ef7e44ebb0365c800752d5bd in term 1.
I1031 23:03:53.161347 10772 ts_tablet_manager.cc:862] T f49a4f915ac048b096fcb5f4878f436d P 0a8bbcbbb5a6459aa5258464755db3bb: Registered tablet (data state: TABLET_DATA_READY)
I1031 23:03:53.172559 39736 raft_consensus.cc:411] T 269d7d8c1d21484ab7f554a011190a84 P 0a8bbcbbb5a6459aa5258464755db3bb [term 0 FOLLOWER]: Starting pre-election (no leader contacted us within the election timeout)
I1031 23:03:53.172626 39736 raft_consensus.cc:2162] T 269d7d8c1d21484ab7f554a011190a84 P 0a8bbcbbb5a6459aa5258464755db3bb [term 0 FOLLOWER]: Snoozing failure detection for election timeout plus an additional 2.126s
I1031 23:03:53.172694 39736 raft_consensus.cc:435] T 269d7d8c1d21484ab7f554a011190a84 P 0a8bbcbbb5a6459aa5258464755db3bb [term 0 FOLLOWER]: Starting pre-election with config: opid_index: -1 OBSOLETE_local: false peers { permanent_uuid: "0a8bbcbbb5a6459aa5258464755db3bb" member_type: VOTER last_known_addr { host: "c3-kudu-tst-st02.bj" port: 18700 } } peers { permanent_uuid: "044f1da9a27c46acb82b1386f829f4dc" member_type: VOTER last_known_addr { host: "c3-kudu-tst-st03.bj" port: 18700 } } peers { permanent_uuid: "daba39963d4346e1816089fd3a5442b5" member_type: VOTER last_known_addr { host: "c3-kudu-tst-st09.bj" port: 18700 } }
I1031 23:03:53.173311 39736 leader_election.cc:216] T 269d7d8c1d21484ab7f554a011190a84 P 0a8bbcbbb5a6459aa5258464755db3bb [CANDIDATE]: Term 1 pre-election: Requesting pre-vote from peer 044f1da9a27c46acb82b1386f829f4dc
I1031 23:03:53.173341 39736 leader_election.cc:216] T 269d7d8c1d21484ab7f554a011190a84 P 0a8bbcbbb5a6459aa5258464755db3bb [CANDIDATE]: Term 1 pre-election: Requesting pre-vote from peer daba39963d4346e1816089fd3a5442b5
I1031 23:03:53.173642 10720 leader_election.cc:348] T 269d7d8c1d21484ab7f554a011190a84 P 0a8bbcbbb5a6459aa5258464755db3bb [CANDIDATE]: Term 1 pre-election: Vote granted by peer 044f1da9a27c46acb82b1386f829f4dc
I1031 23:03:53.173665 10720 leader_election.cc:243] T 269d7d8c1d21484ab7f554a011190a84 P 0a8bbcbbb5a6459aa5258464755db3bb [CANDIDATE]: Term 1 pre-election: Election decided. Result: candidate won.
I1031 23:03:53.173682 10717 leader_election.cc:348] T 269d7d8c1d21484ab7f554a011190a84 P 0a8bbcbbb5a6459aa5258464755db3bb [CANDIDATE]: Term 1 pre-election: Vote granted by peer daba39963d4346e1816089fd3a5442b5
I1031 23:03:53.173710 39737 raft_consensus.cc:2162] T 269d7d8c1d21484ab7f554a011190a84 P 0a8bbcbbb5a6459aa5258464755db3bb [term 0 FOLLOWER]: Snoozing failure detection for election timeout plus an additional 2.240s
I1031 23:03:53.173730 39737 raft_consensus.cc:1971] T 269d7d8c1d21484ab7f554a011190a84 P 0a8bbcbbb5a6459aa5258464755db3bb [term 0 FOLLOWER]: Leader pre-election won for term 1
I1031 23:03:53.173743 39737 raft_consensus.cc:411] T 269d7d8c1d21484ab7f554a011190a84 P 0a8bbcbbb5a6459aa5258464755db3bb [term 0 FOLLOWER]: Starting leader election (no leader contacted us within the election timeout)
I1031 23:03:53.173758 39737 raft_consensus.cc:2162] T 269d7d8c1d21484ab7f554a011190a84 P 0a8bbcbbb5a6459aa5258464755db3bb [term 0 FOLLOWER]: Snoozing failure detection for election timeout plus an additional 1.905s
I1031 23:03:53.173768 39737 raft_consensus.cc:2206] T 269d7d8c1d21484ab7f554a011190a84 P 0a8bbcbbb5a6459aa5258464755db3bb [term 0 FOLLOWER]: Advancing to term 1
I1031 23:03:53.194146 10771 ts_tablet_manager.cc:862] T 9967925d5dbd49eaadc0a1a58e7e2089 P 0a8bbcbbb5a6459aa5258464755db3bb: Registered tablet (data state: TABLET_DATA_READY)
I1031 23:03:53.194310 39737 raft_consensus.cc:435] T 269d7d8c1d21484ab7f554a011190a84 P 0a8bbcbbb5a6459aa5258464755db3bb [term 1 FOLLOWER]: Starting leader election with config: opid_index: -1 OBSOLETE_local: false peers { permanent_uuid: "0a8bbcbbb5a6459aa5258464755db3bb" member_type: VOTER last_known_addr { host: "c3-kudu-tst-st02.bj" port: 18700 } } peers { permanent_uuid: "044f1da9a27c46acb82b1386f829f4dc" member_type: VOTER last_known_addr { host: "c3-kudu-tst-st03.bj" port: 18700 } } peers { permanent_uuid: "daba39963d4346e1816089fd3a5442b5" member_type: VOTER last_known_addr { host: "c3-kudu-tst-st09.bj" port: 18700 } }
I1031 23:03:53.195047 39737 leader_election.cc:216] T 269d7d8c1d21484ab7f554a011190a84 P 0a8bbcbbb5a6459aa5258464755db3bb [CANDIDATE]: Term 1 election: Requesting vote from peer 044f1da9a27c46acb82b1386f829f4dc
I1031 23:03:53.195080 39737 leader_election.cc:216] T 269d7d8c1d21484ab7f554a011190a84 P 0a8bbcbbb5a6459aa5258464755db3bb [CANDIDATE]: Term 1 election: Requesting vote from peer daba39963d4346e1816089fd3a5442b5
I1031 23:03:53.195943 10720 leader_election.cc:348] T 269d7d8c1d21484ab7f554a011190a84 P 0a8bbcbbb5a6459aa5258464755db3bb [CANDIDATE]: Term 1 election: Vote granted by peer 044f1da9a27c46acb82b1386f829f4dc
I1031 23:03:53.195966 10720 leader_election.cc:243] T 269d7d8c1d21484ab7f554a011190a84 P 0a8bbcbbb5a6459aa5258464755db3bb [CANDIDATE]: Term 1 election: Election decided. Result: candidate won.
I1031 23:03:53.195984 10717 leader_election.cc:348] T 269d7d8c1d21484ab7f554a011190a84 P 0a8bbcbbb5a6459aa5258464755db3bb [CANDIDATE]: Term 1 election: Vote granted by peer daba39963d4346e1816089fd3a5442b5
I1031 23:03:53.196003 39737 raft_consensus.cc:2162] T 269d7d8c1d21484ab7f554a011190a84 P 0a8bbcbbb5a6459aa5258464755db3bb [term 1 FOLLOWER]: Snoozing failure detection for election timeout plus an additional 2.057s
I1031 23:03:53.196019 39737 raft_consensus.cc:1971] T 269d7d8c1d21484ab7f554a011190a84 P 0a8bbcbbb5a6459aa5258464755db3bb [term 1 FOLLOWER]: Leader election won for term 1
I1031 23:03:53.196269 39737 raft_consensus.cc:518] T 269d7d8c1d21484ab7f554a011190a84 P 0a8bbcbbb5a6459aa5258464755db3bb [term 1 LEADER]: Becoming Leader. State: Replica: 0a8bbcbbb5a6459aa5258464755db3bb, State: 1, Role: LEADER
I1031 23:03:53.196327 39737 consensus_queue.cc:158] T 269d7d8c1d21484ab7f554a011190a84 P 0a8bbcbbb5a6459aa5258464755db3bb [LEADER]: Queue going to LEADER mode. State: All replicated index: 0, Majority replicated index: 0, Committed index: 0, Last appended: 0.0, Current term: 1, Majority size: 2, State: 1, Mode: LEADER, active raft config: opid_index: -1 OBSOLETE_local: false peers { permanent_uuid: "0a8bbcbbb5a6459aa5258464755db3bb" member_type: VOTER last_known_addr { host: "c3-kudu-tst-st02.bj" port: 18700 } } peers { permanent_uuid: "044f1da9a27c46acb82b1386f829f4dc" member_type: VOTER last_known_addr { host: "c3-kudu-tst-st03.bj" port: 18700 } } peers { permanent_uuid: "daba39963d4346e1816089fd3a5442b5" member_type: VOTER last_known_addr { host: "c3-kudu-tst-st09.bj" port: 18700 } }
I1031 23:03:53.235985 10768 ts_tablet_manager.cc:862] T d528d43805c44cc398cfba41658e36f0 P 0a8bbcbbb5a6459aa5258464755db3bb: Registered tablet (data state: TABLET_DATA_READY)
I1031 23:03:53.236649 10779 raft_consensus.cc:918] T f05a7aa04e784d02a30ce666139a7263 P 0a8bbcbbb5a6459aa5258464755db3bb [term 1 FOLLOWER]: Refusing update from remote peer 0fc477287c154136abc1e2f3c82fb7f9: Log matching property violated. Preceding OpId in replica: term: 0 index: 0. Preceding OpId from leader: term: 1 index: 1. (index mismatch)
I1031 23:03:53.262161 10773 ts_tablet_manager.cc:862] T 67cc714357a24166a1354f3d7276848f P 0a8bbcbbb5a6459aa5258464755db3bb: Registered tablet (data state: TABLET_DATA_READY)
I1031 23:03:53.269979 10758 ts_tablet_manager.cc:862] T bd6a9e583cad413ca558178148ac7f85 P 0a8bbcbbb5a6459aa5258464755db3bb: Registered tablet (data state: TABLET_DATA_READY)
I1031 23:03:53.287230 10756 ts_tablet_manager.cc:862] T 090accc17fae4e60b7bddb6dd0bf2ef8 P 0a8bbcbbb5a6459aa5258464755db3bb: Registered tablet (data state: TABLET_DATA_READY)
I1031 23:03:53.362799 10770 ts_tablet_manager.cc:862] T 865b2d5788f44598b169ca6415314610 P 0a8bbcbbb5a6459aa5258464755db3bb: Registered tablet (data state: TABLET_DATA_READY)
I1031 23:03:53.388384 10762 ts_tablet_manager.cc:862] T 6a813ca355f749b6b31a773aa0f2ac7a P 0a8bbcbbb5a6459aa5258464755db3bb: Registered tablet (data state: TABLET_DATA_READY)
I1031 23:03:53.413440 10759 ts_tablet_manager.cc:862] T 45e2cfbf12734183aa63ce7e9e78c541 P 0a8bbcbbb5a6459aa5258464755db3bb: Registered tablet (data state: TABLET_DATA_READY)
I1031 23:03:53.438684 10769 ts_tablet_manager.cc:862] T 69b4b5f037014f10bfab077f3f98ca49 P 0a8bbcbbb5a6459aa5258464755db3bb: Registered tablet (data state: TABLET_DATA_READY)
I1031 23:03:53.463966 10754 ts_tablet_manager.cc:862] T 648eb376255a4dd4bb5818262efcc813 P 0a8bbcbbb5a6459aa5258464755db3bb: Registered tablet (data state: TABLET_DATA_READY)
I1031 23:03:53.464040 10754 rpcz_store.cc:248] Call kudu.tserver.TabletServerAdminService.CreateTablet from 10.108.187.10:43437 (request call id 30) took 1012ms. Request Metrics: {"fdatasync":1,"fdatasync_us":58824}
I1031 23:03:53.465544 39752 consensus_queue.cc:695] T 6ca74226a6af40e2a78046fc3591c038 P 0a8bbcbbb5a6459aa5258464755db3bb [LEADER]: Connected to new peer: Peer: 193181be29284287b25df2ee92938f0b, Is new: false, Last received: 0.0, Next index: 1, Last known committed idx: 0, Last exchange result: ERROR, Needs tablet copy: false
I1031 23:03:53.466047 39752 consensus_queue.cc:695] T 6ca74226a6af40e2a78046fc3591c038 P 0a8bbcbbb5a6459aa5258464755db3bb [LEADER]: Connected to new peer: Peer: 23f962e4a1744381ad5fa0d2d8b10241, Is new: false, Last received: 0.0, Next index: 1, Last known committed idx: 0, Last exchange result: ERROR, Needs tablet copy: false
I1031 23:03:53.489105 10763 ts_tablet_manager.cc:862] T e53178c96c3c4ad2b3068e9674d1259d P 0a8bbcbbb5a6459aa5258464755db3bb: Registered tablet (data state: TABLET_DATA_READY)
I1031 23:03:53.489285 10763 rpcz_store.cc:248] Call kudu.tserver.TabletServerAdminService.CreateTablet from 10.108.187.10:43437 (request call id 22) took 1037ms. Request Metrics: {"fdatasync":1,"fdatasync_us":58620}
I1031 23:03:53.514363 10767 ts_tablet_manager.cc:862] T 1d674793183b4a3fb8f88dc864e9059a P 0a8bbcbbb5a6459aa5258464755db3bb: Registered tablet (data state: TABLET_DATA_READY)
I1031 23:03:53.514418 10767 rpcz_store.cc:248] Call kudu.tserver.TabletServerAdminService.CreateTablet from 10.108.187.10:43437 (request call id 26) took 1062ms. Request Metrics: {"fdatasync":1,"fdatasync_us":49904}
I1031 23:03:53.539567 10764 ts_tablet_manager.cc:862] T 812b248175004ae8992ff2660fc9d520 P 0a8bbcbbb5a6459aa5258464755db3bb: Registered tablet (data state: TABLET_DATA_READY)
I1031 23:03:53.539611 10764 rpcz_store.cc:248] Call kudu.tserver.TabletServerAdminService.CreateTablet from 10.108.187.10:43437 (request call id 27) took 1088ms. Request Metrics: {"fdatasync":1,"fdatasync_us":49901}
I1031 23:03:53.564606 10757 ts_tablet_manager.cc:862] T 388697c0c21a4b158a92f2b292b8012f P 0a8bbcbbb5a6459aa5258464755db3bb: Registered tablet (data state: TABLET_DATA_READY)
I1031 23:03:53.564656 10757 rpcz_store.cc:248] Call kudu.tserver.TabletServerAdminService.CreateTablet from 10.108.187.10:43437 (request call id 23) took 1113ms. Request Metrics: {"fdatasync":1,"fdatasync_us":58826}
I1031 23:03:53.612984 10782 raft_consensus.cc:918] T 318722d72b774164aba6657098b58c90 P 0a8bbcbbb5a6459aa5258464755db3bb [term 1 FOLLOWER]: Refusing update from remote peer daba39963d4346e1816089fd3a5442b5: Log matching property violated. Preceding OpId in replica: term: 0 index: 0. Preceding OpId from leader: term: 1 index: 1. (index mismatch)
I1031 23:03:53.614928 39767 consensus_queue.cc:695] T feeb15ca2b1f490296ccd8a8edacf49f P 0a8bbcbbb5a6459aa5258464755db3bb [LEADER]: Connected to new peer: Peer: daba39963d4346e1816089fd3a5442b5, Is new: false, Last received: 0.0, Next index: 1, Last known committed idx: 0, Last exchange result: ERROR, Needs tablet copy: false
W1031 23:03:53.615319 10720 consensus_peers.cc:357] T 68aa6071fa594e79958cddb8489a1f0c P 0a8bbcbbb5a6459aa5258464755db3bb -> Peer 23f962e4a1744381ad5fa0d2d8b10241 (c3-kudu-tst-st07.bj:18700): Couldn't send request to peer 23f962e4a1744381ad5fa0d2d8b10241 for tablet 68aa6071fa594e79958cddb8489a1f0c. Error code: TABLET_NOT_RUNNING (12). Status: Illegal state: Tablet not RUNNING: NOT_STARTED. Retrying in the next heartbeat period. Already tried 1 times.
W1031 23:03:53.615708 10720 consensus_peers.cc:357] T feeb15ca2b1f490296ccd8a8edacf49f P 0a8bbcbbb5a6459aa5258464755db3bb -> Peer 044f1da9a27c46acb82b1386f829f4dc (c3-kudu-tst-st03.bj:18700): Couldn't send request to peer 044f1da9a27c46acb82b1386f829f4dc for tablet feeb15ca2b1f490296ccd8a8edacf49f. Error code: TABLET_NOT_RUNNING (12). Status: Illegal state: Tablet not RUNNING: NOT_STARTED. Retrying in the next heartbeat period. Already tried 1 times.
I1031 23:03:53.616171 39777 consensus_queue.cc:695] T 68aa6071fa594e79958cddb8489a1f0c P 0a8bbcbbb5a6459aa5258464755db3bb [LEADER]: Connected to new peer: Peer: 0fc477287c154136abc1e2f3c82fb7f9, Is new: false, Last received: 0.0, Next index: 1, Last known committed idx: 0, Last exchange result: ERROR, Needs tablet copy: false
I1031 23:03:53.662752 10782 raft_consensus.cc:918] T fcde65c4e4cf4df29b9ef9884ce292b2 P 0a8bbcbbb5a6459aa5258464755db3bb [term 1 FOLLOWER]: Refusing update from remote peer 0f53a0d3ef7e44ebb0365c800752d5bd: Log matching property violated. Preceding OpId in replica: term: 0 index: 0. Preceding OpId from leader: term: 1 index: 1. (index mismatch)
I1031 23:03:53.697007 39737 consensus_queue.cc:695] T 269d7d8c1d21484ab7f554a011190a84 P 0a8bbcbbb5a6459aa5258464755db3bb [LEADER]: Connected to new peer: Peer: 044f1da9a27c46acb82b1386f829f4dc, Is new: false, Last received: 0.0, Next index: 1, Last known committed idx: 0, Last exchange result: ERROR, Needs tablet copy: false
I1031 23:03:53.697415 39737 consensus_queue.cc:695] T 269d7d8c1d21484ab7f554a011190a84 P 0a8bbcbbb5a6459aa5258464755db3bb [LEADER]: Connected to new peer: Peer: daba39963d4346e1816089fd3a5442b5, Is new: false, Last received: 0.0, Next index: 1, Last known committed idx: 0, Last exchange result: ERROR, Needs tablet copy: false
W1031 23:03:54.115319 10720 consensus_peers.cc:357] T 68aa6071fa594e79958cddb8489a1f0c P 0a8bbcbbb5a6459aa5258464755db3bb -> Peer 23f962e4a1744381ad5fa0d2d8b10241 (c3-kudu-tst-st07.bj:18700): Couldn't send request to peer 23f962e4a1744381ad5fa0d2d8b10241 for tablet 68aa6071fa594e79958cddb8489a1f0c. Error code: TABLET_NOT_RUNNING (12). Status: Illegal state: Tablet not RUNNING: NOT_STARTED. Retrying in the next heartbeat period. Already tried 2 times.
W1031 23:03:54.115813 10720 consensus_peers.cc:357] T feeb15ca2b1f490296ccd8a8edacf49f P 0a8bbcbbb5a6459aa5258464755db3bb -> Peer 044f1da9a27c46acb82b1386f829f4dc (c3-kudu-tst-st03.bj:18700): Couldn't send request to peer 044f1da9a27c46acb82b1386f829f4dc for tablet feeb15ca2b1f490296ccd8a8edacf49f. Error code: TABLET_NOT_RUNNING (12). Status: Illegal state: Tablet not RUNNING: NOT_STARTED. Retrying in the next heartbeat period. Already tried 2 times.
W1031 23:03:54.534421 10720 consensus_peers.cc:357] T 68aa6071fa594e79958cddb8489a1f0c P 0a8bbcbbb5a6459aa5258464755db3bb -> Peer 23f962e4a1744381ad5fa0d2d8b10241 (c3-kudu-tst-st07.bj:18700): Couldn't send request to peer 23f962e4a1744381ad5fa0d2d8b10241 for tablet 68aa6071fa594e79958cddb8489a1f0c. Error code: TABLET_NOT_RUNNING (12). Status: Illegal state: Tablet not RUNNING: NOT_STARTED. Retrying in the next heartbeat period. Already tried 3 times.
W1031 23:03:54.598920 10720 consensus_peers.cc:357] T feeb15ca2b1f490296ccd8a8edacf49f P 0a8bbcbbb5a6459aa5258464755db3bb -> Peer 044f1da9a27c46acb82b1386f829f4dc (c3-kudu-tst-st03.bj:18700): Couldn't send request to peer 044f1da9a27c46acb82b1386f829f4dc for tablet feeb15ca2b1f490296ccd8a8edacf49f. Error code: TABLET_NOT_RUNNING (12). Status: Illegal state: Tablet not RUNNING: NOT_STARTED. Retrying in the next heartbeat period. Already tried 3 times.
W1031 23:03:55.034581 10720 consensus_peers.cc:357] T 68aa6071fa594e79958cddb8489a1f0c P 0a8bbcbbb5a6459aa5258464755db3bb -> Peer 23f962e4a1744381ad5fa0d2d8b10241 (c3-kudu-tst-st07.bj:18700): Couldn't send request to peer 23f962e4a1744381ad5fa0d2d8b10241 for tablet 68aa6071fa594e79958cddb8489a1f0c. Error code: TABLET_NOT_RUNNING (12). Status: Illegal state: Tablet not RUNNING: NOT_STARTED. Retrying in the next heartbeat period. Already tried 4 times.
W1031 23:03:55.098960 10720 consensus_peers.cc:357] T feeb15ca2b1f490296ccd8a8edacf49f P 0a8bbcbbb5a6459aa5258464755db3bb -> Peer 044f1da9a27c46acb82b1386f829f4dc (c3-kudu-tst-st03.bj:18700): Couldn't send request to peer 044f1da9a27c46acb82b1386f829f4dc for tablet feeb15ca2b1f490296ccd8a8edacf49f. Error code: TABLET_NOT_RUNNING (12). Status: Illegal state: Tablet not RUNNING: NOT_STARTED. Retrying in the next heartbeat period. Already tried 4 times.
W1031 23:03:55.534608 10720 consensus_peers.cc:357] T 68aa6071fa594e79958cddb8489a1f0c P 0a8bbcbbb5a6459aa5258464755db3bb -> Peer 23f962e4a1744381ad5fa0d2d8b10241 (c3-kudu-tst-st07.bj:18700): Couldn't send request to peer 23f962e4a1744381ad5fa0d2d8b10241 for tablet 68aa6071fa594e79958cddb8489a1f0c. Error code: TABLET_NOT_RUNNING (12). Status: Illegal state: Tablet not RUNNING: NOT_STARTED. Retrying in the next heartbeat period. Already tried 5 times.
W1031 23:03:55.599126 10720 consensus_peers.cc:357] T feeb15ca2b1f490296ccd8a8edacf49f P 0a8bbcbbb5a6459aa5258464755db3bb -> Peer 044f1da9a27c46acb82b1386f829f4dc (c3-kudu-tst-st03.bj:18700): Couldn't send request to peer 044f1da9a27c46acb82b1386f829f4dc for tablet feeb15ca2b1f490296ccd8a8edacf49f. Error code: TABLET_NOT_RUNNING (12). Status: Illegal state: Tablet not RUNNING: NOT_STARTED. Retrying in the next heartbeat period. Already tried 5 times.
W1031 23:03:56.034713 10720 consensus_peers.cc:357] T 68aa6071fa594e79958cddb8489a1f0c P 0a8bbcbbb5a6459aa5258464755db3bb -> Peer 23f962e4a1744381ad5fa0d2d8b10241 (c3-kudu-tst-st07.bj:18700): Couldn't send request to peer 23f962e4a1744381ad5fa0d2d8b10241 for tablet 68aa6071fa594e79958cddb8489a1f0c. Error code: TABLET_NOT_RUNNING (12). Status: Illegal state: Tablet not RUNNING: NOT_STARTED. Retrying in the next heartbeat period. Already tried 6 times.
W1031 23:03:56.099160 10720 consensus_peers.cc:357] T feeb15ca2b1f490296ccd8a8edacf49f P 0a8bbcbbb5a6459aa5258464755db3bb -> Peer 044f1da9a27c46acb82b1386f829f4dc (c3-kudu-tst-st03.bj:18700): Couldn't send request to peer 044f1da9a27c46acb82b1386f829f4dc for tablet feeb15ca2b1f490296ccd8a8edacf49f. Error code: TABLET_NOT_RUNNING (12). Status: Illegal state: Tablet not RUNNING: NOT_STARTED. Retrying in the next heartbeat period. Already tried 6 times.
W1031 23:03:56.534704 10720 consensus_peers.cc:357] T 68aa6071fa594e79958cddb8489a1f0c P 0a8bbcbbb5a6459aa5258464755db3bb -> Peer 23f962e4a1744381ad5fa0d2d8b10241 (c3-kudu-tst-st07.bj:18700): Couldn't send request to peer 23f962e4a1744381ad5fa0d2d8b10241 for tablet 68aa6071fa594e79958cddb8489a1f0c. Error code: TABLET_NOT_RUNNING (12). Status: Illegal state: Tablet not RUNNING: NOT_STARTED. Retrying in the next heartbeat period. Already tried 7 times.
W1031 23:03:56.599225 10720 consensus_peers.cc:357] T feeb15ca2b1f490296ccd8a8edacf49f P 0a8bbcbbb5a6459aa5258464755db3bb -> Peer 044f1da9a27c46acb82b1386f829f4dc (c3-kudu-tst-st03.bj:18700): Couldn't send request to peer 044f1da9a27c46acb82b1386f829f4dc for tablet feeb15ca2b1f490296ccd8a8edacf49f. Error code: TABLET_NOT_RUNNING (12). Status: Illegal state: Tablet not RUNNING: NOT_STARTED. Retrying in the next heartbeat period. Already tried 7 times.
I1031 23:03:56.728981 39746 raft_consensus.cc:411] T c7eb286102a648969b5cf2a93710a72c P 0a8bbcbbb5a6459aa5258464755db3bb [term 0 FOLLOWER]: Starting pre-election (no leader contacted us within the election timeout)
I1031 23:03:56.729029 39746 raft_consensus.cc:2162] T c7eb286102a648969b5cf2a93710a72c P 0a8bbcbbb5a6459aa5258464755db3bb [term 0 FOLLOWER]: Snoozing failure detection for election timeout plus an additional 2.620s
I1031 23:03:56.729094 39746 raft_consensus.cc:435] T c7eb286102a648969b5cf2a93710a72c P 0a8bbcbbb5a6459aa5258464755db3bb [term 0 FOLLOWER]: Starting pre-election with config: opid_index: -1 OBSOLETE_local: false peers { permanent_uuid: "0a8bbcbbb5a6459aa5258464755db3bb" member_type: VOTER last_known_addr { host: "c3-kudu-tst-st02.bj" port: 18700 } } peers { permanent_uuid: "625f49b9554549e6a5c3a92b76e576cf" member_type: VOTER last_known_addr { host: "c3-kudu-tst-st10.bj" port: 18700 } } peers { permanent_uuid: "d3eb30bd1bc34b95902fa61724239553" member_type: VOTER last_known_addr { host: "c3-kudu-tst-st05.bj" port: 18700 } }
I1031 23:03:56.729686 39746 leader_election.cc:216] T c7eb286102a648969b5cf2a93710a72c P 0a8bbcbbb5a6459aa5258464755db3bb [CANDIDATE]: Term 1 pre-election: Requesting pre-vote from peer 625f49b9554549e6a5c3a92b76e576cf
I1031 23:03:56.729717 39746 leader_election.cc:216] T c7eb286102a648969b5cf2a93710a72c P 0a8bbcbbb5a6459aa5258464755db3bb [CANDIDATE]: Term 1 pre-election: Requesting pre-vote from peer d3eb30bd1bc34b95902fa61724239553
W1031 23:03:56.729923 10718 leader_election.cc:278] T c7eb286102a648969b5cf2a93710a72c P 0a8bbcbbb5a6459aa5258464755db3bb [CANDIDATE]: Term 1 pre-election: Tablet error from VoteRequest() call to peer 625f49b9554549e6a5c3a92b76e576cf: Illegal state: Tablet not RUNNING: NOT_STARTED
W1031 23:03:56.729971 10719 leader_election.cc:278] T c7eb286102a648969b5cf2a93710a72c P 0a8bbcbbb5a6459aa5258464755db3bb [CANDIDATE]: Term 1 pre-election: Tablet error from VoteRequest() call to peer d3eb30bd1bc34b95902fa61724239553: Illegal state: Tablet not RUNNING: NOT_STARTED
I1031 23:03:56.729995 10719 leader_election.cc:243] T c7eb286102a648969b5cf2a93710a72c P 0a8bbcbbb5a6459aa5258464755db3bb [CANDIDATE]: Term 1 pre-election: Election decided. Result: candidate lost.
I1031 23:03:56.730281 39796 raft_consensus.cc:2162] T c7eb286102a648969b5cf2a93710a72c P 0a8bbcbbb5a6459aa5258464755db3bb [term 0 FOLLOWER]: Snoozing failure detection for election timeout plus an additional 1.535s
I1031 23:03:56.730304 39796 raft_consensus.cc:1908] T c7eb286102a648969b5cf2a93710a72c P 0a8bbcbbb5a6459aa5258464755db3bb [term 0 FOLLOWER]: Leader pre-election lost for term 1. Reason: could not achieve majority
I1031 23:03:56.794960 39731 raft_consensus.cc:411] T 27f651ff46ca4722b064a85e795dcaa4 P 0a8bbcbbb5a6459aa5258464755db3bb [term 0 FOLLOWER]: Starting pre-election (no leader contacted us within the election timeout)
I1031 23:03:56.795014 39731 raft_consensus.cc:2162] T 27f651ff46ca4722b064a85e795dcaa4 P 0a8bbcbbb5a6459aa5258464755db3bb [term 0 FOLLOWER]: Snoozing failure detection for election timeout plus an additional 2.371s
I1031 23:03:56.795078 39731 raft_consensus.cc:435] T 27f651ff46ca4722b064a85e795dcaa4 P 0a8bbcbbb5a6459aa5258464755db3bb [term 0 FOLLOWER]: Starting pre-election with config: opid_index: -1 OBSOLETE_local: false peers { permanent_uuid: "0a8bbcbbb5a6459aa5258464755db3bb" member_type: VOTER last_known_addr { host: "c3-kudu-tst-st02.bj" port: 18700 } } peers { permanent_uuid: "193181be29284287b25df2ee92938f0b" member_type: VOTER last_known_addr { host: "c3-kudu-tst-st08.bj" port: 18700 } } peers { permanent_uuid: "23f962e4a1744381ad5fa0d2d8b10241" member_type: VOTER last_known_addr { host: "c3-kudu-tst-st07.bj" port: 18700 } }
I1031 23:03:56.795598 39731 leader_election.cc:216] T 27f651ff46ca4722b064a85e795dcaa4 P 0a8bbcbbb5a6459aa5258464755db3bb [CANDIDATE]: Term 1 pre-election: Requesting pre-vote from peer 193181be29284287b25df2ee92938f0b
I1031 23:03:56.795629 39731 leader_election.cc:216] T 27f651ff46ca4722b064a85e795dcaa4 P 0a8bbcbbb5a6459aa5258464755db3bb [CANDIDATE]: Term 1 pre-election: Requesting pre-vote from peer 23f962e4a1744381ad5fa0d2d8b10241
W1031 23:03:56.795820 10719 leader_election.cc:278] T 27f651ff46ca4722b064a85e795dcaa4 P 0a8bbcbbb5a6459aa5258464755db3bb [CANDIDATE]: Term 1 pre-election: Tablet error from VoteRequest() call to peer 193181be29284287b25df2ee92938f0b: Illegal state: Tablet not RUNNING: NOT_STARTED
W1031 23:03:56.795888 10720 leader_election.cc:278] T 27f651ff46ca4722b064a85e795dcaa4 P 0a8bbcbbb5a6459aa5258464755db3bb [CANDIDATE]: Term 1 pre-election: Tablet error from VoteRequest() call to peer 23f962e4a1744381ad5fa0d2d8b10241: Illegal state: Tablet not RUNNING: NOT_STARTED
I1031 23:03:56.795936 10720 leader_election.cc:243] T 27f651ff46ca4722b064a85e795dcaa4 P 0a8bbcbbb5a6459aa5258464755db3bb [CANDIDATE]: Term 1 pre-election: Election decided. Result: candidate lost.
I1031 23:03:56.796378 39799 raft_consensus.cc:2162] T 27f651ff46ca4722b064a85e795dcaa4 P 0a8bbcbbb5a6459aa5258464755db3bb [term 0 FOLLOWER]: Snoozing failure detection for election timeout plus an additional 3.349s
I1031 23:03:56.796399 39799 raft_consensus.cc:1908] T 27f651ff46ca4722b064a85e795dcaa4 P 0a8bbcbbb5a6459aa5258464755db3bb [term 0 FOLLOWER]: Leader pre-election lost for term 1. Reason: could not achieve majority
W1031 23:03:57.034777 10720 consensus_peers.cc:357] T 68aa6071fa594e79958cddb8489a1f0c P 0a8bbcbbb5a6459aa5258464755db3bb -> Peer 23f962e4a1744381ad5fa0d2d8b10241 (c3-kudu-tst-st07.bj:18700): Couldn't send request to peer 23f962e4a1744381ad5fa0d2d8b10241 for tablet 68aa6071fa594e79958cddb8489a1f0c. Error code: TABLET_NOT_RUNNING (12). Status: Illegal state: Tablet not RUNNING: NOT_STARTED. Retrying in the next heartbeat period. Already tried 8 times.
W1031 23:03:57.099297 10720 consensus_peers.cc:357] T feeb15ca2b1f490296ccd8a8edacf49f P 0a8bbcbbb5a6459aa5258464755db3bb -> Peer 044f1da9a27c46acb82b1386f829f4dc (c3-kudu-tst-st03.bj:18700): Couldn't send request to peer 044f1da9a27c46acb82b1386f829f4dc for tablet feeb15ca2b1f490296ccd8a8edacf49f. Error code: TABLET_NOT_RUNNING (12). Status: Illegal state: Tablet not RUNNING: NOT_STARTED. Retrying in the next heartbeat period. Already tried 8 times.
W1031 23:03:57.534893 10720 consensus_peers.cc:357] T 68aa6071fa594e79958cddb8489a1f0c P 0a8bbcbbb5a6459aa5258464755db3bb -> Peer 23f962e4a1744381ad5fa0d2d8b10241 (c3-kudu-tst-st07.bj:18700): Couldn't send request to peer 23f962e4a1744381ad5fa0d2d8b10241 for tablet 68aa6071fa594e79958cddb8489a1f0c. Error code: TABLET_NOT_RUNNING (12). Status: Illegal state: Tablet not RUNNING: NOT_STARTED. Retrying in the next heartbeat period. Already tried 9 times.
W1031 23:03:57.599354 10720 consensus_peers.cc:357] T feeb15ca2b1f490296ccd8a8edacf49f P 0a8bbcbbb5a6459aa5258464755db3bb -> Peer 044f1da9a27c46acb82b1386f829f4dc (c3-kudu-tst-st03.bj:18700): Couldn't send request to peer 044f1da9a27c46acb82b1386f829f4dc for tablet feeb15ca2b1f490296ccd8a8edacf49f. Error code: TABLET_NOT_RUNNING (12). Status: Illegal state: Tablet not RUNNING: NOT_STARTED. Retrying in the next heartbeat period. Already tried 9 times.
W1031 23:03:58.034903 10720 consensus_peers.cc:357] T 68aa6071fa594e79958cddb8489a1f0c P 0a8bbcbbb5a6459aa5258464755db3bb -> Peer 23f962e4a1744381ad5fa0d2d8b10241 (c3-kudu-tst-st07.bj:18700): Couldn't send request to peer 23f962e4a1744381ad5fa0d2d8b10241 for tablet 68aa6071fa594e79958cddb8489a1f0c. Error code: TABLET_NOT_RUNNING (12). Status: Illegal state: Tablet not RUNNING: NOT_STARTED. Retrying in the next heartbeat period. Already tried 10 times.
W1031 23:03:58.099488 10720 consensus_peers.cc:357] T feeb15ca2b1f490296ccd8a8edacf49f P 0a8bbcbbb5a6459aa5258464755db3bb -> Peer 044f1da9a27c46acb82b1386f829f4dc (c3-kudu-tst-st03.bj:18700): Couldn't send request to peer 044f1da9a27c46acb82b1386f829f4dc for tablet feeb15ca2b1f490296ccd8a8edacf49f. Error code: TABLET_NOT_RUNNING (12). Status: Illegal state: Tablet not RUNNING: NOT_STARTED. Retrying in the next heartbeat period. Already tried 10 times.
W1031 23:03:58.535029 10720 consensus_peers.cc:357] T 68aa6071fa594e79958cddb8489a1f0c P 0a8bbcbbb5a6459aa5258464755db3bb -> Peer 23f962e4a1744381ad5fa0d2d8b10241 (c3-kudu-tst-st07.bj:18700): Couldn't send request to peer 23f962e4a1744381ad5fa0d2d8b10241 for tablet 68aa6071fa594e79958cddb8489a1f0c. Error code: TABLET_NOT_RUNNING (12). Status: Illegal state: Tablet not RUNNING: NOT_STARTED. Retrying in the next heartbeat period. Already tried 11 times.
W1031 23:03:58.599509 10720 consensus_peers.cc:357] T feeb15ca2b1f490296ccd8a8edacf49f P 0a8bbcbbb5a6459aa5258464755db3bb -> Peer 044f1da9a27c46acb82b1386f829f4dc (c3-kudu-tst-st03.bj:18700): Couldn't send request to peer 044f1da9a27c46acb82b1386f829f4dc for tablet feeb15ca2b1f490296ccd8a8edacf49f. Error code: TABLET_NOT_RUNNING (12). Status: Illegal state: Tablet not RUNNING: NOT_STARTED. Retrying in the next heartbeat period. Already tried 11 times.
W1031 23:03:59.035095 10720 consensus_peers.cc:357] T 68aa6071fa594e79958cddb8489a1f0c P 0a8bbcbbb5a6459aa5258464755db3bb -> Peer 23f962e4a1744381ad5fa0d2d8b10241 (c3-kudu-tst-st07.bj:18700): Couldn't send request to peer 23f962e4a1744381ad5fa0d2d8b10241 for tablet 68aa6071fa594e79958cddb8489a1f0c. Error code: TABLET_NOT_RUNNING (12). Status: Illegal state: Tablet not RUNNING: NOT_STARTED. Retrying in the next heartbeat period. Already tried 12 times.
W1031 23:03:59.099568 10720 consensus_peers.cc:357] T feeb15ca2b1f490296ccd8a8edacf49f P 0a8bbcbbb5a6459aa5258464755db3bb -> Peer 044f1da9a27c46acb82b1386f829f4dc (c3-kudu-tst-st03.bj:18700): Couldn't send request to peer 044f1da9a27c46acb82b1386f829f4dc for tablet feeb15ca2b1f490296ccd8a8edacf49f. Error code: TABLET_NOT_RUNNING (12). Status: Illegal state: Tablet not RUNNING: NOT_STARTED. Retrying in the next heartbeat period. Already tried 12 times.
W1031 23:03:59.535178 10720 consensus_peers.cc:357] T 68aa6071fa594e79958cddb8489a1f0c P 0a8bbcbbb5a6459aa5258464755db3bb -> Peer 23f962e4a1744381ad5fa0d2d8b10241 (c3-kudu-tst-st07.bj:18700): Couldn't send request to peer 23f962e4a1744381ad5fa0d2d8b10241 for tablet 68aa6071fa594e79958cddb8489a1f0c. Error code: TABLET_NOT_RUNNING (12). Status: Illegal state: Tablet not RUNNING: NOT_STARTED. Retrying in the next heartbeat period. Already tried 13 times.
W1031 23:03:59.599617 10720 consensus_peers.cc:357] T feeb15ca2b1f490296ccd8a8edacf49f P 0a8bbcbbb5a6459aa5258464755db3bb -> Peer 044f1da9a27c46acb82b1386f829f4dc (c3-kudu-tst-st03.bj:18700): Couldn't send request to peer 044f1da9a27c46acb82b1386f829f4dc for tablet feeb15ca2b1f490296ccd8a8edacf49f. Error code: TABLET_NOT_RUNNING (12). Status: Illegal state: Tablet not RUNNING: NOT_STARTED. Retrying in the next heartbeat period. Already tried 13 times.
W1031 23:04:00.035274 10720 consensus_peers.cc:357] T 68aa6071fa594e79958cddb8489a1f0c P 0a8bbcbbb5a6459aa5258464755db3bb -> Peer 23f962e4a1744381ad5fa0d2d8b10241 (c3-kudu-tst-st07.bj:18700): Couldn't send request to peer 23f962e4a1744381ad5fa0d2d8b10241 for tablet 68aa6071fa594e79958cddb8489a1f0c. Error code: TABLET_NOT_RUNNING (12). Status: Illegal state: Tablet not RUNNING: NOT_STARTED. Retrying in the next heartbeat period. Already tried 14 times.
W1031 23:04:00.099686 10720 consensus_peers.cc:357] T feeb15ca2b1f490296ccd8a8edacf49f P 0a8bbcbbb5a6459aa5258464755db3bb -> Peer 044f1da9a27c46acb82b1386f829f4dc (c3-kudu-tst-st03.bj:18700): Couldn't send request to peer 044f1da9a27c46acb82b1386f829f4dc for tablet feeb15ca2b1f490296ccd8a8edacf49f. Error code: TABLET_NOT_RUNNING (12). Status: Illegal state: Tablet not RUNNING: NOT_STARTED. Retrying in the next heartbeat period. Already tried 14 times.
I1031 23:04:00.200137 39746 raft_consensus.cc:411] T c7eb286102a648969b5cf2a93710a72c P 0a8bbcbbb5a6459aa5258464755db3bb [term 0 FOLLOWER]: Starting pre-election (no leader contacted us within the election timeout)
I1031 23:04:00.200184 39746 raft_consensus.cc:2162] T c7eb286102a648969b5cf2a93710a72c P 0a8bbcbbb5a6459aa5258464755db3bb [term 0 FOLLOWER]: Snoozing failure detection for election timeout plus an additional 2.087s
I1031 23:04:00.200235 39746 raft_consensus.cc:435] T c7eb286102a648969b5cf2a93710a72c P 0a8bbcbbb5a6459aa5258464755db3bb [term 0 FOLLOWER]: Starting pre-election with config: opid_index: -1 OBSOLETE_local: false peers { permanent_uuid: "0a8bbcbbb5a6459aa5258464755db3bb" member_type: VOTER last_known_addr { host: "c3-kudu-tst-st02.bj" port: 18700 } } peers { permanent_uuid: "625f49b9554549e6a5c3a92b76e576cf" member_type: VOTER last_known_addr { host: "c3-kudu-tst-st10.bj" port: 18700 } } peers { permanent_uuid: "d3eb30bd1bc34b95902fa61724239553" member_type: VOTER last_known_addr { host: "c3-kudu-tst-st05.bj" port: 18700 } }
I1031 23:04:00.201118 39746 leader_election.cc:216] T c7eb286102a648969b5cf2a93710a72c P 0a8bbcbbb5a6459aa5258464755db3bb [CANDIDATE]: Term 1 pre-election: Requesting pre-vote from peer 625f49b9554549e6a5c3a92b76e576cf
I1031 23:04:00.201150 39746 leader_election.cc:216] T c7eb286102a648969b5cf2a93710a72c P 0a8bbcbbb5a6459aa5258464755db3bb [CANDIDATE]: Term 1 pre-election: Requesting pre-vote from peer d3eb30bd1bc34b95902fa61724239553
W1031 23:04:00.201480 10718 leader_election.cc:278] T c7eb286102a648969b5cf2a93710a72c P 0a8bbcbbb5a6459aa5258464755db3bb [CANDIDATE]: Term 1 pre-election: Tablet error from VoteRequest() call to peer 625f49b9554549e6a5c3a92b76e576cf: Illegal state: Tablet not RUNNING: NOT_STARTED
W1031 23:04:00.201581 10719 leader_election.cc:278] T c7eb286102a648969b5cf2a93710a72c P 0a8bbcbbb5a6459aa5258464755db3bb [CANDIDATE]: Term 1 pre-election: Tablet error from VoteRequest() call to peer d3eb30bd1bc34b95902fa61724239553: Illegal state: Tablet not RUNNING: NOT_STARTED
I1031 23:04:00.201608 10719 leader_election.cc:243] T c7eb286102a648969b5cf2a93710a72c P 0a8bbcbbb5a6459aa5258464755db3bb [CANDIDATE]: Term 1 pre-election: Election decided. Result: candidate lost.
I1031 23:04:00.201884 39805 raft_consensus.cc:2162] T c7eb286102a648969b5cf2a93710a72c P 0a8bbcbbb5a6459aa5258464755db3bb [term 0 FOLLOWER]: Snoozing failure detection for election timeout plus an additional 2.818s
I1031 23:04:00.201918 39805 raft_consensus.cc:1908] T c7eb286102a648969b5cf2a93710a72c P 0a8bbcbbb5a6459aa5258464755db3bb [term 0 FOLLOWER]: Leader pre-election lost for term 1. Reason: could not achieve majority
W1031 23:04:00.535316 10720 consensus_peers.cc:357] T 68aa6071fa594e79958cddb8489a1f0c P 0a8bbcbbb5a6459aa5258464755db3bb -> Peer 23f962e4a1744381ad5fa0d2d8b10241 (c3-kudu-tst-st07.bj:18700): Couldn't send request to peer 23f962e4a1744381ad5fa0d2d8b10241 for tablet 68aa6071fa594e79958cddb8489a1f0c. Error code: TABLET_NOT_RUNNING (12). Status: Illegal state: Tablet not RUNNING: NOT_STARTED. Retrying in the next heartbeat period. Already tried 15 times.
W1031 23:04:00.599848 10720 consensus_peers.cc:357] T feeb15ca2b1f490296ccd8a8edacf49f P 0a8bbcbbb5a6459aa5258464755db3bb -> Peer 044f1da9a27c46acb82b1386f829f4dc (c3-kudu-tst-st03.bj:18700): Couldn't send request to peer 044f1da9a27c46acb82b1386f829f4dc for tablet feeb15ca2b1f490296ccd8a8edacf49f. Error code: TABLET_NOT_RUNNING (12). Status: Illegal state: Tablet not RUNNING: NOT_STARTED. Retrying in the next heartbeat period. Already tried 15 times.
W1031 23:04:01.035434 10720 consensus_peers.cc:357] T 68aa6071fa594e79958cddb8489a1f0c P 0a8bbcbbb5a6459aa5258464755db3bb -> Peer 23f962e4a1744381ad5fa0d2d8b10241 (c3-kudu-tst-st07.bj:18700): Couldn't send request to peer 23f962e4a1744381ad5fa0d2d8b10241 for tablet 68aa6071fa594e79958cddb8489a1f0c. Error code: TABLET_NOT_RUNNING (12). Status: Illegal state: Tablet not RUNNING: NOT_STARTED. Retrying in the next heartbeat period. Already tried 16 times.
W1031 23:04:01.103385 10720 consensus_peers.cc:357] T feeb15ca2b1f490296ccd8a8edacf49f P 0a8bbcbbb5a6459aa5258464755db3bb -> Peer 044f1da9a27c46acb82b1386f829f4dc (c3-kudu-tst-st03.bj:18700): Couldn't send request to peer 044f1da9a27c46acb82b1386f829f4dc for tablet feeb15ca2b1f490296ccd8a8edacf49f. Error code: TABLET_NOT_RUNNING (12). Status: Illegal state: Tablet not RUNNING: NOT_STARTED. Retrying in the next heartbeat period. Already tried 16 times.
W1031 23:04:01.535446 10720 consensus_peers.cc:357] T 68aa6071fa594e79958cddb8489a1f0c P 0a8bbcbbb5a6459aa5258464755db3bb -> Peer 23f962e4a1744381ad5fa0d2d8b10241 (c3-kudu-tst-st07.bj:18700): Couldn't send request to peer 23f962e4a1744381ad5fa0d2d8b10241 for tablet 68aa6071fa594e79958cddb8489a1f0c. Error code: TABLET_NOT_RUNNING (12). Status: Illegal state: Tablet not RUNNING: NOT_STARTED. Retrying in the next heartbeat period. Already tried 17 times.
W1031 23:04:01.599958 10720 consensus_peers.cc:357] T feeb15ca2b1f490296ccd8a8edacf49f P 0a8bbcbbb5a6459aa5258464755db3bb -> Peer 044f1da9a27c46acb82b1386f829f4dc (c3-kudu-tst-st03.bj:18700): Couldn't send request to peer 044f1da9a27c46acb82b1386f829f4dc for tablet feeb15ca2b1f490296ccd8a8edacf49f. Error code: TABLET_NOT_RUNNING (12). Status: Illegal state: Tablet not RUNNING: NOT_STARTED. Retrying in the next heartbeat period. Already tried 17 times.
W1031 23:04:02.035495 10720 consensus_peers.cc:357] T 68aa6071fa594e79958cddb8489a1f0c P 0a8bbcbbb5a6459aa5258464755db3bb -> Peer 23f962e4a1744381ad5fa0d2d8b10241 (c3-kudu-tst-st07.bj:18700): Couldn't send request to peer 23f962e4a1744381ad5fa0d2d8b10241 for tablet 68aa6071fa594e79958cddb8489a1f0c. Error code: TABLET_NOT_RUNNING (12). Status: Illegal state: Tablet not RUNNING: NOT_STARTED. Retrying in the next heartbeat period. Already tried 18 times.
W1031 23:04:02.099973 10720 consensus_peers.cc:357] T feeb15ca2b1f490296ccd8a8edacf49f P 0a8bbcbbb5a6459aa5258464755db3bb -> Peer 044f1da9a27c46acb82b1386f829f4dc (c3-kudu-tst-st03.bj:18700): Couldn't send request to peer 044f1da9a27c46acb82b1386f829f4dc for tablet feeb15ca2b1f490296ccd8a8edacf49f. Error code: TABLET_NOT_RUNNING (12). Status: Illegal state: Tablet not RUNNING: NOT_STARTED. Retrying in the next heartbeat period. Already tried 18 times.
I1031 23:04:02.236625 39731 raft_consensus.cc:411] T 27f651ff46ca4722b064a85e795dcaa4 P 0a8bbcbbb5a6459aa5258464755db3bb [term 0 FOLLOWER]: Starting pre-election (no leader contacted us within the election timeout)
I1031 23:04:02.236677 39731 raft_consensus.cc:2162] T 27f651ff46ca4722b064a85e795dcaa4 P 0a8bbcbbb5a6459aa5258464755db3bb [term 0 FOLLOWER]: Snoozing failure detection for election timeout plus an additional 3.919s
I1031 23:04:02.236748 39731 raft_consensus.cc:435] T 27f651ff46ca4722b064a85e795dcaa4 P 0a8bbcbbb5a6459aa5258464755db3bb [term 0 FOLLOWER]: Starting pre-election with config: opid_index: -1 OBSOLETE_local: false peers { permanent_uuid: "0a8bbcbbb5a6459aa5258464755db3bb" member_type: VOTER last_known_addr { host: "c3-kudu-tst-st02.bj" port: 18700 } } peers { permanent_uuid: "193181be29284287b25df2ee92938f0b" member_type: VOTER last_known_addr { host: "c3-kudu-tst-st08.bj" port: 18700 } } peers { permanent_uuid: "23f962e4a1744381ad5fa0d2d8b10241" member_type: VOTER last_known_addr { host: "c3-kudu-tst-st07.bj" port: 18700 } }
I1031 23:04:02.237401 39731 leader_election.cc:216] T 27f651ff46ca4722b064a85e795dcaa4 P 0a8bbcbbb5a6459aa5258464755db3bb [CANDIDATE]: Term 1 pre-election: Requesting pre-vote from peer 193181be29284287b25df2ee92938f0b
