I1031 23:05:33.947671 10771 maintenance_manager.cc:208] P 0a8bbcbbb5a6459aa5258464755db3bb: Unregistered op FlushMRSOp(812b248175004ae8992ff2660fc9d520)
I1031 23:05:33.947682 39743 tablet_bootstrap.cc:484] T 0c2abca80c8f4fdaa788afd6a931df9d P 0a8bbcbbb5a6459aa5258464755db3bb: No blocks or log segments found. Creating new log.
I1031 23:05:33.947684 10771 maintenance_manager.cc:208] P 0a8bbcbbb5a6459aa5258464755db3bb: Unregistered op FlushDeltaMemStoresOp(812b248175004ae8992ff2660fc9d520)
I1031 23:05:33.947713 10771 maintenance_manager.cc:208] P 0a8bbcbbb5a6459aa5258464755db3bb: Unregistered op LogGCOp(812b248175004ae8992ff2660fc9d520)
I1031 23:05:33.947726 10771 raft_consensus.cc:1569] T 812b248175004ae8992ff2660fc9d520 P 0a8bbcbbb5a6459aa5258464755db3bb [term 0 FOLLOWER]: Raft consensus shutting down.
I1031 23:05:33.947739 10771 raft_consensus.cc:1585] T 812b248175004ae8992ff2660fc9d520 P 0a8bbcbbb5a6459aa5258464755db3bb [term 0 FOLLOWER]: Raft consensus is shut down!
I1031 23:05:33.947871 10759 ts_tablet_manager.cc:1020] T 802f72af09384e95acd389f46a1d9c84 P 0a8bbcbbb5a6459aa5258464755db3bb: Deleting tablet data with delete state TABLET_DATA_DELETED
I1031 23:05:33.947950 10772 tablet_service.cc:691] Processing DeleteTablet for tablet 8ed42ada2d6846f3b3b70c9d9c13c986 with delete_type TABLET_DATA_DELETED (Replaced by de37a68992504da8a4640f8ab4653544 at 2017-10-31 23:04:52 CST) from {username='work'} at 10.108.187.10:43437
I1031 23:05:33.948601 39768 raft_consensus.cc:288] T 117cd74bcdab4942901acb0005cdd702 P 0a8bbcbbb5a6459aa5258464755db3bb [term 0 FOLLOWER]: Replica starting. Triggering 0 pending transactions. Active config: opid_index: -1 OBSOLETE_local: false peers { permanent_uuid: "625f49b9554549e6a5c3a92b76e576cf" member_type: VOTER last_known_addr { host: "c3-kudu-tst-st10.bj" port: 18700 } } peers { permanent_uuid: "0a8bbcbbb5a6459aa5258464755db3bb" member_type: VOTER last_known_addr { host: "c3-kudu-tst-st02.bj" port: 18700 } } peers { permanent_uuid: "0f53a0d3ef7e44ebb0365c800752d5bd" member_type: VOTER last_known_addr { host: "c3-kudu-tst-st01.bj" port: 18700 } }
I1031 23:05:33.948629 39768 raft_consensus.cc:319] T 117cd74bcdab4942901acb0005cdd702 P 0a8bbcbbb5a6459aa5258464755db3bb [term 0 FOLLOWER]: Consensus starting up: Expiring failure detector timer to make a prompt election more likely
I1031 23:05:33.948642 39768 raft_consensus.cc:548] T 117cd74bcdab4942901acb0005cdd702 P 0a8bbcbbb5a6459aa5258464755db3bb [term 0 FOLLOWER]: Becoming Follower/Learner. State: Replica: 0a8bbcbbb5a6459aa5258464755db3bb, State: 1, Role: FOLLOWER
I1031 23:05:33.948662 39768 consensus_queue.cc:176] T 117cd74bcdab4942901acb0005cdd702 P 0a8bbcbbb5a6459aa5258464755db3bb [NON_LEADER]: Queue going to NON_LEADER mode. State: All replicated index: 0, Majority replicated index: 0, Committed index: 0, Last appended: 0.0, Current term: 0, Majority size: -1, State: 1, Mode: NON_LEADER
I1031 23:05:33.948681 39753 ts_tablet_manager.cc:755] T 46fc46e028434bc69f467922a9a59101 P 0a8bbcbbb5a6459aa5258464755db3bb: Time spent starting tablet: real 0.005s user 0.001s sys 0.001s
I1031 23:05:33.948715 39753 ts_tablet_manager.cc:723] T acb401e40e7049fbbfdbeb40474353d9 P 0a8bbcbbb5a6459aa5258464755db3bb: Bootstrapping tablet
I1031 23:05:33.948890 10772 tablet_service.cc:691] Processing DeleteTablet for tablet 46fc46e028434bc69f467922a9a59101 with delete_type TABLET_DATA_DELETED (Replaced by 7d1359dc00a24df68d41c2447e367f1d at 2017-10-31 23:04:52 CST) from {username='work'} at 10.108.187.10:43437
I1031 23:05:33.948912 10772 tablet_peer.cc:221] Initiating TabletPeer shutdown for tablet: 46fc46e028434bc69f467922a9a59101
I1031 23:05:33.948928 10772 maintenance_manager.cc:208] P 0a8bbcbbb5a6459aa5258464755db3bb: Unregistered op CompactRowSetsOp(46fc46e028434bc69f467922a9a59101)
I1031 23:05:33.948949 10772 maintenance_manager.cc:208] P 0a8bbcbbb5a6459aa5258464755db3bb: Unregistered op MinorDeltaCompactionOp(46fc46e028434bc69f467922a9a59101)
I1031 23:05:33.948962 10772 maintenance_manager.cc:208] P 0a8bbcbbb5a6459aa5258464755db3bb: Unregistered op MajorDeltaCompactionOp(46fc46e028434bc69f467922a9a59101)
I1031 23:05:33.948976 10772 maintenance_manager.cc:208] P 0a8bbcbbb5a6459aa5258464755db3bb: Unregistered op UndoDeltaBlockGCOp(46fc46e028434bc69f467922a9a59101)
I1031 23:05:33.948988 10772 maintenance_manager.cc:208] P 0a8bbcbbb5a6459aa5258464755db3bb: Unregistered op FlushMRSOp(46fc46e028434bc69f467922a9a59101)
I1031 23:05:33.949000 10772 maintenance_manager.cc:208] P 0a8bbcbbb5a6459aa5258464755db3bb: Unregistered op FlushDeltaMemStoresOp(46fc46e028434bc69f467922a9a59101)
I1031 23:05:33.949012 10772 maintenance_manager.cc:208] P 0a8bbcbbb5a6459aa5258464755db3bb: Unregistered op LogGCOp(46fc46e028434bc69f467922a9a59101)
I1031 23:05:33.949023 10772 raft_consensus.cc:1569] T 46fc46e028434bc69f467922a9a59101 P 0a8bbcbbb5a6459aa5258464755db3bb [term 0 FOLLOWER]: Raft consensus shutting down.
I1031 23:05:33.949035 10772 raft_consensus.cc:1585] T 46fc46e028434bc69f467922a9a59101 P 0a8bbcbbb5a6459aa5258464755db3bb [term 0 FOLLOWER]: Raft consensus is shut down!
I1031 23:05:33.949129 39753 tablet_bootstrap.cc:382] T acb401e40e7049fbbfdbeb40474353d9 P 0a8bbcbbb5a6459aa5258464755db3bb: Bootstrap starting.
I1031 23:05:33.949245 39753 tablet_bootstrap.cc:541] T acb401e40e7049fbbfdbeb40474353d9 P 0a8bbcbbb5a6459aa5258464755db3bb: Time spent opening tablet: real 0.000s user 0.000s sys 0.000s
I1031 23:05:33.949360 39753 tablet_bootstrap.cc:484] T acb401e40e7049fbbfdbeb40474353d9 P 0a8bbcbbb5a6459aa5258464755db3bb: No blocks or log segments found. Creating new log.
I1031 23:05:33.949399 39728 tablet_bootstrap.cc:382] T de37a68992504da8a4640f8ab4653544 P 0a8bbcbbb5a6459aa5258464755db3bb: No bootstrap required, opened a new log
I1031 23:05:33.949425 39728 ts_tablet_manager.cc:728] T de37a68992504da8a4640f8ab4653544 P 0a8bbcbbb5a6459aa5258464755db3bb: Time spent bootstrapping tablet: real 0.003s user 0.001s sys 0.000s
I1031 23:05:33.949568 10791 raft_consensus.cc:2206] T 3125380200594db7a7b78a5539b9dfad P 0a8bbcbbb5a6459aa5258464755db3bb [term 0 FOLLOWER]: Advancing to term 1
I1031 23:05:33.949657 39743 tablet_bootstrap.cc:382] T 0c2abca80c8f4fdaa788afd6a931df9d P 0a8bbcbbb5a6459aa5258464755db3bb: No bootstrap required, opened a new log
I1031 23:05:33.949686 39743 ts_tablet_manager.cc:728] T 0c2abca80c8f4fdaa788afd6a931df9d P 0a8bbcbbb5a6459aa5258464755db3bb: Time spent bootstrapping tablet: real 0.003s user 0.000s sys 0.001s
I1031 23:05:33.949780 39748 tablet_bootstrap.cc:382] T 8356b43879104775b9a8c5a9e546e85b P 0a8bbcbbb5a6459aa5258464755db3bb: No bootstrap required, opened a new log
I1031 23:05:33.949784 39763 tablet_bootstrap.cc:382] T 1cebccaea10d49478c004cca39676556 P 0a8bbcbbb5a6459aa5258464755db3bb: No bootstrap required, opened a new log
I1031 23:05:33.949816 39748 ts_tablet_manager.cc:728] T 8356b43879104775b9a8c5a9e546e85b P 0a8bbcbbb5a6459aa5258464755db3bb: Time spent bootstrapping tablet: real 0.006s user 0.000s sys 0.001s
I1031 23:05:33.949818 39763 ts_tablet_manager.cc:728] T 1cebccaea10d49478c004cca39676556 P 0a8bbcbbb5a6459aa5258464755db3bb: Time spent bootstrapping tablet: real 0.003s user 0.001s sys 0.000s
I1031 23:05:33.949895 39733 tablet_bootstrap.cc:382] T 32984b820db347e1b2d4d0786cf221f2 P 0a8bbcbbb5a6459aa5258464755db3bb: No bootstrap required, opened a new log
I1031 23:05:33.949904 39758 tablet_bootstrap.cc:382] T c94f26e6a0ea4bea82140a0877c0f226 P 0a8bbcbbb5a6459aa5258464755db3bb: No bootstrap required, opened a new log
I1031 23:05:33.949914 39768 ts_tablet_manager.cc:755] T 117cd74bcdab4942901acb0005cdd702 P 0a8bbcbbb5a6459aa5258464755db3bb: Time spent starting tablet: real 0.006s user 0.000s sys 0.001s
I1031 23:05:33.949939 39733 ts_tablet_manager.cc:728] T 32984b820db347e1b2d4d0786cf221f2 P 0a8bbcbbb5a6459aa5258464755db3bb: Time spent bootstrapping tablet: real 0.006s user 0.001s sys 0.001s
I1031 23:05:33.949945 39738 tablet_bootstrap.cc:382] T 721e8a57234447eabda00f5df65bd574 P 0a8bbcbbb5a6459aa5258464755db3bb: No bootstrap required, opened a new log
I1031 23:05:33.949949 39758 ts_tablet_manager.cc:728] T c94f26e6a0ea4bea82140a0877c0f226 P 0a8bbcbbb5a6459aa5258464755db3bb: Time spent bootstrapping tablet: real 0.007s user 0.001s sys 0.000s
I1031 23:05:33.949977 39738 ts_tablet_manager.cc:728] T 721e8a57234447eabda00f5df65bd574 P 0a8bbcbbb5a6459aa5258464755db3bb: Time spent bootstrapping tablet: real 0.003s user 0.001s sys 0.000s
I1031 23:05:33.950027 39753 tablet_bootstrap.cc:382] T acb401e40e7049fbbfdbeb40474353d9 P 0a8bbcbbb5a6459aa5258464755db3bb: No bootstrap required, opened a new log
I1031 23:05:33.950058 39753 ts_tablet_manager.cc:728] T acb401e40e7049fbbfdbeb40474353d9 P 0a8bbcbbb5a6459aa5258464755db3bb: Time spent bootstrapping tablet: real 0.001s user 0.001s sys 0.000s
I1031 23:05:33.950074 39728 raft_consensus.cc:288] T de37a68992504da8a4640f8ab4653544 P 0a8bbcbbb5a6459aa5258464755db3bb [term 0 FOLLOWER]: Replica starting. Triggering 0 pending transactions. Active config: opid_index: -1 OBSOLETE_local: false peers { permanent_uuid: "0a8bbcbbb5a6459aa5258464755db3bb" member_type: VOTER last_known_addr { host: "c3-kudu-tst-st02.bj" port: 18700 } } peers { permanent_uuid: "0fc477287c154136abc1e2f3c82fb7f9" member_type: VOTER last_known_addr { host: "c3-kudu-tst-st04.bj" port: 18700 } } peers { permanent_uuid: "193181be29284287b25df2ee92938f0b" member_type: VOTER last_known_addr { host: "c3-kudu-tst-st08.bj" port: 18700 } }
I1031 23:05:33.950103 39728 raft_consensus.cc:319] T de37a68992504da8a4640f8ab4653544 P 0a8bbcbbb5a6459aa5258464755db3bb [term 0 FOLLOWER]: Consensus starting up: Expiring failure detector timer to make a prompt election more likely
I1031 23:05:33.950120 39728 raft_consensus.cc:548] T de37a68992504da8a4640f8ab4653544 P 0a8bbcbbb5a6459aa5258464755db3bb [term 0 FOLLOWER]: Becoming Follower/Learner. State: Replica: 0a8bbcbbb5a6459aa5258464755db3bb, State: 1, Role: FOLLOWER
I1031 23:05:33.950142 39728 consensus_queue.cc:176] T de37a68992504da8a4640f8ab4653544 P 0a8bbcbbb5a6459aa5258464755db3bb [NON_LEADER]: Queue going to NON_LEADER mode. State: All replicated index: 0, Majority replicated index: 0, Committed index: 0, Last appended: 0.0, Current term: 0, Majority size: -1, State: 1, Mode: NON_LEADER
I1031 23:05:33.950340 39728 ts_tablet_manager.cc:755] T de37a68992504da8a4640f8ab4653544 P 0a8bbcbbb5a6459aa5258464755db3bb: Time spent starting tablet: real 0.001s user 0.000s sys 0.001s
I1031 23:05:33.950389 39743 raft_consensus.cc:288] T 0c2abca80c8f4fdaa788afd6a931df9d P 0a8bbcbbb5a6459aa5258464755db3bb [term 0 FOLLOWER]: Replica starting. Triggering 0 pending transactions. Active config: opid_index: -1 OBSOLETE_local: false peers { permanent_uuid: "193181be29284287b25df2ee92938f0b" member_type: VOTER last_known_addr { host: "c3-kudu-tst-st08.bj" port: 18700 } } peers { permanent_uuid: "0a8bbcbbb5a6459aa5258464755db3bb" member_type: VOTER last_known_addr { host: "c3-kudu-tst-st02.bj" port: 18700 } } peers { permanent_uuid: "625f49b9554549e6a5c3a92b76e576cf" member_type: VOTER last_known_addr { host: "c3-kudu-tst-st10.bj" port: 18700 } }
I1031 23:05:33.950414 39743 raft_consensus.cc:319] T 0c2abca80c8f4fdaa788afd6a931df9d P 0a8bbcbbb5a6459aa5258464755db3bb [term 0 FOLLOWER]: Consensus starting up: Expiring failure detector timer to make a prompt election more likely
I1031 23:05:33.950430 39743 raft_consensus.cc:548] T 0c2abca80c8f4fdaa788afd6a931df9d P 0a8bbcbbb5a6459aa5258464755db3bb [term 0 FOLLOWER]: Becoming Follower/Learner. State: Replica: 0a8bbcbbb5a6459aa5258464755db3bb, State: 1, Role: FOLLOWER
I1031 23:05:33.950453 39743 consensus_queue.cc:176] T 0c2abca80c8f4fdaa788afd6a931df9d P 0a8bbcbbb5a6459aa5258464755db3bb [NON_LEADER]: Queue going to NON_LEADER mode. State: All replicated index: 0, Majority replicated index: 0, Committed index: 0, Last appended: 0.0, Current term: 0, Majority size: -1, State: 1, Mode: NON_LEADER
I1031 23:05:33.950538 39768 ts_tablet_manager.cc:723] T 0def0264c0db4c438e16c22b23a0b43a P 0a8bbcbbb5a6459aa5258464755db3bb: Bootstrapping tablet
I1031 23:05:33.950551 39728 ts_tablet_manager.cc:723] T eeb3a3cb417b466abffd16749d165a61 P 0a8bbcbbb5a6459aa5258464755db3bb: Bootstrapping tablet
I1031 23:05:33.950742 10760 tablet_service.cc:691] Processing DeleteTablet for tablet 117cd74bcdab4942901acb0005cdd702 with delete_type TABLET_DATA_DELETED (Replaced by acb401e40e7049fbbfdbeb40474353d9 at 2017-10-31 23:04:52 CST) from {username='work'} at 10.108.187.10:43437
I1031 23:05:33.950826 10760 tablet_peer.cc:221] Initiating TabletPeer shutdown for tablet: 117cd74bcdab4942901acb0005cdd702
I1031 23:05:33.950841 39728 tablet_bootstrap.cc:382] T eeb3a3cb417b466abffd16749d165a61 P 0a8bbcbbb5a6459aa5258464755db3bb: Bootstrap starting.
I1031 23:05:33.950845 10760 maintenance_manager.cc:208] P 0a8bbcbbb5a6459aa5258464755db3bb: Unregistered op CompactRowSetsOp(117cd74bcdab4942901acb0005cdd702)
I1031 23:05:33.950863 39768 tablet_bootstrap.cc:382] T 0def0264c0db4c438e16c22b23a0b43a P 0a8bbcbbb5a6459aa5258464755db3bb: Bootstrap starting.
I1031 23:05:33.950875 10760 maintenance_manager.cc:208] P 0a8bbcbbb5a6459aa5258464755db3bb: Unregistered op MinorDeltaCompactionOp(117cd74bcdab4942901acb0005cdd702)
I1031 23:05:33.950889 10760 maintenance_manager.cc:208] P 0a8bbcbbb5a6459aa5258464755db3bb: Unregistered op MajorDeltaCompactionOp(117cd74bcdab4942901acb0005cdd702)
I1031 23:05:33.950902 10760 maintenance_manager.cc:208] P 0a8bbcbbb5a6459aa5258464755db3bb: Unregistered op UndoDeltaBlockGCOp(117cd74bcdab4942901acb0005cdd702)
I1031 23:05:33.950915 10760 maintenance_manager.cc:208] P 0a8bbcbbb5a6459aa5258464755db3bb: Unregistered op FlushMRSOp(117cd74bcdab4942901acb0005cdd702)
I1031 23:05:33.950925 10760 maintenance_manager.cc:208] P 0a8bbcbbb5a6459aa5258464755db3bb: Unregistered op FlushDeltaMemStoresOp(117cd74bcdab4942901acb0005cdd702)
I1031 23:05:33.950937 10760 maintenance_manager.cc:208] P 0a8bbcbbb5a6459aa5258464755db3bb: Unregistered op LogGCOp(117cd74bcdab4942901acb0005cdd702)
I1031 23:05:33.950950 10760 raft_consensus.cc:1569] T 117cd74bcdab4942901acb0005cdd702 P 0a8bbcbbb5a6459aa5258464755db3bb [term 0 FOLLOWER]: Raft consensus shutting down.
I1031 23:05:33.950964 10760 raft_consensus.cc:1585] T 117cd74bcdab4942901acb0005cdd702 P 0a8bbcbbb5a6459aa5258464755db3bb [term 0 FOLLOWER]: Raft consensus is shut down!
I1031 23:05:33.950964 10766 tablet_service.cc:691] Processing DeleteTablet for tablet de37a68992504da8a4640f8ab4653544 with delete_type TABLET_DATA_DELETED (Replaced by 012b21c0f95e4dd594076018fd6fdb7e at 2017-10-31 23:05:22 CST) from {username='work'} at 10.108.187.10:43437
I1031 23:05:33.950985 39728 tablet_bootstrap.cc:541] T eeb3a3cb417b466abffd16749d165a61 P 0a8bbcbbb5a6459aa5258464755db3bb: Time spent opening tablet: real 0.000s user 0.000s sys 0.000s
I1031 23:05:33.950994 10766 tablet_peer.cc:221] Initiating TabletPeer shutdown for tablet: de37a68992504da8a4640f8ab4653544
I1031 23:05:33.950997 39768 tablet_bootstrap.cc:541] T 0def0264c0db4c438e16c22b23a0b43a P 0a8bbcbbb5a6459aa5258464755db3bb: Time spent opening tablet: real 0.000s user 0.000s sys 0.000s
I1031 23:05:33.951017 10766 maintenance_manager.cc:208] P 0a8bbcbbb5a6459aa5258464755db3bb: Unregistered op CompactRowSetsOp(de37a68992504da8a4640f8ab4653544)
I1031 23:05:33.951035 10766 maintenance_manager.cc:208] P 0a8bbcbbb5a6459aa5258464755db3bb: Unregistered op MinorDeltaCompactionOp(de37a68992504da8a4640f8ab4653544)
I1031 23:05:33.951048 10766 maintenance_manager.cc:208] P 0a8bbcbbb5a6459aa5258464755db3bb: Unregistered op MajorDeltaCompactionOp(de37a68992504da8a4640f8ab4653544)
I1031 23:05:33.951062 10766 maintenance_manager.cc:208] P 0a8bbcbbb5a6459aa5258464755db3bb: Unregistered op UndoDeltaBlockGCOp(de37a68992504da8a4640f8ab4653544)
I1031 23:05:33.951079 10766 maintenance_manager.cc:208] P 0a8bbcbbb5a6459aa5258464755db3bb: Unregistered op FlushMRSOp(de37a68992504da8a4640f8ab4653544)
I1031 23:05:33.951086 39728 tablet_bootstrap.cc:484] T eeb3a3cb417b466abffd16749d165a61 P 0a8bbcbbb5a6459aa5258464755db3bb: No blocks or log segments found. Creating new log.
I1031 23:05:33.951093 10766 maintenance_manager.cc:208] P 0a8bbcbbb5a6459aa5258464755db3bb: Unregistered op FlushDeltaMemStoresOp(de37a68992504da8a4640f8ab4653544)
I1031 23:05:33.951114 10766 maintenance_manager.cc:208] P 0a8bbcbbb5a6459aa5258464755db3bb: Unregistered op LogGCOp(de37a68992504da8a4640f8ab4653544)
I1031 23:05:33.951125 10766 raft_consensus.cc:1569] T de37a68992504da8a4640f8ab4653544 P 0a8bbcbbb5a6459aa5258464755db3bb [term 0 FOLLOWER]: Raft consensus shutting down.
I1031 23:05:33.951136 10766 raft_consensus.cc:1585] T de37a68992504da8a4640f8ab4653544 P 0a8bbcbbb5a6459aa5258464755db3bb [term 0 FOLLOWER]: Raft consensus is shut down!
I1031 23:05:33.951141 39768 tablet_bootstrap.cc:484] T 0def0264c0db4c438e16c22b23a0b43a P 0a8bbcbbb5a6459aa5258464755db3bb: No blocks or log segments found. Creating new log.
I1031 23:05:33.951628 10773 ts_tablet_manager.cc:1020] T b758ec3274c84dcbb110cf5aa3dca9aa P 0a8bbcbbb5a6459aa5258464755db3bb: Deleting tablet data with delete state TABLET_DATA_DELETED
I1031 23:05:33.952512 10771 ts_tablet_manager.cc:1020] T 812b248175004ae8992ff2660fc9d520 P 0a8bbcbbb5a6459aa5258464755db3bb: Deleting tablet data with delete state TABLET_DATA_DELETED
I1031 23:05:33.952651 10756 ts_tablet_manager.cc:1020] T 388697c0c21a4b158a92f2b292b8012f P 0a8bbcbbb5a6459aa5258464755db3bb: Deleting tablet data with delete state TABLET_DATA_DELETED
I1031 23:05:33.953626 39763 raft_consensus.cc:288] T 1cebccaea10d49478c004cca39676556 P 0a8bbcbbb5a6459aa5258464755db3bb [term 0 FOLLOWER]: Replica starting. Triggering 0 pending transactions. Active config: opid_index: -1 OBSOLETE_local: false peers { permanent_uuid: "0fc477287c154136abc1e2f3c82fb7f9" member_type: VOTER last_known_addr { host: "c3-kudu-tst-st04.bj" port: 18700 } } peers { permanent_uuid: "0a8bbcbbb5a6459aa5258464755db3bb" member_type: VOTER last_known_addr { host: "c3-kudu-tst-st02.bj" port: 18700 } } peers { permanent_uuid: "625f49b9554549e6a5c3a92b76e576cf" member_type: VOTER last_known_addr { host: "c3-kudu-tst-st10.bj" port: 18700 } }
I1031 23:05:33.953649 39763 raft_consensus.cc:319] T 1cebccaea10d49478c004cca39676556 P 0a8bbcbbb5a6459aa5258464755db3bb [term 0 FOLLOWER]: Consensus starting up: Expiring failure detector timer to make a prompt election more likely
I1031 23:05:33.953654 39748 raft_consensus.cc:288] T 8356b43879104775b9a8c5a9e546e85b P 0a8bbcbbb5a6459aa5258464755db3bb [term 0 FOLLOWER]: Replica starting. Triggering 0 pending transactions. Active config: opid_index: -1 OBSOLETE_local: false peers { permanent_uuid: "0a8bbcbbb5a6459aa5258464755db3bb" member_type: VOTER last_known_addr { host: "c3-kudu-tst-st02.bj" port: 18700 } } peers { permanent_uuid: "193181be29284287b25df2ee92938f0b" member_type: VOTER last_known_addr { host: "c3-kudu-tst-st08.bj" port: 18700 } } peers { permanent_uuid: "d3eb30bd1bc34b95902fa61724239553" member_type: VOTER last_known_addr { host: "c3-kudu-tst-st05.bj" port: 18700 } }
I1031 23:05:33.953660 39763 raft_consensus.cc:548] T 1cebccaea10d49478c004cca39676556 P 0a8bbcbbb5a6459aa5258464755db3bb [term 0 FOLLOWER]: Becoming Follower/Learner. State: Replica: 0a8bbcbbb5a6459aa5258464755db3bb, State: 1, Role: FOLLOWER
I1031 23:05:33.953685 39748 raft_consensus.cc:319] T 8356b43879104775b9a8c5a9e546e85b P 0a8bbcbbb5a6459aa5258464755db3bb [term 0 FOLLOWER]: Consensus starting up: Expiring failure detector timer to make a prompt election more likely
I1031 23:05:33.953694 39748 raft_consensus.cc:548] T 8356b43879104775b9a8c5a9e546e85b P 0a8bbcbbb5a6459aa5258464755db3bb [term 0 FOLLOWER]: Becoming Follower/Learner. State: Replica: 0a8bbcbbb5a6459aa5258464755db3bb, State: 1, Role: FOLLOWER
I1031 23:05:33.953706 39763 consensus_queue.cc:176] T 1cebccaea10d49478c004cca39676556 P 0a8bbcbbb5a6459aa5258464755db3bb [NON_LEADER]: Queue going to NON_LEADER mode. State: All replicated index: 0, Majority replicated index: 0, Committed index: 0, Last appended: 0.0, Current term: 0, Majority size: -1, State: 1, Mode: NON_LEADER
I1031 23:05:33.953706 39748 consensus_queue.cc:176] T 8356b43879104775b9a8c5a9e546e85b P 0a8bbcbbb5a6459aa5258464755db3bb [NON_LEADER]: Queue going to NON_LEADER mode. State: All replicated index: 0, Majority replicated index: 0, Committed index: 0, Last appended: 0.0, Current term: 0, Majority size: -1, State: 1, Mode: NON_LEADER
I1031 23:05:33.953748 39758 raft_consensus.cc:288] T c94f26e6a0ea4bea82140a0877c0f226 P 0a8bbcbbb5a6459aa5258464755db3bb [term 0 FOLLOWER]: Replica starting. Triggering 0 pending transactions. Active config: opid_index: -1 OBSOLETE_local: false peers { permanent_uuid: "0a8bbcbbb5a6459aa5258464755db3bb" member_type: VOTER last_known_addr { host: "c3-kudu-tst-st02.bj" port: 18700 } } peers { permanent_uuid: "daba39963d4346e1816089fd3a5442b5" member_type: VOTER last_known_addr { host: "c3-kudu-tst-st09.bj" port: 18700 } } peers { permanent_uuid: "193181be29284287b25df2ee92938f0b" member_type: VOTER last_known_addr { host: "c3-kudu-tst-st08.bj" port: 18700 } }
I1031 23:05:33.953773 39758 raft_consensus.cc:319] T c94f26e6a0ea4bea82140a0877c0f226 P 0a8bbcbbb5a6459aa5258464755db3bb [term 0 FOLLOWER]: Consensus starting up: Expiring failure detector timer to make a prompt election more likely
I1031 23:05:33.953789 39758 raft_consensus.cc:548] T c94f26e6a0ea4bea82140a0877c0f226 P 0a8bbcbbb5a6459aa5258464755db3bb [term 0 FOLLOWER]: Becoming Follower/Learner. State: Replica: 0a8bbcbbb5a6459aa5258464755db3bb, State: 1, Role: FOLLOWER
I1031 23:05:33.953809 39758 consensus_queue.cc:176] T c94f26e6a0ea4bea82140a0877c0f226 P 0a8bbcbbb5a6459aa5258464755db3bb [NON_LEADER]: Queue going to NON_LEADER mode. State: All replicated index: 0, Majority replicated index: 0, Committed index: 0, Last appended: 0.0, Current term: 0, Majority size: -1, State: 1, Mode: NON_LEADER
I1031 23:05:33.953832 39738 raft_consensus.cc:288] T 721e8a57234447eabda00f5df65bd574 P 0a8bbcbbb5a6459aa5258464755db3bb [term 0 FOLLOWER]: Replica starting. Triggering 0 pending transactions. Active config: opid_index: -1 OBSOLETE_local: false peers { permanent_uuid: "0a8bbcbbb5a6459aa5258464755db3bb" member_type: VOTER last_known_addr { host: "c3-kudu-tst-st02.bj" port: 18700 } } peers { permanent_uuid: "d3eb30bd1bc34b95902fa61724239553" member_type: VOTER last_known_addr { host: "c3-kudu-tst-st05.bj" port: 18700 } } peers { permanent_uuid: "193181be29284287b25df2ee92938f0b" member_type: VOTER last_known_addr { host: "c3-kudu-tst-st08.bj" port: 18700 } }
I1031 23:05:33.953837 39753 raft_consensus.cc:288] T acb401e40e7049fbbfdbeb40474353d9 P 0a8bbcbbb5a6459aa5258464755db3bb [term 0 FOLLOWER]: Replica starting. Triggering 0 pending transactions. Active config: opid_index: -1 OBSOLETE_local: false peers { permanent_uuid: "193181be29284287b25df2ee92938f0b" member_type: VOTER last_known_addr { host: "c3-kudu-tst-st08.bj" port: 18700 } } peers { permanent_uuid: "0a8bbcbbb5a6459aa5258464755db3bb" member_type: VOTER last_known_addr { host: "c3-kudu-tst-st02.bj" port: 18700 } } peers { permanent_uuid: "0fc477287c154136abc1e2f3c82fb7f9" member_type: VOTER last_known_addr { host: "c3-kudu-tst-st04.bj" port: 18700 } }
I1031 23:05:33.953872 39738 raft_consensus.cc:319] T 721e8a57234447eabda00f5df65bd574 P 0a8bbcbbb5a6459aa5258464755db3bb [term 0 FOLLOWER]: Consensus starting up: Expiring failure detector timer to make a prompt election more likely
I1031 23:05:33.953886 39753 raft_consensus.cc:319] T acb401e40e7049fbbfdbeb40474353d9 P 0a8bbcbbb5a6459aa5258464755db3bb [term 0 FOLLOWER]: Consensus starting up: Expiring failure detector timer to make a prompt election more likely
I1031 23:05:33.953889 39738 raft_consensus.cc:548] T 721e8a57234447eabda00f5df65bd574 P 0a8bbcbbb5a6459aa5258464755db3bb [term 0 FOLLOWER]: Becoming Follower/Learner. State: Replica: 0a8bbcbbb5a6459aa5258464755db3bb, State: 1, Role: FOLLOWER
I1031 23:05:33.953905 39753 raft_consensus.cc:548] T acb401e40e7049fbbfdbeb40474353d9 P 0a8bbcbbb5a6459aa5258464755db3bb [term 0 FOLLOWER]: Becoming Follower/Learner. State: Replica: 0a8bbcbbb5a6459aa5258464755db3bb, State: 1, Role: FOLLOWER
I1031 23:05:33.953910 39738 consensus_queue.cc:176] T 721e8a57234447eabda00f5df65bd574 P 0a8bbcbbb5a6459aa5258464755db3bb [NON_LEADER]: Queue going to NON_LEADER mode. State: All replicated index: 0, Majority replicated index: 0, Committed index: 0, Last appended: 0.0, Current term: 0, Majority size: -1, State: 1, Mode: NON_LEADER
I1031 23:05:33.953914 10772 ts_tablet_manager.cc:1020] T 46fc46e028434bc69f467922a9a59101 P 0a8bbcbbb5a6459aa5258464755db3bb: Deleting tablet data with delete state TABLET_DATA_DELETED
I1031 23:05:33.953917 39743 ts_tablet_manager.cc:755] T 0c2abca80c8f4fdaa788afd6a931df9d P 0a8bbcbbb5a6459aa5258464755db3bb: Time spent starting tablet: real 0.004s user 0.001s sys 0.000s
I1031 23:05:33.953936 39753 consensus_queue.cc:176] T acb401e40e7049fbbfdbeb40474353d9 P 0a8bbcbbb5a6459aa5258464755db3bb [NON_LEADER]: Queue going to NON_LEADER mode. State: All replicated index: 0, Majority replicated index: 0, Committed index: 0, Last appended: 0.0, Current term: 0, Majority size: -1, State: 1, Mode: NON_LEADER
I1031 23:05:33.953960 39743 ts_tablet_manager.cc:723] T f2af422919fd4560bd6441509a68d64b P 0a8bbcbbb5a6459aa5258464755db3bb: Bootstrapping tablet
I1031 23:05:33.953966 39733 raft_consensus.cc:288] T 32984b820db347e1b2d4d0786cf221f2 P 0a8bbcbbb5a6459aa5258464755db3bb [term 0 FOLLOWER]: Replica starting. Triggering 0 pending transactions. Active config: opid_index: -1 OBSOLETE_local: false peers { permanent_uuid: "23f962e4a1744381ad5fa0d2d8b10241" member_type: VOTER last_known_addr { host: "c3-kudu-tst-st07.bj" port: 18700 } } peers { permanent_uuid: "0fc477287c154136abc1e2f3c82fb7f9" member_type: VOTER last_known_addr { host: "c3-kudu-tst-st04.bj" port: 18700 } } peers { permanent_uuid: "0a8bbcbbb5a6459aa5258464755db3bb" member_type: VOTER last_known_addr { host: "c3-kudu-tst-st02.bj" port: 18700 } }
I1031 23:05:33.953989 39748 ts_tablet_manager.cc:755] T 8356b43879104775b9a8c5a9e546e85b P 0a8bbcbbb5a6459aa5258464755db3bb: Time spent starting tablet: real 0.004s user 0.001s sys 0.000s
I1031 23:05:33.953990 39733 raft_consensus.cc:319] T 32984b820db347e1b2d4d0786cf221f2 P 0a8bbcbbb5a6459aa5258464755db3bb [term 0 FOLLOWER]: Consensus starting up: Expiring failure detector timer to make a prompt election more likely
I1031 23:05:33.954012 39733 raft_consensus.cc:548] T 32984b820db347e1b2d4d0786cf221f2 P 0a8bbcbbb5a6459aa5258464755db3bb [term 0 FOLLOWER]: Becoming Follower/Learner. State: Replica: 0a8bbcbbb5a6459aa5258464755db3bb, State: 1, Role: FOLLOWER
I1031 23:05:33.954020 39748 ts_tablet_manager.cc:723] T 29fdcf1d33f94660b0c77445ec7e559b P 0a8bbcbbb5a6459aa5258464755db3bb: Bootstrapping tablet
I1031 23:05:33.954038 39733 consensus_queue.cc:176] T 32984b820db347e1b2d4d0786cf221f2 P 0a8bbcbbb5a6459aa5258464755db3bb [NON_LEADER]: Queue going to NON_LEADER mode. State: All replicated index: 0, Majority replicated index: 0, Committed index: 0, Last appended: 0.0, Current term: 0, Majority size: -1, State: 1, Mode: NON_LEADER
I1031 23:05:33.954162 39758 ts_tablet_manager.cc:755] T c94f26e6a0ea4bea82140a0877c0f226 P 0a8bbcbbb5a6459aa5258464755db3bb: Time spent starting tablet: real 0.004s user 0.001s sys 0.001s
I1031 23:05:33.954190 39758 ts_tablet_manager.cc:723] T 47eeb8448c454968a45bf1a984427b25 P 0a8bbcbbb5a6459aa5258464755db3bb: Bootstrapping tablet
I1031 23:05:33.954226 39743 tablet_bootstrap.cc:382] T f2af422919fd4560bd6441509a68d64b P 0a8bbcbbb5a6459aa5258464755db3bb: Bootstrap starting.
I1031 23:05:33.954241 10755 tablet_service.cc:691] Processing DeleteTablet for tablet 0c2abca80c8f4fdaa788afd6a931df9d with delete_type TABLET_DATA_DELETED (Replaced by db5874009dd84d4892fccdb3316010c2 at 2017-10-31 23:05:22 CST) from {username='work'} at 10.108.187.10:43437
I1031 23:05:33.954254 39763 ts_tablet_manager.cc:755] T 1cebccaea10d49478c004cca39676556 P 0a8bbcbbb5a6459aa5258464755db3bb: Time spent starting tablet: real 0.004s user 0.001s sys 0.000s
I1031 23:05:33.954303 39748 tablet_bootstrap.cc:382] T 29fdcf1d33f94660b0c77445ec7e559b P 0a8bbcbbb5a6459aa5258464755db3bb: Bootstrap starting.
I1031 23:05:33.954334 10755 tablet_peer.cc:221] Initiating TabletPeer shutdown for tablet: 0c2abca80c8f4fdaa788afd6a931df9d
I1031 23:05:33.954360 39743 tablet_bootstrap.cc:541] T f2af422919fd4560bd6441509a68d64b P 0a8bbcbbb5a6459aa5258464755db3bb: Time spent opening tablet: real 0.000s user 0.000s sys 0.000s
I1031 23:05:33.954360 10755 maintenance_manager.cc:208] P 0a8bbcbbb5a6459aa5258464755db3bb: Unregistered op CompactRowSetsOp(0c2abca80c8f4fdaa788afd6a931df9d)
I1031 23:05:33.954401 10755 maintenance_manager.cc:208] P 0a8bbcbbb5a6459aa5258464755db3bb: Unregistered op MinorDeltaCompactionOp(0c2abca80c8f4fdaa788afd6a931df9d)
I1031 23:05:33.954423 10755 maintenance_manager.cc:208] P 0a8bbcbbb5a6459aa5258464755db3bb: Unregistered op MajorDeltaCompactionOp(0c2abca80c8f4fdaa788afd6a931df9d)
I1031 23:05:33.954443 39748 tablet_bootstrap.cc:541] T 29fdcf1d33f94660b0c77445ec7e559b P 0a8bbcbbb5a6459aa5258464755db3bb: Time spent opening tablet: real 0.000s user 0.000s sys 0.000s
I1031 23:05:33.954444 10755 maintenance_manager.cc:208] P 0a8bbcbbb5a6459aa5258464755db3bb: Unregistered op UndoDeltaBlockGCOp(0c2abca80c8f4fdaa788afd6a931df9d)
I1031 23:05:33.954471 39758 tablet_bootstrap.cc:382] T 47eeb8448c454968a45bf1a984427b25 P 0a8bbcbbb5a6459aa5258464755db3bb: Bootstrap starting.
I1031 23:05:33.954483 10755 maintenance_manager.cc:208] P 0a8bbcbbb5a6459aa5258464755db3bb: Unregistered op FlushMRSOp(0c2abca80c8f4fdaa788afd6a931df9d)
I1031 23:05:33.954494 39743 tablet_bootstrap.cc:484] T f2af422919fd4560bd6441509a68d64b P 0a8bbcbbb5a6459aa5258464755db3bb: No blocks or log segments found. Creating new log.
I1031 23:05:33.954504 10755 maintenance_manager.cc:208] P 0a8bbcbbb5a6459aa5258464755db3bb: Unregistered op FlushDeltaMemStoresOp(0c2abca80c8f4fdaa788afd6a931df9d)
I1031 23:05:33.954520 10755 maintenance_manager.cc:208] P 0a8bbcbbb5a6459aa5258464755db3bb: Unregistered op LogGCOp(0c2abca80c8f4fdaa788afd6a931df9d)
I1031 23:05:33.954538 10755 raft_consensus.cc:1569] T 0c2abca80c8f4fdaa788afd6a931df9d P 0a8bbcbbb5a6459aa5258464755db3bb [term 0 FOLLOWER]: Raft consensus shutting down.
I1031 23:05:33.954556 10755 raft_consensus.cc:1585] T 0c2abca80c8f4fdaa788afd6a931df9d P 0a8bbcbbb5a6459aa5258464755db3bb [term 0 FOLLOWER]: Raft consensus is shut down!
I1031 23:05:33.954560 39748 tablet_bootstrap.cc:484] T 29fdcf1d33f94660b0c77445ec7e559b P 0a8bbcbbb5a6459aa5258464755db3bb: No blocks or log segments found. Creating new log.
I1031 23:05:33.954599 10765 tablet_service.cc:691] Processing DeleteTablet for tablet c94f26e6a0ea4bea82140a0877c0f226 with delete_type TABLET_DATA_DELETED (Replaced by 0c2abca80c8f4fdaa788afd6a931df9d at 2017-10-31 23:04:52 CST) from {username='work'} at 10.108.187.10:43437
I1031 23:05:33.954627 10765 tablet_peer.cc:221] Initiating TabletPeer shutdown for tablet: c94f26e6a0ea4bea82140a0877c0f226
I1031 23:05:33.954628 10761 tablet_service.cc:691] Processing DeleteTablet for tablet 1cebccaea10d49478c004cca39676556 with delete_type TABLET_DATA_DELETED (Replaced by b4e182b626554f3597d5c733c80997e6 at 2017-10-31 23:05:22 CST) from {username='work'} at 10.108.187.10:43437
I1031 23:05:33.954637 39758 tablet_bootstrap.cc:541] T 47eeb8448c454968a45bf1a984427b25 P 0a8bbcbbb5a6459aa5258464755db3bb: Time spent opening tablet: real 0.000s user 0.000s sys 0.000s
I1031 23:05:33.954651 10761 tablet_peer.cc:221] Initiating TabletPeer shutdown for tablet: 1cebccaea10d49478c004cca39676556
I1031 23:05:33.954664 39738 ts_tablet_manager.cc:755] T 721e8a57234447eabda00f5df65bd574 P 0a8bbcbbb5a6459aa5258464755db3bb: Time spent starting tablet: real 0.005s user 0.002s sys 0.000s
I1031 23:05:33.954670 10765 maintenance_manager.cc:208] P 0a8bbcbbb5a6459aa5258464755db3bb: Unregistered op CompactRowSetsOp(c94f26e6a0ea4bea82140a0877c0f226)
I1031 23:05:33.954679 10761 maintenance_manager.cc:208] P 0a8bbcbbb5a6459aa5258464755db3bb: Unregistered op CompactRowSetsOp(1cebccaea10d49478c004cca39676556)
I1031 23:05:33.954684 10765 maintenance_manager.cc:208] P 0a8bbcbbb5a6459aa5258464755db3bb: Unregistered op MinorDeltaCompactionOp(c94f26e6a0ea4bea82140a0877c0f226)
I1031 23:05:33.954695 10761 maintenance_manager.cc:208] P 0a8bbcbbb5a6459aa5258464755db3bb: Unregistered op MinorDeltaCompactionOp(1cebccaea10d49478c004cca39676556)
I1031 23:05:33.954701 10765 maintenance_manager.cc:208] P 0a8bbcbbb5a6459aa5258464755db3bb: Unregistered op MajorDeltaCompactionOp(c94f26e6a0ea4bea82140a0877c0f226)
I1031 23:05:33.954704 10761 maintenance_manager.cc:208] P 0a8bbcbbb5a6459aa5258464755db3bb: Unregistered op MajorDeltaCompactionOp(1cebccaea10d49478c004cca39676556)
I1031 23:05:33.954716 10765 maintenance_manager.cc:208] P 0a8bbcbbb5a6459aa5258464755db3bb: Unregistered op UndoDeltaBlockGCOp(c94f26e6a0ea4bea82140a0877c0f226)
I1031 23:05:33.954722 10761 maintenance_manager.cc:208] P 0a8bbcbbb5a6459aa5258464755db3bb: Unregistered op UndoDeltaBlockGCOp(1cebccaea10d49478c004cca39676556)
I1031 23:05:33.954733 10765 maintenance_manager.cc:208] P 0a8bbcbbb5a6459aa5258464755db3bb: Unregistered op FlushMRSOp(c94f26e6a0ea4bea82140a0877c0f226)
I1031 23:05:33.954738 10761 maintenance_manager.cc:208] P 0a8bbcbbb5a6459aa5258464755db3bb: Unregistered op FlushMRSOp(1cebccaea10d49478c004cca39676556)
I1031 23:05:33.954754 10761 maintenance_manager.cc:208] P 0a8bbcbbb5a6459aa5258464755db3bb: Unregistered op FlushDeltaMemStoresOp(1cebccaea10d49478c004cca39676556)
I1031 23:05:33.954749 10765 maintenance_manager.cc:208] P 0a8bbcbbb5a6459aa5258464755db3bb: Unregistered op FlushDeltaMemStoresOp(c94f26e6a0ea4bea82140a0877c0f226)
I1031 23:05:33.954747 39758 tablet_bootstrap.cc:484] T 47eeb8448c454968a45bf1a984427b25 P 0a8bbcbbb5a6459aa5258464755db3bb: No blocks or log segments found. Creating new log.
I1031 23:05:33.954769 10761 maintenance_manager.cc:208] P 0a8bbcbbb5a6459aa5258464755db3bb: Unregistered op LogGCOp(1cebccaea10d49478c004cca39676556)
I1031 23:05:33.954787 10761 raft_consensus.cc:1569] T 1cebccaea10d49478c004cca39676556 P 0a8bbcbbb5a6459aa5258464755db3bb [term 0 FOLLOWER]: Raft consensus shutting down.
I1031 23:05:33.954790 10765 maintenance_manager.cc:208] P 0a8bbcbbb5a6459aa5258464755db3bb: Unregistered op LogGCOp(c94f26e6a0ea4bea82140a0877c0f226)
I1031 23:05:33.954799 10761 raft_consensus.cc:1585] T 1cebccaea10d49478c004cca39676556 P 0a8bbcbbb5a6459aa5258464755db3bb [term 0 FOLLOWER]: Raft consensus is shut down!
I1031 23:05:33.954830 10765 raft_consensus.cc:1569] T c94f26e6a0ea4bea82140a0877c0f226 P 0a8bbcbbb5a6459aa5258464755db3bb [term 0 FOLLOWER]: Raft consensus shutting down.
I1031 23:05:33.954849 10765 raft_consensus.cc:1585] T c94f26e6a0ea4bea82140a0877c0f226 P 0a8bbcbbb5a6459aa5258464755db3bb [term 0 FOLLOWER]: Raft consensus is shut down!
I1031 23:05:33.955313 10758 ts_tablet_manager.cc:1020] T 582c1281bf5147b2bd40c9a950a1152f P 0a8bbcbbb5a6459aa5258464755db3bb: Deleting tablet data with delete state TABLET_DATA_DELETED
I1031 23:05:33.955999 10766 ts_tablet_manager.cc:1020] T de37a68992504da8a4640f8ab4653544 P 0a8bbcbbb5a6459aa5258464755db3bb: Deleting tablet data with delete state TABLET_DATA_DELETED
I1031 23:05:33.956079 10768 ts_tablet_manager.cc:1020] T 8ed42ada2d6846f3b3b70c9d9c13c986 P 0a8bbcbbb5a6459aa5258464755db3bb: Deleting tablet data with delete state TABLET_DATA_DELETED
I1031 23:05:33.956543 39753 ts_tablet_manager.cc:755] T acb401e40e7049fbbfdbeb40474353d9 P 0a8bbcbbb5a6459aa5258464755db3bb: Time spent starting tablet: real 0.006s user 0.000s sys 0.001s
I1031 23:05:33.956738 10760 ts_tablet_manager.cc:1020] T 117cd74bcdab4942901acb0005cdd702 P 0a8bbcbbb5a6459aa5258464755db3bb: Deleting tablet data with delete state TABLET_DATA_DELETED
I1031 23:05:33.956981 39768 tablet_bootstrap.cc:382] T 0def0264c0db4c438e16c22b23a0b43a P 0a8bbcbbb5a6459aa5258464755db3bb: No bootstrap required, opened a new log
I1031 23:05:33.957006 39768 ts_tablet_manager.cc:728] T 0def0264c0db4c438e16c22b23a0b43a P 0a8bbcbbb5a6459aa5258464755db3bb: Time spent bootstrapping tablet: real 0.006s user 0.000s sys 0.002s
I1031 23:05:33.957034 39733 ts_tablet_manager.cc:755] T 32984b820db347e1b2d4d0786cf221f2 P 0a8bbcbbb5a6459aa5258464755db3bb: Time spent starting tablet: real 0.007s user 0.001s sys 0.000s
I1031 23:05:33.957056 39728 tablet_bootstrap.cc:382] T eeb3a3cb417b466abffd16749d165a61 P 0a8bbcbbb5a6459aa5258464755db3bb: No bootstrap required, opened a new log
I1031 23:05:33.957098 39728 ts_tablet_manager.cc:728] T eeb3a3cb417b466abffd16749d165a61 P 0a8bbcbbb5a6459aa5258464755db3bb: Time spent bootstrapping tablet: real 0.007s user 0.001s sys 0.000s
I1031 23:05:33.957672 39728 raft_consensus.cc:288] T eeb3a3cb417b466abffd16749d165a61 P 0a8bbcbbb5a6459aa5258464755db3bb [term 0 FOLLOWER]: Replica starting. Triggering 0 pending transactions. Active config: opid_index: -1 OBSOLETE_local: false peers { permanent_uuid: "0a8bbcbbb5a6459aa5258464755db3bb" member_type: VOTER last_known_addr { host: "c3-kudu-tst-st02.bj" port: 18700 } } peers { permanent_uuid: "625f49b9554549e6a5c3a92b76e576cf" member_type: VOTER last_known_addr { host: "c3-kudu-tst-st10.bj" port: 18700 } } peers { permanent_uuid: "daba39963d4346e1816089fd3a5442b5" member_type: VOTER last_known_addr { host: "c3-kudu-tst-st09.bj" port: 18700 } }
I1031 23:05:33.957690 39768 raft_consensus.cc:288] T 0def0264c0db4c438e16c22b23a0b43a P 0a8bbcbbb5a6459aa5258464755db3bb [term 0 FOLLOWER]: Replica starting. Triggering 0 pending transactions. Active config: opid_index: -1 OBSOLETE_local: false peers { permanent_uuid: "0a8bbcbbb5a6459aa5258464755db3bb" member_type: VOTER last_known_addr { host: "c3-kudu-tst-st02.bj" port: 18700 } } peers { permanent_uuid: "625f49b9554549e6a5c3a92b76e576cf" member_type: VOTER last_known_addr { host: "c3-kudu-tst-st10.bj" port: 18700 } } peers { permanent_uuid: "193181be29284287b25df2ee92938f0b" member_type: VOTER last_known_addr { host: "c3-kudu-tst-st08.bj" port: 18700 } }
I1031 23:05:33.957692 39728 raft_consensus.cc:319] T eeb3a3cb417b466abffd16749d165a61 P 0a8bbcbbb5a6459aa5258464755db3bb [term 0 FOLLOWER]: Consensus starting up: Expiring failure detector timer to make a prompt election more likely
I1031 23:05:33.957710 39768 raft_consensus.cc:319] T 0def0264c0db4c438e16c22b23a0b43a P 0a8bbcbbb5a6459aa5258464755db3bb [term 0 FOLLOWER]: Consensus starting up: Expiring failure detector timer to make a prompt election more likely
I1031 23:05:33.957713 39728 raft_consensus.cc:548] T eeb3a3cb417b466abffd16749d165a61 P 0a8bbcbbb5a6459aa5258464755db3bb [term 0 FOLLOWER]: Becoming Follower/Learner. State: Replica: 0a8bbcbbb5a6459aa5258464755db3bb, State: 1, Role: FOLLOWER
I1031 23:05:33.957721 39768 raft_consensus.cc:548] T 0def0264c0db4c438e16c22b23a0b43a P 0a8bbcbbb5a6459aa5258464755db3bb [term 0 FOLLOWER]: Becoming Follower/Learner. State: Replica: 0a8bbcbbb5a6459aa5258464755db3bb, State: 1, Role: FOLLOWER
I1031 23:05:33.957731 39728 consensus_queue.cc:176] T eeb3a3cb417b466abffd16749d165a61 P 0a8bbcbbb5a6459aa5258464755db3bb [NON_LEADER]: Queue going to NON_LEADER mode. State: All replicated index: 0, Majority replicated index: 0, Committed index: 0, Last appended: 0.0, Current term: 0, Majority size: -1, State: 1, Mode: NON_LEADER
I1031 23:05:33.957738 39768 consensus_queue.cc:176] T 0def0264c0db4c438e16c22b23a0b43a P 0a8bbcbbb5a6459aa5258464755db3bb [NON_LEADER]: Queue going to NON_LEADER mode. State: All replicated index: 0, Majority replicated index: 0, Committed index: 0, Last appended: 0.0, Current term: 0, Majority size: -1, State: 1, Mode: NON_LEADER
I1031 23:05:33.957847 39743 tablet_bootstrap.cc:382] T f2af422919fd4560bd6441509a68d64b P 0a8bbcbbb5a6459aa5258464755db3bb: No bootstrap required, opened a new log
I1031 23:05:33.957880 39743 ts_tablet_manager.cc:728] T f2af422919fd4560bd6441509a68d64b P 0a8bbcbbb5a6459aa5258464755db3bb: Time spent bootstrapping tablet: real 0.004s user 0.001s sys 0.001s
I1031 23:05:33.957944 39768 ts_tablet_manager.cc:755] T 0def0264c0db4c438e16c22b23a0b43a P 0a8bbcbbb5a6459aa5258464755db3bb: Time spent starting tablet: real 0.001s user 0.000s sys 0.001s
I1031 23:05:33.957993 39728 ts_tablet_manager.cc:755] T eeb3a3cb417b466abffd16749d165a61 P 0a8bbcbbb5a6459aa5258464755db3bb: Time spent starting tablet: real 0.001s user 0.000s sys 0.001s
I1031 23:05:33.959034 39743 raft_consensus.cc:288] T f2af422919fd4560bd6441509a68d64b P 0a8bbcbbb5a6459aa5258464755db3bb [term 0 FOLLOWER]: Replica starting. Triggering 0 pending transactions. Active config: opid_index: -1 OBSOLETE_local: false peers { permanent_uuid: "193181be29284287b25df2ee92938f0b" member_type: VOTER last_known_addr { host: "c3-kudu-tst-st08.bj" port: 18700 } } peers { permanent_uuid: "0a8bbcbbb5a6459aa5258464755db3bb" member_type: VOTER last_known_addr { host: "c3-kudu-tst-st02.bj" port: 18700 } } peers { permanent_uuid: "23f962e4a1744381ad5fa0d2d8b10241" member_type: VOTER last_known_addr { host: "c3-kudu-tst-st07.bj" port: 18700 } }
I1031 23:05:33.959059 39743 raft_consensus.cc:319] T f2af422919fd4560bd6441509a68d64b P 0a8bbcbbb5a6459aa5258464755db3bb [term 0 FOLLOWER]: Consensus starting up: Expiring failure detector timer to make a prompt election more likely
I1031 23:05:33.959072 39743 raft_consensus.cc:548] T f2af422919fd4560bd6441509a68d64b P 0a8bbcbbb5a6459aa5258464755db3bb [term 0 FOLLOWER]: Becoming Follower/Learner. State: Replica: 0a8bbcbbb5a6459aa5258464755db3bb, State: 1, Role: FOLLOWER
I1031 23:05:33.959092 39743 consensus_queue.cc:176] T f2af422919fd4560bd6441509a68d64b P 0a8bbcbbb5a6459aa5258464755db3bb [NON_LEADER]: Queue going to NON_LEADER mode. State: All replicated index: 0, Majority replicated index: 0, Committed index: 0, Last appended: 0.0, Current term: 0, Majority size: -1, State: 1, Mode: NON_LEADER
I1031 23:05:33.959857 39743 ts_tablet_manager.cc:755] T f2af422919fd4560bd6441509a68d64b P 0a8bbcbbb5a6459aa5258464755db3bb: Time spent starting tablet: real 0.002s user 0.001s sys 0.000s
I1031 23:05:33.960335 10761 ts_tablet_manager.cc:1020] T 1cebccaea10d49478c004cca39676556 P 0a8bbcbbb5a6459aa5258464755db3bb: Deleting tablet data with delete state TABLET_DATA_DELETED
I1031 23:05:33.960430 10765 ts_tablet_manager.cc:1020] T c94f26e6a0ea4bea82140a0877c0f226 P 0a8bbcbbb5a6459aa5258464755db3bb: Deleting tablet data with delete state TABLET_DATA_DELETED
I1031 23:05:33.960644 10755 ts_tablet_manager.cc:1020] T 0c2abca80c8f4fdaa788afd6a931df9d P 0a8bbcbbb5a6459aa5258464755db3bb: Deleting tablet data with delete state TABLET_DATA_DELETED
I1031 23:05:33.962713 10791 raft_consensus.cc:918] T 3125380200594db7a7b78a5539b9dfad P 0a8bbcbbb5a6459aa5258464755db3bb [term 1 FOLLOWER]: Refusing update from remote peer 625f49b9554549e6a5c3a92b76e576cf: Log matching property violated. Preceding OpId in replica: term: 0 index: 0. Preceding OpId from leader: term: 1 index: 1. (index mismatch)
I1031 23:05:33.962808 10782 raft_consensus.cc:918] T 9967925d5dbd49eaadc0a1a58e7e2089 P 0a8bbcbbb5a6459aa5258464755db3bb [term 1 FOLLOWER]: Refusing update from remote peer 23f962e4a1744381ad5fa0d2d8b10241: Log matching property violated. Preceding OpId in replica: term: 0 index: 0. Preceding OpId from leader: term: 1 index: 1. (index mismatch)
I1031 23:05:33.970278 39748 tablet_bootstrap.cc:382] T 29fdcf1d33f94660b0c77445ec7e559b P 0a8bbcbbb5a6459aa5258464755db3bb: No bootstrap required, opened a new log
I1031 23:05:33.970312 39748 ts_tablet_manager.cc:728] T 29fdcf1d33f94660b0c77445ec7e559b P 0a8bbcbbb5a6459aa5258464755db3bb: Time spent bootstrapping tablet: real 0.016s user 0.001s sys 0.001s
I1031 23:05:33.970561 39758 tablet_bootstrap.cc:382] T 47eeb8448c454968a45bf1a984427b25 P 0a8bbcbbb5a6459aa5258464755db3bb: No bootstrap required, opened a new log
I1031 23:05:33.970595 39758 ts_tablet_manager.cc:728] T 47eeb8448c454968a45bf1a984427b25 P 0a8bbcbbb5a6459aa5258464755db3bb: Time spent bootstrapping tablet: real 0.016s user 0.000s sys 0.001s
I1031 23:05:33.970846 10686 maintenance_manager.cc:419] Time spent running UndoDeltaBlockGCOp(9d015a51a6ef49bd903db1f74f5872e1): real 0.080s user 0.001s sys 0.001s
I1031 23:05:33.970888 10686 maintenance_manager.cc:425] P 0a8bbcbbb5a6459aa5258464755db3bb: UndoDeltaBlockGCOp(9d015a51a6ef49bd903db1f74f5872e1) metrics: {"data dir 2.queue_time_us":202,"fdatasync":1,"fdatasync_us":36182,"tcmalloc_contention_cycles":375680,"thread_start_us":187,"threads_started":1}
I1031 23:05:33.970908 39748 raft_consensus.cc:288] T 29fdcf1d33f94660b0c77445ec7e559b P 0a8bbcbbb5a6459aa5258464755db3bb [term 0 FOLLOWER]: Replica starting. Triggering 0 pending transactions. Active config: opid_index: -1 OBSOLETE_local: false peers { permanent_uuid: "0a8bbcbbb5a6459aa5258464755db3bb" member_type: VOTER last_known_addr { host: "c3-kudu-tst-st02.bj" port: 18700 } } peers { permanent_uuid: "0fc477287c154136abc1e2f3c82fb7f9" member_type: VOTER last_known_addr { host: "c3-kudu-tst-st04.bj" port: 18700 } } peers { permanent_uuid: "193181be29284287b25df2ee92938f0b" member_type: VOTER last_known_addr { host: "c3-kudu-tst-st08.bj" port: 18700 } }
I1031 23:05:33.970924 39748 raft_consensus.cc:319] T 29fdcf1d33f94660b0c77445ec7e559b P 0a8bbcbbb5a6459aa5258464755db3bb [term 0 FOLLOWER]: Consensus starting up: Expiring failure detector timer to make a prompt election more likely
I1031 23:05:33.970934 39748 raft_consensus.cc:548] T 29fdcf1d33f94660b0c77445ec7e559b P 0a8bbcbbb5a6459aa5258464755db3bb [term 0 FOLLOWER]: Becoming Follower/Learner. State: Replica: 0a8bbcbbb5a6459aa5258464755db3bb, State: 1, Role: FOLLOWER
I1031 23:05:33.970949 39748 consensus_queue.cc:176] T 29fdcf1d33f94660b0c77445ec7e559b P 0a8bbcbbb5a6459aa5258464755db3bb [NON_LEADER]: Queue going to NON_LEADER mode. State: All replicated index: 0, Majority replicated index: 0, Committed index: 0, Last appended: 0.0, Current term: 0, Majority size: -1, State: 1, Mode: NON_LEADER
I1031 23:05:33.971642 39748 ts_tablet_manager.cc:755] T 29fdcf1d33f94660b0c77445ec7e559b P 0a8bbcbbb5a6459aa5258464755db3bb: Time spent starting tablet: real 0.001s user 0.000s sys 0.001s
I1031 23:05:33.972076 39758 raft_consensus.cc:288] T 47eeb8448c454968a45bf1a984427b25 P 0a8bbcbbb5a6459aa5258464755db3bb [term 0 FOLLOWER]: Replica starting. Triggering 0 pending transactions. Active config: opid_index: -1 OBSOLETE_local: false peers { permanent_uuid: "23f962e4a1744381ad5fa0d2d8b10241" member_type: VOTER last_known_addr { host: "c3-kudu-tst-st07.bj" port: 18700 } } peers { permanent_uuid: "daba39963d4346e1816089fd3a5442b5" member_type: VOTER last_known_addr { host: "c3-kudu-tst-st09.bj" port: 18700 } } peers { permanent_uuid: "0a8bbcbbb5a6459aa5258464755db3bb" member_type: VOTER last_known_addr { host: "c3-kudu-tst-st02.bj" port: 18700 } }
I1031 23:05:33.972100 39758 raft_consensus.cc:319] T 47eeb8448c454968a45bf1a984427b25 P 0a8bbcbbb5a6459aa5258464755db3bb [term 0 FOLLOWER]: Consensus starting up: Expiring failure detector timer to make a prompt election more likely
I1031 23:05:33.972112 39758 raft_consensus.cc:548] T 47eeb8448c454968a45bf1a984427b25 P 0a8bbcbbb5a6459aa5258464755db3bb [term 0 FOLLOWER]: Becoming Follower/Learner. State: Replica: 0a8bbcbbb5a6459aa5258464755db3bb, State: 1, Role: FOLLOWER
I1031 23:05:33.972126 39758 consensus_queue.cc:176] T 47eeb8448c454968a45bf1a984427b25 P 0a8bbcbbb5a6459aa5258464755db3bb [NON_LEADER]: Queue going to NON_LEADER mode. State: All replicated index: 0, Majority replicated index: 0, Committed index: 0, Last appended: 0.0, Current term: 0, Majority size: -1, State: 1, Mode: NON_LEADER
I1031 23:05:33.972321 39758 ts_tablet_manager.cc:755] T 47eeb8448c454968a45bf1a984427b25 P 0a8bbcbbb5a6459aa5258464755db3bb: Time spent starting tablet: real 0.002s user 0.001s sys 0.000s
I1031 23:05:34.007678 40658 raft_consensus.cc:411] T eeb3a3cb417b466abffd16749d165a61 P 0a8bbcbbb5a6459aa5258464755db3bb [term 0 FOLLOWER]: Starting pre-election (no leader contacted us within the election timeout)
I1031 23:05:34.007733 40658 raft_consensus.cc:2162] T eeb3a3cb417b466abffd16749d165a61 P 0a8bbcbbb5a6459aa5258464755db3bb [term 0 FOLLOWER]: Snoozing failure detection for election timeout plus an additional 1.567s
I1031 23:05:34.007803 40658 raft_consensus.cc:435] T eeb3a3cb417b466abffd16749d165a61 P 0a8bbcbbb5a6459aa5258464755db3bb [term 0 FOLLOWER]: Starting pre-election with config: opid_index: -1 OBSOLETE_local: false peers { permanent_uuid: "0a8bbcbbb5a6459aa5258464755db3bb" member_type: VOTER last_known_addr { host: "c3-kudu-tst-st02.bj" port: 18700 } } peers { permanent_uuid: "625f49b9554549e6a5c3a92b76e576cf" member_type: VOTER last_known_addr { host: "c3-kudu-tst-st10.bj" port: 18700 } } peers { permanent_uuid: "daba39963d4346e1816089fd3a5442b5" member_type: VOTER last_known_addr { host: "c3-kudu-tst-st09.bj" port: 18700 } }
I1031 23:05:34.008615 40658 leader_election.cc:216] T eeb3a3cb417b466abffd16749d165a61 P 0a8bbcbbb5a6459aa5258464755db3bb [CANDIDATE]: Term 1 pre-election: Requesting pre-vote from peer 625f49b9554549e6a5c3a92b76e576cf
I1031 23:05:34.008648 40658 leader_election.cc:216] T eeb3a3cb417b466abffd16749d165a61 P 0a8bbcbbb5a6459aa5258464755db3bb [CANDIDATE]: Term 1 pre-election: Requesting pre-vote from peer daba39963d4346e1816089fd3a5442b5
W1031 23:05:34.008855 10718 leader_election.cc:278] T eeb3a3cb417b466abffd16749d165a61 P 0a8bbcbbb5a6459aa5258464755db3bb [CANDIDATE]: Term 1 pre-election: Tablet error from VoteRequest() call to peer 625f49b9554549e6a5c3a92b76e576cf: Illegal state: Tablet not RUNNING: NOT_STARTED
I1031 23:05:34.008914 10717 leader_election.cc:348] T eeb3a3cb417b466abffd16749d165a61 P 0a8bbcbbb5a6459aa5258464755db3bb [CANDIDATE]: Term 1 pre-election: Vote granted by peer daba39963d4346e1816089fd3a5442b5
