I1002 04:41:18.769757 5440 raft_consensus.cc:411] T a6c4c4e3fca64759a189f86545185cb4 P 597b40feaf764146b090bcec219d8ec9 [term 0 FOLLOWER]: Starting leader election (initial election of a single-replica configuration)
I1002 04:41:18.769969 5440 raft_consensus.cc:2457] T a6c4c4e3fca64759a189f86545185cb4 P 597b40feaf764146b090bcec219d8ec9: Snoozing failure detection for 1.572s (starting election)
I1002 04:41:18.770179 5440 raft_consensus.cc:2509] T a6c4c4e3fca64759a189f86545185cb4 P 597b40feaf764146b090bcec219d8ec9 [term 0 FOLLOWER]: Advancing to term 1
I1002 04:41:18.774549 5440 raft_consensus.cc:433] T a6c4c4e3fca64759a189f86545185cb4 P 597b40feaf764146b090bcec219d8ec9 [term 1 FOLLOWER]: Starting leader election with config: opid_index: -1 OBSOLETE_local: true peers { permanent_uuid: "597b40feaf764146b090bcec219d8ec9" member_type: VOTER last_known_addr { host: "127.7.153.1" port: 54411 } }
I1002 04:41:18.775050 5440 leader_election.cc:248] T a6c4c4e3fca64759a189f86545185cb4 P 597b40feaf764146b090bcec219d8ec9 [CANDIDATE]: Term 1 election: Election decided. Result: candidate won.
I1002 04:41:18.775518 5444 raft_consensus.cc:2457] T a6c4c4e3fca64759a189f86545185cb4 P 597b40feaf764146b090bcec219d8ec9: Snoozing failure detection for 1.754s (election complete)
I1002 04:41:18.775810 5444 raft_consensus.cc:2281] T a6c4c4e3fca64759a189f86545185cb4 P 597b40feaf764146b090bcec219d8ec9 [term 1 FOLLOWER]: Leader election won for term 1
I1002 04:41:18.776068 5444 raft_consensus.cc:545] T a6c4c4e3fca64759a189f86545185cb4 P 597b40feaf764146b090bcec219d8ec9 [term 1 LEADER]: Becoming Leader. State: Replica: 597b40feaf764146b090bcec219d8ec9, State: Running, Role: LEADER
I1002 04:41:18.776197 5440 ts_tablet_manager.cc:931] T a6c4c4e3fca64759a189f86545185cb4 P 597b40feaf764146b090bcec219d8ec9: Time spent starting tablet: real 0.009s user 0.012s sys 0.000s
I1002 04:41:18.776573 5440 ts_tablet_manager.cc:878] T f7adba9e4cfd45bf9ed6895b65de8db1 P 597b40feaf764146b090bcec219d8ec9: Bootstrapping tablet
I1002 04:41:18.776365 5444 consensus_queue.cc:169] T a6c4c4e3fca64759a189f86545185cb4 P 597b40feaf764146b090bcec219d8ec9 [LEADER]: Queue going to LEADER mode. State: All replicated index: 0, Majority replicated index: 0, Committed index: 0, Last appended: 0.0, Last appended by leader: 0, Current term: 1, Majority size: 1, State: 0, Mode: LEADER, active raft config: opid_index: -1 OBSOLETE_local: true peers { permanent_uuid: "597b40feaf764146b090bcec219d8ec9" member_type: VOTER last_known_addr { host: "127.7.153.1" port: 54411 } }
I1002 04:41:18.776926 5440 tablet_bootstrap.cc:432] T f7adba9e4cfd45bf9ed6895b65de8db1 P 597b40feaf764146b090bcec219d8ec9: Bootstrap starting.
I1002 04:41:18.779470 5440 tablet_bootstrap.cc:567] T f7adba9e4cfd45bf9ed6895b65de8db1 P 597b40feaf764146b090bcec219d8ec9: No blocks or log segments found. Creating new log.
I1002 04:41:18.779850 5322 catalog_manager.cc:2510] T a6c4c4e3fca64759a189f86545185cb4 P 597b40feaf764146b090bcec219d8ec9 reported cstate change: term changed from 0 to 1, leader changed from to 597b40feaf764146b090bcec219d8ec9 (127.7.153.1). New cstate: current_term: 1 leader_uuid: "597b40feaf764146b090bcec219d8ec9" committed_config { opid_index: -1 OBSOLETE_local: true peers { permanent_uuid: "597b40feaf764146b090bcec219d8ec9" member_type: VOTER last_known_addr { host: "127.7.153.1" port: 54411 } } }
I1002 04:41:18.783124 5440 tablet_bootstrap.cc:432] T f7adba9e4cfd45bf9ed6895b65de8db1 P 597b40feaf764146b090bcec219d8ec9: No bootstrap required, opened a new log
I1002 04:41:18.783449 5440 ts_tablet_manager.cc:903] T f7adba9e4cfd45bf9ed6895b65de8db1 P 597b40feaf764146b090bcec219d8ec9: Time spent bootstrapping tablet: real 0.007s user 0.008s sys 0.000s
I1002 04:41:18.784873 5440 raft_consensus.cc:286] T f7adba9e4cfd45bf9ed6895b65de8db1 P 597b40feaf764146b090bcec219d8ec9 [term 0 FOLLOWER]: Replica starting. Triggering 0 pending transactions. Active config: opid_index: -1 OBSOLETE_local: true peers { permanent_uuid: "597b40feaf764146b090bcec219d8ec9" member_type: VOTER last_known_addr { host: "127.7.153.1" port: 54411 } }
I1002 04:41:18.785320 5440 raft_consensus.cc:312] T f7adba9e4cfd45bf9ed6895b65de8db1 P 597b40feaf764146b090bcec219d8ec9 [term 0 FOLLOWER]: Consensus starting up: Expiring failure detector timer to make a prompt election more likely
I1002 04:41:18.785596 5440 raft_consensus.cc:578] T f7adba9e4cfd45bf9ed6895b65de8db1 P 597b40feaf764146b090bcec219d8ec9 [term 0 FOLLOWER]: Becoming Follower/Learner. State: Replica: 597b40feaf764146b090bcec219d8ec9, State: Initialized, Role: FOLLOWER
I1002 04:41:18.785890 5440 consensus_queue.cc:190] T f7adba9e4cfd45bf9ed6895b65de8db1 P 597b40feaf764146b090bcec219d8ec9 [NON_LEADER]: Queue going to NON_LEADER mode. State: All replicated index: 0, Majority replicated index: 0, Committed index: 0, Last appended: 0.0, Last appended by leader: 0, Current term: 0, Majority size: -1, State: 0, Mode: NON_LEADER
I1002 04:41:18.786204 5440 raft_consensus.cc:327] T f7adba9e4cfd45bf9ed6895b65de8db1 P 597b40feaf764146b090bcec219d8ec9 [term 0 FOLLOWER]: Only one voter in the Raft config. Triggering election immediately
I1002 04:41:18.786406 5440 raft_consensus.cc:411] T f7adba9e4cfd45bf9ed6895b65de8db1 P 597b40feaf764146b090bcec219d8ec9 [term 0 FOLLOWER]: Starting leader election (initial election of a single-replica configuration)
I1002 04:41:18.786617 5440 raft_consensus.cc:2457] T f7adba9e4cfd45bf9ed6895b65de8db1 P 597b40feaf764146b090bcec219d8ec9: Snoozing failure detection for 2.175s (starting election)
I1002 04:41:18.786824 5440 raft_consensus.cc:2509] T f7adba9e4cfd45bf9ed6895b65de8db1 P 597b40feaf764146b090bcec219d8ec9 [term 0 FOLLOWER]: Advancing to term 1
I1002 04:41:18.791158 5440 raft_consensus.cc:433] T f7adba9e4cfd45bf9ed6895b65de8db1 P 597b40feaf764146b090bcec219d8ec9 [term 1 FOLLOWER]: Starting leader election with config: opid_index: -1 OBSOLETE_local: true peers { permanent_uuid: "597b40feaf764146b090bcec219d8ec9" member_type: VOTER last_known_addr { host: "127.7.153.1" port: 54411 } }
I1002 04:41:18.791647 5440 leader_election.cc:248] T f7adba9e4cfd45bf9ed6895b65de8db1 P 597b40feaf764146b090bcec219d8ec9 [CANDIDATE]: Term 1 election: Election decided. Result: candidate won.
I1002 04:41:18.792129 5442 raft_consensus.cc:2457] T f7adba9e4cfd45bf9ed6895b65de8db1 P 597b40feaf764146b090bcec219d8ec9: Snoozing failure detection for 2.196s (election complete)
I1002 04:41:18.792395 5442 raft_consensus.cc:2281] T f7adba9e4cfd45bf9ed6895b65de8db1 P 597b40feaf764146b090bcec219d8ec9 [term 1 FOLLOWER]: Leader election won for term 1
I1002 04:41:18.792685 5442 raft_consensus.cc:545] T f7adba9e4cfd45bf9ed6895b65de8db1 P 597b40feaf764146b090bcec219d8ec9 [term 1 LEADER]: Becoming Leader. State: Replica: 597b40feaf764146b090bcec219d8ec9, State: Running, Role: LEADER
I1002 04:41:18.792861 5440 ts_tablet_manager.cc:931] T f7adba9e4cfd45bf9ed6895b65de8db1 P 597b40feaf764146b090bcec219d8ec9: Time spent starting tablet: real 0.009s user 0.008s sys 0.000s
I1002 04:41:18.792929 5442 consensus_queue.cc:169] T f7adba9e4cfd45bf9ed6895b65de8db1 P 597b40feaf764146b090bcec219d8ec9 [LEADER]: Queue going to LEADER mode. State: All replicated index: 0, Majority replicated index: 0, Committed index: 0, Last appended: 0.0, Last appended by leader: 0, Current term: 1, Majority size: 1, State: 0, Mode: LEADER, active raft config: opid_index: -1 OBSOLETE_local: true peers { permanent_uuid: "597b40feaf764146b090bcec219d8ec9" member_type: VOTER last_known_addr { host: "127.7.153.1" port: 54411 } }
I1002 04:41:18.794669 5440 ts_tablet_manager.cc:878] T c0eddb34a5ea4915bf205b5758f83229 P 597b40feaf764146b090bcec219d8ec9: Bootstrapping tablet
I1002 04:41:18.795028 5440 tablet_bootstrap.cc:432] T c0eddb34a5ea4915bf205b5758f83229 P 597b40feaf764146b090bcec219d8ec9: Bootstrap starting.
I1002 04:41:18.796083 5322 catalog_manager.cc:2510] T f7adba9e4cfd45bf9ed6895b65de8db1 P 597b40feaf764146b090bcec219d8ec9 reported cstate change: term changed from 0 to 1, leader changed from to 597b40feaf764146b090bcec219d8ec9 (127.7.153.1). New cstate: current_term: 1 leader_uuid: "597b40feaf764146b090bcec219d8ec9" committed_config { opid_index: -1 OBSOLETE_local: true peers { permanent_uuid: "597b40feaf764146b090bcec219d8ec9" member_type: VOTER last_known_addr { host: "127.7.153.1" port: 54411 } } }
I1002 04:41:18.797418 5440 tablet_bootstrap.cc:567] T c0eddb34a5ea4915bf205b5758f83229 P 597b40feaf764146b090bcec219d8ec9: No blocks or log segments found. Creating new log.
I1002 04:41:18.801223 5440 tablet_bootstrap.cc:432] T c0eddb34a5ea4915bf205b5758f83229 P 597b40feaf764146b090bcec219d8ec9: No bootstrap required, opened a new log
I1002 04:41:18.801517 5440 ts_tablet_manager.cc:903] T c0eddb34a5ea4915bf205b5758f83229 P 597b40feaf764146b090bcec219d8ec9: Time spent bootstrapping tablet: real 0.007s user 0.004s sys 0.004s
I1002 04:41:18.802870 5440 raft_consensus.cc:286] T c0eddb34a5ea4915bf205b5758f83229 P 597b40feaf764146b090bcec219d8ec9 [term 0 FOLLOWER]: Replica starting. Triggering 0 pending transactions. Active config: opid_index: -1 OBSOLETE_local: true peers { permanent_uuid: "597b40feaf764146b090bcec219d8ec9" member_type: VOTER last_known_addr { host: "127.7.153.1" port: 54411 } }
I1002 04:41:18.803306 5440 raft_consensus.cc:312] T c0eddb34a5ea4915bf205b5758f83229 P 597b40feaf764146b090bcec219d8ec9 [term 0 FOLLOWER]: Consensus starting up: Expiring failure detector timer to make a prompt election more likely
I1002 04:41:18.803659 5440 raft_consensus.cc:578] T c0eddb34a5ea4915bf205b5758f83229 P 597b40feaf764146b090bcec219d8ec9 [term 0 FOLLOWER]: Becoming Follower/Learner. State: Replica: 597b40feaf764146b090bcec219d8ec9, State: Initialized, Role: FOLLOWER
I1002 04:41:18.803962 5440 consensus_queue.cc:190] T c0eddb34a5ea4915bf205b5758f83229 P 597b40feaf764146b090bcec219d8ec9 [NON_LEADER]: Queue going to NON_LEADER mode. State: All replicated index: 0, Majority replicated index: 0, Committed index: 0, Last appended: 0.0, Last appended by leader: 0, Current term: 0, Majority size: -1, State: 0, Mode: NON_LEADER
I1002 04:41:18.804277 5440 raft_consensus.cc:327] T c0eddb34a5ea4915bf205b5758f83229 P 597b40feaf764146b090bcec219d8ec9 [term 0 FOLLOWER]: Only one voter in the Raft config. Triggering election immediately
I1002 04:41:18.804471 5440 raft_consensus.cc:411] T c0eddb34a5ea4915bf205b5758f83229 P 597b40feaf764146b090bcec219d8ec9 [term 0 FOLLOWER]: Starting leader election (initial election of a single-replica configuration)
I1002 04:41:18.804675 5440 raft_consensus.cc:2457] T c0eddb34a5ea4915bf205b5758f83229 P 597b40feaf764146b090bcec219d8ec9: Snoozing failure detection for 1.619s (starting election)
I1002 04:41:18.804875 5440 raft_consensus.cc:2509] T c0eddb34a5ea4915bf205b5758f83229 P 597b40feaf764146b090bcec219d8ec9 [term 0 FOLLOWER]: Advancing to term 1
I1002 04:41:18.809095 5440 raft_consensus.cc:433] T c0eddb34a5ea4915bf205b5758f83229 P 597b40feaf764146b090bcec219d8ec9 [term 1 FOLLOWER]: Starting leader election with config: opid_index: -1 OBSOLETE_local: true peers { permanent_uuid: "597b40feaf764146b090bcec219d8ec9" member_type: VOTER last_known_addr { host: "127.7.153.1" port: 54411 } }
I1002 04:41:18.809602 5440 leader_election.cc:248] T c0eddb34a5ea4915bf205b5758f83229 P 597b40feaf764146b090bcec219d8ec9 [CANDIDATE]: Term 1 election: Election decided. Result: candidate won.
I1002 04:41:18.810046 5443 raft_consensus.cc:2457] T c0eddb34a5ea4915bf205b5758f83229 P 597b40feaf764146b090bcec219d8ec9: Snoozing failure detection for 1.916s (election complete)
I1002 04:41:18.810297 5443 raft_consensus.cc:2281] T c0eddb34a5ea4915bf205b5758f83229 P 597b40feaf764146b090bcec219d8ec9 [term 1 FOLLOWER]: Leader election won for term 1
I1002 04:41:18.810590 5443 raft_consensus.cc:545] T c0eddb34a5ea4915bf205b5758f83229 P 597b40feaf764146b090bcec219d8ec9 [term 1 LEADER]: Becoming Leader. State: Replica: 597b40feaf764146b090bcec219d8ec9, State: Running, Role: LEADER
I1002 04:41:18.810724 5440 ts_tablet_manager.cc:931] T c0eddb34a5ea4915bf205b5758f83229 P 597b40feaf764146b090bcec219d8ec9: Time spent starting tablet: real 0.009s user 0.008s sys 0.000s
I1002 04:41:18.810883 5443 consensus_queue.cc:169] T c0eddb34a5ea4915bf205b5758f83229 P 597b40feaf764146b090bcec219d8ec9 [LEADER]: Queue going to LEADER mode. State: All replicated index: 0, Majority replicated index: 0, Committed index: 0, Last appended: 0.0, Last appended by leader: 0, Current term: 1, Majority size: 1, State: 0, Mode: LEADER, active raft config: opid_index: -1 OBSOLETE_local: true peers { permanent_uuid: "597b40feaf764146b090bcec219d8ec9" member_type: VOTER last_known_addr { host: "127.7.153.1" port: 54411 } }
I1002 04:41:18.812492 5440 ts_tablet_manager.cc:878] T 8b3dacff5a0e47b58aa038290e5120a3 P 597b40feaf764146b090bcec219d8ec9: Bootstrapping tablet
I1002 04:41:18.812806 5440 tablet_bootstrap.cc:432] T 8b3dacff5a0e47b58aa038290e5120a3 P 597b40feaf764146b090bcec219d8ec9: Bootstrap starting.
I1002 04:41:18.813961 5322 catalog_manager.cc:2510] T c0eddb34a5ea4915bf205b5758f83229 P 597b40feaf764146b090bcec219d8ec9 reported cstate change: term changed from 0 to 1, leader changed from to 597b40feaf764146b090bcec219d8ec9 (127.7.153.1). New cstate: current_term: 1 leader_uuid: "597b40feaf764146b090bcec219d8ec9" committed_config { opid_index: -1 OBSOLETE_local: true peers { permanent_uuid: "597b40feaf764146b090bcec219d8ec9" member_type: VOTER last_known_addr { host: "127.7.153.1" port: 54411 } } }
I1002 04:41:18.815209 5440 tablet_bootstrap.cc:567] T 8b3dacff5a0e47b58aa038290e5120a3 P 597b40feaf764146b090bcec219d8ec9: No blocks or log segments found. Creating new log.
I1002 04:41:18.819445 5440 tablet_bootstrap.cc:432] T 8b3dacff5a0e47b58aa038290e5120a3 P 597b40feaf764146b090bcec219d8ec9: No bootstrap required, opened a new log
I1002 04:41:18.819773 5440 ts_tablet_manager.cc:903] T 8b3dacff5a0e47b58aa038290e5120a3 P 597b40feaf764146b090bcec219d8ec9: Time spent bootstrapping tablet: real 0.007s user 0.008s sys 0.000s
I1002 04:41:18.821208 5440 raft_consensus.cc:286] T 8b3dacff5a0e47b58aa038290e5120a3 P 597b40feaf764146b090bcec219d8ec9 [term 0 FOLLOWER]: Replica starting. Triggering 0 pending transactions. Active config: opid_index: -1 OBSOLETE_local: true peers { permanent_uuid: "597b40feaf764146b090bcec219d8ec9" member_type: VOTER last_known_addr { host: "127.7.153.1" port: 54411 } }
I1002 04:41:18.821518 5440 raft_consensus.cc:312] T 8b3dacff5a0e47b58aa038290e5120a3 P 597b40feaf764146b090bcec219d8ec9 [term 0 FOLLOWER]: Consensus starting up: Expiring failure detector timer to make a prompt election more likely
I1002 04:41:18.821702 5440 raft_consensus.cc:578] T 8b3dacff5a0e47b58aa038290e5120a3 P 597b40feaf764146b090bcec219d8ec9 [term 0 FOLLOWER]: Becoming Follower/Learner. State: Replica: 597b40feaf764146b090bcec219d8ec9, State: Initialized, Role: FOLLOWER
I1002 04:41:18.821939 5440 consensus_queue.cc:190] T 8b3dacff5a0e47b58aa038290e5120a3 P 597b40feaf764146b090bcec219d8ec9 [NON_LEADER]: Queue going to NON_LEADER mode. State: All replicated index: 0, Majority replicated index: 0, Committed index: 0, Last appended: 0.0, Last appended by leader: 0, Current term: 0, Majority size: -1, State: 0, Mode: NON_LEADER
I1002 04:41:18.822145 5440 raft_consensus.cc:327] T 8b3dacff5a0e47b58aa038290e5120a3 P 597b40feaf764146b090bcec219d8ec9 [term 0 FOLLOWER]: Only one voter in the Raft config. Triggering election immediately
I1002 04:41:18.822309 5440 raft_consensus.cc:411] T 8b3dacff5a0e47b58aa038290e5120a3 P 597b40feaf764146b090bcec219d8ec9 [term 0 FOLLOWER]: Starting leader election (initial election of a single-replica configuration)
I1002 04:41:18.822450 5440 raft_consensus.cc:2457] T 8b3dacff5a0e47b58aa038290e5120a3 P 597b40feaf764146b090bcec219d8ec9: Snoozing failure detection for 1.972s (starting election)
I1002 04:41:18.822582 5440 raft_consensus.cc:2509] T 8b3dacff5a0e47b58aa038290e5120a3 P 597b40feaf764146b090bcec219d8ec9 [term 0 FOLLOWER]: Advancing to term 1
I1002 04:41:18.826735 5440 raft_consensus.cc:433] T 8b3dacff5a0e47b58aa038290e5120a3 P 597b40feaf764146b090bcec219d8ec9 [term 1 FOLLOWER]: Starting leader election with config: opid_index: -1 OBSOLETE_local: true peers { permanent_uuid: "597b40feaf764146b090bcec219d8ec9" member_type: VOTER last_known_addr { host: "127.7.153.1" port: 54411 } }
I1002 04:41:18.827111 5440 leader_election.cc:248] T 8b3dacff5a0e47b58aa038290e5120a3 P 597b40feaf764146b090bcec219d8ec9 [CANDIDATE]: Term 1 election: Election decided. Result: candidate won.
I1002 04:41:18.827474 5444 raft_consensus.cc:2457] T 8b3dacff5a0e47b58aa038290e5120a3 P 597b40feaf764146b090bcec219d8ec9: Snoozing failure detection for 2.228s (election complete)
I1002 04:41:18.827778 5444 raft_consensus.cc:2281] T 8b3dacff5a0e47b58aa038290e5120a3 P 597b40feaf764146b090bcec219d8ec9 [term 1 FOLLOWER]: Leader election won for term 1
I1002 04:41:18.828121 5444 raft_consensus.cc:545] T 8b3dacff5a0e47b58aa038290e5120a3 P 597b40feaf764146b090bcec219d8ec9 [term 1 LEADER]: Becoming Leader. State: Replica: 597b40feaf764146b090bcec219d8ec9, State: Running, Role: LEADER
I1002 04:41:18.828480 5440 ts_tablet_manager.cc:931] T 8b3dacff5a0e47b58aa038290e5120a3 P 597b40feaf764146b090bcec219d8ec9: Time spent starting tablet: real 0.009s user 0.008s sys 0.000s
I1002 04:41:18.828428 5444 consensus_queue.cc:169] T 8b3dacff5a0e47b58aa038290e5120a3 P 597b40feaf764146b090bcec219d8ec9 [LEADER]: Queue going to LEADER mode. State: All replicated index: 0, Majority replicated index: 0, Committed index: 0, Last appended: 0.0, Last appended by leader: 0, Current term: 1, Majority size: 1, State: 0, Mode: LEADER, active raft config: opid_index: -1 OBSOLETE_local: true peers { permanent_uuid: "597b40feaf764146b090bcec219d8ec9" member_type: VOTER last_known_addr { host: "127.7.153.1" port: 54411 } }
I1002 04:41:18.831661 5322 catalog_manager.cc:2510] T 8b3dacff5a0e47b58aa038290e5120a3 P 597b40feaf764146b090bcec219d8ec9 reported cstate change: term changed from 0 to 1, leader changed from to 597b40feaf764146b090bcec219d8ec9 (127.7.153.1). New cstate: current_term: 1 leader_uuid: "597b40feaf764146b090bcec219d8ec9" committed_config { opid_index: -1 OBSOLETE_local: true peers { permanent_uuid: "597b40feaf764146b090bcec219d8ec9" member_type: VOTER last_known_addr { host: "127.7.153.1" port: 54411 } } }
I1002 04:41:18.851708 5322 catalog_manager.cc:1875] Servicing AlterTable request from {username='slave'} at 127.0.0.1:48054: table { table_name: "split-table" } alter_schema_steps { type: ADD_COLUMN add_column { schema { name: "new_col0" type: INT32 is_nullable: false read_default_value: "\n\000\000\000" encoding: AUTO_ENCODING compression: DEFAULT_COMPRESSION cfile_block_size: 0 } } }
I1002 04:41:18.866093 5321 catalog_manager.cc:1875] Servicing AlterTable request from {username='slave'} at 127.0.0.1:48054: table { table_name: "split-table" } alter_schema_steps { type: ADD_COLUMN add_column { schema { name: "new_col1" type: INT32 is_nullable: false read_default_value: "\n\000\000\000" encoding: AUTO_ENCODING compression: DEFAULT_COMPRESSION cfile_block_size: 0 } } }
I1002 04:41:18.876967 5321 catalog_manager.cc:1875] Servicing AlterTable request from {username='slave'} at 127.0.0.1:48054: table { table_name: "split-table" } alter_schema_steps { type: ADD_COLUMN add_column { schema { name: "new_col2" type: INT32 is_nullable: false read_default_value: "\n\000\000\000" encoding: AUTO_ENCODING compression: DEFAULT_COMPRESSION cfile_block_size: 0 } } }
I1002 04:41:18.899334 5474 tablet.cc:1113] T 504b0493b9f04c9f8bb1a04ec498b6d9 P 597b40feaf764146b090bcec219d8ec9: Alter schema from Schema [ 10:c0[int32 NOT NULL], 11:c1[int32 NOT NULL] ] version 0 to Schema [ 10:c0[int32 NOT NULL], 11:c1[int32 NOT NULL], 12:new_col0[int32 NOT NULL] ] version 1
I1002 04:41:18.900363 5474 tablet.cc:1056] T 504b0493b9f04c9f8bb1a04ec498b6d9 P 597b40feaf764146b090bcec219d8ec9: MemRowSet was empty: no flush needed.
I1002 04:41:18.904824 5322 catalog_manager.cc:1875] Servicing AlterTable request from {username='slave'} at 127.0.0.1:48054: table { table_name: "split-table" } alter_schema_steps { type: ADD_COLUMN add_column { schema { name: "new_col3" type: INT32 is_nullable: false read_default_value: "\n\000\000\000" encoding: AUTO_ENCODING compression: DEFAULT_COMPRESSION cfile_block_size: 0 } } }
I1002 04:41:18.907836 5320 catalog_manager.cc:2397] TS 597b40feaf764146b090bcec219d8ec9 (127.7.153.1:54411) does not have the latest schema for tablet 504b0493b9f04c9f8bb1a04ec498b6d9 (table split-table [id=b5e2b7a33c8e4dfa8c267cc006076d8c]). Expected version 3 got 1
I1002 04:41:18.921984 5322 catalog_manager.cc:1875] Servicing AlterTable request from {username='slave'} at 127.0.0.1:48054: table { table_name: "split-table" } alter_schema_steps { type: ADD_COLUMN add_column { schema { name: "new_col4" type: INT32 is_nullable: false read_default_value: "\n\000\000\000" encoding: AUTO_ENCODING compression: DEFAULT_COMPRESSION cfile_block_size: 0 } } }
I1002 04:41:18.953727 5321 catalog_manager.cc:1875] Servicing AlterTable request from {username='slave'} at 127.0.0.1:48054: table { table_name: "split-table" } alter_schema_steps { type: ADD_COLUMN add_column { schema { name: "new_col5" type: INT32 is_nullable: false read_default_value: "\n\000\000\000" encoding: AUTO_ENCODING compression: DEFAULT_COMPRESSION cfile_block_size: 0 } } }
I1002 04:41:18.987627 5477 tablet.cc:1113] T a6c4c4e3fca64759a189f86545185cb4 P 597b40feaf764146b090bcec219d8ec9: Alter schema from Schema [ 10:c0[int32 NOT NULL], 11:c1[int32 NOT NULL] ] version 0 to Schema [ 10:c0[int32 NOT NULL], 11:c1[int32 NOT NULL], 12:new_col0[int32 NOT NULL] ] version 1
I1002 04:41:18.988209 5474 tablet.cc:1113] T f3fb5e589daa4528ace1ec2417533928 P 597b40feaf764146b090bcec219d8ec9: Alter schema from Schema [ 10:c0[int32 NOT NULL], 11:c1[int32 NOT NULL] ] version 0 to Schema [ 10:c0[int32 NOT NULL], 11:c1[int32 NOT NULL], 12:new_col0[int32 NOT NULL] ] version 1
I1002 04:41:18.990655 5479 tablet.cc:1113] T 94097c16487a41e7b08899815b0800c8 P 597b40feaf764146b090bcec219d8ec9: Alter schema from Schema [ 10:c0[int32 NOT NULL], 11:c1[int32 NOT NULL] ] version 0 to Schema [ 10:c0[int32 NOT NULL], 11:c1[int32 NOT NULL], 12:new_col0[int32 NOT NULL] ] version 1
I1002 04:41:18.991138 5474 tablet.cc:1056] T f3fb5e589daa4528ace1ec2417533928 P 597b40feaf764146b090bcec219d8ec9: MemRowSet was empty: no flush needed.
I1002 04:41:18.991533 5479 tablet.cc:1056] T 94097c16487a41e7b08899815b0800c8 P 597b40feaf764146b090bcec219d8ec9: MemRowSet was empty: no flush needed.
I1002 04:41:18.989936 5477 tablet.cc:1056] T a6c4c4e3fca64759a189f86545185cb4 P 597b40feaf764146b090bcec219d8ec9: MemRowSet was empty: no flush needed.
I1002 04:41:18.987821 5322 catalog_manager.cc:1875] Servicing AlterTable request from {username='slave'} at 127.0.0.1:48054: table { table_name: "split-table" } alter_schema_steps { type: ADD_COLUMN add_column { schema { name: "new_col6" type: INT32 is_nullable: false read_default_value: "\n\000\000\000" encoding: AUTO_ENCODING compression: DEFAULT_COMPRESSION cfile_block_size: 0 } } }
I1002 04:41:19.001116 5321 catalog_manager.cc:2397] TS 597b40feaf764146b090bcec219d8ec9 (127.7.153.1:54411) does not have the latest schema for tablet 94097c16487a41e7b08899815b0800c8 (table split-table [id=b5e2b7a33c8e4dfa8c267cc006076d8c]). Expected version 6 got 1
I1002 04:41:19.007055 5480 tablet.cc:1113] T c2abb54fb2c04ceda64f9d91646e6b8b P 597b40feaf764146b090bcec219d8ec9: Alter schema from Schema [ 10:c0[int32 NOT NULL], 11:c1[int32 NOT NULL] ] version 0 to Schema [ 10:c0[int32 NOT NULL], 11:c1[int32 NOT NULL], 12:new_col0[int32 NOT NULL] ] version 1
I1002 04:41:19.007552 5474 tablet.cc:1113] T b2a2a64ef3554db9bbbd08818084cc8c P 597b40feaf764146b090bcec219d8ec9: Alter schema from Schema [ 10:c0[int32 NOT NULL], 11:c1[int32 NOT NULL] ] version 0 to Schema [ 10:c0[int32 NOT NULL], 11:c1[int32 NOT NULL], 12:new_col0[int32 NOT NULL] ] version 1
I1002 04:41:19.011554 5480 tablet.cc:1056] T c2abb54fb2c04ceda64f9d91646e6b8b P 597b40feaf764146b090bcec219d8ec9: MemRowSet was empty: no flush needed.
I1002 04:41:19.012140 5474 tablet.cc:1056] T b2a2a64ef3554db9bbbd08818084cc8c P 597b40feaf764146b090bcec219d8ec9: MemRowSet was empty: no flush needed.
I1002 04:41:19.012593 5321 catalog_manager.cc:2397] TS 597b40feaf764146b090bcec219d8ec9 (127.7.153.1:54411) does not have the latest schema for tablet a6c4c4e3fca64759a189f86545185cb4 (table split-table [id=b5e2b7a33c8e4dfa8c267cc006076d8c]). Expected version 6 got 1
I1002 04:41:19.016721 5321 catalog_manager.cc:2397] TS 597b40feaf764146b090bcec219d8ec9 (127.7.153.1:54411) does not have the latest schema for tablet f3fb5e589daa4528ace1ec2417533928 (table split-table [id=b5e2b7a33c8e4dfa8c267cc006076d8c]). Expected version 6 got 1
I1002 04:41:19.032515 5322 catalog_manager.cc:1875] Servicing AlterTable request from {username='slave'} at 127.0.0.1:48054: table { table_name: "split-table" } alter_schema_steps { type: ADD_COLUMN add_column { schema { name: "new_col7" type: INT32 is_nullable: false read_default_value: "\n\000\000\000" encoding: AUTO_ENCODING compression: DEFAULT_COMPRESSION cfile_block_size: 0 } } }
I1002 04:41:19.040062 5320 catalog_manager.cc:2397] TS 597b40feaf764146b090bcec219d8ec9 (127.7.153.1:54411) does not have the latest schema for tablet b2a2a64ef3554db9bbbd08818084cc8c (table split-table [id=b5e2b7a33c8e4dfa8c267cc006076d8c]). Expected version 8 got 1
I1002 04:41:19.042078 5320 catalog_manager.cc:2397] TS 597b40feaf764146b090bcec219d8ec9 (127.7.153.1:54411) does not have the latest schema for tablet c2abb54fb2c04ceda64f9d91646e6b8b (table split-table [id=b5e2b7a33c8e4dfa8c267cc006076d8c]). Expected version 8 got 1
I1002 04:41:19.048110 5477 tablet.cc:1113] T 504b0493b9f04c9f8bb1a04ec498b6d9 P 597b40feaf764146b090bcec219d8ec9: Alter schema from Schema [ 10:c0[int32 NOT NULL], 11:c1[int32 NOT NULL], 12:new_col0[int32 NOT NULL] ] version 1 to Schema [ 10:c0[int32 NOT NULL], 11:c1[int32 NOT NULL], 12:new_col0[int32 NOT NULL], 13:new_col1[int32 NOT NULL], 14:new_col2[int32 NOT NULL] ] version 3
I1002 04:41:19.048377 5479 tablet.cc:1113] T f7adba9e4cfd45bf9ed6895b65de8db1 P 597b40feaf764146b090bcec219d8ec9: Alter schema from Schema [ 10:c0[int32 NOT NULL], 11:c1[int32 NOT NULL] ] version 0 to Schema [ 10:c0[int32 NOT NULL], 11:c1[int32 NOT NULL], 12:new_col0[int32 NOT NULL] ] version 1
I1002 04:41:19.049753 5479 tablet.cc:1056] T f7adba9e4cfd45bf9ed6895b65de8db1 P 597b40feaf764146b090bcec219d8ec9: MemRowSet was empty: no flush needed.
I1002 04:41:19.050118 5480 tablet.cc:1113] T 2d19d6639a314ff0a6b3fc14f6acee65 P 597b40feaf764146b090bcec219d8ec9: Alter schema from Schema [ 10:c0[int32 NOT NULL], 11:c1[int32 NOT NULL] ] version 0 to Schema [ 10:c0[int32 NOT NULL], 11:c1[int32 NOT NULL], 12:new_col0[int32 NOT NULL] ] version 1
I1002 04:41:19.050694 5477 tablet.cc:1056] T 504b0493b9f04c9f8bb1a04ec498b6d9 P 597b40feaf764146b090bcec219d8ec9: MemRowSet was empty: no flush needed.
I1002 04:41:19.057008 5479 tablet.cc:1113] T c0eddb34a5ea4915bf205b5758f83229 P 597b40feaf764146b090bcec219d8ec9: Alter schema from Schema [ 10:c0[int32 NOT NULL], 11:c1[int32 NOT NULL] ] version 0 to Schema [ 10:c0[int32 NOT NULL], 11:c1[int32 NOT NULL], 12:new_col0[int32 NOT NULL] ] version 1
I1002 04:41:19.057796 5479 tablet.cc:1056] T c0eddb34a5ea4915bf205b5758f83229 P 597b40feaf764146b090bcec219d8ec9: MemRowSet was empty: no flush needed.
I1002 04:41:19.060724 5321 catalog_manager.cc:2397] TS 597b40feaf764146b090bcec219d8ec9 (127.7.153.1:54411) does not have the latest schema for tablet f7adba9e4cfd45bf9ed6895b65de8db1 (table split-table [id=b5e2b7a33c8e4dfa8c267cc006076d8c]). Expected version 8 got 1
I1002 04:41:19.063371 5479 tablet.cc:1113] T 94097c16487a41e7b08899815b0800c8 P 597b40feaf764146b090bcec219d8ec9: Alter schema from Schema [ 10:c0[int32 NOT NULL], 11:c1[int32 NOT NULL], 12:new_col0[int32 NOT NULL] ] version 1 to Schema [ 10:c0[int32 NOT NULL], 11:c1[int32 NOT NULL], 12:new_col0[int32 NOT NULL], 13:new_col1[int32 NOT NULL] ] version 2
I1002 04:41:19.063669 5477 tablet.cc:1113] T f3fb5e589daa4528ace1ec2417533928 P 597b40feaf764146b090bcec219d8ec9: Alter schema from Schema [ 10:c0[int32 NOT NULL], 11:c1[int32 NOT NULL], 12:new_col0[int32 NOT NULL] ] version 1 to Schema [ 10:c0[int32 NOT NULL], 11:c1[int32 NOT NULL], 12:new_col0[int32 NOT NULL], 13:new_col1[int32 NOT NULL] ] version 2
I1002 04:41:19.064246 5479 tablet.cc:1056] T 94097c16487a41e7b08899815b0800c8 P 597b40feaf764146b090bcec219d8ec9: MemRowSet was empty: no flush needed.
I1002 04:41:19.064690 5477 tablet.cc:1056] T f3fb5e589daa4528ace1ec2417533928 P 597b40feaf764146b090bcec219d8ec9: MemRowSet was empty: no flush needed.
I1002 04:41:19.067212 5321 catalog_manager.cc:2397] TS 597b40feaf764146b090bcec219d8ec9 (127.7.153.1:54411) does not have the latest schema for tablet 504b0493b9f04c9f8bb1a04ec498b6d9 (table split-table [id=b5e2b7a33c8e4dfa8c267cc006076d8c]). Expected version 8 got 3
I1002 04:41:19.068599 5480 tablet.cc:1056] T 2d19d6639a314ff0a6b3fc14f6acee65 P 597b40feaf764146b090bcec219d8ec9: MemRowSet was empty: no flush needed.
I1002 04:41:19.052306 5474 tablet.cc:1113] T 8b3dacff5a0e47b58aa038290e5120a3 P 597b40feaf764146b090bcec219d8ec9: Alter schema from Schema [ 10:c0[int32 NOT NULL], 11:c1[int32 NOT NULL] ] version 0 to Schema [ 10:c0[int32 NOT NULL], 11:c1[int32 NOT NULL], 12:new_col0[int32 NOT NULL] ] version 1
I1002 04:41:19.069775 5474 tablet.cc:1056] T 8b3dacff5a0e47b58aa038290e5120a3 P 597b40feaf764146b090bcec219d8ec9: MemRowSet was empty: no flush needed.
I1002 04:41:19.070858 5479 tablet.cc:1113] T a6c4c4e3fca64759a189f86545185cb4 P 597b40feaf764146b090bcec219d8ec9: Alter schema from Schema [ 10:c0[int32 NOT NULL], 11:c1[int32 NOT NULL], 12:new_col0[int32 NOT NULL] ] version 1 to Schema [ 10:c0[int32 NOT NULL], 11:c1[int32 NOT NULL], 12:new_col0[int32 NOT NULL], 13:new_col1[int32 NOT NULL], 14:new_col2[int32 NOT NULL] ] version 3
I1002 04:41:19.071915 5479 tablet.cc:1056] T a6c4c4e3fca64759a189f86545185cb4 P 597b40feaf764146b090bcec219d8ec9: MemRowSet was empty: no flush needed.
I1002 04:41:19.072113 5321 catalog_manager.cc:2397] TS 597b40feaf764146b090bcec219d8ec9 (127.7.153.1:54411) does not have the latest schema for tablet c0eddb34a5ea4915bf205b5758f83229 (table split-table [id=b5e2b7a33c8e4dfa8c267cc006076d8c]). Expected version 8 got 1
I1002 04:41:19.076758 5321 catalog_manager.cc:2397] TS 597b40feaf764146b090bcec219d8ec9 (127.7.153.1:54411) does not have the latest schema for tablet 94097c16487a41e7b08899815b0800c8 (table split-table [id=b5e2b7a33c8e4dfa8c267cc006076d8c]). Expected version 8 got 2
I1002 04:41:19.097120 5474 tablet.cc:1113] T c2abb54fb2c04ceda64f9d91646e6b8b P 597b40feaf764146b090bcec219d8ec9: Alter schema from Schema [ 10:c0[int32 NOT NULL], 11:c1[int32 NOT NULL], 12:new_col0[int32 NOT NULL] ] version 1 to Schema [ 10:c0[int32 NOT NULL], 11:c1[int32 NOT NULL], 12:new_col0[int32 NOT NULL], 13:new_col1[int32 NOT NULL] ] version 2
I1002 04:41:19.097353 5480 tablet.cc:1113] T b2a2a64ef3554db9bbbd08818084cc8c P 597b40feaf764146b090bcec219d8ec9: Alter schema from Schema [ 10:c0[int32 NOT NULL], 11:c1[int32 NOT NULL], 12:new_col0[int32 NOT NULL] ] version 1 to Schema [ 10:c0[int32 NOT NULL], 11:c1[int32 NOT NULL], 12:new_col0[int32 NOT NULL], 13:new_col1[int32 NOT NULL] ] version 2
I1002 04:41:19.096565 5321 catalog_manager.cc:2397] TS 597b40feaf764146b090bcec219d8ec9 (127.7.153.1:54411) does not have the latest schema for tablet 8b3dacff5a0e47b58aa038290e5120a3 (table split-table [id=b5e2b7a33c8e4dfa8c267cc006076d8c]). Expected version 8 got 1
I1002 04:41:19.098098 5474 tablet.cc:1056] T c2abb54fb2c04ceda64f9d91646e6b8b P 597b40feaf764146b090bcec219d8ec9: MemRowSet was empty: no flush needed.
I1002 04:41:19.098284 5480 tablet.cc:1056] T b2a2a64ef3554db9bbbd08818084cc8c P 597b40feaf764146b090bcec219d8ec9: MemRowSet was empty: no flush needed.
I1002 04:41:19.100258 5477 tablet.cc:1113] T f7adba9e4cfd45bf9ed6895b65de8db1 P 597b40feaf764146b090bcec219d8ec9: Alter schema from Schema [ 10:c0[int32 NOT NULL], 11:c1[int32 NOT NULL], 12:new_col0[int32 NOT NULL] ] version 1 to Schema [ 10:c0[int32 NOT NULL], 11:c1[int32 NOT NULL], 12:new_col0[int32 NOT NULL], 13:new_col1[int32 NOT NULL], 14:new_col2[int32 NOT NULL] ] version 3
I1002 04:41:19.100592 5479 tablet.cc:1108] T 504b0493b9f04c9f8bb1a04ec498b6d9 P 597b40feaf764146b090bcec219d8ec9: Already running schema version 3 got alter request for version 2
I1002 04:41:19.101809 5321 catalog_manager.cc:2397] TS 597b40feaf764146b090bcec219d8ec9 (127.7.153.1:54411) does not have the latest schema for tablet f3fb5e589daa4528ace1ec2417533928 (table split-table [id=b5e2b7a33c8e4dfa8c267cc006076d8c]). Expected version 8 got 2
I1002 04:41:19.102274 5479 tablet.cc:1113] T c0eddb34a5ea4915bf205b5758f83229 P 597b40feaf764146b090bcec219d8ec9: Alter schema from Schema [ 10:c0[int32 NOT NULL], 11:c1[int32 NOT NULL], 12:new_col0[int32 NOT NULL] ] version 1 to Schema [ 10:c0[int32 NOT NULL], 11:c1[int32 NOT NULL], 12:new_col0[int32 NOT NULL], 13:new_col1[int32 NOT NULL], 14:new_col2[int32 NOT NULL] ] version 3
I1002 04:41:19.105831 5321 catalog_manager.cc:2397] TS 597b40feaf764146b090bcec219d8ec9 (127.7.153.1:54411) does not have the latest schema for tablet a6c4c4e3fca64759a189f86545185cb4 (table split-table [id=b5e2b7a33c8e4dfa8c267cc006076d8c]). Expected version 8 got 3
I1002 04:41:19.111048 5474 tablet.cc:1113] T 94097c16487a41e7b08899815b0800c8 P 597b40feaf764146b090bcec219d8ec9: Alter schema from Schema [ 10:c0[int32 NOT NULL], 11:c1[int32 NOT NULL], 12:new_col0[int32 NOT NULL], 13:new_col1[int32 NOT NULL] ] version 2 to Schema [ 10:c0[int32 NOT NULL], 11:c1[int32 NOT NULL], 12:new_col0[int32 NOT NULL], 13:new_col1[int32 NOT NULL], 14:new_col2[int32 NOT NULL], 15:new_col3[int32 NOT NULL] ] version 4
I1002 04:41:19.112938 5320 catalog_manager.cc:2397] TS 597b40feaf764146b090bcec219d8ec9 (127.7.153.1:54411) does not have the latest schema for tablet 2d19d6639a314ff0a6b3fc14f6acee65 (table split-table [id=b5e2b7a33c8e4dfa8c267cc006076d8c]). Expected version 8 got 1
I1002 04:41:19.114202 5320 catalog_manager.cc:2397] TS 597b40feaf764146b090bcec219d8ec9 (127.7.153.1:54411) does not have the latest schema for tablet 504b0493b9f04c9f8bb1a04ec498b6d9 (table split-table [id=b5e2b7a33c8e4dfa8c267cc006076d8c]). Expected version 8 got 3
I1002 04:41:19.115336 5320 catalog_manager.cc:2397] TS 597b40feaf764146b090bcec219d8ec9 (127.7.153.1:54411) does not have the latest schema for tablet c2abb54fb2c04ceda64f9d91646e6b8b (table split-table [id=b5e2b7a33c8e4dfa8c267cc006076d8c]). Expected version 8 got 2
I1002 04:41:19.123420 5320 catalog_manager.cc:2397] TS 597b40feaf764146b090bcec219d8ec9 (127.7.153.1:54411) does not have the latest schema for tablet b2a2a64ef3554db9bbbd08818084cc8c (table split-table [id=b5e2b7a33c8e4dfa8c267cc006076d8c]). Expected version 8 got 2
I1002 04:41:19.127291 5479 tablet.cc:1056] T c0eddb34a5ea4915bf205b5758f83229 P 597b40feaf764146b090bcec219d8ec9: MemRowSet was empty: no flush needed.
I1002 04:41:19.099738 5322 catalog_manager.cc:1875] Servicing AlterTable request from {username='slave'} at 127.0.0.1:48054: table { table_name: "split-table" } alter_schema_steps { type: ADD_COLUMN add_column { schema { name: "new_col8" type: INT32 is_nullable: false read_default_value: "\n\000\000\000" encoding: AUTO_ENCODING compression: DEFAULT_COMPRESSION cfile_block_size: 0 } } }
I1002 04:41:19.127635 5477 tablet.cc:1056] T f7adba9e4cfd45bf9ed6895b65de8db1 P 597b40feaf764146b090bcec219d8ec9: MemRowSet was empty: no flush needed.
I1002 04:41:19.127298 5474 tablet.cc:1056] T 94097c16487a41e7b08899815b0800c8 P 597b40feaf764146b090bcec219d8ec9: MemRowSet was empty: no flush needed.
I1002 04:41:19.135901 5477 tablet.cc:1108] T a6c4c4e3fca64759a189f86545185cb4 P 597b40feaf764146b090bcec219d8ec9: Already running schema version 3 got alter request for version 2
I1002 04:41:19.137220 5320 catalog_manager.cc:2397] TS 597b40feaf764146b090bcec219d8ec9 (127.7.153.1:54411) does not have the latest schema for tablet c0eddb34a5ea4915bf205b5758f83229 (table split-table [id=b5e2b7a33c8e4dfa8c267cc006076d8c]). Expected version 8 got 3
I1002 04:41:19.137748 5477 tablet.cc:1113] T 8b3dacff5a0e47b58aa038290e5120a3 P 597b40feaf764146b090bcec219d8ec9: Alter schema from Schema [ 10:c0[int32 NOT NULL], 11:c1[int32 NOT NULL], 12:new_col0[int32 NOT NULL] ] version 1 to Schema [ 10:c0[int32 NOT NULL], 11:c1[int32 NOT NULL], 12:new_col0[int32 NOT NULL], 13:new_col1[int32 NOT NULL], 14:new_col2[int32 NOT NULL] ] version 3
I1002 04:41:19.138659 5477 tablet.cc:1056] T 8b3dacff5a0e47b58aa038290e5120a3 P 597b40feaf764146b090bcec219d8ec9: MemRowSet was empty: no flush needed.
I1002 04:41:19.142331 5480 tablet.cc:1113] T 2d19d6639a314ff0a6b3fc14f6acee65 P 597b40feaf764146b090bcec219d8ec9: Alter schema from Schema [ 10:c0[int32 NOT NULL], 11:c1[int32 NOT NULL], 12:new_col0[int32 NOT NULL] ] version 1 to Schema [ 10:c0[int32 NOT NULL], 11:c1[int32 NOT NULL], 12:new_col0[int32 NOT NULL], 13:new_col1[int32 NOT NULL] ] version 2
I1002 04:41:19.143210 5480 tablet.cc:1056] T 2d19d6639a314ff0a6b3fc14f6acee65 P 597b40feaf764146b090bcec219d8ec9: MemRowSet was empty: no flush needed.
I1002 04:41:19.144217 5320 catalog_manager.cc:2397] TS 597b40feaf764146b090bcec219d8ec9 (127.7.153.1:54411) does not have the latest schema for tablet 94097c16487a41e7b08899815b0800c8 (table split-table [id=b5e2b7a33c8e4dfa8c267cc006076d8c]). Expected version 8 got 4
I1002 04:41:19.145500 5320 catalog_manager.cc:2397] TS 597b40feaf764146b090bcec219d8ec9 (127.7.153.1:54411) does not have the latest schema for tablet a6c4c4e3fca64759a189f86545185cb4 (table split-table [id=b5e2b7a33c8e4dfa8c267cc006076d8c]). Expected version 8 got 3
I1002 04:41:19.145299 5479 tablet.cc:1113] T f3fb5e589daa4528ace1ec2417533928 P 597b40feaf764146b090bcec219d8ec9: Alter schema from Schema [ 10:c0[int32 NOT NULL], 11:c1[int32 NOT NULL], 12:new_col0[int32 NOT NULL], 13:new_col1[int32 NOT NULL] ] version 2 to Schema [ 10:c0[int32 NOT NULL], 11:c1[int32 NOT NULL], 12:new_col0[int32 NOT NULL], 13:new_col1[int32 NOT NULL], 14:new_col2[int32 NOT NULL], 15:new_col3[int32 NOT NULL] ] version 4
I1002 04:41:19.146292 5479 tablet.cc:1056] T f3fb5e589daa4528ace1ec2417533928 P 597b40feaf764146b090bcec219d8ec9: MemRowSet was empty: no flush needed.
I1002 04:41:19.147799 5320 catalog_manager.cc:2397] TS 597b40feaf764146b090bcec219d8ec9 (127.7.153.1:54411) does not have the latest schema for tablet f7adba9e4cfd45bf9ed6895b65de8db1 (table split-table [id=b5e2b7a33c8e4dfa8c267cc006076d8c]). Expected version 8 got 3
I1002 04:41:19.153252 5474 tablet.cc:1108] T 504b0493b9f04c9f8bb1a04ec498b6d9 P 597b40feaf764146b090bcec219d8ec9: Already running schema version 3 got alter request for version 3
I1002 04:41:19.165985 5480 tablet.cc:1113] T c2abb54fb2c04ceda64f9d91646e6b8b P 597b40feaf764146b090bcec219d8ec9: Alter schema from Schema [ 10:c0[int32 NOT NULL], 11:c1[int32 NOT NULL], 12:new_col0[int32 NOT NULL], 13:new_col1[int32 NOT NULL] ] version 2 to Schema [ 10:c0[int32 NOT NULL], 11:c1[int32 NOT NULL], 12:new_col0[int32 NOT NULL], 13:new_col1[int32 NOT NULL], 14:new_col2[int32 NOT NULL] ] version 3
I1002 04:41:19.167006 5480 tablet.cc:1056] T c2abb54fb2c04ceda64f9d91646e6b8b P 597b40feaf764146b090bcec219d8ec9: MemRowSet was empty: no flush needed.
I1002 04:41:19.166980 5474 tablet.cc:1108] T f7adba9e4cfd45bf9ed6895b65de8db1 P 597b40feaf764146b090bcec219d8ec9: Already running schema version 3 got alter request for version 2
I1002 04:41:19.171175 5477 tablet.cc:1113] T a6c4c4e3fca64759a189f86545185cb4 P 597b40feaf764146b090bcec219d8ec9: Alter schema from Schema [ 10:c0[int32 NOT NULL], 11:c1[int32 NOT NULL], 12:new_col0[int32 NOT NULL], 13:new_col1[int32 NOT NULL], 14:new_col2[int32 NOT NULL] ] version 3 to Schema [ 10:c0[int32 NOT NULL], 11:c1[int32 NOT NULL], 12:new_col0[int32 NOT NULL], 13:new_col1[int32 NOT NULL], 14:new_col2[int32 NOT NULL], 15:new_col3[int32 NOT NULL] ] version 4
I1002 04:41:19.172238 5477 tablet.cc:1056] T a6c4c4e3fca64759a189f86545185cb4 P 597b40feaf764146b090bcec219d8ec9: MemRowSet was empty: no flush needed.
I1002 04:41:19.183018 5321 catalog_manager.cc:1875] Servicing AlterTable request from {username='slave'} at 127.0.0.1:48054: table { table_name: "split-table" } alter_schema_steps { type: ADD_COLUMN add_column { schema { name: "new_col9" type: INT32 is_nullable: false read_default_value: "\n\000\000\000" encoding: AUTO_ENCODING compression: DEFAULT_COMPRESSION cfile_block_size: 0 } } }
I1002 04:41:19.183744 5320 catalog_manager.cc:2397] TS 597b40feaf764146b090bcec219d8ec9 (127.7.153.1:54411) does not have the latest schema for tablet 504b0493b9f04c9f8bb1a04ec498b6d9 (table split-table [id=b5e2b7a33c8e4dfa8c267cc006076d8c]). Expected version 9 got 3
I1002 04:41:19.186406 5474 tablet.cc:1113] T b2a2a64ef3554db9bbbd08818084cc8c P 597b40feaf764146b090bcec219d8ec9: Alter schema from Schema [ 10:c0[int32 NOT NULL], 11:c1[int32 NOT NULL], 12:new_col0[int32 NOT NULL], 13:new_col1[int32 NOT NULL] ] version 2 to Schema [ 10:c0[int32 NOT NULL], 11:c1[int32 NOT NULL], 12:new_col0[int32 NOT NULL], 13:new_col1[int32 NOT NULL], 14:new_col2[int32 NOT NULL] ] version 3
I1002 04:41:19.187355 5474 tablet.cc:1056] T b2a2a64ef3554db9bbbd08818084cc8c P 597b40feaf764146b090bcec219d8ec9: MemRowSet was empty: no flush needed.
I1002 04:41:19.203349 5320 catalog_manager.cc:2397] TS 597b40feaf764146b090bcec219d8ec9 (127.7.153.1:54411) does not have the latest schema for tablet c2abb54fb2c04ceda64f9d91646e6b8b (table split-table [id=b5e2b7a33c8e4dfa8c267cc006076d8c]). Expected version 10 got 3
I1002 04:41:19.199856 5479 tablet.cc:1113] T 94097c16487a41e7b08899815b0800c8 P 597b40feaf764146b090bcec219d8ec9: Alter schema from Schema [ 10:c0[int32 NOT NULL], 11:c1[int32 NOT NULL], 12:new_col0[int32 NOT NULL], 13:new_col1[int32 NOT NULL], 14:new_col2[int32 NOT NULL], 15:new_col3[int32 NOT NULL] ] version 4 to Schema [ 10:c0[int32 NOT NULL], 11:c1[int32 NOT NULL], 12:new_col0[int32 NOT NULL], 13:new_col1[int32 NOT NULL], 14:new_col2[int32 NOT NULL], 15:new_col3[int32 NOT NULL], 16:new_col4[int32 NOT NULL], 17:new_col5[int32 NOT NULL] ] version 6
I1002 04:41:19.204283 5479 tablet.cc:1056] T 94097c16487a41e7b08899815b0800c8 P 597b40feaf764146b090bcec219d8ec9: MemRowSet was empty: no flush needed.
I1002 04:41:19.204713 5320 catalog_manager.cc:2397] TS 597b40feaf764146b090bcec219d8ec9 (127.7.153.1:54411) does not have the latest schema for tablet f3fb5e589daa4528ace1ec2417533928 (table split-table [id=b5e2b7a33c8e4dfa8c267cc006076d8c]). Expected version 10 got 4
I1002 04:41:19.205956 5320 catalog_manager.cc:2397] TS 597b40feaf764146b090bcec219d8ec9 (127.7.153.1:54411) does not have the latest schema for tablet f7adba9e4cfd45bf9ed6895b65de8db1 (table split-table [id=b5e2b7a33c8e4dfa8c267cc006076d8c]). Expected version 10 got 3
I1002 04:41:19.207156 5320 catalog_manager.cc:2397] TS 597b40feaf764146b090bcec219d8ec9 (127.7.153.1:54411) does not have the latest schema for tablet a6c4c4e3fca64759a189f86545185cb4 (table split-table [id=b5e2b7a33c8e4dfa8c267cc006076d8c]). Expected version 10 got 4
I1002 04:41:19.208382 5320 catalog_manager.cc:2397] TS 597b40feaf764146b090bcec219d8ec9 (127.7.153.1:54411) does not have the latest schema for tablet 8b3dacff5a0e47b58aa038290e5120a3 (table split-table [id=b5e2b7a33c8e4dfa8c267cc006076d8c]). Expected version 10 got 3
I1002 04:41:19.213034 5320 catalog_manager.cc:2397] TS 597b40feaf764146b090bcec219d8ec9 (127.7.153.1:54411) does not have the latest schema for tablet 2d19d6639a314ff0a6b3fc14f6acee65 (table split-table [id=b5e2b7a33c8e4dfa8c267cc006076d8c]). Expected version 10 got 2
I1002 04:41:19.210263 5480 tablet.cc:1108] T 8b3dacff5a0e47b58aa038290e5120a3 P 597b40feaf764146b090bcec219d8ec9: Already running schema version 3 got alter request for version 2
I1002 04:41:19.210952 5479 tablet.cc:1113] T 504b0493b9f04c9f8bb1a04ec498b6d9 P 597b40feaf764146b090bcec219d8ec9: Alter schema from Schema [ 10:c0[int32 NOT NULL], 11:c1[int32 NOT NULL], 12:new_col0[int32 NOT NULL], 13:new_col1[int32 NOT NULL], 14:new_col2[int32 NOT NULL] ] version 3 to Schema [ 10:c0[int32 NOT NULL], 11:c1[int32 NOT NULL], 12:new_col0[int32 NOT NULL], 13:new_col1[int32 NOT NULL], 14:new_col2[int32 NOT NULL], 15:new_col3[int32 NOT NULL] ] version 4
I1002 04:41:19.216881 5479 tablet.cc:1056] T 504b0493b9f04c9f8bb1a04ec498b6d9 P 597b40feaf764146b090bcec219d8ec9: MemRowSet was empty: no flush needed.
I1002 04:41:19.213277 5474 tablet.cc:1113] T 2d19d6639a314ff0a6b3fc14f6acee65 P 597b40feaf764146b090bcec219d8ec9: Alter schema from Schema [ 10:c0[int32 NOT NULL], 11:c1[int32 NOT NULL], 12:new_col0[int32 NOT NULL], 13:new_col1[int32 NOT NULL] ] version 2 to Schema [ 10:c0[int32 NOT NULL], 11:c1[int32 NOT NULL], 12:new_col0[int32 NOT NULL], 13:new_col1[int32 NOT NULL], 14:new_col2[int32 NOT NULL], 15:new_col3[int32 NOT NULL] ] version 4
I1002 04:41:19.217269 5480 tablet.cc:1113] T f7adba9e4cfd45bf9ed6895b65de8db1 P 597b40feaf764146b090bcec219d8ec9: Alter schema from Schema [ 10:c0[int32 NOT NULL], 11:c1[int32 NOT NULL], 12:new_col0[int32 NOT NULL], 13:new_col1[int32 NOT NULL], 14:new_col2[int32 NOT NULL] ] version 3 to Schema [ 10:c0[int32 NOT NULL], 11:c1[int32 NOT NULL], 12:new_col0[int32 NOT NULL], 13:new_col1[int32 NOT NULL], 14:new_col2[int32 NOT NULL], 15:new_col3[int32 NOT NULL] ] version 4
I1002 04:41:19.200486 5477 tablet.cc:1108] T c0eddb34a5ea4915bf205b5758f83229 P 597b40feaf764146b090bcec219d8ec9: Already running schema version 3 got alter request for version 2
I1002 04:41:19.217952 5322 catalog_manager.cc:2397] TS 597b40feaf764146b090bcec219d8ec9 (127.7.153.1:54411) does not have the latest schema for tablet 8b3dacff5a0e47b58aa038290e5120a3 (table split-table [id=b5e2b7a33c8e4dfa8c267cc006076d8c]). Expected version 10 got 3
I1002 04:41:19.218317 5480 tablet.cc:1056] T f7adba9e4cfd45bf9ed6895b65de8db1 P 597b40feaf764146b090bcec219d8ec9: MemRowSet was empty: no flush needed.
I1002 04:41:19.218770 5477 tablet.cc:1113] T f3fb5e589daa4528ace1ec2417533928 P 597b40feaf764146b090bcec219d8ec9: Alter schema from Schema [ 10:c0[int32 NOT NULL], 11:c1[int32 NOT NULL], 12:new_col0[int32 NOT NULL], 13:new_col1[int32 NOT NULL], 14:new_col2[int32 NOT NULL], 15:new_col3[int32 NOT NULL] ] version 4 to Schema [ 10:c0[int32 NOT NULL], 11:c1[int32 NOT NULL], 12:new_col0[int32 NOT NULL], 13:new_col1[int32 NOT NULL], 14:new_col2[int32 NOT NULL], 15:new_col3[int32 NOT NULL], 16:new_col4[int32 NOT NULL] ] version 5
I1002 04:41:19.219267 5322 catalog_manager.cc:2397] TS 597b40feaf764146b090bcec219d8ec9 (127.7.153.1:54411) does not have the latest schema for tablet 94097c16487a41e7b08899815b0800c8 (table split-table [id=b5e2b7a33c8e4dfa8c267cc006076d8c]). Expected version 10 got 6
I1002 04:41:19.219830 5477 tablet.cc:1056] T f3fb5e589daa4528ace1ec2417533928 P 597b40feaf764146b090bcec219d8ec9: MemRowSet was empty: no flush needed.
I1002 04:41:19.220708 5474 tablet.cc:1056] T 2d19d6639a314ff0a6b3fc14f6acee65 P 597b40feaf764146b090bcec219d8ec9: MemRowSet was empty: no flush needed.
I1002 04:41:19.221089 5322 catalog_manager.cc:2397] TS 597b40feaf764146b090bcec219d8ec9 (127.7.153.1:54411) does not have the latest schema for tablet b2a2a64ef3554db9bbbd08818084cc8c (table split-table [id=b5e2b7a33c8e4dfa8c267cc006076d8c]). Expected version 10 got 3
I1002 04:41:19.245518 5321 catalog_manager.cc:2397] TS 597b40feaf764146b090bcec219d8ec9 (127.7.153.1:54411) does not have the latest schema for tablet c0eddb34a5ea4915bf205b5758f83229 (table split-table [id=b5e2b7a33c8e4dfa8c267cc006076d8c]). Expected version 10 got 3
I1002 04:41:19.259380 5321 catalog_manager.cc:2397] TS 597b40feaf764146b090bcec219d8ec9 (127.7.153.1:54411) does not have the latest schema for tablet 504b0493b9f04c9f8bb1a04ec498b6d9 (table split-table [id=b5e2b7a33c8e4dfa8c267cc006076d8c]). Expected version 10 got 4
I1002 04:41:19.252413 5480 tablet.cc:1113] T c2abb54fb2c04ceda64f9d91646e6b8b P 597b40feaf764146b090bcec219d8ec9: Alter schema from Schema [ 10:c0[int32 NOT NULL], 11:c1[int32 NOT NULL], 12:new_col0[int32 NOT NULL], 13:new_col1[int32 NOT NULL], 14:new_col2[int32 NOT NULL] ] version 3 to Schema [ 10:c0[int32 NOT NULL], 11:c1[int32 NOT NULL], 12:new_col0[int32 NOT NULL], 13:new_col1[int32 NOT NULL], 14:new_col2[int32 NOT NULL], 15:new_col3[int32 NOT NULL] ] version 4
I1002 04:41:19.261509 5480 tablet.cc:1056] T c2abb54fb2c04ceda64f9d91646e6b8b P 597b40feaf764146b090bcec219d8ec9: MemRowSet was empty: no flush needed.
I1002 04:41:19.262892 5321 catalog_manager.cc:2397] TS 597b40feaf764146b090bcec219d8ec9 (127.7.153.1:54411) does not have the latest schema for tablet f7adba9e4cfd45bf9ed6895b65de8db1 (table split-table [id=b5e2b7a33c8e4dfa8c267cc006076d8c]). Expected version 10 got 4
I1002 04:41:19.268296 5477 tablet.cc:1113] T b2a2a64ef3554db9bbbd08818084cc8c P 597b40feaf764146b090bcec219d8ec9: Alter schema from Schema [ 10:c0[int32 NOT NULL], 11:c1[int32 NOT NULL], 12:new_col0[int32 NOT NULL], 13:new_col1[int32 NOT NULL], 14:new_col2[int32 NOT NULL] ] version 3 to Schema [ 10:c0[int32 NOT NULL], 11:c1[int32 NOT NULL], 12:new_col0[int32 NOT NULL], 13:new_col1[int32 NOT NULL], 14:new_col2[int32 NOT NULL], 15:new_col3[int32 NOT NULL] ] version 4
I1002 04:41:19.269146 5477 tablet.cc:1056] T b2a2a64ef3554db9bbbd08818084cc8c P 597b40feaf764146b090bcec219d8ec9: MemRowSet was empty: no flush needed.
