I1002 04:41:19.619189 5474 tablet.cc:1056] T 504b0493b9f04c9f8bb1a04ec498b6d9 P 597b40feaf764146b090bcec219d8ec9: MemRowSet was empty: no flush needed.
I1002 04:41:19.622568 5479 tablet.cc:1108] T c0eddb34a5ea4915bf205b5758f83229 P 597b40feaf764146b090bcec219d8ec9: Already running schema version 8 got alter request for version 8
I1002 04:41:19.624179 5479 tablet.cc:1108] T a6c4c4e3fca64759a189f86545185cb4 P 597b40feaf764146b090bcec219d8ec9: Already running schema version 8 got alter request for version 8
I1002 04:41:19.625149 5474 tablet.cc:1113] T f7adba9e4cfd45bf9ed6895b65de8db1 P 597b40feaf764146b090bcec219d8ec9: Alter schema from Schema [ 10:c0[int32 NOT NULL], 11:c1[int32 NOT NULL], 12:new_col0[int32 NOT NULL], 13:new_col1[int32 NOT NULL], 14:new_col2[int32 NOT NULL], 15:new_col3[int32 NOT NULL], 16:new_col4[int32 NOT NULL], 17:new_col5[int32 NOT NULL], 18:new_col6[int32 NOT NULL], 19:new_col7[int32 NOT NULL] ] version 8 to Schema [ 10:c0[int32 NOT NULL], 11:c1[int32 NOT NULL], 12:new_col0[int32 NOT NULL], 13:new_col1[int32 NOT NULL], 14:new_col2[int32 NOT NULL], 15:new_col3[int32 NOT NULL], 16:new_col4[int32 NOT NULL], 17:new_col5[int32 NOT NULL], 18:new_col6[int32 NOT NULL], 19:new_col7[int32 NOT NULL], 20:new_col8[int32 NOT NULL] ] version 9
I1002 04:41:19.625834 5479 tablet.cc:1113] T c2abb54fb2c04ceda64f9d91646e6b8b P 597b40feaf764146b090bcec219d8ec9: Alter schema from Schema [ 10:c0[int32 NOT NULL], 11:c1[int32 NOT NULL], 12:new_col0[int32 NOT NULL], 13:new_col1[int32 NOT NULL], 14:new_col2[int32 NOT NULL], 15:new_col3[int32 NOT NULL], 16:new_col4[int32 NOT NULL], 17:new_col5[int32 NOT NULL], 18:new_col6[int32 NOT NULL], 19:new_col7[int32 NOT NULL] ] version 8 to Schema [ 10:c0[int32 NOT NULL], 11:c1[int32 NOT NULL], 12:new_col0[int32 NOT NULL], 13:new_col1[int32 NOT NULL], 14:new_col2[int32 NOT NULL], 15:new_col3[int32 NOT NULL], 16:new_col4[int32 NOT NULL], 17:new_col5[int32 NOT NULL], 18:new_col6[int32 NOT NULL], 19:new_col7[int32 NOT NULL], 20:new_col8[int32 NOT NULL] ] version 9
I1002 04:41:19.627501 5474 tablet.cc:1056] T f7adba9e4cfd45bf9ed6895b65de8db1 P 597b40feaf764146b090bcec219d8ec9: MemRowSet was empty: no flush needed.
I1002 04:41:19.627491 5479 tablet.cc:1056] T c2abb54fb2c04ceda64f9d91646e6b8b P 597b40feaf764146b090bcec219d8ec9: MemRowSet was empty: no flush needed.
I1002 04:41:19.629634 5321 catalog_manager.cc:2397] TS 597b40feaf764146b090bcec219d8ec9 (127.7.153.1:54411) does not have the latest schema for tablet f7adba9e4cfd45bf9ed6895b65de8db1 (table split-table [id=b5e2b7a33c8e4dfa8c267cc006076d8c]). Expected version 10 got 8
I1002 04:41:19.630934 5321 catalog_manager.cc:2397] TS 597b40feaf764146b090bcec219d8ec9 (127.7.153.1:54411) does not have the latest schema for tablet 94097c16487a41e7b08899815b0800c8 (table split-table [id=b5e2b7a33c8e4dfa8c267cc006076d8c]). Expected version 10 got 8
I1002 04:41:19.634646 5479 tablet.cc:1113] T f3fb5e589daa4528ace1ec2417533928 P 597b40feaf764146b090bcec219d8ec9: Alter schema from Schema [ 10:c0[int32 NOT NULL], 11:c1[int32 NOT NULL], 12:new_col0[int32 NOT NULL], 13:new_col1[int32 NOT NULL], 14:new_col2[int32 NOT NULL], 15:new_col3[int32 NOT NULL], 16:new_col4[int32 NOT NULL], 17:new_col5[int32 NOT NULL], 18:new_col6[int32 NOT NULL], 19:new_col7[int32 NOT NULL], 20:new_col8[int32 NOT NULL] ] version 9 to Schema [ 10:c0[int32 NOT NULL], 11:c1[int32 NOT NULL], 12:new_col0[int32 NOT NULL], 13:new_col1[int32 NOT NULL], 14:new_col2[int32 NOT NULL], 15:new_col3[int32 NOT NULL], 16:new_col4[int32 NOT NULL], 17:new_col5[int32 NOT NULL], 18:new_col6[int32 NOT NULL], 19:new_col7[int32 NOT NULL], 20:new_col8[int32 NOT NULL], 21:new_col9[int32 NOT NULL] ] version 10
I1002 04:41:19.638396 5321 catalog_manager.cc:2397] TS 597b40feaf764146b090bcec219d8ec9 (127.7.153.1:54411) does not have the latest schema for tablet 504b0493b9f04c9f8bb1a04ec498b6d9 (table split-table [id=b5e2b7a33c8e4dfa8c267cc006076d8c]). Expected version 10 got 8
I1002 04:41:19.639880 5321 catalog_manager.cc:2397] TS 597b40feaf764146b090bcec219d8ec9 (127.7.153.1:54411) does not have the latest schema for tablet f3fb5e589daa4528ace1ec2417533928 (table split-table [id=b5e2b7a33c8e4dfa8c267cc006076d8c]). Expected version 10 got 8
I1002 04:41:19.641113 5321 catalog_manager.cc:2397] TS 597b40feaf764146b090bcec219d8ec9 (127.7.153.1:54411) does not have the latest schema for tablet c2abb54fb2c04ceda64f9d91646e6b8b (table split-table [id=b5e2b7a33c8e4dfa8c267cc006076d8c]). Expected version 10 got 8
I1002 04:41:19.645723 5321 catalog_manager.cc:2397] TS 597b40feaf764146b090bcec219d8ec9 (127.7.153.1:54411) does not have the latest schema for tablet c0eddb34a5ea4915bf205b5758f83229 (table split-table [id=b5e2b7a33c8e4dfa8c267cc006076d8c]). Expected version 10 got 8
I1002 04:41:19.631342 5477 tablet.cc:1113] T 2d19d6639a314ff0a6b3fc14f6acee65 P 597b40feaf764146b090bcec219d8ec9: Alter schema from Schema [ 10:c0[int32 NOT NULL], 11:c1[int32 NOT NULL], 12:new_col0[int32 NOT NULL], 13:new_col1[int32 NOT NULL], 14:new_col2[int32 NOT NULL], 15:new_col3[int32 NOT NULL], 16:new_col4[int32 NOT NULL], 17:new_col5[int32 NOT NULL], 18:new_col6[int32 NOT NULL] ] version 7 to Schema [ 10:c0[int32 NOT NULL], 11:c1[int32 NOT NULL], 12:new_col0[int32 NOT NULL], 13:new_col1[int32 NOT NULL], 14:new_col2[int32 NOT NULL], 15:new_col3[int32 NOT NULL], 16:new_col4[int32 NOT NULL], 17:new_col5[int32 NOT NULL], 18:new_col6[int32 NOT NULL], 19:new_col7[int32 NOT NULL] ] version 8
I1002 04:41:19.646875 5477 tablet.cc:1056] T 2d19d6639a314ff0a6b3fc14f6acee65 P 597b40feaf764146b090bcec219d8ec9: MemRowSet was empty: no flush needed.
I1002 04:41:19.646951 5321 catalog_manager.cc:2397] TS 597b40feaf764146b090bcec219d8ec9 (127.7.153.1:54411) does not have the latest schema for tablet a6c4c4e3fca64759a189f86545185cb4 (table split-table [id=b5e2b7a33c8e4dfa8c267cc006076d8c]). Expected version 10 got 8
I1002 04:41:19.631402 5480 tablet.cc:1113] T 8b3dacff5a0e47b58aa038290e5120a3 P 597b40feaf764146b090bcec219d8ec9: Alter schema from Schema [ 10:c0[int32 NOT NULL], 11:c1[int32 NOT NULL], 12:new_col0[int32 NOT NULL], 13:new_col1[int32 NOT NULL], 14:new_col2[int32 NOT NULL], 15:new_col3[int32 NOT NULL], 16:new_col4[int32 NOT NULL], 17:new_col5[int32 NOT NULL], 18:new_col6[int32 NOT NULL], 19:new_col7[int32 NOT NULL], 20:new_col8[int32 NOT NULL] ] version 9 to Schema [ 10:c0[int32 NOT NULL], 11:c1[int32 NOT NULL], 12:new_col0[int32 NOT NULL], 13:new_col1[int32 NOT NULL], 14:new_col2[int32 NOT NULL], 15:new_col3[int32 NOT NULL], 16:new_col4[int32 NOT NULL], 17:new_col5[int32 NOT NULL], 18:new_col6[int32 NOT NULL], 19:new_col7[int32 NOT NULL], 20:new_col8[int32 NOT NULL], 21:new_col9[int32 NOT NULL] ] version 10
I1002 04:41:19.648257 5321 catalog_manager.cc:2397] TS 597b40feaf764146b090bcec219d8ec9 (127.7.153.1:54411) does not have the latest schema for tablet 8b3dacff5a0e47b58aa038290e5120a3 (table split-table [id=b5e2b7a33c8e4dfa8c267cc006076d8c]). Expected version 10 got 9
I1002 04:41:19.649468 5321 catalog_manager.cc:2397] TS 597b40feaf764146b090bcec219d8ec9 (127.7.153.1:54411) does not have the latest schema for tablet 504b0493b9f04c9f8bb1a04ec498b6d9 (table split-table [id=b5e2b7a33c8e4dfa8c267cc006076d8c]). Expected version 10 got 9
I1002 04:41:19.650660 5321 catalog_manager.cc:2397] TS 597b40feaf764146b090bcec219d8ec9 (127.7.153.1:54411) does not have the latest schema for tablet f3fb5e589daa4528ace1ec2417533928 (table split-table [id=b5e2b7a33c8e4dfa8c267cc006076d8c]). Expected version 10 got 9
I1002 04:41:19.651867 5321 catalog_manager.cc:2397] TS 597b40feaf764146b090bcec219d8ec9 (127.7.153.1:54411) does not have the latest schema for tablet c2abb54fb2c04ceda64f9d91646e6b8b (table split-table [id=b5e2b7a33c8e4dfa8c267cc006076d8c]). Expected version 10 got 9
I1002 04:41:19.652940 5479 tablet.cc:1056] T f3fb5e589daa4528ace1ec2417533928 P 597b40feaf764146b090bcec219d8ec9: MemRowSet was empty: no flush needed.
I1002 04:41:19.653952 5480 tablet.cc:1056] T 8b3dacff5a0e47b58aa038290e5120a3 P 597b40feaf764146b090bcec219d8ec9: MemRowSet was empty: no flush needed.
I1002 04:41:19.655527 5474 tablet.cc:1113] T c0eddb34a5ea4915bf205b5758f83229 P 597b40feaf764146b090bcec219d8ec9: Alter schema from Schema [ 10:c0[int32 NOT NULL], 11:c1[int32 NOT NULL], 12:new_col0[int32 NOT NULL], 13:new_col1[int32 NOT NULL], 14:new_col2[int32 NOT NULL], 15:new_col3[int32 NOT NULL], 16:new_col4[int32 NOT NULL], 17:new_col5[int32 NOT NULL], 18:new_col6[int32 NOT NULL], 19:new_col7[int32 NOT NULL] ] version 8 to Schema [ 10:c0[int32 NOT NULL], 11:c1[int32 NOT NULL], 12:new_col0[int32 NOT NULL], 13:new_col1[int32 NOT NULL], 14:new_col2[int32 NOT NULL], 15:new_col3[int32 NOT NULL], 16:new_col4[int32 NOT NULL], 17:new_col5[int32 NOT NULL], 18:new_col6[int32 NOT NULL], 19:new_col7[int32 NOT NULL], 20:new_col8[int32 NOT NULL] ] version 9
I1002 04:41:19.656710 5474 tablet.cc:1056] T c0eddb34a5ea4915bf205b5758f83229 P 597b40feaf764146b090bcec219d8ec9: MemRowSet was empty: no flush needed.
I1002 04:41:19.660518 5321 catalog_manager.cc:2397] TS 597b40feaf764146b090bcec219d8ec9 (127.7.153.1:54411) does not have the latest schema for tablet f7adba9e4cfd45bf9ed6895b65de8db1 (table split-table [id=b5e2b7a33c8e4dfa8c267cc006076d8c]). Expected version 10 got 9
I1002 04:41:19.663579 5474 tablet.cc:1113] T 94097c16487a41e7b08899815b0800c8 P 597b40feaf764146b090bcec219d8ec9: Alter schema from Schema [ 10:c0[int32 NOT NULL], 11:c1[int32 NOT NULL], 12:new_col0[int32 NOT NULL], 13:new_col1[int32 NOT NULL], 14:new_col2[int32 NOT NULL], 15:new_col3[int32 NOT NULL], 16:new_col4[int32 NOT NULL], 17:new_col5[int32 NOT NULL], 18:new_col6[int32 NOT NULL], 19:new_col7[int32 NOT NULL] ] version 8 to Schema [ 10:c0[int32 NOT NULL], 11:c1[int32 NOT NULL], 12:new_col0[int32 NOT NULL], 13:new_col1[int32 NOT NULL], 14:new_col2[int32 NOT NULL], 15:new_col3[int32 NOT NULL], 16:new_col4[int32 NOT NULL], 17:new_col5[int32 NOT NULL], 18:new_col6[int32 NOT NULL], 19:new_col7[int32 NOT NULL], 20:new_col8[int32 NOT NULL] ] version 9
I1002 04:41:19.665964 5474 tablet.cc:1056] T 94097c16487a41e7b08899815b0800c8 P 597b40feaf764146b090bcec219d8ec9: MemRowSet was empty: no flush needed.
I1002 04:41:19.670548 5321 catalog_manager.cc:2397] TS 597b40feaf764146b090bcec219d8ec9 (127.7.153.1:54411) does not have the latest schema for tablet c0eddb34a5ea4915bf205b5758f83229 (table split-table [id=b5e2b7a33c8e4dfa8c267cc006076d8c]). Expected version 10 got 9
I1002 04:41:19.673302 5474 tablet.cc:1108] T 504b0493b9f04c9f8bb1a04ec498b6d9 P 597b40feaf764146b090bcec219d8ec9: Already running schema version 9 got alter request for version 9
I1002 04:41:19.674720 5474 tablet.cc:1108] T b2a2a64ef3554db9bbbd08818084cc8c P 597b40feaf764146b090bcec219d8ec9: Already running schema version 8 got alter request for version 8
I1002 04:41:19.675834 5474 tablet.cc:1113] T c2abb54fb2c04ceda64f9d91646e6b8b P 597b40feaf764146b090bcec219d8ec9: Alter schema from Schema [ 10:c0[int32 NOT NULL], 11:c1[int32 NOT NULL], 12:new_col0[int32 NOT NULL], 13:new_col1[int32 NOT NULL], 14:new_col2[int32 NOT NULL], 15:new_col3[int32 NOT NULL], 16:new_col4[int32 NOT NULL], 17:new_col5[int32 NOT NULL], 18:new_col6[int32 NOT NULL], 19:new_col7[int32 NOT NULL], 20:new_col8[int32 NOT NULL] ] version 9 to Schema [ 10:c0[int32 NOT NULL], 11:c1[int32 NOT NULL], 12:new_col0[int32 NOT NULL], 13:new_col1[int32 NOT NULL], 14:new_col2[int32 NOT NULL], 15:new_col3[int32 NOT NULL], 16:new_col4[int32 NOT NULL], 17:new_col5[int32 NOT NULL], 18:new_col6[int32 NOT NULL], 19:new_col7[int32 NOT NULL], 20:new_col8[int32 NOT NULL], 21:new_col9[int32 NOT NULL] ] version 10
I1002 04:41:19.677083 5479 tablet.cc:1113] T f7adba9e4cfd45bf9ed6895b65de8db1 P 597b40feaf764146b090bcec219d8ec9: Alter schema from Schema [ 10:c0[int32 NOT NULL], 11:c1[int32 NOT NULL], 12:new_col0[int32 NOT NULL], 13:new_col1[int32 NOT NULL], 14:new_col2[int32 NOT NULL], 15:new_col3[int32 NOT NULL], 16:new_col4[int32 NOT NULL], 17:new_col5[int32 NOT NULL], 18:new_col6[int32 NOT NULL], 19:new_col7[int32 NOT NULL], 20:new_col8[int32 NOT NULL] ] version 9 to Schema [ 10:c0[int32 NOT NULL], 11:c1[int32 NOT NULL], 12:new_col0[int32 NOT NULL], 13:new_col1[int32 NOT NULL], 14:new_col2[int32 NOT NULL], 15:new_col3[int32 NOT NULL], 16:new_col4[int32 NOT NULL], 17:new_col5[int32 NOT NULL], 18:new_col6[int32 NOT NULL], 19:new_col7[int32 NOT NULL], 20:new_col8[int32 NOT NULL], 21:new_col9[int32 NOT NULL] ] version 10
I1002 04:41:19.678405 5477 tablet.cc:1113] T c0eddb34a5ea4915bf205b5758f83229 P 597b40feaf764146b090bcec219d8ec9: Alter schema from Schema [ 10:c0[int32 NOT NULL], 11:c1[int32 NOT NULL], 12:new_col0[int32 NOT NULL], 13:new_col1[int32 NOT NULL], 14:new_col2[int32 NOT NULL], 15:new_col3[int32 NOT NULL], 16:new_col4[int32 NOT NULL], 17:new_col5[int32 NOT NULL], 18:new_col6[int32 NOT NULL], 19:new_col7[int32 NOT NULL], 20:new_col8[int32 NOT NULL] ] version 9 to Schema [ 10:c0[int32 NOT NULL], 11:c1[int32 NOT NULL], 12:new_col0[int32 NOT NULL], 13:new_col1[int32 NOT NULL], 14:new_col2[int32 NOT NULL], 15:new_col3[int32 NOT NULL], 16:new_col4[int32 NOT NULL], 17:new_col5[int32 NOT NULL], 18:new_col6[int32 NOT NULL], 19:new_col7[int32 NOT NULL], 20:new_col8[int32 NOT NULL], 21:new_col9[int32 NOT NULL] ] version 10
I1002 04:41:19.675694 5480 tablet.cc:1113] T a6c4c4e3fca64759a189f86545185cb4 P 597b40feaf764146b090bcec219d8ec9: Alter schema from Schema [ 10:c0[int32 NOT NULL], 11:c1[int32 NOT NULL], 12:new_col0[int32 NOT NULL], 13:new_col1[int32 NOT NULL], 14:new_col2[int32 NOT NULL], 15:new_col3[int32 NOT NULL], 16:new_col4[int32 NOT NULL], 17:new_col5[int32 NOT NULL], 18:new_col6[int32 NOT NULL], 19:new_col7[int32 NOT NULL] ] version 8 to Schema [ 10:c0[int32 NOT NULL], 11:c1[int32 NOT NULL], 12:new_col0[int32 NOT NULL], 13:new_col1[int32 NOT NULL], 14:new_col2[int32 NOT NULL], 15:new_col3[int32 NOT NULL], 16:new_col4[int32 NOT NULL], 17:new_col5[int32 NOT NULL], 18:new_col6[int32 NOT NULL], 19:new_col7[int32 NOT NULL], 20:new_col8[int32 NOT NULL] ] version 9
I1002 04:41:19.687153 5477 tablet.cc:1056] T c0eddb34a5ea4915bf205b5758f83229 P 597b40feaf764146b090bcec219d8ec9: MemRowSet was empty: no flush needed.
I1002 04:41:19.688355 5480 tablet.cc:1056] T a6c4c4e3fca64759a189f86545185cb4 P 597b40feaf764146b090bcec219d8ec9: MemRowSet was empty: no flush needed.
I1002 04:41:19.691395 5321 catalog_manager.cc:2397] TS 597b40feaf764146b090bcec219d8ec9 (127.7.153.1:54411) does not have the latest schema for tablet b2a2a64ef3554db9bbbd08818084cc8c (table split-table [id=b5e2b7a33c8e4dfa8c267cc006076d8c]). Expected version 10 got 8
I1002 04:41:19.693315 5321 catalog_manager.cc:2397] TS 597b40feaf764146b090bcec219d8ec9 (127.7.153.1:54411) does not have the latest schema for tablet 504b0493b9f04c9f8bb1a04ec498b6d9 (table split-table [id=b5e2b7a33c8e4dfa8c267cc006076d8c]). Expected version 10 got 9
I1002 04:41:19.694499 5321 catalog_manager.cc:2397] TS 597b40feaf764146b090bcec219d8ec9 (127.7.153.1:54411) does not have the latest schema for tablet 94097c16487a41e7b08899815b0800c8 (table split-table [id=b5e2b7a33c8e4dfa8c267cc006076d8c]). Expected version 10 got 9
I1002 04:41:19.695420 5321 catalog_manager.cc:2397] TS 597b40feaf764146b090bcec219d8ec9 (127.7.153.1:54411) does not have the latest schema for tablet 2d19d6639a314ff0a6b3fc14f6acee65 (table split-table [id=b5e2b7a33c8e4dfa8c267cc006076d8c]). Expected version 10 got 8
I1002 04:41:19.718813 5474 tablet.cc:1056] T c2abb54fb2c04ceda64f9d91646e6b8b P 597b40feaf764146b090bcec219d8ec9: MemRowSet was empty: no flush needed.
I1002 04:41:19.722338 5479 tablet.cc:1056] T f7adba9e4cfd45bf9ed6895b65de8db1 P 597b40feaf764146b090bcec219d8ec9: MemRowSet was empty: no flush needed.
I1002 04:41:19.724488 5321 catalog_manager.cc:2397] TS 597b40feaf764146b090bcec219d8ec9 (127.7.153.1:54411) does not have the latest schema for tablet a6c4c4e3fca64759a189f86545185cb4 (table split-table [id=b5e2b7a33c8e4dfa8c267cc006076d8c]). Expected version 10 got 9
I1002 04:41:19.726013 5480 tablet.cc:1113] T 94097c16487a41e7b08899815b0800c8 P 597b40feaf764146b090bcec219d8ec9: Alter schema from Schema [ 10:c0[int32 NOT NULL], 11:c1[int32 NOT NULL], 12:new_col0[int32 NOT NULL], 13:new_col1[int32 NOT NULL], 14:new_col2[int32 NOT NULL], 15:new_col3[int32 NOT NULL], 16:new_col4[int32 NOT NULL], 17:new_col5[int32 NOT NULL], 18:new_col6[int32 NOT NULL], 19:new_col7[int32 NOT NULL], 20:new_col8[int32 NOT NULL] ] version 9 to Schema [ 10:c0[int32 NOT NULL], 11:c1[int32 NOT NULL], 12:new_col0[int32 NOT NULL], 13:new_col1[int32 NOT NULL], 14:new_col2[int32 NOT NULL], 15:new_col3[int32 NOT NULL], 16:new_col4[int32 NOT NULL], 17:new_col5[int32 NOT NULL], 18:new_col6[int32 NOT NULL], 19:new_col7[int32 NOT NULL], 20:new_col8[int32 NOT NULL], 21:new_col9[int32 NOT NULL] ] version 10
I1002 04:41:19.728968 5480 tablet.cc:1056] T 94097c16487a41e7b08899815b0800c8 P 597b40feaf764146b090bcec219d8ec9: MemRowSet was empty: no flush needed.
I1002 04:41:19.736053 5480 tablet.cc:1108] T f3fb5e589daa4528ace1ec2417533928 P 597b40feaf764146b090bcec219d8ec9: Already running schema version 10 got alter request for version 10
I1002 04:41:19.735951 5474 tablet.cc:1113] T b2a2a64ef3554db9bbbd08818084cc8c P 597b40feaf764146b090bcec219d8ec9: Alter schema from Schema [ 10:c0[int32 NOT NULL], 11:c1[int32 NOT NULL], 12:new_col0[int32 NOT NULL], 13:new_col1[int32 NOT NULL], 14:new_col2[int32 NOT NULL], 15:new_col3[int32 NOT NULL], 16:new_col4[int32 NOT NULL], 17:new_col5[int32 NOT NULL], 18:new_col6[int32 NOT NULL], 19:new_col7[int32 NOT NULL] ] version 8 to Schema [ 10:c0[int32 NOT NULL], 11:c1[int32 NOT NULL], 12:new_col0[int32 NOT NULL], 13:new_col1[int32 NOT NULL], 14:new_col2[int32 NOT NULL], 15:new_col3[int32 NOT NULL], 16:new_col4[int32 NOT NULL], 17:new_col5[int32 NOT NULL], 18:new_col6[int32 NOT NULL], 19:new_col7[int32 NOT NULL], 20:new_col8[int32 NOT NULL] ] version 9
I1002 04:41:19.737195 5480 tablet.cc:1108] T 2d19d6639a314ff0a6b3fc14f6acee65 P 597b40feaf764146b090bcec219d8ec9: Already running schema version 8 got alter request for version 8
I1002 04:41:19.737234 5474 tablet.cc:1056] T b2a2a64ef3554db9bbbd08818084cc8c P 597b40feaf764146b090bcec219d8ec9: MemRowSet was empty: no flush needed.
I1002 04:41:19.738620 5480 tablet.cc:1108] T 8b3dacff5a0e47b58aa038290e5120a3 P 597b40feaf764146b090bcec219d8ec9: Already running schema version 10 got alter request for version 10
I1002 04:41:19.738788 5479 tablet.cc:1113] T 504b0493b9f04c9f8bb1a04ec498b6d9 P 597b40feaf764146b090bcec219d8ec9: Alter schema from Schema [ 10:c0[int32 NOT NULL], 11:c1[int32 NOT NULL], 12:new_col0[int32 NOT NULL], 13:new_col1[int32 NOT NULL], 14:new_col2[int32 NOT NULL], 15:new_col3[int32 NOT NULL], 16:new_col4[int32 NOT NULL], 17:new_col5[int32 NOT NULL], 18:new_col6[int32 NOT NULL], 19:new_col7[int32 NOT NULL], 20:new_col8[int32 NOT NULL] ] version 9 to Schema [ 10:c0[int32 NOT NULL], 11:c1[int32 NOT NULL], 12:new_col0[int32 NOT NULL], 13:new_col1[int32 NOT NULL], 14:new_col2[int32 NOT NULL], 15:new_col3[int32 NOT NULL], 16:new_col4[int32 NOT NULL], 17:new_col5[int32 NOT NULL], 18:new_col6[int32 NOT NULL], 19:new_col7[int32 NOT NULL], 20:new_col8[int32 NOT NULL], 21:new_col9[int32 NOT NULL] ] version 10
I1002 04:41:19.739773 5480 tablet.cc:1108] T c0eddb34a5ea4915bf205b5758f83229 P 597b40feaf764146b090bcec219d8ec9: Already running schema version 10 got alter request for version 10
I1002 04:41:19.740098 5479 tablet.cc:1056] T 504b0493b9f04c9f8bb1a04ec498b6d9 P 597b40feaf764146b090bcec219d8ec9: MemRowSet was empty: no flush needed.
I1002 04:41:19.740854 5480 tablet.cc:1113] T a6c4c4e3fca64759a189f86545185cb4 P 597b40feaf764146b090bcec219d8ec9: Alter schema from Schema [ 10:c0[int32 NOT NULL], 11:c1[int32 NOT NULL], 12:new_col0[int32 NOT NULL], 13:new_col1[int32 NOT NULL], 14:new_col2[int32 NOT NULL], 15:new_col3[int32 NOT NULL], 16:new_col4[int32 NOT NULL], 17:new_col5[int32 NOT NULL], 18:new_col6[int32 NOT NULL], 19:new_col7[int32 NOT NULL], 20:new_col8[int32 NOT NULL] ] version 9 to Schema [ 10:c0[int32 NOT NULL], 11:c1[int32 NOT NULL], 12:new_col0[int32 NOT NULL], 13:new_col1[int32 NOT NULL], 14:new_col2[int32 NOT NULL], 15:new_col3[int32 NOT NULL], 16:new_col4[int32 NOT NULL], 17:new_col5[int32 NOT NULL], 18:new_col6[int32 NOT NULL], 19:new_col7[int32 NOT NULL], 20:new_col8[int32 NOT NULL], 21:new_col9[int32 NOT NULL] ] version 10
I1002 04:41:19.742764 5480 tablet.cc:1056] T a6c4c4e3fca64759a189f86545185cb4 P 597b40feaf764146b090bcec219d8ec9: MemRowSet was empty: no flush needed.
I1002 04:41:19.746690 5479 tablet.cc:1108] T c2abb54fb2c04ceda64f9d91646e6b8b P 597b40feaf764146b090bcec219d8ec9: Already running schema version 10 got alter request for version 10
I1002 04:41:19.747896 5479 tablet.cc:1108] T f3fb5e589daa4528ace1ec2417533928 P 597b40feaf764146b090bcec219d8ec9: Already running schema version 10 got alter request for version 10
I1002 04:41:19.749112 5479 tablet.cc:1108] T 8b3dacff5a0e47b58aa038290e5120a3 P 597b40feaf764146b090bcec219d8ec9: Already running schema version 10 got alter request for version 10
I1002 04:41:19.748903 5480 tablet.cc:1113] T 2d19d6639a314ff0a6b3fc14f6acee65 P 597b40feaf764146b090bcec219d8ec9: Alter schema from Schema [ 10:c0[int32 NOT NULL], 11:c1[int32 NOT NULL], 12:new_col0[int32 NOT NULL], 13:new_col1[int32 NOT NULL], 14:new_col2[int32 NOT NULL], 15:new_col3[int32 NOT NULL], 16:new_col4[int32 NOT NULL], 17:new_col5[int32 NOT NULL], 18:new_col6[int32 NOT NULL], 19:new_col7[int32 NOT NULL] ] version 8 to Schema [ 10:c0[int32 NOT NULL], 11:c1[int32 NOT NULL], 12:new_col0[int32 NOT NULL], 13:new_col1[int32 NOT NULL], 14:new_col2[int32 NOT NULL], 15:new_col3[int32 NOT NULL], 16:new_col4[int32 NOT NULL], 17:new_col5[int32 NOT NULL], 18:new_col6[int32 NOT NULL], 19:new_col7[int32 NOT NULL], 20:new_col8[int32 NOT NULL] ] version 9
I1002 04:41:19.750988 5479 tablet.cc:1108] T 94097c16487a41e7b08899815b0800c8 P 597b40feaf764146b090bcec219d8ec9: Already running schema version 10 got alter request for version 10
I1002 04:41:19.751257 5480 tablet.cc:1056] T 2d19d6639a314ff0a6b3fc14f6acee65 P 597b40feaf764146b090bcec219d8ec9: MemRowSet was empty: no flush needed.
I1002 04:41:19.752347 5479 tablet.cc:1108] T a6c4c4e3fca64759a189f86545185cb4 P 597b40feaf764146b090bcec219d8ec9: Already running schema version 10 got alter request for version 10
I1002 04:41:19.757540 5480 tablet.cc:1108] T f7adba9e4cfd45bf9ed6895b65de8db1 P 597b40feaf764146b090bcec219d8ec9: Already running schema version 10 got alter request for version 10
I1002 04:41:19.758683 5480 tablet.cc:1108] T c0eddb34a5ea4915bf205b5758f83229 P 597b40feaf764146b090bcec219d8ec9: Already running schema version 10 got alter request for version 10
I1002 04:41:19.759815 5480 tablet.cc:1108] T 504b0493b9f04c9f8bb1a04ec498b6d9 P 597b40feaf764146b090bcec219d8ec9: Already running schema version 10 got alter request for version 10
I1002 04:41:19.761342 5480 tablet.cc:1113] T 2d19d6639a314ff0a6b3fc14f6acee65 P 597b40feaf764146b090bcec219d8ec9: Alter schema from Schema [ 10:c0[int32 NOT NULL], 11:c1[int32 NOT NULL], 12:new_col0[int32 NOT NULL], 13:new_col1[int32 NOT NULL], 14:new_col2[int32 NOT NULL], 15:new_col3[int32 NOT NULL], 16:new_col4[int32 NOT NULL], 17:new_col5[int32 NOT NULL], 18:new_col6[int32 NOT NULL], 19:new_col7[int32 NOT NULL], 20:new_col8[int32 NOT NULL] ] version 9 to Schema [ 10:c0[int32 NOT NULL], 11:c1[int32 NOT NULL], 12:new_col0[int32 NOT NULL], 13:new_col1[int32 NOT NULL], 14:new_col2[int32 NOT NULL], 15:new_col3[int32 NOT NULL], 16:new_col4[int32 NOT NULL], 17:new_col5[int32 NOT NULL], 18:new_col6[int32 NOT NULL], 19:new_col7[int32 NOT NULL], 20:new_col8[int32 NOT NULL], 21:new_col9[int32 NOT NULL] ] version 10
I1002 04:41:19.762926 5480 tablet.cc:1056] T 2d19d6639a314ff0a6b3fc14f6acee65 P 597b40feaf764146b090bcec219d8ec9: MemRowSet was empty: no flush needed.
I1002 04:41:19.768961 5480 tablet.cc:1108] T 8b3dacff5a0e47b58aa038290e5120a3 P 597b40feaf764146b090bcec219d8ec9: Already running schema version 10 got alter request for version 10
I1002 04:41:19.770139 5480 tablet.cc:1108] T f3fb5e589daa4528ace1ec2417533928 P 597b40feaf764146b090bcec219d8ec9: Already running schema version 10 got alter request for version 10
I1002 04:41:19.770294 5477 tablet.cc:1108] T f7adba9e4cfd45bf9ed6895b65de8db1 P 597b40feaf764146b090bcec219d8ec9: Already running schema version 10 got alter request for version 10
I1002 04:41:19.771309 5480 tablet.cc:1108] T 94097c16487a41e7b08899815b0800c8 P 597b40feaf764146b090bcec219d8ec9: Already running schema version 10 got alter request for version 10
I1002 04:41:19.771571 5477 tablet.cc:1108] T c2abb54fb2c04ceda64f9d91646e6b8b P 597b40feaf764146b090bcec219d8ec9: Already running schema version 10 got alter request for version 10
I1002 04:41:19.772361 5479 tablet.cc:1108] T a6c4c4e3fca64759a189f86545185cb4 P 597b40feaf764146b090bcec219d8ec9: Already running schema version 10 got alter request for version 10
I1002 04:41:19.772655 5480 tablet.cc:1108] T c0eddb34a5ea4915bf205b5758f83229 P 597b40feaf764146b090bcec219d8ec9: Already running schema version 10 got alter request for version 10
I1002 04:41:19.773888 5477 tablet.cc:1108] T 2d19d6639a314ff0a6b3fc14f6acee65 P 597b40feaf764146b090bcec219d8ec9: Already running schema version 10 got alter request for version 10
I1002 04:41:19.775234 5479 tablet.cc:1108] T f3fb5e589daa4528ace1ec2417533928 P 597b40feaf764146b090bcec219d8ec9: Already running schema version 10 got alter request for version 10
I1002 04:41:19.776437 5479 tablet.cc:1108] T 8b3dacff5a0e47b58aa038290e5120a3 P 597b40feaf764146b090bcec219d8ec9: Already running schema version 10 got alter request for version 10
I1002 04:41:19.777618 5479 tablet.cc:1108] T f7adba9e4cfd45bf9ed6895b65de8db1 P 597b40feaf764146b090bcec219d8ec9: Already running schema version 10 got alter request for version 10
I1002 04:41:19.782191 5480 tablet.cc:1108] T 504b0493b9f04c9f8bb1a04ec498b6d9 P 597b40feaf764146b090bcec219d8ec9: Already running schema version 10 got alter request for version 10
I1002 04:41:19.783175 5480 tablet.cc:1108] T f3fb5e589daa4528ace1ec2417533928 P 597b40feaf764146b090bcec219d8ec9: Already running schema version 10 got alter request for version 10
I1002 04:41:19.784112 5480 tablet.cc:1108] T c2abb54fb2c04ceda64f9d91646e6b8b P 597b40feaf764146b090bcec219d8ec9: Already running schema version 10 got alter request for version 10
I1002 04:41:19.785024 5480 tablet.cc:1108] T 94097c16487a41e7b08899815b0800c8 P 597b40feaf764146b090bcec219d8ec9: Already running schema version 10 got alter request for version 10
I1002 04:41:19.785832 5480 tablet.cc:1108] T 8b3dacff5a0e47b58aa038290e5120a3 P 597b40feaf764146b090bcec219d8ec9: Already running schema version 10 got alter request for version 10
I1002 04:41:19.789330 5480 tablet.cc:1108] T 8b3dacff5a0e47b58aa038290e5120a3 P 597b40feaf764146b090bcec219d8ec9: Already running schema version 10 got alter request for version 10
I1002 04:41:19.790729 5480 tablet.cc:1108] T f3fb5e589daa4528ace1ec2417533928 P 597b40feaf764146b090bcec219d8ec9: Already running schema version 10 got alter request for version 10
I1002 04:41:19.792032 5480 tablet.cc:1108] T 2d19d6639a314ff0a6b3fc14f6acee65 P 597b40feaf764146b090bcec219d8ec9: Already running schema version 10 got alter request for version 10
I1002 04:41:19.793186 5480 tablet.cc:1108] T c2abb54fb2c04ceda64f9d91646e6b8b P 597b40feaf764146b090bcec219d8ec9: Already running schema version 10 got alter request for version 10
I1002 04:41:19.795025 5480 tablet.cc:1108] T c0eddb34a5ea4915bf205b5758f83229 P 597b40feaf764146b090bcec219d8ec9: Already running schema version 10 got alter request for version 10
I1002 04:41:19.796633 5480 tablet.cc:1108] T f7adba9e4cfd45bf9ed6895b65de8db1 P 597b40feaf764146b090bcec219d8ec9: Already running schema version 10 got alter request for version 10
I1002 04:41:19.797777 5480 tablet.cc:1108] T c2abb54fb2c04ceda64f9d91646e6b8b P 597b40feaf764146b090bcec219d8ec9: Already running schema version 10 got alter request for version 10
I1002 04:41:19.800529 5480 tablet.cc:1108] T 504b0493b9f04c9f8bb1a04ec498b6d9 P 597b40feaf764146b090bcec219d8ec9: Already running schema version 10 got alter request for version 10
I1002 04:41:19.810359 5480 tablet.cc:1108] T c2abb54fb2c04ceda64f9d91646e6b8b P 597b40feaf764146b090bcec219d8ec9: Already running schema version 10 got alter request for version 10
I1002 04:41:19.811872 5480 tablet.cc:1108] T 2d19d6639a314ff0a6b3fc14f6acee65 P 597b40feaf764146b090bcec219d8ec9: Already running schema version 10 got alter request for version 10
I1002 04:41:19.813417 5480 tablet.cc:1108] T a6c4c4e3fca64759a189f86545185cb4 P 597b40feaf764146b090bcec219d8ec9: Already running schema version 10 got alter request for version 10
I1002 04:41:19.813645 5479 tablet.cc:1108] T c0eddb34a5ea4915bf205b5758f83229 P 597b40feaf764146b090bcec219d8ec9: Already running schema version 10 got alter request for version 10
I1002 04:41:19.821660 5479 tablet.cc:1108] T 504b0493b9f04c9f8bb1a04ec498b6d9 P 597b40feaf764146b090bcec219d8ec9: Already running schema version 10 got alter request for version 10
I1002 04:41:19.822891 5479 tablet.cc:1108] T c2abb54fb2c04ceda64f9d91646e6b8b P 597b40feaf764146b090bcec219d8ec9: Already running schema version 10 got alter request for version 10
I1002 04:41:19.824066 5479 tablet.cc:1108] T 2d19d6639a314ff0a6b3fc14f6acee65 P 597b40feaf764146b090bcec219d8ec9: Already running schema version 10 got alter request for version 10
I1002 04:41:19.825258 5479 tablet.cc:1108] T 94097c16487a41e7b08899815b0800c8 P 597b40feaf764146b090bcec219d8ec9: Already running schema version 10 got alter request for version 10
I1002 04:41:19.828586 5477 tablet.cc:1108] T a6c4c4e3fca64759a189f86545185cb4 P 597b40feaf764146b090bcec219d8ec9: Already running schema version 10 got alter request for version 10
I1002 04:41:19.834503 5480 tablet.cc:1108] T f7adba9e4cfd45bf9ed6895b65de8db1 P 597b40feaf764146b090bcec219d8ec9: Already running schema version 10 got alter request for version 10
I1002 04:41:19.836144 5480 tablet.cc:1108] T 504b0493b9f04c9f8bb1a04ec498b6d9 P 597b40feaf764146b090bcec219d8ec9: Already running schema version 10 got alter request for version 10
I1002 04:41:19.839293 5480 tablet.cc:1108] T 94097c16487a41e7b08899815b0800c8 P 597b40feaf764146b090bcec219d8ec9: Already running schema version 10 got alter request for version 10
I1002 04:41:19.840525 5480 tablet.cc:1108] T a6c4c4e3fca64759a189f86545185cb4 P 597b40feaf764146b090bcec219d8ec9: Already running schema version 10 got alter request for version 10
I1002 04:41:19.841719 5480 tablet.cc:1108] T f7adba9e4cfd45bf9ed6895b65de8db1 P 597b40feaf764146b090bcec219d8ec9: Already running schema version 10 got alter request for version 10
I1002 04:41:19.842905 5480 tablet.cc:1108] T 94097c16487a41e7b08899815b0800c8 P 597b40feaf764146b090bcec219d8ec9: Already running schema version 10 got alter request for version 10
I1002 04:41:19.848160 5474 tablet.cc:1108] T a6c4c4e3fca64759a189f86545185cb4 P 597b40feaf764146b090bcec219d8ec9: Already running schema version 10 got alter request for version 10
I1002 04:41:19.849777 5474 tablet.cc:1108] T 504b0493b9f04c9f8bb1a04ec498b6d9 P 597b40feaf764146b090bcec219d8ec9: Already running schema version 10 got alter request for version 10
I1002 04:41:19.839267 5479 tablet.cc:1108] T c0eddb34a5ea4915bf205b5758f83229 P 597b40feaf764146b090bcec219d8ec9: Already running schema version 10 got alter request for version 10
I1002 04:41:19.850564 5477 tablet.cc:1108] T 2d19d6639a314ff0a6b3fc14f6acee65 P 597b40feaf764146b090bcec219d8ec9: Already running schema version 10 got alter request for version 10
I1002 04:41:19.851666 5320 catalog_manager.cc:2397] TS 597b40feaf764146b090bcec219d8ec9 (127.7.153.1:54411) does not have the latest schema for tablet b2a2a64ef3554db9bbbd08818084cc8c (table split-table [id=b5e2b7a33c8e4dfa8c267cc006076d8c]). Expected version 10 got 9
I1002 04:41:19.852100 5474 tablet.cc:1108] T 94097c16487a41e7b08899815b0800c8 P 597b40feaf764146b090bcec219d8ec9: Already running schema version 10 got alter request for version 10
I1002 04:41:19.855031 5479 tablet.cc:1108] T 2d19d6639a314ff0a6b3fc14f6acee65 P 597b40feaf764146b090bcec219d8ec9: Already running schema version 10 got alter request for version 10
I1002 04:41:19.854893 5480 tablet.cc:1113] T b2a2a64ef3554db9bbbd08818084cc8c P 597b40feaf764146b090bcec219d8ec9: Alter schema from Schema [ 10:c0[int32 NOT NULL], 11:c1[int32 NOT NULL], 12:new_col0[int32 NOT NULL], 13:new_col1[int32 NOT NULL], 14:new_col2[int32 NOT NULL], 15:new_col3[int32 NOT NULL], 16:new_col4[int32 NOT NULL], 17:new_col5[int32 NOT NULL], 18:new_col6[int32 NOT NULL], 19:new_col7[int32 NOT NULL], 20:new_col8[int32 NOT NULL] ] version 9 to Schema [ 10:c0[int32 NOT NULL], 11:c1[int32 NOT NULL], 12:new_col0[int32 NOT NULL], 13:new_col1[int32 NOT NULL], 14:new_col2[int32 NOT NULL], 15:new_col3[int32 NOT NULL], 16:new_col4[int32 NOT NULL], 17:new_col5[int32 NOT NULL], 18:new_col6[int32 NOT NULL], 19:new_col7[int32 NOT NULL], 20:new_col8[int32 NOT NULL], 21:new_col9[int32 NOT NULL] ] version 10
I1002 04:41:19.857480 5480 tablet.cc:1056] T b2a2a64ef3554db9bbbd08818084cc8c P 597b40feaf764146b090bcec219d8ec9: MemRowSet was empty: no flush needed.
I1002 04:41:19.866593 5477 tablet.cc:1108] T b2a2a64ef3554db9bbbd08818084cc8c P 597b40feaf764146b090bcec219d8ec9: Already running schema version 10 got alter request for version 10
I1002 04:41:19.870854 5477 tablet.cc:1108] T b2a2a64ef3554db9bbbd08818084cc8c P 597b40feaf764146b090bcec219d8ec9: Already running schema version 10 got alter request for version 10
I1002 04:41:19.875304 5474 tablet.cc:1108] T b2a2a64ef3554db9bbbd08818084cc8c P 597b40feaf764146b090bcec219d8ec9: Already running schema version 10 got alter request for version 10
I1002 04:41:19.878093 5480 tablet.cc:1108] T b2a2a64ef3554db9bbbd08818084cc8c P 597b40feaf764146b090bcec219d8ec9: Already running schema version 10 got alter request for version 10
I1002 04:41:19.881271 5479 tablet.cc:1108] T b2a2a64ef3554db9bbbd08818084cc8c P 597b40feaf764146b090bcec219d8ec9: Already running schema version 10 got alter request for version 10
I1002 04:41:19.885332 5477 tablet.cc:1108] T b2a2a64ef3554db9bbbd08818084cc8c P 597b40feaf764146b090bcec219d8ec9: Already running schema version 10 got alter request for version 10
I1002 04:41:19.890022 5474 tablet.cc:1108] T b2a2a64ef3554db9bbbd08818084cc8c P 597b40feaf764146b090bcec219d8ec9: Already running schema version 10 got alter request for version 10
I1002 04:41:19.893615 5480 tablet.cc:1108] T b2a2a64ef3554db9bbbd08818084cc8c P 597b40feaf764146b090bcec219d8ec9: Already running schema version 10 got alter request for version 10
I1002 04:41:19.896659 5479 tablet.cc:1108] T b2a2a64ef3554db9bbbd08818084cc8c P 597b40feaf764146b090bcec219d8ec9: Already running schema version 10 got alter request for version 10
I1002 04:41:19.904882 5321 catalog_manager.cc:3662] T 00000000000000000000000000000000 P be546695f4fd40b8a06c00782566d318: split-table [id=b5e2b7a33c8e4dfa8c267cc006076d8c] alter complete (version 10)
I1002 04:41:19.917798 1945 tablet_server.cc:141] TabletServer shutting down...
I1002 04:41:19.937602 1945 ts_tablet_manager.cc:976] Shutting down tablet manager...
I1002 04:41:19.937878 1945 tablet_replica.cc:257] T c0eddb34a5ea4915bf205b5758f83229 P 597b40feaf764146b090bcec219d8ec9: stopping tablet replica
I1002 04:41:19.938119 1945 maintenance_manager.cc:228] P 597b40feaf764146b090bcec219d8ec9: Unregistered op CompactRowSetsOp(c0eddb34a5ea4915bf205b5758f83229)
I1002 04:41:19.938321 1945 maintenance_manager.cc:228] P 597b40feaf764146b090bcec219d8ec9: Unregistered op MinorDeltaCompactionOp(c0eddb34a5ea4915bf205b5758f83229)
I1002 04:41:19.938500 1945 maintenance_manager.cc:228] P 597b40feaf764146b090bcec219d8ec9: Unregistered op MajorDeltaCompactionOp(c0eddb34a5ea4915bf205b5758f83229)
I1002 04:41:19.938683 1945 maintenance_manager.cc:228] P 597b40feaf764146b090bcec219d8ec9: Unregistered op UndoDeltaBlockGCOp(c0eddb34a5ea4915bf205b5758f83229)
I1002 04:41:19.938904 1945 maintenance_manager.cc:228] P 597b40feaf764146b090bcec219d8ec9: Unregistered op FlushMRSOp(c0eddb34a5ea4915bf205b5758f83229)
I1002 04:41:19.939100 1945 maintenance_manager.cc:228] P 597b40feaf764146b090bcec219d8ec9: Unregistered op FlushDeltaMemStoresOp(c0eddb34a5ea4915bf205b5758f83229)
I1002 04:41:19.939277 1945 maintenance_manager.cc:228] P 597b40feaf764146b090bcec219d8ec9: Unregistered op LogGCOp(c0eddb34a5ea4915bf205b5758f83229)
I1002 04:41:19.939450 1945 raft_consensus.cc:1809] T c0eddb34a5ea4915bf205b5758f83229 P 597b40feaf764146b090bcec219d8ec9 [term 1 LEADER]: Raft consensus shutting down.
I1002 04:41:19.939801 1945 raft_consensus.cc:1836] T c0eddb34a5ea4915bf205b5758f83229 P 597b40feaf764146b090bcec219d8ec9 [term 1 FOLLOWER]: Raft consensus is shut down!
I1002 04:41:19.942108 1945 tablet_replica.cc:257] T f7adba9e4cfd45bf9ed6895b65de8db1 P 597b40feaf764146b090bcec219d8ec9: stopping tablet replica
I1002 04:41:19.942358 1945 maintenance_manager.cc:228] P 597b40feaf764146b090bcec219d8ec9: Unregistered op CompactRowSetsOp(f7adba9e4cfd45bf9ed6895b65de8db1)
I1002 04:41:19.942553 1945 maintenance_manager.cc:228] P 597b40feaf764146b090bcec219d8ec9: Unregistered op MinorDeltaCompactionOp(f7adba9e4cfd45bf9ed6895b65de8db1)
I1002 04:41:19.942728 1945 maintenance_manager.cc:228] P 597b40feaf764146b090bcec219d8ec9: Unregistered op MajorDeltaCompactionOp(f7adba9e4cfd45bf9ed6895b65de8db1)
I1002 04:41:19.942919 1945 maintenance_manager.cc:228] P 597b40feaf764146b090bcec219d8ec9: Unregistered op UndoDeltaBlockGCOp(f7adba9e4cfd45bf9ed6895b65de8db1)
I1002 04:41:19.943121 1945 maintenance_manager.cc:228] P 597b40feaf764146b090bcec219d8ec9: Unregistered op FlushMRSOp(f7adba9e4cfd45bf9ed6895b65de8db1)
I1002 04:41:19.943315 1945 maintenance_manager.cc:228] P 597b40feaf764146b090bcec219d8ec9: Unregistered op FlushDeltaMemStoresOp(f7adba9e4cfd45bf9ed6895b65de8db1)
I1002 04:41:19.943490 1945 maintenance_manager.cc:228] P 597b40feaf764146b090bcec219d8ec9: Unregistered op LogGCOp(f7adba9e4cfd45bf9ed6895b65de8db1)
I1002 04:41:19.943660 1945 raft_consensus.cc:1809] T f7adba9e4cfd45bf9ed6895b65de8db1 P 597b40feaf764146b090bcec219d8ec9 [term 1 LEADER]: Raft consensus shutting down.
I1002 04:41:19.943984 1945 raft_consensus.cc:1836] T f7adba9e4cfd45bf9ed6895b65de8db1 P 597b40feaf764146b090bcec219d8ec9 [term 1 FOLLOWER]: Raft consensus is shut down!
I1002 04:41:19.946053 1945 tablet_replica.cc:257] T 8b3dacff5a0e47b58aa038290e5120a3 P 597b40feaf764146b090bcec219d8ec9: stopping tablet replica
I1002 04:41:19.946290 1945 maintenance_manager.cc:228] P 597b40feaf764146b090bcec219d8ec9: Unregistered op CompactRowSetsOp(8b3dacff5a0e47b58aa038290e5120a3)
I1002 04:41:19.946481 1945 maintenance_manager.cc:228] P 597b40feaf764146b090bcec219d8ec9: Unregistered op MinorDeltaCompactionOp(8b3dacff5a0e47b58aa038290e5120a3)
I1002 04:41:19.946655 1945 maintenance_manager.cc:228] P 597b40feaf764146b090bcec219d8ec9: Unregistered op MajorDeltaCompactionOp(8b3dacff5a0e47b58aa038290e5120a3)
I1002 04:41:19.946838 1945 maintenance_manager.cc:228] P 597b40feaf764146b090bcec219d8ec9: Unregistered op UndoDeltaBlockGCOp(8b3dacff5a0e47b58aa038290e5120a3)
I1002 04:41:19.947033 1945 maintenance_manager.cc:228] P 597b40feaf764146b090bcec219d8ec9: Unregistered op FlushMRSOp(8b3dacff5a0e47b58aa038290e5120a3)
I1002 04:41:19.947217 1945 maintenance_manager.cc:228] P 597b40feaf764146b090bcec219d8ec9: Unregistered op FlushDeltaMemStoresOp(8b3dacff5a0e47b58aa038290e5120a3)
I1002 04:41:19.947391 1945 maintenance_manager.cc:228] P 597b40feaf764146b090bcec219d8ec9: Unregistered op LogGCOp(8b3dacff5a0e47b58aa038290e5120a3)
I1002 04:41:19.947556 1945 raft_consensus.cc:1809] T 8b3dacff5a0e47b58aa038290e5120a3 P 597b40feaf764146b090bcec219d8ec9 [term 1 LEADER]: Raft consensus shutting down.
I1002 04:41:19.947861 1945 raft_consensus.cc:1836] T 8b3dacff5a0e47b58aa038290e5120a3 P 597b40feaf764146b090bcec219d8ec9 [term 1 FOLLOWER]: Raft consensus is shut down!
I1002 04:41:19.949923 1945 tablet_replica.cc:257] T a6c4c4e3fca64759a189f86545185cb4 P 597b40feaf764146b090bcec219d8ec9: stopping tablet replica
I1002 04:41:19.950160 1945 maintenance_manager.cc:228] P 597b40feaf764146b090bcec219d8ec9: Unregistered op CompactRowSetsOp(a6c4c4e3fca64759a189f86545185cb4)
I1002 04:41:19.950347 1945 maintenance_manager.cc:228] P 597b40feaf764146b090bcec219d8ec9: Unregistered op MinorDeltaCompactionOp(a6c4c4e3fca64759a189f86545185cb4)
I1002 04:41:19.950517 1945 maintenance_manager.cc:228] P 597b40feaf764146b090bcec219d8ec9: Unregistered op MajorDeltaCompactionOp(a6c4c4e3fca64759a189f86545185cb4)
I1002 04:41:19.950692 1945 maintenance_manager.cc:228] P 597b40feaf764146b090bcec219d8ec9: Unregistered op UndoDeltaBlockGCOp(a6c4c4e3fca64759a189f86545185cb4)
I1002 04:41:19.950902 1945 maintenance_manager.cc:228] P 597b40feaf764146b090bcec219d8ec9: Unregistered op FlushMRSOp(a6c4c4e3fca64759a189f86545185cb4)
I1002 04:41:19.951092 1945 maintenance_manager.cc:228] P 597b40feaf764146b090bcec219d8ec9: Unregistered op FlushDeltaMemStoresOp(a6c4c4e3fca64759a189f86545185cb4)
I1002 04:41:19.951267 1945 maintenance_manager.cc:228] P 597b40feaf764146b090bcec219d8ec9: Unregistered op LogGCOp(a6c4c4e3fca64759a189f86545185cb4)
I1002 04:41:19.951431 1945 raft_consensus.cc:1809] T a6c4c4e3fca64759a189f86545185cb4 P 597b40feaf764146b090bcec219d8ec9 [term 1 LEADER]: Raft consensus shutting down.
I1002 04:41:19.951731 1945 raft_consensus.cc:1836] T a6c4c4e3fca64759a189f86545185cb4 P 597b40feaf764146b090bcec219d8ec9 [term 1 FOLLOWER]: Raft consensus is shut down!
I1002 04:41:19.953768 1945 tablet_replica.cc:257] T 2d19d6639a314ff0a6b3fc14f6acee65 P 597b40feaf764146b090bcec219d8ec9: stopping tablet replica
I1002 04:41:19.954002 1945 maintenance_manager.cc:228] P 597b40feaf764146b090bcec219d8ec9: Unregistered op CompactRowSetsOp(2d19d6639a314ff0a6b3fc14f6acee65)
I1002 04:41:19.954186 1945 maintenance_manager.cc:228] P 597b40feaf764146b090bcec219d8ec9: Unregistered op MinorDeltaCompactionOp(2d19d6639a314ff0a6b3fc14f6acee65)
I1002 04:41:19.954363 1945 maintenance_manager.cc:228] P 597b40feaf764146b090bcec219d8ec9: Unregistered op MajorDeltaCompactionOp(2d19d6639a314ff0a6b3fc14f6acee65)
I1002 04:41:19.954541 1945 maintenance_manager.cc:228] P 597b40feaf764146b090bcec219d8ec9: Unregistered op UndoDeltaBlockGCOp(2d19d6639a314ff0a6b3fc14f6acee65)
I1002 04:41:19.954744 1945 maintenance_manager.cc:228] P 597b40feaf764146b090bcec219d8ec9: Unregistered op FlushMRSOp(2d19d6639a314ff0a6b3fc14f6acee65)
I1002 04:41:19.954941 1945 maintenance_manager.cc:228] P 597b40feaf764146b090bcec219d8ec9: Unregistered op FlushDeltaMemStoresOp(2d19d6639a314ff0a6b3fc14f6acee65)
I1002 04:41:19.955116 1945 maintenance_manager.cc:228] P 597b40feaf764146b090bcec219d8ec9: Unregistered op LogGCOp(2d19d6639a314ff0a6b3fc14f6acee65)
I1002 04:41:19.955281 1945 raft_consensus.cc:1809] T 2d19d6639a314ff0a6b3fc14f6acee65 P 597b40feaf764146b090bcec219d8ec9 [term 1 LEADER]: Raft consensus shutting down.
I1002 04:41:19.955565 1945 raft_consensus.cc:1836] T 2d19d6639a314ff0a6b3fc14f6acee65 P 597b40feaf764146b090bcec219d8ec9 [term 1 FOLLOWER]: Raft consensus is shut down!
I1002 04:41:19.957599 1945 tablet_replica.cc:257] T c2abb54fb2c04ceda64f9d91646e6b8b P 597b40feaf764146b090bcec219d8ec9: stopping tablet replica
I1002 04:41:19.957837 1945 maintenance_manager.cc:228] P 597b40feaf764146b090bcec219d8ec9: Unregistered op CompactRowSetsOp(c2abb54fb2c04ceda64f9d91646e6b8b)
I1002 04:41:19.958021 1945 maintenance_manager.cc:228] P 597b40feaf764146b090bcec219d8ec9: Unregistered op MinorDeltaCompactionOp(c2abb54fb2c04ceda64f9d91646e6b8b)
I1002 04:41:19.958194 1945 maintenance_manager.cc:228] P 597b40feaf764146b090bcec219d8ec9: Unregistered op MajorDeltaCompactionOp(c2abb54fb2c04ceda64f9d91646e6b8b)
I1002 04:41:19.958369 1945 maintenance_manager.cc:228] P 597b40feaf764146b090bcec219d8ec9: Unregistered op UndoDeltaBlockGCOp(c2abb54fb2c04ceda64f9d91646e6b8b)
I1002 04:41:19.958564 1945 maintenance_manager.cc:228] P 597b40feaf764146b090bcec219d8ec9: Unregistered op FlushMRSOp(c2abb54fb2c04ceda64f9d91646e6b8b)
I1002 04:41:19.958751 1945 maintenance_manager.cc:228] P 597b40feaf764146b090bcec219d8ec9: Unregistered op FlushDeltaMemStoresOp(c2abb54fb2c04ceda64f9d91646e6b8b)
I1002 04:41:19.958933 1945 maintenance_manager.cc:228] P 597b40feaf764146b090bcec219d8ec9: Unregistered op LogGCOp(c2abb54fb2c04ceda64f9d91646e6b8b)
I1002 04:41:19.959097 1945 raft_consensus.cc:1809] T c2abb54fb2c04ceda64f9d91646e6b8b P 597b40feaf764146b090bcec219d8ec9 [term 1 LEADER]: Raft consensus shutting down.
I1002 04:41:19.959383 1945 raft_consensus.cc:1836] T c2abb54fb2c04ceda64f9d91646e6b8b P 597b40feaf764146b090bcec219d8ec9 [term 1 FOLLOWER]: Raft consensus is shut down!
I1002 04:41:19.961390 1945 tablet_replica.cc:257] T f3fb5e589daa4528ace1ec2417533928 P 597b40feaf764146b090bcec219d8ec9: stopping tablet replica
I1002 04:41:19.961621 1945 maintenance_manager.cc:228] P 597b40feaf764146b090bcec219d8ec9: Unregistered op CompactRowSetsOp(f3fb5e589daa4528ace1ec2417533928)
I1002 04:41:19.961809 1945 maintenance_manager.cc:228] P 597b40feaf764146b090bcec219d8ec9: Unregistered op MinorDeltaCompactionOp(f3fb5e589daa4528ace1ec2417533928)
I1002 04:41:19.961977 1945 maintenance_manager.cc:228] P 597b40feaf764146b090bcec219d8ec9: Unregistered op MajorDeltaCompactionOp(f3fb5e589daa4528ace1ec2417533928)
I1002 04:41:19.962148 1945 maintenance_manager.cc:228] P 597b40feaf764146b090bcec219d8ec9: Unregistered op UndoDeltaBlockGCOp(f3fb5e589daa4528ace1ec2417533928)
I1002 04:41:19.962340 1945 maintenance_manager.cc:228] P 597b40feaf764146b090bcec219d8ec9: Unregistered op FlushMRSOp(f3fb5e589daa4528ace1ec2417533928)
I1002 04:41:19.962522 1945 maintenance_manager.cc:228] P 597b40feaf764146b090bcec219d8ec9: Unregistered op FlushDeltaMemStoresOp(f3fb5e589daa4528ace1ec2417533928)
I1002 04:41:19.962690 1945 maintenance_manager.cc:228] P 597b40feaf764146b090bcec219d8ec9: Unregistered op LogGCOp(f3fb5e589daa4528ace1ec2417533928)
I1002 04:41:19.962859 1945 raft_consensus.cc:1809] T f3fb5e589daa4528ace1ec2417533928 P 597b40feaf764146b090bcec219d8ec9 [term 1 LEADER]: Raft consensus shutting down.
I1002 04:41:19.963142 1945 raft_consensus.cc:1836] T f3fb5e589daa4528ace1ec2417533928 P 597b40feaf764146b090bcec219d8ec9 [term 1 FOLLOWER]: Raft consensus is shut down!
I1002 04:41:19.965113 1945 tablet_replica.cc:257] T 504b0493b9f04c9f8bb1a04ec498b6d9 P 597b40feaf764146b090bcec219d8ec9: stopping tablet replica
I1002 04:41:19.965345 1945 maintenance_manager.cc:228] P 597b40feaf764146b090bcec219d8ec9: Unregistered op CompactRowSetsOp(504b0493b9f04c9f8bb1a04ec498b6d9)
I1002 04:41:19.965523 1945 maintenance_manager.cc:228] P 597b40feaf764146b090bcec219d8ec9: Unregistered op MinorDeltaCompactionOp(504b0493b9f04c9f8bb1a04ec498b6d9)
I1002 04:41:19.965689 1945 maintenance_manager.cc:228] P 597b40feaf764146b090bcec219d8ec9: Unregistered op MajorDeltaCompactionOp(504b0493b9f04c9f8bb1a04ec498b6d9)
I1002 04:41:19.965870 1945 maintenance_manager.cc:228] P 597b40feaf764146b090bcec219d8ec9: Unregistered op UndoDeltaBlockGCOp(504b0493b9f04c9f8bb1a04ec498b6d9)
I1002 04:41:19.966058 1945 maintenance_manager.cc:228] P 597b40feaf764146b090bcec219d8ec9: Unregistered op FlushMRSOp(504b0493b9f04c9f8bb1a04ec498b6d9)
I1002 04:41:19.966239 1945 maintenance_manager.cc:228] P 597b40feaf764146b090bcec219d8ec9: Unregistered op FlushDeltaMemStoresOp(504b0493b9f04c9f8bb1a04ec498b6d9)
I1002 04:41:19.966441 1945 maintenance_manager.cc:228] P 597b40feaf764146b090bcec219d8ec9: Unregistered op LogGCOp(504b0493b9f04c9f8bb1a04ec498b6d9)
I1002 04:41:19.966610 1945 raft_consensus.cc:1809] T 504b0493b9f04c9f8bb1a04ec498b6d9 P 597b40feaf764146b090bcec219d8ec9 [term 1 LEADER]: Raft consensus shutting down.
I1002 04:41:19.966900 1945 raft_consensus.cc:1836] T 504b0493b9f04c9f8bb1a04ec498b6d9 P 597b40feaf764146b090bcec219d8ec9 [term 1 FOLLOWER]: Raft consensus is shut down!
I1002 04:41:19.968737 1945 tablet_replica.cc:257] T 94097c16487a41e7b08899815b0800c8 P 597b40feaf764146b090bcec219d8ec9: stopping tablet replica
I1002 04:41:19.968927 1945 maintenance_manager.cc:228] P 597b40feaf764146b090bcec219d8ec9: Unregistered op CompactRowSetsOp(94097c16487a41e7b08899815b0800c8)
I1002 04:41:19.969060 1945 maintenance_manager.cc:228] P 597b40feaf764146b090bcec219d8ec9: Unregistered op MinorDeltaCompactionOp(94097c16487a41e7b08899815b0800c8)
I1002 04:41:19.969183 1945 maintenance_manager.cc:228] P 597b40feaf764146b090bcec219d8ec9: Unregistered op MajorDeltaCompactionOp(94097c16487a41e7b08899815b0800c8)
I1002 04:41:19.969314 1945 maintenance_manager.cc:228] P 597b40feaf764146b090bcec219d8ec9: Unregistered op UndoDeltaBlockGCOp(94097c16487a41e7b08899815b0800c8)
I1002 04:41:19.969466 1945 maintenance_manager.cc:228] P 597b40feaf764146b090bcec219d8ec9: Unregistered op FlushMRSOp(94097c16487a41e7b08899815b0800c8)
I1002 04:41:19.969617 1945 maintenance_manager.cc:228] P 597b40feaf764146b090bcec219d8ec9: Unregistered op FlushDeltaMemStoresOp(94097c16487a41e7b08899815b0800c8)
I1002 04:41:19.969772 1945 maintenance_manager.cc:228] P 597b40feaf764146b090bcec219d8ec9: Unregistered op LogGCOp(94097c16487a41e7b08899815b0800c8)
I1002 04:41:19.969925 1945 raft_consensus.cc:1809] T 94097c16487a41e7b08899815b0800c8 P 597b40feaf764146b090bcec219d8ec9 [term 1 LEADER]: Raft consensus shutting down.
I1002 04:41:19.970180 1945 raft_consensus.cc:1836] T 94097c16487a41e7b08899815b0800c8 P 597b40feaf764146b090bcec219d8ec9 [term 1 FOLLOWER]: Raft consensus is shut down!
I1002 04:41:19.971873 1945 tablet_replica.cc:257] T b2a2a64ef3554db9bbbd08818084cc8c P 597b40feaf764146b090bcec219d8ec9: stopping tablet replica
I1002 04:41:19.972036 1945 maintenance_manager.cc:228] P 597b40feaf764146b090bcec219d8ec9: Unregistered op CompactRowSetsOp(b2a2a64ef3554db9bbbd08818084cc8c)
