I1002 04:41:02.688251 2590 raft_consensus.cc:545] T 00000000000000000000000000000000 P 1c09f87a50e0418093536ac39e59694f [term 1 LEADER]: Becoming Leader. State: Replica: 1c09f87a50e0418093536ac39e59694f, State: Running, Role: LEADER
I1002 04:41:02.688609 2590 consensus_queue.cc:169] T 00000000000000000000000000000000 P 1c09f87a50e0418093536ac39e59694f [LEADER]: Queue going to LEADER mode. State: All replicated index: 0, Majority replicated index: 0, Committed index: 0, Last appended: 0.0, Last appended by leader: 0, Current term: 1, Majority size: 1, State: 0, Mode: LEADER, active raft config: opid_index: -1 OBSOLETE_local: true peers { permanent_uuid: "1c09f87a50e0418093536ac39e59694f" member_type: VOTER }
I1002 04:41:02.690174 2588 sys_catalog.cc:320] T 00000000000000000000000000000000 P 1c09f87a50e0418093536ac39e59694f [sys.catalog]: SysCatalogTable state changed. Reason: Started TabletReplica. Latest consensus state: current_term: 1 leader_uuid: "1c09f87a50e0418093536ac39e59694f" committed_config { opid_index: -1 OBSOLETE_local: true peers { permanent_uuid: "1c09f87a50e0418093536ac39e59694f" member_type: VOTER } }
I1002 04:41:02.690601 2588 sys_catalog.cc:323] T 00000000000000000000000000000000 P 1c09f87a50e0418093536ac39e59694f [sys.catalog]: This master's current role is: LEADER
I1002 04:41:02.690753 2591 sys_catalog.cc:320] T 00000000000000000000000000000000 P 1c09f87a50e0418093536ac39e59694f [sys.catalog]: SysCatalogTable state changed. Reason: RaftConsensus started. Latest consensus state: current_term: 1 leader_uuid: "1c09f87a50e0418093536ac39e59694f" committed_config { opid_index: -1 OBSOLETE_local: true peers { permanent_uuid: "1c09f87a50e0418093536ac39e59694f" member_type: VOTER } }
I1002 04:41:02.691134 2591 sys_catalog.cc:323] T 00000000000000000000000000000000 P 1c09f87a50e0418093536ac39e59694f [sys.catalog]: This master's current role is: LEADER
I1002 04:41:02.691478 2592 sys_catalog.cc:320] T 00000000000000000000000000000000 P 1c09f87a50e0418093536ac39e59694f [sys.catalog]: SysCatalogTable state changed. Reason: New leader 1c09f87a50e0418093536ac39e59694f. Latest consensus state: current_term: 1 leader_uuid: "1c09f87a50e0418093536ac39e59694f" committed_config { opid_index: -1 OBSOLETE_local: true peers { permanent_uuid: "1c09f87a50e0418093536ac39e59694f" member_type: VOTER } }
I1002 04:41:02.691939 2592 sys_catalog.cc:323] T 00000000000000000000000000000000 P 1c09f87a50e0418093536ac39e59694f [sys.catalog]: This master's current role is: LEADER
I1002 04:41:02.693526 2588 sys_catalog.cc:407] T 00000000000000000000000000000000 P 1c09f87a50e0418093536ac39e59694f [sys.catalog]: configured and running, proceeding with master startup.
I1002 04:41:02.700348 2594 catalog_manager.cc:948] Loading table and tablet metadata into memory...
I1002 04:41:02.702519 2594 catalog_manager.cc:959] Initializing Kudu internal certificate authority...
I1002 04:41:02.741359 2594 catalog_manager.cc:846] Generated new certificate authority record
I1002 04:41:02.742841 2594 catalog_manager.cc:968] Loading token signing keys...
I1002 04:41:02.750735 2594 catalog_manager.cc:3538] T 00000000000000000000000000000000 P 1c09f87a50e0418093536ac39e59694f: Generated new TSK 0
I1002 04:41:02.784977 1945 server_base.cc:228] Could not load existing FS layout: Not found: /tmp/run_tha_test1fMIRV/test-tmp/alter_table-test.AlterTableTest.TestRenamePrimaryKeyColumn.1506919259568928-1945/minicluster-data/ts-0-root/instance: No such file or directory (error 2)
I1002 04:41:02.785137 1945 server_base.cc:229] Creating new FS layout
I1002 04:41:02.790798 1945 fs_manager.cc:477] Generated new instance metadata in path /tmp/run_tha_test1fMIRV/test-tmp/alter_table-test.AlterTableTest.TestRenamePrimaryKeyColumn.1506919259568928-1945/minicluster-data/ts-0-root/instance: uuid: "7f25839e10854e019784035a1b0e1c6c" format_stamp: "Formatted at 2017-10-02 04:41:02 on dist-test-slave-dist-test-slave-jfdk"
I1002 04:41:02.800725 1945 fs_manager.cc:434] Time spent creating directory manager: real 0.009s user 0.008s sys 0.008s
I1002 04:41:02.801692 1945 file_cache.cc:470] Constructed file cache lbm with capacity 26214
I1002 04:41:02.816521 1945 fs_manager.cc:336] Time spent opening block manager: real 0.010s user 0.004s sys 0.008s
I1002 04:41:02.816689 1945 fs_manager.cc:349] Opened local filesystem: /tmp/run_tha_test1fMIRV/test-tmp/alter_table-test.AlterTableTest.TestRenamePrimaryKeyColumn.1506919259568928-1945/minicluster-data/ts-0-root uuid: "7f25839e10854e019784035a1b0e1c6c" format_stamp: "Formatted at 2017-10-02 04:41:02 on dist-test-slave-dist-test-slave-jfdk"
I1002 04:41:02.816893 1945 fs_report.cc:347] Block manager report -------------------- 1 data directories: /tmp/run_tha_test1fMIRV/test-tmp/alter_table-test.AlterTableTest.TestRenamePrimaryKeyColumn.1506919259568928-1945/minicluster-data/ts-0-root/data Total live blocks: 0 Total live bytes: 0 Total live bytes (after alignment): 0 Total number of LBM containers: 0 (0 full) Did not check for missing blocks Did not check for orphaned blocks Total full LBM containers with extra space: 0 (0 repaired) Total full LBM container extra space in bytes: 0 (0 repaired) Total incomplete LBM containers: 0 (0 repaired) Total LBM partial records: 0 (0 repaired)
I1002 04:41:02.853020 1945 ts_tablet_manager.cc:296] Loaded tablet metadata (0 live tablets)
I1002 04:41:03.128105 1945 rpc_server.cc:192] RPC server started. Bound to: 127.7.153.1:59617
I1002 04:41:03.128893 1945 webserver.cc:149] Starting webserver on 127.7.153.1:0
I1002 04:41:03.128998 1945 webserver.cc:160] Document root disabled
I1002 04:41:03.132172 1945 webserver.cc:282] Webserver started. Bound to: http://127.7.153.1:57401/
I1002 04:41:03.151120 2661 heartbeater.cc:324] Connected to a master server at 127.7.153.254:58347
I1002 04:41:03.151356 2661 heartbeater.cc:401] Registering TS with master...
I1002 04:41:03.151759 2661 heartbeater.cc:428] Master 127.7.153.254:58347 requested a full tablet report, sending...
I1002 04:41:03.153030 2555 ts_manager.cc:81] Registered new tserver with Master: 7f25839e10854e019784035a1b0e1c6c (127.7.153.1:59617)
I1002 04:41:03.153949 1945 internal_mini_cluster.cc:304] 1 TS(s) registered with all masters after 0.012157163s
I1002 04:41:03.154922 2555 master_service.cc:203] Signed X509 certificate for tserver {username='slave'} at 127.0.0.1:47482
I1002 04:41:03.167629 2661 heartbeater.cc:420] Master 127.7.153.254:58347 was elected leader, sending a full tablet report...
I1002 04:41:03.175386 2555 catalog_manager.cc:1211] Servicing CreateTable request from {username='slave'} at 127.0.0.1:47483: name: "fake-table" schema { columns { name: "c0" type: INT32 is_key: true is_nullable: false encoding: AUTO_ENCODING compression: DEFAULT_COMPRESSION cfile_block_size: 0 } columns { name: "c1" type: INT32 is_key: false is_nullable: false encoding: AUTO_ENCODING compression: DEFAULT_COMPRESSION cfile_block_size: 0 } } num_replicas: 1 split_rows_range_bounds { } partition_schema { range_schema { columns { name: "c0" } } }
I1002 04:41:03.200814 2628 tablet_service.cc:765] Processing CreateTablet for tablet b2aa9f2acb4141b6babb532835bda216 (table=fake-table [id=828a817da3ea4ad89a70f3a124a00542]), partition=RANGE (c0) PARTITION UNBOUNDED
I1002 04:41:03.208513 2628 ts_tablet_manager.cc:1028] T b2aa9f2acb4141b6babb532835bda216 P 7f25839e10854e019784035a1b0e1c6c: Registered tablet (data state: TABLET_DATA_READY)
I1002 04:41:03.210693 2673 ts_tablet_manager.cc:878] T b2aa9f2acb4141b6babb532835bda216 P 7f25839e10854e019784035a1b0e1c6c: Bootstrapping tablet
I1002 04:41:03.211105 2673 tablet_bootstrap.cc:432] T b2aa9f2acb4141b6babb532835bda216 P 7f25839e10854e019784035a1b0e1c6c: Bootstrap starting.
I1002 04:41:03.213698 2673 tablet_bootstrap.cc:567] T b2aa9f2acb4141b6babb532835bda216 P 7f25839e10854e019784035a1b0e1c6c: No blocks or log segments found. Creating new log.
I1002 04:41:03.216588 2673 tablet_bootstrap.cc:432] T b2aa9f2acb4141b6babb532835bda216 P 7f25839e10854e019784035a1b0e1c6c: No bootstrap required, opened a new log
I1002 04:41:03.216883 2673 ts_tablet_manager.cc:903] T b2aa9f2acb4141b6babb532835bda216 P 7f25839e10854e019784035a1b0e1c6c: Time spent bootstrapping tablet: real 0.006s user 0.004s sys 0.000s
I1002 04:41:03.218295 2673 raft_consensus.cc:286] T b2aa9f2acb4141b6babb532835bda216 P 7f25839e10854e019784035a1b0e1c6c [term 0 FOLLOWER]: Replica starting. Triggering 0 pending transactions. Active config: opid_index: -1 OBSOLETE_local: true peers { permanent_uuid: "7f25839e10854e019784035a1b0e1c6c" member_type: VOTER last_known_addr { host: "127.7.153.1" port: 59617 } }
I1002 04:41:03.218775 2673 raft_consensus.cc:312] T b2aa9f2acb4141b6babb532835bda216 P 7f25839e10854e019784035a1b0e1c6c [term 0 FOLLOWER]: Consensus starting up: Expiring failure detector timer to make a prompt election more likely
I1002 04:41:03.219115 2673 raft_consensus.cc:578] T b2aa9f2acb4141b6babb532835bda216 P 7f25839e10854e019784035a1b0e1c6c [term 0 FOLLOWER]: Becoming Follower/Learner. State: Replica: 7f25839e10854e019784035a1b0e1c6c, State: Initialized, Role: FOLLOWER
I1002 04:41:03.219411 2673 consensus_queue.cc:190] T b2aa9f2acb4141b6babb532835bda216 P 7f25839e10854e019784035a1b0e1c6c [NON_LEADER]: Queue going to NON_LEADER mode. State: All replicated index: 0, Majority replicated index: 0, Committed index: 0, Last appended: 0.0, Last appended by leader: 0, Current term: 0, Majority size: -1, State: 0, Mode: NON_LEADER
I1002 04:41:03.219732 2673 raft_consensus.cc:327] T b2aa9f2acb4141b6babb532835bda216 P 7f25839e10854e019784035a1b0e1c6c [term 0 FOLLOWER]: Only one voter in the Raft config. Triggering election immediately
I1002 04:41:03.219926 2673 raft_consensus.cc:411] T b2aa9f2acb4141b6babb532835bda216 P 7f25839e10854e019784035a1b0e1c6c [term 0 FOLLOWER]: Starting leader election (initial election of a single-replica configuration)
I1002 04:41:03.220134 2673 raft_consensus.cc:2457] T b2aa9f2acb4141b6babb532835bda216 P 7f25839e10854e019784035a1b0e1c6c: Snoozing failure detection for 1.929s (starting election)
I1002 04:41:03.220340 2673 raft_consensus.cc:2509] T b2aa9f2acb4141b6babb532835bda216 P 7f25839e10854e019784035a1b0e1c6c [term 0 FOLLOWER]: Advancing to term 1
I1002 04:41:03.225358 2673 raft_consensus.cc:433] T b2aa9f2acb4141b6babb532835bda216 P 7f25839e10854e019784035a1b0e1c6c [term 1 FOLLOWER]: Starting leader election with config: opid_index: -1 OBSOLETE_local: true peers { permanent_uuid: "7f25839e10854e019784035a1b0e1c6c" member_type: VOTER last_known_addr { host: "127.7.153.1" port: 59617 } }
I1002 04:41:03.225869 2673 leader_election.cc:248] T b2aa9f2acb4141b6babb532835bda216 P 7f25839e10854e019784035a1b0e1c6c [CANDIDATE]: Term 1 election: Election decided. Result: candidate won.
I1002 04:41:03.226948 2675 raft_consensus.cc:2457] T b2aa9f2acb4141b6babb532835bda216 P 7f25839e10854e019784035a1b0e1c6c: Snoozing failure detection for 1.964s (election complete)
I1002 04:41:03.227155 2675 raft_consensus.cc:2281] T b2aa9f2acb4141b6babb532835bda216 P 7f25839e10854e019784035a1b0e1c6c [term 1 FOLLOWER]: Leader election won for term 1
I1002 04:41:03.228272 2673 ts_tablet_manager.cc:931] T b2aa9f2acb4141b6babb532835bda216 P 7f25839e10854e019784035a1b0e1c6c: Time spent starting tablet: real 0.011s user 0.012s sys 0.000s
I1002 04:41:03.229084 2675 raft_consensus.cc:545] T b2aa9f2acb4141b6babb532835bda216 P 7f25839e10854e019784035a1b0e1c6c [term 1 LEADER]: Becoming Leader. State: Replica: 7f25839e10854e019784035a1b0e1c6c, State: Running, Role: LEADER
I1002 04:41:03.229379 2675 consensus_queue.cc:169] T b2aa9f2acb4141b6babb532835bda216 P 7f25839e10854e019784035a1b0e1c6c [LEADER]: Queue going to LEADER mode. State: All replicated index: 0, Majority replicated index: 0, Committed index: 0, Last appended: 0.0, Last appended by leader: 0, Current term: 1, Majority size: 1, State: 0, Mode: LEADER, active raft config: opid_index: -1 OBSOLETE_local: true peers { permanent_uuid: "7f25839e10854e019784035a1b0e1c6c" member_type: VOTER last_known_addr { host: "127.7.153.1" port: 59617 } }
I1002 04:41:03.233582 2555 catalog_manager.cc:2510] T b2aa9f2acb4141b6babb532835bda216 P 7f25839e10854e019784035a1b0e1c6c reported cstate change: term changed from 0 to 1, leader changed from to 7f25839e10854e019784035a1b0e1c6c (127.7.153.1). New cstate: current_term: 1 leader_uuid: "7f25839e10854e019784035a1b0e1c6c" committed_config { opid_index: -1 OBSOLETE_local: true peers { permanent_uuid: "7f25839e10854e019784035a1b0e1c6c" member_type: VOTER last_known_addr { host: "127.7.153.1" port: 59617 } } }
I1002 04:41:03.245297 1945 alter_table-test.cc:156] Tablet successfully located
I1002 04:41:03.268385 1945 tablet.cc:1065] T b2aa9f2acb4141b6babb532835bda216 P 7f25839e10854e019784035a1b0e1c6c: Flush: entering stage 1 (old memrowset already frozen for inserts)
I1002 04:41:03.268545 1945 compaction.cc:903] Selected 1 rowsets to compact:
I1002 04:41:03.268649 1945 compaction.cc:906] memrowset(current size on disk: ~0 bytes)
I1002 04:41:03.268761 1945 tablet.cc:1067] T b2aa9f2acb4141b6babb532835bda216 P 7f25839e10854e019784035a1b0e1c6c: Memstore in-memory size: 763 bytes
I1002 04:41:03.268894 1945 tablet.cc:1330] T b2aa9f2acb4141b6babb532835bda216 P 7f25839e10854e019784035a1b0e1c6c: Flush: entering phase 1 (flushing snapshot). Phase 1 snapshot: MvccSnapshot[committed={T|T < 3 or (T in {3})}]
I1002 04:41:03.271384 1945 multi_column_writer.cc:103] Opened CFile writers for 2 column(s)
I1002 04:41:03.278930 1945 tablet.cc:1415] T b2aa9f2acb4141b6babb532835bda216 P 7f25839e10854e019784035a1b0e1c6c: Flush: entering phase 2 (starting to duplicate updates in new rowsets)
I1002 04:41:03.279204 1945 tablet.cc:1470] T b2aa9f2acb4141b6babb532835bda216 P 7f25839e10854e019784035a1b0e1c6c: Flush Phase 2: carrying over any updates which arrived during Phase 1
I1002 04:41:03.279317 1945 tablet.cc:1472] T b2aa9f2acb4141b6babb532835bda216 P 7f25839e10854e019784035a1b0e1c6c: Phase 2 snapshot: MvccSnapshot[committed={T|T < 3 or (T in {3})}]
I1002 04:41:03.283960 1945 tablet.cc:1514] T b2aa9f2acb4141b6babb532835bda216 P 7f25839e10854e019784035a1b0e1c6c: Flush successful on 1 rows (4470 bytes)
I1002 04:41:03.285601 2555 catalog_manager.cc:1875] Servicing AlterTable request from {username='slave'} at 127.0.0.1:47483: table { table_name: "fake-table" } alter_schema_steps { type: RENAME_COLUMN rename_column { old_name: "c0" new_name: "primaryKeyRenamed" } } alter_schema_steps { type: RENAME_COLUMN rename_column { old_name: "c1" new_name: "secondColumn" } }
I1002 04:41:03.293447 2681 tablet.cc:1113] T b2aa9f2acb4141b6babb532835bda216 P 7f25839e10854e019784035a1b0e1c6c: Alter schema from Schema [ 10:c0[int32 NOT NULL], 11:c1[int32 NOT NULL] ] version 0 to Schema [ 10:primaryKeyRenamed[int32 NOT NULL], 11:secondColumn[int32 NOT NULL] ] version 1
I1002 04:41:03.294370 2681 tablet.cc:1056] T b2aa9f2acb4141b6babb532835bda216 P 7f25839e10854e019784035a1b0e1c6c: MemRowSet was empty: no flush needed.
I1002 04:41:03.307036 2555 catalog_manager.cc:3662] T 00000000000000000000000000000000 P 1c09f87a50e0418093536ac39e59694f: fake-table [id=828a817da3ea4ad89a70f3a124a00542] alter complete (version 1)
I1002 04:41:03.327697 2555 catalog_manager.cc:1875] Servicing AlterTable request from {username='slave'} at 127.0.0.1:47483: table { table_name: "fake-table" } alter_schema_steps { type: RENAME_COLUMN rename_column { old_name: "primaryKeyRenamed" new_name: "pk" } } alter_schema_steps { type: RENAME_COLUMN rename_column { old_name: "secondColumn" new_name: "sc" } }
I1002 04:41:03.336568 2681 tablet.cc:1113] T b2aa9f2acb4141b6babb532835bda216 P 7f25839e10854e019784035a1b0e1c6c: Alter schema from Schema [ 10:primaryKeyRenamed[int32 NOT NULL], 11:secondColumn[int32 NOT NULL] ] version 1 to Schema [ 10:pk[int32 NOT NULL], 11:sc[int32 NOT NULL] ] version 2
I1002 04:41:03.337388 2681 tablet.cc:1065] T b2aa9f2acb4141b6babb532835bda216 P 7f25839e10854e019784035a1b0e1c6c: Flush: entering stage 1 (old memrowset already frozen for inserts)
I1002 04:41:03.337596 2681 compaction.cc:903] Selected 1 rowsets to compact:
I1002 04:41:03.337770 2681 compaction.cc:906] memrowset(current size on disk: ~0 bytes)
I1002 04:41:03.337934 2681 tablet.cc:1067] T b2aa9f2acb4141b6babb532835bda216 P 7f25839e10854e019784035a1b0e1c6c: Memstore in-memory size: 763 bytes
I1002 04:41:03.338137 2681 tablet.cc:1330] T b2aa9f2acb4141b6babb532835bda216 P 7f25839e10854e019784035a1b0e1c6c: Flush: entering phase 1 (flushing snapshot). Phase 1 snapshot: MvccSnapshot[committed={T|T < 7}]
I1002 04:41:03.339470 2681 multi_column_writer.cc:103] Opened CFile writers for 2 column(s)
I1002 04:41:03.346596 2681 tablet.cc:1415] T b2aa9f2acb4141b6babb532835bda216 P 7f25839e10854e019784035a1b0e1c6c: Flush: entering phase 2 (starting to duplicate updates in new rowsets)
I1002 04:41:03.347062 2681 tablet.cc:1470] T b2aa9f2acb4141b6babb532835bda216 P 7f25839e10854e019784035a1b0e1c6c: Flush Phase 2: carrying over any updates which arrived during Phase 1
I1002 04:41:03.347263 2681 tablet.cc:1472] T b2aa9f2acb4141b6babb532835bda216 P 7f25839e10854e019784035a1b0e1c6c: Phase 2 snapshot: MvccSnapshot[committed={T|T < 7}]
I1002 04:41:03.354974 2681 tablet.cc:1514] T b2aa9f2acb4141b6babb532835bda216 P 7f25839e10854e019784035a1b0e1c6c: Flush successful on 1 rows (4474 bytes)
I1002 04:41:03.363579 2555 catalog_manager.cc:3662] T 00000000000000000000000000000000 P 1c09f87a50e0418093536ac39e59694f: fake-table [id=828a817da3ea4ad89a70f3a124a00542] alter complete (version 2)
I1002 04:41:03.386286 1945 tablet_server.cc:141] TabletServer shutting down...
I1002 04:41:03.407151 1945 ts_tablet_manager.cc:976] Shutting down tablet manager...
I1002 04:41:03.407402 1945 tablet_replica.cc:257] T b2aa9f2acb4141b6babb532835bda216 P 7f25839e10854e019784035a1b0e1c6c: stopping tablet replica
I1002 04:41:03.407639 1945 maintenance_manager.cc:228] P 7f25839e10854e019784035a1b0e1c6c: Unregistered op CompactRowSetsOp(b2aa9f2acb4141b6babb532835bda216)
I1002 04:41:03.407847 1945 maintenance_manager.cc:228] P 7f25839e10854e019784035a1b0e1c6c: Unregistered op MinorDeltaCompactionOp(b2aa9f2acb4141b6babb532835bda216)
I1002 04:41:03.407996 1945 maintenance_manager.cc:228] P 7f25839e10854e019784035a1b0e1c6c: Unregistered op MajorDeltaCompactionOp(b2aa9f2acb4141b6babb532835bda216)
I1002 04:41:03.408113 1945 maintenance_manager.cc:228] P 7f25839e10854e019784035a1b0e1c6c: Unregistered op UndoDeltaBlockGCOp(b2aa9f2acb4141b6babb532835bda216)
I1002 04:41:03.408231 1945 maintenance_manager.cc:228] P 7f25839e10854e019784035a1b0e1c6c: Unregistered op FlushMRSOp(b2aa9f2acb4141b6babb532835bda216)
I1002 04:41:03.408347 1945 maintenance_manager.cc:228] P 7f25839e10854e019784035a1b0e1c6c: Unregistered op FlushDeltaMemStoresOp(b2aa9f2acb4141b6babb532835bda216)
I1002 04:41:03.408443 1945 maintenance_manager.cc:228] P 7f25839e10854e019784035a1b0e1c6c: Unregistered op LogGCOp(b2aa9f2acb4141b6babb532835bda216)
I1002 04:41:03.408550 1945 raft_consensus.cc:1809] T b2aa9f2acb4141b6babb532835bda216 P 7f25839e10854e019784035a1b0e1c6c [term 1 LEADER]: Raft consensus shutting down.
I1002 04:41:03.408780 1945 raft_consensus.cc:1836] T b2aa9f2acb4141b6babb532835bda216 P 7f25839e10854e019784035a1b0e1c6c [term 1 FOLLOWER]: Raft consensus is shut down!
I1002 04:41:03.427251 1945 tablet_server.cc:154] TabletServer shutdown complete.
I1002 04:41:03.427394 1945 tablet_server.cc:141] TabletServer shutting down...
I1002 04:41:03.427597 1945 tablet_server.cc:154] TabletServer shutdown complete.
I1002 04:41:03.433388 1945 master.cc:222] Master@127.7.153.254:58347 shutting down...
I1002 04:41:03.451066 1945 raft_consensus.cc:1809] T 00000000000000000000000000000000 P 1c09f87a50e0418093536ac39e59694f [term 1 LEADER]: Raft consensus shutting down.
I1002 04:41:03.451450 1945 raft_consensus.cc:1836] T 00000000000000000000000000000000 P 1c09f87a50e0418093536ac39e59694f [term 1 FOLLOWER]: Raft consensus is shut down!
I1002 04:41:03.451725 1945 tablet_replica.cc:257] T 00000000000000000000000000000000 P 1c09f87a50e0418093536ac39e59694f: stopping tablet replica
I1002 04:41:03.451943 1945 maintenance_manager.cc:228] P 1c09f87a50e0418093536ac39e59694f: Unregistered op CompactRowSetsOp(00000000000000000000000000000000)
I1002 04:41:03.452126 1945 maintenance_manager.cc:228] P 1c09f87a50e0418093536ac39e59694f: Unregistered op MinorDeltaCompactionOp(00000000000000000000000000000000)
I1002 04:41:03.452294 1945 maintenance_manager.cc:228] P 1c09f87a50e0418093536ac39e59694f: Unregistered op MajorDeltaCompactionOp(00000000000000000000000000000000)
I1002 04:41:03.452464 1945 maintenance_manager.cc:228] P 1c09f87a50e0418093536ac39e59694f: Unregistered op UndoDeltaBlockGCOp(00000000000000000000000000000000)
I1002 04:41:03.452651 1945 maintenance_manager.cc:228] P 1c09f87a50e0418093536ac39e59694f: Unregistered op FlushMRSOp(00000000000000000000000000000000)
I1002 04:41:03.452841 1945 maintenance_manager.cc:228] P 1c09f87a50e0418093536ac39e59694f: Unregistered op FlushDeltaMemStoresOp(00000000000000000000000000000000)
I1002 04:41:03.452996 1945 maintenance_manager.cc:228] P 1c09f87a50e0418093536ac39e59694f: Unregistered op LogGCOp(00000000000000000000000000000000)
I1002 04:41:03.469504 1945 master.cc:233] Master@127.7.153.254:58347 shutdown complete. [ OK ] AlterTableTest.TestRenamePrimaryKeyColumn (1168 ms) [ RUN ] AlterTableTest.TestAddChangeRemoveColumnDefaultValue
I1002 04:41:03.496474 1945 server_base.cc:228] Could not load existing FS layout: Not found: /tmp/run_tha_test1fMIRV/test-tmp/alter_table-test.AlterTableTest.TestAddChangeRemoveColumnDefaultValue.1506919259568928-1945/minicluster-data/master-0-root/instance: No such file or directory (error 2)
I1002 04:41:03.496675 1945 server_base.cc:229] Creating new FS layout
I1002 04:41:03.506402 1945 fs_manager.cc:477] Generated new instance metadata in path /tmp/run_tha_test1fMIRV/test-tmp/alter_table-test.AlterTableTest.TestAddChangeRemoveColumnDefaultValue.1506919259568928-1945/minicluster-data/master-0-root/instance: uuid: "40b10490fde645c39e19109328ba3564" format_stamp: "Formatted at 2017-10-02 04:41:03 on dist-test-slave-dist-test-slave-jfdk"
I1002 04:41:03.518718 1945 fs_manager.cc:434] Time spent creating directory manager: real 0.012s user 0.008s sys 0.004s
I1002 04:41:03.520140 1945 file_cache.cc:470] Constructed file cache lbm with capacity 26214
I1002 04:41:03.530144 1945 fs_manager.cc:336] Time spent opening block manager: real 0.001s user 0.000s sys 0.004s
I1002 04:41:03.530354 1945 fs_manager.cc:349] Opened local filesystem: /tmp/run_tha_test1fMIRV/test-tmp/alter_table-test.AlterTableTest.TestAddChangeRemoveColumnDefaultValue.1506919259568928-1945/minicluster-data/master-0-root uuid: "40b10490fde645c39e19109328ba3564" format_stamp: "Formatted at 2017-10-02 04:41:03 on dist-test-slave-dist-test-slave-jfdk"
I1002 04:41:03.530628 1945 fs_report.cc:347] Block manager report -------------------- 1 data directories: /tmp/run_tha_test1fMIRV/test-tmp/alter_table-test.AlterTableTest.TestAddChangeRemoveColumnDefaultValue.1506919259568928-1945/minicluster-data/master-0-root/data Total live blocks: 0 Total live bytes: 0 Total live bytes (after alignment): 0 Total number of LBM containers: 0 (0 full) Did not check for missing blocks Did not check for orphaned blocks Total full LBM containers with extra space: 0 (0 repaired) Total full LBM container extra space in bytes: 0 (0 repaired) Total incomplete LBM containers: 0 (0 repaired) Total LBM partial records: 0 (0 repaired)
I1002 04:41:03.586586 1945 rpc_server.cc:192] RPC server started. Bound to: 127.7.153.254:43241
I1002 04:41:03.587626 1945 webserver.cc:149] Starting webserver on 127.7.153.254:0
I1002 04:41:03.587790 1945 webserver.cc:160] Document root disabled
I1002 04:41:03.588714 1945 webserver.cc:282] Webserver started. Bound to: http://127.7.153.254:36764/
I1002 04:41:03.596134 2735 tablet_bootstrap.cc:432] T 00000000000000000000000000000000 P 40b10490fde645c39e19109328ba3564: Bootstrap starting.
I1002 04:41:03.598207 2735 tablet_bootstrap.cc:567] T 00000000000000000000000000000000 P 40b10490fde645c39e19109328ba3564: No blocks or log segments found. Creating new log.
I1002 04:41:03.600970 2735 tablet_bootstrap.cc:432] T 00000000000000000000000000000000 P 40b10490fde645c39e19109328ba3564: No bootstrap required, opened a new log
I1002 04:41:03.602438 2735 raft_consensus.cc:286] T 00000000000000000000000000000000 P 40b10490fde645c39e19109328ba3564 [term 0 FOLLOWER]: Replica starting. Triggering 0 pending transactions. Active config: opid_index: -1 OBSOLETE_local: true peers { permanent_uuid: "40b10490fde645c39e19109328ba3564" member_type: VOTER }
I1002 04:41:03.602870 2735 raft_consensus.cc:312] T 00000000000000000000000000000000 P 40b10490fde645c39e19109328ba3564 [term 0 FOLLOWER]: Consensus starting up: Expiring failure detector timer to make a prompt election more likely
I1002 04:41:03.603183 2735 raft_consensus.cc:578] T 00000000000000000000000000000000 P 40b10490fde645c39e19109328ba3564 [term 0 FOLLOWER]: Becoming Follower/Learner. State: Replica: 40b10490fde645c39e19109328ba3564, State: Initialized, Role: FOLLOWER
I1002 04:41:03.603466 2735 consensus_queue.cc:190] T 00000000000000000000000000000000 P 40b10490fde645c39e19109328ba3564 [NON_LEADER]: Queue going to NON_LEADER mode. State: All replicated index: 0, Majority replicated index: 0, Committed index: 0, Last appended: 0.0, Last appended by leader: 0, Current term: 0, Majority size: -1, State: 0, Mode: NON_LEADER
I1002 04:41:03.603806 2735 raft_consensus.cc:327] T 00000000000000000000000000000000 P 40b10490fde645c39e19109328ba3564 [term 0 FOLLOWER]: Only one voter in the Raft config. Triggering election immediately
I1002 04:41:03.604003 2735 raft_consensus.cc:411] T 00000000000000000000000000000000 P 40b10490fde645c39e19109328ba3564 [term 0 FOLLOWER]: Starting leader election (initial election of a single-replica configuration)
I1002 04:41:03.604215 2735 raft_consensus.cc:2457] T 00000000000000000000000000000000 P 40b10490fde645c39e19109328ba3564: Snoozing failure detection for 1.608s (starting election)
I1002 04:41:03.604432 2735 raft_consensus.cc:2509] T 00000000000000000000000000000000 P 40b10490fde645c39e19109328ba3564 [term 0 FOLLOWER]: Advancing to term 1
I1002 04:41:03.608641 2735 raft_consensus.cc:433] T 00000000000000000000000000000000 P 40b10490fde645c39e19109328ba3564 [term 1 FOLLOWER]: Starting leader election with config: opid_index: -1 OBSOLETE_local: true peers { permanent_uuid: "40b10490fde645c39e19109328ba3564" member_type: VOTER }
I1002 04:41:03.609128 2735 leader_election.cc:248] T 00000000000000000000000000000000 P 40b10490fde645c39e19109328ba3564 [CANDIDATE]: Term 1 election: Election decided. Result: candidate won.
I1002 04:41:03.610306 2737 raft_consensus.cc:2457] T 00000000000000000000000000000000 P 40b10490fde645c39e19109328ba3564: Snoozing failure detection for 2.081s (election complete)
I1002 04:41:03.610527 2737 raft_consensus.cc:2281] T 00000000000000000000000000000000 P 40b10490fde645c39e19109328ba3564 [term 1 FOLLOWER]: Leader election won for term 1
I1002 04:41:03.621143 2737 raft_consensus.cc:545] T 00000000000000000000000000000000 P 40b10490fde645c39e19109328ba3564 [term 1 LEADER]: Becoming Leader. State: Replica: 40b10490fde645c39e19109328ba3564, State: Running, Role: LEADER
I1002 04:41:03.621476 2737 consensus_queue.cc:169] T 00000000000000000000000000000000 P 40b10490fde645c39e19109328ba3564 [LEADER]: Queue going to LEADER mode. State: All replicated index: 0, Majority replicated index: 0, Committed index: 0, Last appended: 0.0, Last appended by leader: 0, Current term: 1, Majority size: 1, State: 0, Mode: LEADER, active raft config: opid_index: -1 OBSOLETE_local: true peers { permanent_uuid: "40b10490fde645c39e19109328ba3564" member_type: VOTER }
I1002 04:41:03.623173 2738 sys_catalog.cc:320] T 00000000000000000000000000000000 P 40b10490fde645c39e19109328ba3564 [sys.catalog]: SysCatalogTable state changed. Reason: RaftConsensus started. Latest consensus state: current_term: 1 leader_uuid: "40b10490fde645c39e19109328ba3564" committed_config { opid_index: -1 OBSOLETE_local: true peers { permanent_uuid: "40b10490fde645c39e19109328ba3564" member_type: VOTER } }
I1002 04:41:03.623533 2738 sys_catalog.cc:323] T 00000000000000000000000000000000 P 40b10490fde645c39e19109328ba3564 [sys.catalog]: This master's current role is: LEADER
I1002 04:41:03.623591 2739 sys_catalog.cc:320] T 00000000000000000000000000000000 P 40b10490fde645c39e19109328ba3564 [sys.catalog]: SysCatalogTable state changed. Reason: New leader 40b10490fde645c39e19109328ba3564. Latest consensus state: current_term: 1 leader_uuid: "40b10490fde645c39e19109328ba3564" committed_config { opid_index: -1 OBSOLETE_local: true peers { permanent_uuid: "40b10490fde645c39e19109328ba3564" member_type: VOTER } }
I1002 04:41:03.624032 2739 sys_catalog.cc:323] T 00000000000000000000000000000000 P 40b10490fde645c39e19109328ba3564 [sys.catalog]: This master's current role is: LEADER
I1002 04:41:03.623086 2735 sys_catalog.cc:320] T 00000000000000000000000000000000 P 40b10490fde645c39e19109328ba3564 [sys.catalog]: SysCatalogTable state changed. Reason: Started TabletReplica. Latest consensus state: current_term: 1 leader_uuid: "40b10490fde645c39e19109328ba3564" committed_config { opid_index: -1 OBSOLETE_local: true peers { permanent_uuid: "40b10490fde645c39e19109328ba3564" member_type: VOTER } }
I1002 04:41:03.624295 2735 sys_catalog.cc:323] T 00000000000000000000000000000000 P 40b10490fde645c39e19109328ba3564 [sys.catalog]: This master's current role is: LEADER
I1002 04:41:03.627310 2735 sys_catalog.cc:407] T 00000000000000000000000000000000 P 40b10490fde645c39e19109328ba3564 [sys.catalog]: configured and running, proceeding with master startup.
I1002 04:41:03.627496 2741 catalog_manager.cc:948] Loading table and tablet metadata into memory...
I1002 04:41:03.628296 2742 catalog_manager.cc:493] Waiting for catalog manager background task thread to start: Service unavailable: Catalog manager is not initialized. State: 1
I1002 04:41:03.630344 2741 catalog_manager.cc:959] Initializing Kudu internal certificate authority...
I1002 04:41:03.667433 2741 catalog_manager.cc:846] Generated new certificate authority record
I1002 04:41:03.669782 2741 catalog_manager.cc:968] Loading token signing keys...
I1002 04:41:03.682785 2741 catalog_manager.cc:3538] T 00000000000000000000000000000000 P 40b10490fde645c39e19109328ba3564: Generated new TSK 0
I1002 04:41:03.705026 1945 server_base.cc:228] Could not load existing FS layout: Not found: /tmp/run_tha_test1fMIRV/test-tmp/alter_table-test.AlterTableTest.TestAddChangeRemoveColumnDefaultValue.1506919259568928-1945/minicluster-data/ts-0-root/instance: No such file or directory (error 2)
I1002 04:41:03.705236 1945 server_base.cc:229] Creating new FS layout
I1002 04:41:03.714942 1945 fs_manager.cc:477] Generated new instance metadata in path /tmp/run_tha_test1fMIRV/test-tmp/alter_table-test.AlterTableTest.TestAddChangeRemoveColumnDefaultValue.1506919259568928-1945/minicluster-data/ts-0-root/instance: uuid: "94b7ca1736b946d18ca349c891b3b18f" format_stamp: "Formatted at 2017-10-02 04:41:03 on dist-test-slave-dist-test-slave-jfdk"
I1002 04:41:03.727295 1945 fs_manager.cc:434] Time spent creating directory manager: real 0.012s user 0.008s sys 0.008s
I1002 04:41:03.728723 1945 file_cache.cc:470] Constructed file cache lbm with capacity 26214
I1002 04:41:03.738888 1945 fs_manager.cc:336] Time spent opening block manager: real 0.001s user 0.000s sys 0.000s
I1002 04:41:03.739094 1945 fs_manager.cc:349] Opened local filesystem: /tmp/run_tha_test1fMIRV/test-tmp/alter_table-test.AlterTableTest.TestAddChangeRemoveColumnDefaultValue.1506919259568928-1945/minicluster-data/ts-0-root uuid: "94b7ca1736b946d18ca349c891b3b18f" format_stamp: "Formatted at 2017-10-02 04:41:03 on dist-test-slave-dist-test-slave-jfdk"
I1002 04:41:03.739368 1945 fs_report.cc:347] Block manager report -------------------- 1 data directories: /tmp/run_tha_test1fMIRV/test-tmp/alter_table-test.AlterTableTest.TestAddChangeRemoveColumnDefaultValue.1506919259568928-1945/minicluster-data/ts-0-root/data Total live blocks: 0 Total live bytes: 0 Total live bytes (after alignment): 0 Total number of LBM containers: 0 (0 full) Did not check for missing blocks Did not check for orphaned blocks Total full LBM containers with extra space: 0 (0 repaired) Total full LBM container extra space in bytes: 0 (0 repaired) Total incomplete LBM containers: 0 (0 repaired) Total LBM partial records: 0 (0 repaired)
I1002 04:41:03.776059 1945 ts_tablet_manager.cc:296] Loaded tablet metadata (0 live tablets)
I1002 04:41:03.813849 1945 rpc_server.cc:192] RPC server started. Bound to: 127.7.153.1:59572
I1002 04:41:03.815038 1945 webserver.cc:149] Starting webserver on 127.7.153.1:0
I1002 04:41:03.815184 1945 webserver.cc:160] Document root disabled
I1002 04:41:03.816206 1945 webserver.cc:282] Webserver started. Bound to: http://127.7.153.1:37655/
I1002 04:41:03.836937 2808 heartbeater.cc:324] Connected to a master server at 127.7.153.254:43241
I1002 04:41:03.837200 2808 heartbeater.cc:401] Registering TS with master...
I1002 04:41:03.837572 2808 heartbeater.cc:428] Master 127.7.153.254:43241 requested a full tablet report, sending...
I1002 04:41:03.838845 2702 ts_manager.cc:81] Registered new tserver with Master: 94b7ca1736b946d18ca349c891b3b18f (127.7.153.1:59572)
I1002 04:41:03.839416 1945 internal_mini_cluster.cc:304] 1 TS(s) registered with all masters after 0.003494259s
I1002 04:41:03.840922 2702 master_service.cc:203] Signed X509 certificate for tserver {username='slave'} at 127.0.0.1:53582
I1002 04:41:03.853397 2808 heartbeater.cc:420] Master 127.7.153.254:43241 was elected leader, sending a full tablet report...
I1002 04:41:03.860446 2702 catalog_manager.cc:1211] Servicing CreateTable request from {username='slave'} at 127.0.0.1:53583: name: "fake-table" schema { columns { name: "c0" type: INT32 is_key: true is_nullable: false encoding: AUTO_ENCODING compression: DEFAULT_COMPRESSION cfile_block_size: 0 } columns { name: "c1" type: INT32 is_key: false is_nullable: false encoding: AUTO_ENCODING compression: DEFAULT_COMPRESSION cfile_block_size: 0 } } num_replicas: 1 split_rows_range_bounds { } partition_schema { range_schema { columns { name: "c0" } } }
I1002 04:41:03.889744 2775 tablet_service.cc:765] Processing CreateTablet for tablet da50be4b900a44be90468ba0e99167f1 (table=fake-table [id=afc55f77f4a2428badd53a1888d781cf]), partition=RANGE (c0) PARTITION UNBOUNDED
I1002 04:41:03.898120 2775 ts_tablet_manager.cc:1028] T da50be4b900a44be90468ba0e99167f1 P 94b7ca1736b946d18ca349c891b3b18f: Registered tablet (data state: TABLET_DATA_READY)
I1002 04:41:03.899363 2820 ts_tablet_manager.cc:878] T da50be4b900a44be90468ba0e99167f1 P 94b7ca1736b946d18ca349c891b3b18f: Bootstrapping tablet
I1002 04:41:03.899828 2820 tablet_bootstrap.cc:432] T da50be4b900a44be90468ba0e99167f1 P 94b7ca1736b946d18ca349c891b3b18f: Bootstrap starting.
I1002 04:41:03.902410 2820 tablet_bootstrap.cc:567] T da50be4b900a44be90468ba0e99167f1 P 94b7ca1736b946d18ca349c891b3b18f: No blocks or log segments found. Creating new log.
I1002 04:41:03.905293 2820 tablet_bootstrap.cc:432] T da50be4b900a44be90468ba0e99167f1 P 94b7ca1736b946d18ca349c891b3b18f: No bootstrap required, opened a new log
I1002 04:41:03.905586 2820 ts_tablet_manager.cc:903] T da50be4b900a44be90468ba0e99167f1 P 94b7ca1736b946d18ca349c891b3b18f: Time spent bootstrapping tablet: real 0.006s user 0.004s sys 0.000s
I1002 04:41:03.907032 2820 raft_consensus.cc:286] T da50be4b900a44be90468ba0e99167f1 P 94b7ca1736b946d18ca349c891b3b18f [term 0 FOLLOWER]: Replica starting. Triggering 0 pending transactions. Active config: opid_index: -1 OBSOLETE_local: true peers { permanent_uuid: "94b7ca1736b946d18ca349c891b3b18f" member_type: VOTER last_known_addr { host: "127.7.153.1" port: 59572 } }
I1002 04:41:03.907519 2820 raft_consensus.cc:312] T da50be4b900a44be90468ba0e99167f1 P 94b7ca1736b946d18ca349c891b3b18f [term 0 FOLLOWER]: Consensus starting up: Expiring failure detector timer to make a prompt election more likely
I1002 04:41:03.907903 2820 raft_consensus.cc:578] T da50be4b900a44be90468ba0e99167f1 P 94b7ca1736b946d18ca349c891b3b18f [term 0 FOLLOWER]: Becoming Follower/Learner. State: Replica: 94b7ca1736b946d18ca349c891b3b18f, State: Initialized, Role: FOLLOWER
I1002 04:41:03.910267 2820 consensus_queue.cc:190] T da50be4b900a44be90468ba0e99167f1 P 94b7ca1736b946d18ca349c891b3b18f [NON_LEADER]: Queue going to NON_LEADER mode. State: All replicated index: 0, Majority replicated index: 0, Committed index: 0, Last appended: 0.0, Last appended by leader: 0, Current term: 0, Majority size: -1, State: 0, Mode: NON_LEADER
I1002 04:41:03.910583 2820 raft_consensus.cc:327] T da50be4b900a44be90468ba0e99167f1 P 94b7ca1736b946d18ca349c891b3b18f [term 0 FOLLOWER]: Only one voter in the Raft config. Triggering election immediately
I1002 04:41:03.910786 2820 raft_consensus.cc:411] T da50be4b900a44be90468ba0e99167f1 P 94b7ca1736b946d18ca349c891b3b18f [term 0 FOLLOWER]: Starting leader election (initial election of a single-replica configuration)
I1002 04:41:03.911005 2820 raft_consensus.cc:2457] T da50be4b900a44be90468ba0e99167f1 P 94b7ca1736b946d18ca349c891b3b18f: Snoozing failure detection for 1.615s (starting election)
I1002 04:41:03.911213 2820 raft_consensus.cc:2509] T da50be4b900a44be90468ba0e99167f1 P 94b7ca1736b946d18ca349c891b3b18f [term 0 FOLLOWER]: Advancing to term 1
I1002 04:41:03.915541 2820 raft_consensus.cc:433] T da50be4b900a44be90468ba0e99167f1 P 94b7ca1736b946d18ca349c891b3b18f [term 1 FOLLOWER]: Starting leader election with config: opid_index: -1 OBSOLETE_local: true peers { permanent_uuid: "94b7ca1736b946d18ca349c891b3b18f" member_type: VOTER last_known_addr { host: "127.7.153.1" port: 59572 } }
I1002 04:41:03.916085 2820 leader_election.cc:248] T da50be4b900a44be90468ba0e99167f1 P 94b7ca1736b946d18ca349c891b3b18f [CANDIDATE]: Term 1 election: Election decided. Result: candidate won.
I1002 04:41:03.928406 2822 raft_consensus.cc:2457] T da50be4b900a44be90468ba0e99167f1 P 94b7ca1736b946d18ca349c891b3b18f: Snoozing failure detection for 1.553s (election complete)
I1002 04:41:03.928658 2822 raft_consensus.cc:2281] T da50be4b900a44be90468ba0e99167f1 P 94b7ca1736b946d18ca349c891b3b18f [term 1 FOLLOWER]: Leader election won for term 1
I1002 04:41:03.930076 2820 ts_tablet_manager.cc:931] T da50be4b900a44be90468ba0e99167f1 P 94b7ca1736b946d18ca349c891b3b18f: Time spent starting tablet: real 0.024s user 0.008s sys 0.012s
I1002 04:41:03.930946 2822 raft_consensus.cc:545] T da50be4b900a44be90468ba0e99167f1 P 94b7ca1736b946d18ca349c891b3b18f [term 1 LEADER]: Becoming Leader. State: Replica: 94b7ca1736b946d18ca349c891b3b18f, State: Running, Role: LEADER
I1002 04:41:03.931334 2822 consensus_queue.cc:169] T da50be4b900a44be90468ba0e99167f1 P 94b7ca1736b946d18ca349c891b3b18f [LEADER]: Queue going to LEADER mode. State: All replicated index: 0, Majority replicated index: 0, Committed index: 0, Last appended: 0.0, Last appended by leader: 0, Current term: 1, Majority size: 1, State: 0, Mode: LEADER, active raft config: opid_index: -1 OBSOLETE_local: true peers { permanent_uuid: "94b7ca1736b946d18ca349c891b3b18f" member_type: VOTER last_known_addr { host: "127.7.153.1" port: 59572 } }
I1002 04:41:03.934666 2701 catalog_manager.cc:2510] T da50be4b900a44be90468ba0e99167f1 P 94b7ca1736b946d18ca349c891b3b18f reported cstate change: term changed from 0 to 1, leader changed from to 94b7ca1736b946d18ca349c891b3b18f (127.7.153.1). New cstate: current_term: 1 leader_uuid: "94b7ca1736b946d18ca349c891b3b18f" committed_config { opid_index: -1 OBSOLETE_local: true peers { permanent_uuid: "94b7ca1736b946d18ca349c891b3b18f" member_type: VOTER last_known_addr { host: "127.7.153.1" port: 59572 } } }
I1002 04:41:03.952113 1945 alter_table-test.cc:156] Tablet successfully located
I1002 04:41:03.953440 2701 catalog_manager.cc:1875] Servicing AlterTable request from {username='slave'} at 127.0.0.1:53583: table { table_name: "fake-table" } alter_schema_steps { type: ADD_COLUMN add_column { schema { name: "newInt32" type: INT32 is_nullable: true encoding: AUTO_ENCODING compression: DEFAULT_COMPRESSION cfile_block_size: 0 } } } alter_schema_steps { type: ADD_COLUMN add_column { schema { name: "newString" type: STRING is_nullable: true encoding: AUTO_ENCODING compression: DEFAULT_COMPRESSION cfile_block_size: 0 } } }
I1002 04:41:03.974933 2827 tablet.cc:1113] T da50be4b900a44be90468ba0e99167f1 P 94b7ca1736b946d18ca349c891b3b18f: Alter schema from Schema [ 10:c0[int32 NOT NULL], 11:c1[int32 NOT NULL] ] version 0 to Schema [ 10:c0[int32 NOT NULL], 11:c1[int32 NOT NULL], 12:newInt32[int32 NULLABLE], 13:newString[string NULLABLE] ] version 1
I1002 04:41:03.975797 2827 tablet.cc:1056] T da50be4b900a44be90468ba0e99167f1 P 94b7ca1736b946d18ca349c891b3b18f: MemRowSet was empty: no flush needed.
I1002 04:41:03.987013 2701 catalog_manager.cc:3662] T 00000000000000000000000000000000 P 40b10490fde645c39e19109328ba3564: fake-table [id=afc55f77f4a2428badd53a1888d781cf] alter complete (version 1)
I1002 04:41:04.011840 1945 tablet.cc:1065] T da50be4b900a44be90468ba0e99167f1 P 94b7ca1736b946d18ca349c891b3b18f: Flush: entering stage 1 (old memrowset already frozen for inserts)
I1002 04:41:04.012065 1945 compaction.cc:903] Selected 1 rowsets to compact:
I1002 04:41:04.012178 1945 compaction.cc:906] memrowset(current size on disk: ~0 bytes)
I1002 04:41:04.012300 1945 tablet.cc:1067] T da50be4b900a44be90468ba0e99167f1 P 94b7ca1736b946d18ca349c891b3b18f: Memstore in-memory size: 763 bytes
I1002 04:41:04.012467 1945 tablet.cc:1330] T da50be4b900a44be90468ba0e99167f1 P 94b7ca1736b946d18ca349c891b3b18f: Flush: entering phase 1 (flushing snapshot). Phase 1 snapshot: MvccSnapshot[committed={T|T < 4 or (T in {4})}]
I1002 04:41:04.017310 1945 multi_column_writer.cc:103] Opened CFile writers for 4 column(s)
I1002 04:41:04.026283 1945 tablet.cc:1415] T da50be4b900a44be90468ba0e99167f1 P 94b7ca1736b946d18ca349c891b3b18f: Flush: entering phase 2 (starting to duplicate updates in new rowsets)
I1002 04:41:04.026582 1945 tablet.cc:1470] T da50be4b900a44be90468ba0e99167f1 P 94b7ca1736b946d18ca349c891b3b18f: Flush Phase 2: carrying over any updates which arrived during Phase 1
I1002 04:41:04.026747 1945 tablet.cc:1472] T da50be4b900a44be90468ba0e99167f1 P 94b7ca1736b946d18ca349c891b3b18f: Phase 2 snapshot: MvccSnapshot[committed={T|T < 4 or (T in {4})}]
I1002 04:41:04.031751 1945 tablet.cc:1514] T da50be4b900a44be90468ba0e99167f1 P 94b7ca1736b946d18ca349c891b3b18f: Flush successful on 1 rows (4702 bytes)
I1002 04:41:04.033741 2701 catalog_manager.cc:1875] Servicing AlterTable request from {username='slave'} at 127.0.0.1:53583: table { table_name: "fake-table" } alter_schema_steps { type: ALTER_COLUMN alter_column { delta { name: "newInt32" default_value: "90\000\000\000\000\000\000" } } } alter_schema_steps { type: ALTER_COLUMN alter_column { delta { name: "newString" default_value: "taco" } } }
I1002 04:41:04.042551 2827 tablet.cc:1113] T da50be4b900a44be90468ba0e99167f1 P 94b7ca1736b946d18ca349c891b3b18f: Alter schema from Schema [ 10:c0[int32 NOT NULL], 11:c1[int32 NOT NULL], 12:newInt32[int32 NULLABLE], 13:newString[string NULLABLE] ] version 1 to Schema [ 10:c0[int32 NOT NULL], 11:c1[int32 NOT NULL], 12:newInt32[int32 NULLABLE], 13:newString[string NULLABLE] ] version 2
I1002 04:41:04.043596 2827 tablet.cc:1056] T da50be4b900a44be90468ba0e99167f1 P 94b7ca1736b946d18ca349c891b3b18f: MemRowSet was empty: no flush needed.
I1002 04:41:04.055177 2702 catalog_manager.cc:3662] T 00000000000000000000000000000000 P 40b10490fde645c39e19109328ba3564: fake-table [id=afc55f77f4a2428badd53a1888d781cf] alter complete (version 2)
I1002 04:41:04.063809 1945 tablet.cc:1065] T da50be4b900a44be90468ba0e99167f1 P 94b7ca1736b946d18ca349c891b3b18f: Flush: entering stage 1 (old memrowset already frozen for inserts)
I1002 04:41:04.063956 1945 compaction.cc:903] Selected 1 rowsets to compact:
I1002 04:41:04.064060 1945 compaction.cc:906] memrowset(current size on disk: ~0 bytes)
I1002 04:41:04.064170 1945 tablet.cc:1067] T da50be4b900a44be90468ba0e99167f1 P 94b7ca1736b946d18ca349c891b3b18f: Memstore in-memory size: 763 bytes
I1002 04:41:04.064301 1945 tablet.cc:1330] T da50be4b900a44be90468ba0e99167f1 P 94b7ca1736b946d18ca349c891b3b18f: Flush: entering phase 1 (flushing snapshot). Phase 1 snapshot: MvccSnapshot[committed={T|T < 6 or (T in {6})}]
I1002 04:41:04.066392 1945 multi_column_writer.cc:103] Opened CFile writers for 4 column(s)
I1002 04:41:04.073804 1945 tablet.cc:1415] T da50be4b900a44be90468ba0e99167f1 P 94b7ca1736b946d18ca349c891b3b18f: Flush: entering phase 2 (starting to duplicate updates in new rowsets)
I1002 04:41:04.074115 1945 tablet.cc:1470] T da50be4b900a44be90468ba0e99167f1 P 94b7ca1736b946d18ca349c891b3b18f: Flush Phase 2: carrying over any updates which arrived during Phase 1
I1002 04:41:04.074229 1945 tablet.cc:1472] T da50be4b900a44be90468ba0e99167f1 P 94b7ca1736b946d18ca349c891b3b18f: Phase 2 snapshot: MvccSnapshot[committed={T|T < 6 or (T in {6})}]
I1002 04:41:04.079103 1945 tablet.cc:1514] T da50be4b900a44be90468ba0e99167f1 P 94b7ca1736b946d18ca349c891b3b18f: Flush successful on 1 rows (4754 bytes)
I1002 04:41:04.094122 2702 catalog_manager.cc:1875] Servicing AlterTable request from {username='slave'} at 127.0.0.1:53583: table { table_name: "fake-table" } alter_schema_steps { type: ALTER_COLUMN alter_column { delta { name: "newInt32" default_value: "1\324\000\000\000\000\000\000" } } } alter_schema_steps { type: ALTER_COLUMN alter_column { delta { name: "newString" default_value: "ocat" } } }
I1002 04:41:04.102619 2827 tablet.cc:1113] T da50be4b900a44be90468ba0e99167f1 P 94b7ca1736b946d18ca349c891b3b18f: Alter schema from Schema [ 10:c0[int32 NOT NULL], 11:c1[int32 NOT NULL], 12:newInt32[int32 NULLABLE], 13:newString[string NULLABLE] ] version 2 to Schema [ 10:c0[int32 NOT NULL], 11:c1[int32 NOT NULL], 12:newInt32[int32 NULLABLE], 13:newString[string NULLABLE] ] version 3
I1002 04:41:04.103730 2827 tablet.cc:1056] T da50be4b900a44be90468ba0e99167f1 P 94b7ca1736b946d18ca349c891b3b18f: MemRowSet was empty: no flush needed.
I1002 04:41:04.115232 2702 catalog_manager.cc:3662] T 00000000000000000000000000000000 P 40b10490fde645c39e19109328ba3564: fake-table [id=afc55f77f4a2428badd53a1888d781cf] alter complete (version 3)
I1002 04:41:04.123883 1945 tablet.cc:1065] T da50be4b900a44be90468ba0e99167f1 P 94b7ca1736b946d18ca349c891b3b18f: Flush: entering stage 1 (old memrowset already frozen for inserts)
I1002 04:41:04.124027 1945 compaction.cc:903] Selected 1 rowsets to compact:
I1002 04:41:04.124140 1945 compaction.cc:906] memrowset(current size on disk: ~0 bytes)
I1002 04:41:04.124233 1945 tablet.cc:1067] T da50be4b900a44be90468ba0e99167f1 P 94b7ca1736b946d18ca349c891b3b18f: Memstore in-memory size: 763 bytes
I1002 04:41:04.124364 1945 tablet.cc:1330] T da50be4b900a44be90468ba0e99167f1 P 94b7ca1736b946d18ca349c891b3b18f: Flush: entering phase 1 (flushing snapshot). Phase 1 snapshot: MvccSnapshot[committed={T|T < 9 or (T in {9})}]
I1002 04:41:04.125754 1945 multi_column_writer.cc:103] Opened CFile writers for 4 column(s)
I1002 04:41:04.134351 1945 tablet.cc:1415] T da50be4b900a44be90468ba0e99167f1 P 94b7ca1736b946d18ca349c891b3b18f: Flush: entering phase 2 (starting to duplicate updates in new rowsets)
I1002 04:41:04.134711 1945 tablet.cc:1470] T da50be4b900a44be90468ba0e99167f1 P 94b7ca1736b946d18ca349c891b3b18f: Flush Phase 2: carrying over any updates which arrived during Phase 1
I1002 04:41:04.134826 1945 tablet.cc:1472] T da50be4b900a44be90468ba0e99167f1 P 94b7ca1736b946d18ca349c891b3b18f: Phase 2 snapshot: MvccSnapshot[committed={T|T < 9 or (T in {9})}]
I1002 04:41:04.140200 1945 tablet.cc:1514] T da50be4b900a44be90468ba0e99167f1 P 94b7ca1736b946d18ca349c891b3b18f: Flush successful on 1 rows (4756 bytes)
I1002 04:41:04.153587 2702 catalog_manager.cc:1875] Servicing AlterTable request from {username='slave'} at 127.0.0.1:53583: table { table_name: "fake-table" } alter_schema_steps { type: ALTER_COLUMN alter_column { delta { name: "newInt32" remove_default: true } } } alter_schema_steps { type: ALTER_COLUMN alter_column { delta { name: "newString" remove_default: true } } } alter_schema_steps { type: RENAME_COLUMN rename_column { old_name: "newString" new_name: "newNewString" } }
I1002 04:41:04.162264 2827 tablet.cc:1113] T da50be4b900a44be90468ba0e99167f1 P 94b7ca1736b946d18ca349c891b3b18f: Alter schema from Schema [ 10:c0[int32 NOT NULL], 11:c1[int32 NOT NULL], 12:newInt32[int32 NULLABLE], 13:newString[string NULLABLE] ] version 3 to Schema [ 10:c0[int32 NOT NULL], 11:c1[int32 NOT NULL], 12:newInt32[int32 NULLABLE], 13:newNewString[string NULLABLE] ] version 4
I1002 04:41:04.163172 2827 tablet.cc:1056] T da50be4b900a44be90468ba0e99167f1 P 94b7ca1736b946d18ca349c891b3b18f: MemRowSet was empty: no flush needed.
I1002 04:41:04.174628 2701 catalog_manager.cc:3662] T 00000000000000000000000000000000 P 40b10490fde645c39e19109328ba3564: fake-table [id=afc55f77f4a2428badd53a1888d781cf] alter complete (version 4)
I1002 04:41:04.184993 1945 tablet.cc:1065] T da50be4b900a44be90468ba0e99167f1 P 94b7ca1736b946d18ca349c891b3b18f: Flush: entering stage 1 (old memrowset already frozen for inserts)
I1002 04:41:04.185150 1945 compaction.cc:903] Selected 1 rowsets to compact:
I1002 04:41:04.185251 1945 compaction.cc:906] memrowset(current size on disk: ~0 bytes)
I1002 04:41:04.185348 1945 tablet.cc:1067] T da50be4b900a44be90468ba0e99167f1 P 94b7ca1736b946d18ca349c891b3b18f: Memstore in-memory size: 763 bytes
I1002 04:41:04.185472 1945 tablet.cc:1330] T da50be4b900a44be90468ba0e99167f1 P 94b7ca1736b946d18ca349c891b3b18f: Flush: entering phase 1 (flushing snapshot). Phase 1 snapshot: MvccSnapshot[committed={T|T < 12 or (T in {12})}]
