I1002 04:41:17.251508 5170 sys_catalog.cc:320] T 00000000000000000000000000000000 P a2d6b649dc344c15b7c7b00a20a23c34 [sys.catalog]: SysCatalogTable state changed. Reason: Started TabletReplica. Latest consensus state: current_term: 1 leader_uuid: "a2d6b649dc344c15b7c7b00a20a23c34" committed_config { opid_index: -1 OBSOLETE_local: true peers { permanent_uuid: "a2d6b649dc344c15b7c7b00a20a23c34" member_type: VOTER } }
I1002 04:41:17.252037 5170 sys_catalog.cc:323] T 00000000000000000000000000000000 P a2d6b649dc344c15b7c7b00a20a23c34 [sys.catalog]: This master's current role is: LEADER
I1002 04:41:17.252086 5174 sys_catalog.cc:320] T 00000000000000000000000000000000 P a2d6b649dc344c15b7c7b00a20a23c34 [sys.catalog]: SysCatalogTable state changed. Reason: New leader a2d6b649dc344c15b7c7b00a20a23c34. Latest consensus state: current_term: 1 leader_uuid: "a2d6b649dc344c15b7c7b00a20a23c34" committed_config { opid_index: -1 OBSOLETE_local: true peers { permanent_uuid: "a2d6b649dc344c15b7c7b00a20a23c34" member_type: VOTER } }
I1002 04:41:17.252624 5174 sys_catalog.cc:323] T 00000000000000000000000000000000 P a2d6b649dc344c15b7c7b00a20a23c34 [sys.catalog]: This master's current role is: LEADER
I1002 04:41:17.252542 5173 sys_catalog.cc:320] T 00000000000000000000000000000000 P a2d6b649dc344c15b7c7b00a20a23c34 [sys.catalog]: SysCatalogTable state changed. Reason: RaftConsensus started. Latest consensus state: current_term: 1 leader_uuid: "a2d6b649dc344c15b7c7b00a20a23c34" committed_config { opid_index: -1 OBSOLETE_local: true peers { permanent_uuid: "a2d6b649dc344c15b7c7b00a20a23c34" member_type: VOTER } }
I1002 04:41:17.253216 5173 sys_catalog.cc:323] T 00000000000000000000000000000000 P a2d6b649dc344c15b7c7b00a20a23c34 [sys.catalog]: This master's current role is: LEADER
I1002 04:41:17.254478 5170 sys_catalog.cc:407] T 00000000000000000000000000000000 P a2d6b649dc344c15b7c7b00a20a23c34 [sys.catalog]: configured and running, proceeding with master startup.
I1002 04:41:17.266002 5178 catalog_manager.cc:493] Waiting for catalog manager background task thread to start: Service unavailable: Catalog manager is not initialized. State: 1
I1002 04:41:17.266363 5176 catalog_manager.cc:948] Loading table and tablet metadata into memory...
I1002 04:41:17.268990 5176 catalog_manager.cc:959] Initializing Kudu internal certificate authority...
I1002 04:41:17.316721 5176 catalog_manager.cc:846] Generated new certificate authority record
I1002 04:41:17.319238 5176 catalog_manager.cc:968] Loading token signing keys...
I1002 04:41:17.334518 5176 catalog_manager.cc:3538] T 00000000000000000000000000000000 P a2d6b649dc344c15b7c7b00a20a23c34: Generated new TSK 0
I1002 04:41:17.405087 1945 server_base.cc:228] Could not load existing FS layout: Not found: /tmp/run_tha_test1fMIRV/test-tmp/alter_table-test.AlterTableTest.TestInsertAfterAlterTable.1506919259568928-1945/minicluster-data/ts-0-root/instance: No such file or directory (error 2)
I1002 04:41:17.405283 1945 server_base.cc:229] Creating new FS layout
I1002 04:41:17.411345 1945 fs_manager.cc:477] Generated new instance metadata in path /tmp/run_tha_test1fMIRV/test-tmp/alter_table-test.AlterTableTest.TestInsertAfterAlterTable.1506919259568928-1945/minicluster-data/ts-0-root/instance: uuid: "4e7d98f8cd3d40eab69e90641dfc058b" format_stamp: "Formatted at 2017-10-02 04:41:17 on dist-test-slave-dist-test-slave-jfdk"
I1002 04:41:17.419667 1945 fs_manager.cc:434] Time spent creating directory manager: real 0.008s user 0.004s sys 0.000s
I1002 04:41:17.420713 1945 file_cache.cc:470] Constructed file cache lbm with capacity 26214
I1002 04:41:17.427953 1945 fs_manager.cc:336] Time spent opening block manager: real 0.001s user 0.000s sys 0.000s
I1002 04:41:17.428128 1945 fs_manager.cc:349] Opened local filesystem: /tmp/run_tha_test1fMIRV/test-tmp/alter_table-test.AlterTableTest.TestInsertAfterAlterTable.1506919259568928-1945/minicluster-data/ts-0-root uuid: "4e7d98f8cd3d40eab69e90641dfc058b" format_stamp: "Formatted at 2017-10-02 04:41:17 on dist-test-slave-dist-test-slave-jfdk"
I1002 04:41:17.428323 1945 fs_report.cc:347] Block manager report -------------------- 1 data directories: /tmp/run_tha_test1fMIRV/test-tmp/alter_table-test.AlterTableTest.TestInsertAfterAlterTable.1506919259568928-1945/minicluster-data/ts-0-root/data Total live blocks: 0 Total live bytes: 0 Total live bytes (after alignment): 0 Total number of LBM containers: 0 (0 full) Did not check for missing blocks Did not check for orphaned blocks Total full LBM containers with extra space: 0 (0 repaired) Total full LBM container extra space in bytes: 0 (0 repaired) Total incomplete LBM containers: 0 (0 repaired) Total LBM partial records: 0 (0 repaired)
I1002 04:41:17.456337 1945 ts_tablet_manager.cc:296] Loaded tablet metadata (0 live tablets)
I1002 04:41:17.496564 1945 rpc_server.cc:192] RPC server started. Bound to: 127.7.153.1:34039
I1002 04:41:17.497437 1945 webserver.cc:149] Starting webserver on 127.7.153.1:0
I1002 04:41:17.497547 1945 webserver.cc:160] Document root disabled
I1002 04:41:17.498543 1945 webserver.cc:282] Webserver started. Bound to: http://127.7.153.1:36470/
I1002 04:41:17.512734 5244 heartbeater.cc:324] Connected to a master server at 127.7.153.254:52860
I1002 04:41:17.513005 5244 heartbeater.cc:401] Registering TS with master...
I1002 04:41:17.513427 5244 heartbeater.cc:428] Master 127.7.153.254:52860 requested a full tablet report, sending...
I1002 04:41:17.514715 5137 ts_manager.cc:81] Registered new tserver with Master: 4e7d98f8cd3d40eab69e90641dfc058b (127.7.153.1:34039)
I1002 04:41:17.515019 1945 internal_mini_cluster.cc:304] 1 TS(s) registered with all masters after 0.014789147s
I1002 04:41:17.517246 5137 master_service.cc:203] Signed X509 certificate for tserver {username='slave'} at 127.0.0.1:39959
I1002 04:41:17.530174 5244 heartbeater.cc:420] Master 127.7.153.254:52860 was elected leader, sending a full tablet report...
I1002 04:41:17.535413 5137 catalog_manager.cc:1211] Servicing CreateTable request from {username='slave'} at 127.0.0.1:39960: name: "fake-table" schema { columns { name: "c0" type: INT32 is_key: true is_nullable: false encoding: AUTO_ENCODING compression: DEFAULT_COMPRESSION cfile_block_size: 0 } columns { name: "c1" type: INT32 is_key: false is_nullable: false encoding: AUTO_ENCODING compression: DEFAULT_COMPRESSION cfile_block_size: 0 } } num_replicas: 1 split_rows_range_bounds { } partition_schema { range_schema { columns { name: "c0" } } }
I1002 04:41:17.560739 5211 tablet_service.cc:765] Processing CreateTablet for tablet 1619706cb8344d6fb125c6099fff9ecf (table=fake-table [id=ffe197e4cdb9462a97a55d013729a946]), partition=RANGE (c0) PARTITION UNBOUNDED
I1002 04:41:17.569326 5211 ts_tablet_manager.cc:1028] T 1619706cb8344d6fb125c6099fff9ecf P 4e7d98f8cd3d40eab69e90641dfc058b: Registered tablet (data state: TABLET_DATA_READY)
I1002 04:41:17.570660 5256 ts_tablet_manager.cc:878] T 1619706cb8344d6fb125c6099fff9ecf P 4e7d98f8cd3d40eab69e90641dfc058b: Bootstrapping tablet
I1002 04:41:17.571074 5256 tablet_bootstrap.cc:432] T 1619706cb8344d6fb125c6099fff9ecf P 4e7d98f8cd3d40eab69e90641dfc058b: Bootstrap starting.
I1002 04:41:17.573635 5256 tablet_bootstrap.cc:567] T 1619706cb8344d6fb125c6099fff9ecf P 4e7d98f8cd3d40eab69e90641dfc058b: No blocks or log segments found. Creating new log.
I1002 04:41:17.576483 5256 tablet_bootstrap.cc:432] T 1619706cb8344d6fb125c6099fff9ecf P 4e7d98f8cd3d40eab69e90641dfc058b: No bootstrap required, opened a new log
I1002 04:41:17.576781 5256 ts_tablet_manager.cc:903] T 1619706cb8344d6fb125c6099fff9ecf P 4e7d98f8cd3d40eab69e90641dfc058b: Time spent bootstrapping tablet: real 0.006s user 0.004s sys 0.000s
I1002 04:41:17.578194 5256 raft_consensus.cc:286] T 1619706cb8344d6fb125c6099fff9ecf P 4e7d98f8cd3d40eab69e90641dfc058b [term 0 FOLLOWER]: Replica starting. Triggering 0 pending transactions. Active config: opid_index: -1 OBSOLETE_local: true peers { permanent_uuid: "4e7d98f8cd3d40eab69e90641dfc058b" member_type: VOTER last_known_addr { host: "127.7.153.1" port: 34039 } }
I1002 04:41:17.578702 5256 raft_consensus.cc:312] T 1619706cb8344d6fb125c6099fff9ecf P 4e7d98f8cd3d40eab69e90641dfc058b [term 0 FOLLOWER]: Consensus starting up: Expiring failure detector timer to make a prompt election more likely
I1002 04:41:17.578987 5256 raft_consensus.cc:578] T 1619706cb8344d6fb125c6099fff9ecf P 4e7d98f8cd3d40eab69e90641dfc058b [term 0 FOLLOWER]: Becoming Follower/Learner. State: Replica: 4e7d98f8cd3d40eab69e90641dfc058b, State: Initialized, Role: FOLLOWER
I1002 04:41:17.579288 5256 consensus_queue.cc:190] T 1619706cb8344d6fb125c6099fff9ecf P 4e7d98f8cd3d40eab69e90641dfc058b [NON_LEADER]: Queue going to NON_LEADER mode. State: All replicated index: 0, Majority replicated index: 0, Committed index: 0, Last appended: 0.0, Last appended by leader: 0, Current term: 0, Majority size: -1, State: 0, Mode: NON_LEADER
I1002 04:41:17.579612 5256 raft_consensus.cc:327] T 1619706cb8344d6fb125c6099fff9ecf P 4e7d98f8cd3d40eab69e90641dfc058b [term 0 FOLLOWER]: Only one voter in the Raft config. Triggering election immediately
I1002 04:41:17.579828 5256 raft_consensus.cc:411] T 1619706cb8344d6fb125c6099fff9ecf P 4e7d98f8cd3d40eab69e90641dfc058b [term 0 FOLLOWER]: Starting leader election (initial election of a single-replica configuration)
I1002 04:41:17.580042 5256 raft_consensus.cc:2457] T 1619706cb8344d6fb125c6099fff9ecf P 4e7d98f8cd3d40eab69e90641dfc058b: Snoozing failure detection for 2.143s (starting election)
I1002 04:41:17.580231 5256 raft_consensus.cc:2509] T 1619706cb8344d6fb125c6099fff9ecf P 4e7d98f8cd3d40eab69e90641dfc058b [term 0 FOLLOWER]: Advancing to term 1
I1002 04:41:17.584697 5256 raft_consensus.cc:433] T 1619706cb8344d6fb125c6099fff9ecf P 4e7d98f8cd3d40eab69e90641dfc058b [term 1 FOLLOWER]: Starting leader election with config: opid_index: -1 OBSOLETE_local: true peers { permanent_uuid: "4e7d98f8cd3d40eab69e90641dfc058b" member_type: VOTER last_known_addr { host: "127.7.153.1" port: 34039 } }
I1002 04:41:17.585242 5256 leader_election.cc:248] T 1619706cb8344d6fb125c6099fff9ecf P 4e7d98f8cd3d40eab69e90641dfc058b [CANDIDATE]: Term 1 election: Election decided. Result: candidate won.
I1002 04:41:17.588220 5256 ts_tablet_manager.cc:931] T 1619706cb8344d6fb125c6099fff9ecf P 4e7d98f8cd3d40eab69e90641dfc058b: Time spent starting tablet: real 0.011s user 0.012s sys 0.000s
I1002 04:41:17.588654 5258 raft_consensus.cc:2457] T 1619706cb8344d6fb125c6099fff9ecf P 4e7d98f8cd3d40eab69e90641dfc058b: Snoozing failure detection for 2.211s (election complete)
I1002 04:41:17.588959 5258 raft_consensus.cc:2281] T 1619706cb8344d6fb125c6099fff9ecf P 4e7d98f8cd3d40eab69e90641dfc058b [term 1 FOLLOWER]: Leader election won for term 1
I1002 04:41:17.589325 5258 raft_consensus.cc:545] T 1619706cb8344d6fb125c6099fff9ecf P 4e7d98f8cd3d40eab69e90641dfc058b [term 1 LEADER]: Becoming Leader. State: Replica: 4e7d98f8cd3d40eab69e90641dfc058b, State: Running, Role: LEADER
I1002 04:41:17.589678 5258 consensus_queue.cc:169] T 1619706cb8344d6fb125c6099fff9ecf P 4e7d98f8cd3d40eab69e90641dfc058b [LEADER]: Queue going to LEADER mode. State: All replicated index: 0, Majority replicated index: 0, Committed index: 0, Last appended: 0.0, Last appended by leader: 0, Current term: 1, Majority size: 1, State: 0, Mode: LEADER, active raft config: opid_index: -1 OBSOLETE_local: true peers { permanent_uuid: "4e7d98f8cd3d40eab69e90641dfc058b" member_type: VOTER last_known_addr { host: "127.7.153.1" port: 34039 } }
I1002 04:41:17.593161 5136 catalog_manager.cc:2510] T 1619706cb8344d6fb125c6099fff9ecf P 4e7d98f8cd3d40eab69e90641dfc058b reported cstate change: term changed from 0 to 1, leader changed from to 4e7d98f8cd3d40eab69e90641dfc058b (127.7.153.1). New cstate: current_term: 1 leader_uuid: "4e7d98f8cd3d40eab69e90641dfc058b" committed_config { opid_index: -1 OBSOLETE_local: true peers { permanent_uuid: "4e7d98f8cd3d40eab69e90641dfc058b" member_type: VOTER last_known_addr { host: "127.7.153.1" port: 34039 } } }
I1002 04:41:17.607888 1945 alter_table-test.cc:156] Tablet successfully located
I1002 04:41:17.609581 5136 catalog_manager.cc:1211] Servicing CreateTable request from {username='slave'} at 127.0.0.1:39960: name: "split-table" schema { columns { name: "c0" type: INT32 is_key: true is_nullable: false encoding: AUTO_ENCODING compression: DEFAULT_COMPRESSION cfile_block_size: 0 } columns { name: "c1" type: INT32 is_key: false is_nullable: false encoding: AUTO_ENCODING compression: DEFAULT_COMPRESSION cfile_block_size: 0 } } num_replicas: 1 split_rows_range_bounds { rows: "\004\001d\000\000\000\004\001\310\000\000\000\004\001,\001\000\000\004\001\220\001\000\000\004\001\364\001\000\000\004\001X\002\000\000\004\001\274\002\000\000\004\001 \003\000\000\004\001\204\003\000\000" } partition_schema { range_schema { columns { name: "c0" } } }
I1002 04:41:17.629055 5211 tablet_service.cc:765] Processing CreateTablet for tablet b01d3bb073544585a255350e9f3fda00 (table=split-table [id=afe213a1014b4f0c82cc7369eb729e39]), partition=RANGE (c0) PARTITION VALUES < 100
I1002 04:41:17.633239 5210 tablet_service.cc:765] Processing CreateTablet for tablet 0af0be5a5c1549d2ad506155cf591547 (table=split-table [id=afe213a1014b4f0c82cc7369eb729e39]), partition=RANGE (c0) PARTITION 100 <= VALUES < 200
I1002 04:41:17.634915 5209 tablet_service.cc:765] Processing CreateTablet for tablet 11aa666072614ed19a082de91dec037b (table=split-table [id=afe213a1014b4f0c82cc7369eb729e39]), partition=RANGE (c0) PARTITION 200 <= VALUES < 300
I1002 04:41:17.636117 5206 tablet_service.cc:765] Processing CreateTablet for tablet 87eff88aa50a4aa68b6c73d8e2f6c018 (table=split-table [id=afe213a1014b4f0c82cc7369eb729e39]), partition=RANGE (c0) PARTITION 500 <= VALUES < 600
I1002 04:41:17.637219 5208 tablet_service.cc:765] Processing CreateTablet for tablet 970d78a1ef2e4e12b3c5c896ff060738 (table=split-table [id=afe213a1014b4f0c82cc7369eb729e39]), partition=RANGE (c0) PARTITION 300 <= VALUES < 400
I1002 04:41:17.638264 5205 tablet_service.cc:765] Processing CreateTablet for tablet e0a4bba5ab304cd5a1681acade96494b (table=split-table [id=afe213a1014b4f0c82cc7369eb729e39]), partition=RANGE (c0) PARTITION 600 <= VALUES < 700
I1002 04:41:17.642534 5207 tablet_service.cc:765] Processing CreateTablet for tablet 531c786217774bbc931d970e5acfe373 (table=split-table [id=afe213a1014b4f0c82cc7369eb729e39]), partition=RANGE (c0) PARTITION 400 <= VALUES < 500
I1002 04:41:17.642580 5204 tablet_service.cc:765] Processing CreateTablet for tablet dcb57056865c42b9abc3f8faca9c8b0a (table=split-table [id=afe213a1014b4f0c82cc7369eb729e39]), partition=RANGE (c0) PARTITION 700 <= VALUES < 800
I1002 04:41:17.646502 5203 tablet_service.cc:765] Processing CreateTablet for tablet 2494d14dcae14855bac7a4c66a7f4864 (table=split-table [id=afe213a1014b4f0c82cc7369eb729e39]), partition=RANGE (c0) PARTITION 800 <= VALUES < 900
I1002 04:41:17.649724 5202 tablet_service.cc:765] Processing CreateTablet for tablet 8c3f09e64492465691736237a1f96d37 (table=split-table [id=afe213a1014b4f0c82cc7369eb729e39]), partition=RANGE (c0) PARTITION VALUES >= 900
I1002 04:41:17.655218 5211 ts_tablet_manager.cc:1028] T b01d3bb073544585a255350e9f3fda00 P 4e7d98f8cd3d40eab69e90641dfc058b: Registered tablet (data state: TABLET_DATA_READY)
I1002 04:41:17.655606 5256 ts_tablet_manager.cc:878] T b01d3bb073544585a255350e9f3fda00 P 4e7d98f8cd3d40eab69e90641dfc058b: Bootstrapping tablet
I1002 04:41:17.655979 5256 tablet_bootstrap.cc:432] T b01d3bb073544585a255350e9f3fda00 P 4e7d98f8cd3d40eab69e90641dfc058b: Bootstrap starting.
I1002 04:41:17.660753 5256 tablet_bootstrap.cc:567] T b01d3bb073544585a255350e9f3fda00 P 4e7d98f8cd3d40eab69e90641dfc058b: No blocks or log segments found. Creating new log.
I1002 04:41:17.675719 5210 ts_tablet_manager.cc:1028] T 0af0be5a5c1549d2ad506155cf591547 P 4e7d98f8cd3d40eab69e90641dfc058b: Registered tablet (data state: TABLET_DATA_READY)
I1002 04:41:17.683347 5206 ts_tablet_manager.cc:1028] T 87eff88aa50a4aa68b6c73d8e2f6c018 P 4e7d98f8cd3d40eab69e90641dfc058b: Registered tablet (data state: TABLET_DATA_READY)
I1002 04:41:17.687752 5209 ts_tablet_manager.cc:1028] T 11aa666072614ed19a082de91dec037b P 4e7d98f8cd3d40eab69e90641dfc058b: Registered tablet (data state: TABLET_DATA_READY)
I1002 04:41:17.689812 5203 ts_tablet_manager.cc:1028] T 2494d14dcae14855bac7a4c66a7f4864 P 4e7d98f8cd3d40eab69e90641dfc058b: Registered tablet (data state: TABLET_DATA_READY)
I1002 04:41:17.691928 5204 ts_tablet_manager.cc:1028] T dcb57056865c42b9abc3f8faca9c8b0a P 4e7d98f8cd3d40eab69e90641dfc058b: Registered tablet (data state: TABLET_DATA_READY)
I1002 04:41:17.693404 5208 ts_tablet_manager.cc:1028] T 970d78a1ef2e4e12b3c5c896ff060738 P 4e7d98f8cd3d40eab69e90641dfc058b: Registered tablet (data state: TABLET_DATA_READY)
I1002 04:41:17.694954 5205 ts_tablet_manager.cc:1028] T e0a4bba5ab304cd5a1681acade96494b P 4e7d98f8cd3d40eab69e90641dfc058b: Registered tablet (data state: TABLET_DATA_READY)
I1002 04:41:17.696089 5256 tablet_bootstrap.cc:432] T b01d3bb073544585a255350e9f3fda00 P 4e7d98f8cd3d40eab69e90641dfc058b: No bootstrap required, opened a new log
I1002 04:41:17.697223 5207 ts_tablet_manager.cc:1028] T 531c786217774bbc931d970e5acfe373 P 4e7d98f8cd3d40eab69e90641dfc058b: Registered tablet (data state: TABLET_DATA_READY)
I1002 04:41:17.697301 5256 ts_tablet_manager.cc:903] T b01d3bb073544585a255350e9f3fda00 P 4e7d98f8cd3d40eab69e90641dfc058b: Time spent bootstrapping tablet: real 0.041s user 0.004s sys 0.008s
I1002 04:41:17.698408 5202 ts_tablet_manager.cc:1028] T 8c3f09e64492465691736237a1f96d37 P 4e7d98f8cd3d40eab69e90641dfc058b: Registered tablet (data state: TABLET_DATA_READY)
I1002 04:41:17.699076 5256 raft_consensus.cc:286] T b01d3bb073544585a255350e9f3fda00 P 4e7d98f8cd3d40eab69e90641dfc058b [term 0 FOLLOWER]: Replica starting. Triggering 0 pending transactions. Active config: opid_index: -1 OBSOLETE_local: true peers { permanent_uuid: "4e7d98f8cd3d40eab69e90641dfc058b" member_type: VOTER last_known_addr { host: "127.7.153.1" port: 34039 } }
I1002 04:41:17.699626 5256 raft_consensus.cc:312] T b01d3bb073544585a255350e9f3fda00 P 4e7d98f8cd3d40eab69e90641dfc058b [term 0 FOLLOWER]: Consensus starting up: Expiring failure detector timer to make a prompt election more likely
I1002 04:41:17.699877 5256 raft_consensus.cc:578] T b01d3bb073544585a255350e9f3fda00 P 4e7d98f8cd3d40eab69e90641dfc058b [term 0 FOLLOWER]: Becoming Follower/Learner. State: Replica: 4e7d98f8cd3d40eab69e90641dfc058b, State: Initialized, Role: FOLLOWER
I1002 04:41:17.700103 5256 consensus_queue.cc:190] T b01d3bb073544585a255350e9f3fda00 P 4e7d98f8cd3d40eab69e90641dfc058b [NON_LEADER]: Queue going to NON_LEADER mode. State: All replicated index: 0, Majority replicated index: 0, Committed index: 0, Last appended: 0.0, Last appended by leader: 0, Current term: 0, Majority size: -1, State: 0, Mode: NON_LEADER
I1002 04:41:17.700328 5256 raft_consensus.cc:327] T b01d3bb073544585a255350e9f3fda00 P 4e7d98f8cd3d40eab69e90641dfc058b [term 0 FOLLOWER]: Only one voter in the Raft config. Triggering election immediately
I1002 04:41:17.700476 5256 raft_consensus.cc:411] T b01d3bb073544585a255350e9f3fda00 P 4e7d98f8cd3d40eab69e90641dfc058b [term 0 FOLLOWER]: Starting leader election (initial election of a single-replica configuration)
I1002 04:41:17.700625 5256 raft_consensus.cc:2457] T b01d3bb073544585a255350e9f3fda00 P 4e7d98f8cd3d40eab69e90641dfc058b: Snoozing failure detection for 1.745s (starting election)
I1002 04:41:17.700784 5256 raft_consensus.cc:2509] T b01d3bb073544585a255350e9f3fda00 P 4e7d98f8cd3d40eab69e90641dfc058b [term 0 FOLLOWER]: Advancing to term 1
I1002 04:41:17.704463 5256 raft_consensus.cc:433] T b01d3bb073544585a255350e9f3fda00 P 4e7d98f8cd3d40eab69e90641dfc058b [term 1 FOLLOWER]: Starting leader election with config: opid_index: -1 OBSOLETE_local: true peers { permanent_uuid: "4e7d98f8cd3d40eab69e90641dfc058b" member_type: VOTER last_known_addr { host: "127.7.153.1" port: 34039 } }
I1002 04:41:17.704852 5256 leader_election.cc:248] T b01d3bb073544585a255350e9f3fda00 P 4e7d98f8cd3d40eab69e90641dfc058b [CANDIDATE]: Term 1 election: Election decided. Result: candidate won.
I1002 04:41:17.705241 5258 raft_consensus.cc:2457] T b01d3bb073544585a255350e9f3fda00 P 4e7d98f8cd3d40eab69e90641dfc058b: Snoozing failure detection for 1.993s (election complete)
I1002 04:41:17.705476 5258 raft_consensus.cc:2281] T b01d3bb073544585a255350e9f3fda00 P 4e7d98f8cd3d40eab69e90641dfc058b [term 1 FOLLOWER]: Leader election won for term 1
I1002 04:41:17.705783 5258 raft_consensus.cc:545] T b01d3bb073544585a255350e9f3fda00 P 4e7d98f8cd3d40eab69e90641dfc058b [term 1 LEADER]: Becoming Leader. State: Replica: 4e7d98f8cd3d40eab69e90641dfc058b, State: Running, Role: LEADER
I1002 04:41:17.706089 5256 ts_tablet_manager.cc:931] T b01d3bb073544585a255350e9f3fda00 P 4e7d98f8cd3d40eab69e90641dfc058b: Time spent starting tablet: real 0.008s user 0.008s sys 0.000s
I1002 04:41:17.706104 5258 consensus_queue.cc:169] T b01d3bb073544585a255350e9f3fda00 P 4e7d98f8cd3d40eab69e90641dfc058b [LEADER]: Queue going to LEADER mode. State: All replicated index: 0, Majority replicated index: 0, Committed index: 0, Last appended: 0.0, Last appended by leader: 0, Current term: 1, Majority size: 1, State: 0, Mode: LEADER, active raft config: opid_index: -1 OBSOLETE_local: true peers { permanent_uuid: "4e7d98f8cd3d40eab69e90641dfc058b" member_type: VOTER last_known_addr { host: "127.7.153.1" port: 34039 } }
I1002 04:41:17.708101 5256 ts_tablet_manager.cc:878] T 0af0be5a5c1549d2ad506155cf591547 P 4e7d98f8cd3d40eab69e90641dfc058b: Bootstrapping tablet
I1002 04:41:17.708482 5256 tablet_bootstrap.cc:432] T 0af0be5a5c1549d2ad506155cf591547 P 4e7d98f8cd3d40eab69e90641dfc058b: Bootstrap starting.
I1002 04:41:17.709622 5136 catalog_manager.cc:2510] T b01d3bb073544585a255350e9f3fda00 P 4e7d98f8cd3d40eab69e90641dfc058b reported cstate change: term changed from 0 to 1, leader changed from to 4e7d98f8cd3d40eab69e90641dfc058b (127.7.153.1). New cstate: current_term: 1 leader_uuid: "4e7d98f8cd3d40eab69e90641dfc058b" committed_config { opid_index: -1 OBSOLETE_local: true peers { permanent_uuid: "4e7d98f8cd3d40eab69e90641dfc058b" member_type: VOTER last_known_addr { host: "127.7.153.1" port: 34039 } } }
I1002 04:41:17.711042 5256 tablet_bootstrap.cc:567] T 0af0be5a5c1549d2ad506155cf591547 P 4e7d98f8cd3d40eab69e90641dfc058b: No blocks or log segments found. Creating new log.
I1002 04:41:17.714182 5256 tablet_bootstrap.cc:432] T 0af0be5a5c1549d2ad506155cf591547 P 4e7d98f8cd3d40eab69e90641dfc058b: No bootstrap required, opened a new log
I1002 04:41:17.714509 5256 ts_tablet_manager.cc:903] T 0af0be5a5c1549d2ad506155cf591547 P 4e7d98f8cd3d40eab69e90641dfc058b: Time spent bootstrapping tablet: real 0.006s user 0.008s sys 0.000s
I1002 04:41:17.716055 5256 raft_consensus.cc:286] T 0af0be5a5c1549d2ad506155cf591547 P 4e7d98f8cd3d40eab69e90641dfc058b [term 0 FOLLOWER]: Replica starting. Triggering 0 pending transactions. Active config: opid_index: -1 OBSOLETE_local: true peers { permanent_uuid: "4e7d98f8cd3d40eab69e90641dfc058b" member_type: VOTER last_known_addr { host: "127.7.153.1" port: 34039 } }
I1002 04:41:17.716506 5256 raft_consensus.cc:312] T 0af0be5a5c1549d2ad506155cf591547 P 4e7d98f8cd3d40eab69e90641dfc058b [term 0 FOLLOWER]: Consensus starting up: Expiring failure detector timer to make a prompt election more likely
I1002 04:41:17.716835 5256 raft_consensus.cc:578] T 0af0be5a5c1549d2ad506155cf591547 P 4e7d98f8cd3d40eab69e90641dfc058b [term 0 FOLLOWER]: Becoming Follower/Learner. State: Replica: 4e7d98f8cd3d40eab69e90641dfc058b, State: Initialized, Role: FOLLOWER
I1002 04:41:17.717106 5256 consensus_queue.cc:190] T 0af0be5a5c1549d2ad506155cf591547 P 4e7d98f8cd3d40eab69e90641dfc058b [NON_LEADER]: Queue going to NON_LEADER mode. State: All replicated index: 0, Majority replicated index: 0, Committed index: 0, Last appended: 0.0, Last appended by leader: 0, Current term: 0, Majority size: -1, State: 0, Mode: NON_LEADER
I1002 04:41:17.717381 5256 raft_consensus.cc:327] T 0af0be5a5c1549d2ad506155cf591547 P 4e7d98f8cd3d40eab69e90641dfc058b [term 0 FOLLOWER]: Only one voter in the Raft config. Triggering election immediately
I1002 04:41:17.717638 5256 raft_consensus.cc:411] T 0af0be5a5c1549d2ad506155cf591547 P 4e7d98f8cd3d40eab69e90641dfc058b [term 0 FOLLOWER]: Starting leader election (initial election of a single-replica configuration)
I1002 04:41:17.717847 5256 raft_consensus.cc:2457] T 0af0be5a5c1549d2ad506155cf591547 P 4e7d98f8cd3d40eab69e90641dfc058b: Snoozing failure detection for 1.654s (starting election)
I1002 04:41:17.718085 5256 raft_consensus.cc:2509] T 0af0be5a5c1549d2ad506155cf591547 P 4e7d98f8cd3d40eab69e90641dfc058b [term 0 FOLLOWER]: Advancing to term 1
I1002 04:41:17.722347 5256 raft_consensus.cc:433] T 0af0be5a5c1549d2ad506155cf591547 P 4e7d98f8cd3d40eab69e90641dfc058b [term 1 FOLLOWER]: Starting leader election with config: opid_index: -1 OBSOLETE_local: true peers { permanent_uuid: "4e7d98f8cd3d40eab69e90641dfc058b" member_type: VOTER last_known_addr { host: "127.7.153.1" port: 34039 } }
I1002 04:41:17.722856 5256 leader_election.cc:248] T 0af0be5a5c1549d2ad506155cf591547 P 4e7d98f8cd3d40eab69e90641dfc058b [CANDIDATE]: Term 1 election: Election decided. Result: candidate won.
I1002 04:41:17.723301 5258 raft_consensus.cc:2457] T 0af0be5a5c1549d2ad506155cf591547 P 4e7d98f8cd3d40eab69e90641dfc058b: Snoozing failure detection for 1.848s (election complete)
I1002 04:41:17.723495 5258 raft_consensus.cc:2281] T 0af0be5a5c1549d2ad506155cf591547 P 4e7d98f8cd3d40eab69e90641dfc058b [term 1 FOLLOWER]: Leader election won for term 1
I1002 04:41:17.723768 5258 raft_consensus.cc:545] T 0af0be5a5c1549d2ad506155cf591547 P 4e7d98f8cd3d40eab69e90641dfc058b [term 1 LEADER]: Becoming Leader. State: Replica: 4e7d98f8cd3d40eab69e90641dfc058b, State: Running, Role: LEADER
I1002 04:41:17.724074 5258 consensus_queue.cc:169] T 0af0be5a5c1549d2ad506155cf591547 P 4e7d98f8cd3d40eab69e90641dfc058b [LEADER]: Queue going to LEADER mode. State: All replicated index: 0, Majority replicated index: 0, Committed index: 0, Last appended: 0.0, Last appended by leader: 0, Current term: 1, Majority size: 1, State: 0, Mode: LEADER, active raft config: opid_index: -1 OBSOLETE_local: true peers { permanent_uuid: "4e7d98f8cd3d40eab69e90641dfc058b" member_type: VOTER last_known_addr { host: "127.7.153.1" port: 34039 } }
I1002 04:41:17.724277 5256 ts_tablet_manager.cc:931] T 0af0be5a5c1549d2ad506155cf591547 P 4e7d98f8cd3d40eab69e90641dfc058b: Time spent starting tablet: real 0.010s user 0.012s sys 0.000s
I1002 04:41:17.725641 5256 ts_tablet_manager.cc:878] T 87eff88aa50a4aa68b6c73d8e2f6c018 P 4e7d98f8cd3d40eab69e90641dfc058b: Bootstrapping tablet
I1002 04:41:17.725953 5256 tablet_bootstrap.cc:432] T 87eff88aa50a4aa68b6c73d8e2f6c018 P 4e7d98f8cd3d40eab69e90641dfc058b: Bootstrap starting.
I1002 04:41:17.727161 5136 catalog_manager.cc:2510] T 0af0be5a5c1549d2ad506155cf591547 P 4e7d98f8cd3d40eab69e90641dfc058b reported cstate change: term changed from 0 to 1, leader changed from to 4e7d98f8cd3d40eab69e90641dfc058b (127.7.153.1). New cstate: current_term: 1 leader_uuid: "4e7d98f8cd3d40eab69e90641dfc058b" committed_config { opid_index: -1 OBSOLETE_local: true peers { permanent_uuid: "4e7d98f8cd3d40eab69e90641dfc058b" member_type: VOTER last_known_addr { host: "127.7.153.1" port: 34039 } } }
I1002 04:41:17.728677 5256 tablet_bootstrap.cc:567] T 87eff88aa50a4aa68b6c73d8e2f6c018 P 4e7d98f8cd3d40eab69e90641dfc058b: No blocks or log segments found. Creating new log.
I1002 04:41:17.733731 5256 tablet_bootstrap.cc:432] T 87eff88aa50a4aa68b6c73d8e2f6c018 P 4e7d98f8cd3d40eab69e90641dfc058b: No bootstrap required, opened a new log
I1002 04:41:17.733949 5256 ts_tablet_manager.cc:903] T 87eff88aa50a4aa68b6c73d8e2f6c018 P 4e7d98f8cd3d40eab69e90641dfc058b: Time spent bootstrapping tablet: real 0.008s user 0.004s sys 0.000s
I1002 04:41:17.734972 5256 raft_consensus.cc:286] T 87eff88aa50a4aa68b6c73d8e2f6c018 P 4e7d98f8cd3d40eab69e90641dfc058b [term 0 FOLLOWER]: Replica starting. Triggering 0 pending transactions. Active config: opid_index: -1 OBSOLETE_local: true peers { permanent_uuid: "4e7d98f8cd3d40eab69e90641dfc058b" member_type: VOTER last_known_addr { host: "127.7.153.1" port: 34039 } }
I1002 04:41:17.735292 5256 raft_consensus.cc:312] T 87eff88aa50a4aa68b6c73d8e2f6c018 P 4e7d98f8cd3d40eab69e90641dfc058b [term 0 FOLLOWER]: Consensus starting up: Expiring failure detector timer to make a prompt election more likely
I1002 04:41:17.735502 5256 raft_consensus.cc:578] T 87eff88aa50a4aa68b6c73d8e2f6c018 P 4e7d98f8cd3d40eab69e90641dfc058b [term 0 FOLLOWER]: Becoming Follower/Learner. State: Replica: 4e7d98f8cd3d40eab69e90641dfc058b, State: Initialized, Role: FOLLOWER
I1002 04:41:17.735776 5256 consensus_queue.cc:190] T 87eff88aa50a4aa68b6c73d8e2f6c018 P 4e7d98f8cd3d40eab69e90641dfc058b [NON_LEADER]: Queue going to NON_LEADER mode. State: All replicated index: 0, Majority replicated index: 0, Committed index: 0, Last appended: 0.0, Last appended by leader: 0, Current term: 0, Majority size: -1, State: 0, Mode: NON_LEADER
I1002 04:41:17.735992 5256 raft_consensus.cc:327] T 87eff88aa50a4aa68b6c73d8e2f6c018 P 4e7d98f8cd3d40eab69e90641dfc058b [term 0 FOLLOWER]: Only one voter in the Raft config. Triggering election immediately
I1002 04:41:17.736130 5256 raft_consensus.cc:411] T 87eff88aa50a4aa68b6c73d8e2f6c018 P 4e7d98f8cd3d40eab69e90641dfc058b [term 0 FOLLOWER]: Starting leader election (initial election of a single-replica configuration)
I1002 04:41:17.736282 5256 raft_consensus.cc:2457] T 87eff88aa50a4aa68b6c73d8e2f6c018 P 4e7d98f8cd3d40eab69e90641dfc058b: Snoozing failure detection for 1.687s (starting election)
I1002 04:41:17.736439 5256 raft_consensus.cc:2509] T 87eff88aa50a4aa68b6c73d8e2f6c018 P 4e7d98f8cd3d40eab69e90641dfc058b [term 0 FOLLOWER]: Advancing to term 1
I1002 04:41:17.739351 5256 raft_consensus.cc:433] T 87eff88aa50a4aa68b6c73d8e2f6c018 P 4e7d98f8cd3d40eab69e90641dfc058b [term 1 FOLLOWER]: Starting leader election with config: opid_index: -1 OBSOLETE_local: true peers { permanent_uuid: "4e7d98f8cd3d40eab69e90641dfc058b" member_type: VOTER last_known_addr { host: "127.7.153.1" port: 34039 } }
I1002 04:41:17.739897 5256 leader_election.cc:248] T 87eff88aa50a4aa68b6c73d8e2f6c018 P 4e7d98f8cd3d40eab69e90641dfc058b [CANDIDATE]: Term 1 election: Election decided. Result: candidate won.
I1002 04:41:17.740267 5258 raft_consensus.cc:2457] T 87eff88aa50a4aa68b6c73d8e2f6c018 P 4e7d98f8cd3d40eab69e90641dfc058b: Snoozing failure detection for 2.008s (election complete)
I1002 04:41:17.740509 5258 raft_consensus.cc:2281] T 87eff88aa50a4aa68b6c73d8e2f6c018 P 4e7d98f8cd3d40eab69e90641dfc058b [term 1 FOLLOWER]: Leader election won for term 1
I1002 04:41:17.740813 5258 raft_consensus.cc:545] T 87eff88aa50a4aa68b6c73d8e2f6c018 P 4e7d98f8cd3d40eab69e90641dfc058b [term 1 LEADER]: Becoming Leader. State: Replica: 4e7d98f8cd3d40eab69e90641dfc058b, State: Running, Role: LEADER
I1002 04:41:17.741092 5256 ts_tablet_manager.cc:931] T 87eff88aa50a4aa68b6c73d8e2f6c018 P 4e7d98f8cd3d40eab69e90641dfc058b: Time spent starting tablet: real 0.007s user 0.004s sys 0.000s
I1002 04:41:17.741122 5258 consensus_queue.cc:169] T 87eff88aa50a4aa68b6c73d8e2f6c018 P 4e7d98f8cd3d40eab69e90641dfc058b [LEADER]: Queue going to LEADER mode. State: All replicated index: 0, Majority replicated index: 0, Committed index: 0, Last appended: 0.0, Last appended by leader: 0, Current term: 1, Majority size: 1, State: 0, Mode: LEADER, active raft config: opid_index: -1 OBSOLETE_local: true peers { permanent_uuid: "4e7d98f8cd3d40eab69e90641dfc058b" member_type: VOTER last_known_addr { host: "127.7.153.1" port: 34039 } }
I1002 04:41:17.743010 5256 ts_tablet_manager.cc:878] T 11aa666072614ed19a082de91dec037b P 4e7d98f8cd3d40eab69e90641dfc058b: Bootstrapping tablet
I1002 04:41:17.743389 5256 tablet_bootstrap.cc:432] T 11aa666072614ed19a082de91dec037b P 4e7d98f8cd3d40eab69e90641dfc058b: Bootstrap starting.
I1002 04:41:17.744513 5136 catalog_manager.cc:2510] T 87eff88aa50a4aa68b6c73d8e2f6c018 P 4e7d98f8cd3d40eab69e90641dfc058b reported cstate change: term changed from 0 to 1, leader changed from to 4e7d98f8cd3d40eab69e90641dfc058b (127.7.153.1). New cstate: current_term: 1 leader_uuid: "4e7d98f8cd3d40eab69e90641dfc058b" committed_config { opid_index: -1 OBSOLETE_local: true peers { permanent_uuid: "4e7d98f8cd3d40eab69e90641dfc058b" member_type: VOTER last_known_addr { host: "127.7.153.1" port: 34039 } } }
I1002 04:41:17.746011 5256 tablet_bootstrap.cc:567] T 11aa666072614ed19a082de91dec037b P 4e7d98f8cd3d40eab69e90641dfc058b: No blocks or log segments found. Creating new log.
I1002 04:41:17.753795 5256 tablet_bootstrap.cc:432] T 11aa666072614ed19a082de91dec037b P 4e7d98f8cd3d40eab69e90641dfc058b: No bootstrap required, opened a new log
I1002 04:41:17.754020 5256 ts_tablet_manager.cc:903] T 11aa666072614ed19a082de91dec037b P 4e7d98f8cd3d40eab69e90641dfc058b: Time spent bootstrapping tablet: real 0.011s user 0.000s sys 0.008s
I1002 04:41:17.755051 5256 raft_consensus.cc:286] T 11aa666072614ed19a082de91dec037b P 4e7d98f8cd3d40eab69e90641dfc058b [term 0 FOLLOWER]: Replica starting. Triggering 0 pending transactions. Active config: opid_index: -1 OBSOLETE_local: true peers { permanent_uuid: "4e7d98f8cd3d40eab69e90641dfc058b" member_type: VOTER last_known_addr { host: "127.7.153.1" port: 34039 } }
I1002 04:41:17.755373 5256 raft_consensus.cc:312] T 11aa666072614ed19a082de91dec037b P 4e7d98f8cd3d40eab69e90641dfc058b [term 0 FOLLOWER]: Consensus starting up: Expiring failure detector timer to make a prompt election more likely
I1002 04:41:17.755594 5256 raft_consensus.cc:578] T 11aa666072614ed19a082de91dec037b P 4e7d98f8cd3d40eab69e90641dfc058b [term 0 FOLLOWER]: Becoming Follower/Learner. State: Replica: 4e7d98f8cd3d40eab69e90641dfc058b, State: Initialized, Role: FOLLOWER
I1002 04:41:17.755866 5256 consensus_queue.cc:190] T 11aa666072614ed19a082de91dec037b P 4e7d98f8cd3d40eab69e90641dfc058b [NON_LEADER]: Queue going to NON_LEADER mode. State: All replicated index: 0, Majority replicated index: 0, Committed index: 0, Last appended: 0.0, Last appended by leader: 0, Current term: 0, Majority size: -1, State: 0, Mode: NON_LEADER
I1002 04:41:17.756083 5256 raft_consensus.cc:327] T 11aa666072614ed19a082de91dec037b P 4e7d98f8cd3d40eab69e90641dfc058b [term 0 FOLLOWER]: Only one voter in the Raft config. Triggering election immediately
I1002 04:41:17.756223 5256 raft_consensus.cc:411] T 11aa666072614ed19a082de91dec037b P 4e7d98f8cd3d40eab69e90641dfc058b [term 0 FOLLOWER]: Starting leader election (initial election of a single-replica configuration)
I1002 04:41:17.756369 5256 raft_consensus.cc:2457] T 11aa666072614ed19a082de91dec037b P 4e7d98f8cd3d40eab69e90641dfc058b: Snoozing failure detection for 1.713s (starting election)
I1002 04:41:17.756526 5256 raft_consensus.cc:2509] T 11aa666072614ed19a082de91dec037b P 4e7d98f8cd3d40eab69e90641dfc058b [term 0 FOLLOWER]: Advancing to term 1
I1002 04:41:17.759377 5256 raft_consensus.cc:433] T 11aa666072614ed19a082de91dec037b P 4e7d98f8cd3d40eab69e90641dfc058b [term 1 FOLLOWER]: Starting leader election with config: opid_index: -1 OBSOLETE_local: true peers { permanent_uuid: "4e7d98f8cd3d40eab69e90641dfc058b" member_type: VOTER last_known_addr { host: "127.7.153.1" port: 34039 } }
I1002 04:41:17.759768 5256 leader_election.cc:248] T 11aa666072614ed19a082de91dec037b P 4e7d98f8cd3d40eab69e90641dfc058b [CANDIDATE]: Term 1 election: Election decided. Result: candidate won.
I1002 04:41:17.760139 5258 raft_consensus.cc:2457] T 11aa666072614ed19a082de91dec037b P 4e7d98f8cd3d40eab69e90641dfc058b: Snoozing failure detection for 1.511s (election complete)
I1002 04:41:17.760399 5258 raft_consensus.cc:2281] T 11aa666072614ed19a082de91dec037b P 4e7d98f8cd3d40eab69e90641dfc058b [term 1 FOLLOWER]: Leader election won for term 1
I1002 04:41:17.760740 5258 raft_consensus.cc:545] T 11aa666072614ed19a082de91dec037b P 4e7d98f8cd3d40eab69e90641dfc058b [term 1 LEADER]: Becoming Leader. State: Replica: 4e7d98f8cd3d40eab69e90641dfc058b, State: Running, Role: LEADER
I1002 04:41:17.760927 5256 ts_tablet_manager.cc:931] T 11aa666072614ed19a082de91dec037b P 4e7d98f8cd3d40eab69e90641dfc058b: Time spent starting tablet: real 0.007s user 0.008s sys 0.000s
I1002 04:41:17.762001 5258 consensus_queue.cc:169] T 11aa666072614ed19a082de91dec037b P 4e7d98f8cd3d40eab69e90641dfc058b [LEADER]: Queue going to LEADER mode. State: All replicated index: 0, Majority replicated index: 0, Committed index: 0, Last appended: 0.0, Last appended by leader: 0, Current term: 1, Majority size: 1, State: 0, Mode: LEADER, active raft config: opid_index: -1 OBSOLETE_local: true peers { permanent_uuid: "4e7d98f8cd3d40eab69e90641dfc058b" member_type: VOTER last_known_addr { host: "127.7.153.1" port: 34039 } }
I1002 04:41:17.763875 5256 ts_tablet_manager.cc:878] T 2494d14dcae14855bac7a4c66a7f4864 P 4e7d98f8cd3d40eab69e90641dfc058b: Bootstrapping tablet
I1002 04:41:17.764268 5256 tablet_bootstrap.cc:432] T 2494d14dcae14855bac7a4c66a7f4864 P 4e7d98f8cd3d40eab69e90641dfc058b: Bootstrap starting.
I1002 04:41:17.765440 5137 catalog_manager.cc:2510] T 11aa666072614ed19a082de91dec037b P 4e7d98f8cd3d40eab69e90641dfc058b reported cstate change: term changed from 0 to 1, leader changed from to 4e7d98f8cd3d40eab69e90641dfc058b (127.7.153.1). New cstate: current_term: 1 leader_uuid: "4e7d98f8cd3d40eab69e90641dfc058b" committed_config { opid_index: -1 OBSOLETE_local: true peers { permanent_uuid: "4e7d98f8cd3d40eab69e90641dfc058b" member_type: VOTER last_known_addr { host: "127.7.153.1" port: 34039 } } }
I1002 04:41:17.767026 5256 tablet_bootstrap.cc:567] T 2494d14dcae14855bac7a4c66a7f4864 P 4e7d98f8cd3d40eab69e90641dfc058b: No blocks or log segments found. Creating new log.
I1002 04:41:17.771469 5256 tablet_bootstrap.cc:432] T 2494d14dcae14855bac7a4c66a7f4864 P 4e7d98f8cd3d40eab69e90641dfc058b: No bootstrap required, opened a new log
I1002 04:41:17.771754 5256 ts_tablet_manager.cc:903] T 2494d14dcae14855bac7a4c66a7f4864 P 4e7d98f8cd3d40eab69e90641dfc058b: Time spent bootstrapping tablet: real 0.008s user 0.004s sys 0.004s
I1002 04:41:17.773089 5256 raft_consensus.cc:286] T 2494d14dcae14855bac7a4c66a7f4864 P 4e7d98f8cd3d40eab69e90641dfc058b [term 0 FOLLOWER]: Replica starting. Triggering 0 pending transactions. Active config: opid_index: -1 OBSOLETE_local: true peers { permanent_uuid: "4e7d98f8cd3d40eab69e90641dfc058b" member_type: VOTER last_known_addr { host: "127.7.153.1" port: 34039 } }
I1002 04:41:17.773519 5256 raft_consensus.cc:312] T 2494d14dcae14855bac7a4c66a7f4864 P 4e7d98f8cd3d40eab69e90641dfc058b [term 0 FOLLOWER]: Consensus starting up: Expiring failure detector timer to make a prompt election more likely
I1002 04:41:17.773726 5256 raft_consensus.cc:578] T 2494d14dcae14855bac7a4c66a7f4864 P 4e7d98f8cd3d40eab69e90641dfc058b [term 0 FOLLOWER]: Becoming Follower/Learner. State: Replica: 4e7d98f8cd3d40eab69e90641dfc058b, State: Initialized, Role: FOLLOWER
I1002 04:41:17.773994 5256 consensus_queue.cc:190] T 2494d14dcae14855bac7a4c66a7f4864 P 4e7d98f8cd3d40eab69e90641dfc058b [NON_LEADER]: Queue going to NON_LEADER mode. State: All replicated index: 0, Majority replicated index: 0, Committed index: 0, Last appended: 0.0, Last appended by leader: 0, Current term: 0, Majority size: -1, State: 0, Mode: NON_LEADER
I1002 04:41:17.774210 5256 raft_consensus.cc:327] T 2494d14dcae14855bac7a4c66a7f4864 P 4e7d98f8cd3d40eab69e90641dfc058b [term 0 FOLLOWER]: Only one voter in the Raft config. Triggering election immediately
I1002 04:41:17.774351 5256 raft_consensus.cc:411] T 2494d14dcae14855bac7a4c66a7f4864 P 4e7d98f8cd3d40eab69e90641dfc058b [term 0 FOLLOWER]: Starting leader election (initial election of a single-replica configuration)
I1002 04:41:17.774507 5256 raft_consensus.cc:2457] T 2494d14dcae14855bac7a4c66a7f4864 P 4e7d98f8cd3d40eab69e90641dfc058b: Snoozing failure detection for 1.567s (starting election)
I1002 04:41:17.774659 5256 raft_consensus.cc:2509] T 2494d14dcae14855bac7a4c66a7f4864 P 4e7d98f8cd3d40eab69e90641dfc058b [term 0 FOLLOWER]: Advancing to term 1
I1002 04:41:17.777741 5256 raft_consensus.cc:433] T 2494d14dcae14855bac7a4c66a7f4864 P 4e7d98f8cd3d40eab69e90641dfc058b [term 1 FOLLOWER]: Starting leader election with config: opid_index: -1 OBSOLETE_local: true peers { permanent_uuid: "4e7d98f8cd3d40eab69e90641dfc058b" member_type: VOTER last_known_addr { host: "127.7.153.1" port: 34039 } }
I1002 04:41:17.778107 5256 leader_election.cc:248] T 2494d14dcae14855bac7a4c66a7f4864 P 4e7d98f8cd3d40eab69e90641dfc058b [CANDIDATE]: Term 1 election: Election decided. Result: candidate won.
I1002 04:41:17.778468 5258 raft_consensus.cc:2457] T 2494d14dcae14855bac7a4c66a7f4864 P 4e7d98f8cd3d40eab69e90641dfc058b: Snoozing failure detection for 2.001s (election complete)
I1002 04:41:17.778704 5258 raft_consensus.cc:2281] T 2494d14dcae14855bac7a4c66a7f4864 P 4e7d98f8cd3d40eab69e90641dfc058b [term 1 FOLLOWER]: Leader election won for term 1
I1002 04:41:17.779036 5258 raft_consensus.cc:545] T 2494d14dcae14855bac7a4c66a7f4864 P 4e7d98f8cd3d40eab69e90641dfc058b [term 1 LEADER]: Becoming Leader. State: Replica: 4e7d98f8cd3d40eab69e90641dfc058b, State: Running, Role: LEADER
I1002 04:41:17.779330 5256 ts_tablet_manager.cc:931] T 2494d14dcae14855bac7a4c66a7f4864 P 4e7d98f8cd3d40eab69e90641dfc058b: Time spent starting tablet: real 0.007s user 0.008s sys 0.000s
I1002 04:41:17.779330 5258 consensus_queue.cc:169] T 2494d14dcae14855bac7a4c66a7f4864 P 4e7d98f8cd3d40eab69e90641dfc058b [LEADER]: Queue going to LEADER mode. State: All replicated index: 0, Majority replicated index: 0, Committed index: 0, Last appended: 0.0, Last appended by leader: 0, Current term: 1, Majority size: 1, State: 0, Mode: LEADER, active raft config: opid_index: -1 OBSOLETE_local: true peers { permanent_uuid: "4e7d98f8cd3d40eab69e90641dfc058b" member_type: VOTER last_known_addr { host: "127.7.153.1" port: 34039 } }
I1002 04:41:17.781240 5256 ts_tablet_manager.cc:878] T dcb57056865c42b9abc3f8faca9c8b0a P 4e7d98f8cd3d40eab69e90641dfc058b: Bootstrapping tablet
I1002 04:41:17.781621 5256 tablet_bootstrap.cc:432] T dcb57056865c42b9abc3f8faca9c8b0a P 4e7d98f8cd3d40eab69e90641dfc058b: Bootstrap starting.
I1002 04:41:17.782687 5137 catalog_manager.cc:2510] T 2494d14dcae14855bac7a4c66a7f4864 P 4e7d98f8cd3d40eab69e90641dfc058b reported cstate change: term changed from 0 to 1, leader changed from to 4e7d98f8cd3d40eab69e90641dfc058b (127.7.153.1). New cstate: current_term: 1 leader_uuid: "4e7d98f8cd3d40eab69e90641dfc058b" committed_config { opid_index: -1 OBSOLETE_local: true peers { permanent_uuid: "4e7d98f8cd3d40eab69e90641dfc058b" member_type: VOTER last_known_addr { host: "127.7.153.1" port: 34039 } } }
I1002 04:41:17.784139 5256 tablet_bootstrap.cc:567] T dcb57056865c42b9abc3f8faca9c8b0a P 4e7d98f8cd3d40eab69e90641dfc058b: No blocks or log segments found. Creating new log.
I1002 04:41:17.789062 5256 tablet_bootstrap.cc:432] T dcb57056865c42b9abc3f8faca9c8b0a P 4e7d98f8cd3d40eab69e90641dfc058b: No bootstrap required, opened a new log
I1002 04:41:17.789338 5256 ts_tablet_manager.cc:903] T dcb57056865c42b9abc3f8faca9c8b0a P 4e7d98f8cd3d40eab69e90641dfc058b: Time spent bootstrapping tablet: real 0.008s user 0.004s sys 0.004s
I1002 04:41:17.790998 5256 raft_consensus.cc:286] T dcb57056865c42b9abc3f8faca9c8b0a P 4e7d98f8cd3d40eab69e90641dfc058b [term 0 FOLLOWER]: Replica starting. Triggering 0 pending transactions. Active config: opid_index: -1 OBSOLETE_local: true peers { permanent_uuid: "4e7d98f8cd3d40eab69e90641dfc058b" member_type: VOTER last_known_addr { host: "127.7.153.1" port: 34039 } }
I1002 04:41:17.791369 5256 raft_consensus.cc:312] T dcb57056865c42b9abc3f8faca9c8b0a P 4e7d98f8cd3d40eab69e90641dfc058b [term 0 FOLLOWER]: Consensus starting up: Expiring failure detector timer to make a prompt election more likely
I1002 04:41:17.791577 5256 raft_consensus.cc:578] T dcb57056865c42b9abc3f8faca9c8b0a P 4e7d98f8cd3d40eab69e90641dfc058b [term 0 FOLLOWER]: Becoming Follower/Learner. State: Replica: 4e7d98f8cd3d40eab69e90641dfc058b, State: Initialized, Role: FOLLOWER
I1002 04:41:17.791821 5256 consensus_queue.cc:190] T dcb57056865c42b9abc3f8faca9c8b0a P 4e7d98f8cd3d40eab69e90641dfc058b [NON_LEADER]: Queue going to NON_LEADER mode. State: All replicated index: 0, Majority replicated index: 0, Committed index: 0, Last appended: 0.0, Last appended by leader: 0, Current term: 0, Majority size: -1, State: 0, Mode: NON_LEADER
I1002 04:41:17.792068 5256 raft_consensus.cc:327] T dcb57056865c42b9abc3f8faca9c8b0a P 4e7d98f8cd3d40eab69e90641dfc058b [term 0 FOLLOWER]: Only one voter in the Raft config. Triggering election immediately
I1002 04:41:17.792208 5256 raft_consensus.cc:411] T dcb57056865c42b9abc3f8faca9c8b0a P 4e7d98f8cd3d40eab69e90641dfc058b [term 0 FOLLOWER]: Starting leader election (initial election of a single-replica configuration)
I1002 04:41:17.792397 5256 raft_consensus.cc:2457] T dcb57056865c42b9abc3f8faca9c8b0a P 4e7d98f8cd3d40eab69e90641dfc058b: Snoozing failure detection for 2.142s (starting election)
I1002 04:41:17.792572 5256 raft_consensus.cc:2509] T dcb57056865c42b9abc3f8faca9c8b0a P 4e7d98f8cd3d40eab69e90641dfc058b [term 0 FOLLOWER]: Advancing to term 1
I1002 04:41:17.796353 5256 raft_consensus.cc:433] T dcb57056865c42b9abc3f8faca9c8b0a P 4e7d98f8cd3d40eab69e90641dfc058b [term 1 FOLLOWER]: Starting leader election with config: opid_index: -1 OBSOLETE_local: true peers { permanent_uuid: "4e7d98f8cd3d40eab69e90641dfc058b" member_type: VOTER last_known_addr { host: "127.7.153.1" port: 34039 } }
I1002 04:41:17.796735 5256 leader_election.cc:248] T dcb57056865c42b9abc3f8faca9c8b0a P 4e7d98f8cd3d40eab69e90641dfc058b [CANDIDATE]: Term 1 election: Election decided. Result: candidate won.
I1002 04:41:17.797102 5258 raft_consensus.cc:2457] T dcb57056865c42b9abc3f8faca9c8b0a P 4e7d98f8cd3d40eab69e90641dfc058b: Snoozing failure detection for 1.805s (election complete)
I1002 04:41:17.797338 5258 raft_consensus.cc:2281] T dcb57056865c42b9abc3f8faca9c8b0a P 4e7d98f8cd3d40eab69e90641dfc058b [term 1 FOLLOWER]: Leader election won for term 1
I1002 04:41:17.797650 5258 raft_consensus.cc:545] T dcb57056865c42b9abc3f8faca9c8b0a P 4e7d98f8cd3d40eab69e90641dfc058b [term 1 LEADER]: Becoming Leader. State: Replica: 4e7d98f8cd3d40eab69e90641dfc058b, State: Running, Role: LEADER
I1002 04:41:17.797973 5256 ts_tablet_manager.cc:931] T dcb57056865c42b9abc3f8faca9c8b0a P 4e7d98f8cd3d40eab69e90641dfc058b: Time spent starting tablet: real 0.008s user 0.004s sys 0.004s
I1002 04:41:17.797958 5258 consensus_queue.cc:169] T dcb57056865c42b9abc3f8faca9c8b0a P 4e7d98f8cd3d40eab69e90641dfc058b [LEADER]: Queue going to LEADER mode. State: All replicated index: 0, Majority replicated index: 0, Committed index: 0, Last appended: 0.0, Last appended by leader: 0, Current term: 1, Majority size: 1, State: 0, Mode: LEADER, active raft config: opid_index: -1 OBSOLETE_local: true peers { permanent_uuid: "4e7d98f8cd3d40eab69e90641dfc058b" member_type: VOTER last_known_addr { host: "127.7.153.1" port: 34039 } }
I1002 04:41:17.800261 5256 ts_tablet_manager.cc:878] T 970d78a1ef2e4e12b3c5c896ff060738 P 4e7d98f8cd3d40eab69e90641dfc058b: Bootstrapping tablet
I1002 04:41:17.800645 5256 tablet_bootstrap.cc:432] T 970d78a1ef2e4e12b3c5c896ff060738 P 4e7d98f8cd3d40eab69e90641dfc058b: Bootstrap starting.
I1002 04:41:17.801772 5137 catalog_manager.cc:2510] T dcb57056865c42b9abc3f8faca9c8b0a P 4e7d98f8cd3d40eab69e90641dfc058b reported cstate change: term changed from 0 to 1, leader changed from to 4e7d98f8cd3d40eab69e90641dfc058b (127.7.153.1). New cstate: current_term: 1 leader_uuid: "4e7d98f8cd3d40eab69e90641dfc058b" committed_config { opid_index: -1 OBSOLETE_local: true peers { permanent_uuid: "4e7d98f8cd3d40eab69e90641dfc058b" member_type: VOTER last_known_addr { host: "127.7.153.1" port: 34039 } } }
I1002 04:41:17.803192 5256 tablet_bootstrap.cc:567] T 970d78a1ef2e4e12b3c5c896ff060738 P 4e7d98f8cd3d40eab69e90641dfc058b: No blocks or log segments found. Creating new log.
I1002 04:41:17.806238 5256 tablet_bootstrap.cc:432] T 970d78a1ef2e4e12b3c5c896ff060738 P 4e7d98f8cd3d40eab69e90641dfc058b: No bootstrap required, opened a new log
I1002 04:41:17.806511 5256 ts_tablet_manager.cc:903] T 970d78a1ef2e4e12b3c5c896ff060738 P 4e7d98f8cd3d40eab69e90641dfc058b: Time spent bootstrapping tablet: real 0.006s user 0.004s sys 0.000s
I1002 04:41:17.807896 5256 raft_consensus.cc:286] T 970d78a1ef2e4e12b3c5c896ff060738 P 4e7d98f8cd3d40eab69e90641dfc058b [term 0 FOLLOWER]: Replica starting. Triggering 0 pending transactions. Active config: opid_index: -1 OBSOLETE_local: true peers { permanent_uuid: "4e7d98f8cd3d40eab69e90641dfc058b" member_type: VOTER last_known_addr { host: "127.7.153.1" port: 34039 } }
I1002 04:41:17.808329 5256 raft_consensus.cc:312] T 970d78a1ef2e4e12b3c5c896ff060738 P 4e7d98f8cd3d40eab69e90641dfc058b [term 0 FOLLOWER]: Consensus starting up: Expiring failure detector timer to make a prompt election more likely
I1002 04:41:17.808609 5256 raft_consensus.cc:578] T 970d78a1ef2e4e12b3c5c896ff060738 P 4e7d98f8cd3d40eab69e90641dfc058b [term 0 FOLLOWER]: Becoming Follower/Learner. State: Replica: 4e7d98f8cd3d40eab69e90641dfc058b, State: Initialized, Role: FOLLOWER
I1002 04:41:17.808892 5256 consensus_queue.cc:190] T 970d78a1ef2e4e12b3c5c896ff060738 P 4e7d98f8cd3d40eab69e90641dfc058b [NON_LEADER]: Queue going to NON_LEADER mode. State: All replicated index: 0, Majority replicated index: 0, Committed index: 0, Last appended: 0.0, Last appended by leader: 0, Current term: 0, Majority size: -1, State: 0, Mode: NON_LEADER
