W1002 04:41:25.336450 5818 catalog_manager.cc:2896] Async tablet task ac9bed6c3606451ba4f9ee159fbd44ea (table test-alter-range-partitioning-invalid-unbounded [id=28630d9ce835454abf530e382fb41675]) Alter Table RPC failed: Not found: Failed to reset TS proxy: No leader found: Tablet ac9bed6c3606451ba4f9ee159fbd44ea consensus state has no leader
I1002 04:41:25.336658 5951 tablet_bootstrap.cc:567] T 176cfad34f7d4bd38d2e3fbc08a70c29 P 92a92cc5760d4f9e993b905318665696: No blocks or log segments found. Creating new log.
I1002 04:41:25.337112 5819 catalog_manager.cc:3099] Sending DeleteTablet(TABLET_DATA_DELETED) for tablet eab92c5faddf43bba4543442e4dcf3d2 on 92a92cc5760d4f9e993b905318665696 (127.7.153.1:39250) (Partition dropped at 2017-10-02 04:41:25 UTC)
I1002 04:41:25.337940 5818 catalog_manager.cc:2877] Scheduling retry of 176cfad34f7d4bd38d2e3fbc08a70c29 (table test-alter-range-partitioning-invalid-unbounded [id=28630d9ce835454abf530e382fb41675]) Alter Table RPC with a delay of 54 ms (attempt = 0)
W1002 04:41:25.338191 5818 catalog_manager.cc:2896] Async tablet task 176cfad34f7d4bd38d2e3fbc08a70c29 (table test-alter-range-partitioning-invalid-unbounded [id=28630d9ce835454abf530e382fb41675]) Alter Table RPC failed: Not found: Failed to reset TS proxy: No leader found: Tablet 176cfad34f7d4bd38d2e3fbc08a70c29 consensus state has no leader
I1002 04:41:25.338496 5903 tablet_service.cc:806] Processing DeleteTablet for tablet 176cfad34f7d4bd38d2e3fbc08a70c29 with delete_type TABLET_DATA_DELETED (Partition dropped at 2017-10-02 04:41:25 UTC) from {username='slave'} at 127.0.0.1:45798
I1002 04:41:25.339092 5817 catalog_manager.cc:2877] Scheduling retry of f199048d571c419eb586f6d1c3ddac07 (table test-alter-range-partitioning-invalid-unbounded [id=28630d9ce835454abf530e382fb41675]) Alter Table RPC with a delay of 8 ms (attempt = 0)
W1002 04:41:25.339401 5817 catalog_manager.cc:2896] Async tablet task f199048d571c419eb586f6d1c3ddac07 (table test-alter-range-partitioning-invalid-unbounded [id=28630d9ce835454abf530e382fb41675]) Alter Table RPC failed: Not found: Failed to reset TS proxy: No leader found: Tablet f199048d571c419eb586f6d1c3ddac07 consensus state has no leader
I1002 04:41:25.339367 5904 tablet_service.cc:806] Processing DeleteTablet for tablet eab92c5faddf43bba4543442e4dcf3d2 with delete_type TABLET_DATA_DELETED (Partition dropped at 2017-10-02 04:41:25 UTC) from {username='slave'} at 127.0.0.1:45798
I1002 04:41:25.340100 5816 catalog_manager.cc:2877] Scheduling retry of 31cb9f984a544fe7a23255fb0491a3cc (table test-alter-range-partitioning-invalid-unbounded [id=28630d9ce835454abf530e382fb41675]) Alter Table RPC with a delay of 15 ms (attempt = 0)
W1002 04:41:25.340394 5816 catalog_manager.cc:2896] Async tablet task 31cb9f984a544fe7a23255fb0491a3cc (table test-alter-range-partitioning-invalid-unbounded [id=28630d9ce835454abf530e382fb41675]) Alter Table RPC failed: Not found: Failed to reset TS proxy: No leader found: Tablet 31cb9f984a544fe7a23255fb0491a3cc consensus state has no leader
I1002 04:41:25.340417 5833 catalog_manager.cc:1875] Servicing AlterTable request from {username='slave'} at 127.0.0.1:56410: table { table_name: "test-alter-range-partitioning-invalid-unbounded" } alter_schema_steps { type: ADD_RANGE_PARTITION add_range_partition { range_bounds { rows: "\006\001\000\000\000\000\007\001d\000\000\000" } } } alter_schema_steps { type: DROP_RANGE_PARTITION drop_range_partition { range_bounds { rows: "\006\001\377\377\377\377\007\000" } } } schema { columns { name: "c0" type: INT32 is_key: true is_nullable: false encoding: AUTO_ENCODING compression: DEFAULT_COMPRESSION cfile_block_size: 0 } columns { name: "c1" type: INT32 is_key: false is_nullable: false encoding: AUTO_ENCODING compression: DEFAULT_COMPRESSION cfile_block_size: 0 } }
I1002 04:41:25.341687 5951 tablet_bootstrap.cc:432] T 176cfad34f7d4bd38d2e3fbc08a70c29 P 92a92cc5760d4f9e993b905318665696: No bootstrap required, opened a new log
I1002 04:41:25.342025 5951 ts_tablet_manager.cc:903] T 176cfad34f7d4bd38d2e3fbc08a70c29 P 92a92cc5760d4f9e993b905318665696: Time spent bootstrapping tablet: real 0.008s user 0.000s sys 0.004s
I1002 04:41:25.342638 5819 catalog_manager.cc:2877] Scheduling retry of eb376630c04d401f851e8216633104af (table test-alter-range-partitioning-invalid-unbounded [id=28630d9ce835454abf530e382fb41675]) Alter Table RPC with a delay of 57 ms (attempt = 0)
W1002 04:41:25.342921 5819 catalog_manager.cc:2896] Async tablet task eb376630c04d401f851e8216633104af (table test-alter-range-partitioning-invalid-unbounded [id=28630d9ce835454abf530e382fb41675]) Alter Table RPC failed: Not found: Failed to reset TS proxy: No leader found: Tablet eb376630c04d401f851e8216633104af consensus state has no leader
I1002 04:41:25.343194 5819 catalog_manager.cc:3099] Sending DeleteTablet(TABLET_DATA_DELETED) for tablet 2124f2d695cb4d5a8f6b457dc8979d57 on 92a92cc5760d4f9e993b905318665696 (127.7.153.1:39250) (Partition dropped at 2017-10-02 04:41:25 UTC)
I1002 04:41:25.343462 5951 raft_consensus.cc:286] T 176cfad34f7d4bd38d2e3fbc08a70c29 P 92a92cc5760d4f9e993b905318665696 [term 0 FOLLOWER]: Replica starting. Triggering 0 pending transactions. Active config: opid_index: -1 OBSOLETE_local: true peers { permanent_uuid: "92a92cc5760d4f9e993b905318665696" member_type: VOTER last_known_addr { host: "127.7.153.1" port: 39250 } }
I1002 04:41:25.343794 5818 catalog_manager.cc:2877] Scheduling retry of 4aa07f5bc7fa4d689318a63bfd75d334 (table test-alter-range-partitioning-invalid-unbounded [id=28630d9ce835454abf530e382fb41675]) Alter Table RPC with a delay of 8 ms (attempt = 0)
I1002 04:41:25.343976 5951 raft_consensus.cc:312] T 176cfad34f7d4bd38d2e3fbc08a70c29 P 92a92cc5760d4f9e993b905318665696 [term 0 FOLLOWER]: Consensus starting up: Expiring failure detector timer to make a prompt election more likely
W1002 04:41:25.344125 5818 catalog_manager.cc:2896] Async tablet task 4aa07f5bc7fa4d689318a63bfd75d334 (table test-alter-range-partitioning-invalid-unbounded [id=28630d9ce835454abf530e382fb41675]) Alter Table RPC failed: Not found: Failed to reset TS proxy: No leader found: Tablet 4aa07f5bc7fa4d689318a63bfd75d334 consensus state has no leader
I1002 04:41:25.344244 5951 raft_consensus.cc:578] T 176cfad34f7d4bd38d2e3fbc08a70c29 P 92a92cc5760d4f9e993b905318665696 [term 0 FOLLOWER]: Becoming Follower/Learner. State: Replica: 92a92cc5760d4f9e993b905318665696, State: Initialized, Role: FOLLOWER
I1002 04:41:25.344477 5818 catalog_manager.cc:2877] Scheduling retry of 324f6f5296ec4196903a9244e539c9d8 (table test-alter-range-partitioning-invalid-unbounded [id=28630d9ce835454abf530e382fb41675]) Alter Table RPC with a delay of 46 ms (attempt = 0)
I1002 04:41:25.344523 5951 consensus_queue.cc:190] T 176cfad34f7d4bd38d2e3fbc08a70c29 P 92a92cc5760d4f9e993b905318665696 [NON_LEADER]: Queue going to NON_LEADER mode. State: All replicated index: 0, Majority replicated index: 0, Committed index: 0, Last appended: 0.0, Last appended by leader: 0, Current term: 0, Majority size: -1, State: 0, Mode: NON_LEADER
W1002 04:41:25.344755 5818 catalog_manager.cc:2896] Async tablet task 324f6f5296ec4196903a9244e539c9d8 (table test-alter-range-partitioning-invalid-unbounded [id=28630d9ce835454abf530e382fb41675]) Alter Table RPC failed: Not found: Failed to reset TS proxy: No leader found: Tablet 324f6f5296ec4196903a9244e539c9d8 consensus state has no leader
I1002 04:41:25.344880 5951 raft_consensus.cc:327] T 176cfad34f7d4bd38d2e3fbc08a70c29 P 92a92cc5760d4f9e993b905318665696 [term 0 FOLLOWER]: Only one voter in the Raft config. Triggering election immediately
I1002 04:41:25.345088 5951 raft_consensus.cc:411] T 176cfad34f7d4bd38d2e3fbc08a70c29 P 92a92cc5760d4f9e993b905318665696 [term 0 FOLLOWER]: Starting leader election (initial election of a single-replica configuration)
I1002 04:41:25.345286 5951 raft_consensus.cc:2457] T 176cfad34f7d4bd38d2e3fbc08a70c29 P 92a92cc5760d4f9e993b905318665696: Snoozing failure detection for 1.804s (starting election)
I1002 04:41:25.345342 5817 catalog_manager.cc:2877] Scheduling retry of 16347b539ec7456684793f254094ed89 (table test-alter-range-partitioning-invalid-unbounded [id=28630d9ce835454abf530e382fb41675]) Alter Table RPC with a delay of 26 ms (attempt = 0)
I1002 04:41:25.345484 5951 raft_consensus.cc:2509] T 176cfad34f7d4bd38d2e3fbc08a70c29 P 92a92cc5760d4f9e993b905318665696 [term 0 FOLLOWER]: Advancing to term 1
W1002 04:41:25.345652 5817 catalog_manager.cc:2896] Async tablet task 16347b539ec7456684793f254094ed89 (table test-alter-range-partitioning-invalid-unbounded [id=28630d9ce835454abf530e382fb41675]) Alter Table RPC failed: Not found: Failed to reset TS proxy: No leader found: Tablet 16347b539ec7456684793f254094ed89 consensus state has no leader
W1002 04:41:25.346088 5819 catalog_manager.cc:3069] TS 92a92cc5760d4f9e993b905318665696 (127.7.153.1:39250): delete failed for tablet 176cfad34f7d4bd38d2e3fbc08a70c29 with error code TABLET_NOT_RUNNING: Illegal state: State transition of tablet 176cfad34f7d4bd38d2e3fbc08a70c29 already in progress: creating tablet
I1002 04:41:25.346350 5819 catalog_manager.cc:2877] Scheduling retry of 176cfad34f7d4bd38d2e3fbc08a70c29 Delete Tablet RPC for TS=92a92cc5760d4f9e993b905318665696 with a delay of 35 ms (attempt = 1)
I1002 04:41:25.347168 5817 catalog_manager.cc:2877] Scheduling retry of eab92c5faddf43bba4543442e4dcf3d2 (table test-alter-range-partitioning-invalid-unbounded [id=28630d9ce835454abf530e382fb41675]) Alter Table RPC with a delay of 48 ms (attempt = 0)
W1002 04:41:25.347509 5817 catalog_manager.cc:2896] Async tablet task eab92c5faddf43bba4543442e4dcf3d2 (table test-alter-range-partitioning-invalid-unbounded [id=28630d9ce835454abf530e382fb41675]) Alter Table RPC failed: Not found: Failed to reset TS proxy: No leader found: Tablet eab92c5faddf43bba4543442e4dcf3d2 consensus state has no leader
I1002 04:41:25.347966 5833 catalog_manager.cc:1875] Servicing AlterTable request from {username='slave'} at 127.0.0.1:56410: table { table_name: "test-alter-range-partitioning-invalid-unbounded" } alter_schema_steps { type: ADD_RANGE_PARTITION add_range_partition { range_bounds { rows: "\006\001\377\377\377\377\007\000" } } } schema { columns { name: "c0" type: INT32 is_key: true is_nullable: false encoding: AUTO_ENCODING compression: DEFAULT_COMPRESSION cfile_block_size: 0 } columns { name: "c1" type: INT32 is_key: false is_nullable: false encoding: AUTO_ENCODING compression: DEFAULT_COMPRESSION cfile_block_size: 0 } }
W1002 04:41:25.348860 5819 catalog_manager.cc:3057] TS 92a92cc5760d4f9e993b905318665696 (127.7.153.1:39250): delete failed for tablet eab92c5faddf43bba4543442e4dcf3d2 because the tablet was not found. No further retry: Not found: Tablet not found: eab92c5faddf43bba4543442e4dcf3d2
I1002 04:41:25.348882 5817 catalog_manager.cc:2877] Scheduling retry of f199048d571c419eb586f6d1c3ddac07 (table test-alter-range-partitioning-invalid-unbounded [id=28630d9ce835454abf530e382fb41675]) Alter Table RPC with a delay of 26 ms (attempt = 0)
W1002 04:41:25.349220 5817 catalog_manager.cc:2896] Async tablet task f199048d571c419eb586f6d1c3ddac07 (table test-alter-range-partitioning-invalid-unbounded [id=28630d9ce835454abf530e382fb41675]) Alter Table RPC failed: Not found: Failed to reset TS proxy: No leader found: Tablet f199048d571c419eb586f6d1c3ddac07 consensus state has no leader
I1002 04:41:25.349858 5951 raft_consensus.cc:433] T 176cfad34f7d4bd38d2e3fbc08a70c29 P 92a92cc5760d4f9e993b905318665696 [term 1 FOLLOWER]: Starting leader election with config: opid_index: -1 OBSOLETE_local: true peers { permanent_uuid: "92a92cc5760d4f9e993b905318665696" member_type: VOTER last_known_addr { host: "127.7.153.1" port: 39250 } }
I1002 04:41:25.350242 5951 leader_election.cc:248] T 176cfad34f7d4bd38d2e3fbc08a70c29 P 92a92cc5760d4f9e993b905318665696 [CANDIDATE]: Term 1 election: Election decided. Result: candidate won.
I1002 04:41:25.350605 5954 raft_consensus.cc:2457] T 176cfad34f7d4bd38d2e3fbc08a70c29 P 92a92cc5760d4f9e993b905318665696: Snoozing failure detection for 1.623s (election complete)
I1002 04:41:25.350857 5954 raft_consensus.cc:2281] T 176cfad34f7d4bd38d2e3fbc08a70c29 P 92a92cc5760d4f9e993b905318665696 [term 1 FOLLOWER]: Leader election won for term 1
I1002 04:41:25.351164 5954 raft_consensus.cc:545] T 176cfad34f7d4bd38d2e3fbc08a70c29 P 92a92cc5760d4f9e993b905318665696 [term 1 LEADER]: Becoming Leader. State: Replica: 92a92cc5760d4f9e993b905318665696, State: Running, Role: LEADER
I1002 04:41:25.351264 5951 ts_tablet_manager.cc:931] T 176cfad34f7d4bd38d2e3fbc08a70c29 P 92a92cc5760d4f9e993b905318665696: Time spent starting tablet: real 0.009s user 0.012s sys 0.000s
I1002 04:41:25.351480 5954 consensus_queue.cc:169] T 176cfad34f7d4bd38d2e3fbc08a70c29 P 92a92cc5760d4f9e993b905318665696 [LEADER]: Queue going to LEADER mode. State: All replicated index: 0, Majority replicated index: 0, Committed index: 0, Last appended: 0.0, Last appended by leader: 0, Current term: 1, Majority size: 1, State: 0, Mode: LEADER, active raft config: opid_index: -1 OBSOLETE_local: true peers { permanent_uuid: "92a92cc5760d4f9e993b905318665696" member_type: VOTER last_known_addr { host: "127.7.153.1" port: 39250 } }
I1002 04:41:25.351995 5816 catalog_manager.cc:2877] Scheduling retry of c464d87b2b3d43d289fbbd56acb0dd90 (table test-alter-range-partitioning-invalid-unbounded [id=28630d9ce835454abf530e382fb41675]) Alter Table RPC with a delay of 20 ms (attempt = 0)
W1002 04:41:25.352280 5816 catalog_manager.cc:2896] Async tablet task c464d87b2b3d43d289fbbd56acb0dd90 (table test-alter-range-partitioning-invalid-unbounded [id=28630d9ce835454abf530e382fb41675]) Alter Table RPC failed: Not found: Failed to reset TS proxy: No leader found: Tablet c464d87b2b3d43d289fbbd56acb0dd90 consensus state has no leader
I1002 04:41:25.352877 5817 catalog_manager.cc:2877] Scheduling retry of c2b8cfa799034977a43798f4f83e8d3d (table test-alter-range-partitioning-invalid-unbounded [id=28630d9ce835454abf530e382fb41675]) Alter Table RPC with a delay of 26 ms (attempt = 0)
W1002 04:41:25.353082 5817 catalog_manager.cc:2896] Async tablet task c2b8cfa799034977a43798f4f83e8d3d (table test-alter-range-partitioning-invalid-unbounded [id=28630d9ce835454abf530e382fb41675]) Alter Table RPC failed: Not found: Failed to reset TS proxy: No leader found: Tablet c2b8cfa799034977a43798f4f83e8d3d consensus state has no leader
I1002 04:41:25.353284 5817 catalog_manager.cc:2877] Scheduling retry of f05a246de6154981a64cf15b78055baf (table test-alter-range-partitioning-invalid-unbounded [id=28630d9ce835454abf530e382fb41675]) Alter Table RPC with a delay of 11 ms (attempt = 0)
W1002 04:41:25.353441 5817 catalog_manager.cc:2896] Async tablet task f05a246de6154981a64cf15b78055baf (table test-alter-range-partitioning-invalid-unbounded [id=28630d9ce835454abf530e382fb41675]) Alter Table RPC failed: Not found: Failed to reset TS proxy: No leader found: Tablet f05a246de6154981a64cf15b78055baf consensus state has no leader
I1002 04:41:25.354898 5818 catalog_manager.cc:2877] Scheduling retry of 2e11ab53d1834da3867e17c59001dd34 (table test-alter-range-partitioning-invalid-unbounded [id=28630d9ce835454abf530e382fb41675]) Alter Table RPC with a delay of 12 ms (attempt = 0)
W1002 04:41:25.355214 5818 catalog_manager.cc:2896] Async tablet task 2e11ab53d1834da3867e17c59001dd34 (table test-alter-range-partitioning-invalid-unbounded [id=28630d9ce835454abf530e382fb41675]) Alter Table RPC failed: Not found: Failed to reset TS proxy: No leader found: Tablet 2e11ab53d1834da3867e17c59001dd34 consensus state has no leader
I1002 04:41:25.355535 5818 catalog_manager.cc:2877] Scheduling retry of 4aa07f5bc7fa4d689318a63bfd75d334 (table test-alter-range-partitioning-invalid-unbounded [id=28630d9ce835454abf530e382fb41675]) Alter Table RPC with a delay of 23 ms (attempt = 0)
W1002 04:41:25.355849 5818 catalog_manager.cc:2896] Async tablet task 4aa07f5bc7fa4d689318a63bfd75d334 (table test-alter-range-partitioning-invalid-unbounded [id=28630d9ce835454abf530e382fb41675]) Alter Table RPC failed: Not found: Failed to reset TS proxy: No leader found: Tablet 4aa07f5bc7fa4d689318a63bfd75d334 consensus state has no leader
I1002 04:41:25.356510 5833 catalog_manager.cc:2877] Scheduling retry of 625d812d6032468588f4b9a5d553c83c (table test-alter-range-partitioning-invalid-unbounded [id=28630d9ce835454abf530e382fb41675]) Alter Table RPC with a delay of 30 ms (attempt = 0)
W1002 04:41:25.356849 5833 catalog_manager.cc:3416] Failed to send alter table request: Not found: Failed to reset TS proxy: No leader found: Tablet 625d812d6032468588f4b9a5d553c83c has no consensus state
I1002 04:41:25.356855 5816 catalog_manager.cc:2877] Scheduling retry of 31cb9f984a544fe7a23255fb0491a3cc (table test-alter-range-partitioning-invalid-unbounded [id=28630d9ce835454abf530e382fb41675]) Alter Table RPC with a delay of 9 ms (attempt = 0)
W1002 04:41:25.357175 5816 catalog_manager.cc:2896] Async tablet task 31cb9f984a544fe7a23255fb0491a3cc (table test-alter-range-partitioning-invalid-unbounded [id=28630d9ce835454abf530e382fb41675]) Alter Table RPC failed: Not found: Failed to reset TS proxy: No leader found: Tablet 31cb9f984a544fe7a23255fb0491a3cc consensus state has no leader
I1002 04:41:25.347224 5904 tablet_service.cc:806] Processing DeleteTablet for tablet 2124f2d695cb4d5a8f6b457dc8979d57 with delete_type TABLET_DATA_DELETED (Partition dropped at 2017-10-02 04:41:25 UTC) from {username='slave'} at 127.0.0.1:45798
I1002 04:41:25.358655 5816 catalog_manager.cc:2877] Scheduling retry of 2efdf5f4e04644448a2558f9940b74c1 (table test-alter-range-partitioning-invalid-unbounded [id=28630d9ce835454abf530e382fb41675]) Alter Table RPC with a delay of 29 ms (attempt = 0)
W1002 04:41:25.358949 5816 catalog_manager.cc:2896] Async tablet task 2efdf5f4e04644448a2558f9940b74c1 (table test-alter-range-partitioning-invalid-unbounded [id=28630d9ce835454abf530e382fb41675]) Alter Table RPC failed: Not found: Failed to reset TS proxy: No leader found: Tablet 2efdf5f4e04644448a2558f9940b74c1 consensus state has no leader
I1002 04:41:25.358659 5819 catalog_manager.cc:2877] Scheduling retry of 523dc850ea83468f991a8ac636839d86 (table test-alter-range-partitioning-invalid-unbounded [id=28630d9ce835454abf530e382fb41675]) Alter Table RPC with a delay of 13 ms (attempt = 0)
W1002 04:41:25.359586 5819 catalog_manager.cc:2896] Async tablet task 523dc850ea83468f991a8ac636839d86 (table test-alter-range-partitioning-invalid-unbounded [id=28630d9ce835454abf530e382fb41675]) Alter Table RPC failed: Not found: Failed to reset TS proxy: No leader found: Tablet 523dc850ea83468f991a8ac636839d86 consensus state has no leader
I1002 04:41:25.362495 5819 catalog_manager.cc:2877] Scheduling retry of 2124f2d695cb4d5a8f6b457dc8979d57 (table test-alter-range-partitioning-invalid-unbounded [id=28630d9ce835454abf530e382fb41675]) Alter Table RPC with a delay of 15 ms (attempt = 0)
I1002 04:41:25.362468 5818 catalog_manager.cc:2877] Scheduling retry of ffc46f65c62d4d5dbb276546317c22ad (table test-alter-range-partitioning-invalid-unbounded [id=28630d9ce835454abf530e382fb41675]) Alter Table RPC with a delay of 29 ms (attempt = 0)
W1002 04:41:25.362715 5819 catalog_manager.cc:2896] Async tablet task 2124f2d695cb4d5a8f6b457dc8979d57 (table test-alter-range-partitioning-invalid-unbounded [id=28630d9ce835454abf530e382fb41675]) Alter Table RPC failed: Not found: Failed to reset TS proxy: No leader found: Tablet 2124f2d695cb4d5a8f6b457dc8979d57 consensus state has no leader
W1002 04:41:25.362838 5818 catalog_manager.cc:2896] Async tablet task ffc46f65c62d4d5dbb276546317c22ad (table test-alter-range-partitioning-invalid-unbounded [id=28630d9ce835454abf530e382fb41675]) Alter Table RPC failed: Not found: Failed to reset TS proxy: No leader found: Tablet ffc46f65c62d4d5dbb276546317c22ad consensus state has no leader
W1002 04:41:25.364241 5819 catalog_manager.cc:3057] TS 92a92cc5760d4f9e993b905318665696 (127.7.153.1:39250): delete failed for tablet 2124f2d695cb4d5a8f6b457dc8979d57 because the tablet was not found. No further retry: Not found: Tablet not found: 2124f2d695cb4d5a8f6b457dc8979d57
I1002 04:41:25.364632 5833 catalog_manager.cc:2369] Got report from deleted tablet 176cfad34f7d4bd38d2e3fbc08a70c29 (table test-alter-range-partitioning-invalid-unbounded [id=28630d9ce835454abf530e382fb41675]) (Partition dropped at 2017-10-02 04:41:25 UTC): Sending delete request for this tablet
I1002 04:41:25.364964 5817 catalog_manager.cc:2877] Scheduling retry of f05a246de6154981a64cf15b78055baf (table test-alter-range-partitioning-invalid-unbounded [id=28630d9ce835454abf530e382fb41675]) Alter Table RPC with a delay of 30 ms (attempt = 0)
I1002 04:41:25.365025 5833 catalog_manager.cc:3099] Sending DeleteTablet(TABLET_DATA_DELETED) for tablet 176cfad34f7d4bd38d2e3fbc08a70c29 on 92a92cc5760d4f9e993b905318665696 (127.7.153.1:39250) (Partition dropped at 2017-10-02 04:41:25 UTC)
W1002 04:41:25.365228 5817 catalog_manager.cc:2896] Async tablet task f05a246de6154981a64cf15b78055baf (table test-alter-range-partitioning-invalid-unbounded [id=28630d9ce835454abf530e382fb41675]) Alter Table RPC failed: Not found: Failed to reset TS proxy: No leader found: Tablet f05a246de6154981a64cf15b78055baf consensus state has no leader
I1002 04:41:25.365432 5904 tablet_service.cc:765] Processing CreateTablet for tablet 625d812d6032468588f4b9a5d553c83c (table=test-alter-range-partitioning-invalid-unbounded [id=28630d9ce835454abf530e382fb41675]), partition=RANGE (c0) PARTITION VALUES >= -1
I1002 04:41:25.367527 5816 catalog_manager.cc:2877] Scheduling retry of 31cb9f984a544fe7a23255fb0491a3cc (table test-alter-range-partitioning-invalid-unbounded [id=28630d9ce835454abf530e382fb41675]) Alter Table RPC with a delay of 12 ms (attempt = 0)
W1002 04:41:25.367789 5816 catalog_manager.cc:2896] Async tablet task 31cb9f984a544fe7a23255fb0491a3cc (table test-alter-range-partitioning-invalid-unbounded [id=28630d9ce835454abf530e382fb41675]) Alter Table RPC failed: Not found: Failed to reset TS proxy: No leader found: Tablet 31cb9f984a544fe7a23255fb0491a3cc consensus state has no leader
I1002 04:41:25.368453 5818 catalog_manager.cc:2877] Scheduling retry of ac9bed6c3606451ba4f9ee159fbd44ea (table test-alter-range-partitioning-invalid-unbounded [id=28630d9ce835454abf530e382fb41675]) Alter Table RPC with a delay of 21 ms (attempt = 0)
W1002 04:41:25.368778 5818 catalog_manager.cc:2896] Async tablet task ac9bed6c3606451ba4f9ee159fbd44ea (table test-alter-range-partitioning-invalid-unbounded [id=28630d9ce835454abf530e382fb41675]) Alter Table RPC failed: Not found: Failed to reset TS proxy: No leader found: Tablet ac9bed6c3606451ba4f9ee159fbd44ea consensus state has no leader
I1002 04:41:25.369135 5818 catalog_manager.cc:2877] Scheduling retry of 2e11ab53d1834da3867e17c59001dd34 (table test-alter-range-partitioning-invalid-unbounded [id=28630d9ce835454abf530e382fb41675]) Alter Table RPC with a delay of 27 ms (attempt = 0)
W1002 04:41:25.369395 5818 catalog_manager.cc:2896] Async tablet task 2e11ab53d1834da3867e17c59001dd34 (table test-alter-range-partitioning-invalid-unbounded [id=28630d9ce835454abf530e382fb41675]) Alter Table RPC failed: Not found: Failed to reset TS proxy: No leader found: Tablet 2e11ab53d1834da3867e17c59001dd34 consensus state has no leader
I1002 04:41:25.372182 5904 ts_tablet_manager.cc:1028] T 625d812d6032468588f4b9a5d553c83c P 92a92cc5760d4f9e993b905318665696: Registered tablet (data state: TABLET_DATA_READY)
I1002 04:41:25.372519 5951 ts_tablet_manager.cc:878] T 625d812d6032468588f4b9a5d553c83c P 92a92cc5760d4f9e993b905318665696: Bootstrapping tablet
I1002 04:41:25.372880 5951 tablet_bootstrap.cc:432] T 625d812d6032468588f4b9a5d553c83c P 92a92cc5760d4f9e993b905318665696: Bootstrap starting.
I1002 04:41:25.373371 5816 catalog_manager.cc:2877] Scheduling retry of c464d87b2b3d43d289fbbd56acb0dd90 (table test-alter-range-partitioning-invalid-unbounded [id=28630d9ce835454abf530e382fb41675]) Alter Table RPC with a delay of 56 ms (attempt = 0)
W1002 04:41:25.373661 5816 catalog_manager.cc:2896] Async tablet task c464d87b2b3d43d289fbbd56acb0dd90 (table test-alter-range-partitioning-invalid-unbounded [id=28630d9ce835454abf530e382fb41675]) Alter Table RPC failed: Not found: Failed to reset TS proxy: No leader found: Tablet c464d87b2b3d43d289fbbd56acb0dd90 consensus state has no leader
I1002 04:41:25.374063 5817 catalog_manager.cc:2877] Scheduling retry of 16347b539ec7456684793f254094ed89 (table test-alter-range-partitioning-invalid-unbounded [id=28630d9ce835454abf530e382fb41675]) Alter Table RPC with a delay of 27 ms (attempt = 0)
W1002 04:41:25.374348 5817 catalog_manager.cc:2896] Async tablet task 16347b539ec7456684793f254094ed89 (table test-alter-range-partitioning-invalid-unbounded [id=28630d9ce835454abf530e382fb41675]) Alter Table RPC failed: Not found: Failed to reset TS proxy: No leader found: Tablet 16347b539ec7456684793f254094ed89 consensus state has no leader
I1002 04:41:25.375553 5903 tablet_service.cc:806] Processing DeleteTablet for tablet 176cfad34f7d4bd38d2e3fbc08a70c29 with delete_type TABLET_DATA_DELETED (Partition dropped at 2017-10-02 04:41:25 UTC) from {username='slave'} at 127.0.0.1:45798
I1002 04:41:25.375602 5819 catalog_manager.cc:2877] Scheduling retry of 523dc850ea83468f991a8ac636839d86 (table test-alter-range-partitioning-invalid-unbounded [id=28630d9ce835454abf530e382fb41675]) Alter Table RPC with a delay of 26 ms (attempt = 0)
W1002 04:41:25.375946 5819 catalog_manager.cc:2896] Async tablet task 523dc850ea83468f991a8ac636839d86 (table test-alter-range-partitioning-invalid-unbounded [id=28630d9ce835454abf530e382fb41675]) Alter Table RPC failed: Not found: Failed to reset TS proxy: No leader found: Tablet 523dc850ea83468f991a8ac636839d86 consensus state has no leader
I1002 04:41:25.375978 5903 tablet_replica.cc:257] T 176cfad34f7d4bd38d2e3fbc08a70c29 P 92a92cc5760d4f9e993b905318665696: stopping tablet replica
I1002 04:41:25.376246 5903 maintenance_manager.cc:228] P 92a92cc5760d4f9e993b905318665696: Unregistered op CompactRowSetsOp(176cfad34f7d4bd38d2e3fbc08a70c29)
I1002 04:41:25.376245 5817 catalog_manager.cc:2877] Scheduling retry of f199048d571c419eb586f6d1c3ddac07 (table test-alter-range-partitioning-invalid-unbounded [id=28630d9ce835454abf530e382fb41675]) Alter Table RPC with a delay of 29 ms (attempt = 0)
I1002 04:41:25.376473 5903 maintenance_manager.cc:228] P 92a92cc5760d4f9e993b905318665696: Unregistered op MinorDeltaCompactionOp(176cfad34f7d4bd38d2e3fbc08a70c29)
W1002 04:41:25.376567 5817 catalog_manager.cc:2896] Async tablet task f199048d571c419eb586f6d1c3ddac07 (table test-alter-range-partitioning-invalid-unbounded [id=28630d9ce835454abf530e382fb41675]) Alter Table RPC failed: Not found: Failed to reset TS proxy: No leader found: Tablet f199048d571c419eb586f6d1c3ddac07 consensus state has no leader
I1002 04:41:25.376672 5903 maintenance_manager.cc:228] P 92a92cc5760d4f9e993b905318665696: Unregistered op MajorDeltaCompactionOp(176cfad34f7d4bd38d2e3fbc08a70c29)
I1002 04:41:25.373728 5833 catalog_manager.cc:1875] Servicing AlterTable request from {username='slave'} at 127.0.0.1:56410: table { table_name: "test-alter-range-partitioning-invalid-unbounded" } alter_schema_steps { type: ADD_RANGE_PARTITION add_range_partition { range_bounds { rows: "\006\001\000\000\000\000\007\001d\000\000\000" } } } schema { columns { name: "c0" type: INT32 is_key: true is_nullable: false encoding: AUTO_ENCODING compression: DEFAULT_COMPRESSION cfile_block_size: 0 } columns { name: "c1" type: INT32 is_key: false is_nullable: false encoding: AUTO_ENCODING compression: DEFAULT_COMPRESSION cfile_block_size: 0 } }
I1002 04:41:25.376888 5903 maintenance_manager.cc:228] P 92a92cc5760d4f9e993b905318665696: Unregistered op UndoDeltaBlockGCOp(176cfad34f7d4bd38d2e3fbc08a70c29)
I1002 04:41:25.376906 5832 catalog_manager.cc:2369] Got report from deleted tablet 176cfad34f7d4bd38d2e3fbc08a70c29 (table test-alter-range-partitioning-invalid-unbounded [id=28630d9ce835454abf530e382fb41675]) (Partition dropped at 2017-10-02 04:41:25 UTC): Sending delete request for this tablet
I1002 04:41:25.377109 5903 maintenance_manager.cc:228] P 92a92cc5760d4f9e993b905318665696: Unregistered op FlushMRSOp(176cfad34f7d4bd38d2e3fbc08a70c29)
I1002 04:41:25.377301 5903 maintenance_manager.cc:228] P 92a92cc5760d4f9e993b905318665696: Unregistered op FlushDeltaMemStoresOp(176cfad34f7d4bd38d2e3fbc08a70c29)
I1002 04:41:25.377311 5832 catalog_manager.cc:3099] Sending DeleteTablet(TABLET_DATA_DELETED) for tablet 176cfad34f7d4bd38d2e3fbc08a70c29 on 92a92cc5760d4f9e993b905318665696 (127.7.153.1:39250) (Partition dropped at 2017-10-02 04:41:25 UTC)
I1002 04:41:25.377496 5903 maintenance_manager.cc:228] P 92a92cc5760d4f9e993b905318665696: Unregistered op LogGCOp(176cfad34f7d4bd38d2e3fbc08a70c29)
I1002 04:41:25.377677 5903 raft_consensus.cc:1809] T 176cfad34f7d4bd38d2e3fbc08a70c29 P 92a92cc5760d4f9e993b905318665696 [term 1 LEADER]: Raft consensus shutting down.
I1002 04:41:25.377992 5903 raft_consensus.cc:1836] T 176cfad34f7d4bd38d2e3fbc08a70c29 P 92a92cc5760d4f9e993b905318665696 [term 1 FOLLOWER]: Raft consensus is shut down!
I1002 04:41:25.378067 5817 catalog_manager.cc:2877] Scheduling retry of c590266196284e13bd9569bb434bd2bf (table test-alter-range-partitioning-invalid-unbounded [id=28630d9ce835454abf530e382fb41675]) Alter Table RPC with a delay of 25 ms (attempt = 0)
W1002 04:41:25.378355 5817 catalog_manager.cc:2896] Async tablet task c590266196284e13bd9569bb434bd2bf (table test-alter-range-partitioning-invalid-unbounded [id=28630d9ce835454abf530e382fb41675]) Alter Table RPC failed: Not found: Failed to reset TS proxy: No leader found: Tablet c590266196284e13bd9569bb434bd2bf consensus state has no leader
I1002 04:41:25.379245 5904 tablet_service.cc:806] Processing DeleteTablet for tablet 176cfad34f7d4bd38d2e3fbc08a70c29 with delete_type TABLET_DATA_DELETED (Partition dropped at 2017-10-02 04:41:25 UTC) from {username='slave'} at 127.0.0.1:45798
I1002 04:41:25.379652 5819 catalog_manager.cc:2877] Scheduling retry of 2124f2d695cb4d5a8f6b457dc8979d57 (table test-alter-range-partitioning-invalid-unbounded [id=28630d9ce835454abf530e382fb41675]) Alter Table RPC with a delay of 28 ms (attempt = 0)
W1002 04:41:25.379940 5819 catalog_manager.cc:2896] Async tablet task 2124f2d695cb4d5a8f6b457dc8979d57 (table test-alter-range-partitioning-invalid-unbounded [id=28630d9ce835454abf530e382fb41675]) Alter Table RPC failed: Not found: Failed to reset TS proxy: No leader found: Tablet 2124f2d695cb4d5a8f6b457dc8979d57 consensus state has no leader
I1002 04:41:25.380303 5817 catalog_manager.cc:2877] Scheduling retry of c2b8cfa799034977a43798f4f83e8d3d (table test-alter-range-partitioning-invalid-unbounded [id=28630d9ce835454abf530e382fb41675]) Alter Table RPC with a delay of 38 ms (attempt = 0)
W1002 04:41:25.380509 5817 catalog_manager.cc:2896] Async tablet task c2b8cfa799034977a43798f4f83e8d3d (table test-alter-range-partitioning-invalid-unbounded [id=28630d9ce835454abf530e382fb41675]) Alter Table RPC failed: Not found: Failed to reset TS proxy: No leader found: Tablet c2b8cfa799034977a43798f4f83e8d3d consensus state has no leader
I1002 04:41:25.380908 5903 ts_tablet_manager.cc:1203] T 176cfad34f7d4bd38d2e3fbc08a70c29 P 92a92cc5760d4f9e993b905318665696: Deleting tablet data with delete state TABLET_DATA_DELETED
I1002 04:41:25.381793 5951 tablet_bootstrap.cc:567] T 625d812d6032468588f4b9a5d553c83c P 92a92cc5760d4f9e993b905318665696: No blocks or log segments found. Creating new log.
I1002 04:41:25.382182 5818 catalog_manager.cc:2877] Scheduling retry of 4aa07f5bc7fa4d689318a63bfd75d334 (table test-alter-range-partitioning-invalid-unbounded [id=28630d9ce835454abf530e382fb41675]) Alter Table RPC with a delay of 24 ms (attempt = 0)
I1002 04:41:25.382303 5816 catalog_manager.cc:2877] Scheduling retry of 31cb9f984a544fe7a23255fb0491a3cc (table test-alter-range-partitioning-invalid-unbounded [id=28630d9ce835454abf530e382fb41675]) Alter Table RPC with a delay of 29 ms (attempt = 0)
W1002 04:41:25.383823 5818 catalog_manager.cc:2896] Async tablet task 4aa07f5bc7fa4d689318a63bfd75d334 (table test-alter-range-partitioning-invalid-unbounded [id=28630d9ce835454abf530e382fb41675]) Alter Table RPC failed: Not found: Failed to reset TS proxy: No leader found: Tablet 4aa07f5bc7fa4d689318a63bfd75d334 consensus state has no leader
W1002 04:41:25.383833 5816 catalog_manager.cc:2896] Async tablet task 31cb9f984a544fe7a23255fb0491a3cc (table test-alter-range-partitioning-invalid-unbounded [id=28630d9ce835454abf530e382fb41675]) Alter Table RPC failed: Not found: Failed to reset TS proxy: No leader found: Tablet 31cb9f984a544fe7a23255fb0491a3cc consensus state has no leader
I1002 04:41:25.384290 5816 catalog_manager.cc:2877] Scheduling retry of a8b2305aec07407b90e96939b7b0120c (table test-alter-range-partitioning-invalid-unbounded [id=28630d9ce835454abf530e382fb41675]) Alter Table RPC with a delay of 10 ms (attempt = 0)
W1002 04:41:25.384531 5816 catalog_manager.cc:2896] Async tablet task a8b2305aec07407b90e96939b7b0120c (table test-alter-range-partitioning-invalid-unbounded [id=28630d9ce835454abf530e382fb41675]) Alter Table RPC failed: Not found: Failed to reset TS proxy: No leader found: Tablet a8b2305aec07407b90e96939b7b0120c consensus state has no leader
I1002 04:41:25.382758 5819 catalog_manager.cc:3099] Sending DeleteTablet(TABLET_DATA_DELETED) for tablet 176cfad34f7d4bd38d2e3fbc08a70c29 on 92a92cc5760d4f9e993b905318665696 (127.7.153.1:39250) (Partition dropped at 2017-10-02 04:41:25 UTC)
W1002 04:41:25.385079 5819 catalog_manager.cc:3069] TS 92a92cc5760d4f9e993b905318665696 (127.7.153.1:39250): delete failed for tablet 176cfad34f7d4bd38d2e3fbc08a70c29 with error code TABLET_NOT_RUNNING: Illegal state: State transition of tablet 176cfad34f7d4bd38d2e3fbc08a70c29 already in progress: deleting tablet
I1002 04:41:25.385293 5819 catalog_manager.cc:2877] Scheduling retry of 176cfad34f7d4bd38d2e3fbc08a70c29 Delete Tablet RPC for TS=92a92cc5760d4f9e993b905318665696 with a delay of 21 ms (attempt = 1)
I1002 04:41:25.386515 5833 catalog_manager.cc:1875] Servicing AlterTable request from {username='slave'} at 127.0.0.1:56410: table { table_name: "test-alter-range-partitioning-invalid-unbounded" } alter_schema_steps { type: DROP_RANGE_PARTITION drop_range_partition { range_bounds { rows: "\006\001\377\377\377\377\007\000" } } } schema { columns { name: "c0" type: INT32 is_key: true is_nullable: false encoding: AUTO_ENCODING compression: DEFAULT_COMPRESSION cfile_block_size: 0 } columns { name: "c1" type: INT32 is_key: false is_nullable: false encoding: AUTO_ENCODING compression: DEFAULT_COMPRESSION cfile_block_size: 0 } }
I1002 04:41:25.391638 5818 catalog_manager.cc:2877] Scheduling retry of ac9bed6c3606451ba4f9ee159fbd44ea (table test-alter-range-partitioning-invalid-unbounded [id=28630d9ce835454abf530e382fb41675]) Alter Table RPC with a delay of 47 ms (attempt = 0)
W1002 04:41:25.391934 5818 catalog_manager.cc:2896] Async tablet task ac9bed6c3606451ba4f9ee159fbd44ea (table test-alter-range-partitioning-invalid-unbounded [id=28630d9ce835454abf530e382fb41675]) Alter Table RPC failed: Not found: Failed to reset TS proxy: No leader found: Tablet ac9bed6c3606451ba4f9ee159fbd44ea consensus state has no leader
I1002 04:41:25.392254 5818 catalog_manager.cc:2877] Scheduling retry of 324f6f5296ec4196903a9244e539c9d8 (table test-alter-range-partitioning-invalid-unbounded [id=28630d9ce835454abf530e382fb41675]) Alter Table RPC with a delay of 31 ms (attempt = 0)
W1002 04:41:25.392484 5818 catalog_manager.cc:2896] Async tablet task 324f6f5296ec4196903a9244e539c9d8 (table test-alter-range-partitioning-invalid-unbounded [id=28630d9ce835454abf530e382fb41675]) Alter Table RPC failed: Not found: Failed to reset TS proxy: No leader found: Tablet 324f6f5296ec4196903a9244e539c9d8 consensus state has no leader
I1002 04:41:25.392879 5818 catalog_manager.cc:2877] Scheduling retry of ffc46f65c62d4d5dbb276546317c22ad (table test-alter-range-partitioning-invalid-unbounded [id=28630d9ce835454abf530e382fb41675]) Alter Table RPC with a delay of 55 ms (attempt = 0)
W1002 04:41:25.393113 5818 catalog_manager.cc:2896] Async tablet task ffc46f65c62d4d5dbb276546317c22ad (table test-alter-range-partitioning-invalid-unbounded [id=28630d9ce835454abf530e382fb41675]) Alter Table RPC failed: Not found: Failed to reset TS proxy: No leader found: Tablet ffc46f65c62d4d5dbb276546317c22ad consensus state has no leader
I1002 04:41:25.393224 5816 catalog_manager.cc:2877] Scheduling retry of 625d812d6032468588f4b9a5d553c83c (table test-alter-range-partitioning-invalid-unbounded [id=28630d9ce835454abf530e382fb41675]) Alter Table RPC with a delay of 17 ms (attempt = 0)
I1002 04:41:25.393431 5818 catalog_manager.cc:2877] Scheduling retry of 176cfad34f7d4bd38d2e3fbc08a70c29 (table test-alter-range-partitioning-invalid-unbounded [id=28630d9ce835454abf530e382fb41675]) Alter Table RPC with a delay of 43 ms (attempt = 0)
W1002 04:41:25.393530 5816 catalog_manager.cc:2896] Async tablet task 625d812d6032468588f4b9a5d553c83c (table test-alter-range-partitioning-invalid-unbounded [id=28630d9ce835454abf530e382fb41675]) Alter Table RPC failed: Not found: Failed to reset TS proxy: No leader found: Tablet 625d812d6032468588f4b9a5d553c83c consensus state has no leader
W1002 04:41:25.393697 5818 catalog_manager.cc:2896] Async tablet task 176cfad34f7d4bd38d2e3fbc08a70c29 (table test-alter-range-partitioning-invalid-unbounded [id=28630d9ce835454abf530e382fb41675]) Alter Table RPC failed: Not found: Failed to reset TS proxy: No leader found: Tablet 176cfad34f7d4bd38d2e3fbc08a70c29 consensus state has no leader
I1002 04:41:25.393847 5816 catalog_manager.cc:2877] Scheduling retry of 2efdf5f4e04644448a2558f9940b74c1 (table test-alter-range-partitioning-invalid-unbounded [id=28630d9ce835454abf530e382fb41675]) Alter Table RPC with a delay of 25 ms (attempt = 0)
W1002 04:41:25.394107 5816 catalog_manager.cc:2896] Async tablet task 2efdf5f4e04644448a2558f9940b74c1 (table test-alter-range-partitioning-invalid-unbounded [id=28630d9ce835454abf530e382fb41675]) Alter Table RPC failed: Not found: Failed to reset TS proxy: No leader found: Tablet 2efdf5f4e04644448a2558f9940b74c1 consensus state has no leader
I1002 04:41:25.394696 5833 catalog_manager.cc:3442] T 00000000000000000000000000000000 P 4f89f43c5b1b4a7ab82ebafc420bd1f8: Sending DeleteTablet for 1 replicas of tablet 625d812d6032468588f4b9a5d553c83c
I1002 04:41:25.394706 5903 ts_tablet_manager.cc:1216] T 176cfad34f7d4bd38d2e3fbc08a70c29 P 92a92cc5760d4f9e993b905318665696: tablet deleted: last-logged OpId: 1.1
I1002 04:41:25.395061 5833 catalog_manager.cc:3099] Sending DeleteTablet(TABLET_DATA_DELETED) for tablet 625d812d6032468588f4b9a5d553c83c on 92a92cc5760d4f9e993b905318665696 (127.7.153.1:39250) (Partition dropped at 2017-10-02 04:41:25 UTC)
I1002 04:41:25.395087 5903 log.cc:980] T 176cfad34f7d4bd38d2e3fbc08a70c29 P 92a92cc5760d4f9e993b905318665696: Deleting WAL directory at /tmp/run_tha_test1fMIRV/test-tmp/alter_table-test.AlterTableTest.TestAddRangePartitionConflictExhaustive.1506919259568928-1945/minicluster-data/ts-0-root/wals/176cfad34f7d4bd38d2e3fbc08a70c29
I1002 04:41:25.395565 5816 catalog_manager.cc:2877] Scheduling retry of a8b2305aec07407b90e96939b7b0120c (table test-alter-range-partitioning-invalid-unbounded [id=28630d9ce835454abf530e382fb41675]) Alter Table RPC with a delay of 23 ms (attempt = 0)
W1002 04:41:25.395859 5816 catalog_manager.cc:2896] Async tablet task a8b2305aec07407b90e96939b7b0120c (table test-alter-range-partitioning-invalid-unbounded [id=28630d9ce835454abf530e382fb41675]) Alter Table RPC failed: Not found: Failed to reset TS proxy: No leader found: Tablet a8b2305aec07407b90e96939b7b0120c consensus state has no leader
I1002 04:41:25.395874 5903 ts_tablet_manager.cc:1234] T 176cfad34f7d4bd38d2e3fbc08a70c29 P 92a92cc5760d4f9e993b905318665696: Deleting consensus metadata
I1002 04:41:25.396174 5817 catalog_manager.cc:2877] Scheduling retry of f05a246de6154981a64cf15b78055baf (table test-alter-range-partitioning-invalid-unbounded [id=28630d9ce835454abf530e382fb41675]) Alter Table RPC with a delay of 47 ms (attempt = 0)
W1002 04:41:25.396486 5817 catalog_manager.cc:2896] Async tablet task f05a246de6154981a64cf15b78055baf (table test-alter-range-partitioning-invalid-unbounded [id=28630d9ce835454abf530e382fb41675]) Alter Table RPC failed: Not found: Failed to reset TS proxy: No leader found: Tablet f05a246de6154981a64cf15b78055baf consensus state has no leader
I1002 04:41:25.396790 5817 catalog_manager.cc:2877] Scheduling retry of eab92c5faddf43bba4543442e4dcf3d2 (table test-alter-range-partitioning-invalid-unbounded [id=28630d9ce835454abf530e382fb41675]) Alter Table RPC with a delay of 42 ms (attempt = 0)
W1002 04:41:25.397004 5817 catalog_manager.cc:2896] Async tablet task eab92c5faddf43bba4543442e4dcf3d2 (table test-alter-range-partitioning-invalid-unbounded [id=28630d9ce835454abf530e382fb41675]) Alter Table RPC failed: Not found: Failed to reset TS proxy: No leader found: Tablet eab92c5faddf43bba4543442e4dcf3d2 consensus state has no leader
I1002 04:41:25.397279 5818 catalog_manager.cc:2877] Scheduling retry of 2e11ab53d1834da3867e17c59001dd34 (table test-alter-range-partitioning-invalid-unbounded [id=28630d9ce835454abf530e382fb41675]) Alter Table RPC with a delay of 45 ms (attempt = 0)
I1002 04:41:25.397367 5819 catalog_manager.cc:2877] Scheduling retry of 9b2c62df81784394994baa99bc83b430 (table test-alter-range-partitioning-invalid-unbounded [id=28630d9ce835454abf530e382fb41675]) Alter Table RPC with a delay of 34 ms (attempt = 0)
W1002 04:41:25.397579 5818 catalog_manager.cc:2896] Async tablet task 2e11ab53d1834da3867e17c59001dd34 (table test-alter-range-partitioning-invalid-unbounded [id=28630d9ce835454abf530e382fb41675]) Alter Table RPC failed: Not found: Failed to reset TS proxy: No leader found: Tablet 2e11ab53d1834da3867e17c59001dd34 consensus state has no leader
W1002 04:41:25.397635 5819 catalog_manager.cc:2896] Async tablet task 9b2c62df81784394994baa99bc83b430 (table test-alter-range-partitioning-invalid-unbounded [id=28630d9ce835454abf530e382fb41675]) Alter Table RPC failed: Not found: Failed to reset TS proxy: No leader found: Tablet 9b2c62df81784394994baa99bc83b430 consensus state has no leader
I1002 04:41:25.398540 5905 tablet_service.cc:806] Processing DeleteTablet for tablet 625d812d6032468588f4b9a5d553c83c with delete_type TABLET_DATA_DELETED (Partition dropped at 2017-10-02 04:41:25 UTC) from {username='slave'} at 127.0.0.1:45798
I1002 04:41:25.400336 5951 tablet_bootstrap.cc:432] T 625d812d6032468588f4b9a5d553c83c P 92a92cc5760d4f9e993b905318665696: No bootstrap required, opened a new log
I1002 04:41:25.400662 5951 ts_tablet_manager.cc:903] T 625d812d6032468588f4b9a5d553c83c P 92a92cc5760d4f9e993b905318665696: Time spent bootstrapping tablet: real 0.028s user 0.008s sys 0.012s
I1002 04:41:25.402137 5951 raft_consensus.cc:286] T 625d812d6032468588f4b9a5d553c83c P 92a92cc5760d4f9e993b905318665696 [term 0 FOLLOWER]: Replica starting. Triggering 0 pending transactions. Active config: opid_index: -1 OBSOLETE_local: true peers { permanent_uuid: "92a92cc5760d4f9e993b905318665696" member_type: VOTER last_known_addr { host: "127.7.153.1" port: 39250 } }
I1002 04:41:25.402608 5951 raft_consensus.cc:312] T 625d812d6032468588f4b9a5d553c83c P 92a92cc5760d4f9e993b905318665696 [term 0 FOLLOWER]: Consensus starting up: Expiring failure detector timer to make a prompt election more likely
I1002 04:41:25.402547 5817 catalog_manager.cc:2877] Scheduling retry of 16347b539ec7456684793f254094ed89 (table test-alter-range-partitioning-invalid-unbounded [id=28630d9ce835454abf530e382fb41675]) Alter Table RPC with a delay of 43 ms (attempt = 0)
W1002 04:41:25.402853 5817 catalog_manager.cc:2896] Async tablet task 16347b539ec7456684793f254094ed89 (table test-alter-range-partitioning-invalid-unbounded [id=28630d9ce835454abf530e382fb41675]) Alter Table RPC failed: Not found: Failed to reset TS proxy: No leader found: Tablet 16347b539ec7456684793f254094ed89 consensus state has no leader
I1002 04:41:25.402973 5951 raft_consensus.cc:578] T 625d812d6032468588f4b9a5d553c83c P 92a92cc5760d4f9e993b905318665696 [term 0 FOLLOWER]: Becoming Follower/Learner. State: Replica: 92a92cc5760d4f9e993b905318665696, State: Initialized, Role: FOLLOWER
I1002 04:41:25.403295 5951 consensus_queue.cc:190] T 625d812d6032468588f4b9a5d553c83c P 92a92cc5760d4f9e993b905318665696 [NON_LEADER]: Queue going to NON_LEADER mode. State: All replicated index: 0, Majority replicated index: 0, Committed index: 0, Last appended: 0.0, Last appended by leader: 0, Current term: 0, Majority size: -1, State: 0, Mode: NON_LEADER
I1002 04:41:25.403355 5819 catalog_manager.cc:3077] TS 92a92cc5760d4f9e993b905318665696 (127.7.153.1:39250): tablet 176cfad34f7d4bd38d2e3fbc08a70c29 (table test-alter-range-partitioning-invalid-unbounded [id=28630d9ce835454abf530e382fb41675]) successfully deleted
I1002 04:41:25.402181 5904 tablet_service.cc:806] Processing DeleteTablet for tablet 176cfad34f7d4bd38d2e3fbc08a70c29 with delete_type TABLET_DATA_DELETED (Partition dropped at 2017-10-02 04:41:25 UTC) from {username='slave'} at 127.0.0.1:45798
I1002 04:41:25.403599 5951 raft_consensus.cc:327] T 625d812d6032468588f4b9a5d553c83c P 92a92cc5760d4f9e993b905318665696 [term 0 FOLLOWER]: Only one voter in the Raft config. Triggering election immediately
I1002 04:41:25.404580 5817 catalog_manager.cc:2877] Scheduling retry of c590266196284e13bd9569bb434bd2bf (table test-alter-range-partitioning-invalid-unbounded [id=28630d9ce835454abf530e382fb41675]) Alter Table RPC with a delay of 41 ms (attempt = 0)
I1002 04:41:25.404774 5951 raft_consensus.cc:411] T 625d812d6032468588f4b9a5d553c83c P 92a92cc5760d4f9e993b905318665696 [term 0 FOLLOWER]: Starting leader election (initial election of a single-replica configuration)
W1002 04:41:25.404899 5817 catalog_manager.cc:2896] Async tablet task c590266196284e13bd9569bb434bd2bf (table test-alter-range-partitioning-invalid-unbounded [id=28630d9ce835454abf530e382fb41675]) Alter Table RPC failed: Not found: Failed to reset TS proxy: No leader found: Tablet c590266196284e13bd9569bb434bd2bf consensus state has no leader
I1002 04:41:25.404995 5951 raft_consensus.cc:2457] T 625d812d6032468588f4b9a5d553c83c P 92a92cc5760d4f9e993b905318665696: Snoozing failure detection for 1.976s (starting election)
I1002 04:41:25.405197 5951 raft_consensus.cc:2509] T 625d812d6032468588f4b9a5d553c83c P 92a92cc5760d4f9e993b905318665696 [term 0 FOLLOWER]: Advancing to term 1
I1002 04:41:25.405468 5819 catalog_manager.cc:2877] Scheduling retry of eb376630c04d401f851e8216633104af (table test-alter-range-partitioning-invalid-unbounded [id=28630d9ce835454abf530e382fb41675]) Alter Table RPC with a delay of 14 ms (attempt = 0)
W1002 04:41:25.405745 5819 catalog_manager.cc:2896] Async tablet task eb376630c04d401f851e8216633104af (table test-alter-range-partitioning-invalid-unbounded [id=28630d9ce835454abf530e382fb41675]) Alter Table RPC failed: Not found: Failed to reset TS proxy: No leader found: Tablet eb376630c04d401f851e8216633104af consensus state has no leader
I1002 04:41:25.406354 5817 catalog_manager.cc:2877] Scheduling retry of f199048d571c419eb586f6d1c3ddac07 (table test-alter-range-partitioning-invalid-unbounded [id=28630d9ce835454abf530e382fb41675]) Alter Table RPC with a delay of 13 ms (attempt = 0)
W1002 04:41:25.406586 5817 catalog_manager.cc:2896] Async tablet task f199048d571c419eb586f6d1c3ddac07 (table test-alter-range-partitioning-invalid-unbounded [id=28630d9ce835454abf530e382fb41675]) Alter Table RPC failed: Not found: Failed to reset TS proxy: No leader found: Tablet f199048d571c419eb586f6d1c3ddac07 consensus state has no leader
I1002 04:41:25.406035 5819 catalog_manager.cc:2877] Scheduling retry of 523dc850ea83468f991a8ac636839d86 (table test-alter-range-partitioning-invalid-unbounded [id=28630d9ce835454abf530e382fb41675]) Alter Table RPC with a delay of 23 ms (attempt = 0)
W1002 04:41:25.406886 5819 catalog_manager.cc:2896] Async tablet task 523dc850ea83468f991a8ac636839d86 (table test-alter-range-partitioning-invalid-unbounded [id=28630d9ce835454abf530e382fb41675]) Alter Table RPC failed: Not found: Failed to reset TS proxy: No leader found: Tablet 523dc850ea83468f991a8ac636839d86 consensus state has no leader
I1002 04:41:25.407362 5819 catalog_manager.cc:3099] Sending DeleteTablet(TABLET_DATA_DELETED) for tablet 176cfad34f7d4bd38d2e3fbc08a70c29 on 92a92cc5760d4f9e993b905318665696 (127.7.153.1:39250) (Partition dropped at 2017-10-02 04:41:25 UTC)
I1002 04:41:25.408692 5833 catalog_manager.cc:1875] Servicing AlterTable request from {username='slave'} at 127.0.0.1:56410: table { table_name: "test-alter-range-partitioning-invalid-unbounded" } alter_schema_steps { type: ADD_RANGE_PARTITION add_range_partition { range_bounds { rows: "\006\001\377\377\377\377\007\000" } } } alter_schema_steps { type: ADD_RANGE_PARTITION add_range_partition { range_bounds { rows: "\006\001\000\000\000\000\007\001d\000\000\000" } } } schema { columns { name: "c0" type: INT32 is_key: true is_nullable: false encoding: AUTO_ENCODING compression: DEFAULT_COMPRESSION cfile_block_size: 0 } columns { name: "c1" type: INT32 is_key: false is_nullable: false encoding: AUTO_ENCODING compression: DEFAULT_COMPRESSION cfile_block_size: 0 } }
I1002 04:41:25.409199 5818 catalog_manager.cc:2877] Scheduling retry of 4aa07f5bc7fa4d689318a63bfd75d334 (table test-alter-range-partitioning-invalid-unbounded [id=28630d9ce835454abf530e382fb41675]) Alter Table RPC with a delay of 18 ms (attempt = 0)
