W1002 04:41:25.409512 5818 catalog_manager.cc:2896] Async tablet task 4aa07f5bc7fa4d689318a63bfd75d334 (table test-alter-range-partitioning-invalid-unbounded [id=28630d9ce835454abf530e382fb41675]) Alter Table RPC failed: Not found: Failed to reset TS proxy: No leader found: Tablet 4aa07f5bc7fa4d689318a63bfd75d334 consensus state has no leader
I1002 04:41:25.409446 5951 raft_consensus.cc:433] T 625d812d6032468588f4b9a5d553c83c P 92a92cc5760d4f9e993b905318665696 [term 1 FOLLOWER]: Starting leader election with config: opid_index: -1 OBSOLETE_local: true peers { permanent_uuid: "92a92cc5760d4f9e993b905318665696" member_type: VOTER last_known_addr { host: "127.7.153.1" port: 39250 } }
I1002 04:41:25.410014 5951 leader_election.cc:248] T 625d812d6032468588f4b9a5d553c83c P 92a92cc5760d4f9e993b905318665696 [CANDIDATE]: Term 1 election: Election decided. Result: candidate won.
I1002 04:41:25.410461 5955 raft_consensus.cc:2457] T 625d812d6032468588f4b9a5d553c83c P 92a92cc5760d4f9e993b905318665696: Snoozing failure detection for 1.500s (election complete)
I1002 04:41:25.410712 5955 raft_consensus.cc:2281] T 625d812d6032468588f4b9a5d553c83c P 92a92cc5760d4f9e993b905318665696 [term 1 FOLLOWER]: Leader election won for term 1
I1002 04:41:25.411047 5955 raft_consensus.cc:545] T 625d812d6032468588f4b9a5d553c83c P 92a92cc5760d4f9e993b905318665696 [term 1 LEADER]: Becoming Leader. State: Replica: 92a92cc5760d4f9e993b905318665696, State: Running, Role: LEADER
W1002 04:41:25.411088 5819 catalog_manager.cc:3069] TS 92a92cc5760d4f9e993b905318665696 (127.7.153.1:39250): delete failed for tablet 625d812d6032468588f4b9a5d553c83c with error code TABLET_NOT_RUNNING: Illegal state: State transition of tablet 625d812d6032468588f4b9a5d553c83c already in progress: creating tablet
I1002 04:41:25.411391 5819 catalog_manager.cc:2877] Scheduling retry of 625d812d6032468588f4b9a5d553c83c Delete Tablet RPC for TS=92a92cc5760d4f9e993b905318665696 with a delay of 44 ms (attempt = 1)
I1002 04:41:25.411363 5955 consensus_queue.cc:169] T 625d812d6032468588f4b9a5d553c83c P 92a92cc5760d4f9e993b905318665696 [LEADER]: Queue going to LEADER mode. State: All replicated index: 0, Majority replicated index: 0, Committed index: 0, Last appended: 0.0, Last appended by leader: 0, Current term: 1, Majority size: 1, State: 0, Mode: LEADER, active raft config: opid_index: -1 OBSOLETE_local: true peers { permanent_uuid: "92a92cc5760d4f9e993b905318665696" member_type: VOTER last_known_addr { host: "127.7.153.1" port: 39250 } }
I1002 04:41:25.411969 5819 catalog_manager.cc:2877] Scheduling retry of 2124f2d695cb4d5a8f6b457dc8979d57 (table test-alter-range-partitioning-invalid-unbounded [id=28630d9ce835454abf530e382fb41675]) Alter Table RPC with a delay of 33 ms (attempt = 0)
I1002 04:41:25.414403 5951 ts_tablet_manager.cc:931] T 625d812d6032468588f4b9a5d553c83c P 92a92cc5760d4f9e993b905318665696: Time spent starting tablet: real 0.014s user 0.008s sys 0.000s
W1002 04:41:25.412206 5819 catalog_manager.cc:2896] Async tablet task 2124f2d695cb4d5a8f6b457dc8979d57 (table test-alter-range-partitioning-invalid-unbounded [id=28630d9ce835454abf530e382fb41675]) Alter Table RPC failed: Not found: Failed to reset TS proxy: No leader found: Tablet 2124f2d695cb4d5a8f6b457dc8979d57 consensus state has no leader
I1002 04:41:25.412428 5816 catalog_manager.cc:2877] Scheduling retry of 625d812d6032468588f4b9a5d553c83c (table test-alter-range-partitioning-invalid-unbounded [id=28630d9ce835454abf530e382fb41675]) Alter Table RPC with a delay of 18 ms (attempt = 0)
W1002 04:41:25.418088 5816 catalog_manager.cc:2896] Async tablet task 625d812d6032468588f4b9a5d553c83c (table test-alter-range-partitioning-invalid-unbounded [id=28630d9ce835454abf530e382fb41675]) Alter Table RPC failed: Not found: Failed to reset TS proxy: No leader found: Tablet 625d812d6032468588f4b9a5d553c83c consensus state has no leader
I1002 04:41:25.418480 5816 catalog_manager.cc:2877] Scheduling retry of 31cb9f984a544fe7a23255fb0491a3cc (table test-alter-range-partitioning-invalid-unbounded [id=28630d9ce835454abf530e382fb41675]) Alter Table RPC with a delay of 57 ms (attempt = 0)
W1002 04:41:25.418714 5816 catalog_manager.cc:2896] Async tablet task 31cb9f984a544fe7a23255fb0491a3cc (table test-alter-range-partitioning-invalid-unbounded [id=28630d9ce835454abf530e382fb41675]) Alter Table RPC failed: Not found: Failed to reset TS proxy: No leader found: Tablet 31cb9f984a544fe7a23255fb0491a3cc consensus state has no leader
I1002 04:41:25.419150 5817 catalog_manager.cc:2877] Scheduling retry of c2b8cfa799034977a43798f4f83e8d3d (table test-alter-range-partitioning-invalid-unbounded [id=28630d9ce835454abf530e382fb41675]) Alter Table RPC with a delay of 53 ms (attempt = 0)
W1002 04:41:25.419441 5817 catalog_manager.cc:2896] Async tablet task c2b8cfa799034977a43798f4f83e8d3d (table test-alter-range-partitioning-invalid-unbounded [id=28630d9ce835454abf530e382fb41675]) Alter Table RPC failed: Not found: Failed to reset TS proxy: No leader found: Tablet c2b8cfa799034977a43798f4f83e8d3d consensus state has no leader
I1002 04:41:25.419946 5816 catalog_manager.cc:2877] Scheduling retry of a8b2305aec07407b90e96939b7b0120c (table test-alter-range-partitioning-invalid-unbounded [id=28630d9ce835454abf530e382fb41675]) Alter Table RPC with a delay of 41 ms (attempt = 0)
W1002 04:41:25.420258 5816 catalog_manager.cc:2896] Async tablet task a8b2305aec07407b90e96939b7b0120c (table test-alter-range-partitioning-invalid-unbounded [id=28630d9ce835454abf530e382fb41675]) Alter Table RPC failed: Not found: Failed to reset TS proxy: No leader found: Tablet a8b2305aec07407b90e96939b7b0120c consensus state has no leader
I1002 04:41:25.420887 5817 catalog_manager.cc:2877] Scheduling retry of f199048d571c419eb586f6d1c3ddac07 (table test-alter-range-partitioning-invalid-unbounded [id=28630d9ce835454abf530e382fb41675]) Alter Table RPC with a delay of 25 ms (attempt = 0)
W1002 04:41:25.421041 5819 catalog_manager.cc:3057] TS 92a92cc5760d4f9e993b905318665696 (127.7.153.1:39250): delete failed for tablet 176cfad34f7d4bd38d2e3fbc08a70c29 because the tablet was not found. No further retry: Not found: Tablet not found: 176cfad34f7d4bd38d2e3fbc08a70c29
W1002 04:41:25.421140 5817 catalog_manager.cc:2896] Async tablet task f199048d571c419eb586f6d1c3ddac07 (table test-alter-range-partitioning-invalid-unbounded [id=28630d9ce835454abf530e382fb41675]) Alter Table RPC failed: Not found: Failed to reset TS proxy: No leader found: Tablet f199048d571c419eb586f6d1c3ddac07 consensus state has no leader
I1002 04:41:25.420577 5816 catalog_manager.cc:2877] Scheduling retry of 2efdf5f4e04644448a2558f9940b74c1 (table test-alter-range-partitioning-invalid-unbounded [id=28630d9ce835454abf530e382fb41675]) Alter Table RPC with a delay of 25 ms (attempt = 0)
I1002 04:41:25.421722 5819 catalog_manager.cc:2877] Scheduling retry of eb376630c04d401f851e8216633104af (table test-alter-range-partitioning-invalid-unbounded [id=28630d9ce835454abf530e382fb41675]) Alter Table RPC with a delay of 22 ms (attempt = 0)
W1002 04:41:25.422019 5819 catalog_manager.cc:2896] Async tablet task eb376630c04d401f851e8216633104af (table test-alter-range-partitioning-invalid-unbounded [id=28630d9ce835454abf530e382fb41675]) Alter Table RPC failed: Not found: Failed to reset TS proxy: No leader found: Tablet eb376630c04d401f851e8216633104af consensus state has no leader
I1002 04:41:25.422008 5904 tablet_service.cc:806] Processing DeleteTablet for tablet 176cfad34f7d4bd38d2e3fbc08a70c29 with delete_type TABLET_DATA_DELETED (Partition dropped at 2017-10-02 04:41:25 UTC) from {username='slave'} at 127.0.0.1:45798
I1002 04:41:25.423291 5833 catalog_manager.cc:2369] Got report from deleted tablet 625d812d6032468588f4b9a5d553c83c (table test-alter-range-partitioning-invalid-unbounded [id=28630d9ce835454abf530e382fb41675]) (Partition dropped at 2017-10-02 04:41:25 UTC): Sending delete request for this tablet
I1002 04:41:25.423115 5832 catalog_manager.cc:1875] Servicing AlterTable request from {username='slave'} at 127.0.0.1:56410: table { table_name: "test-alter-range-partitioning-invalid-unbounded" } alter_schema_steps { type: ADD_RANGE_PARTITION add_range_partition { range_bounds { rows: "\006\001\377\377\377\377\007\000" } } } schema { columns { name: "c0" type: INT32 is_key: true is_nullable: false encoding: AUTO_ENCODING compression: DEFAULT_COMPRESSION cfile_block_size: 0 } columns { name: "c1" type: INT32 is_key: false is_nullable: false encoding: AUTO_ENCODING compression: DEFAULT_COMPRESSION cfile_block_size: 0 } }
I1002 04:41:25.423686 5833 catalog_manager.cc:3099] Sending DeleteTablet(TABLET_DATA_DELETED) for tablet 625d812d6032468588f4b9a5d553c83c on 92a92cc5760d4f9e993b905318665696 (127.7.153.1:39250) (Partition dropped at 2017-10-02 04:41:25 UTC)
W1002 04:41:25.421483 5816 catalog_manager.cc:2896] Async tablet task 2efdf5f4e04644448a2558f9940b74c1 (table test-alter-range-partitioning-invalid-unbounded [id=28630d9ce835454abf530e382fb41675]) Alter Table RPC failed: Not found: Failed to reset TS proxy: No leader found: Tablet 2efdf5f4e04644448a2558f9940b74c1 consensus state has no leader
I1002 04:41:25.424171 5818 catalog_manager.cc:2877] Scheduling retry of 324f6f5296ec4196903a9244e539c9d8 (table test-alter-range-partitioning-invalid-unbounded [id=28630d9ce835454abf530e382fb41675]) Alter Table RPC with a delay of 41 ms (attempt = 0)
W1002 04:41:25.424396 5819 catalog_manager.cc:3057] TS 92a92cc5760d4f9e993b905318665696 (127.7.153.1:39250): delete failed for tablet 176cfad34f7d4bd38d2e3fbc08a70c29 because the tablet was not found. No further retry: Not found: Tablet not found: 176cfad34f7d4bd38d2e3fbc08a70c29
W1002 04:41:25.424494 5818 catalog_manager.cc:2896] Async tablet task 324f6f5296ec4196903a9244e539c9d8 (table test-alter-range-partitioning-invalid-unbounded [id=28630d9ce835454abf530e382fb41675]) Alter Table RPC failed: Not found: Failed to reset TS proxy: No leader found: Tablet 324f6f5296ec4196903a9244e539c9d8 consensus state has no leader
I1002 04:41:25.425439 5904 tablet_service.cc:806] Processing DeleteTablet for tablet 625d812d6032468588f4b9a5d553c83c with delete_type TABLET_DATA_DELETED (Partition dropped at 2017-10-02 04:41:25 UTC) from {username='slave'} at 127.0.0.1:45798
I1002 04:41:25.425854 5904 tablet_replica.cc:257] T 625d812d6032468588f4b9a5d553c83c P 92a92cc5760d4f9e993b905318665696: stopping tablet replica
I1002 04:41:25.426079 5904 maintenance_manager.cc:228] P 92a92cc5760d4f9e993b905318665696: Unregistered op CompactRowSetsOp(625d812d6032468588f4b9a5d553c83c)
I1002 04:41:25.426251 5904 maintenance_manager.cc:228] P 92a92cc5760d4f9e993b905318665696: Unregistered op MinorDeltaCompactionOp(625d812d6032468588f4b9a5d553c83c)
I1002 04:41:25.426434 5904 maintenance_manager.cc:228] P 92a92cc5760d4f9e993b905318665696: Unregistered op MajorDeltaCompactionOp(625d812d6032468588f4b9a5d553c83c)
I1002 04:41:25.426590 5904 maintenance_manager.cc:228] P 92a92cc5760d4f9e993b905318665696: Unregistered op UndoDeltaBlockGCOp(625d812d6032468588f4b9a5d553c83c)
I1002 04:41:25.426769 5904 maintenance_manager.cc:228] P 92a92cc5760d4f9e993b905318665696: Unregistered op FlushMRSOp(625d812d6032468588f4b9a5d553c83c)
I1002 04:41:25.426934 5904 maintenance_manager.cc:228] P 92a92cc5760d4f9e993b905318665696: Unregistered op FlushDeltaMemStoresOp(625d812d6032468588f4b9a5d553c83c)
I1002 04:41:25.427037 5904 maintenance_manager.cc:228] P 92a92cc5760d4f9e993b905318665696: Unregistered op LogGCOp(625d812d6032468588f4b9a5d553c83c)
I1002 04:41:25.427139 5904 raft_consensus.cc:1809] T 625d812d6032468588f4b9a5d553c83c P 92a92cc5760d4f9e993b905318665696 [term 1 LEADER]: Raft consensus shutting down.
I1002 04:41:25.427340 5904 raft_consensus.cc:1836] T 625d812d6032468588f4b9a5d553c83c P 92a92cc5760d4f9e993b905318665696 [term 1 FOLLOWER]: Raft consensus is shut down!
I1002 04:41:25.427986 5833 catalog_manager.cc:2369] Got report from deleted tablet 625d812d6032468588f4b9a5d553c83c (table test-alter-range-partitioning-invalid-unbounded [id=28630d9ce835454abf530e382fb41675]) (Partition dropped at 2017-10-02 04:41:25 UTC): Sending delete request for this tablet
I1002 04:41:25.428108 5818 catalog_manager.cc:2877] Scheduling retry of 4aa07f5bc7fa4d689318a63bfd75d334 (table test-alter-range-partitioning-invalid-unbounded [id=28630d9ce835454abf530e382fb41675]) Alter Table RPC with a delay of 46 ms (attempt = 0)
I1002 04:41:25.428364 5833 catalog_manager.cc:3099] Sending DeleteTablet(TABLET_DATA_DELETED) for tablet 625d812d6032468588f4b9a5d553c83c on 92a92cc5760d4f9e993b905318665696 (127.7.153.1:39250) (Partition dropped at 2017-10-02 04:41:25 UTC)
W1002 04:41:25.428375 5818 catalog_manager.cc:2896] Async tablet task 4aa07f5bc7fa4d689318a63bfd75d334 (table test-alter-range-partitioning-invalid-unbounded [id=28630d9ce835454abf530e382fb41675]) Alter Table RPC failed: Not found: Failed to reset TS proxy: No leader found: Tablet 4aa07f5bc7fa4d689318a63bfd75d334 consensus state has no leader
I1002 04:41:25.430079 5816 catalog_manager.cc:2877] Scheduling retry of c464d87b2b3d43d289fbbd56acb0dd90 (table test-alter-range-partitioning-invalid-unbounded [id=28630d9ce835454abf530e382fb41675]) Alter Table RPC with a delay of 26 ms (attempt = 0)
W1002 04:41:25.430443 5816 catalog_manager.cc:2896] Async tablet task c464d87b2b3d43d289fbbd56acb0dd90 (table test-alter-range-partitioning-invalid-unbounded [id=28630d9ce835454abf530e382fb41675]) Alter Table RPC failed: Not found: Failed to reset TS proxy: No leader found: Tablet c464d87b2b3d43d289fbbd56acb0dd90 consensus state has no leader
I1002 04:41:25.430652 5905 tablet_service.cc:806] Processing DeleteTablet for tablet 625d812d6032468588f4b9a5d553c83c with delete_type TABLET_DATA_DELETED (Partition dropped at 2017-10-02 04:41:25 UTC) from {username='slave'} at 127.0.0.1:45798
I1002 04:41:25.430670 5832 catalog_manager.cc:2877] Scheduling retry of 4a6f2c5116d04bf786fe29f7cfe1953c (table test-alter-range-partitioning-invalid-unbounded [id=28630d9ce835454abf530e382fb41675]) Alter Table RPC with a delay of 48 ms (attempt = 0)
W1002 04:41:25.431048 5832 catalog_manager.cc:3416] Failed to send alter table request: Not found: Failed to reset TS proxy: No leader found: Tablet 4a6f2c5116d04bf786fe29f7cfe1953c has no consensus state
I1002 04:41:25.431797 5904 ts_tablet_manager.cc:1203] T 625d812d6032468588f4b9a5d553c83c P 92a92cc5760d4f9e993b905318665696: Deleting tablet data with delete state TABLET_DATA_DELETED
I1002 04:41:25.437444 5816 catalog_manager.cc:2877] Scheduling retry of 625d812d6032468588f4b9a5d553c83c (table test-alter-range-partitioning-invalid-unbounded [id=28630d9ce835454abf530e382fb41675]) Alter Table RPC with a delay of 49 ms (attempt = 0)
I1002 04:41:25.437999 5818 catalog_manager.cc:2877] Scheduling retry of 176cfad34f7d4bd38d2e3fbc08a70c29 (table test-alter-range-partitioning-invalid-unbounded [id=28630d9ce835454abf530e382fb41675]) Alter Table RPC with a delay of 45 ms (attempt = 0)
W1002 04:41:25.438283 5818 catalog_manager.cc:2896] Async tablet task 176cfad34f7d4bd38d2e3fbc08a70c29 (table test-alter-range-partitioning-invalid-unbounded [id=28630d9ce835454abf530e382fb41675]) Alter Table RPC failed: Not found: Failed to reset TS proxy: No leader found: Tablet 176cfad34f7d4bd38d2e3fbc08a70c29 consensus state has no leader
W1002 04:41:25.437701 5816 catalog_manager.cc:2896] Async tablet task 625d812d6032468588f4b9a5d553c83c (table test-alter-range-partitioning-invalid-unbounded [id=28630d9ce835454abf530e382fb41675]) Alter Table RPC failed: Not found: Failed to reset TS proxy: No leader found: Tablet 625d812d6032468588f4b9a5d553c83c consensus state has no leader
I1002 04:41:25.438769 5819 catalog_manager.cc:2877] Scheduling retry of 523dc850ea83468f991a8ac636839d86 (table test-alter-range-partitioning-invalid-unbounded [id=28630d9ce835454abf530e382fb41675]) Alter Table RPC with a delay of 49 ms (attempt = 0)
W1002 04:41:25.438972 5819 catalog_manager.cc:2896] Async tablet task 523dc850ea83468f991a8ac636839d86 (table test-alter-range-partitioning-invalid-unbounded [id=28630d9ce835454abf530e382fb41675]) Alter Table RPC failed: Not found: Failed to reset TS proxy: No leader found: Tablet 523dc850ea83468f991a8ac636839d86 consensus state has no leader
I1002 04:41:25.439165 5819 catalog_manager.cc:2877] Scheduling retry of 9b2c62df81784394994baa99bc83b430 (table test-alter-range-partitioning-invalid-unbounded [id=28630d9ce835454abf530e382fb41675]) Alter Table RPC with a delay of 36 ms (attempt = 0)
W1002 04:41:25.439306 5819 catalog_manager.cc:2896] Async tablet task 9b2c62df81784394994baa99bc83b430 (table test-alter-range-partitioning-invalid-unbounded [id=28630d9ce835454abf530e382fb41675]) Alter Table RPC failed: Not found: Failed to reset TS proxy: No leader found: Tablet 9b2c62df81784394994baa99bc83b430 consensus state has no leader
I1002 04:41:25.439751 5817 catalog_manager.cc:2877] Scheduling retry of eab92c5faddf43bba4543442e4dcf3d2 (table test-alter-range-partitioning-invalid-unbounded [id=28630d9ce835454abf530e382fb41675]) Alter Table RPC with a delay of 14 ms (attempt = 0)
W1002 04:41:25.439934 5819 catalog_manager.cc:3069] TS 92a92cc5760d4f9e993b905318665696 (127.7.153.1:39250): delete failed for tablet 625d812d6032468588f4b9a5d553c83c with error code TABLET_NOT_RUNNING: Illegal state: State transition of tablet 625d812d6032468588f4b9a5d553c83c already in progress: deleting tablet
W1002 04:41:25.440058 5817 catalog_manager.cc:2896] Async tablet task eab92c5faddf43bba4543442e4dcf3d2 (table test-alter-range-partitioning-invalid-unbounded [id=28630d9ce835454abf530e382fb41675]) Alter Table RPC failed: Not found: Failed to reset TS proxy: No leader found: Tablet eab92c5faddf43bba4543442e4dcf3d2 consensus state has no leader
I1002 04:41:25.440152 5819 catalog_manager.cc:2877] Scheduling retry of 625d812d6032468588f4b9a5d553c83c Delete Tablet RPC for TS=92a92cc5760d4f9e993b905318665696 with a delay of 22 ms (attempt = 1)
I1002 04:41:25.441144 5905 tablet_service.cc:765] Processing CreateTablet for tablet 4a6f2c5116d04bf786fe29f7cfe1953c (table=test-alter-range-partitioning-invalid-unbounded [id=28630d9ce835454abf530e382fb41675]), partition=RANGE (c0) PARTITION VALUES >= -1
I1002 04:41:25.442384 5818 catalog_manager.cc:2877] Scheduling retry of ac9bed6c3606451ba4f9ee159fbd44ea (table test-alter-range-partitioning-invalid-unbounded [id=28630d9ce835454abf530e382fb41675]) Alter Table RPC with a delay of 28 ms (attempt = 0)
W1002 04:41:25.442677 5818 catalog_manager.cc:2896] Async tablet task ac9bed6c3606451ba4f9ee159fbd44ea (table test-alter-range-partitioning-invalid-unbounded [id=28630d9ce835454abf530e382fb41675]) Alter Table RPC failed: Not found: Failed to reset TS proxy: No leader found: Tablet ac9bed6c3606451ba4f9ee159fbd44ea consensus state has no leader
I1002 04:41:25.443044 5818 catalog_manager.cc:2877] Scheduling retry of 2e11ab53d1834da3867e17c59001dd34 (table test-alter-range-partitioning-invalid-unbounded [id=28630d9ce835454abf530e382fb41675]) Alter Table RPC with a delay of 48 ms (attempt = 0)
W1002 04:41:25.443269 5818 catalog_manager.cc:2896] Async tablet task 2e11ab53d1834da3867e17c59001dd34 (table test-alter-range-partitioning-invalid-unbounded [id=28630d9ce835454abf530e382fb41675]) Alter Table RPC failed: Not found: Failed to reset TS proxy: No leader found: Tablet 2e11ab53d1834da3867e17c59001dd34 consensus state has no leader
I1002 04:41:25.444774 5817 catalog_manager.cc:2877] Scheduling retry of f05a246de6154981a64cf15b78055baf (table test-alter-range-partitioning-invalid-unbounded [id=28630d9ce835454abf530e382fb41675]) Alter Table RPC with a delay of 52 ms (attempt = 0)
W1002 04:41:25.445070 5817 catalog_manager.cc:2896] Async tablet task f05a246de6154981a64cf15b78055baf (table test-alter-range-partitioning-invalid-unbounded [id=28630d9ce835454abf530e382fb41675]) Alter Table RPC failed: Not found: Failed to reset TS proxy: No leader found: Tablet f05a246de6154981a64cf15b78055baf consensus state has no leader
I1002 04:41:25.446563 5817 catalog_manager.cc:2877] Scheduling retry of 16347b539ec7456684793f254094ed89 (table test-alter-range-partitioning-invalid-unbounded [id=28630d9ce835454abf530e382fb41675]) Alter Table RPC with a delay of 54 ms (attempt = 0)
W1002 04:41:25.446818 5817 catalog_manager.cc:2896] Async tablet task 16347b539ec7456684793f254094ed89 (table test-alter-range-partitioning-invalid-unbounded [id=28630d9ce835454abf530e382fb41675]) Alter Table RPC failed: Not found: Failed to reset TS proxy: No leader found: Tablet 16347b539ec7456684793f254094ed89 consensus state has no leader
I1002 04:41:25.447135 5817 catalog_manager.cc:2877] Scheduling retry of c590266196284e13bd9569bb434bd2bf (table test-alter-range-partitioning-invalid-unbounded [id=28630d9ce835454abf530e382fb41675]) Alter Table RPC with a delay of 33 ms (attempt = 0)
W1002 04:41:25.447365 5817 catalog_manager.cc:2896] Async tablet task c590266196284e13bd9569bb434bd2bf (table test-alter-range-partitioning-invalid-unbounded [id=28630d9ce835454abf530e382fb41675]) Alter Table RPC failed: Not found: Failed to reset TS proxy: No leader found: Tablet c590266196284e13bd9569bb434bd2bf consensus state has no leader
I1002 04:41:25.447662 5817 catalog_manager.cc:2877] Scheduling retry of f199048d571c419eb586f6d1c3ddac07 (table test-alter-range-partitioning-invalid-unbounded [id=28630d9ce835454abf530e382fb41675]) Alter Table RPC with a delay of 10 ms (attempt = 0)
W1002 04:41:25.447921 5817 catalog_manager.cc:2896] Async tablet task f199048d571c419eb586f6d1c3ddac07 (table test-alter-range-partitioning-invalid-unbounded [id=28630d9ce835454abf530e382fb41675]) Alter Table RPC failed: Not found: Failed to reset TS proxy: No leader found: Tablet f199048d571c419eb586f6d1c3ddac07 consensus state has no leader
I1002 04:41:25.448674 5905 ts_tablet_manager.cc:1028] T 4a6f2c5116d04bf786fe29f7cfe1953c P 92a92cc5760d4f9e993b905318665696: Registered tablet (data state: TABLET_DATA_READY)
I1002 04:41:25.448992 5951 ts_tablet_manager.cc:878] T 4a6f2c5116d04bf786fe29f7cfe1953c P 92a92cc5760d4f9e993b905318665696: Bootstrapping tablet
I1002 04:41:25.449393 5951 tablet_bootstrap.cc:432] T 4a6f2c5116d04bf786fe29f7cfe1953c P 92a92cc5760d4f9e993b905318665696: Bootstrap starting.
I1002 04:41:25.449676 5819 catalog_manager.cc:2877] Scheduling retry of eb376630c04d401f851e8216633104af (table test-alter-range-partitioning-invalid-unbounded [id=28630d9ce835454abf530e382fb41675]) Alter Table RPC with a delay of 39 ms (attempt = 0)
W1002 04:41:25.449951 5819 catalog_manager.cc:2896] Async tablet task eb376630c04d401f851e8216633104af (table test-alter-range-partitioning-invalid-unbounded [id=28630d9ce835454abf530e382fb41675]) Alter Table RPC failed: Not found: Failed to reset TS proxy: No leader found: Tablet eb376630c04d401f851e8216633104af consensus state has no leader
I1002 04:41:25.451017 5833 catalog_manager.cc:1875] Servicing AlterTable request from {username='slave'} at 127.0.0.1:56410: table { table_name: "test-alter-range-partitioning-invalid-unbounded" } alter_schema_steps { type: DROP_RANGE_PARTITION drop_range_partition { range_bounds { rows: "\006\001\000\000\000\000\007\001d\000\000\000" } } } schema { columns { name: "c0" type: INT32 is_key: true is_nullable: false encoding: AUTO_ENCODING compression: DEFAULT_COMPRESSION cfile_block_size: 0 } columns { name: "c1" type: INT32 is_key: false is_nullable: false encoding: AUTO_ENCODING compression: DEFAULT_COMPRESSION cfile_block_size: 0 } }
I1002 04:41:25.452018 5951 tablet_bootstrap.cc:567] T 4a6f2c5116d04bf786fe29f7cfe1953c P 92a92cc5760d4f9e993b905318665696: No blocks or log segments found. Creating new log.
I1002 04:41:25.453124 5819 catalog_manager.cc:2877] Scheduling retry of 2124f2d695cb4d5a8f6b457dc8979d57 (table test-alter-range-partitioning-invalid-unbounded [id=28630d9ce835454abf530e382fb41675]) Alter Table RPC with a delay of 40 ms (attempt = 0)
W1002 04:41:25.453382 5819 catalog_manager.cc:2896] Async tablet task 2124f2d695cb4d5a8f6b457dc8979d57 (table test-alter-range-partitioning-invalid-unbounded [id=28630d9ce835454abf530e382fb41675]) Alter Table RPC failed: Not found: Failed to reset TS proxy: No leader found: Tablet 2124f2d695cb4d5a8f6b457dc8979d57 consensus state has no leader
I1002 04:41:25.453681 5818 catalog_manager.cc:2877] Scheduling retry of ffc46f65c62d4d5dbb276546317c22ad (table test-alter-range-partitioning-invalid-unbounded [id=28630d9ce835454abf530e382fb41675]) Alter Table RPC with a delay of 28 ms (attempt = 0)
W1002 04:41:25.453991 5818 catalog_manager.cc:2896] Async tablet task ffc46f65c62d4d5dbb276546317c22ad (table test-alter-range-partitioning-invalid-unbounded [id=28630d9ce835454abf530e382fb41675]) Alter Table RPC failed: Not found: Failed to reset TS proxy: No leader found: Tablet ffc46f65c62d4d5dbb276546317c22ad consensus state has no leader
I1002 04:41:25.454159 5904 ts_tablet_manager.cc:1216] T 625d812d6032468588f4b9a5d553c83c P 92a92cc5760d4f9e993b905318665696: tablet deleted: last-logged OpId: 1.1
I1002 04:41:25.454416 5904 log.cc:980] T 625d812d6032468588f4b9a5d553c83c P 92a92cc5760d4f9e993b905318665696: Deleting WAL directory at /tmp/run_tha_test1fMIRV/test-tmp/alter_table-test.AlterTableTest.TestAddRangePartitionConflictExhaustive.1506919259568928-1945/minicluster-data/ts-0-root/wals/625d812d6032468588f4b9a5d553c83c
I1002 04:41:25.454952 5904 ts_tablet_manager.cc:1234] T 625d812d6032468588f4b9a5d553c83c P 92a92cc5760d4f9e993b905318665696: Deleting consensus metadata
I1002 04:41:25.456012 5819 catalog_manager.cc:3099] Sending DeleteTablet(TABLET_DATA_DELETED) for tablet 625d812d6032468588f4b9a5d553c83c on 92a92cc5760d4f9e993b905318665696 (127.7.153.1:39250) (Partition dropped at 2017-10-02 04:41:25 UTC)
I1002 04:41:25.456061 5817 catalog_manager.cc:2877] Scheduling retry of eab92c5faddf43bba4543442e4dcf3d2 (table test-alter-range-partitioning-invalid-unbounded [id=28630d9ce835454abf530e382fb41675]) Alter Table RPC with a delay of 45 ms (attempt = 0)
W1002 04:41:25.456349 5817 catalog_manager.cc:2896] Async tablet task eab92c5faddf43bba4543442e4dcf3d2 (table test-alter-range-partitioning-invalid-unbounded [id=28630d9ce835454abf530e382fb41675]) Alter Table RPC failed: Not found: Failed to reset TS proxy: No leader found: Tablet eab92c5faddf43bba4543442e4dcf3d2 consensus state has no leader
I1002 04:41:25.456755 5816 catalog_manager.cc:2877] Scheduling retry of 2efdf5f4e04644448a2558f9940b74c1 (table test-alter-range-partitioning-invalid-unbounded [id=28630d9ce835454abf530e382fb41675]) Alter Table RPC with a delay of 52 ms (attempt = 0)
W1002 04:41:25.457064 5816 catalog_manager.cc:2896] Async tablet task 2efdf5f4e04644448a2558f9940b74c1 (table test-alter-range-partitioning-invalid-unbounded [id=28630d9ce835454abf530e382fb41675]) Alter Table RPC failed: Not found: Failed to reset TS proxy: No leader found: Tablet 2efdf5f4e04644448a2558f9940b74c1 consensus state has no leader
I1002 04:41:25.457478 5816 catalog_manager.cc:2877] Scheduling retry of c464d87b2b3d43d289fbbd56acb0dd90 (table test-alter-range-partitioning-invalid-unbounded [id=28630d9ce835454abf530e382fb41675]) Alter Table RPC with a delay of 8 ms (attempt = 0)
W1002 04:41:25.457759 5816 catalog_manager.cc:2896] Async tablet task c464d87b2b3d43d289fbbd56acb0dd90 (table test-alter-range-partitioning-invalid-unbounded [id=28630d9ce835454abf530e382fb41675]) Alter Table RPC failed: Not found: Failed to reset TS proxy: No leader found: Tablet c464d87b2b3d43d289fbbd56acb0dd90 consensus state has no leader
I1002 04:41:25.457064 5833 catalog_manager.cc:1875] Servicing AlterTable request from {username='slave'} at 127.0.0.1:56410: table { table_name: "test-alter-range-partitioning-invalid-unbounded" } alter_schema_steps { type: DROP_RANGE_PARTITION drop_range_partition { range_bounds { rows: "\006\001\377\377\377\377\007\000" } } } schema { columns { name: "c0" type: INT32 is_key: true is_nullable: false encoding: AUTO_ENCODING compression: DEFAULT_COMPRESSION cfile_block_size: 0 } columns { name: "c1" type: INT32 is_key: false is_nullable: false encoding: AUTO_ENCODING compression: DEFAULT_COMPRESSION cfile_block_size: 0 } }
I1002 04:41:25.458282 5905 tablet_service.cc:806] Processing DeleteTablet for tablet 625d812d6032468588f4b9a5d553c83c with delete_type TABLET_DATA_DELETED (Partition dropped at 2017-10-02 04:41:25 UTC) from {username='slave'} at 127.0.0.1:45798
I1002 04:41:25.458950 5817 catalog_manager.cc:2877] Scheduling retry of f199048d571c419eb586f6d1c3ddac07 (table test-alter-range-partitioning-invalid-unbounded [id=28630d9ce835454abf530e382fb41675]) Alter Table RPC with a delay of 22 ms (attempt = 0)
I1002 04:41:25.459084 5951 tablet_bootstrap.cc:432] T 4a6f2c5116d04bf786fe29f7cfe1953c P 92a92cc5760d4f9e993b905318665696: No bootstrap required, opened a new log
W1002 04:41:25.459213 5817 catalog_manager.cc:2896] Async tablet task f199048d571c419eb586f6d1c3ddac07 (table test-alter-range-partitioning-invalid-unbounded [id=28630d9ce835454abf530e382fb41675]) Alter Table RPC failed: Not found: Failed to reset TS proxy: No leader found: Tablet f199048d571c419eb586f6d1c3ddac07 consensus state has no leader
I1002 04:41:25.459518 5951 ts_tablet_manager.cc:903] T 4a6f2c5116d04bf786fe29f7cfe1953c P 92a92cc5760d4f9e993b905318665696: Time spent bootstrapping tablet: real 0.010s user 0.004s sys 0.000s
W1002 04:41:25.460295 5819 catalog_manager.cc:3057] TS 92a92cc5760d4f9e993b905318665696 (127.7.153.1:39250): delete failed for tablet 625d812d6032468588f4b9a5d553c83c because the tablet was not found. No further retry: Not found: Tablet not found: 625d812d6032468588f4b9a5d553c83c
I1002 04:41:25.461664 5819 catalog_manager.cc:3077] TS 92a92cc5760d4f9e993b905318665696 (127.7.153.1:39250): tablet 625d812d6032468588f4b9a5d553c83c (table test-alter-range-partitioning-invalid-unbounded [id=28630d9ce835454abf530e382fb41675]) successfully deleted
I1002 04:41:25.462198 5951 raft_consensus.cc:286] T 4a6f2c5116d04bf786fe29f7cfe1953c P 92a92cc5760d4f9e993b905318665696 [term 0 FOLLOWER]: Replica starting. Triggering 0 pending transactions. Active config: opid_index: -1 OBSOLETE_local: true peers { permanent_uuid: "92a92cc5760d4f9e993b905318665696" member_type: VOTER last_known_addr { host: "127.7.153.1" port: 39250 } }
I1002 04:41:25.462712 5951 raft_consensus.cc:312] T 4a6f2c5116d04bf786fe29f7cfe1953c P 92a92cc5760d4f9e993b905318665696 [term 0 FOLLOWER]: Consensus starting up: Expiring failure detector timer to make a prompt election more likely
I1002 04:41:25.463001 5833 catalog_manager.cc:3442] T 00000000000000000000000000000000 P 4f89f43c5b1b4a7ab82ebafc420bd1f8: Sending DeleteTablet for 1 replicas of tablet 4a6f2c5116d04bf786fe29f7cfe1953c
I1002 04:41:25.463007 5951 raft_consensus.cc:578] T 4a6f2c5116d04bf786fe29f7cfe1953c P 92a92cc5760d4f9e993b905318665696 [term 0 FOLLOWER]: Becoming Follower/Learner. State: Replica: 92a92cc5760d4f9e993b905318665696, State: Initialized, Role: FOLLOWER
I1002 04:41:25.463299 5833 catalog_manager.cc:3099] Sending DeleteTablet(TABLET_DATA_DELETED) for tablet 4a6f2c5116d04bf786fe29f7cfe1953c on 92a92cc5760d4f9e993b905318665696 (127.7.153.1:39250) (Partition dropped at 2017-10-02 04:41:25 UTC)
I1002 04:41:25.463385 5951 consensus_queue.cc:190] T 4a6f2c5116d04bf786fe29f7cfe1953c P 92a92cc5760d4f9e993b905318665696 [NON_LEADER]: Queue going to NON_LEADER mode. State: All replicated index: 0, Majority replicated index: 0, Committed index: 0, Last appended: 0.0, Last appended by leader: 0, Current term: 0, Majority size: -1, State: 0, Mode: NON_LEADER
I1002 04:41:25.463804 5951 raft_consensus.cc:327] T 4a6f2c5116d04bf786fe29f7cfe1953c P 92a92cc5760d4f9e993b905318665696 [term 0 FOLLOWER]: Only one voter in the Raft config. Triggering election immediately
I1002 04:41:25.464004 5951 raft_consensus.cc:411] T 4a6f2c5116d04bf786fe29f7cfe1953c P 92a92cc5760d4f9e993b905318665696 [term 0 FOLLOWER]: Starting leader election (initial election of a single-replica configuration)
I1002 04:41:25.464220 5951 raft_consensus.cc:2457] T 4a6f2c5116d04bf786fe29f7cfe1953c P 92a92cc5760d4f9e993b905318665696: Snoozing failure detection for 1.689s (starting election)
I1002 04:41:25.464221 5904 tablet_service.cc:806] Processing DeleteTablet for tablet 4a6f2c5116d04bf786fe29f7cfe1953c with delete_type TABLET_DATA_DELETED (Partition dropped at 2017-10-02 04:41:25 UTC) from {username='slave'} at 127.0.0.1:45798
I1002 04:41:25.464490 5951 raft_consensus.cc:2509] T 4a6f2c5116d04bf786fe29f7cfe1953c P 92a92cc5760d4f9e993b905318665696 [term 0 FOLLOWER]: Advancing to term 1
I1002 04:41:25.465999 5816 catalog_manager.cc:2877] Scheduling retry of a8b2305aec07407b90e96939b7b0120c (table test-alter-range-partitioning-invalid-unbounded [id=28630d9ce835454abf530e382fb41675]) Alter Table RPC with a delay of 8 ms (attempt = 0)
W1002 04:41:25.466300 5816 catalog_manager.cc:2896] Async tablet task a8b2305aec07407b90e96939b7b0120c (table test-alter-range-partitioning-invalid-unbounded [id=28630d9ce835454abf530e382fb41675]) Alter Table RPC failed: Not found: Failed to reset TS proxy: No leader found: Tablet a8b2305aec07407b90e96939b7b0120c consensus state has no leader
I1002 04:41:25.466580 5818 catalog_manager.cc:2877] Scheduling retry of 324f6f5296ec4196903a9244e539c9d8 (table test-alter-range-partitioning-invalid-unbounded [id=28630d9ce835454abf530e382fb41675]) Alter Table RPC with a delay of 17 ms (attempt = 0)
I1002 04:41:25.466668 5816 catalog_manager.cc:2877] Scheduling retry of c464d87b2b3d43d289fbbd56acb0dd90 (table test-alter-range-partitioning-invalid-unbounded [id=28630d9ce835454abf530e382fb41675]) Alter Table RPC with a delay of 46 ms (attempt = 0)
W1002 04:41:25.466886 5818 catalog_manager.cc:2896] Async tablet task 324f6f5296ec4196903a9244e539c9d8 (table test-alter-range-partitioning-invalid-unbounded [id=28630d9ce835454abf530e382fb41675]) Alter Table RPC failed: Not found: Failed to reset TS proxy: No leader found: Tablet 324f6f5296ec4196903a9244e539c9d8 consensus state has no leader
W1002 04:41:25.466912 5816 catalog_manager.cc:2896] Async tablet task c464d87b2b3d43d289fbbd56acb0dd90 (table test-alter-range-partitioning-invalid-unbounded [id=28630d9ce835454abf530e382fb41675]) Alter Table RPC failed: Not found: Failed to reset TS proxy: No leader found: Tablet c464d87b2b3d43d289fbbd56acb0dd90 consensus state has no leader
W1002 04:41:25.467480 5819 catalog_manager.cc:3069] TS 92a92cc5760d4f9e993b905318665696 (127.7.153.1:39250): delete failed for tablet 4a6f2c5116d04bf786fe29f7cfe1953c with error code TABLET_NOT_RUNNING: Illegal state: State transition of tablet 4a6f2c5116d04bf786fe29f7cfe1953c already in progress: creating tablet
I1002 04:41:25.467751 5819 catalog_manager.cc:2877] Scheduling retry of 4a6f2c5116d04bf786fe29f7cfe1953c Delete Tablet RPC for TS=92a92cc5760d4f9e993b905318665696 with a delay of 33 ms (attempt = 1)
I1002 04:41:25.468360 5833 catalog_manager.cc:1875] Servicing AlterTable request from {username='slave'} at 127.0.0.1:56410: table { table_name: "test-alter-range-partitioning-invalid-unbounded" } alter_schema_steps { type: ADD_RANGE_PARTITION add_range_partition { range_bounds { rows: "\006\001\377\377\377\377\007\000" } } } alter_schema_steps { type: DROP_RANGE_PARTITION drop_range_partition { range_bounds { rows: "\006\001\000\000\000\000\007\001d\000\000\000" } } } schema { columns { name: "c0" type: INT32 is_key: true is_nullable: false encoding: AUTO_ENCODING compression: DEFAULT_COMPRESSION cfile_block_size: 0 } columns { name: "c1" type: INT32 is_key: false is_nullable: false encoding: AUTO_ENCODING compression: DEFAULT_COMPRESSION cfile_block_size: 0 } }
I1002 04:41:25.469219 5951 raft_consensus.cc:433] T 4a6f2c5116d04bf786fe29f7cfe1953c P 92a92cc5760d4f9e993b905318665696 [term 1 FOLLOWER]: Starting leader election with config: opid_index: -1 OBSOLETE_local: true peers { permanent_uuid: "92a92cc5760d4f9e993b905318665696" member_type: VOTER last_known_addr { host: "127.7.153.1" port: 39250 } }
I1002 04:41:25.469789 5951 leader_election.cc:248] T 4a6f2c5116d04bf786fe29f7cfe1953c P 92a92cc5760d4f9e993b905318665696 [CANDIDATE]: Term 1 election: Election decided. Result: candidate won.
I1002 04:41:25.470283 5955 raft_consensus.cc:2457] T 4a6f2c5116d04bf786fe29f7cfe1953c P 92a92cc5760d4f9e993b905318665696: Snoozing failure detection for 2.247s (election complete)
I1002 04:41:25.470542 5955 raft_consensus.cc:2281] T 4a6f2c5116d04bf786fe29f7cfe1953c P 92a92cc5760d4f9e993b905318665696 [term 1 FOLLOWER]: Leader election won for term 1
I1002 04:41:25.470897 5955 raft_consensus.cc:545] T 4a6f2c5116d04bf786fe29f7cfe1953c P 92a92cc5760d4f9e993b905318665696 [term 1 LEADER]: Becoming Leader. State: Replica: 92a92cc5760d4f9e993b905318665696, State: Running, Role: LEADER
I1002 04:41:25.471196 5955 consensus_queue.cc:169] T 4a6f2c5116d04bf786fe29f7cfe1953c P 92a92cc5760d4f9e993b905318665696 [LEADER]: Queue going to LEADER mode. State: All replicated index: 0, Majority replicated index: 0, Committed index: 0, Last appended: 0.0, Last appended by leader: 0, Current term: 1, Majority size: 1, State: 0, Mode: LEADER, active raft config: opid_index: -1 OBSOLETE_local: true peers { permanent_uuid: "92a92cc5760d4f9e993b905318665696" member_type: VOTER last_known_addr { host: "127.7.153.1" port: 39250 } }
I1002 04:41:25.471453 5818 catalog_manager.cc:2877] Scheduling retry of ac9bed6c3606451ba4f9ee159fbd44ea (table test-alter-range-partitioning-invalid-unbounded [id=28630d9ce835454abf530e382fb41675]) Alter Table RPC with a delay of 34 ms (attempt = 0)
W1002 04:41:25.471765 5818 catalog_manager.cc:2896] Async tablet task ac9bed6c3606451ba4f9ee159fbd44ea (table test-alter-range-partitioning-invalid-unbounded [id=28630d9ce835454abf530e382fb41675]) Alter Table RPC failed: Not found: Failed to reset TS proxy: No leader found: Tablet ac9bed6c3606451ba4f9ee159fbd44ea consensus state has no leader
I1002 04:41:25.471709 5833 catalog_manager.cc:1875] Servicing AlterTable request from {username='slave'} at 127.0.0.1:56410: table { table_name: "test-alter-range-partitioning-invalid-unbounded" } alter_schema_steps { type: ADD_RANGE_PARTITION add_range_partition { range_bounds { rows: "\006\001\000\000\000\000\007\001d\000\000\000" } } } schema { columns { name: "c0" type: INT32 is_key: true is_nullable: false encoding: AUTO_ENCODING compression: DEFAULT_COMPRESSION cfile_block_size: 0 } columns { name: "c1" type: INT32 is_key: false is_nullable: false encoding: AUTO_ENCODING compression: DEFAULT_COMPRESSION cfile_block_size: 0 } }
I1002 04:41:25.472700 5819 catalog_manager.cc:3099] Sending DeleteTablet(TABLET_DATA_DELETED) for tablet 625d812d6032468588f4b9a5d553c83c on 92a92cc5760d4f9e993b905318665696 (127.7.153.1:39250) (Partition dropped at 2017-10-02 04:41:25 UTC)
I1002 04:41:25.473819 5817 catalog_manager.cc:2877] Scheduling retry of c2b8cfa799034977a43798f4f83e8d3d (table test-alter-range-partitioning-invalid-unbounded [id=28630d9ce835454abf530e382fb41675]) Alter Table RPC with a delay of 12 ms (attempt = 0)
W1002 04:41:25.474081 5817 catalog_manager.cc:2896] Async tablet task c2b8cfa799034977a43798f4f83e8d3d (table test-alter-range-partitioning-invalid-unbounded [id=28630d9ce835454abf530e382fb41675]) Alter Table RPC failed: Not found: Failed to reset TS proxy: No leader found: Tablet c2b8cfa799034977a43798f4f83e8d3d consensus state has no leader
I1002 04:41:25.474483 5904 tablet_service.cc:806] Processing DeleteTablet for tablet 625d812d6032468588f4b9a5d553c83c with delete_type TABLET_DATA_DELETED (Partition dropped at 2017-10-02 04:41:25 UTC) from {username='slave'} at 127.0.0.1:45798
I1002 04:41:25.475587 5818 catalog_manager.cc:2877] Scheduling retry of 4aa07f5bc7fa4d689318a63bfd75d334 (table test-alter-range-partitioning-invalid-unbounded [id=28630d9ce835454abf530e382fb41675]) Alter Table RPC with a delay of 10 ms (attempt = 0)
W1002 04:41:25.475893 5818 catalog_manager.cc:2896] Async tablet task 4aa07f5bc7fa4d689318a63bfd75d334 (table test-alter-range-partitioning-invalid-unbounded [id=28630d9ce835454abf530e382fb41675]) Alter Table RPC failed: Not found: Failed to reset TS proxy: No leader found: Tablet 4aa07f5bc7fa4d689318a63bfd75d334 consensus state has no leader
I1002 04:41:25.476516 5951 ts_tablet_manager.cc:931] T 4a6f2c5116d04bf786fe29f7cfe1953c P 92a92cc5760d4f9e993b905318665696: Time spent starting tablet: real 0.017s user 0.012s sys 0.000s
I1002 04:41:25.477146 5816 catalog_manager.cc:2877] Scheduling retry of a8b2305aec07407b90e96939b7b0120c (table test-alter-range-partitioning-invalid-unbounded [id=28630d9ce835454abf530e382fb41675]) Alter Table RPC with a delay of 25 ms (attempt = 0)
W1002 04:41:25.477362 5816 catalog_manager.cc:2896] Async tablet task a8b2305aec07407b90e96939b7b0120c (table test-alter-range-partitioning-invalid-unbounded [id=28630d9ce835454abf530e382fb41675]) Alter Table RPC failed: Not found: Failed to reset TS proxy: No leader found: Tablet a8b2305aec07407b90e96939b7b0120c consensus state has no leader
I1002 04:41:25.477572 5816 catalog_manager.cc:2877] Scheduling retry of 31cb9f984a544fe7a23255fb0491a3cc (table test-alter-range-partitioning-invalid-unbounded [id=28630d9ce835454abf530e382fb41675]) Alter Table RPC with a delay of 30 ms (attempt = 0)
W1002 04:41:25.477723 5816 catalog_manager.cc:2896] Async tablet task 31cb9f984a544fe7a23255fb0491a3cc (table test-alter-range-partitioning-invalid-unbounded [id=28630d9ce835454abf530e382fb41675]) Alter Table RPC failed: Not found: Failed to reset TS proxy: No leader found: Tablet 31cb9f984a544fe7a23255fb0491a3cc consensus state has no leader
I1002 04:41:25.477996 5819 catalog_manager.cc:2877] Scheduling retry of 9b2c62df81784394994baa99bc83b430 (table test-alter-range-partitioning-invalid-unbounded [id=28630d9ce835454abf530e382fb41675]) Alter Table RPC with a delay of 51 ms (attempt = 0)
W1002 04:41:25.478183 5819 catalog_manager.cc:2896] Async tablet task 9b2c62df81784394994baa99bc83b430 (table test-alter-range-partitioning-invalid-unbounded [id=28630d9ce835454abf530e382fb41675]) Alter Table RPC failed: Not found: Failed to reset TS proxy: No leader found: Tablet 9b2c62df81784394994baa99bc83b430 consensus state has no leader
I1002 04:41:25.478824 5833 catalog_manager.cc:2877] Scheduling retry of a4337842dcc44cf0ab25aa0b7f810246 (table test-alter-range-partitioning-invalid-unbounded [id=28630d9ce835454abf530e382fb41675]) Alter Table RPC with a delay of 57 ms (attempt = 0)
W1002 04:41:25.479224 5833 catalog_manager.cc:3416] Failed to send alter table request: Not found: Failed to reset TS proxy: No leader found: Tablet a4337842dcc44cf0ab25aa0b7f810246 has no consensus state
W1002 04:41:25.479517 5819 catalog_manager.cc:3057] TS 92a92cc5760d4f9e993b905318665696 (127.7.153.1:39250): delete failed for tablet 625d812d6032468588f4b9a5d553c83c because the tablet was not found. No further retry: Not found: Tablet not found: 625d812d6032468588f4b9a5d553c83c
I1002 04:41:25.480865 5832 catalog_manager.cc:2369] Got report from deleted tablet 4a6f2c5116d04bf786fe29f7cfe1953c (table test-alter-range-partitioning-invalid-unbounded [id=28630d9ce835454abf530e382fb41675]) (Partition dropped at 2017-10-02 04:41:25 UTC): Sending delete request for this tablet
I1002 04:41:25.481238 5832 catalog_manager.cc:3099] Sending DeleteTablet(TABLET_DATA_DELETED) for tablet 4a6f2c5116d04bf786fe29f7cfe1953c on 92a92cc5760d4f9e993b905318665696 (127.7.153.1:39250) (Partition dropped at 2017-10-02 04:41:25 UTC)
I1002 04:41:25.482074 5817 catalog_manager.cc:2877] Scheduling retry of c590266196284e13bd9569bb434bd2bf (table test-alter-range-partitioning-invalid-unbounded [id=28630d9ce835454abf530e382fb41675]) Alter Table RPC with a delay of 40 ms (attempt = 0)
W1002 04:41:25.482322 5817 catalog_manager.cc:2896] Async tablet task c590266196284e13bd9569bb434bd2bf (table test-alter-range-partitioning-invalid-unbounded [id=28630d9ce835454abf530e382fb41675]) Alter Table RPC failed: Not found: Failed to reset TS proxy: No leader found: Tablet c590266196284e13bd9569bb434bd2bf consensus state has no leader
I1002 04:41:25.482635 5817 catalog_manager.cc:2877] Scheduling retry of f199048d571c419eb586f6d1c3ddac07 (table test-alter-range-partitioning-invalid-unbounded [id=28630d9ce835454abf530e382fb41675]) Alter Table RPC with a delay of 50 ms (attempt = 0)
W1002 04:41:25.482873 5817 catalog_manager.cc:2896] Async tablet task f199048d571c419eb586f6d1c3ddac07 (table test-alter-range-partitioning-invalid-unbounded [id=28630d9ce835454abf530e382fb41675]) Alter Table RPC failed: Not found: Failed to reset TS proxy: No leader found: Tablet f199048d571c419eb586f6d1c3ddac07 consensus state has no leader
I1002 04:41:25.482842 5904 tablet_service.cc:806] Processing DeleteTablet for tablet 4a6f2c5116d04bf786fe29f7cfe1953c with delete_type TABLET_DATA_DELETED (Partition dropped at 2017-10-02 04:41:25 UTC) from {username='slave'} at 127.0.0.1:45798
I1002 04:41:25.483445 5818 catalog_manager.cc:2877] Scheduling retry of ffc46f65c62d4d5dbb276546317c22ad (table test-alter-range-partitioning-invalid-unbounded [id=28630d9ce835454abf530e382fb41675]) Alter Table RPC with a delay of 52 ms (attempt = 0)
W1002 04:41:25.483758 5818 catalog_manager.cc:2896] Async tablet task ffc46f65c62d4d5dbb276546317c22ad (table test-alter-range-partitioning-invalid-unbounded [id=28630d9ce835454abf530e382fb41675]) Alter Table RPC failed: Not found: Failed to reset TS proxy: No leader found: Tablet ffc46f65c62d4d5dbb276546317c22ad consensus state has no leader
I1002 04:41:25.484125 5818 catalog_manager.cc:2877] Scheduling retry of 176cfad34f7d4bd38d2e3fbc08a70c29 (table test-alter-range-partitioning-invalid-unbounded [id=28630d9ce835454abf530e382fb41675]) Alter Table RPC with a delay of 47 ms (attempt = 0)
W1002 04:41:25.484364 5818 catalog_manager.cc:2896] Async tablet task 176cfad34f7d4bd38d2e3fbc08a70c29 (table test-alter-range-partitioning-invalid-unbounded [id=28630d9ce835454abf530e382fb41675]) Alter Table RPC failed: Not found: Failed to reset TS proxy: No leader found: Tablet 176cfad34f7d4bd38d2e3fbc08a70c29 consensus state has no leader
I1002 04:41:25.484647 5818 catalog_manager.cc:2877] Scheduling retry of 324f6f5296ec4196903a9244e539c9d8 (table test-alter-range-partitioning-invalid-unbounded [id=28630d9ce835454abf530e382fb41675]) Alter Table RPC with a delay of 57 ms (attempt = 0)
W1002 04:41:25.484870 5818 catalog_manager.cc:2896] Async tablet task 324f6f5296ec4196903a9244e539c9d8 (table test-alter-range-partitioning-invalid-unbounded [id=28630d9ce835454abf530e382fb41675]) Alter Table RPC failed: Not found: Failed to reset TS proxy: No leader found: Tablet 324f6f5296ec4196903a9244e539c9d8 consensus state has no leader
I1002 04:41:25.485154 5816 catalog_manager.cc:2877] Scheduling retry of 4a6f2c5116d04bf786fe29f7cfe1953c (table test-alter-range-partitioning-invalid-unbounded [id=28630d9ce835454abf530e382fb41675]) Alter Table RPC with a delay of 22 ms (attempt = 0)
W1002 04:41:25.485365 5816 catalog_manager.cc:2896] Async tablet task 4a6f2c5116d04bf786fe29f7cfe1953c (table test-alter-range-partitioning-invalid-unbounded [id=28630d9ce835454abf530e382fb41675]) Alter Table RPC failed: Not found: Failed to reset TS proxy: No leader found: Tablet 4a6f2c5116d04bf786fe29f7cfe1953c consensus state has no leader
I1002 04:41:25.483192 5904 tablet_replica.cc:257] T 4a6f2c5116d04bf786fe29f7cfe1953c P 92a92cc5760d4f9e993b905318665696: stopping tablet replica
I1002 04:41:25.485648 5904 maintenance_manager.cc:228] P 92a92cc5760d4f9e993b905318665696: Unregistered op CompactRowSetsOp(4a6f2c5116d04bf786fe29f7cfe1953c)
I1002 04:41:25.485760 5904 maintenance_manager.cc:228] P 92a92cc5760d4f9e993b905318665696: Unregistered op MinorDeltaCompactionOp(4a6f2c5116d04bf786fe29f7cfe1953c)
I1002 04:41:25.485910 5904 maintenance_manager.cc:228] P 92a92cc5760d4f9e993b905318665696: Unregistered op MajorDeltaCompactionOp(4a6f2c5116d04bf786fe29f7cfe1953c)
I1002 04:41:25.486016 5904 maintenance_manager.cc:228] P 92a92cc5760d4f9e993b905318665696: Unregistered op UndoDeltaBlockGCOp(4a6f2c5116d04bf786fe29f7cfe1953c)
I1002 04:41:25.486155 5904 maintenance_manager.cc:228] P 92a92cc5760d4f9e993b905318665696: Unregistered op FlushMRSOp(4a6f2c5116d04bf786fe29f7cfe1953c)
I1002 04:41:25.486321 5904 maintenance_manager.cc:228] P 92a92cc5760d4f9e993b905318665696: Unregistered op FlushDeltaMemStoresOp(4a6f2c5116d04bf786fe29f7cfe1953c)
I1002 04:41:25.486304 5818 catalog_manager.cc:2877] Scheduling retry of 4aa07f5bc7fa4d689318a63bfd75d334 (table test-alter-range-partitioning-invalid-unbounded [id=28630d9ce835454abf530e382fb41675]) Alter Table RPC with a delay of 37 ms (attempt = 0)
I1002 04:41:25.486521 5904 maintenance_manager.cc:228] P 92a92cc5760d4f9e993b905318665696: Unregistered op LogGCOp(4a6f2c5116d04bf786fe29f7cfe1953c)
W1002 04:41:25.486614 5818 catalog_manager.cc:2896] Async tablet task 4aa07f5bc7fa4d689318a63bfd75d334 (table test-alter-range-partitioning-invalid-unbounded [id=28630d9ce835454abf530e382fb41675]) Alter Table RPC failed: Not found: Failed to reset TS proxy: No leader found: Tablet 4aa07f5bc7fa4d689318a63bfd75d334 consensus state has no leader
I1002 04:41:25.486686 5904 raft_consensus.cc:1809] T 4a6f2c5116d04bf786fe29f7cfe1953c P 92a92cc5760d4f9e993b905318665696 [term 1 LEADER]: Raft consensus shutting down.
I1002 04:41:25.486977 5904 raft_consensus.cc:1836] T 4a6f2c5116d04bf786fe29f7cfe1953c P 92a92cc5760d4f9e993b905318665696 [term 1 FOLLOWER]: Raft consensus is shut down!
I1002 04:41:25.487043 5817 catalog_manager.cc:2877] Scheduling retry of c2b8cfa799034977a43798f4f83e8d3d (table test-alter-range-partitioning-invalid-unbounded [id=28630d9ce835454abf530e382fb41675]) Alter Table RPC with a delay of 53 ms (attempt = 0)
