I1002 04:41:25.636457 5817 catalog_manager.cc:2877] Scheduling retry of 16347b539ec7456684793f254094ed89 (table test-alter-range-partitioning-invalid-unbounded [id=28630d9ce835454abf530e382fb41675]) Alter Table RPC with a delay of 14 ms (attempt = 0)
W1002 04:41:25.636750 5817 catalog_manager.cc:2896] Async tablet task 16347b539ec7456684793f254094ed89 (table test-alter-range-partitioning-invalid-unbounded [id=28630d9ce835454abf530e382fb41675]) Alter Table RPC failed: Not found: Failed to reset TS proxy: No leader found: Tablet 16347b539ec7456684793f254094ed89 consensus state has no leader
I1002 04:41:25.636978 5819 catalog_manager.cc:2877] Scheduling retry of dad39dc14e5342f9b97f18a0a301fee1 (table test-alter-range-partitioning-invalid-unbounded [id=28630d9ce835454abf530e382fb41675]) Alter Table RPC with a delay of 12 ms (attempt = 0)
W1002 04:41:25.637262 5819 catalog_manager.cc:2896] Async tablet task dad39dc14e5342f9b97f18a0a301fee1 (table test-alter-range-partitioning-invalid-unbounded [id=28630d9ce835454abf530e382fb41675]) Alter Table RPC failed: Not found: Failed to reset TS proxy: No leader found: Tablet dad39dc14e5342f9b97f18a0a301fee1 consensus state has no leader
I1002 04:41:25.637274 5833 catalog_manager.cc:2369] Got report from deleted tablet 6c9a07331aee4b64939857be92f02f99 (table test-alter-range-partitioning-invalid-unbounded [id=28630d9ce835454abf530e382fb41675]) (Partition dropped at 2017-10-02 04:41:25 UTC): Sending delete request for this tablet
I1002 04:41:25.637701 5833 catalog_manager.cc:3099] Sending DeleteTablet(TABLET_DATA_DELETED) for tablet 6c9a07331aee4b64939857be92f02f99 on 92a92cc5760d4f9e993b905318665696 (127.7.153.1:39250) (Partition dropped at 2017-10-02 04:41:25 UTC)
I1002 04:41:25.637789 5818 catalog_manager.cc:2877] Scheduling retry of 176cfad34f7d4bd38d2e3fbc08a70c29 (table test-alter-range-partitioning-invalid-unbounded [id=28630d9ce835454abf530e382fb41675]) Alter Table RPC with a delay of 26 ms (attempt = 0)
W1002 04:41:25.638084 5818 catalog_manager.cc:2896] Async tablet task 176cfad34f7d4bd38d2e3fbc08a70c29 (table test-alter-range-partitioning-invalid-unbounded [id=28630d9ce835454abf530e382fb41675]) Alter Table RPC failed: Not found: Failed to reset TS proxy: No leader found: Tablet 176cfad34f7d4bd38d2e3fbc08a70c29 consensus state has no leader
I1002 04:41:25.638218 5817 catalog_manager.cc:2877] Scheduling retry of c2b8cfa799034977a43798f4f83e8d3d (table test-alter-range-partitioning-invalid-unbounded [id=28630d9ce835454abf530e382fb41675]) Alter Table RPC with a delay of 46 ms (attempt = 0)
W1002 04:41:25.638501 5817 catalog_manager.cc:2896] Async tablet task c2b8cfa799034977a43798f4f83e8d3d (table test-alter-range-partitioning-invalid-unbounded [id=28630d9ce835454abf530e382fb41675]) Alter Table RPC failed: Not found: Failed to reset TS proxy: No leader found: Tablet c2b8cfa799034977a43798f4f83e8d3d consensus state has no leader
I1002 04:41:25.638813 5819 catalog_manager.cc:2877] Scheduling retry of 2124f2d695cb4d5a8f6b457dc8979d57 (table test-alter-range-partitioning-invalid-unbounded [id=28630d9ce835454abf530e382fb41675]) Alter Table RPC with a delay of 26 ms (attempt = 0)
W1002 04:41:25.639094 5819 catalog_manager.cc:2896] Async tablet task 2124f2d695cb4d5a8f6b457dc8979d57 (table test-alter-range-partitioning-invalid-unbounded [id=28630d9ce835454abf530e382fb41675]) Alter Table RPC failed: Not found: Failed to reset TS proxy: No leader found: Tablet 2124f2d695cb4d5a8f6b457dc8979d57 consensus state has no leader
I1002 04:41:25.638720 5833 catalog_manager.cc:1875] Servicing AlterTable request from {username='slave'} at 127.0.0.1:56410: table { table_name: "test-alter-range-partitioning-invalid-unbounded" } alter_schema_steps { type: DROP_RANGE_PARTITION drop_range_partition { range_bounds { rows: "\006\001\000\000\000\000\007\000" } } } schema { columns { name: "c0" type: INT32 is_key: true is_nullable: false encoding: AUTO_ENCODING compression: DEFAULT_COMPRESSION cfile_block_size: 0 } columns { name: "c1" type: INT32 is_key: false is_nullable: false encoding: AUTO_ENCODING compression: DEFAULT_COMPRESSION cfile_block_size: 0 } }
I1002 04:41:25.641055 5817 catalog_manager.cc:2877] Scheduling retry of f199048d571c419eb586f6d1c3ddac07 (table test-alter-range-partitioning-invalid-unbounded [id=28630d9ce835454abf530e382fb41675]) Alter Table RPC with a delay of 9 ms (attempt = 0)
W1002 04:41:25.641317 5817 catalog_manager.cc:2896] Async tablet task f199048d571c419eb586f6d1c3ddac07 (table test-alter-range-partitioning-invalid-unbounded [id=28630d9ce835454abf530e382fb41675]) Alter Table RPC failed: Not found: Failed to reset TS proxy: No leader found: Tablet f199048d571c419eb586f6d1c3ddac07 consensus state has no leader
I1002 04:41:25.642244 5904 ts_tablet_manager.cc:1028] T 5c7395dfe7b545d8804f641939bc7d8d P 92a92cc5760d4f9e993b905318665696: Registered tablet (data state: TABLET_DATA_READY)
I1002 04:41:25.642318 5816 catalog_manager.cc:2877] Scheduling retry of 4a6f2c5116d04bf786fe29f7cfe1953c (table test-alter-range-partitioning-invalid-unbounded [id=28630d9ce835454abf530e382fb41675]) Alter Table RPC with a delay of 20 ms (attempt = 0)
W1002 04:41:25.642639 5816 catalog_manager.cc:2896] Async tablet task 4a6f2c5116d04bf786fe29f7cfe1953c (table test-alter-range-partitioning-invalid-unbounded [id=28630d9ce835454abf530e382fb41675]) Alter Table RPC failed: Not found: Failed to reset TS proxy: No leader found: Tablet 4a6f2c5116d04bf786fe29f7cfe1953c consensus state has no leader
I1002 04:41:25.642771 5817 catalog_manager.cc:2877] Scheduling retry of a4337842dcc44cf0ab25aa0b7f810246 (table test-alter-range-partitioning-invalid-unbounded [id=28630d9ce835454abf530e382fb41675]) Alter Table RPC with a delay of 52 ms (attempt = 0)
W1002 04:41:25.643064 5817 catalog_manager.cc:2896] Async tablet task a4337842dcc44cf0ab25aa0b7f810246 (table test-alter-range-partitioning-invalid-unbounded [id=28630d9ce835454abf530e382fb41675]) Alter Table RPC failed: Not found: Failed to reset TS proxy: No leader found: Tablet a4337842dcc44cf0ab25aa0b7f810246 consensus state has no leader
I1002 04:41:25.643543 5905 tablet_service.cc:806] Processing DeleteTablet for tablet 6c9a07331aee4b64939857be92f02f99 with delete_type TABLET_DATA_DELETED (Partition dropped at 2017-10-02 04:41:25 UTC) from {username='slave'} at 127.0.0.1:45798
I1002 04:41:25.643630 5818 catalog_manager.cc:2877] Scheduling retry of ffc46f65c62d4d5dbb276546317c22ad (table test-alter-range-partitioning-invalid-unbounded [id=28630d9ce835454abf530e382fb41675]) Alter Table RPC with a delay of 10 ms (attempt = 0)
I1002 04:41:25.643892 5905 tablet_replica.cc:257] T 6c9a07331aee4b64939857be92f02f99 P 92a92cc5760d4f9e993b905318665696: stopping tablet replica
W1002 04:41:25.643921 5818 catalog_manager.cc:2896] Async tablet task ffc46f65c62d4d5dbb276546317c22ad (table test-alter-range-partitioning-invalid-unbounded [id=28630d9ce835454abf530e382fb41675]) Alter Table RPC failed: Not found: Failed to reset TS proxy: No leader found: Tablet ffc46f65c62d4d5dbb276546317c22ad consensus state has no leader
I1002 04:41:25.644109 5905 maintenance_manager.cc:228] P 92a92cc5760d4f9e993b905318665696: Unregistered op CompactRowSetsOp(6c9a07331aee4b64939857be92f02f99)
I1002 04:41:25.643426 5817 catalog_manager.cc:2877] Scheduling retry of 5c7395dfe7b545d8804f641939bc7d8d (table test-alter-range-partitioning-invalid-unbounded [id=28630d9ce835454abf530e382fb41675]) Alter Table RPC with a delay of 20 ms (attempt = 0)
I1002 04:41:25.644299 5905 maintenance_manager.cc:228] P 92a92cc5760d4f9e993b905318665696: Unregistered op MinorDeltaCompactionOp(6c9a07331aee4b64939857be92f02f99)
W1002 04:41:25.644412 5817 catalog_manager.cc:2896] Async tablet task 5c7395dfe7b545d8804f641939bc7d8d (table test-alter-range-partitioning-invalid-unbounded [id=28630d9ce835454abf530e382fb41675]) Alter Table RPC failed: Not found: Failed to reset TS proxy: No leader found: Tablet 5c7395dfe7b545d8804f641939bc7d8d consensus state has no leader
I1002 04:41:25.644471 5905 maintenance_manager.cc:228] P 92a92cc5760d4f9e993b905318665696: Unregistered op MajorDeltaCompactionOp(6c9a07331aee4b64939857be92f02f99)
I1002 04:41:25.644526 5816 catalog_manager.cc:2877] Scheduling retry of 31cb9f984a544fe7a23255fb0491a3cc (table test-alter-range-partitioning-invalid-unbounded [id=28630d9ce835454abf530e382fb41675]) Alter Table RPC with a delay of 52 ms (attempt = 0)
I1002 04:41:25.644691 5905 maintenance_manager.cc:228] P 92a92cc5760d4f9e993b905318665696: Unregistered op UndoDeltaBlockGCOp(6c9a07331aee4b64939857be92f02f99)
I1002 04:41:25.644646 5951 ts_tablet_manager.cc:878] T 5c7395dfe7b545d8804f641939bc7d8d P 92a92cc5760d4f9e993b905318665696: Bootstrapping tablet
W1002 04:41:25.644845 5816 catalog_manager.cc:2896] Async tablet task 31cb9f984a544fe7a23255fb0491a3cc (table test-alter-range-partitioning-invalid-unbounded [id=28630d9ce835454abf530e382fb41675]) Alter Table RPC failed: Not found: Failed to reset TS proxy: No leader found: Tablet 31cb9f984a544fe7a23255fb0491a3cc consensus state has no leader
I1002 04:41:25.644929 5905 maintenance_manager.cc:228] P 92a92cc5760d4f9e993b905318665696: Unregistered op FlushMRSOp(6c9a07331aee4b64939857be92f02f99)
I1002 04:41:25.645072 5951 tablet_bootstrap.cc:432] T 5c7395dfe7b545d8804f641939bc7d8d P 92a92cc5760d4f9e993b905318665696: Bootstrap starting.
I1002 04:41:25.645159 5905 maintenance_manager.cc:228] P 92a92cc5760d4f9e993b905318665696: Unregistered op FlushDeltaMemStoresOp(6c9a07331aee4b64939857be92f02f99)
I1002 04:41:25.645323 5905 maintenance_manager.cc:228] P 92a92cc5760d4f9e993b905318665696: Unregistered op LogGCOp(6c9a07331aee4b64939857be92f02f99)
I1002 04:41:25.645469 5905 raft_consensus.cc:1809] T 6c9a07331aee4b64939857be92f02f99 P 92a92cc5760d4f9e993b905318665696 [term 1 LEADER]: Raft consensus shutting down.
I1002 04:41:25.645736 5905 raft_consensus.cc:1836] T 6c9a07331aee4b64939857be92f02f99 P 92a92cc5760d4f9e993b905318665696 [term 1 FOLLOWER]: Raft consensus is shut down!
I1002 04:41:25.647011 5817 catalog_manager.cc:2877] Scheduling retry of f05a246de6154981a64cf15b78055baf (table test-alter-range-partitioning-invalid-unbounded [id=28630d9ce835454abf530e382fb41675]) Alter Table RPC with a delay of 56 ms (attempt = 0)
W1002 04:41:25.647317 5817 catalog_manager.cc:2896] Async tablet task f05a246de6154981a64cf15b78055baf (table test-alter-range-partitioning-invalid-unbounded [id=28630d9ce835454abf530e382fb41675]) Alter Table RPC failed: Not found: Failed to reset TS proxy: No leader found: Tablet f05a246de6154981a64cf15b78055baf consensus state has no leader
I1002 04:41:25.647425 5833 catalog_manager.cc:3442] T 00000000000000000000000000000000 P 4f89f43c5b1b4a7ab82ebafc420bd1f8: Sending DeleteTablet for 1 replicas of tablet 5c7395dfe7b545d8804f641939bc7d8d
I1002 04:41:25.647904 5833 catalog_manager.cc:3099] Sending DeleteTablet(TABLET_DATA_DELETED) for tablet 5c7395dfe7b545d8804f641939bc7d8d on 92a92cc5760d4f9e993b905318665696 (127.7.153.1:39250) (Partition dropped at 2017-10-02 04:41:25 UTC)
I1002 04:41:25.648432 5905 ts_tablet_manager.cc:1203] T 6c9a07331aee4b64939857be92f02f99 P 92a92cc5760d4f9e993b905318665696: Deleting tablet data with delete state TABLET_DATA_DELETED
I1002 04:41:25.650185 5819 catalog_manager.cc:2877] Scheduling retry of dad39dc14e5342f9b97f18a0a301fee1 (table test-alter-range-partitioning-invalid-unbounded [id=28630d9ce835454abf530e382fb41675]) Alter Table RPC with a delay of 57 ms (attempt = 0)
W1002 04:41:25.650372 5819 catalog_manager.cc:2896] Async tablet task dad39dc14e5342f9b97f18a0a301fee1 (table test-alter-range-partitioning-invalid-unbounded [id=28630d9ce835454abf530e382fb41675]) Alter Table RPC failed: Not found: Failed to reset TS proxy: No leader found: Tablet dad39dc14e5342f9b97f18a0a301fee1 consensus state has no leader
I1002 04:41:25.652781 5819 catalog_manager.cc:2877] Scheduling retry of eb376630c04d401f851e8216633104af (table test-alter-range-partitioning-invalid-unbounded [id=28630d9ce835454abf530e382fb41675]) Alter Table RPC with a delay of 18 ms (attempt = 0)
W1002 04:41:25.652964 5819 catalog_manager.cc:2896] Async tablet task eb376630c04d401f851e8216633104af (table test-alter-range-partitioning-invalid-unbounded [id=28630d9ce835454abf530e382fb41675]) Alter Table RPC failed: Not found: Failed to reset TS proxy: No leader found: Tablet eb376630c04d401f851e8216633104af consensus state has no leader
I1002 04:41:25.657354 5905 ts_tablet_manager.cc:1216] T 6c9a07331aee4b64939857be92f02f99 P 92a92cc5760d4f9e993b905318665696: tablet deleted: last-logged OpId: 1.1
I1002 04:41:25.657618 5905 log.cc:980] T 6c9a07331aee4b64939857be92f02f99 P 92a92cc5760d4f9e993b905318665696: Deleting WAL directory at /tmp/run_tha_test1fMIRV/test-tmp/alter_table-test.AlterTableTest.TestAddRangePartitionConflictExhaustive.1506919259568928-1945/minicluster-data/ts-0-root/wals/6c9a07331aee4b64939857be92f02f99
I1002 04:41:25.658155 5905 ts_tablet_manager.cc:1234] T 6c9a07331aee4b64939857be92f02f99 P 92a92cc5760d4f9e993b905318665696: Deleting consensus metadata
I1002 04:41:25.660188 5817 catalog_manager.cc:2877] Scheduling retry of c590266196284e13bd9569bb434bd2bf (table test-alter-range-partitioning-invalid-unbounded [id=28630d9ce835454abf530e382fb41675]) Alter Table RPC with a delay of 11 ms (attempt = 0)
W1002 04:41:25.660487 5817 catalog_manager.cc:2896] Async tablet task c590266196284e13bd9569bb434bd2bf (table test-alter-range-partitioning-invalid-unbounded [id=28630d9ce835454abf530e382fb41675]) Alter Table RPC failed: Not found: Failed to reset TS proxy: No leader found: Tablet c590266196284e13bd9569bb434bd2bf consensus state has no leader
I1002 04:41:25.660498 5905 tablet_service.cc:806] Processing DeleteTablet for tablet 5c7395dfe7b545d8804f641939bc7d8d with delete_type TABLET_DATA_DELETED (Partition dropped at 2017-10-02 04:41:25 UTC) from {username='slave'} at 127.0.0.1:45798
I1002 04:41:25.661031 5818 catalog_manager.cc:2877] Scheduling retry of ffc46f65c62d4d5dbb276546317c22ad (table test-alter-range-partitioning-invalid-unbounded [id=28630d9ce835454abf530e382fb41675]) Alter Table RPC with a delay of 16 ms (attempt = 0)
W1002 04:41:25.661304 5818 catalog_manager.cc:2896] Async tablet task ffc46f65c62d4d5dbb276546317c22ad (table test-alter-range-partitioning-invalid-unbounded [id=28630d9ce835454abf530e382fb41675]) Alter Table RPC failed: Not found: Failed to reset TS proxy: No leader found: Tablet ffc46f65c62d4d5dbb276546317c22ad consensus state has no leader
I1002 04:41:25.661617 5818 catalog_manager.cc:2877] Scheduling retry of 4aa07f5bc7fa4d689318a63bfd75d334 (table test-alter-range-partitioning-invalid-unbounded [id=28630d9ce835454abf530e382fb41675]) Alter Table RPC with a delay of 52 ms (attempt = 0)
W1002 04:41:25.661860 5818 catalog_manager.cc:2896] Async tablet task 4aa07f5bc7fa4d689318a63bfd75d334 (table test-alter-range-partitioning-invalid-unbounded [id=28630d9ce835454abf530e382fb41675]) Alter Table RPC failed: Not found: Failed to reset TS proxy: No leader found: Tablet 4aa07f5bc7fa4d689318a63bfd75d334 consensus state has no leader
I1002 04:41:25.662078 5832 catalog_manager.cc:2369] Got report from deleted tablet 6c9a07331aee4b64939857be92f02f99 (table test-alter-range-partitioning-invalid-unbounded [id=28630d9ce835454abf530e382fb41675]) (Partition dropped at 2017-10-02 04:41:25 UTC): Sending delete request for this tablet
I1002 04:41:25.662384 5832 catalog_manager.cc:3099] Sending DeleteTablet(TABLET_DATA_DELETED) for tablet 6c9a07331aee4b64939857be92f02f99 on 92a92cc5760d4f9e993b905318665696 (127.7.153.1:39250) (Partition dropped at 2017-10-02 04:41:25 UTC)
I1002 04:41:25.662432 5816 catalog_manager.cc:2877] Scheduling retry of c464d87b2b3d43d289fbbd56acb0dd90 (table test-alter-range-partitioning-invalid-unbounded [id=28630d9ce835454abf530e382fb41675]) Alter Table RPC with a delay of 31 ms (attempt = 0)
W1002 04:41:25.662726 5816 catalog_manager.cc:2896] Async tablet task c464d87b2b3d43d289fbbd56acb0dd90 (table test-alter-range-partitioning-invalid-unbounded [id=28630d9ce835454abf530e382fb41675]) Alter Table RPC failed: Not found: Failed to reset TS proxy: No leader found: Tablet c464d87b2b3d43d289fbbd56acb0dd90 consensus state has no leader
I1002 04:41:25.663053 5816 catalog_manager.cc:2877] Scheduling retry of 2efdf5f4e04644448a2558f9940b74c1 (table test-alter-range-partitioning-invalid-unbounded [id=28630d9ce835454abf530e382fb41675]) Alter Table RPC with a delay of 34 ms (attempt = 0)
I1002 04:41:25.663136 5819 catalog_manager.cc:2877] Scheduling retry of 523dc850ea83468f991a8ac636839d86 (table test-alter-range-partitioning-invalid-unbounded [id=28630d9ce835454abf530e382fb41675]) Alter Table RPC with a delay of 51 ms (attempt = 0)
W1002 04:41:25.663293 5816 catalog_manager.cc:2896] Async tablet task 2efdf5f4e04644448a2558f9940b74c1 (table test-alter-range-partitioning-invalid-unbounded [id=28630d9ce835454abf530e382fb41675]) Alter Table RPC failed: Not found: Failed to reset TS proxy: No leader found: Tablet 2efdf5f4e04644448a2558f9940b74c1 consensus state has no leader
W1002 04:41:25.663383 5819 catalog_manager.cc:2896] Async tablet task 523dc850ea83468f991a8ac636839d86 (table test-alter-range-partitioning-invalid-unbounded [id=28630d9ce835454abf530e382fb41675]) Alter Table RPC failed: Not found: Failed to reset TS proxy: No leader found: Tablet 523dc850ea83468f991a8ac636839d86 consensus state has no leader
I1002 04:41:25.663707 5816 catalog_manager.cc:2877] Scheduling retry of 4a6f2c5116d04bf786fe29f7cfe1953c (table test-alter-range-partitioning-invalid-unbounded [id=28630d9ce835454abf530e382fb41675]) Alter Table RPC with a delay of 30 ms (attempt = 0)
W1002 04:41:25.663960 5816 catalog_manager.cc:2896] Async tablet task 4a6f2c5116d04bf786fe29f7cfe1953c (table test-alter-range-partitioning-invalid-unbounded [id=28630d9ce835454abf530e382fb41675]) Alter Table RPC failed: Not found: Failed to reset TS proxy: No leader found: Tablet 4a6f2c5116d04bf786fe29f7cfe1953c consensus state has no leader
I1002 04:41:25.664113 5819 catalog_manager.cc:3077] TS 92a92cc5760d4f9e993b905318665696 (127.7.153.1:39250): tablet 6c9a07331aee4b64939857be92f02f99 (table test-alter-range-partitioning-invalid-unbounded [id=28630d9ce835454abf530e382fb41675]) successfully deleted
I1002 04:41:25.664819 5818 catalog_manager.cc:2877] Scheduling retry of 176cfad34f7d4bd38d2e3fbc08a70c29 (table test-alter-range-partitioning-invalid-unbounded [id=28630d9ce835454abf530e382fb41675]) Alter Table RPC with a delay of 47 ms (attempt = 0)
I1002 04:41:25.664295 5832 catalog_manager.cc:1875] Servicing AlterTable request from {username='slave'} at 127.0.0.1:56410: table { table_name: "test-alter-range-partitioning-invalid-unbounded" } alter_schema_steps { type: ADD_RANGE_PARTITION add_range_partition { range_bounds { rows: "\006\001\000\000\000\000\007\000" } } } alter_schema_steps { type: DROP_RANGE_PARTITION drop_range_partition { range_bounds { rows: "\006\001\000\000\000\000\007\001d\000\000\000" } } } schema { columns { name: "c0" type: INT32 is_key: true is_nullable: false encoding: AUTO_ENCODING compression: DEFAULT_COMPRESSION cfile_block_size: 0 } columns { name: "c1" type: INT32 is_key: false is_nullable: false encoding: AUTO_ENCODING compression: DEFAULT_COMPRESSION cfile_block_size: 0 } }
W1002 04:41:25.665072 5818 catalog_manager.cc:2896] Async tablet task 176cfad34f7d4bd38d2e3fbc08a70c29 (table test-alter-range-partitioning-invalid-unbounded [id=28630d9ce835454abf530e382fb41675]) Alter Table RPC failed: Not found: Failed to reset TS proxy: No leader found: Tablet 176cfad34f7d4bd38d2e3fbc08a70c29 consensus state has no leader
I1002 04:41:25.665491 5816 catalog_manager.cc:2877] Scheduling retry of a8b2305aec07407b90e96939b7b0120c (table test-alter-range-partitioning-invalid-unbounded [id=28630d9ce835454abf530e382fb41675]) Alter Table RPC with a delay of 44 ms (attempt = 0)
W1002 04:41:25.665771 5816 catalog_manager.cc:2896] Async tablet task a8b2305aec07407b90e96939b7b0120c (table test-alter-range-partitioning-invalid-unbounded [id=28630d9ce835454abf530e382fb41675]) Alter Table RPC failed: Not found: Failed to reset TS proxy: No leader found: Tablet a8b2305aec07407b90e96939b7b0120c consensus state has no leader
I1002 04:41:25.666110 5951 tablet_bootstrap.cc:567] T 5c7395dfe7b545d8804f641939bc7d8d P 92a92cc5760d4f9e993b905318665696: No blocks or log segments found. Creating new log.
I1002 04:41:25.666064 5817 catalog_manager.cc:2877] Scheduling retry of eab92c5faddf43bba4543442e4dcf3d2 (table test-alter-range-partitioning-invalid-unbounded [id=28630d9ce835454abf530e382fb41675]) Alter Table RPC with a delay of 46 ms (attempt = 0)
W1002 04:41:25.666391 5817 catalog_manager.cc:2896] Async tablet task eab92c5faddf43bba4543442e4dcf3d2 (table test-alter-range-partitioning-invalid-unbounded [id=28630d9ce835454abf530e382fb41675]) Alter Table RPC failed: Not found: Failed to reset TS proxy: No leader found: Tablet eab92c5faddf43bba4543442e4dcf3d2 consensus state has no leader
I1002 04:41:25.666563 5818 catalog_manager.cc:2877] Scheduling retry of 324f6f5296ec4196903a9244e539c9d8 (table test-alter-range-partitioning-invalid-unbounded [id=28630d9ce835454abf530e382fb41675]) Alter Table RPC with a delay of 28 ms (attempt = 0)
W1002 04:41:25.666878 5818 catalog_manager.cc:2896] Async tablet task 324f6f5296ec4196903a9244e539c9d8 (table test-alter-range-partitioning-invalid-unbounded [id=28630d9ce835454abf530e382fb41675]) Alter Table RPC failed: Not found: Failed to reset TS proxy: No leader found: Tablet 324f6f5296ec4196903a9244e539c9d8 consensus state has no leader
I1002 04:41:25.666905 5905 tablet_service.cc:806] Processing DeleteTablet for tablet 6c9a07331aee4b64939857be92f02f99 with delete_type TABLET_DATA_DELETED (Partition dropped at 2017-10-02 04:41:25 UTC) from {username='slave'} at 127.0.0.1:45798
I1002 04:41:25.666682 5817 catalog_manager.cc:2877] Scheduling retry of f199048d571c419eb586f6d1c3ddac07 (table test-alter-range-partitioning-invalid-unbounded [id=28630d9ce835454abf530e382fb41675]) Alter Table RPC with a delay of 55 ms (attempt = 0)
W1002 04:41:25.667209 5817 catalog_manager.cc:2896] Async tablet task f199048d571c419eb586f6d1c3ddac07 (table test-alter-range-partitioning-invalid-unbounded [id=28630d9ce835454abf530e382fb41675]) Alter Table RPC failed: Not found: Failed to reset TS proxy: No leader found: Tablet f199048d571c419eb586f6d1c3ddac07 consensus state has no leader
I1002 04:41:25.667536 5817 catalog_manager.cc:2877] Scheduling retry of 16347b539ec7456684793f254094ed89 (table test-alter-range-partitioning-invalid-unbounded [id=28630d9ce835454abf530e382fb41675]) Alter Table RPC with a delay of 40 ms (attempt = 0)
W1002 04:41:25.667788 5817 catalog_manager.cc:2896] Async tablet task 16347b539ec7456684793f254094ed89 (table test-alter-range-partitioning-invalid-unbounded [id=28630d9ce835454abf530e382fb41675]) Alter Table RPC failed: Not found: Failed to reset TS proxy: No leader found: Tablet 16347b539ec7456684793f254094ed89 consensus state has no leader
I1002 04:41:25.668165 5817 catalog_manager.cc:2877] Scheduling retry of 5c7395dfe7b545d8804f641939bc7d8d (table test-alter-range-partitioning-invalid-unbounded [id=28630d9ce835454abf530e382fb41675]) Alter Table RPC with a delay of 17 ms (attempt = 0)
W1002 04:41:25.668391 5817 catalog_manager.cc:2896] Async tablet task 5c7395dfe7b545d8804f641939bc7d8d (table test-alter-range-partitioning-invalid-unbounded [id=28630d9ce835454abf530e382fb41675]) Alter Table RPC failed: Not found: Failed to reset TS proxy: No leader found: Tablet 5c7395dfe7b545d8804f641939bc7d8d consensus state has no leader
I1002 04:41:25.668774 5819 catalog_manager.cc:2877] Scheduling retry of 2124f2d695cb4d5a8f6b457dc8979d57 (table test-alter-range-partitioning-invalid-unbounded [id=28630d9ce835454abf530e382fb41675]) Alter Table RPC with a delay of 41 ms (attempt = 0)
W1002 04:41:25.668987 5819 catalog_manager.cc:2896] Async tablet task 2124f2d695cb4d5a8f6b457dc8979d57 (table test-alter-range-partitioning-invalid-unbounded [id=28630d9ce835454abf530e382fb41675]) Alter Table RPC failed: Not found: Failed to reset TS proxy: No leader found: Tablet 2124f2d695cb4d5a8f6b457dc8979d57 consensus state has no leader
I1002 04:41:25.669217 5819 catalog_manager.cc:3099] Sending DeleteTablet(TABLET_DATA_DELETED) for tablet dad39dc14e5342f9b97f18a0a301fee1 on 92a92cc5760d4f9e993b905318665696 (127.7.153.1:39250) (Partition dropped at 2017-10-02 04:41:25 UTC)
W1002 04:41:25.669905 5819 catalog_manager.cc:3069] TS 92a92cc5760d4f9e993b905318665696 (127.7.153.1:39250): delete failed for tablet 5c7395dfe7b545d8804f641939bc7d8d with error code TABLET_NOT_RUNNING: Illegal state: State transition of tablet 5c7395dfe7b545d8804f641939bc7d8d already in progress: creating tablet
I1002 04:41:25.670120 5819 catalog_manager.cc:2877] Scheduling retry of 5c7395dfe7b545d8804f641939bc7d8d Delete Tablet RPC for TS=92a92cc5760d4f9e993b905318665696 with a delay of 24 ms (attempt = 1)
I1002 04:41:25.670512 5819 catalog_manager.cc:2877] Scheduling retry of 9b2c62df81784394994baa99bc83b430 (table test-alter-range-partitioning-invalid-unbounded [id=28630d9ce835454abf530e382fb41675]) Alter Table RPC with a delay of 33 ms (attempt = 0)
W1002 04:41:25.670738 5819 catalog_manager.cc:2896] Async tablet task 9b2c62df81784394994baa99bc83b430 (table test-alter-range-partitioning-invalid-unbounded [id=28630d9ce835454abf530e382fb41675]) Alter Table RPC failed: Not found: Failed to reset TS proxy: No leader found: Tablet 9b2c62df81784394994baa99bc83b430 consensus state has no leader
I1002 04:41:25.671510 5819 catalog_manager.cc:2877] Scheduling retry of eb376630c04d401f851e8216633104af (table test-alter-range-partitioning-invalid-unbounded [id=28630d9ce835454abf530e382fb41675]) Alter Table RPC with a delay of 48 ms (attempt = 0)
I1002 04:41:25.671733 5905 tablet_service.cc:806] Processing DeleteTablet for tablet dad39dc14e5342f9b97f18a0a301fee1 with delete_type TABLET_DATA_DELETED (Partition dropped at 2017-10-02 04:41:25 UTC) from {username='slave'} at 127.0.0.1:45798
I1002 04:41:25.671883 5817 catalog_manager.cc:2877] Scheduling retry of c590266196284e13bd9569bb434bd2bf (table test-alter-range-partitioning-invalid-unbounded [id=28630d9ce835454abf530e382fb41675]) Alter Table RPC with a delay of 20 ms (attempt = 0)
W1002 04:41:25.672191 5817 catalog_manager.cc:2896] Async tablet task c590266196284e13bd9569bb434bd2bf (table test-alter-range-partitioning-invalid-unbounded [id=28630d9ce835454abf530e382fb41675]) Alter Table RPC failed: Not found: Failed to reset TS proxy: No leader found: Tablet c590266196284e13bd9569bb434bd2bf consensus state has no leader
W1002 04:41:25.671804 5819 catalog_manager.cc:2896] Async tablet task eb376630c04d401f851e8216633104af (table test-alter-range-partitioning-invalid-unbounded [id=28630d9ce835454abf530e382fb41675]) Alter Table RPC failed: Not found: Failed to reset TS proxy: No leader found: Tablet eb376630c04d401f851e8216633104af consensus state has no leader
W1002 04:41:25.672614 5819 catalog_manager.cc:3057] TS 92a92cc5760d4f9e993b905318665696 (127.7.153.1:39250): delete failed for tablet 6c9a07331aee4b64939857be92f02f99 because the tablet was not found. No further retry: Not found: Tablet not found: 6c9a07331aee4b64939857be92f02f99
I1002 04:41:25.672843 5951 tablet_bootstrap.cc:432] T 5c7395dfe7b545d8804f641939bc7d8d P 92a92cc5760d4f9e993b905318665696: No bootstrap required, opened a new log
I1002 04:41:25.673182 5951 ts_tablet_manager.cc:903] T 5c7395dfe7b545d8804f641939bc7d8d P 92a92cc5760d4f9e993b905318665696: Time spent bootstrapping tablet: real 0.028s user 0.000s sys 0.004s
W1002 04:41:25.673245 5819 catalog_manager.cc:3057] TS 92a92cc5760d4f9e993b905318665696 (127.7.153.1:39250): delete failed for tablet dad39dc14e5342f9b97f18a0a301fee1 because the tablet was not found. No further retry: Not found: Tablet not found: dad39dc14e5342f9b97f18a0a301fee1
I1002 04:41:25.673315 5832 catalog_manager.cc:1875] Servicing AlterTable request from {username='slave'} at 127.0.0.1:56410: table { table_name: "test-alter-range-partitioning-invalid-unbounded" } alter_schema_steps { type: ADD_RANGE_PARTITION add_range_partition { range_bounds { rows: "\006\001\000\000\000\000\007\001d\000\000\000" } } } schema { columns { name: "c0" type: INT32 is_key: true is_nullable: false encoding: AUTO_ENCODING compression: DEFAULT_COMPRESSION cfile_block_size: 0 } columns { name: "c1" type: INT32 is_key: false is_nullable: false encoding: AUTO_ENCODING compression: DEFAULT_COMPRESSION cfile_block_size: 0 } }
I1002 04:41:25.675514 5818 catalog_manager.cc:2877] Scheduling retry of 6c9a07331aee4b64939857be92f02f99 (table test-alter-range-partitioning-invalid-unbounded [id=28630d9ce835454abf530e382fb41675]) Alter Table RPC with a delay of 52 ms (attempt = 0)
W1002 04:41:25.675846 5818 catalog_manager.cc:2896] Async tablet task 6c9a07331aee4b64939857be92f02f99 (table test-alter-range-partitioning-invalid-unbounded [id=28630d9ce835454abf530e382fb41675]) Alter Table RPC failed: Not found: Failed to reset TS proxy: No leader found: Tablet 6c9a07331aee4b64939857be92f02f99 consensus state has no leader
I1002 04:41:25.674650 5951 raft_consensus.cc:286] T 5c7395dfe7b545d8804f641939bc7d8d P 92a92cc5760d4f9e993b905318665696 [term 0 FOLLOWER]: Replica starting. Triggering 0 pending transactions. Active config: opid_index: -1 OBSOLETE_local: true peers { permanent_uuid: "92a92cc5760d4f9e993b905318665696" member_type: VOTER last_known_addr { host: "127.7.153.1" port: 39250 } }
I1002 04:41:25.676520 5951 raft_consensus.cc:312] T 5c7395dfe7b545d8804f641939bc7d8d P 92a92cc5760d4f9e993b905318665696 [term 0 FOLLOWER]: Consensus starting up: Expiring failure detector timer to make a prompt election more likely
I1002 04:41:25.677803 5819 catalog_manager.cc:3099] Sending DeleteTablet(TABLET_DATA_DELETED) for tablet 6c9a07331aee4b64939857be92f02f99 on 92a92cc5760d4f9e993b905318665696 (127.7.153.1:39250) (Partition dropped at 2017-10-02 04:41:25 UTC)
I1002 04:41:25.677979 5832 catalog_manager.cc:2877] Scheduling retry of e99ab0e319124dd2817fb8f485b62343 (table test-alter-range-partitioning-invalid-unbounded [id=28630d9ce835454abf530e382fb41675]) Alter Table RPC with a delay of 39 ms (attempt = 0)
W1002 04:41:25.678247 5832 catalog_manager.cc:3416] Failed to send alter table request: Not found: Failed to reset TS proxy: No leader found: Tablet e99ab0e319124dd2817fb8f485b62343 has no consensus state
I1002 04:41:25.678329 5816 catalog_manager.cc:2877] Scheduling retry of 625d812d6032468588f4b9a5d553c83c (table test-alter-range-partitioning-invalid-unbounded [id=28630d9ce835454abf530e382fb41675]) Alter Table RPC with a delay of 52 ms (attempt = 0)
W1002 04:41:25.678622 5816 catalog_manager.cc:2896] Async tablet task 625d812d6032468588f4b9a5d553c83c (table test-alter-range-partitioning-invalid-unbounded [id=28630d9ce835454abf530e382fb41675]) Alter Table RPC failed: Not found: Failed to reset TS proxy: No leader found: Tablet 625d812d6032468588f4b9a5d553c83c consensus state has no leader
I1002 04:41:25.679023 5818 catalog_manager.cc:2877] Scheduling retry of ffc46f65c62d4d5dbb276546317c22ad (table test-alter-range-partitioning-invalid-unbounded [id=28630d9ce835454abf530e382fb41675]) Alter Table RPC with a delay of 35 ms (attempt = 0)
W1002 04:41:25.679313 5818 catalog_manager.cc:2896] Async tablet task ffc46f65c62d4d5dbb276546317c22ad (table test-alter-range-partitioning-invalid-unbounded [id=28630d9ce835454abf530e382fb41675]) Alter Table RPC failed: Not found: Failed to reset TS proxy: No leader found: Tablet ffc46f65c62d4d5dbb276546317c22ad consensus state has no leader
I1002 04:41:25.679558 5951 raft_consensus.cc:578] T 5c7395dfe7b545d8804f641939bc7d8d P 92a92cc5760d4f9e993b905318665696 [term 0 FOLLOWER]: Becoming Follower/Learner. State: Replica: 92a92cc5760d4f9e993b905318665696, State: Initialized, Role: FOLLOWER
I1002 04:41:25.680759 5818 catalog_manager.cc:2877] Scheduling retry of 2e11ab53d1834da3867e17c59001dd34 (table test-alter-range-partitioning-invalid-unbounded [id=28630d9ce835454abf530e382fb41675]) Alter Table RPC with a delay of 17 ms (attempt = 0)
W1002 04:41:25.681025 5818 catalog_manager.cc:2896] Async tablet task 2e11ab53d1834da3867e17c59001dd34 (table test-alter-range-partitioning-invalid-unbounded [id=28630d9ce835454abf530e382fb41675]) Alter Table RPC failed: Not found: Failed to reset TS proxy: No leader found: Tablet 2e11ab53d1834da3867e17c59001dd34 consensus state has no leader
I1002 04:41:25.681313 5951 consensus_queue.cc:190] T 5c7395dfe7b545d8804f641939bc7d8d P 92a92cc5760d4f9e993b905318665696 [NON_LEADER]: Queue going to NON_LEADER mode. State: All replicated index: 0, Majority replicated index: 0, Committed index: 0, Last appended: 0.0, Last appended by leader: 0, Current term: 0, Majority size: -1, State: 0, Mode: NON_LEADER
I1002 04:41:25.682090 5905 tablet_service.cc:806] Processing DeleteTablet for tablet 6c9a07331aee4b64939857be92f02f99 with delete_type TABLET_DATA_DELETED (Partition dropped at 2017-10-02 04:41:25 UTC) from {username='slave'} at 127.0.0.1:45798
I1002 04:41:25.682492 5818 catalog_manager.cc:2877] Scheduling retry of ac9bed6c3606451ba4f9ee159fbd44ea (table test-alter-range-partitioning-invalid-unbounded [id=28630d9ce835454abf530e382fb41675]) Alter Table RPC with a delay of 55 ms (attempt = 0)
W1002 04:41:25.682745 5818 catalog_manager.cc:2896] Async tablet task ac9bed6c3606451ba4f9ee159fbd44ea (table test-alter-range-partitioning-invalid-unbounded [id=28630d9ce835454abf530e382fb41675]) Alter Table RPC failed: Not found: Failed to reset TS proxy: No leader found: Tablet ac9bed6c3606451ba4f9ee159fbd44ea consensus state has no leader
I1002 04:41:25.682911 5951 raft_consensus.cc:327] T 5c7395dfe7b545d8804f641939bc7d8d P 92a92cc5760d4f9e993b905318665696 [term 0 FOLLOWER]: Only one voter in the Raft config. Triggering election immediately
I1002 04:41:25.683156 5951 raft_consensus.cc:411] T 5c7395dfe7b545d8804f641939bc7d8d P 92a92cc5760d4f9e993b905318665696 [term 0 FOLLOWER]: Starting leader election (initial election of a single-replica configuration)
I1002 04:41:25.683357 5951 raft_consensus.cc:2457] T 5c7395dfe7b545d8804f641939bc7d8d P 92a92cc5760d4f9e993b905318665696: Snoozing failure detection for 1.871s (starting election)
I1002 04:41:25.683548 5951 raft_consensus.cc:2509] T 5c7395dfe7b545d8804f641939bc7d8d P 92a92cc5760d4f9e993b905318665696 [term 0 FOLLOWER]: Advancing to term 1
I1002 04:41:25.685839 5817 catalog_manager.cc:2877] Scheduling retry of c2b8cfa799034977a43798f4f83e8d3d (table test-alter-range-partitioning-invalid-unbounded [id=28630d9ce835454abf530e382fb41675]) Alter Table RPC with a delay of 29 ms (attempt = 0)
W1002 04:41:25.686128 5817 catalog_manager.cc:2896] Async tablet task c2b8cfa799034977a43798f4f83e8d3d (table test-alter-range-partitioning-invalid-unbounded [id=28630d9ce835454abf530e382fb41675]) Alter Table RPC failed: Not found: Failed to reset TS proxy: No leader found: Tablet c2b8cfa799034977a43798f4f83e8d3d consensus state has no leader
I1002 04:41:25.686426 5817 catalog_manager.cc:2877] Scheduling retry of 5c7395dfe7b545d8804f641939bc7d8d (table test-alter-range-partitioning-invalid-unbounded [id=28630d9ce835454abf530e382fb41675]) Alter Table RPC with a delay of 16 ms (attempt = 0)
W1002 04:41:25.686641 5817 catalog_manager.cc:2896] Async tablet task 5c7395dfe7b545d8804f641939bc7d8d (table test-alter-range-partitioning-invalid-unbounded [id=28630d9ce835454abf530e382fb41675]) Alter Table RPC failed: Not found: Failed to reset TS proxy: No leader found: Tablet 5c7395dfe7b545d8804f641939bc7d8d consensus state has no leader
I1002 04:41:25.687336 5951 raft_consensus.cc:433] T 5c7395dfe7b545d8804f641939bc7d8d P 92a92cc5760d4f9e993b905318665696 [term 1 FOLLOWER]: Starting leader election with config: opid_index: -1 OBSOLETE_local: true peers { permanent_uuid: "92a92cc5760d4f9e993b905318665696" member_type: VOTER last_known_addr { host: "127.7.153.1" port: 39250 } }
I1002 04:41:25.687759 5951 leader_election.cc:248] T 5c7395dfe7b545d8804f641939bc7d8d P 92a92cc5760d4f9e993b905318665696 [CANDIDATE]: Term 1 election: Election decided. Result: candidate won.
I1002 04:41:25.688138 5953 raft_consensus.cc:2457] T 5c7395dfe7b545d8804f641939bc7d8d P 92a92cc5760d4f9e993b905318665696: Snoozing failure detection for 2.222s (election complete)
I1002 04:41:25.688393 5953 raft_consensus.cc:2281] T 5c7395dfe7b545d8804f641939bc7d8d P 92a92cc5760d4f9e993b905318665696 [term 1 FOLLOWER]: Leader election won for term 1
W1002 04:41:25.688679 5819 catalog_manager.cc:3057] TS 92a92cc5760d4f9e993b905318665696 (127.7.153.1:39250): delete failed for tablet 6c9a07331aee4b64939857be92f02f99 because the tablet was not found. No further retry: Not found: Tablet not found: 6c9a07331aee4b64939857be92f02f99
I1002 04:41:25.688714 5953 raft_consensus.cc:545] T 5c7395dfe7b545d8804f641939bc7d8d P 92a92cc5760d4f9e993b905318665696 [term 1 LEADER]: Becoming Leader. State: Replica: 92a92cc5760d4f9e993b905318665696, State: Running, Role: LEADER
I1002 04:41:25.688859 5832 catalog_manager.cc:1875] Servicing AlterTable request from {username='slave'} at 127.0.0.1:56410: table { table_name: "test-alter-range-partitioning-invalid-unbounded" } alter_schema_steps { type: ADD_RANGE_PARTITION add_range_partition { range_bounds { rows: "\006\001\001\000\000\000\007\000" } } } schema { columns { name: "c0" type: INT32 is_key: true is_nullable: false encoding: AUTO_ENCODING compression: DEFAULT_COMPRESSION cfile_block_size: 0 } columns { name: "c1" type: INT32 is_key: false is_nullable: false encoding: AUTO_ENCODING compression: DEFAULT_COMPRESSION cfile_block_size: 0 } }
I1002 04:41:25.689240 5953 consensus_queue.cc:169] T 5c7395dfe7b545d8804f641939bc7d8d P 92a92cc5760d4f9e993b905318665696 [LEADER]: Queue going to LEADER mode. State: All replicated index: 0, Majority replicated index: 0, Committed index: 0, Last appended: 0.0, Last appended by leader: 0, Current term: 1, Majority size: 1, State: 0, Mode: LEADER, active raft config: opid_index: -1 OBSOLETE_local: true peers { permanent_uuid: "92a92cc5760d4f9e993b905318665696" member_type: VOTER last_known_addr { host: "127.7.153.1" port: 39250 } }
I1002 04:41:25.689898 5905 tablet_service.cc:765] Processing CreateTablet for tablet e99ab0e319124dd2817fb8f485b62343 (table=test-alter-range-partitioning-invalid-unbounded [id=28630d9ce835454abf530e382fb41675]), partition=RANGE (c0) PARTITION 0 <= VALUES < 100
I1002 04:41:25.693457 5817 catalog_manager.cc:2877] Scheduling retry of c590266196284e13bd9569bb434bd2bf (table test-alter-range-partitioning-invalid-unbounded [id=28630d9ce835454abf530e382fb41675]) Alter Table RPC with a delay of 56 ms (attempt = 0)
W1002 04:41:25.693701 5817 catalog_manager.cc:2896] Async tablet task c590266196284e13bd9569bb434bd2bf (table test-alter-range-partitioning-invalid-unbounded [id=28630d9ce835454abf530e382fb41675]) Alter Table RPC failed: Not found: Failed to reset TS proxy: No leader found: Tablet c590266196284e13bd9569bb434bd2bf consensus state has no leader
I1002 04:41:25.694579 5816 catalog_manager.cc:2877] Scheduling retry of 4a6f2c5116d04bf786fe29f7cfe1953c (table test-alter-range-partitioning-invalid-unbounded [id=28630d9ce835454abf530e382fb41675]) Alter Table RPC with a delay of 40 ms (attempt = 0)
W1002 04:41:25.694891 5816 catalog_manager.cc:2896] Async tablet task 4a6f2c5116d04bf786fe29f7cfe1953c (table test-alter-range-partitioning-invalid-unbounded [id=28630d9ce835454abf530e382fb41675]) Alter Table RPC failed: Not found: Failed to reset TS proxy: No leader found: Tablet 4a6f2c5116d04bf786fe29f7cfe1953c consensus state has no leader
I1002 04:41:25.695253 5816 catalog_manager.cc:2877] Scheduling retry of c464d87b2b3d43d289fbbd56acb0dd90 (table test-alter-range-partitioning-invalid-unbounded [id=28630d9ce835454abf530e382fb41675]) Alter Table RPC with a delay of 21 ms (attempt = 0)
W1002 04:41:25.695550 5816 catalog_manager.cc:2896] Async tablet task c464d87b2b3d43d289fbbd56acb0dd90 (table test-alter-range-partitioning-invalid-unbounded [id=28630d9ce835454abf530e382fb41675]) Alter Table RPC failed: Not found: Failed to reset TS proxy: No leader found: Tablet c464d87b2b3d43d289fbbd56acb0dd90 consensus state has no leader
I1002 04:41:25.695572 5818 catalog_manager.cc:2877] Scheduling retry of 324f6f5296ec4196903a9244e539c9d8 (table test-alter-range-partitioning-invalid-unbounded [id=28630d9ce835454abf530e382fb41675]) Alter Table RPC with a delay of 15 ms (attempt = 0)
W1002 04:41:25.695897 5818 catalog_manager.cc:2896] Async tablet task 324f6f5296ec4196903a9244e539c9d8 (table test-alter-range-partitioning-invalid-unbounded [id=28630d9ce835454abf530e382fb41675]) Alter Table RPC failed: Not found: Failed to reset TS proxy: No leader found: Tablet 324f6f5296ec4196903a9244e539c9d8 consensus state has no leader
I1002 04:41:25.695935 5819 catalog_manager.cc:3099] Sending DeleteTablet(TABLET_DATA_DELETED) for tablet 5c7395dfe7b545d8804f641939bc7d8d on 92a92cc5760d4f9e993b905318665696 (127.7.153.1:39250) (Partition dropped at 2017-10-02 04:41:25 UTC)
I1002 04:41:25.696274 5817 catalog_manager.cc:2877] Scheduling retry of a4337842dcc44cf0ab25aa0b7f810246 (table test-alter-range-partitioning-invalid-unbounded [id=28630d9ce835454abf530e382fb41675]) Alter Table RPC with a delay of 36 ms (attempt = 0)
W1002 04:41:25.696599 5817 catalog_manager.cc:2896] Async tablet task a4337842dcc44cf0ab25aa0b7f810246 (table test-alter-range-partitioning-invalid-unbounded [id=28630d9ce835454abf530e382fb41675]) Alter Table RPC failed: Not found: Failed to reset TS proxy: No leader found: Tablet a4337842dcc44cf0ab25aa0b7f810246 consensus state has no leader
I1002 04:41:25.698189 5816 catalog_manager.cc:2877] Scheduling retry of 31cb9f984a544fe7a23255fb0491a3cc (table test-alter-range-partitioning-invalid-unbounded [id=28630d9ce835454abf530e382fb41675]) Alter Table RPC with a delay of 47 ms (attempt = 0)
I1002 04:41:25.698410 5904 tablet_service.cc:806] Processing DeleteTablet for tablet 5c7395dfe7b545d8804f641939bc7d8d with delete_type TABLET_DATA_DELETED (Partition dropped at 2017-10-02 04:41:25 UTC) from {username='slave'} at 127.0.0.1:45798
W1002 04:41:25.698523 5816 catalog_manager.cc:2896] Async tablet task 31cb9f984a544fe7a23255fb0491a3cc (table test-alter-range-partitioning-invalid-unbounded [id=28630d9ce835454abf530e382fb41675]) Alter Table RPC failed: Not found: Failed to reset TS proxy: No leader found: Tablet 31cb9f984a544fe7a23255fb0491a3cc consensus state has no leader
I1002 04:41:25.698532 5818 catalog_manager.cc:2877] Scheduling retry of 2e11ab53d1834da3867e17c59001dd34 (table test-alter-range-partitioning-invalid-unbounded [id=28630d9ce835454abf530e382fb41675]) Alter Table RPC with a delay of 43 ms (attempt = 0)
W1002 04:41:25.698840 5818 catalog_manager.cc:2896] Async tablet task 2e11ab53d1834da3867e17c59001dd34 (table test-alter-range-partitioning-invalid-unbounded [id=28630d9ce835454abf530e382fb41675]) Alter Table RPC failed: Not found: Failed to reset TS proxy: No leader found: Tablet 2e11ab53d1834da3867e17c59001dd34 consensus state has no leader
I1002 04:41:25.698873 5816 catalog_manager.cc:2877] Scheduling retry of 2efdf5f4e04644448a2558f9940b74c1 (table test-alter-range-partitioning-invalid-unbounded [id=28630d9ce835454abf530e382fb41675]) Alter Table RPC with a delay of 32 ms (attempt = 0)
W1002 04:41:25.699136 5816 catalog_manager.cc:2896] Async tablet task 2efdf5f4e04644448a2558f9940b74c1 (table test-alter-range-partitioning-invalid-unbounded [id=28630d9ce835454abf530e382fb41675]) Alter Table RPC failed: Not found: Failed to reset TS proxy: No leader found: Tablet 2efdf5f4e04644448a2558f9940b74c1 consensus state has no leader
I1002 04:41:25.699949 5905 ts_tablet_manager.cc:1028] T e99ab0e319124dd2817fb8f485b62343 P 92a92cc5760d4f9e993b905318665696: Registered tablet (data state: TABLET_DATA_READY)
I1002 04:41:25.700067 5832 catalog_manager.cc:1875] Servicing AlterTable request from {username='slave'} at 127.0.0.1:56410: table { table_name: "test-alter-range-partitioning-invalid-unbounded" } alter_schema_steps { type: DROP_RANGE_PARTITION drop_range_partition { range_bounds { rows: "\006\001\000\000\000\000\007\001d\000\000\000" } } } schema { columns { name: "c0" type: INT32 is_key: true is_nullable: false encoding: AUTO_ENCODING compression: DEFAULT_COMPRESSION cfile_block_size: 0 } columns { name: "c1" type: INT32 is_key: false is_nullable: false encoding: AUTO_ENCODING compression: DEFAULT_COMPRESSION cfile_block_size: 0 } }
I1002 04:41:25.701948 5951 ts_tablet_manager.cc:931] T 5c7395dfe7b545d8804f641939bc7d8d P 92a92cc5760d4f9e993b905318665696: Time spent starting tablet: real 0.029s user 0.008s sys 0.000s
I1002 04:41:25.702251 5951 ts_tablet_manager.cc:878] T e99ab0e319124dd2817fb8f485b62343 P 92a92cc5760d4f9e993b905318665696: Bootstrapping tablet
I1002 04:41:25.702574 5951 tablet_bootstrap.cc:432] T e99ab0e319124dd2817fb8f485b62343 P 92a92cc5760d4f9e993b905318665696: Bootstrap starting.
I1002 04:41:25.705026 5951 tablet_bootstrap.cc:567] T e99ab0e319124dd2817fb8f485b62343 P 92a92cc5760d4f9e993b905318665696: No blocks or log segments found. Creating new log.
I1002 04:41:25.706162 5817 catalog_manager.cc:2877] Scheduling retry of 5c7395dfe7b545d8804f641939bc7d8d (table test-alter-range-partitioning-invalid-unbounded [id=28630d9ce835454abf530e382fb41675]) Alter Table RPC with a delay of 21 ms (attempt = 0)
W1002 04:41:25.706468 5817 catalog_manager.cc:2896] Async tablet task 5c7395dfe7b545d8804f641939bc7d8d (table test-alter-range-partitioning-invalid-unbounded [id=28630d9ce835454abf530e382fb41675]) Alter Table RPC failed: Not found: Failed to reset TS proxy: No leader found: Tablet 5c7395dfe7b545d8804f641939bc7d8d consensus state has no leader
I1002 04:41:25.706770 5817 catalog_manager.cc:2877] Scheduling retry of f05a246de6154981a64cf15b78055baf (table test-alter-range-partitioning-invalid-unbounded [id=28630d9ce835454abf530e382fb41675]) Alter Table RPC with a delay of 32 ms (attempt = 0)
W1002 04:41:25.707059 5817 catalog_manager.cc:2896] Async tablet task f05a246de6154981a64cf15b78055baf (table test-alter-range-partitioning-invalid-unbounded [id=28630d9ce835454abf530e382fb41675]) Alter Table RPC failed: Not found: Failed to reset TS proxy: No leader found: Tablet f05a246de6154981a64cf15b78055baf consensus state has no leader
I1002 04:41:25.707074 5832 catalog_manager.cc:3442] T 00000000000000000000000000000000 P 4f89f43c5b1b4a7ab82ebafc420bd1f8: Sending DeleteTablet for 1 replicas of tablet e99ab0e319124dd2817fb8f485b62343
I1002 04:41:25.707427 5832 catalog_manager.cc:3099] Sending DeleteTablet(TABLET_DATA_DELETED) for tablet e99ab0e319124dd2817fb8f485b62343 on 92a92cc5760d4f9e993b905318665696 (127.7.153.1:39250) (Partition dropped at 2017-10-02 04:41:25 UTC)
W1002 04:41:25.708117 5819 catalog_manager.cc:3069] TS 92a92cc5760d4f9e993b905318665696 (127.7.153.1:39250): delete failed for tablet 5c7395dfe7b545d8804f641939bc7d8d with error code TABLET_NOT_RUNNING: Illegal state: State transition of tablet 5c7395dfe7b545d8804f641939bc7d8d already in progress: creating tablet
I1002 04:41:25.708323 5819 catalog_manager.cc:2877] Scheduling retry of 5c7395dfe7b545d8804f641939bc7d8d Delete Tablet RPC for TS=92a92cc5760d4f9e993b905318665696 with a delay of 44 ms (attempt = 2)
I1002 04:41:25.708562 5817 catalog_manager.cc:2877] Scheduling retry of 16347b539ec7456684793f254094ed89 (table test-alter-range-partitioning-invalid-unbounded [id=28630d9ce835454abf530e382fb41675]) Alter Table RPC with a delay of 9 ms (attempt = 0)
I1002 04:41:25.708715 5819 catalog_manager.cc:2877] Scheduling retry of 9b2c62df81784394994baa99bc83b430 (table test-alter-range-partitioning-invalid-unbounded [id=28630d9ce835454abf530e382fb41675]) Alter Table RPC with a delay of 54 ms (attempt = 0)
W1002 04:41:25.708874 5817 catalog_manager.cc:2896] Async tablet task 16347b539ec7456684793f254094ed89 (table test-alter-range-partitioning-invalid-unbounded [id=28630d9ce835454abf530e382fb41675]) Alter Table RPC failed: Not found: Failed to reset TS proxy: No leader found: Tablet 16347b539ec7456684793f254094ed89 consensus state has no leader
W1002 04:41:25.708925 5819 catalog_manager.cc:2896] Async tablet task 9b2c62df81784394994baa99bc83b430 (table test-alter-range-partitioning-invalid-unbounded [id=28630d9ce835454abf530e382fb41675]) Alter Table RPC failed: Not found: Failed to reset TS proxy: No leader found: Tablet 9b2c62df81784394994baa99bc83b430 consensus state has no leader
I1002 04:41:25.709200 5819 catalog_manager.cc:2877] Scheduling retry of dad39dc14e5342f9b97f18a0a301fee1 (table test-alter-range-partitioning-invalid-unbounded [id=28630d9ce835454abf530e382fb41675]) Alter Table RPC with a delay of 19 ms (attempt = 0)
I1002 04:41:25.709220 5951 tablet_bootstrap.cc:432] T e99ab0e319124dd2817fb8f485b62343 P 92a92cc5760d4f9e993b905318665696: No bootstrap required, opened a new log
W1002 04:41:25.709360 5819 catalog_manager.cc:2896] Async tablet task dad39dc14e5342f9b97f18a0a301fee1 (table test-alter-range-partitioning-invalid-unbounded [id=28630d9ce835454abf530e382fb41675]) Alter Table RPC failed: Not found: Failed to reset TS proxy: No leader found: Tablet dad39dc14e5342f9b97f18a0a301fee1 consensus state has no leader
I1002 04:41:25.709549 5951 ts_tablet_manager.cc:903] T e99ab0e319124dd2817fb8f485b62343 P 92a92cc5760d4f9e993b905318665696: Time spent bootstrapping tablet: real 0.007s user 0.008s sys 0.000s
I1002 04:41:25.710521 5832 catalog_manager.cc:2369] Got report from deleted tablet 5c7395dfe7b545d8804f641939bc7d8d (table test-alter-range-partitioning-invalid-unbounded [id=28630d9ce835454abf530e382fb41675]) (Partition dropped at 2017-10-02 04:41:25 UTC): Sending delete request for this tablet
