I1002 04:41:14.683851 1945 maintenance_manager.cc:228] P b809e427fae44e95bf058daf882ba494: Unregistered op LogGCOp(00000000000000000000000000000000)
I1002 04:41:14.699107 1945 master.cc:233] Master@127.7.153.254:43212 shutdown complete. [ OK ] AlterTableTest.TestMajorCompactDeltasAfterAddUpdateRemoveColumn (492 ms) [ RUN ] AlterTableTest.TestReadHistoryAfterAlter
I1002 04:41:14.719347 1945 server_base.cc:228] Could not load existing FS layout: Not found: /tmp/run_tha_test1fMIRV/test-tmp/alter_table-test.AlterTableTest.TestReadHistoryAfterAlter.1506919259568928-1945/minicluster-data/master-0-root/instance: No such file or directory (error 2)
I1002 04:41:14.719476 1945 server_base.cc:229] Creating new FS layout
I1002 04:41:14.724961 1945 fs_manager.cc:477] Generated new instance metadata in path /tmp/run_tha_test1fMIRV/test-tmp/alter_table-test.AlterTableTest.TestReadHistoryAfterAlter.1506919259568928-1945/minicluster-data/master-0-root/instance: uuid: "3115c49cb62f4afcbff1adfbcbab78ac" format_stamp: "Formatted at 2017-10-02 04:41:14 on dist-test-slave-dist-test-slave-jfdk"
I1002 04:41:14.732213 1945 fs_manager.cc:434] Time spent creating directory manager: real 0.007s user 0.004s sys 0.004s
I1002 04:41:14.733165 1945 file_cache.cc:470] Constructed file cache lbm with capacity 26214
I1002 04:41:14.738917 1945 fs_manager.cc:336] Time spent opening block manager: real 0.001s user 0.004s sys 0.000s
I1002 04:41:14.739060 1945 fs_manager.cc:349] Opened local filesystem: /tmp/run_tha_test1fMIRV/test-tmp/alter_table-test.AlterTableTest.TestReadHistoryAfterAlter.1506919259568928-1945/minicluster-data/master-0-root uuid: "3115c49cb62f4afcbff1adfbcbab78ac" format_stamp: "Formatted at 2017-10-02 04:41:14 on dist-test-slave-dist-test-slave-jfdk"
I1002 04:41:14.739243 1945 fs_report.cc:347] Block manager report -------------------- 1 data directories: /tmp/run_tha_test1fMIRV/test-tmp/alter_table-test.AlterTableTest.TestReadHistoryAfterAlter.1506919259568928-1945/minicluster-data/master-0-root/data Total live blocks: 0 Total live bytes: 0 Total live bytes (after alignment): 0 Total number of LBM containers: 0 (0 full) Did not check for missing blocks Did not check for orphaned blocks Total full LBM containers with extra space: 0 (0 repaired) Total full LBM container extra space in bytes: 0 (0 repaired) Total incomplete LBM containers: 0 (0 repaired) Total LBM partial records: 0 (0 repaired)
I1002 04:41:14.786108 1945 rpc_server.cc:192] RPC server started. Bound to: 127.7.153.254:39492
I1002 04:41:14.786850 1945 webserver.cc:149] Starting webserver on 127.7.153.254:0
I1002 04:41:14.786943 1945 webserver.cc:160] Document root disabled
I1002 04:41:14.787756 1945 webserver.cc:282] Webserver started. Bound to: http://127.7.153.254:40381/
I1002 04:41:14.795243 4870 tablet_bootstrap.cc:432] T 00000000000000000000000000000000 P 3115c49cb62f4afcbff1adfbcbab78ac: Bootstrap starting.
I1002 04:41:14.797051 4870 tablet_bootstrap.cc:567] T 00000000000000000000000000000000 P 3115c49cb62f4afcbff1adfbcbab78ac: No blocks or log segments found. Creating new log.
I1002 04:41:14.799307 4870 tablet_bootstrap.cc:432] T 00000000000000000000000000000000 P 3115c49cb62f4afcbff1adfbcbab78ac: No bootstrap required, opened a new log
I1002 04:41:14.800412 4870 raft_consensus.cc:286] T 00000000000000000000000000000000 P 3115c49cb62f4afcbff1adfbcbab78ac [term 0 FOLLOWER]: Replica starting. Triggering 0 pending transactions. Active config: opid_index: -1 OBSOLETE_local: true peers { permanent_uuid: "3115c49cb62f4afcbff1adfbcbab78ac" member_type: VOTER }
I1002 04:41:14.800727 4870 raft_consensus.cc:312] T 00000000000000000000000000000000 P 3115c49cb62f4afcbff1adfbcbab78ac [term 0 FOLLOWER]: Consensus starting up: Expiring failure detector timer to make a prompt election more likely
I1002 04:41:14.800943 4870 raft_consensus.cc:578] T 00000000000000000000000000000000 P 3115c49cb62f4afcbff1adfbcbab78ac [term 0 FOLLOWER]: Becoming Follower/Learner. State: Replica: 3115c49cb62f4afcbff1adfbcbab78ac, State: Initialized, Role: FOLLOWER
I1002 04:41:14.801151 4870 consensus_queue.cc:190] T 00000000000000000000000000000000 P 3115c49cb62f4afcbff1adfbcbab78ac [NON_LEADER]: Queue going to NON_LEADER mode. State: All replicated index: 0, Majority replicated index: 0, Committed index: 0, Last appended: 0.0, Last appended by leader: 0, Current term: 0, Majority size: -1, State: 0, Mode: NON_LEADER
I1002 04:41:14.801359 4870 raft_consensus.cc:327] T 00000000000000000000000000000000 P 3115c49cb62f4afcbff1adfbcbab78ac [term 0 FOLLOWER]: Only one voter in the Raft config. Triggering election immediately
I1002 04:41:14.801496 4870 raft_consensus.cc:411] T 00000000000000000000000000000000 P 3115c49cb62f4afcbff1adfbcbab78ac [term 0 FOLLOWER]: Starting leader election (initial election of a single-replica configuration)
I1002 04:41:14.801651 4870 raft_consensus.cc:2457] T 00000000000000000000000000000000 P 3115c49cb62f4afcbff1adfbcbab78ac: Snoozing failure detection for 1.859s (starting election)
I1002 04:41:14.801807 4870 raft_consensus.cc:2509] T 00000000000000000000000000000000 P 3115c49cb62f4afcbff1adfbcbab78ac [term 0 FOLLOWER]: Advancing to term 1
I1002 04:41:14.804435 4870 raft_consensus.cc:433] T 00000000000000000000000000000000 P 3115c49cb62f4afcbff1adfbcbab78ac [term 1 FOLLOWER]: Starting leader election with config: opid_index: -1 OBSOLETE_local: true peers { permanent_uuid: "3115c49cb62f4afcbff1adfbcbab78ac" member_type: VOTER }
I1002 04:41:14.804780 4870 leader_election.cc:248] T 00000000000000000000000000000000 P 3115c49cb62f4afcbff1adfbcbab78ac [CANDIDATE]: Term 1 election: Election decided. Result: candidate won.
I1002 04:41:14.805727 4872 raft_consensus.cc:2457] T 00000000000000000000000000000000 P 3115c49cb62f4afcbff1adfbcbab78ac: Snoozing failure detection for 1.803s (election complete)
I1002 04:41:14.805949 4872 raft_consensus.cc:2281] T 00000000000000000000000000000000 P 3115c49cb62f4afcbff1adfbcbab78ac [term 1 FOLLOWER]: Leader election won for term 1
I1002 04:41:14.807236 4872 raft_consensus.cc:545] T 00000000000000000000000000000000 P 3115c49cb62f4afcbff1adfbcbab78ac [term 1 LEADER]: Becoming Leader. State: Replica: 3115c49cb62f4afcbff1adfbcbab78ac, State: Running, Role: LEADER
I1002 04:41:14.807488 4872 consensus_queue.cc:169] T 00000000000000000000000000000000 P 3115c49cb62f4afcbff1adfbcbab78ac [LEADER]: Queue going to LEADER mode. State: All replicated index: 0, Majority replicated index: 0, Committed index: 0, Last appended: 0.0, Last appended by leader: 0, Current term: 1, Majority size: 1, State: 0, Mode: LEADER, active raft config: opid_index: -1 OBSOLETE_local: true peers { permanent_uuid: "3115c49cb62f4afcbff1adfbcbab78ac" member_type: VOTER }
I1002 04:41:14.808851 4870 sys_catalog.cc:320] T 00000000000000000000000000000000 P 3115c49cb62f4afcbff1adfbcbab78ac [sys.catalog]: SysCatalogTable state changed. Reason: Started TabletReplica. Latest consensus state: current_term: 1 leader_uuid: "3115c49cb62f4afcbff1adfbcbab78ac" committed_config { opid_index: -1 OBSOLETE_local: true peers { permanent_uuid: "3115c49cb62f4afcbff1adfbcbab78ac" member_type: VOTER } }
I1002 04:41:14.809022 4874 sys_catalog.cc:320] T 00000000000000000000000000000000 P 3115c49cb62f4afcbff1adfbcbab78ac [sys.catalog]: SysCatalogTable state changed. Reason: New leader 3115c49cb62f4afcbff1adfbcbab78ac. Latest consensus state: current_term: 1 leader_uuid: "3115c49cb62f4afcbff1adfbcbab78ac" committed_config { opid_index: -1 OBSOLETE_local: true peers { permanent_uuid: "3115c49cb62f4afcbff1adfbcbab78ac" member_type: VOTER } }
I1002 04:41:14.809314 4870 sys_catalog.cc:323] T 00000000000000000000000000000000 P 3115c49cb62f4afcbff1adfbcbab78ac [sys.catalog]: This master's current role is: LEADER
I1002 04:41:14.809471 4874 sys_catalog.cc:323] T 00000000000000000000000000000000 P 3115c49cb62f4afcbff1adfbcbab78ac [sys.catalog]: This master's current role is: LEADER
I1002 04:41:14.808965 4873 sys_catalog.cc:320] T 00000000000000000000000000000000 P 3115c49cb62f4afcbff1adfbcbab78ac [sys.catalog]: SysCatalogTable state changed. Reason: RaftConsensus started. Latest consensus state: current_term: 1 leader_uuid: "3115c49cb62f4afcbff1adfbcbab78ac" committed_config { opid_index: -1 OBSOLETE_local: true peers { permanent_uuid: "3115c49cb62f4afcbff1adfbcbab78ac" member_type: VOTER } }
I1002 04:41:14.809793 4873 sys_catalog.cc:323] T 00000000000000000000000000000000 P 3115c49cb62f4afcbff1adfbcbab78ac [sys.catalog]: This master's current role is: LEADER
I1002 04:41:14.811107 4870 sys_catalog.cc:407] T 00000000000000000000000000000000 P 3115c49cb62f4afcbff1adfbcbab78ac [sys.catalog]: configured and running, proceeding with master startup.
I1002 04:41:14.811327 4876 catalog_manager.cc:948] Loading table and tablet metadata into memory...
I1002 04:41:14.813933 4876 catalog_manager.cc:959] Initializing Kudu internal certificate authority...
I1002 04:41:14.866339 4876 catalog_manager.cc:846] Generated new certificate authority record
I1002 04:41:14.867828 4876 catalog_manager.cc:968] Loading token signing keys...
I1002 04:41:14.880470 4876 catalog_manager.cc:3538] T 00000000000000000000000000000000 P 3115c49cb62f4afcbff1adfbcbab78ac: Generated new TSK 0
I1002 04:41:14.947870 1945 server_base.cc:228] Could not load existing FS layout: Not found: /tmp/run_tha_test1fMIRV/test-tmp/alter_table-test.AlterTableTest.TestReadHistoryAfterAlter.1506919259568928-1945/minicluster-data/ts-0-root/instance: No such file or directory (error 2)
I1002 04:41:14.948026 1945 server_base.cc:229] Creating new FS layout
I1002 04:41:14.953707 1945 fs_manager.cc:477] Generated new instance metadata in path /tmp/run_tha_test1fMIRV/test-tmp/alter_table-test.AlterTableTest.TestReadHistoryAfterAlter.1506919259568928-1945/minicluster-data/ts-0-root/instance: uuid: "0d3d9caa6f01477b93b2435c844215b4" format_stamp: "Formatted at 2017-10-02 04:41:14 on dist-test-slave-dist-test-slave-jfdk"
I1002 04:41:14.961343 1945 fs_manager.cc:434] Time spent creating directory manager: real 0.007s user 0.008s sys 0.000s
I1002 04:41:14.962342 1945 file_cache.cc:470] Constructed file cache lbm with capacity 26214
I1002 04:41:14.968541 1945 fs_manager.cc:336] Time spent opening block manager: real 0.001s user 0.000s sys 0.008s
I1002 04:41:14.968695 1945 fs_manager.cc:349] Opened local filesystem: /tmp/run_tha_test1fMIRV/test-tmp/alter_table-test.AlterTableTest.TestReadHistoryAfterAlter.1506919259568928-1945/minicluster-data/ts-0-root uuid: "0d3d9caa6f01477b93b2435c844215b4" format_stamp: "Formatted at 2017-10-02 04:41:14 on dist-test-slave-dist-test-slave-jfdk"
I1002 04:41:14.968883 1945 fs_report.cc:347] Block manager report -------------------- 1 data directories: /tmp/run_tha_test1fMIRV/test-tmp/alter_table-test.AlterTableTest.TestReadHistoryAfterAlter.1506919259568928-1945/minicluster-data/ts-0-root/data Total live blocks: 0 Total live bytes: 0 Total live bytes (after alignment): 0 Total number of LBM containers: 0 (0 full) Did not check for missing blocks Did not check for orphaned blocks Total full LBM containers with extra space: 0 (0 repaired) Total full LBM container extra space in bytes: 0 (0 repaired) Total incomplete LBM containers: 0 (0 repaired) Total LBM partial records: 0 (0 repaired)
I1002 04:41:15.006364 1945 ts_tablet_manager.cc:296] Loaded tablet metadata (0 live tablets)
I1002 04:41:15.037108 1945 rpc_server.cc:192] RPC server started. Bound to: 127.7.153.1:59126
I1002 04:41:15.037911 1945 webserver.cc:149] Starting webserver on 127.7.153.1:0
I1002 04:41:15.038015 1945 webserver.cc:160] Document root disabled
I1002 04:41:15.038851 1945 webserver.cc:282] Webserver started. Bound to: http://127.7.153.1:54726/
I1002 04:41:15.049981 4943 heartbeater.cc:324] Connected to a master server at 127.7.153.254:39492
I1002 04:41:15.050184 4943 heartbeater.cc:401] Registering TS with master...
I1002 04:41:15.050513 4943 heartbeater.cc:428] Master 127.7.153.254:39492 requested a full tablet report, sending...
I1002 04:41:15.051671 4837 ts_manager.cc:81] Registered new tserver with Master: 0d3d9caa6f01477b93b2435c844215b4 (127.7.153.1:59126)
I1002 04:41:15.052613 1945 internal_mini_cluster.cc:304] 1 TS(s) registered with all masters after 0.012001767s
I1002 04:41:15.053094 4837 master_service.cc:203] Signed X509 certificate for tserver {username='slave'} at 127.0.0.1:56320
I1002 04:41:15.065603 4943 heartbeater.cc:420] Master 127.7.153.254:39492 was elected leader, sending a full tablet report...
I1002 04:41:15.068951 4836 catalog_manager.cc:1211] Servicing CreateTable request from {username='slave'} at 127.0.0.1:56321: name: "fake-table" schema { columns { name: "c0" type: INT32 is_key: true is_nullable: false encoding: AUTO_ENCODING compression: DEFAULT_COMPRESSION cfile_block_size: 0 } columns { name: "c1" type: INT32 is_key: false is_nullable: false encoding: AUTO_ENCODING compression: DEFAULT_COMPRESSION cfile_block_size: 0 } } num_replicas: 1 split_rows_range_bounds { } partition_schema { range_schema { columns { name: "c0" } } }
I1002 04:41:15.087868 4910 tablet_service.cc:765] Processing CreateTablet for tablet ceb58178458c414ebceae14a4aa0b29b (table=fake-table [id=e164e59cdb6240c1bd7c25fd31ef5f84]), partition=RANGE (c0) PARTITION UNBOUNDED
I1002 04:41:15.094543 4910 ts_tablet_manager.cc:1028] T ceb58178458c414ebceae14a4aa0b29b P 0d3d9caa6f01477b93b2435c844215b4: Registered tablet (data state: TABLET_DATA_READY)
I1002 04:41:15.095482 4955 ts_tablet_manager.cc:878] T ceb58178458c414ebceae14a4aa0b29b P 0d3d9caa6f01477b93b2435c844215b4: Bootstrapping tablet
I1002 04:41:15.095937 4955 tablet_bootstrap.cc:432] T ceb58178458c414ebceae14a4aa0b29b P 0d3d9caa6f01477b93b2435c844215b4: Bootstrap starting.
I1002 04:41:15.097803 4955 tablet_bootstrap.cc:567] T ceb58178458c414ebceae14a4aa0b29b P 0d3d9caa6f01477b93b2435c844215b4: No blocks or log segments found. Creating new log.
I1002 04:41:15.100239 4955 tablet_bootstrap.cc:432] T ceb58178458c414ebceae14a4aa0b29b P 0d3d9caa6f01477b93b2435c844215b4: No bootstrap required, opened a new log
I1002 04:41:15.100453 4955 ts_tablet_manager.cc:903] T ceb58178458c414ebceae14a4aa0b29b P 0d3d9caa6f01477b93b2435c844215b4: Time spent bootstrapping tablet: real 0.005s user 0.004s sys 0.000s
I1002 04:41:15.101455 4955 raft_consensus.cc:286] T ceb58178458c414ebceae14a4aa0b29b P 0d3d9caa6f01477b93b2435c844215b4 [term 0 FOLLOWER]: Replica starting. Triggering 0 pending transactions. Active config: opid_index: -1 OBSOLETE_local: true peers { permanent_uuid: "0d3d9caa6f01477b93b2435c844215b4" member_type: VOTER last_known_addr { host: "127.7.153.1" port: 59126 } }
I1002 04:41:15.101819 4955 raft_consensus.cc:312] T ceb58178458c414ebceae14a4aa0b29b P 0d3d9caa6f01477b93b2435c844215b4 [term 0 FOLLOWER]: Consensus starting up: Expiring failure detector timer to make a prompt election more likely
I1002 04:41:15.102030 4955 raft_consensus.cc:578] T ceb58178458c414ebceae14a4aa0b29b P 0d3d9caa6f01477b93b2435c844215b4 [term 0 FOLLOWER]: Becoming Follower/Learner. State: Replica: 0d3d9caa6f01477b93b2435c844215b4, State: Initialized, Role: FOLLOWER
I1002 04:41:15.102241 4955 consensus_queue.cc:190] T ceb58178458c414ebceae14a4aa0b29b P 0d3d9caa6f01477b93b2435c844215b4 [NON_LEADER]: Queue going to NON_LEADER mode. State: All replicated index: 0, Majority replicated index: 0, Committed index: 0, Last appended: 0.0, Last appended by leader: 0, Current term: 0, Majority size: -1, State: 0, Mode: NON_LEADER
I1002 04:41:15.102497 4955 raft_consensus.cc:327] T ceb58178458c414ebceae14a4aa0b29b P 0d3d9caa6f01477b93b2435c844215b4 [term 0 FOLLOWER]: Only one voter in the Raft config. Triggering election immediately
I1002 04:41:15.102694 4955 raft_consensus.cc:411] T ceb58178458c414ebceae14a4aa0b29b P 0d3d9caa6f01477b93b2435c844215b4 [term 0 FOLLOWER]: Starting leader election (initial election of a single-replica configuration)
I1002 04:41:15.102897 4955 raft_consensus.cc:2457] T ceb58178458c414ebceae14a4aa0b29b P 0d3d9caa6f01477b93b2435c844215b4: Snoozing failure detection for 2.034s (starting election)
I1002 04:41:15.103054 4955 raft_consensus.cc:2509] T ceb58178458c414ebceae14a4aa0b29b P 0d3d9caa6f01477b93b2435c844215b4 [term 0 FOLLOWER]: Advancing to term 1
I1002 04:41:15.106504 4955 raft_consensus.cc:433] T ceb58178458c414ebceae14a4aa0b29b P 0d3d9caa6f01477b93b2435c844215b4 [term 1 FOLLOWER]: Starting leader election with config: opid_index: -1 OBSOLETE_local: true peers { permanent_uuid: "0d3d9caa6f01477b93b2435c844215b4" member_type: VOTER last_known_addr { host: "127.7.153.1" port: 59126 } }
I1002 04:41:15.106911 4955 leader_election.cc:248] T ceb58178458c414ebceae14a4aa0b29b P 0d3d9caa6f01477b93b2435c844215b4 [CANDIDATE]: Term 1 election: Election decided. Result: candidate won.
I1002 04:41:15.107908 4957 raft_consensus.cc:2457] T ceb58178458c414ebceae14a4aa0b29b P 0d3d9caa6f01477b93b2435c844215b4: Snoozing failure detection for 2.080s (election complete)
I1002 04:41:15.108119 4957 raft_consensus.cc:2281] T ceb58178458c414ebceae14a4aa0b29b P 0d3d9caa6f01477b93b2435c844215b4 [term 1 FOLLOWER]: Leader election won for term 1
I1002 04:41:15.109068 4955 ts_tablet_manager.cc:931] T ceb58178458c414ebceae14a4aa0b29b P 0d3d9caa6f01477b93b2435c844215b4: Time spent starting tablet: real 0.008s user 0.008s sys 0.000s
I1002 04:41:15.109670 4957 raft_consensus.cc:545] T ceb58178458c414ebceae14a4aa0b29b P 0d3d9caa6f01477b93b2435c844215b4 [term 1 LEADER]: Becoming Leader. State: Replica: 0d3d9caa6f01477b93b2435c844215b4, State: Running, Role: LEADER
I1002 04:41:15.109943 4957 consensus_queue.cc:169] T ceb58178458c414ebceae14a4aa0b29b P 0d3d9caa6f01477b93b2435c844215b4 [LEADER]: Queue going to LEADER mode. State: All replicated index: 0, Majority replicated index: 0, Committed index: 0, Last appended: 0.0, Last appended by leader: 0, Current term: 1, Majority size: 1, State: 0, Mode: LEADER, active raft config: opid_index: -1 OBSOLETE_local: true peers { permanent_uuid: "0d3d9caa6f01477b93b2435c844215b4" member_type: VOTER last_known_addr { host: "127.7.153.1" port: 59126 } }
I1002 04:41:15.113436 4836 catalog_manager.cc:2510] T ceb58178458c414ebceae14a4aa0b29b P 0d3d9caa6f01477b93b2435c844215b4 reported cstate change: term changed from 0 to 1, leader changed from to 0d3d9caa6f01477b93b2435c844215b4 (127.7.153.1). New cstate: current_term: 1 leader_uuid: "0d3d9caa6f01477b93b2435c844215b4" committed_config { opid_index: -1 OBSOLETE_local: true peers { permanent_uuid: "0d3d9caa6f01477b93b2435c844215b4" member_type: VOTER last_known_addr { host: "127.7.153.1" port: 59126 } } }
I1002 04:41:15.121783 1945 alter_table-test.cc:156] Tablet successfully located
I1002 04:41:15.160491 1945 tablet.cc:1065] T ceb58178458c414ebceae14a4aa0b29b P 0d3d9caa6f01477b93b2435c844215b4: Flush: entering stage 1 (old memrowset already frozen for inserts)
I1002 04:41:15.160655 1945 compaction.cc:903] Selected 1 rowsets to compact:
I1002 04:41:15.160759 1945 compaction.cc:906] memrowset(current size on disk: ~0 bytes)
I1002 04:41:15.160856 1945 tablet.cc:1067] T ceb58178458c414ebceae14a4aa0b29b P 0d3d9caa6f01477b93b2435c844215b4: Memstore in-memory size: 763 bytes
I1002 04:41:15.160987 1945 tablet.cc:1330] T ceb58178458c414ebceae14a4aa0b29b P 0d3d9caa6f01477b93b2435c844215b4: Flush: entering phase 1 (flushing snapshot). Phase 1 snapshot: MvccSnapshot[committed={T|T < 7 or (T in {7})}]
I1002 04:41:15.163513 1945 multi_column_writer.cc:103] Opened CFile writers for 2 column(s)
I1002 04:41:15.170444 1945 tablet.cc:1415] T ceb58178458c414ebceae14a4aa0b29b P 0d3d9caa6f01477b93b2435c844215b4: Flush: entering phase 2 (starting to duplicate updates in new rowsets)
I1002 04:41:15.170716 1945 tablet.cc:1470] T ceb58178458c414ebceae14a4aa0b29b P 0d3d9caa6f01477b93b2435c844215b4: Flush Phase 2: carrying over any updates which arrived during Phase 1
I1002 04:41:15.170828 1945 tablet.cc:1472] T ceb58178458c414ebceae14a4aa0b29b P 0d3d9caa6f01477b93b2435c844215b4: Phase 2 snapshot: MvccSnapshot[committed={T|T < 7 or (T in {7})}]
I1002 04:41:15.175774 1945 tablet.cc:1514] T ceb58178458c414ebceae14a4aa0b29b P 0d3d9caa6f01477b93b2435c844215b4: Flush successful on 1 rows (4470 bytes)
I1002 04:41:15.177500 4837 catalog_manager.cc:1875] Servicing AlterTable request from {username='slave'} at 127.0.0.1:56321: table { table_name: "fake-table" } alter_schema_steps { type: ADD_COLUMN add_column { schema { name: "c2" type: INT32 is_nullable: false read_default_value: "90\000\000" encoding: AUTO_ENCODING compression: DEFAULT_COMPRESSION cfile_block_size: 0 } } }
I1002 04:41:15.183956 4963 tablet.cc:1113] T ceb58178458c414ebceae14a4aa0b29b P 0d3d9caa6f01477b93b2435c844215b4: Alter schema from Schema [ 10:c0[int32 NOT NULL], 11:c1[int32 NOT NULL] ] version 0 to Schema [ 10:c0[int32 NOT NULL], 11:c1[int32 NOT NULL], 12:c2[int32 NOT NULL] ] version 1
I1002 04:41:15.184680 4963 tablet.cc:1056] T ceb58178458c414ebceae14a4aa0b29b P 0d3d9caa6f01477b93b2435c844215b4: MemRowSet was empty: no flush needed.
I1002 04:41:15.194499 4836 catalog_manager.cc:3662] T 00000000000000000000000000000000 P 3115c49cb62f4afcbff1adfbcbab78ac: fake-table [id=e164e59cdb6240c1bd7c25fd31ef5f84] alter complete (version 1)
I1002 04:41:15.205205 1945 tablet_server.cc:141] TabletServer shutting down...
I1002 04:41:15.217841 1945 ts_tablet_manager.cc:976] Shutting down tablet manager...
I1002 04:41:15.218080 1945 tablet_replica.cc:257] T ceb58178458c414ebceae14a4aa0b29b P 0d3d9caa6f01477b93b2435c844215b4: stopping tablet replica
I1002 04:41:15.218267 1945 maintenance_manager.cc:228] P 0d3d9caa6f01477b93b2435c844215b4: Unregistered op CompactRowSetsOp(ceb58178458c414ebceae14a4aa0b29b)
I1002 04:41:15.218401 1945 maintenance_manager.cc:228] P 0d3d9caa6f01477b93b2435c844215b4: Unregistered op MinorDeltaCompactionOp(ceb58178458c414ebceae14a4aa0b29b)
I1002 04:41:15.218529 1945 maintenance_manager.cc:228] P 0d3d9caa6f01477b93b2435c844215b4: Unregistered op MajorDeltaCompactionOp(ceb58178458c414ebceae14a4aa0b29b)
I1002 04:41:15.218657 1945 maintenance_manager.cc:228] P 0d3d9caa6f01477b93b2435c844215b4: Unregistered op UndoDeltaBlockGCOp(ceb58178458c414ebceae14a4aa0b29b)
I1002 04:41:15.218818 1945 maintenance_manager.cc:228] P 0d3d9caa6f01477b93b2435c844215b4: Unregistered op FlushMRSOp(ceb58178458c414ebceae14a4aa0b29b)
I1002 04:41:15.218964 1945 maintenance_manager.cc:228] P 0d3d9caa6f01477b93b2435c844215b4: Unregistered op FlushDeltaMemStoresOp(ceb58178458c414ebceae14a4aa0b29b)
I1002 04:41:15.219094 1945 maintenance_manager.cc:228] P 0d3d9caa6f01477b93b2435c844215b4: Unregistered op LogGCOp(ceb58178458c414ebceae14a4aa0b29b)
I1002 04:41:15.219240 1945 raft_consensus.cc:1809] T ceb58178458c414ebceae14a4aa0b29b P 0d3d9caa6f01477b93b2435c844215b4 [term 1 LEADER]: Raft consensus shutting down.
I1002 04:41:15.219502 1945 raft_consensus.cc:1836] T ceb58178458c414ebceae14a4aa0b29b P 0d3d9caa6f01477b93b2435c844215b4 [term 1 FOLLOWER]: Raft consensus is shut down!
I1002 04:41:15.235931 1945 tablet_server.cc:154] TabletServer shutdown complete.
I1002 04:41:15.236052 1945 tablet_server.cc:141] TabletServer shutting down...
I1002 04:41:15.236244 1945 tablet_server.cc:154] TabletServer shutdown complete.
I1002 04:41:15.242146 1945 master.cc:222] Master@127.7.153.254:39492 shutting down...
I1002 04:41:15.251057 1945 raft_consensus.cc:1809] T 00000000000000000000000000000000 P 3115c49cb62f4afcbff1adfbcbab78ac [term 1 LEADER]: Raft consensus shutting down.
I1002 04:41:15.251307 1945 raft_consensus.cc:1836] T 00000000000000000000000000000000 P 3115c49cb62f4afcbff1adfbcbab78ac [term 1 FOLLOWER]: Raft consensus is shut down!
I1002 04:41:15.251533 1945 tablet_replica.cc:257] T 00000000000000000000000000000000 P 3115c49cb62f4afcbff1adfbcbab78ac: stopping tablet replica
I1002 04:41:15.251773 1945 maintenance_manager.cc:228] P 3115c49cb62f4afcbff1adfbcbab78ac: Unregistered op CompactRowSetsOp(00000000000000000000000000000000)
I1002 04:41:15.251942 1945 maintenance_manager.cc:228] P 3115c49cb62f4afcbff1adfbcbab78ac: Unregistered op MinorDeltaCompactionOp(00000000000000000000000000000000)
I1002 04:41:15.252095 1945 maintenance_manager.cc:228] P 3115c49cb62f4afcbff1adfbcbab78ac: Unregistered op MajorDeltaCompactionOp(00000000000000000000000000000000)
I1002 04:41:15.252205 1945 maintenance_manager.cc:228] P 3115c49cb62f4afcbff1adfbcbab78ac: Unregistered op UndoDeltaBlockGCOp(00000000000000000000000000000000)
I1002 04:41:15.252321 1945 maintenance_manager.cc:228] P 3115c49cb62f4afcbff1adfbcbab78ac: Unregistered op FlushMRSOp(00000000000000000000000000000000)
I1002 04:41:15.252424 1945 maintenance_manager.cc:228] P 3115c49cb62f4afcbff1adfbcbab78ac: Unregistered op FlushDeltaMemStoresOp(00000000000000000000000000000000)
I1002 04:41:15.252518 1945 maintenance_manager.cc:228] P 3115c49cb62f4afcbff1adfbcbab78ac: Unregistered op LogGCOp(00000000000000000000000000000000)
I1002 04:41:15.267858 1945 master.cc:233] Master@127.7.153.254:39492 shutdown complete. [ OK ] AlterTableTest.TestReadHistoryAfterAlter (567 ms) [ RUN ] AlterTableTest.TestAlterUnderWriteLoad
I1002 04:41:15.286608 1945 server_base.cc:228] Could not load existing FS layout: Not found: /tmp/run_tha_test1fMIRV/test-tmp/alter_table-test.AlterTableTest.TestAlterUnderWriteLoad.1506919259568928-1945/minicluster-data/master-0-root/instance: No such file or directory (error 2)
I1002 04:41:15.286744 1945 server_base.cc:229] Creating new FS layout
I1002 04:41:15.292173 1945 fs_manager.cc:477] Generated new instance metadata in path /tmp/run_tha_test1fMIRV/test-tmp/alter_table-test.AlterTableTest.TestAlterUnderWriteLoad.1506919259568928-1945/minicluster-data/master-0-root/instance: uuid: "20755ad3b49c42aaa3ea43df438f30e7" format_stamp: "Formatted at 2017-10-02 04:41:15 on dist-test-slave-dist-test-slave-jfdk"
I1002 04:41:15.299408 1945 fs_manager.cc:434] Time spent creating directory manager: real 0.007s user 0.004s sys 0.004s
I1002 04:41:15.300408 1945 file_cache.cc:470] Constructed file cache lbm with capacity 26214
I1002 04:41:15.306272 1945 fs_manager.cc:336] Time spent opening block manager: real 0.001s user 0.000s sys 0.000s
I1002 04:41:15.306422 1945 fs_manager.cc:349] Opened local filesystem: /tmp/run_tha_test1fMIRV/test-tmp/alter_table-test.AlterTableTest.TestAlterUnderWriteLoad.1506919259568928-1945/minicluster-data/master-0-root uuid: "20755ad3b49c42aaa3ea43df438f30e7" format_stamp: "Formatted at 2017-10-02 04:41:15 on dist-test-slave-dist-test-slave-jfdk"
I1002 04:41:15.306617 1945 fs_report.cc:347] Block manager report -------------------- 1 data directories: /tmp/run_tha_test1fMIRV/test-tmp/alter_table-test.AlterTableTest.TestAlterUnderWriteLoad.1506919259568928-1945/minicluster-data/master-0-root/data Total live blocks: 0 Total live bytes: 0 Total live bytes (after alignment): 0 Total number of LBM containers: 0 (0 full) Did not check for missing blocks Did not check for orphaned blocks Total full LBM containers with extra space: 0 (0 repaired) Total full LBM container extra space in bytes: 0 (0 repaired) Total incomplete LBM containers: 0 (0 repaired) Total LBM partial records: 0 (0 repaired)
I1002 04:41:15.343888 1945 rpc_server.cc:192] RPC server started. Bound to: 127.7.153.254:49555
I1002 04:41:15.344646 1945 webserver.cc:149] Starting webserver on 127.7.153.254:0
I1002 04:41:15.344748 1945 webserver.cc:160] Document root disabled
I1002 04:41:15.345563 1945 webserver.cc:282] Webserver started. Bound to: http://127.7.153.254:35649/
I1002 04:41:15.353200 5017 tablet_bootstrap.cc:432] T 00000000000000000000000000000000 P 20755ad3b49c42aaa3ea43df438f30e7: Bootstrap starting.
I1002 04:41:15.354980 5017 tablet_bootstrap.cc:567] T 00000000000000000000000000000000 P 20755ad3b49c42aaa3ea43df438f30e7: No blocks or log segments found. Creating new log.
I1002 04:41:15.357206 5017 tablet_bootstrap.cc:432] T 00000000000000000000000000000000 P 20755ad3b49c42aaa3ea43df438f30e7: No bootstrap required, opened a new log
I1002 04:41:15.358300 5017 raft_consensus.cc:286] T 00000000000000000000000000000000 P 20755ad3b49c42aaa3ea43df438f30e7 [term 0 FOLLOWER]: Replica starting. Triggering 0 pending transactions. Active config: opid_index: -1 OBSOLETE_local: true peers { permanent_uuid: "20755ad3b49c42aaa3ea43df438f30e7" member_type: VOTER }
I1002 04:41:15.358609 5017 raft_consensus.cc:312] T 00000000000000000000000000000000 P 20755ad3b49c42aaa3ea43df438f30e7 [term 0 FOLLOWER]: Consensus starting up: Expiring failure detector timer to make a prompt election more likely
I1002 04:41:15.358836 5017 raft_consensus.cc:578] T 00000000000000000000000000000000 P 20755ad3b49c42aaa3ea43df438f30e7 [term 0 FOLLOWER]: Becoming Follower/Learner. State: Replica: 20755ad3b49c42aaa3ea43df438f30e7, State: Initialized, Role: FOLLOWER
I1002 04:41:15.359041 5017 consensus_queue.cc:190] T 00000000000000000000000000000000 P 20755ad3b49c42aaa3ea43df438f30e7 [NON_LEADER]: Queue going to NON_LEADER mode. State: All replicated index: 0, Majority replicated index: 0, Committed index: 0, Last appended: 0.0, Last appended by leader: 0, Current term: 0, Majority size: -1, State: 0, Mode: NON_LEADER
I1002 04:41:15.359258 5017 raft_consensus.cc:327] T 00000000000000000000000000000000 P 20755ad3b49c42aaa3ea43df438f30e7 [term 0 FOLLOWER]: Only one voter in the Raft config. Triggering election immediately
I1002 04:41:15.359395 5017 raft_consensus.cc:411] T 00000000000000000000000000000000 P 20755ad3b49c42aaa3ea43df438f30e7 [term 0 FOLLOWER]: Starting leader election (initial election of a single-replica configuration)
I1002 04:41:15.359542 5017 raft_consensus.cc:2457] T 00000000000000000000000000000000 P 20755ad3b49c42aaa3ea43df438f30e7: Snoozing failure detection for 1.592s (starting election)
I1002 04:41:15.359726 5017 raft_consensus.cc:2509] T 00000000000000000000000000000000 P 20755ad3b49c42aaa3ea43df438f30e7 [term 0 FOLLOWER]: Advancing to term 1
I1002 04:41:15.362423 5017 raft_consensus.cc:433] T 00000000000000000000000000000000 P 20755ad3b49c42aaa3ea43df438f30e7 [term 1 FOLLOWER]: Starting leader election with config: opid_index: -1 OBSOLETE_local: true peers { permanent_uuid: "20755ad3b49c42aaa3ea43df438f30e7" member_type: VOTER }
I1002 04:41:15.362766 5017 leader_election.cc:248] T 00000000000000000000000000000000 P 20755ad3b49c42aaa3ea43df438f30e7 [CANDIDATE]: Term 1 election: Election decided. Result: candidate won.
I1002 04:41:15.363766 5019 raft_consensus.cc:2457] T 00000000000000000000000000000000 P 20755ad3b49c42aaa3ea43df438f30e7: Snoozing failure detection for 1.683s (election complete)
I1002 04:41:15.363981 5019 raft_consensus.cc:2281] T 00000000000000000000000000000000 P 20755ad3b49c42aaa3ea43df438f30e7 [term 1 FOLLOWER]: Leader election won for term 1
I1002 04:41:15.365193 5019 raft_consensus.cc:545] T 00000000000000000000000000000000 P 20755ad3b49c42aaa3ea43df438f30e7 [term 1 LEADER]: Becoming Leader. State: Replica: 20755ad3b49c42aaa3ea43df438f30e7, State: Running, Role: LEADER
I1002 04:41:15.365444 5019 consensus_queue.cc:169] T 00000000000000000000000000000000 P 20755ad3b49c42aaa3ea43df438f30e7 [LEADER]: Queue going to LEADER mode. State: All replicated index: 0, Majority replicated index: 0, Committed index: 0, Last appended: 0.0, Last appended by leader: 0, Current term: 1, Majority size: 1, State: 0, Mode: LEADER, active raft config: opid_index: -1 OBSOLETE_local: true peers { permanent_uuid: "20755ad3b49c42aaa3ea43df438f30e7" member_type: VOTER }
I1002 04:41:15.366768 5017 sys_catalog.cc:320] T 00000000000000000000000000000000 P 20755ad3b49c42aaa3ea43df438f30e7 [sys.catalog]: SysCatalogTable state changed. Reason: Started TabletReplica. Latest consensus state: current_term: 1 leader_uuid: "20755ad3b49c42aaa3ea43df438f30e7" committed_config { opid_index: -1 OBSOLETE_local: true peers { permanent_uuid: "20755ad3b49c42aaa3ea43df438f30e7" member_type: VOTER } }
I1002 04:41:15.367135 5017 sys_catalog.cc:323] T 00000000000000000000000000000000 P 20755ad3b49c42aaa3ea43df438f30e7 [sys.catalog]: This master's current role is: LEADER
I1002 04:41:15.366928 5021 sys_catalog.cc:320] T 00000000000000000000000000000000 P 20755ad3b49c42aaa3ea43df438f30e7 [sys.catalog]: SysCatalogTable state changed. Reason: New leader 20755ad3b49c42aaa3ea43df438f30e7. Latest consensus state: current_term: 1 leader_uuid: "20755ad3b49c42aaa3ea43df438f30e7" committed_config { opid_index: -1 OBSOLETE_local: true peers { permanent_uuid: "20755ad3b49c42aaa3ea43df438f30e7" member_type: VOTER } }
I1002 04:41:15.367367 5021 sys_catalog.cc:323] T 00000000000000000000000000000000 P 20755ad3b49c42aaa3ea43df438f30e7 [sys.catalog]: This master's current role is: LEADER
I1002 04:41:15.367707 5020 sys_catalog.cc:320] T 00000000000000000000000000000000 P 20755ad3b49c42aaa3ea43df438f30e7 [sys.catalog]: SysCatalogTable state changed. Reason: RaftConsensus started. Latest consensus state: current_term: 1 leader_uuid: "20755ad3b49c42aaa3ea43df438f30e7" committed_config { opid_index: -1 OBSOLETE_local: true peers { permanent_uuid: "20755ad3b49c42aaa3ea43df438f30e7" member_type: VOTER } }
I1002 04:41:15.368163 5020 sys_catalog.cc:323] T 00000000000000000000000000000000 P 20755ad3b49c42aaa3ea43df438f30e7 [sys.catalog]: This master's current role is: LEADER
I1002 04:41:15.368768 5017 sys_catalog.cc:407] T 00000000000000000000000000000000 P 20755ad3b49c42aaa3ea43df438f30e7 [sys.catalog]: configured and running, proceeding with master startup.
I1002 04:41:15.368930 5023 catalog_manager.cc:948] Loading table and tablet metadata into memory...
I1002 04:41:15.369638 5024 catalog_manager.cc:493] Waiting for catalog manager background task thread to start: Service unavailable: Catalog manager is not initialized. State: 1
I1002 04:41:15.371600 5023 catalog_manager.cc:959] Initializing Kudu internal certificate authority...
I1002 04:41:15.386819 5023 catalog_manager.cc:846] Generated new certificate authority record
I1002 04:41:15.388320 5023 catalog_manager.cc:968] Loading token signing keys...
I1002 04:41:15.401691 5023 catalog_manager.cc:3538] T 00000000000000000000000000000000 P 20755ad3b49c42aaa3ea43df438f30e7: Generated new TSK 0
I1002 04:41:15.441123 1945 server_base.cc:228] Could not load existing FS layout: Not found: /tmp/run_tha_test1fMIRV/test-tmp/alter_table-test.AlterTableTest.TestAlterUnderWriteLoad.1506919259568928-1945/minicluster-data/ts-0-root/instance: No such file or directory (error 2)
I1002 04:41:15.441289 1945 server_base.cc:229] Creating new FS layout
I1002 04:41:15.446915 1945 fs_manager.cc:477] Generated new instance metadata in path /tmp/run_tha_test1fMIRV/test-tmp/alter_table-test.AlterTableTest.TestAlterUnderWriteLoad.1506919259568928-1945/minicluster-data/ts-0-root/instance: uuid: "b311ab5d86bc47d9a8b0e10e88d6179d" format_stamp: "Formatted at 2017-10-02 04:41:15 on dist-test-slave-dist-test-slave-jfdk"
I1002 04:41:15.454427 1945 fs_manager.cc:434] Time spent creating directory manager: real 0.007s user 0.008s sys 0.004s
I1002 04:41:15.455410 1945 file_cache.cc:470] Constructed file cache lbm with capacity 26214
I1002 04:41:15.461390 1945 fs_manager.cc:336] Time spent opening block manager: real 0.001s user 0.000s sys 0.004s
I1002 04:41:15.461539 1945 fs_manager.cc:349] Opened local filesystem: /tmp/run_tha_test1fMIRV/test-tmp/alter_table-test.AlterTableTest.TestAlterUnderWriteLoad.1506919259568928-1945/minicluster-data/ts-0-root uuid: "b311ab5d86bc47d9a8b0e10e88d6179d" format_stamp: "Formatted at 2017-10-02 04:41:15 on dist-test-slave-dist-test-slave-jfdk"
I1002 04:41:15.461724 1945 fs_report.cc:347] Block manager report -------------------- 1 data directories: /tmp/run_tha_test1fMIRV/test-tmp/alter_table-test.AlterTableTest.TestAlterUnderWriteLoad.1506919259568928-1945/minicluster-data/ts-0-root/data Total live blocks: 0 Total live bytes: 0 Total live bytes (after alignment): 0 Total number of LBM containers: 0 (0 full) Did not check for missing blocks Did not check for orphaned blocks Total full LBM containers with extra space: 0 (0 repaired) Total full LBM container extra space in bytes: 0 (0 repaired) Total incomplete LBM containers: 0 (0 repaired) Total LBM partial records: 0 (0 repaired)
I1002 04:41:15.491580 1945 ts_tablet_manager.cc:296] Loaded tablet metadata (0 live tablets)
I1002 04:41:15.521775 1945 rpc_server.cc:192] RPC server started. Bound to: 127.7.153.1:43847
I1002 04:41:15.522584 1945 webserver.cc:149] Starting webserver on 127.7.153.1:0
I1002 04:41:15.522691 1945 webserver.cc:160] Document root disabled
I1002 04:41:15.523507 1945 webserver.cc:282] Webserver started. Bound to: http://127.7.153.1:58232/
I1002 04:41:15.533838 5090 heartbeater.cc:324] Connected to a master server at 127.7.153.254:49555
I1002 04:41:15.534061 5090 heartbeater.cc:401] Registering TS with master...
I1002 04:41:15.534366 5090 heartbeater.cc:428] Master 127.7.153.254:49555 requested a full tablet report, sending...
I1002 04:41:15.535501 4984 ts_manager.cc:81] Registered new tserver with Master: b311ab5d86bc47d9a8b0e10e88d6179d (127.7.153.1:43847)
I1002 04:41:15.536226 1945 internal_mini_cluster.cc:304] 1 TS(s) registered with all masters after 0.01109092s
I1002 04:41:15.536959 4984 master_service.cc:203] Signed X509 certificate for tserver {username='slave'} at 127.0.0.1:44198
I1002 04:41:15.549165 5090 heartbeater.cc:420] Master 127.7.153.254:49555 was elected leader, sending a full tablet report...
I1002 04:41:15.552475 4983 catalog_manager.cc:1211] Servicing CreateTable request from {username='slave'} at 127.0.0.1:44199: name: "fake-table" schema { columns { name: "c0" type: INT32 is_key: true is_nullable: false encoding: AUTO_ENCODING compression: DEFAULT_COMPRESSION cfile_block_size: 0 } columns { name: "c1" type: INT32 is_key: false is_nullable: false encoding: AUTO_ENCODING compression: DEFAULT_COMPRESSION cfile_block_size: 0 } } num_replicas: 1 split_rows_range_bounds { } partition_schema { range_schema { columns { name: "c0" } } }
I1002 04:41:15.571467 5057 tablet_service.cc:765] Processing CreateTablet for tablet ddd11efdc4824d328e0c345437316ae0 (table=fake-table [id=e35d386619e94c52bed1dd68f06107de]), partition=RANGE (c0) PARTITION UNBOUNDED
I1002 04:41:15.578689 5057 ts_tablet_manager.cc:1028] T ddd11efdc4824d328e0c345437316ae0 P b311ab5d86bc47d9a8b0e10e88d6179d: Registered tablet (data state: TABLET_DATA_READY)
I1002 04:41:15.579632 5102 ts_tablet_manager.cc:878] T ddd11efdc4824d328e0c345437316ae0 P b311ab5d86bc47d9a8b0e10e88d6179d: Bootstrapping tablet
I1002 04:41:15.579995 5102 tablet_bootstrap.cc:432] T ddd11efdc4824d328e0c345437316ae0 P b311ab5d86bc47d9a8b0e10e88d6179d: Bootstrap starting.
I1002 04:41:15.581841 5102 tablet_bootstrap.cc:567] T ddd11efdc4824d328e0c345437316ae0 P b311ab5d86bc47d9a8b0e10e88d6179d: No blocks or log segments found. Creating new log.
I1002 04:41:15.584036 5102 tablet_bootstrap.cc:432] T ddd11efdc4824d328e0c345437316ae0 P b311ab5d86bc47d9a8b0e10e88d6179d: No bootstrap required, opened a new log
I1002 04:41:15.584244 5102 ts_tablet_manager.cc:903] T ddd11efdc4824d328e0c345437316ae0 P b311ab5d86bc47d9a8b0e10e88d6179d: Time spent bootstrapping tablet: real 0.004s user 0.000s sys 0.004s
I1002 04:41:15.585311 5102 raft_consensus.cc:286] T ddd11efdc4824d328e0c345437316ae0 P b311ab5d86bc47d9a8b0e10e88d6179d [term 0 FOLLOWER]: Replica starting. Triggering 0 pending transactions. Active config: opid_index: -1 OBSOLETE_local: true peers { permanent_uuid: "b311ab5d86bc47d9a8b0e10e88d6179d" member_type: VOTER last_known_addr { host: "127.7.153.1" port: 43847 } }
I1002 04:41:15.585759 5102 raft_consensus.cc:312] T ddd11efdc4824d328e0c345437316ae0 P b311ab5d86bc47d9a8b0e10e88d6179d [term 0 FOLLOWER]: Consensus starting up: Expiring failure detector timer to make a prompt election more likely
I1002 04:41:15.585968 5102 raft_consensus.cc:578] T ddd11efdc4824d328e0c345437316ae0 P b311ab5d86bc47d9a8b0e10e88d6179d [term 0 FOLLOWER]: Becoming Follower/Learner. State: Replica: b311ab5d86bc47d9a8b0e10e88d6179d, State: Initialized, Role: FOLLOWER
I1002 04:41:15.586259 5102 consensus_queue.cc:190] T ddd11efdc4824d328e0c345437316ae0 P b311ab5d86bc47d9a8b0e10e88d6179d [NON_LEADER]: Queue going to NON_LEADER mode. State: All replicated index: 0, Majority replicated index: 0, Committed index: 0, Last appended: 0.0, Last appended by leader: 0, Current term: 0, Majority size: -1, State: 0, Mode: NON_LEADER
I1002 04:41:15.586542 5102 raft_consensus.cc:327] T ddd11efdc4824d328e0c345437316ae0 P b311ab5d86bc47d9a8b0e10e88d6179d [term 0 FOLLOWER]: Only one voter in the Raft config. Triggering election immediately
I1002 04:41:15.586684 5102 raft_consensus.cc:411] T ddd11efdc4824d328e0c345437316ae0 P b311ab5d86bc47d9a8b0e10e88d6179d [term 0 FOLLOWER]: Starting leader election (initial election of a single-replica configuration)
I1002 04:41:15.586827 5102 raft_consensus.cc:2457] T ddd11efdc4824d328e0c345437316ae0 P b311ab5d86bc47d9a8b0e10e88d6179d: Snoozing failure detection for 1.551s (starting election)
I1002 04:41:15.586962 5102 raft_consensus.cc:2509] T ddd11efdc4824d328e0c345437316ae0 P b311ab5d86bc47d9a8b0e10e88d6179d [term 0 FOLLOWER]: Advancing to term 1
I1002 04:41:15.590127 5102 raft_consensus.cc:433] T ddd11efdc4824d328e0c345437316ae0 P b311ab5d86bc47d9a8b0e10e88d6179d [term 1 FOLLOWER]: Starting leader election with config: opid_index: -1 OBSOLETE_local: true peers { permanent_uuid: "b311ab5d86bc47d9a8b0e10e88d6179d" member_type: VOTER last_known_addr { host: "127.7.153.1" port: 43847 } }
I1002 04:41:15.590503 5102 leader_election.cc:248] T ddd11efdc4824d328e0c345437316ae0 P b311ab5d86bc47d9a8b0e10e88d6179d [CANDIDATE]: Term 1 election: Election decided. Result: candidate won.
I1002 04:41:15.591456 5104 raft_consensus.cc:2457] T ddd11efdc4824d328e0c345437316ae0 P b311ab5d86bc47d9a8b0e10e88d6179d: Snoozing failure detection for 1.691s (election complete)
I1002 04:41:15.591667 5104 raft_consensus.cc:2281] T ddd11efdc4824d328e0c345437316ae0 P b311ab5d86bc47d9a8b0e10e88d6179d [term 1 FOLLOWER]: Leader election won for term 1
I1002 04:41:15.592658 5102 ts_tablet_manager.cc:931] T ddd11efdc4824d328e0c345437316ae0 P b311ab5d86bc47d9a8b0e10e88d6179d: Time spent starting tablet: real 0.008s user 0.004s sys 0.004s
I1002 04:41:15.593233 5104 raft_consensus.cc:545] T ddd11efdc4824d328e0c345437316ae0 P b311ab5d86bc47d9a8b0e10e88d6179d [term 1 LEADER]: Becoming Leader. State: Replica: b311ab5d86bc47d9a8b0e10e88d6179d, State: Running, Role: LEADER
I1002 04:41:15.593500 5104 consensus_queue.cc:169] T ddd11efdc4824d328e0c345437316ae0 P b311ab5d86bc47d9a8b0e10e88d6179d [LEADER]: Queue going to LEADER mode. State: All replicated index: 0, Majority replicated index: 0, Committed index: 0, Last appended: 0.0, Last appended by leader: 0, Current term: 1, Majority size: 1, State: 0, Mode: LEADER, active raft config: opid_index: -1 OBSOLETE_local: true peers { permanent_uuid: "b311ab5d86bc47d9a8b0e10e88d6179d" member_type: VOTER last_known_addr { host: "127.7.153.1" port: 43847 } }
I1002 04:41:15.596482 4984 catalog_manager.cc:2510] T ddd11efdc4824d328e0c345437316ae0 P b311ab5d86bc47d9a8b0e10e88d6179d reported cstate change: term changed from 0 to 1, leader changed from to b311ab5d86bc47d9a8b0e10e88d6179d (127.7.153.1). New cstate: current_term: 1 leader_uuid: "b311ab5d86bc47d9a8b0e10e88d6179d" committed_config { opid_index: -1 OBSOLETE_local: true peers { permanent_uuid: "b311ab5d86bc47d9a8b0e10e88d6179d" member_type: VOTER last_known_addr { host: "127.7.153.1" port: 43847 } } }
I1002 04:41:15.605473 1945 alter_table-test.cc:156] Tablet successfully located
I1002 04:41:15.609244 4984 catalog_manager.cc:1875] Servicing AlterTable request from {username='slave'} at 127.0.0.1:44199: table { table_name: "fake-table" } alter_schema_steps { type: ADD_COLUMN add_column { schema { name: "c2" type: INT32 is_nullable: false read_default_value: "\002\000\000\000" encoding: AUTO_ENCODING compression: DEFAULT_COMPRESSION cfile_block_size: 0 } } }
I1002 04:41:15.639698 5113 tablet.cc:1113] T ddd11efdc4824d328e0c345437316ae0 P b311ab5d86bc47d9a8b0e10e88d6179d: Alter schema from Schema [ 10:c0[int32 NOT NULL], 11:c1[int32 NOT NULL] ] version 0 to Schema [ 10:c0[int32 NOT NULL], 11:c1[int32 NOT NULL], 12:c2[int32 NOT NULL] ] version 1
I1002 04:41:15.640946 5113 tablet.cc:1056] T ddd11efdc4824d328e0c345437316ae0 P b311ab5d86bc47d9a8b0e10e88d6179d: MemRowSet was empty: no flush needed.
I1002 04:41:15.651713 5110 alter_table-test.cc:1160] Scanner saw 0 rows
I1002 04:41:15.652827 4984 catalog_manager.cc:3662] T 00000000000000000000000000000000 P 20755ad3b49c42aaa3ea43df438f30e7: fake-table [id=e35d386619e94c52bed1dd68f06107de] alter complete (version 1)
I1002 04:41:15.656226 5110 alter_table-test.cc:1160] Scanner saw 0 rows
I1002 04:41:15.659446 5110 alter_table-test.cc:1160] Scanner saw 0 rows
I1002 04:41:15.662629 5110 alter_table-test.cc:1160] Scanner saw 0 rows
I1002 04:41:15.666937 5110 alter_table-test.cc:1160] Scanner saw 0 rows
I1002 04:41:15.670243 5110 alter_table-test.cc:1160] Scanner saw 0 rows
I1002 04:41:15.673739 5110 alter_table-test.cc:1160] Scanner saw 0 rows
I1002 04:41:15.678584 5110 alter_table-test.cc:1160] Scanner saw 0 rows
I1002 04:41:15.682559 5110 alter_table-test.cc:1160] Scanner saw 0 rows
I1002 04:41:15.687999 5110 alter_table-test.cc:1160] Scanner saw 0 rows
I1002 04:41:15.692503 5110 alter_table-test.cc:1160] Scanner saw 0 rows
I1002 04:41:15.697101 4984 catalog_manager.cc:1875] Servicing AlterTable request from {username='slave'} at 127.0.0.1:44199: table { table_name: "fake-table" } alter_schema_steps { type: ADD_COLUMN add_column { schema { name: "c3" type: INT32 is_nullable: false read_default_value: "\003\000\000\000" encoding: AUTO_ENCODING compression: DEFAULT_COMPRESSION cfile_block_size: 0 } } }
I1002 04:41:15.698917 5110 alter_table-test.cc:1160] Scanner saw 0 rows
I1002 04:41:15.708000 5110 alter_table-test.cc:1160] Scanner saw 0 rows
I1002 04:41:15.715867 5113 tablet.cc:1113] T ddd11efdc4824d328e0c345437316ae0 P b311ab5d86bc47d9a8b0e10e88d6179d: Alter schema from Schema [ 10:c0[int32 NOT NULL], 11:c1[int32 NOT NULL], 12:c2[int32 NOT NULL] ] version 1 to Schema [ 10:c0[int32 NOT NULL], 11:c1[int32 NOT NULL], 12:c2[int32 NOT NULL], 13:c3[int32 NOT NULL] ] version 2
I1002 04:41:15.717644 5113 tablet.cc:1065] T ddd11efdc4824d328e0c345437316ae0 P b311ab5d86bc47d9a8b0e10e88d6179d: Flush: entering stage 1 (old memrowset already frozen for inserts)
I1002 04:41:15.718575 5113 compaction.cc:903] Selected 1 rowsets to compact:
I1002 04:41:15.718762 5113 compaction.cc:906] memrowset(current size on disk: ~0 bytes)
I1002 04:41:15.718946 5113 tablet.cc:1067] T ddd11efdc4824d328e0c345437316ae0 P b311ab5d86bc47d9a8b0e10e88d6179d: Memstore in-memory size: 7735 bytes
I1002 04:41:15.719235 5113 tablet.cc:1330] T ddd11efdc4824d328e0c345437316ae0 P b311ab5d86bc47d9a8b0e10e88d6179d: Flush: entering phase 1 (flushing snapshot). Phase 1 snapshot: MvccSnapshot[committed={T|T < 18}]
I1002 04:41:15.721240 5110 alter_table-test.cc:1160] Scanner saw 0 rows
I1002 04:41:15.733525 5113 multi_column_writer.cc:103] Opened CFile writers for 4 column(s)
I1002 04:41:15.734074 5110 alter_table-test.cc:1160] Scanner saw 50 rows
I1002 04:41:15.741317 5110 alter_table-test.cc:1160] Scanner saw 50 rows
I1002 04:41:15.748282 5110 alter_table-test.cc:1160] Scanner saw 50 rows
I1002 04:41:15.755591 5110 alter_table-test.cc:1160] Scanner saw 50 rows
I1002 04:41:15.761260 5113 tablet.cc:1415] T ddd11efdc4824d328e0c345437316ae0 P b311ab5d86bc47d9a8b0e10e88d6179d: Flush: entering phase 2 (starting to duplicate updates in new rowsets)
I1002 04:41:15.761739 5113 tablet.cc:1470] T ddd11efdc4824d328e0c345437316ae0 P b311ab5d86bc47d9a8b0e10e88d6179d: Flush Phase 2: carrying over any updates which arrived during Phase 1
I1002 04:41:15.761947 5113 tablet.cc:1472] T ddd11efdc4824d328e0c345437316ae0 P b311ab5d86bc47d9a8b0e10e88d6179d: Phase 2 snapshot: MvccSnapshot[committed={T|T < 18}]
I1002 04:41:15.762188 5110 alter_table-test.cc:1160] Scanner saw 50 rows
I1002 04:41:15.770015 5110 alter_table-test.cc:1160] Scanner saw 50 rows
I1002 04:41:15.778409 5110 alter_table-test.cc:1160] Scanner saw 50 rows
I1002 04:41:15.778846 5113 tablet.cc:1514] T ddd11efdc4824d328e0c345437316ae0 P b311ab5d86bc47d9a8b0e10e88d6179d: Flush successful on 50 rows (4796 bytes)
I1002 04:41:15.786289 5110 alter_table-test.cc:1160] Scanner saw 50 rows
I1002 04:41:15.787884 4984 catalog_manager.cc:3662] T 00000000000000000000000000000000 P 20755ad3b49c42aaa3ea43df438f30e7: fake-table [id=e35d386619e94c52bed1dd68f06107de] alter complete (version 2)
I1002 04:41:15.801051 5110 alter_table-test.cc:1160] Scanner saw 50 rows
I1002 04:41:15.804746 4981 catalog_manager.cc:1875] Servicing AlterTable request from {username='slave'} at 127.0.0.1:44199: table { table_name: "fake-table" } alter_schema_steps { type: ADD_COLUMN add_column { schema { name: "c4" type: INT32 is_nullable: false read_default_value: "\004\000\000\000" encoding: AUTO_ENCODING compression: DEFAULT_COMPRESSION cfile_block_size: 0 } } }
I1002 04:41:15.812789 5110 alter_table-test.cc:1160] Scanner saw 50 rows
I1002 04:41:15.817598 5115 tablet.cc:1113] T ddd11efdc4824d328e0c345437316ae0 P b311ab5d86bc47d9a8b0e10e88d6179d: Alter schema from Schema [ 10:c0[int32 NOT NULL], 11:c1[int32 NOT NULL], 12:c2[int32 NOT NULL], 13:c3[int32 NOT NULL] ] version 2 to Schema [ 10:c0[int32 NOT NULL], 11:c1[int32 NOT NULL], 12:c2[int32 NOT NULL], 13:c3[int32 NOT NULL], 14:c4[int32 NOT NULL] ] version 3
I1002 04:41:15.818729 5115 tablet.cc:1065] T ddd11efdc4824d328e0c345437316ae0 P b311ab5d86bc47d9a8b0e10e88d6179d: Flush: entering stage 1 (old memrowset already frozen for inserts)
I1002 04:41:15.818889 5115 compaction.cc:903] Selected 1 rowsets to compact:
I1002 04:41:15.818991 5115 compaction.cc:906] memrowset(current size on disk: ~0 bytes)
I1002 04:41:15.819089 5115 tablet.cc:1067] T ddd11efdc4824d328e0c345437316ae0 P b311ab5d86bc47d9a8b0e10e88d6179d: Memstore in-memory size: 7735 bytes
