W1002 04:41:25.567860 5816 catalog_manager.cc:2896] Async tablet task 31cb9f984a544fe7a23255fb0491a3cc (table test-alter-range-partitioning-invalid-unbounded [id=28630d9ce835454abf530e382fb41675]) Alter Table RPC failed: Not found: Failed to reset TS proxy: No leader found: Tablet 31cb9f984a544fe7a23255fb0491a3cc consensus state has no leader
I1002 04:41:25.568693 5951 raft_consensus.cc:286] T dad39dc14e5342f9b97f18a0a301fee1 P 92a92cc5760d4f9e993b905318665696 [term 0 FOLLOWER]: Replica starting. Triggering 0 pending transactions. Active config: opid_index: -1 OBSOLETE_local: true peers { permanent_uuid: "92a92cc5760d4f9e993b905318665696" member_type: VOTER last_known_addr { host: "127.7.153.1" port: 39250 } }
I1002 04:41:25.569190 5951 raft_consensus.cc:312] T dad39dc14e5342f9b97f18a0a301fee1 P 92a92cc5760d4f9e993b905318665696 [term 0 FOLLOWER]: Consensus starting up: Expiring failure detector timer to make a prompt election more likely
I1002 04:41:25.569450 5951 raft_consensus.cc:578] T dad39dc14e5342f9b97f18a0a301fee1 P 92a92cc5760d4f9e993b905318665696 [term 0 FOLLOWER]: Becoming Follower/Learner. State: Replica: 92a92cc5760d4f9e993b905318665696, State: Initialized, Role: FOLLOWER
I1002 04:41:25.568929 5833 catalog_manager.cc:1875] Servicing AlterTable request from {username='slave'} at 127.0.0.1:56410: table { table_name: "test-alter-range-partitioning-invalid-unbounded" } alter_schema_steps { type: ADD_RANGE_PARTITION add_range_partition { range_bounds { rows: "\006\001\000\000\000\000\007\000" } } } schema { columns { name: "c0" type: INT32 is_key: true is_nullable: false encoding: AUTO_ENCODING compression: DEFAULT_COMPRESSION cfile_block_size: 0 } columns { name: "c1" type: INT32 is_key: false is_nullable: false encoding: AUTO_ENCODING compression: DEFAULT_COMPRESSION cfile_block_size: 0 } }
I1002 04:41:25.569725 5951 consensus_queue.cc:190] T dad39dc14e5342f9b97f18a0a301fee1 P 92a92cc5760d4f9e993b905318665696 [NON_LEADER]: Queue going to NON_LEADER mode. State: All replicated index: 0, Majority replicated index: 0, Committed index: 0, Last appended: 0.0, Last appended by leader: 0, Current term: 0, Majority size: -1, State: 0, Mode: NON_LEADER
I1002 04:41:25.570039 5951 raft_consensus.cc:327] T dad39dc14e5342f9b97f18a0a301fee1 P 92a92cc5760d4f9e993b905318665696 [term 0 FOLLOWER]: Only one voter in the Raft config. Triggering election immediately
I1002 04:41:25.570224 5951 raft_consensus.cc:411] T dad39dc14e5342f9b97f18a0a301fee1 P 92a92cc5760d4f9e993b905318665696 [term 0 FOLLOWER]: Starting leader election (initial election of a single-replica configuration)
I1002 04:41:25.570416 5951 raft_consensus.cc:2457] T dad39dc14e5342f9b97f18a0a301fee1 P 92a92cc5760d4f9e993b905318665696: Snoozing failure detection for 2.178s (starting election)
I1002 04:41:25.570488 5818 catalog_manager.cc:2877] Scheduling retry of 176cfad34f7d4bd38d2e3fbc08a70c29 (table test-alter-range-partitioning-invalid-unbounded [id=28630d9ce835454abf530e382fb41675]) Alter Table RPC with a delay of 17 ms (attempt = 0)
W1002 04:41:25.570832 5818 catalog_manager.cc:2896] Async tablet task 176cfad34f7d4bd38d2e3fbc08a70c29 (table test-alter-range-partitioning-invalid-unbounded [id=28630d9ce835454abf530e382fb41675]) Alter Table RPC failed: Not found: Failed to reset TS proxy: No leader found: Tablet 176cfad34f7d4bd38d2e3fbc08a70c29 consensus state has no leader
I1002 04:41:25.570616 5951 raft_consensus.cc:2509] T dad39dc14e5342f9b97f18a0a301fee1 P 92a92cc5760d4f9e993b905318665696 [term 0 FOLLOWER]: Advancing to term 1
I1002 04:41:25.571846 5819 catalog_manager.cc:2877] Scheduling retry of 523dc850ea83468f991a8ac636839d86 (table test-alter-range-partitioning-invalid-unbounded [id=28630d9ce835454abf530e382fb41675]) Alter Table RPC with a delay of 35 ms (attempt = 0)
W1002 04:41:25.572124 5819 catalog_manager.cc:2896] Async tablet task 523dc850ea83468f991a8ac636839d86 (table test-alter-range-partitioning-invalid-unbounded [id=28630d9ce835454abf530e382fb41675]) Alter Table RPC failed: Not found: Failed to reset TS proxy: No leader found: Tablet 523dc850ea83468f991a8ac636839d86 consensus state has no leader
I1002 04:41:25.572306 5818 catalog_manager.cc:2877] Scheduling retry of 4aa07f5bc7fa4d689318a63bfd75d334 (table test-alter-range-partitioning-invalid-unbounded [id=28630d9ce835454abf530e382fb41675]) Alter Table RPC with a delay of 23 ms (attempt = 0)
I1002 04:41:25.572430 5819 catalog_manager.cc:2877] Scheduling retry of eb376630c04d401f851e8216633104af (table test-alter-range-partitioning-invalid-unbounded [id=28630d9ce835454abf530e382fb41675]) Alter Table RPC with a delay of 29 ms (attempt = 0)
W1002 04:41:25.572610 5818 catalog_manager.cc:2896] Async tablet task 4aa07f5bc7fa4d689318a63bfd75d334 (table test-alter-range-partitioning-invalid-unbounded [id=28630d9ce835454abf530e382fb41675]) Alter Table RPC failed: Not found: Failed to reset TS proxy: No leader found: Tablet 4aa07f5bc7fa4d689318a63bfd75d334 consensus state has no leader
W1002 04:41:25.572674 5819 catalog_manager.cc:2896] Async tablet task eb376630c04d401f851e8216633104af (table test-alter-range-partitioning-invalid-unbounded [id=28630d9ce835454abf530e382fb41675]) Alter Table RPC failed: Not found: Failed to reset TS proxy: No leader found: Tablet eb376630c04d401f851e8216633104af consensus state has no leader
I1002 04:41:25.573815 5905 tablet_service.cc:806] Processing DeleteTablet for tablet a4337842dcc44cf0ab25aa0b7f810246 with delete_type TABLET_DATA_DELETED (Partition dropped at 2017-10-02 04:41:25 UTC) from {username='slave'} at 127.0.0.1:45798
I1002 04:41:25.575214 5833 catalog_manager.cc:2877] Scheduling retry of 6c9a07331aee4b64939857be92f02f99 (table test-alter-range-partitioning-invalid-unbounded [id=28630d9ce835454abf530e382fb41675]) Alter Table RPC with a delay of 32 ms (attempt = 0)
W1002 04:41:25.575453 5833 catalog_manager.cc:3416] Failed to send alter table request: Not found: Failed to reset TS proxy: No leader found: Tablet 6c9a07331aee4b64939857be92f02f99 has no consensus state
I1002 04:41:25.576704 5951 raft_consensus.cc:433] T dad39dc14e5342f9b97f18a0a301fee1 P 92a92cc5760d4f9e993b905318665696 [term 1 FOLLOWER]: Starting leader election with config: opid_index: -1 OBSOLETE_local: true peers { permanent_uuid: "92a92cc5760d4f9e993b905318665696" member_type: VOTER last_known_addr { host: "127.7.153.1" port: 39250 } }
I1002 04:41:25.577257 5951 leader_election.cc:248] T dad39dc14e5342f9b97f18a0a301fee1 P 92a92cc5760d4f9e993b905318665696 [CANDIDATE]: Term 1 election: Election decided. Result: candidate won.
I1002 04:41:25.577693 5953 raft_consensus.cc:2457] T dad39dc14e5342f9b97f18a0a301fee1 P 92a92cc5760d4f9e993b905318665696: Snoozing failure detection for 1.560s (election complete)
I1002 04:41:25.577968 5953 raft_consensus.cc:2281] T dad39dc14e5342f9b97f18a0a301fee1 P 92a92cc5760d4f9e993b905318665696 [term 1 FOLLOWER]: Leader election won for term 1
I1002 04:41:25.578296 5953 raft_consensus.cc:545] T dad39dc14e5342f9b97f18a0a301fee1 P 92a92cc5760d4f9e993b905318665696 [term 1 LEADER]: Becoming Leader. State: Replica: 92a92cc5760d4f9e993b905318665696, State: Running, Role: LEADER
I1002 04:41:25.578585 5953 consensus_queue.cc:169] T dad39dc14e5342f9b97f18a0a301fee1 P 92a92cc5760d4f9e993b905318665696 [LEADER]: Queue going to LEADER mode. State: All replicated index: 0, Majority replicated index: 0, Committed index: 0, Last appended: 0.0, Last appended by leader: 0, Current term: 1, Majority size: 1, State: 0, Mode: LEADER, active raft config: opid_index: -1 OBSOLETE_local: true peers { permanent_uuid: "92a92cc5760d4f9e993b905318665696" member_type: VOTER last_known_addr { host: "127.7.153.1" port: 39250 } }
I1002 04:41:25.580181 5819 catalog_manager.cc:3099] Sending DeleteTablet(TABLET_DATA_DELETED) for tablet a4337842dcc44cf0ab25aa0b7f810246 on 92a92cc5760d4f9e993b905318665696 (127.7.153.1:39250) (Partition dropped at 2017-10-02 04:41:25 UTC)
I1002 04:41:25.582125 5951 ts_tablet_manager.cc:931] T dad39dc14e5342f9b97f18a0a301fee1 P 92a92cc5760d4f9e993b905318665696: Time spent starting tablet: real 0.015s user 0.008s sys 0.000s
I1002 04:41:25.582362 5816 catalog_manager.cc:2877] Scheduling retry of 4a6f2c5116d04bf786fe29f7cfe1953c (table test-alter-range-partitioning-invalid-unbounded [id=28630d9ce835454abf530e382fb41675]) Alter Table RPC with a delay of 25 ms (attempt = 0)
W1002 04:41:25.582639 5816 catalog_manager.cc:2896] Async tablet task 4a6f2c5116d04bf786fe29f7cfe1953c (table test-alter-range-partitioning-invalid-unbounded [id=28630d9ce835454abf530e382fb41675]) Alter Table RPC failed: Not found: Failed to reset TS proxy: No leader found: Tablet 4a6f2c5116d04bf786fe29f7cfe1953c consensus state has no leader
I1002 04:41:25.582835 5817 catalog_manager.cc:2877] Scheduling retry of f05a246de6154981a64cf15b78055baf (table test-alter-range-partitioning-invalid-unbounded [id=28630d9ce835454abf530e382fb41675]) Alter Table RPC with a delay of 27 ms (attempt = 0)
I1002 04:41:25.583003 5816 catalog_manager.cc:2877] Scheduling retry of a8b2305aec07407b90e96939b7b0120c (table test-alter-range-partitioning-invalid-unbounded [id=28630d9ce835454abf530e382fb41675]) Alter Table RPC with a delay of 18 ms (attempt = 0)
W1002 04:41:25.583122 5817 catalog_manager.cc:2896] Async tablet task f05a246de6154981a64cf15b78055baf (table test-alter-range-partitioning-invalid-unbounded [id=28630d9ce835454abf530e382fb41675]) Alter Table RPC failed: Not found: Failed to reset TS proxy: No leader found: Tablet f05a246de6154981a64cf15b78055baf consensus state has no leader
W1002 04:41:25.583235 5816 catalog_manager.cc:2896] Async tablet task a8b2305aec07407b90e96939b7b0120c (table test-alter-range-partitioning-invalid-unbounded [id=28630d9ce835454abf530e382fb41675]) Alter Table RPC failed: Not found: Failed to reset TS proxy: No leader found: Tablet a8b2305aec07407b90e96939b7b0120c consensus state has no leader
W1002 04:41:25.583819 5819 catalog_manager.cc:3057] TS 92a92cc5760d4f9e993b905318665696 (127.7.153.1:39250): delete failed for tablet a4337842dcc44cf0ab25aa0b7f810246 because the tablet was not found. No further retry: Not found: Tablet not found: a4337842dcc44cf0ab25aa0b7f810246
I1002 04:41:25.585079 5904 tablet_service.cc:806] Processing DeleteTablet for tablet a4337842dcc44cf0ab25aa0b7f810246 with delete_type TABLET_DATA_DELETED (Partition dropped at 2017-10-02 04:41:25 UTC) from {username='slave'} at 127.0.0.1:45798
I1002 04:41:25.584960 5833 catalog_manager.cc:1875] Servicing AlterTable request from {username='slave'} at 127.0.0.1:56410: table { table_name: "test-alter-range-partitioning-invalid-unbounded" } alter_schema_steps { type: ADD_RANGE_PARTITION add_range_partition { range_bounds { rows: "\006\001\000\000\000\000\007\001d\000\000\000" } } } schema { columns { name: "c0" type: INT32 is_key: true is_nullable: false encoding: AUTO_ENCODING compression: DEFAULT_COMPRESSION cfile_block_size: 0 } columns { name: "c1" type: INT32 is_key: false is_nullable: false encoding: AUTO_ENCODING compression: DEFAULT_COMPRESSION cfile_block_size: 0 } }
I1002 04:41:25.585348 5905 tablet_service.cc:765] Processing CreateTablet for tablet 6c9a07331aee4b64939857be92f02f99 (table=test-alter-range-partitioning-invalid-unbounded [id=28630d9ce835454abf530e382fb41675]), partition=RANGE (c0) PARTITION VALUES >= 0
I1002 04:41:25.586200 5817 catalog_manager.cc:2877] Scheduling retry of 16347b539ec7456684793f254094ed89 (table test-alter-range-partitioning-invalid-unbounded [id=28630d9ce835454abf530e382fb41675]) Alter Table RPC with a delay of 27 ms (attempt = 0)
W1002 04:41:25.586455 5817 catalog_manager.cc:2896] Async tablet task 16347b539ec7456684793f254094ed89 (table test-alter-range-partitioning-invalid-unbounded [id=28630d9ce835454abf530e382fb41675]) Alter Table RPC failed: Not found: Failed to reset TS proxy: No leader found: Tablet 16347b539ec7456684793f254094ed89 consensus state has no leader
I1002 04:41:25.586766 5817 catalog_manager.cc:2877] Scheduling retry of eab92c5faddf43bba4543442e4dcf3d2 (table test-alter-range-partitioning-invalid-unbounded [id=28630d9ce835454abf530e382fb41675]) Alter Table RPC with a delay of 21 ms (attempt = 0)
W1002 04:41:25.587004 5817 catalog_manager.cc:2896] Async tablet task eab92c5faddf43bba4543442e4dcf3d2 (table test-alter-range-partitioning-invalid-unbounded [id=28630d9ce835454abf530e382fb41675]) Alter Table RPC failed: Not found: Failed to reset TS proxy: No leader found: Tablet eab92c5faddf43bba4543442e4dcf3d2 consensus state has no leader
I1002 04:41:25.587210 5833 catalog_manager.cc:2369] Got report from deleted tablet dad39dc14e5342f9b97f18a0a301fee1 (table test-alter-range-partitioning-invalid-unbounded [id=28630d9ce835454abf530e382fb41675]) (Partition dropped at 2017-10-02 04:41:25 UTC): Sending delete request for this tablet
I1002 04:41:25.587304 5817 catalog_manager.cc:2877] Scheduling retry of a4337842dcc44cf0ab25aa0b7f810246 (table test-alter-range-partitioning-invalid-unbounded [id=28630d9ce835454abf530e382fb41675]) Alter Table RPC with a delay of 17 ms (attempt = 0)
W1002 04:41:25.587540 5817 catalog_manager.cc:2896] Async tablet task a4337842dcc44cf0ab25aa0b7f810246 (table test-alter-range-partitioning-invalid-unbounded [id=28630d9ce835454abf530e382fb41675]) Alter Table RPC failed: Not found: Failed to reset TS proxy: No leader found: Tablet a4337842dcc44cf0ab25aa0b7f810246 consensus state has no leader
I1002 04:41:25.587879 5818 catalog_manager.cc:2877] Scheduling retry of ffc46f65c62d4d5dbb276546317c22ad (table test-alter-range-partitioning-invalid-unbounded [id=28630d9ce835454abf530e382fb41675]) Alter Table RPC with a delay of 21 ms (attempt = 0)
I1002 04:41:25.588034 5817 catalog_manager.cc:2877] Scheduling retry of c590266196284e13bd9569bb434bd2bf (table test-alter-range-partitioning-invalid-unbounded [id=28630d9ce835454abf530e382fb41675]) Alter Table RPC with a delay of 36 ms (attempt = 0)
W1002 04:41:25.588171 5818 catalog_manager.cc:2896] Async tablet task ffc46f65c62d4d5dbb276546317c22ad (table test-alter-range-partitioning-invalid-unbounded [id=28630d9ce835454abf530e382fb41675]) Alter Table RPC failed: Not found: Failed to reset TS proxy: No leader found: Tablet ffc46f65c62d4d5dbb276546317c22ad consensus state has no leader
W1002 04:41:25.588263 5817 catalog_manager.cc:2896] Async tablet task c590266196284e13bd9569bb434bd2bf (table test-alter-range-partitioning-invalid-unbounded [id=28630d9ce835454abf530e382fb41675]) Alter Table RPC failed: Not found: Failed to reset TS proxy: No leader found: Tablet c590266196284e13bd9569bb434bd2bf consensus state has no leader
I1002 04:41:25.588559 5818 catalog_manager.cc:2877] Scheduling retry of 176cfad34f7d4bd38d2e3fbc08a70c29 (table test-alter-range-partitioning-invalid-unbounded [id=28630d9ce835454abf530e382fb41675]) Alter Table RPC with a delay of 48 ms (attempt = 0)
W1002 04:41:25.588804 5818 catalog_manager.cc:2896] Async tablet task 176cfad34f7d4bd38d2e3fbc08a70c29 (table test-alter-range-partitioning-invalid-unbounded [id=28630d9ce835454abf530e382fb41675]) Alter Table RPC failed: Not found: Failed to reset TS proxy: No leader found: Tablet 176cfad34f7d4bd38d2e3fbc08a70c29 consensus state has no leader
I1002 04:41:25.587579 5833 catalog_manager.cc:3099] Sending DeleteTablet(TABLET_DATA_DELETED) for tablet dad39dc14e5342f9b97f18a0a301fee1 on 92a92cc5760d4f9e993b905318665696 (127.7.153.1:39250) (Partition dropped at 2017-10-02 04:41:25 UTC)
I1002 04:41:25.589720 5817 catalog_manager.cc:2877] Scheduling retry of f199048d571c419eb586f6d1c3ddac07 (table test-alter-range-partitioning-invalid-unbounded [id=28630d9ce835454abf530e382fb41675]) Alter Table RPC with a delay of 50 ms (attempt = 0)
I1002 04:41:25.589870 5819 catalog_manager.cc:2877] Scheduling retry of 2124f2d695cb4d5a8f6b457dc8979d57 (table test-alter-range-partitioning-invalid-unbounded [id=28630d9ce835454abf530e382fb41675]) Alter Table RPC with a delay of 24 ms (attempt = 0)
W1002 04:41:25.589982 5817 catalog_manager.cc:2896] Async tablet task f199048d571c419eb586f6d1c3ddac07 (table test-alter-range-partitioning-invalid-unbounded [id=28630d9ce835454abf530e382fb41675]) Alter Table RPC failed: Not found: Failed to reset TS proxy: No leader found: Tablet f199048d571c419eb586f6d1c3ddac07 consensus state has no leader
W1002 04:41:25.590335 5819 catalog_manager.cc:2896] Async tablet task 2124f2d695cb4d5a8f6b457dc8979d57 (table test-alter-range-partitioning-invalid-unbounded [id=28630d9ce835454abf530e382fb41675]) Alter Table RPC failed: Not found: Failed to reset TS proxy: No leader found: Tablet 2124f2d695cb4d5a8f6b457dc8979d57 consensus state has no leader
W1002 04:41:25.592361 5819 catalog_manager.cc:3057] TS 92a92cc5760d4f9e993b905318665696 (127.7.153.1:39250): delete failed for tablet a4337842dcc44cf0ab25aa0b7f810246 because the tablet was not found. No further retry: Not found: Tablet not found: a4337842dcc44cf0ab25aa0b7f810246
I1002 04:41:25.593397 5904 tablet_service.cc:806] Processing DeleteTablet for tablet dad39dc14e5342f9b97f18a0a301fee1 with delete_type TABLET_DATA_DELETED (Partition dropped at 2017-10-02 04:41:25 UTC) from {username='slave'} at 127.0.0.1:45798
I1002 04:41:25.593711 5904 tablet_replica.cc:257] T dad39dc14e5342f9b97f18a0a301fee1 P 92a92cc5760d4f9e993b905318665696: stopping tablet replica
I1002 04:41:25.593948 5904 maintenance_manager.cc:228] P 92a92cc5760d4f9e993b905318665696: Unregistered op CompactRowSetsOp(dad39dc14e5342f9b97f18a0a301fee1)
I1002 04:41:25.593487 5833 catalog_manager.cc:1875] Servicing AlterTable request from {username='slave'} at 127.0.0.1:56410: table { table_name: "test-alter-range-partitioning-invalid-unbounded" } alter_schema_steps { type: DROP_RANGE_PARTITION drop_range_partition { range_bounds { rows: "\006\001\000\000\000\000\007\000" } } } schema { columns { name: "c0" type: INT32 is_key: true is_nullable: false encoding: AUTO_ENCODING compression: DEFAULT_COMPRESSION cfile_block_size: 0 } columns { name: "c1" type: INT32 is_key: false is_nullable: false encoding: AUTO_ENCODING compression: DEFAULT_COMPRESSION cfile_block_size: 0 } }
I1002 04:41:25.594128 5904 maintenance_manager.cc:228] P 92a92cc5760d4f9e993b905318665696: Unregistered op MinorDeltaCompactionOp(dad39dc14e5342f9b97f18a0a301fee1)
I1002 04:41:25.594306 5904 maintenance_manager.cc:228] P 92a92cc5760d4f9e993b905318665696: Unregistered op MajorDeltaCompactionOp(dad39dc14e5342f9b97f18a0a301fee1)
I1002 04:41:25.594462 5904 maintenance_manager.cc:228] P 92a92cc5760d4f9e993b905318665696: Unregistered op UndoDeltaBlockGCOp(dad39dc14e5342f9b97f18a0a301fee1)
I1002 04:41:25.594646 5904 maintenance_manager.cc:228] P 92a92cc5760d4f9e993b905318665696: Unregistered op FlushMRSOp(dad39dc14e5342f9b97f18a0a301fee1)
I1002 04:41:25.594821 5904 maintenance_manager.cc:228] P 92a92cc5760d4f9e993b905318665696: Unregistered op FlushDeltaMemStoresOp(dad39dc14e5342f9b97f18a0a301fee1)
I1002 04:41:25.594982 5904 maintenance_manager.cc:228] P 92a92cc5760d4f9e993b905318665696: Unregistered op LogGCOp(dad39dc14e5342f9b97f18a0a301fee1)
I1002 04:41:25.595139 5904 raft_consensus.cc:1809] T dad39dc14e5342f9b97f18a0a301fee1 P 92a92cc5760d4f9e993b905318665696 [term 1 LEADER]: Raft consensus shutting down.
I1002 04:41:25.595428 5904 raft_consensus.cc:1836] T dad39dc14e5342f9b97f18a0a301fee1 P 92a92cc5760d4f9e993b905318665696 [term 1 FOLLOWER]: Raft consensus is shut down!
I1002 04:41:25.596153 5818 catalog_manager.cc:2877] Scheduling retry of 324f6f5296ec4196903a9244e539c9d8 (table test-alter-range-partitioning-invalid-unbounded [id=28630d9ce835454abf530e382fb41675]) Alter Table RPC with a delay of 28 ms (attempt = 0)
W1002 04:41:25.596456 5818 catalog_manager.cc:2896] Async tablet task 324f6f5296ec4196903a9244e539c9d8 (table test-alter-range-partitioning-invalid-unbounded [id=28630d9ce835454abf530e382fb41675]) Alter Table RPC failed: Not found: Failed to reset TS proxy: No leader found: Tablet 324f6f5296ec4196903a9244e539c9d8 consensus state has no leader
I1002 04:41:25.596768 5818 catalog_manager.cc:2877] Scheduling retry of 2e11ab53d1834da3867e17c59001dd34 (table test-alter-range-partitioning-invalid-unbounded [id=28630d9ce835454abf530e382fb41675]) Alter Table RPC with a delay of 25 ms (attempt = 0)
W1002 04:41:25.597012 5818 catalog_manager.cc:2896] Async tablet task 2e11ab53d1834da3867e17c59001dd34 (table test-alter-range-partitioning-invalid-unbounded [id=28630d9ce835454abf530e382fb41675]) Alter Table RPC failed: Not found: Failed to reset TS proxy: No leader found: Tablet 2e11ab53d1834da3867e17c59001dd34 consensus state has no leader
I1002 04:41:25.597328 5818 catalog_manager.cc:2877] Scheduling retry of 4aa07f5bc7fa4d689318a63bfd75d334 (table test-alter-range-partitioning-invalid-unbounded [id=28630d9ce835454abf530e382fb41675]) Alter Table RPC with a delay of 35 ms (attempt = 0)
W1002 04:41:25.597556 5818 catalog_manager.cc:2896] Async tablet task 4aa07f5bc7fa4d689318a63bfd75d334 (table test-alter-range-partitioning-invalid-unbounded [id=28630d9ce835454abf530e382fb41675]) Alter Table RPC failed: Not found: Failed to reset TS proxy: No leader found: Tablet 4aa07f5bc7fa4d689318a63bfd75d334 consensus state has no leader
I1002 04:41:25.597972 5816 catalog_manager.cc:2877] Scheduling retry of c464d87b2b3d43d289fbbd56acb0dd90 (table test-alter-range-partitioning-invalid-unbounded [id=28630d9ce835454abf530e382fb41675]) Alter Table RPC with a delay of 14 ms (attempt = 0)
W1002 04:41:25.598263 5816 catalog_manager.cc:2896] Async tablet task c464d87b2b3d43d289fbbd56acb0dd90 (table test-alter-range-partitioning-invalid-unbounded [id=28630d9ce835454abf530e382fb41675]) Alter Table RPC failed: Not found: Failed to reset TS proxy: No leader found: Tablet c464d87b2b3d43d289fbbd56acb0dd90 consensus state has no leader
I1002 04:41:25.598580 5816 catalog_manager.cc:2877] Scheduling retry of 625d812d6032468588f4b9a5d553c83c (table test-alter-range-partitioning-invalid-unbounded [id=28630d9ce835454abf530e382fb41675]) Alter Table RPC with a delay of 32 ms (attempt = 0)
W1002 04:41:25.598806 5816 catalog_manager.cc:2896] Async tablet task 625d812d6032468588f4b9a5d553c83c (table test-alter-range-partitioning-invalid-unbounded [id=28630d9ce835454abf530e382fb41675]) Alter Table RPC failed: Not found: Failed to reset TS proxy: No leader found: Tablet 625d812d6032468588f4b9a5d553c83c consensus state has no leader
I1002 04:41:25.599174 5905 ts_tablet_manager.cc:1028] T 6c9a07331aee4b64939857be92f02f99 P 92a92cc5760d4f9e993b905318665696: Registered tablet (data state: TABLET_DATA_READY)
I1002 04:41:25.599208 5817 catalog_manager.cc:2877] Scheduling retry of c2b8cfa799034977a43798f4f83e8d3d (table test-alter-range-partitioning-invalid-unbounded [id=28630d9ce835454abf530e382fb41675]) Alter Table RPC with a delay of 38 ms (attempt = 0)
W1002 04:41:25.599521 5817 catalog_manager.cc:2896] Async tablet task c2b8cfa799034977a43798f4f83e8d3d (table test-alter-range-partitioning-invalid-unbounded [id=28630d9ce835454abf530e382fb41675]) Alter Table RPC failed: Not found: Failed to reset TS proxy: No leader found: Tablet c2b8cfa799034977a43798f4f83e8d3d consensus state has no leader
I1002 04:41:25.599771 5951 ts_tablet_manager.cc:878] T 6c9a07331aee4b64939857be92f02f99 P 92a92cc5760d4f9e993b905318665696: Bootstrapping tablet
I1002 04:41:25.600112 5833 catalog_manager.cc:3442] T 00000000000000000000000000000000 P 4f89f43c5b1b4a7ab82ebafc420bd1f8: Sending DeleteTablet for 1 replicas of tablet 6c9a07331aee4b64939857be92f02f99
I1002 04:41:25.600455 5833 catalog_manager.cc:3099] Sending DeleteTablet(TABLET_DATA_DELETED) for tablet 6c9a07331aee4b64939857be92f02f99 on 92a92cc5760d4f9e993b905318665696 (127.7.153.1:39250) (Partition dropped at 2017-10-02 04:41:25 UTC)
I1002 04:41:25.600484 5819 catalog_manager.cc:2877] Scheduling retry of dad39dc14e5342f9b97f18a0a301fee1 (table test-alter-range-partitioning-invalid-unbounded [id=28630d9ce835454abf530e382fb41675]) Alter Table RPC with a delay of 35 ms (attempt = 0)
W1002 04:41:25.600752 5819 catalog_manager.cc:2896] Async tablet task dad39dc14e5342f9b97f18a0a301fee1 (table test-alter-range-partitioning-invalid-unbounded [id=28630d9ce835454abf530e382fb41675]) Alter Table RPC failed: Not found: Failed to reset TS proxy: No leader found: Tablet dad39dc14e5342f9b97f18a0a301fee1 consensus state has no leader
I1002 04:41:25.600991 5904 ts_tablet_manager.cc:1203] T dad39dc14e5342f9b97f18a0a301fee1 P 92a92cc5760d4f9e993b905318665696: Deleting tablet data with delete state TABLET_DATA_DELETED
I1002 04:41:25.601029 5819 catalog_manager.cc:3099] Sending DeleteTablet(TABLET_DATA_DELETED) for tablet dad39dc14e5342f9b97f18a0a301fee1 on 92a92cc5760d4f9e993b905318665696 (127.7.153.1:39250) (Partition dropped at 2017-10-02 04:41:25 UTC)
I1002 04:41:25.602258 5951 tablet_bootstrap.cc:432] T 6c9a07331aee4b64939857be92f02f99 P 92a92cc5760d4f9e993b905318665696: Bootstrap starting.
I1002 04:41:25.602632 5816 catalog_manager.cc:2877] Scheduling retry of a8b2305aec07407b90e96939b7b0120c (table test-alter-range-partitioning-invalid-unbounded [id=28630d9ce835454abf530e382fb41675]) Alter Table RPC with a delay of 28 ms (attempt = 0)
W1002 04:41:25.602922 5816 catalog_manager.cc:2896] Async tablet task a8b2305aec07407b90e96939b7b0120c (table test-alter-range-partitioning-invalid-unbounded [id=28630d9ce835454abf530e382fb41675]) Alter Table RPC failed: Not found: Failed to reset TS proxy: No leader found: Tablet a8b2305aec07407b90e96939b7b0120c consensus state has no leader
I1002 04:41:25.603271 5905 tablet_service.cc:806] Processing DeleteTablet for tablet 6c9a07331aee4b64939857be92f02f99 with delete_type TABLET_DATA_DELETED (Partition dropped at 2017-10-02 04:41:25 UTC) from {username='slave'} at 127.0.0.1:45798
I1002 04:41:25.604584 5903 tablet_service.cc:806] Processing DeleteTablet for tablet dad39dc14e5342f9b97f18a0a301fee1 with delete_type TABLET_DATA_DELETED (Partition dropped at 2017-10-02 04:41:25 UTC) from {username='slave'} at 127.0.0.1:45798
I1002 04:41:25.604971 5951 tablet_bootstrap.cc:567] T 6c9a07331aee4b64939857be92f02f99 P 92a92cc5760d4f9e993b905318665696: No blocks or log segments found. Creating new log.
I1002 04:41:25.605262 5817 catalog_manager.cc:2877] Scheduling retry of a4337842dcc44cf0ab25aa0b7f810246 (table test-alter-range-partitioning-invalid-unbounded [id=28630d9ce835454abf530e382fb41675]) Alter Table RPC with a delay of 36 ms (attempt = 0)
W1002 04:41:25.605556 5817 catalog_manager.cc:2896] Async tablet task a4337842dcc44cf0ab25aa0b7f810246 (table test-alter-range-partitioning-invalid-unbounded [id=28630d9ce835454abf530e382fb41675]) Alter Table RPC failed: Not found: Failed to reset TS proxy: No leader found: Tablet a4337842dcc44cf0ab25aa0b7f810246 consensus state has no leader
I1002 04:41:25.605813 5816 catalog_manager.cc:2877] Scheduling retry of 31cb9f984a544fe7a23255fb0491a3cc (table test-alter-range-partitioning-invalid-unbounded [id=28630d9ce835454abf530e382fb41675]) Alter Table RPC with a delay of 10 ms (attempt = 0)
W1002 04:41:25.606101 5816 catalog_manager.cc:2896] Async tablet task 31cb9f984a544fe7a23255fb0491a3cc (table test-alter-range-partitioning-invalid-unbounded [id=28630d9ce835454abf530e382fb41675]) Alter Table RPC failed: Not found: Failed to reset TS proxy: No leader found: Tablet 31cb9f984a544fe7a23255fb0491a3cc consensus state has no leader
I1002 04:41:25.606832 5819 catalog_manager.cc:2877] Scheduling retry of eb376630c04d401f851e8216633104af (table test-alter-range-partitioning-invalid-unbounded [id=28630d9ce835454abf530e382fb41675]) Alter Table RPC with a delay of 40 ms (attempt = 0)
W1002 04:41:25.607146 5819 catalog_manager.cc:2896] Async tablet task eb376630c04d401f851e8216633104af (table test-alter-range-partitioning-invalid-unbounded [id=28630d9ce835454abf530e382fb41675]) Alter Table RPC failed: Not found: Failed to reset TS proxy: No leader found: Tablet eb376630c04d401f851e8216633104af consensus state has no leader
I1002 04:41:25.608696 5818 catalog_manager.cc:2877] Scheduling retry of 6c9a07331aee4b64939857be92f02f99 (table test-alter-range-partitioning-invalid-unbounded [id=28630d9ce835454abf530e382fb41675]) Alter Table RPC with a delay of 22 ms (attempt = 0)
W1002 04:41:25.608975 5818 catalog_manager.cc:2896] Async tablet task 6c9a07331aee4b64939857be92f02f99 (table test-alter-range-partitioning-invalid-unbounded [id=28630d9ce835454abf530e382fb41675]) Alter Table RPC failed: Not found: Failed to reset TS proxy: No leader found: Tablet 6c9a07331aee4b64939857be92f02f99 consensus state has no leader
I1002 04:41:25.609016 5817 catalog_manager.cc:2877] Scheduling retry of eab92c5faddf43bba4543442e4dcf3d2 (table test-alter-range-partitioning-invalid-unbounded [id=28630d9ce835454abf530e382fb41675]) Alter Table RPC with a delay of 40 ms (attempt = 0)
W1002 04:41:25.609283 5817 catalog_manager.cc:2896] Async tablet task eab92c5faddf43bba4543442e4dcf3d2 (table test-alter-range-partitioning-invalid-unbounded [id=28630d9ce835454abf530e382fb41675]) Alter Table RPC failed: Not found: Failed to reset TS proxy: No leader found: Tablet eab92c5faddf43bba4543442e4dcf3d2 consensus state has no leader
I1002 04:41:25.609721 5816 catalog_manager.cc:2877] Scheduling retry of 4a6f2c5116d04bf786fe29f7cfe1953c (table test-alter-range-partitioning-invalid-unbounded [id=28630d9ce835454abf530e382fb41675]) Alter Table RPC with a delay of 31 ms (attempt = 0)
W1002 04:41:25.610002 5816 catalog_manager.cc:2896] Async tablet task 4a6f2c5116d04bf786fe29f7cfe1953c (table test-alter-range-partitioning-invalid-unbounded [id=28630d9ce835454abf530e382fb41675]) Alter Table RPC failed: Not found: Failed to reset TS proxy: No leader found: Tablet 4a6f2c5116d04bf786fe29f7cfe1953c consensus state has no leader
I1002 04:41:25.610240 5904 ts_tablet_manager.cc:1216] T dad39dc14e5342f9b97f18a0a301fee1 P 92a92cc5760d4f9e993b905318665696: tablet deleted: last-logged OpId: 1.1
I1002 04:41:25.610508 5904 log.cc:980] T dad39dc14e5342f9b97f18a0a301fee1 P 92a92cc5760d4f9e993b905318665696: Deleting WAL directory at /tmp/run_tha_test1fMIRV/test-tmp/alter_table-test.AlterTableTest.TestAddRangePartitionConflictExhaustive.1506919259568928-1945/minicluster-data/ts-0-root/wals/dad39dc14e5342f9b97f18a0a301fee1
I1002 04:41:25.610437 5818 catalog_manager.cc:2877] Scheduling retry of ffc46f65c62d4d5dbb276546317c22ad (table test-alter-range-partitioning-invalid-unbounded [id=28630d9ce835454abf530e382fb41675]) Alter Table RPC with a delay of 32 ms (attempt = 0)
W1002 04:41:25.610765 5818 catalog_manager.cc:2896] Async tablet task ffc46f65c62d4d5dbb276546317c22ad (table test-alter-range-partitioning-invalid-unbounded [id=28630d9ce835454abf530e382fb41675]) Alter Table RPC failed: Not found: Failed to reset TS proxy: No leader found: Tablet ffc46f65c62d4d5dbb276546317c22ad consensus state has no leader
I1002 04:41:25.610796 5817 catalog_manager.cc:2877] Scheduling retry of f05a246de6154981a64cf15b78055baf (table test-alter-range-partitioning-invalid-unbounded [id=28630d9ce835454abf530e382fb41675]) Alter Table RPC with a delay of 17 ms (attempt = 0)
W1002 04:41:25.611090 5817 catalog_manager.cc:2896] Async tablet task f05a246de6154981a64cf15b78055baf (table test-alter-range-partitioning-invalid-unbounded [id=28630d9ce835454abf530e382fb41675]) Alter Table RPC failed: Not found: Failed to reset TS proxy: No leader found: Tablet f05a246de6154981a64cf15b78055baf consensus state has no leader
I1002 04:41:25.611765 5904 ts_tablet_manager.cc:1234] T dad39dc14e5342f9b97f18a0a301fee1 P 92a92cc5760d4f9e993b905318665696: Deleting consensus metadata
I1002 04:41:25.612459 5819 catalog_manager.cc:2877] Scheduling retry of 523dc850ea83468f991a8ac636839d86 (table test-alter-range-partitioning-invalid-unbounded [id=28630d9ce835454abf530e382fb41675]) Alter Table RPC with a delay of 46 ms (attempt = 0)
W1002 04:41:25.612797 5819 catalog_manager.cc:2896] Async tablet task 523dc850ea83468f991a8ac636839d86 (table test-alter-range-partitioning-invalid-unbounded [id=28630d9ce835454abf530e382fb41675]) Alter Table RPC failed: Not found: Failed to reset TS proxy: No leader found: Tablet 523dc850ea83468f991a8ac636839d86 consensus state has no leader
I1002 04:41:25.613088 5819 catalog_manager.cc:2877] Scheduling retry of 9b2c62df81784394994baa99bc83b430 (table test-alter-range-partitioning-invalid-unbounded [id=28630d9ce835454abf530e382fb41675]) Alter Table RPC with a delay of 55 ms (attempt = 0)
I1002 04:41:25.613512 5816 catalog_manager.cc:2877] Scheduling retry of c464d87b2b3d43d289fbbd56acb0dd90 (table test-alter-range-partitioning-invalid-unbounded [id=28630d9ce835454abf530e382fb41675]) Alter Table RPC with a delay of 44 ms (attempt = 0)
W1002 04:41:25.613301 5819 catalog_manager.cc:2896] Async tablet task 9b2c62df81784394994baa99bc83b430 (table test-alter-range-partitioning-invalid-unbounded [id=28630d9ce835454abf530e382fb41675]) Alter Table RPC failed: Not found: Failed to reset TS proxy: No leader found: Tablet 9b2c62df81784394994baa99bc83b430 consensus state has no leader
W1002 04:41:25.613782 5816 catalog_manager.cc:2896] Async tablet task c464d87b2b3d43d289fbbd56acb0dd90 (table test-alter-range-partitioning-invalid-unbounded [id=28630d9ce835454abf530e382fb41675]) Alter Table RPC failed: Not found: Failed to reset TS proxy: No leader found: Tablet c464d87b2b3d43d289fbbd56acb0dd90 consensus state has no leader
W1002 04:41:25.614148 5819 catalog_manager.cc:3069] TS 92a92cc5760d4f9e993b905318665696 (127.7.153.1:39250): delete failed for tablet 6c9a07331aee4b64939857be92f02f99 with error code TABLET_NOT_RUNNING: Illegal state: State transition of tablet 6c9a07331aee4b64939857be92f02f99 already in progress: creating tablet
I1002 04:41:25.614413 5819 catalog_manager.cc:2877] Scheduling retry of 6c9a07331aee4b64939857be92f02f99 Delete Tablet RPC for TS=92a92cc5760d4f9e993b905318665696 with a delay of 63 ms (attempt = 1)
I1002 04:41:25.614821 5819 catalog_manager.cc:2877] Scheduling retry of 2124f2d695cb4d5a8f6b457dc8979d57 (table test-alter-range-partitioning-invalid-unbounded [id=28630d9ce835454abf530e382fb41675]) Alter Table RPC with a delay of 22 ms (attempt = 0)
W1002 04:41:25.615046 5819 catalog_manager.cc:2896] Async tablet task 2124f2d695cb4d5a8f6b457dc8979d57 (table test-alter-range-partitioning-invalid-unbounded [id=28630d9ce835454abf530e382fb41675]) Alter Table RPC failed: Not found: Failed to reset TS proxy: No leader found: Tablet 2124f2d695cb4d5a8f6b457dc8979d57 consensus state has no leader
I1002 04:41:25.615298 5818 catalog_manager.cc:2877] Scheduling retry of ac9bed6c3606451ba4f9ee159fbd44ea (table test-alter-range-partitioning-invalid-unbounded [id=28630d9ce835454abf530e382fb41675]) Alter Table RPC with a delay of 13 ms (attempt = 0)
W1002 04:41:25.615598 5818 catalog_manager.cc:2896] Async tablet task ac9bed6c3606451ba4f9ee159fbd44ea (table test-alter-range-partitioning-invalid-unbounded [id=28630d9ce835454abf530e382fb41675]) Alter Table RPC failed: Not found: Failed to reset TS proxy: No leader found: Tablet ac9bed6c3606451ba4f9ee159fbd44ea consensus state has no leader
I1002 04:41:25.615625 5817 catalog_manager.cc:2877] Scheduling retry of 16347b539ec7456684793f254094ed89 (table test-alter-range-partitioning-invalid-unbounded [id=28630d9ce835454abf530e382fb41675]) Alter Table RPC with a delay of 15 ms (attempt = 0)
W1002 04:41:25.615931 5817 catalog_manager.cc:2896] Async tablet task 16347b539ec7456684793f254094ed89 (table test-alter-range-partitioning-invalid-unbounded [id=28630d9ce835454abf530e382fb41675]) Alter Table RPC failed: Not found: Failed to reset TS proxy: No leader found: Tablet 16347b539ec7456684793f254094ed89 consensus state has no leader
I1002 04:41:25.616048 5816 catalog_manager.cc:2877] Scheduling retry of 2efdf5f4e04644448a2558f9940b74c1 (table test-alter-range-partitioning-invalid-unbounded [id=28630d9ce835454abf530e382fb41675]) Alter Table RPC with a delay of 42 ms (attempt = 0)
W1002 04:41:25.616350 5816 catalog_manager.cc:2896] Async tablet task 2efdf5f4e04644448a2558f9940b74c1 (table test-alter-range-partitioning-invalid-unbounded [id=28630d9ce835454abf530e382fb41675]) Alter Table RPC failed: Not found: Failed to reset TS proxy: No leader found: Tablet 2efdf5f4e04644448a2558f9940b74c1 consensus state has no leader
W1002 04:41:25.616585 5819 catalog_manager.cc:3069] TS 92a92cc5760d4f9e993b905318665696 (127.7.153.1:39250): delete failed for tablet dad39dc14e5342f9b97f18a0a301fee1 with error code TABLET_NOT_RUNNING: Illegal state: State transition of tablet dad39dc14e5342f9b97f18a0a301fee1 already in progress: deleting tablet
I1002 04:41:25.616734 5816 catalog_manager.cc:2877] Scheduling retry of 31cb9f984a544fe7a23255fb0491a3cc (table test-alter-range-partitioning-invalid-unbounded [id=28630d9ce835454abf530e382fb41675]) Alter Table RPC with a delay of 26 ms (attempt = 0)
I1002 04:41:25.616881 5819 catalog_manager.cc:2877] Scheduling retry of dad39dc14e5342f9b97f18a0a301fee1 Delete Tablet RPC for TS=92a92cc5760d4f9e993b905318665696 with a delay of 50 ms (attempt = 2)
W1002 04:41:25.617033 5816 catalog_manager.cc:2896] Async tablet task 31cb9f984a544fe7a23255fb0491a3cc (table test-alter-range-partitioning-invalid-unbounded [id=28630d9ce835454abf530e382fb41675]) Alter Table RPC failed: Not found: Failed to reset TS proxy: No leader found: Tablet 31cb9f984a544fe7a23255fb0491a3cc consensus state has no leader
I1002 04:41:25.616623 5833 catalog_manager.cc:1875] Servicing AlterTable request from {username='slave'} at 127.0.0.1:56410: table { table_name: "test-alter-range-partitioning-invalid-unbounded" } alter_schema_steps { type: ADD_RANGE_PARTITION add_range_partition { range_bounds { rows: "\006\001\000\000\000\000\007\000" } } } alter_schema_steps { type: ADD_RANGE_PARTITION add_range_partition { range_bounds { rows: "\006\001\000\000\000\000\007\001d\000\000\000" } } } schema { columns { name: "c0" type: INT32 is_key: true is_nullable: false encoding: AUTO_ENCODING compression: DEFAULT_COMPRESSION cfile_block_size: 0 } columns { name: "c1" type: INT32 is_key: false is_nullable: false encoding: AUTO_ENCODING compression: DEFAULT_COMPRESSION cfile_block_size: 0 } }
I1002 04:41:25.617326 5819 catalog_manager.cc:3077] TS 92a92cc5760d4f9e993b905318665696 (127.7.153.1:39250): tablet dad39dc14e5342f9b97f18a0a301fee1 (table test-alter-range-partitioning-invalid-unbounded [id=28630d9ce835454abf530e382fb41675]) successfully deleted
I1002 04:41:25.617993 5951 tablet_bootstrap.cc:432] T 6c9a07331aee4b64939857be92f02f99 P 92a92cc5760d4f9e993b905318665696: No bootstrap required, opened a new log
I1002 04:41:25.618332 5951 ts_tablet_manager.cc:903] T 6c9a07331aee4b64939857be92f02f99 P 92a92cc5760d4f9e993b905318665696: Time spent bootstrapping tablet: real 0.016s user 0.000s sys 0.008s
I1002 04:41:25.619854 5951 raft_consensus.cc:286] T 6c9a07331aee4b64939857be92f02f99 P 92a92cc5760d4f9e993b905318665696 [term 0 FOLLOWER]: Replica starting. Triggering 0 pending transactions. Active config: opid_index: -1 OBSOLETE_local: true peers { permanent_uuid: "92a92cc5760d4f9e993b905318665696" member_type: VOTER last_known_addr { host: "127.7.153.1" port: 39250 } }
I1002 04:41:25.620321 5951 raft_consensus.cc:312] T 6c9a07331aee4b64939857be92f02f99 P 92a92cc5760d4f9e993b905318665696 [term 0 FOLLOWER]: Consensus starting up: Expiring failure detector timer to make a prompt election more likely
I1002 04:41:25.620054 5833 catalog_manager.cc:1875] Servicing AlterTable request from {username='slave'} at 127.0.0.1:56410: table { table_name: "test-alter-range-partitioning-invalid-unbounded" } alter_schema_steps { type: ADD_RANGE_PARTITION add_range_partition { range_bounds { rows: "\006\001\000\000\000\000\007\000" } } } schema { columns { name: "c0" type: INT32 is_key: true is_nullable: false encoding: AUTO_ENCODING compression: DEFAULT_COMPRESSION cfile_block_size: 0 } columns { name: "c1" type: INT32 is_key: false is_nullable: false encoding: AUTO_ENCODING compression: DEFAULT_COMPRESSION cfile_block_size: 0 } }
I1002 04:41:25.620661 5951 raft_consensus.cc:578] T 6c9a07331aee4b64939857be92f02f99 P 92a92cc5760d4f9e993b905318665696 [term 0 FOLLOWER]: Becoming Follower/Learner. State: Replica: 92a92cc5760d4f9e993b905318665696, State: Initialized, Role: FOLLOWER
I1002 04:41:25.620971 5951 consensus_queue.cc:190] T 6c9a07331aee4b64939857be92f02f99 P 92a92cc5760d4f9e993b905318665696 [NON_LEADER]: Queue going to NON_LEADER mode. State: All replicated index: 0, Majority replicated index: 0, Committed index: 0, Last appended: 0.0, Last appended by leader: 0, Current term: 0, Majority size: -1, State: 0, Mode: NON_LEADER
I1002 04:41:25.621271 5951 raft_consensus.cc:327] T 6c9a07331aee4b64939857be92f02f99 P 92a92cc5760d4f9e993b905318665696 [term 0 FOLLOWER]: Only one voter in the Raft config. Triggering election immediately
I1002 04:41:25.621459 5951 raft_consensus.cc:411] T 6c9a07331aee4b64939857be92f02f99 P 92a92cc5760d4f9e993b905318665696 [term 0 FOLLOWER]: Starting leader election (initial election of a single-replica configuration)
I1002 04:41:25.621662 5951 raft_consensus.cc:2457] T 6c9a07331aee4b64939857be92f02f99 P 92a92cc5760d4f9e993b905318665696: Snoozing failure detection for 2.187s (starting election)
I1002 04:41:25.621888 5951 raft_consensus.cc:2509] T 6c9a07331aee4b64939857be92f02f99 P 92a92cc5760d4f9e993b905318665696 [term 0 FOLLOWER]: Advancing to term 1
I1002 04:41:25.623208 5818 catalog_manager.cc:2877] Scheduling retry of 2e11ab53d1834da3867e17c59001dd34 (table test-alter-range-partitioning-invalid-unbounded [id=28630d9ce835454abf530e382fb41675]) Alter Table RPC with a delay of 56 ms (attempt = 0)
W1002 04:41:25.623510 5818 catalog_manager.cc:2896] Async tablet task 2e11ab53d1834da3867e17c59001dd34 (table test-alter-range-partitioning-invalid-unbounded [id=28630d9ce835454abf530e382fb41675]) Alter Table RPC failed: Not found: Failed to reset TS proxy: No leader found: Tablet 2e11ab53d1834da3867e17c59001dd34 consensus state has no leader
I1002 04:41:25.624505 5833 catalog_manager.cc:2877] Scheduling retry of 5c7395dfe7b545d8804f641939bc7d8d (table test-alter-range-partitioning-invalid-unbounded [id=28630d9ce835454abf530e382fb41675]) Alter Table RPC with a delay of 18 ms (attempt = 0)
W1002 04:41:25.624742 5833 catalog_manager.cc:3416] Failed to send alter table request: Not found: Failed to reset TS proxy: No leader found: Tablet 5c7395dfe7b545d8804f641939bc7d8d has no consensus state
I1002 04:41:25.624958 5817 catalog_manager.cc:2877] Scheduling retry of c590266196284e13bd9569bb434bd2bf (table test-alter-range-partitioning-invalid-unbounded [id=28630d9ce835454abf530e382fb41675]) Alter Table RPC with a delay of 22 ms (attempt = 0)
W1002 04:41:25.625232 5817 catalog_manager.cc:2896] Async tablet task c590266196284e13bd9569bb434bd2bf (table test-alter-range-partitioning-invalid-unbounded [id=28630d9ce835454abf530e382fb41675]) Alter Table RPC failed: Not found: Failed to reset TS proxy: No leader found: Tablet c590266196284e13bd9569bb434bd2bf consensus state has no leader
I1002 04:41:25.626096 5818 catalog_manager.cc:2877] Scheduling retry of 324f6f5296ec4196903a9244e539c9d8 (table test-alter-range-partitioning-invalid-unbounded [id=28630d9ce835454abf530e382fb41675]) Alter Table RPC with a delay of 39 ms (attempt = 0)
W1002 04:41:25.626394 5818 catalog_manager.cc:2896] Async tablet task 324f6f5296ec4196903a9244e539c9d8 (table test-alter-range-partitioning-invalid-unbounded [id=28630d9ce835454abf530e382fb41675]) Alter Table RPC failed: Not found: Failed to reset TS proxy: No leader found: Tablet 324f6f5296ec4196903a9244e539c9d8 consensus state has no leader
I1002 04:41:25.628183 5951 raft_consensus.cc:433] T 6c9a07331aee4b64939857be92f02f99 P 92a92cc5760d4f9e993b905318665696 [term 1 FOLLOWER]: Starting leader election with config: opid_index: -1 OBSOLETE_local: true peers { permanent_uuid: "92a92cc5760d4f9e993b905318665696" member_type: VOTER last_known_addr { host: "127.7.153.1" port: 39250 } }
I1002 04:41:25.628800 5951 leader_election.cc:248] T 6c9a07331aee4b64939857be92f02f99 P 92a92cc5760d4f9e993b905318665696 [CANDIDATE]: Term 1 election: Election decided. Result: candidate won.
I1002 04:41:25.629250 5953 raft_consensus.cc:2457] T 6c9a07331aee4b64939857be92f02f99 P 92a92cc5760d4f9e993b905318665696: Snoozing failure detection for 1.907s (election complete)
I1002 04:41:25.629499 5953 raft_consensus.cc:2281] T 6c9a07331aee4b64939857be92f02f99 P 92a92cc5760d4f9e993b905318665696 [term 1 FOLLOWER]: Leader election won for term 1
I1002 04:41:25.629842 5953 raft_consensus.cc:545] T 6c9a07331aee4b64939857be92f02f99 P 92a92cc5760d4f9e993b905318665696 [term 1 LEADER]: Becoming Leader. State: Replica: 92a92cc5760d4f9e993b905318665696, State: Running, Role: LEADER
I1002 04:41:25.630177 5817 catalog_manager.cc:2877] Scheduling retry of f05a246de6154981a64cf15b78055baf (table test-alter-range-partitioning-invalid-unbounded [id=28630d9ce835454abf530e382fb41675]) Alter Table RPC with a delay of 16 ms (attempt = 0)
I1002 04:41:25.630139 5953 consensus_queue.cc:169] T 6c9a07331aee4b64939857be92f02f99 P 92a92cc5760d4f9e993b905318665696 [LEADER]: Queue going to LEADER mode. State: All replicated index: 0, Majority replicated index: 0, Committed index: 0, Last appended: 0.0, Last appended by leader: 0, Current term: 1, Majority size: 1, State: 0, Mode: LEADER, active raft config: opid_index: -1 OBSOLETE_local: true peers { permanent_uuid: "92a92cc5760d4f9e993b905318665696" member_type: VOTER last_known_addr { host: "127.7.153.1" port: 39250 } }
W1002 04:41:25.630492 5817 catalog_manager.cc:2896] Async tablet task f05a246de6154981a64cf15b78055baf (table test-alter-range-partitioning-invalid-unbounded [id=28630d9ce835454abf530e382fb41675]) Alter Table RPC failed: Not found: Failed to reset TS proxy: No leader found: Tablet f05a246de6154981a64cf15b78055baf consensus state has no leader
I1002 04:41:25.630154 5833 catalog_manager.cc:1875] Servicing AlterTable request from {username='slave'} at 127.0.0.1:56410: table { table_name: "test-alter-range-partitioning-invalid-unbounded" } alter_schema_steps { type: DROP_RANGE_PARTITION drop_range_partition { range_bounds { rows: "\006\001\000\000\000\000\007\001d\000\000\000" } } } schema { columns { name: "c0" type: INT32 is_key: true is_nullable: false encoding: AUTO_ENCODING compression: DEFAULT_COMPRESSION cfile_block_size: 0 } columns { name: "c1" type: INT32 is_key: false is_nullable: false encoding: AUTO_ENCODING compression: DEFAULT_COMPRESSION cfile_block_size: 0 } }
I1002 04:41:25.631304 5818 catalog_manager.cc:2877] Scheduling retry of ac9bed6c3606451ba4f9ee159fbd44ea (table test-alter-range-partitioning-invalid-unbounded [id=28630d9ce835454abf530e382fb41675]) Alter Table RPC with a delay of 50 ms (attempt = 0)
W1002 04:41:25.631584 5818 catalog_manager.cc:2896] Async tablet task ac9bed6c3606451ba4f9ee159fbd44ea (table test-alter-range-partitioning-invalid-unbounded [id=28630d9ce835454abf530e382fb41675]) Alter Table RPC failed: Not found: Failed to reset TS proxy: No leader found: Tablet ac9bed6c3606451ba4f9ee159fbd44ea consensus state has no leader
I1002 04:41:25.631795 5816 catalog_manager.cc:2877] Scheduling retry of 625d812d6032468588f4b9a5d553c83c (table test-alter-range-partitioning-invalid-unbounded [id=28630d9ce835454abf530e382fb41675]) Alter Table RPC with a delay of 45 ms (attempt = 0)
I1002 04:41:25.631983 5818 catalog_manager.cc:2877] Scheduling retry of 6c9a07331aee4b64939857be92f02f99 (table test-alter-range-partitioning-invalid-unbounded [id=28630d9ce835454abf530e382fb41675]) Alter Table RPC with a delay of 42 ms (attempt = 0)
W1002 04:41:25.632097 5816 catalog_manager.cc:2896] Async tablet task 625d812d6032468588f4b9a5d553c83c (table test-alter-range-partitioning-invalid-unbounded [id=28630d9ce835454abf530e382fb41675]) Alter Table RPC failed: Not found: Failed to reset TS proxy: No leader found: Tablet 625d812d6032468588f4b9a5d553c83c consensus state has no leader
I1002 04:41:25.632025 5904 tablet_service.cc:765] Processing CreateTablet for tablet 5c7395dfe7b545d8804f641939bc7d8d (table=test-alter-range-partitioning-invalid-unbounded [id=28630d9ce835454abf530e382fb41675]), partition=RANGE (c0) PARTITION VALUES >= 0
W1002 04:41:25.632251 5818 catalog_manager.cc:2896] Async tablet task 6c9a07331aee4b64939857be92f02f99 (table test-alter-range-partitioning-invalid-unbounded [id=28630d9ce835454abf530e382fb41675]) Alter Table RPC failed: Not found: Failed to reset TS proxy: No leader found: Tablet 6c9a07331aee4b64939857be92f02f99 consensus state has no leader
I1002 04:41:25.632468 5816 catalog_manager.cc:2877] Scheduling retry of a8b2305aec07407b90e96939b7b0120c (table test-alter-range-partitioning-invalid-unbounded [id=28630d9ce835454abf530e382fb41675]) Alter Table RPC with a delay of 32 ms (attempt = 0)
W1002 04:41:25.632717 5816 catalog_manager.cc:2896] Async tablet task a8b2305aec07407b90e96939b7b0120c (table test-alter-range-partitioning-invalid-unbounded [id=28630d9ce835454abf530e382fb41675]) Alter Table RPC failed: Not found: Failed to reset TS proxy: No leader found: Tablet a8b2305aec07407b90e96939b7b0120c consensus state has no leader
I1002 04:41:25.633713 5818 catalog_manager.cc:2877] Scheduling retry of 4aa07f5bc7fa4d689318a63bfd75d334 (table test-alter-range-partitioning-invalid-unbounded [id=28630d9ce835454abf530e382fb41675]) Alter Table RPC with a delay of 22 ms (attempt = 0)
W1002 04:41:25.634014 5818 catalog_manager.cc:2896] Async tablet task 4aa07f5bc7fa4d689318a63bfd75d334 (table test-alter-range-partitioning-invalid-unbounded [id=28630d9ce835454abf530e382fb41675]) Alter Table RPC failed: Not found: Failed to reset TS proxy: No leader found: Tablet 4aa07f5bc7fa4d689318a63bfd75d334 consensus state has no leader
I1002 04:41:25.636163 5951 ts_tablet_manager.cc:931] T 6c9a07331aee4b64939857be92f02f99 P 92a92cc5760d4f9e993b905318665696: Time spent starting tablet: real 0.018s user 0.012s sys 0.000s
