I1002 04:41:24.413771 5906 log.cc:980] T c94b445a3eb54d18ba979ac6ab5f3fb0 P 92a92cc5760d4f9e993b905318665696: Deleting WAL directory at /tmp/run_tha_test1fMIRV/test-tmp/alter_table-test.AlterTableTest.TestAddRangePartitionConflictExhaustive.1506919259568928-1945/minicluster-data/ts-0-root/wals/c94b445a3eb54d18ba979ac6ab5f3fb0
I1002 04:41:24.414330 5906 ts_tablet_manager.cc:1234] T c94b445a3eb54d18ba979ac6ab5f3fb0 P 92a92cc5760d4f9e993b905318665696: Deleting consensus metadata
I1002 04:41:24.416709 5832 catalog_manager.cc:1875] Servicing AlterTable request from {username='slave'} at 127.0.0.1:56410: table { table_name: "test-alter-range-partitioning-invalid-unbounded" } alter_schema_steps { type: ADD_RANGE_PARTITION add_range_partition { range_bounds { rows: "\006\001\000\000\000\000\007\001d\000\000\000" } } } schema { columns { name: "c0" type: INT32 is_key: true is_nullable: false encoding: AUTO_ENCODING compression: DEFAULT_COMPRESSION cfile_block_size: 0 } columns { name: "c1" type: INT32 is_key: false is_nullable: false encoding: AUTO_ENCODING compression: DEFAULT_COMPRESSION cfile_block_size: 0 } }
I1002 04:41:24.420238 5819 catalog_manager.cc:3077] TS 92a92cc5760d4f9e993b905318665696 (127.7.153.1:39250): tablet c94b445a3eb54d18ba979ac6ab5f3fb0 (table test-alter-range-partitioning-invalid-unbounded [id=28630d9ce835454abf530e382fb41675]) successfully deleted
I1002 04:41:24.421315 5906 tablet_service.cc:765] Processing CreateTablet for tablet 324f6f5296ec4196903a9244e539c9d8 (table=test-alter-range-partitioning-invalid-unbounded [id=28630d9ce835454abf530e382fb41675]), partition=RANGE (c0) PARTITION 0 <= VALUES < 100
I1002 04:41:24.421300 5832 catalog_manager.cc:1875] Servicing AlterTable request from {username='slave'} at 127.0.0.1:56410: table { table_name: "test-alter-range-partitioning-invalid-unbounded" } alter_schema_steps { type: DROP_RANGE_PARTITION drop_range_partition { range_bounds { rows: "\006\001\000\000\000\000\007\001d\000\000\000" } } } schema { columns { name: "c0" type: INT32 is_key: true is_nullable: false encoding: AUTO_ENCODING compression: DEFAULT_COMPRESSION cfile_block_size: 0 } columns { name: "c1" type: INT32 is_key: false is_nullable: false encoding: AUTO_ENCODING compression: DEFAULT_COMPRESSION cfile_block_size: 0 } }
I1002 04:41:24.426347 5832 catalog_manager.cc:3442] T 00000000000000000000000000000000 P 4f89f43c5b1b4a7ab82ebafc420bd1f8: Sending DeleteTablet for 1 replicas of tablet 324f6f5296ec4196903a9244e539c9d8
I1002 04:41:24.426652 5832 catalog_manager.cc:3099] Sending DeleteTablet(TABLET_DATA_DELETED) for tablet 324f6f5296ec4196903a9244e539c9d8 on 92a92cc5760d4f9e993b905318665696 (127.7.153.1:39250) (Partition dropped at 2017-10-02 04:41:24 UTC)
I1002 04:41:24.427871 5905 tablet_service.cc:806] Processing DeleteTablet for tablet 324f6f5296ec4196903a9244e539c9d8 with delete_type TABLET_DATA_DELETED (Partition dropped at 2017-10-02 04:41:24 UTC) from {username='slave'} at 127.0.0.1:45798
I1002 04:41:24.429185 5906 ts_tablet_manager.cc:1028] T 324f6f5296ec4196903a9244e539c9d8 P 92a92cc5760d4f9e993b905318665696: Registered tablet (data state: TABLET_DATA_READY)
I1002 04:41:24.429502 5951 ts_tablet_manager.cc:878] T 324f6f5296ec4196903a9244e539c9d8 P 92a92cc5760d4f9e993b905318665696: Bootstrapping tablet
I1002 04:41:24.429834 5951 tablet_bootstrap.cc:432] T 324f6f5296ec4196903a9244e539c9d8 P 92a92cc5760d4f9e993b905318665696: Bootstrap starting.
W1002 04:41:24.430079 5819 catalog_manager.cc:3057] TS 92a92cc5760d4f9e993b905318665696 (127.7.153.1:39250): delete failed for tablet 324f6f5296ec4196903a9244e539c9d8 because the tablet was not found. No further retry: Not found: Tablet not found: 324f6f5296ec4196903a9244e539c9d8
I1002 04:41:24.431567 5951 tablet_bootstrap.cc:567] T 324f6f5296ec4196903a9244e539c9d8 P 92a92cc5760d4f9e993b905318665696: No blocks or log segments found. Creating new log.
I1002 04:41:24.432234 5832 catalog_manager.cc:1875] Servicing AlterTable request from {username='slave'} at 127.0.0.1:56410: table { table_name: "test-alter-range-partitioning-invalid-unbounded" } alter_schema_steps { type: ADD_RANGE_PARTITION add_range_partition { range_bounds { rows: "\006\001\000\000\000\000\007\001d\000\000\000" } } } alter_schema_steps { type: ADD_RANGE_PARTITION add_range_partition { range_bounds { rows: "\006\001\000\000\000\000\007\001d\000\000\000" } } } schema { columns { name: "c0" type: INT32 is_key: true is_nullable: false encoding: AUTO_ENCODING compression: DEFAULT_COMPRESSION cfile_block_size: 0 } columns { name: "c1" type: INT32 is_key: false is_nullable: false encoding: AUTO_ENCODING compression: DEFAULT_COMPRESSION cfile_block_size: 0 } }
I1002 04:41:24.437330 5832 catalog_manager.cc:1875] Servicing AlterTable request from {username='slave'} at 127.0.0.1:56410: table { table_name: "test-alter-range-partitioning-invalid-unbounded" } alter_schema_steps { type: ADD_RANGE_PARTITION add_range_partition { range_bounds { rows: "\006\001\000\000\000\000\007\001d\000\000\000" } } } schema { columns { name: "c0" type: INT32 is_key: true is_nullable: false encoding: AUTO_ENCODING compression: DEFAULT_COMPRESSION cfile_block_size: 0 } columns { name: "c1" type: INT32 is_key: false is_nullable: false encoding: AUTO_ENCODING compression: DEFAULT_COMPRESSION cfile_block_size: 0 } }
I1002 04:41:24.440950 5951 tablet_bootstrap.cc:432] T 324f6f5296ec4196903a9244e539c9d8 P 92a92cc5760d4f9e993b905318665696: No bootstrap required, opened a new log
I1002 04:41:24.441232 5951 ts_tablet_manager.cc:903] T 324f6f5296ec4196903a9244e539c9d8 P 92a92cc5760d4f9e993b905318665696: Time spent bootstrapping tablet: real 0.011s user 0.000s sys 0.008s
I1002 04:41:24.442250 5951 raft_consensus.cc:286] T 324f6f5296ec4196903a9244e539c9d8 P 92a92cc5760d4f9e993b905318665696 [term 0 FOLLOWER]: Replica starting. Triggering 0 pending transactions. Active config: opid_index: -1 OBSOLETE_local: true peers { permanent_uuid: "92a92cc5760d4f9e993b905318665696" member_type: VOTER last_known_addr { host: "127.7.153.1" port: 39250 } }
I1002 04:41:24.442636 5951 raft_consensus.cc:312] T 324f6f5296ec4196903a9244e539c9d8 P 92a92cc5760d4f9e993b905318665696 [term 0 FOLLOWER]: Consensus starting up: Expiring failure detector timer to make a prompt election more likely
I1002 04:41:24.442899 5951 raft_consensus.cc:578] T 324f6f5296ec4196903a9244e539c9d8 P 92a92cc5760d4f9e993b905318665696 [term 0 FOLLOWER]: Becoming Follower/Learner. State: Replica: 92a92cc5760d4f9e993b905318665696, State: Initialized, Role: FOLLOWER
I1002 04:41:24.443174 5951 consensus_queue.cc:190] T 324f6f5296ec4196903a9244e539c9d8 P 92a92cc5760d4f9e993b905318665696 [NON_LEADER]: Queue going to NON_LEADER mode. State: All replicated index: 0, Majority replicated index: 0, Committed index: 0, Last appended: 0.0, Last appended by leader: 0, Current term: 0, Majority size: -1, State: 0, Mode: NON_LEADER
I1002 04:41:24.443481 5951 raft_consensus.cc:327] T 324f6f5296ec4196903a9244e539c9d8 P 92a92cc5760d4f9e993b905318665696 [term 0 FOLLOWER]: Only one voter in the Raft config. Triggering election immediately
I1002 04:41:24.443450 5832 catalog_manager.cc:2877] Scheduling retry of 16347b539ec7456684793f254094ed89 (table test-alter-range-partitioning-invalid-unbounded [id=28630d9ce835454abf530e382fb41675]) Alter Table RPC with a delay of 19 ms (attempt = 0)
I1002 04:41:24.443750 5951 raft_consensus.cc:411] T 324f6f5296ec4196903a9244e539c9d8 P 92a92cc5760d4f9e993b905318665696 [term 0 FOLLOWER]: Starting leader election (initial election of a single-replica configuration)
W1002 04:41:24.443850 5832 catalog_manager.cc:3416] Failed to send alter table request: Not found: Failed to reset TS proxy: No leader found: Tablet 16347b539ec7456684793f254094ed89 has no consensus state
I1002 04:41:24.443966 5951 raft_consensus.cc:2457] T 324f6f5296ec4196903a9244e539c9d8 P 92a92cc5760d4f9e993b905318665696: Snoozing failure detection for 1.525s (starting election)
I1002 04:41:24.444171 5951 raft_consensus.cc:2509] T 324f6f5296ec4196903a9244e539c9d8 P 92a92cc5760d4f9e993b905318665696 [term 0 FOLLOWER]: Advancing to term 1
I1002 04:41:24.447504 5951 raft_consensus.cc:433] T 324f6f5296ec4196903a9244e539c9d8 P 92a92cc5760d4f9e993b905318665696 [term 1 FOLLOWER]: Starting leader election with config: opid_index: -1 OBSOLETE_local: true peers { permanent_uuid: "92a92cc5760d4f9e993b905318665696" member_type: VOTER last_known_addr { host: "127.7.153.1" port: 39250 } }
I1002 04:41:24.448030 5951 leader_election.cc:248] T 324f6f5296ec4196903a9244e539c9d8 P 92a92cc5760d4f9e993b905318665696 [CANDIDATE]: Term 1 election: Election decided. Result: candidate won.
I1002 04:41:24.448513 5954 raft_consensus.cc:2457] T 324f6f5296ec4196903a9244e539c9d8 P 92a92cc5760d4f9e993b905318665696: Snoozing failure detection for 1.828s (election complete)
I1002 04:41:24.448752 5954 raft_consensus.cc:2281] T 324f6f5296ec4196903a9244e539c9d8 P 92a92cc5760d4f9e993b905318665696 [term 1 FOLLOWER]: Leader election won for term 1
I1002 04:41:24.449121 5954 raft_consensus.cc:545] T 324f6f5296ec4196903a9244e539c9d8 P 92a92cc5760d4f9e993b905318665696 [term 1 LEADER]: Becoming Leader. State: Replica: 92a92cc5760d4f9e993b905318665696, State: Running, Role: LEADER
I1002 04:41:24.448727 5833 catalog_manager.cc:1875] Servicing AlterTable request from {username='slave'} at 127.0.0.1:56410: table { table_name: "test-alter-range-partitioning-invalid-unbounded" } alter_schema_steps { type: ADD_RANGE_PARTITION add_range_partition { range_bounds { rows: "\006\001\000\000\000\000\007\001d\000\000\000" } } } schema { columns { name: "c0" type: INT32 is_key: true is_nullable: false encoding: AUTO_ENCODING compression: DEFAULT_COMPRESSION cfile_block_size: 0 } columns { name: "c1" type: INT32 is_key: false is_nullable: false encoding: AUTO_ENCODING compression: DEFAULT_COMPRESSION cfile_block_size: 0 } }
I1002 04:41:24.449439 5954 consensus_queue.cc:169] T 324f6f5296ec4196903a9244e539c9d8 P 92a92cc5760d4f9e993b905318665696 [LEADER]: Queue going to LEADER mode. State: All replicated index: 0, Majority replicated index: 0, Committed index: 0, Last appended: 0.0, Last appended by leader: 0, Current term: 1, Majority size: 1, State: 0, Mode: LEADER, active raft config: opid_index: -1 OBSOLETE_local: true peers { permanent_uuid: "92a92cc5760d4f9e993b905318665696" member_type: VOTER last_known_addr { host: "127.7.153.1" port: 39250 } }
I1002 04:41:24.450418 5906 tablet_service.cc:765] Processing CreateTablet for tablet 16347b539ec7456684793f254094ed89 (table=test-alter-range-partitioning-invalid-unbounded [id=28630d9ce835454abf530e382fb41675]), partition=RANGE (c0) PARTITION 0 <= VALUES < 100
I1002 04:41:24.455071 5833 catalog_manager.cc:1875] Servicing AlterTable request from {username='slave'} at 127.0.0.1:56410: table { table_name: "test-alter-range-partitioning-invalid-unbounded" } alter_schema_steps { type: DROP_RANGE_PARTITION drop_range_partition { range_bounds { rows: "\006\001\000\000\000\000\007\001d\000\000\000" } } } schema { columns { name: "c0" type: INT32 is_key: true is_nullable: false encoding: AUTO_ENCODING compression: DEFAULT_COMPRESSION cfile_block_size: 0 } columns { name: "c1" type: INT32 is_key: false is_nullable: false encoding: AUTO_ENCODING compression: DEFAULT_COMPRESSION cfile_block_size: 0 } }
I1002 04:41:24.455529 5951 ts_tablet_manager.cc:931] T 324f6f5296ec4196903a9244e539c9d8 P 92a92cc5760d4f9e993b905318665696: Time spent starting tablet: real 0.014s user 0.008s sys 0.000s
I1002 04:41:24.459887 5906 ts_tablet_manager.cc:1028] T 16347b539ec7456684793f254094ed89 P 92a92cc5760d4f9e993b905318665696: Registered tablet (data state: TABLET_DATA_READY)
I1002 04:41:24.460970 5951 ts_tablet_manager.cc:878] T 16347b539ec7456684793f254094ed89 P 92a92cc5760d4f9e993b905318665696: Bootstrapping tablet
I1002 04:41:24.461215 5833 catalog_manager.cc:3442] T 00000000000000000000000000000000 P 4f89f43c5b1b4a7ab82ebafc420bd1f8: Sending DeleteTablet for 1 replicas of tablet 16347b539ec7456684793f254094ed89
I1002 04:41:24.461318 5951 tablet_bootstrap.cc:432] T 16347b539ec7456684793f254094ed89 P 92a92cc5760d4f9e993b905318665696: Bootstrap starting.
I1002 04:41:24.461351 5832 catalog_manager.cc:2369] Got report from deleted tablet 324f6f5296ec4196903a9244e539c9d8 (table test-alter-range-partitioning-invalid-unbounded [id=28630d9ce835454abf530e382fb41675]) (Partition dropped at 2017-10-02 04:41:24 UTC): Sending delete request for this tablet
I1002 04:41:24.461611 5833 catalog_manager.cc:3099] Sending DeleteTablet(TABLET_DATA_DELETED) for tablet 16347b539ec7456684793f254094ed89 on 92a92cc5760d4f9e993b905318665696 (127.7.153.1:39250) (Partition dropped at 2017-10-02 04:41:24 UTC)
I1002 04:41:24.461910 5832 catalog_manager.cc:3099] Sending DeleteTablet(TABLET_DATA_DELETED) for tablet 324f6f5296ec4196903a9244e539c9d8 on 92a92cc5760d4f9e993b905318665696 (127.7.153.1:39250) (Partition dropped at 2017-10-02 04:41:24 UTC)
I1002 04:41:24.462738 5905 tablet_service.cc:806] Processing DeleteTablet for tablet 16347b539ec7456684793f254094ed89 with delete_type TABLET_DATA_DELETED (Partition dropped at 2017-10-02 04:41:24 UTC) from {username='slave'} at 127.0.0.1:45798
I1002 04:41:24.463312 5817 catalog_manager.cc:2877] Scheduling retry of 16347b539ec7456684793f254094ed89 (table test-alter-range-partitioning-invalid-unbounded [id=28630d9ce835454abf530e382fb41675]) Alter Table RPC with a delay of 27 ms (attempt = 0)
I1002 04:41:24.463495 5951 tablet_bootstrap.cc:567] T 16347b539ec7456684793f254094ed89 P 92a92cc5760d4f9e993b905318665696: No blocks or log segments found. Creating new log.
W1002 04:41:24.463598 5817 catalog_manager.cc:2896] Async tablet task 16347b539ec7456684793f254094ed89 (table test-alter-range-partitioning-invalid-unbounded [id=28630d9ce835454abf530e382fb41675]) Alter Table RPC failed: Not found: Failed to reset TS proxy: No leader found: Tablet 16347b539ec7456684793f254094ed89 consensus state has no leader
W1002 04:41:24.464073 5819 catalog_manager.cc:3069] TS 92a92cc5760d4f9e993b905318665696 (127.7.153.1:39250): delete failed for tablet 16347b539ec7456684793f254094ed89 with error code TABLET_NOT_RUNNING: Illegal state: State transition of tablet 16347b539ec7456684793f254094ed89 already in progress: creating tablet
I1002 04:41:24.464370 5819 catalog_manager.cc:2877] Scheduling retry of 16347b539ec7456684793f254094ed89 Delete Tablet RPC for TS=92a92cc5760d4f9e993b905318665696 with a delay of 52 ms (attempt = 1)
I1002 04:41:24.465107 5818 catalog_manager.cc:2877] Scheduling retry of 324f6f5296ec4196903a9244e539c9d8 (table test-alter-range-partitioning-invalid-unbounded [id=28630d9ce835454abf530e382fb41675]) Alter Table RPC with a delay of 17 ms (attempt = 0)
W1002 04:41:24.465432 5818 catalog_manager.cc:2896] Async tablet task 324f6f5296ec4196903a9244e539c9d8 (table test-alter-range-partitioning-invalid-unbounded [id=28630d9ce835454abf530e382fb41675]) Alter Table RPC failed: Not found: Failed to reset TS proxy: No leader found: Tablet 324f6f5296ec4196903a9244e539c9d8 consensus state has no leader
I1002 04:41:24.465179 5906 tablet_service.cc:806] Processing DeleteTablet for tablet 324f6f5296ec4196903a9244e539c9d8 with delete_type TABLET_DATA_DELETED (Partition dropped at 2017-10-02 04:41:24 UTC) from {username='slave'} at 127.0.0.1:45798
I1002 04:41:24.465893 5906 tablet_replica.cc:257] T 324f6f5296ec4196903a9244e539c9d8 P 92a92cc5760d4f9e993b905318665696: stopping tablet replica
I1002 04:41:24.466123 5906 maintenance_manager.cc:228] P 92a92cc5760d4f9e993b905318665696: Unregistered op CompactRowSetsOp(324f6f5296ec4196903a9244e539c9d8)
I1002 04:41:24.466320 5906 maintenance_manager.cc:228] P 92a92cc5760d4f9e993b905318665696: Unregistered op MinorDeltaCompactionOp(324f6f5296ec4196903a9244e539c9d8)
I1002 04:41:24.466501 5906 maintenance_manager.cc:228] P 92a92cc5760d4f9e993b905318665696: Unregistered op MajorDeltaCompactionOp(324f6f5296ec4196903a9244e539c9d8)
I1002 04:41:24.466714 5906 maintenance_manager.cc:228] P 92a92cc5760d4f9e993b905318665696: Unregistered op UndoDeltaBlockGCOp(324f6f5296ec4196903a9244e539c9d8)
I1002 04:41:24.466915 5906 maintenance_manager.cc:228] P 92a92cc5760d4f9e993b905318665696: Unregistered op FlushMRSOp(324f6f5296ec4196903a9244e539c9d8)
I1002 04:41:24.467108 5906 maintenance_manager.cc:228] P 92a92cc5760d4f9e993b905318665696: Unregistered op FlushDeltaMemStoresOp(324f6f5296ec4196903a9244e539c9d8)
I1002 04:41:24.467283 5906 maintenance_manager.cc:228] P 92a92cc5760d4f9e993b905318665696: Unregistered op LogGCOp(324f6f5296ec4196903a9244e539c9d8)
I1002 04:41:24.467454 5906 raft_consensus.cc:1809] T 324f6f5296ec4196903a9244e539c9d8 P 92a92cc5760d4f9e993b905318665696 [term 1 LEADER]: Raft consensus shutting down.
I1002 04:41:24.467782 5906 raft_consensus.cc:1836] T 324f6f5296ec4196903a9244e539c9d8 P 92a92cc5760d4f9e993b905318665696 [term 1 FOLLOWER]: Raft consensus is shut down!
I1002 04:41:24.468482 5833 catalog_manager.cc:1875] Servicing AlterTable request from {username='slave'} at 127.0.0.1:56410: table { table_name: "test-alter-range-partitioning-invalid-unbounded" } alter_schema_steps { type: ADD_RANGE_PARTITION add_range_partition { range_bounds { rows: "\006\001\000\000\000\000\007\001d\000\000\000" } } } alter_schema_steps { type: ADD_RANGE_PARTITION add_range_partition { range_bounds { rows: "\006\001\000\000\000\000\007\001d\000\000\000" } } } schema { columns { name: "c0" type: INT32 is_key: true is_nullable: false encoding: AUTO_ENCODING compression: DEFAULT_COMPRESSION cfile_block_size: 0 } columns { name: "c1" type: INT32 is_key: false is_nullable: false encoding: AUTO_ENCODING compression: DEFAULT_COMPRESSION cfile_block_size: 0 } }
I1002 04:41:24.470827 5832 catalog_manager.cc:2369] Got report from deleted tablet 324f6f5296ec4196903a9244e539c9d8 (table test-alter-range-partitioning-invalid-unbounded [id=28630d9ce835454abf530e382fb41675]) (Partition dropped at 2017-10-02 04:41:24 UTC): Sending delete request for this tablet
I1002 04:41:24.471226 5832 catalog_manager.cc:3099] Sending DeleteTablet(TABLET_DATA_DELETED) for tablet 324f6f5296ec4196903a9244e539c9d8 on 92a92cc5760d4f9e993b905318665696 (127.7.153.1:39250) (Partition dropped at 2017-10-02 04:41:24 UTC)
I1002 04:41:24.472164 5906 ts_tablet_manager.cc:1203] T 324f6f5296ec4196903a9244e539c9d8 P 92a92cc5760d4f9e993b905318665696: Deleting tablet data with delete state TABLET_DATA_DELETED
I1002 04:41:24.473204 5905 tablet_service.cc:806] Processing DeleteTablet for tablet 324f6f5296ec4196903a9244e539c9d8 with delete_type TABLET_DATA_DELETED (Partition dropped at 2017-10-02 04:41:24 UTC) from {username='slave'} at 127.0.0.1:45798
W1002 04:41:24.476013 5819 catalog_manager.cc:3069] TS 92a92cc5760d4f9e993b905318665696 (127.7.153.1:39250): delete failed for tablet 324f6f5296ec4196903a9244e539c9d8 with error code TABLET_NOT_RUNNING: Illegal state: State transition of tablet 324f6f5296ec4196903a9244e539c9d8 already in progress: deleting tablet
I1002 04:41:24.476335 5819 catalog_manager.cc:2877] Scheduling retry of 324f6f5296ec4196903a9244e539c9d8 Delete Tablet RPC for TS=92a92cc5760d4f9e993b905318665696 with a delay of 35 ms (attempt = 1)
I1002 04:41:24.477310 5833 catalog_manager.cc:1875] Servicing AlterTable request from {username='slave'} at 127.0.0.1:56410: table { table_name: "test-alter-range-partitioning-invalid-unbounded" } alter_schema_steps { type: ADD_RANGE_PARTITION add_range_partition { range_bounds { rows: "\006\001\000\000\000\000\007\001d\000\000\000" } } } schema { columns { name: "c0" type: INT32 is_key: true is_nullable: false encoding: AUTO_ENCODING compression: DEFAULT_COMPRESSION cfile_block_size: 0 } columns { name: "c1" type: INT32 is_key: false is_nullable: false encoding: AUTO_ENCODING compression: DEFAULT_COMPRESSION cfile_block_size: 0 } }
I1002 04:41:24.477967 5951 tablet_bootstrap.cc:432] T 16347b539ec7456684793f254094ed89 P 92a92cc5760d4f9e993b905318665696: No bootstrap required, opened a new log
I1002 04:41:24.478318 5951 ts_tablet_manager.cc:903] T 16347b539ec7456684793f254094ed89 P 92a92cc5760d4f9e993b905318665696: Time spent bootstrapping tablet: real 0.017s user 0.016s sys 0.000s
I1002 04:41:24.479926 5951 raft_consensus.cc:286] T 16347b539ec7456684793f254094ed89 P 92a92cc5760d4f9e993b905318665696 [term 0 FOLLOWER]: Replica starting. Triggering 0 pending transactions. Active config: opid_index: -1 OBSOLETE_local: true peers { permanent_uuid: "92a92cc5760d4f9e993b905318665696" member_type: VOTER last_known_addr { host: "127.7.153.1" port: 39250 } }
I1002 04:41:24.480386 5951 raft_consensus.cc:312] T 16347b539ec7456684793f254094ed89 P 92a92cc5760d4f9e993b905318665696 [term 0 FOLLOWER]: Consensus starting up: Expiring failure detector timer to make a prompt election more likely
I1002 04:41:24.480726 5951 raft_consensus.cc:578] T 16347b539ec7456684793f254094ed89 P 92a92cc5760d4f9e993b905318665696 [term 0 FOLLOWER]: Becoming Follower/Learner. State: Replica: 92a92cc5760d4f9e993b905318665696, State: Initialized, Role: FOLLOWER
I1002 04:41:24.481022 5951 consensus_queue.cc:190] T 16347b539ec7456684793f254094ed89 P 92a92cc5760d4f9e993b905318665696 [NON_LEADER]: Queue going to NON_LEADER mode. State: All replicated index: 0, Majority replicated index: 0, Committed index: 0, Last appended: 0.0, Last appended by leader: 0, Current term: 0, Majority size: -1, State: 0, Mode: NON_LEADER
I1002 04:41:24.481333 5951 raft_consensus.cc:327] T 16347b539ec7456684793f254094ed89 P 92a92cc5760d4f9e993b905318665696 [term 0 FOLLOWER]: Only one voter in the Raft config. Triggering election immediately
I1002 04:41:24.481541 5951 raft_consensus.cc:411] T 16347b539ec7456684793f254094ed89 P 92a92cc5760d4f9e993b905318665696 [term 0 FOLLOWER]: Starting leader election (initial election of a single-replica configuration)
I1002 04:41:24.481756 5951 raft_consensus.cc:2457] T 16347b539ec7456684793f254094ed89 P 92a92cc5760d4f9e993b905318665696: Snoozing failure detection for 1.632s (starting election)
I1002 04:41:24.481966 5951 raft_consensus.cc:2509] T 16347b539ec7456684793f254094ed89 P 92a92cc5760d4f9e993b905318665696 [term 0 FOLLOWER]: Advancing to term 1
I1002 04:41:24.483009 5818 catalog_manager.cc:2877] Scheduling retry of 324f6f5296ec4196903a9244e539c9d8 (table test-alter-range-partitioning-invalid-unbounded [id=28630d9ce835454abf530e382fb41675]) Alter Table RPC with a delay of 12 ms (attempt = 0)
W1002 04:41:24.483307 5818 catalog_manager.cc:2896] Async tablet task 324f6f5296ec4196903a9244e539c9d8 (table test-alter-range-partitioning-invalid-unbounded [id=28630d9ce835454abf530e382fb41675]) Alter Table RPC failed: Not found: Failed to reset TS proxy: No leader found: Tablet 324f6f5296ec4196903a9244e539c9d8 consensus state has no leader
I1002 04:41:24.483590 5833 catalog_manager.cc:2877] Scheduling retry of eb376630c04d401f851e8216633104af (table test-alter-range-partitioning-invalid-unbounded [id=28630d9ce835454abf530e382fb41675]) Alter Table RPC with a delay of 26 ms (attempt = 0)
I1002 04:41:24.483727 5906 ts_tablet_manager.cc:1216] T 324f6f5296ec4196903a9244e539c9d8 P 92a92cc5760d4f9e993b905318665696: tablet deleted: last-logged OpId: 1.1
W1002 04:41:24.483919 5833 catalog_manager.cc:3416] Failed to send alter table request: Not found: Failed to reset TS proxy: No leader found: Tablet eb376630c04d401f851e8216633104af has no consensus state
I1002 04:41:24.484025 5906 log.cc:980] T 324f6f5296ec4196903a9244e539c9d8 P 92a92cc5760d4f9e993b905318665696: Deleting WAL directory at /tmp/run_tha_test1fMIRV/test-tmp/alter_table-test.AlterTableTest.TestAddRangePartitionConflictExhaustive.1506919259568928-1945/minicluster-data/ts-0-root/wals/324f6f5296ec4196903a9244e539c9d8
I1002 04:41:24.484622 5906 ts_tablet_manager.cc:1234] T 324f6f5296ec4196903a9244e539c9d8 P 92a92cc5760d4f9e993b905318665696: Deleting consensus metadata
I1002 04:41:24.486686 5951 raft_consensus.cc:433] T 16347b539ec7456684793f254094ed89 P 92a92cc5760d4f9e993b905318665696 [term 1 FOLLOWER]: Starting leader election with config: opid_index: -1 OBSOLETE_local: true peers { permanent_uuid: "92a92cc5760d4f9e993b905318665696" member_type: VOTER last_known_addr { host: "127.7.153.1" port: 39250 } }
I1002 04:41:24.487233 5951 leader_election.cc:248] T 16347b539ec7456684793f254094ed89 P 92a92cc5760d4f9e993b905318665696 [CANDIDATE]: Term 1 election: Election decided. Result: candidate won.
I1002 04:41:24.487702 5953 raft_consensus.cc:2457] T 16347b539ec7456684793f254094ed89 P 92a92cc5760d4f9e993b905318665696: Snoozing failure detection for 2.064s (election complete)
I1002 04:41:24.487980 5953 raft_consensus.cc:2281] T 16347b539ec7456684793f254094ed89 P 92a92cc5760d4f9e993b905318665696 [term 1 FOLLOWER]: Leader election won for term 1
I1002 04:41:24.488312 5953 raft_consensus.cc:545] T 16347b539ec7456684793f254094ed89 P 92a92cc5760d4f9e993b905318665696 [term 1 LEADER]: Becoming Leader. State: Replica: 92a92cc5760d4f9e993b905318665696, State: Running, Role: LEADER
I1002 04:41:24.488615 5953 consensus_queue.cc:169] T 16347b539ec7456684793f254094ed89 P 92a92cc5760d4f9e993b905318665696 [LEADER]: Queue going to LEADER mode. State: All replicated index: 0, Majority replicated index: 0, Committed index: 0, Last appended: 0.0, Last appended by leader: 0, Current term: 1, Majority size: 1, State: 0, Mode: LEADER, active raft config: opid_index: -1 OBSOLETE_local: true peers { permanent_uuid: "92a92cc5760d4f9e993b905318665696" member_type: VOTER last_known_addr { host: "127.7.153.1" port: 39250 } }
I1002 04:41:24.488859 5819 catalog_manager.cc:3077] TS 92a92cc5760d4f9e993b905318665696 (127.7.153.1:39250): tablet 324f6f5296ec4196903a9244e539c9d8 (table test-alter-range-partitioning-invalid-unbounded [id=28630d9ce835454abf530e382fb41675]) successfully deleted
I1002 04:41:24.489827 5833 catalog_manager.cc:1875] Servicing AlterTable request from {username='slave'} at 127.0.0.1:56410: table { table_name: "test-alter-range-partitioning-invalid-unbounded" } alter_schema_steps { type: ADD_RANGE_PARTITION add_range_partition { range_bounds { rows: "\006\0012\000\000\000\007\001\226\000\000\000" } } } schema { columns { name: "c0" type: INT32 is_key: true is_nullable: false encoding: AUTO_ENCODING compression: DEFAULT_COMPRESSION cfile_block_size: 0 } columns { name: "c1" type: INT32 is_key: false is_nullable: false encoding: AUTO_ENCODING compression: DEFAULT_COMPRESSION cfile_block_size: 0 } }
I1002 04:41:24.491252 5817 catalog_manager.cc:2877] Scheduling retry of 16347b539ec7456684793f254094ed89 (table test-alter-range-partitioning-invalid-unbounded [id=28630d9ce835454abf530e382fb41675]) Alter Table RPC with a delay of 16 ms (attempt = 0)
W1002 04:41:24.491509 5817 catalog_manager.cc:2896] Async tablet task 16347b539ec7456684793f254094ed89 (table test-alter-range-partitioning-invalid-unbounded [id=28630d9ce835454abf530e382fb41675]) Alter Table RPC failed: Not found: Failed to reset TS proxy: No leader found: Tablet 16347b539ec7456684793f254094ed89 consensus state has no leader
I1002 04:41:24.492686 5906 tablet_service.cc:765] Processing CreateTablet for tablet eb376630c04d401f851e8216633104af (table=test-alter-range-partitioning-invalid-unbounded [id=28630d9ce835454abf530e382fb41675]), partition=RANGE (c0) PARTITION 0 <= VALUES < 100
I1002 04:41:24.494303 5951 ts_tablet_manager.cc:931] T 16347b539ec7456684793f254094ed89 P 92a92cc5760d4f9e993b905318665696: Time spent starting tablet: real 0.016s user 0.008s sys 0.004s
I1002 04:41:24.495995 5818 catalog_manager.cc:2877] Scheduling retry of 324f6f5296ec4196903a9244e539c9d8 (table test-alter-range-partitioning-invalid-unbounded [id=28630d9ce835454abf530e382fb41675]) Alter Table RPC with a delay of 56 ms (attempt = 0)
W1002 04:41:24.496294 5818 catalog_manager.cc:2896] Async tablet task 324f6f5296ec4196903a9244e539c9d8 (table test-alter-range-partitioning-invalid-unbounded [id=28630d9ce835454abf530e382fb41675]) Alter Table RPC failed: Not found: Failed to reset TS proxy: No leader found: Tablet 324f6f5296ec4196903a9244e539c9d8 consensus state has no leader
I1002 04:41:24.499469 5906 ts_tablet_manager.cc:1028] T eb376630c04d401f851e8216633104af P 92a92cc5760d4f9e993b905318665696: Registered tablet (data state: TABLET_DATA_READY)
I1002 04:41:24.499831 5951 ts_tablet_manager.cc:878] T eb376630c04d401f851e8216633104af P 92a92cc5760d4f9e993b905318665696: Bootstrapping tablet
I1002 04:41:24.500183 5951 tablet_bootstrap.cc:432] T eb376630c04d401f851e8216633104af P 92a92cc5760d4f9e993b905318665696: Bootstrap starting.
I1002 04:41:24.501271 5833 catalog_manager.cc:2369] Got report from deleted tablet 16347b539ec7456684793f254094ed89 (table test-alter-range-partitioning-invalid-unbounded [id=28630d9ce835454abf530e382fb41675]) (Partition dropped at 2017-10-02 04:41:24 UTC): Sending delete request for this tablet
I1002 04:41:24.501672 5833 catalog_manager.cc:3099] Sending DeleteTablet(TABLET_DATA_DELETED) for tablet 16347b539ec7456684793f254094ed89 on 92a92cc5760d4f9e993b905318665696 (127.7.153.1:39250) (Partition dropped at 2017-10-02 04:41:24 UTC)
I1002 04:41:24.502156 5832 catalog_manager.cc:1875] Servicing AlterTable request from {username='slave'} at 127.0.0.1:56410: table { table_name: "test-alter-range-partitioning-invalid-unbounded" } alter_schema_steps { type: DROP_RANGE_PARTITION drop_range_partition { range_bounds { rows: "\006\001\000\000\000\000\007\001d\000\000\000" } } } schema { columns { name: "c0" type: INT32 is_key: true is_nullable: false encoding: AUTO_ENCODING compression: DEFAULT_COMPRESSION cfile_block_size: 0 } columns { name: "c1" type: INT32 is_key: false is_nullable: false encoding: AUTO_ENCODING compression: DEFAULT_COMPRESSION cfile_block_size: 0 } }
I1002 04:41:24.502751 5951 tablet_bootstrap.cc:567] T eb376630c04d401f851e8216633104af P 92a92cc5760d4f9e993b905318665696: No blocks or log segments found. Creating new log.
I1002 04:41:24.506669 5833 catalog_manager.cc:2369] Got report from deleted tablet 16347b539ec7456684793f254094ed89 (table test-alter-range-partitioning-invalid-unbounded [id=28630d9ce835454abf530e382fb41675]) (Partition dropped at 2017-10-02 04:41:24 UTC): Sending delete request for this tablet
I1002 04:41:24.507055 5833 catalog_manager.cc:3099] Sending DeleteTablet(TABLET_DATA_DELETED) for tablet 16347b539ec7456684793f254094ed89 on 92a92cc5760d4f9e993b905318665696 (127.7.153.1:39250) (Partition dropped at 2017-10-02 04:41:24 UTC)
I1002 04:41:24.508076 5817 catalog_manager.cc:2877] Scheduling retry of 16347b539ec7456684793f254094ed89 (table test-alter-range-partitioning-invalid-unbounded [id=28630d9ce835454abf530e382fb41675]) Alter Table RPC with a delay of 55 ms (attempt = 0)
I1002 04:41:24.507481 5832 catalog_manager.cc:3442] T 00000000000000000000000000000000 P 4f89f43c5b1b4a7ab82ebafc420bd1f8: Sending DeleteTablet for 1 replicas of tablet eb376630c04d401f851e8216633104af
W1002 04:41:24.508436 5817 catalog_manager.cc:2896] Async tablet task 16347b539ec7456684793f254094ed89 (table test-alter-range-partitioning-invalid-unbounded [id=28630d9ce835454abf530e382fb41675]) Alter Table RPC failed: Not found: Failed to reset TS proxy: No leader found: Tablet 16347b539ec7456684793f254094ed89 consensus state has no leader
I1002 04:41:24.508550 5832 catalog_manager.cc:3099] Sending DeleteTablet(TABLET_DATA_DELETED) for tablet eb376630c04d401f851e8216633104af on 92a92cc5760d4f9e993b905318665696 (127.7.153.1:39250) (Partition dropped at 2017-10-02 04:41:24 UTC)
I1002 04:41:24.509938 5905 tablet_service.cc:806] Processing DeleteTablet for tablet 16347b539ec7456684793f254094ed89 with delete_type TABLET_DATA_DELETED (Partition dropped at 2017-10-02 04:41:24 UTC) from {username='slave'} at 127.0.0.1:45798
I1002 04:41:24.510277 5905 tablet_replica.cc:257] T 16347b539ec7456684793f254094ed89 P 92a92cc5760d4f9e993b905318665696: stopping tablet replica
I1002 04:41:24.510489 5905 maintenance_manager.cc:228] P 92a92cc5760d4f9e993b905318665696: Unregistered op CompactRowSetsOp(16347b539ec7456684793f254094ed89)
I1002 04:41:24.510669 5905 maintenance_manager.cc:228] P 92a92cc5760d4f9e993b905318665696: Unregistered op MinorDeltaCompactionOp(16347b539ec7456684793f254094ed89)
I1002 04:41:24.510829 5905 maintenance_manager.cc:228] P 92a92cc5760d4f9e993b905318665696: Unregistered op MajorDeltaCompactionOp(16347b539ec7456684793f254094ed89)
I1002 04:41:24.510993 5905 maintenance_manager.cc:228] P 92a92cc5760d4f9e993b905318665696: Unregistered op UndoDeltaBlockGCOp(16347b539ec7456684793f254094ed89)
I1002 04:41:24.511173 5905 maintenance_manager.cc:228] P 92a92cc5760d4f9e993b905318665696: Unregistered op FlushMRSOp(16347b539ec7456684793f254094ed89)
I1002 04:41:24.511337 5905 maintenance_manager.cc:228] P 92a92cc5760d4f9e993b905318665696: Unregistered op FlushDeltaMemStoresOp(16347b539ec7456684793f254094ed89)
I1002 04:41:24.511513 5905 maintenance_manager.cc:228] P 92a92cc5760d4f9e993b905318665696: Unregistered op LogGCOp(16347b539ec7456684793f254094ed89)
I1002 04:41:24.511672 5905 raft_consensus.cc:1809] T 16347b539ec7456684793f254094ed89 P 92a92cc5760d4f9e993b905318665696 [term 1 LEADER]: Raft consensus shutting down.
I1002 04:41:24.511848 5904 tablet_service.cc:806] Processing DeleteTablet for tablet eb376630c04d401f851e8216633104af with delete_type TABLET_DATA_DELETED (Partition dropped at 2017-10-02 04:41:24 UTC) from {username='slave'} at 127.0.0.1:45798
I1002 04:41:24.512100 5905 raft_consensus.cc:1836] T 16347b539ec7456684793f254094ed89 P 92a92cc5760d4f9e993b905318665696 [term 1 FOLLOWER]: Raft consensus is shut down!
I1002 04:41:24.513002 5819 catalog_manager.cc:2877] Scheduling retry of eb376630c04d401f851e8216633104af (table test-alter-range-partitioning-invalid-unbounded [id=28630d9ce835454abf530e382fb41675]) Alter Table RPC with a delay of 23 ms (attempt = 0)
I1002 04:41:24.513938 5906 tablet_service.cc:806] Processing DeleteTablet for tablet 16347b539ec7456684793f254094ed89 with delete_type TABLET_DATA_DELETED (Partition dropped at 2017-10-02 04:41:24 UTC) from {username='slave'} at 127.0.0.1:45798
W1002 04:41:24.514549 5819 catalog_manager.cc:2896] Async tablet task eb376630c04d401f851e8216633104af (table test-alter-range-partitioning-invalid-unbounded [id=28630d9ce835454abf530e382fb41675]) Alter Table RPC failed: Not found: Failed to reset TS proxy: No leader found: Tablet eb376630c04d401f851e8216633104af consensus state has no leader
I1002 04:41:24.515154 5819 catalog_manager.cc:3099] Sending DeleteTablet(TABLET_DATA_DELETED) for tablet 324f6f5296ec4196903a9244e539c9d8 on 92a92cc5760d4f9e993b905318665696 (127.7.153.1:39250) (Partition dropped at 2017-10-02 04:41:24 UTC)
I1002 04:41:24.515671 5905 ts_tablet_manager.cc:1203] T 16347b539ec7456684793f254094ed89 P 92a92cc5760d4f9e993b905318665696: Deleting tablet data with delete state TABLET_DATA_DELETED
I1002 04:41:24.516271 5833 catalog_manager.cc:1875] Servicing AlterTable request from {username='slave'} at 127.0.0.1:56410: table { table_name: "test-alter-range-partitioning-invalid-unbounded" } alter_schema_steps { type: ADD_RANGE_PARTITION add_range_partition { range_bounds { rows: "\006\001\000\000\000\000\007\001d\000\000\000" } } } alter_schema_steps { type: ADD_RANGE_PARTITION add_range_partition { range_bounds { rows: "\006\0012\000\000\000\007\001\226\000\000\000" } } } schema { columns { name: "c0" type: INT32 is_key: true is_nullable: false encoding: AUTO_ENCODING compression: DEFAULT_COMPRESSION cfile_block_size: 0 } columns { name: "c1" type: INT32 is_key: false is_nullable: false encoding: AUTO_ENCODING compression: DEFAULT_COMPRESSION cfile_block_size: 0 } }
W1002 04:41:24.518512 5819 catalog_manager.cc:3069] TS 92a92cc5760d4f9e993b905318665696 (127.7.153.1:39250): delete failed for tablet eb376630c04d401f851e8216633104af with error code TABLET_NOT_RUNNING: Illegal state: State transition of tablet eb376630c04d401f851e8216633104af already in progress: creating tablet
I1002 04:41:24.518812 5819 catalog_manager.cc:2877] Scheduling retry of eb376630c04d401f851e8216633104af Delete Tablet RPC for TS=92a92cc5760d4f9e993b905318665696 with a delay of 27 ms (attempt = 1)
I1002 04:41:24.519242 5819 catalog_manager.cc:3099] Sending DeleteTablet(TABLET_DATA_DELETED) for tablet 16347b539ec7456684793f254094ed89 on 92a92cc5760d4f9e993b905318665696 (127.7.153.1:39250) (Partition dropped at 2017-10-02 04:41:24 UTC)
I1002 04:41:24.522409 5906 tablet_service.cc:806] Processing DeleteTablet for tablet 324f6f5296ec4196903a9244e539c9d8 with delete_type TABLET_DATA_DELETED (Partition dropped at 2017-10-02 04:41:24 UTC) from {username='slave'} at 127.0.0.1:45798
W1002 04:41:24.523396 5819 catalog_manager.cc:3069] TS 92a92cc5760d4f9e993b905318665696 (127.7.153.1:39250): delete failed for tablet 16347b539ec7456684793f254094ed89 with error code TABLET_NOT_RUNNING: Illegal state: State transition of tablet 16347b539ec7456684793f254094ed89 already in progress: deleting tablet
I1002 04:41:24.523778 5819 catalog_manager.cc:2877] Scheduling retry of 16347b539ec7456684793f254094ed89 Delete Tablet RPC for TS=92a92cc5760d4f9e993b905318665696 with a delay of 59 ms (attempt = 1)
I1002 04:41:24.524602 5951 tablet_bootstrap.cc:432] T eb376630c04d401f851e8216633104af P 92a92cc5760d4f9e993b905318665696: No bootstrap required, opened a new log
I1002 04:41:24.524940 5951 ts_tablet_manager.cc:903] T eb376630c04d401f851e8216633104af P 92a92cc5760d4f9e993b905318665696: Time spent bootstrapping tablet: real 0.025s user 0.012s sys 0.004s
I1002 04:41:24.525321 5905 ts_tablet_manager.cc:1216] T 16347b539ec7456684793f254094ed89 P 92a92cc5760d4f9e993b905318665696: tablet deleted: last-logged OpId: 1.1
I1002 04:41:24.525460 5906 tablet_service.cc:806] Processing DeleteTablet for tablet 16347b539ec7456684793f254094ed89 with delete_type TABLET_DATA_DELETED (Partition dropped at 2017-10-02 04:41:24 UTC) from {username='slave'} at 127.0.0.1:45798
I1002 04:41:24.525601 5905 log.cc:980] T 16347b539ec7456684793f254094ed89 P 92a92cc5760d4f9e993b905318665696: Deleting WAL directory at /tmp/run_tha_test1fMIRV/test-tmp/alter_table-test.AlterTableTest.TestAddRangePartitionConflictExhaustive.1506919259568928-1945/minicluster-data/ts-0-root/wals/16347b539ec7456684793f254094ed89
I1002 04:41:24.526259 5905 ts_tablet_manager.cc:1234] T 16347b539ec7456684793f254094ed89 P 92a92cc5760d4f9e993b905318665696: Deleting consensus metadata
I1002 04:41:24.526403 5951 raft_consensus.cc:286] T eb376630c04d401f851e8216633104af P 92a92cc5760d4f9e993b905318665696 [term 0 FOLLOWER]: Replica starting. Triggering 0 pending transactions. Active config: opid_index: -1 OBSOLETE_local: true peers { permanent_uuid: "92a92cc5760d4f9e993b905318665696" member_type: VOTER last_known_addr { host: "127.7.153.1" port: 39250 } }
I1002 04:41:24.526898 5951 raft_consensus.cc:312] T eb376630c04d401f851e8216633104af P 92a92cc5760d4f9e993b905318665696 [term 0 FOLLOWER]: Consensus starting up: Expiring failure detector timer to make a prompt election more likely
I1002 04:41:24.527169 5951 raft_consensus.cc:578] T eb376630c04d401f851e8216633104af P 92a92cc5760d4f9e993b905318665696 [term 0 FOLLOWER]: Becoming Follower/Learner. State: Replica: 92a92cc5760d4f9e993b905318665696, State: Initialized, Role: FOLLOWER
I1002 04:41:24.526944 5833 catalog_manager.cc:1875] Servicing AlterTable request from {username='slave'} at 127.0.0.1:56410: table { table_name: "test-alter-range-partitioning-invalid-unbounded" } alter_schema_steps { type: ADD_RANGE_PARTITION add_range_partition { range_bounds { rows: "\006\001\000\000\000\000\007\001d\000\000\000" } } } schema { columns { name: "c0" type: INT32 is_key: true is_nullable: false encoding: AUTO_ENCODING compression: DEFAULT_COMPRESSION cfile_block_size: 0 } columns { name: "c1" type: INT32 is_key: false is_nullable: false encoding: AUTO_ENCODING compression: DEFAULT_COMPRESSION cfile_block_size: 0 } }
I1002 04:41:24.527474 5951 consensus_queue.cc:190] T eb376630c04d401f851e8216633104af P 92a92cc5760d4f9e993b905318665696 [NON_LEADER]: Queue going to NON_LEADER mode. State: All replicated index: 0, Majority replicated index: 0, Committed index: 0, Last appended: 0.0, Last appended by leader: 0, Current term: 0, Majority size: -1, State: 0, Mode: NON_LEADER
I1002 04:41:24.527820 5951 raft_consensus.cc:327] T eb376630c04d401f851e8216633104af P 92a92cc5760d4f9e993b905318665696 [term 0 FOLLOWER]: Only one voter in the Raft config. Triggering election immediately
I1002 04:41:24.528015 5951 raft_consensus.cc:411] T eb376630c04d401f851e8216633104af P 92a92cc5760d4f9e993b905318665696 [term 0 FOLLOWER]: Starting leader election (initial election of a single-replica configuration)
I1002 04:41:24.528218 5951 raft_consensus.cc:2457] T eb376630c04d401f851e8216633104af P 92a92cc5760d4f9e993b905318665696: Snoozing failure detection for 2.108s (starting election)
I1002 04:41:24.528429 5951 raft_consensus.cc:2509] T eb376630c04d401f851e8216633104af P 92a92cc5760d4f9e993b905318665696 [term 0 FOLLOWER]: Advancing to term 1
W1002 04:41:24.529459 5819 catalog_manager.cc:3057] TS 92a92cc5760d4f9e993b905318665696 (127.7.153.1:39250): delete failed for tablet 324f6f5296ec4196903a9244e539c9d8 because the tablet was not found. No further retry: Not found: Tablet not found: 324f6f5296ec4196903a9244e539c9d8
W1002 04:41:24.530611 5819 catalog_manager.cc:3069] TS 92a92cc5760d4f9e993b905318665696 (127.7.153.1:39250): delete failed for tablet 16347b539ec7456684793f254094ed89 with error code TABLET_NOT_RUNNING: Illegal state: State transition of tablet 16347b539ec7456684793f254094ed89 already in progress: deleting tablet
I1002 04:41:24.530891 5819 catalog_manager.cc:2877] Scheduling retry of 16347b539ec7456684793f254094ed89 Delete Tablet RPC for TS=92a92cc5760d4f9e993b905318665696 with a delay of 60 ms (attempt = 2)
I1002 04:41:24.531345 5819 catalog_manager.cc:3077] TS 92a92cc5760d4f9e993b905318665696 (127.7.153.1:39250): tablet 16347b539ec7456684793f254094ed89 (table test-alter-range-partitioning-invalid-unbounded [id=28630d9ce835454abf530e382fb41675]) successfully deleted
I1002 04:41:24.532436 5833 catalog_manager.cc:2877] Scheduling retry of 2efdf5f4e04644448a2558f9940b74c1 (table test-alter-range-partitioning-invalid-unbounded [id=28630d9ce835454abf530e382fb41675]) Alter Table RPC with a delay of 48 ms (attempt = 0)
W1002 04:41:24.532657 5833 catalog_manager.cc:3416] Failed to send alter table request: Not found: Failed to reset TS proxy: No leader found: Tablet 2efdf5f4e04644448a2558f9940b74c1 has no consensus state
I1002 04:41:24.532567 5951 raft_consensus.cc:433] T eb376630c04d401f851e8216633104af P 92a92cc5760d4f9e993b905318665696 [term 1 FOLLOWER]: Starting leader election with config: opid_index: -1 OBSOLETE_local: true peers { permanent_uuid: "92a92cc5760d4f9e993b905318665696" member_type: VOTER last_known_addr { host: "127.7.153.1" port: 39250 } }
I1002 04:41:24.533131 5951 leader_election.cc:248] T eb376630c04d401f851e8216633104af P 92a92cc5760d4f9e993b905318665696 [CANDIDATE]: Term 1 election: Election decided. Result: candidate won.
I1002 04:41:24.533593 5953 raft_consensus.cc:2457] T eb376630c04d401f851e8216633104af P 92a92cc5760d4f9e993b905318665696: Snoozing failure detection for 1.982s (election complete)
I1002 04:41:24.533864 5953 raft_consensus.cc:2281] T eb376630c04d401f851e8216633104af P 92a92cc5760d4f9e993b905318665696 [term 1 FOLLOWER]: Leader election won for term 1
I1002 04:41:24.534193 5953 raft_consensus.cc:545] T eb376630c04d401f851e8216633104af P 92a92cc5760d4f9e993b905318665696 [term 1 LEADER]: Becoming Leader. State: Replica: 92a92cc5760d4f9e993b905318665696, State: Running, Role: LEADER
I1002 04:41:24.534498 5953 consensus_queue.cc:169] T eb376630c04d401f851e8216633104af P 92a92cc5760d4f9e993b905318665696 [LEADER]: Queue going to LEADER mode. State: All replicated index: 0, Majority replicated index: 0, Committed index: 0, Last appended: 0.0, Last appended by leader: 0, Current term: 1, Majority size: 1, State: 0, Mode: LEADER, active raft config: opid_index: -1 OBSOLETE_local: true peers { permanent_uuid: "92a92cc5760d4f9e993b905318665696" member_type: VOTER last_known_addr { host: "127.7.153.1" port: 39250 } }
I1002 04:41:24.535267 5833 catalog_manager.cc:1875] Servicing AlterTable request from {username='slave'} at 127.0.0.1:56410: table { table_name: "test-alter-range-partitioning-invalid-unbounded" } alter_schema_steps { type: DROP_RANGE_PARTITION drop_range_partition { range_bounds { rows: "\006\0012\000\000\000\007\001\226\000\000\000" } } } schema { columns { name: "c0" type: INT32 is_key: true is_nullable: false encoding: AUTO_ENCODING compression: DEFAULT_COMPRESSION cfile_block_size: 0 } columns { name: "c1" type: INT32 is_key: false is_nullable: false encoding: AUTO_ENCODING compression: DEFAULT_COMPRESSION cfile_block_size: 0 } }
I1002 04:41:24.538985 5819 catalog_manager.cc:2877] Scheduling retry of eb376630c04d401f851e8216633104af (table test-alter-range-partitioning-invalid-unbounded [id=28630d9ce835454abf530e382fb41675]) Alter Table RPC with a delay of 33 ms (attempt = 0)
W1002 04:41:24.539235 5819 catalog_manager.cc:2896] Async tablet task eb376630c04d401f851e8216633104af (table test-alter-range-partitioning-invalid-unbounded [id=28630d9ce835454abf530e382fb41675]) Alter Table RPC failed: Not found: Failed to reset TS proxy: No leader found: Tablet eb376630c04d401f851e8216633104af consensus state has no leader
I1002 04:41:24.539336 5951 ts_tablet_manager.cc:931] T eb376630c04d401f851e8216633104af P 92a92cc5760d4f9e993b905318665696: Time spent starting tablet: real 0.014s user 0.008s sys 0.000s
I1002 04:41:24.540511 5905 tablet_service.cc:765] Processing CreateTablet for tablet 2efdf5f4e04644448a2558f9940b74c1 (table=test-alter-range-partitioning-invalid-unbounded [id=28630d9ce835454abf530e382fb41675]), partition=RANGE (c0) PARTITION 0 <= VALUES < 100
I1002 04:41:24.546777 5905 ts_tablet_manager.cc:1028] T 2efdf5f4e04644448a2558f9940b74c1 P 92a92cc5760d4f9e993b905318665696: Registered tablet (data state: TABLET_DATA_READY)
I1002 04:41:24.547102 5951 ts_tablet_manager.cc:878] T 2efdf5f4e04644448a2558f9940b74c1 P 92a92cc5760d4f9e993b905318665696: Bootstrapping tablet
I1002 04:41:24.547464 5951 tablet_bootstrap.cc:432] T 2efdf5f4e04644448a2558f9940b74c1 P 92a92cc5760d4f9e993b905318665696: Bootstrap starting.
I1002 04:41:24.547637 5819 catalog_manager.cc:3099] Sending DeleteTablet(TABLET_DATA_DELETED) for tablet eb376630c04d401f851e8216633104af on 92a92cc5760d4f9e993b905318665696 (127.7.153.1:39250) (Partition dropped at 2017-10-02 04:41:24 UTC)
I1002 04:41:24.547834 5833 catalog_manager.cc:1875] Servicing AlterTable request from {username='slave'} at 127.0.0.1:56410: table { table_name: "test-alter-range-partitioning-invalid-unbounded" } alter_schema_steps { type: DROP_RANGE_PARTITION drop_range_partition { range_bounds { rows: "\006\001\000\000\000\000\007\001d\000\000\000" } } } schema { columns { name: "c0" type: INT32 is_key: true is_nullable: false encoding: AUTO_ENCODING compression: DEFAULT_COMPRESSION cfile_block_size: 0 } columns { name: "c1" type: INT32 is_key: false is_nullable: false encoding: AUTO_ENCODING compression: DEFAULT_COMPRESSION cfile_block_size: 0 } }
I1002 04:41:24.548952 5832 catalog_manager.cc:2369] Got report from deleted tablet eb376630c04d401f851e8216633104af (table test-alter-range-partitioning-invalid-unbounded [id=28630d9ce835454abf530e382fb41675]) (Partition dropped at 2017-10-02 04:41:24 UTC): Sending delete request for this tablet
I1002 04:41:24.549293 5832 catalog_manager.cc:3099] Sending DeleteTablet(TABLET_DATA_DELETED) for tablet eb376630c04d401f851e8216633104af on 92a92cc5760d4f9e993b905318665696 (127.7.153.1:39250) (Partition dropped at 2017-10-02 04:41:24 UTC)
I1002 04:41:24.549881 5951 tablet_bootstrap.cc:567] T 2efdf5f4e04644448a2558f9940b74c1 P 92a92cc5760d4f9e993b905318665696: No blocks or log segments found. Creating new log.
I1002 04:41:24.552287 5906 tablet_service.cc:806] Processing DeleteTablet for tablet eb376630c04d401f851e8216633104af with delete_type TABLET_DATA_DELETED (Partition dropped at 2017-10-02 04:41:24 UTC) from {username='slave'} at 127.0.0.1:45798
I1002 04:41:24.552609 5906 tablet_replica.cc:257] T eb376630c04d401f851e8216633104af P 92a92cc5760d4f9e993b905318665696: stopping tablet replica
I1002 04:41:24.552804 5906 maintenance_manager.cc:228] P 92a92cc5760d4f9e993b905318665696: Unregistered op CompactRowSetsOp(eb376630c04d401f851e8216633104af)
I1002 04:41:24.552980 5906 maintenance_manager.cc:228] P 92a92cc5760d4f9e993b905318665696: Unregistered op MinorDeltaCompactionOp(eb376630c04d401f851e8216633104af)
I1002 04:41:24.553143 5906 maintenance_manager.cc:228] P 92a92cc5760d4f9e993b905318665696: Unregistered op MajorDeltaCompactionOp(eb376630c04d401f851e8216633104af)
I1002 04:41:24.553305 5906 maintenance_manager.cc:228] P 92a92cc5760d4f9e993b905318665696: Unregistered op UndoDeltaBlockGCOp(eb376630c04d401f851e8216633104af)
I1002 04:41:24.553493 5906 maintenance_manager.cc:228] P 92a92cc5760d4f9e993b905318665696: Unregistered op FlushMRSOp(eb376630c04d401f851e8216633104af)
I1002 04:41:24.553665 5906 maintenance_manager.cc:228] P 92a92cc5760d4f9e993b905318665696: Unregistered op FlushDeltaMemStoresOp(eb376630c04d401f851e8216633104af)
I1002 04:41:24.553825 5906 maintenance_manager.cc:228] P 92a92cc5760d4f9e993b905318665696: Unregistered op LogGCOp(eb376630c04d401f851e8216633104af)
I1002 04:41:24.553979 5906 raft_consensus.cc:1809] T eb376630c04d401f851e8216633104af P 92a92cc5760d4f9e993b905318665696 [term 1 LEADER]: Raft consensus shutting down.
I1002 04:41:24.554072 5818 catalog_manager.cc:2877] Scheduling retry of 324f6f5296ec4196903a9244e539c9d8 (table test-alter-range-partitioning-invalid-unbounded [id=28630d9ce835454abf530e382fb41675]) Alter Table RPC with a delay of 35 ms (attempt = 0)
I1002 04:41:24.554271 5906 raft_consensus.cc:1836] T eb376630c04d401f851e8216633104af P 92a92cc5760d4f9e993b905318665696 [term 1 FOLLOWER]: Raft consensus is shut down!
