I1002 04:41:25.710623 5816 catalog_manager.cc:2877] Scheduling retry of a8b2305aec07407b90e96939b7b0120c (table test-alter-range-partitioning-invalid-unbounded [id=28630d9ce835454abf530e382fb41675]) Alter Table RPC with a delay of 44 ms (attempt = 0)
I1002 04:41:25.710903 5832 catalog_manager.cc:3099] Sending DeleteTablet(TABLET_DATA_DELETED) for tablet 5c7395dfe7b545d8804f641939bc7d8d on 92a92cc5760d4f9e993b905318665696 (127.7.153.1:39250) (Partition dropped at 2017-10-02 04:41:25 UTC)
W1002 04:41:25.710922 5816 catalog_manager.cc:2896] Async tablet task a8b2305aec07407b90e96939b7b0120c (table test-alter-range-partitioning-invalid-unbounded [id=28630d9ce835454abf530e382fb41675]) Alter Table RPC failed: Not found: Failed to reset TS proxy: No leader found: Tablet a8b2305aec07407b90e96939b7b0120c consensus state has no leader
I1002 04:41:25.711323 5818 catalog_manager.cc:2877] Scheduling retry of 324f6f5296ec4196903a9244e539c9d8 (table test-alter-range-partitioning-invalid-unbounded [id=28630d9ce835454abf530e382fb41675]) Alter Table RPC with a delay of 13 ms (attempt = 0)
W1002 04:41:25.711622 5818 catalog_manager.cc:2896] Async tablet task 324f6f5296ec4196903a9244e539c9d8 (table test-alter-range-partitioning-invalid-unbounded [id=28630d9ce835454abf530e382fb41675]) Alter Table RPC failed: Not found: Failed to reset TS proxy: No leader found: Tablet 324f6f5296ec4196903a9244e539c9d8 consensus state has no leader
I1002 04:41:25.710988 5951 raft_consensus.cc:286] T e99ab0e319124dd2817fb8f485b62343 P 92a92cc5760d4f9e993b905318665696 [term 0 FOLLOWER]: Replica starting. Triggering 0 pending transactions. Active config: opid_index: -1 OBSOLETE_local: true peers { permanent_uuid: "92a92cc5760d4f9e993b905318665696" member_type: VOTER last_known_addr { host: "127.7.153.1" port: 39250 } }
I1002 04:41:25.712100 5819 catalog_manager.cc:2877] Scheduling retry of 2124f2d695cb4d5a8f6b457dc8979d57 (table test-alter-range-partitioning-invalid-unbounded [id=28630d9ce835454abf530e382fb41675]) Alter Table RPC with a delay of 53 ms (attempt = 0)
I1002 04:41:25.712249 5951 raft_consensus.cc:312] T e99ab0e319124dd2817fb8f485b62343 P 92a92cc5760d4f9e993b905318665696 [term 0 FOLLOWER]: Consensus starting up: Expiring failure detector timer to make a prompt election more likely
I1002 04:41:25.712265 5905 tablet_service.cc:806] Processing DeleteTablet for tablet e99ab0e319124dd2817fb8f485b62343 with delete_type TABLET_DATA_DELETED (Partition dropped at 2017-10-02 04:41:25 UTC) from {username='slave'} at 127.0.0.1:45798
W1002 04:41:25.712415 5819 catalog_manager.cc:2896] Async tablet task 2124f2d695cb4d5a8f6b457dc8979d57 (table test-alter-range-partitioning-invalid-unbounded [id=28630d9ce835454abf530e382fb41675]) Alter Table RPC failed: Not found: Failed to reset TS proxy: No leader found: Tablet 2124f2d695cb4d5a8f6b457dc8979d57 consensus state has no leader
I1002 04:41:25.712633 5951 raft_consensus.cc:578] T e99ab0e319124dd2817fb8f485b62343 P 92a92cc5760d4f9e993b905318665696 [term 0 FOLLOWER]: Becoming Follower/Learner. State: Replica: 92a92cc5760d4f9e993b905318665696, State: Initialized, Role: FOLLOWER
I1002 04:41:25.713160 5818 catalog_manager.cc:2877] Scheduling retry of 176cfad34f7d4bd38d2e3fbc08a70c29 (table test-alter-range-partitioning-invalid-unbounded [id=28630d9ce835454abf530e382fb41675]) Alter Table RPC with a delay of 41 ms (attempt = 0)
W1002 04:41:25.713462 5818 catalog_manager.cc:2896] Async tablet task 176cfad34f7d4bd38d2e3fbc08a70c29 (table test-alter-range-partitioning-invalid-unbounded [id=28630d9ce835454abf530e382fb41675]) Alter Table RPC failed: Not found: Failed to reset TS proxy: No leader found: Tablet 176cfad34f7d4bd38d2e3fbc08a70c29 consensus state has no leader
I1002 04:41:25.713865 5951 consensus_queue.cc:190] T e99ab0e319124dd2817fb8f485b62343 P 92a92cc5760d4f9e993b905318665696 [NON_LEADER]: Queue going to NON_LEADER mode. State: All replicated index: 0, Majority replicated index: 0, Committed index: 0, Last appended: 0.0, Last appended by leader: 0, Current term: 0, Majority size: -1, State: 0, Mode: NON_LEADER
I1002 04:41:25.714227 5951 raft_consensus.cc:327] T e99ab0e319124dd2817fb8f485b62343 P 92a92cc5760d4f9e993b905318665696 [term 0 FOLLOWER]: Only one voter in the Raft config. Triggering election immediately
I1002 04:41:25.714421 5951 raft_consensus.cc:411] T e99ab0e319124dd2817fb8f485b62343 P 92a92cc5760d4f9e993b905318665696 [term 0 FOLLOWER]: Starting leader election (initial election of a single-replica configuration)
I1002 04:41:25.714473 5905 tablet_service.cc:806] Processing DeleteTablet for tablet 5c7395dfe7b545d8804f641939bc7d8d with delete_type TABLET_DATA_DELETED (Partition dropped at 2017-10-02 04:41:25 UTC) from {username='slave'} at 127.0.0.1:45798
I1002 04:41:25.713996 5832 catalog_manager.cc:1875] Servicing AlterTable request from {username='slave'} at 127.0.0.1:56410: table { table_name: "test-alter-range-partitioning-invalid-unbounded" } alter_schema_steps { type: ADD_RANGE_PARTITION add_range_partition { range_bounds { rows: "\006\001\000\000\000\000\007\001d\000\000\000" } } } alter_schema_steps { type: ADD_RANGE_PARTITION add_range_partition { range_bounds { rows: "\006\001\001\000\000\000\007\000" } } } schema { columns { name: "c0" type: INT32 is_key: true is_nullable: false encoding: AUTO_ENCODING compression: DEFAULT_COMPRESSION cfile_block_size: 0 } columns { name: "c1" type: INT32 is_key: false is_nullable: false encoding: AUTO_ENCODING compression: DEFAULT_COMPRESSION cfile_block_size: 0 } }
I1002 04:41:25.714620 5951 raft_consensus.cc:2457] T e99ab0e319124dd2817fb8f485b62343 P 92a92cc5760d4f9e993b905318665696: Snoozing failure detection for 1.777s (starting election)
I1002 04:41:25.714918 5819 catalog_manager.cc:2877] Scheduling retry of 523dc850ea83468f991a8ac636839d86 (table test-alter-range-partitioning-invalid-unbounded [id=28630d9ce835454abf530e382fb41675]) Alter Table RPC with a delay of 45 ms (attempt = 0)
I1002 04:41:25.732918 5951 raft_consensus.cc:2509] T e99ab0e319124dd2817fb8f485b62343 P 92a92cc5760d4f9e993b905318665696 [term 0 FOLLOWER]: Advancing to term 1
I1002 04:41:25.732975 5905 tablet_replica.cc:257] T 5c7395dfe7b545d8804f641939bc7d8d P 92a92cc5760d4f9e993b905318665696: stopping tablet replica
W1002 04:41:25.733114 5819 catalog_manager.cc:2896] Async tablet task 523dc850ea83468f991a8ac636839d86 (table test-alter-range-partitioning-invalid-unbounded [id=28630d9ce835454abf530e382fb41675]) Alter Table RPC failed: Not found: Failed to reset TS proxy: No leader found: Tablet 523dc850ea83468f991a8ac636839d86 consensus state has no leader
I1002 04:41:25.733364 5905 maintenance_manager.cc:228] P 92a92cc5760d4f9e993b905318665696: Unregistered op CompactRowSetsOp(5c7395dfe7b545d8804f641939bc7d8d)
I1002 04:41:25.733608 5905 maintenance_manager.cc:228] P 92a92cc5760d4f9e993b905318665696: Unregistered op MinorDeltaCompactionOp(5c7395dfe7b545d8804f641939bc7d8d)
I1002 04:41:25.733660 5819 catalog_manager.cc:2877] Scheduling retry of eb376630c04d401f851e8216633104af (table test-alter-range-partitioning-invalid-unbounded [id=28630d9ce835454abf530e382fb41675]) Alter Table RPC with a delay of 48 ms (attempt = 0)
I1002 04:41:25.733856 5905 maintenance_manager.cc:228] P 92a92cc5760d4f9e993b905318665696: Unregistered op MajorDeltaCompactionOp(5c7395dfe7b545d8804f641939bc7d8d)
W1002 04:41:25.733939 5819 catalog_manager.cc:2896] Async tablet task eb376630c04d401f851e8216633104af (table test-alter-range-partitioning-invalid-unbounded [id=28630d9ce835454abf530e382fb41675]) Alter Table RPC failed: Not found: Failed to reset TS proxy: No leader found: Tablet eb376630c04d401f851e8216633104af consensus state has no leader
I1002 04:41:25.734160 5905 maintenance_manager.cc:228] P 92a92cc5760d4f9e993b905318665696: Unregistered op UndoDeltaBlockGCOp(5c7395dfe7b545d8804f641939bc7d8d)
I1002 04:41:25.734280 5819 catalog_manager.cc:2877] Scheduling retry of dad39dc14e5342f9b97f18a0a301fee1 (table test-alter-range-partitioning-invalid-unbounded [id=28630d9ce835454abf530e382fb41675]) Alter Table RPC with a delay of 34 ms (attempt = 0)
I1002 04:41:25.734419 5905 maintenance_manager.cc:228] P 92a92cc5760d4f9e993b905318665696: Unregistered op FlushMRSOp(5c7395dfe7b545d8804f641939bc7d8d)
W1002 04:41:25.734542 5819 catalog_manager.cc:2896] Async tablet task dad39dc14e5342f9b97f18a0a301fee1 (table test-alter-range-partitioning-invalid-unbounded [id=28630d9ce835454abf530e382fb41675]) Alter Table RPC failed: Not found: Failed to reset TS proxy: No leader found: Tablet dad39dc14e5342f9b97f18a0a301fee1 consensus state has no leader
I1002 04:41:25.734719 5905 maintenance_manager.cc:228] P 92a92cc5760d4f9e993b905318665696: Unregistered op FlushDeltaMemStoresOp(5c7395dfe7b545d8804f641939bc7d8d)
W1002 04:41:25.735127 5819 catalog_manager.cc:3069] TS 92a92cc5760d4f9e993b905318665696 (127.7.153.1:39250): delete failed for tablet e99ab0e319124dd2817fb8f485b62343 with error code TABLET_NOT_RUNNING: Illegal state: State transition of tablet e99ab0e319124dd2817fb8f485b62343 already in progress: creating tablet
I1002 04:41:25.735384 5819 catalog_manager.cc:2877] Scheduling retry of e99ab0e319124dd2817fb8f485b62343 Delete Tablet RPC for TS=92a92cc5760d4f9e993b905318665696 with a delay of 28 ms (attempt = 1)
I1002 04:41:25.734941 5905 maintenance_manager.cc:228] P 92a92cc5760d4f9e993b905318665696: Unregistered op LogGCOp(5c7395dfe7b545d8804f641939bc7d8d)
I1002 04:41:25.714992 5818 catalog_manager.cc:2877] Scheduling retry of 4aa07f5bc7fa4d689318a63bfd75d334 (table test-alter-range-partitioning-invalid-unbounded [id=28630d9ce835454abf530e382fb41675]) Alter Table RPC with a delay of 15 ms (attempt = 0)
W1002 04:41:25.736425 5818 catalog_manager.cc:2896] Async tablet task 4aa07f5bc7fa4d689318a63bfd75d334 (table test-alter-range-partitioning-invalid-unbounded [id=28630d9ce835454abf530e382fb41675]) Alter Table RPC failed: Not found: Failed to reset TS proxy: No leader found: Tablet 4aa07f5bc7fa4d689318a63bfd75d334 consensus state has no leader
I1002 04:41:25.736806 5818 catalog_manager.cc:2877] Scheduling retry of ffc46f65c62d4d5dbb276546317c22ad (table test-alter-range-partitioning-invalid-unbounded [id=28630d9ce835454abf530e382fb41675]) Alter Table RPC with a delay of 27 ms (attempt = 0)
I1002 04:41:25.735710 5905 raft_consensus.cc:1809] T 5c7395dfe7b545d8804f641939bc7d8d P 92a92cc5760d4f9e993b905318665696 [term 1 LEADER]: Raft consensus shutting down.
W1002 04:41:25.737094 5818 catalog_manager.cc:2896] Async tablet task ffc46f65c62d4d5dbb276546317c22ad (table test-alter-range-partitioning-invalid-unbounded [id=28630d9ce835454abf530e382fb41675]) Alter Table RPC failed: Not found: Failed to reset TS proxy: No leader found: Tablet ffc46f65c62d4d5dbb276546317c22ad consensus state has no leader
I1002 04:41:25.737257 5905 raft_consensus.cc:1836] T 5c7395dfe7b545d8804f641939bc7d8d P 92a92cc5760d4f9e993b905318665696 [term 1 FOLLOWER]: Raft consensus is shut down!
I1002 04:41:25.737607 5818 catalog_manager.cc:2877] Scheduling retry of 324f6f5296ec4196903a9244e539c9d8 (table test-alter-range-partitioning-invalid-unbounded [id=28630d9ce835454abf530e382fb41675]) Alter Table RPC with a delay of 43 ms (attempt = 0)
W1002 04:41:25.737916 5818 catalog_manager.cc:2896] Async tablet task 324f6f5296ec4196903a9244e539c9d8 (table test-alter-range-partitioning-invalid-unbounded [id=28630d9ce835454abf530e382fb41675]) Alter Table RPC failed: Not found: Failed to reset TS proxy: No leader found: Tablet 324f6f5296ec4196903a9244e539c9d8 consensus state has no leader
I1002 04:41:25.737766 5832 catalog_manager.cc:1875] Servicing AlterTable request from {username='slave'} at 127.0.0.1:56410: table { table_name: "test-alter-range-partitioning-invalid-unbounded" } alter_schema_steps { type: ADD_RANGE_PARTITION add_range_partition { range_bounds { rows: "\006\001\000\000\000\000\007\001d\000\000\000" } } } schema { columns { name: "c0" type: INT32 is_key: true is_nullable: false encoding: AUTO_ENCODING compression: DEFAULT_COMPRESSION cfile_block_size: 0 } columns { name: "c1" type: INT32 is_key: false is_nullable: false encoding: AUTO_ENCODING compression: DEFAULT_COMPRESSION cfile_block_size: 0 } }
I1002 04:41:25.738287 5818 catalog_manager.cc:2877] Scheduling retry of 6c9a07331aee4b64939857be92f02f99 (table test-alter-range-partitioning-invalid-unbounded [id=28630d9ce835454abf530e382fb41675]) Alter Table RPC with a delay of 19 ms (attempt = 0)
I1002 04:41:25.715214 5817 catalog_manager.cc:2877] Scheduling retry of eab92c5faddf43bba4543442e4dcf3d2 (table test-alter-range-partitioning-invalid-unbounded [id=28630d9ce835454abf530e382fb41675]) Alter Table RPC with a delay of 35 ms (attempt = 0)
W1002 04:41:25.739058 5817 catalog_manager.cc:2896] Async tablet task eab92c5faddf43bba4543442e4dcf3d2 (table test-alter-range-partitioning-invalid-unbounded [id=28630d9ce835454abf530e382fb41675]) Alter Table RPC failed: Not found: Failed to reset TS proxy: No leader found: Tablet eab92c5faddf43bba4543442e4dcf3d2 consensus state has no leader
I1002 04:41:25.717566 5816 catalog_manager.cc:2877] Scheduling retry of c464d87b2b3d43d289fbbd56acb0dd90 (table test-alter-range-partitioning-invalid-unbounded [id=28630d9ce835454abf530e382fb41675]) Alter Table RPC with a delay of 25 ms (attempt = 0)
I1002 04:41:25.740209 5951 raft_consensus.cc:433] T e99ab0e319124dd2817fb8f485b62343 P 92a92cc5760d4f9e993b905318665696 [term 1 FOLLOWER]: Starting leader election with config: opid_index: -1 OBSOLETE_local: true peers { permanent_uuid: "92a92cc5760d4f9e993b905318665696" member_type: VOTER last_known_addr { host: "127.7.153.1" port: 39250 } }
I1002 04:41:25.740784 5951 leader_election.cc:248] T e99ab0e319124dd2817fb8f485b62343 P 92a92cc5760d4f9e993b905318665696 [CANDIDATE]: Term 1 election: Election decided. Result: candidate won.
W1002 04:41:25.740149 5818 catalog_manager.cc:2896] Async tablet task 6c9a07331aee4b64939857be92f02f99 (table test-alter-range-partitioning-invalid-unbounded [id=28630d9ce835454abf530e382fb41675]) Alter Table RPC failed: Not found: Failed to reset TS proxy: No leader found: Tablet 6c9a07331aee4b64939857be92f02f99 consensus state has no leader
I1002 04:41:25.741286 5953 raft_consensus.cc:2457] T e99ab0e319124dd2817fb8f485b62343 P 92a92cc5760d4f9e993b905318665696: Snoozing failure detection for 2.015s (election complete)
I1002 04:41:25.739492 5817 catalog_manager.cc:2877] Scheduling retry of c2b8cfa799034977a43798f4f83e8d3d (table test-alter-range-partitioning-invalid-unbounded [id=28630d9ce835454abf530e382fb41675]) Alter Table RPC with a delay of 51 ms (attempt = 0)
I1002 04:41:25.741569 5953 raft_consensus.cc:2281] T e99ab0e319124dd2817fb8f485b62343 P 92a92cc5760d4f9e993b905318665696 [term 1 FOLLOWER]: Leader election won for term 1
I1002 04:41:25.741302 5818 catalog_manager.cc:2877] Scheduling retry of ac9bed6c3606451ba4f9ee159fbd44ea (table test-alter-range-partitioning-invalid-unbounded [id=28630d9ce835454abf530e382fb41675]) Alter Table RPC with a delay of 53 ms (attempt = 0)
W1002 04:41:25.741953 5818 catalog_manager.cc:2896] Async tablet task ac9bed6c3606451ba4f9ee159fbd44ea (table test-alter-range-partitioning-invalid-unbounded [id=28630d9ce835454abf530e382fb41675]) Alter Table RPC failed: Not found: Failed to reset TS proxy: No leader found: Tablet ac9bed6c3606451ba4f9ee159fbd44ea consensus state has no leader
I1002 04:41:25.741932 5953 raft_consensus.cc:545] T e99ab0e319124dd2817fb8f485b62343 P 92a92cc5760d4f9e993b905318665696 [term 1 LEADER]: Becoming Leader. State: Replica: 92a92cc5760d4f9e993b905318665696, State: Running, Role: LEADER
I1002 04:41:25.742523 5953 consensus_queue.cc:169] T e99ab0e319124dd2817fb8f485b62343 P 92a92cc5760d4f9e993b905318665696 [LEADER]: Queue going to LEADER mode. State: All replicated index: 0, Majority replicated index: 0, Committed index: 0, Last appended: 0.0, Last appended by leader: 0, Current term: 1, Majority size: 1, State: 0, Mode: LEADER, active raft config: opid_index: -1 OBSOLETE_local: true peers { permanent_uuid: "92a92cc5760d4f9e993b905318665696" member_type: VOTER last_known_addr { host: "127.7.153.1" port: 39250 } }
I1002 04:41:25.743299 5951 ts_tablet_manager.cc:931] T e99ab0e319124dd2817fb8f485b62343 P 92a92cc5760d4f9e993b905318665696: Time spent starting tablet: real 0.034s user 0.008s sys 0.000s
I1002 04:41:25.744400 5905 ts_tablet_manager.cc:1203] T 5c7395dfe7b545d8804f641939bc7d8d P 92a92cc5760d4f9e993b905318665696: Deleting tablet data with delete state TABLET_DATA_DELETED
W1002 04:41:25.742182 5817 catalog_manager.cc:2896] Async tablet task c2b8cfa799034977a43798f4f83e8d3d (table test-alter-range-partitioning-invalid-unbounded [id=28630d9ce835454abf530e382fb41675]) Alter Table RPC failed: Not found: Failed to reset TS proxy: No leader found: Tablet c2b8cfa799034977a43798f4f83e8d3d consensus state has no leader
I1002 04:41:25.752858 5819 catalog_manager.cc:3099] Sending DeleteTablet(TABLET_DATA_DELETED) for tablet 5c7395dfe7b545d8804f641939bc7d8d on 92a92cc5760d4f9e993b905318665696 (127.7.153.1:39250) (Partition dropped at 2017-10-02 04:41:25 UTC)
I1002 04:41:25.754834 5817 catalog_manager.cc:2877] Scheduling retry of e99ab0e319124dd2817fb8f485b62343 (table test-alter-range-partitioning-invalid-unbounded [id=28630d9ce835454abf530e382fb41675]) Alter Table RPC with a delay of 35 ms (attempt = 0)
I1002 04:41:25.754379 5832 catalog_manager.cc:2877] Scheduling retry of 3a257178bc174e558fc4317af3b2a3b8 (table test-alter-range-partitioning-invalid-unbounded [id=28630d9ce835454abf530e382fb41675]) Alter Table RPC with a delay of 17 ms (attempt = 0)
W1002 04:41:25.755126 5832 catalog_manager.cc:3416] Failed to send alter table request: Not found: Failed to reset TS proxy: No leader found: Tablet 3a257178bc174e558fc4317af3b2a3b8 has no consensus state
I1002 04:41:25.752970 5905 ts_tablet_manager.cc:1216] T 5c7395dfe7b545d8804f641939bc7d8d P 92a92cc5760d4f9e993b905318665696: tablet deleted: last-logged OpId: 1.1
I1002 04:41:25.755499 5905 log.cc:980] T 5c7395dfe7b545d8804f641939bc7d8d P 92a92cc5760d4f9e993b905318665696: Deleting WAL directory at /tmp/run_tha_test1fMIRV/test-tmp/alter_table-test.AlterTableTest.TestAddRangePartitionConflictExhaustive.1506919259568928-1945/minicluster-data/ts-0-root/wals/5c7395dfe7b545d8804f641939bc7d8d
I1002 04:41:25.756091 5905 ts_tablet_manager.cc:1234] T 5c7395dfe7b545d8804f641939bc7d8d P 92a92cc5760d4f9e993b905318665696: Deleting consensus metadata
I1002 04:41:25.757346 5904 tablet_service.cc:806] Processing DeleteTablet for tablet 5c7395dfe7b545d8804f641939bc7d8d with delete_type TABLET_DATA_DELETED (Partition dropped at 2017-10-02 04:41:25 UTC) from {username='slave'} at 127.0.0.1:45798
I1002 04:41:25.762748 5903 tablet_service.cc:765] Processing CreateTablet for tablet 3a257178bc174e558fc4317af3b2a3b8 (table=test-alter-range-partitioning-invalid-unbounded [id=28630d9ce835454abf530e382fb41675]), partition=RANGE (c0) PARTITION 0 <= VALUES < 100
W1002 04:41:25.739969 5816 catalog_manager.cc:2896] Async tablet task c464d87b2b3d43d289fbbd56acb0dd90 (table test-alter-range-partitioning-invalid-unbounded [id=28630d9ce835454abf530e382fb41675]) Alter Table RPC failed: Not found: Failed to reset TS proxy: No leader found: Tablet c464d87b2b3d43d289fbbd56acb0dd90 consensus state has no leader
I1002 04:41:25.764158 5816 catalog_manager.cc:2877] Scheduling retry of 625d812d6032468588f4b9a5d553c83c (table test-alter-range-partitioning-invalid-unbounded [id=28630d9ce835454abf530e382fb41675]) Alter Table RPC with a delay of 26 ms (attempt = 0)
W1002 04:41:25.764884 5816 catalog_manager.cc:2896] Async tablet task 625d812d6032468588f4b9a5d553c83c (table test-alter-range-partitioning-invalid-unbounded [id=28630d9ce835454abf530e382fb41675]) Alter Table RPC failed: Not found: Failed to reset TS proxy: No leader found: Tablet 625d812d6032468588f4b9a5d553c83c consensus state has no leader
I1002 04:41:25.764945 5819 catalog_manager.cc:2877] Scheduling retry of 9b2c62df81784394994baa99bc83b430 (table test-alter-range-partitioning-invalid-unbounded [id=28630d9ce835454abf530e382fb41675]) Alter Table RPC with a delay of 8 ms (attempt = 0)
W1002 04:41:25.765285 5819 catalog_manager.cc:2896] Async tablet task 9b2c62df81784394994baa99bc83b430 (table test-alter-range-partitioning-invalid-unbounded [id=28630d9ce835454abf530e382fb41675]) Alter Table RPC failed: Not found: Failed to reset TS proxy: No leader found: Tablet 9b2c62df81784394994baa99bc83b430 consensus state has no leader
I1002 04:41:25.765369 5816 catalog_manager.cc:2877] Scheduling retry of 2efdf5f4e04644448a2558f9940b74c1 (table test-alter-range-partitioning-invalid-unbounded [id=28630d9ce835454abf530e382fb41675]) Alter Table RPC with a delay of 14 ms (attempt = 0)
I1002 04:41:25.765591 5819 catalog_manager.cc:3099] Sending DeleteTablet(TABLET_DATA_DELETED) for tablet e99ab0e319124dd2817fb8f485b62343 on 92a92cc5760d4f9e993b905318665696 (127.7.153.1:39250) (Partition dropped at 2017-10-02 04:41:25 UTC)
W1002 04:41:25.765642 5816 catalog_manager.cc:2896] Async tablet task 2efdf5f4e04644448a2558f9940b74c1 (table test-alter-range-partitioning-invalid-unbounded [id=28630d9ce835454abf530e382fb41675]) Alter Table RPC failed: Not found: Failed to reset TS proxy: No leader found: Tablet 2efdf5f4e04644448a2558f9940b74c1 consensus state has no leader
I1002 04:41:25.766001 5816 catalog_manager.cc:2877] Scheduling retry of 4a6f2c5116d04bf786fe29f7cfe1953c (table test-alter-range-partitioning-invalid-unbounded [id=28630d9ce835454abf530e382fb41675]) Alter Table RPC with a delay of 39 ms (attempt = 0)
W1002 04:41:25.766245 5816 catalog_manager.cc:2896] Async tablet task 4a6f2c5116d04bf786fe29f7cfe1953c (table test-alter-range-partitioning-invalid-unbounded [id=28630d9ce835454abf530e382fb41675]) Alter Table RPC failed: Not found: Failed to reset TS proxy: No leader found: Tablet 4a6f2c5116d04bf786fe29f7cfe1953c consensus state has no leader
I1002 04:41:25.766268 5819 catalog_manager.cc:2877] Scheduling retry of 2124f2d695cb4d5a8f6b457dc8979d57 (table test-alter-range-partitioning-invalid-unbounded [id=28630d9ce835454abf530e382fb41675]) Alter Table RPC with a delay of 23 ms (attempt = 0)
W1002 04:41:25.766552 5819 catalog_manager.cc:2896] Async tablet task 2124f2d695cb4d5a8f6b457dc8979d57 (table test-alter-range-partitioning-invalid-unbounded [id=28630d9ce835454abf530e382fb41675]) Alter Table RPC failed: Not found: Failed to reset TS proxy: No leader found: Tablet 2124f2d695cb4d5a8f6b457dc8979d57 consensus state has no leader
I1002 04:41:25.766597 5816 catalog_manager.cc:2877] Scheduling retry of 31cb9f984a544fe7a23255fb0491a3cc (table test-alter-range-partitioning-invalid-unbounded [id=28630d9ce835454abf530e382fb41675]) Alter Table RPC with a delay of 40 ms (attempt = 0)
I1002 04:41:25.767843 5906 tablet_service.cc:806] Processing DeleteTablet for tablet e99ab0e319124dd2817fb8f485b62343 with delete_type TABLET_DATA_DELETED (Partition dropped at 2017-10-02 04:41:25 UTC) from {username='slave'} at 127.0.0.1:45798
I1002 04:41:25.770476 5819 catalog_manager.cc:2877] Scheduling retry of dad39dc14e5342f9b97f18a0a301fee1 (table test-alter-range-partitioning-invalid-unbounded [id=28630d9ce835454abf530e382fb41675]) Alter Table RPC with a delay of 54 ms (attempt = 0)
W1002 04:41:25.770784 5819 catalog_manager.cc:2896] Async tablet task dad39dc14e5342f9b97f18a0a301fee1 (table test-alter-range-partitioning-invalid-unbounded [id=28630d9ce835454abf530e382fb41675]) Alter Table RPC failed: Not found: Failed to reset TS proxy: No leader found: Tablet dad39dc14e5342f9b97f18a0a301fee1 consensus state has no leader
I1002 04:41:25.767241 5832 catalog_manager.cc:1875] Servicing AlterTable request from {username='slave'} at 127.0.0.1:56410: table { table_name: "test-alter-range-partitioning-invalid-unbounded" } alter_schema_steps { type: DROP_RANGE_PARTITION drop_range_partition { range_bounds { rows: "\006\001\001\000\000\000\007\000" } } } schema { columns { name: "c0" type: INT32 is_key: true is_nullable: false encoding: AUTO_ENCODING compression: DEFAULT_COMPRESSION cfile_block_size: 0 } columns { name: "c1" type: INT32 is_key: false is_nullable: false encoding: AUTO_ENCODING compression: DEFAULT_COMPRESSION cfile_block_size: 0 } }
I1002 04:41:25.764832 5818 catalog_manager.cc:2877] Scheduling retry of 2e11ab53d1834da3867e17c59001dd34 (table test-alter-range-partitioning-invalid-unbounded [id=28630d9ce835454abf530e382fb41675]) Alter Table RPC with a delay of 13 ms (attempt = 0)
W1002 04:41:25.772707 5818 catalog_manager.cc:2896] Async tablet task 2e11ab53d1834da3867e17c59001dd34 (table test-alter-range-partitioning-invalid-unbounded [id=28630d9ce835454abf530e382fb41675]) Alter Table RPC failed: Not found: Failed to reset TS proxy: No leader found: Tablet 2e11ab53d1834da3867e17c59001dd34 consensus state has no leader
I1002 04:41:25.773111 5818 catalog_manager.cc:2877] Scheduling retry of 4aa07f5bc7fa4d689318a63bfd75d334 (table test-alter-range-partitioning-invalid-unbounded [id=28630d9ce835454abf530e382fb41675]) Alter Table RPC with a delay of 26 ms (attempt = 0)
W1002 04:41:25.773365 5818 catalog_manager.cc:2896] Async tablet task 4aa07f5bc7fa4d689318a63bfd75d334 (table test-alter-range-partitioning-invalid-unbounded [id=28630d9ce835454abf530e382fb41675]) Alter Table RPC failed: Not found: Failed to reset TS proxy: No leader found: Tablet 4aa07f5bc7fa4d689318a63bfd75d334 consensus state has no leader
I1002 04:41:25.773699 5818 catalog_manager.cc:2877] Scheduling retry of 176cfad34f7d4bd38d2e3fbc08a70c29 (table test-alter-range-partitioning-invalid-unbounded [id=28630d9ce835454abf530e382fb41675]) Alter Table RPC with a delay of 39 ms (attempt = 0)
W1002 04:41:25.773926 5818 catalog_manager.cc:2896] Async tablet task 176cfad34f7d4bd38d2e3fbc08a70c29 (table test-alter-range-partitioning-invalid-unbounded [id=28630d9ce835454abf530e382fb41675]) Alter Table RPC failed: Not found: Failed to reset TS proxy: No leader found: Tablet 176cfad34f7d4bd38d2e3fbc08a70c29 consensus state has no leader
I1002 04:41:25.774224 5818 catalog_manager.cc:2877] Scheduling retry of 6c9a07331aee4b64939857be92f02f99 (table test-alter-range-partitioning-invalid-unbounded [id=28630d9ce835454abf530e382fb41675]) Alter Table RPC with a delay of 15 ms (attempt = 0)
W1002 04:41:25.774446 5818 catalog_manager.cc:2896] Async tablet task 6c9a07331aee4b64939857be92f02f99 (table test-alter-range-partitioning-invalid-unbounded [id=28630d9ce835454abf530e382fb41675]) Alter Table RPC failed: Not found: Failed to reset TS proxy: No leader found: Tablet 6c9a07331aee4b64939857be92f02f99 consensus state has no leader
I1002 04:41:25.774745 5818 catalog_manager.cc:2877] Scheduling retry of ffc46f65c62d4d5dbb276546317c22ad (table test-alter-range-partitioning-invalid-unbounded [id=28630d9ce835454abf530e382fb41675]) Alter Table RPC with a delay of 12 ms (attempt = 0)
W1002 04:41:25.774956 5818 catalog_manager.cc:2896] Async tablet task ffc46f65c62d4d5dbb276546317c22ad (table test-alter-range-partitioning-invalid-unbounded [id=28630d9ce835454abf530e382fb41675]) Alter Table RPC failed: Not found: Failed to reset TS proxy: No leader found: Tablet ffc46f65c62d4d5dbb276546317c22ad consensus state has no leader
I1002 04:41:25.775362 5819 catalog_manager.cc:2877] Scheduling retry of 3a257178bc174e558fc4317af3b2a3b8 (table test-alter-range-partitioning-invalid-unbounded [id=28630d9ce835454abf530e382fb41675]) Alter Table RPC with a delay of 46 ms (attempt = 0)
W1002 04:41:25.775630 5819 catalog_manager.cc:2896] Async tablet task 3a257178bc174e558fc4317af3b2a3b8 (table test-alter-range-partitioning-invalid-unbounded [id=28630d9ce835454abf530e382fb41675]) Alter Table RPC failed: Not found: Failed to reset TS proxy: No leader found: Tablet 3a257178bc174e558fc4317af3b2a3b8 consensus state has no leader
I1002 04:41:25.775943 5819 catalog_manager.cc:2877] Scheduling retry of 9b2c62df81784394994baa99bc83b430 (table test-alter-range-partitioning-invalid-unbounded [id=28630d9ce835454abf530e382fb41675]) Alter Table RPC with a delay of 12 ms (attempt = 0)
W1002 04:41:25.776151 5819 catalog_manager.cc:2896] Async tablet task 9b2c62df81784394994baa99bc83b430 (table test-alter-range-partitioning-invalid-unbounded [id=28630d9ce835454abf530e382fb41675]) Alter Table RPC failed: Not found: Failed to reset TS proxy: No leader found: Tablet 9b2c62df81784394994baa99bc83b430 consensus state has no leader
I1002 04:41:25.776923 5832 catalog_manager.cc:1875] Servicing AlterTable request from {username='slave'} at 127.0.0.1:56410: table { table_name: "test-alter-range-partitioning-invalid-unbounded" } alter_schema_steps { type: DROP_RANGE_PARTITION drop_range_partition { range_bounds { rows: "\006\001\000\000\000\000\007\001d\000\000\000" } } } schema { columns { name: "c0" type: INT32 is_key: true is_nullable: false encoding: AUTO_ENCODING compression: DEFAULT_COMPRESSION cfile_block_size: 0 } columns { name: "c1" type: INT32 is_key: false is_nullable: false encoding: AUTO_ENCODING compression: DEFAULT_COMPRESSION cfile_block_size: 0 } }
I1002 04:41:25.782557 5819 catalog_manager.cc:2877] Scheduling retry of 523dc850ea83468f991a8ac636839d86 (table test-alter-range-partitioning-invalid-unbounded [id=28630d9ce835454abf530e382fb41675]) Alter Table RPC with a delay of 9 ms (attempt = 0)
W1002 04:41:25.782809 5819 catalog_manager.cc:2896] Async tablet task 523dc850ea83468f991a8ac636839d86 (table test-alter-range-partitioning-invalid-unbounded [id=28630d9ce835454abf530e382fb41675]) Alter Table RPC failed: Not found: Failed to reset TS proxy: No leader found: Tablet 523dc850ea83468f991a8ac636839d86 consensus state has no leader
W1002 04:41:25.770362 5817 catalog_manager.cc:2896] Async tablet task e99ab0e319124dd2817fb8f485b62343 (table test-alter-range-partitioning-invalid-unbounded [id=28630d9ce835454abf530e382fb41675]) Alter Table RPC failed: Not found: Failed to reset TS proxy: No leader found: Tablet e99ab0e319124dd2817fb8f485b62343 consensus state has no leader
I1002 04:41:25.783335 5817 catalog_manager.cc:2877] Scheduling retry of 16347b539ec7456684793f254094ed89 (table test-alter-range-partitioning-invalid-unbounded [id=28630d9ce835454abf530e382fb41675]) Alter Table RPC with a delay of 29 ms (attempt = 0)
W1002 04:41:25.783571 5817 catalog_manager.cc:2896] Async tablet task 16347b539ec7456684793f254094ed89 (table test-alter-range-partitioning-invalid-unbounded [id=28630d9ce835454abf530e382fb41675]) Alter Table RPC failed: Not found: Failed to reset TS proxy: No leader found: Tablet 16347b539ec7456684793f254094ed89 consensus state has no leader
I1002 04:41:25.783882 5817 catalog_manager.cc:2877] Scheduling retry of f199048d571c419eb586f6d1c3ddac07 (table test-alter-range-partitioning-invalid-unbounded [id=28630d9ce835454abf530e382fb41675]) Alter Table RPC with a delay of 49 ms (attempt = 0)
W1002 04:41:25.784109 5817 catalog_manager.cc:2896] Async tablet task f199048d571c419eb586f6d1c3ddac07 (table test-alter-range-partitioning-invalid-unbounded [id=28630d9ce835454abf530e382fb41675]) Alter Table RPC failed: Not found: Failed to reset TS proxy: No leader found: Tablet f199048d571c419eb586f6d1c3ddac07 consensus state has no leader
I1002 04:41:25.784407 5817 catalog_manager.cc:2877] Scheduling retry of 5c7395dfe7b545d8804f641939bc7d8d (table test-alter-range-partitioning-invalid-unbounded [id=28630d9ce835454abf530e382fb41675]) Alter Table RPC with a delay of 18 ms (attempt = 0)
W1002 04:41:25.784615 5817 catalog_manager.cc:2896] Async tablet task 5c7395dfe7b545d8804f641939bc7d8d (table test-alter-range-partitioning-invalid-unbounded [id=28630d9ce835454abf530e382fb41675]) Alter Table RPC failed: Not found: Failed to reset TS proxy: No leader found: Tablet 5c7395dfe7b545d8804f641939bc7d8d consensus state has no leader
I1002 04:41:25.784893 5817 catalog_manager.cc:2877] Scheduling retry of a4337842dcc44cf0ab25aa0b7f810246 (table test-alter-range-partitioning-invalid-unbounded [id=28630d9ce835454abf530e382fb41675]) Alter Table RPC with a delay of 8 ms (attempt = 0)
W1002 04:41:25.785104 5817 catalog_manager.cc:2896] Async tablet task a4337842dcc44cf0ab25aa0b7f810246 (table test-alter-range-partitioning-invalid-unbounded [id=28630d9ce835454abf530e382fb41675]) Alter Table RPC failed: Not found: Failed to reset TS proxy: No leader found: Tablet a4337842dcc44cf0ab25aa0b7f810246 consensus state has no leader
I1002 04:41:25.785487 5817 catalog_manager.cc:2877] Scheduling retry of f05a246de6154981a64cf15b78055baf (table test-alter-range-partitioning-invalid-unbounded [id=28630d9ce835454abf530e382fb41675]) Alter Table RPC with a delay of 19 ms (attempt = 0)
W1002 04:41:25.786453 5817 catalog_manager.cc:2896] Async tablet task f05a246de6154981a64cf15b78055baf (table test-alter-range-partitioning-invalid-unbounded [id=28630d9ce835454abf530e382fb41675]) Alter Table RPC failed: Not found: Failed to reset TS proxy: No leader found: Tablet f05a246de6154981a64cf15b78055baf consensus state has no leader
I1002 04:41:25.786742 5817 catalog_manager.cc:2877] Scheduling retry of c590266196284e13bd9569bb434bd2bf (table test-alter-range-partitioning-invalid-unbounded [id=28630d9ce835454abf530e382fb41675]) Alter Table RPC with a delay of 10 ms (attempt = 0)
W1002 04:41:25.786957 5817 catalog_manager.cc:2896] Async tablet task c590266196284e13bd9569bb434bd2bf (table test-alter-range-partitioning-invalid-unbounded [id=28630d9ce835454abf530e382fb41675]) Alter Table RPC failed: Not found: Failed to reset TS proxy: No leader found: Tablet c590266196284e13bd9569bb434bd2bf consensus state has no leader
I1002 04:41:25.787232 5817 catalog_manager.cc:2877] Scheduling retry of eab92c5faddf43bba4543442e4dcf3d2 (table test-alter-range-partitioning-invalid-unbounded [id=28630d9ce835454abf530e382fb41675]) Alter Table RPC with a delay of 34 ms (attempt = 0)
W1002 04:41:25.787444 5817 catalog_manager.cc:2896] Async tablet task eab92c5faddf43bba4543442e4dcf3d2 (table test-alter-range-partitioning-invalid-unbounded [id=28630d9ce835454abf530e382fb41675]) Alter Table RPC failed: Not found: Failed to reset TS proxy: No leader found: Tablet eab92c5faddf43bba4543442e4dcf3d2 consensus state has no leader
I1002 04:41:25.787829 5819 catalog_manager.cc:2877] Scheduling retry of eb376630c04d401f851e8216633104af (table test-alter-range-partitioning-invalid-unbounded [id=28630d9ce835454abf530e382fb41675]) Alter Table RPC with a delay of 31 ms (attempt = 0)
W1002 04:41:25.788095 5819 catalog_manager.cc:2896] Async tablet task eb376630c04d401f851e8216633104af (table test-alter-range-partitioning-invalid-unbounded [id=28630d9ce835454abf530e382fb41675]) Alter Table RPC failed: Not found: Failed to reset TS proxy: No leader found: Tablet eb376630c04d401f851e8216633104af consensus state has no leader
I1002 04:41:25.788666 5832 catalog_manager.cc:3442] T 00000000000000000000000000000000 P 4f89f43c5b1b4a7ab82ebafc420bd1f8: Sending DeleteTablet for 1 replicas of tablet 3a257178bc174e558fc4317af3b2a3b8
I1002 04:41:25.789001 5832 catalog_manager.cc:3099] Sending DeleteTablet(TABLET_DATA_DELETED) for tablet 3a257178bc174e558fc4317af3b2a3b8 on 92a92cc5760d4f9e993b905318665696 (127.7.153.1:39250) (Partition dropped at 2017-10-02 04:41:25 UTC)
I1002 04:41:25.789599 5819 catalog_manager.cc:2877] Scheduling retry of 9b2c62df81784394994baa99bc83b430 (table test-alter-range-partitioning-invalid-unbounded [id=28630d9ce835454abf530e382fb41675]) Alter Table RPC with a delay of 29 ms (attempt = 0)
W1002 04:41:25.789826 5819 catalog_manager.cc:2896] Async tablet task 9b2c62df81784394994baa99bc83b430 (table test-alter-range-partitioning-invalid-unbounded [id=28630d9ce835454abf530e382fb41675]) Alter Table RPC failed: Not found: Failed to reset TS proxy: No leader found: Tablet 9b2c62df81784394994baa99bc83b430 consensus state has no leader
I1002 04:41:25.790187 5819 catalog_manager.cc:2877] Scheduling retry of 2124f2d695cb4d5a8f6b457dc8979d57 (table test-alter-range-partitioning-invalid-unbounded [id=28630d9ce835454abf530e382fb41675]) Alter Table RPC with a delay of 22 ms (attempt = 0)
W1002 04:41:25.790407 5819 catalog_manager.cc:2896] Async tablet task 2124f2d695cb4d5a8f6b457dc8979d57 (table test-alter-range-partitioning-invalid-unbounded [id=28630d9ce835454abf530e382fb41675]) Alter Table RPC failed: Not found: Failed to reset TS proxy: No leader found: Tablet 2124f2d695cb4d5a8f6b457dc8979d57 consensus state has no leader
W1002 04:41:25.766863 5816 catalog_manager.cc:2896] Async tablet task 31cb9f984a544fe7a23255fb0491a3cc (table test-alter-range-partitioning-invalid-unbounded [id=28630d9ce835454abf530e382fb41675]) Alter Table RPC failed: Not found: Failed to reset TS proxy: No leader found: Tablet 31cb9f984a544fe7a23255fb0491a3cc consensus state has no leader
I1002 04:41:25.791211 5902 tablet_service.cc:806] Processing DeleteTablet for tablet 3a257178bc174e558fc4317af3b2a3b8 with delete_type TABLET_DATA_DELETED (Partition dropped at 2017-10-02 04:41:25 UTC) from {username='slave'} at 127.0.0.1:45798
I1002 04:41:25.791301 5816 catalog_manager.cc:2877] Scheduling retry of a8b2305aec07407b90e96939b7b0120c (table test-alter-range-partitioning-invalid-unbounded [id=28630d9ce835454abf530e382fb41675]) Alter Table RPC with a delay of 44 ms (attempt = 0)
W1002 04:41:25.791599 5816 catalog_manager.cc:2896] Async tablet task a8b2305aec07407b90e96939b7b0120c (table test-alter-range-partitioning-invalid-unbounded [id=28630d9ce835454abf530e382fb41675]) Alter Table RPC failed: Not found: Failed to reset TS proxy: No leader found: Tablet a8b2305aec07407b90e96939b7b0120c consensus state has no leader
I1002 04:41:25.791995 5816 catalog_manager.cc:2877] Scheduling retry of c464d87b2b3d43d289fbbd56acb0dd90 (table test-alter-range-partitioning-invalid-unbounded [id=28630d9ce835454abf530e382fb41675]) Alter Table RPC with a delay of 22 ms (attempt = 0)
W1002 04:41:25.792215 5816 catalog_manager.cc:2896] Async tablet task c464d87b2b3d43d289fbbd56acb0dd90 (table test-alter-range-partitioning-invalid-unbounded [id=28630d9ce835454abf530e382fb41675]) Alter Table RPC failed: Not found: Failed to reset TS proxy: No leader found: Tablet c464d87b2b3d43d289fbbd56acb0dd90 consensus state has no leader
I1002 04:41:25.792942 5819 catalog_manager.cc:2877] Scheduling retry of 523dc850ea83468f991a8ac636839d86 (table test-alter-range-partitioning-invalid-unbounded [id=28630d9ce835454abf530e382fb41675]) Alter Table RPC with a delay of 19 ms (attempt = 0)
W1002 04:41:25.793220 5819 catalog_manager.cc:2896] Async tablet task 523dc850ea83468f991a8ac636839d86 (table test-alter-range-partitioning-invalid-unbounded [id=28630d9ce835454abf530e382fb41675]) Alter Table RPC failed: Not found: Failed to reset TS proxy: No leader found: Tablet 523dc850ea83468f991a8ac636839d86 consensus state has no leader
I1002 04:41:25.793839 5818 catalog_manager.cc:2877] Scheduling retry of 324f6f5296ec4196903a9244e539c9d8 (table test-alter-range-partitioning-invalid-unbounded [id=28630d9ce835454abf530e382fb41675]) Alter Table RPC with a delay of 55 ms (attempt = 0)
W1002 04:41:25.794131 5818 catalog_manager.cc:2896] Async tablet task 324f6f5296ec4196903a9244e539c9d8 (table test-alter-range-partitioning-invalid-unbounded [id=28630d9ce835454abf530e382fb41675]) Alter Table RPC failed: Not found: Failed to reset TS proxy: No leader found: Tablet 324f6f5296ec4196903a9244e539c9d8 consensus state has no leader
I1002 04:41:25.794445 5818 catalog_manager.cc:2877] Scheduling retry of 2e11ab53d1834da3867e17c59001dd34 (table test-alter-range-partitioning-invalid-unbounded [id=28630d9ce835454abf530e382fb41675]) Alter Table RPC with a delay of 49 ms (attempt = 0)
W1002 04:41:25.794672 5818 catalog_manager.cc:2896] Async tablet task 2e11ab53d1834da3867e17c59001dd34 (table test-alter-range-partitioning-invalid-unbounded [id=28630d9ce835454abf530e382fb41675]) Alter Table RPC failed: Not found: Failed to reset TS proxy: No leader found: Tablet 2e11ab53d1834da3867e17c59001dd34 consensus state has no leader
I1002 04:41:25.794978 5818 catalog_manager.cc:2877] Scheduling retry of ffc46f65c62d4d5dbb276546317c22ad (table test-alter-range-partitioning-invalid-unbounded [id=28630d9ce835454abf530e382fb41675]) Alter Table RPC with a delay of 30 ms (attempt = 0)
W1002 04:41:25.795200 5818 catalog_manager.cc:2896] Async tablet task ffc46f65c62d4d5dbb276546317c22ad (table test-alter-range-partitioning-invalid-unbounded [id=28630d9ce835454abf530e382fb41675]) Alter Table RPC failed: Not found: Failed to reset TS proxy: No leader found: Tablet ffc46f65c62d4d5dbb276546317c22ad consensus state has no leader
I1002 04:41:25.795503 5818 catalog_manager.cc:2877] Scheduling retry of 6c9a07331aee4b64939857be92f02f99 (table test-alter-range-partitioning-invalid-unbounded [id=28630d9ce835454abf530e382fb41675]) Alter Table RPC with a delay of 26 ms (attempt = 0)
W1002 04:41:25.795737 5818 catalog_manager.cc:2896] Async tablet task 6c9a07331aee4b64939857be92f02f99 (table test-alter-range-partitioning-invalid-unbounded [id=28630d9ce835454abf530e382fb41675]) Alter Table RPC failed: Not found: Failed to reset TS proxy: No leader found: Tablet 6c9a07331aee4b64939857be92f02f99 consensus state has no leader
I1002 04:41:25.796144 5817 catalog_manager.cc:2877] Scheduling retry of a4337842dcc44cf0ab25aa0b7f810246 (table test-alter-range-partitioning-invalid-unbounded [id=28630d9ce835454abf530e382fb41675]) Alter Table RPC with a delay of 57 ms (attempt = 0)
W1002 04:41:25.796437 5817 catalog_manager.cc:2896] Async tablet task a4337842dcc44cf0ab25aa0b7f810246 (table test-alter-range-partitioning-invalid-unbounded [id=28630d9ce835454abf530e382fb41675]) Alter Table RPC failed: Not found: Failed to reset TS proxy: No leader found: Tablet a4337842dcc44cf0ab25aa0b7f810246 consensus state has no leader
W1002 04:41:25.797960 5819 catalog_manager.cc:3069] TS 92a92cc5760d4f9e993b905318665696 (127.7.153.1:39250): delete failed for tablet 5c7395dfe7b545d8804f641939bc7d8d with error code TABLET_NOT_RUNNING: Illegal state: State transition of tablet 5c7395dfe7b545d8804f641939bc7d8d already in progress: deleting tablet
I1002 04:41:25.798034 5817 catalog_manager.cc:2877] Scheduling retry of c590266196284e13bd9569bb434bd2bf (table test-alter-range-partitioning-invalid-unbounded [id=28630d9ce835454abf530e382fb41675]) Alter Table RPC with a delay of 32 ms (attempt = 0)
I1002 04:41:25.798239 5819 catalog_manager.cc:2877] Scheduling retry of 5c7395dfe7b545d8804f641939bc7d8d Delete Tablet RPC for TS=92a92cc5760d4f9e993b905318665696 with a delay of 88 ms (attempt = 3)
W1002 04:41:25.798295 5817 catalog_manager.cc:2896] Async tablet task c590266196284e13bd9569bb434bd2bf (table test-alter-range-partitioning-invalid-unbounded [id=28630d9ce835454abf530e382fb41675]) Alter Table RPC failed: Not found: Failed to reset TS proxy: No leader found: Tablet c590266196284e13bd9569bb434bd2bf consensus state has no leader
I1002 04:41:25.799093 5832 catalog_manager.cc:2369] Got report from deleted tablet e99ab0e319124dd2817fb8f485b62343 (table test-alter-range-partitioning-invalid-unbounded [id=28630d9ce835454abf530e382fb41675]) (Partition dropped at 2017-10-02 04:41:25 UTC): Sending delete request for this tablet
I1002 04:41:25.799479 5832 catalog_manager.cc:3099] Sending DeleteTablet(TABLET_DATA_DELETED) for tablet e99ab0e319124dd2817fb8f485b62343 on 92a92cc5760d4f9e993b905318665696 (127.7.153.1:39250) (Partition dropped at 2017-10-02 04:41:25 UTC)
I1002 04:41:25.799111 5833 catalog_manager.cc:1875] Servicing AlterTable request from {username='slave'} at 127.0.0.1:56410: table { table_name: "test-alter-range-partitioning-invalid-unbounded" } alter_schema_steps { type: ADD_RANGE_PARTITION add_range_partition { range_bounds { rows: "\006\001\000\000\000\000\007\001d\000\000\000" } } } alter_schema_steps { type: DROP_RANGE_PARTITION drop_range_partition { range_bounds { rows: "\006\001\001\000\000\000\007\000" } } } schema { columns { name: "c0" type: INT32 is_key: true is_nullable: false encoding: AUTO_ENCODING compression: DEFAULT_COMPRESSION cfile_block_size: 0 } columns { name: "c1" type: INT32 is_key: false is_nullable: false encoding: AUTO_ENCODING compression: DEFAULT_COMPRESSION cfile_block_size: 0 } }
I1002 04:41:25.799926 5906 tablet_replica.cc:257] T e99ab0e319124dd2817fb8f485b62343 P 92a92cc5760d4f9e993b905318665696: stopping tablet replica
I1002 04:41:25.800204 5906 maintenance_manager.cc:228] P 92a92cc5760d4f9e993b905318665696: Unregistered op CompactRowSetsOp(e99ab0e319124dd2817fb8f485b62343)
I1002 04:41:25.800379 5906 maintenance_manager.cc:228] P 92a92cc5760d4f9e993b905318665696: Unregistered op MinorDeltaCompactionOp(e99ab0e319124dd2817fb8f485b62343)
I1002 04:41:25.800542 5906 maintenance_manager.cc:228] P 92a92cc5760d4f9e993b905318665696: Unregistered op MajorDeltaCompactionOp(e99ab0e319124dd2817fb8f485b62343)
I1002 04:41:25.800706 5906 maintenance_manager.cc:228] P 92a92cc5760d4f9e993b905318665696: Unregistered op UndoDeltaBlockGCOp(e99ab0e319124dd2817fb8f485b62343)
I1002 04:41:25.800899 5906 maintenance_manager.cc:228] P 92a92cc5760d4f9e993b905318665696: Unregistered op FlushMRSOp(e99ab0e319124dd2817fb8f485b62343)
I1002 04:41:25.801066 5906 maintenance_manager.cc:228] P 92a92cc5760d4f9e993b905318665696: Unregistered op FlushDeltaMemStoresOp(e99ab0e319124dd2817fb8f485b62343)
I1002 04:41:25.801219 5906 maintenance_manager.cc:228] P 92a92cc5760d4f9e993b905318665696: Unregistered op LogGCOp(e99ab0e319124dd2817fb8f485b62343)
I1002 04:41:25.801375 5906 raft_consensus.cc:1809] T e99ab0e319124dd2817fb8f485b62343 P 92a92cc5760d4f9e993b905318665696 [term 1 LEADER]: Raft consensus shutting down.
I1002 04:41:25.801671 5906 raft_consensus.cc:1836] T e99ab0e319124dd2817fb8f485b62343 P 92a92cc5760d4f9e993b905318665696 [term 1 FOLLOWER]: Raft consensus is shut down!
I1002 04:41:25.801692 5818 catalog_manager.cc:2877] Scheduling retry of ac9bed6c3606451ba4f9ee159fbd44ea (table test-alter-range-partitioning-invalid-unbounded [id=28630d9ce835454abf530e382fb41675]) Alter Table RPC with a delay of 38 ms (attempt = 0)
W1002 04:41:25.802004 5818 catalog_manager.cc:2896] Async tablet task ac9bed6c3606451ba4f9ee159fbd44ea (table test-alter-range-partitioning-invalid-unbounded [id=28630d9ce835454abf530e382fb41675]) Alter Table RPC failed: Not found: Failed to reset TS proxy: No leader found: Tablet ac9bed6c3606451ba4f9ee159fbd44ea consensus state has no leader
I1002 04:41:25.802323 5818 catalog_manager.cc:2877] Scheduling retry of 4aa07f5bc7fa4d689318a63bfd75d334 (table test-alter-range-partitioning-invalid-unbounded [id=28630d9ce835454abf530e382fb41675]) Alter Table RPC with a delay of 47 ms (attempt = 0)
W1002 04:41:25.802546 5818 catalog_manager.cc:2896] Async tablet task 4aa07f5bc7fa4d689318a63bfd75d334 (table test-alter-range-partitioning-invalid-unbounded [id=28630d9ce835454abf530e382fb41675]) Alter Table RPC failed: Not found: Failed to reset TS proxy: No leader found: Tablet 4aa07f5bc7fa4d689318a63bfd75d334 consensus state has no leader
I1002 04:41:25.804014 5833 catalog_manager.cc:1875] Servicing AlterTable request from {username='slave'} at 127.0.0.1:56410: table { table_name: "test-alter-range-partitioning-invalid-unbounded" } alter_schema_steps { type: ADD_RANGE_PARTITION add_range_partition { range_bounds { rows: "\006\001\001\000\000\000\007\000" } } } schema { columns { name: "c0" type: INT32 is_key: true is_nullable: false encoding: AUTO_ENCODING compression: DEFAULT_COMPRESSION cfile_block_size: 0 } columns { name: "c1" type: INT32 is_key: false is_nullable: false encoding: AUTO_ENCODING compression: DEFAULT_COMPRESSION cfile_block_size: 0 } }
I1002 04:41:25.804553 5902 tablet_service.cc:806] Processing DeleteTablet for tablet e99ab0e319124dd2817fb8f485b62343 with delete_type TABLET_DATA_DELETED (Partition dropped at 2017-10-02 04:41:25 UTC) from {username='slave'} at 127.0.0.1:45798
I1002 04:41:25.806829 5816 catalog_manager.cc:2877] Scheduling retry of 2efdf5f4e04644448a2558f9940b74c1 (table test-alter-range-partitioning-invalid-unbounded [id=28630d9ce835454abf530e382fb41675]) Alter Table RPC with a delay of 16 ms (attempt = 0)
I1002 04:41:25.806921 5906 ts_tablet_manager.cc:1203] T e99ab0e319124dd2817fb8f485b62343 P 92a92cc5760d4f9e993b905318665696: Deleting tablet data with delete state TABLET_DATA_DELETED
W1002 04:41:25.807101 5816 catalog_manager.cc:2896] Async tablet task 2efdf5f4e04644448a2558f9940b74c1 (table test-alter-range-partitioning-invalid-unbounded [id=28630d9ce835454abf530e382fb41675]) Alter Table RPC failed: Not found: Failed to reset TS proxy: No leader found: Tablet 2efdf5f4e04644448a2558f9940b74c1 consensus state has no leader
I1002 04:41:25.807549 5817 catalog_manager.cc:2877] Scheduling retry of 5c7395dfe7b545d8804f641939bc7d8d (table test-alter-range-partitioning-invalid-unbounded [id=28630d9ce835454abf530e382fb41675]) Alter Table RPC with a delay of 36 ms (attempt = 0)
W1002 04:41:25.807853 5817 catalog_manager.cc:2896] Async tablet task 5c7395dfe7b545d8804f641939bc7d8d (table test-alter-range-partitioning-invalid-unbounded [id=28630d9ce835454abf530e382fb41675]) Alter Table RPC failed: Not found: Failed to reset TS proxy: No leader found: Tablet 5c7395dfe7b545d8804f641939bc7d8d consensus state has no leader
W1002 04:41:25.808075 5819 catalog_manager.cc:3057] TS 92a92cc5760d4f9e993b905318665696 (127.7.153.1:39250): delete failed for tablet 3a257178bc174e558fc4317af3b2a3b8 because the tablet was not found. No further retry: Not found: Tablet not found: 3a257178bc174e558fc4317af3b2a3b8
I1002 04:41:25.808251 5817 catalog_manager.cc:2877] Scheduling retry of f05a246de6154981a64cf15b78055baf (table test-alter-range-partitioning-invalid-unbounded [id=28630d9ce835454abf530e382fb41675]) Alter Table RPC with a delay of 16 ms (attempt = 0)
