W1002 04:41:24.554358 5818 catalog_manager.cc:2896] Async tablet task 324f6f5296ec4196903a9244e539c9d8 (table test-alter-range-partitioning-invalid-unbounded [id=28630d9ce835454abf530e382fb41675]) Alter Table RPC failed: Not found: Failed to reset TS proxy: No leader found: Tablet 324f6f5296ec4196903a9244e539c9d8 consensus state has no leader
I1002 04:41:24.555001 5833 catalog_manager.cc:3442] T 00000000000000000000000000000000 P 4f89f43c5b1b4a7ab82ebafc420bd1f8: Sending DeleteTablet for 1 replicas of tablet 2efdf5f4e04644448a2558f9940b74c1
I1002 04:41:24.555351 5833 catalog_manager.cc:3099] Sending DeleteTablet(TABLET_DATA_DELETED) for tablet 2efdf5f4e04644448a2558f9940b74c1 on 92a92cc5760d4f9e993b905318665696 (127.7.153.1:39250) (Partition dropped at 2017-10-02 04:41:24 UTC)
I1002 04:41:24.557605 5951 tablet_bootstrap.cc:432] T 2efdf5f4e04644448a2558f9940b74c1 P 92a92cc5760d4f9e993b905318665696: No bootstrap required, opened a new log
I1002 04:41:24.557729 5906 ts_tablet_manager.cc:1203] T eb376630c04d401f851e8216633104af P 92a92cc5760d4f9e993b905318665696: Deleting tablet data with delete state TABLET_DATA_DELETED
I1002 04:41:24.557950 5951 ts_tablet_manager.cc:903] T 2efdf5f4e04644448a2558f9940b74c1 P 92a92cc5760d4f9e993b905318665696: Time spent bootstrapping tablet: real 0.011s user 0.004s sys 0.008s
I1002 04:41:24.559357 5951 raft_consensus.cc:286] T 2efdf5f4e04644448a2558f9940b74c1 P 92a92cc5760d4f9e993b905318665696 [term 0 FOLLOWER]: Replica starting. Triggering 0 pending transactions. Active config: opid_index: -1 OBSOLETE_local: true peers { permanent_uuid: "92a92cc5760d4f9e993b905318665696" member_type: VOTER last_known_addr { host: "127.7.153.1" port: 39250 } }
I1002 04:41:24.559829 5951 raft_consensus.cc:312] T 2efdf5f4e04644448a2558f9940b74c1 P 92a92cc5760d4f9e993b905318665696 [term 0 FOLLOWER]: Consensus starting up: Expiring failure detector timer to make a prompt election more likely
I1002 04:41:24.560173 5951 raft_consensus.cc:578] T 2efdf5f4e04644448a2558f9940b74c1 P 92a92cc5760d4f9e993b905318665696 [term 0 FOLLOWER]: Becoming Follower/Learner. State: Replica: 92a92cc5760d4f9e993b905318665696, State: Initialized, Role: FOLLOWER
I1002 04:41:24.560473 5951 consensus_queue.cc:190] T 2efdf5f4e04644448a2558f9940b74c1 P 92a92cc5760d4f9e993b905318665696 [NON_LEADER]: Queue going to NON_LEADER mode. State: All replicated index: 0, Majority replicated index: 0, Committed index: 0, Last appended: 0.0, Last appended by leader: 0, Current term: 0, Majority size: -1, State: 0, Mode: NON_LEADER
I1002 04:41:24.560786 5951 raft_consensus.cc:327] T 2efdf5f4e04644448a2558f9940b74c1 P 92a92cc5760d4f9e993b905318665696 [term 0 FOLLOWER]: Only one voter in the Raft config. Triggering election immediately
I1002 04:41:24.560981 5951 raft_consensus.cc:411] T 2efdf5f4e04644448a2558f9940b74c1 P 92a92cc5760d4f9e993b905318665696 [term 0 FOLLOWER]: Starting leader election (initial election of a single-replica configuration)
I1002 04:41:24.561187 5951 raft_consensus.cc:2457] T 2efdf5f4e04644448a2558f9940b74c1 P 92a92cc5760d4f9e993b905318665696: Snoozing failure detection for 1.616s (starting election)
I1002 04:41:24.561403 5951 raft_consensus.cc:2509] T 2efdf5f4e04644448a2558f9940b74c1 P 92a92cc5760d4f9e993b905318665696 [term 0 FOLLOWER]: Advancing to term 1
I1002 04:41:24.564007 5906 ts_tablet_manager.cc:1216] T eb376630c04d401f851e8216633104af P 92a92cc5760d4f9e993b905318665696: tablet deleted: last-logged OpId: 1.1
I1002 04:41:24.564060 5817 catalog_manager.cc:2877] Scheduling retry of 16347b539ec7456684793f254094ed89 (table test-alter-range-partitioning-invalid-unbounded [id=28630d9ce835454abf530e382fb41675]) Alter Table RPC with a delay of 33 ms (attempt = 0)
W1002 04:41:24.564364 5817 catalog_manager.cc:2896] Async tablet task 16347b539ec7456684793f254094ed89 (table test-alter-range-partitioning-invalid-unbounded [id=28630d9ce835454abf530e382fb41675]) Alter Table RPC failed: Not found: Failed to reset TS proxy: No leader found: Tablet 16347b539ec7456684793f254094ed89 consensus state has no leader
I1002 04:41:24.565601 5904 tablet_service.cc:806] Processing DeleteTablet for tablet 2efdf5f4e04644448a2558f9940b74c1 with delete_type TABLET_DATA_DELETED (Partition dropped at 2017-10-02 04:41:24 UTC) from {username='slave'} at 127.0.0.1:45798
I1002 04:41:24.565649 5951 raft_consensus.cc:433] T 2efdf5f4e04644448a2558f9940b74c1 P 92a92cc5760d4f9e993b905318665696 [term 1 FOLLOWER]: Starting leader election with config: opid_index: -1 OBSOLETE_local: true peers { permanent_uuid: "92a92cc5760d4f9e993b905318665696" member_type: VOTER last_known_addr { host: "127.7.153.1" port: 39250 } }
I1002 04:41:24.566220 5951 leader_election.cc:248] T 2efdf5f4e04644448a2558f9940b74c1 P 92a92cc5760d4f9e993b905318665696 [CANDIDATE]: Term 1 election: Election decided. Result: candidate won.
I1002 04:41:24.566738 5955 raft_consensus.cc:2457] T 2efdf5f4e04644448a2558f9940b74c1 P 92a92cc5760d4f9e993b905318665696: Snoozing failure detection for 1.886s (election complete)
I1002 04:41:24.567006 5955 raft_consensus.cc:2281] T 2efdf5f4e04644448a2558f9940b74c1 P 92a92cc5760d4f9e993b905318665696 [term 1 FOLLOWER]: Leader election won for term 1
I1002 04:41:24.567322 5955 raft_consensus.cc:545] T 2efdf5f4e04644448a2558f9940b74c1 P 92a92cc5760d4f9e993b905318665696 [term 1 LEADER]: Becoming Leader. State: Replica: 92a92cc5760d4f9e993b905318665696, State: Running, Role: LEADER
I1002 04:41:24.567423 5951 ts_tablet_manager.cc:931] T 2efdf5f4e04644448a2558f9940b74c1 P 92a92cc5760d4f9e993b905318665696: Time spent starting tablet: real 0.009s user 0.008s sys 0.000s
I1002 04:41:24.567404 5833 catalog_manager.cc:2369] Got report from deleted tablet eb376630c04d401f851e8216633104af (table test-alter-range-partitioning-invalid-unbounded [id=28630d9ce835454abf530e382fb41675]) (Partition dropped at 2017-10-02 04:41:24 UTC): Sending delete request for this tablet
I1002 04:41:24.567845 5833 catalog_manager.cc:3099] Sending DeleteTablet(TABLET_DATA_DELETED) for tablet eb376630c04d401f851e8216633104af on 92a92cc5760d4f9e993b905318665696 (127.7.153.1:39250) (Partition dropped at 2017-10-02 04:41:24 UTC)
I1002 04:41:24.567634 5955 consensus_queue.cc:169] T 2efdf5f4e04644448a2558f9940b74c1 P 92a92cc5760d4f9e993b905318665696 [LEADER]: Queue going to LEADER mode. State: All replicated index: 0, Majority replicated index: 0, Committed index: 0, Last appended: 0.0, Last appended by leader: 0, Current term: 1, Majority size: 1, State: 0, Mode: LEADER, active raft config: opid_index: -1 OBSOLETE_local: true peers { permanent_uuid: "92a92cc5760d4f9e993b905318665696" member_type: VOTER last_known_addr { host: "127.7.153.1" port: 39250 } }
I1002 04:41:24.564297 5906 log.cc:980] T eb376630c04d401f851e8216633104af P 92a92cc5760d4f9e993b905318665696: Deleting WAL directory at /tmp/run_tha_test1fMIRV/test-tmp/alter_table-test.AlterTableTest.TestAddRangePartitionConflictExhaustive.1506919259568928-1945/minicluster-data/ts-0-root/wals/eb376630c04d401f851e8216633104af
I1002 04:41:24.570432 5906 ts_tablet_manager.cc:1234] T eb376630c04d401f851e8216633104af P 92a92cc5760d4f9e993b905318665696: Deleting consensus metadata
I1002 04:41:24.571059 5833 catalog_manager.cc:1875] Servicing AlterTable request from {username='slave'} at 127.0.0.1:56410: table { table_name: "test-alter-range-partitioning-invalid-unbounded" } alter_schema_steps { type: ADD_RANGE_PARTITION add_range_partition { range_bounds { rows: "\006\001\000\000\000\000\007\001d\000\000\000" } } } alter_schema_steps { type: DROP_RANGE_PARTITION drop_range_partition { range_bounds { rows: "\006\0012\000\000\000\007\001\226\000\000\000" } } } schema { columns { name: "c0" type: INT32 is_key: true is_nullable: false encoding: AUTO_ENCODING compression: DEFAULT_COMPRESSION cfile_block_size: 0 } columns { name: "c1" type: INT32 is_key: false is_nullable: false encoding: AUTO_ENCODING compression: DEFAULT_COMPRESSION cfile_block_size: 0 } }
W1002 04:41:24.573326 5819 catalog_manager.cc:3069] TS 92a92cc5760d4f9e993b905318665696 (127.7.153.1:39250): delete failed for tablet 2efdf5f4e04644448a2558f9940b74c1 with error code TABLET_NOT_RUNNING: Illegal state: State transition of tablet 2efdf5f4e04644448a2558f9940b74c1 already in progress: creating tablet
I1002 04:41:24.573608 5819 catalog_manager.cc:2877] Scheduling retry of 2efdf5f4e04644448a2558f9940b74c1 Delete Tablet RPC for TS=92a92cc5760d4f9e993b905318665696 with a delay of 53 ms (attempt = 1)
I1002 04:41:24.574348 5904 tablet_service.cc:806] Processing DeleteTablet for tablet eb376630c04d401f851e8216633104af with delete_type TABLET_DATA_DELETED (Partition dropped at 2017-10-02 04:41:24 UTC) from {username='slave'} at 127.0.0.1:45798
I1002 04:41:24.575002 5819 catalog_manager.cc:2877] Scheduling retry of eb376630c04d401f851e8216633104af (table test-alter-range-partitioning-invalid-unbounded [id=28630d9ce835454abf530e382fb41675]) Alter Table RPC with a delay of 12 ms (attempt = 0)
W1002 04:41:24.575506 5819 catalog_manager.cc:2896] Async tablet task eb376630c04d401f851e8216633104af (table test-alter-range-partitioning-invalid-unbounded [id=28630d9ce835454abf530e382fb41675]) Alter Table RPC failed: Not found: Failed to reset TS proxy: No leader found: Tablet eb376630c04d401f851e8216633104af consensus state has no leader
I1002 04:41:24.575592 5905 tablet_service.cc:806] Processing DeleteTablet for tablet eb376630c04d401f851e8216633104af with delete_type TABLET_DATA_DELETED (Partition dropped at 2017-10-02 04:41:24 UTC) from {username='slave'} at 127.0.0.1:45798
I1002 04:41:24.578912 5833 catalog_manager.cc:1875] Servicing AlterTable request from {username='slave'} at 127.0.0.1:56410: table { table_name: "test-alter-range-partitioning-invalid-unbounded" } alter_schema_steps { type: ADD_RANGE_PARTITION add_range_partition { range_bounds { rows: "\006\0012\000\000\000\007\001\226\000\000\000" } } } schema { columns { name: "c0" type: INT32 is_key: true is_nullable: false encoding: AUTO_ENCODING compression: DEFAULT_COMPRESSION cfile_block_size: 0 } columns { name: "c1" type: INT32 is_key: false is_nullable: false encoding: AUTO_ENCODING compression: DEFAULT_COMPRESSION cfile_block_size: 0 } }
I1002 04:41:24.581085 5816 catalog_manager.cc:2877] Scheduling retry of 2efdf5f4e04644448a2558f9940b74c1 (table test-alter-range-partitioning-invalid-unbounded [id=28630d9ce835454abf530e382fb41675]) Alter Table RPC with a delay of 26 ms (attempt = 0)
W1002 04:41:24.581349 5816 catalog_manager.cc:2896] Async tablet task 2efdf5f4e04644448a2558f9940b74c1 (table test-alter-range-partitioning-invalid-unbounded [id=28630d9ce835454abf530e382fb41675]) Alter Table RPC failed: Not found: Failed to reset TS proxy: No leader found: Tablet 2efdf5f4e04644448a2558f9940b74c1 consensus state has no leader
I1002 04:41:24.584560 5819 catalog_manager.cc:3099] Sending DeleteTablet(TABLET_DATA_DELETED) for tablet 16347b539ec7456684793f254094ed89 on 92a92cc5760d4f9e993b905318665696 (127.7.153.1:39250) (Partition dropped at 2017-10-02 04:41:24 UTC)
I1002 04:41:24.585266 5819 catalog_manager.cc:3077] TS 92a92cc5760d4f9e993b905318665696 (127.7.153.1:39250): tablet eb376630c04d401f851e8216633104af (table test-alter-range-partitioning-invalid-unbounded [id=28630d9ce835454abf530e382fb41675]) successfully deleted
I1002 04:41:24.585947 5833 catalog_manager.cc:2877] Scheduling retry of c2b8cfa799034977a43798f4f83e8d3d (table test-alter-range-partitioning-invalid-unbounded [id=28630d9ce835454abf530e382fb41675]) Alter Table RPC with a delay of 47 ms (attempt = 0)
W1002 04:41:24.586323 5833 catalog_manager.cc:3416] Failed to send alter table request: Not found: Failed to reset TS proxy: No leader found: Tablet c2b8cfa799034977a43798f4f83e8d3d has no consensus state
I1002 04:41:24.586290 5832 catalog_manager.cc:2369] Got report from deleted tablet 2efdf5f4e04644448a2558f9940b74c1 (table test-alter-range-partitioning-invalid-unbounded [id=28630d9ce835454abf530e382fb41675]) (Partition dropped at 2017-10-02 04:41:24 UTC): Sending delete request for this tablet
I1002 04:41:24.586691 5832 catalog_manager.cc:3099] Sending DeleteTablet(TABLET_DATA_DELETED) for tablet 2efdf5f4e04644448a2558f9940b74c1 on 92a92cc5760d4f9e993b905318665696 (127.7.153.1:39250) (Partition dropped at 2017-10-02 04:41:24 UTC)
I1002 04:41:24.587129 5906 tablet_service.cc:806] Processing DeleteTablet for tablet 16347b539ec7456684793f254094ed89 with delete_type TABLET_DATA_DELETED (Partition dropped at 2017-10-02 04:41:24 UTC) from {username='slave'} at 127.0.0.1:45798
W1002 04:41:24.588258 5819 catalog_manager.cc:3057] TS 92a92cc5760d4f9e993b905318665696 (127.7.153.1:39250): delete failed for tablet eb376630c04d401f851e8216633104af because the tablet was not found. No further retry: Not found: Tablet not found: eb376630c04d401f851e8216633104af
I1002 04:41:24.588765 5819 catalog_manager.cc:2877] Scheduling retry of eb376630c04d401f851e8216633104af (table test-alter-range-partitioning-invalid-unbounded [id=28630d9ce835454abf530e382fb41675]) Alter Table RPC with a delay of 24 ms (attempt = 0)
W1002 04:41:24.589012 5819 catalog_manager.cc:2896] Async tablet task eb376630c04d401f851e8216633104af (table test-alter-range-partitioning-invalid-unbounded [id=28630d9ce835454abf530e382fb41675]) Alter Table RPC failed: Not found: Failed to reset TS proxy: No leader found: Tablet eb376630c04d401f851e8216633104af consensus state has no leader
I1002 04:41:24.590028 5818 catalog_manager.cc:2877] Scheduling retry of 324f6f5296ec4196903a9244e539c9d8 (table test-alter-range-partitioning-invalid-unbounded [id=28630d9ce835454abf530e382fb41675]) Alter Table RPC with a delay of 10 ms (attempt = 0)
W1002 04:41:24.590320 5818 catalog_manager.cc:2896] Async tablet task 324f6f5296ec4196903a9244e539c9d8 (table test-alter-range-partitioning-invalid-unbounded [id=28630d9ce835454abf530e382fb41675]) Alter Table RPC failed: Not found: Failed to reset TS proxy: No leader found: Tablet 324f6f5296ec4196903a9244e539c9d8 consensus state has no leader
I1002 04:41:24.590904 5905 tablet_service.cc:806] Processing DeleteTablet for tablet 2efdf5f4e04644448a2558f9940b74c1 with delete_type TABLET_DATA_DELETED (Partition dropped at 2017-10-02 04:41:24 UTC) from {username='slave'} at 127.0.0.1:45798
I1002 04:41:24.591233 5905 tablet_replica.cc:257] T 2efdf5f4e04644448a2558f9940b74c1 P 92a92cc5760d4f9e993b905318665696: stopping tablet replica
I1002 04:41:24.591449 5905 maintenance_manager.cc:228] P 92a92cc5760d4f9e993b905318665696: Unregistered op CompactRowSetsOp(2efdf5f4e04644448a2558f9940b74c1)
I1002 04:41:24.591624 5905 maintenance_manager.cc:228] P 92a92cc5760d4f9e993b905318665696: Unregistered op MinorDeltaCompactionOp(2efdf5f4e04644448a2558f9940b74c1)
I1002 04:41:24.591819 5905 maintenance_manager.cc:228] P 92a92cc5760d4f9e993b905318665696: Unregistered op MajorDeltaCompactionOp(2efdf5f4e04644448a2558f9940b74c1)
I1002 04:41:24.591975 5905 maintenance_manager.cc:228] P 92a92cc5760d4f9e993b905318665696: Unregistered op UndoDeltaBlockGCOp(2efdf5f4e04644448a2558f9940b74c1)
I1002 04:41:24.592159 5905 maintenance_manager.cc:228] P 92a92cc5760d4f9e993b905318665696: Unregistered op FlushMRSOp(2efdf5f4e04644448a2558f9940b74c1)
I1002 04:41:24.592329 5905 maintenance_manager.cc:228] P 92a92cc5760d4f9e993b905318665696: Unregistered op FlushDeltaMemStoresOp(2efdf5f4e04644448a2558f9940b74c1)
I1002 04:41:24.592511 5905 maintenance_manager.cc:228] P 92a92cc5760d4f9e993b905318665696: Unregistered op LogGCOp(2efdf5f4e04644448a2558f9940b74c1)
I1002 04:41:24.592672 5905 raft_consensus.cc:1809] T 2efdf5f4e04644448a2558f9940b74c1 P 92a92cc5760d4f9e993b905318665696 [term 1 LEADER]: Raft consensus shutting down.
I1002 04:41:24.592949 5905 raft_consensus.cc:1836] T 2efdf5f4e04644448a2558f9940b74c1 P 92a92cc5760d4f9e993b905318665696 [term 1 FOLLOWER]: Raft consensus is shut down!
I1002 04:41:24.594149 5819 catalog_manager.cc:3099] Sending DeleteTablet(TABLET_DATA_DELETED) for tablet 16347b539ec7456684793f254094ed89 on 92a92cc5760d4f9e993b905318665696 (127.7.153.1:39250) (Partition dropped at 2017-10-02 04:41:24 UTC)
W1002 04:41:24.594597 5819 catalog_manager.cc:3057] TS 92a92cc5760d4f9e993b905318665696 (127.7.153.1:39250): delete failed for tablet 16347b539ec7456684793f254094ed89 because the tablet was not found. No further retry: Not found: Tablet not found: 16347b539ec7456684793f254094ed89
I1002 04:41:24.596968 5905 ts_tablet_manager.cc:1203] T 2efdf5f4e04644448a2558f9940b74c1 P 92a92cc5760d4f9e993b905318665696: Deleting tablet data with delete state TABLET_DATA_DELETED
I1002 04:41:24.598546 5817 catalog_manager.cc:2877] Scheduling retry of 16347b539ec7456684793f254094ed89 (table test-alter-range-partitioning-invalid-unbounded [id=28630d9ce835454abf530e382fb41675]) Alter Table RPC with a delay of 23 ms (attempt = 0)
W1002 04:41:24.598839 5817 catalog_manager.cc:2896] Async tablet task 16347b539ec7456684793f254094ed89 (table test-alter-range-partitioning-invalid-unbounded [id=28630d9ce835454abf530e382fb41675]) Alter Table RPC failed: Not found: Failed to reset TS proxy: No leader found: Tablet 16347b539ec7456684793f254094ed89 consensus state has no leader
I1002 04:41:24.599494 5906 tablet_service.cc:765] Processing CreateTablet for tablet c2b8cfa799034977a43798f4f83e8d3d (table=test-alter-range-partitioning-invalid-unbounded [id=28630d9ce835454abf530e382fb41675]), partition=RANGE (c0) PARTITION 50 <= VALUES < 150
I1002 04:41:24.600898 5818 catalog_manager.cc:2877] Scheduling retry of 324f6f5296ec4196903a9244e539c9d8 (table test-alter-range-partitioning-invalid-unbounded [id=28630d9ce835454abf530e382fb41675]) Alter Table RPC with a delay of 55 ms (attempt = 0)
W1002 04:41:24.601198 5818 catalog_manager.cc:2896] Async tablet task 324f6f5296ec4196903a9244e539c9d8 (table test-alter-range-partitioning-invalid-unbounded [id=28630d9ce835454abf530e382fb41675]) Alter Table RPC failed: Not found: Failed to reset TS proxy: No leader found: Tablet 324f6f5296ec4196903a9244e539c9d8 consensus state has no leader
I1002 04:41:24.604344 5904 tablet_service.cc:806] Processing DeleteTablet for tablet 16347b539ec7456684793f254094ed89 with delete_type TABLET_DATA_DELETED (Partition dropped at 2017-10-02 04:41:24 UTC) from {username='slave'} at 127.0.0.1:45798
W1002 04:41:24.605509 5819 catalog_manager.cc:3057] TS 92a92cc5760d4f9e993b905318665696 (127.7.153.1:39250): delete failed for tablet eb376630c04d401f851e8216633104af because the tablet was not found. No further retry: Not found: Tablet not found: eb376630c04d401f851e8216633104af
I1002 04:41:24.607200 5905 ts_tablet_manager.cc:1216] T 2efdf5f4e04644448a2558f9940b74c1 P 92a92cc5760d4f9e993b905318665696: tablet deleted: last-logged OpId: 1.1
I1002 04:41:24.607481 5905 log.cc:980] T 2efdf5f4e04644448a2558f9940b74c1 P 92a92cc5760d4f9e993b905318665696: Deleting WAL directory at /tmp/run_tha_test1fMIRV/test-tmp/alter_table-test.AlterTableTest.TestAddRangePartitionConflictExhaustive.1506919259568928-1945/minicluster-data/ts-0-root/wals/2efdf5f4e04644448a2558f9940b74c1
I1002 04:41:24.607080 5833 catalog_manager.cc:1875] Servicing AlterTable request from {username='slave'} at 127.0.0.1:56410: table { table_name: "test-alter-range-partitioning-invalid-unbounded" } alter_schema_steps { type: ADD_RANGE_PARTITION add_range_partition { range_bounds { rows: "\006\001\000\000\000\000\007\001d\000\000\000" } } } schema { columns { name: "c0" type: INT32 is_key: true is_nullable: false encoding: AUTO_ENCODING compression: DEFAULT_COMPRESSION cfile_block_size: 0 } columns { name: "c1" type: INT32 is_key: false is_nullable: false encoding: AUTO_ENCODING compression: DEFAULT_COMPRESSION cfile_block_size: 0 } }
I1002 04:41:24.608083 5905 ts_tablet_manager.cc:1234] T 2efdf5f4e04644448a2558f9940b74c1 P 92a92cc5760d4f9e993b905318665696: Deleting consensus metadata
I1002 04:41:24.608008 5816 catalog_manager.cc:2877] Scheduling retry of 2efdf5f4e04644448a2558f9940b74c1 (table test-alter-range-partitioning-invalid-unbounded [id=28630d9ce835454abf530e382fb41675]) Alter Table RPC with a delay of 29 ms (attempt = 0)
W1002 04:41:24.608328 5816 catalog_manager.cc:2896] Async tablet task 2efdf5f4e04644448a2558f9940b74c1 (table test-alter-range-partitioning-invalid-unbounded [id=28630d9ce835454abf530e382fb41675]) Alter Table RPC failed: Not found: Failed to reset TS proxy: No leader found: Tablet 2efdf5f4e04644448a2558f9940b74c1 consensus state has no leader
I1002 04:41:24.610272 5906 ts_tablet_manager.cc:1028] T c2b8cfa799034977a43798f4f83e8d3d P 92a92cc5760d4f9e993b905318665696: Registered tablet (data state: TABLET_DATA_READY)
W1002 04:41:24.610496 5819 catalog_manager.cc:3057] TS 92a92cc5760d4f9e993b905318665696 (127.7.153.1:39250): delete failed for tablet 16347b539ec7456684793f254094ed89 because the tablet was not found. No further retry: Not found: Tablet not found: 16347b539ec7456684793f254094ed89
I1002 04:41:24.611465 5819 catalog_manager.cc:3077] TS 92a92cc5760d4f9e993b905318665696 (127.7.153.1:39250): tablet 2efdf5f4e04644448a2558f9940b74c1 (table test-alter-range-partitioning-invalid-unbounded [id=28630d9ce835454abf530e382fb41675]) successfully deleted
I1002 04:41:24.612234 5951 ts_tablet_manager.cc:878] T c2b8cfa799034977a43798f4f83e8d3d P 92a92cc5760d4f9e993b905318665696: Bootstrapping tablet
I1002 04:41:24.612646 5951 tablet_bootstrap.cc:432] T c2b8cfa799034977a43798f4f83e8d3d P 92a92cc5760d4f9e993b905318665696: Bootstrap starting.
I1002 04:41:24.612738 5833 catalog_manager.cc:1875] Servicing AlterTable request from {username='slave'} at 127.0.0.1:56410: table { table_name: "test-alter-range-partitioning-invalid-unbounded" } alter_schema_steps { type: DROP_RANGE_PARTITION drop_range_partition { range_bounds { rows: "\006\0012\000\000\000\007\001\226\000\000\000" } } } schema { columns { name: "c0" type: INT32 is_key: true is_nullable: false encoding: AUTO_ENCODING compression: DEFAULT_COMPRESSION cfile_block_size: 0 } columns { name: "c1" type: INT32 is_key: false is_nullable: false encoding: AUTO_ENCODING compression: DEFAULT_COMPRESSION cfile_block_size: 0 } }
I1002 04:41:24.615082 5951 tablet_bootstrap.cc:567] T c2b8cfa799034977a43798f4f83e8d3d P 92a92cc5760d4f9e993b905318665696: No blocks or log segments found. Creating new log.
I1002 04:41:24.617159 5833 catalog_manager.cc:3442] T 00000000000000000000000000000000 P 4f89f43c5b1b4a7ab82ebafc420bd1f8: Sending DeleteTablet for 1 replicas of tablet c2b8cfa799034977a43798f4f83e8d3d
I1002 04:41:24.617425 5833 catalog_manager.cc:3099] Sending DeleteTablet(TABLET_DATA_DELETED) for tablet c2b8cfa799034977a43798f4f83e8d3d on 92a92cc5760d4f9e993b905318665696 (127.7.153.1:39250) (Partition dropped at 2017-10-02 04:41:24 UTC)
I1002 04:41:24.618003 5819 catalog_manager.cc:2877] Scheduling retry of eb376630c04d401f851e8216633104af (table test-alter-range-partitioning-invalid-unbounded [id=28630d9ce835454abf530e382fb41675]) Alter Table RPC with a delay of 9 ms (attempt = 0)
W1002 04:41:24.618295 5819 catalog_manager.cc:2896] Async tablet task eb376630c04d401f851e8216633104af (table test-alter-range-partitioning-invalid-unbounded [id=28630d9ce835454abf530e382fb41675]) Alter Table RPC failed: Not found: Failed to reset TS proxy: No leader found: Tablet eb376630c04d401f851e8216633104af consensus state has no leader
I1002 04:41:24.619069 5906 tablet_service.cc:806] Processing DeleteTablet for tablet c2b8cfa799034977a43798f4f83e8d3d with delete_type TABLET_DATA_DELETED (Partition dropped at 2017-10-02 04:41:24 UTC) from {username='slave'} at 127.0.0.1:45798
I1002 04:41:24.619688 5951 tablet_bootstrap.cc:432] T c2b8cfa799034977a43798f4f83e8d3d P 92a92cc5760d4f9e993b905318665696: No bootstrap required, opened a new log
I1002 04:41:24.620034 5951 ts_tablet_manager.cc:903] T c2b8cfa799034977a43798f4f83e8d3d P 92a92cc5760d4f9e993b905318665696: Time spent bootstrapping tablet: real 0.007s user 0.008s sys 0.000s
W1002 04:41:24.620435 5819 catalog_manager.cc:3069] TS 92a92cc5760d4f9e993b905318665696 (127.7.153.1:39250): delete failed for tablet c2b8cfa799034977a43798f4f83e8d3d with error code TABLET_NOT_RUNNING: Illegal state: State transition of tablet c2b8cfa799034977a43798f4f83e8d3d already in progress: creating tablet
I1002 04:41:24.620692 5819 catalog_manager.cc:2877] Scheduling retry of c2b8cfa799034977a43798f4f83e8d3d Delete Tablet RPC for TS=92a92cc5760d4f9e993b905318665696 with a delay of 25 ms (attempt = 1)
I1002 04:41:24.621479 5951 raft_consensus.cc:286] T c2b8cfa799034977a43798f4f83e8d3d P 92a92cc5760d4f9e993b905318665696 [term 0 FOLLOWER]: Replica starting. Triggering 0 pending transactions. Active config: opid_index: -1 OBSOLETE_local: true peers { permanent_uuid: "92a92cc5760d4f9e993b905318665696" member_type: VOTER last_known_addr { host: "127.7.153.1" port: 39250 } }
I1002 04:41:24.622005 5951 raft_consensus.cc:312] T c2b8cfa799034977a43798f4f83e8d3d P 92a92cc5760d4f9e993b905318665696 [term 0 FOLLOWER]: Consensus starting up: Expiring failure detector timer to make a prompt election more likely
I1002 04:41:24.621702 5833 catalog_manager.cc:1875] Servicing AlterTable request from {username='slave'} at 127.0.0.1:56410: table { table_name: "test-alter-range-partitioning-invalid-unbounded" } alter_schema_steps { type: ADD_RANGE_PARTITION add_range_partition { range_bounds { rows: "\006\0012\000\000\000\007\001\226\000\000\000" } } } alter_schema_steps { type: ADD_RANGE_PARTITION add_range_partition { range_bounds { rows: "\006\001\000\000\000\000\007\001d\000\000\000" } } } schema { columns { name: "c0" type: INT32 is_key: true is_nullable: false encoding: AUTO_ENCODING compression: DEFAULT_COMPRESSION cfile_block_size: 0 } columns { name: "c1" type: INT32 is_key: false is_nullable: false encoding: AUTO_ENCODING compression: DEFAULT_COMPRESSION cfile_block_size: 0 } }
I1002 04:41:24.622359 5951 raft_consensus.cc:578] T c2b8cfa799034977a43798f4f83e8d3d P 92a92cc5760d4f9e993b905318665696 [term 0 FOLLOWER]: Becoming Follower/Learner. State: Replica: 92a92cc5760d4f9e993b905318665696, State: Initialized, Role: FOLLOWER
I1002 04:41:24.622674 5951 consensus_queue.cc:190] T c2b8cfa799034977a43798f4f83e8d3d P 92a92cc5760d4f9e993b905318665696 [NON_LEADER]: Queue going to NON_LEADER mode. State: All replicated index: 0, Majority replicated index: 0, Committed index: 0, Last appended: 0.0, Last appended by leader: 0, Current term: 0, Majority size: -1, State: 0, Mode: NON_LEADER
I1002 04:41:24.622987 5951 raft_consensus.cc:327] T c2b8cfa799034977a43798f4f83e8d3d P 92a92cc5760d4f9e993b905318665696 [term 0 FOLLOWER]: Only one voter in the Raft config. Triggering election immediately
I1002 04:41:24.622962 5817 catalog_manager.cc:2877] Scheduling retry of 16347b539ec7456684793f254094ed89 (table test-alter-range-partitioning-invalid-unbounded [id=28630d9ce835454abf530e382fb41675]) Alter Table RPC with a delay of 32 ms (attempt = 0)
I1002 04:41:24.623234 5951 raft_consensus.cc:411] T c2b8cfa799034977a43798f4f83e8d3d P 92a92cc5760d4f9e993b905318665696 [term 0 FOLLOWER]: Starting leader election (initial election of a single-replica configuration)
W1002 04:41:24.623325 5817 catalog_manager.cc:2896] Async tablet task 16347b539ec7456684793f254094ed89 (table test-alter-range-partitioning-invalid-unbounded [id=28630d9ce835454abf530e382fb41675]) Alter Table RPC failed: Not found: Failed to reset TS proxy: No leader found: Tablet 16347b539ec7456684793f254094ed89 consensus state has no leader
I1002 04:41:24.623472 5951 raft_consensus.cc:2457] T c2b8cfa799034977a43798f4f83e8d3d P 92a92cc5760d4f9e993b905318665696: Snoozing failure detection for 2.018s (starting election)
I1002 04:41:24.623715 5951 raft_consensus.cc:2509] T c2b8cfa799034977a43798f4f83e8d3d P 92a92cc5760d4f9e993b905318665696 [term 0 FOLLOWER]: Advancing to term 1
I1002 04:41:24.625897 5833 catalog_manager.cc:1875] Servicing AlterTable request from {username='slave'} at 127.0.0.1:56410: table { table_name: "test-alter-range-partitioning-invalid-unbounded" } alter_schema_steps { type: ADD_RANGE_PARTITION add_range_partition { range_bounds { rows: "\006\0012\000\000\000\007\001\226\000\000\000" } } } schema { columns { name: "c0" type: INT32 is_key: true is_nullable: false encoding: AUTO_ENCODING compression: DEFAULT_COMPRESSION cfile_block_size: 0 } columns { name: "c1" type: INT32 is_key: false is_nullable: false encoding: AUTO_ENCODING compression: DEFAULT_COMPRESSION cfile_block_size: 0 } }
I1002 04:41:24.628022 5819 catalog_manager.cc:3099] Sending DeleteTablet(TABLET_DATA_DELETED) for tablet 2efdf5f4e04644448a2558f9940b74c1 on 92a92cc5760d4f9e993b905318665696 (127.7.153.1:39250) (Partition dropped at 2017-10-02 04:41:24 UTC)
I1002 04:41:24.627935 5951 raft_consensus.cc:433] T c2b8cfa799034977a43798f4f83e8d3d P 92a92cc5760d4f9e993b905318665696 [term 1 FOLLOWER]: Starting leader election with config: opid_index: -1 OBSOLETE_local: true peers { permanent_uuid: "92a92cc5760d4f9e993b905318665696" member_type: VOTER last_known_addr { host: "127.7.153.1" port: 39250 } }
I1002 04:41:24.628490 5951 leader_election.cc:248] T c2b8cfa799034977a43798f4f83e8d3d P 92a92cc5760d4f9e993b905318665696 [CANDIDATE]: Term 1 election: Election decided. Result: candidate won.
I1002 04:41:24.629142 5906 tablet_service.cc:806] Processing DeleteTablet for tablet 2efdf5f4e04644448a2558f9940b74c1 with delete_type TABLET_DATA_DELETED (Partition dropped at 2017-10-02 04:41:24 UTC) from {username='slave'} at 127.0.0.1:45798
I1002 04:41:24.629526 5951 ts_tablet_manager.cc:931] T c2b8cfa799034977a43798f4f83e8d3d P 92a92cc5760d4f9e993b905318665696: Time spent starting tablet: real 0.009s user 0.008s sys 0.000s
I1002 04:41:24.629556 5954 raft_consensus.cc:2457] T c2b8cfa799034977a43798f4f83e8d3d P 92a92cc5760d4f9e993b905318665696: Snoozing failure detection for 1.519s (election complete)
I1002 04:41:24.629860 5954 raft_consensus.cc:2281] T c2b8cfa799034977a43798f4f83e8d3d P 92a92cc5760d4f9e993b905318665696 [term 1 FOLLOWER]: Leader election won for term 1
I1002 04:41:24.630192 5954 raft_consensus.cc:545] T c2b8cfa799034977a43798f4f83e8d3d P 92a92cc5760d4f9e993b905318665696 [term 1 LEADER]: Becoming Leader. State: Replica: 92a92cc5760d4f9e993b905318665696, State: Running, Role: LEADER
I1002 04:41:24.630424 5819 catalog_manager.cc:2877] Scheduling retry of eb376630c04d401f851e8216633104af (table test-alter-range-partitioning-invalid-unbounded [id=28630d9ce835454abf530e382fb41675]) Alter Table RPC with a delay of 21 ms (attempt = 0)
W1002 04:41:24.630740 5819 catalog_manager.cc:2896] Async tablet task eb376630c04d401f851e8216633104af (table test-alter-range-partitioning-invalid-unbounded [id=28630d9ce835454abf530e382fb41675]) Alter Table RPC failed: Not found: Failed to reset TS proxy: No leader found: Tablet eb376630c04d401f851e8216633104af consensus state has no leader
I1002 04:41:24.630475 5954 consensus_queue.cc:169] T c2b8cfa799034977a43798f4f83e8d3d P 92a92cc5760d4f9e993b905318665696 [LEADER]: Queue going to LEADER mode. State: All replicated index: 0, Majority replicated index: 0, Committed index: 0, Last appended: 0.0, Last appended by leader: 0, Current term: 1, Majority size: 1, State: 0, Mode: LEADER, active raft config: opid_index: -1 OBSOLETE_local: true peers { permanent_uuid: "92a92cc5760d4f9e993b905318665696" member_type: VOTER last_known_addr { host: "127.7.153.1" port: 39250 } }
W1002 04:41:24.631158 5819 catalog_manager.cc:3057] TS 92a92cc5760d4f9e993b905318665696 (127.7.153.1:39250): delete failed for tablet 2efdf5f4e04644448a2558f9940b74c1 because the tablet was not found. No further retry: Not found: Tablet not found: 2efdf5f4e04644448a2558f9940b74c1
I1002 04:41:24.632725 5833 catalog_manager.cc:2877] Scheduling retry of f199048d571c419eb586f6d1c3ddac07 (table test-alter-range-partitioning-invalid-unbounded [id=28630d9ce835454abf530e382fb41675]) Alter Table RPC with a delay of 19 ms (attempt = 0)
W1002 04:41:24.633005 5833 catalog_manager.cc:3416] Failed to send alter table request: Not found: Failed to reset TS proxy: No leader found: Tablet f199048d571c419eb586f6d1c3ddac07 has no consensus state
I1002 04:41:24.633585 5817 catalog_manager.cc:2877] Scheduling retry of c2b8cfa799034977a43798f4f83e8d3d (table test-alter-range-partitioning-invalid-unbounded [id=28630d9ce835454abf530e382fb41675]) Alter Table RPC with a delay of 32 ms (attempt = 0)
W1002 04:41:24.633829 5817 catalog_manager.cc:2896] Async tablet task c2b8cfa799034977a43798f4f83e8d3d (table test-alter-range-partitioning-invalid-unbounded [id=28630d9ce835454abf530e382fb41675]) Alter Table RPC failed: Not found: Failed to reset TS proxy: No leader found: Tablet c2b8cfa799034977a43798f4f83e8d3d consensus state has no leader
I1002 04:41:24.637887 5816 catalog_manager.cc:2877] Scheduling retry of 2efdf5f4e04644448a2558f9940b74c1 (table test-alter-range-partitioning-invalid-unbounded [id=28630d9ce835454abf530e382fb41675]) Alter Table RPC with a delay of 19 ms (attempt = 0)
W1002 04:41:24.638182 5816 catalog_manager.cc:2896] Async tablet task 2efdf5f4e04644448a2558f9940b74c1 (table test-alter-range-partitioning-invalid-unbounded [id=28630d9ce835454abf530e382fb41675]) Alter Table RPC failed: Not found: Failed to reset TS proxy: No leader found: Tablet 2efdf5f4e04644448a2558f9940b74c1 consensus state has no leader
I1002 04:41:24.638813 5833 catalog_manager.cc:2369] Got report from deleted tablet c2b8cfa799034977a43798f4f83e8d3d (table test-alter-range-partitioning-invalid-unbounded [id=28630d9ce835454abf530e382fb41675]) (Partition dropped at 2017-10-02 04:41:24 UTC): Sending delete request for this tablet
I1002 04:41:24.639111 5833 catalog_manager.cc:3099] Sending DeleteTablet(TABLET_DATA_DELETED) for tablet c2b8cfa799034977a43798f4f83e8d3d on 92a92cc5760d4f9e993b905318665696 (127.7.153.1:39250) (Partition dropped at 2017-10-02 04:41:24 UTC)
I1002 04:41:24.641795 5906 tablet_service.cc:765] Processing CreateTablet for tablet f199048d571c419eb586f6d1c3ddac07 (table=test-alter-range-partitioning-invalid-unbounded [id=28630d9ce835454abf530e382fb41675]), partition=RANGE (c0) PARTITION 50 <= VALUES < 150
I1002 04:41:24.642031 5905 tablet_service.cc:806] Processing DeleteTablet for tablet c2b8cfa799034977a43798f4f83e8d3d with delete_type TABLET_DATA_DELETED (Partition dropped at 2017-10-02 04:41:24 UTC) from {username='slave'} at 127.0.0.1:45798
I1002 04:41:24.642341 5905 tablet_replica.cc:257] T c2b8cfa799034977a43798f4f83e8d3d P 92a92cc5760d4f9e993b905318665696: stopping tablet replica
I1002 04:41:24.642547 5905 maintenance_manager.cc:228] P 92a92cc5760d4f9e993b905318665696: Unregistered op CompactRowSetsOp(c2b8cfa799034977a43798f4f83e8d3d)
I1002 04:41:24.642719 5905 maintenance_manager.cc:228] P 92a92cc5760d4f9e993b905318665696: Unregistered op MinorDeltaCompactionOp(c2b8cfa799034977a43798f4f83e8d3d)
I1002 04:41:24.642876 5905 maintenance_manager.cc:228] P 92a92cc5760d4f9e993b905318665696: Unregistered op MajorDeltaCompactionOp(c2b8cfa799034977a43798f4f83e8d3d)
I1002 04:41:24.643034 5905 maintenance_manager.cc:228] P 92a92cc5760d4f9e993b905318665696: Unregistered op UndoDeltaBlockGCOp(c2b8cfa799034977a43798f4f83e8d3d)
I1002 04:41:24.643200 5905 maintenance_manager.cc:228] P 92a92cc5760d4f9e993b905318665696: Unregistered op FlushMRSOp(c2b8cfa799034977a43798f4f83e8d3d)
I1002 04:41:24.643359 5905 maintenance_manager.cc:228] P 92a92cc5760d4f9e993b905318665696: Unregistered op FlushDeltaMemStoresOp(c2b8cfa799034977a43798f4f83e8d3d)
I1002 04:41:24.643518 5905 maintenance_manager.cc:228] P 92a92cc5760d4f9e993b905318665696: Unregistered op LogGCOp(c2b8cfa799034977a43798f4f83e8d3d)
I1002 04:41:24.643671 5905 raft_consensus.cc:1809] T c2b8cfa799034977a43798f4f83e8d3d P 92a92cc5760d4f9e993b905318665696 [term 1 LEADER]: Raft consensus shutting down.
I1002 04:41:24.644096 5905 raft_consensus.cc:1836] T c2b8cfa799034977a43798f4f83e8d3d P 92a92cc5760d4f9e993b905318665696 [term 1 FOLLOWER]: Raft consensus is shut down!
I1002 04:41:24.646486 5905 ts_tablet_manager.cc:1203] T c2b8cfa799034977a43798f4f83e8d3d P 92a92cc5760d4f9e993b905318665696: Deleting tablet data with delete state TABLET_DATA_DELETED
I1002 04:41:24.648612 5833 catalog_manager.cc:1875] Servicing AlterTable request from {username='slave'} at 127.0.0.1:56410: table { table_name: "test-alter-range-partitioning-invalid-unbounded" } alter_schema_steps { type: DROP_RANGE_PARTITION drop_range_partition { range_bounds { rows: "\006\001\000\000\000\000\007\001d\000\000\000" } } } schema { columns { name: "c0" type: INT32 is_key: true is_nullable: false encoding: AUTO_ENCODING compression: DEFAULT_COMPRESSION cfile_block_size: 0 } columns { name: "c1" type: INT32 is_key: false is_nullable: false encoding: AUTO_ENCODING compression: DEFAULT_COMPRESSION cfile_block_size: 0 } }
I1002 04:41:24.650563 5819 catalog_manager.cc:3099] Sending DeleteTablet(TABLET_DATA_DELETED) for tablet c2b8cfa799034977a43798f4f83e8d3d on 92a92cc5760d4f9e993b905318665696 (127.7.153.1:39250) (Partition dropped at 2017-10-02 04:41:24 UTC)
I1002 04:41:24.651324 5906 ts_tablet_manager.cc:1028] T f199048d571c419eb586f6d1c3ddac07 P 92a92cc5760d4f9e993b905318665696: Registered tablet (data state: TABLET_DATA_READY)
I1002 04:41:24.651887 5951 ts_tablet_manager.cc:878] T f199048d571c419eb586f6d1c3ddac07 P 92a92cc5760d4f9e993b905318665696: Bootstrapping tablet
I1002 04:41:24.651860 5833 catalog_manager.cc:2369] Got report from deleted tablet c2b8cfa799034977a43798f4f83e8d3d (table test-alter-range-partitioning-invalid-unbounded [id=28630d9ce835454abf530e382fb41675]) (Partition dropped at 2017-10-02 04:41:24 UTC): Sending delete request for this tablet
I1002 04:41:24.652283 5819 catalog_manager.cc:2877] Scheduling retry of eb376630c04d401f851e8216633104af (table test-alter-range-partitioning-invalid-unbounded [id=28630d9ce835454abf530e382fb41675]) Alter Table RPC with a delay of 8 ms (attempt = 0)
I1002 04:41:24.652313 5833 catalog_manager.cc:3099] Sending DeleteTablet(TABLET_DATA_DELETED) for tablet c2b8cfa799034977a43798f4f83e8d3d on 92a92cc5760d4f9e993b905318665696 (127.7.153.1:39250) (Partition dropped at 2017-10-02 04:41:24 UTC)
W1002 04:41:24.652566 5819 catalog_manager.cc:2896] Async tablet task eb376630c04d401f851e8216633104af (table test-alter-range-partitioning-invalid-unbounded [id=28630d9ce835454abf530e382fb41675]) Alter Table RPC failed: Not found: Failed to reset TS proxy: No leader found: Tablet eb376630c04d401f851e8216633104af consensus state has no leader
I1002 04:41:24.653511 5951 tablet_bootstrap.cc:432] T f199048d571c419eb586f6d1c3ddac07 P 92a92cc5760d4f9e993b905318665696: Bootstrap starting.
I1002 04:41:24.653522 5817 catalog_manager.cc:2877] Scheduling retry of f199048d571c419eb586f6d1c3ddac07 (table test-alter-range-partitioning-invalid-unbounded [id=28630d9ce835454abf530e382fb41675]) Alter Table RPC with a delay of 47 ms (attempt = 0)
W1002 04:41:24.653831 5817 catalog_manager.cc:2896] Async tablet task f199048d571c419eb586f6d1c3ddac07 (table test-alter-range-partitioning-invalid-unbounded [id=28630d9ce835454abf530e382fb41675]) Alter Table RPC failed: Not found: Failed to reset TS proxy: No leader found: Tablet f199048d571c419eb586f6d1c3ddac07 consensus state has no leader
I1002 04:41:24.655196 5904 tablet_service.cc:806] Processing DeleteTablet for tablet c2b8cfa799034977a43798f4f83e8d3d with delete_type TABLET_DATA_DELETED (Partition dropped at 2017-10-02 04:41:24 UTC) from {username='slave'} at 127.0.0.1:45798
I1002 04:41:24.656277 5951 tablet_bootstrap.cc:567] T f199048d571c419eb586f6d1c3ddac07 P 92a92cc5760d4f9e993b905318665696: No blocks or log segments found. Creating new log.
I1002 04:41:24.656877 5817 catalog_manager.cc:2877] Scheduling retry of 16347b539ec7456684793f254094ed89 (table test-alter-range-partitioning-invalid-unbounded [id=28630d9ce835454abf530e382fb41675]) Alter Table RPC with a delay of 30 ms (attempt = 0)
W1002 04:41:24.657146 5817 catalog_manager.cc:2896] Async tablet task 16347b539ec7456684793f254094ed89 (table test-alter-range-partitioning-invalid-unbounded [id=28630d9ce835454abf530e382fb41675]) Alter Table RPC failed: Not found: Failed to reset TS proxy: No leader found: Tablet 16347b539ec7456684793f254094ed89 consensus state has no leader
I1002 04:41:24.657171 5833 catalog_manager.cc:1875] Servicing AlterTable request from {username='slave'} at 127.0.0.1:56410: table { table_name: "test-alter-range-partitioning-invalid-unbounded" } alter_schema_steps { type: DROP_RANGE_PARTITION drop_range_partition { range_bounds { rows: "\006\0012\000\000\000\007\001\226\000\000\000" } } } schema { columns { name: "c0" type: INT32 is_key: true is_nullable: false encoding: AUTO_ENCODING compression: DEFAULT_COMPRESSION cfile_block_size: 0 } columns { name: "c1" type: INT32 is_key: false is_nullable: false encoding: AUTO_ENCODING compression: DEFAULT_COMPRESSION cfile_block_size: 0 } }
I1002 04:41:24.657593 5818 catalog_manager.cc:2877] Scheduling retry of 324f6f5296ec4196903a9244e539c9d8 (table test-alter-range-partitioning-invalid-unbounded [id=28630d9ce835454abf530e382fb41675]) Alter Table RPC with a delay of 52 ms (attempt = 0)
W1002 04:41:24.657919 5818 catalog_manager.cc:2896] Async tablet task 324f6f5296ec4196903a9244e539c9d8 (table test-alter-range-partitioning-invalid-unbounded [id=28630d9ce835454abf530e382fb41675]) Alter Table RPC failed: Not found: Failed to reset TS proxy: No leader found: Tablet 324f6f5296ec4196903a9244e539c9d8 consensus state has no leader
I1002 04:41:24.658005 5816 catalog_manager.cc:2877] Scheduling retry of 2efdf5f4e04644448a2558f9940b74c1 (table test-alter-range-partitioning-invalid-unbounded [id=28630d9ce835454abf530e382fb41675]) Alter Table RPC with a delay of 56 ms (attempt = 0)
W1002 04:41:24.658277 5816 catalog_manager.cc:2896] Async tablet task 2efdf5f4e04644448a2558f9940b74c1 (table test-alter-range-partitioning-invalid-unbounded [id=28630d9ce835454abf530e382fb41675]) Alter Table RPC failed: Not found: Failed to reset TS proxy: No leader found: Tablet 2efdf5f4e04644448a2558f9940b74c1 consensus state has no leader
I1002 04:41:24.659160 5904 tablet_service.cc:806] Processing DeleteTablet for tablet c2b8cfa799034977a43798f4f83e8d3d with delete_type TABLET_DATA_DELETED (Partition dropped at 2017-10-02 04:41:24 UTC) from {username='slave'} at 127.0.0.1:45798
W1002 04:41:24.660044 5819 catalog_manager.cc:3069] TS 92a92cc5760d4f9e993b905318665696 (127.7.153.1:39250): delete failed for tablet c2b8cfa799034977a43798f4f83e8d3d with error code TABLET_NOT_RUNNING: Illegal state: State transition of tablet c2b8cfa799034977a43798f4f83e8d3d already in progress: deleting tablet
I1002 04:41:24.660327 5819 catalog_manager.cc:2877] Scheduling retry of c2b8cfa799034977a43798f4f83e8d3d Delete Tablet RPC for TS=92a92cc5760d4f9e993b905318665696 with a delay of 32 ms (attempt = 2)
W1002 04:41:24.660815 5819 catalog_manager.cc:3069] TS 92a92cc5760d4f9e993b905318665696 (127.7.153.1:39250): delete failed for tablet c2b8cfa799034977a43798f4f83e8d3d with error code TABLET_NOT_RUNNING: Illegal state: State transition of tablet c2b8cfa799034977a43798f4f83e8d3d already in progress: deleting tablet
I1002 04:41:24.661037 5819 catalog_manager.cc:2877] Scheduling retry of c2b8cfa799034977a43798f4f83e8d3d Delete Tablet RPC for TS=92a92cc5760d4f9e993b905318665696 with a delay of 50 ms (attempt = 1)
I1002 04:41:24.662542 5905 ts_tablet_manager.cc:1216] T c2b8cfa799034977a43798f4f83e8d3d P 92a92cc5760d4f9e993b905318665696: tablet deleted: last-logged OpId: 1.1
I1002 04:41:24.662791 5905 log.cc:980] T c2b8cfa799034977a43798f4f83e8d3d P 92a92cc5760d4f9e993b905318665696: Deleting WAL directory at /tmp/run_tha_test1fMIRV/test-tmp/alter_table-test.AlterTableTest.TestAddRangePartitionConflictExhaustive.1506919259568928-1945/minicluster-data/ts-0-root/wals/c2b8cfa799034977a43798f4f83e8d3d
I1002 04:41:24.664829 5833 catalog_manager.cc:3442] T 00000000000000000000000000000000 P 4f89f43c5b1b4a7ab82ebafc420bd1f8: Sending DeleteTablet for 1 replicas of tablet f199048d571c419eb586f6d1c3ddac07
I1002 04:41:24.663691 5819 catalog_manager.cc:2877] Scheduling retry of eb376630c04d401f851e8216633104af (table test-alter-range-partitioning-invalid-unbounded [id=28630d9ce835454abf530e382fb41675]) Alter Table RPC with a delay of 36 ms (attempt = 0)
W1002 04:41:24.665102 5819 catalog_manager.cc:2896] Async tablet task eb376630c04d401f851e8216633104af (table test-alter-range-partitioning-invalid-unbounded [id=28630d9ce835454abf530e382fb41675]) Alter Table RPC failed: Not found: Failed to reset TS proxy: No leader found: Tablet eb376630c04d401f851e8216633104af consensus state has no leader
I1002 04:41:24.665134 5833 catalog_manager.cc:3099] Sending DeleteTablet(TABLET_DATA_DELETED) for tablet f199048d571c419eb586f6d1c3ddac07 on 92a92cc5760d4f9e993b905318665696 (127.7.153.1:39250) (Partition dropped at 2017-10-02 04:41:24 UTC)
I1002 04:41:24.666052 5905 ts_tablet_manager.cc:1234] T c2b8cfa799034977a43798f4f83e8d3d P 92a92cc5760d4f9e993b905318665696: Deleting consensus metadata
I1002 04:41:24.666236 5904 tablet_service.cc:806] Processing DeleteTablet for tablet f199048d571c419eb586f6d1c3ddac07 with delete_type TABLET_DATA_DELETED (Partition dropped at 2017-10-02 04:41:24 UTC) from {username='slave'} at 127.0.0.1:45798
I1002 04:41:24.667212 5817 catalog_manager.cc:2877] Scheduling retry of c2b8cfa799034977a43798f4f83e8d3d (table test-alter-range-partitioning-invalid-unbounded [id=28630d9ce835454abf530e382fb41675]) Alter Table RPC with a delay of 35 ms (attempt = 0)
W1002 04:41:24.667491 5817 catalog_manager.cc:2896] Async tablet task c2b8cfa799034977a43798f4f83e8d3d (table test-alter-range-partitioning-invalid-unbounded [id=28630d9ce835454abf530e382fb41675]) Alter Table RPC failed: Not found: Failed to reset TS proxy: No leader found: Tablet c2b8cfa799034977a43798f4f83e8d3d consensus state has no leader
W1002 04:41:24.670938 5819 catalog_manager.cc:3069] TS 92a92cc5760d4f9e993b905318665696 (127.7.153.1:39250): delete failed for tablet f199048d571c419eb586f6d1c3ddac07 with error code TABLET_NOT_RUNNING: Illegal state: State transition of tablet f199048d571c419eb586f6d1c3ddac07 already in progress: creating tablet
I1002 04:41:24.671196 5819 catalog_manager.cc:2877] Scheduling retry of f199048d571c419eb586f6d1c3ddac07 Delete Tablet RPC for TS=92a92cc5760d4f9e993b905318665696 with a delay of 27 ms (attempt = 1)
I1002 04:41:24.672457 5819 catalog_manager.cc:3077] TS 92a92cc5760d4f9e993b905318665696 (127.7.153.1:39250): tablet c2b8cfa799034977a43798f4f83e8d3d (table test-alter-range-partitioning-invalid-unbounded [id=28630d9ce835454abf530e382fb41675]) successfully deleted
I1002 04:41:24.672644 5833 catalog_manager.cc:1875] Servicing AlterTable request from {username='slave'} at 127.0.0.1:56410: table { table_name: "test-alter-range-partitioning-invalid-unbounded" } alter_schema_steps { type: ADD_RANGE_PARTITION add_range_partition { range_bounds { rows: "\006\0012\000\000\000\007\001\226\000\000\000" } } } alter_schema_steps { type: DROP_RANGE_PARTITION drop_range_partition { range_bounds { rows: "\006\001\000\000\000\000\007\001d\000\000\000" } } } schema { columns { name: "c0" type: INT32 is_key: true is_nullable: false encoding: AUTO_ENCODING compression: DEFAULT_COMPRESSION cfile_block_size: 0 } columns { name: "c1" type: INT32 is_key: false is_nullable: false encoding: AUTO_ENCODING compression: DEFAULT_COMPRESSION cfile_block_size: 0 } }
I1002 04:41:24.676877 5833 catalog_manager.cc:1875] Servicing AlterTable request from {username='slave'} at 127.0.0.1:56410: table { table_name: "test-alter-range-partitioning-invalid-unbounded" } alter_schema_steps { type: ADD_RANGE_PARTITION add_range_partition { range_bounds { rows: "\006\001\000\000\000\000\007\001d\000\000\000" } } } schema { columns { name: "c0" type: INT32 is_key: true is_nullable: false encoding: AUTO_ENCODING compression: DEFAULT_COMPRESSION cfile_block_size: 0 } columns { name: "c1" type: INT32 is_key: false is_nullable: false encoding: AUTO_ENCODING compression: DEFAULT_COMPRESSION cfile_block_size: 0 } }
I1002 04:41:24.677408 5951 tablet_bootstrap.cc:432] T f199048d571c419eb586f6d1c3ddac07 P 92a92cc5760d4f9e993b905318665696: No bootstrap required, opened a new log
I1002 04:41:24.677731 5951 ts_tablet_manager.cc:903] T f199048d571c419eb586f6d1c3ddac07 P 92a92cc5760d4f9e993b905318665696: Time spent bootstrapping tablet: real 0.024s user 0.004s sys 0.012s
I1002 04:41:24.678779 5951 raft_consensus.cc:286] T f199048d571c419eb586f6d1c3ddac07 P 92a92cc5760d4f9e993b905318665696 [term 0 FOLLOWER]: Replica starting. Triggering 0 pending transactions. Active config: opid_index: -1 OBSOLETE_local: true peers { permanent_uuid: "92a92cc5760d4f9e993b905318665696" member_type: VOTER last_known_addr { host: "127.7.153.1" port: 39250 } }
I1002 04:41:24.679107 5951 raft_consensus.cc:312] T f199048d571c419eb586f6d1c3ddac07 P 92a92cc5760d4f9e993b905318665696 [term 0 FOLLOWER]: Consensus starting up: Expiring failure detector timer to make a prompt election more likely
I1002 04:41:24.679327 5951 raft_consensus.cc:578] T f199048d571c419eb586f6d1c3ddac07 P 92a92cc5760d4f9e993b905318665696 [term 0 FOLLOWER]: Becoming Follower/Learner. State: Replica: 92a92cc5760d4f9e993b905318665696, State: Initialized, Role: FOLLOWER
I1002 04:41:24.679597 5951 consensus_queue.cc:190] T f199048d571c419eb586f6d1c3ddac07 P 92a92cc5760d4f9e993b905318665696 [NON_LEADER]: Queue going to NON_LEADER mode. State: All replicated index: 0, Majority replicated index: 0, Committed index: 0, Last appended: 0.0, Last appended by leader: 0, Current term: 0, Majority size: -1, State: 0, Mode: NON_LEADER
I1002 04:41:24.679872 5951 raft_consensus.cc:327] T f199048d571c419eb586f6d1c3ddac07 P 92a92cc5760d4f9e993b905318665696 [term 0 FOLLOWER]: Only one voter in the Raft config. Triggering election immediately
