I1002 04:41:25.003916 5905 log.cc:980] T c590266196284e13bd9569bb434bd2bf P 92a92cc5760d4f9e993b905318665696: Deleting WAL directory at /tmp/run_tha_test1fMIRV/test-tmp/alter_table-test.AlterTableTest.TestAddRangePartitionConflictExhaustive.1506919259568928-1945/minicluster-data/ts-0-root/wals/c590266196284e13bd9569bb434bd2bf
I1002 04:41:25.004140 5955 raft_consensus.cc:545] T 2e11ab53d1834da3867e17c59001dd34 P 92a92cc5760d4f9e993b905318665696 [term 1 LEADER]: Becoming Leader. State: Replica: 92a92cc5760d4f9e993b905318665696, State: Running, Role: LEADER
I1002 04:41:25.004462 5905 ts_tablet_manager.cc:1234] T c590266196284e13bd9569bb434bd2bf P 92a92cc5760d4f9e993b905318665696: Deleting consensus metadata
I1002 04:41:25.004472 5955 consensus_queue.cc:169] T 2e11ab53d1834da3867e17c59001dd34 P 92a92cc5760d4f9e993b905318665696 [LEADER]: Queue going to LEADER mode. State: All replicated index: 0, Majority replicated index: 0, Committed index: 0, Last appended: 0.0, Last appended by leader: 0, Current term: 1, Majority size: 1, State: 0, Mode: LEADER, active raft config: opid_index: -1 OBSOLETE_local: true peers { permanent_uuid: "92a92cc5760d4f9e993b905318665696" member_type: VOTER last_known_addr { host: "127.7.153.1" port: 39250 } }
I1002 04:41:25.004729 5833 catalog_manager.cc:1875] Servicing AlterTable request from {username='slave'} at 127.0.0.1:56410: table { table_name: "test-alter-range-partitioning-invalid-unbounded" } alter_schema_steps { type: ADD_RANGE_PARTITION add_range_partition { range_bounds { rows: "\006\0012\000\000\000\007\001d\000\000\000" } } } alter_schema_steps { type: ADD_RANGE_PARTITION add_range_partition { range_bounds { rows: "\006\001\000\000\000\000\007\001d\000\000\000" } } } schema { columns { name: "c0" type: INT32 is_key: true is_nullable: false encoding: AUTO_ENCODING compression: DEFAULT_COMPRESSION cfile_block_size: 0 } columns { name: "c1" type: INT32 is_key: false is_nullable: false encoding: AUTO_ENCODING compression: DEFAULT_COMPRESSION cfile_block_size: 0 } }
I1002 04:41:25.005690 5816 catalog_manager.cc:2877] Scheduling retry of c464d87b2b3d43d289fbbd56acb0dd90 (table test-alter-range-partitioning-invalid-unbounded [id=28630d9ce835454abf530e382fb41675]) Alter Table RPC with a delay of 29 ms (attempt = 0)
W1002 04:41:25.005988 5816 catalog_manager.cc:2896] Async tablet task c464d87b2b3d43d289fbbd56acb0dd90 (table test-alter-range-partitioning-invalid-unbounded [id=28630d9ce835454abf530e382fb41675]) Alter Table RPC failed: Not found: Failed to reset TS proxy: No leader found: Tablet c464d87b2b3d43d289fbbd56acb0dd90 consensus state has no leader
I1002 04:41:25.006290 5819 catalog_manager.cc:3077] TS 92a92cc5760d4f9e993b905318665696 (127.7.153.1:39250): tablet c590266196284e13bd9569bb434bd2bf (table test-alter-range-partitioning-invalid-unbounded [id=28630d9ce835454abf530e382fb41675]) successfully deleted
I1002 04:41:25.006800 5951 ts_tablet_manager.cc:931] T 2e11ab53d1834da3867e17c59001dd34 P 92a92cc5760d4f9e993b905318665696: Time spent starting tablet: real 0.013s user 0.004s sys 0.004s
I1002 04:41:25.008219 5951 ts_tablet_manager.cc:878] T a8b2305aec07407b90e96939b7b0120c P 92a92cc5760d4f9e993b905318665696: Bootstrapping tablet
I1002 04:41:25.008561 5951 tablet_bootstrap.cc:432] T a8b2305aec07407b90e96939b7b0120c P 92a92cc5760d4f9e993b905318665696: Bootstrap starting.
I1002 04:41:25.009763 5832 catalog_manager.cc:2369] Got report from deleted tablet 2e11ab53d1834da3867e17c59001dd34 (table test-alter-range-partitioning-invalid-unbounded [id=28630d9ce835454abf530e382fb41675]) (Partition dropped at 2017-10-02 04:41:24 UTC): Sending delete request for this tablet
I1002 04:41:25.009603 5833 catalog_manager.cc:1875] Servicing AlterTable request from {username='slave'} at 127.0.0.1:56410: table { table_name: "test-alter-range-partitioning-invalid-unbounded" } alter_schema_steps { type: ADD_RANGE_PARTITION add_range_partition { range_bounds { rows: "\006\0012\000\000\000\007\001d\000\000\000" } } } schema { columns { name: "c0" type: INT32 is_key: true is_nullable: false encoding: AUTO_ENCODING compression: DEFAULT_COMPRESSION cfile_block_size: 0 } columns { name: "c1" type: INT32 is_key: false is_nullable: false encoding: AUTO_ENCODING compression: DEFAULT_COMPRESSION cfile_block_size: 0 } }
I1002 04:41:25.010138 5832 catalog_manager.cc:3099] Sending DeleteTablet(TABLET_DATA_DELETED) for tablet 2e11ab53d1834da3867e17c59001dd34 on 92a92cc5760d4f9e993b905318665696 (127.7.153.1:39250) (Partition dropped at 2017-10-02 04:41:24 UTC)
I1002 04:41:25.010763 5951 tablet_bootstrap.cc:567] T a8b2305aec07407b90e96939b7b0120c P 92a92cc5760d4f9e993b905318665696: No blocks or log segments found. Creating new log.
I1002 04:41:25.010828 5818 catalog_manager.cc:2877] Scheduling retry of 4aa07f5bc7fa4d689318a63bfd75d334 (table test-alter-range-partitioning-invalid-unbounded [id=28630d9ce835454abf530e382fb41675]) Alter Table RPC with a delay of 24 ms (attempt = 0)
W1002 04:41:25.011178 5818 catalog_manager.cc:2896] Async tablet task 4aa07f5bc7fa4d689318a63bfd75d334 (table test-alter-range-partitioning-invalid-unbounded [id=28630d9ce835454abf530e382fb41675]) Alter Table RPC failed: Not found: Failed to reset TS proxy: No leader found: Tablet 4aa07f5bc7fa4d689318a63bfd75d334 consensus state has no leader
I1002 04:41:25.011277 5905 tablet_service.cc:806] Processing DeleteTablet for tablet 2e11ab53d1834da3867e17c59001dd34 with delete_type TABLET_DATA_DELETED (Partition dropped at 2017-10-02 04:41:24 UTC) from {username='slave'} at 127.0.0.1:45798
I1002 04:41:25.011514 5818 catalog_manager.cc:2877] Scheduling retry of 324f6f5296ec4196903a9244e539c9d8 (table test-alter-range-partitioning-invalid-unbounded [id=28630d9ce835454abf530e382fb41675]) Alter Table RPC with a delay of 34 ms (attempt = 0)
I1002 04:41:25.011726 5905 tablet_replica.cc:257] T 2e11ab53d1834da3867e17c59001dd34 P 92a92cc5760d4f9e993b905318665696: stopping tablet replica
W1002 04:41:25.011804 5818 catalog_manager.cc:2896] Async tablet task 324f6f5296ec4196903a9244e539c9d8 (table test-alter-range-partitioning-invalid-unbounded [id=28630d9ce835454abf530e382fb41675]) Alter Table RPC failed: Not found: Failed to reset TS proxy: No leader found: Tablet 324f6f5296ec4196903a9244e539c9d8 consensus state has no leader
I1002 04:41:25.012034 5905 maintenance_manager.cc:228] P 92a92cc5760d4f9e993b905318665696: Unregistered op CompactRowSetsOp(2e11ab53d1834da3867e17c59001dd34)
I1002 04:41:25.012256 5905 maintenance_manager.cc:228] P 92a92cc5760d4f9e993b905318665696: Unregistered op MinorDeltaCompactionOp(2e11ab53d1834da3867e17c59001dd34)
I1002 04:41:25.012300 5817 catalog_manager.cc:2877] Scheduling retry of c2b8cfa799034977a43798f4f83e8d3d (table test-alter-range-partitioning-invalid-unbounded [id=28630d9ce835454abf530e382fb41675]) Alter Table RPC with a delay of 25 ms (attempt = 0)
I1002 04:41:25.012508 5905 maintenance_manager.cc:228] P 92a92cc5760d4f9e993b905318665696: Unregistered op MajorDeltaCompactionOp(2e11ab53d1834da3867e17c59001dd34)
W1002 04:41:25.012629 5817 catalog_manager.cc:2896] Async tablet task c2b8cfa799034977a43798f4f83e8d3d (table test-alter-range-partitioning-invalid-unbounded [id=28630d9ce835454abf530e382fb41675]) Alter Table RPC failed: Not found: Failed to reset TS proxy: No leader found: Tablet c2b8cfa799034977a43798f4f83e8d3d consensus state has no leader
I1002 04:41:25.013012 5905 maintenance_manager.cc:228] P 92a92cc5760d4f9e993b905318665696: Unregistered op UndoDeltaBlockGCOp(2e11ab53d1834da3867e17c59001dd34)
I1002 04:41:25.013238 5905 maintenance_manager.cc:228] P 92a92cc5760d4f9e993b905318665696: Unregistered op FlushMRSOp(2e11ab53d1834da3867e17c59001dd34)
I1002 04:41:25.013442 5905 maintenance_manager.cc:228] P 92a92cc5760d4f9e993b905318665696: Unregistered op FlushDeltaMemStoresOp(2e11ab53d1834da3867e17c59001dd34)
I1002 04:41:25.013612 5905 maintenance_manager.cc:228] P 92a92cc5760d4f9e993b905318665696: Unregistered op LogGCOp(2e11ab53d1834da3867e17c59001dd34)
I1002 04:41:25.013770 5905 raft_consensus.cc:1809] T 2e11ab53d1834da3867e17c59001dd34 P 92a92cc5760d4f9e993b905318665696 [term 1 LEADER]: Raft consensus shutting down.
I1002 04:41:25.014071 5905 raft_consensus.cc:1836] T 2e11ab53d1834da3867e17c59001dd34 P 92a92cc5760d4f9e993b905318665696 [term 1 FOLLOWER]: Raft consensus is shut down!
I1002 04:41:25.015199 5817 catalog_manager.cc:2877] Scheduling retry of 16347b539ec7456684793f254094ed89 (table test-alter-range-partitioning-invalid-unbounded [id=28630d9ce835454abf530e382fb41675]) Alter Table RPC with a delay of 10 ms (attempt = 0)
W1002 04:41:25.015427 5817 catalog_manager.cc:2896] Async tablet task 16347b539ec7456684793f254094ed89 (table test-alter-range-partitioning-invalid-unbounded [id=28630d9ce835454abf530e382fb41675]) Alter Table RPC failed: Not found: Failed to reset TS proxy: No leader found: Tablet 16347b539ec7456684793f254094ed89 consensus state has no leader
I1002 04:41:25.016314 5832 catalog_manager.cc:2369] Got report from deleted tablet 2e11ab53d1834da3867e17c59001dd34 (table test-alter-range-partitioning-invalid-unbounded [id=28630d9ce835454abf530e382fb41675]) (Partition dropped at 2017-10-02 04:41:24 UTC): Sending delete request for this tablet
I1002 04:41:25.016412 5905 ts_tablet_manager.cc:1203] T 2e11ab53d1834da3867e17c59001dd34 P 92a92cc5760d4f9e993b905318665696: Deleting tablet data with delete state TABLET_DATA_DELETED
I1002 04:41:25.016696 5819 catalog_manager.cc:2877] Scheduling retry of eb376630c04d401f851e8216633104af (table test-alter-range-partitioning-invalid-unbounded [id=28630d9ce835454abf530e382fb41675]) Alter Table RPC with a delay of 54 ms (attempt = 0)
I1002 04:41:25.016757 5832 catalog_manager.cc:3099] Sending DeleteTablet(TABLET_DATA_DELETED) for tablet 2e11ab53d1834da3867e17c59001dd34 on 92a92cc5760d4f9e993b905318665696 (127.7.153.1:39250) (Partition dropped at 2017-10-02 04:41:24 UTC)
W1002 04:41:25.017045 5819 catalog_manager.cc:2896] Async tablet task eb376630c04d401f851e8216633104af (table test-alter-range-partitioning-invalid-unbounded [id=28630d9ce835454abf530e382fb41675]) Alter Table RPC failed: Not found: Failed to reset TS proxy: No leader found: Tablet eb376630c04d401f851e8216633104af consensus state has no leader
I1002 04:41:25.017904 5833 catalog_manager.cc:2877] Scheduling retry of 31cb9f984a544fe7a23255fb0491a3cc (table test-alter-range-partitioning-invalid-unbounded [id=28630d9ce835454abf530e382fb41675]) Alter Table RPC with a delay of 45 ms (attempt = 0)
I1002 04:41:25.018049 5904 tablet_service.cc:806] Processing DeleteTablet for tablet 2e11ab53d1834da3867e17c59001dd34 with delete_type TABLET_DATA_DELETED (Partition dropped at 2017-10-02 04:41:24 UTC) from {username='slave'} at 127.0.0.1:45798
W1002 04:41:25.018237 5833 catalog_manager.cc:3416] Failed to send alter table request: Not found: Failed to reset TS proxy: No leader found: Tablet 31cb9f984a544fe7a23255fb0491a3cc has no consensus state
W1002 04:41:25.019913 5819 catalog_manager.cc:3069] TS 92a92cc5760d4f9e993b905318665696 (127.7.153.1:39250): delete failed for tablet 2e11ab53d1834da3867e17c59001dd34 with error code TABLET_NOT_RUNNING: Illegal state: State transition of tablet 2e11ab53d1834da3867e17c59001dd34 already in progress: deleting tablet
I1002 04:41:25.020151 5819 catalog_manager.cc:2877] Scheduling retry of 2e11ab53d1834da3867e17c59001dd34 Delete Tablet RPC for TS=92a92cc5760d4f9e993b905318665696 with a delay of 31 ms (attempt = 1)
I1002 04:41:25.020144 5817 catalog_manager.cc:2877] Scheduling retry of c590266196284e13bd9569bb434bd2bf (table test-alter-range-partitioning-invalid-unbounded [id=28630d9ce835454abf530e382fb41675]) Alter Table RPC with a delay of 36 ms (attempt = 0)
W1002 04:41:25.020465 5817 catalog_manager.cc:2896] Async tablet task c590266196284e13bd9569bb434bd2bf (table test-alter-range-partitioning-invalid-unbounded [id=28630d9ce835454abf530e382fb41675]) Alter Table RPC failed: Not found: Failed to reset TS proxy: No leader found: Tablet c590266196284e13bd9569bb434bd2bf consensus state has no leader
I1002 04:41:25.020831 5816 catalog_manager.cc:2877] Scheduling retry of a8b2305aec07407b90e96939b7b0120c (table test-alter-range-partitioning-invalid-unbounded [id=28630d9ce835454abf530e382fb41675]) Alter Table RPC with a delay of 8 ms (attempt = 0)
W1002 04:41:25.021144 5816 catalog_manager.cc:2896] Async tablet task a8b2305aec07407b90e96939b7b0120c (table test-alter-range-partitioning-invalid-unbounded [id=28630d9ce835454abf530e382fb41675]) Alter Table RPC failed: Not found: Failed to reset TS proxy: No leader found: Tablet a8b2305aec07407b90e96939b7b0120c consensus state has no leader
I1002 04:41:25.021525 5833 catalog_manager.cc:1875] Servicing AlterTable request from {username='slave'} at 127.0.0.1:56410: table { table_name: "test-alter-range-partitioning-invalid-unbounded" } alter_schema_steps { type: DROP_RANGE_PARTITION drop_range_partition { range_bounds { rows: "\006\001\000\000\000\000\007\001d\000\000\000" } } } schema { columns { name: "c0" type: INT32 is_key: true is_nullable: false encoding: AUTO_ENCODING compression: DEFAULT_COMPRESSION cfile_block_size: 0 } columns { name: "c1" type: INT32 is_key: false is_nullable: false encoding: AUTO_ENCODING compression: DEFAULT_COMPRESSION cfile_block_size: 0 } }
I1002 04:41:25.023519 5905 ts_tablet_manager.cc:1216] T 2e11ab53d1834da3867e17c59001dd34 P 92a92cc5760d4f9e993b905318665696: tablet deleted: last-logged OpId: 1.1
I1002 04:41:25.023535 5819 catalog_manager.cc:2877] Scheduling retry of 523dc850ea83468f991a8ac636839d86 (table test-alter-range-partitioning-invalid-unbounded [id=28630d9ce835454abf530e382fb41675]) Alter Table RPC with a delay of 35 ms (attempt = 0)
I1002 04:41:25.023794 5905 log.cc:980] T 2e11ab53d1834da3867e17c59001dd34 P 92a92cc5760d4f9e993b905318665696: Deleting WAL directory at /tmp/run_tha_test1fMIRV/test-tmp/alter_table-test.AlterTableTest.TestAddRangePartitionConflictExhaustive.1506919259568928-1945/minicluster-data/ts-0-root/wals/2e11ab53d1834da3867e17c59001dd34
W1002 04:41:25.023857 5819 catalog_manager.cc:2896] Async tablet task 523dc850ea83468f991a8ac636839d86 (table test-alter-range-partitioning-invalid-unbounded [id=28630d9ce835454abf530e382fb41675]) Alter Table RPC failed: Not found: Failed to reset TS proxy: No leader found: Tablet 523dc850ea83468f991a8ac636839d86 consensus state has no leader
I1002 04:41:25.024207 5905 ts_tablet_manager.cc:1234] T 2e11ab53d1834da3867e17c59001dd34 P 92a92cc5760d4f9e993b905318665696: Deleting consensus metadata
I1002 04:41:25.025750 5819 catalog_manager.cc:3077] TS 92a92cc5760d4f9e993b905318665696 (127.7.153.1:39250): tablet 2e11ab53d1834da3867e17c59001dd34 (table test-alter-range-partitioning-invalid-unbounded [id=28630d9ce835454abf530e382fb41675]) successfully deleted
I1002 04:41:25.025988 5817 catalog_manager.cc:2877] Scheduling retry of 16347b539ec7456684793f254094ed89 (table test-alter-range-partitioning-invalid-unbounded [id=28630d9ce835454abf530e382fb41675]) Alter Table RPC with a delay of 27 ms (attempt = 0)
W1002 04:41:25.026259 5817 catalog_manager.cc:2896] Async tablet task 16347b539ec7456684793f254094ed89 (table test-alter-range-partitioning-invalid-unbounded [id=28630d9ce835454abf530e382fb41675]) Alter Table RPC failed: Not found: Failed to reset TS proxy: No leader found: Tablet 16347b539ec7456684793f254094ed89 consensus state has no leader
I1002 04:41:25.027480 5951 tablet_bootstrap.cc:432] T a8b2305aec07407b90e96939b7b0120c P 92a92cc5760d4f9e993b905318665696: No bootstrap required, opened a new log
I1002 04:41:25.027846 5951 ts_tablet_manager.cc:903] T a8b2305aec07407b90e96939b7b0120c P 92a92cc5760d4f9e993b905318665696: Time spent bootstrapping tablet: real 0.019s user 0.000s sys 0.004s
I1002 04:41:25.027927 5819 catalog_manager.cc:3099] Sending DeleteTablet(TABLET_DATA_DELETED) for tablet a8b2305aec07407b90e96939b7b0120c on 92a92cc5760d4f9e993b905318665696 (127.7.153.1:39250) (Partition dropped at 2017-10-02 04:41:24 UTC)
I1002 04:41:25.028378 5819 catalog_manager.cc:3099] Sending DeleteTablet(TABLET_DATA_DELETED) for tablet c590266196284e13bd9569bb434bd2bf on 92a92cc5760d4f9e993b905318665696 (127.7.153.1:39250) (Partition dropped at 2017-10-02 04:41:24 UTC)
I1002 04:41:25.029182 5951 raft_consensus.cc:286] T a8b2305aec07407b90e96939b7b0120c P 92a92cc5760d4f9e993b905318665696 [term 0 FOLLOWER]: Replica starting. Triggering 0 pending transactions. Active config: opid_index: -1 OBSOLETE_local: true peers { permanent_uuid: "92a92cc5760d4f9e993b905318665696" member_type: VOTER last_known_addr { host: "127.7.153.1" port: 39250 } }
I1002 04:41:25.029723 5951 raft_consensus.cc:312] T a8b2305aec07407b90e96939b7b0120c P 92a92cc5760d4f9e993b905318665696 [term 0 FOLLOWER]: Consensus starting up: Expiring failure detector timer to make a prompt election more likely
I1002 04:41:25.029243 5833 catalog_manager.cc:1875] Servicing AlterTable request from {username='slave'} at 127.0.0.1:56410: table { table_name: "test-alter-range-partitioning-invalid-unbounded" } alter_schema_steps { type: DROP_RANGE_PARTITION drop_range_partition { range_bounds { rows: "\006\0012\000\000\000\007\001d\000\000\000" } } } schema { columns { name: "c0" type: INT32 is_key: true is_nullable: false encoding: AUTO_ENCODING compression: DEFAULT_COMPRESSION cfile_block_size: 0 } columns { name: "c1" type: INT32 is_key: false is_nullable: false encoding: AUTO_ENCODING compression: DEFAULT_COMPRESSION cfile_block_size: 0 } }
I1002 04:41:25.030069 5951 raft_consensus.cc:578] T a8b2305aec07407b90e96939b7b0120c P 92a92cc5760d4f9e993b905318665696 [term 0 FOLLOWER]: Becoming Follower/Learner. State: Replica: 92a92cc5760d4f9e993b905318665696, State: Initialized, Role: FOLLOWER
I1002 04:41:25.030364 5951 consensus_queue.cc:190] T a8b2305aec07407b90e96939b7b0120c P 92a92cc5760d4f9e993b905318665696 [NON_LEADER]: Queue going to NON_LEADER mode. State: All replicated index: 0, Majority replicated index: 0, Committed index: 0, Last appended: 0.0, Last appended by leader: 0, Current term: 0, Majority size: -1, State: 0, Mode: NON_LEADER
I1002 04:41:25.030505 5904 tablet_service.cc:806] Processing DeleteTablet for tablet c590266196284e13bd9569bb434bd2bf with delete_type TABLET_DATA_DELETED (Partition dropped at 2017-10-02 04:41:24 UTC) from {username='slave'} at 127.0.0.1:45798
I1002 04:41:25.030634 5951 raft_consensus.cc:327] T a8b2305aec07407b90e96939b7b0120c P 92a92cc5760d4f9e993b905318665696 [term 0 FOLLOWER]: Only one voter in the Raft config. Triggering election immediately
I1002 04:41:25.030676 5816 catalog_manager.cc:2877] Scheduling retry of a8b2305aec07407b90e96939b7b0120c (table test-alter-range-partitioning-invalid-unbounded [id=28630d9ce835454abf530e382fb41675]) Alter Table RPC with a delay of 25 ms (attempt = 0)
I1002 04:41:25.030812 5951 raft_consensus.cc:411] T a8b2305aec07407b90e96939b7b0120c P 92a92cc5760d4f9e993b905318665696 [term 0 FOLLOWER]: Starting leader election (initial election of a single-replica configuration)
W1002 04:41:25.030977 5816 catalog_manager.cc:2896] Async tablet task a8b2305aec07407b90e96939b7b0120c (table test-alter-range-partitioning-invalid-unbounded [id=28630d9ce835454abf530e382fb41675]) Alter Table RPC failed: Not found: Failed to reset TS proxy: No leader found: Tablet a8b2305aec07407b90e96939b7b0120c consensus state has no leader
I1002 04:41:25.031018 5951 raft_consensus.cc:2457] T a8b2305aec07407b90e96939b7b0120c P 92a92cc5760d4f9e993b905318665696: Snoozing failure detection for 1.643s (starting election)
I1002 04:41:25.031247 5951 raft_consensus.cc:2509] T a8b2305aec07407b90e96939b7b0120c P 92a92cc5760d4f9e993b905318665696 [term 0 FOLLOWER]: Advancing to term 1
W1002 04:41:25.033141 5819 catalog_manager.cc:3057] TS 92a92cc5760d4f9e993b905318665696 (127.7.153.1:39250): delete failed for tablet c590266196284e13bd9569bb434bd2bf because the tablet was not found. No further retry: Not found: Tablet not found: c590266196284e13bd9569bb434bd2bf
I1002 04:41:25.034315 5951 raft_consensus.cc:433] T a8b2305aec07407b90e96939b7b0120c P 92a92cc5760d4f9e993b905318665696 [term 1 FOLLOWER]: Starting leader election with config: opid_index: -1 OBSOLETE_local: true peers { permanent_uuid: "92a92cc5760d4f9e993b905318665696" member_type: VOTER last_known_addr { host: "127.7.153.1" port: 39250 } }
I1002 04:41:25.034694 5951 leader_election.cc:248] T a8b2305aec07407b90e96939b7b0120c P 92a92cc5760d4f9e993b905318665696 [CANDIDATE]: Term 1 election: Election decided. Result: candidate won.
I1002 04:41:25.034821 5904 tablet_service.cc:765] Processing CreateTablet for tablet 31cb9f984a544fe7a23255fb0491a3cc (table=test-alter-range-partitioning-invalid-unbounded [id=28630d9ce835454abf530e382fb41675]), partition=RANGE (c0) PARTITION 50 <= VALUES < 100
I1002 04:41:25.035068 5953 raft_consensus.cc:2457] T a8b2305aec07407b90e96939b7b0120c P 92a92cc5760d4f9e993b905318665696: Snoozing failure detection for 2.225s (election complete)
I1002 04:41:25.035320 5953 raft_consensus.cc:2281] T a8b2305aec07407b90e96939b7b0120c P 92a92cc5760d4f9e993b905318665696 [term 1 FOLLOWER]: Leader election won for term 1
I1002 04:41:25.035568 5816 catalog_manager.cc:2877] Scheduling retry of c464d87b2b3d43d289fbbd56acb0dd90 (table test-alter-range-partitioning-invalid-unbounded [id=28630d9ce835454abf530e382fb41675]) Alter Table RPC with a delay of 24 ms (attempt = 0)
I1002 04:41:25.035732 5951 ts_tablet_manager.cc:931] T a8b2305aec07407b90e96939b7b0120c P 92a92cc5760d4f9e993b905318665696: Time spent starting tablet: real 0.008s user 0.008s sys 0.000s
W1002 04:41:25.035879 5816 catalog_manager.cc:2896] Async tablet task c464d87b2b3d43d289fbbd56acb0dd90 (table test-alter-range-partitioning-invalid-unbounded [id=28630d9ce835454abf530e382fb41675]) Alter Table RPC failed: Not found: Failed to reset TS proxy: No leader found: Tablet c464d87b2b3d43d289fbbd56acb0dd90 consensus state has no leader
I1002 04:41:25.036514 5818 catalog_manager.cc:2877] Scheduling retry of 4aa07f5bc7fa4d689318a63bfd75d334 (table test-alter-range-partitioning-invalid-unbounded [id=28630d9ce835454abf530e382fb41675]) Alter Table RPC with a delay of 36 ms (attempt = 0)
W1002 04:41:25.036804 5818 catalog_manager.cc:2896] Async tablet task 4aa07f5bc7fa4d689318a63bfd75d334 (table test-alter-range-partitioning-invalid-unbounded [id=28630d9ce835454abf530e382fb41675]) Alter Table RPC failed: Not found: Failed to reset TS proxy: No leader found: Tablet 4aa07f5bc7fa4d689318a63bfd75d334 consensus state has no leader
I1002 04:41:25.037055 5817 catalog_manager.cc:2877] Scheduling retry of f199048d571c419eb586f6d1c3ddac07 (table test-alter-range-partitioning-invalid-unbounded [id=28630d9ce835454abf530e382fb41675]) Alter Table RPC with a delay of 43 ms (attempt = 0)
W1002 04:41:25.037274 5817 catalog_manager.cc:2896] Async tablet task f199048d571c419eb586f6d1c3ddac07 (table test-alter-range-partitioning-invalid-unbounded [id=28630d9ce835454abf530e382fb41675]) Alter Table RPC failed: Not found: Failed to reset TS proxy: No leader found: Tablet f199048d571c419eb586f6d1c3ddac07 consensus state has no leader
I1002 04:41:25.037480 5953 raft_consensus.cc:545] T a8b2305aec07407b90e96939b7b0120c P 92a92cc5760d4f9e993b905318665696 [term 1 LEADER]: Becoming Leader. State: Replica: 92a92cc5760d4f9e993b905318665696, State: Running, Role: LEADER
I1002 04:41:25.037777 5953 consensus_queue.cc:169] T a8b2305aec07407b90e96939b7b0120c P 92a92cc5760d4f9e993b905318665696 [LEADER]: Queue going to LEADER mode. State: All replicated index: 0, Majority replicated index: 0, Committed index: 0, Last appended: 0.0, Last appended by leader: 0, Current term: 1, Majority size: 1, State: 0, Mode: LEADER, active raft config: opid_index: -1 OBSOLETE_local: true peers { permanent_uuid: "92a92cc5760d4f9e993b905318665696" member_type: VOTER last_known_addr { host: "127.7.153.1" port: 39250 } }
I1002 04:41:25.038298 5818 catalog_manager.cc:2877] Scheduling retry of ffc46f65c62d4d5dbb276546317c22ad (table test-alter-range-partitioning-invalid-unbounded [id=28630d9ce835454abf530e382fb41675]) Alter Table RPC with a delay of 49 ms (attempt = 0)
W1002 04:41:25.038599 5818 catalog_manager.cc:2896] Async tablet task ffc46f65c62d4d5dbb276546317c22ad (table test-alter-range-partitioning-invalid-unbounded [id=28630d9ce835454abf530e382fb41675]) Alter Table RPC failed: Not found: Failed to reset TS proxy: No leader found: Tablet ffc46f65c62d4d5dbb276546317c22ad consensus state has no leader
I1002 04:41:25.038676 5817 catalog_manager.cc:2877] Scheduling retry of c2b8cfa799034977a43798f4f83e8d3d (table test-alter-range-partitioning-invalid-unbounded [id=28630d9ce835454abf530e382fb41675]) Alter Table RPC with a delay of 36 ms (attempt = 0)
W1002 04:41:25.038995 5817 catalog_manager.cc:2896] Async tablet task c2b8cfa799034977a43798f4f83e8d3d (table test-alter-range-partitioning-invalid-unbounded [id=28630d9ce835454abf530e382fb41675]) Alter Table RPC failed: Not found: Failed to reset TS proxy: No leader found: Tablet c2b8cfa799034977a43798f4f83e8d3d consensus state has no leader
I1002 04:41:25.039593 5833 catalog_manager.cc:3442] T 00000000000000000000000000000000 P 4f89f43c5b1b4a7ab82ebafc420bd1f8: Sending DeleteTablet for 1 replicas of tablet 31cb9f984a544fe7a23255fb0491a3cc
I1002 04:41:25.040017 5833 catalog_manager.cc:3099] Sending DeleteTablet(TABLET_DATA_DELETED) for tablet 31cb9f984a544fe7a23255fb0491a3cc on 92a92cc5760d4f9e993b905318665696 (127.7.153.1:39250) (Partition dropped at 2017-10-02 04:41:25 UTC)
I1002 04:41:25.039868 5905 tablet_service.cc:806] Processing DeleteTablet for tablet a8b2305aec07407b90e96939b7b0120c with delete_type TABLET_DATA_DELETED (Partition dropped at 2017-10-02 04:41:24 UTC) from {username='slave'} at 127.0.0.1:45798
I1002 04:41:25.040304 5818 catalog_manager.cc:2877] Scheduling retry of 2e11ab53d1834da3867e17c59001dd34 (table test-alter-range-partitioning-invalid-unbounded [id=28630d9ce835454abf530e382fb41675]) Alter Table RPC with a delay of 42 ms (attempt = 0)
W1002 04:41:25.041051 5818 catalog_manager.cc:2896] Async tablet task 2e11ab53d1834da3867e17c59001dd34 (table test-alter-range-partitioning-invalid-unbounded [id=28630d9ce835454abf530e382fb41675]) Alter Table RPC failed: Not found: Failed to reset TS proxy: No leader found: Tablet 2e11ab53d1834da3867e17c59001dd34 consensus state has no leader
I1002 04:41:25.042009 5905 tablet_replica.cc:257] T a8b2305aec07407b90e96939b7b0120c P 92a92cc5760d4f9e993b905318665696: stopping tablet replica
I1002 04:41:25.042647 5903 tablet_service.cc:806] Processing DeleteTablet for tablet 31cb9f984a544fe7a23255fb0491a3cc with delete_type TABLET_DATA_DELETED (Partition dropped at 2017-10-02 04:41:25 UTC) from {username='slave'} at 127.0.0.1:45798
I1002 04:41:25.042901 5905 maintenance_manager.cc:228] P 92a92cc5760d4f9e993b905318665696: Unregistered op CompactRowSetsOp(a8b2305aec07407b90e96939b7b0120c)
I1002 04:41:25.042961 5816 catalog_manager.cc:2877] Scheduling retry of 2efdf5f4e04644448a2558f9940b74c1 (table test-alter-range-partitioning-invalid-unbounded [id=28630d9ce835454abf530e382fb41675]) Alter Table RPC with a delay of 16 ms (attempt = 0)
I1002 04:41:25.043121 5905 maintenance_manager.cc:228] P 92a92cc5760d4f9e993b905318665696: Unregistered op MinorDeltaCompactionOp(a8b2305aec07407b90e96939b7b0120c)
W1002 04:41:25.043248 5816 catalog_manager.cc:2896] Async tablet task 2efdf5f4e04644448a2558f9940b74c1 (table test-alter-range-partitioning-invalid-unbounded [id=28630d9ce835454abf530e382fb41675]) Alter Table RPC failed: Not found: Failed to reset TS proxy: No leader found: Tablet 2efdf5f4e04644448a2558f9940b74c1 consensus state has no leader
I1002 04:41:25.043308 5905 maintenance_manager.cc:228] P 92a92cc5760d4f9e993b905318665696: Unregistered op MajorDeltaCompactionOp(a8b2305aec07407b90e96939b7b0120c)
I1002 04:41:25.043562 5905 maintenance_manager.cc:228] P 92a92cc5760d4f9e993b905318665696: Unregistered op UndoDeltaBlockGCOp(a8b2305aec07407b90e96939b7b0120c)
I1002 04:41:25.044028 5905 maintenance_manager.cc:228] P 92a92cc5760d4f9e993b905318665696: Unregistered op FlushMRSOp(a8b2305aec07407b90e96939b7b0120c)
I1002 04:41:25.044317 5905 maintenance_manager.cc:228] P 92a92cc5760d4f9e993b905318665696: Unregistered op FlushDeltaMemStoresOp(a8b2305aec07407b90e96939b7b0120c)
I1002 04:41:25.044534 5905 maintenance_manager.cc:228] P 92a92cc5760d4f9e993b905318665696: Unregistered op LogGCOp(a8b2305aec07407b90e96939b7b0120c)
I1002 04:41:25.044697 5905 raft_consensus.cc:1809] T a8b2305aec07407b90e96939b7b0120c P 92a92cc5760d4f9e993b905318665696 [term 1 LEADER]: Raft consensus shutting down.
I1002 04:41:25.044971 5905 raft_consensus.cc:1836] T a8b2305aec07407b90e96939b7b0120c P 92a92cc5760d4f9e993b905318665696 [term 1 FOLLOWER]: Raft consensus is shut down!
I1002 04:41:25.045183 5833 catalog_manager.cc:2369] Got report from deleted tablet a8b2305aec07407b90e96939b7b0120c (table test-alter-range-partitioning-invalid-unbounded [id=28630d9ce835454abf530e382fb41675]) (Partition dropped at 2017-10-02 04:41:24 UTC): Sending delete request for this tablet
I1002 04:41:25.045321 5904 ts_tablet_manager.cc:1028] T 31cb9f984a544fe7a23255fb0491a3cc P 92a92cc5760d4f9e993b905318665696: Registered tablet (data state: TABLET_DATA_READY)
I1002 04:41:25.045629 5833 catalog_manager.cc:3099] Sending DeleteTablet(TABLET_DATA_DELETED) for tablet a8b2305aec07407b90e96939b7b0120c on 92a92cc5760d4f9e993b905318665696 (127.7.153.1:39250) (Partition dropped at 2017-10-02 04:41:24 UTC)
I1002 04:41:25.045711 5951 ts_tablet_manager.cc:878] T 31cb9f984a544fe7a23255fb0491a3cc P 92a92cc5760d4f9e993b905318665696: Bootstrapping tablet
I1002 04:41:25.046085 5951 tablet_bootstrap.cc:432] T 31cb9f984a544fe7a23255fb0491a3cc P 92a92cc5760d4f9e993b905318665696: Bootstrap starting.
I1002 04:41:25.046569 5818 catalog_manager.cc:2877] Scheduling retry of 324f6f5296ec4196903a9244e539c9d8 (table test-alter-range-partitioning-invalid-unbounded [id=28630d9ce835454abf530e382fb41675]) Alter Table RPC with a delay of 43 ms (attempt = 0)
W1002 04:41:25.046846 5818 catalog_manager.cc:2896] Async tablet task 324f6f5296ec4196903a9244e539c9d8 (table test-alter-range-partitioning-invalid-unbounded [id=28630d9ce835454abf530e382fb41675]) Alter Table RPC failed: Not found: Failed to reset TS proxy: No leader found: Tablet 324f6f5296ec4196903a9244e539c9d8 consensus state has no leader
I1002 04:41:25.046809 5833 catalog_manager.cc:1875] Servicing AlterTable request from {username='slave'} at 127.0.0.1:56410: table { table_name: "test-alter-range-partitioning-invalid-unbounded" } alter_schema_steps { type: ADD_RANGE_PARTITION add_range_partition { range_bounds { rows: "\006\0012\000\000\000\007\001d\000\000\000" } } } alter_schema_steps { type: DROP_RANGE_PARTITION drop_range_partition { range_bounds { rows: "\006\001\000\000\000\000\007\001d\000\000\000" } } } schema { columns { name: "c0" type: INT32 is_key: true is_nullable: false encoding: AUTO_ENCODING compression: DEFAULT_COMPRESSION cfile_block_size: 0 } columns { name: "c1" type: INT32 is_key: false is_nullable: false encoding: AUTO_ENCODING compression: DEFAULT_COMPRESSION cfile_block_size: 0 } }
I1002 04:41:25.048612 5951 tablet_bootstrap.cc:567] T 31cb9f984a544fe7a23255fb0491a3cc P 92a92cc5760d4f9e993b905318665696: No blocks or log segments found. Creating new log.
W1002 04:41:25.048974 5819 catalog_manager.cc:3057] TS 92a92cc5760d4f9e993b905318665696 (127.7.153.1:39250): delete failed for tablet 31cb9f984a544fe7a23255fb0491a3cc because the tablet was not found. No further retry: Not found: Tablet not found: 31cb9f984a544fe7a23255fb0491a3cc
I1002 04:41:25.050606 5904 tablet_service.cc:806] Processing DeleteTablet for tablet a8b2305aec07407b90e96939b7b0120c with delete_type TABLET_DATA_DELETED (Partition dropped at 2017-10-02 04:41:24 UTC) from {username='slave'} at 127.0.0.1:45798
W1002 04:41:25.051496 5819 catalog_manager.cc:3069] TS 92a92cc5760d4f9e993b905318665696 (127.7.153.1:39250): delete failed for tablet a8b2305aec07407b90e96939b7b0120c with error code TABLET_NOT_RUNNING: Illegal state: State transition of tablet a8b2305aec07407b90e96939b7b0120c already in progress: deleting tablet
I1002 04:41:25.051831 5819 catalog_manager.cc:2877] Scheduling retry of a8b2305aec07407b90e96939b7b0120c Delete Tablet RPC for TS=92a92cc5760d4f9e993b905318665696 with a delay of 20 ms (attempt = 1)
I1002 04:41:25.051331 5833 catalog_manager.cc:1875] Servicing AlterTable request from {username='slave'} at 127.0.0.1:56410: table { table_name: "test-alter-range-partitioning-invalid-unbounded" } alter_schema_steps { type: ADD_RANGE_PARTITION add_range_partition { range_bounds { rows: "\006\001\000\000\000\000\007\001d\000\000\000" } } } schema { columns { name: "c0" type: INT32 is_key: true is_nullable: false encoding: AUTO_ENCODING compression: DEFAULT_COMPRESSION cfile_block_size: 0 } columns { name: "c1" type: INT32 is_key: false is_nullable: false encoding: AUTO_ENCODING compression: DEFAULT_COMPRESSION cfile_block_size: 0 } }
I1002 04:41:25.052026 5905 ts_tablet_manager.cc:1203] T a8b2305aec07407b90e96939b7b0120c P 92a92cc5760d4f9e993b905318665696: Deleting tablet data with delete state TABLET_DATA_DELETED
I1002 04:41:25.054440 5819 catalog_manager.cc:3099] Sending DeleteTablet(TABLET_DATA_DELETED) for tablet 2e11ab53d1834da3867e17c59001dd34 on 92a92cc5760d4f9e993b905318665696 (127.7.153.1:39250) (Partition dropped at 2017-10-02 04:41:24 UTC)
I1002 04:41:25.055433 5903 tablet_service.cc:806] Processing DeleteTablet for tablet 2e11ab53d1834da3867e17c59001dd34 with delete_type TABLET_DATA_DELETED (Partition dropped at 2017-10-02 04:41:24 UTC) from {username='slave'} at 127.0.0.1:45798
I1002 04:41:25.056291 5817 catalog_manager.cc:2877] Scheduling retry of 16347b539ec7456684793f254094ed89 (table test-alter-range-partitioning-invalid-unbounded [id=28630d9ce835454abf530e382fb41675]) Alter Table RPC with a delay of 57 ms (attempt = 0)
W1002 04:41:25.056411 5819 catalog_manager.cc:3057] TS 92a92cc5760d4f9e993b905318665696 (127.7.153.1:39250): delete failed for tablet 2e11ab53d1834da3867e17c59001dd34 because the tablet was not found. No further retry: Not found: Tablet not found: 2e11ab53d1834da3867e17c59001dd34
W1002 04:41:25.056592 5817 catalog_manager.cc:2896] Async tablet task 16347b539ec7456684793f254094ed89 (table test-alter-range-partitioning-invalid-unbounded [id=28630d9ce835454abf530e382fb41675]) Alter Table RPC failed: Not found: Failed to reset TS proxy: No leader found: Tablet 16347b539ec7456684793f254094ed89 consensus state has no leader
I1002 04:41:25.056663 5951 tablet_bootstrap.cc:432] T 31cb9f984a544fe7a23255fb0491a3cc P 92a92cc5760d4f9e993b905318665696: No bootstrap required, opened a new log
I1002 04:41:25.056836 5816 catalog_manager.cc:2877] Scheduling retry of a8b2305aec07407b90e96939b7b0120c (table test-alter-range-partitioning-invalid-unbounded [id=28630d9ce835454abf530e382fb41675]) Alter Table RPC with a delay of 28 ms (attempt = 0)
I1002 04:41:25.057005 5951 ts_tablet_manager.cc:903] T 31cb9f984a544fe7a23255fb0491a3cc P 92a92cc5760d4f9e993b905318665696: Time spent bootstrapping tablet: real 0.011s user 0.008s sys 0.000s
W1002 04:41:25.057126 5816 catalog_manager.cc:2896] Async tablet task a8b2305aec07407b90e96939b7b0120c (table test-alter-range-partitioning-invalid-unbounded [id=28630d9ce835454abf530e382fb41675]) Alter Table RPC failed: Not found: Failed to reset TS proxy: No leader found: Tablet a8b2305aec07407b90e96939b7b0120c consensus state has no leader
I1002 04:41:25.056929 5817 catalog_manager.cc:2877] Scheduling retry of c590266196284e13bd9569bb434bd2bf (table test-alter-range-partitioning-invalid-unbounded [id=28630d9ce835454abf530e382fb41675]) Alter Table RPC with a delay of 51 ms (attempt = 0)
W1002 04:41:25.057431 5817 catalog_manager.cc:2896] Async tablet task c590266196284e13bd9569bb434bd2bf (table test-alter-range-partitioning-invalid-unbounded [id=28630d9ce835454abf530e382fb41675]) Alter Table RPC failed: Not found: Failed to reset TS proxy: No leader found: Tablet c590266196284e13bd9569bb434bd2bf consensus state has no leader
I1002 04:41:25.057893 5833 catalog_manager.cc:2877] Scheduling retry of f05a246de6154981a64cf15b78055baf (table test-alter-range-partitioning-invalid-unbounded [id=28630d9ce835454abf530e382fb41675]) Alter Table RPC with a delay of 24 ms (attempt = 0)
W1002 04:41:25.058122 5833 catalog_manager.cc:3416] Failed to send alter table request: Not found: Failed to reset TS proxy: No leader found: Tablet f05a246de6154981a64cf15b78055baf has no consensus state
I1002 04:41:25.058501 5951 raft_consensus.cc:286] T 31cb9f984a544fe7a23255fb0491a3cc P 92a92cc5760d4f9e993b905318665696 [term 0 FOLLOWER]: Replica starting. Triggering 0 pending transactions. Active config: opid_index: -1 OBSOLETE_local: true peers { permanent_uuid: "92a92cc5760d4f9e993b905318665696" member_type: VOTER last_known_addr { host: "127.7.153.1" port: 39250 } }
I1002 04:41:25.058990 5951 raft_consensus.cc:312] T 31cb9f984a544fe7a23255fb0491a3cc P 92a92cc5760d4f9e993b905318665696 [term 0 FOLLOWER]: Consensus starting up: Expiring failure detector timer to make a prompt election more likely
I1002 04:41:25.059372 5951 raft_consensus.cc:578] T 31cb9f984a544fe7a23255fb0491a3cc P 92a92cc5760d4f9e993b905318665696 [term 0 FOLLOWER]: Becoming Follower/Learner. State: Replica: 92a92cc5760d4f9e993b905318665696, State: Initialized, Role: FOLLOWER
I1002 04:41:25.059664 5951 consensus_queue.cc:190] T 31cb9f984a544fe7a23255fb0491a3cc P 92a92cc5760d4f9e993b905318665696 [NON_LEADER]: Queue going to NON_LEADER mode. State: All replicated index: 0, Majority replicated index: 0, Committed index: 0, Last appended: 0.0, Last appended by leader: 0, Current term: 0, Majority size: -1, State: 0, Mode: NON_LEADER
I1002 04:41:25.059983 5951 raft_consensus.cc:327] T 31cb9f984a544fe7a23255fb0491a3cc P 92a92cc5760d4f9e993b905318665696 [term 0 FOLLOWER]: Only one voter in the Raft config. Triggering election immediately
I1002 04:41:25.060168 5951 raft_consensus.cc:411] T 31cb9f984a544fe7a23255fb0491a3cc P 92a92cc5760d4f9e993b905318665696 [term 0 FOLLOWER]: Starting leader election (initial election of a single-replica configuration)
I1002 04:41:25.060364 5951 raft_consensus.cc:2457] T 31cb9f984a544fe7a23255fb0491a3cc P 92a92cc5760d4f9e993b905318665696: Snoozing failure detection for 2.142s (starting election)
I1002 04:41:25.060560 5951 raft_consensus.cc:2509] T 31cb9f984a544fe7a23255fb0491a3cc P 92a92cc5760d4f9e993b905318665696 [term 0 FOLLOWER]: Advancing to term 1
I1002 04:41:25.060699 5816 catalog_manager.cc:2877] Scheduling retry of 2efdf5f4e04644448a2558f9940b74c1 (table test-alter-range-partitioning-invalid-unbounded [id=28630d9ce835454abf530e382fb41675]) Alter Table RPC with a delay of 34 ms (attempt = 0)
W1002 04:41:25.060978 5816 catalog_manager.cc:2896] Async tablet task 2efdf5f4e04644448a2558f9940b74c1 (table test-alter-range-partitioning-invalid-unbounded [id=28630d9ce835454abf530e382fb41675]) Alter Table RPC failed: Not found: Failed to reset TS proxy: No leader found: Tablet 2efdf5f4e04644448a2558f9940b74c1 consensus state has no leader
I1002 04:41:25.060935 5819 catalog_manager.cc:2877] Scheduling retry of 523dc850ea83468f991a8ac636839d86 (table test-alter-range-partitioning-invalid-unbounded [id=28630d9ce835454abf530e382fb41675]) Alter Table RPC with a delay of 56 ms (attempt = 0)
W1002 04:41:25.061285 5819 catalog_manager.cc:2896] Async tablet task 523dc850ea83468f991a8ac636839d86 (table test-alter-range-partitioning-invalid-unbounded [id=28630d9ce835454abf530e382fb41675]) Alter Table RPC failed: Not found: Failed to reset TS proxy: No leader found: Tablet 523dc850ea83468f991a8ac636839d86 consensus state has no leader
I1002 04:41:25.061357 5816 catalog_manager.cc:2877] Scheduling retry of c464d87b2b3d43d289fbbd56acb0dd90 (table test-alter-range-partitioning-invalid-unbounded [id=28630d9ce835454abf530e382fb41675]) Alter Table RPC with a delay of 26 ms (attempt = 0)
W1002 04:41:25.061636 5816 catalog_manager.cc:2896] Async tablet task c464d87b2b3d43d289fbbd56acb0dd90 (table test-alter-range-partitioning-invalid-unbounded [id=28630d9ce835454abf530e382fb41675]) Alter Table RPC failed: Not found: Failed to reset TS proxy: No leader found: Tablet c464d87b2b3d43d289fbbd56acb0dd90 consensus state has no leader
I1002 04:41:25.062705 5833 catalog_manager.cc:1875] Servicing AlterTable request from {username='slave'} at 127.0.0.1:56410: table { table_name: "test-alter-range-partitioning-invalid-unbounded" } alter_schema_steps { type: ADD_RANGE_PARTITION add_range_partition { range_bounds { rows: "\006\001\031\000\000\000\007\001K\000\000\000" } } } schema { columns { name: "c0" type: INT32 is_key: true is_nullable: false encoding: AUTO_ENCODING compression: DEFAULT_COMPRESSION cfile_block_size: 0 } columns { name: "c1" type: INT32 is_key: false is_nullable: false encoding: AUTO_ENCODING compression: DEFAULT_COMPRESSION cfile_block_size: 0 } }
I1002 04:41:25.064460 5816 catalog_manager.cc:2877] Scheduling retry of 31cb9f984a544fe7a23255fb0491a3cc (table test-alter-range-partitioning-invalid-unbounded [id=28630d9ce835454abf530e382fb41675]) Alter Table RPC with a delay of 12 ms (attempt = 0)
W1002 04:41:25.064712 5816 catalog_manager.cc:2896] Async tablet task 31cb9f984a544fe7a23255fb0491a3cc (table test-alter-range-partitioning-invalid-unbounded [id=28630d9ce835454abf530e382fb41675]) Alter Table RPC failed: Not found: Failed to reset TS proxy: No leader found: Tablet 31cb9f984a544fe7a23255fb0491a3cc consensus state has no leader
I1002 04:41:25.065037 5903 tablet_service.cc:765] Processing CreateTablet for tablet f05a246de6154981a64cf15b78055baf (table=test-alter-range-partitioning-invalid-unbounded [id=28630d9ce835454abf530e382fb41675]), partition=RANGE (c0) PARTITION 0 <= VALUES < 100
I1002 04:41:25.064976 5951 raft_consensus.cc:433] T 31cb9f984a544fe7a23255fb0491a3cc P 92a92cc5760d4f9e993b905318665696 [term 1 FOLLOWER]: Starting leader election with config: opid_index: -1 OBSOLETE_local: true peers { permanent_uuid: "92a92cc5760d4f9e993b905318665696" member_type: VOTER last_known_addr { host: "127.7.153.1" port: 39250 } }
I1002 04:41:25.065551 5951 leader_election.cc:248] T 31cb9f984a544fe7a23255fb0491a3cc P 92a92cc5760d4f9e993b905318665696 [CANDIDATE]: Term 1 election: Election decided. Result: candidate won.
I1002 04:41:25.066048 5954 raft_consensus.cc:2457] T 31cb9f984a544fe7a23255fb0491a3cc P 92a92cc5760d4f9e993b905318665696: Snoozing failure detection for 2.195s (election complete)
I1002 04:41:25.066298 5954 raft_consensus.cc:2281] T 31cb9f984a544fe7a23255fb0491a3cc P 92a92cc5760d4f9e993b905318665696 [term 1 FOLLOWER]: Leader election won for term 1
I1002 04:41:25.066627 5954 raft_consensus.cc:545] T 31cb9f984a544fe7a23255fb0491a3cc P 92a92cc5760d4f9e993b905318665696 [term 1 LEADER]: Becoming Leader. State: Replica: 92a92cc5760d4f9e993b905318665696, State: Running, Role: LEADER
I1002 04:41:25.066928 5954 consensus_queue.cc:169] T 31cb9f984a544fe7a23255fb0491a3cc P 92a92cc5760d4f9e993b905318665696 [LEADER]: Queue going to LEADER mode. State: All replicated index: 0, Majority replicated index: 0, Committed index: 0, Last appended: 0.0, Last appended by leader: 0, Current term: 1, Majority size: 1, State: 0, Mode: LEADER, active raft config: opid_index: -1 OBSOLETE_local: true peers { permanent_uuid: "92a92cc5760d4f9e993b905318665696" member_type: VOTER last_known_addr { host: "127.7.153.1" port: 39250 } }
I1002 04:41:25.070026 5951 ts_tablet_manager.cc:931] T 31cb9f984a544fe7a23255fb0491a3cc P 92a92cc5760d4f9e993b905318665696: Time spent starting tablet: real 0.013s user 0.008s sys 0.000s
I1002 04:41:25.073475 5818 catalog_manager.cc:2877] Scheduling retry of 4aa07f5bc7fa4d689318a63bfd75d334 (table test-alter-range-partitioning-invalid-unbounded [id=28630d9ce835454abf530e382fb41675]) Alter Table RPC with a delay of 23 ms (attempt = 0)
I1002 04:41:25.073766 5903 ts_tablet_manager.cc:1028] T f05a246de6154981a64cf15b78055baf P 92a92cc5760d4f9e993b905318665696: Registered tablet (data state: TABLET_DATA_READY)
W1002 04:41:25.073792 5818 catalog_manager.cc:2896] Async tablet task 4aa07f5bc7fa4d689318a63bfd75d334 (table test-alter-range-partitioning-invalid-unbounded [id=28630d9ce835454abf530e382fb41675]) Alter Table RPC failed: Not found: Failed to reset TS proxy: No leader found: Tablet 4aa07f5bc7fa4d689318a63bfd75d334 consensus state has no leader
I1002 04:41:25.073149 5905 ts_tablet_manager.cc:1216] T a8b2305aec07407b90e96939b7b0120c P 92a92cc5760d4f9e993b905318665696: tablet deleted: last-logged OpId: 1.1
I1002 04:41:25.074303 5905 log.cc:980] T a8b2305aec07407b90e96939b7b0120c P 92a92cc5760d4f9e993b905318665696: Deleting WAL directory at /tmp/run_tha_test1fMIRV/test-tmp/alter_table-test.AlterTableTest.TestAddRangePartitionConflictExhaustive.1506919259568928-1945/minicluster-data/ts-0-root/wals/a8b2305aec07407b90e96939b7b0120c
I1002 04:41:25.074582 5951 ts_tablet_manager.cc:878] T f05a246de6154981a64cf15b78055baf P 92a92cc5760d4f9e993b905318665696: Bootstrapping tablet
I1002 04:41:25.074867 5905 ts_tablet_manager.cc:1234] T a8b2305aec07407b90e96939b7b0120c P 92a92cc5760d4f9e993b905318665696: Deleting consensus metadata
I1002 04:41:25.074964 5951 tablet_bootstrap.cc:432] T f05a246de6154981a64cf15b78055baf P 92a92cc5760d4f9e993b905318665696: Bootstrap starting.
I1002 04:41:25.075526 5817 catalog_manager.cc:2877] Scheduling retry of c2b8cfa799034977a43798f4f83e8d3d (table test-alter-range-partitioning-invalid-unbounded [id=28630d9ce835454abf530e382fb41675]) Alter Table RPC with a delay of 28 ms (attempt = 0)
W1002 04:41:25.075839 5817 catalog_manager.cc:2896] Async tablet task c2b8cfa799034977a43798f4f83e8d3d (table test-alter-range-partitioning-invalid-unbounded [id=28630d9ce835454abf530e382fb41675]) Alter Table RPC failed: Not found: Failed to reset TS proxy: No leader found: Tablet c2b8cfa799034977a43798f4f83e8d3d consensus state has no leader
I1002 04:41:25.077395 5816 catalog_manager.cc:2877] Scheduling retry of 31cb9f984a544fe7a23255fb0491a3cc (table test-alter-range-partitioning-invalid-unbounded [id=28630d9ce835454abf530e382fb41675]) Alter Table RPC with a delay of 8 ms (attempt = 0)
W1002 04:41:25.077702 5816 catalog_manager.cc:2896] Async tablet task 31cb9f984a544fe7a23255fb0491a3cc (table test-alter-range-partitioning-invalid-unbounded [id=28630d9ce835454abf530e382fb41675]) Alter Table RPC failed: Not found: Failed to reset TS proxy: No leader found: Tablet 31cb9f984a544fe7a23255fb0491a3cc consensus state has no leader
I1002 04:41:25.077489 5951 tablet_bootstrap.cc:567] T f05a246de6154981a64cf15b78055baf P 92a92cc5760d4f9e993b905318665696: No blocks or log segments found. Creating new log.
I1002 04:41:25.078778 5819 catalog_manager.cc:2877] Scheduling retry of eb376630c04d401f851e8216633104af (table test-alter-range-partitioning-invalid-unbounded [id=28630d9ce835454abf530e382fb41675]) Alter Table RPC with a delay of 13 ms (attempt = 0)
W1002 04:41:25.079082 5819 catalog_manager.cc:2896] Async tablet task eb376630c04d401f851e8216633104af (table test-alter-range-partitioning-invalid-unbounded [id=28630d9ce835454abf530e382fb41675]) Alter Table RPC failed: Not found: Failed to reset TS proxy: No leader found: Tablet eb376630c04d401f851e8216633104af consensus state has no leader
I1002 04:41:25.079397 5819 catalog_manager.cc:3099] Sending DeleteTablet(TABLET_DATA_DELETED) for tablet a8b2305aec07407b90e96939b7b0120c on 92a92cc5760d4f9e993b905318665696 (127.7.153.1:39250) (Partition dropped at 2017-10-02 04:41:24 UTC)
I1002 04:41:25.081411 5817 catalog_manager.cc:2877] Scheduling retry of f199048d571c419eb586f6d1c3ddac07 (table test-alter-range-partitioning-invalid-unbounded [id=28630d9ce835454abf530e382fb41675]) Alter Table RPC with a delay of 10 ms (attempt = 0)
W1002 04:41:25.081702 5817 catalog_manager.cc:2896] Async tablet task f199048d571c419eb586f6d1c3ddac07 (table test-alter-range-partitioning-invalid-unbounded [id=28630d9ce835454abf530e382fb41675]) Alter Table RPC failed: Not found: Failed to reset TS proxy: No leader found: Tablet f199048d571c419eb586f6d1c3ddac07 consensus state has no leader
I1002 04:41:25.082702 5903 tablet_service.cc:806] Processing DeleteTablet for tablet a8b2305aec07407b90e96939b7b0120c with delete_type TABLET_DATA_DELETED (Partition dropped at 2017-10-02 04:41:24 UTC) from {username='slave'} at 127.0.0.1:45798
I1002 04:41:25.083123 5817 catalog_manager.cc:2877] Scheduling retry of f05a246de6154981a64cf15b78055baf (table test-alter-range-partitioning-invalid-unbounded [id=28630d9ce835454abf530e382fb41675]) Alter Table RPC with a delay of 36 ms (attempt = 0)
W1002 04:41:25.083437 5817 catalog_manager.cc:2896] Async tablet task f05a246de6154981a64cf15b78055baf (table test-alter-range-partitioning-invalid-unbounded [id=28630d9ce835454abf530e382fb41675]) Alter Table RPC failed: Not found: Failed to reset TS proxy: No leader found: Tablet f05a246de6154981a64cf15b78055baf consensus state has no leader
I1002 04:41:25.083086 5833 catalog_manager.cc:1875] Servicing AlterTable request from {username='slave'} at 127.0.0.1:56410: table { table_name: "test-alter-range-partitioning-invalid-unbounded" } alter_schema_steps { type: DROP_RANGE_PARTITION drop_range_partition { range_bounds { rows: "\006\001\000\000\000\000\007\001d\000\000\000" } } } schema { columns { name: "c0" type: INT32 is_key: true is_nullable: false encoding: AUTO_ENCODING compression: DEFAULT_COMPRESSION cfile_block_size: 0 } columns { name: "c1" type: INT32 is_key: false is_nullable: false encoding: AUTO_ENCODING compression: DEFAULT_COMPRESSION cfile_block_size: 0 } }
I1002 04:41:25.084908 5951 tablet_bootstrap.cc:432] T f05a246de6154981a64cf15b78055baf P 92a92cc5760d4f9e993b905318665696: No bootstrap required, opened a new log
