I1002 04:41:21.799499 5508 catalog_manager.cc:1875] Servicing AlterTable request from {username='slave'} at 127.0.0.1:47447: table { table_name: "test-alter-range-partitioning" } alter_schema_steps { type: ADD_RANGE_PARTITION add_range_partition { range_bounds { rows: "\006\001\310\000\000\000\007\001,\001\000\000" } } } alter_schema_steps { type: ADD_COLUMN add_column { schema { name: "c2" type: INT32 is_nullable: true encoding: AUTO_ENCODING compression: DEFAULT_COMPRESSION cfile_block_size: 0 } } } new_table_name: "test-alter-range-partitioning-renamed" schema { columns { name: "c0" type: INT32 is_key: true is_nullable: false encoding: AUTO_ENCODING compression: DEFAULT_COMPRESSION cfile_block_size: 0 } columns { name: "c1" type: INT32 is_key: false is_nullable: false encoding: AUTO_ENCODING compression: DEFAULT_COMPRESSION cfile_block_size: 0 } }
I1002 04:41:21.805943 5508 catalog_manager.cc:2877] Scheduling retry of ddc3803a486848d49089c680f4d77719 (table test-alter-range-partitioning-renamed [id=bbe7fe35a039465cb55b4b7a2648bb18]) Alter Table RPC with a delay of 41 ms (attempt = 0)
W1002 04:41:21.806239 5508 catalog_manager.cc:3416] Failed to send alter table request: Not found: Failed to reset TS proxy: No leader found: Tablet ddc3803a486848d49089c680f4d77719 has no consensus state
I1002 04:41:21.806743 5508 catalog_manager.cc:2877] Scheduling retry of 3ebde598646d434d88f80e54669c0909 (table test-alter-range-partitioning-renamed [id=bbe7fe35a039465cb55b4b7a2648bb18]) Alter Table RPC with a delay of 34 ms (attempt = 0)
W1002 04:41:21.807061 5508 catalog_manager.cc:3416] Failed to send alter table request: Not found: Failed to reset TS proxy: No leader found: Tablet 3ebde598646d434d88f80e54669c0909 has no consensus state
I1002 04:41:21.809191 5641 tablet.cc:1113] T a862851043934601a1d8e87af4aa4533 P 221569fd607c475788a6737c374d295e: Alter schema from Schema [ 10:c0[int32 NOT NULL], 11:c1[int32 NOT NULL] ] version 0 to Schema [ 10:c0[int32 NOT NULL], 11:c1[int32 NOT NULL], 12:c2[int32 NULLABLE] ] version 1
I1002 04:41:21.809783 5640 tablet.cc:1113] T 3fafb0b0941e463a8b79b9c060e0738f P 221569fd607c475788a6737c374d295e: Alter schema from Schema [ 10:c0[int32 NOT NULL], 11:c1[int32 NOT NULL] ] version 0 to Schema [ 10:c0[int32 NOT NULL], 11:c1[int32 NOT NULL], 12:c2[int32 NULLABLE] ] version 1
I1002 04:41:21.810156 5641 tablet.cc:1065] T a862851043934601a1d8e87af4aa4533 P 221569fd607c475788a6737c374d295e: Flush: entering stage 1 (old memrowset already frozen for inserts)
I1002 04:41:21.810341 5641 compaction.cc:903] Selected 1 rowsets to compact:
I1002 04:41:21.810482 5641 compaction.cc:906] memrowset(current size on disk: ~0 bytes)
I1002 04:41:21.810616 5641 tablet.cc:1067] T a862851043934601a1d8e87af4aa4533 P 221569fd607c475788a6737c374d295e: Memstore in-memory size: 3751 bytes
I1002 04:41:21.810667 5640 tablet.cc:1065] T 3fafb0b0941e463a8b79b9c060e0738f P 221569fd607c475788a6737c374d295e: Flush: entering stage 1 (old memrowset already frozen for inserts)
I1002 04:41:21.810804 5641 tablet.cc:1330] T a862851043934601a1d8e87af4aa4533 P 221569fd607c475788a6737c374d295e: Flush: entering phase 1 (flushing snapshot). Phase 1 snapshot: MvccSnapshot[committed={T|T < 35}]
I1002 04:41:21.810899 5640 compaction.cc:903] Selected 1 rowsets to compact:
I1002 04:41:21.811048 5640 compaction.cc:906] memrowset(current size on disk: ~0 bytes)
I1002 04:41:21.811187 5640 tablet.cc:1067] T 3fafb0b0941e463a8b79b9c060e0738f P 221569fd607c475788a6737c374d295e: Memstore in-memory size: 3751 bytes
I1002 04:41:21.811348 5640 tablet.cc:1330] T 3fafb0b0941e463a8b79b9c060e0738f P 221569fd607c475788a6737c374d295e: Flush: entering phase 1 (flushing snapshot). Phase 1 snapshot: MvccSnapshot[committed={T|T < 36}]
I1002 04:41:21.814774 5580 tablet_service.cc:765] Processing CreateTablet for tablet ddc3803a486848d49089c680f4d77719 (table=test-alter-range-partitioning-renamed [id=bbe7fe35a039465cb55b4b7a2648bb18]), partition=HASH (c0) PARTITION 0, RANGE (c0) PARTITION 200 <= VALUES < 300
I1002 04:41:21.817456 5582 tablet_service.cc:765] Processing CreateTablet for tablet 3ebde598646d434d88f80e54669c0909 (table=test-alter-range-partitioning-renamed [id=bbe7fe35a039465cb55b4b7a2648bb18]), partition=HASH (c0) PARTITION 1, RANGE (c0) PARTITION 200 <= VALUES < 300
I1002 04:41:21.830835 5580 ts_tablet_manager.cc:1028] T ddc3803a486848d49089c680f4d77719 P 221569fd607c475788a6737c374d295e: Registered tablet (data state: TABLET_DATA_READY)
I1002 04:41:21.831212 5640 multi_column_writer.cc:103] Opened CFile writers for 3 column(s)
I1002 04:41:21.835134 5582 ts_tablet_manager.cc:1028] T 3ebde598646d434d88f80e54669c0909 P 221569fd607c475788a6737c374d295e: Registered tablet (data state: TABLET_DATA_READY)
I1002 04:41:21.836570 5627 ts_tablet_manager.cc:878] T 3ebde598646d434d88f80e54669c0909 P 221569fd607c475788a6737c374d295e: Bootstrapping tablet
I1002 04:41:21.836925 5627 tablet_bootstrap.cc:432] T 3ebde598646d434d88f80e54669c0909 P 221569fd607c475788a6737c374d295e: Bootstrap starting.
I1002 04:41:21.839437 5627 tablet_bootstrap.cc:567] T 3ebde598646d434d88f80e54669c0909 P 221569fd607c475788a6737c374d295e: No blocks or log segments found. Creating new log.
I1002 04:41:21.841998 5491 catalog_manager.cc:2877] Scheduling retry of 3ebde598646d434d88f80e54669c0909 (table test-alter-range-partitioning-renamed [id=bbe7fe35a039465cb55b4b7a2648bb18]) Alter Table RPC with a delay of 55 ms (attempt = 0)
W1002 04:41:21.842314 5491 catalog_manager.cc:2896] Async tablet task 3ebde598646d434d88f80e54669c0909 (table test-alter-range-partitioning-renamed [id=bbe7fe35a039465cb55b4b7a2648bb18]) Alter Table RPC failed: Not found: Failed to reset TS proxy: No leader found: Tablet 3ebde598646d434d88f80e54669c0909 consensus state has no leader
I1002 04:41:21.833961 5641 multi_column_writer.cc:103] Opened CFile writers for 3 column(s)
I1002 04:41:21.846467 5627 tablet_bootstrap.cc:432] T 3ebde598646d434d88f80e54669c0909 P 221569fd607c475788a6737c374d295e: No bootstrap required, opened a new log
I1002 04:41:21.846808 5627 ts_tablet_manager.cc:903] T 3ebde598646d434d88f80e54669c0909 P 221569fd607c475788a6737c374d295e: Time spent bootstrapping tablet: real 0.010s user 0.000s sys 0.004s
I1002 04:41:21.847929 5492 catalog_manager.cc:2877] Scheduling retry of ddc3803a486848d49089c680f4d77719 (table test-alter-range-partitioning-renamed [id=bbe7fe35a039465cb55b4b7a2648bb18]) Alter Table RPC with a delay of 17 ms (attempt = 0)
W1002 04:41:21.848264 5492 catalog_manager.cc:2896] Async tablet task ddc3803a486848d49089c680f4d77719 (table test-alter-range-partitioning-renamed [id=bbe7fe35a039465cb55b4b7a2648bb18]) Alter Table RPC failed: Not found: Failed to reset TS proxy: No leader found: Tablet ddc3803a486848d49089c680f4d77719 consensus state has no leader
I1002 04:41:21.848332 5627 raft_consensus.cc:286] T 3ebde598646d434d88f80e54669c0909 P 221569fd607c475788a6737c374d295e [term 0 FOLLOWER]: Replica starting. Triggering 0 pending transactions. Active config: opid_index: -1 OBSOLETE_local: true peers { permanent_uuid: "221569fd607c475788a6737c374d295e" member_type: VOTER last_known_addr { host: "127.7.153.1" port: 36115 } }
I1002 04:41:21.848868 5627 raft_consensus.cc:312] T 3ebde598646d434d88f80e54669c0909 P 221569fd607c475788a6737c374d295e [term 0 FOLLOWER]: Consensus starting up: Expiring failure detector timer to make a prompt election more likely
I1002 04:41:21.849228 5627 raft_consensus.cc:578] T 3ebde598646d434d88f80e54669c0909 P 221569fd607c475788a6737c374d295e [term 0 FOLLOWER]: Becoming Follower/Learner. State: Replica: 221569fd607c475788a6737c374d295e, State: Initialized, Role: FOLLOWER
I1002 04:41:21.849539 5627 consensus_queue.cc:190] T 3ebde598646d434d88f80e54669c0909 P 221569fd607c475788a6737c374d295e [NON_LEADER]: Queue going to NON_LEADER mode. State: All replicated index: 0, Majority replicated index: 0, Committed index: 0, Last appended: 0.0, Last appended by leader: 0, Current term: 0, Majority size: -1, State: 0, Mode: NON_LEADER
I1002 04:41:21.849889 5627 raft_consensus.cc:327] T 3ebde598646d434d88f80e54669c0909 P 221569fd607c475788a6737c374d295e [term 0 FOLLOWER]: Only one voter in the Raft config. Triggering election immediately
I1002 04:41:21.850090 5627 raft_consensus.cc:411] T 3ebde598646d434d88f80e54669c0909 P 221569fd607c475788a6737c374d295e [term 0 FOLLOWER]: Starting leader election (initial election of a single-replica configuration)
I1002 04:41:21.850311 5627 raft_consensus.cc:2457] T 3ebde598646d434d88f80e54669c0909 P 221569fd607c475788a6737c374d295e: Snoozing failure detection for 2.102s (starting election)
I1002 04:41:21.850517 5627 raft_consensus.cc:2509] T 3ebde598646d434d88f80e54669c0909 P 221569fd607c475788a6737c374d295e [term 0 FOLLOWER]: Advancing to term 1
I1002 04:41:21.854925 5627 raft_consensus.cc:433] T 3ebde598646d434d88f80e54669c0909 P 221569fd607c475788a6737c374d295e [term 1 FOLLOWER]: Starting leader election with config: opid_index: -1 OBSOLETE_local: true peers { permanent_uuid: "221569fd607c475788a6737c374d295e" member_type: VOTER last_known_addr { host: "127.7.153.1" port: 36115 } }
I1002 04:41:21.855487 5627 leader_election.cc:248] T 3ebde598646d434d88f80e54669c0909 P 221569fd607c475788a6737c374d295e [CANDIDATE]: Term 1 election: Election decided. Result: candidate won.
I1002 04:41:21.855981 5630 raft_consensus.cc:2457] T 3ebde598646d434d88f80e54669c0909 P 221569fd607c475788a6737c374d295e: Snoozing failure detection for 1.581s (election complete)
I1002 04:41:21.856261 5630 raft_consensus.cc:2281] T 3ebde598646d434d88f80e54669c0909 P 221569fd607c475788a6737c374d295e [term 1 FOLLOWER]: Leader election won for term 1
I1002 04:41:21.856590 5630 raft_consensus.cc:545] T 3ebde598646d434d88f80e54669c0909 P 221569fd607c475788a6737c374d295e [term 1 LEADER]: Becoming Leader. State: Replica: 221569fd607c475788a6737c374d295e, State: Running, Role: LEADER
I1002 04:41:21.857007 5627 ts_tablet_manager.cc:931] T 3ebde598646d434d88f80e54669c0909 P 221569fd607c475788a6737c374d295e: Time spent starting tablet: real 0.010s user 0.012s sys 0.000s
I1002 04:41:21.856894 5630 consensus_queue.cc:169] T 3ebde598646d434d88f80e54669c0909 P 221569fd607c475788a6737c374d295e [LEADER]: Queue going to LEADER mode. State: All replicated index: 0, Majority replicated index: 0, Committed index: 0, Last appended: 0.0, Last appended by leader: 0, Current term: 1, Majority size: 1, State: 0, Mode: LEADER, active raft config: opid_index: -1 OBSOLETE_local: true peers { permanent_uuid: "221569fd607c475788a6737c374d295e" member_type: VOTER last_known_addr { host: "127.7.153.1" port: 36115 } }
I1002 04:41:21.858881 5627 ts_tablet_manager.cc:878] T ddc3803a486848d49089c680f4d77719 P 221569fd607c475788a6737c374d295e: Bootstrapping tablet
I1002 04:41:21.859241 5627 tablet_bootstrap.cc:432] T ddc3803a486848d49089c680f4d77719 P 221569fd607c475788a6737c374d295e: Bootstrap starting.
I1002 04:41:21.860433 5507 catalog_manager.cc:2397] TS 221569fd607c475788a6737c374d295e (127.7.153.1:36115) does not have the latest schema for tablet 3ebde598646d434d88f80e54669c0909 (table test-alter-range-partitioning-renamed [id=bbe7fe35a039465cb55b4b7a2648bb18]). Expected version 1 got 0
I1002 04:41:21.860891 5507 catalog_manager.cc:2510] T 3ebde598646d434d88f80e54669c0909 P 221569fd607c475788a6737c374d295e reported cstate change: term changed from 0 to 1, leader changed from to 221569fd607c475788a6737c374d295e (127.7.153.1). New cstate: current_term: 1 leader_uuid: "221569fd607c475788a6737c374d295e" committed_config { opid_index: -1 OBSOLETE_local: true peers { permanent_uuid: "221569fd607c475788a6737c374d295e" member_type: VOTER last_known_addr { host: "127.7.153.1" port: 36115 } } }
I1002 04:41:21.861966 5627 tablet_bootstrap.cc:567] T ddc3803a486848d49089c680f4d77719 P 221569fd607c475788a6737c374d295e: No blocks or log segments found. Creating new log.
I1002 04:41:21.868662 5492 catalog_manager.cc:2877] Scheduling retry of ddc3803a486848d49089c680f4d77719 (table test-alter-range-partitioning-renamed [id=bbe7fe35a039465cb55b4b7a2648bb18]) Alter Table RPC with a delay of 47 ms (attempt = 0)
W1002 04:41:21.868934 5492 catalog_manager.cc:2896] Async tablet task ddc3803a486848d49089c680f4d77719 (table test-alter-range-partitioning-renamed [id=bbe7fe35a039465cb55b4b7a2648bb18]) Alter Table RPC failed: Not found: Failed to reset TS proxy: No leader found: Tablet ddc3803a486848d49089c680f4d77719 consensus state has no leader
I1002 04:41:21.872360 5507 catalog_manager.cc:2397] TS 221569fd607c475788a6737c374d295e (127.7.153.1:36115) does not have the latest schema for tablet 3ebde598646d434d88f80e54669c0909 (table test-alter-range-partitioning-renamed [id=bbe7fe35a039465cb55b4b7a2648bb18]). Expected version 1 got 0
I1002 04:41:21.873776 5641 tablet.cc:1415] T a862851043934601a1d8e87af4aa4533 P 221569fd607c475788a6737c374d295e: Flush: entering phase 2 (starting to duplicate updates in new rowsets)
I1002 04:41:21.874168 5641 tablet.cc:1470] T a862851043934601a1d8e87af4aa4533 P 221569fd607c475788a6737c374d295e: Flush Phase 2: carrying over any updates which arrived during Phase 1
I1002 04:41:21.874325 5641 tablet.cc:1472] T a862851043934601a1d8e87af4aa4533 P 221569fd607c475788a6737c374d295e: Phase 2 snapshot: MvccSnapshot[committed={T|T < 35}]
I1002 04:41:21.881270 5640 tablet.cc:1415] T 3fafb0b0941e463a8b79b9c060e0738f P 221569fd607c475788a6737c374d295e: Flush: entering phase 2 (starting to duplicate updates in new rowsets)
I1002 04:41:21.881690 5640 tablet.cc:1470] T 3fafb0b0941e463a8b79b9c060e0738f P 221569fd607c475788a6737c374d295e: Flush Phase 2: carrying over any updates which arrived during Phase 1
I1002 04:41:21.881840 5640 tablet.cc:1472] T 3fafb0b0941e463a8b79b9c060e0738f P 221569fd607c475788a6737c374d295e: Phase 2 snapshot: MvccSnapshot[committed={T|T < 36}]
I1002 04:41:21.888029 5627 tablet_bootstrap.cc:432] T ddc3803a486848d49089c680f4d77719 P 221569fd607c475788a6737c374d295e: No bootstrap required, opened a new log
I1002 04:41:21.889015 5627 ts_tablet_manager.cc:903] T ddc3803a486848d49089c680f4d77719 P 221569fd607c475788a6737c374d295e: Time spent bootstrapping tablet: real 0.030s user 0.008s sys 0.012s
I1002 04:41:21.890486 5640 tablet.cc:1514] T 3fafb0b0941e463a8b79b9c060e0738f P 221569fd607c475788a6737c374d295e: Flush successful on 47 rows (4659 bytes)
I1002 04:41:21.894811 5640 tablet.cc:1113] T 3ebde598646d434d88f80e54669c0909 P 221569fd607c475788a6737c374d295e: Alter schema from Schema [ 10:c0[int32 NOT NULL], 11:c1[int32 NOT NULL], 12:c2[int32 NULLABLE] ] version 0 to Schema [ 10:c0[int32 NOT NULL], 11:c1[int32 NOT NULL], 12:c2[int32 NULLABLE] ] version 1
I1002 04:41:21.895428 5627 raft_consensus.cc:286] T ddc3803a486848d49089c680f4d77719 P 221569fd607c475788a6737c374d295e [term 0 FOLLOWER]: Replica starting. Triggering 0 pending transactions. Active config: opid_index: -1 OBSOLETE_local: true peers { permanent_uuid: "221569fd607c475788a6737c374d295e" member_type: VOTER last_known_addr { host: "127.7.153.1" port: 36115 } }
I1002 04:41:21.896543 5627 raft_consensus.cc:312] T ddc3803a486848d49089c680f4d77719 P 221569fd607c475788a6737c374d295e [term 0 FOLLOWER]: Consensus starting up: Expiring failure detector timer to make a prompt election more likely
I1002 04:41:21.896910 5627 raft_consensus.cc:578] T ddc3803a486848d49089c680f4d77719 P 221569fd607c475788a6737c374d295e [term 0 FOLLOWER]: Becoming Follower/Learner. State: Replica: 221569fd607c475788a6737c374d295e, State: Initialized, Role: FOLLOWER
I1002 04:41:21.897977 5641 tablet.cc:1514] T a862851043934601a1d8e87af4aa4533 P 221569fd607c475788a6737c374d295e: Flush successful on 28 rows (4631 bytes)
I1002 04:41:21.900473 5627 consensus_queue.cc:190] T ddc3803a486848d49089c680f4d77719 P 221569fd607c475788a6737c374d295e [NON_LEADER]: Queue going to NON_LEADER mode. State: All replicated index: 0, Majority replicated index: 0, Committed index: 0, Last appended: 0.0, Last appended by leader: 0, Current term: 0, Majority size: -1, State: 0, Mode: NON_LEADER
I1002 04:41:21.900847 5627 raft_consensus.cc:327] T ddc3803a486848d49089c680f4d77719 P 221569fd607c475788a6737c374d295e [term 0 FOLLOWER]: Only one voter in the Raft config. Triggering election immediately
I1002 04:41:21.901065 5627 raft_consensus.cc:411] T ddc3803a486848d49089c680f4d77719 P 221569fd607c475788a6737c374d295e [term 0 FOLLOWER]: Starting leader election (initial election of a single-replica configuration)
I1002 04:41:21.901302 5627 raft_consensus.cc:2457] T ddc3803a486848d49089c680f4d77719 P 221569fd607c475788a6737c374d295e: Snoozing failure detection for 2.083s (starting election)
I1002 04:41:21.901538 5627 raft_consensus.cc:2509] T ddc3803a486848d49089c680f4d77719 P 221569fd607c475788a6737c374d295e [term 0 FOLLOWER]: Advancing to term 1
I1002 04:41:21.905702 5627 raft_consensus.cc:433] T ddc3803a486848d49089c680f4d77719 P 221569fd607c475788a6737c374d295e [term 1 FOLLOWER]: Starting leader election with config: opid_index: -1 OBSOLETE_local: true peers { permanent_uuid: "221569fd607c475788a6737c374d295e" member_type: VOTER last_known_addr { host: "127.7.153.1" port: 36115 } }
I1002 04:41:21.906244 5627 leader_election.cc:248] T ddc3803a486848d49089c680f4d77719 P 221569fd607c475788a6737c374d295e [CANDIDATE]: Term 1 election: Election decided. Result: candidate won.
I1002 04:41:21.906824 5630 raft_consensus.cc:2457] T ddc3803a486848d49089c680f4d77719 P 221569fd607c475788a6737c374d295e: Snoozing failure detection for 2.176s (election complete)
I1002 04:41:21.907081 5630 raft_consensus.cc:2281] T ddc3803a486848d49089c680f4d77719 P 221569fd607c475788a6737c374d295e [term 1 FOLLOWER]: Leader election won for term 1
I1002 04:41:21.907419 5630 raft_consensus.cc:545] T ddc3803a486848d49089c680f4d77719 P 221569fd607c475788a6737c374d295e [term 1 LEADER]: Becoming Leader. State: Replica: 221569fd607c475788a6737c374d295e, State: Running, Role: LEADER
I1002 04:41:21.907627 5641 tablet.cc:1108] T 3ebde598646d434d88f80e54669c0909 P 221569fd607c475788a6737c374d295e: Already running schema version 1 got alter request for version 1
I1002 04:41:21.907753 5630 consensus_queue.cc:169] T ddc3803a486848d49089c680f4d77719 P 221569fd607c475788a6737c374d295e [LEADER]: Queue going to LEADER mode. State: All replicated index: 0, Majority replicated index: 0, Committed index: 0, Last appended: 0.0, Last appended by leader: 0, Current term: 1, Majority size: 1, State: 0, Mode: LEADER, active raft config: opid_index: -1 OBSOLETE_local: true peers { permanent_uuid: "221569fd607c475788a6737c374d295e" member_type: VOTER last_known_addr { host: "127.7.153.1" port: 36115 } }
I1002 04:41:21.909566 5627 ts_tablet_manager.cc:931] T ddc3803a486848d49089c680f4d77719 P 221569fd607c475788a6737c374d295e: Time spent starting tablet: real 0.020s user 0.008s sys 0.000s
I1002 04:41:21.911813 5507 catalog_manager.cc:2397] TS 221569fd607c475788a6737c374d295e (127.7.153.1:36115) does not have the latest schema for tablet ddc3803a486848d49089c680f4d77719 (table test-alter-range-partitioning-renamed [id=bbe7fe35a039465cb55b4b7a2648bb18]). Expected version 1 got 0
I1002 04:41:21.912058 5507 catalog_manager.cc:2510] T ddc3803a486848d49089c680f4d77719 P 221569fd607c475788a6737c374d295e reported cstate change: term changed from 0 to 1, leader changed from to 221569fd607c475788a6737c374d295e (127.7.153.1). New cstate: current_term: 1 leader_uuid: "221569fd607c475788a6737c374d295e" committed_config { opid_index: -1 OBSOLETE_local: true peers { permanent_uuid: "221569fd607c475788a6737c374d295e" member_type: VOTER last_known_addr { host: "127.7.153.1" port: 36115 } } }
I1002 04:41:21.918242 5658 tablet.cc:1113] T ddc3803a486848d49089c680f4d77719 P 221569fd607c475788a6737c374d295e: Alter schema from Schema [ 10:c0[int32 NOT NULL], 11:c1[int32 NOT NULL], 12:c2[int32 NULLABLE] ] version 0 to Schema [ 10:c0[int32 NOT NULL], 11:c1[int32 NOT NULL], 12:c2[int32 NULLABLE] ] version 1
I1002 04:41:21.919826 5507 catalog_manager.cc:2397] TS 221569fd607c475788a6737c374d295e (127.7.153.1:36115) does not have the latest schema for tablet ddc3803a486848d49089c680f4d77719 (table test-alter-range-partitioning-renamed [id=bbe7fe35a039465cb55b4b7a2648bb18]). Expected version 1 got 0
I1002 04:41:21.930688 5507 catalog_manager.cc:3662] T 00000000000000000000000000000000 P 1ba2d2f15ef447369c71737d497326d3: test-alter-range-partitioning-renamed [id=bbe7fe35a039465cb55b4b7a2648bb18] alter complete (version 1)
I1002 04:41:22.067821 5505 catalog_manager.cc:1875] Servicing AlterTable request from {username='slave'} at 127.0.0.1:47447: table { table_name: "test-alter-range-partitioning-renamed" } alter_schema_steps { type: DROP_RANGE_PARTITION drop_range_partition { range_bounds { rows: "\006\0012\000\000\000\007\001\226\000\000\000" } } } alter_schema_steps { type: DROP_RANGE_PARTITION drop_range_partition { range_bounds { rows: "\006\001\310\000\000\000\007\001,\001\000\000" } } } alter_schema_steps { type: ADD_COLUMN add_column { schema { name: "c3" type: STRING is_nullable: true encoding: AUTO_ENCODING compression: DEFAULT_COMPRESSION cfile_block_size: 0 } } } schema { columns { name: "c0" type: INT32 is_key: true is_nullable: false encoding: AUTO_ENCODING compression: DEFAULT_COMPRESSION cfile_block_size: 0 } columns { name: "c1" type: INT32 is_key: false is_nullable: false encoding: AUTO_ENCODING compression: DEFAULT_COMPRESSION cfile_block_size: 0 } }
I1002 04:41:22.075564 5505 catalog_manager.cc:3442] T 00000000000000000000000000000000 P 1ba2d2f15ef447369c71737d497326d3: Sending DeleteTablet for 1 replicas of tablet a862851043934601a1d8e87af4aa4533
I1002 04:41:22.075845 5505 catalog_manager.cc:3099] Sending DeleteTablet(TABLET_DATA_DELETED) for tablet a862851043934601a1d8e87af4aa4533 on 221569fd607c475788a6737c374d295e (127.7.153.1:36115) (Partition dropped at 2017-10-02 04:41:22 UTC)
I1002 04:41:22.076123 5505 catalog_manager.cc:3442] T 00000000000000000000000000000000 P 1ba2d2f15ef447369c71737d497326d3: Sending DeleteTablet for 1 replicas of tablet 3fafb0b0941e463a8b79b9c060e0738f
I1002 04:41:22.076377 5505 catalog_manager.cc:3099] Sending DeleteTablet(TABLET_DATA_DELETED) for tablet 3fafb0b0941e463a8b79b9c060e0738f on 221569fd607c475788a6737c374d295e (127.7.153.1:36115) (Partition dropped at 2017-10-02 04:41:22 UTC)
I1002 04:41:22.076966 5580 tablet_service.cc:806] Processing DeleteTablet for tablet a862851043934601a1d8e87af4aa4533 with delete_type TABLET_DATA_DELETED (Partition dropped at 2017-10-02 04:41:22 UTC) from {username='slave'} at 127.0.0.1:59109
I1002 04:41:22.077373 5580 tablet_replica.cc:257] T a862851043934601a1d8e87af4aa4533 P 221569fd607c475788a6737c374d295e: stopping tablet replica
I1002 04:41:22.077448 5582 tablet_service.cc:806] Processing DeleteTablet for tablet 3fafb0b0941e463a8b79b9c060e0738f with delete_type TABLET_DATA_DELETED (Partition dropped at 2017-10-02 04:41:22 UTC) from {username='slave'} at 127.0.0.1:59109
I1002 04:41:22.077605 5580 maintenance_manager.cc:228] P 221569fd607c475788a6737c374d295e: Unregistered op CompactRowSetsOp(a862851043934601a1d8e87af4aa4533)
I1002 04:41:22.077788 5582 tablet_replica.cc:257] T 3fafb0b0941e463a8b79b9c060e0738f P 221569fd607c475788a6737c374d295e: stopping tablet replica
I1002 04:41:22.077796 5580 maintenance_manager.cc:228] P 221569fd607c475788a6737c374d295e: Unregistered op MinorDeltaCompactionOp(a862851043934601a1d8e87af4aa4533)
I1002 04:41:22.078011 5582 maintenance_manager.cc:228] P 221569fd607c475788a6737c374d295e: Unregistered op CompactRowSetsOp(3fafb0b0941e463a8b79b9c060e0738f)
I1002 04:41:22.078176 5582 maintenance_manager.cc:228] P 221569fd607c475788a6737c374d295e: Unregistered op MinorDeltaCompactionOp(3fafb0b0941e463a8b79b9c060e0738f)
I1002 04:41:22.078326 5582 maintenance_manager.cc:228] P 221569fd607c475788a6737c374d295e: Unregistered op MajorDeltaCompactionOp(3fafb0b0941e463a8b79b9c060e0738f)
I1002 04:41:22.078461 5582 maintenance_manager.cc:228] P 221569fd607c475788a6737c374d295e: Unregistered op UndoDeltaBlockGCOp(3fafb0b0941e463a8b79b9c060e0738f)
I1002 04:41:22.078641 5582 maintenance_manager.cc:228] P 221569fd607c475788a6737c374d295e: Unregistered op FlushMRSOp(3fafb0b0941e463a8b79b9c060e0738f)
I1002 04:41:22.078809 5582 maintenance_manager.cc:228] P 221569fd607c475788a6737c374d295e: Unregistered op FlushDeltaMemStoresOp(3fafb0b0941e463a8b79b9c060e0738f)
I1002 04:41:22.078965 5582 maintenance_manager.cc:228] P 221569fd607c475788a6737c374d295e: Unregistered op LogGCOp(3fafb0b0941e463a8b79b9c060e0738f)
I1002 04:41:22.079128 5582 raft_consensus.cc:1809] T 3fafb0b0941e463a8b79b9c060e0738f P 221569fd607c475788a6737c374d295e [term 1 LEADER]: Raft consensus shutting down.
I1002 04:41:22.079416 5582 raft_consensus.cc:1836] T 3fafb0b0941e463a8b79b9c060e0738f P 221569fd607c475788a6737c374d295e [term 1 FOLLOWER]: Raft consensus is shut down!
I1002 04:41:22.080041 5580 maintenance_manager.cc:228] P 221569fd607c475788a6737c374d295e: Unregistered op MajorDeltaCompactionOp(a862851043934601a1d8e87af4aa4533)
I1002 04:41:22.080294 5580 maintenance_manager.cc:228] P 221569fd607c475788a6737c374d295e: Unregistered op UndoDeltaBlockGCOp(a862851043934601a1d8e87af4aa4533)
I1002 04:41:22.080464 5505 catalog_manager.cc:3442] T 00000000000000000000000000000000 P 1ba2d2f15ef447369c71737d497326d3: Sending DeleteTablet for 1 replicas of tablet ddc3803a486848d49089c680f4d77719
I1002 04:41:22.080575 5580 maintenance_manager.cc:228] P 221569fd607c475788a6737c374d295e: Unregistered op FlushMRSOp(a862851043934601a1d8e87af4aa4533)
I1002 04:41:22.080792 5505 catalog_manager.cc:3099] Sending DeleteTablet(TABLET_DATA_DELETED) for tablet ddc3803a486848d49089c680f4d77719 on 221569fd607c475788a6737c374d295e (127.7.153.1:36115) (Partition dropped at 2017-10-02 04:41:22 UTC)
I1002 04:41:22.080822 5580 maintenance_manager.cc:228] P 221569fd607c475788a6737c374d295e: Unregistered op FlushDeltaMemStoresOp(a862851043934601a1d8e87af4aa4533)
I1002 04:41:22.081073 5580 maintenance_manager.cc:228] P 221569fd607c475788a6737c374d295e: Unregistered op LogGCOp(a862851043934601a1d8e87af4aa4533)
I1002 04:41:22.081248 5580 raft_consensus.cc:1809] T a862851043934601a1d8e87af4aa4533 P 221569fd607c475788a6737c374d295e [term 1 LEADER]: Raft consensus shutting down.
I1002 04:41:22.081553 5580 raft_consensus.cc:1836] T a862851043934601a1d8e87af4aa4533 P 221569fd607c475788a6737c374d295e [term 1 FOLLOWER]: Raft consensus is shut down!
I1002 04:41:22.082018 5505 catalog_manager.cc:3442] T 00000000000000000000000000000000 P 1ba2d2f15ef447369c71737d497326d3: Sending DeleteTablet for 1 replicas of tablet 3ebde598646d434d88f80e54669c0909
I1002 04:41:22.082300 5505 catalog_manager.cc:3099] Sending DeleteTablet(TABLET_DATA_DELETED) for tablet 3ebde598646d434d88f80e54669c0909 on 221569fd607c475788a6737c374d295e (127.7.153.1:36115) (Partition dropped at 2017-10-02 04:41:22 UTC)
I1002 04:41:22.082844 5579 tablet_service.cc:806] Processing DeleteTablet for tablet ddc3803a486848d49089c680f4d77719 with delete_type TABLET_DATA_DELETED (Partition dropped at 2017-10-02 04:41:22 UTC) from {username='slave'} at 127.0.0.1:59109
I1002 04:41:22.082957 5582 ts_tablet_manager.cc:1203] T 3fafb0b0941e463a8b79b9c060e0738f P 221569fd607c475788a6737c374d295e: Deleting tablet data with delete state TABLET_DATA_DELETED
I1002 04:41:22.083201 5579 tablet_replica.cc:257] T ddc3803a486848d49089c680f4d77719 P 221569fd607c475788a6737c374d295e: stopping tablet replica
I1002 04:41:22.083428 5579 maintenance_manager.cc:228] P 221569fd607c475788a6737c374d295e: Unregistered op CompactRowSetsOp(ddc3803a486848d49089c680f4d77719)
I1002 04:41:22.083371 5581 tablet_service.cc:806] Processing DeleteTablet for tablet 3ebde598646d434d88f80e54669c0909 with delete_type TABLET_DATA_DELETED (Partition dropped at 2017-10-02 04:41:22 UTC) from {username='slave'} at 127.0.0.1:59109
I1002 04:41:22.083631 5579 maintenance_manager.cc:228] P 221569fd607c475788a6737c374d295e: Unregistered op MinorDeltaCompactionOp(ddc3803a486848d49089c680f4d77719)
I1002 04:41:22.083746 5581 tablet_replica.cc:257] T 3ebde598646d434d88f80e54669c0909 P 221569fd607c475788a6737c374d295e: stopping tablet replica
I1002 04:41:22.083835 5579 maintenance_manager.cc:228] P 221569fd607c475788a6737c374d295e: Unregistered op MajorDeltaCompactionOp(ddc3803a486848d49089c680f4d77719)
I1002 04:41:22.084022 5581 maintenance_manager.cc:228] P 221569fd607c475788a6737c374d295e: Unregistered op CompactRowSetsOp(3ebde598646d434d88f80e54669c0909)
I1002 04:41:22.084307 5581 maintenance_manager.cc:228] P 221569fd607c475788a6737c374d295e: Unregistered op MinorDeltaCompactionOp(3ebde598646d434d88f80e54669c0909)
I1002 04:41:22.084489 5581 maintenance_manager.cc:228] P 221569fd607c475788a6737c374d295e: Unregistered op MajorDeltaCompactionOp(3ebde598646d434d88f80e54669c0909)
I1002 04:41:22.084664 5581 maintenance_manager.cc:228] P 221569fd607c475788a6737c374d295e: Unregistered op UndoDeltaBlockGCOp(3ebde598646d434d88f80e54669c0909)
I1002 04:41:22.084862 5581 maintenance_manager.cc:228] P 221569fd607c475788a6737c374d295e: Unregistered op FlushMRSOp(3ebde598646d434d88f80e54669c0909)
I1002 04:41:22.085045 5581 maintenance_manager.cc:228] P 221569fd607c475788a6737c374d295e: Unregistered op FlushDeltaMemStoresOp(3ebde598646d434d88f80e54669c0909)
I1002 04:41:22.085227 5581 maintenance_manager.cc:228] P 221569fd607c475788a6737c374d295e: Unregistered op LogGCOp(3ebde598646d434d88f80e54669c0909)
I1002 04:41:22.085400 5581 raft_consensus.cc:1809] T 3ebde598646d434d88f80e54669c0909 P 221569fd607c475788a6737c374d295e [term 1 LEADER]: Raft consensus shutting down.
I1002 04:41:22.085700 5581 raft_consensus.cc:1836] T 3ebde598646d434d88f80e54669c0909 P 221569fd607c475788a6737c374d295e [term 1 FOLLOWER]: Raft consensus is shut down!
I1002 04:41:22.086721 5579 maintenance_manager.cc:228] P 221569fd607c475788a6737c374d295e: Unregistered op UndoDeltaBlockGCOp(ddc3803a486848d49089c680f4d77719)
I1002 04:41:22.087018 5579 maintenance_manager.cc:228] P 221569fd607c475788a6737c374d295e: Unregistered op FlushMRSOp(ddc3803a486848d49089c680f4d77719)
I1002 04:41:22.087208 5579 maintenance_manager.cc:228] P 221569fd607c475788a6737c374d295e: Unregistered op FlushDeltaMemStoresOp(ddc3803a486848d49089c680f4d77719)
I1002 04:41:22.087381 5579 maintenance_manager.cc:228] P 221569fd607c475788a6737c374d295e: Unregistered op LogGCOp(ddc3803a486848d49089c680f4d77719)
I1002 04:41:22.087558 5579 raft_consensus.cc:1809] T ddc3803a486848d49089c680f4d77719 P 221569fd607c475788a6737c374d295e [term 1 LEADER]: Raft consensus shutting down.
I1002 04:41:22.087874 5579 raft_consensus.cc:1836] T ddc3803a486848d49089c680f4d77719 P 221569fd607c475788a6737c374d295e [term 1 FOLLOWER]: Raft consensus is shut down!
I1002 04:41:22.088786 1945 tablet_server.cc:141] TabletServer shutting down...
I1002 04:41:22.094849 5581 ts_tablet_manager.cc:1203] T 3ebde598646d434d88f80e54669c0909 P 221569fd607c475788a6737c374d295e: Deleting tablet data with delete state TABLET_DATA_DELETED
I1002 04:41:22.095928 5579 ts_tablet_manager.cc:1203] T ddc3803a486848d49089c680f4d77719 P 221569fd607c475788a6737c374d295e: Deleting tablet data with delete state TABLET_DATA_DELETED
I1002 04:41:22.099436 5580 ts_tablet_manager.cc:1203] T a862851043934601a1d8e87af4aa4533 P 221569fd607c475788a6737c374d295e: Deleting tablet data with delete state TABLET_DATA_DELETED
I1002 04:41:22.111346 5579 ts_tablet_manager.cc:1216] T ddc3803a486848d49089c680f4d77719 P 221569fd607c475788a6737c374d295e: tablet deleted: last-logged OpId: 1.3
I1002 04:41:22.111596 5579 log.cc:980] T ddc3803a486848d49089c680f4d77719 P 221569fd607c475788a6737c374d295e: Deleting WAL directory at /tmp/run_tha_test1fMIRV/test-tmp/alter_table-test.AlterTableTest.TestAlterRangePartitioning.1506919259568928-1945/minicluster-data/ts-0-root/wals/ddc3803a486848d49089c680f4d77719
I1002 04:41:22.112223 5579 ts_tablet_manager.cc:1234] T ddc3803a486848d49089c680f4d77719 P 221569fd607c475788a6737c374d295e: Deleting consensus metadata
I1002 04:41:22.113142 5582 ts_tablet_manager.cc:1216] T 3fafb0b0941e463a8b79b9c060e0738f P 221569fd607c475788a6737c374d295e: tablet deleted: last-logged OpId: 1.3
I1002 04:41:22.113471 5582 log.cc:980] T 3fafb0b0941e463a8b79b9c060e0738f P 221569fd607c475788a6737c374d295e: Deleting WAL directory at /tmp/run_tha_test1fMIRV/test-tmp/alter_table-test.AlterTableTest.TestAlterRangePartitioning.1506919259568928-1945/minicluster-data/ts-0-root/wals/3fafb0b0941e463a8b79b9c060e0738f
I1002 04:41:22.114035 5582 ts_tablet_manager.cc:1234] T 3fafb0b0941e463a8b79b9c060e0738f P 221569fd607c475788a6737c374d295e: Deleting consensus metadata
I1002 04:41:22.114372 5491 catalog_manager.cc:3077] TS 221569fd607c475788a6737c374d295e (127.7.153.1:36115): tablet ddc3803a486848d49089c680f4d77719 (table test-alter-range-partitioning-renamed [id=bbe7fe35a039465cb55b4b7a2648bb18]) successfully deleted
I1002 04:41:22.115811 5581 ts_tablet_manager.cc:1216] T 3ebde598646d434d88f80e54669c0909 P 221569fd607c475788a6737c374d295e: tablet deleted: last-logged OpId: 1.4
I1002 04:41:22.116075 5491 catalog_manager.cc:3077] TS 221569fd607c475788a6737c374d295e (127.7.153.1:36115): tablet 3fafb0b0941e463a8b79b9c060e0738f (table test-alter-range-partitioning-renamed [id=bbe7fe35a039465cb55b4b7a2648bb18]) successfully deleted
I1002 04:41:22.116122 5581 log.cc:980] T 3ebde598646d434d88f80e54669c0909 P 221569fd607c475788a6737c374d295e: Deleting WAL directory at /tmp/run_tha_test1fMIRV/test-tmp/alter_table-test.AlterTableTest.TestAlterRangePartitioning.1506919259568928-1945/minicluster-data/ts-0-root/wals/3ebde598646d434d88f80e54669c0909
I1002 04:41:22.117003 5581 ts_tablet_manager.cc:1234] T 3ebde598646d434d88f80e54669c0909 P 221569fd607c475788a6737c374d295e: Deleting consensus metadata
I1002 04:41:22.120180 5491 catalog_manager.cc:3077] TS 221569fd607c475788a6737c374d295e (127.7.153.1:36115): tablet 3ebde598646d434d88f80e54669c0909 (table test-alter-range-partitioning-renamed [id=bbe7fe35a039465cb55b4b7a2648bb18]) successfully deleted
I1002 04:41:22.121423 5580 ts_tablet_manager.cc:1216] T a862851043934601a1d8e87af4aa4533 P 221569fd607c475788a6737c374d295e: tablet deleted: last-logged OpId: 1.3
I1002 04:41:22.121624 5580 log.cc:980] T a862851043934601a1d8e87af4aa4533 P 221569fd607c475788a6737c374d295e: Deleting WAL directory at /tmp/run_tha_test1fMIRV/test-tmp/alter_table-test.AlterTableTest.TestAlterRangePartitioning.1506919259568928-1945/minicluster-data/ts-0-root/wals/a862851043934601a1d8e87af4aa4533
I1002 04:41:22.122048 5580 ts_tablet_manager.cc:1234] T a862851043934601a1d8e87af4aa4533 P 221569fd607c475788a6737c374d295e: Deleting consensus metadata
I1002 04:41:22.123721 5491 catalog_manager.cc:3077] TS 221569fd607c475788a6737c374d295e (127.7.153.1:36115): tablet a862851043934601a1d8e87af4aa4533 (table test-alter-range-partitioning-renamed [id=bbe7fe35a039465cb55b4b7a2648bb18]) successfully deleted
I1002 04:41:22.132306 1945 ts_tablet_manager.cc:976] Shutting down tablet manager...
I1002 04:41:22.132527 1945 tablet_replica.cc:257] T f168f67a572a4d6487292c2c9fe925aa P 221569fd607c475788a6737c374d295e: stopping tablet replica
I1002 04:41:22.132776 1945 maintenance_manager.cc:228] P 221569fd607c475788a6737c374d295e: Unregistered op CompactRowSetsOp(f168f67a572a4d6487292c2c9fe925aa)
I1002 04:41:22.132936 1945 maintenance_manager.cc:228] P 221569fd607c475788a6737c374d295e: Unregistered op MinorDeltaCompactionOp(f168f67a572a4d6487292c2c9fe925aa)
I1002 04:41:22.133074 1945 maintenance_manager.cc:228] P 221569fd607c475788a6737c374d295e: Unregistered op MajorDeltaCompactionOp(f168f67a572a4d6487292c2c9fe925aa)
I1002 04:41:22.133224 1945 maintenance_manager.cc:228] P 221569fd607c475788a6737c374d295e: Unregistered op UndoDeltaBlockGCOp(f168f67a572a4d6487292c2c9fe925aa)
I1002 04:41:22.133366 1945 maintenance_manager.cc:228] P 221569fd607c475788a6737c374d295e: Unregistered op FlushMRSOp(f168f67a572a4d6487292c2c9fe925aa)
I1002 04:41:22.133491 1945 maintenance_manager.cc:228] P 221569fd607c475788a6737c374d295e: Unregistered op FlushDeltaMemStoresOp(f168f67a572a4d6487292c2c9fe925aa)
I1002 04:41:22.133615 1945 maintenance_manager.cc:228] P 221569fd607c475788a6737c374d295e: Unregistered op LogGCOp(f168f67a572a4d6487292c2c9fe925aa)
I1002 04:41:22.133755 1945 raft_consensus.cc:1809] T f168f67a572a4d6487292c2c9fe925aa P 221569fd607c475788a6737c374d295e [term 1 LEADER]: Raft consensus shutting down.
I1002 04:41:22.134001 1945 raft_consensus.cc:1836] T f168f67a572a4d6487292c2c9fe925aa P 221569fd607c475788a6737c374d295e [term 1 FOLLOWER]: Raft consensus is shut down!
I1002 04:41:22.143872 1945 tablet_server.cc:154] TabletServer shutdown complete.
I1002 04:41:22.143996 1945 tablet_server.cc:141] TabletServer shutting down...
I1002 04:41:22.144181 1945 tablet_server.cc:154] TabletServer shutdown complete.
I1002 04:41:22.157546 1945 master.cc:222] Master@127.7.153.254:40905 shutting down...
I1002 04:41:22.171142 1945 raft_consensus.cc:1809] T 00000000000000000000000000000000 P 1ba2d2f15ef447369c71737d497326d3 [term 1 LEADER]: Raft consensus shutting down.
I1002 04:41:22.171422 1945 raft_consensus.cc:1836] T 00000000000000000000000000000000 P 1ba2d2f15ef447369c71737d497326d3 [term 1 FOLLOWER]: Raft consensus is shut down!
I1002 04:41:22.171591 1945 tablet_replica.cc:257] T 00000000000000000000000000000000 P 1ba2d2f15ef447369c71737d497326d3: stopping tablet replica
I1002 04:41:22.171748 1945 maintenance_manager.cc:228] P 1ba2d2f15ef447369c71737d497326d3: Unregistered op CompactRowSetsOp(00000000000000000000000000000000)
I1002 04:41:22.171869 1945 maintenance_manager.cc:228] P 1ba2d2f15ef447369c71737d497326d3: Unregistered op MinorDeltaCompactionOp(00000000000000000000000000000000)
I1002 04:41:22.171972 1945 maintenance_manager.cc:228] P 1ba2d2f15ef447369c71737d497326d3: Unregistered op MajorDeltaCompactionOp(00000000000000000000000000000000)
I1002 04:41:22.172070 1945 maintenance_manager.cc:228] P 1ba2d2f15ef447369c71737d497326d3: Unregistered op UndoDeltaBlockGCOp(00000000000000000000000000000000)
I1002 04:41:22.172189 1945 maintenance_manager.cc:228] P 1ba2d2f15ef447369c71737d497326d3: Unregistered op FlushMRSOp(00000000000000000000000000000000)
I1002 04:41:22.172292 1945 maintenance_manager.cc:228] P 1ba2d2f15ef447369c71737d497326d3: Unregistered op FlushDeltaMemStoresOp(00000000000000000000000000000000)
I1002 04:41:22.172382 1945 maintenance_manager.cc:228] P 1ba2d2f15ef447369c71737d497326d3: Unregistered op LogGCOp(00000000000000000000000000000000)
I1002 04:41:22.188879 1945 master.cc:233] Master@127.7.153.254:40905 shutdown complete. [ OK ] AlterTableTest.TestAlterRangePartitioning (2143 ms) [ RUN ] AlterTableTest.TestAlterRangePartitioningInvalid
I1002 04:41:22.212707 1945 server_base.cc:228] Could not load existing FS layout: Not found: /tmp/run_tha_test1fMIRV/test-tmp/alter_table-test.AlterTableTest.TestAlterRangePartitioningInvalid.1506919259568928-1945/minicluster-data/master-0-root/instance: No such file or directory (error 2)
I1002 04:41:22.212851 1945 server_base.cc:229] Creating new FS layout
I1002 04:41:22.218345 1945 fs_manager.cc:477] Generated new instance metadata in path /tmp/run_tha_test1fMIRV/test-tmp/alter_table-test.AlterTableTest.TestAlterRangePartitioningInvalid.1506919259568928-1945/minicluster-data/master-0-root/instance: uuid: "9dfe066af91e478e895a9b835b2e26dd" format_stamp: "Formatted at 2017-10-02 04:41:22 on dist-test-slave-dist-test-slave-jfdk"
I1002 04:41:22.226035 1945 fs_manager.cc:434] Time spent creating directory manager: real 0.007s user 0.004s sys 0.004s
I1002 04:41:22.227030 1945 file_cache.cc:470] Constructed file cache lbm with capacity 26214
I1002 04:41:22.233124 1945 fs_manager.cc:336] Time spent opening block manager: real 0.001s user 0.000s sys 0.000s
I1002 04:41:22.233263 1945 fs_manager.cc:349] Opened local filesystem: /tmp/run_tha_test1fMIRV/test-tmp/alter_table-test.AlterTableTest.TestAlterRangePartitioningInvalid.1506919259568928-1945/minicluster-data/master-0-root uuid: "9dfe066af91e478e895a9b835b2e26dd" format_stamp: "Formatted at 2017-10-02 04:41:22 on dist-test-slave-dist-test-slave-jfdk"
I1002 04:41:22.233443 1945 fs_report.cc:347] Block manager report -------------------- 1 data directories: /tmp/run_tha_test1fMIRV/test-tmp/alter_table-test.AlterTableTest.TestAlterRangePartitioningInvalid.1506919259568928-1945/minicluster-data/master-0-root/data Total live blocks: 0 Total live bytes: 0 Total live bytes (after alignment): 0 Total number of LBM containers: 0 (0 full) Did not check for missing blocks Did not check for orphaned blocks Total full LBM containers with extra space: 0 (0 repaired) Total full LBM container extra space in bytes: 0 (0 repaired) Total incomplete LBM containers: 0 (0 repaired) Total LBM partial records: 0 (0 repaired)
I1002 04:41:22.283900 1945 rpc_server.cc:192] RPC server started. Bound to: 127.7.153.254:40199
I1002 04:41:22.284641 1945 webserver.cc:149] Starting webserver on 127.7.153.254:0
I1002 04:41:22.284739 1945 webserver.cc:160] Document root disabled
I1002 04:41:22.285689 1945 webserver.cc:282] Webserver started. Bound to: http://127.7.153.254:53152/
I1002 04:41:22.296840 5713 tablet_bootstrap.cc:432] T 00000000000000000000000000000000 P 9dfe066af91e478e895a9b835b2e26dd: Bootstrap starting.
I1002 04:41:22.299433 5713 tablet_bootstrap.cc:567] T 00000000000000000000000000000000 P 9dfe066af91e478e895a9b835b2e26dd: No blocks or log segments found. Creating new log.
I1002 04:41:22.302395 5713 tablet_bootstrap.cc:432] T 00000000000000000000000000000000 P 9dfe066af91e478e895a9b835b2e26dd: No bootstrap required, opened a new log
I1002 04:41:22.303979 5713 raft_consensus.cc:286] T 00000000000000000000000000000000 P 9dfe066af91e478e895a9b835b2e26dd [term 0 FOLLOWER]: Replica starting. Triggering 0 pending transactions. Active config: opid_index: -1 OBSOLETE_local: true peers { permanent_uuid: "9dfe066af91e478e895a9b835b2e26dd" member_type: VOTER }
I1002 04:41:22.304414 5713 raft_consensus.cc:312] T 00000000000000000000000000000000 P 9dfe066af91e478e895a9b835b2e26dd [term 0 FOLLOWER]: Consensus starting up: Expiring failure detector timer to make a prompt election more likely
I1002 04:41:22.304709 5713 raft_consensus.cc:578] T 00000000000000000000000000000000 P 9dfe066af91e478e895a9b835b2e26dd [term 0 FOLLOWER]: Becoming Follower/Learner. State: Replica: 9dfe066af91e478e895a9b835b2e26dd, State: Initialized, Role: FOLLOWER
I1002 04:41:22.304991 5713 consensus_queue.cc:190] T 00000000000000000000000000000000 P 9dfe066af91e478e895a9b835b2e26dd [NON_LEADER]: Queue going to NON_LEADER mode. State: All replicated index: 0, Majority replicated index: 0, Committed index: 0, Last appended: 0.0, Last appended by leader: 0, Current term: 0, Majority size: -1, State: 0, Mode: NON_LEADER
I1002 04:41:22.305328 5713 raft_consensus.cc:327] T 00000000000000000000000000000000 P 9dfe066af91e478e895a9b835b2e26dd [term 0 FOLLOWER]: Only one voter in the Raft config. Triggering election immediately
I1002 04:41:22.305522 5713 raft_consensus.cc:411] T 00000000000000000000000000000000 P 9dfe066af91e478e895a9b835b2e26dd [term 0 FOLLOWER]: Starting leader election (initial election of a single-replica configuration)
I1002 04:41:22.305738 5713 raft_consensus.cc:2457] T 00000000000000000000000000000000 P 9dfe066af91e478e895a9b835b2e26dd: Snoozing failure detection for 1.681s (starting election)
I1002 04:41:22.305953 5713 raft_consensus.cc:2509] T 00000000000000000000000000000000 P 9dfe066af91e478e895a9b835b2e26dd [term 0 FOLLOWER]: Advancing to term 1
I1002 04:41:22.310109 5713 raft_consensus.cc:433] T 00000000000000000000000000000000 P 9dfe066af91e478e895a9b835b2e26dd [term 1 FOLLOWER]: Starting leader election with config: opid_index: -1 OBSOLETE_local: true peers { permanent_uuid: "9dfe066af91e478e895a9b835b2e26dd" member_type: VOTER }
I1002 04:41:22.310577 5713 leader_election.cc:248] T 00000000000000000000000000000000 P 9dfe066af91e478e895a9b835b2e26dd [CANDIDATE]: Term 1 election: Election decided. Result: candidate won.
I1002 04:41:22.311767 5715 raft_consensus.cc:2457] T 00000000000000000000000000000000 P 9dfe066af91e478e895a9b835b2e26dd: Snoozing failure detection for 1.710s (election complete)
I1002 04:41:22.311981 5715 raft_consensus.cc:2281] T 00000000000000000000000000000000 P 9dfe066af91e478e895a9b835b2e26dd [term 1 FOLLOWER]: Leader election won for term 1
I1002 04:41:22.313357 5715 raft_consensus.cc:545] T 00000000000000000000000000000000 P 9dfe066af91e478e895a9b835b2e26dd [term 1 LEADER]: Becoming Leader. State: Replica: 9dfe066af91e478e895a9b835b2e26dd, State: Running, Role: LEADER
I1002 04:41:22.313653 5715 consensus_queue.cc:169] T 00000000000000000000000000000000 P 9dfe066af91e478e895a9b835b2e26dd [LEADER]: Queue going to LEADER mode. State: All replicated index: 0, Majority replicated index: 0, Committed index: 0, Last appended: 0.0, Last appended by leader: 0, Current term: 1, Majority size: 1, State: 0, Mode: LEADER, active raft config: opid_index: -1 OBSOLETE_local: true peers { permanent_uuid: "9dfe066af91e478e895a9b835b2e26dd" member_type: VOTER }
I1002 04:41:22.315181 5713 sys_catalog.cc:320] T 00000000000000000000000000000000 P 9dfe066af91e478e895a9b835b2e26dd [sys.catalog]: SysCatalogTable state changed. Reason: Started TabletReplica. Latest consensus state: current_term: 1 leader_uuid: "9dfe066af91e478e895a9b835b2e26dd" committed_config { opid_index: -1 OBSOLETE_local: true peers { permanent_uuid: "9dfe066af91e478e895a9b835b2e26dd" member_type: VOTER } }
I1002 04:41:22.315280 5717 sys_catalog.cc:320] T 00000000000000000000000000000000 P 9dfe066af91e478e895a9b835b2e26dd [sys.catalog]: SysCatalogTable state changed. Reason: New leader 9dfe066af91e478e895a9b835b2e26dd. Latest consensus state: current_term: 1 leader_uuid: "9dfe066af91e478e895a9b835b2e26dd" committed_config { opid_index: -1 OBSOLETE_local: true peers { permanent_uuid: "9dfe066af91e478e895a9b835b2e26dd" member_type: VOTER } }
I1002 04:41:22.315707 5713 sys_catalog.cc:323] T 00000000000000000000000000000000 P 9dfe066af91e478e895a9b835b2e26dd [sys.catalog]: This master's current role is: LEADER
I1002 04:41:22.315825 5717 sys_catalog.cc:323] T 00000000000000000000000000000000 P 9dfe066af91e478e895a9b835b2e26dd [sys.catalog]: This master's current role is: LEADER
I1002 04:41:22.317334 5713 sys_catalog.cc:407] T 00000000000000000000000000000000 P 9dfe066af91e478e895a9b835b2e26dd [sys.catalog]: configured and running, proceeding with master startup.
I1002 04:41:22.317610 5719 catalog_manager.cc:948] Loading table and tablet metadata into memory...
I1002 04:41:22.317620 5716 sys_catalog.cc:320] T 00000000000000000000000000000000 P 9dfe066af91e478e895a9b835b2e26dd [sys.catalog]: SysCatalogTable state changed. Reason: RaftConsensus started. Latest consensus state: current_term: 1 leader_uuid: "9dfe066af91e478e895a9b835b2e26dd" committed_config { opid_index: -1 OBSOLETE_local: true peers { permanent_uuid: "9dfe066af91e478e895a9b835b2e26dd" member_type: VOTER } }
I1002 04:41:22.318126 5716 sys_catalog.cc:323] T 00000000000000000000000000000000 P 9dfe066af91e478e895a9b835b2e26dd [sys.catalog]: This master's current role is: LEADER
I1002 04:41:22.318931 5720 catalog_manager.cc:493] Waiting for catalog manager background task thread to start: Service unavailable: Catalog manager is not initialized. State: 1
I1002 04:41:22.321926 5719 catalog_manager.cc:959] Initializing Kudu internal certificate authority...
I1002 04:41:22.356545 5719 catalog_manager.cc:846] Generated new certificate authority record
I1002 04:41:22.358867 5719 catalog_manager.cc:968] Loading token signing keys...
I1002 04:41:22.371395 5719 catalog_manager.cc:3538] T 00000000000000000000000000000000 P 9dfe066af91e478e895a9b835b2e26dd: Generated new TSK 0
I1002 04:41:22.390693 1945 server_base.cc:228] Could not load existing FS layout: Not found: /tmp/run_tha_test1fMIRV/test-tmp/alter_table-test.AlterTableTest.TestAlterRangePartitioningInvalid.1506919259568928-1945/minicluster-data/ts-0-root/instance: No such file or directory (error 2)
I1002 04:41:22.390877 1945 server_base.cc:229] Creating new FS layout
I1002 04:41:22.397617 1945 fs_manager.cc:477] Generated new instance metadata in path /tmp/run_tha_test1fMIRV/test-tmp/alter_table-test.AlterTableTest.TestAlterRangePartitioningInvalid.1506919259568928-1945/minicluster-data/ts-0-root/instance: uuid: "ce8571422844476291e6a585bcad7af7" format_stamp: "Formatted at 2017-10-02 04:41:22 on dist-test-slave-dist-test-slave-jfdk"
I1002 04:41:22.406396 1945 fs_manager.cc:434] Time spent creating directory manager: real 0.008s user 0.008s sys 0.000s
I1002 04:41:22.407379 1945 file_cache.cc:470] Constructed file cache lbm with capacity 26214
I1002 04:41:22.413686 1945 fs_manager.cc:336] Time spent opening block manager: real 0.001s user 0.000s sys 0.000s
I1002 04:41:22.413841 1945 fs_manager.cc:349] Opened local filesystem: /tmp/run_tha_test1fMIRV/test-tmp/alter_table-test.AlterTableTest.TestAlterRangePartitioningInvalid.1506919259568928-1945/minicluster-data/ts-0-root uuid: "ce8571422844476291e6a585bcad7af7" format_stamp: "Formatted at 2017-10-02 04:41:22 on dist-test-slave-dist-test-slave-jfdk"
I1002 04:41:22.414026 1945 fs_report.cc:347] Block manager report -------------------- 1 data directories: /tmp/run_tha_test1fMIRV/test-tmp/alter_table-test.AlterTableTest.TestAlterRangePartitioningInvalid.1506919259568928-1945/minicluster-data/ts-0-root/data Total live blocks: 0 Total live bytes: 0 Total live bytes (after alignment): 0 Total number of LBM containers: 0 (0 full) Did not check for missing blocks Did not check for orphaned blocks Total full LBM containers with extra space: 0 (0 repaired) Total full LBM container extra space in bytes: 0 (0 repaired) Total incomplete LBM containers: 0 (0 repaired) Total LBM partial records: 0 (0 repaired)
I1002 04:41:22.454020 1945 ts_tablet_manager.cc:296] Loaded tablet metadata (0 live tablets)
