I1002 04:41:21.310151 5631 consensus_queue.cc:169] T 32a673bc4c0d492b85dc3dfb36885861 P 221569fd607c475788a6737c374d295e [LEADER]: Queue going to LEADER mode. State: All replicated index: 0, Majority replicated index: 0, Committed index: 0, Last appended: 0.0, Last appended by leader: 0, Current term: 1, Majority size: 1, State: 0, Mode: LEADER, active raft config: opid_index: -1 OBSOLETE_local: true peers { permanent_uuid: "221569fd607c475788a6737c374d295e" member_type: VOTER last_known_addr { host: "127.7.153.1" port: 36115 } }
I1002 04:41:21.312077 5627 ts_tablet_manager.cc:878] T a3543016a7ca44f18c9ad4881965ef5d P 221569fd607c475788a6737c374d295e: Bootstrapping tablet
I1002 04:41:21.312405 5627 tablet_bootstrap.cc:432] T a3543016a7ca44f18c9ad4881965ef5d P 221569fd607c475788a6737c374d295e: Bootstrap starting.
I1002 04:41:21.313511 5507 catalog_manager.cc:2510] T 32a673bc4c0d492b85dc3dfb36885861 P 221569fd607c475788a6737c374d295e reported cstate change: term changed from 0 to 1, leader changed from to 221569fd607c475788a6737c374d295e (127.7.153.1). New cstate: current_term: 1 leader_uuid: "221569fd607c475788a6737c374d295e" committed_config { opid_index: -1 OBSOLETE_local: true peers { permanent_uuid: "221569fd607c475788a6737c374d295e" member_type: VOTER last_known_addr { host: "127.7.153.1" port: 36115 } } }
I1002 04:41:21.314772 5627 tablet_bootstrap.cc:567] T a3543016a7ca44f18c9ad4881965ef5d P 221569fd607c475788a6737c374d295e: No blocks or log segments found. Creating new log.
I1002 04:41:21.316313 5491 catalog_manager.cc:2877] Scheduling retry of 32a673bc4c0d492b85dc3dfb36885861 (table test-alter-range-partitioning [id=bbe7fe35a039465cb55b4b7a2648bb18]) Alter Table RPC with a delay of 43 ms (attempt = 0)
W1002 04:41:21.316609 5491 catalog_manager.cc:2896] Async tablet task 32a673bc4c0d492b85dc3dfb36885861 (table test-alter-range-partitioning [id=bbe7fe35a039465cb55b4b7a2648bb18]) Alter Table RPC failed: Not found: Failed to reset TS proxy: No leader found: Tablet 32a673bc4c0d492b85dc3dfb36885861 consensus state has no leader
I1002 04:41:21.320669 5627 tablet_bootstrap.cc:432] T a3543016a7ca44f18c9ad4881965ef5d P 221569fd607c475788a6737c374d295e: No bootstrap required, opened a new log
I1002 04:41:21.321043 5627 ts_tablet_manager.cc:903] T a3543016a7ca44f18c9ad4881965ef5d P 221569fd607c475788a6737c374d295e: Time spent bootstrapping tablet: real 0.009s user 0.004s sys 0.000s
I1002 04:41:21.322469 5627 raft_consensus.cc:286] T a3543016a7ca44f18c9ad4881965ef5d P 221569fd607c475788a6737c374d295e [term 0 FOLLOWER]: Replica starting. Triggering 0 pending transactions. Active config: opid_index: -1 OBSOLETE_local: true peers { permanent_uuid: "221569fd607c475788a6737c374d295e" member_type: VOTER last_known_addr { host: "127.7.153.1" port: 36115 } }
I1002 04:41:21.322924 5627 raft_consensus.cc:312] T a3543016a7ca44f18c9ad4881965ef5d P 221569fd607c475788a6737c374d295e [term 0 FOLLOWER]: Consensus starting up: Expiring failure detector timer to make a prompt election more likely
I1002 04:41:21.323200 5627 raft_consensus.cc:578] T a3543016a7ca44f18c9ad4881965ef5d P 221569fd607c475788a6737c374d295e [term 0 FOLLOWER]: Becoming Follower/Learner. State: Replica: 221569fd607c475788a6737c374d295e, State: Initialized, Role: FOLLOWER
I1002 04:41:21.323490 5627 consensus_queue.cc:190] T a3543016a7ca44f18c9ad4881965ef5d P 221569fd607c475788a6737c374d295e [NON_LEADER]: Queue going to NON_LEADER mode. State: All replicated index: 0, Majority replicated index: 0, Committed index: 0, Last appended: 0.0, Last appended by leader: 0, Current term: 0, Majority size: -1, State: 0, Mode: NON_LEADER
I1002 04:41:21.323822 5627 raft_consensus.cc:327] T a3543016a7ca44f18c9ad4881965ef5d P 221569fd607c475788a6737c374d295e [term 0 FOLLOWER]: Only one voter in the Raft config. Triggering election immediately
I1002 04:41:21.324021 5627 raft_consensus.cc:411] T a3543016a7ca44f18c9ad4881965ef5d P 221569fd607c475788a6737c374d295e [term 0 FOLLOWER]: Starting leader election (initial election of a single-replica configuration)
I1002 04:41:21.324240 5627 raft_consensus.cc:2457] T a3543016a7ca44f18c9ad4881965ef5d P 221569fd607c475788a6737c374d295e: Snoozing failure detection for 1.622s (starting election)
I1002 04:41:21.324448 5627 raft_consensus.cc:2509] T a3543016a7ca44f18c9ad4881965ef5d P 221569fd607c475788a6737c374d295e [term 0 FOLLOWER]: Advancing to term 1
I1002 04:41:21.328749 5627 raft_consensus.cc:433] T a3543016a7ca44f18c9ad4881965ef5d P 221569fd607c475788a6737c374d295e [term 1 FOLLOWER]: Starting leader election with config: opid_index: -1 OBSOLETE_local: true peers { permanent_uuid: "221569fd607c475788a6737c374d295e" member_type: VOTER last_known_addr { host: "127.7.153.1" port: 36115 } }
I1002 04:41:21.329265 5627 leader_election.cc:248] T a3543016a7ca44f18c9ad4881965ef5d P 221569fd607c475788a6737c374d295e [CANDIDATE]: Term 1 election: Election decided. Result: candidate won.
I1002 04:41:21.329725 5630 raft_consensus.cc:2457] T a3543016a7ca44f18c9ad4881965ef5d P 221569fd607c475788a6737c374d295e: Snoozing failure detection for 1.859s (election complete)
I1002 04:41:21.329921 5630 raft_consensus.cc:2281] T a3543016a7ca44f18c9ad4881965ef5d P 221569fd607c475788a6737c374d295e [term 1 FOLLOWER]: Leader election won for term 1
I1002 04:41:21.330181 5630 raft_consensus.cc:545] T a3543016a7ca44f18c9ad4881965ef5d P 221569fd607c475788a6737c374d295e [term 1 LEADER]: Becoming Leader. State: Replica: 221569fd607c475788a6737c374d295e, State: Running, Role: LEADER
I1002 04:41:21.330456 5630 consensus_queue.cc:169] T a3543016a7ca44f18c9ad4881965ef5d P 221569fd607c475788a6737c374d295e [LEADER]: Queue going to LEADER mode. State: All replicated index: 0, Majority replicated index: 0, Committed index: 0, Last appended: 0.0, Last appended by leader: 0, Current term: 1, Majority size: 1, State: 0, Mode: LEADER, active raft config: opid_index: -1 OBSOLETE_local: true peers { permanent_uuid: "221569fd607c475788a6737c374d295e" member_type: VOTER last_known_addr { host: "127.7.153.1" port: 36115 } }
I1002 04:41:21.330708 5627 ts_tablet_manager.cc:931] T a3543016a7ca44f18c9ad4881965ef5d P 221569fd607c475788a6737c374d295e: Time spent starting tablet: real 0.009s user 0.012s sys 0.000s
I1002 04:41:21.333246 5507 catalog_manager.cc:2510] T a3543016a7ca44f18c9ad4881965ef5d P 221569fd607c475788a6737c374d295e reported cstate change: term changed from 0 to 1, leader changed from to 221569fd607c475788a6737c374d295e (127.7.153.1). New cstate: current_term: 1 leader_uuid: "221569fd607c475788a6737c374d295e" committed_config { opid_index: -1 OBSOLETE_local: true peers { permanent_uuid: "221569fd607c475788a6737c374d295e" member_type: VOTER last_known_addr { host: "127.7.153.1" port: 36115 } } }
I1002 04:41:21.340824 5507 catalog_manager.cc:3662] T 00000000000000000000000000000000 P 1ba2d2f15ef447369c71737d497326d3: test-alter-range-partitioning [id=bbe7fe35a039465cb55b4b7a2648bb18] alter complete (version 0)
I1002 04:41:21.454265 5508 catalog_manager.cc:1875] Servicing AlterTable request from {username='slave'} at 127.0.0.1:47447: table { table_name: "test-alter-range-partitioning" } alter_schema_steps { type: DROP_RANGE_PARTITION drop_range_partition { range_bounds { rows: "\006\001\000\000\000\000\007\001d\000\000\000" } } } alter_schema_steps { type: ADD_RANGE_PARTITION add_range_partition { range_bounds { rows: "\010\0011\000\000\000\t\001\225\000\000\000" } } } schema { columns { name: "c0" type: INT32 is_key: true is_nullable: false encoding: AUTO_ENCODING compression: DEFAULT_COMPRESSION cfile_block_size: 0 } columns { name: "c1" type: INT32 is_key: false is_nullable: false encoding: AUTO_ENCODING compression: DEFAULT_COMPRESSION cfile_block_size: 0 } }
I1002 04:41:21.461954 5508 catalog_manager.cc:2877] Scheduling retry of c0aea90a1936471da5dbfc7e3a9bcdc4 (table test-alter-range-partitioning [id=bbe7fe35a039465cb55b4b7a2648bb18]) Alter Table RPC with a delay of 47 ms (attempt = 0)
W1002 04:41:21.462255 5508 catalog_manager.cc:3416] Failed to send alter table request: Not found: Failed to reset TS proxy: No leader found: Tablet c0aea90a1936471da5dbfc7e3a9bcdc4 has no consensus state
I1002 04:41:21.462503 5508 catalog_manager.cc:2877] Scheduling retry of 6d3ce62e2a3f4aeca24f8c3fb3884d21 (table test-alter-range-partitioning [id=bbe7fe35a039465cb55b4b7a2648bb18]) Alter Table RPC with a delay of 50 ms (attempt = 0)
W1002 04:41:21.462693 5508 catalog_manager.cc:3416] Failed to send alter table request: Not found: Failed to reset TS proxy: No leader found: Tablet 6d3ce62e2a3f4aeca24f8c3fb3884d21 has no consensus state
I1002 04:41:21.462869 5508 catalog_manager.cc:3442] T 00000000000000000000000000000000 P 1ba2d2f15ef447369c71737d497326d3: Sending DeleteTablet for 1 replicas of tablet a3543016a7ca44f18c9ad4881965ef5d
I1002 04:41:21.463100 5508 catalog_manager.cc:3099] Sending DeleteTablet(TABLET_DATA_DELETED) for tablet a3543016a7ca44f18c9ad4881965ef5d on 221569fd607c475788a6737c374d295e (127.7.153.1:36115) (Partition dropped at 2017-10-02 04:41:21 UTC)
I1002 04:41:21.463369 5508 catalog_manager.cc:3442] T 00000000000000000000000000000000 P 1ba2d2f15ef447369c71737d497326d3: Sending DeleteTablet for 1 replicas of tablet 32a673bc4c0d492b85dc3dfb36885861
I1002 04:41:21.463624 5508 catalog_manager.cc:3099] Sending DeleteTablet(TABLET_DATA_DELETED) for tablet 32a673bc4c0d492b85dc3dfb36885861 on 221569fd607c475788a6737c374d295e (127.7.153.1:36115) (Partition dropped at 2017-10-02 04:41:21 UTC)
I1002 04:41:21.464222 5580 tablet_service.cc:806] Processing DeleteTablet for tablet a3543016a7ca44f18c9ad4881965ef5d with delete_type TABLET_DATA_DELETED (Partition dropped at 2017-10-02 04:41:21 UTC) from {username='slave'} at 127.0.0.1:59109
I1002 04:41:21.464601 5580 tablet_replica.cc:257] T a3543016a7ca44f18c9ad4881965ef5d P 221569fd607c475788a6737c374d295e: stopping tablet replica
I1002 04:41:21.464813 5580 maintenance_manager.cc:228] P 221569fd607c475788a6737c374d295e: Unregistered op CompactRowSetsOp(a3543016a7ca44f18c9ad4881965ef5d)
I1002 04:41:21.464743 5581 tablet_service.cc:806] Processing DeleteTablet for tablet 32a673bc4c0d492b85dc3dfb36885861 with delete_type TABLET_DATA_DELETED (Partition dropped at 2017-10-02 04:41:21 UTC) from {username='slave'} at 127.0.0.1:59109
I1002 04:41:21.465049 5580 maintenance_manager.cc:228] P 221569fd607c475788a6737c374d295e: Unregistered op MinorDeltaCompactionOp(a3543016a7ca44f18c9ad4881965ef5d)
I1002 04:41:21.465175 5581 tablet_replica.cc:257] T 32a673bc4c0d492b85dc3dfb36885861 P 221569fd607c475788a6737c374d295e: stopping tablet replica
I1002 04:41:21.465256 5580 maintenance_manager.cc:228] P 221569fd607c475788a6737c374d295e: Unregistered op MajorDeltaCompactionOp(a3543016a7ca44f18c9ad4881965ef5d)
I1002 04:41:21.465458 5581 maintenance_manager.cc:228] P 221569fd607c475788a6737c374d295e: Unregistered op CompactRowSetsOp(32a673bc4c0d492b85dc3dfb36885861)
I1002 04:41:21.465672 5581 maintenance_manager.cc:228] P 221569fd607c475788a6737c374d295e: Unregistered op MinorDeltaCompactionOp(32a673bc4c0d492b85dc3dfb36885861)
I1002 04:41:21.465854 5581 maintenance_manager.cc:228] P 221569fd607c475788a6737c374d295e: Unregistered op MajorDeltaCompactionOp(32a673bc4c0d492b85dc3dfb36885861)
I1002 04:41:21.466033 5581 maintenance_manager.cc:228] P 221569fd607c475788a6737c374d295e: Unregistered op UndoDeltaBlockGCOp(32a673bc4c0d492b85dc3dfb36885861)
I1002 04:41:21.466250 5581 maintenance_manager.cc:228] P 221569fd607c475788a6737c374d295e: Unregistered op FlushMRSOp(32a673bc4c0d492b85dc3dfb36885861)
I1002 04:41:21.466434 5581 maintenance_manager.cc:228] P 221569fd607c475788a6737c374d295e: Unregistered op FlushDeltaMemStoresOp(32a673bc4c0d492b85dc3dfb36885861)
I1002 04:41:21.466604 5581 maintenance_manager.cc:228] P 221569fd607c475788a6737c374d295e: Unregistered op LogGCOp(32a673bc4c0d492b85dc3dfb36885861)
I1002 04:41:21.466783 5581 raft_consensus.cc:1809] T 32a673bc4c0d492b85dc3dfb36885861 P 221569fd607c475788a6737c374d295e [term 1 LEADER]: Raft consensus shutting down.
I1002 04:41:21.467103 5581 raft_consensus.cc:1836] T 32a673bc4c0d492b85dc3dfb36885861 P 221569fd607c475788a6737c374d295e [term 1 FOLLOWER]: Raft consensus is shut down!
I1002 04:41:21.467803 5580 maintenance_manager.cc:228] P 221569fd607c475788a6737c374d295e: Unregistered op UndoDeltaBlockGCOp(a3543016a7ca44f18c9ad4881965ef5d)
I1002 04:41:21.468075 5580 maintenance_manager.cc:228] P 221569fd607c475788a6737c374d295e: Unregistered op FlushMRSOp(a3543016a7ca44f18c9ad4881965ef5d)
I1002 04:41:21.468268 5580 maintenance_manager.cc:228] P 221569fd607c475788a6737c374d295e: Unregistered op FlushDeltaMemStoresOp(a3543016a7ca44f18c9ad4881965ef5d)
I1002 04:41:21.468436 5580 maintenance_manager.cc:228] P 221569fd607c475788a6737c374d295e: Unregistered op LogGCOp(a3543016a7ca44f18c9ad4881965ef5d)
I1002 04:41:21.468614 5580 raft_consensus.cc:1809] T a3543016a7ca44f18c9ad4881965ef5d P 221569fd607c475788a6737c374d295e [term 1 LEADER]: Raft consensus shutting down.
I1002 04:41:21.468907 5580 raft_consensus.cc:1836] T a3543016a7ca44f18c9ad4881965ef5d P 221569fd607c475788a6737c374d295e [term 1 FOLLOWER]: Raft consensus is shut down!
I1002 04:41:21.474408 5579 tablet_service.cc:765] Processing CreateTablet for tablet 6d3ce62e2a3f4aeca24f8c3fb3884d21 (table=test-alter-range-partitioning [id=bbe7fe35a039465cb55b4b7a2648bb18]), partition=HASH (c0) PARTITION 1, RANGE (c0) PARTITION 50 <= VALUES < 150
I1002 04:41:21.480129 5582 tablet_service.cc:765] Processing CreateTablet for tablet c0aea90a1936471da5dbfc7e3a9bcdc4 (table=test-alter-range-partitioning [id=bbe7fe35a039465cb55b4b7a2648bb18]), partition=HASH (c0) PARTITION 0, RANGE (c0) PARTITION 50 <= VALUES < 150
I1002 04:41:21.484850 5581 ts_tablet_manager.cc:1203] T 32a673bc4c0d492b85dc3dfb36885861 P 221569fd607c475788a6737c374d295e: Deleting tablet data with delete state TABLET_DATA_DELETED
I1002 04:41:21.485880 5580 ts_tablet_manager.cc:1203] T a3543016a7ca44f18c9ad4881965ef5d P 221569fd607c475788a6737c374d295e: Deleting tablet data with delete state TABLET_DATA_DELETED
I1002 04:41:21.510346 5493 catalog_manager.cc:2877] Scheduling retry of c0aea90a1936471da5dbfc7e3a9bcdc4 (table test-alter-range-partitioning [id=bbe7fe35a039465cb55b4b7a2648bb18]) Alter Table RPC with a delay of 43 ms (attempt = 0)
W1002 04:41:21.510705 5493 catalog_manager.cc:2896] Async tablet task c0aea90a1936471da5dbfc7e3a9bcdc4 (table test-alter-range-partitioning [id=bbe7fe35a039465cb55b4b7a2648bb18]) Alter Table RPC failed: Not found: Failed to reset TS proxy: No leader found: Tablet c0aea90a1936471da5dbfc7e3a9bcdc4 consensus state has no leader
I1002 04:41:21.512387 5580 ts_tablet_manager.cc:1216] T a3543016a7ca44f18c9ad4881965ef5d P 221569fd607c475788a6737c374d295e: tablet deleted: last-logged OpId: 1.2
I1002 04:41:21.512670 5580 log.cc:980] T a3543016a7ca44f18c9ad4881965ef5d P 221569fd607c475788a6737c374d295e: Deleting WAL directory at /tmp/run_tha_test1fMIRV/test-tmp/alter_table-test.AlterTableTest.TestAlterRangePartitioning.1506919259568928-1945/minicluster-data/ts-0-root/wals/a3543016a7ca44f18c9ad4881965ef5d
I1002 04:41:21.513224 5493 catalog_manager.cc:2877] Scheduling retry of 6d3ce62e2a3f4aeca24f8c3fb3884d21 (table test-alter-range-partitioning [id=bbe7fe35a039465cb55b4b7a2648bb18]) Alter Table RPC with a delay of 39 ms (attempt = 0)
W1002 04:41:21.513542 5493 catalog_manager.cc:2896] Async tablet task 6d3ce62e2a3f4aeca24f8c3fb3884d21 (table test-alter-range-partitioning [id=bbe7fe35a039465cb55b4b7a2648bb18]) Alter Table RPC failed: Not found: Failed to reset TS proxy: No leader found: Tablet 6d3ce62e2a3f4aeca24f8c3fb3884d21 consensus state has no leader
I1002 04:41:21.513334 5580 ts_tablet_manager.cc:1234] T a3543016a7ca44f18c9ad4881965ef5d P 221569fd607c475788a6737c374d295e: Deleting consensus metadata
I1002 04:41:21.491484 5582 ts_tablet_manager.cc:1028] T c0aea90a1936471da5dbfc7e3a9bcdc4 P 221569fd607c475788a6737c374d295e: Registered tablet (data state: TABLET_DATA_READY)
I1002 04:41:21.514986 5627 ts_tablet_manager.cc:878] T c0aea90a1936471da5dbfc7e3a9bcdc4 P 221569fd607c475788a6737c374d295e: Bootstrapping tablet
I1002 04:41:21.515235 5579 ts_tablet_manager.cc:1028] T 6d3ce62e2a3f4aeca24f8c3fb3884d21 P 221569fd607c475788a6737c374d295e: Registered tablet (data state: TABLET_DATA_READY)
I1002 04:41:21.515348 5627 tablet_bootstrap.cc:432] T c0aea90a1936471da5dbfc7e3a9bcdc4 P 221569fd607c475788a6737c374d295e: Bootstrap starting.
I1002 04:41:21.499615 5581 ts_tablet_manager.cc:1216] T 32a673bc4c0d492b85dc3dfb36885861 P 221569fd607c475788a6737c374d295e: tablet deleted: last-logged OpId: 1.2
I1002 04:41:21.516036 5581 log.cc:980] T 32a673bc4c0d492b85dc3dfb36885861 P 221569fd607c475788a6737c374d295e: Deleting WAL directory at /tmp/run_tha_test1fMIRV/test-tmp/alter_table-test.AlterTableTest.TestAlterRangePartitioning.1506919259568928-1945/minicluster-data/ts-0-root/wals/32a673bc4c0d492b85dc3dfb36885861
I1002 04:41:21.516579 5581 ts_tablet_manager.cc:1234] T 32a673bc4c0d492b85dc3dfb36885861 P 221569fd607c475788a6737c374d295e: Deleting consensus metadata
I1002 04:41:21.517470 5627 tablet_bootstrap.cc:567] T c0aea90a1936471da5dbfc7e3a9bcdc4 P 221569fd607c475788a6737c374d295e: No blocks or log segments found. Creating new log.
I1002 04:41:21.520145 5627 tablet_bootstrap.cc:432] T c0aea90a1936471da5dbfc7e3a9bcdc4 P 221569fd607c475788a6737c374d295e: No bootstrap required, opened a new log
I1002 04:41:21.520283 5491 catalog_manager.cc:3077] TS 221569fd607c475788a6737c374d295e (127.7.153.1:36115): tablet 32a673bc4c0d492b85dc3dfb36885861 (table test-alter-range-partitioning [id=bbe7fe35a039465cb55b4b7a2648bb18]) successfully deleted
I1002 04:41:21.520483 5627 ts_tablet_manager.cc:903] T c0aea90a1936471da5dbfc7e3a9bcdc4 P 221569fd607c475788a6737c374d295e: Time spent bootstrapping tablet: real 0.005s user 0.004s sys 0.000s
I1002 04:41:21.521245 5491 catalog_manager.cc:3077] TS 221569fd607c475788a6737c374d295e (127.7.153.1:36115): tablet a3543016a7ca44f18c9ad4881965ef5d (table test-alter-range-partitioning [id=bbe7fe35a039465cb55b4b7a2648bb18]) successfully deleted
I1002 04:41:21.522045 5627 raft_consensus.cc:286] T c0aea90a1936471da5dbfc7e3a9bcdc4 P 221569fd607c475788a6737c374d295e [term 0 FOLLOWER]: Replica starting. Triggering 0 pending transactions. Active config: opid_index: -1 OBSOLETE_local: true peers { permanent_uuid: "221569fd607c475788a6737c374d295e" member_type: VOTER last_known_addr { host: "127.7.153.1" port: 36115 } }
I1002 04:41:21.522626 5627 raft_consensus.cc:312] T c0aea90a1936471da5dbfc7e3a9bcdc4 P 221569fd607c475788a6737c374d295e [term 0 FOLLOWER]: Consensus starting up: Expiring failure detector timer to make a prompt election more likely
I1002 04:41:21.522990 5627 raft_consensus.cc:578] T c0aea90a1936471da5dbfc7e3a9bcdc4 P 221569fd607c475788a6737c374d295e [term 0 FOLLOWER]: Becoming Follower/Learner. State: Replica: 221569fd607c475788a6737c374d295e, State: Initialized, Role: FOLLOWER
I1002 04:41:21.523334 5627 consensus_queue.cc:190] T c0aea90a1936471da5dbfc7e3a9bcdc4 P 221569fd607c475788a6737c374d295e [NON_LEADER]: Queue going to NON_LEADER mode. State: All replicated index: 0, Majority replicated index: 0, Committed index: 0, Last appended: 0.0, Last appended by leader: 0, Current term: 0, Majority size: -1, State: 0, Mode: NON_LEADER
I1002 04:41:21.523690 5627 raft_consensus.cc:327] T c0aea90a1936471da5dbfc7e3a9bcdc4 P 221569fd607c475788a6737c374d295e [term 0 FOLLOWER]: Only one voter in the Raft config. Triggering election immediately
I1002 04:41:21.523918 5627 raft_consensus.cc:411] T c0aea90a1936471da5dbfc7e3a9bcdc4 P 221569fd607c475788a6737c374d295e [term 0 FOLLOWER]: Starting leader election (initial election of a single-replica configuration)
I1002 04:41:21.524155 5627 raft_consensus.cc:2457] T c0aea90a1936471da5dbfc7e3a9bcdc4 P 221569fd607c475788a6737c374d295e: Snoozing failure detection for 1.815s (starting election)
I1002 04:41:21.524389 5627 raft_consensus.cc:2509] T c0aea90a1936471da5dbfc7e3a9bcdc4 P 221569fd607c475788a6737c374d295e [term 0 FOLLOWER]: Advancing to term 1
I1002 04:41:21.528820 5627 raft_consensus.cc:433] T c0aea90a1936471da5dbfc7e3a9bcdc4 P 221569fd607c475788a6737c374d295e [term 1 FOLLOWER]: Starting leader election with config: opid_index: -1 OBSOLETE_local: true peers { permanent_uuid: "221569fd607c475788a6737c374d295e" member_type: VOTER last_known_addr { host: "127.7.153.1" port: 36115 } }
I1002 04:41:21.529492 5627 leader_election.cc:248] T c0aea90a1936471da5dbfc7e3a9bcdc4 P 221569fd607c475788a6737c374d295e [CANDIDATE]: Term 1 election: Election decided. Result: candidate won.
I1002 04:41:21.529992 5631 raft_consensus.cc:2457] T c0aea90a1936471da5dbfc7e3a9bcdc4 P 221569fd607c475788a6737c374d295e: Snoozing failure detection for 1.942s (election complete)
I1002 04:41:21.530261 5631 raft_consensus.cc:2281] T c0aea90a1936471da5dbfc7e3a9bcdc4 P 221569fd607c475788a6737c374d295e [term 1 FOLLOWER]: Leader election won for term 1
I1002 04:41:21.530580 5631 raft_consensus.cc:545] T c0aea90a1936471da5dbfc7e3a9bcdc4 P 221569fd607c475788a6737c374d295e [term 1 LEADER]: Becoming Leader. State: Replica: 221569fd607c475788a6737c374d295e, State: Running, Role: LEADER
I1002 04:41:21.530884 5631 consensus_queue.cc:169] T c0aea90a1936471da5dbfc7e3a9bcdc4 P 221569fd607c475788a6737c374d295e [LEADER]: Queue going to LEADER mode. State: All replicated index: 0, Majority replicated index: 0, Committed index: 0, Last appended: 0.0, Last appended by leader: 0, Current term: 1, Majority size: 1, State: 0, Mode: LEADER, active raft config: opid_index: -1 OBSOLETE_local: true peers { permanent_uuid: "221569fd607c475788a6737c374d295e" member_type: VOTER last_known_addr { host: "127.7.153.1" port: 36115 } }
I1002 04:41:21.534111 5627 ts_tablet_manager.cc:931] T c0aea90a1936471da5dbfc7e3a9bcdc4 P 221569fd607c475788a6737c374d295e: Time spent starting tablet: real 0.013s user 0.008s sys 0.000s
I1002 04:41:21.534939 5507 catalog_manager.cc:2510] T c0aea90a1936471da5dbfc7e3a9bcdc4 P 221569fd607c475788a6737c374d295e reported cstate change: term changed from 0 to 1, leader changed from to 221569fd607c475788a6737c374d295e (127.7.153.1). New cstate: current_term: 1 leader_uuid: "221569fd607c475788a6737c374d295e" committed_config { opid_index: -1 OBSOLETE_local: true peers { permanent_uuid: "221569fd607c475788a6737c374d295e" member_type: VOTER last_known_addr { host: "127.7.153.1" port: 36115 } } }
I1002 04:41:21.536927 5627 ts_tablet_manager.cc:878] T 6d3ce62e2a3f4aeca24f8c3fb3884d21 P 221569fd607c475788a6737c374d295e: Bootstrapping tablet
I1002 04:41:21.537704 5627 tablet_bootstrap.cc:432] T 6d3ce62e2a3f4aeca24f8c3fb3884d21 P 221569fd607c475788a6737c374d295e: Bootstrap starting.
I1002 04:41:21.540848 5627 tablet_bootstrap.cc:567] T 6d3ce62e2a3f4aeca24f8c3fb3884d21 P 221569fd607c475788a6737c374d295e: No blocks or log segments found. Creating new log.
I1002 04:41:21.545272 5627 tablet_bootstrap.cc:432] T 6d3ce62e2a3f4aeca24f8c3fb3884d21 P 221569fd607c475788a6737c374d295e: No bootstrap required, opened a new log
I1002 04:41:21.545596 5627 ts_tablet_manager.cc:903] T 6d3ce62e2a3f4aeca24f8c3fb3884d21 P 221569fd607c475788a6737c374d295e: Time spent bootstrapping tablet: real 0.008s user 0.004s sys 0.000s
I1002 04:41:21.547893 5627 raft_consensus.cc:286] T 6d3ce62e2a3f4aeca24f8c3fb3884d21 P 221569fd607c475788a6737c374d295e [term 0 FOLLOWER]: Replica starting. Triggering 0 pending transactions. Active config: opid_index: -1 OBSOLETE_local: true peers { permanent_uuid: "221569fd607c475788a6737c374d295e" member_type: VOTER last_known_addr { host: "127.7.153.1" port: 36115 } }
I1002 04:41:21.548390 5627 raft_consensus.cc:312] T 6d3ce62e2a3f4aeca24f8c3fb3884d21 P 221569fd607c475788a6737c374d295e [term 0 FOLLOWER]: Consensus starting up: Expiring failure detector timer to make a prompt election more likely
I1002 04:41:21.548684 5627 raft_consensus.cc:578] T 6d3ce62e2a3f4aeca24f8c3fb3884d21 P 221569fd607c475788a6737c374d295e [term 0 FOLLOWER]: Becoming Follower/Learner. State: Replica: 221569fd607c475788a6737c374d295e, State: Initialized, Role: FOLLOWER
I1002 04:41:21.549019 5627 consensus_queue.cc:190] T 6d3ce62e2a3f4aeca24f8c3fb3884d21 P 221569fd607c475788a6737c374d295e [NON_LEADER]: Queue going to NON_LEADER mode. State: All replicated index: 0, Majority replicated index: 0, Committed index: 0, Last appended: 0.0, Last appended by leader: 0, Current term: 0, Majority size: -1, State: 0, Mode: NON_LEADER
I1002 04:41:21.549402 5627 raft_consensus.cc:327] T 6d3ce62e2a3f4aeca24f8c3fb3884d21 P 221569fd607c475788a6737c374d295e [term 0 FOLLOWER]: Only one voter in the Raft config. Triggering election immediately
I1002 04:41:21.549624 5627 raft_consensus.cc:411] T 6d3ce62e2a3f4aeca24f8c3fb3884d21 P 221569fd607c475788a6737c374d295e [term 0 FOLLOWER]: Starting leader election (initial election of a single-replica configuration)
I1002 04:41:21.549865 5627 raft_consensus.cc:2457] T 6d3ce62e2a3f4aeca24f8c3fb3884d21 P 221569fd607c475788a6737c374d295e: Snoozing failure detection for 1.977s (starting election)
I1002 04:41:21.550096 5627 raft_consensus.cc:2509] T 6d3ce62e2a3f4aeca24f8c3fb3884d21 P 221569fd607c475788a6737c374d295e [term 0 FOLLOWER]: Advancing to term 1
I1002 04:41:21.553117 5493 catalog_manager.cc:2877] Scheduling retry of 6d3ce62e2a3f4aeca24f8c3fb3884d21 (table test-alter-range-partitioning [id=bbe7fe35a039465cb55b4b7a2648bb18]) Alter Table RPC with a delay of 19 ms (attempt = 0)
W1002 04:41:21.553429 5493 catalog_manager.cc:2896] Async tablet task 6d3ce62e2a3f4aeca24f8c3fb3884d21 (table test-alter-range-partitioning [id=bbe7fe35a039465cb55b4b7a2648bb18]) Alter Table RPC failed: Not found: Failed to reset TS proxy: No leader found: Tablet 6d3ce62e2a3f4aeca24f8c3fb3884d21 consensus state has no leader
I1002 04:41:21.556380 5627 raft_consensus.cc:433] T 6d3ce62e2a3f4aeca24f8c3fb3884d21 P 221569fd607c475788a6737c374d295e [term 1 FOLLOWER]: Starting leader election with config: opid_index: -1 OBSOLETE_local: true peers { permanent_uuid: "221569fd607c475788a6737c374d295e" member_type: VOTER last_known_addr { host: "127.7.153.1" port: 36115 } }
I1002 04:41:21.557138 5627 leader_election.cc:248] T 6d3ce62e2a3f4aeca24f8c3fb3884d21 P 221569fd607c475788a6737c374d295e [CANDIDATE]: Term 1 election: Election decided. Result: candidate won.
I1002 04:41:21.557615 5630 raft_consensus.cc:2457] T 6d3ce62e2a3f4aeca24f8c3fb3884d21 P 221569fd607c475788a6737c374d295e: Snoozing failure detection for 1.983s (election complete)
I1002 04:41:21.557867 5630 raft_consensus.cc:2281] T 6d3ce62e2a3f4aeca24f8c3fb3884d21 P 221569fd607c475788a6737c374d295e [term 1 FOLLOWER]: Leader election won for term 1
I1002 04:41:21.558209 5630 raft_consensus.cc:545] T 6d3ce62e2a3f4aeca24f8c3fb3884d21 P 221569fd607c475788a6737c374d295e [term 1 LEADER]: Becoming Leader. State: Replica: 221569fd607c475788a6737c374d295e, State: Running, Role: LEADER
I1002 04:41:21.558509 5630 consensus_queue.cc:169] T 6d3ce62e2a3f4aeca24f8c3fb3884d21 P 221569fd607c475788a6737c374d295e [LEADER]: Queue going to LEADER mode. State: All replicated index: 0, Majority replicated index: 0, Committed index: 0, Last appended: 0.0, Last appended by leader: 0, Current term: 1, Majority size: 1, State: 0, Mode: LEADER, active raft config: opid_index: -1 OBSOLETE_local: true peers { permanent_uuid: "221569fd607c475788a6737c374d295e" member_type: VOTER last_known_addr { host: "127.7.153.1" port: 36115 } }
I1002 04:41:21.561343 5627 ts_tablet_manager.cc:931] T 6d3ce62e2a3f4aeca24f8c3fb3884d21 P 221569fd607c475788a6737c374d295e: Time spent starting tablet: real 0.016s user 0.008s sys 0.000s
I1002 04:41:21.563524 5507 catalog_manager.cc:2510] T 6d3ce62e2a3f4aeca24f8c3fb3884d21 P 221569fd607c475788a6737c374d295e reported cstate change: term changed from 0 to 1, leader changed from to 221569fd607c475788a6737c374d295e (127.7.153.1). New cstate: current_term: 1 leader_uuid: "221569fd607c475788a6737c374d295e" committed_config { opid_index: -1 OBSOLETE_local: true peers { permanent_uuid: "221569fd607c475788a6737c374d295e" member_type: VOTER last_known_addr { host: "127.7.153.1" port: 36115 } } }
I1002 04:41:21.575642 5507 catalog_manager.cc:3662] T 00000000000000000000000000000000 P 1ba2d2f15ef447369c71737d497326d3: test-alter-range-partitioning [id=bbe7fe35a039465cb55b4b7a2648bb18] alter complete (version 0)
I1002 04:41:21.673069 5508 catalog_manager.cc:1875] Servicing AlterTable request from {username='slave'} at 127.0.0.1:47447: table { table_name: "test-alter-range-partitioning" } alter_schema_steps { type: DROP_RANGE_PARTITION drop_range_partition { range_bounds { rows: "\006\0012\000\000\000\007\001\226\000\000\000" } } } alter_schema_steps { type: ADD_RANGE_PARTITION add_range_partition { range_bounds { rows: "\006\0012\000\000\000\007\001\226\000\000\000" } } } schema { columns { name: "c0" type: INT32 is_key: true is_nullable: false encoding: AUTO_ENCODING compression: DEFAULT_COMPRESSION cfile_block_size: 0 } columns { name: "c1" type: INT32 is_key: false is_nullable: false encoding: AUTO_ENCODING compression: DEFAULT_COMPRESSION cfile_block_size: 0 } }
I1002 04:41:21.680249 5508 catalog_manager.cc:2877] Scheduling retry of a862851043934601a1d8e87af4aa4533 (table test-alter-range-partitioning [id=bbe7fe35a039465cb55b4b7a2648bb18]) Alter Table RPC with a delay of 33 ms (attempt = 0)
W1002 04:41:21.680469 5508 catalog_manager.cc:3416] Failed to send alter table request: Not found: Failed to reset TS proxy: No leader found: Tablet a862851043934601a1d8e87af4aa4533 has no consensus state
I1002 04:41:21.680687 5508 catalog_manager.cc:2877] Scheduling retry of 3fafb0b0941e463a8b79b9c060e0738f (table test-alter-range-partitioning [id=bbe7fe35a039465cb55b4b7a2648bb18]) Alter Table RPC with a delay of 53 ms (attempt = 0)
W1002 04:41:21.680866 5508 catalog_manager.cc:3416] Failed to send alter table request: Not found: Failed to reset TS proxy: No leader found: Tablet 3fafb0b0941e463a8b79b9c060e0738f has no consensus state
I1002 04:41:21.681017 5508 catalog_manager.cc:3442] T 00000000000000000000000000000000 P 1ba2d2f15ef447369c71737d497326d3: Sending DeleteTablet for 1 replicas of tablet c0aea90a1936471da5dbfc7e3a9bcdc4
I1002 04:41:21.681216 5508 catalog_manager.cc:3099] Sending DeleteTablet(TABLET_DATA_DELETED) for tablet c0aea90a1936471da5dbfc7e3a9bcdc4 on 221569fd607c475788a6737c374d295e (127.7.153.1:36115) (Partition dropped at 2017-10-02 04:41:21 UTC)
I1002 04:41:21.681476 5508 catalog_manager.cc:3442] T 00000000000000000000000000000000 P 1ba2d2f15ef447369c71737d497326d3: Sending DeleteTablet for 1 replicas of tablet 6d3ce62e2a3f4aeca24f8c3fb3884d21
I1002 04:41:21.681735 5508 catalog_manager.cc:3099] Sending DeleteTablet(TABLET_DATA_DELETED) for tablet 6d3ce62e2a3f4aeca24f8c3fb3884d21 on 221569fd607c475788a6737c374d295e (127.7.153.1:36115) (Partition dropped at 2017-10-02 04:41:21 UTC)
I1002 04:41:21.682317 5580 tablet_service.cc:806] Processing DeleteTablet for tablet c0aea90a1936471da5dbfc7e3a9bcdc4 with delete_type TABLET_DATA_DELETED (Partition dropped at 2017-10-02 04:41:21 UTC) from {username='slave'} at 127.0.0.1:59109
I1002 04:41:21.682723 5580 tablet_replica.cc:257] T c0aea90a1936471da5dbfc7e3a9bcdc4 P 221569fd607c475788a6737c374d295e: stopping tablet replica
I1002 04:41:21.682940 5580 maintenance_manager.cc:228] P 221569fd607c475788a6737c374d295e: Unregistered op CompactRowSetsOp(c0aea90a1936471da5dbfc7e3a9bcdc4)
I1002 04:41:21.683151 5580 maintenance_manager.cc:228] P 221569fd607c475788a6737c374d295e: Unregistered op MinorDeltaCompactionOp(c0aea90a1936471da5dbfc7e3a9bcdc4)
I1002 04:41:21.683321 5580 maintenance_manager.cc:228] P 221569fd607c475788a6737c374d295e: Unregistered op MajorDeltaCompactionOp(c0aea90a1936471da5dbfc7e3a9bcdc4)
I1002 04:41:21.683492 5580 maintenance_manager.cc:228] P 221569fd607c475788a6737c374d295e: Unregistered op UndoDeltaBlockGCOp(c0aea90a1936471da5dbfc7e3a9bcdc4)
I1002 04:41:21.683727 5580 maintenance_manager.cc:228] P 221569fd607c475788a6737c374d295e: Unregistered op FlushMRSOp(c0aea90a1936471da5dbfc7e3a9bcdc4)
I1002 04:41:21.683920 5580 maintenance_manager.cc:228] P 221569fd607c475788a6737c374d295e: Unregistered op FlushDeltaMemStoresOp(c0aea90a1936471da5dbfc7e3a9bcdc4)
I1002 04:41:21.684099 5580 maintenance_manager.cc:228] P 221569fd607c475788a6737c374d295e: Unregistered op LogGCOp(c0aea90a1936471da5dbfc7e3a9bcdc4)
I1002 04:41:21.684267 5580 raft_consensus.cc:1809] T c0aea90a1936471da5dbfc7e3a9bcdc4 P 221569fd607c475788a6737c374d295e [term 1 LEADER]: Raft consensus shutting down.
I1002 04:41:21.684567 5580 raft_consensus.cc:1836] T c0aea90a1936471da5dbfc7e3a9bcdc4 P 221569fd607c475788a6737c374d295e [term 1 FOLLOWER]: Raft consensus is shut down!
I1002 04:41:21.682835 5581 tablet_service.cc:806] Processing DeleteTablet for tablet 6d3ce62e2a3f4aeca24f8c3fb3884d21 with delete_type TABLET_DATA_DELETED (Partition dropped at 2017-10-02 04:41:21 UTC) from {username='slave'} at 127.0.0.1:59109
I1002 04:41:21.685075 5581 tablet_replica.cc:257] T 6d3ce62e2a3f4aeca24f8c3fb3884d21 P 221569fd607c475788a6737c374d295e: stopping tablet replica
I1002 04:41:21.685293 5581 maintenance_manager.cc:228] P 221569fd607c475788a6737c374d295e: Unregistered op CompactRowSetsOp(6d3ce62e2a3f4aeca24f8c3fb3884d21)
I1002 04:41:21.685480 5581 maintenance_manager.cc:228] P 221569fd607c475788a6737c374d295e: Unregistered op MinorDeltaCompactionOp(6d3ce62e2a3f4aeca24f8c3fb3884d21)
I1002 04:41:21.685650 5581 maintenance_manager.cc:228] P 221569fd607c475788a6737c374d295e: Unregistered op MajorDeltaCompactionOp(6d3ce62e2a3f4aeca24f8c3fb3884d21)
I1002 04:41:21.685816 5581 maintenance_manager.cc:228] P 221569fd607c475788a6737c374d295e: Unregistered op UndoDeltaBlockGCOp(6d3ce62e2a3f4aeca24f8c3fb3884d21)
I1002 04:41:21.685997 5581 maintenance_manager.cc:228] P 221569fd607c475788a6737c374d295e: Unregistered op FlushMRSOp(6d3ce62e2a3f4aeca24f8c3fb3884d21)
I1002 04:41:21.686164 5581 maintenance_manager.cc:228] P 221569fd607c475788a6737c374d295e: Unregistered op FlushDeltaMemStoresOp(6d3ce62e2a3f4aeca24f8c3fb3884d21)
I1002 04:41:21.686318 5581 maintenance_manager.cc:228] P 221569fd607c475788a6737c374d295e: Unregistered op LogGCOp(6d3ce62e2a3f4aeca24f8c3fb3884d21)
I1002 04:41:21.686470 5581 raft_consensus.cc:1809] T 6d3ce62e2a3f4aeca24f8c3fb3884d21 P 221569fd607c475788a6737c374d295e [term 1 LEADER]: Raft consensus shutting down.
I1002 04:41:21.686758 5581 raft_consensus.cc:1836] T 6d3ce62e2a3f4aeca24f8c3fb3884d21 P 221569fd607c475788a6737c374d295e [term 1 FOLLOWER]: Raft consensus is shut down!
I1002 04:41:21.692302 5581 ts_tablet_manager.cc:1203] T 6d3ce62e2a3f4aeca24f8c3fb3884d21 P 221569fd607c475788a6737c374d295e: Deleting tablet data with delete state TABLET_DATA_DELETED
I1002 04:41:21.692234 5579 tablet_service.cc:765] Processing CreateTablet for tablet a862851043934601a1d8e87af4aa4533 (table=test-alter-range-partitioning [id=bbe7fe35a039465cb55b4b7a2648bb18]), partition=HASH (c0) PARTITION 0, RANGE (c0) PARTITION 50 <= VALUES < 150
I1002 04:41:21.692618 5580 ts_tablet_manager.cc:1203] T c0aea90a1936471da5dbfc7e3a9bcdc4 P 221569fd607c475788a6737c374d295e: Deleting tablet data with delete state TABLET_DATA_DELETED
I1002 04:41:21.693682 5582 tablet_service.cc:765] Processing CreateTablet for tablet 3fafb0b0941e463a8b79b9c060e0738f (table=test-alter-range-partitioning [id=bbe7fe35a039465cb55b4b7a2648bb18]), partition=HASH (c0) PARTITION 1, RANGE (c0) PARTITION 50 <= VALUES < 150
I1002 04:41:21.701701 5581 ts_tablet_manager.cc:1216] T 6d3ce62e2a3f4aeca24f8c3fb3884d21 P 221569fd607c475788a6737c374d295e: tablet deleted: last-logged OpId: 1.2
I1002 04:41:21.701938 5581 log.cc:980] T 6d3ce62e2a3f4aeca24f8c3fb3884d21 P 221569fd607c475788a6737c374d295e: Deleting WAL directory at /tmp/run_tha_test1fMIRV/test-tmp/alter_table-test.AlterTableTest.TestAlterRangePartitioning.1506919259568928-1945/minicluster-data/ts-0-root/wals/6d3ce62e2a3f4aeca24f8c3fb3884d21
I1002 04:41:21.701903 5579 ts_tablet_manager.cc:1028] T a862851043934601a1d8e87af4aa4533 P 221569fd607c475788a6737c374d295e: Registered tablet (data state: TABLET_DATA_READY)
I1002 04:41:21.702435 5627 ts_tablet_manager.cc:878] T a862851043934601a1d8e87af4aa4533 P 221569fd607c475788a6737c374d295e: Bootstrapping tablet
I1002 04:41:21.702556 5581 ts_tablet_manager.cc:1234] T 6d3ce62e2a3f4aeca24f8c3fb3884d21 P 221569fd607c475788a6737c374d295e: Deleting consensus metadata
I1002 04:41:21.702785 5627 tablet_bootstrap.cc:432] T a862851043934601a1d8e87af4aa4533 P 221569fd607c475788a6737c374d295e: Bootstrap starting.
I1002 04:41:21.704558 5491 catalog_manager.cc:3077] TS 221569fd607c475788a6737c374d295e (127.7.153.1:36115): tablet 6d3ce62e2a3f4aeca24f8c3fb3884d21 (table test-alter-range-partitioning [id=bbe7fe35a039465cb55b4b7a2648bb18]) successfully deleted
I1002 04:41:21.705452 5627 tablet_bootstrap.cc:567] T a862851043934601a1d8e87af4aa4533 P 221569fd607c475788a6737c374d295e: No blocks or log segments found. Creating new log.
I1002 04:41:21.709280 5582 ts_tablet_manager.cc:1028] T 3fafb0b0941e463a8b79b9c060e0738f P 221569fd607c475788a6737c374d295e: Registered tablet (data state: TABLET_DATA_READY)
I1002 04:41:21.710649 5580 ts_tablet_manager.cc:1216] T c0aea90a1936471da5dbfc7e3a9bcdc4 P 221569fd607c475788a6737c374d295e: tablet deleted: last-logged OpId: 1.2
I1002 04:41:21.710844 5580 log.cc:980] T c0aea90a1936471da5dbfc7e3a9bcdc4 P 221569fd607c475788a6737c374d295e: Deleting WAL directory at /tmp/run_tha_test1fMIRV/test-tmp/alter_table-test.AlterTableTest.TestAlterRangePartitioning.1506919259568928-1945/minicluster-data/ts-0-root/wals/c0aea90a1936471da5dbfc7e3a9bcdc4
I1002 04:41:21.711236 5580 ts_tablet_manager.cc:1234] T c0aea90a1936471da5dbfc7e3a9bcdc4 P 221569fd607c475788a6737c374d295e: Deleting consensus metadata
I1002 04:41:21.713266 5627 tablet_bootstrap.cc:432] T a862851043934601a1d8e87af4aa4533 P 221569fd607c475788a6737c374d295e: No bootstrap required, opened a new log
I1002 04:41:21.713249 5491 catalog_manager.cc:3077] TS 221569fd607c475788a6737c374d295e (127.7.153.1:36115): tablet c0aea90a1936471da5dbfc7e3a9bcdc4 (table test-alter-range-partitioning [id=bbe7fe35a039465cb55b4b7a2648bb18]) successfully deleted
I1002 04:41:21.713623 5627 ts_tablet_manager.cc:903] T a862851043934601a1d8e87af4aa4533 P 221569fd607c475788a6737c374d295e: Time spent bootstrapping tablet: real 0.011s user 0.004s sys 0.000s
I1002 04:41:21.714082 5492 catalog_manager.cc:2877] Scheduling retry of a862851043934601a1d8e87af4aa4533 (table test-alter-range-partitioning [id=bbe7fe35a039465cb55b4b7a2648bb18]) Alter Table RPC with a delay of 37 ms (attempt = 0)
W1002 04:41:21.714431 5492 catalog_manager.cc:2896] Async tablet task a862851043934601a1d8e87af4aa4533 (table test-alter-range-partitioning [id=bbe7fe35a039465cb55b4b7a2648bb18]) Alter Table RPC failed: Not found: Failed to reset TS proxy: No leader found: Tablet a862851043934601a1d8e87af4aa4533 consensus state has no leader
I1002 04:41:21.714711 5627 raft_consensus.cc:286] T a862851043934601a1d8e87af4aa4533 P 221569fd607c475788a6737c374d295e [term 0 FOLLOWER]: Replica starting. Triggering 0 pending transactions. Active config: opid_index: -1 OBSOLETE_local: true peers { permanent_uuid: "221569fd607c475788a6737c374d295e" member_type: VOTER last_known_addr { host: "127.7.153.1" port: 36115 } }
I1002 04:41:21.715107 5627 raft_consensus.cc:312] T a862851043934601a1d8e87af4aa4533 P 221569fd607c475788a6737c374d295e [term 0 FOLLOWER]: Consensus starting up: Expiring failure detector timer to make a prompt election more likely
I1002 04:41:21.715440 5627 raft_consensus.cc:578] T a862851043934601a1d8e87af4aa4533 P 221569fd607c475788a6737c374d295e [term 0 FOLLOWER]: Becoming Follower/Learner. State: Replica: 221569fd607c475788a6737c374d295e, State: Initialized, Role: FOLLOWER
I1002 04:41:21.715661 5627 consensus_queue.cc:190] T a862851043934601a1d8e87af4aa4533 P 221569fd607c475788a6737c374d295e [NON_LEADER]: Queue going to NON_LEADER mode. State: All replicated index: 0, Majority replicated index: 0, Committed index: 0, Last appended: 0.0, Last appended by leader: 0, Current term: 0, Majority size: -1, State: 0, Mode: NON_LEADER
I1002 04:41:21.715988 5627 raft_consensus.cc:327] T a862851043934601a1d8e87af4aa4533 P 221569fd607c475788a6737c374d295e [term 0 FOLLOWER]: Only one voter in the Raft config. Triggering election immediately
I1002 04:41:21.716189 5627 raft_consensus.cc:411] T a862851043934601a1d8e87af4aa4533 P 221569fd607c475788a6737c374d295e [term 0 FOLLOWER]: Starting leader election (initial election of a single-replica configuration)
I1002 04:41:21.716337 5627 raft_consensus.cc:2457] T a862851043934601a1d8e87af4aa4533 P 221569fd607c475788a6737c374d295e: Snoozing failure detection for 2.067s (starting election)
I1002 04:41:21.716478 5627 raft_consensus.cc:2509] T a862851043934601a1d8e87af4aa4533 P 221569fd607c475788a6737c374d295e [term 0 FOLLOWER]: Advancing to term 1
I1002 04:41:21.719355 5627 raft_consensus.cc:433] T a862851043934601a1d8e87af4aa4533 P 221569fd607c475788a6737c374d295e [term 1 FOLLOWER]: Starting leader election with config: opid_index: -1 OBSOLETE_local: true peers { permanent_uuid: "221569fd607c475788a6737c374d295e" member_type: VOTER last_known_addr { host: "127.7.153.1" port: 36115 } }
I1002 04:41:21.719842 5627 leader_election.cc:248] T a862851043934601a1d8e87af4aa4533 P 221569fd607c475788a6737c374d295e [CANDIDATE]: Term 1 election: Election decided. Result: candidate won.
I1002 04:41:21.720247 5631 raft_consensus.cc:2457] T a862851043934601a1d8e87af4aa4533 P 221569fd607c475788a6737c374d295e: Snoozing failure detection for 1.846s (election complete)
I1002 04:41:21.720490 5631 raft_consensus.cc:2281] T a862851043934601a1d8e87af4aa4533 P 221569fd607c475788a6737c374d295e [term 1 FOLLOWER]: Leader election won for term 1
I1002 04:41:21.720832 5631 raft_consensus.cc:545] T a862851043934601a1d8e87af4aa4533 P 221569fd607c475788a6737c374d295e [term 1 LEADER]: Becoming Leader. State: Replica: 221569fd607c475788a6737c374d295e, State: Running, Role: LEADER
I1002 04:41:21.721266 5627 ts_tablet_manager.cc:931] T a862851043934601a1d8e87af4aa4533 P 221569fd607c475788a6737c374d295e: Time spent starting tablet: real 0.007s user 0.004s sys 0.004s
I1002 04:41:21.721153 5631 consensus_queue.cc:169] T a862851043934601a1d8e87af4aa4533 P 221569fd607c475788a6737c374d295e [LEADER]: Queue going to LEADER mode. State: All replicated index: 0, Majority replicated index: 0, Committed index: 0, Last appended: 0.0, Last appended by leader: 0, Current term: 1, Majority size: 1, State: 0, Mode: LEADER, active raft config: opid_index: -1 OBSOLETE_local: true peers { permanent_uuid: "221569fd607c475788a6737c374d295e" member_type: VOTER last_known_addr { host: "127.7.153.1" port: 36115 } }
I1002 04:41:21.722993 5627 ts_tablet_manager.cc:878] T 3fafb0b0941e463a8b79b9c060e0738f P 221569fd607c475788a6737c374d295e: Bootstrapping tablet
I1002 04:41:21.723389 5627 tablet_bootstrap.cc:432] T 3fafb0b0941e463a8b79b9c060e0738f P 221569fd607c475788a6737c374d295e: Bootstrap starting.
I1002 04:41:21.724361 5508 catalog_manager.cc:2510] T a862851043934601a1d8e87af4aa4533 P 221569fd607c475788a6737c374d295e reported cstate change: term changed from 0 to 1, leader changed from to 221569fd607c475788a6737c374d295e (127.7.153.1). New cstate: current_term: 1 leader_uuid: "221569fd607c475788a6737c374d295e" committed_config { opid_index: -1 OBSOLETE_local: true peers { permanent_uuid: "221569fd607c475788a6737c374d295e" member_type: VOTER last_known_addr { host: "127.7.153.1" port: 36115 } } }
I1002 04:41:21.725800 5627 tablet_bootstrap.cc:567] T 3fafb0b0941e463a8b79b9c060e0738f P 221569fd607c475788a6737c374d295e: No blocks or log segments found. Creating new log.
I1002 04:41:21.728546 5627 tablet_bootstrap.cc:432] T 3fafb0b0941e463a8b79b9c060e0738f P 221569fd607c475788a6737c374d295e: No bootstrap required, opened a new log
I1002 04:41:21.728868 5627 ts_tablet_manager.cc:903] T 3fafb0b0941e463a8b79b9c060e0738f P 221569fd607c475788a6737c374d295e: Time spent bootstrapping tablet: real 0.006s user 0.004s sys 0.000s
I1002 04:41:21.730666 5627 raft_consensus.cc:286] T 3fafb0b0941e463a8b79b9c060e0738f P 221569fd607c475788a6737c374d295e [term 0 FOLLOWER]: Replica starting. Triggering 0 pending transactions. Active config: opid_index: -1 OBSOLETE_local: true peers { permanent_uuid: "221569fd607c475788a6737c374d295e" member_type: VOTER last_known_addr { host: "127.7.153.1" port: 36115 } }
I1002 04:41:21.731159 5627 raft_consensus.cc:312] T 3fafb0b0941e463a8b79b9c060e0738f P 221569fd607c475788a6737c374d295e [term 0 FOLLOWER]: Consensus starting up: Expiring failure detector timer to make a prompt election more likely
I1002 04:41:21.731452 5627 raft_consensus.cc:578] T 3fafb0b0941e463a8b79b9c060e0738f P 221569fd607c475788a6737c374d295e [term 0 FOLLOWER]: Becoming Follower/Learner. State: Replica: 221569fd607c475788a6737c374d295e, State: Initialized, Role: FOLLOWER
I1002 04:41:21.731808 5627 consensus_queue.cc:190] T 3fafb0b0941e463a8b79b9c060e0738f P 221569fd607c475788a6737c374d295e [NON_LEADER]: Queue going to NON_LEADER mode. State: All replicated index: 0, Majority replicated index: 0, Committed index: 0, Last appended: 0.0, Last appended by leader: 0, Current term: 0, Majority size: -1, State: 0, Mode: NON_LEADER
I1002 04:41:21.732157 5627 raft_consensus.cc:327] T 3fafb0b0941e463a8b79b9c060e0738f P 221569fd607c475788a6737c374d295e [term 0 FOLLOWER]: Only one voter in the Raft config. Triggering election immediately
I1002 04:41:21.732381 5627 raft_consensus.cc:411] T 3fafb0b0941e463a8b79b9c060e0738f P 221569fd607c475788a6737c374d295e [term 0 FOLLOWER]: Starting leader election (initial election of a single-replica configuration)
I1002 04:41:21.732630 5627 raft_consensus.cc:2457] T 3fafb0b0941e463a8b79b9c060e0738f P 221569fd607c475788a6737c374d295e: Snoozing failure detection for 1.510s (starting election)
I1002 04:41:21.732864 5627 raft_consensus.cc:2509] T 3fafb0b0941e463a8b79b9c060e0738f P 221569fd607c475788a6737c374d295e [term 0 FOLLOWER]: Advancing to term 1
I1002 04:41:21.734791 5494 catalog_manager.cc:2877] Scheduling retry of 3fafb0b0941e463a8b79b9c060e0738f (table test-alter-range-partitioning [id=bbe7fe35a039465cb55b4b7a2648bb18]) Alter Table RPC with a delay of 20 ms (attempt = 0)
W1002 04:41:21.735103 5494 catalog_manager.cc:2896] Async tablet task 3fafb0b0941e463a8b79b9c060e0738f (table test-alter-range-partitioning [id=bbe7fe35a039465cb55b4b7a2648bb18]) Alter Table RPC failed: Not found: Failed to reset TS proxy: No leader found: Tablet 3fafb0b0941e463a8b79b9c060e0738f consensus state has no leader
I1002 04:41:21.737656 5627 raft_consensus.cc:433] T 3fafb0b0941e463a8b79b9c060e0738f P 221569fd607c475788a6737c374d295e [term 1 FOLLOWER]: Starting leader election with config: opid_index: -1 OBSOLETE_local: true peers { permanent_uuid: "221569fd607c475788a6737c374d295e" member_type: VOTER last_known_addr { host: "127.7.153.1" port: 36115 } }
I1002 04:41:21.738204 5627 leader_election.cc:248] T 3fafb0b0941e463a8b79b9c060e0738f P 221569fd607c475788a6737c374d295e [CANDIDATE]: Term 1 election: Election decided. Result: candidate won.
I1002 04:41:21.738662 5630 raft_consensus.cc:2457] T 3fafb0b0941e463a8b79b9c060e0738f P 221569fd607c475788a6737c374d295e: Snoozing failure detection for 1.649s (election complete)
I1002 04:41:21.738857 5630 raft_consensus.cc:2281] T 3fafb0b0941e463a8b79b9c060e0738f P 221569fd607c475788a6737c374d295e [term 1 FOLLOWER]: Leader election won for term 1
I1002 04:41:21.739109 5630 raft_consensus.cc:545] T 3fafb0b0941e463a8b79b9c060e0738f P 221569fd607c475788a6737c374d295e [term 1 LEADER]: Becoming Leader. State: Replica: 221569fd607c475788a6737c374d295e, State: Running, Role: LEADER
I1002 04:41:21.739387 5630 consensus_queue.cc:169] T 3fafb0b0941e463a8b79b9c060e0738f P 221569fd607c475788a6737c374d295e [LEADER]: Queue going to LEADER mode. State: All replicated index: 0, Majority replicated index: 0, Committed index: 0, Last appended: 0.0, Last appended by leader: 0, Current term: 1, Majority size: 1, State: 0, Mode: LEADER, active raft config: opid_index: -1 OBSOLETE_local: true peers { permanent_uuid: "221569fd607c475788a6737c374d295e" member_type: VOTER last_known_addr { host: "127.7.153.1" port: 36115 } }
I1002 04:41:21.739619 5627 ts_tablet_manager.cc:931] T 3fafb0b0941e463a8b79b9c060e0738f P 221569fd607c475788a6737c374d295e: Time spent starting tablet: real 0.010s user 0.012s sys 0.000s
I1002 04:41:21.742686 5508 catalog_manager.cc:2510] T 3fafb0b0941e463a8b79b9c060e0738f P 221569fd607c475788a6737c374d295e reported cstate change: term changed from 0 to 1, leader changed from to 221569fd607c475788a6737c374d295e (127.7.153.1). New cstate: current_term: 1 leader_uuid: "221569fd607c475788a6737c374d295e" committed_config { opid_index: -1 OBSOLETE_local: true peers { permanent_uuid: "221569fd607c475788a6737c374d295e" member_type: VOTER last_known_addr { host: "127.7.153.1" port: 36115 } } }
I1002 04:41:21.749114 5508 catalog_manager.cc:3662] T 00000000000000000000000000000000 P 1ba2d2f15ef447369c71737d497326d3: test-alter-range-partitioning [id=bbe7fe35a039465cb55b4b7a2648bb18] alter complete (version 0)
