I1002 04:41:24.680047 5951 raft_consensus.cc:411] T f199048d571c419eb586f6d1c3ddac07 P 92a92cc5760d4f9e993b905318665696 [term 0 FOLLOWER]: Starting leader election (initial election of a single-replica configuration)
I1002 04:41:24.680228 5951 raft_consensus.cc:2457] T f199048d571c419eb586f6d1c3ddac07 P 92a92cc5760d4f9e993b905318665696: Snoozing failure detection for 1.534s (starting election)
I1002 04:41:24.680426 5951 raft_consensus.cc:2509] T f199048d571c419eb586f6d1c3ddac07 P 92a92cc5760d4f9e993b905318665696 [term 0 FOLLOWER]: Advancing to term 1
I1002 04:41:24.683207 5833 catalog_manager.cc:2877] Scheduling retry of 4aa07f5bc7fa4d689318a63bfd75d334 (table test-alter-range-partitioning-invalid-unbounded [id=28630d9ce835454abf530e382fb41675]) Alter Table RPC with a delay of 11 ms (attempt = 0)
W1002 04:41:24.683624 5833 catalog_manager.cc:3416] Failed to send alter table request: Not found: Failed to reset TS proxy: No leader found: Tablet 4aa07f5bc7fa4d689318a63bfd75d334 has no consensus state
I1002 04:41:24.684190 5951 raft_consensus.cc:433] T f199048d571c419eb586f6d1c3ddac07 P 92a92cc5760d4f9e993b905318665696 [term 1 FOLLOWER]: Starting leader election with config: opid_index: -1 OBSOLETE_local: true peers { permanent_uuid: "92a92cc5760d4f9e993b905318665696" member_type: VOTER last_known_addr { host: "127.7.153.1" port: 39250 } }
I1002 04:41:24.684658 5951 leader_election.cc:248] T f199048d571c419eb586f6d1c3ddac07 P 92a92cc5760d4f9e993b905318665696 [CANDIDATE]: Term 1 election: Election decided. Result: candidate won.
I1002 04:41:24.685070 5955 raft_consensus.cc:2457] T f199048d571c419eb586f6d1c3ddac07 P 92a92cc5760d4f9e993b905318665696: Snoozing failure detection for 1.560s (election complete)
I1002 04:41:24.685312 5955 raft_consensus.cc:2281] T f199048d571c419eb586f6d1c3ddac07 P 92a92cc5760d4f9e993b905318665696 [term 1 FOLLOWER]: Leader election won for term 1
I1002 04:41:24.685627 5955 raft_consensus.cc:545] T f199048d571c419eb586f6d1c3ddac07 P 92a92cc5760d4f9e993b905318665696 [term 1 LEADER]: Becoming Leader. State: Replica: 92a92cc5760d4f9e993b905318665696, State: Running, Role: LEADER
I1002 04:41:24.685994 5951 ts_tablet_manager.cc:931] T f199048d571c419eb586f6d1c3ddac07 P 92a92cc5760d4f9e993b905318665696: Time spent starting tablet: real 0.008s user 0.008s sys 0.000s
I1002 04:41:24.685950 5955 consensus_queue.cc:169] T f199048d571c419eb586f6d1c3ddac07 P 92a92cc5760d4f9e993b905318665696 [LEADER]: Queue going to LEADER mode. State: All replicated index: 0, Majority replicated index: 0, Committed index: 0, Last appended: 0.0, Last appended by leader: 0, Current term: 1, Majority size: 1, State: 0, Mode: LEADER, active raft config: opid_index: -1 OBSOLETE_local: true peers { permanent_uuid: "92a92cc5760d4f9e993b905318665696" member_type: VOTER last_known_addr { host: "127.7.153.1" port: 39250 } }
I1002 04:41:24.688442 5817 catalog_manager.cc:2877] Scheduling retry of 16347b539ec7456684793f254094ed89 (table test-alter-range-partitioning-invalid-unbounded [id=28630d9ce835454abf530e382fb41675]) Alter Table RPC with a delay of 33 ms (attempt = 0)
W1002 04:41:24.688745 5817 catalog_manager.cc:2896] Async tablet task 16347b539ec7456684793f254094ed89 (table test-alter-range-partitioning-invalid-unbounded [id=28630d9ce835454abf530e382fb41675]) Alter Table RPC failed: Not found: Failed to reset TS proxy: No leader found: Tablet 16347b539ec7456684793f254094ed89 consensus state has no leader
I1002 04:41:24.689561 5833 catalog_manager.cc:1875] Servicing AlterTable request from {username='slave'} at 127.0.0.1:56410: table { table_name: "test-alter-range-partitioning-invalid-unbounded" } alter_schema_steps { type: ADD_RANGE_PARTITION add_range_partition { range_bounds { rows: "\006\001\000\000\000\000\007\0012\000\000\000" } } } schema { columns { name: "c0" type: INT32 is_key: true is_nullable: false encoding: AUTO_ENCODING compression: DEFAULT_COMPRESSION cfile_block_size: 0 } columns { name: "c1" type: INT32 is_key: false is_nullable: false encoding: AUTO_ENCODING compression: DEFAULT_COMPRESSION cfile_block_size: 0 } }
I1002 04:41:24.690908 5905 tablet_service.cc:765] Processing CreateTablet for tablet 4aa07f5bc7fa4d689318a63bfd75d334 (table=test-alter-range-partitioning-invalid-unbounded [id=28630d9ce835454abf530e382fb41675]), partition=RANGE (c0) PARTITION 0 <= VALUES < 100
I1002 04:41:24.693457 5819 catalog_manager.cc:3099] Sending DeleteTablet(TABLET_DATA_DELETED) for tablet c2b8cfa799034977a43798f4f83e8d3d on 92a92cc5760d4f9e993b905318665696 (127.7.153.1:39250) (Partition dropped at 2017-10-02 04:41:24 UTC)
I1002 04:41:24.694808 5904 tablet_service.cc:806] Processing DeleteTablet for tablet c2b8cfa799034977a43798f4f83e8d3d with delete_type TABLET_DATA_DELETED (Partition dropped at 2017-10-02 04:41:24 UTC) from {username='slave'} at 127.0.0.1:45798
I1002 04:41:24.695235 5818 catalog_manager.cc:2877] Scheduling retry of 4aa07f5bc7fa4d689318a63bfd75d334 (table test-alter-range-partitioning-invalid-unbounded [id=28630d9ce835454abf530e382fb41675]) Alter Table RPC with a delay of 31 ms (attempt = 0)
W1002 04:41:24.695551 5818 catalog_manager.cc:2896] Async tablet task 4aa07f5bc7fa4d689318a63bfd75d334 (table test-alter-range-partitioning-invalid-unbounded [id=28630d9ce835454abf530e382fb41675]) Alter Table RPC failed: Not found: Failed to reset TS proxy: No leader found: Tablet 4aa07f5bc7fa4d689318a63bfd75d334 consensus state has no leader
I1002 04:41:24.694501 5833 catalog_manager.cc:1875] Servicing AlterTable request from {username='slave'} at 127.0.0.1:56410: table { table_name: "test-alter-range-partitioning-invalid-unbounded" } alter_schema_steps { type: DROP_RANGE_PARTITION drop_range_partition { range_bounds { rows: "\006\001\000\000\000\000\007\001d\000\000\000" } } } schema { columns { name: "c0" type: INT32 is_key: true is_nullable: false encoding: AUTO_ENCODING compression: DEFAULT_COMPRESSION cfile_block_size: 0 } columns { name: "c1" type: INT32 is_key: false is_nullable: false encoding: AUTO_ENCODING compression: DEFAULT_COMPRESSION cfile_block_size: 0 } }
W1002 04:41:24.696570 5819 catalog_manager.cc:3057] TS 92a92cc5760d4f9e993b905318665696 (127.7.153.1:39250): delete failed for tablet c2b8cfa799034977a43798f4f83e8d3d because the tablet was not found. No further retry: Not found: Tablet not found: c2b8cfa799034977a43798f4f83e8d3d
I1002 04:41:24.697646 5832 catalog_manager.cc:2369] Got report from deleted tablet f199048d571c419eb586f6d1c3ddac07 (table test-alter-range-partitioning-invalid-unbounded [id=28630d9ce835454abf530e382fb41675]) (Partition dropped at 2017-10-02 04:41:24 UTC): Sending delete request for this tablet
I1002 04:41:24.698029 5832 catalog_manager.cc:3099] Sending DeleteTablet(TABLET_DATA_DELETED) for tablet f199048d571c419eb586f6d1c3ddac07 on 92a92cc5760d4f9e993b905318665696 (127.7.153.1:39250) (Partition dropped at 2017-10-02 04:41:24 UTC)
I1002 04:41:24.699174 5819 catalog_manager.cc:3099] Sending DeleteTablet(TABLET_DATA_DELETED) for tablet f199048d571c419eb586f6d1c3ddac07 on 92a92cc5760d4f9e993b905318665696 (127.7.153.1:39250) (Partition dropped at 2017-10-02 04:41:24 UTC)
I1002 04:41:24.701305 5833 catalog_manager.cc:3442] T 00000000000000000000000000000000 P 4f89f43c5b1b4a7ab82ebafc420bd1f8: Sending DeleteTablet for 1 replicas of tablet 4aa07f5bc7fa4d689318a63bfd75d334
I1002 04:41:24.701402 5817 catalog_manager.cc:2877] Scheduling retry of f199048d571c419eb586f6d1c3ddac07 (table test-alter-range-partitioning-invalid-unbounded [id=28630d9ce835454abf530e382fb41675]) Alter Table RPC with a delay of 49 ms (attempt = 0)
I1002 04:41:24.701701 5833 catalog_manager.cc:3099] Sending DeleteTablet(TABLET_DATA_DELETED) for tablet 4aa07f5bc7fa4d689318a63bfd75d334 on 92a92cc5760d4f9e993b905318665696 (127.7.153.1:39250) (Partition dropped at 2017-10-02 04:41:24 UTC)
W1002 04:41:24.701748 5817 catalog_manager.cc:2896] Async tablet task f199048d571c419eb586f6d1c3ddac07 (table test-alter-range-partitioning-invalid-unbounded [id=28630d9ce835454abf530e382fb41675]) Alter Table RPC failed: Not found: Failed to reset TS proxy: No leader found: Tablet f199048d571c419eb586f6d1c3ddac07 consensus state has no leader
I1002 04:41:24.701498 5904 tablet_service.cc:806] Processing DeleteTablet for tablet f199048d571c419eb586f6d1c3ddac07 with delete_type TABLET_DATA_DELETED (Partition dropped at 2017-10-02 04:41:24 UTC) from {username='slave'} at 127.0.0.1:45798
I1002 04:41:24.702188 5904 tablet_replica.cc:257] T f199048d571c419eb586f6d1c3ddac07 P 92a92cc5760d4f9e993b905318665696: stopping tablet replica
I1002 04:41:24.702420 5904 maintenance_manager.cc:228] P 92a92cc5760d4f9e993b905318665696: Unregistered op CompactRowSetsOp(f199048d571c419eb586f6d1c3ddac07)
I1002 04:41:24.702626 5904 maintenance_manager.cc:228] P 92a92cc5760d4f9e993b905318665696: Unregistered op MinorDeltaCompactionOp(f199048d571c419eb586f6d1c3ddac07)
I1002 04:41:24.702798 5904 maintenance_manager.cc:228] P 92a92cc5760d4f9e993b905318665696: Unregistered op MajorDeltaCompactionOp(f199048d571c419eb586f6d1c3ddac07)
I1002 04:41:24.702967 5904 maintenance_manager.cc:228] P 92a92cc5760d4f9e993b905318665696: Unregistered op UndoDeltaBlockGCOp(f199048d571c419eb586f6d1c3ddac07)
I1002 04:41:24.703167 5904 maintenance_manager.cc:228] P 92a92cc5760d4f9e993b905318665696: Unregistered op FlushMRSOp(f199048d571c419eb586f6d1c3ddac07)
I1002 04:41:24.703110 5819 catalog_manager.cc:2877] Scheduling retry of eb376630c04d401f851e8216633104af (table test-alter-range-partitioning-invalid-unbounded [id=28630d9ce835454abf530e382fb41675]) Alter Table RPC with a delay of 34 ms (attempt = 0)
I1002 04:41:24.703380 5904 maintenance_manager.cc:228] P 92a92cc5760d4f9e993b905318665696: Unregistered op FlushDeltaMemStoresOp(f199048d571c419eb586f6d1c3ddac07)
W1002 04:41:24.703474 5819 catalog_manager.cc:2896] Async tablet task eb376630c04d401f851e8216633104af (table test-alter-range-partitioning-invalid-unbounded [id=28630d9ce835454abf530e382fb41675]) Alter Table RPC failed: Not found: Failed to reset TS proxy: No leader found: Tablet eb376630c04d401f851e8216633104af consensus state has no leader
I1002 04:41:24.703554 5904 maintenance_manager.cc:228] P 92a92cc5760d4f9e993b905318665696: Unregistered op LogGCOp(f199048d571c419eb586f6d1c3ddac07)
I1002 04:41:24.703773 5904 raft_consensus.cc:1809] T f199048d571c419eb586f6d1c3ddac07 P 92a92cc5760d4f9e993b905318665696 [term 1 LEADER]: Raft consensus shutting down.
I1002 04:41:24.704088 5904 raft_consensus.cc:1836] T f199048d571c419eb586f6d1c3ddac07 P 92a92cc5760d4f9e993b905318665696 [term 1 FOLLOWER]: Raft consensus is shut down!
I1002 04:41:24.702353 5906 tablet_service.cc:806] Processing DeleteTablet for tablet f199048d571c419eb586f6d1c3ddac07 with delete_type TABLET_DATA_DELETED (Partition dropped at 2017-10-02 04:41:24 UTC) from {username='slave'} at 127.0.0.1:45798
I1002 04:41:24.704804 5903 tablet_service.cc:806] Processing DeleteTablet for tablet 4aa07f5bc7fa4d689318a63bfd75d334 with delete_type TABLET_DATA_DELETED (Partition dropped at 2017-10-02 04:41:24 UTC) from {username='slave'} at 127.0.0.1:45798
I1002 04:41:24.705231 5817 catalog_manager.cc:2877] Scheduling retry of c2b8cfa799034977a43798f4f83e8d3d (table test-alter-range-partitioning-invalid-unbounded [id=28630d9ce835454abf530e382fb41675]) Alter Table RPC with a delay of 47 ms (attempt = 0)
W1002 04:41:24.705535 5817 catalog_manager.cc:2896] Async tablet task c2b8cfa799034977a43798f4f83e8d3d (table test-alter-range-partitioning-invalid-unbounded [id=28630d9ce835454abf530e382fb41675]) Alter Table RPC failed: Not found: Failed to reset TS proxy: No leader found: Tablet c2b8cfa799034977a43798f4f83e8d3d consensus state has no leader
I1002 04:41:24.706553 5833 catalog_manager.cc:2369] Got report from deleted tablet f199048d571c419eb586f6d1c3ddac07 (table test-alter-range-partitioning-invalid-unbounded [id=28630d9ce835454abf530e382fb41675]) (Partition dropped at 2017-10-02 04:41:24 UTC): Sending delete request for this tablet
I1002 04:41:24.706670 5832 catalog_manager.cc:1875] Servicing AlterTable request from {username='slave'} at 127.0.0.1:56410: table { table_name: "test-alter-range-partitioning-invalid-unbounded" } alter_schema_steps { type: ADD_RANGE_PARTITION add_range_partition { range_bounds { rows: "\006\001\000\000\000\000\007\001d\000\000\000" } } } alter_schema_steps { type: ADD_RANGE_PARTITION add_range_partition { range_bounds { rows: "\006\001\000\000\000\000\007\0012\000\000\000" } } } schema { columns { name: "c0" type: INT32 is_key: true is_nullable: false encoding: AUTO_ENCODING compression: DEFAULT_COMPRESSION cfile_block_size: 0 } columns { name: "c1" type: INT32 is_key: false is_nullable: false encoding: AUTO_ENCODING compression: DEFAULT_COMPRESSION cfile_block_size: 0 } }
W1002 04:41:24.707264 5819 catalog_manager.cc:3069] TS 92a92cc5760d4f9e993b905318665696 (127.7.153.1:39250): delete failed for tablet f199048d571c419eb586f6d1c3ddac07 with error code TABLET_NOT_RUNNING: Illegal state: State transition of tablet f199048d571c419eb586f6d1c3ddac07 already in progress: deleting tablet
I1002 04:41:24.707602 5819 catalog_manager.cc:2877] Scheduling retry of f199048d571c419eb586f6d1c3ddac07 Delete Tablet RPC for TS=92a92cc5760d4f9e993b905318665696 with a delay of 75 ms (attempt = 2)
W1002 04:41:24.708195 5819 catalog_manager.cc:3057] TS 92a92cc5760d4f9e993b905318665696 (127.7.153.1:39250): delete failed for tablet 4aa07f5bc7fa4d689318a63bfd75d334 because the tablet was not found. No further retry: Not found: Tablet not found: 4aa07f5bc7fa4d689318a63bfd75d334
I1002 04:41:24.711320 5818 catalog_manager.cc:2877] Scheduling retry of 324f6f5296ec4196903a9244e539c9d8 (table test-alter-range-partitioning-invalid-unbounded [id=28630d9ce835454abf530e382fb41675]) Alter Table RPC with a delay of 49 ms (attempt = 0)
I1002 04:41:24.711450 5905 ts_tablet_manager.cc:1028] T 4aa07f5bc7fa4d689318a63bfd75d334 P 92a92cc5760d4f9e993b905318665696: Registered tablet (data state: TABLET_DATA_READY)
I1002 04:41:24.711129 5832 catalog_manager.cc:1875] Servicing AlterTable request from {username='slave'} at 127.0.0.1:56410: table { table_name: "test-alter-range-partitioning-invalid-unbounded" } alter_schema_steps { type: ADD_RANGE_PARTITION add_range_partition { range_bounds { rows: "\006\001\000\000\000\000\007\001d\000\000\000" } } } schema { columns { name: "c0" type: INT32 is_key: true is_nullable: false encoding: AUTO_ENCODING compression: DEFAULT_COMPRESSION cfile_block_size: 0 } columns { name: "c1" type: INT32 is_key: false is_nullable: false encoding: AUTO_ENCODING compression: DEFAULT_COMPRESSION cfile_block_size: 0 } }
I1002 04:41:24.709728 5904 ts_tablet_manager.cc:1203] T f199048d571c419eb586f6d1c3ddac07 P 92a92cc5760d4f9e993b905318665696: Deleting tablet data with delete state TABLET_DATA_DELETED
W1002 04:41:24.711647 5818 catalog_manager.cc:2896] Async tablet task 324f6f5296ec4196903a9244e539c9d8 (table test-alter-range-partitioning-invalid-unbounded [id=28630d9ce835454abf530e382fb41675]) Alter Table RPC failed: Not found: Failed to reset TS proxy: No leader found: Tablet 324f6f5296ec4196903a9244e539c9d8 consensus state has no leader
I1002 04:41:24.711865 5951 ts_tablet_manager.cc:878] T 4aa07f5bc7fa4d689318a63bfd75d334 P 92a92cc5760d4f9e993b905318665696: Bootstrapping tablet
I1002 04:41:24.712214 5951 tablet_bootstrap.cc:432] T 4aa07f5bc7fa4d689318a63bfd75d334 P 92a92cc5760d4f9e993b905318665696: Bootstrap starting.
I1002 04:41:24.714625 5951 tablet_bootstrap.cc:567] T 4aa07f5bc7fa4d689318a63bfd75d334 P 92a92cc5760d4f9e993b905318665696: No blocks or log segments found. Creating new log.
I1002 04:41:24.715912 5816 catalog_manager.cc:2877] Scheduling retry of 2efdf5f4e04644448a2558f9940b74c1 (table test-alter-range-partitioning-invalid-unbounded [id=28630d9ce835454abf530e382fb41675]) Alter Table RPC with a delay of 44 ms (attempt = 0)
W1002 04:41:24.716203 5816 catalog_manager.cc:2896] Async tablet task 2efdf5f4e04644448a2558f9940b74c1 (table test-alter-range-partitioning-invalid-unbounded [id=28630d9ce835454abf530e382fb41675]) Alter Table RPC failed: Not found: Failed to reset TS proxy: No leader found: Tablet 2efdf5f4e04644448a2558f9940b74c1 consensus state has no leader
I1002 04:41:24.718492 5819 catalog_manager.cc:3099] Sending DeleteTablet(TABLET_DATA_DELETED) for tablet c2b8cfa799034977a43798f4f83e8d3d on 92a92cc5760d4f9e993b905318665696 (127.7.153.1:39250) (Partition dropped at 2017-10-02 04:41:24 UTC)
I1002 04:41:24.706970 5833 catalog_manager.cc:3099] Sending DeleteTablet(TABLET_DATA_DELETED) for tablet f199048d571c419eb586f6d1c3ddac07 on 92a92cc5760d4f9e993b905318665696 (127.7.153.1:39250) (Partition dropped at 2017-10-02 04:41:24 UTC)
I1002 04:41:24.720270 5832 catalog_manager.cc:2877] Scheduling retry of ffc46f65c62d4d5dbb276546317c22ad (table test-alter-range-partitioning-invalid-unbounded [id=28630d9ce835454abf530e382fb41675]) Alter Table RPC with a delay of 25 ms (attempt = 0)
W1002 04:41:24.720664 5832 catalog_manager.cc:3416] Failed to send alter table request: Not found: Failed to reset TS proxy: No leader found: Tablet ffc46f65c62d4d5dbb276546317c22ad has no consensus state
I1002 04:41:24.721856 5904 ts_tablet_manager.cc:1216] T f199048d571c419eb586f6d1c3ddac07 P 92a92cc5760d4f9e993b905318665696: tablet deleted: last-logged OpId: 1.1
I1002 04:41:24.722123 5904 log.cc:980] T f199048d571c419eb586f6d1c3ddac07 P 92a92cc5760d4f9e993b905318665696: Deleting WAL directory at /tmp/run_tha_test1fMIRV/test-tmp/alter_table-test.AlterTableTest.TestAddRangePartitionConflictExhaustive.1506919259568928-1945/minicluster-data/ts-0-root/wals/f199048d571c419eb586f6d1c3ddac07
I1002 04:41:24.719964 5905 tablet_service.cc:806] Processing DeleteTablet for tablet c2b8cfa799034977a43798f4f83e8d3d with delete_type TABLET_DATA_DELETED (Partition dropped at 2017-10-02 04:41:24 UTC) from {username='slave'} at 127.0.0.1:45798
I1002 04:41:24.722806 5904 ts_tablet_manager.cc:1234] T f199048d571c419eb586f6d1c3ddac07 P 92a92cc5760d4f9e993b905318665696: Deleting consensus metadata
I1002 04:41:24.723093 5817 catalog_manager.cc:2877] Scheduling retry of 16347b539ec7456684793f254094ed89 (table test-alter-range-partitioning-invalid-unbounded [id=28630d9ce835454abf530e382fb41675]) Alter Table RPC with a delay of 55 ms (attempt = 0)
W1002 04:41:24.724380 5817 catalog_manager.cc:2896] Async tablet task 16347b539ec7456684793f254094ed89 (table test-alter-range-partitioning-invalid-unbounded [id=28630d9ce835454abf530e382fb41675]) Alter Table RPC failed: Not found: Failed to reset TS proxy: No leader found: Tablet 16347b539ec7456684793f254094ed89 consensus state has no leader
I1002 04:41:24.726400 5904 tablet_service.cc:806] Processing DeleteTablet for tablet f199048d571c419eb586f6d1c3ddac07 with delete_type TABLET_DATA_DELETED (Partition dropped at 2017-10-02 04:41:24 UTC) from {username='slave'} at 127.0.0.1:45798
I1002 04:41:24.727442 5951 tablet_bootstrap.cc:432] T 4aa07f5bc7fa4d689318a63bfd75d334 P 92a92cc5760d4f9e993b905318665696: No bootstrap required, opened a new log
I1002 04:41:24.727560 5819 catalog_manager.cc:3077] TS 92a92cc5760d4f9e993b905318665696 (127.7.153.1:39250): tablet f199048d571c419eb586f6d1c3ddac07 (table test-alter-range-partitioning-invalid-unbounded [id=28630d9ce835454abf530e382fb41675]) successfully deleted
I1002 04:41:24.727980 5818 catalog_manager.cc:2877] Scheduling retry of 4aa07f5bc7fa4d689318a63bfd75d334 (table test-alter-range-partitioning-invalid-unbounded [id=28630d9ce835454abf530e382fb41675]) Alter Table RPC with a delay of 17 ms (attempt = 0)
W1002 04:41:24.728235 5818 catalog_manager.cc:2896] Async tablet task 4aa07f5bc7fa4d689318a63bfd75d334 (table test-alter-range-partitioning-invalid-unbounded [id=28630d9ce835454abf530e382fb41675]) Alter Table RPC failed: Not found: Failed to reset TS proxy: No leader found: Tablet 4aa07f5bc7fa4d689318a63bfd75d334 consensus state has no leader
I1002 04:41:24.728499 5951 ts_tablet_manager.cc:903] T 4aa07f5bc7fa4d689318a63bfd75d334 P 92a92cc5760d4f9e993b905318665696: Time spent bootstrapping tablet: real 0.016s user 0.000s sys 0.012s
I1002 04:41:24.728754 5904 tablet_service.cc:765] Processing CreateTablet for tablet ffc46f65c62d4d5dbb276546317c22ad (table=test-alter-range-partitioning-invalid-unbounded [id=28630d9ce835454abf530e382fb41675]), partition=RANGE (c0) PARTITION 0 <= VALUES < 100
I1002 04:41:24.729652 5951 raft_consensus.cc:286] T 4aa07f5bc7fa4d689318a63bfd75d334 P 92a92cc5760d4f9e993b905318665696 [term 0 FOLLOWER]: Replica starting. Triggering 0 pending transactions. Active config: opid_index: -1 OBSOLETE_local: true peers { permanent_uuid: "92a92cc5760d4f9e993b905318665696" member_type: VOTER last_known_addr { host: "127.7.153.1" port: 39250 } }
I1002 04:41:24.730005 5951 raft_consensus.cc:312] T 4aa07f5bc7fa4d689318a63bfd75d334 P 92a92cc5760d4f9e993b905318665696 [term 0 FOLLOWER]: Consensus starting up: Expiring failure detector timer to make a prompt election more likely
I1002 04:41:24.730208 5951 raft_consensus.cc:578] T 4aa07f5bc7fa4d689318a63bfd75d334 P 92a92cc5760d4f9e993b905318665696 [term 0 FOLLOWER]: Becoming Follower/Learner. State: Replica: 92a92cc5760d4f9e993b905318665696, State: Initialized, Role: FOLLOWER
I1002 04:41:24.730469 5951 consensus_queue.cc:190] T 4aa07f5bc7fa4d689318a63bfd75d334 P 92a92cc5760d4f9e993b905318665696 [NON_LEADER]: Queue going to NON_LEADER mode. State: All replicated index: 0, Majority replicated index: 0, Committed index: 0, Last appended: 0.0, Last appended by leader: 0, Current term: 0, Majority size: -1, State: 0, Mode: NON_LEADER
I1002 04:41:24.730692 5951 raft_consensus.cc:327] T 4aa07f5bc7fa4d689318a63bfd75d334 P 92a92cc5760d4f9e993b905318665696 [term 0 FOLLOWER]: Only one voter in the Raft config. Triggering election immediately
I1002 04:41:24.730829 5951 raft_consensus.cc:411] T 4aa07f5bc7fa4d689318a63bfd75d334 P 92a92cc5760d4f9e993b905318665696 [term 0 FOLLOWER]: Starting leader election (initial election of a single-replica configuration)
I1002 04:41:24.730980 5951 raft_consensus.cc:2457] T 4aa07f5bc7fa4d689318a63bfd75d334 P 92a92cc5760d4f9e993b905318665696: Snoozing failure detection for 1.625s (starting election)
I1002 04:41:24.731138 5951 raft_consensus.cc:2509] T 4aa07f5bc7fa4d689318a63bfd75d334 P 92a92cc5760d4f9e993b905318665696 [term 0 FOLLOWER]: Advancing to term 1
I1002 04:41:24.734149 5951 raft_consensus.cc:433] T 4aa07f5bc7fa4d689318a63bfd75d334 P 92a92cc5760d4f9e993b905318665696 [term 1 FOLLOWER]: Starting leader election with config: opid_index: -1 OBSOLETE_local: true peers { permanent_uuid: "92a92cc5760d4f9e993b905318665696" member_type: VOTER last_known_addr { host: "127.7.153.1" port: 39250 } }
I1002 04:41:24.734575 5951 leader_election.cc:248] T 4aa07f5bc7fa4d689318a63bfd75d334 P 92a92cc5760d4f9e993b905318665696 [CANDIDATE]: Term 1 election: Election decided. Result: candidate won.
I1002 04:41:24.734961 5953 raft_consensus.cc:2457] T 4aa07f5bc7fa4d689318a63bfd75d334 P 92a92cc5760d4f9e993b905318665696: Snoozing failure detection for 2.094s (election complete)
I1002 04:41:24.735201 5953 raft_consensus.cc:2281] T 4aa07f5bc7fa4d689318a63bfd75d334 P 92a92cc5760d4f9e993b905318665696 [term 1 FOLLOWER]: Leader election won for term 1
I1002 04:41:24.735527 5953 raft_consensus.cc:545] T 4aa07f5bc7fa4d689318a63bfd75d334 P 92a92cc5760d4f9e993b905318665696 [term 1 LEADER]: Becoming Leader. State: Replica: 92a92cc5760d4f9e993b905318665696, State: Running, Role: LEADER
I1002 04:41:24.735930 5951 ts_tablet_manager.cc:931] T 4aa07f5bc7fa4d689318a63bfd75d334 P 92a92cc5760d4f9e993b905318665696: Time spent starting tablet: real 0.007s user 0.008s sys 0.000s
I1002 04:41:24.736075 5953 consensus_queue.cc:169] T 4aa07f5bc7fa4d689318a63bfd75d334 P 92a92cc5760d4f9e993b905318665696 [LEADER]: Queue going to LEADER mode. State: All replicated index: 0, Majority replicated index: 0, Committed index: 0, Last appended: 0.0, Last appended by leader: 0, Current term: 1, Majority size: 1, State: 0, Mode: LEADER, active raft config: opid_index: -1 OBSOLETE_local: true peers { permanent_uuid: "92a92cc5760d4f9e993b905318665696" member_type: VOTER last_known_addr { host: "127.7.153.1" port: 39250 } }
W1002 04:41:24.736256 5819 catalog_manager.cc:3057] TS 92a92cc5760d4f9e993b905318665696 (127.7.153.1:39250): delete failed for tablet c2b8cfa799034977a43798f4f83e8d3d because the tablet was not found. No further retry: Not found: Tablet not found: c2b8cfa799034977a43798f4f83e8d3d
I1002 04:41:24.736403 5832 catalog_manager.cc:1875] Servicing AlterTable request from {username='slave'} at 127.0.0.1:56410: table { table_name: "test-alter-range-partitioning-invalid-unbounded" } alter_schema_steps { type: DROP_RANGE_PARTITION drop_range_partition { range_bounds { rows: "\006\001\000\000\000\000\007\0012\000\000\000" } } } schema { columns { name: "c0" type: INT32 is_key: true is_nullable: false encoding: AUTO_ENCODING compression: DEFAULT_COMPRESSION cfile_block_size: 0 } columns { name: "c1" type: INT32 is_key: false is_nullable: false encoding: AUTO_ENCODING compression: DEFAULT_COMPRESSION cfile_block_size: 0 } }
I1002 04:41:24.739138 5819 catalog_manager.cc:2877] Scheduling retry of eb376630c04d401f851e8216633104af (table test-alter-range-partitioning-invalid-unbounded [id=28630d9ce835454abf530e382fb41675]) Alter Table RPC with a delay of 19 ms (attempt = 0)
W1002 04:41:24.739418 5819 catalog_manager.cc:2896] Async tablet task eb376630c04d401f851e8216633104af (table test-alter-range-partitioning-invalid-unbounded [id=28630d9ce835454abf530e382fb41675]) Alter Table RPC failed: Not found: Failed to reset TS proxy: No leader found: Tablet eb376630c04d401f851e8216633104af consensus state has no leader
W1002 04:41:24.741433 5819 catalog_manager.cc:3057] TS 92a92cc5760d4f9e993b905318665696 (127.7.153.1:39250): delete failed for tablet f199048d571c419eb586f6d1c3ddac07 because the tablet was not found. No further retry: Not found: Tablet not found: f199048d571c419eb586f6d1c3ddac07
I1002 04:41:24.742177 5904 ts_tablet_manager.cc:1028] T ffc46f65c62d4d5dbb276546317c22ad P 92a92cc5760d4f9e993b905318665696: Registered tablet (data state: TABLET_DATA_READY)
I1002 04:41:24.742604 5951 ts_tablet_manager.cc:878] T ffc46f65c62d4d5dbb276546317c22ad P 92a92cc5760d4f9e993b905318665696: Bootstrapping tablet
I1002 04:41:24.742310 5832 catalog_manager.cc:1875] Servicing AlterTable request from {username='slave'} at 127.0.0.1:56410: table { table_name: "test-alter-range-partitioning-invalid-unbounded" } alter_schema_steps { type: DROP_RANGE_PARTITION drop_range_partition { range_bounds { rows: "\006\001\000\000\000\000\007\001d\000\000\000" } } } schema { columns { name: "c0" type: INT32 is_key: true is_nullable: false encoding: AUTO_ENCODING compression: DEFAULT_COMPRESSION cfile_block_size: 0 } columns { name: "c1" type: INT32 is_key: false is_nullable: false encoding: AUTO_ENCODING compression: DEFAULT_COMPRESSION cfile_block_size: 0 } }
I1002 04:41:24.743017 5951 tablet_bootstrap.cc:432] T ffc46f65c62d4d5dbb276546317c22ad P 92a92cc5760d4f9e993b905318665696: Bootstrap starting.
I1002 04:41:24.745801 5818 catalog_manager.cc:2877] Scheduling retry of 4aa07f5bc7fa4d689318a63bfd75d334 (table test-alter-range-partitioning-invalid-unbounded [id=28630d9ce835454abf530e382fb41675]) Alter Table RPC with a delay of 28 ms (attempt = 0)
W1002 04:41:24.746088 5818 catalog_manager.cc:2896] Async tablet task 4aa07f5bc7fa4d689318a63bfd75d334 (table test-alter-range-partitioning-invalid-unbounded [id=28630d9ce835454abf530e382fb41675]) Alter Table RPC failed: Not found: Failed to reset TS proxy: No leader found: Tablet 4aa07f5bc7fa4d689318a63bfd75d334 consensus state has no leader
I1002 04:41:24.746304 5833 catalog_manager.cc:2369] Got report from deleted tablet 4aa07f5bc7fa4d689318a63bfd75d334 (table test-alter-range-partitioning-invalid-unbounded [id=28630d9ce835454abf530e382fb41675]) (Partition dropped at 2017-10-02 04:41:24 UTC): Sending delete request for this tablet
I1002 04:41:24.746415 5818 catalog_manager.cc:2877] Scheduling retry of ffc46f65c62d4d5dbb276546317c22ad (table test-alter-range-partitioning-invalid-unbounded [id=28630d9ce835454abf530e382fb41675]) Alter Table RPC with a delay of 30 ms (attempt = 0)
W1002 04:41:24.746642 5818 catalog_manager.cc:2896] Async tablet task ffc46f65c62d4d5dbb276546317c22ad (table test-alter-range-partitioning-invalid-unbounded [id=28630d9ce835454abf530e382fb41675]) Alter Table RPC failed: Not found: Failed to reset TS proxy: No leader found: Tablet ffc46f65c62d4d5dbb276546317c22ad consensus state has no leader
I1002 04:41:24.746686 5833 catalog_manager.cc:3099] Sending DeleteTablet(TABLET_DATA_DELETED) for tablet 4aa07f5bc7fa4d689318a63bfd75d334 on 92a92cc5760d4f9e993b905318665696 (127.7.153.1:39250) (Partition dropped at 2017-10-02 04:41:24 UTC)
I1002 04:41:24.745506 5951 tablet_bootstrap.cc:567] T ffc46f65c62d4d5dbb276546317c22ad P 92a92cc5760d4f9e993b905318665696: No blocks or log segments found. Creating new log.
I1002 04:41:24.749451 5832 catalog_manager.cc:3442] T 00000000000000000000000000000000 P 4f89f43c5b1b4a7ab82ebafc420bd1f8: Sending DeleteTablet for 1 replicas of tablet ffc46f65c62d4d5dbb276546317c22ad
I1002 04:41:24.749742 5832 catalog_manager.cc:3099] Sending DeleteTablet(TABLET_DATA_DELETED) for tablet ffc46f65c62d4d5dbb276546317c22ad on 92a92cc5760d4f9e993b905318665696 (127.7.153.1:39250) (Partition dropped at 2017-10-02 04:41:24 UTC)
I1002 04:41:24.750900 5904 tablet_service.cc:806] Processing DeleteTablet for tablet 4aa07f5bc7fa4d689318a63bfd75d334 with delete_type TABLET_DATA_DELETED (Partition dropped at 2017-10-02 04:41:24 UTC) from {username='slave'} at 127.0.0.1:45798
I1002 04:41:24.751251 5904 tablet_replica.cc:257] T 4aa07f5bc7fa4d689318a63bfd75d334 P 92a92cc5760d4f9e993b905318665696: stopping tablet replica
I1002 04:41:24.751484 5904 maintenance_manager.cc:228] P 92a92cc5760d4f9e993b905318665696: Unregistered op CompactRowSetsOp(4aa07f5bc7fa4d689318a63bfd75d334)
I1002 04:41:24.751971 5817 catalog_manager.cc:2877] Scheduling retry of f199048d571c419eb586f6d1c3ddac07 (table test-alter-range-partitioning-invalid-unbounded [id=28630d9ce835454abf530e382fb41675]) Alter Table RPC with a delay of 45 ms (attempt = 0)
W1002 04:41:24.752279 5817 catalog_manager.cc:2896] Async tablet task f199048d571c419eb586f6d1c3ddac07 (table test-alter-range-partitioning-invalid-unbounded [id=28630d9ce835454abf530e382fb41675]) Alter Table RPC failed: Not found: Failed to reset TS proxy: No leader found: Tablet f199048d571c419eb586f6d1c3ddac07 consensus state has no leader
I1002 04:41:24.751726 5904 maintenance_manager.cc:228] P 92a92cc5760d4f9e993b905318665696: Unregistered op MinorDeltaCompactionOp(4aa07f5bc7fa4d689318a63bfd75d334)
I1002 04:41:24.752699 5904 maintenance_manager.cc:228] P 92a92cc5760d4f9e993b905318665696: Unregistered op MajorDeltaCompactionOp(4aa07f5bc7fa4d689318a63bfd75d334)
I1002 04:41:24.752879 5904 maintenance_manager.cc:228] P 92a92cc5760d4f9e993b905318665696: Unregistered op UndoDeltaBlockGCOp(4aa07f5bc7fa4d689318a63bfd75d334)
I1002 04:41:24.753077 5904 maintenance_manager.cc:228] P 92a92cc5760d4f9e993b905318665696: Unregistered op FlushMRSOp(4aa07f5bc7fa4d689318a63bfd75d334)
I1002 04:41:24.753258 5904 maintenance_manager.cc:228] P 92a92cc5760d4f9e993b905318665696: Unregistered op FlushDeltaMemStoresOp(4aa07f5bc7fa4d689318a63bfd75d334)
I1002 04:41:24.753262 5905 tablet_service.cc:806] Processing DeleteTablet for tablet ffc46f65c62d4d5dbb276546317c22ad with delete_type TABLET_DATA_DELETED (Partition dropped at 2017-10-02 04:41:24 UTC) from {username='slave'} at 127.0.0.1:45798
I1002 04:41:24.753464 5904 maintenance_manager.cc:228] P 92a92cc5760d4f9e993b905318665696: Unregistered op LogGCOp(4aa07f5bc7fa4d689318a63bfd75d334)
I1002 04:41:24.753763 5817 catalog_manager.cc:2877] Scheduling retry of c2b8cfa799034977a43798f4f83e8d3d (table test-alter-range-partitioning-invalid-unbounded [id=28630d9ce835454abf530e382fb41675]) Alter Table RPC with a delay of 39 ms (attempt = 0)
W1002 04:41:24.754072 5817 catalog_manager.cc:2896] Async tablet task c2b8cfa799034977a43798f4f83e8d3d (table test-alter-range-partitioning-invalid-unbounded [id=28630d9ce835454abf530e382fb41675]) Alter Table RPC failed: Not found: Failed to reset TS proxy: No leader found: Tablet c2b8cfa799034977a43798f4f83e8d3d consensus state has no leader
I1002 04:41:24.754389 5904 raft_consensus.cc:1809] T 4aa07f5bc7fa4d689318a63bfd75d334 P 92a92cc5760d4f9e993b905318665696 [term 1 LEADER]: Raft consensus shutting down.
I1002 04:41:24.754700 5904 raft_consensus.cc:1836] T 4aa07f5bc7fa4d689318a63bfd75d334 P 92a92cc5760d4f9e993b905318665696 [term 1 FOLLOWER]: Raft consensus is shut down!
I1002 04:41:24.754768 5832 catalog_manager.cc:2369] Got report from deleted tablet 4aa07f5bc7fa4d689318a63bfd75d334 (table test-alter-range-partitioning-invalid-unbounded [id=28630d9ce835454abf530e382fb41675]) (Partition dropped at 2017-10-02 04:41:24 UTC): Sending delete request for this tablet
I1002 04:41:24.755173 5832 catalog_manager.cc:3099] Sending DeleteTablet(TABLET_DATA_DELETED) for tablet 4aa07f5bc7fa4d689318a63bfd75d334 on 92a92cc5760d4f9e993b905318665696 (127.7.153.1:39250) (Partition dropped at 2017-10-02 04:41:24 UTC)
W1002 04:41:24.756377 5819 catalog_manager.cc:3069] TS 92a92cc5760d4f9e993b905318665696 (127.7.153.1:39250): delete failed for tablet ffc46f65c62d4d5dbb276546317c22ad with error code TABLET_NOT_RUNNING: Illegal state: State transition of tablet ffc46f65c62d4d5dbb276546317c22ad already in progress: creating tablet
I1002 04:41:24.755900 5833 catalog_manager.cc:1875] Servicing AlterTable request from {username='slave'} at 127.0.0.1:56410: table { table_name: "test-alter-range-partitioning-invalid-unbounded" } alter_schema_steps { type: ADD_RANGE_PARTITION add_range_partition { range_bounds { rows: "\006\001\000\000\000\000\007\001d\000\000\000" } } } alter_schema_steps { type: DROP_RANGE_PARTITION drop_range_partition { range_bounds { rows: "\006\001\000\000\000\000\007\0012\000\000\000" } } } schema { columns { name: "c0" type: INT32 is_key: true is_nullable: false encoding: AUTO_ENCODING compression: DEFAULT_COMPRESSION cfile_block_size: 0 } columns { name: "c1" type: INT32 is_key: false is_nullable: false encoding: AUTO_ENCODING compression: DEFAULT_COMPRESSION cfile_block_size: 0 } }
I1002 04:41:24.756645 5819 catalog_manager.cc:2877] Scheduling retry of ffc46f65c62d4d5dbb276546317c22ad Delete Tablet RPC for TS=92a92cc5760d4f9e993b905318665696 with a delay of 39 ms (attempt = 1)
I1002 04:41:24.758147 5905 tablet_service.cc:806] Processing DeleteTablet for tablet 4aa07f5bc7fa4d689318a63bfd75d334 with delete_type TABLET_DATA_DELETED (Partition dropped at 2017-10-02 04:41:24 UTC) from {username='slave'} at 127.0.0.1:45798
I1002 04:41:24.759099 5819 catalog_manager.cc:2877] Scheduling retry of eb376630c04d401f851e8216633104af (table test-alter-range-partitioning-invalid-unbounded [id=28630d9ce835454abf530e382fb41675]) Alter Table RPC with a delay of 34 ms (attempt = 0)
W1002 04:41:24.759352 5819 catalog_manager.cc:2896] Async tablet task eb376630c04d401f851e8216633104af (table test-alter-range-partitioning-invalid-unbounded [id=28630d9ce835454abf530e382fb41675]) Alter Table RPC failed: Not found: Failed to reset TS proxy: No leader found: Tablet eb376630c04d401f851e8216633104af consensus state has no leader
I1002 04:41:24.759619 5904 ts_tablet_manager.cc:1203] T 4aa07f5bc7fa4d689318a63bfd75d334 P 92a92cc5760d4f9e993b905318665696: Deleting tablet data with delete state TABLET_DATA_DELETED
I1002 04:41:24.760995 5816 catalog_manager.cc:2877] Scheduling retry of 2efdf5f4e04644448a2558f9940b74c1 (table test-alter-range-partitioning-invalid-unbounded [id=28630d9ce835454abf530e382fb41675]) Alter Table RPC with a delay of 13 ms (attempt = 0)
W1002 04:41:24.761293 5816 catalog_manager.cc:2896] Async tablet task 2efdf5f4e04644448a2558f9940b74c1 (table test-alter-range-partitioning-invalid-unbounded [id=28630d9ce835454abf530e382fb41675]) Alter Table RPC failed: Not found: Failed to reset TS proxy: No leader found: Tablet 2efdf5f4e04644448a2558f9940b74c1 consensus state has no leader
W1002 04:41:24.762074 5819 catalog_manager.cc:3069] TS 92a92cc5760d4f9e993b905318665696 (127.7.153.1:39250): delete failed for tablet 4aa07f5bc7fa4d689318a63bfd75d334 with error code TABLET_NOT_RUNNING: Illegal state: State transition of tablet 4aa07f5bc7fa4d689318a63bfd75d334 already in progress: deleting tablet
I1002 04:41:24.762217 5818 catalog_manager.cc:2877] Scheduling retry of 324f6f5296ec4196903a9244e539c9d8 (table test-alter-range-partitioning-invalid-unbounded [id=28630d9ce835454abf530e382fb41675]) Alter Table RPC with a delay of 27 ms (attempt = 0)
I1002 04:41:24.762342 5819 catalog_manager.cc:2877] Scheduling retry of 4aa07f5bc7fa4d689318a63bfd75d334 Delete Tablet RPC for TS=92a92cc5760d4f9e993b905318665696 with a delay of 42 ms (attempt = 1)
W1002 04:41:24.762506 5818 catalog_manager.cc:2896] Async tablet task 324f6f5296ec4196903a9244e539c9d8 (table test-alter-range-partitioning-invalid-unbounded [id=28630d9ce835454abf530e382fb41675]) Alter Table RPC failed: Not found: Failed to reset TS proxy: No leader found: Tablet 324f6f5296ec4196903a9244e539c9d8 consensus state has no leader
I1002 04:41:24.763178 5833 catalog_manager.cc:1875] Servicing AlterTable request from {username='slave'} at 127.0.0.1:56410: table { table_name: "test-alter-range-partitioning-invalid-unbounded" } alter_schema_steps { type: ADD_RANGE_PARTITION add_range_partition { range_bounds { rows: "\006\001\000\000\000\000\007\0012\000\000\000" } } } schema { columns { name: "c0" type: INT32 is_key: true is_nullable: false encoding: AUTO_ENCODING compression: DEFAULT_COMPRESSION cfile_block_size: 0 } columns { name: "c1" type: INT32 is_key: false is_nullable: false encoding: AUTO_ENCODING compression: DEFAULT_COMPRESSION cfile_block_size: 0 } }
I1002 04:41:24.764295 5951 tablet_bootstrap.cc:432] T ffc46f65c62d4d5dbb276546317c22ad P 92a92cc5760d4f9e993b905318665696: No bootstrap required, opened a new log
I1002 04:41:24.764572 5951 ts_tablet_manager.cc:903] T ffc46f65c62d4d5dbb276546317c22ad P 92a92cc5760d4f9e993b905318665696: Time spent bootstrapping tablet: real 0.022s user 0.012s sys 0.008s
I1002 04:41:24.765646 5951 raft_consensus.cc:286] T ffc46f65c62d4d5dbb276546317c22ad P 92a92cc5760d4f9e993b905318665696 [term 0 FOLLOWER]: Replica starting. Triggering 0 pending transactions. Active config: opid_index: -1 OBSOLETE_local: true peers { permanent_uuid: "92a92cc5760d4f9e993b905318665696" member_type: VOTER last_known_addr { host: "127.7.153.1" port: 39250 } }
I1002 04:41:24.765974 5951 raft_consensus.cc:312] T ffc46f65c62d4d5dbb276546317c22ad P 92a92cc5760d4f9e993b905318665696 [term 0 FOLLOWER]: Consensus starting up: Expiring failure detector timer to make a prompt election more likely
I1002 04:41:24.766193 5951 raft_consensus.cc:578] T ffc46f65c62d4d5dbb276546317c22ad P 92a92cc5760d4f9e993b905318665696 [term 0 FOLLOWER]: Becoming Follower/Learner. State: Replica: 92a92cc5760d4f9e993b905318665696, State: Initialized, Role: FOLLOWER
I1002 04:41:24.766465 5951 consensus_queue.cc:190] T ffc46f65c62d4d5dbb276546317c22ad P 92a92cc5760d4f9e993b905318665696 [NON_LEADER]: Queue going to NON_LEADER mode. State: All replicated index: 0, Majority replicated index: 0, Committed index: 0, Last appended: 0.0, Last appended by leader: 0, Current term: 0, Majority size: -1, State: 0, Mode: NON_LEADER
I1002 04:41:24.766698 5951 raft_consensus.cc:327] T ffc46f65c62d4d5dbb276546317c22ad P 92a92cc5760d4f9e993b905318665696 [term 0 FOLLOWER]: Only one voter in the Raft config. Triggering election immediately
I1002 04:41:24.766839 5951 raft_consensus.cc:411] T ffc46f65c62d4d5dbb276546317c22ad P 92a92cc5760d4f9e993b905318665696 [term 0 FOLLOWER]: Starting leader election (initial election of a single-replica configuration)
I1002 04:41:24.766989 5951 raft_consensus.cc:2457] T ffc46f65c62d4d5dbb276546317c22ad P 92a92cc5760d4f9e993b905318665696: Snoozing failure detection for 2.019s (starting election)
I1002 04:41:24.767149 5951 raft_consensus.cc:2509] T ffc46f65c62d4d5dbb276546317c22ad P 92a92cc5760d4f9e993b905318665696 [term 0 FOLLOWER]: Advancing to term 1
I1002 04:41:24.769665 5833 catalog_manager.cc:2877] Scheduling retry of c464d87b2b3d43d289fbbd56acb0dd90 (table test-alter-range-partitioning-invalid-unbounded [id=28630d9ce835454abf530e382fb41675]) Alter Table RPC with a delay of 13 ms (attempt = 0)
W1002 04:41:24.769999 5833 catalog_manager.cc:3416] Failed to send alter table request: Not found: Failed to reset TS proxy: No leader found: Tablet c464d87b2b3d43d289fbbd56acb0dd90 has no consensus state
I1002 04:41:24.771183 5951 raft_consensus.cc:433] T ffc46f65c62d4d5dbb276546317c22ad P 92a92cc5760d4f9e993b905318665696 [term 1 FOLLOWER]: Starting leader election with config: opid_index: -1 OBSOLETE_local: true peers { permanent_uuid: "92a92cc5760d4f9e993b905318665696" member_type: VOTER last_known_addr { host: "127.7.153.1" port: 39250 } }
I1002 04:41:24.771613 5951 leader_election.cc:248] T ffc46f65c62d4d5dbb276546317c22ad P 92a92cc5760d4f9e993b905318665696 [CANDIDATE]: Term 1 election: Election decided. Result: candidate won.
I1002 04:41:24.772045 5954 raft_consensus.cc:2457] T ffc46f65c62d4d5dbb276546317c22ad P 92a92cc5760d4f9e993b905318665696: Snoozing failure detection for 1.948s (election complete)
I1002 04:41:24.772291 5954 raft_consensus.cc:2281] T ffc46f65c62d4d5dbb276546317c22ad P 92a92cc5760d4f9e993b905318665696 [term 1 FOLLOWER]: Leader election won for term 1
I1002 04:41:24.772603 5954 raft_consensus.cc:545] T ffc46f65c62d4d5dbb276546317c22ad P 92a92cc5760d4f9e993b905318665696 [term 1 LEADER]: Becoming Leader. State: Replica: 92a92cc5760d4f9e993b905318665696, State: Running, Role: LEADER
I1002 04:41:24.773071 5951 ts_tablet_manager.cc:931] T ffc46f65c62d4d5dbb276546317c22ad P 92a92cc5760d4f9e993b905318665696: Time spent starting tablet: real 0.008s user 0.008s sys 0.000s
I1002 04:41:24.772899 5954 consensus_queue.cc:169] T ffc46f65c62d4d5dbb276546317c22ad P 92a92cc5760d4f9e993b905318665696 [LEADER]: Queue going to LEADER mode. State: All replicated index: 0, Majority replicated index: 0, Committed index: 0, Last appended: 0.0, Last appended by leader: 0, Current term: 1, Majority size: 1, State: 0, Mode: LEADER, active raft config: opid_index: -1 OBSOLETE_local: true peers { permanent_uuid: "92a92cc5760d4f9e993b905318665696" member_type: VOTER last_known_addr { host: "127.7.153.1" port: 39250 } }
I1002 04:41:24.775391 5816 catalog_manager.cc:2877] Scheduling retry of 2efdf5f4e04644448a2558f9940b74c1 (table test-alter-range-partitioning-invalid-unbounded [id=28630d9ce835454abf530e382fb41675]) Alter Table RPC with a delay of 43 ms (attempt = 0)
W1002 04:41:24.775698 5816 catalog_manager.cc:2896] Async tablet task 2efdf5f4e04644448a2558f9940b74c1 (table test-alter-range-partitioning-invalid-unbounded [id=28630d9ce835454abf530e382fb41675]) Alter Table RPC failed: Not found: Failed to reset TS proxy: No leader found: Tablet 2efdf5f4e04644448a2558f9940b74c1 consensus state has no leader
I1002 04:41:24.776106 5818 catalog_manager.cc:2877] Scheduling retry of 4aa07f5bc7fa4d689318a63bfd75d334 (table test-alter-range-partitioning-invalid-unbounded [id=28630d9ce835454abf530e382fb41675]) Alter Table RPC with a delay of 27 ms (attempt = 0)
W1002 04:41:24.776388 5818 catalog_manager.cc:2896] Async tablet task 4aa07f5bc7fa4d689318a63bfd75d334 (table test-alter-range-partitioning-invalid-unbounded [id=28630d9ce835454abf530e382fb41675]) Alter Table RPC failed: Not found: Failed to reset TS proxy: No leader found: Tablet 4aa07f5bc7fa4d689318a63bfd75d334 consensus state has no leader
I1002 04:41:24.777853 5818 catalog_manager.cc:2877] Scheduling retry of ffc46f65c62d4d5dbb276546317c22ad (table test-alter-range-partitioning-invalid-unbounded [id=28630d9ce835454abf530e382fb41675]) Alter Table RPC with a delay of 33 ms (attempt = 0)
W1002 04:41:24.778095 5818 catalog_manager.cc:2896] Async tablet task ffc46f65c62d4d5dbb276546317c22ad (table test-alter-range-partitioning-invalid-unbounded [id=28630d9ce835454abf530e382fb41675]) Alter Table RPC failed: Not found: Failed to reset TS proxy: No leader found: Tablet ffc46f65c62d4d5dbb276546317c22ad consensus state has no leader
I1002 04:41:24.778432 5905 tablet_service.cc:765] Processing CreateTablet for tablet c464d87b2b3d43d289fbbd56acb0dd90 (table=test-alter-range-partitioning-invalid-unbounded [id=28630d9ce835454abf530e382fb41675]), partition=RANGE (c0) PARTITION 0 <= VALUES < 50
I1002 04:41:24.779929 5833 catalog_manager.cc:1875] Servicing AlterTable request from {username='slave'} at 127.0.0.1:56410: table { table_name: "test-alter-range-partitioning-invalid-unbounded" } alter_schema_steps { type: ADD_RANGE_PARTITION add_range_partition { range_bounds { rows: "\006\001\000\000\000\000\007\001d\000\000\000" } } } schema { columns { name: "c0" type: INT32 is_key: true is_nullable: false encoding: AUTO_ENCODING compression: DEFAULT_COMPRESSION cfile_block_size: 0 } columns { name: "c1" type: INT32 is_key: false is_nullable: false encoding: AUTO_ENCODING compression: DEFAULT_COMPRESSION cfile_block_size: 0 } }
I1002 04:41:24.780658 5817 catalog_manager.cc:2877] Scheduling retry of 16347b539ec7456684793f254094ed89 (table test-alter-range-partitioning-invalid-unbounded [id=28630d9ce835454abf530e382fb41675]) Alter Table RPC with a delay of 46 ms (attempt = 0)
W1002 04:41:24.780977 5817 catalog_manager.cc:2896] Async tablet task 16347b539ec7456684793f254094ed89 (table test-alter-range-partitioning-invalid-unbounded [id=28630d9ce835454abf530e382fb41675]) Alter Table RPC failed: Not found: Failed to reset TS proxy: No leader found: Tablet 16347b539ec7456684793f254094ed89 consensus state has no leader
I1002 04:41:24.783365 5816 catalog_manager.cc:2877] Scheduling retry of c464d87b2b3d43d289fbbd56acb0dd90 (table test-alter-range-partitioning-invalid-unbounded [id=28630d9ce835454abf530e382fb41675]) Alter Table RPC with a delay of 27 ms (attempt = 0)
W1002 04:41:24.783668 5816 catalog_manager.cc:2896] Async tablet task c464d87b2b3d43d289fbbd56acb0dd90 (table test-alter-range-partitioning-invalid-unbounded [id=28630d9ce835454abf530e382fb41675]) Alter Table RPC failed: Not found: Failed to reset TS proxy: No leader found: Tablet c464d87b2b3d43d289fbbd56acb0dd90 consensus state has no leader
I1002 04:41:24.784701 5819 catalog_manager.cc:3099] Sending DeleteTablet(TABLET_DATA_DELETED) for tablet f199048d571c419eb586f6d1c3ddac07 on 92a92cc5760d4f9e993b905318665696 (127.7.153.1:39250) (Partition dropped at 2017-10-02 04:41:24 UTC)
I1002 04:41:24.786182 5903 tablet_service.cc:806] Processing DeleteTablet for tablet f199048d571c419eb586f6d1c3ddac07 with delete_type TABLET_DATA_DELETED (Partition dropped at 2017-10-02 04:41:24 UTC) from {username='slave'} at 127.0.0.1:45798
I1002 04:41:24.787233 5904 ts_tablet_manager.cc:1216] T 4aa07f5bc7fa4d689318a63bfd75d334 P 92a92cc5760d4f9e993b905318665696: tablet deleted: last-logged OpId: 1.1
I1002 04:41:24.787542 5904 log.cc:980] T 4aa07f5bc7fa4d689318a63bfd75d334 P 92a92cc5760d4f9e993b905318665696: Deleting WAL directory at /tmp/run_tha_test1fMIRV/test-tmp/alter_table-test.AlterTableTest.TestAddRangePartitionConflictExhaustive.1506919259568928-1945/minicluster-data/ts-0-root/wals/4aa07f5bc7fa4d689318a63bfd75d334
I1002 04:41:24.787210 5833 catalog_manager.cc:1875] Servicing AlterTable request from {username='slave'} at 127.0.0.1:56410: table { table_name: "test-alter-range-partitioning-invalid-unbounded" } alter_schema_steps { type: DROP_RANGE_PARTITION drop_range_partition { range_bounds { rows: "\006\001\000\000\000\000\007\0012\000\000\000" } } } schema { columns { name: "c0" type: INT32 is_key: true is_nullable: false encoding: AUTO_ENCODING compression: DEFAULT_COMPRESSION cfile_block_size: 0 } columns { name: "c1" type: INT32 is_key: false is_nullable: false encoding: AUTO_ENCODING compression: DEFAULT_COMPRESSION cfile_block_size: 0 } }
I1002 04:41:24.788132 5904 ts_tablet_manager.cc:1234] T 4aa07f5bc7fa4d689318a63bfd75d334 P 92a92cc5760d4f9e993b905318665696: Deleting consensus metadata
I1002 04:41:24.789782 5832 catalog_manager.cc:2369] Got report from deleted tablet ffc46f65c62d4d5dbb276546317c22ad (table test-alter-range-partitioning-invalid-unbounded [id=28630d9ce835454abf530e382fb41675]) (Partition dropped at 2017-10-02 04:41:24 UTC): Sending delete request for this tablet
I1002 04:41:24.790206 5832 catalog_manager.cc:3099] Sending DeleteTablet(TABLET_DATA_DELETED) for tablet ffc46f65c62d4d5dbb276546317c22ad on 92a92cc5760d4f9e993b905318665696 (127.7.153.1:39250) (Partition dropped at 2017-10-02 04:41:24 UTC)
I1002 04:41:24.790647 5818 catalog_manager.cc:2877] Scheduling retry of 324f6f5296ec4196903a9244e539c9d8 (table test-alter-range-partitioning-invalid-unbounded [id=28630d9ce835454abf530e382fb41675]) Alter Table RPC with a delay of 8 ms (attempt = 0)
W1002 04:41:24.790891 5818 catalog_manager.cc:2896] Async tablet task 324f6f5296ec4196903a9244e539c9d8 (table test-alter-range-partitioning-invalid-unbounded [id=28630d9ce835454abf530e382fb41675]) Alter Table RPC failed: Not found: Failed to reset TS proxy: No leader found: Tablet 324f6f5296ec4196903a9244e539c9d8 consensus state has no leader
W1002 04:41:24.793170 5819 catalog_manager.cc:3057] TS 92a92cc5760d4f9e993b905318665696 (127.7.153.1:39250): delete failed for tablet f199048d571c419eb586f6d1c3ddac07 because the tablet was not found. No further retry: Not found: Tablet not found: f199048d571c419eb586f6d1c3ddac07
I1002 04:41:24.793936 5905 ts_tablet_manager.cc:1028] T c464d87b2b3d43d289fbbd56acb0dd90 P 92a92cc5760d4f9e993b905318665696: Registered tablet (data state: TABLET_DATA_READY)
