I0929 21:45:45.016926 26464 raft_consensus.cc:289] T 717c2dec1ae44684ac110a09aa5411af P 007a1928fd424e76b35d3ee3ba61dd78 [term 0 FOLLOWER]: Replica starting. Triggering 0 pending transactions. Active config: opid_index: -1 OBSOLETE_local: true peers { permanent_uuid: "007a1928fd424e76b35d3ee3ba61dd78" member_type: VOTER last_known_addr { host: "127.0.0.1" port: 57485 } }
I0929 21:45:45.017488 26464 raft_consensus.cc:320] T 717c2dec1ae44684ac110a09aa5411af P 007a1928fd424e76b35d3ee3ba61dd78 [term 0 FOLLOWER]: Consensus starting up: Expiring failure detector timer to make a prompt election more likely
I0929 21:45:45.017664 26464 raft_consensus.cc:549] T 717c2dec1ae44684ac110a09aa5411af P 007a1928fd424e76b35d3ee3ba61dd78 [term 0 FOLLOWER]: Becoming Follower/Learner. State: Replica: 007a1928fd424e76b35d3ee3ba61dd78, State: 1, Role: FOLLOWER
I0929 21:45:45.017905 26464 consensus_queue.cc:184] T 717c2dec1ae44684ac110a09aa5411af P 007a1928fd424e76b35d3ee3ba61dd78 [NON_LEADER]: Queue going to NON_LEADER mode. State: All replicated index: 0, Majority replicated index: 0, Committed index: 0, Last appended: 0.0, Last appended by leader: 0, Current term: 0, Majority size: -1, State: 1, Mode: NON_LEADER
I0929 21:45:45.018210 26464 raft_consensus.cc:333] T 717c2dec1ae44684ac110a09aa5411af P 007a1928fd424e76b35d3ee3ba61dd78 [term 0 FOLLOWER]: Only one voter in the Raft config. Triggering election immediately
I0929 21:45:45.018421 26464 raft_consensus.cc:412] T 717c2dec1ae44684ac110a09aa5411af P 007a1928fd424e76b35d3ee3ba61dd78 [term 0 FOLLOWER]: Starting leader election (initial election of a single-replica configuration)
I0929 21:45:45.018656 26464 raft_consensus.cc:2315] T 717c2dec1ae44684ac110a09aa5411af P 007a1928fd424e76b35d3ee3ba61dd78 [term 0 FOLLOWER]: Snoozing failure detection for election timeout plus an additional 1.937s
I0929 21:45:45.018883 26464 raft_consensus.cc:2359] T 717c2dec1ae44684ac110a09aa5411af P 007a1928fd424e76b35d3ee3ba61dd78 [term 0 FOLLOWER]: Advancing to term 1
I0929 21:45:45.019266 26331 catalog_manager.cc:2925] Scheduling retry of 717c2dec1ae44684ac110a09aa5411af (table test-alter-range-partitioning [id=7b76a5131d4a4d1eb84477521aba14e2]) Alter Table RPC with a delay of 30ms (attempt = 0)...
W0929 21:45:45.019685 26331 catalog_manager.cc:2946] Async tablet task 717c2dec1ae44684ac110a09aa5411af (table test-alter-range-partitioning [id=7b76a5131d4a4d1eb84477521aba14e2]) Alter Table RPC failed: Not found: Failed to reset TS proxy: No leader found: Tablet 717c2dec1ae44684ac110a09aa5411af consensus state has no leader
I0929 21:45:45.021870 26330 catalog_manager.cc:2925] Scheduling retry of 177c231e568041b5843adb1f60493713 (table test-alter-range-partitioning [id=7b76a5131d4a4d1eb84477521aba14e2]) Alter Table RPC with a delay of 9ms (attempt = 0)...
W0929 21:45:45.022244 26330 catalog_manager.cc:2946] Async tablet task 177c231e568041b5843adb1f60493713 (table test-alter-range-partitioning [id=7b76a5131d4a4d1eb84477521aba14e2]) Alter Table RPC failed: Not found: Failed to reset TS proxy: No leader found: Tablet 177c231e568041b5843adb1f60493713 consensus state has no leader
I0929 21:45:45.022950 26464 raft_consensus.cc:436] T 717c2dec1ae44684ac110a09aa5411af P 007a1928fd424e76b35d3ee3ba61dd78 [term 1 FOLLOWER]: Starting leader election with config: opid_index: -1 OBSOLETE_local: true peers { permanent_uuid: "007a1928fd424e76b35d3ee3ba61dd78" member_type: VOTER last_known_addr { host: "127.0.0.1" port: 57485 } }
I0929 21:45:45.023548 26464 leader_election.cc:243] T 717c2dec1ae44684ac110a09aa5411af P 007a1928fd424e76b35d3ee3ba61dd78 [CANDIDATE]: Term 1 election: Election decided. Result: candidate won.
I0929 21:45:45.024925 26492 raft_consensus.cc:2315] T 717c2dec1ae44684ac110a09aa5411af P 007a1928fd424e76b35d3ee3ba61dd78 [term 1 FOLLOWER]: Snoozing failure detection for election timeout plus an additional 1.977s
I0929 21:45:45.025238 26492 raft_consensus.cc:2124] T 717c2dec1ae44684ac110a09aa5411af P 007a1928fd424e76b35d3ee3ba61dd78 [term 1 FOLLOWER]: Leader election won for term 1
I0929 21:45:45.026726 26464 ts_tablet_manager.cc:799] T 717c2dec1ae44684ac110a09aa5411af P 007a1928fd424e76b35d3ee3ba61dd78: Time spent starting tablet: real 0.017s user 0.016s sys 0.000s
I0929 21:45:45.029518 26492 raft_consensus.cc:519] T 717c2dec1ae44684ac110a09aa5411af P 007a1928fd424e76b35d3ee3ba61dd78 [term 1 LEADER]: Becoming Leader. State: Replica: 007a1928fd424e76b35d3ee3ba61dd78, State: 1, Role: LEADER
I0929 21:45:45.029933 26492 consensus_queue.cc:163] T 717c2dec1ae44684ac110a09aa5411af P 007a1928fd424e76b35d3ee3ba61dd78 [LEADER]: Queue going to LEADER mode. State: All replicated index: 0, Majority replicated index: 0, Committed index: 0, Last appended: 0.0, Last appended by leader: 0, Current term: 1, Majority size: 1, State: 1, Mode: LEADER, active raft config: opid_index: -1 OBSOLETE_local: true peers { permanent_uuid: "007a1928fd424e76b35d3ee3ba61dd78" member_type: VOTER last_known_addr { host: "127.0.0.1" port: 57485 } }
I0929 21:45:45.032138 26330 catalog_manager.cc:2925] Scheduling retry of 177c231e568041b5843adb1f60493713 (table test-alter-range-partitioning [id=7b76a5131d4a4d1eb84477521aba14e2]) Alter Table RPC with a delay of 13ms (attempt = 0)...
W0929 21:45:45.032543 26330 catalog_manager.cc:2946] Async tablet task 177c231e568041b5843adb1f60493713 (table test-alter-range-partitioning [id=7b76a5131d4a4d1eb84477521aba14e2]) Alter Table RPC failed: Not found: Failed to reset TS proxy: No leader found: Tablet 177c231e568041b5843adb1f60493713 consensus state has no leader
I0929 21:45:45.032793 26464 ts_tablet_manager.cc:767] T 177c231e568041b5843adb1f60493713 P 007a1928fd424e76b35d3ee3ba61dd78: Bootstrapping tablet
I0929 21:45:45.034631 26343 catalog_manager.cc:2555] T 717c2dec1ae44684ac110a09aa5411af reported consensus state change: term changed from 0 to 1, leader changed from to 007a1928fd424e76b35d3ee3ba61dd78 (127.0.0.1). New consensus state: current_term: 1 leader_uuid: "007a1928fd424e76b35d3ee3ba61dd78" committed_config { opid_index: -1 OBSOLETE_local: true peers { permanent_uuid: "007a1928fd424e76b35d3ee3ba61dd78" member_type: VOTER last_known_addr { host: "127.0.0.1" port: 57485 } } }
I0929 21:45:45.037084 26464 tablet_bootstrap.cc:406] T 177c231e568041b5843adb1f60493713 P 007a1928fd424e76b35d3ee3ba61dd78: Bootstrap starting.
I0929 21:45:45.039815 26464 tablet_bootstrap.cc:543] T 177c231e568041b5843adb1f60493713 P 007a1928fd424e76b35d3ee3ba61dd78: No blocks or log segments found. Creating new log.
I0929 21:45:45.048007 26343 catalog_manager.cc:3651] T 00000000000000000000000000000000 P 195cbec92396457581f6ae639bbf4745: test-alter-range-partitioning [id=7b76a5131d4a4d1eb84477521aba14e2] - Alter table completed version=0
I0929 21:45:45.049270 26330 catalog_manager.cc:2925] Scheduling retry of 177c231e568041b5843adb1f60493713 (table test-alter-range-partitioning [id=7b76a5131d4a4d1eb84477521aba14e2]) Alter Table RPC with a delay of 55ms (attempt = 0)...
W0929 21:45:45.049584 26330 catalog_manager.cc:2946] Async tablet task 177c231e568041b5843adb1f60493713 (table test-alter-range-partitioning [id=7b76a5131d4a4d1eb84477521aba14e2]) Alter Table RPC failed: Not found: Failed to reset TS proxy: No leader found: Tablet 177c231e568041b5843adb1f60493713 consensus state has no leader
I0929 21:45:45.056885 26464 tablet_bootstrap.cc:406] T 177c231e568041b5843adb1f60493713 P 007a1928fd424e76b35d3ee3ba61dd78: No bootstrap required, opened a new log
I0929 21:45:45.057376 26464 ts_tablet_manager.cc:772] T 177c231e568041b5843adb1f60493713 P 007a1928fd424e76b35d3ee3ba61dd78: Time spent bootstrapping tablet: real 0.024s user 0.012s sys 0.000s
I0929 21:45:45.089499 26464 raft_consensus.cc:289] T 177c231e568041b5843adb1f60493713 P 007a1928fd424e76b35d3ee3ba61dd78 [term 0 FOLLOWER]: Replica starting. Triggering 0 pending transactions. Active config: opid_index: -1 OBSOLETE_local: true peers { permanent_uuid: "007a1928fd424e76b35d3ee3ba61dd78" member_type: VOTER last_known_addr { host: "127.0.0.1" port: 57485 } }
I0929 21:45:45.090322 26464 raft_consensus.cc:320] T 177c231e568041b5843adb1f60493713 P 007a1928fd424e76b35d3ee3ba61dd78 [term 0 FOLLOWER]: Consensus starting up: Expiring failure detector timer to make a prompt election more likely
I0929 21:45:45.090592 26464 raft_consensus.cc:549] T 177c231e568041b5843adb1f60493713 P 007a1928fd424e76b35d3ee3ba61dd78 [term 0 FOLLOWER]: Becoming Follower/Learner. State: Replica: 007a1928fd424e76b35d3ee3ba61dd78, State: 1, Role: FOLLOWER
I0929 21:45:45.090930 26464 consensus_queue.cc:184] T 177c231e568041b5843adb1f60493713 P 007a1928fd424e76b35d3ee3ba61dd78 [NON_LEADER]: Queue going to NON_LEADER mode. State: All replicated index: 0, Majority replicated index: 0, Committed index: 0, Last appended: 0.0, Last appended by leader: 0, Current term: 0, Majority size: -1, State: 1, Mode: NON_LEADER
I0929 21:45:45.091286 26464 raft_consensus.cc:333] T 177c231e568041b5843adb1f60493713 P 007a1928fd424e76b35d3ee3ba61dd78 [term 0 FOLLOWER]: Only one voter in the Raft config. Triggering election immediately
I0929 21:45:45.091512 26464 raft_consensus.cc:412] T 177c231e568041b5843adb1f60493713 P 007a1928fd424e76b35d3ee3ba61dd78 [term 0 FOLLOWER]: Starting leader election (initial election of a single-replica configuration)
I0929 21:45:45.091747 26464 raft_consensus.cc:2315] T 177c231e568041b5843adb1f60493713 P 007a1928fd424e76b35d3ee3ba61dd78 [term 0 FOLLOWER]: Snoozing failure detection for election timeout plus an additional 1.645s
I0929 21:45:45.091985 26464 raft_consensus.cc:2359] T 177c231e568041b5843adb1f60493713 P 007a1928fd424e76b35d3ee3ba61dd78 [term 0 FOLLOWER]: Advancing to term 1
I0929 21:45:45.097153 26464 raft_consensus.cc:436] T 177c231e568041b5843adb1f60493713 P 007a1928fd424e76b35d3ee3ba61dd78 [term 1 FOLLOWER]: Starting leader election with config: opid_index: -1 OBSOLETE_local: true peers { permanent_uuid: "007a1928fd424e76b35d3ee3ba61dd78" member_type: VOTER last_known_addr { host: "127.0.0.1" port: 57485 } }
I0929 21:45:45.097803 26464 leader_election.cc:243] T 177c231e568041b5843adb1f60493713 P 007a1928fd424e76b35d3ee3ba61dd78 [CANDIDATE]: Term 1 election: Election decided. Result: candidate won.
I0929 21:45:45.105937 26330 catalog_manager.cc:2925] Scheduling retry of 177c231e568041b5843adb1f60493713 (table test-alter-range-partitioning [id=7b76a5131d4a4d1eb84477521aba14e2]) Alter Table RPC with a delay of 23ms (attempt = 0)...
W0929 21:45:45.106369 26330 catalog_manager.cc:2946] Async tablet task 177c231e568041b5843adb1f60493713 (table test-alter-range-partitioning [id=7b76a5131d4a4d1eb84477521aba14e2]) Alter Table RPC failed: Not found: Failed to reset TS proxy: No leader found: Tablet 177c231e568041b5843adb1f60493713 consensus state has no leader
I0929 21:45:45.130805 26330 catalog_manager.cc:2925] Scheduling retry of 177c231e568041b5843adb1f60493713 (table test-alter-range-partitioning [id=7b76a5131d4a4d1eb84477521aba14e2]) Alter Table RPC with a delay of 19ms (attempt = 0)...
W0929 21:45:45.131144 26330 catalog_manager.cc:2946] Async tablet task 177c231e568041b5843adb1f60493713 (table test-alter-range-partitioning [id=7b76a5131d4a4d1eb84477521aba14e2]) Alter Table RPC failed: Not found: Failed to reset TS proxy: No leader found: Tablet 177c231e568041b5843adb1f60493713 consensus state has no leader
I0929 21:45:45.140434 26499 raft_consensus.cc:2315] T 177c231e568041b5843adb1f60493713 P 007a1928fd424e76b35d3ee3ba61dd78 [term 1 FOLLOWER]: Snoozing failure detection for election timeout plus an additional 2.053s
I0929 21:45:45.140830 26499 raft_consensus.cc:2124] T 177c231e568041b5843adb1f60493713 P 007a1928fd424e76b35d3ee3ba61dd78 [term 1 FOLLOWER]: Leader election won for term 1
I0929 21:45:45.147078 26464 ts_tablet_manager.cc:799] T 177c231e568041b5843adb1f60493713 P 007a1928fd424e76b35d3ee3ba61dd78: Time spent starting tablet: real 0.089s user 0.024s sys 0.012s
I0929 21:45:45.151017 26330 catalog_manager.cc:2925] Scheduling retry of 177c231e568041b5843adb1f60493713 (table test-alter-range-partitioning [id=7b76a5131d4a4d1eb84477521aba14e2]) Alter Table RPC with a delay of 24ms (attempt = 0)...
W0929 21:45:45.151460 26330 catalog_manager.cc:2946] Async tablet task 177c231e568041b5843adb1f60493713 (table test-alter-range-partitioning [id=7b76a5131d4a4d1eb84477521aba14e2]) Alter Table RPC failed: Not found: Failed to reset TS proxy: No leader found: Tablet 177c231e568041b5843adb1f60493713 consensus state has no leader
I0929 21:45:45.159413 26499 raft_consensus.cc:519] T 177c231e568041b5843adb1f60493713 P 007a1928fd424e76b35d3ee3ba61dd78 [term 1 LEADER]: Becoming Leader. State: Replica: 007a1928fd424e76b35d3ee3ba61dd78, State: 1, Role: LEADER
I0929 21:45:45.159912 26499 consensus_queue.cc:163] T 177c231e568041b5843adb1f60493713 P 007a1928fd424e76b35d3ee3ba61dd78 [LEADER]: Queue going to LEADER mode. State: All replicated index: 0, Majority replicated index: 0, Committed index: 0, Last appended: 0.0, Last appended by leader: 0, Current term: 1, Majority size: 1, State: 1, Mode: LEADER, active raft config: opid_index: -1 OBSOLETE_local: true peers { permanent_uuid: "007a1928fd424e76b35d3ee3ba61dd78" member_type: VOTER last_known_addr { host: "127.0.0.1" port: 57485 } }
I0929 21:45:45.165166 26343 catalog_manager.cc:2555] T 177c231e568041b5843adb1f60493713 reported consensus state change: term changed from 0 to 1, leader changed from to 007a1928fd424e76b35d3ee3ba61dd78 (127.0.0.1). New consensus state: current_term: 1 leader_uuid: "007a1928fd424e76b35d3ee3ba61dd78" committed_config { opid_index: -1 OBSOLETE_local: true peers { permanent_uuid: "007a1928fd424e76b35d3ee3ba61dd78" member_type: VOTER last_known_addr { host: "127.0.0.1" port: 57485 } } }
I0929 21:45:45.256197 26343 catalog_manager.cc:1920] Servicing AlterTable request from {username='slave'} at 127.0.0.1:44106: table { table_name: "test-alter-range-partitioning" } alter_schema_steps { type: DROP_RANGE_PARTITION drop_range_partition { range_bounds { rows: "\006\001\000\000\000\000\007\001d\000\000\000" } } } alter_schema_steps { type: ADD_RANGE_PARTITION add_range_partition { range_bounds { rows: "\010\0011\000\000\000\t\001\225\000\000\000" } } } schema { columns { name: "c0" type: INT32 is_key: true is_nullable: false encoding: AUTO_ENCODING compression: DEFAULT_COMPRESSION cfile_block_size: 0 } columns { name: "c1" type: INT32 is_key: false is_nullable: false encoding: AUTO_ENCODING compression: DEFAULT_COMPRESSION cfile_block_size: 0 } }
I0929 21:45:45.266346 26343 catalog_manager.cc:2925] Scheduling retry of 8ea010dc3c1647728725bfc11124435e (table test-alter-range-partitioning [id=7b76a5131d4a4d1eb84477521aba14e2]) Alter Table RPC with a delay of 53ms (attempt = 0)...
W0929 21:45:45.266769 26343 catalog_manager.cc:3406] Failed to send alter table request: Not found: Failed to reset TS proxy: No leader found: Tablet 8ea010dc3c1647728725bfc11124435e has no consensus state
I0929 21:45:45.267076 26343 catalog_manager.cc:2925] Scheduling retry of 1874f12be19040f99d578034e1152910 (table test-alter-range-partitioning [id=7b76a5131d4a4d1eb84477521aba14e2]) Alter Table RPC with a delay of 40ms (attempt = 0)...
W0929 21:45:45.267295 26343 catalog_manager.cc:3406] Failed to send alter table request: Not found: Failed to reset TS proxy: No leader found: Tablet 1874f12be19040f99d578034e1152910 has no consensus state
I0929 21:45:45.267493 26343 catalog_manager.cc:3432] T 00000000000000000000000000000000 P 195cbec92396457581f6ae639bbf4745: Sending DeleteTablet for 1 replicas of tablet 717c2dec1ae44684ac110a09aa5411af
I0929 21:45:45.267745 26343 catalog_manager.cc:3154] Sending DeleteTablet(TABLET_DATA_DELETED) for tablet 717c2dec1ae44684ac110a09aa5411af on 007a1928fd424e76b35d3ee3ba61dd78 (127.0.0.1:57485) (Partition dropped at 2017-09-29 21:45:45 UTC)
I0929 21:45:45.268067 26343 catalog_manager.cc:3432] T 00000000000000000000000000000000 P 195cbec92396457581f6ae639bbf4745: Sending DeleteTablet for 1 replicas of tablet 177c231e568041b5843adb1f60493713
I0929 21:45:45.268357 26343 catalog_manager.cc:3154] Sending DeleteTablet(TABLET_DATA_DELETED) for tablet 177c231e568041b5843adb1f60493713 on 007a1928fd424e76b35d3ee3ba61dd78 (127.0.0.1:57485) (Partition dropped at 2017-09-29 21:45:45 UTC)
I0929 21:45:45.268817 26419 tablet_service.cc:713] Processing DeleteTablet for tablet 717c2dec1ae44684ac110a09aa5411af with delete_type TABLET_DATA_DELETED (Partition dropped at 2017-09-29 21:45:45 UTC) from {username='slave'} at 127.0.0.1:44521
I0929 21:45:45.269275 26419 tablet_replica.cc:218] Initiating TabletReplica shutdown for tablet: 717c2dec1ae44684ac110a09aa5411af
I0929 21:45:45.269500 26419 maintenance_manager.cc:206] P 007a1928fd424e76b35d3ee3ba61dd78: Unregistered op CompactRowSetsOp(717c2dec1ae44684ac110a09aa5411af)
I0929 21:45:45.269721 26419 maintenance_manager.cc:206] P 007a1928fd424e76b35d3ee3ba61dd78: Unregistered op MinorDeltaCompactionOp(717c2dec1ae44684ac110a09aa5411af)
I0929 21:45:45.269891 26419 maintenance_manager.cc:206] P 007a1928fd424e76b35d3ee3ba61dd78: Unregistered op MajorDeltaCompactionOp(717c2dec1ae44684ac110a09aa5411af)
I0929 21:45:45.270076 26419 maintenance_manager.cc:206] P 007a1928fd424e76b35d3ee3ba61dd78: Unregistered op UndoDeltaBlockGCOp(717c2dec1ae44684ac110a09aa5411af)
I0929 21:45:45.270648 26419 maintenance_manager.cc:206] P 007a1928fd424e76b35d3ee3ba61dd78: Unregistered op FlushMRSOp(717c2dec1ae44684ac110a09aa5411af)
I0929 21:45:45.270854 26419 maintenance_manager.cc:206] P 007a1928fd424e76b35d3ee3ba61dd78: Unregistered op FlushDeltaMemStoresOp(717c2dec1ae44684ac110a09aa5411af)
I0929 21:45:45.271031 26419 maintenance_manager.cc:206] P 007a1928fd424e76b35d3ee3ba61dd78: Unregistered op LogGCOp(717c2dec1ae44684ac110a09aa5411af)
I0929 21:45:45.271200 26419 raft_consensus.cc:1722] T 717c2dec1ae44684ac110a09aa5411af P 007a1928fd424e76b35d3ee3ba61dd78 [term 1 LEADER]: Raft consensus shutting down.
I0929 21:45:45.271940 26419 raft_consensus.cc:1738] T 717c2dec1ae44684ac110a09aa5411af P 007a1928fd424e76b35d3ee3ba61dd78 [term 1 LEADER]: Raft consensus is shut down!
I0929 21:45:45.275686 26420 tablet_service.cc:713] Processing DeleteTablet for tablet 177c231e568041b5843adb1f60493713 with delete_type TABLET_DATA_DELETED (Partition dropped at 2017-09-29 21:45:45 UTC) from {username='slave'} at 127.0.0.1:44521
I0929 21:45:45.276125 26420 tablet_replica.cc:218] Initiating TabletReplica shutdown for tablet: 177c231e568041b5843adb1f60493713
I0929 21:45:45.276370 26420 maintenance_manager.cc:206] P 007a1928fd424e76b35d3ee3ba61dd78: Unregistered op CompactRowSetsOp(177c231e568041b5843adb1f60493713)
I0929 21:45:45.276592 26420 maintenance_manager.cc:206] P 007a1928fd424e76b35d3ee3ba61dd78: Unregistered op MinorDeltaCompactionOp(177c231e568041b5843adb1f60493713)
I0929 21:45:45.276793 26420 maintenance_manager.cc:206] P 007a1928fd424e76b35d3ee3ba61dd78: Unregistered op MajorDeltaCompactionOp(177c231e568041b5843adb1f60493713)
I0929 21:45:45.278357 26420 maintenance_manager.cc:206] P 007a1928fd424e76b35d3ee3ba61dd78: Unregistered op UndoDeltaBlockGCOp(177c231e568041b5843adb1f60493713)
I0929 21:45:45.279194 26420 maintenance_manager.cc:206] P 007a1928fd424e76b35d3ee3ba61dd78: Unregistered op FlushMRSOp(177c231e568041b5843adb1f60493713)
I0929 21:45:45.279917 26420 maintenance_manager.cc:206] P 007a1928fd424e76b35d3ee3ba61dd78: Unregistered op FlushDeltaMemStoresOp(177c231e568041b5843adb1f60493713)
I0929 21:45:45.280117 26420 maintenance_manager.cc:206] P 007a1928fd424e76b35d3ee3ba61dd78: Unregistered op LogGCOp(177c231e568041b5843adb1f60493713)
I0929 21:45:45.280328 26420 raft_consensus.cc:1722] T 177c231e568041b5843adb1f60493713 P 007a1928fd424e76b35d3ee3ba61dd78 [term 1 LEADER]: Raft consensus shutting down.
I0929 21:45:45.281227 26420 raft_consensus.cc:1738] T 177c231e568041b5843adb1f60493713 P 007a1928fd424e76b35d3ee3ba61dd78 [term 1 LEADER]: Raft consensus is shut down!
I0929 21:45:45.300134 26421 tablet_service.cc:672] Processing CreateTablet for tablet 8ea010dc3c1647728725bfc11124435e (table=test-alter-range-partitioning [id=7b76a5131d4a4d1eb84477521aba14e2]), partition=HASH (c0) PARTITION 0, RANGE (c0) PARTITION 50 <= VALUES < 150
I0929 21:45:45.300508 26418 tablet_service.cc:672] Processing CreateTablet for tablet 1874f12be19040f99d578034e1152910 (table=test-alter-range-partitioning [id=7b76a5131d4a4d1eb84477521aba14e2]), partition=HASH (c0) PARTITION 1, RANGE (c0) PARTITION 50 <= VALUES < 150
I0929 21:45:45.308316 26419 ts_tablet_manager.cc:1063] T 717c2dec1ae44684ac110a09aa5411af P 007a1928fd424e76b35d3ee3ba61dd78: Deleting tablet data with delete state TABLET_DATA_DELETED
I0929 21:45:45.308343 26332 catalog_manager.cc:2925] Scheduling retry of 1874f12be19040f99d578034e1152910 (table test-alter-range-partitioning [id=7b76a5131d4a4d1eb84477521aba14e2]) Alter Table RPC with a delay of 56ms (attempt = 0)...
W0929 21:45:45.308867 26332 catalog_manager.cc:2946] Async tablet task 1874f12be19040f99d578034e1152910 (table test-alter-range-partitioning [id=7b76a5131d4a4d1eb84477521aba14e2]) Alter Table RPC failed: Not found: Failed to reset TS proxy: No leader found: Tablet 1874f12be19040f99d578034e1152910 consensus state has no leader
I0929 21:45:45.321099 26332 catalog_manager.cc:2925] Scheduling retry of 8ea010dc3c1647728725bfc11124435e (table test-alter-range-partitioning [id=7b76a5131d4a4d1eb84477521aba14e2]) Alter Table RPC with a delay of 14ms (attempt = 0)...
W0929 21:45:45.321422 26332 catalog_manager.cc:2946] Async tablet task 8ea010dc3c1647728725bfc11124435e (table test-alter-range-partitioning [id=7b76a5131d4a4d1eb84477521aba14e2]) Alter Table RPC failed: Not found: Failed to reset TS proxy: No leader found: Tablet 8ea010dc3c1647728725bfc11124435e consensus state has no leader
I0929 21:45:45.321614 26420 ts_tablet_manager.cc:1063] T 177c231e568041b5843adb1f60493713 P 007a1928fd424e76b35d3ee3ba61dd78: Deleting tablet data with delete state TABLET_DATA_DELETED
I0929 21:45:45.336145 26332 catalog_manager.cc:2925] Scheduling retry of 8ea010dc3c1647728725bfc11124435e (table test-alter-range-partitioning [id=7b76a5131d4a4d1eb84477521aba14e2]) Alter Table RPC with a delay of 47ms (attempt = 0)...
W0929 21:45:45.336508 26332 catalog_manager.cc:2946] Async tablet task 8ea010dc3c1647728725bfc11124435e (table test-alter-range-partitioning [id=7b76a5131d4a4d1eb84477521aba14e2]) Alter Table RPC failed: Not found: Failed to reset TS proxy: No leader found: Tablet 8ea010dc3c1647728725bfc11124435e consensus state has no leader
I0929 21:45:45.344995 26419 ts_tablet_manager.cc:1075] T 717c2dec1ae44684ac110a09aa5411af P 007a1928fd424e76b35d3ee3ba61dd78: Tablet deleted. Last logged OpId: 1.2
I0929 21:45:45.345404 26419 log.cc:965] T 717c2dec1ae44684ac110a09aa5411af P 007a1928fd424e76b35d3ee3ba61dd78: Deleting WAL directory at /tmp/run_tha_test8NQfeJ/test-tmp/alter_table-test.AlterTableTest.TestAlterRangePartitioning.1506721518627625-22612/minicluster-data/ts-0-root/wals/717c2dec1ae44684ac110a09aa5411af
I0929 21:45:45.349431 26420 ts_tablet_manager.cc:1075] T 177c231e568041b5843adb1f60493713 P 007a1928fd424e76b35d3ee3ba61dd78: Tablet deleted. Last logged OpId: 1.2
I0929 21:45:45.349803 26420 log.cc:965] T 177c231e568041b5843adb1f60493713 P 007a1928fd424e76b35d3ee3ba61dd78: Deleting WAL directory at /tmp/run_tha_test8NQfeJ/test-tmp/alter_table-test.AlterTableTest.TestAlterRangePartitioning.1506721518627625-22612/minicluster-data/ts-0-root/wals/177c231e568041b5843adb1f60493713
I0929 21:45:45.350538 26420 consensus_meta.cc:78] T 177c231e568041b5843adb1f60493713 Deleting consensus metadata
I0929 21:45:45.353276 26331 catalog_manager.cc:3130] TS 007a1928fd424e76b35d3ee3ba61dd78 (127.0.0.1:57485): tablet 177c231e568041b5843adb1f60493713 (table test-alter-range-partitioning [id=7b76a5131d4a4d1eb84477521aba14e2]) successfully deleted
I0929 21:45:45.357085 26421 ts_tablet_manager.cc:906] T 8ea010dc3c1647728725bfc11124435e P 007a1928fd424e76b35d3ee3ba61dd78: Registered tablet (data state: TABLET_DATA_READY)
I0929 21:45:45.357583 26464 ts_tablet_manager.cc:767] T 8ea010dc3c1647728725bfc11124435e P 007a1928fd424e76b35d3ee3ba61dd78: Bootstrapping tablet
I0929 21:45:45.358754 26419 consensus_meta.cc:78] T 717c2dec1ae44684ac110a09aa5411af Deleting consensus metadata
I0929 21:45:45.360872 26331 catalog_manager.cc:3130] TS 007a1928fd424e76b35d3ee3ba61dd78 (127.0.0.1:57485): tablet 717c2dec1ae44684ac110a09aa5411af (table test-alter-range-partitioning [id=7b76a5131d4a4d1eb84477521aba14e2]) successfully deleted
I0929 21:45:45.362294 26464 tablet_bootstrap.cc:406] T 8ea010dc3c1647728725bfc11124435e P 007a1928fd424e76b35d3ee3ba61dd78: Bootstrap starting.
I0929 21:45:45.363764 26418 ts_tablet_manager.cc:906] T 1874f12be19040f99d578034e1152910 P 007a1928fd424e76b35d3ee3ba61dd78: Registered tablet (data state: TABLET_DATA_READY)
I0929 21:45:45.366335 26332 catalog_manager.cc:2925] Scheduling retry of 1874f12be19040f99d578034e1152910 (table test-alter-range-partitioning [id=7b76a5131d4a4d1eb84477521aba14e2]) Alter Table RPC with a delay of 30ms (attempt = 0)...
W0929 21:45:45.366631 26332 catalog_manager.cc:2946] Async tablet task 1874f12be19040f99d578034e1152910 (table test-alter-range-partitioning [id=7b76a5131d4a4d1eb84477521aba14e2]) Alter Table RPC failed: Not found: Failed to reset TS proxy: No leader found: Tablet 1874f12be19040f99d578034e1152910 consensus state has no leader
I0929 21:45:45.367532 26464 tablet_bootstrap.cc:543] T 8ea010dc3c1647728725bfc11124435e P 007a1928fd424e76b35d3ee3ba61dd78: No blocks or log segments found. Creating new log.
I0929 21:45:45.381407 26464 tablet_bootstrap.cc:406] T 8ea010dc3c1647728725bfc11124435e P 007a1928fd424e76b35d3ee3ba61dd78: No bootstrap required, opened a new log
I0929 21:45:45.381727 26464 ts_tablet_manager.cc:772] T 8ea010dc3c1647728725bfc11124435e P 007a1928fd424e76b35d3ee3ba61dd78: Time spent bootstrapping tablet: real 0.024s user 0.008s sys 0.008s
I0929 21:45:45.384210 26332 catalog_manager.cc:2925] Scheduling retry of 8ea010dc3c1647728725bfc11124435e (table test-alter-range-partitioning [id=7b76a5131d4a4d1eb84477521aba14e2]) Alter Table RPC with a delay of 16ms (attempt = 0)...
W0929 21:45:45.384578 26332 catalog_manager.cc:2946] Async tablet task 8ea010dc3c1647728725bfc11124435e (table test-alter-range-partitioning [id=7b76a5131d4a4d1eb84477521aba14e2]) Alter Table RPC failed: Not found: Failed to reset TS proxy: No leader found: Tablet 8ea010dc3c1647728725bfc11124435e consensus state has no leader
I0929 21:45:45.397068 26332 catalog_manager.cc:2925] Scheduling retry of 1874f12be19040f99d578034e1152910 (table test-alter-range-partitioning [id=7b76a5131d4a4d1eb84477521aba14e2]) Alter Table RPC with a delay of 30ms (attempt = 0)...
W0929 21:45:45.397406 26332 catalog_manager.cc:2946] Async tablet task 1874f12be19040f99d578034e1152910 (table test-alter-range-partitioning [id=7b76a5131d4a4d1eb84477521aba14e2]) Alter Table RPC failed: Not found: Failed to reset TS proxy: No leader found: Tablet 1874f12be19040f99d578034e1152910 consensus state has no leader
I0929 21:45:45.402356 26332 catalog_manager.cc:2925] Scheduling retry of 8ea010dc3c1647728725bfc11124435e (table test-alter-range-partitioning [id=7b76a5131d4a4d1eb84477521aba14e2]) Alter Table RPC with a delay of 31ms (attempt = 0)...
W0929 21:45:45.402673 26332 catalog_manager.cc:2946] Async tablet task 8ea010dc3c1647728725bfc11124435e (table test-alter-range-partitioning [id=7b76a5131d4a4d1eb84477521aba14e2]) Alter Table RPC failed: Not found: Failed to reset TS proxy: No leader found: Tablet 8ea010dc3c1647728725bfc11124435e consensus state has no leader
I0929 21:45:45.426718 26464 raft_consensus.cc:289] T 8ea010dc3c1647728725bfc11124435e P 007a1928fd424e76b35d3ee3ba61dd78 [term 0 FOLLOWER]: Replica starting. Triggering 0 pending transactions. Active config: opid_index: -1 OBSOLETE_local: true peers { permanent_uuid: "007a1928fd424e76b35d3ee3ba61dd78" member_type: VOTER last_known_addr { host: "127.0.0.1" port: 57485 } }
I0929 21:45:45.427429 26464 raft_consensus.cc:320] T 8ea010dc3c1647728725bfc11124435e P 007a1928fd424e76b35d3ee3ba61dd78 [term 0 FOLLOWER]: Consensus starting up: Expiring failure detector timer to make a prompt election more likely
I0929 21:45:45.427652 26464 raft_consensus.cc:549] T 8ea010dc3c1647728725bfc11124435e P 007a1928fd424e76b35d3ee3ba61dd78 [term 0 FOLLOWER]: Becoming Follower/Learner. State: Replica: 007a1928fd424e76b35d3ee3ba61dd78, State: 1, Role: FOLLOWER
I0929 21:45:45.427932 26464 consensus_queue.cc:184] T 8ea010dc3c1647728725bfc11124435e P 007a1928fd424e76b35d3ee3ba61dd78 [NON_LEADER]: Queue going to NON_LEADER mode. State: All replicated index: 0, Majority replicated index: 0, Committed index: 0, Last appended: 0.0, Last appended by leader: 0, Current term: 0, Majority size: -1, State: 1, Mode: NON_LEADER
I0929 21:45:45.428270 26464 raft_consensus.cc:333] T 8ea010dc3c1647728725bfc11124435e P 007a1928fd424e76b35d3ee3ba61dd78 [term 0 FOLLOWER]: Only one voter in the Raft config. Triggering election immediately
I0929 21:45:45.428248 26332 catalog_manager.cc:2925] Scheduling retry of 1874f12be19040f99d578034e1152910 (table test-alter-range-partitioning [id=7b76a5131d4a4d1eb84477521aba14e2]) Alter Table RPC with a delay of 24ms (attempt = 0)...
I0929 21:45:45.428576 26464 raft_consensus.cc:412] T 8ea010dc3c1647728725bfc11124435e P 007a1928fd424e76b35d3ee3ba61dd78 [term 0 FOLLOWER]: Starting leader election (initial election of a single-replica configuration)
W0929 21:45:45.428674 26332 catalog_manager.cc:2946] Async tablet task 1874f12be19040f99d578034e1152910 (table test-alter-range-partitioning [id=7b76a5131d4a4d1eb84477521aba14e2]) Alter Table RPC failed: Not found: Failed to reset TS proxy: No leader found: Tablet 1874f12be19040f99d578034e1152910 consensus state has no leader
I0929 21:45:45.428822 26464 raft_consensus.cc:2315] T 8ea010dc3c1647728725bfc11124435e P 007a1928fd424e76b35d3ee3ba61dd78 [term 0 FOLLOWER]: Snoozing failure detection for election timeout plus an additional 1.793s
I0929 21:45:45.429075 26464 raft_consensus.cc:2359] T 8ea010dc3c1647728725bfc11124435e P 007a1928fd424e76b35d3ee3ba61dd78 [term 0 FOLLOWER]: Advancing to term 1
I0929 21:45:45.434337 26332 catalog_manager.cc:2925] Scheduling retry of 8ea010dc3c1647728725bfc11124435e (table test-alter-range-partitioning [id=7b76a5131d4a4d1eb84477521aba14e2]) Alter Table RPC with a delay of 51ms (attempt = 0)...
W0929 21:45:45.434773 26332 catalog_manager.cc:2946] Async tablet task 8ea010dc3c1647728725bfc11124435e (table test-alter-range-partitioning [id=7b76a5131d4a4d1eb84477521aba14e2]) Alter Table RPC failed: Not found: Failed to reset TS proxy: No leader found: Tablet 8ea010dc3c1647728725bfc11124435e consensus state has no leader
I0929 21:45:45.434598 26464 raft_consensus.cc:436] T 8ea010dc3c1647728725bfc11124435e P 007a1928fd424e76b35d3ee3ba61dd78 [term 1 FOLLOWER]: Starting leader election with config: opid_index: -1 OBSOLETE_local: true peers { permanent_uuid: "007a1928fd424e76b35d3ee3ba61dd78" member_type: VOTER last_known_addr { host: "127.0.0.1" port: 57485 } }
I0929 21:45:45.435223 26464 leader_election.cc:243] T 8ea010dc3c1647728725bfc11124435e P 007a1928fd424e76b35d3ee3ba61dd78 [CANDIDATE]: Term 1 election: Election decided. Result: candidate won.
I0929 21:45:45.453663 26332 catalog_manager.cc:2925] Scheduling retry of 1874f12be19040f99d578034e1152910 (table test-alter-range-partitioning [id=7b76a5131d4a4d1eb84477521aba14e2]) Alter Table RPC with a delay of 31ms (attempt = 0)...
W0929 21:45:45.454144 26332 catalog_manager.cc:2946] Async tablet task 1874f12be19040f99d578034e1152910 (table test-alter-range-partitioning [id=7b76a5131d4a4d1eb84477521aba14e2]) Alter Table RPC failed: Not found: Failed to reset TS proxy: No leader found: Tablet 1874f12be19040f99d578034e1152910 consensus state has no leader
I0929 21:45:45.453820 26508 raft_consensus.cc:2315] T 8ea010dc3c1647728725bfc11124435e P 007a1928fd424e76b35d3ee3ba61dd78 [term 1 FOLLOWER]: Snoozing failure detection for election timeout plus an additional 1.671s
I0929 21:45:45.454814 26508 raft_consensus.cc:2124] T 8ea010dc3c1647728725bfc11124435e P 007a1928fd424e76b35d3ee3ba61dd78 [term 1 FOLLOWER]: Leader election won for term 1
I0929 21:45:45.455205 26464 ts_tablet_manager.cc:799] T 8ea010dc3c1647728725bfc11124435e P 007a1928fd424e76b35d3ee3ba61dd78: Time spent starting tablet: real 0.073s user 0.024s sys 0.048s
I0929 21:45:45.470053 26508 raft_consensus.cc:519] T 8ea010dc3c1647728725bfc11124435e P 007a1928fd424e76b35d3ee3ba61dd78 [term 1 LEADER]: Becoming Leader. State: Replica: 007a1928fd424e76b35d3ee3ba61dd78, State: 1, Role: LEADER
I0929 21:45:45.470499 26508 consensus_queue.cc:163] T 8ea010dc3c1647728725bfc11124435e P 007a1928fd424e76b35d3ee3ba61dd78 [LEADER]: Queue going to LEADER mode. State: All replicated index: 0, Majority replicated index: 0, Committed index: 0, Last appended: 0.0, Last appended by leader: 0, Current term: 1, Majority size: 1, State: 1, Mode: LEADER, active raft config: opid_index: -1 OBSOLETE_local: true peers { permanent_uuid: "007a1928fd424e76b35d3ee3ba61dd78" member_type: VOTER last_known_addr { host: "127.0.0.1" port: 57485 } }
I0929 21:45:45.485751 26332 catalog_manager.cc:2925] Scheduling retry of 1874f12be19040f99d578034e1152910 (table test-alter-range-partitioning [id=7b76a5131d4a4d1eb84477521aba14e2]) Alter Table RPC with a delay of 13ms (attempt = 0)...
W0929 21:45:45.486208 26332 catalog_manager.cc:2946] Async tablet task 1874f12be19040f99d578034e1152910 (table test-alter-range-partitioning [id=7b76a5131d4a4d1eb84477521aba14e2]) Alter Table RPC failed: Not found: Failed to reset TS proxy: No leader found: Tablet 1874f12be19040f99d578034e1152910 consensus state has no leader
I0929 21:45:45.486555 26332 catalog_manager.cc:2925] Scheduling retry of 8ea010dc3c1647728725bfc11124435e (table test-alter-range-partitioning [id=7b76a5131d4a4d1eb84477521aba14e2]) Alter Table RPC with a delay of 23ms (attempt = 0)...
W0929 21:45:45.486742 26332 catalog_manager.cc:2946] Async tablet task 8ea010dc3c1647728725bfc11124435e (table test-alter-range-partitioning [id=7b76a5131d4a4d1eb84477521aba14e2]) Alter Table RPC failed: Not found: Failed to reset TS proxy: No leader found: Tablet 8ea010dc3c1647728725bfc11124435e consensus state has no leader
I0929 21:45:45.489490 26342 catalog_manager.cc:2555] T 8ea010dc3c1647728725bfc11124435e reported consensus state change: term changed from 0 to 1, leader changed from to 007a1928fd424e76b35d3ee3ba61dd78 (127.0.0.1). New consensus state: current_term: 1 leader_uuid: "007a1928fd424e76b35d3ee3ba61dd78" committed_config { opid_index: -1 OBSOLETE_local: true peers { permanent_uuid: "007a1928fd424e76b35d3ee3ba61dd78" member_type: VOTER last_known_addr { host: "127.0.0.1" port: 57485 } } }
I0929 21:45:45.500288 26332 catalog_manager.cc:2925] Scheduling retry of 1874f12be19040f99d578034e1152910 (table test-alter-range-partitioning [id=7b76a5131d4a4d1eb84477521aba14e2]) Alter Table RPC with a delay of 26ms (attempt = 0)...
W0929 21:45:45.500599 26332 catalog_manager.cc:2946] Async tablet task 1874f12be19040f99d578034e1152910 (table test-alter-range-partitioning [id=7b76a5131d4a4d1eb84477521aba14e2]) Alter Table RPC failed: Not found: Failed to reset TS proxy: No leader found: Tablet 1874f12be19040f99d578034e1152910 consensus state has no leader
I0929 21:45:45.503885 26342 catalog_manager.cc:3651] T 00000000000000000000000000000000 P 195cbec92396457581f6ae639bbf4745: test-alter-range-partitioning [id=7b76a5131d4a4d1eb84477521aba14e2] - Alter table completed version=0
I0929 21:45:45.526684 26464 ts_tablet_manager.cc:767] T 1874f12be19040f99d578034e1152910 P 007a1928fd424e76b35d3ee3ba61dd78: Bootstrapping tablet
I0929 21:45:45.527425 26332 catalog_manager.cc:2925] Scheduling retry of 1874f12be19040f99d578034e1152910 (table test-alter-range-partitioning [id=7b76a5131d4a4d1eb84477521aba14e2]) Alter Table RPC with a delay of 12ms (attempt = 0)...
W0929 21:45:45.527788 26332 catalog_manager.cc:2946] Async tablet task 1874f12be19040f99d578034e1152910 (table test-alter-range-partitioning [id=7b76a5131d4a4d1eb84477521aba14e2]) Alter Table RPC failed: Not found: Failed to reset TS proxy: No leader found: Tablet 1874f12be19040f99d578034e1152910 consensus state has no leader
I0929 21:45:45.531877 26464 tablet_bootstrap.cc:406] T 1874f12be19040f99d578034e1152910 P 007a1928fd424e76b35d3ee3ba61dd78: Bootstrap starting.
I0929 21:45:45.538031 26464 tablet_bootstrap.cc:543] T 1874f12be19040f99d578034e1152910 P 007a1928fd424e76b35d3ee3ba61dd78: No blocks or log segments found. Creating new log.
I0929 21:45:45.541051 26332 catalog_manager.cc:2925] Scheduling retry of 1874f12be19040f99d578034e1152910 (table test-alter-range-partitioning [id=7b76a5131d4a4d1eb84477521aba14e2]) Alter Table RPC with a delay of 18ms (attempt = 0)...
W0929 21:45:45.541399 26332 catalog_manager.cc:2946] Async tablet task 1874f12be19040f99d578034e1152910 (table test-alter-range-partitioning [id=7b76a5131d4a4d1eb84477521aba14e2]) Alter Table RPC failed: Not found: Failed to reset TS proxy: No leader found: Tablet 1874f12be19040f99d578034e1152910 consensus state has no leader
I0929 21:45:45.552320 26464 tablet_bootstrap.cc:406] T 1874f12be19040f99d578034e1152910 P 007a1928fd424e76b35d3ee3ba61dd78: No bootstrap required, opened a new log
I0929 21:45:45.552882 26464 ts_tablet_manager.cc:772] T 1874f12be19040f99d578034e1152910 P 007a1928fd424e76b35d3ee3ba61dd78: Time spent bootstrapping tablet: real 0.026s user 0.004s sys 0.020s
I0929 21:45:45.560400 26332 catalog_manager.cc:2925] Scheduling retry of 1874f12be19040f99d578034e1152910 (table test-alter-range-partitioning [id=7b76a5131d4a4d1eb84477521aba14e2]) Alter Table RPC with a delay of 13ms (attempt = 0)...
W0929 21:45:45.560842 26332 catalog_manager.cc:2946] Async tablet task 1874f12be19040f99d578034e1152910 (table test-alter-range-partitioning [id=7b76a5131d4a4d1eb84477521aba14e2]) Alter Table RPC failed: Not found: Failed to reset TS proxy: No leader found: Tablet 1874f12be19040f99d578034e1152910 consensus state has no leader
I0929 21:45:45.574430 26332 catalog_manager.cc:2925] Scheduling retry of 1874f12be19040f99d578034e1152910 (table test-alter-range-partitioning [id=7b76a5131d4a4d1eb84477521aba14e2]) Alter Table RPC with a delay of 27ms (attempt = 0)...
W0929 21:45:45.574762 26332 catalog_manager.cc:2946] Async tablet task 1874f12be19040f99d578034e1152910 (table test-alter-range-partitioning [id=7b76a5131d4a4d1eb84477521aba14e2]) Alter Table RPC failed: Not found: Failed to reset TS proxy: No leader found: Tablet 1874f12be19040f99d578034e1152910 consensus state has no leader
I0929 21:45:45.583202 26464 raft_consensus.cc:289] T 1874f12be19040f99d578034e1152910 P 007a1928fd424e76b35d3ee3ba61dd78 [term 0 FOLLOWER]: Replica starting. Triggering 0 pending transactions. Active config: opid_index: -1 OBSOLETE_local: true peers { permanent_uuid: "007a1928fd424e76b35d3ee3ba61dd78" member_type: VOTER last_known_addr { host: "127.0.0.1" port: 57485 } }
I0929 21:45:45.584079 26464 raft_consensus.cc:320] T 1874f12be19040f99d578034e1152910 P 007a1928fd424e76b35d3ee3ba61dd78 [term 0 FOLLOWER]: Consensus starting up: Expiring failure detector timer to make a prompt election more likely
I0929 21:45:45.584620 26464 raft_consensus.cc:549] T 1874f12be19040f99d578034e1152910 P 007a1928fd424e76b35d3ee3ba61dd78 [term 0 FOLLOWER]: Becoming Follower/Learner. State: Replica: 007a1928fd424e76b35d3ee3ba61dd78, State: 1, Role: FOLLOWER
I0929 21:45:45.585203 26464 consensus_queue.cc:184] T 1874f12be19040f99d578034e1152910 P 007a1928fd424e76b35d3ee3ba61dd78 [NON_LEADER]: Queue going to NON_LEADER mode. State: All replicated index: 0, Majority replicated index: 0, Committed index: 0, Last appended: 0.0, Last appended by leader: 0, Current term: 0, Majority size: -1, State: 1, Mode: NON_LEADER
I0929 21:45:45.585877 26464 raft_consensus.cc:333] T 1874f12be19040f99d578034e1152910 P 007a1928fd424e76b35d3ee3ba61dd78 [term 0 FOLLOWER]: Only one voter in the Raft config. Triggering election immediately
I0929 21:45:45.589151 26464 raft_consensus.cc:412] T 1874f12be19040f99d578034e1152910 P 007a1928fd424e76b35d3ee3ba61dd78 [term 0 FOLLOWER]: Starting leader election (initial election of a single-replica configuration)
I0929 21:45:45.589445 26464 raft_consensus.cc:2315] T 1874f12be19040f99d578034e1152910 P 007a1928fd424e76b35d3ee3ba61dd78 [term 0 FOLLOWER]: Snoozing failure detection for election timeout plus an additional 2.121s
I0929 21:45:45.589974 26464 raft_consensus.cc:2359] T 1874f12be19040f99d578034e1152910 P 007a1928fd424e76b35d3ee3ba61dd78 [term 0 FOLLOWER]: Advancing to term 1
I0929 21:45:45.596221 26464 raft_consensus.cc:436] T 1874f12be19040f99d578034e1152910 P 007a1928fd424e76b35d3ee3ba61dd78 [term 1 FOLLOWER]: Starting leader election with config: opid_index: -1 OBSOLETE_local: true peers { permanent_uuid: "007a1928fd424e76b35d3ee3ba61dd78" member_type: VOTER last_known_addr { host: "127.0.0.1" port: 57485 } }
I0929 21:45:45.596912 26464 leader_election.cc:243] T 1874f12be19040f99d578034e1152910 P 007a1928fd424e76b35d3ee3ba61dd78 [CANDIDATE]: Term 1 election: Election decided. Result: candidate won.
I0929 21:45:45.602443 26332 catalog_manager.cc:2925] Scheduling retry of 1874f12be19040f99d578034e1152910 (table test-alter-range-partitioning [id=7b76a5131d4a4d1eb84477521aba14e2]) Alter Table RPC with a delay of 24ms (attempt = 0)...
W0929 21:45:45.602860 26332 catalog_manager.cc:2946] Async tablet task 1874f12be19040f99d578034e1152910 (table test-alter-range-partitioning [id=7b76a5131d4a4d1eb84477521aba14e2]) Alter Table RPC failed: Not found: Failed to reset TS proxy: No leader found: Tablet 1874f12be19040f99d578034e1152910 consensus state has no leader
I0929 21:45:45.607758 26515 raft_consensus.cc:2315] T 1874f12be19040f99d578034e1152910 P 007a1928fd424e76b35d3ee3ba61dd78 [term 1 FOLLOWER]: Snoozing failure detection for election timeout plus an additional 2.172s
I0929 21:45:45.608194 26515 raft_consensus.cc:2124] T 1874f12be19040f99d578034e1152910 P 007a1928fd424e76b35d3ee3ba61dd78 [term 1 FOLLOWER]: Leader election won for term 1
I0929 21:45:45.620239 26464 ts_tablet_manager.cc:799] T 1874f12be19040f99d578034e1152910 P 007a1928fd424e76b35d3ee3ba61dd78: Time spent starting tablet: real 0.067s user 0.016s sys 0.024s
I0929 21:45:45.627557 26332 catalog_manager.cc:2925] Scheduling retry of 1874f12be19040f99d578034e1152910 (table test-alter-range-partitioning [id=7b76a5131d4a4d1eb84477521aba14e2]) Alter Table RPC with a delay of 22ms (attempt = 0)...
W0929 21:45:45.627985 26332 catalog_manager.cc:2946] Async tablet task 1874f12be19040f99d578034e1152910 (table test-alter-range-partitioning [id=7b76a5131d4a4d1eb84477521aba14e2]) Alter Table RPC failed: Not found: Failed to reset TS proxy: No leader found: Tablet 1874f12be19040f99d578034e1152910 consensus state has no leader
I0929 21:45:45.650957 26332 catalog_manager.cc:2925] Scheduling retry of 1874f12be19040f99d578034e1152910 (table test-alter-range-partitioning [id=7b76a5131d4a4d1eb84477521aba14e2]) Alter Table RPC with a delay of 34ms (attempt = 0)...
W0929 21:45:45.651278 26332 catalog_manager.cc:2946] Async tablet task 1874f12be19040f99d578034e1152910 (table test-alter-range-partitioning [id=7b76a5131d4a4d1eb84477521aba14e2]) Alter Table RPC failed: Not found: Failed to reset TS proxy: No leader found: Tablet 1874f12be19040f99d578034e1152910 consensus state has no leader
I0929 21:45:45.651430 26515 raft_consensus.cc:519] T 1874f12be19040f99d578034e1152910 P 007a1928fd424e76b35d3ee3ba61dd78 [term 1 LEADER]: Becoming Leader. State: Replica: 007a1928fd424e76b35d3ee3ba61dd78, State: 1, Role: LEADER
I0929 21:45:45.652127 26515 consensus_queue.cc:163] T 1874f12be19040f99d578034e1152910 P 007a1928fd424e76b35d3ee3ba61dd78 [LEADER]: Queue going to LEADER mode. State: All replicated index: 0, Majority replicated index: 0, Committed index: 0, Last appended: 0.0, Last appended by leader: 0, Current term: 1, Majority size: 1, State: 1, Mode: LEADER, active raft config: opid_index: -1 OBSOLETE_local: true peers { permanent_uuid: "007a1928fd424e76b35d3ee3ba61dd78" member_type: VOTER last_known_addr { host: "127.0.0.1" port: 57485 } }
I0929 21:45:45.686086 26332 catalog_manager.cc:2925] Scheduling retry of 1874f12be19040f99d578034e1152910 (table test-alter-range-partitioning [id=7b76a5131d4a4d1eb84477521aba14e2]) Alter Table RPC with a delay of 41ms (attempt = 0)...
W0929 21:45:45.686866 26332 catalog_manager.cc:2946] Async tablet task 1874f12be19040f99d578034e1152910 (table test-alter-range-partitioning [id=7b76a5131d4a4d1eb84477521aba14e2]) Alter Table RPC failed: Not found: Failed to reset TS proxy: No leader found: Tablet 1874f12be19040f99d578034e1152910 consensus state has no leader
I0929 21:45:45.690084 26342 catalog_manager.cc:2555] T 1874f12be19040f99d578034e1152910 reported consensus state change: term changed from 0 to 1, leader changed from to 007a1928fd424e76b35d3ee3ba61dd78 (127.0.0.1). New consensus state: current_term: 1 leader_uuid: "007a1928fd424e76b35d3ee3ba61dd78" committed_config { opid_index: -1 OBSOLETE_local: true peers { permanent_uuid: "007a1928fd424e76b35d3ee3ba61dd78" member_type: VOTER last_known_addr { host: "127.0.0.1" port: 57485 } } }
I0929 21:45:45.791421 26341 catalog_manager.cc:1920] Servicing AlterTable request from {username='slave'} at 127.0.0.1:44106: table { table_name: "test-alter-range-partitioning" } alter_schema_steps { type: DROP_RANGE_PARTITION drop_range_partition { range_bounds { rows: "\006\0012\000\000\000\007\001\226\000\000\000" } } } alter_schema_steps { type: ADD_RANGE_PARTITION add_range_partition { range_bounds { rows: "\006\0012\000\000\000\007\001\226\000\000\000" } } } schema { columns { name: "c0" type: INT32 is_key: true is_nullable: false encoding: AUTO_ENCODING compression: DEFAULT_COMPRESSION cfile_block_size: 0 } columns { name: "c1" type: INT32 is_key: false is_nullable: false encoding: AUTO_ENCODING compression: DEFAULT_COMPRESSION cfile_block_size: 0 } }
I0929 21:45:45.800220 26341 catalog_manager.cc:2925] Scheduling retry of d07b6942fe464bdb83be6585232a1eaf (table test-alter-range-partitioning [id=7b76a5131d4a4d1eb84477521aba14e2]) Alter Table RPC with a delay of 49ms (attempt = 0)...
W0929 21:45:45.800495 26341 catalog_manager.cc:3406] Failed to send alter table request: Not found: Failed to reset TS proxy: No leader found: Tablet d07b6942fe464bdb83be6585232a1eaf has no consensus state
I0929 21:45:45.800750 26341 catalog_manager.cc:2925] Scheduling retry of 0af000b888624fe6a8ce9d1f68562d4a (table test-alter-range-partitioning [id=7b76a5131d4a4d1eb84477521aba14e2]) Alter Table RPC with a delay of 50ms (attempt = 0)...
W0929 21:45:45.800938 26341 catalog_manager.cc:3406] Failed to send alter table request: Not found: Failed to reset TS proxy: No leader found: Tablet 0af000b888624fe6a8ce9d1f68562d4a has no consensus state
I0929 21:45:45.801116 26341 catalog_manager.cc:3432] T 00000000000000000000000000000000 P 195cbec92396457581f6ae639bbf4745: Sending DeleteTablet for 1 replicas of tablet 8ea010dc3c1647728725bfc11124435e
I0929 21:45:45.801337 26341 catalog_manager.cc:3154] Sending DeleteTablet(TABLET_DATA_DELETED) for tablet 8ea010dc3c1647728725bfc11124435e on 007a1928fd424e76b35d3ee3ba61dd78 (127.0.0.1:57485) (Partition dropped at 2017-09-29 21:45:45 UTC)
I0929 21:45:45.801681 26341 catalog_manager.cc:3432] T 00000000000000000000000000000000 P 195cbec92396457581f6ae639bbf4745: Sending DeleteTablet for 1 replicas of tablet 1874f12be19040f99d578034e1152910
I0929 21:45:45.801966 26341 catalog_manager.cc:3154] Sending DeleteTablet(TABLET_DATA_DELETED) for tablet 1874f12be19040f99d578034e1152910 on 007a1928fd424e76b35d3ee3ba61dd78 (127.0.0.1:57485) (Partition dropped at 2017-09-29 21:45:45 UTC)
I0929 21:45:45.802466 26421 tablet_service.cc:713] Processing DeleteTablet for tablet 8ea010dc3c1647728725bfc11124435e with delete_type TABLET_DATA_DELETED (Partition dropped at 2017-09-29 21:45:45 UTC) from {username='slave'} at 127.0.0.1:44521
I0929 21:45:45.802897 26421 tablet_replica.cc:218] Initiating TabletReplica shutdown for tablet: 8ea010dc3c1647728725bfc11124435e
I0929 21:45:45.802950 26418 tablet_service.cc:713] Processing DeleteTablet for tablet 1874f12be19040f99d578034e1152910 with delete_type TABLET_DATA_DELETED (Partition dropped at 2017-09-29 21:45:45 UTC) from {username='slave'} at 127.0.0.1:44521
I0929 21:45:45.803130 26421 maintenance_manager.cc:206] P 007a1928fd424e76b35d3ee3ba61dd78: Unregistered op CompactRowSetsOp(8ea010dc3c1647728725bfc11124435e)
I0929 21:45:45.803314 26418 tablet_replica.cc:218] Initiating TabletReplica shutdown for tablet: 1874f12be19040f99d578034e1152910
I0929 21:45:45.803340 26421 maintenance_manager.cc:206] P 007a1928fd424e76b35d3ee3ba61dd78: Unregistered op MinorDeltaCompactionOp(8ea010dc3c1647728725bfc11124435e)
I0929 21:45:45.803524 26418 maintenance_manager.cc:206] P 007a1928fd424e76b35d3ee3ba61dd78: Unregistered op CompactRowSetsOp(1874f12be19040f99d578034e1152910)
I0929 21:45:45.803578 26421 maintenance_manager.cc:206] P 007a1928fd424e76b35d3ee3ba61dd78: Unregistered op MajorDeltaCompactionOp(8ea010dc3c1647728725bfc11124435e)
I0929 21:45:45.803710 26418 maintenance_manager.cc:206] P 007a1928fd424e76b35d3ee3ba61dd78: Unregistered op MinorDeltaCompactionOp(1874f12be19040f99d578034e1152910)
I0929 21:45:45.803795 26421 maintenance_manager.cc:206] P 007a1928fd424e76b35d3ee3ba61dd78: Unregistered op UndoDeltaBlockGCOp(8ea010dc3c1647728725bfc11124435e)
I0929 21:45:45.803897 26418 maintenance_manager.cc:206] P 007a1928fd424e76b35d3ee3ba61dd78: Unregistered op MajorDeltaCompactionOp(1874f12be19040f99d578034e1152910)
I0929 21:45:45.804003 26421 maintenance_manager.cc:206] P 007a1928fd424e76b35d3ee3ba61dd78: Unregistered op FlushMRSOp(8ea010dc3c1647728725bfc11124435e)
