I0929 21:45:43.994668 22612 maintenance_manager.cc:206] P 93bc149725fc4f14a528028984b29c32: Unregistered op UndoDeltaBlockGCOp(bc6cca6e3a224c588b153f54d7344210)
I0929 21:45:43.994827 22612 maintenance_manager.cc:206] P 93bc149725fc4f14a528028984b29c32: Unregistered op FlushMRSOp(bc6cca6e3a224c588b153f54d7344210)
I0929 21:45:43.994976 22612 maintenance_manager.cc:206] P 93bc149725fc4f14a528028984b29c32: Unregistered op FlushDeltaMemStoresOp(bc6cca6e3a224c588b153f54d7344210)
I0929 21:45:43.995133 22612 maintenance_manager.cc:206] P 93bc149725fc4f14a528028984b29c32: Unregistered op LogGCOp(bc6cca6e3a224c588b153f54d7344210)
I0929 21:45:43.995296 22612 raft_consensus.cc:1722] T bc6cca6e3a224c588b153f54d7344210 P 93bc149725fc4f14a528028984b29c32 [term 1 LEADER]: Raft consensus shutting down.
I0929 21:45:43.995594 22612 raft_consensus.cc:1738] T bc6cca6e3a224c588b153f54d7344210 P 93bc149725fc4f14a528028984b29c32 [term 1 LEADER]: Raft consensus is shut down!
I0929 21:45:43.999656 22612 tablet_replica.cc:218] Initiating TabletReplica shutdown for tablet: 46fc2008d5814fc5b74242e4da2dcc09
I0929 21:45:43.999867 22612 maintenance_manager.cc:206] P 93bc149725fc4f14a528028984b29c32: Unregistered op CompactRowSetsOp(46fc2008d5814fc5b74242e4da2dcc09)
I0929 21:45:44.000022 22612 maintenance_manager.cc:206] P 93bc149725fc4f14a528028984b29c32: Unregistered op MinorDeltaCompactionOp(46fc2008d5814fc5b74242e4da2dcc09)
I0929 21:45:44.000154 22612 maintenance_manager.cc:206] P 93bc149725fc4f14a528028984b29c32: Unregistered op MajorDeltaCompactionOp(46fc2008d5814fc5b74242e4da2dcc09)
I0929 21:45:44.000313 22612 maintenance_manager.cc:206] P 93bc149725fc4f14a528028984b29c32: Unregistered op UndoDeltaBlockGCOp(46fc2008d5814fc5b74242e4da2dcc09)
I0929 21:45:44.000465 22612 maintenance_manager.cc:206] P 93bc149725fc4f14a528028984b29c32: Unregistered op FlushMRSOp(46fc2008d5814fc5b74242e4da2dcc09)
I0929 21:45:44.000602 22612 maintenance_manager.cc:206] P 93bc149725fc4f14a528028984b29c32: Unregistered op FlushDeltaMemStoresOp(46fc2008d5814fc5b74242e4da2dcc09)
I0929 21:45:44.000741 22612 maintenance_manager.cc:206] P 93bc149725fc4f14a528028984b29c32: Unregistered op LogGCOp(46fc2008d5814fc5b74242e4da2dcc09)
I0929 21:45:44.000903 22612 raft_consensus.cc:1722] T 46fc2008d5814fc5b74242e4da2dcc09 P 93bc149725fc4f14a528028984b29c32 [term 1 LEADER]: Raft consensus shutting down.
I0929 21:45:44.001180 22612 raft_consensus.cc:1738] T 46fc2008d5814fc5b74242e4da2dcc09 P 93bc149725fc4f14a528028984b29c32 [term 1 LEADER]: Raft consensus is shut down!
I0929 21:45:44.004678 22612 tablet_replica.cc:218] Initiating TabletReplica shutdown for tablet: ac6dddf1d30749748759fb88e733da6c
I0929 21:45:44.004865 22612 maintenance_manager.cc:206] P 93bc149725fc4f14a528028984b29c32: Unregistered op CompactRowSetsOp(ac6dddf1d30749748759fb88e733da6c)
I0929 21:45:44.005013 22612 maintenance_manager.cc:206] P 93bc149725fc4f14a528028984b29c32: Unregistered op MinorDeltaCompactionOp(ac6dddf1d30749748759fb88e733da6c)
I0929 21:45:44.005144 22612 maintenance_manager.cc:206] P 93bc149725fc4f14a528028984b29c32: Unregistered op MajorDeltaCompactionOp(ac6dddf1d30749748759fb88e733da6c)
I0929 21:45:44.005276 22612 maintenance_manager.cc:206] P 93bc149725fc4f14a528028984b29c32: Unregistered op UndoDeltaBlockGCOp(ac6dddf1d30749748759fb88e733da6c)
I0929 21:45:44.005429 22612 maintenance_manager.cc:206] P 93bc149725fc4f14a528028984b29c32: Unregistered op FlushMRSOp(ac6dddf1d30749748759fb88e733da6c)
I0929 21:45:44.005578 22612 maintenance_manager.cc:206] P 93bc149725fc4f14a528028984b29c32: Unregistered op FlushDeltaMemStoresOp(ac6dddf1d30749748759fb88e733da6c)
I0929 21:45:44.005728 22612 maintenance_manager.cc:206] P 93bc149725fc4f14a528028984b29c32: Unregistered op LogGCOp(ac6dddf1d30749748759fb88e733da6c)
I0929 21:45:44.005884 22612 raft_consensus.cc:1722] T ac6dddf1d30749748759fb88e733da6c P 93bc149725fc4f14a528028984b29c32 [term 1 LEADER]: Raft consensus shutting down.
I0929 21:45:44.006170 22612 raft_consensus.cc:1738] T ac6dddf1d30749748759fb88e733da6c P 93bc149725fc4f14a528028984b29c32 [term 1 LEADER]: Raft consensus is shut down!
I0929 21:45:44.009483 22612 tablet_replica.cc:218] Initiating TabletReplica shutdown for tablet: 51dfcc0d2e8a4e43b54164f1b8700111
I0929 21:45:44.009685 22612 maintenance_manager.cc:206] P 93bc149725fc4f14a528028984b29c32: Unregistered op CompactRowSetsOp(51dfcc0d2e8a4e43b54164f1b8700111)
I0929 21:45:44.009827 22612 maintenance_manager.cc:206] P 93bc149725fc4f14a528028984b29c32: Unregistered op MinorDeltaCompactionOp(51dfcc0d2e8a4e43b54164f1b8700111)
I0929 21:45:44.009953 22612 maintenance_manager.cc:206] P 93bc149725fc4f14a528028984b29c32: Unregistered op MajorDeltaCompactionOp(51dfcc0d2e8a4e43b54164f1b8700111)
I0929 21:45:44.010085 22612 maintenance_manager.cc:206] P 93bc149725fc4f14a528028984b29c32: Unregistered op UndoDeltaBlockGCOp(51dfcc0d2e8a4e43b54164f1b8700111)
I0929 21:45:44.010251 22612 maintenance_manager.cc:206] P 93bc149725fc4f14a528028984b29c32: Unregistered op FlushMRSOp(51dfcc0d2e8a4e43b54164f1b8700111)
I0929 21:45:44.010391 22612 maintenance_manager.cc:206] P 93bc149725fc4f14a528028984b29c32: Unregistered op FlushDeltaMemStoresOp(51dfcc0d2e8a4e43b54164f1b8700111)
I0929 21:45:44.010543 22612 maintenance_manager.cc:206] P 93bc149725fc4f14a528028984b29c32: Unregistered op LogGCOp(51dfcc0d2e8a4e43b54164f1b8700111)
I0929 21:45:44.010701 22612 raft_consensus.cc:1722] T 51dfcc0d2e8a4e43b54164f1b8700111 P 93bc149725fc4f14a528028984b29c32 [term 1 LEADER]: Raft consensus shutting down.
I0929 21:45:44.010984 22612 raft_consensus.cc:1738] T 51dfcc0d2e8a4e43b54164f1b8700111 P 93bc149725fc4f14a528028984b29c32 [term 1 LEADER]: Raft consensus is shut down!
I0929 21:45:44.014986 22612 tablet_replica.cc:218] Initiating TabletReplica shutdown for tablet: 01246389a0974291a8d071ad2282b63c
I0929 21:45:44.015177 22612 maintenance_manager.cc:206] P 93bc149725fc4f14a528028984b29c32: Unregistered op CompactRowSetsOp(01246389a0974291a8d071ad2282b63c)
I0929 21:45:44.015322 22612 maintenance_manager.cc:206] P 93bc149725fc4f14a528028984b29c32: Unregistered op MinorDeltaCompactionOp(01246389a0974291a8d071ad2282b63c)
I0929 21:45:44.015449 22612 maintenance_manager.cc:206] P 93bc149725fc4f14a528028984b29c32: Unregistered op MajorDeltaCompactionOp(01246389a0974291a8d071ad2282b63c)
I0929 21:45:44.015590 22612 maintenance_manager.cc:206] P 93bc149725fc4f14a528028984b29c32: Unregistered op UndoDeltaBlockGCOp(01246389a0974291a8d071ad2282b63c)
I0929 21:45:44.015733 22612 maintenance_manager.cc:206] P 93bc149725fc4f14a528028984b29c32: Unregistered op FlushMRSOp(01246389a0974291a8d071ad2282b63c)
I0929 21:45:44.015875 22612 maintenance_manager.cc:206] P 93bc149725fc4f14a528028984b29c32: Unregistered op FlushDeltaMemStoresOp(01246389a0974291a8d071ad2282b63c)
I0929 21:45:44.016007 22612 maintenance_manager.cc:206] P 93bc149725fc4f14a528028984b29c32: Unregistered op LogGCOp(01246389a0974291a8d071ad2282b63c)
I0929 21:45:44.016161 22612 raft_consensus.cc:1722] T 01246389a0974291a8d071ad2282b63c P 93bc149725fc4f14a528028984b29c32 [term 1 LEADER]: Raft consensus shutting down.
I0929 21:45:44.016364 22612 raft_consensus.cc:1738] T 01246389a0974291a8d071ad2282b63c P 93bc149725fc4f14a528028984b29c32 [term 1 LEADER]: Raft consensus is shut down!
I0929 21:45:44.033499 22612 tablet_server.cc:136] TabletServer shut down complete. Bye!
I0929 21:45:44.033670 22612 tablet_server.cc:131] TabletServer shutting down...
I0929 21:45:44.033852 22612 tablet_server.cc:136] TabletServer shut down complete. Bye!
I0929 21:45:44.045511 22612 master.cc:213] Master@127.0.0.1:50287 shutting down...
I0929 21:45:44.084092 22612 raft_consensus.cc:1722] T 00000000000000000000000000000000 P a2c955673ea94c7aae2c3968a8cbf9ac [term 1 LEADER]: Raft consensus shutting down.
I0929 21:45:44.084518 22612 raft_consensus.cc:1738] T 00000000000000000000000000000000 P a2c955673ea94c7aae2c3968a8cbf9ac [term 1 LEADER]: Raft consensus is shut down!
I0929 21:45:44.085516 22612 tablet_replica.cc:218] Initiating TabletReplica shutdown for tablet: 00000000000000000000000000000000
I0929 21:45:44.085701 22612 maintenance_manager.cc:206] P a2c955673ea94c7aae2c3968a8cbf9ac: Unregistered op CompactRowSetsOp(00000000000000000000000000000000)
I0929 21:45:44.085846 22612 maintenance_manager.cc:206] P a2c955673ea94c7aae2c3968a8cbf9ac: Unregistered op MinorDeltaCompactionOp(00000000000000000000000000000000)
I0929 21:45:44.085970 22612 maintenance_manager.cc:206] P a2c955673ea94c7aae2c3968a8cbf9ac: Unregistered op MajorDeltaCompactionOp(00000000000000000000000000000000)
I0929 21:45:44.086125 22612 maintenance_manager.cc:206] P a2c955673ea94c7aae2c3968a8cbf9ac: Unregistered op UndoDeltaBlockGCOp(00000000000000000000000000000000)
I0929 21:45:44.086302 22612 maintenance_manager.cc:206] P a2c955673ea94c7aae2c3968a8cbf9ac: Unregistered op FlushMRSOp(00000000000000000000000000000000)
I0929 21:45:44.086457 22612 maintenance_manager.cc:206] P a2c955673ea94c7aae2c3968a8cbf9ac: Unregistered op FlushDeltaMemStoresOp(00000000000000000000000000000000)
I0929 21:45:44.086596 22612 maintenance_manager.cc:206] P a2c955673ea94c7aae2c3968a8cbf9ac: Unregistered op LogGCOp(00000000000000000000000000000000)
I0929 21:45:44.089768 22612 master.cc:217] Master@127.0.0.1:50287 shutdown complete. [ OK ] AlterTableTest.TestMultipleAlters (2863 ms) [ RUN ] AlterTableTest.TestAlterRangePartitioning
I0929 21:45:44.119675 22612 file_cache.cc:463] Constructed file cache lbm with capacity 26214
I0929 21:45:44.125530 22612 server_base.cc:215] Could not load existing FS layout: Not found: /tmp/run_tha_test8NQfeJ/test-tmp/alter_table-test.AlterTableTest.TestAlterRangePartitioning.1506721518627625-22612/minicluster-data/master-0-root/instance: No such file or directory (error 2)
I0929 21:45:44.125753 22612 server_base.cc:216] Creating new FS layout
I0929 21:45:44.135856 22612 fs_manager.cc:377] Generated new instance metadata in path /tmp/run_tha_test8NQfeJ/test-tmp/alter_table-test.AlterTableTest.TestAlterRangePartitioning.1506721518627625-22612/minicluster-data/master-0-root/instance: uuid: "195cbec92396457581f6ae639bbf4745" format_stamp: "Formatted at 2017-09-29 21:45:44 on dist-test-slave-dist-test-slave-sph7"
I0929 21:45:44.147555 22612 fs_manager.cc:263] Time spent opening block manager: real 0.003s user 0.004s sys 0.000s
I0929 21:45:44.147737 22612 fs_manager.cc:266] Opened local filesystem: /tmp/run_tha_test8NQfeJ/test-tmp/alter_table-test.AlterTableTest.TestAlterRangePartitioning.1506721518627625-22612/minicluster-data/master-0-root uuid: "195cbec92396457581f6ae639bbf4745" format_stamp: "Formatted at 2017-09-29 21:45:44 on dist-test-slave-dist-test-slave-sph7"
I0929 21:45:44.147979 22612 fs_report.cc:345] Block manager report -------------------- 1 data directories: /tmp/run_tha_test8NQfeJ/test-tmp/alter_table-test.AlterTableTest.TestAlterRangePartitioning.1506721518627625-22612/minicluster-data/master-0-root/data Total live blocks: 0 Total live bytes: 0 Total live bytes (after alignment): 0 Total number of LBM containers: 0 (0 full) Did not check for missing blocks Did not check for orphaned blocks Total full LBM containers with extra space: 0 (0 repaired) Total full LBM container extra space in bytes: 0 (0 repaired) Total incomplete LBM containers: 0 (0 repaired) Total LBM partial records: 0 (0 repaired)
I0929 21:45:44.226121 22612 rpc_server.cc:186] RPC server started. Bound to: 127.0.0.1:43923
I0929 21:45:44.227025 22612 webserver.cc:141] Starting webserver on 0.0.0.0:0
I0929 21:45:44.227141 22612 webserver.cc:152] Document root disabled
I0929 21:45:44.228356 22612 webserver.cc:283] Webserver started. Bound to: http://0.0.0.0:40492/
I0929 21:45:44.245769 26379 tablet_bootstrap.cc:406] T 00000000000000000000000000000000 P 195cbec92396457581f6ae639bbf4745: Bootstrap starting.
I0929 21:45:44.248994 26379 tablet_bootstrap.cc:543] T 00000000000000000000000000000000 P 195cbec92396457581f6ae639bbf4745: No blocks or log segments found. Creating new log.
I0929 21:45:44.252794 26379 tablet_bootstrap.cc:406] T 00000000000000000000000000000000 P 195cbec92396457581f6ae639bbf4745: No bootstrap required, opened a new log
I0929 21:45:44.261152 26379 raft_consensus.cc:289] T 00000000000000000000000000000000 P 195cbec92396457581f6ae639bbf4745 [term 0 FOLLOWER]: Replica starting. Triggering 0 pending transactions. Active config: opid_index: -1 OBSOLETE_local: true peers { permanent_uuid: "195cbec92396457581f6ae639bbf4745" member_type: VOTER }
I0929 21:45:44.261837 26379 raft_consensus.cc:320] T 00000000000000000000000000000000 P 195cbec92396457581f6ae639bbf4745 [term 0 FOLLOWER]: Consensus starting up: Expiring failure detector timer to make a prompt election more likely
I0929 21:45:44.262051 26379 raft_consensus.cc:549] T 00000000000000000000000000000000 P 195cbec92396457581f6ae639bbf4745 [term 0 FOLLOWER]: Becoming Follower/Learner. State: Replica: 195cbec92396457581f6ae639bbf4745, State: 1, Role: FOLLOWER
I0929 21:45:44.262364 26379 consensus_queue.cc:184] T 00000000000000000000000000000000 P 195cbec92396457581f6ae639bbf4745 [NON_LEADER]: Queue going to NON_LEADER mode. State: All replicated index: 0, Majority replicated index: 0, Committed index: 0, Last appended: 0.0, Last appended by leader: 0, Current term: 0, Majority size: -1, State: 1, Mode: NON_LEADER
I0929 21:45:44.262727 26379 raft_consensus.cc:333] T 00000000000000000000000000000000 P 195cbec92396457581f6ae639bbf4745 [term 0 FOLLOWER]: Only one voter in the Raft config. Triggering election immediately
I0929 21:45:44.262924 26379 raft_consensus.cc:412] T 00000000000000000000000000000000 P 195cbec92396457581f6ae639bbf4745 [term 0 FOLLOWER]: Starting leader election (initial election of a single-replica configuration)
I0929 21:45:44.263146 26379 raft_consensus.cc:2315] T 00000000000000000000000000000000 P 195cbec92396457581f6ae639bbf4745 [term 0 FOLLOWER]: Snoozing failure detection for election timeout plus an additional 2.164s
I0929 21:45:44.263384 26379 raft_consensus.cc:2359] T 00000000000000000000000000000000 P 195cbec92396457581f6ae639bbf4745 [term 0 FOLLOWER]: Advancing to term 1
I0929 21:45:44.268730 26379 raft_consensus.cc:436] T 00000000000000000000000000000000 P 195cbec92396457581f6ae639bbf4745 [term 1 FOLLOWER]: Starting leader election with config: opid_index: -1 OBSOLETE_local: true peers { permanent_uuid: "195cbec92396457581f6ae639bbf4745" member_type: VOTER }
I0929 21:45:44.269315 26379 leader_election.cc:243] T 00000000000000000000000000000000 P 195cbec92396457581f6ae639bbf4745 [CANDIDATE]: Term 1 election: Election decided. Result: candidate won.
I0929 21:45:44.270781 26382 raft_consensus.cc:2315] T 00000000000000000000000000000000 P 195cbec92396457581f6ae639bbf4745 [term 1 FOLLOWER]: Snoozing failure detection for election timeout plus an additional 1.837s
I0929 21:45:44.271061 26382 raft_consensus.cc:2124] T 00000000000000000000000000000000 P 195cbec92396457581f6ae639bbf4745 [term 1 FOLLOWER]: Leader election won for term 1
I0929 21:45:44.273408 26382 raft_consensus.cc:519] T 00000000000000000000000000000000 P 195cbec92396457581f6ae639bbf4745 [term 1 LEADER]: Becoming Leader. State: Replica: 195cbec92396457581f6ae639bbf4745, State: 1, Role: LEADER
I0929 21:45:44.273792 26382 consensus_queue.cc:163] T 00000000000000000000000000000000 P 195cbec92396457581f6ae639bbf4745 [LEADER]: Queue going to LEADER mode. State: All replicated index: 0, Majority replicated index: 0, Committed index: 0, Last appended: 0.0, Last appended by leader: 0, Current term: 1, Majority size: 1, State: 1, Mode: LEADER, active raft config: opid_index: -1 OBSOLETE_local: true peers { permanent_uuid: "195cbec92396457581f6ae639bbf4745" member_type: VOTER }
I0929 21:45:44.276087 26379 sys_catalog.cc:266] T 00000000000000000000000000000000 P 195cbec92396457581f6ae639bbf4745 [sys.catalog]: SysCatalogTable state changed. Reason: Started TabletReplica. Latest consensus state: current_term: 1 leader_uuid: "195cbec92396457581f6ae639bbf4745" committed_config { opid_index: -1 OBSOLETE_local: true peers { permanent_uuid: "195cbec92396457581f6ae639bbf4745" member_type: VOTER } }
I0929 21:45:44.276574 26379 sys_catalog.cc:269] T 00000000000000000000000000000000 P 195cbec92396457581f6ae639bbf4745 [sys.catalog]: This master's current role is: LEADER
I0929 21:45:44.277003 26384 sys_catalog.cc:266] T 00000000000000000000000000000000 P 195cbec92396457581f6ae639bbf4745 [sys.catalog]: SysCatalogTable state changed. Reason: New leader 195cbec92396457581f6ae639bbf4745. Latest consensus state: current_term: 1 leader_uuid: "195cbec92396457581f6ae639bbf4745" committed_config { opid_index: -1 OBSOLETE_local: true peers { permanent_uuid: "195cbec92396457581f6ae639bbf4745" member_type: VOTER } }
I0929 21:45:44.282212 26384 sys_catalog.cc:269] T 00000000000000000000000000000000 P 195cbec92396457581f6ae639bbf4745 [sys.catalog]: This master's current role is: LEADER
I0929 21:45:44.282331 26383 sys_catalog.cc:266] T 00000000000000000000000000000000 P 195cbec92396457581f6ae639bbf4745 [sys.catalog]: SysCatalogTable state changed. Reason: RaftConsensus started. Latest consensus state: current_term: 1 leader_uuid: "195cbec92396457581f6ae639bbf4745" committed_config { opid_index: -1 OBSOLETE_local: true peers { permanent_uuid: "195cbec92396457581f6ae639bbf4745" member_type: VOTER } }
I0929 21:45:44.282960 26383 sys_catalog.cc:269] T 00000000000000000000000000000000 P 195cbec92396457581f6ae639bbf4745 [sys.catalog]: This master's current role is: LEADER
I0929 21:45:44.283972 26379 sys_catalog.cc:344] T 00000000000000000000000000000000 P 195cbec92396457581f6ae639bbf4745 [sys.catalog]: configured and running, proceeding with master startup.
I0929 21:45:44.294500 26386 catalog_manager.cc:1013] Loading table and tablet metadata into memory...
I0929 21:45:44.296859 26386 catalog_manager.cc:1024] Initializing Kudu internal certificate authority...
I0929 21:45:44.351241 26386 catalog_manager.cc:909] Generated new certificate authority record
I0929 21:45:44.354080 26386 catalog_manager.cc:1033] Loading token signing keys...
I0929 21:45:44.365582 26386 catalog_manager.cc:3528] T 00000000000000000000000000000000 P 195cbec92396457581f6ae639bbf4745: Generated new TSK 0
I0929 21:45:44.430375 22612 file_cache.cc:463] Constructed file cache lbm with capacity 26214
I0929 21:45:44.440533 22612 server_base.cc:215] Could not load existing FS layout: Not found: /tmp/run_tha_test8NQfeJ/test-tmp/alter_table-test.AlterTableTest.TestAlterRangePartitioning.1506721518627625-22612/minicluster-data/ts-0-root/instance: No such file or directory (error 2)
I0929 21:45:44.440754 22612 server_base.cc:216] Creating new FS layout
I0929 21:45:44.451182 22612 fs_manager.cc:377] Generated new instance metadata in path /tmp/run_tha_test8NQfeJ/test-tmp/alter_table-test.AlterTableTest.TestAlterRangePartitioning.1506721518627625-22612/minicluster-data/ts-0-root/instance: uuid: "007a1928fd424e76b35d3ee3ba61dd78" format_stamp: "Formatted at 2017-09-29 21:45:44 on dist-test-slave-dist-test-slave-sph7"
I0929 21:45:44.468616 22612 fs_manager.cc:263] Time spent opening block manager: real 0.005s user 0.004s sys 0.004s
I0929 21:45:44.468857 22612 fs_manager.cc:266] Opened local filesystem: /tmp/run_tha_test8NQfeJ/test-tmp/alter_table-test.AlterTableTest.TestAlterRangePartitioning.1506721518627625-22612/minicluster-data/ts-0-root uuid: "007a1928fd424e76b35d3ee3ba61dd78" format_stamp: "Formatted at 2017-09-29 21:45:44 on dist-test-slave-dist-test-slave-sph7"
I0929 21:45:44.469146 22612 fs_report.cc:345] Block manager report -------------------- 1 data directories: /tmp/run_tha_test8NQfeJ/test-tmp/alter_table-test.AlterTableTest.TestAlterRangePartitioning.1506721518627625-22612/minicluster-data/ts-0-root/data Total live blocks: 0 Total live bytes: 0 Total live bytes (after alignment): 0 Total number of LBM containers: 0 (0 full) Did not check for missing blocks Did not check for orphaned blocks Total full LBM containers with extra space: 0 (0 repaired) Total full LBM container extra space in bytes: 0 (0 repaired) Total incomplete LBM containers: 0 (0 repaired) Total LBM partial records: 0 (0 repaired)
I0929 21:45:44.488986 22612 ts_tablet_manager.cc:223] Loaded tablet metadata (0 live tablets)
I0929 21:45:44.551748 22612 rpc_server.cc:186] RPC server started. Bound to: 127.0.0.1:57485
I0929 21:45:44.552738 22612 webserver.cc:141] Starting webserver on 0.0.0.0:0
I0929 21:45:44.552872 22612 webserver.cc:152] Document root disabled
I0929 21:45:44.554204 22612 webserver.cc:283] Webserver started. Bound to: http://0.0.0.0:55109/
I0929 21:45:44.573738 26454 heartbeater.cc:291] Connected to a master server at 127.0.0.1:43923
I0929 21:45:44.574097 26454 heartbeater.cc:361] Registering TS with master...
I0929 21:45:44.574893 26454 heartbeater.cc:388] Master 127.0.0.1:43923 requested a full tablet report, sending...
I0929 21:45:44.576452 26346 ts_manager.cc:78] Registered new tserver with Master: 007a1928fd424e76b35d3ee3ba61dd78 (127.0.0.1:57485)
I0929 21:45:44.576882 22612 mini_cluster.cc:276] 1 TS(s) registered with all masters after 0.015967762s
I0929 21:45:44.579041 26346 master_service.cc:195] Signed X509 certificate for tserver {username='slave'} at 127.0.0.1:44105
I0929 21:45:44.592600 26454 heartbeater.cc:380] Master 127.0.0.1:43923 was elected leader, sending a full tablet report...
I0929 21:45:44.600983 26346 catalog_manager.cc:1277] CreateTable from {username='slave'} at 127.0.0.1:44106: name: "fake-table" schema { columns { name: "c0" type: INT32 is_key: true is_nullable: false encoding: AUTO_ENCODING compression: DEFAULT_COMPRESSION cfile_block_size: 0 } columns { name: "c1" type: INT32 is_key: false is_nullable: false encoding: AUTO_ENCODING compression: DEFAULT_COMPRESSION cfile_block_size: 0 } } num_replicas: 1 split_rows_range_bounds { } partition_schema { range_schema { columns { name: "c0" } } }
I0929 21:45:44.626704 26421 tablet_service.cc:672] Processing CreateTablet for tablet 793c9d8f29854b589fd93f9a3f4cb232 (table=fake-table [id=abe2338a535c4b65a7255cac2ca0c382]), partition=RANGE (c0) PARTITION UNBOUNDED
I0929 21:45:44.638664 26421 ts_tablet_manager.cc:906] T 793c9d8f29854b589fd93f9a3f4cb232 P 007a1928fd424e76b35d3ee3ba61dd78: Registered tablet (data state: TABLET_DATA_READY)
I0929 21:45:44.640322 26464 ts_tablet_manager.cc:767] T 793c9d8f29854b589fd93f9a3f4cb232 P 007a1928fd424e76b35d3ee3ba61dd78: Bootstrapping tablet
I0929 21:45:44.646992 26464 tablet_bootstrap.cc:406] T 793c9d8f29854b589fd93f9a3f4cb232 P 007a1928fd424e76b35d3ee3ba61dd78: Bootstrap starting.
I0929 21:45:44.649857 26464 tablet_bootstrap.cc:543] T 793c9d8f29854b589fd93f9a3f4cb232 P 007a1928fd424e76b35d3ee3ba61dd78: No blocks or log segments found. Creating new log.
I0929 21:45:44.653370 26464 tablet_bootstrap.cc:406] T 793c9d8f29854b589fd93f9a3f4cb232 P 007a1928fd424e76b35d3ee3ba61dd78: No bootstrap required, opened a new log
I0929 21:45:44.653784 26464 ts_tablet_manager.cc:772] T 793c9d8f29854b589fd93f9a3f4cb232 P 007a1928fd424e76b35d3ee3ba61dd78: Time spent bootstrapping tablet: real 0.013s user 0.008s sys 0.000s
I0929 21:45:44.661731 26464 raft_consensus.cc:289] T 793c9d8f29854b589fd93f9a3f4cb232 P 007a1928fd424e76b35d3ee3ba61dd78 [term 0 FOLLOWER]: Replica starting. Triggering 0 pending transactions. Active config: opid_index: -1 OBSOLETE_local: true peers { permanent_uuid: "007a1928fd424e76b35d3ee3ba61dd78" member_type: VOTER last_known_addr { host: "127.0.0.1" port: 57485 } }
I0929 21:45:44.662328 26464 raft_consensus.cc:320] T 793c9d8f29854b589fd93f9a3f4cb232 P 007a1928fd424e76b35d3ee3ba61dd78 [term 0 FOLLOWER]: Consensus starting up: Expiring failure detector timer to make a prompt election more likely
I0929 21:45:44.662480 26464 raft_consensus.cc:549] T 793c9d8f29854b589fd93f9a3f4cb232 P 007a1928fd424e76b35d3ee3ba61dd78 [term 0 FOLLOWER]: Becoming Follower/Learner. State: Replica: 007a1928fd424e76b35d3ee3ba61dd78, State: 1, Role: FOLLOWER
I0929 21:45:44.662714 26464 consensus_queue.cc:184] T 793c9d8f29854b589fd93f9a3f4cb232 P 007a1928fd424e76b35d3ee3ba61dd78 [NON_LEADER]: Queue going to NON_LEADER mode. State: All replicated index: 0, Majority replicated index: 0, Committed index: 0, Last appended: 0.0, Last appended by leader: 0, Current term: 0, Majority size: -1, State: 1, Mode: NON_LEADER
I0929 21:45:44.663005 26464 raft_consensus.cc:333] T 793c9d8f29854b589fd93f9a3f4cb232 P 007a1928fd424e76b35d3ee3ba61dd78 [term 0 FOLLOWER]: Only one voter in the Raft config. Triggering election immediately
I0929 21:45:44.663192 26464 raft_consensus.cc:412] T 793c9d8f29854b589fd93f9a3f4cb232 P 007a1928fd424e76b35d3ee3ba61dd78 [term 0 FOLLOWER]: Starting leader election (initial election of a single-replica configuration)
I0929 21:45:44.663393 26464 raft_consensus.cc:2315] T 793c9d8f29854b589fd93f9a3f4cb232 P 007a1928fd424e76b35d3ee3ba61dd78 [term 0 FOLLOWER]: Snoozing failure detection for election timeout plus an additional 2.037s
I0929 21:45:44.663583 26464 raft_consensus.cc:2359] T 793c9d8f29854b589fd93f9a3f4cb232 P 007a1928fd424e76b35d3ee3ba61dd78 [term 0 FOLLOWER]: Advancing to term 1
I0929 21:45:44.667855 26464 raft_consensus.cc:436] T 793c9d8f29854b589fd93f9a3f4cb232 P 007a1928fd424e76b35d3ee3ba61dd78 [term 1 FOLLOWER]: Starting leader election with config: opid_index: -1 OBSOLETE_local: true peers { permanent_uuid: "007a1928fd424e76b35d3ee3ba61dd78" member_type: VOTER last_known_addr { host: "127.0.0.1" port: 57485 } }
I0929 21:45:44.668357 26464 leader_election.cc:243] T 793c9d8f29854b589fd93f9a3f4cb232 P 007a1928fd424e76b35d3ee3ba61dd78 [CANDIDATE]: Term 1 election: Election decided. Result: candidate won.
I0929 21:45:44.671062 26467 raft_consensus.cc:2315] T 793c9d8f29854b589fd93f9a3f4cb232 P 007a1928fd424e76b35d3ee3ba61dd78 [term 1 FOLLOWER]: Snoozing failure detection for election timeout plus an additional 1.659s
I0929 21:45:44.671447 26467 raft_consensus.cc:2124] T 793c9d8f29854b589fd93f9a3f4cb232 P 007a1928fd424e76b35d3ee3ba61dd78 [term 1 FOLLOWER]: Leader election won for term 1
I0929 21:45:44.677508 26464 ts_tablet_manager.cc:799] T 793c9d8f29854b589fd93f9a3f4cb232 P 007a1928fd424e76b35d3ee3ba61dd78: Time spent starting tablet: real 0.023s user 0.016s sys 0.008s
I0929 21:45:44.678715 26467 raft_consensus.cc:519] T 793c9d8f29854b589fd93f9a3f4cb232 P 007a1928fd424e76b35d3ee3ba61dd78 [term 1 LEADER]: Becoming Leader. State: Replica: 007a1928fd424e76b35d3ee3ba61dd78, State: 1, Role: LEADER
I0929 21:45:44.679184 26467 consensus_queue.cc:163] T 793c9d8f29854b589fd93f9a3f4cb232 P 007a1928fd424e76b35d3ee3ba61dd78 [LEADER]: Queue going to LEADER mode. State: All replicated index: 0, Majority replicated index: 0, Committed index: 0, Last appended: 0.0, Last appended by leader: 0, Current term: 1, Majority size: 1, State: 1, Mode: LEADER, active raft config: opid_index: -1 OBSOLETE_local: true peers { permanent_uuid: "007a1928fd424e76b35d3ee3ba61dd78" member_type: VOTER last_known_addr { host: "127.0.0.1" port: 57485 } }
I0929 21:45:44.683398 26346 catalog_manager.cc:2555] T 793c9d8f29854b589fd93f9a3f4cb232 reported consensus state change: term changed from 0 to 1, leader changed from to 007a1928fd424e76b35d3ee3ba61dd78 (127.0.0.1). New consensus state: current_term: 1 leader_uuid: "007a1928fd424e76b35d3ee3ba61dd78" committed_config { opid_index: -1 OBSOLETE_local: true peers { permanent_uuid: "007a1928fd424e76b35d3ee3ba61dd78" member_type: VOTER last_known_addr { host: "127.0.0.1" port: 57485 } } }
I0929 21:45:44.690727 22612 alter_table-test.cc:131] Tablet successfully located
I0929 21:45:44.692522 26346 catalog_manager.cc:1277] CreateTable from {username='slave'} at 127.0.0.1:44106: name: "test-alter-range-partitioning" schema { columns { name: "c0" type: INT32 is_key: true is_nullable: false encoding: AUTO_ENCODING compression: DEFAULT_COMPRESSION cfile_block_size: 0 } columns { name: "c1" type: INT32 is_key: false is_nullable: false encoding: AUTO_ENCODING compression: DEFAULT_COMPRESSION cfile_block_size: 0 } } num_replicas: 1 split_rows_range_bounds { } partition_schema { hash_bucket_schemas { columns { name: "c0" } num_buckets: 2 seed: 0 } range_schema { columns { name: "c0" } } }
I0929 21:45:44.708876 26421 tablet_service.cc:672] Processing CreateTablet for tablet 722b655f45c149b2b349e9397c7e062d (table=test-alter-range-partitioning [id=7b76a5131d4a4d1eb84477521aba14e2]), partition=HASH (c0) PARTITION 0, RANGE (c0) PARTITION UNBOUNDED
I0929 21:45:44.709281 26420 tablet_service.cc:672] Processing CreateTablet for tablet 694ff64c97394b2d979cba07cf1c4d81 (table=test-alter-range-partitioning [id=7b76a5131d4a4d1eb84477521aba14e2]), partition=HASH (c0) PARTITION 1, RANGE (c0) PARTITION UNBOUNDED
I0929 21:45:44.720209 26420 ts_tablet_manager.cc:906] T 694ff64c97394b2d979cba07cf1c4d81 P 007a1928fd424e76b35d3ee3ba61dd78: Registered tablet (data state: TABLET_DATA_READY)
I0929 21:45:44.720594 26421 ts_tablet_manager.cc:906] T 722b655f45c149b2b349e9397c7e062d P 007a1928fd424e76b35d3ee3ba61dd78: Registered tablet (data state: TABLET_DATA_READY)
I0929 21:45:44.720926 26464 ts_tablet_manager.cc:767] T 694ff64c97394b2d979cba07cf1c4d81 P 007a1928fd424e76b35d3ee3ba61dd78: Bootstrapping tablet
I0929 21:45:44.725466 26464 tablet_bootstrap.cc:406] T 694ff64c97394b2d979cba07cf1c4d81 P 007a1928fd424e76b35d3ee3ba61dd78: Bootstrap starting.
I0929 21:45:44.727818 26464 tablet_bootstrap.cc:543] T 694ff64c97394b2d979cba07cf1c4d81 P 007a1928fd424e76b35d3ee3ba61dd78: No blocks or log segments found. Creating new log.
I0929 21:45:44.731659 26464 tablet_bootstrap.cc:406] T 694ff64c97394b2d979cba07cf1c4d81 P 007a1928fd424e76b35d3ee3ba61dd78: No bootstrap required, opened a new log
I0929 21:45:44.732118 26464 ts_tablet_manager.cc:772] T 694ff64c97394b2d979cba07cf1c4d81 P 007a1928fd424e76b35d3ee3ba61dd78: Time spent bootstrapping tablet: real 0.011s user 0.004s sys 0.004s
I0929 21:45:44.741032 26464 raft_consensus.cc:289] T 694ff64c97394b2d979cba07cf1c4d81 P 007a1928fd424e76b35d3ee3ba61dd78 [term 0 FOLLOWER]: Replica starting. Triggering 0 pending transactions. Active config: opid_index: -1 OBSOLETE_local: true peers { permanent_uuid: "007a1928fd424e76b35d3ee3ba61dd78" member_type: VOTER last_known_addr { host: "127.0.0.1" port: 57485 } }
I0929 21:45:44.741766 26464 raft_consensus.cc:320] T 694ff64c97394b2d979cba07cf1c4d81 P 007a1928fd424e76b35d3ee3ba61dd78 [term 0 FOLLOWER]: Consensus starting up: Expiring failure detector timer to make a prompt election more likely
I0929 21:45:44.741981 26464 raft_consensus.cc:549] T 694ff64c97394b2d979cba07cf1c4d81 P 007a1928fd424e76b35d3ee3ba61dd78 [term 0 FOLLOWER]: Becoming Follower/Learner. State: Replica: 007a1928fd424e76b35d3ee3ba61dd78, State: 1, Role: FOLLOWER
I0929 21:45:44.742300 26464 consensus_queue.cc:184] T 694ff64c97394b2d979cba07cf1c4d81 P 007a1928fd424e76b35d3ee3ba61dd78 [NON_LEADER]: Queue going to NON_LEADER mode. State: All replicated index: 0, Majority replicated index: 0, Committed index: 0, Last appended: 0.0, Last appended by leader: 0, Current term: 0, Majority size: -1, State: 1, Mode: NON_LEADER
I0929 21:45:44.742643 26464 raft_consensus.cc:333] T 694ff64c97394b2d979cba07cf1c4d81 P 007a1928fd424e76b35d3ee3ba61dd78 [term 0 FOLLOWER]: Only one voter in the Raft config. Triggering election immediately
I0929 21:45:44.742831 26464 raft_consensus.cc:412] T 694ff64c97394b2d979cba07cf1c4d81 P 007a1928fd424e76b35d3ee3ba61dd78 [term 0 FOLLOWER]: Starting leader election (initial election of a single-replica configuration)
I0929 21:45:44.743062 26464 raft_consensus.cc:2315] T 694ff64c97394b2d979cba07cf1c4d81 P 007a1928fd424e76b35d3ee3ba61dd78 [term 0 FOLLOWER]: Snoozing failure detection for election timeout plus an additional 1.849s
I0929 21:45:44.743280 26464 raft_consensus.cc:2359] T 694ff64c97394b2d979cba07cf1c4d81 P 007a1928fd424e76b35d3ee3ba61dd78 [term 0 FOLLOWER]: Advancing to term 1
I0929 21:45:44.748926 26464 raft_consensus.cc:436] T 694ff64c97394b2d979cba07cf1c4d81 P 007a1928fd424e76b35d3ee3ba61dd78 [term 1 FOLLOWER]: Starting leader election with config: opid_index: -1 OBSOLETE_local: true peers { permanent_uuid: "007a1928fd424e76b35d3ee3ba61dd78" member_type: VOTER last_known_addr { host: "127.0.0.1" port: 57485 } }
I0929 21:45:44.749570 26464 leader_election.cc:243] T 694ff64c97394b2d979cba07cf1c4d81 P 007a1928fd424e76b35d3ee3ba61dd78 [CANDIDATE]: Term 1 election: Election decided. Result: candidate won.
I0929 21:45:44.759096 26474 raft_consensus.cc:2315] T 694ff64c97394b2d979cba07cf1c4d81 P 007a1928fd424e76b35d3ee3ba61dd78 [term 1 FOLLOWER]: Snoozing failure detection for election timeout plus an additional 2.037s
I0929 21:45:44.760047 26464 ts_tablet_manager.cc:799] T 694ff64c97394b2d979cba07cf1c4d81 P 007a1928fd424e76b35d3ee3ba61dd78: Time spent starting tablet: real 0.028s user 0.020s sys 0.008s
I0929 21:45:44.760493 26464 ts_tablet_manager.cc:767] T 722b655f45c149b2b349e9397c7e062d P 007a1928fd424e76b35d3ee3ba61dd78: Bootstrapping tablet
I0929 21:45:44.762125 26474 raft_consensus.cc:2124] T 694ff64c97394b2d979cba07cf1c4d81 P 007a1928fd424e76b35d3ee3ba61dd78 [term 1 FOLLOWER]: Leader election won for term 1
I0929 21:45:44.762686 26474 raft_consensus.cc:519] T 694ff64c97394b2d979cba07cf1c4d81 P 007a1928fd424e76b35d3ee3ba61dd78 [term 1 LEADER]: Becoming Leader. State: Replica: 007a1928fd424e76b35d3ee3ba61dd78, State: 1, Role: LEADER
I0929 21:45:44.763039 26474 consensus_queue.cc:163] T 694ff64c97394b2d979cba07cf1c4d81 P 007a1928fd424e76b35d3ee3ba61dd78 [LEADER]: Queue going to LEADER mode. State: All replicated index: 0, Majority replicated index: 0, Committed index: 0, Last appended: 0.0, Last appended by leader: 0, Current term: 1, Majority size: 1, State: 1, Mode: LEADER, active raft config: opid_index: -1 OBSOLETE_local: true peers { permanent_uuid: "007a1928fd424e76b35d3ee3ba61dd78" member_type: VOTER last_known_addr { host: "127.0.0.1" port: 57485 } }
I0929 21:45:44.766145 26464 tablet_bootstrap.cc:406] T 722b655f45c149b2b349e9397c7e062d P 007a1928fd424e76b35d3ee3ba61dd78: Bootstrap starting.
I0929 21:45:44.769377 26464 tablet_bootstrap.cc:543] T 722b655f45c149b2b349e9397c7e062d P 007a1928fd424e76b35d3ee3ba61dd78: No blocks or log segments found. Creating new log.
I0929 21:45:44.772474 26346 catalog_manager.cc:2555] T 694ff64c97394b2d979cba07cf1c4d81 reported consensus state change: term changed from 0 to 1, leader changed from to 007a1928fd424e76b35d3ee3ba61dd78 (127.0.0.1). New consensus state: current_term: 1 leader_uuid: "007a1928fd424e76b35d3ee3ba61dd78" committed_config { opid_index: -1 OBSOLETE_local: true peers { permanent_uuid: "007a1928fd424e76b35d3ee3ba61dd78" member_type: VOTER last_known_addr { host: "127.0.0.1" port: 57485 } } }
I0929 21:45:44.782330 26464 tablet_bootstrap.cc:406] T 722b655f45c149b2b349e9397c7e062d P 007a1928fd424e76b35d3ee3ba61dd78: No bootstrap required, opened a new log
I0929 21:45:44.782758 26464 ts_tablet_manager.cc:772] T 722b655f45c149b2b349e9397c7e062d P 007a1928fd424e76b35d3ee3ba61dd78: Time spent bootstrapping tablet: real 0.022s user 0.012s sys 0.008s
I0929 21:45:44.792731 26464 raft_consensus.cc:289] T 722b655f45c149b2b349e9397c7e062d P 007a1928fd424e76b35d3ee3ba61dd78 [term 0 FOLLOWER]: Replica starting. Triggering 0 pending transactions. Active config: opid_index: -1 OBSOLETE_local: true peers { permanent_uuid: "007a1928fd424e76b35d3ee3ba61dd78" member_type: VOTER last_known_addr { host: "127.0.0.1" port: 57485 } }
I0929 21:45:44.793445 26464 raft_consensus.cc:320] T 722b655f45c149b2b349e9397c7e062d P 007a1928fd424e76b35d3ee3ba61dd78 [term 0 FOLLOWER]: Consensus starting up: Expiring failure detector timer to make a prompt election more likely
I0929 21:45:44.793659 26464 raft_consensus.cc:549] T 722b655f45c149b2b349e9397c7e062d P 007a1928fd424e76b35d3ee3ba61dd78 [term 0 FOLLOWER]: Becoming Follower/Learner. State: Replica: 007a1928fd424e76b35d3ee3ba61dd78, State: 1, Role: FOLLOWER
I0929 21:45:44.793957 26464 consensus_queue.cc:184] T 722b655f45c149b2b349e9397c7e062d P 007a1928fd424e76b35d3ee3ba61dd78 [NON_LEADER]: Queue going to NON_LEADER mode. State: All replicated index: 0, Majority replicated index: 0, Committed index: 0, Last appended: 0.0, Last appended by leader: 0, Current term: 0, Majority size: -1, State: 1, Mode: NON_LEADER
I0929 21:45:44.794342 26464 raft_consensus.cc:333] T 722b655f45c149b2b349e9397c7e062d P 007a1928fd424e76b35d3ee3ba61dd78 [term 0 FOLLOWER]: Only one voter in the Raft config. Triggering election immediately
I0929 21:45:44.794539 26464 raft_consensus.cc:412] T 722b655f45c149b2b349e9397c7e062d P 007a1928fd424e76b35d3ee3ba61dd78 [term 0 FOLLOWER]: Starting leader election (initial election of a single-replica configuration)
I0929 21:45:44.794780 26464 raft_consensus.cc:2315] T 722b655f45c149b2b349e9397c7e062d P 007a1928fd424e76b35d3ee3ba61dd78 [term 0 FOLLOWER]: Snoozing failure detection for election timeout plus an additional 2.169s
I0929 21:45:44.795012 26464 raft_consensus.cc:2359] T 722b655f45c149b2b349e9397c7e062d P 007a1928fd424e76b35d3ee3ba61dd78 [term 0 FOLLOWER]: Advancing to term 1
I0929 21:45:44.800606 26464 raft_consensus.cc:436] T 722b655f45c149b2b349e9397c7e062d P 007a1928fd424e76b35d3ee3ba61dd78 [term 1 FOLLOWER]: Starting leader election with config: opid_index: -1 OBSOLETE_local: true peers { permanent_uuid: "007a1928fd424e76b35d3ee3ba61dd78" member_type: VOTER last_known_addr { host: "127.0.0.1" port: 57485 } }
I0929 21:45:44.801256 26464 leader_election.cc:243] T 722b655f45c149b2b349e9397c7e062d P 007a1928fd424e76b35d3ee3ba61dd78 [CANDIDATE]: Term 1 election: Election decided. Result: candidate won.
I0929 21:45:44.803141 26480 raft_consensus.cc:2315] T 722b655f45c149b2b349e9397c7e062d P 007a1928fd424e76b35d3ee3ba61dd78 [term 1 FOLLOWER]: Snoozing failure detection for election timeout plus an additional 1.849s
I0929 21:45:44.803952 26480 raft_consensus.cc:2124] T 722b655f45c149b2b349e9397c7e062d P 007a1928fd424e76b35d3ee3ba61dd78 [term 1 FOLLOWER]: Leader election won for term 1
I0929 21:45:44.805965 26464 ts_tablet_manager.cc:799] T 722b655f45c149b2b349e9397c7e062d P 007a1928fd424e76b35d3ee3ba61dd78: Time spent starting tablet: real 0.023s user 0.016s sys 0.004s
I0929 21:45:44.807310 26480 raft_consensus.cc:519] T 722b655f45c149b2b349e9397c7e062d P 007a1928fd424e76b35d3ee3ba61dd78 [term 1 LEADER]: Becoming Leader. State: Replica: 007a1928fd424e76b35d3ee3ba61dd78, State: 1, Role: LEADER
I0929 21:45:44.807699 26480 consensus_queue.cc:163] T 722b655f45c149b2b349e9397c7e062d P 007a1928fd424e76b35d3ee3ba61dd78 [LEADER]: Queue going to LEADER mode. State: All replicated index: 0, Majority replicated index: 0, Committed index: 0, Last appended: 0.0, Last appended by leader: 0, Current term: 1, Majority size: 1, State: 1, Mode: LEADER, active raft config: opid_index: -1 OBSOLETE_local: true peers { permanent_uuid: "007a1928fd424e76b35d3ee3ba61dd78" member_type: VOTER last_known_addr { host: "127.0.0.1" port: 57485 } }
I0929 21:45:44.813489 26346 catalog_manager.cc:2555] T 722b655f45c149b2b349e9397c7e062d reported consensus state change: term changed from 0 to 1, leader changed from to 007a1928fd424e76b35d3ee3ba61dd78 (127.0.0.1). New consensus state: current_term: 1 leader_uuid: "007a1928fd424e76b35d3ee3ba61dd78" committed_config { opid_index: -1 OBSOLETE_local: true peers { permanent_uuid: "007a1928fd424e76b35d3ee3ba61dd78" member_type: VOTER last_known_addr { host: "127.0.0.1" port: 57485 } } }
I0929 21:45:44.941820 26346 catalog_manager.cc:1920] Servicing AlterTable request from {username='slave'} at 127.0.0.1:44106: table { table_name: "test-alter-range-partitioning" } alter_schema_steps { type: DROP_RANGE_PARTITION drop_range_partition { range_bounds { rows: "\006\000\007\000" } } } schema { columns { name: "c0" type: INT32 is_key: true is_nullable: false encoding: AUTO_ENCODING compression: DEFAULT_COMPRESSION cfile_block_size: 0 } columns { name: "c1" type: INT32 is_key: false is_nullable: false encoding: AUTO_ENCODING compression: DEFAULT_COMPRESSION cfile_block_size: 0 } }
I0929 21:45:44.948675 26346 catalog_manager.cc:3432] T 00000000000000000000000000000000 P 195cbec92396457581f6ae639bbf4745: Sending DeleteTablet for 1 replicas of tablet 722b655f45c149b2b349e9397c7e062d
I0929 21:45:44.949188 26346 catalog_manager.cc:3154] Sending DeleteTablet(TABLET_DATA_DELETED) for tablet 722b655f45c149b2b349e9397c7e062d on 007a1928fd424e76b35d3ee3ba61dd78 (127.0.0.1:57485) (Partition dropped at 2017-09-29 21:45:44 UTC)
I0929 21:45:44.949723 26346 catalog_manager.cc:3432] T 00000000000000000000000000000000 P 195cbec92396457581f6ae639bbf4745: Sending DeleteTablet for 1 replicas of tablet 694ff64c97394b2d979cba07cf1c4d81
I0929 21:45:44.950048 26346 catalog_manager.cc:3154] Sending DeleteTablet(TABLET_DATA_DELETED) for tablet 694ff64c97394b2d979cba07cf1c4d81 on 007a1928fd424e76b35d3ee3ba61dd78 (127.0.0.1:57485) (Partition dropped at 2017-09-29 21:45:44 UTC)
I0929 21:45:44.950553 26421 tablet_service.cc:713] Processing DeleteTablet for tablet 722b655f45c149b2b349e9397c7e062d with delete_type TABLET_DATA_DELETED (Partition dropped at 2017-09-29 21:45:44 UTC) from {username='slave'} at 127.0.0.1:44521
I0929 21:45:44.951042 26421 tablet_replica.cc:218] Initiating TabletReplica shutdown for tablet: 722b655f45c149b2b349e9397c7e062d
I0929 21:45:44.951159 26420 tablet_service.cc:713] Processing DeleteTablet for tablet 694ff64c97394b2d979cba07cf1c4d81 with delete_type TABLET_DATA_DELETED (Partition dropped at 2017-09-29 21:45:44 UTC) from {username='slave'} at 127.0.0.1:44521
I0929 21:45:44.951524 26420 tablet_replica.cc:218] Initiating TabletReplica shutdown for tablet: 694ff64c97394b2d979cba07cf1c4d81
I0929 21:45:44.951730 26420 maintenance_manager.cc:206] P 007a1928fd424e76b35d3ee3ba61dd78: Unregistered op CompactRowSetsOp(694ff64c97394b2d979cba07cf1c4d81)
I0929 21:45:44.951913 26420 maintenance_manager.cc:206] P 007a1928fd424e76b35d3ee3ba61dd78: Unregistered op MinorDeltaCompactionOp(694ff64c97394b2d979cba07cf1c4d81)
I0929 21:45:44.952095 26420 maintenance_manager.cc:206] P 007a1928fd424e76b35d3ee3ba61dd78: Unregistered op MajorDeltaCompactionOp(694ff64c97394b2d979cba07cf1c4d81)
I0929 21:45:44.952258 26420 maintenance_manager.cc:206] P 007a1928fd424e76b35d3ee3ba61dd78: Unregistered op UndoDeltaBlockGCOp(694ff64c97394b2d979cba07cf1c4d81)
I0929 21:45:44.952451 26420 maintenance_manager.cc:206] P 007a1928fd424e76b35d3ee3ba61dd78: Unregistered op FlushMRSOp(694ff64c97394b2d979cba07cf1c4d81)
I0929 21:45:44.952668 26420 maintenance_manager.cc:206] P 007a1928fd424e76b35d3ee3ba61dd78: Unregistered op FlushDeltaMemStoresOp(694ff64c97394b2d979cba07cf1c4d81)
I0929 21:45:44.952859 26420 maintenance_manager.cc:206] P 007a1928fd424e76b35d3ee3ba61dd78: Unregistered op LogGCOp(694ff64c97394b2d979cba07cf1c4d81)
I0929 21:45:44.953060 26420 raft_consensus.cc:1722] T 694ff64c97394b2d979cba07cf1c4d81 P 007a1928fd424e76b35d3ee3ba61dd78 [term 1 LEADER]: Raft consensus shutting down.
I0929 21:45:44.951270 26421 maintenance_manager.cc:206] P 007a1928fd424e76b35d3ee3ba61dd78: Unregistered op CompactRowSetsOp(722b655f45c149b2b349e9397c7e062d)
I0929 21:45:44.954622 26421 maintenance_manager.cc:206] P 007a1928fd424e76b35d3ee3ba61dd78: Unregistered op MinorDeltaCompactionOp(722b655f45c149b2b349e9397c7e062d)
I0929 21:45:44.954833 26421 maintenance_manager.cc:206] P 007a1928fd424e76b35d3ee3ba61dd78: Unregistered op MajorDeltaCompactionOp(722b655f45c149b2b349e9397c7e062d)
I0929 21:45:44.955008 26421 maintenance_manager.cc:206] P 007a1928fd424e76b35d3ee3ba61dd78: Unregistered op UndoDeltaBlockGCOp(722b655f45c149b2b349e9397c7e062d)
I0929 21:45:44.955205 26421 maintenance_manager.cc:206] P 007a1928fd424e76b35d3ee3ba61dd78: Unregistered op FlushMRSOp(722b655f45c149b2b349e9397c7e062d)
I0929 21:45:44.955384 26421 maintenance_manager.cc:206] P 007a1928fd424e76b35d3ee3ba61dd78: Unregistered op FlushDeltaMemStoresOp(722b655f45c149b2b349e9397c7e062d)
I0929 21:45:44.955567 26421 maintenance_manager.cc:206] P 007a1928fd424e76b35d3ee3ba61dd78: Unregistered op LogGCOp(722b655f45c149b2b349e9397c7e062d)
I0929 21:45:44.955745 26421 raft_consensus.cc:1722] T 722b655f45c149b2b349e9397c7e062d P 007a1928fd424e76b35d3ee3ba61dd78 [term 1 LEADER]: Raft consensus shutting down.
I0929 21:45:44.956112 26420 raft_consensus.cc:1738] T 694ff64c97394b2d979cba07cf1c4d81 P 007a1928fd424e76b35d3ee3ba61dd78 [term 1 LEADER]: Raft consensus is shut down!
I0929 21:45:44.956607 26421 raft_consensus.cc:1738] T 722b655f45c149b2b349e9397c7e062d P 007a1928fd424e76b35d3ee3ba61dd78 [term 1 LEADER]: Raft consensus is shut down!
I0929 21:45:44.959136 26346 catalog_manager.cc:1920] Servicing AlterTable request from {username='slave'} at 127.0.0.1:44106: table { table_name: "test-alter-range-partitioning" } alter_schema_steps { type: ADD_RANGE_PARTITION add_range_partition { range_bounds { rows: "\006\001\000\000\000\000\007\001d\000\000\000" } } } schema { columns { name: "c0" type: INT32 is_key: true is_nullable: false encoding: AUTO_ENCODING compression: DEFAULT_COMPRESSION cfile_block_size: 0 } columns { name: "c1" type: INT32 is_key: false is_nullable: false encoding: AUTO_ENCODING compression: DEFAULT_COMPRESSION cfile_block_size: 0 } }
I0929 21:45:44.965832 26421 ts_tablet_manager.cc:1063] T 722b655f45c149b2b349e9397c7e062d P 007a1928fd424e76b35d3ee3ba61dd78: Deleting tablet data with delete state TABLET_DATA_DELETED
I0929 21:45:44.968068 26420 ts_tablet_manager.cc:1063] T 694ff64c97394b2d979cba07cf1c4d81 P 007a1928fd424e76b35d3ee3ba61dd78: Deleting tablet data with delete state TABLET_DATA_DELETED
I0929 21:45:44.973307 26346 catalog_manager.cc:2925] Scheduling retry of 717c2dec1ae44684ac110a09aa5411af (table test-alter-range-partitioning [id=7b76a5131d4a4d1eb84477521aba14e2]) Alter Table RPC with a delay of 45ms (attempt = 0)...
W0929 21:45:44.973851 26346 catalog_manager.cc:3406] Failed to send alter table request: Not found: Failed to reset TS proxy: No leader found: Tablet 717c2dec1ae44684ac110a09aa5411af has no consensus state
I0929 21:45:44.974268 26346 catalog_manager.cc:2925] Scheduling retry of 177c231e568041b5843adb1f60493713 (table test-alter-range-partitioning [id=7b76a5131d4a4d1eb84477521aba14e2]) Alter Table RPC with a delay of 47ms (attempt = 0)...
W0929 21:45:44.974689 26346 catalog_manager.cc:3406] Failed to send alter table request: Not found: Failed to reset TS proxy: No leader found: Tablet 177c231e568041b5843adb1f60493713 has no consensus state
I0929 21:45:44.982722 26421 ts_tablet_manager.cc:1075] T 722b655f45c149b2b349e9397c7e062d P 007a1928fd424e76b35d3ee3ba61dd78: Tablet deleted. Last logged OpId: 1.2
I0929 21:45:44.983139 26421 log.cc:965] T 722b655f45c149b2b349e9397c7e062d P 007a1928fd424e76b35d3ee3ba61dd78: Deleting WAL directory at /tmp/run_tha_test8NQfeJ/test-tmp/alter_table-test.AlterTableTest.TestAlterRangePartitioning.1506721518627625-22612/minicluster-data/ts-0-root/wals/722b655f45c149b2b349e9397c7e062d
I0929 21:45:44.983844 26421 consensus_meta.cc:78] T 722b655f45c149b2b349e9397c7e062d Deleting consensus metadata
I0929 21:45:44.984205 26419 tablet_service.cc:672] Processing CreateTablet for tablet 717c2dec1ae44684ac110a09aa5411af (table=test-alter-range-partitioning [id=7b76a5131d4a4d1eb84477521aba14e2]), partition=HASH (c0) PARTITION 0, RANGE (c0) PARTITION 0 <= VALUES < 100
I0929 21:45:44.985328 26420 ts_tablet_manager.cc:1075] T 694ff64c97394b2d979cba07cf1c4d81 P 007a1928fd424e76b35d3ee3ba61dd78: Tablet deleted. Last logged OpId: 1.2
I0929 21:45:44.985471 26331 catalog_manager.cc:3130] TS 007a1928fd424e76b35d3ee3ba61dd78 (127.0.0.1:57485): tablet 722b655f45c149b2b349e9397c7e062d (table test-alter-range-partitioning [id=7b76a5131d4a4d1eb84477521aba14e2]) successfully deleted
I0929 21:45:44.985729 26420 log.cc:965] T 694ff64c97394b2d979cba07cf1c4d81 P 007a1928fd424e76b35d3ee3ba61dd78: Deleting WAL directory at /tmp/run_tha_test8NQfeJ/test-tmp/alter_table-test.AlterTableTest.TestAlterRangePartitioning.1506721518627625-22612/minicluster-data/ts-0-root/wals/694ff64c97394b2d979cba07cf1c4d81
I0929 21:45:44.986524 26420 consensus_meta.cc:78] T 694ff64c97394b2d979cba07cf1c4d81 Deleting consensus metadata
I0929 21:45:44.988122 26331 catalog_manager.cc:3130] TS 007a1928fd424e76b35d3ee3ba61dd78 (127.0.0.1:57485): tablet 694ff64c97394b2d979cba07cf1c4d81 (table test-alter-range-partitioning [id=7b76a5131d4a4d1eb84477521aba14e2]) successfully deleted
I0929 21:45:44.993666 26419 ts_tablet_manager.cc:906] T 717c2dec1ae44684ac110a09aa5411af P 007a1928fd424e76b35d3ee3ba61dd78: Registered tablet (data state: TABLET_DATA_READY)
I0929 21:45:44.994287 26464 ts_tablet_manager.cc:767] T 717c2dec1ae44684ac110a09aa5411af P 007a1928fd424e76b35d3ee3ba61dd78: Bootstrapping tablet
I0929 21:45:44.997689 26419 tablet_service.cc:672] Processing CreateTablet for tablet 177c231e568041b5843adb1f60493713 (table=test-alter-range-partitioning [id=7b76a5131d4a4d1eb84477521aba14e2]), partition=HASH (c0) PARTITION 1, RANGE (c0) PARTITION 0 <= VALUES < 100
I0929 21:45:44.999617 26464 tablet_bootstrap.cc:406] T 717c2dec1ae44684ac110a09aa5411af P 007a1928fd424e76b35d3ee3ba61dd78: Bootstrap starting.
I0929 21:45:45.004088 26464 tablet_bootstrap.cc:543] T 717c2dec1ae44684ac110a09aa5411af P 007a1928fd424e76b35d3ee3ba61dd78: No blocks or log segments found. Creating new log.
I0929 21:45:45.009259 26419 ts_tablet_manager.cc:906] T 177c231e568041b5843adb1f60493713 P 007a1928fd424e76b35d3ee3ba61dd78: Registered tablet (data state: TABLET_DATA_READY)
I0929 21:45:45.009439 26464 tablet_bootstrap.cc:406] T 717c2dec1ae44684ac110a09aa5411af P 007a1928fd424e76b35d3ee3ba61dd78: No bootstrap required, opened a new log
I0929 21:45:45.009923 26464 ts_tablet_manager.cc:772] T 717c2dec1ae44684ac110a09aa5411af P 007a1928fd424e76b35d3ee3ba61dd78: Time spent bootstrapping tablet: real 0.015s user 0.008s sys 0.000s
