I0929 21:45:43.518729 26320 tablet.cc:1087] T 28a71afcadc8414db2d8d14c065500f5 P 93bc149725fc4f14a528028984b29c32: Alter schema from Schema [ 10:c0[int32 NOT NULL], 11:c1[int32 NOT NULL], 12:new_col0[int32 NOT NULL], 13:new_col1[int32 NOT NULL], 14:new_col2[int32 NOT NULL], 15:new_col3[int32 NOT NULL], 16:new_col4[int32 NOT NULL], 17:new_col5[int32 NOT NULL], 18:new_col6[int32 NOT NULL] ] version 7 to Schema [ 10:c0[int32 NOT NULL], 11:c1[int32 NOT NULL], 12:new_col0[int32 NOT NULL], 13:new_col1[int32 NOT NULL], 14:new_col2[int32 NOT NULL], 15:new_col3[int32 NOT NULL], 16:new_col4[int32 NOT NULL], 17:new_col5[int32 NOT NULL], 18:new_col6[int32 NOT NULL], 19:new_col7[int32 NOT NULL] ] version 8
I0929 21:45:43.526515 26320 tablet.cc:1030] T 28a71afcadc8414db2d8d14c065500f5 P 93bc149725fc4f14a528028984b29c32: MemRowSet was empty: no flush needed.
I0929 21:45:43.524505 26317 tablet.cc:1087] T 2fff303e567e47a58218c42169193b21 P 93bc149725fc4f14a528028984b29c32: Alter schema from Schema [ 10:c0[int32 NOT NULL], 11:c1[int32 NOT NULL], 12:new_col0[int32 NOT NULL], 13:new_col1[int32 NOT NULL], 14:new_col2[int32 NOT NULL], 15:new_col3[int32 NOT NULL], 16:new_col4[int32 NOT NULL], 17:new_col5[int32 NOT NULL] ] version 6 to Schema [ 10:c0[int32 NOT NULL], 11:c1[int32 NOT NULL], 12:new_col0[int32 NOT NULL], 13:new_col1[int32 NOT NULL], 14:new_col2[int32 NOT NULL], 15:new_col3[int32 NOT NULL], 16:new_col4[int32 NOT NULL], 17:new_col5[int32 NOT NULL], 18:new_col6[int32 NOT NULL] ] version 7
I0929 21:45:43.533001 26317 tablet.cc:1030] T 2fff303e567e47a58218c42169193b21 P 93bc149725fc4f14a528028984b29c32: MemRowSet was empty: no flush needed.
I0929 21:45:43.538174 26320 tablet.cc:1087] T ac6dddf1d30749748759fb88e733da6c P 93bc149725fc4f14a528028984b29c32: Alter schema from Schema [ 10:c0[int32 NOT NULL], 11:c1[int32 NOT NULL], 12:new_col0[int32 NOT NULL], 13:new_col1[int32 NOT NULL], 14:new_col2[int32 NOT NULL], 15:new_col3[int32 NOT NULL], 16:new_col4[int32 NOT NULL], 17:new_col5[int32 NOT NULL], 18:new_col6[int32 NOT NULL] ] version 7 to Schema [ 10:c0[int32 NOT NULL], 11:c1[int32 NOT NULL], 12:new_col0[int32 NOT NULL], 13:new_col1[int32 NOT NULL], 14:new_col2[int32 NOT NULL], 15:new_col3[int32 NOT NULL], 16:new_col4[int32 NOT NULL], 17:new_col5[int32 NOT NULL], 18:new_col6[int32 NOT NULL], 19:new_col7[int32 NOT NULL] ] version 8
I0929 21:45:43.529861 26112 catalog_manager.cc:2446] TS 93bc149725fc4f14a528028984b29c32 (127.0.0.1:49638) does not have the latest schema for tablet b16cf35c1a6b4d678b2e7b972bce5157 (table split-table [id=52b8a25d061b4fd698ed424bb72ff776]). Expected version 10 got 5
I0929 21:45:43.542151 26313 tablet.cc:1087] T 51dfcc0d2e8a4e43b54164f1b8700111 P 93bc149725fc4f14a528028984b29c32: Alter schema from Schema [ 10:c0[int32 NOT NULL], 11:c1[int32 NOT NULL], 12:new_col0[int32 NOT NULL], 13:new_col1[int32 NOT NULL], 14:new_col2[int32 NOT NULL], 15:new_col3[int32 NOT NULL], 16:new_col4[int32 NOT NULL], 17:new_col5[int32 NOT NULL], 18:new_col6[int32 NOT NULL] ] version 7 to Schema [ 10:c0[int32 NOT NULL], 11:c1[int32 NOT NULL], 12:new_col0[int32 NOT NULL], 13:new_col1[int32 NOT NULL], 14:new_col2[int32 NOT NULL], 15:new_col3[int32 NOT NULL], 16:new_col4[int32 NOT NULL], 17:new_col5[int32 NOT NULL], 18:new_col6[int32 NOT NULL], 19:new_col7[int32 NOT NULL] ] version 8
I0929 21:45:43.543488 26320 tablet.cc:1030] T ac6dddf1d30749748759fb88e733da6c P 93bc149725fc4f14a528028984b29c32: MemRowSet was empty: no flush needed.
I0929 21:45:43.550324 26112 catalog_manager.cc:2446] TS 93bc149725fc4f14a528028984b29c32 (127.0.0.1:49638) does not have the latest schema for tablet 28a71afcadc8414db2d8d14c065500f5 (table split-table [id=52b8a25d061b4fd698ed424bb72ff776]). Expected version 10 got 7
I0929 21:45:43.553638 26320 tablet.cc:1087] T df186953f0094ef38a82d46aaefc317a P 93bc149725fc4f14a528028984b29c32: Alter schema from Schema [ 10:c0[int32 NOT NULL], 11:c1[int32 NOT NULL], 12:new_col0[int32 NOT NULL], 13:new_col1[int32 NOT NULL], 14:new_col2[int32 NOT NULL], 15:new_col3[int32 NOT NULL], 16:new_col4[int32 NOT NULL], 17:new_col5[int32 NOT NULL] ] version 6 to Schema [ 10:c0[int32 NOT NULL], 11:c1[int32 NOT NULL], 12:new_col0[int32 NOT NULL], 13:new_col1[int32 NOT NULL], 14:new_col2[int32 NOT NULL], 15:new_col3[int32 NOT NULL], 16:new_col4[int32 NOT NULL], 17:new_col5[int32 NOT NULL], 18:new_col6[int32 NOT NULL] ] version 7
I0929 21:45:43.555280 26320 tablet.cc:1030] T df186953f0094ef38a82d46aaefc317a P 93bc149725fc4f14a528028984b29c32: MemRowSet was empty: no flush needed.
I0929 21:45:43.554327 26324 tablet.cc:1087] T 7e45f55fbf9e465f96ee87912c21f37b P 93bc149725fc4f14a528028984b29c32: Alter schema from Schema [ 10:c0[int32 NOT NULL], 11:c1[int32 NOT NULL], 12:new_col0[int32 NOT NULL], 13:new_col1[int32 NOT NULL], 14:new_col2[int32 NOT NULL], 15:new_col3[int32 NOT NULL], 16:new_col4[int32 NOT NULL], 17:new_col5[int32 NOT NULL], 18:new_col6[int32 NOT NULL] ] version 7 to Schema [ 10:c0[int32 NOT NULL], 11:c1[int32 NOT NULL], 12:new_col0[int32 NOT NULL], 13:new_col1[int32 NOT NULL], 14:new_col2[int32 NOT NULL], 15:new_col3[int32 NOT NULL], 16:new_col4[int32 NOT NULL], 17:new_col5[int32 NOT NULL], 18:new_col6[int32 NOT NULL], 19:new_col7[int32 NOT NULL] ] version 8
I0929 21:45:43.557781 26324 tablet.cc:1030] T 7e45f55fbf9e465f96ee87912c21f37b P 93bc149725fc4f14a528028984b29c32: MemRowSet was empty: no flush needed.
I0929 21:45:43.546761 26313 tablet.cc:1030] T 51dfcc0d2e8a4e43b54164f1b8700111 P 93bc149725fc4f14a528028984b29c32: MemRowSet was empty: no flush needed.
I0929 21:45:43.573109 26112 catalog_manager.cc:2446] TS 93bc149725fc4f14a528028984b29c32 (127.0.0.1:49638) does not have the latest schema for tablet 7e45f55fbf9e465f96ee87912c21f37b (table split-table [id=52b8a25d061b4fd698ed424bb72ff776]). Expected version 10 got 6
I0929 21:45:43.576580 26317 tablet.cc:1087] T bc6cca6e3a224c588b153f54d7344210 P 93bc149725fc4f14a528028984b29c32: Alter schema from Schema [ 10:c0[int32 NOT NULL], 11:c1[int32 NOT NULL], 12:new_col0[int32 NOT NULL], 13:new_col1[int32 NOT NULL], 14:new_col2[int32 NOT NULL], 15:new_col3[int32 NOT NULL], 16:new_col4[int32 NOT NULL], 17:new_col5[int32 NOT NULL] ] version 6 to Schema [ 10:c0[int32 NOT NULL], 11:c1[int32 NOT NULL], 12:new_col0[int32 NOT NULL], 13:new_col1[int32 NOT NULL], 14:new_col2[int32 NOT NULL], 15:new_col3[int32 NOT NULL], 16:new_col4[int32 NOT NULL], 17:new_col5[int32 NOT NULL], 18:new_col6[int32 NOT NULL] ] version 7
I0929 21:45:43.578045 26313 tablet.cc:1087] T 46fc2008d5814fc5b74242e4da2dcc09 P 93bc149725fc4f14a528028984b29c32: Alter schema from Schema [ 10:c0[int32 NOT NULL], 11:c1[int32 NOT NULL], 12:new_col0[int32 NOT NULL], 13:new_col1[int32 NOT NULL], 14:new_col2[int32 NOT NULL], 15:new_col3[int32 NOT NULL], 16:new_col4[int32 NOT NULL], 17:new_col5[int32 NOT NULL], 18:new_col6[int32 NOT NULL] ] version 7 to Schema [ 10:c0[int32 NOT NULL], 11:c1[int32 NOT NULL], 12:new_col0[int32 NOT NULL], 13:new_col1[int32 NOT NULL], 14:new_col2[int32 NOT NULL], 15:new_col3[int32 NOT NULL], 16:new_col4[int32 NOT NULL], 17:new_col5[int32 NOT NULL], 18:new_col6[int32 NOT NULL], 19:new_col7[int32 NOT NULL] ] version 8
I0929 21:45:43.580158 26317 tablet.cc:1030] T bc6cca6e3a224c588b153f54d7344210 P 93bc149725fc4f14a528028984b29c32: MemRowSet was empty: no flush needed.
I0929 21:45:43.581001 26313 tablet.cc:1030] T 46fc2008d5814fc5b74242e4da2dcc09 P 93bc149725fc4f14a528028984b29c32: MemRowSet was empty: no flush needed.
I0929 21:45:43.584854 26324 tablet.cc:1087] T 28a71afcadc8414db2d8d14c065500f5 P 93bc149725fc4f14a528028984b29c32: Alter schema from Schema [ 10:c0[int32 NOT NULL], 11:c1[int32 NOT NULL], 12:new_col0[int32 NOT NULL], 13:new_col1[int32 NOT NULL], 14:new_col2[int32 NOT NULL], 15:new_col3[int32 NOT NULL], 16:new_col4[int32 NOT NULL], 17:new_col5[int32 NOT NULL], 18:new_col6[int32 NOT NULL], 19:new_col7[int32 NOT NULL] ] version 8 to Schema [ 10:c0[int32 NOT NULL], 11:c1[int32 NOT NULL], 12:new_col0[int32 NOT NULL], 13:new_col1[int32 NOT NULL], 14:new_col2[int32 NOT NULL], 15:new_col3[int32 NOT NULL], 16:new_col4[int32 NOT NULL], 17:new_col5[int32 NOT NULL], 18:new_col6[int32 NOT NULL], 19:new_col7[int32 NOT NULL], 20:new_col8[int32 NOT NULL] ] version 9
I0929 21:45:43.589572 26324 tablet.cc:1030] T 28a71afcadc8414db2d8d14c065500f5 P 93bc149725fc4f14a528028984b29c32: MemRowSet was empty: no flush needed.
I0929 21:45:43.593736 26112 catalog_manager.cc:2446] TS 93bc149725fc4f14a528028984b29c32 (127.0.0.1:49638) does not have the latest schema for tablet bc6cca6e3a224c588b153f54d7344210 (table split-table [id=52b8a25d061b4fd698ed424bb72ff776]). Expected version 10 got 5
I0929 21:45:43.591521 26317 tablet.cc:1087] T b16cf35c1a6b4d678b2e7b972bce5157 P 93bc149725fc4f14a528028984b29c32: Alter schema from Schema [ 10:c0[int32 NOT NULL], 11:c1[int32 NOT NULL], 12:new_col0[int32 NOT NULL], 13:new_col1[int32 NOT NULL], 14:new_col2[int32 NOT NULL], 15:new_col3[int32 NOT NULL], 16:new_col4[int32 NOT NULL], 17:new_col5[int32 NOT NULL], 18:new_col6[int32 NOT NULL] ] version 7 to Schema [ 10:c0[int32 NOT NULL], 11:c1[int32 NOT NULL], 12:new_col0[int32 NOT NULL], 13:new_col1[int32 NOT NULL], 14:new_col2[int32 NOT NULL], 15:new_col3[int32 NOT NULL], 16:new_col4[int32 NOT NULL], 17:new_col5[int32 NOT NULL], 18:new_col6[int32 NOT NULL], 19:new_col7[int32 NOT NULL] ] version 8
I0929 21:45:43.602283 26317 tablet.cc:1030] T b16cf35c1a6b4d678b2e7b972bce5157 P 93bc149725fc4f14a528028984b29c32: MemRowSet was empty: no flush needed.
I0929 21:45:43.601042 26112 catalog_manager.cc:2446] TS 93bc149725fc4f14a528028984b29c32 (127.0.0.1:49638) does not have the latest schema for tablet 46fc2008d5814fc5b74242e4da2dcc09 (table split-table [id=52b8a25d061b4fd698ed424bb72ff776]). Expected version 10 got 6
I0929 21:45:43.608350 26324 tablet.cc:1087] T 7d80183e030f40f1997778b466528f77 P 93bc149725fc4f14a528028984b29c32: Alter schema from Schema [ 10:c0[int32 NOT NULL], 11:c1[int32 NOT NULL], 12:new_col0[int32 NOT NULL], 13:new_col1[int32 NOT NULL], 14:new_col2[int32 NOT NULL], 15:new_col3[int32 NOT NULL], 16:new_col4[int32 NOT NULL], 17:new_col5[int32 NOT NULL], 18:new_col6[int32 NOT NULL] ] version 7 to Schema [ 10:c0[int32 NOT NULL], 11:c1[int32 NOT NULL], 12:new_col0[int32 NOT NULL], 13:new_col1[int32 NOT NULL], 14:new_col2[int32 NOT NULL], 15:new_col3[int32 NOT NULL], 16:new_col4[int32 NOT NULL], 17:new_col5[int32 NOT NULL], 18:new_col6[int32 NOT NULL], 19:new_col7[int32 NOT NULL] ] version 8
I0929 21:45:43.609769 26324 tablet.cc:1030] T 7d80183e030f40f1997778b466528f77 P 93bc149725fc4f14a528028984b29c32: MemRowSet was empty: no flush needed.
I0929 21:45:43.610702 26320 tablet.cc:1087] T ac6dddf1d30749748759fb88e733da6c P 93bc149725fc4f14a528028984b29c32: Alter schema from Schema [ 10:c0[int32 NOT NULL], 11:c1[int32 NOT NULL], 12:new_col0[int32 NOT NULL], 13:new_col1[int32 NOT NULL], 14:new_col2[int32 NOT NULL], 15:new_col3[int32 NOT NULL], 16:new_col4[int32 NOT NULL], 17:new_col5[int32 NOT NULL], 18:new_col6[int32 NOT NULL], 19:new_col7[int32 NOT NULL] ] version 8 to Schema [ 10:c0[int32 NOT NULL], 11:c1[int32 NOT NULL], 12:new_col0[int32 NOT NULL], 13:new_col1[int32 NOT NULL], 14:new_col2[int32 NOT NULL], 15:new_col3[int32 NOT NULL], 16:new_col4[int32 NOT NULL], 17:new_col5[int32 NOT NULL], 18:new_col6[int32 NOT NULL], 19:new_col7[int32 NOT NULL], 20:new_col8[int32 NOT NULL] ] version 9
I0929 21:45:43.612105 26320 tablet.cc:1030] T ac6dddf1d30749748759fb88e733da6c P 93bc149725fc4f14a528028984b29c32: MemRowSet was empty: no flush needed.
I0929 21:45:43.613682 26112 catalog_manager.cc:2446] TS 93bc149725fc4f14a528028984b29c32 (127.0.0.1:49638) does not have the latest schema for tablet ac6dddf1d30749748759fb88e733da6c (table split-table [id=52b8a25d061b4fd698ed424bb72ff776]). Expected version 10 got 6
I0929 21:45:43.616539 26313 tablet.cc:1087] T 2fff303e567e47a58218c42169193b21 P 93bc149725fc4f14a528028984b29c32: Alter schema from Schema [ 10:c0[int32 NOT NULL], 11:c1[int32 NOT NULL], 12:new_col0[int32 NOT NULL], 13:new_col1[int32 NOT NULL], 14:new_col2[int32 NOT NULL], 15:new_col3[int32 NOT NULL], 16:new_col4[int32 NOT NULL], 17:new_col5[int32 NOT NULL], 18:new_col6[int32 NOT NULL] ] version 7 to Schema [ 10:c0[int32 NOT NULL], 11:c1[int32 NOT NULL], 12:new_col0[int32 NOT NULL], 13:new_col1[int32 NOT NULL], 14:new_col2[int32 NOT NULL], 15:new_col3[int32 NOT NULL], 16:new_col4[int32 NOT NULL], 17:new_col5[int32 NOT NULL], 18:new_col6[int32 NOT NULL], 19:new_col7[int32 NOT NULL] ] version 8
I0929 21:45:43.618086 26313 tablet.cc:1030] T 2fff303e567e47a58218c42169193b21 P 93bc149725fc4f14a528028984b29c32: MemRowSet was empty: no flush needed.
I0929 21:45:43.625545 26112 catalog_manager.cc:2446] TS 93bc149725fc4f14a528028984b29c32 (127.0.0.1:49638) does not have the latest schema for tablet 51dfcc0d2e8a4e43b54164f1b8700111 (table split-table [id=52b8a25d061b4fd698ed424bb72ff776]). Expected version 10 got 7
I0929 21:45:43.635165 26324 tablet.cc:1087] T 7e45f55fbf9e465f96ee87912c21f37b P 93bc149725fc4f14a528028984b29c32: Alter schema from Schema [ 10:c0[int32 NOT NULL], 11:c1[int32 NOT NULL], 12:new_col0[int32 NOT NULL], 13:new_col1[int32 NOT NULL], 14:new_col2[int32 NOT NULL], 15:new_col3[int32 NOT NULL], 16:new_col4[int32 NOT NULL], 17:new_col5[int32 NOT NULL], 18:new_col6[int32 NOT NULL], 19:new_col7[int32 NOT NULL] ] version 8 to Schema [ 10:c0[int32 NOT NULL], 11:c1[int32 NOT NULL], 12:new_col0[int32 NOT NULL], 13:new_col1[int32 NOT NULL], 14:new_col2[int32 NOT NULL], 15:new_col3[int32 NOT NULL], 16:new_col4[int32 NOT NULL], 17:new_col5[int32 NOT NULL], 18:new_col6[int32 NOT NULL], 19:new_col7[int32 NOT NULL], 20:new_col8[int32 NOT NULL] ] version 9
I0929 21:45:43.636695 26324 tablet.cc:1030] T 7e45f55fbf9e465f96ee87912c21f37b P 93bc149725fc4f14a528028984b29c32: MemRowSet was empty: no flush needed.
I0929 21:45:43.643765 26317 tablet.cc:1087] T 51dfcc0d2e8a4e43b54164f1b8700111 P 93bc149725fc4f14a528028984b29c32: Alter schema from Schema [ 10:c0[int32 NOT NULL], 11:c1[int32 NOT NULL], 12:new_col0[int32 NOT NULL], 13:new_col1[int32 NOT NULL], 14:new_col2[int32 NOT NULL], 15:new_col3[int32 NOT NULL], 16:new_col4[int32 NOT NULL], 17:new_col5[int32 NOT NULL], 18:new_col6[int32 NOT NULL], 19:new_col7[int32 NOT NULL] ] version 8 to Schema [ 10:c0[int32 NOT NULL], 11:c1[int32 NOT NULL], 12:new_col0[int32 NOT NULL], 13:new_col1[int32 NOT NULL], 14:new_col2[int32 NOT NULL], 15:new_col3[int32 NOT NULL], 16:new_col4[int32 NOT NULL], 17:new_col5[int32 NOT NULL], 18:new_col6[int32 NOT NULL], 19:new_col7[int32 NOT NULL], 20:new_col8[int32 NOT NULL] ] version 9
I0929 21:45:43.645576 26317 tablet.cc:1030] T 51dfcc0d2e8a4e43b54164f1b8700111 P 93bc149725fc4f14a528028984b29c32: MemRowSet was empty: no flush needed.
I0929 21:45:43.656564 26313 tablet.cc:1087] T bc6cca6e3a224c588b153f54d7344210 P 93bc149725fc4f14a528028984b29c32: Alter schema from Schema [ 10:c0[int32 NOT NULL], 11:c1[int32 NOT NULL], 12:new_col0[int32 NOT NULL], 13:new_col1[int32 NOT NULL], 14:new_col2[int32 NOT NULL], 15:new_col3[int32 NOT NULL], 16:new_col4[int32 NOT NULL], 17:new_col5[int32 NOT NULL], 18:new_col6[int32 NOT NULL] ] version 7 to Schema [ 10:c0[int32 NOT NULL], 11:c1[int32 NOT NULL], 12:new_col0[int32 NOT NULL], 13:new_col1[int32 NOT NULL], 14:new_col2[int32 NOT NULL], 15:new_col3[int32 NOT NULL], 16:new_col4[int32 NOT NULL], 17:new_col5[int32 NOT NULL], 18:new_col6[int32 NOT NULL], 19:new_col7[int32 NOT NULL] ] version 8
I0929 21:45:43.658133 26313 tablet.cc:1030] T bc6cca6e3a224c588b153f54d7344210 P 93bc149725fc4f14a528028984b29c32: MemRowSet was empty: no flush needed.
I0929 21:45:43.658221 26324 tablet.cc:1087] T df186953f0094ef38a82d46aaefc317a P 93bc149725fc4f14a528028984b29c32: Alter schema from Schema [ 10:c0[int32 NOT NULL], 11:c1[int32 NOT NULL], 12:new_col0[int32 NOT NULL], 13:new_col1[int32 NOT NULL], 14:new_col2[int32 NOT NULL], 15:new_col3[int32 NOT NULL], 16:new_col4[int32 NOT NULL], 17:new_col5[int32 NOT NULL], 18:new_col6[int32 NOT NULL] ] version 7 to Schema [ 10:c0[int32 NOT NULL], 11:c1[int32 NOT NULL], 12:new_col0[int32 NOT NULL], 13:new_col1[int32 NOT NULL], 14:new_col2[int32 NOT NULL], 15:new_col3[int32 NOT NULL], 16:new_col4[int32 NOT NULL], 17:new_col5[int32 NOT NULL], 18:new_col6[int32 NOT NULL], 19:new_col7[int32 NOT NULL] ] version 8
I0929 21:45:43.659646 26324 tablet.cc:1030] T df186953f0094ef38a82d46aaefc317a P 93bc149725fc4f14a528028984b29c32: MemRowSet was empty: no flush needed.
I0929 21:45:43.666333 26112 catalog_manager.cc:2446] TS 93bc149725fc4f14a528028984b29c32 (127.0.0.1:49638) does not have the latest schema for tablet 2fff303e567e47a58218c42169193b21 (table split-table [id=52b8a25d061b4fd698ed424bb72ff776]). Expected version 10 got 8
I0929 21:45:43.671356 26324 tablet.cc:1082] T 7d80183e030f40f1997778b466528f77 P 93bc149725fc4f14a528028984b29c32: Already running schema version 8 got alter request for version 8
I0929 21:45:43.671038 26320 tablet.cc:1087] T 46fc2008d5814fc5b74242e4da2dcc09 P 93bc149725fc4f14a528028984b29c32: Alter schema from Schema [ 10:c0[int32 NOT NULL], 11:c1[int32 NOT NULL], 12:new_col0[int32 NOT NULL], 13:new_col1[int32 NOT NULL], 14:new_col2[int32 NOT NULL], 15:new_col3[int32 NOT NULL], 16:new_col4[int32 NOT NULL], 17:new_col5[int32 NOT NULL], 18:new_col6[int32 NOT NULL], 19:new_col7[int32 NOT NULL] ] version 8 to Schema [ 10:c0[int32 NOT NULL], 11:c1[int32 NOT NULL], 12:new_col0[int32 NOT NULL], 13:new_col1[int32 NOT NULL], 14:new_col2[int32 NOT NULL], 15:new_col3[int32 NOT NULL], 16:new_col4[int32 NOT NULL], 17:new_col5[int32 NOT NULL], 18:new_col6[int32 NOT NULL], 19:new_col7[int32 NOT NULL], 20:new_col8[int32 NOT NULL] ] version 9
I0929 21:45:43.670101 26317 tablet.cc:1082] T 28a71afcadc8414db2d8d14c065500f5 P 93bc149725fc4f14a528028984b29c32: Already running schema version 9 got alter request for version 9
I0929 21:45:43.673012 26320 tablet.cc:1030] T 46fc2008d5814fc5b74242e4da2dcc09 P 93bc149725fc4f14a528028984b29c32: MemRowSet was empty: no flush needed.
I0929 21:45:43.672878 26324 tablet.cc:1087] T b16cf35c1a6b4d678b2e7b972bce5157 P 93bc149725fc4f14a528028984b29c32: Alter schema from Schema [ 10:c0[int32 NOT NULL], 11:c1[int32 NOT NULL], 12:new_col0[int32 NOT NULL], 13:new_col1[int32 NOT NULL], 14:new_col2[int32 NOT NULL], 15:new_col3[int32 NOT NULL], 16:new_col4[int32 NOT NULL], 17:new_col5[int32 NOT NULL], 18:new_col6[int32 NOT NULL], 19:new_col7[int32 NOT NULL] ] version 8 to Schema [ 10:c0[int32 NOT NULL], 11:c1[int32 NOT NULL], 12:new_col0[int32 NOT NULL], 13:new_col1[int32 NOT NULL], 14:new_col2[int32 NOT NULL], 15:new_col3[int32 NOT NULL], 16:new_col4[int32 NOT NULL], 17:new_col5[int32 NOT NULL], 18:new_col6[int32 NOT NULL], 19:new_col7[int32 NOT NULL], 20:new_col8[int32 NOT NULL] ] version 9
I0929 21:45:43.674636 26324 tablet.cc:1030] T b16cf35c1a6b4d678b2e7b972bce5157 P 93bc149725fc4f14a528028984b29c32: MemRowSet was empty: no flush needed.
I0929 21:45:43.681912 26112 catalog_manager.cc:2446] TS 93bc149725fc4f14a528028984b29c32 (127.0.0.1:49638) does not have the latest schema for tablet df186953f0094ef38a82d46aaefc317a (table split-table [id=52b8a25d061b4fd698ed424bb72ff776]). Expected version 10 got 7
I0929 21:45:43.685648 26324 tablet.cc:1082] T 2fff303e567e47a58218c42169193b21 P 93bc149725fc4f14a528028984b29c32: Already running schema version 8 got alter request for version 8
I0929 21:45:43.686069 26320 tablet.cc:1082] T 7e45f55fbf9e465f96ee87912c21f37b P 93bc149725fc4f14a528028984b29c32: Already running schema version 9 got alter request for version 9
I0929 21:45:43.687695 26324 tablet.cc:1087] T 51dfcc0d2e8a4e43b54164f1b8700111 P 93bc149725fc4f14a528028984b29c32: Alter schema from Schema [ 10:c0[int32 NOT NULL], 11:c1[int32 NOT NULL], 12:new_col0[int32 NOT NULL], 13:new_col1[int32 NOT NULL], 14:new_col2[int32 NOT NULL], 15:new_col3[int32 NOT NULL], 16:new_col4[int32 NOT NULL], 17:new_col5[int32 NOT NULL], 18:new_col6[int32 NOT NULL], 19:new_col7[int32 NOT NULL], 20:new_col8[int32 NOT NULL] ] version 9 to Schema [ 10:c0[int32 NOT NULL], 11:c1[int32 NOT NULL], 12:new_col0[int32 NOT NULL], 13:new_col1[int32 NOT NULL], 14:new_col2[int32 NOT NULL], 15:new_col3[int32 NOT NULL], 16:new_col4[int32 NOT NULL], 17:new_col5[int32 NOT NULL], 18:new_col6[int32 NOT NULL], 19:new_col7[int32 NOT NULL], 20:new_col8[int32 NOT NULL], 21:new_col9[int32 NOT NULL] ] version 10
I0929 21:45:43.688309 26320 tablet.cc:1082] T df186953f0094ef38a82d46aaefc317a P 93bc149725fc4f14a528028984b29c32: Already running schema version 8 got alter request for version 8
I0929 21:45:43.689204 26324 tablet.cc:1030] T 51dfcc0d2e8a4e43b54164f1b8700111 P 93bc149725fc4f14a528028984b29c32: MemRowSet was empty: no flush needed.
I0929 21:45:43.689663 26320 tablet.cc:1087] T 28a71afcadc8414db2d8d14c065500f5 P 93bc149725fc4f14a528028984b29c32: Alter schema from Schema [ 10:c0[int32 NOT NULL], 11:c1[int32 NOT NULL], 12:new_col0[int32 NOT NULL], 13:new_col1[int32 NOT NULL], 14:new_col2[int32 NOT NULL], 15:new_col3[int32 NOT NULL], 16:new_col4[int32 NOT NULL], 17:new_col5[int32 NOT NULL], 18:new_col6[int32 NOT NULL], 19:new_col7[int32 NOT NULL], 20:new_col8[int32 NOT NULL] ] version 9 to Schema [ 10:c0[int32 NOT NULL], 11:c1[int32 NOT NULL], 12:new_col0[int32 NOT NULL], 13:new_col1[int32 NOT NULL], 14:new_col2[int32 NOT NULL], 15:new_col3[int32 NOT NULL], 16:new_col4[int32 NOT NULL], 17:new_col5[int32 NOT NULL], 18:new_col6[int32 NOT NULL], 19:new_col7[int32 NOT NULL], 20:new_col8[int32 NOT NULL], 21:new_col9[int32 NOT NULL] ] version 10
I0929 21:45:43.691253 26320 tablet.cc:1030] T 28a71afcadc8414db2d8d14c065500f5 P 93bc149725fc4f14a528028984b29c32: MemRowSet was empty: no flush needed.
I0929 21:45:43.695775 26112 catalog_manager.cc:2446] TS 93bc149725fc4f14a528028984b29c32 (127.0.0.1:49638) does not have the latest schema for tablet 7d80183e030f40f1997778b466528f77 (table split-table [id=52b8a25d061b4fd698ed424bb72ff776]). Expected version 10 got 8
I0929 21:45:43.701586 26324 tablet.cc:1087] T ac6dddf1d30749748759fb88e733da6c P 93bc149725fc4f14a528028984b29c32: Alter schema from Schema [ 10:c0[int32 NOT NULL], 11:c1[int32 NOT NULL], 12:new_col0[int32 NOT NULL], 13:new_col1[int32 NOT NULL], 14:new_col2[int32 NOT NULL], 15:new_col3[int32 NOT NULL], 16:new_col4[int32 NOT NULL], 17:new_col5[int32 NOT NULL], 18:new_col6[int32 NOT NULL], 19:new_col7[int32 NOT NULL], 20:new_col8[int32 NOT NULL] ] version 9 to Schema [ 10:c0[int32 NOT NULL], 11:c1[int32 NOT NULL], 12:new_col0[int32 NOT NULL], 13:new_col1[int32 NOT NULL], 14:new_col2[int32 NOT NULL], 15:new_col3[int32 NOT NULL], 16:new_col4[int32 NOT NULL], 17:new_col5[int32 NOT NULL], 18:new_col6[int32 NOT NULL], 19:new_col7[int32 NOT NULL], 20:new_col8[int32 NOT NULL], 21:new_col9[int32 NOT NULL] ] version 10
I0929 21:45:43.702147 26320 tablet.cc:1087] T 2fff303e567e47a58218c42169193b21 P 93bc149725fc4f14a528028984b29c32: Alter schema from Schema [ 10:c0[int32 NOT NULL], 11:c1[int32 NOT NULL], 12:new_col0[int32 NOT NULL], 13:new_col1[int32 NOT NULL], 14:new_col2[int32 NOT NULL], 15:new_col3[int32 NOT NULL], 16:new_col4[int32 NOT NULL], 17:new_col5[int32 NOT NULL], 18:new_col6[int32 NOT NULL], 19:new_col7[int32 NOT NULL] ] version 8 to Schema [ 10:c0[int32 NOT NULL], 11:c1[int32 NOT NULL], 12:new_col0[int32 NOT NULL], 13:new_col1[int32 NOT NULL], 14:new_col2[int32 NOT NULL], 15:new_col3[int32 NOT NULL], 16:new_col4[int32 NOT NULL], 17:new_col5[int32 NOT NULL], 18:new_col6[int32 NOT NULL], 19:new_col7[int32 NOT NULL], 20:new_col8[int32 NOT NULL] ] version 9
I0929 21:45:43.703735 26324 tablet.cc:1030] T ac6dddf1d30749748759fb88e733da6c P 93bc149725fc4f14a528028984b29c32: MemRowSet was empty: no flush needed.
I0929 21:45:43.704087 26320 tablet.cc:1030] T 2fff303e567e47a58218c42169193b21 P 93bc149725fc4f14a528028984b29c32: MemRowSet was empty: no flush needed.
I0929 21:45:43.704579 26112 catalog_manager.cc:2446] TS 93bc149725fc4f14a528028984b29c32 (127.0.0.1:49638) does not have the latest schema for tablet b16cf35c1a6b4d678b2e7b972bce5157 (table split-table [id=52b8a25d061b4fd698ed424bb72ff776]). Expected version 10 got 8
I0929 21:45:43.709347 26317 tablet.cc:1087] T 46fc2008d5814fc5b74242e4da2dcc09 P 93bc149725fc4f14a528028984b29c32: Alter schema from Schema [ 10:c0[int32 NOT NULL], 11:c1[int32 NOT NULL], 12:new_col0[int32 NOT NULL], 13:new_col1[int32 NOT NULL], 14:new_col2[int32 NOT NULL], 15:new_col3[int32 NOT NULL], 16:new_col4[int32 NOT NULL], 17:new_col5[int32 NOT NULL], 18:new_col6[int32 NOT NULL], 19:new_col7[int32 NOT NULL], 20:new_col8[int32 NOT NULL] ] version 9 to Schema [ 10:c0[int32 NOT NULL], 11:c1[int32 NOT NULL], 12:new_col0[int32 NOT NULL], 13:new_col1[int32 NOT NULL], 14:new_col2[int32 NOT NULL], 15:new_col3[int32 NOT NULL], 16:new_col4[int32 NOT NULL], 17:new_col5[int32 NOT NULL], 18:new_col6[int32 NOT NULL], 19:new_col7[int32 NOT NULL], 20:new_col8[int32 NOT NULL], 21:new_col9[int32 NOT NULL] ] version 10
I0929 21:45:43.710937 26317 tablet.cc:1030] T 46fc2008d5814fc5b74242e4da2dcc09 P 93bc149725fc4f14a528028984b29c32: MemRowSet was empty: no flush needed.
I0929 21:45:43.712237 26112 catalog_manager.cc:2446] TS 93bc149725fc4f14a528028984b29c32 (127.0.0.1:49638) does not have the latest schema for tablet 28a71afcadc8414db2d8d14c065500f5 (table split-table [id=52b8a25d061b4fd698ed424bb72ff776]). Expected version 10 got 9
I0929 21:45:43.715682 26320 tablet.cc:1082] T 28a71afcadc8414db2d8d14c065500f5 P 93bc149725fc4f14a528028984b29c32: Already running schema version 10 got alter request for version 10
I0929 21:45:43.717944 26320 tablet.cc:1082] T b16cf35c1a6b4d678b2e7b972bce5157 P 93bc149725fc4f14a528028984b29c32: Already running schema version 9 got alter request for version 9
I0929 21:45:43.719192 26112 catalog_manager.cc:2446] TS 93bc149725fc4f14a528028984b29c32 (127.0.0.1:49638) does not have the latest schema for tablet 7e45f55fbf9e465f96ee87912c21f37b (table split-table [id=52b8a25d061b4fd698ed424bb72ff776]). Expected version 10 got 9
I0929 21:45:43.720286 26320 tablet.cc:1082] T 51dfcc0d2e8a4e43b54164f1b8700111 P 93bc149725fc4f14a528028984b29c32: Already running schema version 10 got alter request for version 10
I0929 21:45:43.721555 26320 tablet.cc:1087] T df186953f0094ef38a82d46aaefc317a P 93bc149725fc4f14a528028984b29c32: Alter schema from Schema [ 10:c0[int32 NOT NULL], 11:c1[int32 NOT NULL], 12:new_col0[int32 NOT NULL], 13:new_col1[int32 NOT NULL], 14:new_col2[int32 NOT NULL], 15:new_col3[int32 NOT NULL], 16:new_col4[int32 NOT NULL], 17:new_col5[int32 NOT NULL], 18:new_col6[int32 NOT NULL], 19:new_col7[int32 NOT NULL] ] version 8 to Schema [ 10:c0[int32 NOT NULL], 11:c1[int32 NOT NULL], 12:new_col0[int32 NOT NULL], 13:new_col1[int32 NOT NULL], 14:new_col2[int32 NOT NULL], 15:new_col3[int32 NOT NULL], 16:new_col4[int32 NOT NULL], 17:new_col5[int32 NOT NULL], 18:new_col6[int32 NOT NULL], 19:new_col7[int32 NOT NULL], 20:new_col8[int32 NOT NULL] ] version 9
I0929 21:45:43.722836 26320 tablet.cc:1030] T df186953f0094ef38a82d46aaefc317a P 93bc149725fc4f14a528028984b29c32: MemRowSet was empty: no flush needed.
I0929 21:45:43.730728 26320 tablet.cc:1087] T 7e45f55fbf9e465f96ee87912c21f37b P 93bc149725fc4f14a528028984b29c32: Alter schema from Schema [ 10:c0[int32 NOT NULL], 11:c1[int32 NOT NULL], 12:new_col0[int32 NOT NULL], 13:new_col1[int32 NOT NULL], 14:new_col2[int32 NOT NULL], 15:new_col3[int32 NOT NULL], 16:new_col4[int32 NOT NULL], 17:new_col5[int32 NOT NULL], 18:new_col6[int32 NOT NULL], 19:new_col7[int32 NOT NULL], 20:new_col8[int32 NOT NULL] ] version 9 to Schema [ 10:c0[int32 NOT NULL], 11:c1[int32 NOT NULL], 12:new_col0[int32 NOT NULL], 13:new_col1[int32 NOT NULL], 14:new_col2[int32 NOT NULL], 15:new_col3[int32 NOT NULL], 16:new_col4[int32 NOT NULL], 17:new_col5[int32 NOT NULL], 18:new_col6[int32 NOT NULL], 19:new_col7[int32 NOT NULL], 20:new_col8[int32 NOT NULL], 21:new_col9[int32 NOT NULL] ] version 10
I0929 21:45:43.729192 26324 tablet.cc:1087] T 2fff303e567e47a58218c42169193b21 P 93bc149725fc4f14a528028984b29c32: Alter schema from Schema [ 10:c0[int32 NOT NULL], 11:c1[int32 NOT NULL], 12:new_col0[int32 NOT NULL], 13:new_col1[int32 NOT NULL], 14:new_col2[int32 NOT NULL], 15:new_col3[int32 NOT NULL], 16:new_col4[int32 NOT NULL], 17:new_col5[int32 NOT NULL], 18:new_col6[int32 NOT NULL], 19:new_col7[int32 NOT NULL], 20:new_col8[int32 NOT NULL] ] version 9 to Schema [ 10:c0[int32 NOT NULL], 11:c1[int32 NOT NULL], 12:new_col0[int32 NOT NULL], 13:new_col1[int32 NOT NULL], 14:new_col2[int32 NOT NULL], 15:new_col3[int32 NOT NULL], 16:new_col4[int32 NOT NULL], 17:new_col5[int32 NOT NULL], 18:new_col6[int32 NOT NULL], 19:new_col7[int32 NOT NULL], 20:new_col8[int32 NOT NULL], 21:new_col9[int32 NOT NULL] ] version 10
I0929 21:45:43.736755 26320 tablet.cc:1030] T 7e45f55fbf9e465f96ee87912c21f37b P 93bc149725fc4f14a528028984b29c32: MemRowSet was empty: no flush needed.
I0929 21:45:43.738915 26324 tablet.cc:1030] T 2fff303e567e47a58218c42169193b21 P 93bc149725fc4f14a528028984b29c32: MemRowSet was empty: no flush needed.
I0929 21:45:43.731806 26112 catalog_manager.cc:2446] TS 93bc149725fc4f14a528028984b29c32 (127.0.0.1:49638) does not have the latest schema for tablet bc6cca6e3a224c588b153f54d7344210 (table split-table [id=52b8a25d061b4fd698ed424bb72ff776]). Expected version 10 got 7
I0929 21:45:43.748509 26320 tablet.cc:1082] T ac6dddf1d30749748759fb88e733da6c P 93bc149725fc4f14a528028984b29c32: Already running schema version 10 got alter request for version 10
I0929 21:45:43.744671 26313 tablet.cc:1087] T 7d80183e030f40f1997778b466528f77 P 93bc149725fc4f14a528028984b29c32: Alter schema from Schema [ 10:c0[int32 NOT NULL], 11:c1[int32 NOT NULL], 12:new_col0[int32 NOT NULL], 13:new_col1[int32 NOT NULL], 14:new_col2[int32 NOT NULL], 15:new_col3[int32 NOT NULL], 16:new_col4[int32 NOT NULL], 17:new_col5[int32 NOT NULL], 18:new_col6[int32 NOT NULL], 19:new_col7[int32 NOT NULL] ] version 8 to Schema [ 10:c0[int32 NOT NULL], 11:c1[int32 NOT NULL], 12:new_col0[int32 NOT NULL], 13:new_col1[int32 NOT NULL], 14:new_col2[int32 NOT NULL], 15:new_col3[int32 NOT NULL], 16:new_col4[int32 NOT NULL], 17:new_col5[int32 NOT NULL], 18:new_col6[int32 NOT NULL], 19:new_col7[int32 NOT NULL], 20:new_col8[int32 NOT NULL] ] version 9
I0929 21:45:43.750597 26313 tablet.cc:1030] T 7d80183e030f40f1997778b466528f77 P 93bc149725fc4f14a528028984b29c32: MemRowSet was empty: no flush needed.
I0929 21:45:43.740507 26317 tablet.cc:1087] T bc6cca6e3a224c588b153f54d7344210 P 93bc149725fc4f14a528028984b29c32: Alter schema from Schema [ 10:c0[int32 NOT NULL], 11:c1[int32 NOT NULL], 12:new_col0[int32 NOT NULL], 13:new_col1[int32 NOT NULL], 14:new_col2[int32 NOT NULL], 15:new_col3[int32 NOT NULL], 16:new_col4[int32 NOT NULL], 17:new_col5[int32 NOT NULL], 18:new_col6[int32 NOT NULL], 19:new_col7[int32 NOT NULL] ] version 8 to Schema [ 10:c0[int32 NOT NULL], 11:c1[int32 NOT NULL], 12:new_col0[int32 NOT NULL], 13:new_col1[int32 NOT NULL], 14:new_col2[int32 NOT NULL], 15:new_col3[int32 NOT NULL], 16:new_col4[int32 NOT NULL], 17:new_col5[int32 NOT NULL], 18:new_col6[int32 NOT NULL], 19:new_col7[int32 NOT NULL], 20:new_col8[int32 NOT NULL] ] version 9
I0929 21:45:43.751828 26324 tablet.cc:1082] T 51dfcc0d2e8a4e43b54164f1b8700111 P 93bc149725fc4f14a528028984b29c32: Already running schema version 10 got alter request for version 10
I0929 21:45:43.751565 26320 tablet.cc:1087] T b16cf35c1a6b4d678b2e7b972bce5157 P 93bc149725fc4f14a528028984b29c32: Alter schema from Schema [ 10:c0[int32 NOT NULL], 11:c1[int32 NOT NULL], 12:new_col0[int32 NOT NULL], 13:new_col1[int32 NOT NULL], 14:new_col2[int32 NOT NULL], 15:new_col3[int32 NOT NULL], 16:new_col4[int32 NOT NULL], 17:new_col5[int32 NOT NULL], 18:new_col6[int32 NOT NULL], 19:new_col7[int32 NOT NULL], 20:new_col8[int32 NOT NULL] ] version 9 to Schema [ 10:c0[int32 NOT NULL], 11:c1[int32 NOT NULL], 12:new_col0[int32 NOT NULL], 13:new_col1[int32 NOT NULL], 14:new_col2[int32 NOT NULL], 15:new_col3[int32 NOT NULL], 16:new_col4[int32 NOT NULL], 17:new_col5[int32 NOT NULL], 18:new_col6[int32 NOT NULL], 19:new_col7[int32 NOT NULL], 20:new_col8[int32 NOT NULL], 21:new_col9[int32 NOT NULL] ] version 10
I0929 21:45:43.753794 26320 tablet.cc:1030] T b16cf35c1a6b4d678b2e7b972bce5157 P 93bc149725fc4f14a528028984b29c32: MemRowSet was empty: no flush needed.
I0929 21:45:43.754928 26112 catalog_manager.cc:2446] TS 93bc149725fc4f14a528028984b29c32 (127.0.0.1:49638) does not have the latest schema for tablet 46fc2008d5814fc5b74242e4da2dcc09 (table split-table [id=52b8a25d061b4fd698ed424bb72ff776]). Expected version 10 got 8
I0929 21:45:43.760963 26313 tablet.cc:1087] T df186953f0094ef38a82d46aaefc317a P 93bc149725fc4f14a528028984b29c32: Alter schema from Schema [ 10:c0[int32 NOT NULL], 11:c1[int32 NOT NULL], 12:new_col0[int32 NOT NULL], 13:new_col1[int32 NOT NULL], 14:new_col2[int32 NOT NULL], 15:new_col3[int32 NOT NULL], 16:new_col4[int32 NOT NULL], 17:new_col5[int32 NOT NULL], 18:new_col6[int32 NOT NULL], 19:new_col7[int32 NOT NULL], 20:new_col8[int32 NOT NULL] ] version 9 to Schema [ 10:c0[int32 NOT NULL], 11:c1[int32 NOT NULL], 12:new_col0[int32 NOT NULL], 13:new_col1[int32 NOT NULL], 14:new_col2[int32 NOT NULL], 15:new_col3[int32 NOT NULL], 16:new_col4[int32 NOT NULL], 17:new_col5[int32 NOT NULL], 18:new_col6[int32 NOT NULL], 19:new_col7[int32 NOT NULL], 20:new_col8[int32 NOT NULL], 21:new_col9[int32 NOT NULL] ] version 10
I0929 21:45:43.762567 26313 tablet.cc:1030] T df186953f0094ef38a82d46aaefc317a P 93bc149725fc4f14a528028984b29c32: MemRowSet was empty: no flush needed.
I0929 21:45:43.762568 26317 tablet.cc:1030] T bc6cca6e3a224c588b153f54d7344210 P 93bc149725fc4f14a528028984b29c32: MemRowSet was empty: no flush needed.
I0929 21:45:43.765321 26324 tablet.cc:1082] T 46fc2008d5814fc5b74242e4da2dcc09 P 93bc149725fc4f14a528028984b29c32: Already running schema version 10 got alter request for version 10
I0929 21:45:43.768695 26112 catalog_manager.cc:2446] TS 93bc149725fc4f14a528028984b29c32 (127.0.0.1:49638) does not have the latest schema for tablet ac6dddf1d30749748759fb88e733da6c (table split-table [id=52b8a25d061b4fd698ed424bb72ff776]). Expected version 10 got 9
I0929 21:45:43.770217 26313 tablet.cc:1082] T 7e45f55fbf9e465f96ee87912c21f37b P 93bc149725fc4f14a528028984b29c32: Already running schema version 10 got alter request for version 10
I0929 21:45:43.772158 26313 tablet.cc:1082] T 2fff303e567e47a58218c42169193b21 P 93bc149725fc4f14a528028984b29c32: Already running schema version 10 got alter request for version 10
I0929 21:45:43.775379 26324 tablet.cc:1082] T ac6dddf1d30749748759fb88e733da6c P 93bc149725fc4f14a528028984b29c32: Already running schema version 10 got alter request for version 10
I0929 21:45:43.775560 26313 tablet.cc:1087] T 7d80183e030f40f1997778b466528f77 P 93bc149725fc4f14a528028984b29c32: Alter schema from Schema [ 10:c0[int32 NOT NULL], 11:c1[int32 NOT NULL], 12:new_col0[int32 NOT NULL], 13:new_col1[int32 NOT NULL], 14:new_col2[int32 NOT NULL], 15:new_col3[int32 NOT NULL], 16:new_col4[int32 NOT NULL], 17:new_col5[int32 NOT NULL], 18:new_col6[int32 NOT NULL], 19:new_col7[int32 NOT NULL], 20:new_col8[int32 NOT NULL] ] version 9 to Schema [ 10:c0[int32 NOT NULL], 11:c1[int32 NOT NULL], 12:new_col0[int32 NOT NULL], 13:new_col1[int32 NOT NULL], 14:new_col2[int32 NOT NULL], 15:new_col3[int32 NOT NULL], 16:new_col4[int32 NOT NULL], 17:new_col5[int32 NOT NULL], 18:new_col6[int32 NOT NULL], 19:new_col7[int32 NOT NULL], 20:new_col8[int32 NOT NULL], 21:new_col9[int32 NOT NULL] ] version 10
I0929 21:45:43.777014 26324 tablet.cc:1082] T 46fc2008d5814fc5b74242e4da2dcc09 P 93bc149725fc4f14a528028984b29c32: Already running schema version 10 got alter request for version 10
I0929 21:45:43.777418 26313 tablet.cc:1030] T 7d80183e030f40f1997778b466528f77 P 93bc149725fc4f14a528028984b29c32: MemRowSet was empty: no flush needed.
I0929 21:45:43.778563 26324 tablet.cc:1082] T 7e45f55fbf9e465f96ee87912c21f37b P 93bc149725fc4f14a528028984b29c32: Already running schema version 10 got alter request for version 10
I0929 21:45:43.778796 26112 catalog_manager.cc:2446] TS 93bc149725fc4f14a528028984b29c32 (127.0.0.1:49638) does not have the latest schema for tablet 51dfcc0d2e8a4e43b54164f1b8700111 (table split-table [id=52b8a25d061b4fd698ed424bb72ff776]). Expected version 10 got 9
I0929 21:45:43.780064 26324 tablet.cc:1082] T 2fff303e567e47a58218c42169193b21 P 93bc149725fc4f14a528028984b29c32: Already running schema version 10 got alter request for version 10
I0929 21:45:43.781659 26324 tablet.cc:1082] T df186953f0094ef38a82d46aaefc317a P 93bc149725fc4f14a528028984b29c32: Already running schema version 10 got alter request for version 10
I0929 21:45:43.799451 26317 tablet.cc:1087] T bc6cca6e3a224c588b153f54d7344210 P 93bc149725fc4f14a528028984b29c32: Alter schema from Schema [ 10:c0[int32 NOT NULL], 11:c1[int32 NOT NULL], 12:new_col0[int32 NOT NULL], 13:new_col1[int32 NOT NULL], 14:new_col2[int32 NOT NULL], 15:new_col3[int32 NOT NULL], 16:new_col4[int32 NOT NULL], 17:new_col5[int32 NOT NULL], 18:new_col6[int32 NOT NULL], 19:new_col7[int32 NOT NULL], 20:new_col8[int32 NOT NULL] ] version 9 to Schema [ 10:c0[int32 NOT NULL], 11:c1[int32 NOT NULL], 12:new_col0[int32 NOT NULL], 13:new_col1[int32 NOT NULL], 14:new_col2[int32 NOT NULL], 15:new_col3[int32 NOT NULL], 16:new_col4[int32 NOT NULL], 17:new_col5[int32 NOT NULL], 18:new_col6[int32 NOT NULL], 19:new_col7[int32 NOT NULL], 20:new_col8[int32 NOT NULL], 21:new_col9[int32 NOT NULL] ] version 10
I0929 21:45:43.800907 26317 tablet.cc:1030] T bc6cca6e3a224c588b153f54d7344210 P 93bc149725fc4f14a528028984b29c32: MemRowSet was empty: no flush needed.
I0929 21:45:43.801956 26324 tablet.cc:1082] T b16cf35c1a6b4d678b2e7b972bce5157 P 93bc149725fc4f14a528028984b29c32: Already running schema version 10 got alter request for version 10
I0929 21:45:43.805582 26324 tablet.cc:1082] T df186953f0094ef38a82d46aaefc317a P 93bc149725fc4f14a528028984b29c32: Already running schema version 10 got alter request for version 10
I0929 21:45:43.807422 26320 tablet.cc:1082] T b16cf35c1a6b4d678b2e7b972bce5157 P 93bc149725fc4f14a528028984b29c32: Already running schema version 10 got alter request for version 10
I0929 21:45:43.819346 26324 tablet.cc:1082] T 7d80183e030f40f1997778b466528f77 P 93bc149725fc4f14a528028984b29c32: Already running schema version 10 got alter request for version 10
I0929 21:45:43.827272 26320 tablet.cc:1082] T 7d80183e030f40f1997778b466528f77 P 93bc149725fc4f14a528028984b29c32: Already running schema version 10 got alter request for version 10
I0929 21:45:43.827473 26313 tablet.cc:1082] T bc6cca6e3a224c588b153f54d7344210 P 93bc149725fc4f14a528028984b29c32: Already running schema version 10 got alter request for version 10
I0929 21:45:43.831513 26324 tablet.cc:1082] T bc6cca6e3a224c588b153f54d7344210 P 93bc149725fc4f14a528028984b29c32: Already running schema version 10 got alter request for version 10
I0929 21:45:43.835808 26317 tablet.cc:1082] T bc6cca6e3a224c588b153f54d7344210 P 93bc149725fc4f14a528028984b29c32: Already running schema version 10 got alter request for version 10
I0929 21:45:43.836114 26112 catalog_manager.cc:2446] TS 93bc149725fc4f14a528028984b29c32 (127.0.0.1:49638) does not have the latest schema for tablet bc6cca6e3a224c588b153f54d7344210 (table split-table [id=52b8a25d061b4fd698ed424bb72ff776]). Expected version 10 got 9
I0929 21:45:43.879539 26112 catalog_manager.cc:3651] T 00000000000000000000000000000000 P a2c955673ea94c7aae2c3968a8cbf9ac: split-table [id=52b8a25d061b4fd698ed424bb72ff776] - Alter table completed version=10
I0929 21:45:43.931440 22612 tablet_server.cc:131] TabletServer shutting down...
I0929 21:45:43.962697 22612 ts_tablet_manager.cc:851] Shutting down tablet manager...
I0929 21:45:43.962946 22612 tablet_replica.cc:218] Initiating TabletReplica shutdown for tablet: 7d80183e030f40f1997778b466528f77
I0929 21:45:43.963114 22612 maintenance_manager.cc:206] P 93bc149725fc4f14a528028984b29c32: Unregistered op CompactRowSetsOp(7d80183e030f40f1997778b466528f77)
I0929 21:45:43.963263 22612 maintenance_manager.cc:206] P 93bc149725fc4f14a528028984b29c32: Unregistered op MinorDeltaCompactionOp(7d80183e030f40f1997778b466528f77)
I0929 21:45:43.963399 22612 maintenance_manager.cc:206] P 93bc149725fc4f14a528028984b29c32: Unregistered op MajorDeltaCompactionOp(7d80183e030f40f1997778b466528f77)
I0929 21:45:43.963547 22612 maintenance_manager.cc:206] P 93bc149725fc4f14a528028984b29c32: Unregistered op UndoDeltaBlockGCOp(7d80183e030f40f1997778b466528f77)
I0929 21:45:43.963726 22612 maintenance_manager.cc:206] P 93bc149725fc4f14a528028984b29c32: Unregistered op FlushMRSOp(7d80183e030f40f1997778b466528f77)
I0929 21:45:43.963896 22612 maintenance_manager.cc:206] P 93bc149725fc4f14a528028984b29c32: Unregistered op FlushDeltaMemStoresOp(7d80183e030f40f1997778b466528f77)
I0929 21:45:43.964054 22612 maintenance_manager.cc:206] P 93bc149725fc4f14a528028984b29c32: Unregistered op LogGCOp(7d80183e030f40f1997778b466528f77)
I0929 21:45:43.964220 22612 raft_consensus.cc:1722] T 7d80183e030f40f1997778b466528f77 P 93bc149725fc4f14a528028984b29c32 [term 1 LEADER]: Raft consensus shutting down.
I0929 21:45:43.964509 22612 raft_consensus.cc:1738] T 7d80183e030f40f1997778b466528f77 P 93bc149725fc4f14a528028984b29c32 [term 1 LEADER]: Raft consensus is shut down!
I0929 21:45:43.967905 22612 tablet_replica.cc:218] Initiating TabletReplica shutdown for tablet: b16cf35c1a6b4d678b2e7b972bce5157
I0929 21:45:43.968140 22612 maintenance_manager.cc:206] P 93bc149725fc4f14a528028984b29c32: Unregistered op CompactRowSetsOp(b16cf35c1a6b4d678b2e7b972bce5157)
I0929 21:45:43.968300 22612 maintenance_manager.cc:206] P 93bc149725fc4f14a528028984b29c32: Unregistered op MinorDeltaCompactionOp(b16cf35c1a6b4d678b2e7b972bce5157)
I0929 21:45:43.968439 22612 maintenance_manager.cc:206] P 93bc149725fc4f14a528028984b29c32: Unregistered op MajorDeltaCompactionOp(b16cf35c1a6b4d678b2e7b972bce5157)
I0929 21:45:43.968586 22612 maintenance_manager.cc:206] P 93bc149725fc4f14a528028984b29c32: Unregistered op UndoDeltaBlockGCOp(b16cf35c1a6b4d678b2e7b972bce5157)
I0929 21:45:43.968761 22612 maintenance_manager.cc:206] P 93bc149725fc4f14a528028984b29c32: Unregistered op FlushMRSOp(b16cf35c1a6b4d678b2e7b972bce5157)
I0929 21:45:43.968919 22612 maintenance_manager.cc:206] P 93bc149725fc4f14a528028984b29c32: Unregistered op FlushDeltaMemStoresOp(b16cf35c1a6b4d678b2e7b972bce5157)
I0929 21:45:43.969080 22612 maintenance_manager.cc:206] P 93bc149725fc4f14a528028984b29c32: Unregistered op LogGCOp(b16cf35c1a6b4d678b2e7b972bce5157)
I0929 21:45:43.969247 22612 raft_consensus.cc:1722] T b16cf35c1a6b4d678b2e7b972bce5157 P 93bc149725fc4f14a528028984b29c32 [term 1 LEADER]: Raft consensus shutting down.
I0929 21:45:43.969532 22612 raft_consensus.cc:1738] T b16cf35c1a6b4d678b2e7b972bce5157 P 93bc149725fc4f14a528028984b29c32 [term 1 LEADER]: Raft consensus is shut down!
I0929 21:45:43.973109 22612 tablet_replica.cc:218] Initiating TabletReplica shutdown for tablet: 7e45f55fbf9e465f96ee87912c21f37b
I0929 21:45:43.973335 22612 maintenance_manager.cc:206] P 93bc149725fc4f14a528028984b29c32: Unregistered op CompactRowSetsOp(7e45f55fbf9e465f96ee87912c21f37b)
I0929 21:45:43.973487 22612 maintenance_manager.cc:206] P 93bc149725fc4f14a528028984b29c32: Unregistered op MinorDeltaCompactionOp(7e45f55fbf9e465f96ee87912c21f37b)
I0929 21:45:43.973621 22612 maintenance_manager.cc:206] P 93bc149725fc4f14a528028984b29c32: Unregistered op MajorDeltaCompactionOp(7e45f55fbf9e465f96ee87912c21f37b)
I0929 21:45:43.973759 22612 maintenance_manager.cc:206] P 93bc149725fc4f14a528028984b29c32: Unregistered op UndoDeltaBlockGCOp(7e45f55fbf9e465f96ee87912c21f37b)
I0929 21:45:43.973925 22612 maintenance_manager.cc:206] P 93bc149725fc4f14a528028984b29c32: Unregistered op FlushMRSOp(7e45f55fbf9e465f96ee87912c21f37b)
I0929 21:45:43.974084 22612 maintenance_manager.cc:206] P 93bc149725fc4f14a528028984b29c32: Unregistered op FlushDeltaMemStoresOp(7e45f55fbf9e465f96ee87912c21f37b)
I0929 21:45:43.974264 22612 maintenance_manager.cc:206] P 93bc149725fc4f14a528028984b29c32: Unregistered op LogGCOp(7e45f55fbf9e465f96ee87912c21f37b)
I0929 21:45:43.974436 22612 raft_consensus.cc:1722] T 7e45f55fbf9e465f96ee87912c21f37b P 93bc149725fc4f14a528028984b29c32 [term 1 LEADER]: Raft consensus shutting down.
I0929 21:45:43.974720 22612 raft_consensus.cc:1738] T 7e45f55fbf9e465f96ee87912c21f37b P 93bc149725fc4f14a528028984b29c32 [term 1 LEADER]: Raft consensus is shut down!
I0929 21:45:43.977934 22612 tablet_replica.cc:218] Initiating TabletReplica shutdown for tablet: 28a71afcadc8414db2d8d14c065500f5
I0929 21:45:43.978194 22612 maintenance_manager.cc:206] P 93bc149725fc4f14a528028984b29c32: Unregistered op CompactRowSetsOp(28a71afcadc8414db2d8d14c065500f5)
I0929 21:45:43.978354 22612 maintenance_manager.cc:206] P 93bc149725fc4f14a528028984b29c32: Unregistered op MinorDeltaCompactionOp(28a71afcadc8414db2d8d14c065500f5)
I0929 21:45:43.978488 22612 maintenance_manager.cc:206] P 93bc149725fc4f14a528028984b29c32: Unregistered op MajorDeltaCompactionOp(28a71afcadc8414db2d8d14c065500f5)
I0929 21:45:43.978621 22612 maintenance_manager.cc:206] P 93bc149725fc4f14a528028984b29c32: Unregistered op UndoDeltaBlockGCOp(28a71afcadc8414db2d8d14c065500f5)
I0929 21:45:43.978806 22612 maintenance_manager.cc:206] P 93bc149725fc4f14a528028984b29c32: Unregistered op FlushMRSOp(28a71afcadc8414db2d8d14c065500f5)
I0929 21:45:43.978963 22612 maintenance_manager.cc:206] P 93bc149725fc4f14a528028984b29c32: Unregistered op FlushDeltaMemStoresOp(28a71afcadc8414db2d8d14c065500f5)
I0929 21:45:43.979130 22612 maintenance_manager.cc:206] P 93bc149725fc4f14a528028984b29c32: Unregistered op LogGCOp(28a71afcadc8414db2d8d14c065500f5)
I0929 21:45:43.979291 22612 raft_consensus.cc:1722] T 28a71afcadc8414db2d8d14c065500f5 P 93bc149725fc4f14a528028984b29c32 [term 1 LEADER]: Raft consensus shutting down.
I0929 21:45:43.979594 22612 raft_consensus.cc:1738] T 28a71afcadc8414db2d8d14c065500f5 P 93bc149725fc4f14a528028984b29c32 [term 1 LEADER]: Raft consensus is shut down!
I0929 21:45:43.983050 22612 tablet_replica.cc:218] Initiating TabletReplica shutdown for tablet: 2fff303e567e47a58218c42169193b21
I0929 21:45:43.983254 22612 maintenance_manager.cc:206] P 93bc149725fc4f14a528028984b29c32: Unregistered op CompactRowSetsOp(2fff303e567e47a58218c42169193b21)
I0929 21:45:43.983398 22612 maintenance_manager.cc:206] P 93bc149725fc4f14a528028984b29c32: Unregistered op MinorDeltaCompactionOp(2fff303e567e47a58218c42169193b21)
I0929 21:45:43.983533 22612 maintenance_manager.cc:206] P 93bc149725fc4f14a528028984b29c32: Unregistered op MajorDeltaCompactionOp(2fff303e567e47a58218c42169193b21)
I0929 21:45:43.983672 22612 maintenance_manager.cc:206] P 93bc149725fc4f14a528028984b29c32: Unregistered op UndoDeltaBlockGCOp(2fff303e567e47a58218c42169193b21)
I0929 21:45:43.983832 22612 maintenance_manager.cc:206] P 93bc149725fc4f14a528028984b29c32: Unregistered op FlushMRSOp(2fff303e567e47a58218c42169193b21)
I0929 21:45:43.983978 22612 maintenance_manager.cc:206] P 93bc149725fc4f14a528028984b29c32: Unregistered op FlushDeltaMemStoresOp(2fff303e567e47a58218c42169193b21)
I0929 21:45:43.984141 22612 maintenance_manager.cc:206] P 93bc149725fc4f14a528028984b29c32: Unregistered op LogGCOp(2fff303e567e47a58218c42169193b21)
I0929 21:45:43.984300 22612 raft_consensus.cc:1722] T 2fff303e567e47a58218c42169193b21 P 93bc149725fc4f14a528028984b29c32 [term 1 LEADER]: Raft consensus shutting down.
I0929 21:45:43.984613 22612 raft_consensus.cc:1738] T 2fff303e567e47a58218c42169193b21 P 93bc149725fc4f14a528028984b29c32 [term 1 LEADER]: Raft consensus is shut down!
I0929 21:45:43.988001 22612 tablet_replica.cc:218] Initiating TabletReplica shutdown for tablet: df186953f0094ef38a82d46aaefc317a
I0929 21:45:43.988219 22612 maintenance_manager.cc:206] P 93bc149725fc4f14a528028984b29c32: Unregistered op CompactRowSetsOp(df186953f0094ef38a82d46aaefc317a)
I0929 21:45:43.988384 22612 maintenance_manager.cc:206] P 93bc149725fc4f14a528028984b29c32: Unregistered op MinorDeltaCompactionOp(df186953f0094ef38a82d46aaefc317a)
I0929 21:45:43.988523 22612 maintenance_manager.cc:206] P 93bc149725fc4f14a528028984b29c32: Unregistered op MajorDeltaCompactionOp(df186953f0094ef38a82d46aaefc317a)
I0929 21:45:43.988672 22612 maintenance_manager.cc:206] P 93bc149725fc4f14a528028984b29c32: Unregistered op UndoDeltaBlockGCOp(df186953f0094ef38a82d46aaefc317a)
I0929 21:45:43.988853 22612 maintenance_manager.cc:206] P 93bc149725fc4f14a528028984b29c32: Unregistered op FlushMRSOp(df186953f0094ef38a82d46aaefc317a)
I0929 21:45:43.989020 22612 maintenance_manager.cc:206] P 93bc149725fc4f14a528028984b29c32: Unregistered op FlushDeltaMemStoresOp(df186953f0094ef38a82d46aaefc317a)
I0929 21:45:43.989181 22612 maintenance_manager.cc:206] P 93bc149725fc4f14a528028984b29c32: Unregistered op LogGCOp(df186953f0094ef38a82d46aaefc317a)
I0929 21:45:43.989348 22612 raft_consensus.cc:1722] T df186953f0094ef38a82d46aaefc317a P 93bc149725fc4f14a528028984b29c32 [term 1 LEADER]: Raft consensus shutting down.
I0929 21:45:43.989743 22612 raft_consensus.cc:1738] T df186953f0094ef38a82d46aaefc317a P 93bc149725fc4f14a528028984b29c32 [term 1 LEADER]: Raft consensus is shut down!
I0929 21:45:43.993963 22612 tablet_replica.cc:218] Initiating TabletReplica shutdown for tablet: bc6cca6e3a224c588b153f54d7344210
I0929 21:45:43.994210 22612 maintenance_manager.cc:206] P 93bc149725fc4f14a528028984b29c32: Unregistered op CompactRowSetsOp(bc6cca6e3a224c588b153f54d7344210)
I0929 21:45:43.994365 22612 maintenance_manager.cc:206] P 93bc149725fc4f14a528028984b29c32: Unregistered op MinorDeltaCompactionOp(bc6cca6e3a224c588b153f54d7344210)
I0929 21:45:43.994491 22612 maintenance_manager.cc:206] P 93bc149725fc4f14a528028984b29c32: Unregistered op MajorDeltaCompactionOp(bc6cca6e3a224c588b153f54d7344210)
