I0929 21:45:49.644433 26747 catalog_manager.cc:1920] Servicing AlterTable request from {username='slave'} at 127.0.0.1:59015: table { table_name: "test-alter-range-partitioning-invalid-unbounded" } alter_schema_steps { type: ADD_RANGE_PARTITION add_range_partition { range_bounds { rows: "\006\001\000\000\000\000\007\001d\000\000\000" } } } alter_schema_steps { type: DROP_RANGE_PARTITION drop_range_partition { range_bounds { rows: "\006\001\377\377\377\377\007\000" } } } schema { columns { name: "c0" type: INT32 is_key: true is_nullable: false encoding: AUTO_ENCODING compression: DEFAULT_COMPRESSION cfile_block_size: 0 } columns { name: "c1" type: INT32 is_key: false is_nullable: false encoding: AUTO_ENCODING compression: DEFAULT_COMPRESSION cfile_block_size: 0 } }
I0929 21:45:49.651254 26866 tablet_bootstrap.cc:406] T f92b78a409fb4b6db8ab56c535e2bfea P cffedd68783f4a1c8995fc18ba659b7c: No bootstrap required, opened a new log
I0929 21:45:49.651326 26732 catalog_manager.cc:2925] Scheduling retry of 9276dda82bfc439ba5438aa02c2882d2 (table test-alter-range-partitioning-invalid-unbounded [id=8eb38e78e3cd4799995cb362386476e0]) Alter Table RPC with a delay of 42ms (attempt = 0)...
I0929 21:45:49.651397 26733 catalog_manager.cc:2925] Scheduling retry of 5863b148d82f4bc183d8e0c203dbcdeb (table test-alter-range-partitioning-invalid-unbounded [id=8eb38e78e3cd4799995cb362386476e0]) Alter Table RPC with a delay of 30ms (attempt = 0)...
W0929 21:45:49.651744 26732 catalog_manager.cc:2946] Async tablet task 9276dda82bfc439ba5438aa02c2882d2 (table test-alter-range-partitioning-invalid-unbounded [id=8eb38e78e3cd4799995cb362386476e0]) Alter Table RPC failed: Not found: Failed to reset TS proxy: No leader found: Tablet 9276dda82bfc439ba5438aa02c2882d2 consensus state has no leader
I0929 21:45:49.651859 26866 ts_tablet_manager.cc:772] T f92b78a409fb4b6db8ab56c535e2bfea P cffedd68783f4a1c8995fc18ba659b7c: Time spent bootstrapping tablet: real 0.035s user 0.012s sys 0.012s
W0929 21:45:49.652150 26733 catalog_manager.cc:2946] Async tablet task 5863b148d82f4bc183d8e0c203dbcdeb (table test-alter-range-partitioning-invalid-unbounded [id=8eb38e78e3cd4799995cb362386476e0]) Alter Table RPC failed: Not found: Failed to reset TS proxy: No leader found: Tablet 5863b148d82f4bc183d8e0c203dbcdeb consensus state has no leader
I0929 21:45:49.652546 26733 catalog_manager.cc:2925] Scheduling retry of c61c92254a2340e9a5624853175e6ebf (table test-alter-range-partitioning-invalid-unbounded [id=8eb38e78e3cd4799995cb362386476e0]) Alter Table RPC with a delay of 40ms (attempt = 0)...
W0929 21:45:49.652801 26733 catalog_manager.cc:2946] Async tablet task c61c92254a2340e9a5624853175e6ebf (table test-alter-range-partitioning-invalid-unbounded [id=8eb38e78e3cd4799995cb362386476e0]) Alter Table RPC failed: Not found: Failed to reset TS proxy: No leader found: Tablet c61c92254a2340e9a5624853175e6ebf consensus state has no leader
I0929 21:45:49.653260 26732 catalog_manager.cc:2925] Scheduling retry of 405036c65d064351a92040e629a3cd9a (table test-alter-range-partitioning-invalid-unbounded [id=8eb38e78e3cd4799995cb362386476e0]) Alter Table RPC with a delay of 25ms (attempt = 0)...
W0929 21:45:49.653496 26732 catalog_manager.cc:2946] Async tablet task 405036c65d064351a92040e629a3cd9a (table test-alter-range-partitioning-invalid-unbounded [id=8eb38e78e3cd4799995cb362386476e0]) Alter Table RPC failed: Not found: Failed to reset TS proxy: No leader found: Tablet 405036c65d064351a92040e629a3cd9a consensus state has no leader
I0929 21:45:49.653823 26733 catalog_manager.cc:2925] Scheduling retry of a3a64b2d0f544f60a717264bb0488d5c (table test-alter-range-partitioning-invalid-unbounded [id=8eb38e78e3cd4799995cb362386476e0]) Alter Table RPC with a delay of 40ms (attempt = 0)...
W0929 21:45:49.654155 26733 catalog_manager.cc:2946] Async tablet task a3a64b2d0f544f60a717264bb0488d5c (table test-alter-range-partitioning-invalid-unbounded [id=8eb38e78e3cd4799995cb362386476e0]) Alter Table RPC failed: Not found: Failed to reset TS proxy: No leader found: Tablet a3a64b2d0f544f60a717264bb0488d5c consensus state has no leader
I0929 21:45:49.654659 26733 catalog_manager.cc:2925] Scheduling retry of bdfcf05ade7d41c48e3bdc44f1839279 (table test-alter-range-partitioning-invalid-unbounded [id=8eb38e78e3cd4799995cb362386476e0]) Alter Table RPC with a delay of 21ms (attempt = 0)...
W0929 21:45:49.654913 26733 catalog_manager.cc:2946] Async tablet task bdfcf05ade7d41c48e3bdc44f1839279 (table test-alter-range-partitioning-invalid-unbounded [id=8eb38e78e3cd4799995cb362386476e0]) Alter Table RPC failed: Not found: Failed to reset TS proxy: No leader found: Tablet bdfcf05ade7d41c48e3bdc44f1839279 consensus state has no leader
I0929 21:45:49.655627 26819 ts_tablet_manager.cc:1075] T 5a3b867613954ef9a6560f5c780cffc5 P cffedd68783f4a1c8995fc18ba659b7c: Tablet deleted. Last logged OpId: 1.1
I0929 21:45:49.656034 26819 log.cc:965] T 5a3b867613954ef9a6560f5c780cffc5 P cffedd68783f4a1c8995fc18ba659b7c: Deleting WAL directory at /tmp/run_tha_test8NQfeJ/test-tmp/alter_table-test.AlterTableTest.TestAddRangePartitionConflictExhaustive.1506721518627625-22612/minicluster-data/ts-0-root/wals/5a3b867613954ef9a6560f5c780cffc5
I0929 21:45:49.656666 26819 consensus_meta.cc:78] T 5a3b867613954ef9a6560f5c780cffc5 Deleting consensus metadata
I0929 21:45:49.657240 26734 catalog_manager.cc:2925] Scheduling retry of 019d0f784e474c39b254c4f9911f094b (table test-alter-range-partitioning-invalid-unbounded [id=8eb38e78e3cd4799995cb362386476e0]) Alter Table RPC with a delay of 25ms (attempt = 0)...
W0929 21:45:49.657557 26734 catalog_manager.cc:2946] Async tablet task 019d0f784e474c39b254c4f9911f094b (table test-alter-range-partitioning-invalid-unbounded [id=8eb38e78e3cd4799995cb362386476e0]) Alter Table RPC failed: Not found: Failed to reset TS proxy: No leader found: Tablet 019d0f784e474c39b254c4f9911f094b consensus state has no leader
I0929 21:45:49.657855 26747 catalog_manager.cc:1920] Servicing AlterTable request from {username='slave'} at 127.0.0.1:59015: table { table_name: "test-alter-range-partitioning-invalid-unbounded" } alter_schema_steps { type: ADD_RANGE_PARTITION add_range_partition { range_bounds { rows: "\006\001\377\377\377\377\007\000" } } } schema { columns { name: "c0" type: INT32 is_key: true is_nullable: false encoding: AUTO_ENCODING compression: DEFAULT_COMPRESSION cfile_block_size: 0 } columns { name: "c1" type: INT32 is_key: false is_nullable: false encoding: AUTO_ENCODING compression: DEFAULT_COMPRESSION cfile_block_size: 0 } }
I0929 21:45:49.658406 26731 catalog_manager.cc:3154] Sending DeleteTablet(TABLET_DATA_DELETED) for tablet 5a3b867613954ef9a6560f5c780cffc5 on cffedd68783f4a1c8995fc18ba659b7c (127.0.0.1:60775) (Partition dropped at 2017-09-29 21:45:48 UTC)
I0929 21:45:49.659539 26820 tablet_service.cc:713] Processing DeleteTablet for tablet 5a3b867613954ef9a6560f5c780cffc5 with delete_type TABLET_DATA_DELETED (Partition dropped at 2017-09-29 21:45:48 UTC) from {username='slave'} at 127.0.0.1:33868
I0929 21:45:49.660431 26731 catalog_manager.cc:3130] TS cffedd68783f4a1c8995fc18ba659b7c (127.0.0.1:60775): tablet 5a3b867613954ef9a6560f5c780cffc5 (table test-alter-range-partitioning-invalid-unbounded [id=8eb38e78e3cd4799995cb362386476e0]) successfully deleted
W0929 21:45:49.660924 26731 catalog_manager.cc:3108] TS cffedd68783f4a1c8995fc18ba659b7c (127.0.0.1:60775): delete failed for tablet 5a3b867613954ef9a6560f5c780cffc5 because the tablet was not found. No further retry: Not found: Tablet not found: 5a3b867613954ef9a6560f5c780cffc5
I0929 21:45:49.663534 26731 catalog_manager.cc:3154] Sending DeleteTablet(TABLET_DATA_DELETED) for tablet 96c088b7c9fe4b7f986371b0e920a16f on cffedd68783f4a1c8995fc18ba659b7c (127.0.0.1:60775) (Partition dropped at 2017-09-29 21:45:49 UTC)
I0929 21:45:49.664559 26819 tablet_service.cc:713] Processing DeleteTablet for tablet 96c088b7c9fe4b7f986371b0e920a16f with delete_type TABLET_DATA_DELETED (Partition dropped at 2017-09-29 21:45:49 UTC) from {username='slave'} at 127.0.0.1:33868
W0929 21:45:49.665385 26731 catalog_manager.cc:3121] TS cffedd68783f4a1c8995fc18ba659b7c (127.0.0.1:60775): delete failed for tablet 96c088b7c9fe4b7f986371b0e920a16f with error code TABLET_NOT_RUNNING: Illegal state: State transition of tablet 96c088b7c9fe4b7f986371b0e920a16f already in progress: creating tablet
I0929 21:45:49.665621 26731 catalog_manager.cc:2925] Scheduling retry of 96c088b7c9fe4b7f986371b0e920a16f Delete Tablet RPC for TS=cffedd68783f4a1c8995fc18ba659b7c with a delay of 96ms (attempt = 3)...
I0929 21:45:49.666025 26747 catalog_manager.cc:2925] Scheduling retry of fe168d51058149818c74d74c32d7e8f1 (table test-alter-range-partitioning-invalid-unbounded [id=8eb38e78e3cd4799995cb362386476e0]) Alter Table RPC with a delay of 23ms (attempt = 0)...
I0929 21:45:49.666674 26732 catalog_manager.cc:2925] Scheduling retry of 9db7d1aaf4784c4882f93c9dd573911b (table test-alter-range-partitioning-invalid-unbounded [id=8eb38e78e3cd4799995cb362386476e0]) Alter Table RPC with a delay of 26ms (attempt = 0)...
W0929 21:45:49.666905 26732 catalog_manager.cc:2946] Async tablet task 9db7d1aaf4784c4882f93c9dd573911b (table test-alter-range-partitioning-invalid-unbounded [id=8eb38e78e3cd4799995cb362386476e0]) Alter Table RPC failed: Not found: Failed to reset TS proxy: No leader found: Tablet 9db7d1aaf4784c4882f93c9dd573911b consensus state has no leader
W0929 21:45:49.667177 26747 catalog_manager.cc:3406] Failed to send alter table request: Not found: Failed to reset TS proxy: No leader found: Tablet fe168d51058149818c74d74c32d7e8f1 has no consensus state
I0929 21:45:49.667609 26733 catalog_manager.cc:2925] Scheduling retry of af4a3301115649f0a464abf8dd4c9d4c (table test-alter-range-partitioning-invalid-unbounded [id=8eb38e78e3cd4799995cb362386476e0]) Alter Table RPC with a delay of 28ms (attempt = 0)...
W0929 21:45:49.668757 26733 catalog_manager.cc:2946] Async tablet task af4a3301115649f0a464abf8dd4c9d4c (table test-alter-range-partitioning-invalid-unbounded [id=8eb38e78e3cd4799995cb362386476e0]) Alter Table RPC failed: Not found: Failed to reset TS proxy: No leader found: Tablet af4a3301115649f0a464abf8dd4c9d4c consensus state has no leader
I0929 21:45:49.668870 26731 catalog_manager.cc:2925] Scheduling retry of a3b61861fc0f49e882e86f27b30f47ad (table test-alter-range-partitioning-invalid-unbounded [id=8eb38e78e3cd4799995cb362386476e0]) Alter Table RPC with a delay of 48ms (attempt = 0)...
W0929 21:45:49.669184 26731 catalog_manager.cc:2946] Async tablet task a3b61861fc0f49e882e86f27b30f47ad (table test-alter-range-partitioning-invalid-unbounded [id=8eb38e78e3cd4799995cb362386476e0]) Alter Table RPC failed: Not found: Failed to reset TS proxy: No leader found: Tablet a3b61861fc0f49e882e86f27b30f47ad consensus state has no leader
I0929 21:45:49.672127 26747 catalog_manager.cc:1920] Servicing AlterTable request from {username='slave'} at 127.0.0.1:59015: table { table_name: "test-alter-range-partitioning-invalid-unbounded" } alter_schema_steps { type: ADD_RANGE_PARTITION add_range_partition { range_bounds { rows: "\006\001\000\000\000\000\007\001d\000\000\000" } } } schema { columns { name: "c0" type: INT32 is_key: true is_nullable: false encoding: AUTO_ENCODING compression: DEFAULT_COMPRESSION cfile_block_size: 0 } columns { name: "c1" type: INT32 is_key: false is_nullable: false encoding: AUTO_ENCODING compression: DEFAULT_COMPRESSION cfile_block_size: 0 } }
I0929 21:45:49.674299 26733 catalog_manager.cc:2925] Scheduling retry of 5a3b867613954ef9a6560f5c780cffc5 (table test-alter-range-partitioning-invalid-unbounded [id=8eb38e78e3cd4799995cb362386476e0]) Alter Table RPC with a delay of 36ms (attempt = 0)...
W0929 21:45:49.674564 26733 catalog_manager.cc:2946] Async tablet task 5a3b867613954ef9a6560f5c780cffc5 (table test-alter-range-partitioning-invalid-unbounded [id=8eb38e78e3cd4799995cb362386476e0]) Alter Table RPC failed: Not found: Failed to reset TS proxy: No leader found: Tablet 5a3b867613954ef9a6560f5c780cffc5 consensus state has no leader
I0929 21:45:49.675127 26734 catalog_manager.cc:2925] Scheduling retry of 28988efc3b9d4b96b591cbd45febf05b (table test-alter-range-partitioning-invalid-unbounded [id=8eb38e78e3cd4799995cb362386476e0]) Alter Table RPC with a delay of 43ms (attempt = 0)...
W0929 21:45:49.675490 26734 catalog_manager.cc:2946] Async tablet task 28988efc3b9d4b96b591cbd45febf05b (table test-alter-range-partitioning-invalid-unbounded [id=8eb38e78e3cd4799995cb362386476e0]) Alter Table RPC failed: Not found: Failed to reset TS proxy: No leader found: Tablet 28988efc3b9d4b96b591cbd45febf05b consensus state has no leader
I0929 21:45:49.675463 26866 raft_consensus.cc:289] T f92b78a409fb4b6db8ab56c535e2bfea P cffedd68783f4a1c8995fc18ba659b7c [term 0 FOLLOWER]: Replica starting. Triggering 0 pending transactions. Active config: opid_index: -1 OBSOLETE_local: true peers { permanent_uuid: "cffedd68783f4a1c8995fc18ba659b7c" member_type: VOTER last_known_addr { host: "127.0.0.1" port: 60775 } }
I0929 21:45:49.676106 26866 raft_consensus.cc:320] T f92b78a409fb4b6db8ab56c535e2bfea P cffedd68783f4a1c8995fc18ba659b7c [term 0 FOLLOWER]: Consensus starting up: Expiring failure detector timer to make a prompt election more likely
I0929 21:45:49.676307 26866 raft_consensus.cc:549] T f92b78a409fb4b6db8ab56c535e2bfea P cffedd68783f4a1c8995fc18ba659b7c [term 0 FOLLOWER]: Becoming Follower/Learner. State: Replica: cffedd68783f4a1c8995fc18ba659b7c, State: 1, Role: FOLLOWER
I0929 21:45:49.676198 26819 tablet_service.cc:672] Processing CreateTablet for tablet fe168d51058149818c74d74c32d7e8f1 (table=test-alter-range-partitioning-invalid-unbounded [id=8eb38e78e3cd4799995cb362386476e0]), partition=RANGE (c0) PARTITION VALUES >= -1
I0929 21:45:49.676641 26866 consensus_queue.cc:184] T f92b78a409fb4b6db8ab56c535e2bfea P cffedd68783f4a1c8995fc18ba659b7c [NON_LEADER]: Queue going to NON_LEADER mode. State: All replicated index: 0, Majority replicated index: 0, Committed index: 0, Last appended: 0.0, Last appended by leader: 0, Current term: 0, Majority size: -1, State: 1, Mode: NON_LEADER
I0929 21:45:49.676939 26866 raft_consensus.cc:333] T f92b78a409fb4b6db8ab56c535e2bfea P cffedd68783f4a1c8995fc18ba659b7c [term 0 FOLLOWER]: Only one voter in the Raft config. Triggering election immediately
I0929 21:45:49.677109 26866 raft_consensus.cc:412] T f92b78a409fb4b6db8ab56c535e2bfea P cffedd68783f4a1c8995fc18ba659b7c [term 0 FOLLOWER]: Starting leader election (initial election of a single-replica configuration)
I0929 21:45:49.677321 26866 raft_consensus.cc:2315] T f92b78a409fb4b6db8ab56c535e2bfea P cffedd68783f4a1c8995fc18ba659b7c [term 0 FOLLOWER]: Snoozing failure detection for election timeout plus an additional 1.972s
I0929 21:45:49.677606 26866 raft_consensus.cc:2359] T f92b78a409fb4b6db8ab56c535e2bfea P cffedd68783f4a1c8995fc18ba659b7c [term 0 FOLLOWER]: Advancing to term 1
I0929 21:45:49.677176 26747 catalog_manager.cc:1920] Servicing AlterTable request from {username='slave'} at 127.0.0.1:59015: table { table_name: "test-alter-range-partitioning-invalid-unbounded" } alter_schema_steps { type: DROP_RANGE_PARTITION drop_range_partition { range_bounds { rows: "\006\001\377\377\377\377\007\000" } } } schema { columns { name: "c0" type: INT32 is_key: true is_nullable: false encoding: AUTO_ENCODING compression: DEFAULT_COMPRESSION cfile_block_size: 0 } columns { name: "c1" type: INT32 is_key: false is_nullable: false encoding: AUTO_ENCODING compression: DEFAULT_COMPRESSION cfile_block_size: 0 } }
I0929 21:45:49.679440 26732 catalog_manager.cc:2925] Scheduling retry of 96c088b7c9fe4b7f986371b0e920a16f (table test-alter-range-partitioning-invalid-unbounded [id=8eb38e78e3cd4799995cb362386476e0]) Alter Table RPC with a delay of 54ms (attempt = 0)...
W0929 21:45:49.679698 26732 catalog_manager.cc:2946] Async tablet task 96c088b7c9fe4b7f986371b0e920a16f (table test-alter-range-partitioning-invalid-unbounded [id=8eb38e78e3cd4799995cb362386476e0]) Alter Table RPC failed: Not found: Failed to reset TS proxy: No leader found: Tablet 96c088b7c9fe4b7f986371b0e920a16f consensus state has no leader
I0929 21:45:49.680042 26732 catalog_manager.cc:2925] Scheduling retry of 405036c65d064351a92040e629a3cd9a (table test-alter-range-partitioning-invalid-unbounded [id=8eb38e78e3cd4799995cb362386476e0]) Alter Table RPC with a delay of 44ms (attempt = 0)...
W0929 21:45:49.680274 26732 catalog_manager.cc:2946] Async tablet task 405036c65d064351a92040e629a3cd9a (table test-alter-range-partitioning-invalid-unbounded [id=8eb38e78e3cd4799995cb362386476e0]) Alter Table RPC failed: Not found: Failed to reset TS proxy: No leader found: Tablet 405036c65d064351a92040e629a3cd9a consensus state has no leader
I0929 21:45:49.679081 26733 catalog_manager.cc:2925] Scheduling retry of bdfcf05ade7d41c48e3bdc44f1839279 (table test-alter-range-partitioning-invalid-unbounded [id=8eb38e78e3cd4799995cb362386476e0]) Alter Table RPC with a delay of 25ms (attempt = 0)...
W0929 21:45:49.680675 26733 catalog_manager.cc:2946] Async tablet task bdfcf05ade7d41c48e3bdc44f1839279 (table test-alter-range-partitioning-invalid-unbounded [id=8eb38e78e3cd4799995cb362386476e0]) Alter Table RPC failed: Not found: Failed to reset TS proxy: No leader found: Tablet bdfcf05ade7d41c48e3bdc44f1839279 consensus state has no leader
I0929 21:45:49.680991 26733 catalog_manager.cc:2925] Scheduling retry of f9dce52fa3f1464da743f458943e674a (table test-alter-range-partitioning-invalid-unbounded [id=8eb38e78e3cd4799995cb362386476e0]) Alter Table RPC with a delay of 26ms (attempt = 0)...
W0929 21:45:49.681232 26733 catalog_manager.cc:2946] Async tablet task f9dce52fa3f1464da743f458943e674a (table test-alter-range-partitioning-invalid-unbounded [id=8eb38e78e3cd4799995cb362386476e0]) Alter Table RPC failed: Not found: Failed to reset TS proxy: No leader found: Tablet f9dce52fa3f1464da743f458943e674a consensus state has no leader
I0929 21:45:49.682096 26731 catalog_manager.cc:2925] Scheduling retry of a4d64691a56a423ca91c0b14bd1517af (table test-alter-range-partitioning-invalid-unbounded [id=8eb38e78e3cd4799995cb362386476e0]) Alter Table RPC with a delay of 42ms (attempt = 0)...
W0929 21:45:49.682453 26731 catalog_manager.cc:2946] Async tablet task a4d64691a56a423ca91c0b14bd1517af (table test-alter-range-partitioning-invalid-unbounded [id=8eb38e78e3cd4799995cb362386476e0]) Alter Table RPC failed: Not found: Failed to reset TS proxy: No leader found: Tablet a4d64691a56a423ca91c0b14bd1517af consensus state has no leader
I0929 21:45:49.682279 26866 raft_consensus.cc:436] T f92b78a409fb4b6db8ab56c535e2bfea P cffedd68783f4a1c8995fc18ba659b7c [term 1 FOLLOWER]: Starting leader election with config: opid_index: -1 OBSOLETE_local: true peers { permanent_uuid: "cffedd68783f4a1c8995fc18ba659b7c" member_type: VOTER last_known_addr { host: "127.0.0.1" port: 60775 } }
I0929 21:45:49.682849 26866 leader_election.cc:243] T f92b78a409fb4b6db8ab56c535e2bfea P cffedd68783f4a1c8995fc18ba659b7c [CANDIDATE]: Term 1 election: Election decided. Result: candidate won.
I0929 21:45:49.683152 26734 catalog_manager.cc:2925] Scheduling retry of 019d0f784e474c39b254c4f9911f094b (table test-alter-range-partitioning-invalid-unbounded [id=8eb38e78e3cd4799995cb362386476e0]) Alter Table RPC with a delay of 33ms (attempt = 0)...
W0929 21:45:49.683467 26734 catalog_manager.cc:2946] Async tablet task 019d0f784e474c39b254c4f9911f094b (table test-alter-range-partitioning-invalid-unbounded [id=8eb38e78e3cd4799995cb362386476e0]) Alter Table RPC failed: Not found: Failed to reset TS proxy: No leader found: Tablet 019d0f784e474c39b254c4f9911f094b consensus state has no leader
I0929 21:45:49.683753 26734 catalog_manager.cc:2925] Scheduling retry of 0567a83a31cf429980e13f4f3df80ac0 (table test-alter-range-partitioning-invalid-unbounded [id=8eb38e78e3cd4799995cb362386476e0]) Alter Table RPC with a delay of 49ms (attempt = 0)...
W0929 21:45:49.683979 26734 catalog_manager.cc:2946] Async tablet task 0567a83a31cf429980e13f4f3df80ac0 (table test-alter-range-partitioning-invalid-unbounded [id=8eb38e78e3cd4799995cb362386476e0]) Alter Table RPC failed: Not found: Failed to reset TS proxy: No leader found: Tablet 0567a83a31cf429980e13f4f3df80ac0 consensus state has no leader
I0929 21:45:49.684165 26747 catalog_manager.cc:3432] T 00000000000000000000000000000000 P 348076b792e349259f965829a0d76562: Sending DeleteTablet for 1 replicas of tablet fe168d51058149818c74d74c32d7e8f1
I0929 21:45:49.684571 26747 catalog_manager.cc:3154] Sending DeleteTablet(TABLET_DATA_DELETED) for tablet fe168d51058149818c74d74c32d7e8f1 on cffedd68783f4a1c8995fc18ba659b7c (127.0.0.1:60775) (Partition dropped at 2017-09-29 21:45:49 UTC)
I0929 21:45:49.685284 26733 catalog_manager.cc:2925] Scheduling retry of 5863b148d82f4bc183d8e0c203dbcdeb (table test-alter-range-partitioning-invalid-unbounded [id=8eb38e78e3cd4799995cb362386476e0]) Alter Table RPC with a delay of 42ms (attempt = 0)...
W0929 21:45:49.685559 26733 catalog_manager.cc:2946] Async tablet task 5863b148d82f4bc183d8e0c203dbcdeb (table test-alter-range-partitioning-invalid-unbounded [id=8eb38e78e3cd4799995cb362386476e0]) Alter Table RPC failed: Not found: Failed to reset TS proxy: No leader found: Tablet 5863b148d82f4bc183d8e0c203dbcdeb consensus state has no leader
I0929 21:45:49.686053 26820 tablet_service.cc:713] Processing DeleteTablet for tablet fe168d51058149818c74d74c32d7e8f1 with delete_type TABLET_DATA_DELETED (Partition dropped at 2017-09-29 21:45:49 UTC) from {username='slave'} at 127.0.0.1:33868
W0929 21:45:49.687074 26731 catalog_manager.cc:3108] TS cffedd68783f4a1c8995fc18ba659b7c (127.0.0.1:60775): delete failed for tablet fe168d51058149818c74d74c32d7e8f1 because the tablet was not found. No further retry: Not found: Tablet not found: fe168d51058149818c74d74c32d7e8f1
I0929 21:45:49.687479 26734 catalog_manager.cc:2925] Scheduling retry of f92b78a409fb4b6db8ab56c535e2bfea (table test-alter-range-partitioning-invalid-unbounded [id=8eb38e78e3cd4799995cb362386476e0]) Alter Table RPC with a delay of 27ms (attempt = 0)...
W0929 21:45:49.687779 26734 catalog_manager.cc:2946] Async tablet task f92b78a409fb4b6db8ab56c535e2bfea (table test-alter-range-partitioning-invalid-unbounded [id=8eb38e78e3cd4799995cb362386476e0]) Alter Table RPC failed: Not found: Failed to reset TS proxy: No leader found: Tablet f92b78a409fb4b6db8ab56c535e2bfea consensus state has no leader
I0929 21:45:49.689963 26732 catalog_manager.cc:2925] Scheduling retry of fe168d51058149818c74d74c32d7e8f1 (table test-alter-range-partitioning-invalid-unbounded [id=8eb38e78e3cd4799995cb362386476e0]) Alter Table RPC with a delay of 51ms (attempt = 0)...
W0929 21:45:49.690276 26732 catalog_manager.cc:2946] Async tablet task fe168d51058149818c74d74c32d7e8f1 (table test-alter-range-partitioning-invalid-unbounded [id=8eb38e78e3cd4799995cb362386476e0]) Alter Table RPC failed: Not found: Failed to reset TS proxy: No leader found: Tablet fe168d51058149818c74d74c32d7e8f1 consensus state has no leader
I0929 21:45:49.689880 26744 catalog_manager.cc:1920] Servicing AlterTable request from {username='slave'} at 127.0.0.1:59015: table { table_name: "test-alter-range-partitioning-invalid-unbounded" } alter_schema_steps { type: ADD_RANGE_PARTITION add_range_partition { range_bounds { rows: "\006\001\377\377\377\377\007\000" } } } alter_schema_steps { type: ADD_RANGE_PARTITION add_range_partition { range_bounds { rows: "\006\001\000\000\000\000\007\001d\000\000\000" } } } schema { columns { name: "c0" type: INT32 is_key: true is_nullable: false encoding: AUTO_ENCODING compression: DEFAULT_COMPRESSION cfile_block_size: 0 } columns { name: "c1" type: INT32 is_key: false is_nullable: false encoding: AUTO_ENCODING compression: DEFAULT_COMPRESSION cfile_block_size: 0 } }
I0929 21:45:49.690809 26733 catalog_manager.cc:2925] Scheduling retry of e14a330c7d414262b7e059c53354c106 (table test-alter-range-partitioning-invalid-unbounded [id=8eb38e78e3cd4799995cb362386476e0]) Alter Table RPC with a delay of 29ms (attempt = 0)...
W0929 21:45:49.691109 26733 catalog_manager.cc:2946] Async tablet task e14a330c7d414262b7e059c53354c106 (table test-alter-range-partitioning-invalid-unbounded [id=8eb38e78e3cd4799995cb362386476e0]) Alter Table RPC failed: Not found: Failed to reset TS proxy: No leader found: Tablet e14a330c7d414262b7e059c53354c106 consensus state has no leader
I0929 21:45:49.691838 26819 ts_tablet_manager.cc:906] T fe168d51058149818c74d74c32d7e8f1 P cffedd68783f4a1c8995fc18ba659b7c: Registered tablet (data state: TABLET_DATA_READY)
I0929 21:45:49.692792 26731 catalog_manager.cc:3154] Sending DeleteTablet(TABLET_DATA_DELETED) for tablet 5863b148d82f4bc183d8e0c203dbcdeb on cffedd68783f4a1c8995fc18ba659b7c (127.0.0.1:60775) (Partition dropped at 2017-09-29 21:45:49 UTC)
I0929 21:45:49.693495 26731 catalog_manager.cc:2925] Scheduling retry of a1c9f68a8fa441539b9c510657c3176e (table test-alter-range-partitioning-invalid-unbounded [id=8eb38e78e3cd4799995cb362386476e0]) Alter Table RPC with a delay of 25ms (attempt = 0)...
W0929 21:45:49.693729 26731 catalog_manager.cc:2946] Async tablet task a1c9f68a8fa441539b9c510657c3176e (table test-alter-range-partitioning-invalid-unbounded [id=8eb38e78e3cd4799995cb362386476e0]) Alter Table RPC failed: Not found: Failed to reset TS proxy: No leader found: Tablet a1c9f68a8fa441539b9c510657c3176e consensus state has no leader
I0929 21:45:49.693840 26732 catalog_manager.cc:2925] Scheduling retry of 9db7d1aaf4784c4882f93c9dd573911b (table test-alter-range-partitioning-invalid-unbounded [id=8eb38e78e3cd4799995cb362386476e0]) Alter Table RPC with a delay of 31ms (attempt = 0)...
W0929 21:45:49.694139 26732 catalog_manager.cc:2946] Async tablet task 9db7d1aaf4784c4882f93c9dd573911b (table test-alter-range-partitioning-invalid-unbounded [id=8eb38e78e3cd4799995cb362386476e0]) Alter Table RPC failed: Not found: Failed to reset TS proxy: No leader found: Tablet 9db7d1aaf4784c4882f93c9dd573911b consensus state has no leader
I0929 21:45:49.693763 26744 catalog_manager.cc:1920] Servicing AlterTable request from {username='slave'} at 127.0.0.1:59015: table { table_name: "test-alter-range-partitioning-invalid-unbounded" } alter_schema_steps { type: ADD_RANGE_PARTITION add_range_partition { range_bounds { rows: "\006\001\377\377\377\377\007\000" } } } schema { columns { name: "c0" type: INT32 is_key: true is_nullable: false encoding: AUTO_ENCODING compression: DEFAULT_COMPRESSION cfile_block_size: 0 } columns { name: "c1" type: INT32 is_key: false is_nullable: false encoding: AUTO_ENCODING compression: DEFAULT_COMPRESSION cfile_block_size: 0 } }
I0929 21:45:49.694638 26819 tablet_service.cc:713] Processing DeleteTablet for tablet 5863b148d82f4bc183d8e0c203dbcdeb with delete_type TABLET_DATA_DELETED (Partition dropped at 2017-09-29 21:45:49 UTC) from {username='slave'} at 127.0.0.1:33868
I0929 21:45:49.694658 26732 catalog_manager.cc:2925] Scheduling retry of 9276dda82bfc439ba5438aa02c2882d2 (table test-alter-range-partitioning-invalid-unbounded [id=8eb38e78e3cd4799995cb362386476e0]) Alter Table RPC with a delay of 52ms (attempt = 0)...
W0929 21:45:49.695101 26732 catalog_manager.cc:2946] Async tablet task 9276dda82bfc439ba5438aa02c2882d2 (table test-alter-range-partitioning-invalid-unbounded [id=8eb38e78e3cd4799995cb362386476e0]) Alter Table RPC failed: Not found: Failed to reset TS proxy: No leader found: Tablet 9276dda82bfc439ba5438aa02c2882d2 consensus state has no leader
I0929 21:45:49.695543 26733 catalog_manager.cc:2925] Scheduling retry of a3a64b2d0f544f60a717264bb0488d5c (table test-alter-range-partitioning-invalid-unbounded [id=8eb38e78e3cd4799995cb362386476e0]) Alter Table RPC with a delay of 43ms (attempt = 0)...
W0929 21:45:49.695669 26731 catalog_manager.cc:3121] TS cffedd68783f4a1c8995fc18ba659b7c (127.0.0.1:60775): delete failed for tablet 5863b148d82f4bc183d8e0c203dbcdeb with error code TABLET_NOT_RUNNING: Illegal state: State transition of tablet 5863b148d82f4bc183d8e0c203dbcdeb already in progress: creating tablet
W0929 21:45:49.695909 26733 catalog_manager.cc:2946] Async tablet task a3a64b2d0f544f60a717264bb0488d5c (table test-alter-range-partitioning-invalid-unbounded [id=8eb38e78e3cd4799995cb362386476e0]) Alter Table RPC failed: Not found: Failed to reset TS proxy: No leader found: Tablet a3a64b2d0f544f60a717264bb0488d5c consensus state has no leader
I0929 21:45:49.696375 26733 catalog_manager.cc:2925] Scheduling retry of c61c92254a2340e9a5624853175e6ebf (table test-alter-range-partitioning-invalid-unbounded [id=8eb38e78e3cd4799995cb362386476e0]) Alter Table RPC with a delay of 36ms (attempt = 0)...
W0929 21:45:49.696645 26733 catalog_manager.cc:2946] Async tablet task c61c92254a2340e9a5624853175e6ebf (table test-alter-range-partitioning-invalid-unbounded [id=8eb38e78e3cd4799995cb362386476e0]) Alter Table RPC failed: Not found: Failed to reset TS proxy: No leader found: Tablet c61c92254a2340e9a5624853175e6ebf consensus state has no leader
I0929 21:45:49.695974 26731 catalog_manager.cc:2925] Scheduling retry of 5863b148d82f4bc183d8e0c203dbcdeb Delete Tablet RPC for TS=cffedd68783f4a1c8995fc18ba659b7c with a delay of 94ms (attempt = 3)...
I0929 21:45:49.699216 26733 catalog_manager.cc:2925] Scheduling retry of af4a3301115649f0a464abf8dd4c9d4c (table test-alter-range-partitioning-invalid-unbounded [id=8eb38e78e3cd4799995cb362386476e0]) Alter Table RPC with a delay of 17ms (attempt = 0)...
W0929 21:45:49.699548 26733 catalog_manager.cc:2946] Async tablet task af4a3301115649f0a464abf8dd4c9d4c (table test-alter-range-partitioning-invalid-unbounded [id=8eb38e78e3cd4799995cb362386476e0]) Alter Table RPC failed: Not found: Failed to reset TS proxy: No leader found: Tablet af4a3301115649f0a464abf8dd4c9d4c consensus state has no leader
I0929 21:45:49.701192 26744 catalog_manager.cc:2925] Scheduling retry of a30c92b3f9854f84935d9addc142006c (table test-alter-range-partitioning-invalid-unbounded [id=8eb38e78e3cd4799995cb362386476e0]) Alter Table RPC with a delay of 20ms (attempt = 0)...
W0929 21:45:49.701530 26744 catalog_manager.cc:3406] Failed to send alter table request: Not found: Failed to reset TS proxy: No leader found: Tablet a30c92b3f9854f84935d9addc142006c has no consensus state
I0929 21:45:49.704107 26731 catalog_manager.cc:2925] Scheduling retry of 4515eb9ffec24b699bf8cd6227140627 (table test-alter-range-partitioning-invalid-unbounded [id=8eb38e78e3cd4799995cb362386476e0]) Alter Table RPC with a delay of 51ms (attempt = 0)...
W0929 21:45:49.704381 26731 catalog_manager.cc:2946] Async tablet task 4515eb9ffec24b699bf8cd6227140627 (table test-alter-range-partitioning-invalid-unbounded [id=8eb38e78e3cd4799995cb362386476e0]) Alter Table RPC failed: Not found: Failed to reset TS proxy: No leader found: Tablet 4515eb9ffec24b699bf8cd6227140627 consensus state has no leader
I0929 21:45:49.704725 26744 catalog_manager.cc:1920] Servicing AlterTable request from {username='slave'} at 127.0.0.1:59015: table { table_name: "test-alter-range-partitioning-invalid-unbounded" } alter_schema_steps { type: DROP_RANGE_PARTITION drop_range_partition { range_bounds { rows: "\006\001\000\000\000\000\007\001d\000\000\000" } } } schema { columns { name: "c0" type: INT32 is_key: true is_nullable: false encoding: AUTO_ENCODING compression: DEFAULT_COMPRESSION cfile_block_size: 0 } columns { name: "c1" type: INT32 is_key: false is_nullable: false encoding: AUTO_ENCODING compression: DEFAULT_COMPRESSION cfile_block_size: 0 } }
I0929 21:45:49.705821 26919 raft_consensus.cc:2315] T f92b78a409fb4b6db8ab56c535e2bfea P cffedd68783f4a1c8995fc18ba659b7c [term 1 FOLLOWER]: Snoozing failure detection for election timeout plus an additional 1.671s
I0929 21:45:49.706159 26919 raft_consensus.cc:2124] T f92b78a409fb4b6db8ab56c535e2bfea P cffedd68783f4a1c8995fc18ba659b7c [term 1 FOLLOWER]: Leader election won for term 1
I0929 21:45:49.707336 26733 catalog_manager.cc:2925] Scheduling retry of bdfcf05ade7d41c48e3bdc44f1839279 (table test-alter-range-partitioning-invalid-unbounded [id=8eb38e78e3cd4799995cb362386476e0]) Alter Table RPC with a delay of 33ms (attempt = 0)...
W0929 21:45:49.707691 26733 catalog_manager.cc:2946] Async tablet task bdfcf05ade7d41c48e3bdc44f1839279 (table test-alter-range-partitioning-invalid-unbounded [id=8eb38e78e3cd4799995cb362386476e0]) Alter Table RPC failed: Not found: Failed to reset TS proxy: No leader found: Tablet bdfcf05ade7d41c48e3bdc44f1839279 consensus state has no leader
I0929 21:45:49.708050 26733 catalog_manager.cc:2925] Scheduling retry of f9dce52fa3f1464da743f458943e674a (table test-alter-range-partitioning-invalid-unbounded [id=8eb38e78e3cd4799995cb362386476e0]) Alter Table RPC with a delay of 23ms (attempt = 0)...
W0929 21:45:49.708274 26733 catalog_manager.cc:2946] Async tablet task f9dce52fa3f1464da743f458943e674a (table test-alter-range-partitioning-invalid-unbounded [id=8eb38e78e3cd4799995cb362386476e0]) Alter Table RPC failed: Not found: Failed to reset TS proxy: No leader found: Tablet f9dce52fa3f1464da743f458943e674a consensus state has no leader
I0929 21:45:49.709256 26819 tablet_service.cc:672] Processing CreateTablet for tablet a30c92b3f9854f84935d9addc142006c (table=test-alter-range-partitioning-invalid-unbounded [id=8eb38e78e3cd4799995cb362386476e0]), partition=RANGE (c0) PARTITION VALUES >= -1
I0929 21:45:49.711153 26744 catalog_manager.cc:1920] Servicing AlterTable request from {username='slave'} at 127.0.0.1:59015: table { table_name: "test-alter-range-partitioning-invalid-unbounded" } alter_schema_steps { type: DROP_RANGE_PARTITION drop_range_partition { range_bounds { rows: "\006\001\377\377\377\377\007\000" } } } schema { columns { name: "c0" type: INT32 is_key: true is_nullable: false encoding: AUTO_ENCODING compression: DEFAULT_COMPRESSION cfile_block_size: 0 } columns { name: "c1" type: INT32 is_key: false is_nullable: false encoding: AUTO_ENCODING compression: DEFAULT_COMPRESSION cfile_block_size: 0 } }
I0929 21:45:49.715350 26733 catalog_manager.cc:2925] Scheduling retry of 5a3b867613954ef9a6560f5c780cffc5 (table test-alter-range-partitioning-invalid-unbounded [id=8eb38e78e3cd4799995cb362386476e0]) Alter Table RPC with a delay of 35ms (attempt = 0)...
W0929 21:45:49.715685 26733 catalog_manager.cc:2946] Async tablet task 5a3b867613954ef9a6560f5c780cffc5 (table test-alter-range-partitioning-invalid-unbounded [id=8eb38e78e3cd4799995cb362386476e0]) Alter Table RPC failed: Not found: Failed to reset TS proxy: No leader found: Tablet 5a3b867613954ef9a6560f5c780cffc5 consensus state has no leader
I0929 21:45:49.715608 26734 catalog_manager.cc:2925] Scheduling retry of f92b78a409fb4b6db8ab56c535e2bfea (table test-alter-range-partitioning-invalid-unbounded [id=8eb38e78e3cd4799995cb362386476e0]) Alter Table RPC with a delay of 50ms (attempt = 0)...
W0929 21:45:49.716063 26734 catalog_manager.cc:2946] Async tablet task f92b78a409fb4b6db8ab56c535e2bfea (table test-alter-range-partitioning-invalid-unbounded [id=8eb38e78e3cd4799995cb362386476e0]) Alter Table RPC failed: Not found: Failed to reset TS proxy: No leader found: Tablet f92b78a409fb4b6db8ab56c535e2bfea consensus state has no leader
I0929 21:45:49.717211 26733 catalog_manager.cc:2925] Scheduling retry of af4a3301115649f0a464abf8dd4c9d4c (table test-alter-range-partitioning-invalid-unbounded [id=8eb38e78e3cd4799995cb362386476e0]) Alter Table RPC with a delay of 28ms (attempt = 0)...
W0929 21:45:49.717571 26733 catalog_manager.cc:2946] Async tablet task af4a3301115649f0a464abf8dd4c9d4c (table test-alter-range-partitioning-invalid-unbounded [id=8eb38e78e3cd4799995cb362386476e0]) Alter Table RPC failed: Not found: Failed to reset TS proxy: No leader found: Tablet af4a3301115649f0a464abf8dd4c9d4c consensus state has no leader
I0929 21:45:49.718276 26734 catalog_manager.cc:2925] Scheduling retry of 019d0f784e474c39b254c4f9911f094b (table test-alter-range-partitioning-invalid-unbounded [id=8eb38e78e3cd4799995cb362386476e0]) Alter Table RPC with a delay of 53ms (attempt = 0)...
W0929 21:45:49.718665 26734 catalog_manager.cc:2946] Async tablet task 019d0f784e474c39b254c4f9911f094b (table test-alter-range-partitioning-invalid-unbounded [id=8eb38e78e3cd4799995cb362386476e0]) Alter Table RPC failed: Not found: Failed to reset TS proxy: No leader found: Tablet 019d0f784e474c39b254c4f9911f094b consensus state has no leader
I0929 21:45:49.719295 26731 catalog_manager.cc:2925] Scheduling retry of a3b61861fc0f49e882e86f27b30f47ad (table test-alter-range-partitioning-invalid-unbounded [id=8eb38e78e3cd4799995cb362386476e0]) Alter Table RPC with a delay of 21ms (attempt = 0)...
I0929 21:45:49.719406 26734 catalog_manager.cc:2925] Scheduling retry of 28988efc3b9d4b96b591cbd45febf05b (table test-alter-range-partitioning-invalid-unbounded [id=8eb38e78e3cd4799995cb362386476e0]) Alter Table RPC with a delay of 18ms (attempt = 0)...
W0929 21:45:49.719646 26731 catalog_manager.cc:2946] Async tablet task a3b61861fc0f49e882e86f27b30f47ad (table test-alter-range-partitioning-invalid-unbounded [id=8eb38e78e3cd4799995cb362386476e0]) Alter Table RPC failed: Not found: Failed to reset TS proxy: No leader found: Tablet a3b61861fc0f49e882e86f27b30f47ad consensus state has no leader
W0929 21:45:49.719687 26734 catalog_manager.cc:2946] Async tablet task 28988efc3b9d4b96b591cbd45febf05b (table test-alter-range-partitioning-invalid-unbounded [id=8eb38e78e3cd4799995cb362386476e0]) Alter Table RPC failed: Not found: Failed to reset TS proxy: No leader found: Tablet 28988efc3b9d4b96b591cbd45febf05b consensus state has no leader
I0929 21:45:49.720345 26731 catalog_manager.cc:2925] Scheduling retry of a1c9f68a8fa441539b9c510657c3176e (table test-alter-range-partitioning-invalid-unbounded [id=8eb38e78e3cd4799995cb362386476e0]) Alter Table RPC with a delay of 34ms (attempt = 0)...
W0929 21:45:49.720676 26731 catalog_manager.cc:2946] Async tablet task a1c9f68a8fa441539b9c510657c3176e (table test-alter-range-partitioning-invalid-unbounded [id=8eb38e78e3cd4799995cb362386476e0]) Alter Table RPC failed: Not found: Failed to reset TS proxy: No leader found: Tablet a1c9f68a8fa441539b9c510657c3176e consensus state has no leader
I0929 21:45:49.721034 26731 catalog_manager.cc:3154] Sending DeleteTablet(TABLET_DATA_DELETED) for tablet e14a330c7d414262b7e059c53354c106 on cffedd68783f4a1c8995fc18ba659b7c (127.0.0.1:60775) (Partition dropped at 2017-09-29 21:45:49 UTC)
I0929 21:45:49.721287 26733 catalog_manager.cc:2925] Scheduling retry of e14a330c7d414262b7e059c53354c106 (table test-alter-range-partitioning-invalid-unbounded [id=8eb38e78e3cd4799995cb362386476e0]) Alter Table RPC with a delay of 8ms (attempt = 0)...
W0929 21:45:49.721595 26733 catalog_manager.cc:2946] Async tablet task e14a330c7d414262b7e059c53354c106 (table test-alter-range-partitioning-invalid-unbounded [id=8eb38e78e3cd4799995cb362386476e0]) Alter Table RPC failed: Not found: Failed to reset TS proxy: No leader found: Tablet e14a330c7d414262b7e059c53354c106 consensus state has no leader
I0929 21:45:49.722398 26744 catalog_manager.cc:3432] T 00000000000000000000000000000000 P 348076b792e349259f965829a0d76562: Sending DeleteTablet for 1 replicas of tablet a30c92b3f9854f84935d9addc142006c
I0929 21:45:49.722573 26820 tablet_service.cc:713] Processing DeleteTablet for tablet e14a330c7d414262b7e059c53354c106 with delete_type TABLET_DATA_DELETED (Partition dropped at 2017-09-29 21:45:49 UTC) from {username='slave'} at 127.0.0.1:33868
I0929 21:45:49.722707 26733 catalog_manager.cc:2925] Scheduling retry of a30c92b3f9854f84935d9addc142006c (table test-alter-range-partitioning-invalid-unbounded [id=8eb38e78e3cd4799995cb362386476e0]) Alter Table RPC with a delay of 38ms (attempt = 0)...
W0929 21:45:49.723575 26733 catalog_manager.cc:2946] Async tablet task a30c92b3f9854f84935d9addc142006c (table test-alter-range-partitioning-invalid-unbounded [id=8eb38e78e3cd4799995cb362386476e0]) Alter Table RPC failed: Not found: Failed to reset TS proxy: No leader found: Tablet a30c92b3f9854f84935d9addc142006c consensus state has no leader
I0929 21:45:49.723798 26744 catalog_manager.cc:3154] Sending DeleteTablet(TABLET_DATA_DELETED) for tablet a30c92b3f9854f84935d9addc142006c on cffedd68783f4a1c8995fc18ba659b7c (127.0.0.1:60775) (Partition dropped at 2017-09-29 21:45:49 UTC)
W0929 21:45:49.723774 26731 catalog_manager.cc:3121] TS cffedd68783f4a1c8995fc18ba659b7c (127.0.0.1:60775): delete failed for tablet e14a330c7d414262b7e059c53354c106 with error code TABLET_NOT_RUNNING: Illegal state: State transition of tablet e14a330c7d414262b7e059c53354c106 already in progress: creating tablet
I0929 21:45:49.725075 26731 catalog_manager.cc:2925] Scheduling retry of e14a330c7d414262b7e059c53354c106 Delete Tablet RPC for TS=cffedd68783f4a1c8995fc18ba659b7c with a delay of 152ms (attempt = 4)...
I0929 21:45:49.725270 26732 catalog_manager.cc:2925] Scheduling retry of 405036c65d064351a92040e629a3cd9a (table test-alter-range-partitioning-invalid-unbounded [id=8eb38e78e3cd4799995cb362386476e0]) Alter Table RPC with a delay of 47ms (attempt = 0)...
W0929 21:45:49.725590 26732 catalog_manager.cc:2946] Async tablet task 405036c65d064351a92040e629a3cd9a (table test-alter-range-partitioning-invalid-unbounded [id=8eb38e78e3cd4799995cb362386476e0]) Alter Table RPC failed: Not found: Failed to reset TS proxy: No leader found: Tablet 405036c65d064351a92040e629a3cd9a consensus state has no leader
I0929 21:45:49.725625 26819 ts_tablet_manager.cc:906] T a30c92b3f9854f84935d9addc142006c P cffedd68783f4a1c8995fc18ba659b7c: Registered tablet (data state: TABLET_DATA_READY)
I0929 21:45:49.725728 26731 catalog_manager.cc:2925] Scheduling retry of a4d64691a56a423ca91c0b14bd1517af (table test-alter-range-partitioning-invalid-unbounded [id=8eb38e78e3cd4799995cb362386476e0]) Alter Table RPC with a delay of 56ms (attempt = 0)...
W0929 21:45:49.726006 26731 catalog_manager.cc:2946] Async tablet task a4d64691a56a423ca91c0b14bd1517af (table test-alter-range-partitioning-invalid-unbounded [id=8eb38e78e3cd4799995cb362386476e0]) Alter Table RPC failed: Not found: Failed to reset TS proxy: No leader found: Tablet a4d64691a56a423ca91c0b14bd1517af consensus state has no leader
I0929 21:45:49.725955 26732 catalog_manager.cc:2925] Scheduling retry of 9db7d1aaf4784c4882f93c9dd573911b (table test-alter-range-partitioning-invalid-unbounded [id=8eb38e78e3cd4799995cb362386476e0]) Alter Table RPC with a delay of 16ms (attempt = 0)...
W0929 21:45:49.726284 26732 catalog_manager.cc:2946] Async tablet task 9db7d1aaf4784c4882f93c9dd573911b (table test-alter-range-partitioning-invalid-unbounded [id=8eb38e78e3cd4799995cb362386476e0]) Alter Table RPC failed: Not found: Failed to reset TS proxy: No leader found: Tablet 9db7d1aaf4784c4882f93c9dd573911b consensus state has no leader
I0929 21:45:49.727475 26819 tablet_service.cc:713] Processing DeleteTablet for tablet a30c92b3f9854f84935d9addc142006c with delete_type TABLET_DATA_DELETED (Partition dropped at 2017-09-29 21:45:49 UTC) from {username='slave'} at 127.0.0.1:33868
I0929 21:45:49.727982 26744 catalog_manager.cc:1920] Servicing AlterTable request from {username='slave'} at 127.0.0.1:59015: table { table_name: "test-alter-range-partitioning-invalid-unbounded" } alter_schema_steps { type: ADD_RANGE_PARTITION add_range_partition { range_bounds { rows: "\006\001\377\377\377\377\007\000" } } } alter_schema_steps { type: DROP_RANGE_PARTITION drop_range_partition { range_bounds { rows: "\006\001\000\000\000\000\007\001d\000\000\000" } } } schema { columns { name: "c0" type: INT32 is_key: true is_nullable: false encoding: AUTO_ENCODING compression: DEFAULT_COMPRESSION cfile_block_size: 0 } columns { name: "c1" type: INT32 is_key: false is_nullable: false encoding: AUTO_ENCODING compression: DEFAULT_COMPRESSION cfile_block_size: 0 } }
W0929 21:45:49.728982 26731 catalog_manager.cc:3121] TS cffedd68783f4a1c8995fc18ba659b7c (127.0.0.1:60775): delete failed for tablet a30c92b3f9854f84935d9addc142006c with error code TABLET_NOT_RUNNING: Illegal state: State transition of tablet a30c92b3f9854f84935d9addc142006c already in progress: creating tablet
I0929 21:45:49.729228 26731 catalog_manager.cc:2925] Scheduling retry of a30c92b3f9854f84935d9addc142006c Delete Tablet RPC for TS=cffedd68783f4a1c8995fc18ba659b7c with a delay of 32ms (attempt = 1)...
I0929 21:45:49.730888 26733 catalog_manager.cc:2925] Scheduling retry of 5863b148d82f4bc183d8e0c203dbcdeb (table test-alter-range-partitioning-invalid-unbounded [id=8eb38e78e3cd4799995cb362386476e0]) Alter Table RPC with a delay of 47ms (attempt = 0)...
W0929 21:45:49.731217 26733 catalog_manager.cc:2946] Async tablet task 5863b148d82f4bc183d8e0c203dbcdeb (table test-alter-range-partitioning-invalid-unbounded [id=8eb38e78e3cd4799995cb362386476e0]) Alter Table RPC failed: Not found: Failed to reset TS proxy: No leader found: Tablet 5863b148d82f4bc183d8e0c203dbcdeb consensus state has no leader
I0929 21:45:49.731451 26866 ts_tablet_manager.cc:799] T f92b78a409fb4b6db8ab56c535e2bfea P cffedd68783f4a1c8995fc18ba659b7c: Time spent starting tablet: real 0.079s user 0.012s sys 0.044s
I0929 21:45:49.731520 26733 catalog_manager.cc:2925] Scheduling retry of e14a330c7d414262b7e059c53354c106 (table test-alter-range-partitioning-invalid-unbounded [id=8eb38e78e3cd4799995cb362386476e0]) Alter Table RPC with a delay of 50ms (attempt = 0)...
W0929 21:45:49.731822 26733 catalog_manager.cc:2946] Async tablet task e14a330c7d414262b7e059c53354c106 (table test-alter-range-partitioning-invalid-unbounded [id=8eb38e78e3cd4799995cb362386476e0]) Alter Table RPC failed: Not found: Failed to reset TS proxy: No leader found: Tablet e14a330c7d414262b7e059c53354c106 consensus state has no leader
I0929 21:45:49.731890 26866 ts_tablet_manager.cc:767] T bdfcf05ade7d41c48e3bdc44f1839279 P cffedd68783f4a1c8995fc18ba659b7c: Bootstrapping tablet
I0929 21:45:49.733219 26733 catalog_manager.cc:2925] Scheduling retry of f9dce52fa3f1464da743f458943e674a (table test-alter-range-partitioning-invalid-unbounded [id=8eb38e78e3cd4799995cb362386476e0]) Alter Table RPC with a delay of 43ms (attempt = 0)...
W0929 21:45:49.733466 26733 catalog_manager.cc:2946] Async tablet task f9dce52fa3f1464da743f458943e674a (table test-alter-range-partitioning-invalid-unbounded [id=8eb38e78e3cd4799995cb362386476e0]) Alter Table RPC failed: Not found: Failed to reset TS proxy: No leader found: Tablet f9dce52fa3f1464da743f458943e674a consensus state has no leader
I0929 21:45:49.733781 26733 catalog_manager.cc:2925] Scheduling retry of c61c92254a2340e9a5624853175e6ebf (table test-alter-range-partitioning-invalid-unbounded [id=8eb38e78e3cd4799995cb362386476e0]) Alter Table RPC with a delay of 42ms (attempt = 0)...
I0929 21:45:49.734261 26734 catalog_manager.cc:2925] Scheduling retry of 0567a83a31cf429980e13f4f3df80ac0 (table test-alter-range-partitioning-invalid-unbounded [id=8eb38e78e3cd4799995cb362386476e0]) Alter Table RPC with a delay of 23ms (attempt = 0)...
W0929 21:45:49.734570 26734 catalog_manager.cc:2946] Async tablet task 0567a83a31cf429980e13f4f3df80ac0 (table test-alter-range-partitioning-invalid-unbounded [id=8eb38e78e3cd4799995cb362386476e0]) Alter Table RPC failed: Not found: Failed to reset TS proxy: No leader found: Tablet 0567a83a31cf429980e13f4f3df80ac0 consensus state has no leader
W0929 21:45:49.733997 26733 catalog_manager.cc:2946] Async tablet task c61c92254a2340e9a5624853175e6ebf (table test-alter-range-partitioning-invalid-unbounded [id=8eb38e78e3cd4799995cb362386476e0]) Alter Table RPC failed: Not found: Failed to reset TS proxy: No leader found: Tablet c61c92254a2340e9a5624853175e6ebf consensus state has no leader
I0929 21:45:49.735023 26732 catalog_manager.cc:2925] Scheduling retry of 96c088b7c9fe4b7f986371b0e920a16f (table test-alter-range-partitioning-invalid-unbounded [id=8eb38e78e3cd4799995cb362386476e0]) Alter Table RPC with a delay of 10ms (attempt = 0)...
W0929 21:45:49.735334 26732 catalog_manager.cc:2946] Async tablet task 96c088b7c9fe4b7f986371b0e920a16f (table test-alter-range-partitioning-invalid-unbounded [id=8eb38e78e3cd4799995cb362386476e0]) Alter Table RPC failed: Not found: Failed to reset TS proxy: No leader found: Tablet 96c088b7c9fe4b7f986371b0e920a16f consensus state has no leader
I0929 21:45:49.736280 26866 tablet_bootstrap.cc:406] T bdfcf05ade7d41c48e3bdc44f1839279 P cffedd68783f4a1c8995fc18ba659b7c: Bootstrap starting.
I0929 21:45:49.736636 26744 catalog_manager.cc:1920] Servicing AlterTable request from {username='slave'} at 127.0.0.1:59015: table { table_name: "test-alter-range-partitioning-invalid-unbounded" } alter_schema_steps { type: ADD_RANGE_PARTITION add_range_partition { range_bounds { rows: "\006\001\000\000\000\000\007\001d\000\000\000" } } } schema { columns { name: "c0" type: INT32 is_key: true is_nullable: false encoding: AUTO_ENCODING compression: DEFAULT_COMPRESSION cfile_block_size: 0 } columns { name: "c1" type: INT32 is_key: false is_nullable: false encoding: AUTO_ENCODING compression: DEFAULT_COMPRESSION cfile_block_size: 0 } }
I0929 21:45:49.738554 26919 raft_consensus.cc:519] T f92b78a409fb4b6db8ab56c535e2bfea P cffedd68783f4a1c8995fc18ba659b7c [term 1 LEADER]: Becoming Leader. State: Replica: cffedd68783f4a1c8995fc18ba659b7c, State: 1, Role: LEADER
I0929 21:45:49.738909 26919 consensus_queue.cc:163] T f92b78a409fb4b6db8ab56c535e2bfea P cffedd68783f4a1c8995fc18ba659b7c [LEADER]: Queue going to LEADER mode. State: All replicated index: 0, Majority replicated index: 0, Committed index: 0, Last appended: 0.0, Last appended by leader: 0, Current term: 1, Majority size: 1, State: 1, Mode: LEADER, active raft config: opid_index: -1 OBSOLETE_local: true peers { permanent_uuid: "cffedd68783f4a1c8995fc18ba659b7c" member_type: VOTER last_known_addr { host: "127.0.0.1" port: 60775 } }
