I0929 21:45:50.434139 26747 catalog_manager.cc:1920] Servicing AlterTable request from {username='slave'} at 127.0.0.1:59015: table { table_name: "test-alter-range-partitioning-invalid-unbounded" } alter_schema_steps { type: ADD_RANGE_PARTITION add_range_partition { range_bounds { rows: "\006\0012\000\000\000\007\000" } } } schema { columns { name: "c0" type: INT32 is_key: true is_nullable: false encoding: AUTO_ENCODING compression: DEFAULT_COMPRESSION cfile_block_size: 0 } columns { name: "c1" type: INT32 is_key: false is_nullable: false encoding: AUTO_ENCODING compression: DEFAULT_COMPRESSION cfile_block_size: 0 } }
I0929 21:45:50.437739 26733 catalog_manager.cc:2925] Scheduling retry of 22b2b54dd77f45fb9dd22344d2b94e0b (table test-alter-range-partitioning-invalid-unbounded [id=8eb38e78e3cd4799995cb362386476e0]) Alter Table RPC with a delay of 19ms (attempt = 0)...
W0929 21:45:50.438035 26733 catalog_manager.cc:2946] Async tablet task 22b2b54dd77f45fb9dd22344d2b94e0b (table test-alter-range-partitioning-invalid-unbounded [id=8eb38e78e3cd4799995cb362386476e0]) Alter Table RPC failed: Not found: Failed to reset TS proxy: No leader found: Tablet 22b2b54dd77f45fb9dd22344d2b94e0b consensus state has no leader
I0929 21:45:50.438396 26731 catalog_manager.cc:2925] Scheduling retry of c518690be9a34b71ac932e14e3eebf7e (table test-alter-range-partitioning-invalid-unbounded [id=8eb38e78e3cd4799995cb362386476e0]) Alter Table RPC with a delay of 14ms (attempt = 0)...
W0929 21:45:50.438711 26731 catalog_manager.cc:2946] Async tablet task c518690be9a34b71ac932e14e3eebf7e (table test-alter-range-partitioning-invalid-unbounded [id=8eb38e78e3cd4799995cb362386476e0]) Alter Table RPC failed: Not found: Failed to reset TS proxy: No leader found: Tablet c518690be9a34b71ac932e14e3eebf7e consensus state has no leader
I0929 21:45:50.438999 26747 catalog_manager.cc:1920] Servicing AlterTable request from {username='slave'} at 127.0.0.1:59015: table { table_name: "test-alter-range-partitioning-invalid-unbounded" } alter_schema_steps { type: DROP_RANGE_PARTITION drop_range_partition { range_bounds { rows: "\006\001\000\000\000\000\007\001d\000\000\000" } } } schema { columns { name: "c0" type: INT32 is_key: true is_nullable: false encoding: AUTO_ENCODING compression: DEFAULT_COMPRESSION cfile_block_size: 0 } columns { name: "c1" type: INT32 is_key: false is_nullable: false encoding: AUTO_ENCODING compression: DEFAULT_COMPRESSION cfile_block_size: 0 } }
I0929 21:45:50.439859 26733 catalog_manager.cc:2925] Scheduling retry of bdfcf05ade7d41c48e3bdc44f1839279 (table test-alter-range-partitioning-invalid-unbounded [id=8eb38e78e3cd4799995cb362386476e0]) Alter Table RPC with a delay of 37ms (attempt = 0)...
W0929 21:45:50.442355 26733 catalog_manager.cc:2946] Async tablet task bdfcf05ade7d41c48e3bdc44f1839279 (table test-alter-range-partitioning-invalid-unbounded [id=8eb38e78e3cd4799995cb362386476e0]) Alter Table RPC failed: Not found: Failed to reset TS proxy: No leader found: Tablet bdfcf05ade7d41c48e3bdc44f1839279 consensus state has no leader
I0929 21:45:50.440253 26734 catalog_manager.cc:2925] Scheduling retry of 019d0f784e474c39b254c4f9911f094b (table test-alter-range-partitioning-invalid-unbounded [id=8eb38e78e3cd4799995cb362386476e0]) Alter Table RPC with a delay of 15ms (attempt = 0)...
W0929 21:45:50.442737 26734 catalog_manager.cc:2946] Async tablet task 019d0f784e474c39b254c4f9911f094b (table test-alter-range-partitioning-invalid-unbounded [id=8eb38e78e3cd4799995cb362386476e0]) Alter Table RPC failed: Not found: Failed to reset TS proxy: No leader found: Tablet 019d0f784e474c39b254c4f9911f094b consensus state has no leader
I0929 21:45:50.444036 26733 catalog_manager.cc:2925] Scheduling retry of 5a3b867613954ef9a6560f5c780cffc5 (table test-alter-range-partitioning-invalid-unbounded [id=8eb38e78e3cd4799995cb362386476e0]) Alter Table RPC with a delay of 29ms (attempt = 0)...
W0929 21:45:50.444393 26733 catalog_manager.cc:2946] Async tablet task 5a3b867613954ef9a6560f5c780cffc5 (table test-alter-range-partitioning-invalid-unbounded [id=8eb38e78e3cd4799995cb362386476e0]) Alter Table RPC failed: Not found: Failed to reset TS proxy: No leader found: Tablet 5a3b867613954ef9a6560f5c780cffc5 consensus state has no leader
I0929 21:45:50.446259 26731 catalog_manager.cc:2925] Scheduling retry of a3b61861fc0f49e882e86f27b30f47ad (table test-alter-range-partitioning-invalid-unbounded [id=8eb38e78e3cd4799995cb362386476e0]) Alter Table RPC with a delay of 8ms (attempt = 0)...
W0929 21:45:50.446588 26731 catalog_manager.cc:2946] Async tablet task a3b61861fc0f49e882e86f27b30f47ad (table test-alter-range-partitioning-invalid-unbounded [id=8eb38e78e3cd4799995cb362386476e0]) Alter Table RPC failed: Not found: Failed to reset TS proxy: No leader found: Tablet a3b61861fc0f49e882e86f27b30f47ad consensus state has no leader
I0929 21:45:50.447072 26731 catalog_manager.cc:3154] Sending DeleteTablet(TABLET_DATA_DELETED) for tablet 2a71fee779cd4c23aaf4931a80f54d32 on cffedd68783f4a1c8995fc18ba659b7c (127.0.0.1:60775) (Partition dropped at 2017-09-29 21:45:50 UTC)
I0929 21:45:50.447136 26734 catalog_manager.cc:2925] Scheduling retry of 28988efc3b9d4b96b591cbd45febf05b (table test-alter-range-partitioning-invalid-unbounded [id=8eb38e78e3cd4799995cb362386476e0]) Alter Table RPC with a delay of 11ms (attempt = 0)...
W0929 21:45:50.447422 26734 catalog_manager.cc:2946] Async tablet task 28988efc3b9d4b96b591cbd45febf05b (table test-alter-range-partitioning-invalid-unbounded [id=8eb38e78e3cd4799995cb362386476e0]) Alter Table RPC failed: Not found: Failed to reset TS proxy: No leader found: Tablet 28988efc3b9d4b96b591cbd45febf05b consensus state has no leader
I0929 21:45:50.447741 26734 catalog_manager.cc:2925] Scheduling retry of f92b78a409fb4b6db8ab56c535e2bfea (table test-alter-range-partitioning-invalid-unbounded [id=8eb38e78e3cd4799995cb362386476e0]) Alter Table RPC with a delay of 38ms (attempt = 0)...
W0929 21:45:50.447955 26734 catalog_manager.cc:2946] Async tablet task f92b78a409fb4b6db8ab56c535e2bfea (table test-alter-range-partitioning-invalid-unbounded [id=8eb38e78e3cd4799995cb362386476e0]) Alter Table RPC failed: Not found: Failed to reset TS proxy: No leader found: Tablet f92b78a409fb4b6db8ab56c535e2bfea consensus state has no leader
I0929 21:45:50.448155 26820 tablet_service.cc:713] Processing DeleteTablet for tablet 2a71fee779cd4c23aaf4931a80f54d32 with delete_type TABLET_DATA_DELETED (Partition dropped at 2017-09-29 21:45:50 UTC) from {username='slave'} at 127.0.0.1:33868
I0929 21:45:50.449193 26731 catalog_manager.cc:2925] Scheduling retry of a1c9f68a8fa441539b9c510657c3176e (table test-alter-range-partitioning-invalid-unbounded [id=8eb38e78e3cd4799995cb362386476e0]) Alter Table RPC with a delay of 15ms (attempt = 0)...
W0929 21:45:50.449482 26731 catalog_manager.cc:2946] Async tablet task a1c9f68a8fa441539b9c510657c3176e (table test-alter-range-partitioning-invalid-unbounded [id=8eb38e78e3cd4799995cb362386476e0]) Alter Table RPC failed: Not found: Failed to reset TS proxy: No leader found: Tablet a1c9f68a8fa441539b9c510657c3176e consensus state has no leader
W0929 21:45:50.449765 26731 catalog_manager.cc:3121] TS cffedd68783f4a1c8995fc18ba659b7c (127.0.0.1:60775): delete failed for tablet 2a71fee779cd4c23aaf4931a80f54d32 with error code TABLET_NOT_RUNNING: Illegal state: State transition of tablet 2a71fee779cd4c23aaf4931a80f54d32 already in progress: creating tablet
I0929 21:45:50.449959 26731 catalog_manager.cc:2925] Scheduling retry of 2a71fee779cd4c23aaf4931a80f54d32 Delete Tablet RPC for TS=cffedd68783f4a1c8995fc18ba659b7c with a delay of 74ms (attempt = 2)...
I0929 21:45:50.450408 26733 catalog_manager.cc:2925] Scheduling retry of af4a3301115649f0a464abf8dd4c9d4c (table test-alter-range-partitioning-invalid-unbounded [id=8eb38e78e3cd4799995cb362386476e0]) Alter Table RPC with a delay of 46ms (attempt = 0)...
W0929 21:45:50.450697 26733 catalog_manager.cc:2946] Async tablet task af4a3301115649f0a464abf8dd4c9d4c (table test-alter-range-partitioning-invalid-unbounded [id=8eb38e78e3cd4799995cb362386476e0]) Alter Table RPC failed: Not found: Failed to reset TS proxy: No leader found: Tablet af4a3301115649f0a464abf8dd4c9d4c consensus state has no leader
I0929 21:45:50.451716 26817 ts_tablet_manager.cc:906] T 636cc1c25cba40c7a41d94bf87024e27 P cffedd68783f4a1c8995fc18ba659b7c: Registered tablet (data state: TABLET_DATA_READY)
I0929 21:45:50.451581 26734 catalog_manager.cc:2925] Scheduling retry of 5363fdf23abd40fbb8a604963194cae9 (table test-alter-range-partitioning-invalid-unbounded [id=8eb38e78e3cd4799995cb362386476e0]) Alter Table RPC with a delay of 42ms (attempt = 0)...
I0929 21:45:50.451932 26732 catalog_manager.cc:2925] Scheduling retry of b69bed4afca84350b84ac399b43add35 (table test-alter-range-partitioning-invalid-unbounded [id=8eb38e78e3cd4799995cb362386476e0]) Alter Table RPC with a delay of 49ms (attempt = 0)...
W0929 21:45:50.452160 26734 catalog_manager.cc:2946] Async tablet task 5363fdf23abd40fbb8a604963194cae9 (table test-alter-range-partitioning-invalid-unbounded [id=8eb38e78e3cd4799995cb362386476e0]) Alter Table RPC failed: Not found: Failed to reset TS proxy: No leader found: Tablet 5363fdf23abd40fbb8a604963194cae9 consensus state has no leader
W0929 21:45:50.452280 26732 catalog_manager.cc:2946] Async tablet task b69bed4afca84350b84ac399b43add35 (table test-alter-range-partitioning-invalid-unbounded [id=8eb38e78e3cd4799995cb362386476e0]) Alter Table RPC failed: Not found: Failed to reset TS proxy: No leader found: Tablet b69bed4afca84350b84ac399b43add35 consensus state has no leader
I0929 21:45:50.452906 26747 catalog_manager.cc:3432] T 00000000000000000000000000000000 P 348076b792e349259f965829a0d76562: Sending DeleteTablet for 1 replicas of tablet 636cc1c25cba40c7a41d94bf87024e27
I0929 21:45:50.453199 26733 catalog_manager.cc:2925] Scheduling retry of f9dce52fa3f1464da743f458943e674a (table test-alter-range-partitioning-invalid-unbounded [id=8eb38e78e3cd4799995cb362386476e0]) Alter Table RPC with a delay of 21ms (attempt = 0)...
I0929 21:45:50.453315 26747 catalog_manager.cc:3154] Sending DeleteTablet(TABLET_DATA_DELETED) for tablet 636cc1c25cba40c7a41d94bf87024e27 on cffedd68783f4a1c8995fc18ba659b7c (127.0.0.1:60775) (Partition dropped at 2017-09-29 21:45:50 UTC)
W0929 21:45:50.453501 26733 catalog_manager.cc:2946] Async tablet task f9dce52fa3f1464da743f458943e674a (table test-alter-range-partitioning-invalid-unbounded [id=8eb38e78e3cd4799995cb362386476e0]) Alter Table RPC failed: Not found: Failed to reset TS proxy: No leader found: Tablet f9dce52fa3f1464da743f458943e674a consensus state has no leader
I0929 21:45:50.454089 26731 catalog_manager.cc:2925] Scheduling retry of 2a71fee779cd4c23aaf4931a80f54d32 (table test-alter-range-partitioning-invalid-unbounded [id=8eb38e78e3cd4799995cb362386476e0]) Alter Table RPC with a delay of 25ms (attempt = 0)...
W0929 21:45:50.454366 26731 catalog_manager.cc:2946] Async tablet task 2a71fee779cd4c23aaf4931a80f54d32 (table test-alter-range-partitioning-invalid-unbounded [id=8eb38e78e3cd4799995cb362386476e0]) Alter Table RPC failed: Not found: Failed to reset TS proxy: No leader found: Tablet 2a71fee779cd4c23aaf4931a80f54d32 consensus state has no leader
I0929 21:45:50.454638 26731 catalog_manager.cc:2925] Scheduling retry of c518690be9a34b71ac932e14e3eebf7e (table test-alter-range-partitioning-invalid-unbounded [id=8eb38e78e3cd4799995cb362386476e0]) Alter Table RPC with a delay of 19ms (attempt = 0)...
W0929 21:45:50.454861 26731 catalog_manager.cc:2946] Async tablet task c518690be9a34b71ac932e14e3eebf7e (table test-alter-range-partitioning-invalid-unbounded [id=8eb38e78e3cd4799995cb362386476e0]) Alter Table RPC failed: Not found: Failed to reset TS proxy: No leader found: Tablet c518690be9a34b71ac932e14e3eebf7e consensus state has no leader
I0929 21:45:50.454583 26866 raft_consensus.cc:289] T a3a64b2d0f544f60a717264bb0488d5c P cffedd68783f4a1c8995fc18ba659b7c [term 0 FOLLOWER]: Replica starting. Triggering 0 pending transactions. Active config: opid_index: -1 OBSOLETE_local: true peers { permanent_uuid: "cffedd68783f4a1c8995fc18ba659b7c" member_type: VOTER last_known_addr { host: "127.0.0.1" port: 60775 } }
I0929 21:45:50.455049 26731 catalog_manager.cc:2925] Scheduling retry of cbc32c391d304025b9f98d05f64a14cf (table test-alter-range-partitioning-invalid-unbounded [id=8eb38e78e3cd4799995cb362386476e0]) Alter Table RPC with a delay of 44ms (attempt = 0)...
W0929 21:45:50.455200 26731 catalog_manager.cc:2946] Async tablet task cbc32c391d304025b9f98d05f64a14cf (table test-alter-range-partitioning-invalid-unbounded [id=8eb38e78e3cd4799995cb362386476e0]) Alter Table RPC failed: Not found: Failed to reset TS proxy: No leader found: Tablet cbc32c391d304025b9f98d05f64a14cf consensus state has no leader
I0929 21:45:50.455247 26866 raft_consensus.cc:320] T a3a64b2d0f544f60a717264bb0488d5c P cffedd68783f4a1c8995fc18ba659b7c [term 0 FOLLOWER]: Consensus starting up: Expiring failure detector timer to make a prompt election more likely
I0929 21:45:50.455431 26731 catalog_manager.cc:2925] Scheduling retry of a3b61861fc0f49e882e86f27b30f47ad (table test-alter-range-partitioning-invalid-unbounded [id=8eb38e78e3cd4799995cb362386476e0]) Alter Table RPC with a delay of 49ms (attempt = 0)...
I0929 21:45:50.455462 26866 raft_consensus.cc:549] T a3a64b2d0f544f60a717264bb0488d5c P cffedd68783f4a1c8995fc18ba659b7c [term 0 FOLLOWER]: Becoming Follower/Learner. State: Replica: cffedd68783f4a1c8995fc18ba659b7c, State: 1, Role: FOLLOWER
W0929 21:45:50.455610 26731 catalog_manager.cc:2946] Async tablet task a3b61861fc0f49e882e86f27b30f47ad (table test-alter-range-partitioning-invalid-unbounded [id=8eb38e78e3cd4799995cb362386476e0]) Alter Table RPC failed: Not found: Failed to reset TS proxy: No leader found: Tablet a3b61861fc0f49e882e86f27b30f47ad consensus state has no leader
I0929 21:45:50.453773 26732 catalog_manager.cc:2925] Scheduling retry of 9db7d1aaf4784c4882f93c9dd573911b (table test-alter-range-partitioning-invalid-unbounded [id=8eb38e78e3cd4799995cb362386476e0]) Alter Table RPC with a delay of 12ms (attempt = 0)...
W0929 21:45:50.455849 26732 catalog_manager.cc:2946] Async tablet task 9db7d1aaf4784c4882f93c9dd573911b (table test-alter-range-partitioning-invalid-unbounded [id=8eb38e78e3cd4799995cb362386476e0]) Alter Table RPC failed: Not found: Failed to reset TS proxy: No leader found: Tablet 9db7d1aaf4784c4882f93c9dd573911b consensus state has no leader
I0929 21:45:50.455795 26866 consensus_queue.cc:184] T a3a64b2d0f544f60a717264bb0488d5c P cffedd68783f4a1c8995fc18ba659b7c [NON_LEADER]: Queue going to NON_LEADER mode. State: All replicated index: 0, Majority replicated index: 0, Committed index: 0, Last appended: 0.0, Last appended by leader: 0, Current term: 0, Majority size: -1, State: 1, Mode: NON_LEADER
I0929 21:45:50.456111 26866 raft_consensus.cc:333] T a3a64b2d0f544f60a717264bb0488d5c P cffedd68783f4a1c8995fc18ba659b7c [term 0 FOLLOWER]: Only one voter in the Raft config. Triggering election immediately
I0929 21:45:50.456280 26866 raft_consensus.cc:412] T a3a64b2d0f544f60a717264bb0488d5c P cffedd68783f4a1c8995fc18ba659b7c [term 0 FOLLOWER]: Starting leader election (initial election of a single-replica configuration)
I0929 21:45:50.456378 26817 tablet_service.cc:713] Processing DeleteTablet for tablet 636cc1c25cba40c7a41d94bf87024e27 with delete_type TABLET_DATA_DELETED (Partition dropped at 2017-09-29 21:45:50 UTC) from {username='slave'} at 127.0.0.1:33868
I0929 21:45:50.456463 26866 raft_consensus.cc:2315] T a3a64b2d0f544f60a717264bb0488d5c P cffedd68783f4a1c8995fc18ba659b7c [term 0 FOLLOWER]: Snoozing failure detection for election timeout plus an additional 1.647s
I0929 21:45:50.456723 26866 raft_consensus.cc:2359] T a3a64b2d0f544f60a717264bb0488d5c P cffedd68783f4a1c8995fc18ba659b7c [term 0 FOLLOWER]: Advancing to term 1
I0929 21:45:50.457479 26731 catalog_manager.cc:2925] Scheduling retry of 4515eb9ffec24b699bf8cd6227140627 (table test-alter-range-partitioning-invalid-unbounded [id=8eb38e78e3cd4799995cb362386476e0]) Alter Table RPC with a delay of 39ms (attempt = 0)...
W0929 21:45:50.457774 26731 catalog_manager.cc:2946] Async tablet task 4515eb9ffec24b699bf8cd6227140627 (table test-alter-range-partitioning-invalid-unbounded [id=8eb38e78e3cd4799995cb362386476e0]) Alter Table RPC failed: Not found: Failed to reset TS proxy: No leader found: Tablet 4515eb9ffec24b699bf8cd6227140627 consensus state has no leader
I0929 21:45:50.457914 26733 catalog_manager.cc:2925] Scheduling retry of 22b2b54dd77f45fb9dd22344d2b94e0b (table test-alter-range-partitioning-invalid-unbounded [id=8eb38e78e3cd4799995cb362386476e0]) Alter Table RPC with a delay of 16ms (attempt = 0)...
W0929 21:45:50.458070 26731 catalog_manager.cc:3121] TS cffedd68783f4a1c8995fc18ba659b7c (127.0.0.1:60775): delete failed for tablet 636cc1c25cba40c7a41d94bf87024e27 with error code TABLET_NOT_RUNNING: Illegal state: State transition of tablet 636cc1c25cba40c7a41d94bf87024e27 already in progress: creating tablet
W0929 21:45:50.458211 26733 catalog_manager.cc:2946] Async tablet task 22b2b54dd77f45fb9dd22344d2b94e0b (table test-alter-range-partitioning-invalid-unbounded [id=8eb38e78e3cd4799995cb362386476e0]) Alter Table RPC failed: Not found: Failed to reset TS proxy: No leader found: Tablet 22b2b54dd77f45fb9dd22344d2b94e0b consensus state has no leader
I0929 21:45:50.458313 26731 catalog_manager.cc:2925] Scheduling retry of 636cc1c25cba40c7a41d94bf87024e27 Delete Tablet RPC for TS=cffedd68783f4a1c8995fc18ba659b7c with a delay of 51ms (attempt = 1)...
I0929 21:45:50.458513 26733 catalog_manager.cc:2925] Scheduling retry of e14a330c7d414262b7e059c53354c106 (table test-alter-range-partitioning-invalid-unbounded [id=8eb38e78e3cd4799995cb362386476e0]) Alter Table RPC with a delay of 18ms (attempt = 0)...
W0929 21:45:50.458708 26733 catalog_manager.cc:2946] Async tablet task e14a330c7d414262b7e059c53354c106 (table test-alter-range-partitioning-invalid-unbounded [id=8eb38e78e3cd4799995cb362386476e0]) Alter Table RPC failed: Not found: Failed to reset TS proxy: No leader found: Tablet e14a330c7d414262b7e059c53354c106 consensus state has no leader
I0929 21:45:50.460482 26732 catalog_manager.cc:2925] Scheduling retry of 96c088b7c9fe4b7f986371b0e920a16f (table test-alter-range-partitioning-invalid-unbounded [id=8eb38e78e3cd4799995cb362386476e0]) Alter Table RPC with a delay of 13ms (attempt = 0)...
W0929 21:45:50.460790 26732 catalog_manager.cc:2946] Async tablet task 96c088b7c9fe4b7f986371b0e920a16f (table test-alter-range-partitioning-invalid-unbounded [id=8eb38e78e3cd4799995cb362386476e0]) Alter Table RPC failed: Not found: Failed to reset TS proxy: No leader found: Tablet 96c088b7c9fe4b7f986371b0e920a16f consensus state has no leader
I0929 21:45:50.460988 26733 catalog_manager.cc:2925] Scheduling retry of 782196466eaa4368bcb07c4c9e62593c (table test-alter-range-partitioning-invalid-unbounded [id=8eb38e78e3cd4799995cb362386476e0]) Alter Table RPC with a delay of 25ms (attempt = 0)...
W0929 21:45:50.461203 26733 catalog_manager.cc:2946] Async tablet task 782196466eaa4368bcb07c4c9e62593c (table test-alter-range-partitioning-invalid-unbounded [id=8eb38e78e3cd4799995cb362386476e0]) Alter Table RPC failed: Not found: Failed to reset TS proxy: No leader found: Tablet 782196466eaa4368bcb07c4c9e62593c consensus state has no leader
I0929 21:45:50.461598 26866 raft_consensus.cc:436] T a3a64b2d0f544f60a717264bb0488d5c P cffedd68783f4a1c8995fc18ba659b7c [term 1 FOLLOWER]: Starting leader election with config: opid_index: -1 OBSOLETE_local: true peers { permanent_uuid: "cffedd68783f4a1c8995fc18ba659b7c" member_type: VOTER last_known_addr { host: "127.0.0.1" port: 60775 } }
I0929 21:45:50.461975 26734 catalog_manager.cc:2925] Scheduling retry of 019d0f784e474c39b254c4f9911f094b (table test-alter-range-partitioning-invalid-unbounded [id=8eb38e78e3cd4799995cb362386476e0]) Alter Table RPC with a delay of 31ms (attempt = 0)...
I0929 21:45:50.462198 26866 leader_election.cc:243] T a3a64b2d0f544f60a717264bb0488d5c P cffedd68783f4a1c8995fc18ba659b7c [CANDIDATE]: Term 1 election: Election decided. Result: candidate won.
I0929 21:45:50.461835 26744 catalog_manager.cc:1920] Servicing AlterTable request from {username='slave'} at 127.0.0.1:59015: table { table_name: "test-alter-range-partitioning-invalid-unbounded" } alter_schema_steps { type: ADD_RANGE_PARTITION add_range_partition { range_bounds { rows: "\006\001\000\000\000\000\007\001d\000\000\000" } } } alter_schema_steps { type: ADD_RANGE_PARTITION add_range_partition { range_bounds { rows: "\006\0012\000\000\000\007\000" } } } schema { columns { name: "c0" type: INT32 is_key: true is_nullable: false encoding: AUTO_ENCODING compression: DEFAULT_COMPRESSION cfile_block_size: 0 } columns { name: "c1" type: INT32 is_key: false is_nullable: false encoding: AUTO_ENCODING compression: DEFAULT_COMPRESSION cfile_block_size: 0 } }
W0929 21:45:50.462460 26734 catalog_manager.cc:2946] Async tablet task 019d0f784e474c39b254c4f9911f094b (table test-alter-range-partitioning-invalid-unbounded [id=8eb38e78e3cd4799995cb362386476e0]) Alter Table RPC failed: Not found: Failed to reset TS proxy: No leader found: Tablet 019d0f784e474c39b254c4f9911f094b consensus state has no leader
I0929 21:45:50.462931 26734 catalog_manager.cc:2925] Scheduling retry of 28988efc3b9d4b96b591cbd45febf05b (table test-alter-range-partitioning-invalid-unbounded [id=8eb38e78e3cd4799995cb362386476e0]) Alter Table RPC with a delay of 16ms (attempt = 0)...
W0929 21:45:50.463191 26734 catalog_manager.cc:2946] Async tablet task 28988efc3b9d4b96b591cbd45febf05b (table test-alter-range-partitioning-invalid-unbounded [id=8eb38e78e3cd4799995cb362386476e0]) Alter Table RPC failed: Not found: Failed to reset TS proxy: No leader found: Tablet 28988efc3b9d4b96b591cbd45febf05b consensus state has no leader
I0929 21:45:50.463596 26734 catalog_manager.cc:2925] Scheduling retry of 636cc1c25cba40c7a41d94bf87024e27 (table test-alter-range-partitioning-invalid-unbounded [id=8eb38e78e3cd4799995cb362386476e0]) Alter Table RPC with a delay of 8ms (attempt = 0)...
W0929 21:45:50.463861 26734 catalog_manager.cc:2946] Async tablet task 636cc1c25cba40c7a41d94bf87024e27 (table test-alter-range-partitioning-invalid-unbounded [id=8eb38e78e3cd4799995cb362386476e0]) Alter Table RPC failed: Not found: Failed to reset TS proxy: No leader found: Tablet 636cc1c25cba40c7a41d94bf87024e27 consensus state has no leader
I0929 21:45:50.464184 26734 catalog_manager.cc:2925] Scheduling retry of 0567a83a31cf429980e13f4f3df80ac0 (table test-alter-range-partitioning-invalid-unbounded [id=8eb38e78e3cd4799995cb362386476e0]) Alter Table RPC with a delay of 23ms (attempt = 0)...
I0929 21:45:50.464416 26733 catalog_manager.cc:2925] Scheduling retry of a30c92b3f9854f84935d9addc142006c (table test-alter-range-partitioning-invalid-unbounded [id=8eb38e78e3cd4799995cb362386476e0]) Alter Table RPC with a delay of 32ms (attempt = 0)...
W0929 21:45:50.464689 26733 catalog_manager.cc:2946] Async tablet task a30c92b3f9854f84935d9addc142006c (table test-alter-range-partitioning-invalid-unbounded [id=8eb38e78e3cd4799995cb362386476e0]) Alter Table RPC failed: Not found: Failed to reset TS proxy: No leader found: Tablet a30c92b3f9854f84935d9addc142006c consensus state has no leader
I0929 21:45:50.464751 26731 catalog_manager.cc:2925] Scheduling retry of a4d64691a56a423ca91c0b14bd1517af (table test-alter-range-partitioning-invalid-unbounded [id=8eb38e78e3cd4799995cb362386476e0]) Alter Table RPC with a delay of 43ms (attempt = 0)...
W0929 21:45:50.465057 26731 catalog_manager.cc:2946] Async tablet task a4d64691a56a423ca91c0b14bd1517af (table test-alter-range-partitioning-invalid-unbounded [id=8eb38e78e3cd4799995cb362386476e0]) Alter Table RPC failed: Not found: Failed to reset TS proxy: No leader found: Tablet a4d64691a56a423ca91c0b14bd1517af consensus state has no leader
I0929 21:45:50.465061 26733 catalog_manager.cc:2925] Scheduling retry of a3a64b2d0f544f60a717264bb0488d5c (table test-alter-range-partitioning-invalid-unbounded [id=8eb38e78e3cd4799995cb362386476e0]) Alter Table RPC with a delay of 34ms (attempt = 0)...
W0929 21:45:50.465340 26733 catalog_manager.cc:2946] Async tablet task a3a64b2d0f544f60a717264bb0488d5c (table test-alter-range-partitioning-invalid-unbounded [id=8eb38e78e3cd4799995cb362386476e0]) Alter Table RPC failed: Not found: Failed to reset TS proxy: No leader found: Tablet a3a64b2d0f544f60a717264bb0488d5c consensus state has no leader
I0929 21:45:50.465430 26731 catalog_manager.cc:2925] Scheduling retry of a1c9f68a8fa441539b9c510657c3176e (table test-alter-range-partitioning-invalid-unbounded [id=8eb38e78e3cd4799995cb362386476e0]) Alter Table RPC with a delay of 38ms (attempt = 0)...
W0929 21:45:50.465685 26731 catalog_manager.cc:2946] Async tablet task a1c9f68a8fa441539b9c510657c3176e (table test-alter-range-partitioning-invalid-unbounded [id=8eb38e78e3cd4799995cb362386476e0]) Alter Table RPC failed: Not found: Failed to reset TS proxy: No leader found: Tablet a1c9f68a8fa441539b9c510657c3176e consensus state has no leader
W0929 21:45:50.478366 26734 catalog_manager.cc:2946] Async tablet task 0567a83a31cf429980e13f4f3df80ac0 (table test-alter-range-partitioning-invalid-unbounded [id=8eb38e78e3cd4799995cb362386476e0]) Alter Table RPC failed: Not found: Failed to reset TS proxy: No leader found: Tablet 0567a83a31cf429980e13f4f3df80ac0 consensus state has no leader
I0929 21:45:50.478502 26732 catalog_manager.cc:2925] Scheduling retry of 9db7d1aaf4784c4882f93c9dd573911b (table test-alter-range-partitioning-invalid-unbounded [id=8eb38e78e3cd4799995cb362386476e0]) Alter Table RPC with a delay of 24ms (attempt = 0)...
W0929 21:45:50.478941 26732 catalog_manager.cc:2946] Async tablet task 9db7d1aaf4784c4882f93c9dd573911b (table test-alter-range-partitioning-invalid-unbounded [id=8eb38e78e3cd4799995cb362386476e0]) Alter Table RPC failed: Not found: Failed to reset TS proxy: No leader found: Tablet 9db7d1aaf4784c4882f93c9dd573911b consensus state has no leader
I0929 21:45:50.479321 26732 catalog_manager.cc:2925] Scheduling retry of fe168d51058149818c74d74c32d7e8f1 (table test-alter-range-partitioning-invalid-unbounded [id=8eb38e78e3cd4799995cb362386476e0]) Alter Table RPC with a delay of 42ms (attempt = 0)...
I0929 21:45:50.479264 26823 tablet_service.cc:713] Processing DeleteTablet for tablet 405036c65d064351a92040e629a3cd9a with delete_type TABLET_DATA_DELETED (Partition dropped at 2017-09-29 21:45:49 UTC) from {username='slave'} at 127.0.0.1:33868
W0929 21:45:50.479569 26732 catalog_manager.cc:2946] Async tablet task fe168d51058149818c74d74c32d7e8f1 (table test-alter-range-partitioning-invalid-unbounded [id=8eb38e78e3cd4799995cb362386476e0]) Alter Table RPC failed: Not found: Failed to reset TS proxy: No leader found: Tablet fe168d51058149818c74d74c32d7e8f1 consensus state has no leader
I0929 21:45:50.479758 26823 tablet_replica.cc:218] Initiating TabletReplica shutdown for tablet: 405036c65d064351a92040e629a3cd9a
I0929 21:45:50.479790 26732 catalog_manager.cc:2925] Scheduling retry of 96c088b7c9fe4b7f986371b0e920a16f (table test-alter-range-partitioning-invalid-unbounded [id=8eb38e78e3cd4799995cb362386476e0]) Alter Table RPC with a delay of 10ms (attempt = 0)...
I0929 21:45:50.479997 26823 maintenance_manager.cc:206] P cffedd68783f4a1c8995fc18ba659b7c: Unregistered op CompactRowSetsOp(405036c65d064351a92040e629a3cd9a)
W0929 21:45:50.480021 26732 catalog_manager.cc:2946] Async tablet task 96c088b7c9fe4b7f986371b0e920a16f (table test-alter-range-partitioning-invalid-unbounded [id=8eb38e78e3cd4799995cb362386476e0]) Alter Table RPC failed: Not found: Failed to reset TS proxy: No leader found: Tablet 96c088b7c9fe4b7f986371b0e920a16f consensus state has no leader
I0929 21:45:50.480376 26731 catalog_manager.cc:2925] Scheduling retry of c518690be9a34b71ac932e14e3eebf7e (table test-alter-range-partitioning-invalid-unbounded [id=8eb38e78e3cd4799995cb362386476e0]) Alter Table RPC with a delay of 47ms (attempt = 0)...
I0929 21:45:50.480414 26732 catalog_manager.cc:2925] Scheduling retry of 9276dda82bfc439ba5438aa02c2882d2 (table test-alter-range-partitioning-invalid-unbounded [id=8eb38e78e3cd4799995cb362386476e0]) Alter Table RPC with a delay of 42ms (attempt = 0)...
W0929 21:45:50.480667 26731 catalog_manager.cc:2946] Async tablet task c518690be9a34b71ac932e14e3eebf7e (table test-alter-range-partitioning-invalid-unbounded [id=8eb38e78e3cd4799995cb362386476e0]) Alter Table RPC failed: Not found: Failed to reset TS proxy: No leader found: Tablet c518690be9a34b71ac932e14e3eebf7e consensus state has no leader
W0929 21:45:50.480754 26732 catalog_manager.cc:2946] Async tablet task 9276dda82bfc439ba5438aa02c2882d2 (table test-alter-range-partitioning-invalid-unbounded [id=8eb38e78e3cd4799995cb362386476e0]) Alter Table RPC failed: Not found: Failed to reset TS proxy: No leader found: Tablet 9276dda82bfc439ba5438aa02c2882d2 consensus state has no leader
I0929 21:45:50.479928 26734 catalog_manager.cc:2925] Scheduling retry of 28988efc3b9d4b96b591cbd45febf05b (table test-alter-range-partitioning-invalid-unbounded [id=8eb38e78e3cd4799995cb362386476e0]) Alter Table RPC with a delay of 24ms (attempt = 0)...
I0929 21:45:50.481138 26733 catalog_manager.cc:2925] Scheduling retry of c61c92254a2340e9a5624853175e6ebf (table test-alter-range-partitioning-invalid-unbounded [id=8eb38e78e3cd4799995cb362386476e0]) Alter Table RPC with a delay of 33ms (attempt = 0)...
I0929 21:45:50.481148 26732 catalog_manager.cc:2925] Scheduling retry of e5bf2cd0864046888890e398f9b75ffd (table test-alter-range-partitioning-invalid-unbounded [id=8eb38e78e3cd4799995cb362386476e0]) Alter Table RPC with a delay of 30ms (attempt = 0)...
W0929 21:45:50.481395 26733 catalog_manager.cc:2946] Async tablet task c61c92254a2340e9a5624853175e6ebf (table test-alter-range-partitioning-invalid-unbounded [id=8eb38e78e3cd4799995cb362386476e0]) Alter Table RPC failed: Not found: Failed to reset TS proxy: No leader found: Tablet c61c92254a2340e9a5624853175e6ebf consensus state has no leader
W0929 21:45:50.481550 26732 catalog_manager.cc:2946] Async tablet task e5bf2cd0864046888890e398f9b75ffd (table test-alter-range-partitioning-invalid-unbounded [id=8eb38e78e3cd4799995cb362386476e0]) Alter Table RPC failed: Not found: Failed to reset TS proxy: No leader found: Tablet e5bf2cd0864046888890e398f9b75ffd consensus state has no leader
I0929 21:45:50.481796 26733 catalog_manager.cc:2925] Scheduling retry of 5a3b867613954ef9a6560f5c780cffc5 (table test-alter-range-partitioning-invalid-unbounded [id=8eb38e78e3cd4799995cb362386476e0]) Alter Table RPC with a delay of 20ms (attempt = 0)...
I0929 21:45:50.481954 26732 catalog_manager.cc:2925] Scheduling retry of 405036c65d064351a92040e629a3cd9a (table test-alter-range-partitioning-invalid-unbounded [id=8eb38e78e3cd4799995cb362386476e0]) Alter Table RPC with a delay of 33ms (attempt = 0)...
W0929 21:45:50.482069 26733 catalog_manager.cc:2946] Async tablet task 5a3b867613954ef9a6560f5c780cffc5 (table test-alter-range-partitioning-invalid-unbounded [id=8eb38e78e3cd4799995cb362386476e0]) Alter Table RPC failed: Not found: Failed to reset TS proxy: No leader found: Tablet 5a3b867613954ef9a6560f5c780cffc5 consensus state has no leader
W0929 21:45:50.482251 26732 catalog_manager.cc:2946] Async tablet task 405036c65d064351a92040e629a3cd9a (table test-alter-range-partitioning-invalid-unbounded [id=8eb38e78e3cd4799995cb362386476e0]) Alter Table RPC failed: Not found: Failed to reset TS proxy: No leader found: Tablet 405036c65d064351a92040e629a3cd9a consensus state has no leader
I0929 21:45:50.482393 26733 catalog_manager.cc:2925] Scheduling retry of f9dce52fa3f1464da743f458943e674a (table test-alter-range-partitioning-invalid-unbounded [id=8eb38e78e3cd4799995cb362386476e0]) Alter Table RPC with a delay of 45ms (attempt = 0)...
I0929 21:45:50.481148 26731 catalog_manager.cc:2925] Scheduling retry of 2a71fee779cd4c23aaf4931a80f54d32 (table test-alter-range-partitioning-invalid-unbounded [id=8eb38e78e3cd4799995cb362386476e0]) Alter Table RPC with a delay of 42ms (attempt = 0)...
W0929 21:45:50.482697 26731 catalog_manager.cc:2946] Async tablet task 2a71fee779cd4c23aaf4931a80f54d32 (table test-alter-range-partitioning-invalid-unbounded [id=8eb38e78e3cd4799995cb362386476e0]) Alter Table RPC failed: Not found: Failed to reset TS proxy: No leader found: Tablet 2a71fee779cd4c23aaf4931a80f54d32 consensus state has no leader
W0929 21:45:50.482661 26734 catalog_manager.cc:2946] Async tablet task 28988efc3b9d4b96b591cbd45febf05b (table test-alter-range-partitioning-invalid-unbounded [id=8eb38e78e3cd4799995cb362386476e0]) Alter Table RPC failed: Not found: Failed to reset TS proxy: No leader found: Tablet 28988efc3b9d4b96b591cbd45febf05b consensus state has no leader
W0929 21:45:50.483014 26733 catalog_manager.cc:2946] Async tablet task f9dce52fa3f1464da743f458943e674a (table test-alter-range-partitioning-invalid-unbounded [id=8eb38e78e3cd4799995cb362386476e0]) Alter Table RPC failed: Not found: Failed to reset TS proxy: No leader found: Tablet f9dce52fa3f1464da743f458943e674a consensus state has no leader
I0929 21:45:50.483261 26823 maintenance_manager.cc:206] P cffedd68783f4a1c8995fc18ba659b7c: Unregistered op MinorDeltaCompactionOp(405036c65d064351a92040e629a3cd9a)
I0929 21:45:50.483289 26733 catalog_manager.cc:2925] Scheduling retry of 5863b148d82f4bc183d8e0c203dbcdeb (table test-alter-range-partitioning-invalid-unbounded [id=8eb38e78e3cd4799995cb362386476e0]) Alter Table RPC with a delay of 24ms (attempt = 0)...
I0929 21:45:50.483500 26823 maintenance_manager.cc:206] P cffedd68783f4a1c8995fc18ba659b7c: Unregistered op MajorDeltaCompactionOp(405036c65d064351a92040e629a3cd9a)
W0929 21:45:50.483543 26733 catalog_manager.cc:2946] Async tablet task 5863b148d82f4bc183d8e0c203dbcdeb (table test-alter-range-partitioning-invalid-unbounded [id=8eb38e78e3cd4799995cb362386476e0]) Alter Table RPC failed: Not found: Failed to reset TS proxy: No leader found: Tablet 5863b148d82f4bc183d8e0c203dbcdeb consensus state has no leader
I0929 21:45:50.483757 26823 maintenance_manager.cc:206] P cffedd68783f4a1c8995fc18ba659b7c: Unregistered op UndoDeltaBlockGCOp(405036c65d064351a92040e629a3cd9a)
I0929 21:45:50.483873 26733 catalog_manager.cc:2925] Scheduling retry of 22b2b54dd77f45fb9dd22344d2b94e0b (table test-alter-range-partitioning-invalid-unbounded [id=8eb38e78e3cd4799995cb362386476e0]) Alter Table RPC with a delay of 52ms (attempt = 0)...
I0929 21:45:50.483983 26823 maintenance_manager.cc:206] P cffedd68783f4a1c8995fc18ba659b7c: Unregistered op FlushMRSOp(405036c65d064351a92040e629a3cd9a)
W0929 21:45:50.484140 26733 catalog_manager.cc:2946] Async tablet task 22b2b54dd77f45fb9dd22344d2b94e0b (table test-alter-range-partitioning-invalid-unbounded [id=8eb38e78e3cd4799995cb362386476e0]) Alter Table RPC failed: Not found: Failed to reset TS proxy: No leader found: Tablet 22b2b54dd77f45fb9dd22344d2b94e0b consensus state has no leader
I0929 21:45:50.484225 26823 maintenance_manager.cc:206] P cffedd68783f4a1c8995fc18ba659b7c: Unregistered op FlushDeltaMemStoresOp(405036c65d064351a92040e629a3cd9a)
I0929 21:45:50.484418 26823 maintenance_manager.cc:206] P cffedd68783f4a1c8995fc18ba659b7c: Unregistered op LogGCOp(405036c65d064351a92040e629a3cd9a)
I0929 21:45:50.484442 26733 catalog_manager.cc:2925] Scheduling retry of e14a330c7d414262b7e059c53354c106 (table test-alter-range-partitioning-invalid-unbounded [id=8eb38e78e3cd4799995cb362386476e0]) Alter Table RPC with a delay of 56ms (attempt = 0)...
I0929 21:45:50.484625 26823 raft_consensus.cc:1722] T 405036c65d064351a92040e629a3cd9a P cffedd68783f4a1c8995fc18ba659b7c [term 1 LEADER]: Raft consensus shutting down.
W0929 21:45:50.484740 26733 catalog_manager.cc:2946] Async tablet task e14a330c7d414262b7e059c53354c106 (table test-alter-range-partitioning-invalid-unbounded [id=8eb38e78e3cd4799995cb362386476e0]) Alter Table RPC failed: Not found: Failed to reset TS proxy: No leader found: Tablet e14a330c7d414262b7e059c53354c106 consensus state has no leader
I0929 21:45:50.485044 26733 catalog_manager.cc:2925] Scheduling retry of bdfcf05ade7d41c48e3bdc44f1839279 (table test-alter-range-partitioning-invalid-unbounded [id=8eb38e78e3cd4799995cb362386476e0]) Alter Table RPC with a delay of 10ms (attempt = 0)...
W0929 21:45:50.485232 26733 catalog_manager.cc:2946] Async tablet task bdfcf05ade7d41c48e3bdc44f1839279 (table test-alter-range-partitioning-invalid-unbounded [id=8eb38e78e3cd4799995cb362386476e0]) Alter Table RPC failed: Not found: Failed to reset TS proxy: No leader found: Tablet bdfcf05ade7d41c48e3bdc44f1839279 consensus state has no leader
I0929 21:45:50.485208 26823 raft_consensus.cc:1738] T 405036c65d064351a92040e629a3cd9a P cffedd68783f4a1c8995fc18ba659b7c [term 1 LEADER]: Raft consensus is shut down!
I0929 21:45:50.486083 26747 catalog_manager.cc:1920] Servicing AlterTable request from {username='slave'} at 127.0.0.1:59015: table { table_name: "test-alter-range-partitioning-invalid-unbounded" } alter_schema_steps { type: ADD_RANGE_PARTITION add_range_partition { range_bounds { rows: "\006\001\000\000\000\000\007\001d\000\000\000" } } } schema { columns { name: "c0" type: INT32 is_key: true is_nullable: false encoding: AUTO_ENCODING compression: DEFAULT_COMPRESSION cfile_block_size: 0 } columns { name: "c1" type: INT32 is_key: false is_nullable: false encoding: AUTO_ENCODING compression: DEFAULT_COMPRESSION cfile_block_size: 0 } }
I0929 21:45:50.487402 26733 catalog_manager.cc:2925] Scheduling retry of 782196466eaa4368bcb07c4c9e62593c (table test-alter-range-partitioning-invalid-unbounded [id=8eb38e78e3cd4799995cb362386476e0]) Alter Table RPC with a delay of 44ms (attempt = 0)...
W0929 21:45:50.487650 26733 catalog_manager.cc:2946] Async tablet task 782196466eaa4368bcb07c4c9e62593c (table test-alter-range-partitioning-invalid-unbounded [id=8eb38e78e3cd4799995cb362386476e0]) Alter Table RPC failed: Not found: Failed to reset TS proxy: No leader found: Tablet 782196466eaa4368bcb07c4c9e62593c consensus state has no leader
I0929 21:45:50.492440 26734 catalog_manager.cc:2925] Scheduling retry of f92b78a409fb4b6db8ab56c535e2bfea (table test-alter-range-partitioning-invalid-unbounded [id=8eb38e78e3cd4799995cb362386476e0]) Alter Table RPC with a delay of 40ms (attempt = 0)...
W0929 21:45:50.493366 26734 catalog_manager.cc:2946] Async tablet task f92b78a409fb4b6db8ab56c535e2bfea (table test-alter-range-partitioning-invalid-unbounded [id=8eb38e78e3cd4799995cb362386476e0]) Alter Table RPC failed: Not found: Failed to reset TS proxy: No leader found: Tablet f92b78a409fb4b6db8ab56c535e2bfea consensus state has no leader
I0929 21:45:50.493427 26732 catalog_manager.cc:2925] Scheduling retry of 96c088b7c9fe4b7f986371b0e920a16f (table test-alter-range-partitioning-invalid-unbounded [id=8eb38e78e3cd4799995cb362386476e0]) Alter Table RPC with a delay of 20ms (attempt = 0)...
I0929 21:45:50.493710 26734 catalog_manager.cc:2925] Scheduling retry of 636cc1c25cba40c7a41d94bf87024e27 (table test-alter-range-partitioning-invalid-unbounded [id=8eb38e78e3cd4799995cb362386476e0]) Alter Table RPC with a delay of 31ms (attempt = 0)...
W0929 21:45:50.493829 26732 catalog_manager.cc:2946] Async tablet task 96c088b7c9fe4b7f986371b0e920a16f (table test-alter-range-partitioning-invalid-unbounded [id=8eb38e78e3cd4799995cb362386476e0]) Alter Table RPC failed: Not found: Failed to reset TS proxy: No leader found: Tablet 96c088b7c9fe4b7f986371b0e920a16f consensus state has no leader
W0929 21:45:50.493993 26734 catalog_manager.cc:2946] Async tablet task 636cc1c25cba40c7a41d94bf87024e27 (table test-alter-range-partitioning-invalid-unbounded [id=8eb38e78e3cd4799995cb362386476e0]) Alter Table RPC failed: Not found: Failed to reset TS proxy: No leader found: Tablet 636cc1c25cba40c7a41d94bf87024e27 consensus state has no leader
I0929 21:45:50.495515 26734 catalog_manager.cc:2925] Scheduling retry of 019d0f784e474c39b254c4f9911f094b (table test-alter-range-partitioning-invalid-unbounded [id=8eb38e78e3cd4799995cb362386476e0]) Alter Table RPC with a delay of 52ms (attempt = 0)...
W0929 21:45:50.495759 26734 catalog_manager.cc:2946] Async tablet task 019d0f784e474c39b254c4f9911f094b (table test-alter-range-partitioning-invalid-unbounded [id=8eb38e78e3cd4799995cb362386476e0]) Alter Table RPC failed: Not found: Failed to reset TS proxy: No leader found: Tablet 019d0f784e474c39b254c4f9911f094b consensus state has no leader
I0929 21:45:50.496037 26734 catalog_manager.cc:2925] Scheduling retry of 5363fdf23abd40fbb8a604963194cae9 (table test-alter-range-partitioning-invalid-unbounded [id=8eb38e78e3cd4799995cb362386476e0]) Alter Table RPC with a delay of 28ms (attempt = 0)...
W0929 21:45:50.496246 26734 catalog_manager.cc:2946] Async tablet task 5363fdf23abd40fbb8a604963194cae9 (table test-alter-range-partitioning-invalid-unbounded [id=8eb38e78e3cd4799995cb362386476e0]) Alter Table RPC failed: Not found: Failed to reset TS proxy: No leader found: Tablet 5363fdf23abd40fbb8a604963194cae9 consensus state has no leader
I0929 21:45:50.496387 26733 catalog_manager.cc:2925] Scheduling retry of bdfcf05ade7d41c48e3bdc44f1839279 (table test-alter-range-partitioning-invalid-unbounded [id=8eb38e78e3cd4799995cb362386476e0]) Alter Table RPC with a delay of 48ms (attempt = 0)...
W0929 21:45:50.496745 26733 catalog_manager.cc:2946] Async tablet task bdfcf05ade7d41c48e3bdc44f1839279 (table test-alter-range-partitioning-invalid-unbounded [id=8eb38e78e3cd4799995cb362386476e0]) Alter Table RPC failed: Not found: Failed to reset TS proxy: No leader found: Tablet bdfcf05ade7d41c48e3bdc44f1839279 consensus state has no leader
I0929 21:45:50.497145 26733 catalog_manager.cc:2925] Scheduling retry of af4a3301115649f0a464abf8dd4c9d4c (table test-alter-range-partitioning-invalid-unbounded [id=8eb38e78e3cd4799995cb362386476e0]) Alter Table RPC with a delay of 25ms (attempt = 0)...
W0929 21:45:50.497380 26733 catalog_manager.cc:2946] Async tablet task af4a3301115649f0a464abf8dd4c9d4c (table test-alter-range-partitioning-invalid-unbounded [id=8eb38e78e3cd4799995cb362386476e0]) Alter Table RPC failed: Not found: Failed to reset TS proxy: No leader found: Tablet af4a3301115649f0a464abf8dd4c9d4c consensus state has no leader
I0929 21:45:50.497658 26733 catalog_manager.cc:2925] Scheduling retry of a30c92b3f9854f84935d9addc142006c (table test-alter-range-partitioning-invalid-unbounded [id=8eb38e78e3cd4799995cb362386476e0]) Alter Table RPC with a delay of 36ms (attempt = 0)...
W0929 21:45:50.497885 26733 catalog_manager.cc:2946] Async tablet task a30c92b3f9854f84935d9addc142006c (table test-alter-range-partitioning-invalid-unbounded [id=8eb38e78e3cd4799995cb362386476e0]) Alter Table RPC failed: Not found: Failed to reset TS proxy: No leader found: Tablet a30c92b3f9854f84935d9addc142006c consensus state has no leader
I0929 21:45:50.498299 26731 catalog_manager.cc:2925] Scheduling retry of 4515eb9ffec24b699bf8cd6227140627 (table test-alter-range-partitioning-invalid-unbounded [id=8eb38e78e3cd4799995cb362386476e0]) Alter Table RPC with a delay of 50ms (attempt = 0)...
W0929 21:45:50.498603 26731 catalog_manager.cc:2946] Async tablet task 4515eb9ffec24b699bf8cd6227140627 (table test-alter-range-partitioning-invalid-unbounded [id=8eb38e78e3cd4799995cb362386476e0]) Alter Table RPC failed: Not found: Failed to reset TS proxy: No leader found: Tablet 4515eb9ffec24b699bf8cd6227140627 consensus state has no leader
I0929 21:45:50.500057 26731 catalog_manager.cc:2925] Scheduling retry of cbc32c391d304025b9f98d05f64a14cf (table test-alter-range-partitioning-invalid-unbounded [id=8eb38e78e3cd4799995cb362386476e0]) Alter Table RPC with a delay of 40ms (attempt = 0)...
W0929 21:45:50.500313 26731 catalog_manager.cc:2946] Async tablet task cbc32c391d304025b9f98d05f64a14cf (table test-alter-range-partitioning-invalid-unbounded [id=8eb38e78e3cd4799995cb362386476e0]) Alter Table RPC failed: Not found: Failed to reset TS proxy: No leader found: Tablet cbc32c391d304025b9f98d05f64a14cf consensus state has no leader
I0929 21:45:50.500674 26733 catalog_manager.cc:2925] Scheduling retry of a3a64b2d0f544f60a717264bb0488d5c (table test-alter-range-partitioning-invalid-unbounded [id=8eb38e78e3cd4799995cb362386476e0]) Alter Table RPC with a delay of 13ms (attempt = 0)...
W0929 21:45:50.500970 26733 catalog_manager.cc:2946] Async tablet task a3a64b2d0f544f60a717264bb0488d5c (table test-alter-range-partitioning-invalid-unbounded [id=8eb38e78e3cd4799995cb362386476e0]) Alter Table RPC failed: Not found: Failed to reset TS proxy: No leader found: Tablet a3a64b2d0f544f60a717264bb0488d5c consensus state has no leader
I0929 21:45:50.501404 26823 ts_tablet_manager.cc:1063] T 405036c65d064351a92040e629a3cd9a P cffedd68783f4a1c8995fc18ba659b7c: Deleting tablet data with delete state TABLET_DATA_DELETED
I0929 21:45:50.502425 26732 catalog_manager.cc:2925] Scheduling retry of b69bed4afca84350b84ac399b43add35 (table test-alter-range-partitioning-invalid-unbounded [id=8eb38e78e3cd4799995cb362386476e0]) Alter Table RPC with a delay of 38ms (attempt = 0)...
W0929 21:45:50.502755 26732 catalog_manager.cc:2946] Async tablet task b69bed4afca84350b84ac399b43add35 (table test-alter-range-partitioning-invalid-unbounded [id=8eb38e78e3cd4799995cb362386476e0]) Alter Table RPC failed: Not found: Failed to reset TS proxy: No leader found: Tablet b69bed4afca84350b84ac399b43add35 consensus state has no leader
I0929 21:45:50.502816 26734 catalog_manager.cc:2925] Scheduling retry of 0567a83a31cf429980e13f4f3df80ac0 (table test-alter-range-partitioning-invalid-unbounded [id=8eb38e78e3cd4799995cb362386476e0]) Alter Table RPC with a delay of 19ms (attempt = 0)...
W0929 21:45:50.503126 26734 catalog_manager.cc:2946] Async tablet task 0567a83a31cf429980e13f4f3df80ac0 (table test-alter-range-partitioning-invalid-unbounded [id=8eb38e78e3cd4799995cb362386476e0]) Alter Table RPC failed: Not found: Failed to reset TS proxy: No leader found: Tablet 0567a83a31cf429980e13f4f3df80ac0 consensus state has no leader
I0929 21:45:50.504840 26732 catalog_manager.cc:2925] Scheduling retry of 9db7d1aaf4784c4882f93c9dd573911b (table test-alter-range-partitioning-invalid-unbounded [id=8eb38e78e3cd4799995cb362386476e0]) Alter Table RPC with a delay of 43ms (attempt = 0)...
W0929 21:45:50.505167 26732 catalog_manager.cc:2946] Async tablet task 9db7d1aaf4784c4882f93c9dd573911b (table test-alter-range-partitioning-invalid-unbounded [id=8eb38e78e3cd4799995cb362386476e0]) Alter Table RPC failed: Not found: Failed to reset TS proxy: No leader found: Tablet 9db7d1aaf4784c4882f93c9dd573911b consensus state has no leader
I0929 21:45:50.505266 26957 raft_consensus.cc:2315] T a3a64b2d0f544f60a717264bb0488d5c P cffedd68783f4a1c8995fc18ba659b7c [term 1 FOLLOWER]: Snoozing failure detection for election timeout plus an additional 1.529s
I0929 21:45:50.504840 26731 catalog_manager.cc:2925] Scheduling retry of a1c9f68a8fa441539b9c510657c3176e (table test-alter-range-partitioning-invalid-unbounded [id=8eb38e78e3cd4799995cb362386476e0]) Alter Table RPC with a delay of 54ms (attempt = 0)...
I0929 21:45:50.505583 26957 raft_consensus.cc:2124] T a3a64b2d0f544f60a717264bb0488d5c P cffedd68783f4a1c8995fc18ba659b7c [term 1 FOLLOWER]: Leader election won for term 1
W0929 21:45:50.505709 26731 catalog_manager.cc:2946] Async tablet task a1c9f68a8fa441539b9c510657c3176e (table test-alter-range-partitioning-invalid-unbounded [id=8eb38e78e3cd4799995cb362386476e0]) Alter Table RPC failed: Not found: Failed to reset TS proxy: No leader found: Tablet a1c9f68a8fa441539b9c510657c3176e consensus state has no leader
I0929 21:45:50.506091 26731 catalog_manager.cc:2925] Scheduling retry of a3b61861fc0f49e882e86f27b30f47ad (table test-alter-range-partitioning-invalid-unbounded [id=8eb38e78e3cd4799995cb362386476e0]) Alter Table RPC with a delay of 55ms (attempt = 0)...
I0929 21:45:50.506311 26733 catalog_manager.cc:2925] Scheduling retry of 5a3b867613954ef9a6560f5c780cffc5 (table test-alter-range-partitioning-invalid-unbounded [id=8eb38e78e3cd4799995cb362386476e0]) Alter Table RPC with a delay of 47ms (attempt = 0)...
W0929 21:45:50.506548 26731 catalog_manager.cc:2946] Async tablet task a3b61861fc0f49e882e86f27b30f47ad (table test-alter-range-partitioning-invalid-unbounded [id=8eb38e78e3cd4799995cb362386476e0]) Alter Table RPC failed: Not found: Failed to reset TS proxy: No leader found: Tablet a3b61861fc0f49e882e86f27b30f47ad consensus state has no leader
W0929 21:45:50.506698 26733 catalog_manager.cc:2946] Async tablet task 5a3b867613954ef9a6560f5c780cffc5 (table test-alter-range-partitioning-invalid-unbounded [id=8eb38e78e3cd4799995cb362386476e0]) Alter Table RPC failed: Not found: Failed to reset TS proxy: No leader found: Tablet 5a3b867613954ef9a6560f5c780cffc5 consensus state has no leader
I0929 21:45:50.507063 26747 catalog_manager.cc:2925] Scheduling retry of 96e28678cfe2428980584aa229f36cfb (table test-alter-range-partitioning-invalid-unbounded [id=8eb38e78e3cd4799995cb362386476e0]) Alter Table RPC with a delay of 23ms (attempt = 0)...
W0929 21:45:50.507992 26747 catalog_manager.cc:3406] Failed to send alter table request: Not found: Failed to reset TS proxy: No leader found: Tablet 96e28678cfe2428980584aa229f36cfb has no consensus state
I0929 21:45:50.508270 26734 catalog_manager.cc:2925] Scheduling retry of 28988efc3b9d4b96b591cbd45febf05b (table test-alter-range-partitioning-invalid-unbounded [id=8eb38e78e3cd4799995cb362386476e0]) Alter Table RPC with a delay of 31ms (attempt = 0)...
