I0929 21:45:49.739121 26734 catalog_manager.cc:2925] Scheduling retry of 28988efc3b9d4b96b591cbd45febf05b (table test-alter-range-partitioning-invalid-unbounded [id=8eb38e78e3cd4799995cb362386476e0]) Alter Table RPC with a delay of 18ms (attempt = 0)...
W0929 21:45:49.739471 26734 catalog_manager.cc:2946] Async tablet task 28988efc3b9d4b96b591cbd45febf05b (table test-alter-range-partitioning-invalid-unbounded [id=8eb38e78e3cd4799995cb362386476e0]) Alter Table RPC failed: Not found: Failed to reset TS proxy: No leader found: Tablet 28988efc3b9d4b96b591cbd45febf05b consensus state has no leader
I0929 21:45:49.740133 26866 tablet_bootstrap.cc:543] T bdfcf05ade7d41c48e3bdc44f1839279 P cffedd68783f4a1c8995fc18ba659b7c: No blocks or log segments found. Creating new log.
I0929 21:45:49.741731 26733 catalog_manager.cc:2925] Scheduling retry of a3a64b2d0f544f60a717264bb0488d5c (table test-alter-range-partitioning-invalid-unbounded [id=8eb38e78e3cd4799995cb362386476e0]) Alter Table RPC with a delay of 17ms (attempt = 0)...
I0929 21:45:49.741864 26731 catalog_manager.cc:2925] Scheduling retry of a3b61861fc0f49e882e86f27b30f47ad (table test-alter-range-partitioning-invalid-unbounded [id=8eb38e78e3cd4799995cb362386476e0]) Alter Table RPC with a delay of 47ms (attempt = 0)...
W0929 21:45:49.742146 26733 catalog_manager.cc:2946] Async tablet task a3a64b2d0f544f60a717264bb0488d5c (table test-alter-range-partitioning-invalid-unbounded [id=8eb38e78e3cd4799995cb362386476e0]) Alter Table RPC failed: Not found: Failed to reset TS proxy: No leader found: Tablet a3a64b2d0f544f60a717264bb0488d5c consensus state has no leader
I0929 21:45:49.742079 26732 catalog_manager.cc:2925] Scheduling retry of fe168d51058149818c74d74c32d7e8f1 (table test-alter-range-partitioning-invalid-unbounded [id=8eb38e78e3cd4799995cb362386476e0]) Alter Table RPC with a delay of 48ms (attempt = 0)...
W0929 21:45:49.742558 26732 catalog_manager.cc:2946] Async tablet task fe168d51058149818c74d74c32d7e8f1 (table test-alter-range-partitioning-invalid-unbounded [id=8eb38e78e3cd4799995cb362386476e0]) Alter Table RPC failed: Not found: Failed to reset TS proxy: No leader found: Tablet fe168d51058149818c74d74c32d7e8f1 consensus state has no leader
I0929 21:45:49.742662 26733 catalog_manager.cc:2925] Scheduling retry of bdfcf05ade7d41c48e3bdc44f1839279 (table test-alter-range-partitioning-invalid-unbounded [id=8eb38e78e3cd4799995cb362386476e0]) Alter Table RPC with a delay of 47ms (attempt = 0)...
W0929 21:45:49.743011 26733 catalog_manager.cc:2946] Async tablet task bdfcf05ade7d41c48e3bdc44f1839279 (table test-alter-range-partitioning-invalid-unbounded [id=8eb38e78e3cd4799995cb362386476e0]) Alter Table RPC failed: Not found: Failed to reset TS proxy: No leader found: Tablet bdfcf05ade7d41c48e3bdc44f1839279 consensus state has no leader
I0929 21:45:49.743029 26732 catalog_manager.cc:2925] Scheduling retry of 9db7d1aaf4784c4882f93c9dd573911b (table test-alter-range-partitioning-invalid-unbounded [id=8eb38e78e3cd4799995cb362386476e0]) Alter Table RPC with a delay of 56ms (attempt = 0)...
W0929 21:45:49.743394 26732 catalog_manager.cc:2946] Async tablet task 9db7d1aaf4784c4882f93c9dd573911b (table test-alter-range-partitioning-invalid-unbounded [id=8eb38e78e3cd4799995cb362386476e0]) Alter Table RPC failed: Not found: Failed to reset TS proxy: No leader found: Tablet 9db7d1aaf4784c4882f93c9dd573911b consensus state has no leader
W0929 21:45:49.742171 26731 catalog_manager.cc:2946] Async tablet task a3b61861fc0f49e882e86f27b30f47ad (table test-alter-range-partitioning-invalid-unbounded [id=8eb38e78e3cd4799995cb362386476e0]) Alter Table RPC failed: Not found: Failed to reset TS proxy: No leader found: Tablet a3b61861fc0f49e882e86f27b30f47ad consensus state has no leader
I0929 21:45:49.746022 26732 catalog_manager.cc:2925] Scheduling retry of 96c088b7c9fe4b7f986371b0e920a16f (table test-alter-range-partitioning-invalid-unbounded [id=8eb38e78e3cd4799995cb362386476e0]) Alter Table RPC with a delay of 45ms (attempt = 0)...
W0929 21:45:49.746423 26732 catalog_manager.cc:2946] Async tablet task 96c088b7c9fe4b7f986371b0e920a16f (table test-alter-range-partitioning-invalid-unbounded [id=8eb38e78e3cd4799995cb362386476e0]) Alter Table RPC failed: Not found: Failed to reset TS proxy: No leader found: Tablet 96c088b7c9fe4b7f986371b0e920a16f consensus state has no leader
I0929 21:45:49.746740 26733 catalog_manager.cc:2925] Scheduling retry of af4a3301115649f0a464abf8dd4c9d4c (table test-alter-range-partitioning-invalid-unbounded [id=8eb38e78e3cd4799995cb362386476e0]) Alter Table RPC with a delay of 52ms (attempt = 0)...
W0929 21:45:49.747125 26733 catalog_manager.cc:2946] Async tablet task af4a3301115649f0a464abf8dd4c9d4c (table test-alter-range-partitioning-invalid-unbounded [id=8eb38e78e3cd4799995cb362386476e0]) Alter Table RPC failed: Not found: Failed to reset TS proxy: No leader found: Tablet af4a3301115649f0a464abf8dd4c9d4c consensus state has no leader
I0929 21:45:49.748106 26732 catalog_manager.cc:2925] Scheduling retry of 9276dda82bfc439ba5438aa02c2882d2 (table test-alter-range-partitioning-invalid-unbounded [id=8eb38e78e3cd4799995cb362386476e0]) Alter Table RPC with a delay of 40ms (attempt = 0)...
W0929 21:45:49.748433 26732 catalog_manager.cc:2946] Async tablet task 9276dda82bfc439ba5438aa02c2882d2 (table test-alter-range-partitioning-invalid-unbounded [id=8eb38e78e3cd4799995cb362386476e0]) Alter Table RPC failed: Not found: Failed to reset TS proxy: No leader found: Tablet 9276dda82bfc439ba5438aa02c2882d2 consensus state has no leader
I0929 21:45:49.748864 26747 catalog_manager.cc:2416] Got report from deleted tablet f92b78a409fb4b6db8ab56c535e2bfea (table test-alter-range-partitioning-invalid-unbounded [id=8eb38e78e3cd4799995cb362386476e0]) (Partition dropped at 2017-09-29 21:45:48 UTC): Sending delete request for this tablet
I0929 21:45:49.749364 26747 catalog_manager.cc:3154] Sending DeleteTablet(TABLET_DATA_DELETED) for tablet f92b78a409fb4b6db8ab56c535e2bfea on cffedd68783f4a1c8995fc18ba659b7c (127.0.0.1:60775) (Partition dropped at 2017-09-29 21:45:48 UTC)
I0929 21:45:49.746031 26744 catalog_manager.cc:2925] Scheduling retry of 22b2b54dd77f45fb9dd22344d2b94e0b (table test-alter-range-partitioning-invalid-unbounded [id=8eb38e78e3cd4799995cb362386476e0]) Alter Table RPC with a delay of 13ms (attempt = 0)...
W0929 21:45:49.749845 26744 catalog_manager.cc:3406] Failed to send alter table request: Not found: Failed to reset TS proxy: No leader found: Tablet 22b2b54dd77f45fb9dd22344d2b94e0b has no consensus state
I0929 21:45:49.751399 26819 tablet_service.cc:713] Processing DeleteTablet for tablet f92b78a409fb4b6db8ab56c535e2bfea with delete_type TABLET_DATA_DELETED (Partition dropped at 2017-09-29 21:45:48 UTC) from {username='slave'} at 127.0.0.1:33868
I0929 21:45:49.752081 26819 tablet_replica.cc:218] Initiating TabletReplica shutdown for tablet: f92b78a409fb4b6db8ab56c535e2bfea
I0929 21:45:49.752290 26819 maintenance_manager.cc:206] P cffedd68783f4a1c8995fc18ba659b7c: Unregistered op CompactRowSetsOp(f92b78a409fb4b6db8ab56c535e2bfea)
I0929 21:45:49.752472 26819 maintenance_manager.cc:206] P cffedd68783f4a1c8995fc18ba659b7c: Unregistered op MinorDeltaCompactionOp(f92b78a409fb4b6db8ab56c535e2bfea)
I0929 21:45:49.752655 26819 maintenance_manager.cc:206] P cffedd68783f4a1c8995fc18ba659b7c: Unregistered op MajorDeltaCompactionOp(f92b78a409fb4b6db8ab56c535e2bfea)
I0929 21:45:49.752830 26819 maintenance_manager.cc:206] P cffedd68783f4a1c8995fc18ba659b7c: Unregistered op UndoDeltaBlockGCOp(f92b78a409fb4b6db8ab56c535e2bfea)
I0929 21:45:49.752820 26733 catalog_manager.cc:2925] Scheduling retry of 5a3b867613954ef9a6560f5c780cffc5 (table test-alter-range-partitioning-invalid-unbounded [id=8eb38e78e3cd4799995cb362386476e0]) Alter Table RPC with a delay of 29ms (attempt = 0)...
I0929 21:45:49.753077 26819 maintenance_manager.cc:206] P cffedd68783f4a1c8995fc18ba659b7c: Unregistered op FlushMRSOp(f92b78a409fb4b6db8ab56c535e2bfea)
W0929 21:45:49.753304 26733 catalog_manager.cc:2946] Async tablet task 5a3b867613954ef9a6560f5c780cffc5 (table test-alter-range-partitioning-invalid-unbounded [id=8eb38e78e3cd4799995cb362386476e0]) Alter Table RPC failed: Not found: Failed to reset TS proxy: No leader found: Tablet 5a3b867613954ef9a6560f5c780cffc5 consensus state has no leader
I0929 21:45:49.753329 26819 maintenance_manager.cc:206] P cffedd68783f4a1c8995fc18ba659b7c: Unregistered op FlushDeltaMemStoresOp(f92b78a409fb4b6db8ab56c535e2bfea)
I0929 21:45:49.753607 26819 maintenance_manager.cc:206] P cffedd68783f4a1c8995fc18ba659b7c: Unregistered op LogGCOp(f92b78a409fb4b6db8ab56c535e2bfea)
I0929 21:45:49.753803 26819 raft_consensus.cc:1722] T f92b78a409fb4b6db8ab56c535e2bfea P cffedd68783f4a1c8995fc18ba659b7c [term 1 LEADER]: Raft consensus shutting down.
I0929 21:45:49.754439 26747 catalog_manager.cc:2416] Got report from deleted tablet f92b78a409fb4b6db8ab56c535e2bfea (table test-alter-range-partitioning-invalid-unbounded [id=8eb38e78e3cd4799995cb362386476e0]) (Partition dropped at 2017-09-29 21:45:48 UTC): Sending delete request for this tablet
I0929 21:45:49.754827 26747 catalog_manager.cc:3154] Sending DeleteTablet(TABLET_DATA_DELETED) for tablet f92b78a409fb4b6db8ab56c535e2bfea on cffedd68783f4a1c8995fc18ba659b7c (127.0.0.1:60775) (Partition dropped at 2017-09-29 21:45:48 UTC)
I0929 21:45:49.755792 26731 catalog_manager.cc:2925] Scheduling retry of a1c9f68a8fa441539b9c510657c3176e (table test-alter-range-partitioning-invalid-unbounded [id=8eb38e78e3cd4799995cb362386476e0]) Alter Table RPC with a delay of 33ms (attempt = 0)...
W0929 21:45:49.756094 26731 catalog_manager.cc:2946] Async tablet task a1c9f68a8fa441539b9c510657c3176e (table test-alter-range-partitioning-invalid-unbounded [id=8eb38e78e3cd4799995cb362386476e0]) Alter Table RPC failed: Not found: Failed to reset TS proxy: No leader found: Tablet a1c9f68a8fa441539b9c510657c3176e consensus state has no leader
I0929 21:45:49.756533 26731 catalog_manager.cc:2925] Scheduling retry of 4515eb9ffec24b699bf8cd6227140627 (table test-alter-range-partitioning-invalid-unbounded [id=8eb38e78e3cd4799995cb362386476e0]) Alter Table RPC with a delay of 32ms (attempt = 0)...
W0929 21:45:49.756772 26731 catalog_manager.cc:2946] Async tablet task 4515eb9ffec24b699bf8cd6227140627 (table test-alter-range-partitioning-invalid-unbounded [id=8eb38e78e3cd4799995cb362386476e0]) Alter Table RPC failed: Not found: Failed to reset TS proxy: No leader found: Tablet 4515eb9ffec24b699bf8cd6227140627 consensus state has no leader
I0929 21:45:49.756839 26820 tablet_service.cc:713] Processing DeleteTablet for tablet f92b78a409fb4b6db8ab56c535e2bfea with delete_type TABLET_DATA_DELETED (Partition dropped at 2017-09-29 21:45:48 UTC) from {username='slave'} at 127.0.0.1:33868
W0929 21:45:49.757903 26731 catalog_manager.cc:3121] TS cffedd68783f4a1c8995fc18ba659b7c (127.0.0.1:60775): delete failed for tablet f92b78a409fb4b6db8ab56c535e2bfea with error code TABLET_NOT_RUNNING: Illegal state: State transition of tablet f92b78a409fb4b6db8ab56c535e2bfea already in progress: deleting tablet
I0929 21:45:49.758136 26731 catalog_manager.cc:2925] Scheduling retry of f92b78a409fb4b6db8ab56c535e2bfea Delete Tablet RPC for TS=cffedd68783f4a1c8995fc18ba659b7c with a delay of 33ms (attempt = 1)...
I0929 21:45:49.758361 26866 tablet_bootstrap.cc:406] T bdfcf05ade7d41c48e3bdc44f1839279 P cffedd68783f4a1c8995fc18ba659b7c: No bootstrap required, opened a new log
I0929 21:45:49.758749 26866 ts_tablet_manager.cc:772] T bdfcf05ade7d41c48e3bdc44f1839279 P cffedd68783f4a1c8995fc18ba659b7c: Time spent bootstrapping tablet: real 0.027s user 0.008s sys 0.012s
I0929 21:45:49.758800 26734 catalog_manager.cc:2925] Scheduling retry of 28988efc3b9d4b96b591cbd45febf05b (table test-alter-range-partitioning-invalid-unbounded [id=8eb38e78e3cd4799995cb362386476e0]) Alter Table RPC with a delay of 48ms (attempt = 0)...
W0929 21:45:49.759119 26734 catalog_manager.cc:2946] Async tablet task 28988efc3b9d4b96b591cbd45febf05b (table test-alter-range-partitioning-invalid-unbounded [id=8eb38e78e3cd4799995cb362386476e0]) Alter Table RPC failed: Not found: Failed to reset TS proxy: No leader found: Tablet 28988efc3b9d4b96b591cbd45febf05b consensus state has no leader
I0929 21:45:49.759409 26734 catalog_manager.cc:2925] Scheduling retry of 0567a83a31cf429980e13f4f3df80ac0 (table test-alter-range-partitioning-invalid-unbounded [id=8eb38e78e3cd4799995cb362386476e0]) Alter Table RPC with a delay of 43ms (attempt = 0)...
W0929 21:45:49.759629 26734 catalog_manager.cc:2946] Async tablet task 0567a83a31cf429980e13f4f3df80ac0 (table test-alter-range-partitioning-invalid-unbounded [id=8eb38e78e3cd4799995cb362386476e0]) Alter Table RPC failed: Not found: Failed to reset TS proxy: No leader found: Tablet 0567a83a31cf429980e13f4f3df80ac0 consensus state has no leader
I0929 21:45:49.760589 26820 tablet_service.cc:672] Processing CreateTablet for tablet 22b2b54dd77f45fb9dd22344d2b94e0b (table=test-alter-range-partitioning-invalid-unbounded [id=8eb38e78e3cd4799995cb362386476e0]), partition=RANGE (c0) PARTITION 0 <= VALUES < 100
I0929 21:45:49.766144 26731 catalog_manager.cc:3154] Sending DeleteTablet(TABLET_DATA_DELETED) for tablet a30c92b3f9854f84935d9addc142006c on cffedd68783f4a1c8995fc18ba659b7c (127.0.0.1:60775) (Partition dropped at 2017-09-29 21:45:49 UTC)
I0929 21:45:49.766674 26733 catalog_manager.cc:2925] Scheduling retry of a3a64b2d0f544f60a717264bb0488d5c (table test-alter-range-partitioning-invalid-unbounded [id=8eb38e78e3cd4799995cb362386476e0]) Alter Table RPC with a delay of 53ms (attempt = 0)...
I0929 21:45:49.766773 26731 catalog_manager.cc:3154] Sending DeleteTablet(TABLET_DATA_DELETED) for tablet 96c088b7c9fe4b7f986371b0e920a16f on cffedd68783f4a1c8995fc18ba659b7c (127.0.0.1:60775) (Partition dropped at 2017-09-29 21:45:49 UTC)
I0929 21:45:49.767169 26734 catalog_manager.cc:2925] Scheduling retry of f92b78a409fb4b6db8ab56c535e2bfea (table test-alter-range-partitioning-invalid-unbounded [id=8eb38e78e3cd4799995cb362386476e0]) Alter Table RPC with a delay of 50ms (attempt = 0)...
W0929 21:45:49.767432 26734 catalog_manager.cc:2946] Async tablet task f92b78a409fb4b6db8ab56c535e2bfea (table test-alter-range-partitioning-invalid-unbounded [id=8eb38e78e3cd4799995cb362386476e0]) Alter Table RPC failed: Not found: Failed to reset TS proxy: No leader found: Tablet f92b78a409fb4b6db8ab56c535e2bfea consensus state has no leader
W0929 21:45:49.767607 26733 catalog_manager.cc:2946] Async tablet task a3a64b2d0f544f60a717264bb0488d5c (table test-alter-range-partitioning-invalid-unbounded [id=8eb38e78e3cd4799995cb362386476e0]) Alter Table RPC failed: Not found: Failed to reset TS proxy: No leader found: Tablet a3a64b2d0f544f60a717264bb0488d5c consensus state has no leader
I0929 21:45:49.767959 26733 catalog_manager.cc:2925] Scheduling retry of a30c92b3f9854f84935d9addc142006c (table test-alter-range-partitioning-invalid-unbounded [id=8eb38e78e3cd4799995cb362386476e0]) Alter Table RPC with a delay of 25ms (attempt = 0)...
W0929 21:45:49.768213 26733 catalog_manager.cc:2946] Async tablet task a30c92b3f9854f84935d9addc142006c (table test-alter-range-partitioning-invalid-unbounded [id=8eb38e78e3cd4799995cb362386476e0]) Alter Table RPC failed: Not found: Failed to reset TS proxy: No leader found: Tablet a30c92b3f9854f84935d9addc142006c consensus state has no leader
I0929 21:45:49.768226 26822 tablet_service.cc:713] Processing DeleteTablet for tablet a30c92b3f9854f84935d9addc142006c with delete_type TABLET_DATA_DELETED (Partition dropped at 2017-09-29 21:45:49 UTC) from {username='slave'} at 127.0.0.1:33868
I0929 21:45:49.768465 26817 tablet_service.cc:713] Processing DeleteTablet for tablet 96c088b7c9fe4b7f986371b0e920a16f with delete_type TABLET_DATA_DELETED (Partition dropped at 2017-09-29 21:45:49 UTC) from {username='slave'} at 127.0.0.1:33868
I0929 21:45:49.768560 26733 catalog_manager.cc:2925] Scheduling retry of 22b2b54dd77f45fb9dd22344d2b94e0b (table test-alter-range-partitioning-invalid-unbounded [id=8eb38e78e3cd4799995cb362386476e0]) Alter Table RPC with a delay of 27ms (attempt = 0)...
W0929 21:45:49.769496 26733 catalog_manager.cc:2946] Async tablet task 22b2b54dd77f45fb9dd22344d2b94e0b (table test-alter-range-partitioning-invalid-unbounded [id=8eb38e78e3cd4799995cb362386476e0]) Alter Table RPC failed: Not found: Failed to reset TS proxy: No leader found: Tablet 22b2b54dd77f45fb9dd22344d2b94e0b consensus state has no leader
W0929 21:45:49.769562 26731 catalog_manager.cc:3121] TS cffedd68783f4a1c8995fc18ba659b7c (127.0.0.1:60775): delete failed for tablet a30c92b3f9854f84935d9addc142006c with error code TABLET_NOT_RUNNING: Illegal state: State transition of tablet a30c92b3f9854f84935d9addc142006c already in progress: creating tablet
I0929 21:45:49.769881 26731 catalog_manager.cc:2925] Scheduling retry of a30c92b3f9854f84935d9addc142006c Delete Tablet RPC for TS=cffedd68783f4a1c8995fc18ba659b7c with a delay of 63ms (attempt = 2)...
W0929 21:45:49.770493 26731 catalog_manager.cc:3121] TS cffedd68783f4a1c8995fc18ba659b7c (127.0.0.1:60775): delete failed for tablet 96c088b7c9fe4b7f986371b0e920a16f with error code TABLET_NOT_RUNNING: Illegal state: State transition of tablet 96c088b7c9fe4b7f986371b0e920a16f already in progress: creating tablet
I0929 21:45:49.770732 26731 catalog_manager.cc:2925] Scheduling retry of 96c088b7c9fe4b7f986371b0e920a16f Delete Tablet RPC for TS=cffedd68783f4a1c8995fc18ba659b7c with a delay of 143ms (attempt = 4)...
I0929 21:45:49.771033 26747 catalog_manager.cc:1920] Servicing AlterTable request from {username='slave'} at 127.0.0.1:59015: table { table_name: "test-alter-range-partitioning-invalid-unbounded" } alter_schema_steps { type: ADD_RANGE_PARTITION add_range_partition { range_bounds { rows: "\006\001\000\000\000\000\007\000" } } } schema { columns { name: "c0" type: INT32 is_key: true is_nullable: false encoding: AUTO_ENCODING compression: DEFAULT_COMPRESSION cfile_block_size: 0 } columns { name: "c1" type: INT32 is_key: false is_nullable: false encoding: AUTO_ENCODING compression: DEFAULT_COMPRESSION cfile_block_size: 0 } }
I0929 21:45:49.773574 26732 catalog_manager.cc:2925] Scheduling retry of 405036c65d064351a92040e629a3cd9a (table test-alter-range-partitioning-invalid-unbounded [id=8eb38e78e3cd4799995cb362386476e0]) Alter Table RPC with a delay of 35ms (attempt = 0)...
W0929 21:45:49.773891 26732 catalog_manager.cc:2946] Async tablet task 405036c65d064351a92040e629a3cd9a (table test-alter-range-partitioning-invalid-unbounded [id=8eb38e78e3cd4799995cb362386476e0]) Alter Table RPC failed: Not found: Failed to reset TS proxy: No leader found: Tablet 405036c65d064351a92040e629a3cd9a consensus state has no leader
I0929 21:45:49.774376 26734 catalog_manager.cc:2925] Scheduling retry of 019d0f784e474c39b254c4f9911f094b (table test-alter-range-partitioning-invalid-unbounded [id=8eb38e78e3cd4799995cb362386476e0]) Alter Table RPC with a delay of 55ms (attempt = 0)...
W0929 21:45:49.774853 26734 catalog_manager.cc:2946] Async tablet task 019d0f784e474c39b254c4f9911f094b (table test-alter-range-partitioning-invalid-unbounded [id=8eb38e78e3cd4799995cb362386476e0]) Alter Table RPC failed: Not found: Failed to reset TS proxy: No leader found: Tablet 019d0f784e474c39b254c4f9911f094b consensus state has no leader
I0929 21:45:49.774139 26820 ts_tablet_manager.cc:906] T 22b2b54dd77f45fb9dd22344d2b94e0b P cffedd68783f4a1c8995fc18ba659b7c: Registered tablet (data state: TABLET_DATA_READY)
I0929 21:45:49.776614 26866 raft_consensus.cc:289] T bdfcf05ade7d41c48e3bdc44f1839279 P cffedd68783f4a1c8995fc18ba659b7c [term 0 FOLLOWER]: Replica starting. Triggering 0 pending transactions. Active config: opid_index: -1 OBSOLETE_local: true peers { permanent_uuid: "cffedd68783f4a1c8995fc18ba659b7c" member_type: VOTER last_known_addr { host: "127.0.0.1" port: 60775 } }
I0929 21:45:49.777185 26866 raft_consensus.cc:320] T bdfcf05ade7d41c48e3bdc44f1839279 P cffedd68783f4a1c8995fc18ba659b7c [term 0 FOLLOWER]: Consensus starting up: Expiring failure detector timer to make a prompt election more likely
I0929 21:45:49.777377 26866 raft_consensus.cc:549] T bdfcf05ade7d41c48e3bdc44f1839279 P cffedd68783f4a1c8995fc18ba659b7c [term 0 FOLLOWER]: Becoming Follower/Learner. State: Replica: cffedd68783f4a1c8995fc18ba659b7c, State: 1, Role: FOLLOWER
I0929 21:45:49.777596 26866 consensus_queue.cc:184] T bdfcf05ade7d41c48e3bdc44f1839279 P cffedd68783f4a1c8995fc18ba659b7c [NON_LEADER]: Queue going to NON_LEADER mode. State: All replicated index: 0, Majority replicated index: 0, Committed index: 0, Last appended: 0.0, Last appended by leader: 0, Current term: 0, Majority size: -1, State: 1, Mode: NON_LEADER
I0929 21:45:49.777133 26747 catalog_manager.cc:1920] Servicing AlterTable request from {username='slave'} at 127.0.0.1:59015: table { table_name: "test-alter-range-partitioning-invalid-unbounded" } alter_schema_steps { type: DROP_RANGE_PARTITION drop_range_partition { range_bounds { rows: "\006\001\000\000\000\000\007\001d\000\000\000" } } } schema { columns { name: "c0" type: INT32 is_key: true is_nullable: false encoding: AUTO_ENCODING compression: DEFAULT_COMPRESSION cfile_block_size: 0 } columns { name: "c1" type: INT32 is_key: false is_nullable: false encoding: AUTO_ENCODING compression: DEFAULT_COMPRESSION cfile_block_size: 0 } }
I0929 21:45:49.777819 26866 raft_consensus.cc:333] T bdfcf05ade7d41c48e3bdc44f1839279 P cffedd68783f4a1c8995fc18ba659b7c [term 0 FOLLOWER]: Only one voter in the Raft config. Triggering election immediately
I0929 21:45:49.778014 26866 raft_consensus.cc:412] T bdfcf05ade7d41c48e3bdc44f1839279 P cffedd68783f4a1c8995fc18ba659b7c [term 0 FOLLOWER]: Starting leader election (initial election of a single-replica configuration)
I0929 21:45:49.778158 26866 raft_consensus.cc:2315] T bdfcf05ade7d41c48e3bdc44f1839279 P cffedd68783f4a1c8995fc18ba659b7c [term 0 FOLLOWER]: Snoozing failure detection for election timeout plus an additional 1.986s
I0929 21:45:49.778347 26866 raft_consensus.cc:2359] T bdfcf05ade7d41c48e3bdc44f1839279 P cffedd68783f4a1c8995fc18ba659b7c [term 0 FOLLOWER]: Advancing to term 1
I0929 21:45:49.779629 26731 catalog_manager.cc:3154] Sending DeleteTablet(TABLET_DATA_DELETED) for tablet 4515eb9ffec24b699bf8cd6227140627 on cffedd68783f4a1c8995fc18ba659b7c (127.0.0.1:60775) (Partition dropped at 2017-09-29 21:45:49 UTC)
I0929 21:45:49.780869 26820 tablet_service.cc:713] Processing DeleteTablet for tablet 4515eb9ffec24b699bf8cd6227140627 with delete_type TABLET_DATA_DELETED (Partition dropped at 2017-09-29 21:45:49 UTC) from {username='slave'} at 127.0.0.1:33868
W0929 21:45:49.781841 26731 catalog_manager.cc:3121] TS cffedd68783f4a1c8995fc18ba659b7c (127.0.0.1:60775): delete failed for tablet 4515eb9ffec24b699bf8cd6227140627 with error code TABLET_NOT_RUNNING: Illegal state: State transition of tablet 4515eb9ffec24b699bf8cd6227140627 already in progress: creating tablet
I0929 21:45:49.782088 26731 catalog_manager.cc:2925] Scheduling retry of 4515eb9ffec24b699bf8cd6227140627 Delete Tablet RPC for TS=cffedd68783f4a1c8995fc18ba659b7c with a delay of 262ms (attempt = 5)...
I0929 21:45:49.783195 26866 raft_consensus.cc:436] T bdfcf05ade7d41c48e3bdc44f1839279 P cffedd68783f4a1c8995fc18ba659b7c [term 1 FOLLOWER]: Starting leader election with config: opid_index: -1 OBSOLETE_local: true peers { permanent_uuid: "cffedd68783f4a1c8995fc18ba659b7c" member_type: VOTER last_known_addr { host: "127.0.0.1" port: 60775 } }
I0929 21:45:49.783681 26866 leader_election.cc:243] T bdfcf05ade7d41c48e3bdc44f1839279 P cffedd68783f4a1c8995fc18ba659b7c [CANDIDATE]: Term 1 election: Election decided. Result: candidate won.
I0929 21:45:49.783720 26731 catalog_manager.cc:2925] Scheduling retry of a4d64691a56a423ca91c0b14bd1517af (table test-alter-range-partitioning-invalid-unbounded [id=8eb38e78e3cd4799995cb362386476e0]) Alter Table RPC with a delay of 29ms (attempt = 0)...
W0929 21:45:49.784065 26731 catalog_manager.cc:2946] Async tablet task a4d64691a56a423ca91c0b14bd1517af (table test-alter-range-partitioning-invalid-unbounded [id=8eb38e78e3cd4799995cb362386476e0]) Alter Table RPC failed: Not found: Failed to reset TS proxy: No leader found: Tablet a4d64691a56a423ca91c0b14bd1517af consensus state has no leader
I0929 21:45:49.784631 26819 raft_consensus_state.cc:386] T f92b78a409fb4b6db8ab56c535e2bfea P cffedd68783f4a1c8995fc18ba659b7c: Trying to abort 1 pending transactions.
I0929 21:45:49.784857 26819 raft_consensus_state.cc:391] T f92b78a409fb4b6db8ab56c535e2bfea P cffedd68783f4a1c8995fc18ba659b7c: Aborting transaction as it isn't in flight: id { term: 1 index: 1 } timestamp: 18 op_type: NO_OP noop_request { }
I0929 21:45:49.785173 26819 raft_consensus.cc:2194] T f92b78a409fb4b6db8ab56c535e2bfea P cffedd68783f4a1c8995fc18ba659b7c: NO_OP replication failed: Aborted: Transaction aborted
I0929 21:45:49.785343 26819 raft_consensus.cc:1738] T f92b78a409fb4b6db8ab56c535e2bfea P cffedd68783f4a1c8995fc18ba659b7c [term 1 LEADER]: Raft consensus is shut down!
I0929 21:45:49.785358 26747 catalog_manager.cc:3432] T 00000000000000000000000000000000 P 348076b792e349259f965829a0d76562: Sending DeleteTablet for 1 replicas of tablet 22b2b54dd77f45fb9dd22344d2b94e0b
I0929 21:45:49.785842 26747 catalog_manager.cc:3154] Sending DeleteTablet(TABLET_DATA_DELETED) for tablet 22b2b54dd77f45fb9dd22344d2b94e0b on cffedd68783f4a1c8995fc18ba659b7c (127.0.0.1:60775) (Partition dropped at 2017-09-29 21:45:49 UTC)
I0929 21:45:49.787871 26820 tablet_service.cc:713] Processing DeleteTablet for tablet 22b2b54dd77f45fb9dd22344d2b94e0b with delete_type TABLET_DATA_DELETED (Partition dropped at 2017-09-29 21:45:49 UTC) from {username='slave'} at 127.0.0.1:33868
I0929 21:45:49.789532 26732 catalog_manager.cc:2925] Scheduling retry of 9276dda82bfc439ba5438aa02c2882d2 (table test-alter-range-partitioning-invalid-unbounded [id=8eb38e78e3cd4799995cb362386476e0]) Alter Table RPC with a delay of 48ms (attempt = 0)...
W0929 21:45:49.789907 26732 catalog_manager.cc:2946] Async tablet task 9276dda82bfc439ba5438aa02c2882d2 (table test-alter-range-partitioning-invalid-unbounded [id=8eb38e78e3cd4799995cb362386476e0]) Alter Table RPC failed: Not found: Failed to reset TS proxy: No leader found: Tablet 9276dda82bfc439ba5438aa02c2882d2 consensus state has no leader
I0929 21:45:49.791455 26732 catalog_manager.cc:2925] Scheduling retry of fe168d51058149818c74d74c32d7e8f1 (table test-alter-range-partitioning-invalid-unbounded [id=8eb38e78e3cd4799995cb362386476e0]) Alter Table RPC with a delay of 44ms (attempt = 0)...
W0929 21:45:49.791802 26732 catalog_manager.cc:2946] Async tablet task fe168d51058149818c74d74c32d7e8f1 (table test-alter-range-partitioning-invalid-unbounded [id=8eb38e78e3cd4799995cb362386476e0]) Alter Table RPC failed: Not found: Failed to reset TS proxy: No leader found: Tablet fe168d51058149818c74d74c32d7e8f1 consensus state has no leader
I0929 21:45:49.791968 26731 catalog_manager.cc:2925] Scheduling retry of 4515eb9ffec24b699bf8cd6227140627 (table test-alter-range-partitioning-invalid-unbounded [id=8eb38e78e3cd4799995cb362386476e0]) Alter Table RPC with a delay of 45ms (attempt = 0)...
W0929 21:45:49.792313 26731 catalog_manager.cc:2946] Async tablet task 4515eb9ffec24b699bf8cd6227140627 (table test-alter-range-partitioning-invalid-unbounded [id=8eb38e78e3cd4799995cb362386476e0]) Alter Table RPC failed: Not found: Failed to reset TS proxy: No leader found: Tablet 4515eb9ffec24b699bf8cd6227140627 consensus state has no leader
I0929 21:45:49.792220 26732 catalog_manager.cc:2925] Scheduling retry of 96c088b7c9fe4b7f986371b0e920a16f (table test-alter-range-partitioning-invalid-unbounded [id=8eb38e78e3cd4799995cb362386476e0]) Alter Table RPC with a delay of 10ms (attempt = 0)...
W0929 21:45:49.792620 26732 catalog_manager.cc:2946] Async tablet task 96c088b7c9fe4b7f986371b0e920a16f (table test-alter-range-partitioning-invalid-unbounded [id=8eb38e78e3cd4799995cb362386476e0]) Alter Table RPC failed: Not found: Failed to reset TS proxy: No leader found: Tablet 96c088b7c9fe4b7f986371b0e920a16f consensus state has no leader
I0929 21:45:49.792698 26731 catalog_manager.cc:2925] Scheduling retry of a1c9f68a8fa441539b9c510657c3176e (table test-alter-range-partitioning-invalid-unbounded [id=8eb38e78e3cd4799995cb362386476e0]) Alter Table RPC with a delay of 55ms (attempt = 0)...
W0929 21:45:49.792995 26731 catalog_manager.cc:2946] Async tablet task a1c9f68a8fa441539b9c510657c3176e (table test-alter-range-partitioning-invalid-unbounded [id=8eb38e78e3cd4799995cb362386476e0]) Alter Table RPC failed: Not found: Failed to reset TS proxy: No leader found: Tablet a1c9f68a8fa441539b9c510657c3176e consensus state has no leader
I0929 21:45:49.793335 26731 catalog_manager.cc:3154] Sending DeleteTablet(TABLET_DATA_DELETED) for tablet 019d0f784e474c39b254c4f9911f094b on cffedd68783f4a1c8995fc18ba659b7c (127.0.0.1:60775) (Partition dropped at 2017-09-29 21:45:49 UTC)
I0929 21:45:49.794080 26731 catalog_manager.cc:2925] Scheduling retry of a3b61861fc0f49e882e86f27b30f47ad (table test-alter-range-partitioning-invalid-unbounded [id=8eb38e78e3cd4799995cb362386476e0]) Alter Table RPC with a delay of 34ms (attempt = 0)...
W0929 21:45:49.795614 26731 catalog_manager.cc:2946] Async tablet task a3b61861fc0f49e882e86f27b30f47ad (table test-alter-range-partitioning-invalid-unbounded [id=8eb38e78e3cd4799995cb362386476e0]) Alter Table RPC failed: Not found: Failed to reset TS proxy: No leader found: Tablet a3b61861fc0f49e882e86f27b30f47ad consensus state has no leader
I0929 21:45:49.796315 26731 catalog_manager.cc:3154] Sending DeleteTablet(TABLET_DATA_DELETED) for tablet 5863b148d82f4bc183d8e0c203dbcdeb on cffedd68783f4a1c8995fc18ba659b7c (127.0.0.1:60775) (Partition dropped at 2017-09-29 21:45:49 UTC)
I0929 21:45:49.797193 26731 catalog_manager.cc:3154] Sending DeleteTablet(TABLET_DATA_DELETED) for tablet f92b78a409fb4b6db8ab56c535e2bfea on cffedd68783f4a1c8995fc18ba659b7c (127.0.0.1:60775) (Partition dropped at 2017-09-29 21:45:48 UTC)
I0929 21:45:49.791563 26819 ts_tablet_manager.cc:1063] T f92b78a409fb4b6db8ab56c535e2bfea P cffedd68783f4a1c8995fc18ba659b7c: Deleting tablet data with delete state TABLET_DATA_DELETED
I0929 21:45:49.800277 26732 catalog_manager.cc:2925] Scheduling retry of 9db7d1aaf4784c4882f93c9dd573911b (table test-alter-range-partitioning-invalid-unbounded [id=8eb38e78e3cd4799995cb362386476e0]) Alter Table RPC with a delay of 53ms (attempt = 0)...
W0929 21:45:49.800655 26732 catalog_manager.cc:2946] Async tablet task 9db7d1aaf4784c4882f93c9dd573911b (table test-alter-range-partitioning-invalid-unbounded [id=8eb38e78e3cd4799995cb362386476e0]) Alter Table RPC failed: Not found: Failed to reset TS proxy: No leader found: Tablet 9db7d1aaf4784c4882f93c9dd573911b consensus state has no leader
W0929 21:45:49.801049 26731 catalog_manager.cc:3121] TS cffedd68783f4a1c8995fc18ba659b7c (127.0.0.1:60775): delete failed for tablet 22b2b54dd77f45fb9dd22344d2b94e0b with error code TABLET_NOT_RUNNING: Illegal state: State transition of tablet 22b2b54dd77f45fb9dd22344d2b94e0b already in progress: creating tablet
I0929 21:45:49.801677 26731 catalog_manager.cc:2925] Scheduling retry of 22b2b54dd77f45fb9dd22344d2b94e0b Delete Tablet RPC for TS=cffedd68783f4a1c8995fc18ba659b7c with a delay of 52ms (attempt = 1)...
I0929 21:45:49.803474 26734 catalog_manager.cc:2925] Scheduling retry of 0567a83a31cf429980e13f4f3df80ac0 (table test-alter-range-partitioning-invalid-unbounded [id=8eb38e78e3cd4799995cb362386476e0]) Alter Table RPC with a delay of 35ms (attempt = 0)...
I0929 21:45:49.803767 26817 tablet_service.cc:713] Processing DeleteTablet for tablet 5863b148d82f4bc183d8e0c203dbcdeb with delete_type TABLET_DATA_DELETED (Partition dropped at 2017-09-29 21:45:49 UTC) from {username='slave'} at 127.0.0.1:33868
I0929 21:45:49.804586 26822 tablet_service.cc:713] Processing DeleteTablet for tablet f92b78a409fb4b6db8ab56c535e2bfea with delete_type TABLET_DATA_DELETED (Partition dropped at 2017-09-29 21:45:48 UTC) from {username='slave'} at 127.0.0.1:33868
W0929 21:45:49.803818 26734 catalog_manager.cc:2946] Async tablet task 0567a83a31cf429980e13f4f3df80ac0 (table test-alter-range-partitioning-invalid-unbounded [id=8eb38e78e3cd4799995cb362386476e0]) Alter Table RPC failed: Not found: Failed to reset TS proxy: No leader found: Tablet 0567a83a31cf429980e13f4f3df80ac0 consensus state has no leader
I0929 21:45:49.805886 26732 catalog_manager.cc:2925] Scheduling retry of 96c088b7c9fe4b7f986371b0e920a16f (table test-alter-range-partitioning-invalid-unbounded [id=8eb38e78e3cd4799995cb362386476e0]) Alter Table RPC with a delay of 8ms (attempt = 0)...
W0929 21:45:49.806241 26732 catalog_manager.cc:2946] Async tablet task 96c088b7c9fe4b7f986371b0e920a16f (table test-alter-range-partitioning-invalid-unbounded [id=8eb38e78e3cd4799995cb362386476e0]) Alter Table RPC failed: Not found: Failed to reset TS proxy: No leader found: Tablet 96c088b7c9fe4b7f986371b0e920a16f consensus state has no leader
W0929 21:45:49.806666 26731 catalog_manager.cc:3121] TS cffedd68783f4a1c8995fc18ba659b7c (127.0.0.1:60775): delete failed for tablet 5863b148d82f4bc183d8e0c203dbcdeb with error code TABLET_NOT_RUNNING: Illegal state: State transition of tablet 5863b148d82f4bc183d8e0c203dbcdeb already in progress: creating tablet
I0929 21:45:49.806946 26731 catalog_manager.cc:2925] Scheduling retry of 5863b148d82f4bc183d8e0c203dbcdeb Delete Tablet RPC for TS=cffedd68783f4a1c8995fc18ba659b7c with a delay of 152ms (attempt = 4)...
W0929 21:45:49.807451 26731 catalog_manager.cc:3121] TS cffedd68783f4a1c8995fc18ba659b7c (127.0.0.1:60775): delete failed for tablet f92b78a409fb4b6db8ab56c535e2bfea with error code TABLET_NOT_RUNNING: Illegal state: State transition of tablet f92b78a409fb4b6db8ab56c535e2bfea already in progress: deleting tablet
I0929 21:45:49.807701 26731 catalog_manager.cc:2925] Scheduling retry of f92b78a409fb4b6db8ab56c535e2bfea Delete Tablet RPC for TS=cffedd68783f4a1c8995fc18ba659b7c with a delay of 53ms (attempt = 2)...
I0929 21:45:49.808171 26820 tablet_service.cc:713] Processing DeleteTablet for tablet 019d0f784e474c39b254c4f9911f094b with delete_type TABLET_DATA_DELETED (Partition dropped at 2017-09-29 21:45:49 UTC) from {username='slave'} at 127.0.0.1:33868
I0929 21:45:49.808703 26734 catalog_manager.cc:2925] Scheduling retry of 28988efc3b9d4b96b591cbd45febf05b (table test-alter-range-partitioning-invalid-unbounded [id=8eb38e78e3cd4799995cb362386476e0]) Alter Table RPC with a delay of 40ms (attempt = 0)...
W0929 21:45:49.809082 26734 catalog_manager.cc:2946] Async tablet task 28988efc3b9d4b96b591cbd45febf05b (table test-alter-range-partitioning-invalid-unbounded [id=8eb38e78e3cd4799995cb362386476e0]) Alter Table RPC failed: Not found: Failed to reset TS proxy: No leader found: Tablet 28988efc3b9d4b96b591cbd45febf05b consensus state has no leader
I0929 21:45:49.787027 26733 catalog_manager.cc:2925] Scheduling retry of c61c92254a2340e9a5624853175e6ebf (table test-alter-range-partitioning-invalid-unbounded [id=8eb38e78e3cd4799995cb362386476e0]) Alter Table RPC with a delay of 40ms (attempt = 0)...
W0929 21:45:49.809583 26733 catalog_manager.cc:2946] Async tablet task c61c92254a2340e9a5624853175e6ebf (table test-alter-range-partitioning-invalid-unbounded [id=8eb38e78e3cd4799995cb362386476e0]) Alter Table RPC failed: Not found: Failed to reset TS proxy: No leader found: Tablet c61c92254a2340e9a5624853175e6ebf consensus state has no leader
I0929 21:45:49.809655 26732 catalog_manager.cc:2925] Scheduling retry of 405036c65d064351a92040e629a3cd9a (table test-alter-range-partitioning-invalid-unbounded [id=8eb38e78e3cd4799995cb362386476e0]) Alter Table RPC with a delay of 36ms (attempt = 0)...
W0929 21:45:49.810075 26732 catalog_manager.cc:2946] Async tablet task 405036c65d064351a92040e629a3cd9a (table test-alter-range-partitioning-invalid-unbounded [id=8eb38e78e3cd4799995cb362386476e0]) Alter Table RPC failed: Not found: Failed to reset TS proxy: No leader found: Tablet 405036c65d064351a92040e629a3cd9a consensus state has no leader
I0929 21:45:49.810915 26733 catalog_manager.cc:2925] Scheduling retry of f9dce52fa3f1464da743f458943e674a (table test-alter-range-partitioning-invalid-unbounded [id=8eb38e78e3cd4799995cb362386476e0]) Alter Table RPC with a delay of 50ms (attempt = 0)...
W0929 21:45:49.812741 26733 catalog_manager.cc:2946] Async tablet task f9dce52fa3f1464da743f458943e674a (table test-alter-range-partitioning-invalid-unbounded [id=8eb38e78e3cd4799995cb362386476e0]) Alter Table RPC failed: Not found: Failed to reset TS proxy: No leader found: Tablet f9dce52fa3f1464da743f458943e674a consensus state has no leader
I0929 21:45:49.813149 26733 catalog_manager.cc:2925] Scheduling retry of 5863b148d82f4bc183d8e0c203dbcdeb (table test-alter-range-partitioning-invalid-unbounded [id=8eb38e78e3cd4799995cb362386476e0]) Alter Table RPC with a delay of 17ms (attempt = 0)...
W0929 21:45:49.813431 26733 catalog_manager.cc:2946] Async tablet task 5863b148d82f4bc183d8e0c203dbcdeb (table test-alter-range-partitioning-invalid-unbounded [id=8eb38e78e3cd4799995cb362386476e0]) Alter Table RPC failed: Not found: Failed to reset TS proxy: No leader found: Tablet 5863b148d82f4bc183d8e0c203dbcdeb consensus state has no leader
I0929 21:45:49.813801 26733 catalog_manager.cc:2925] Scheduling retry of e14a330c7d414262b7e059c53354c106 (table test-alter-range-partitioning-invalid-unbounded [id=8eb38e78e3cd4799995cb362386476e0]) Alter Table RPC with a delay of 11ms (attempt = 0)...
W0929 21:45:49.814110 26733 catalog_manager.cc:2946] Async tablet task e14a330c7d414262b7e059c53354c106 (table test-alter-range-partitioning-invalid-unbounded [id=8eb38e78e3cd4799995cb362386476e0]) Alter Table RPC failed: Not found: Failed to reset TS proxy: No leader found: Tablet e14a330c7d414262b7e059c53354c106 consensus state has no leader
I0929 21:45:49.814020 26731 catalog_manager.cc:2925] Scheduling retry of a4d64691a56a423ca91c0b14bd1517af (table test-alter-range-partitioning-invalid-unbounded [id=8eb38e78e3cd4799995cb362386476e0]) Alter Table RPC with a delay of 19ms (attempt = 0)...
I0929 21:45:49.814930 26732 catalog_manager.cc:2925] Scheduling retry of 96c088b7c9fe4b7f986371b0e920a16f (table test-alter-range-partitioning-invalid-unbounded [id=8eb38e78e3cd4799995cb362386476e0]) Alter Table RPC with a delay of 57ms (attempt = 0)...
W0929 21:45:49.815307 26731 catalog_manager.cc:2946] Async tablet task a4d64691a56a423ca91c0b14bd1517af (table test-alter-range-partitioning-invalid-unbounded [id=8eb38e78e3cd4799995cb362386476e0]) Alter Table RPC failed: Not found: Failed to reset TS proxy: No leader found: Tablet a4d64691a56a423ca91c0b14bd1517af consensus state has no leader
W0929 21:45:49.815506 26732 catalog_manager.cc:2946] Async tablet task 96c088b7c9fe4b7f986371b0e920a16f (table test-alter-range-partitioning-invalid-unbounded [id=8eb38e78e3cd4799995cb362386476e0]) Alter Table RPC failed: Not found: Failed to reset TS proxy: No leader found: Tablet 96c088b7c9fe4b7f986371b0e920a16f consensus state has no leader
W0929 21:45:49.815830 26731 catalog_manager.cc:3121] TS cffedd68783f4a1c8995fc18ba659b7c (127.0.0.1:60775): delete failed for tablet 019d0f784e474c39b254c4f9911f094b with error code TABLET_NOT_RUNNING: Illegal state: State transition of tablet 019d0f784e474c39b254c4f9911f094b already in progress: creating tablet
I0929 21:45:49.816268 26731 catalog_manager.cc:2925] Scheduling retry of 019d0f784e474c39b254c4f9911f094b Delete Tablet RPC for TS=cffedd68783f4a1c8995fc18ba659b7c with a delay of 296ms (attempt = 5)...
I0929 21:45:49.816582 26733 catalog_manager.cc:2925] Scheduling retry of 5a3b867613954ef9a6560f5c780cffc5 (table test-alter-range-partitioning-invalid-unbounded [id=8eb38e78e3cd4799995cb362386476e0]) Alter Table RPC with a delay of 14ms (attempt = 0)...
W0929 21:45:49.817457 26733 catalog_manager.cc:2946] Async tablet task 5a3b867613954ef9a6560f5c780cffc5 (table test-alter-range-partitioning-invalid-unbounded [id=8eb38e78e3cd4799995cb362386476e0]) Alter Table RPC failed: Not found: Failed to reset TS proxy: No leader found: Tablet 5a3b867613954ef9a6560f5c780cffc5 consensus state has no leader
I0929 21:45:49.819026 26733 catalog_manager.cc:2925] Scheduling retry of bdfcf05ade7d41c48e3bdc44f1839279 (table test-alter-range-partitioning-invalid-unbounded [id=8eb38e78e3cd4799995cb362386476e0]) Alter Table RPC with a delay of 50ms (attempt = 0)...
W0929 21:45:49.819300 26733 catalog_manager.cc:2946] Async tablet task bdfcf05ade7d41c48e3bdc44f1839279 (table test-alter-range-partitioning-invalid-unbounded [id=8eb38e78e3cd4799995cb362386476e0]) Alter Table RPC failed: Not found: Failed to reset TS proxy: No leader found: Tablet bdfcf05ade7d41c48e3bdc44f1839279 consensus state has no leader
I0929 21:45:49.819571 26734 catalog_manager.cc:2925] Scheduling retry of f92b78a409fb4b6db8ab56c535e2bfea (table test-alter-range-partitioning-invalid-unbounded [id=8eb38e78e3cd4799995cb362386476e0]) Alter Table RPC with a delay of 15ms (attempt = 0)...
W0929 21:45:49.820017 26734 catalog_manager.cc:2946] Async tablet task f92b78a409fb4b6db8ab56c535e2bfea (table test-alter-range-partitioning-invalid-unbounded [id=8eb38e78e3cd4799995cb362386476e0]) Alter Table RPC failed: Not found: Failed to reset TS proxy: No leader found: Tablet f92b78a409fb4b6db8ab56c535e2bfea consensus state has no leader
I0929 21:45:49.822690 26819 ts_tablet_manager.cc:1075] T f92b78a409fb4b6db8ab56c535e2bfea P cffedd68783f4a1c8995fc18ba659b7c: Tablet deleted. Last logged OpId: 1.1
I0929 21:45:49.823092 26819 log.cc:965] T f92b78a409fb4b6db8ab56c535e2bfea P cffedd68783f4a1c8995fc18ba659b7c: Deleting WAL directory at /tmp/run_tha_test8NQfeJ/test-tmp/alter_table-test.AlterTableTest.TestAddRangePartitionConflictExhaustive.1506721518627625-22612/minicluster-data/ts-0-root/wals/f92b78a409fb4b6db8ab56c535e2bfea
I0929 21:45:49.819681 26733 catalog_manager.cc:2925] Scheduling retry of af4a3301115649f0a464abf8dd4c9d4c (table test-alter-range-partitioning-invalid-unbounded [id=8eb38e78e3cd4799995cb362386476e0]) Alter Table RPC with a delay of 33ms (attempt = 0)...
W0929 21:45:49.823926 26733 catalog_manager.cc:2946] Async tablet task af4a3301115649f0a464abf8dd4c9d4c (table test-alter-range-partitioning-invalid-unbounded [id=8eb38e78e3cd4799995cb362386476e0]) Alter Table RPC failed: Not found: Failed to reset TS proxy: No leader found: Tablet af4a3301115649f0a464abf8dd4c9d4c consensus state has no leader
I0929 21:45:49.824127 26819 consensus_meta.cc:78] T f92b78a409fb4b6db8ab56c535e2bfea Deleting consensus metadata
I0929 21:45:49.824306 26733 catalog_manager.cc:2925] Scheduling retry of a30c92b3f9854f84935d9addc142006c (table test-alter-range-partitioning-invalid-unbounded [id=8eb38e78e3cd4799995cb362386476e0]) Alter Table RPC with a delay of 33ms (attempt = 0)...
W0929 21:45:49.824602 26733 catalog_manager.cc:2946] Async tablet task a30c92b3f9854f84935d9addc142006c (table test-alter-range-partitioning-invalid-unbounded [id=8eb38e78e3cd4799995cb362386476e0]) Alter Table RPC failed: Not found: Failed to reset TS proxy: No leader found: Tablet a30c92b3f9854f84935d9addc142006c consensus state has no leader
I0929 21:45:49.824906 26733 catalog_manager.cc:2925] Scheduling retry of 22b2b54dd77f45fb9dd22344d2b94e0b (table test-alter-range-partitioning-invalid-unbounded [id=8eb38e78e3cd4799995cb362386476e0]) Alter Table RPC with a delay of 30ms (attempt = 0)...
W0929 21:45:49.825165 26733 catalog_manager.cc:2946] Async tablet task 22b2b54dd77f45fb9dd22344d2b94e0b (table test-alter-range-partitioning-invalid-unbounded [id=8eb38e78e3cd4799995cb362386476e0]) Alter Table RPC failed: Not found: Failed to reset TS proxy: No leader found: Tablet 22b2b54dd77f45fb9dd22344d2b94e0b consensus state has no leader
I0929 21:45:49.825979 26731 catalog_manager.cc:3130] TS cffedd68783f4a1c8995fc18ba659b7c (127.0.0.1:60775): tablet f92b78a409fb4b6db8ab56c535e2bfea (table test-alter-range-partitioning-invalid-unbounded [id=8eb38e78e3cd4799995cb362386476e0]) successfully deleted
I0929 21:45:49.827666 26926 raft_consensus.cc:2315] T bdfcf05ade7d41c48e3bdc44f1839279 P cffedd68783f4a1c8995fc18ba659b7c [term 1 FOLLOWER]: Snoozing failure detection for election timeout plus an additional 1.596s
I0929 21:45:49.828119 26733 catalog_manager.cc:2925] Scheduling retry of a3a64b2d0f544f60a717264bb0488d5c (table test-alter-range-partitioning-invalid-unbounded [id=8eb38e78e3cd4799995cb362386476e0]) Alter Table RPC with a delay of 12ms (attempt = 0)...
I0929 21:45:49.828186 26926 raft_consensus.cc:2124] T bdfcf05ade7d41c48e3bdc44f1839279 P cffedd68783f4a1c8995fc18ba659b7c [term 1 FOLLOWER]: Leader election won for term 1
W0929 21:45:49.828459 26733 catalog_manager.cc:2946] Async tablet task a3a64b2d0f544f60a717264bb0488d5c (table test-alter-range-partitioning-invalid-unbounded [id=8eb38e78e3cd4799995cb362386476e0]) Alter Table RPC failed: Not found: Failed to reset TS proxy: No leader found: Tablet a3a64b2d0f544f60a717264bb0488d5c consensus state has no leader
I0929 21:45:49.828681 26866 ts_tablet_manager.cc:799] T bdfcf05ade7d41c48e3bdc44f1839279 P cffedd68783f4a1c8995fc18ba659b7c: Time spent starting tablet: real 0.070s user 0.016s sys 0.040s
I0929 21:45:49.829424 26747 catalog_manager.cc:1920] Servicing AlterTable request from {username='slave'} at 127.0.0.1:59015: table { table_name: "test-alter-range-partitioning-invalid-unbounded" } alter_schema_steps { type: ADD_RANGE_PARTITION add_range_partition { range_bounds { rows: "\006\001\000\000\000\000\007\001d\000\000\000" } } } alter_schema_steps { type: ADD_RANGE_PARTITION add_range_partition { range_bounds { rows: "\006\001\000\000\000\000\007\000" } } } schema { columns { name: "c0" type: INT32 is_key: true is_nullable: false encoding: AUTO_ENCODING compression: DEFAULT_COMPRESSION cfile_block_size: 0 } columns { name: "c1" type: INT32 is_key: false is_nullable: false encoding: AUTO_ENCODING compression: DEFAULT_COMPRESSION cfile_block_size: 0 } }
I0929 21:45:49.830621 26734 catalog_manager.cc:2925] Scheduling retry of 019d0f784e474c39b254c4f9911f094b (table test-alter-range-partitioning-invalid-unbounded [id=8eb38e78e3cd4799995cb362386476e0]) Alter Table RPC with a delay of 38ms (attempt = 0)...
W0929 21:45:49.830934 26734 catalog_manager.cc:2946] Async tablet task 019d0f784e474c39b254c4f9911f094b (table test-alter-range-partitioning-invalid-unbounded [id=8eb38e78e3cd4799995cb362386476e0]) Alter Table RPC failed: Not found: Failed to reset TS proxy: No leader found: Tablet 019d0f784e474c39b254c4f9911f094b consensus state has no leader
I0929 21:45:49.831182 26733 catalog_manager.cc:2925] Scheduling retry of e14a330c7d414262b7e059c53354c106 (table test-alter-range-partitioning-invalid-unbounded [id=8eb38e78e3cd4799995cb362386476e0]) Alter Table RPC with a delay of 31ms (attempt = 0)...
W0929 21:45:49.831571 26733 catalog_manager.cc:2946] Async tablet task e14a330c7d414262b7e059c53354c106 (table test-alter-range-partitioning-invalid-unbounded [id=8eb38e78e3cd4799995cb362386476e0]) Alter Table RPC failed: Not found: Failed to reset TS proxy: No leader found: Tablet e14a330c7d414262b7e059c53354c106 consensus state has no leader
I0929 21:45:49.833747 26731 catalog_manager.cc:3154] Sending DeleteTablet(TABLET_DATA_DELETED) for tablet a30c92b3f9854f84935d9addc142006c on cffedd68783f4a1c8995fc18ba659b7c (127.0.0.1:60775) (Partition dropped at 2017-09-29 21:45:49 UTC)
I0929 21:45:49.833814 26733 catalog_manager.cc:2925] Scheduling retry of 5a3b867613954ef9a6560f5c780cffc5 (table test-alter-range-partitioning-invalid-unbounded [id=8eb38e78e3cd4799995cb362386476e0]) Alter Table RPC with a delay of 33ms (attempt = 0)...
W0929 21:45:49.834229 26733 catalog_manager.cc:2946] Async tablet task 5a3b867613954ef9a6560f5c780cffc5 (table test-alter-range-partitioning-invalid-unbounded [id=8eb38e78e3cd4799995cb362386476e0]) Alter Table RPC failed: Not found: Failed to reset TS proxy: No leader found: Tablet 5a3b867613954ef9a6560f5c780cffc5 consensus state has no leader
I0929 21:45:49.835469 26734 catalog_manager.cc:2925] Scheduling retry of f92b78a409fb4b6db8ab56c535e2bfea (table test-alter-range-partitioning-invalid-unbounded [id=8eb38e78e3cd4799995cb362386476e0]) Alter Table RPC with a delay of 15ms (attempt = 0)...
I0929 21:45:49.835181 26747 catalog_manager.cc:1920] Servicing AlterTable request from {username='slave'} at 127.0.0.1:59015: table { table_name: "test-alter-range-partitioning-invalid-unbounded" } alter_schema_steps { type: ADD_RANGE_PARTITION add_range_partition { range_bounds { rows: "\006\001\000\000\000\000\007\001d\000\000\000" } } } schema { columns { name: "c0" type: INT32 is_key: true is_nullable: false encoding: AUTO_ENCODING compression: DEFAULT_COMPRESSION cfile_block_size: 0 } columns { name: "c1" type: INT32 is_key: false is_nullable: false encoding: AUTO_ENCODING compression: DEFAULT_COMPRESSION cfile_block_size: 0 } }
W0929 21:45:49.835853 26734 catalog_manager.cc:2946] Async tablet task f92b78a409fb4b6db8ab56c535e2bfea (table test-alter-range-partitioning-invalid-unbounded [id=8eb38e78e3cd4799995cb362386476e0]) Alter Table RPC failed: Not found: Failed to reset TS proxy: No leader found: Tablet f92b78a409fb4b6db8ab56c535e2bfea consensus state has no leader
I0929 21:45:49.836310 26733 catalog_manager.cc:2925] Scheduling retry of 5863b148d82f4bc183d8e0c203dbcdeb (table test-alter-range-partitioning-invalid-unbounded [id=8eb38e78e3cd4799995cb362386476e0]) Alter Table RPC with a delay of 30ms (attempt = 0)...
