I0929 21:45:45.804090 26418 maintenance_manager.cc:206] P 007a1928fd424e76b35d3ee3ba61dd78: Unregistered op UndoDeltaBlockGCOp(1874f12be19040f99d578034e1152910)
I0929 21:45:45.804188 26421 maintenance_manager.cc:206] P 007a1928fd424e76b35d3ee3ba61dd78: Unregistered op FlushDeltaMemStoresOp(8ea010dc3c1647728725bfc11124435e)
I0929 21:45:45.804280 26418 maintenance_manager.cc:206] P 007a1928fd424e76b35d3ee3ba61dd78: Unregistered op FlushMRSOp(1874f12be19040f99d578034e1152910)
I0929 21:45:45.804363 26421 maintenance_manager.cc:206] P 007a1928fd424e76b35d3ee3ba61dd78: Unregistered op LogGCOp(8ea010dc3c1647728725bfc11124435e)
I0929 21:45:45.804461 26418 maintenance_manager.cc:206] P 007a1928fd424e76b35d3ee3ba61dd78: Unregistered op FlushDeltaMemStoresOp(1874f12be19040f99d578034e1152910)
I0929 21:45:45.804563 26421 raft_consensus.cc:1722] T 8ea010dc3c1647728725bfc11124435e P 007a1928fd424e76b35d3ee3ba61dd78 [term 1 LEADER]: Raft consensus shutting down.
I0929 21:45:45.804630 26418 maintenance_manager.cc:206] P 007a1928fd424e76b35d3ee3ba61dd78: Unregistered op LogGCOp(1874f12be19040f99d578034e1152910)
I0929 21:45:45.804853 26418 raft_consensus.cc:1722] T 1874f12be19040f99d578034e1152910 P 007a1928fd424e76b35d3ee3ba61dd78 [term 1 LEADER]: Raft consensus shutting down.
I0929 21:45:45.805358 26418 raft_consensus.cc:1738] T 1874f12be19040f99d578034e1152910 P 007a1928fd424e76b35d3ee3ba61dd78 [term 1 LEADER]: Raft consensus is shut down!
I0929 21:45:45.805171 26421 raft_consensus.cc:1738] T 8ea010dc3c1647728725bfc11124435e P 007a1928fd424e76b35d3ee3ba61dd78 [term 1 LEADER]: Raft consensus is shut down!
I0929 21:45:45.822569 26419 tablet_service.cc:672] Processing CreateTablet for tablet d07b6942fe464bdb83be6585232a1eaf (table=test-alter-range-partitioning [id=7b76a5131d4a4d1eb84477521aba14e2]), partition=HASH (c0) PARTITION 0, RANGE (c0) PARTITION 50 <= VALUES < 150
I0929 21:45:45.822906 26420 tablet_service.cc:672] Processing CreateTablet for tablet 0af000b888624fe6a8ce9d1f68562d4a (table=test-alter-range-partitioning [id=7b76a5131d4a4d1eb84477521aba14e2]), partition=HASH (c0) PARTITION 1, RANGE (c0) PARTITION 50 <= VALUES < 150
I0929 21:45:45.834918 26421 ts_tablet_manager.cc:1063] T 8ea010dc3c1647728725bfc11124435e P 007a1928fd424e76b35d3ee3ba61dd78: Deleting tablet data with delete state TABLET_DATA_DELETED
I0929 21:45:45.838542 26418 ts_tablet_manager.cc:1063] T 1874f12be19040f99d578034e1152910 P 007a1928fd424e76b35d3ee3ba61dd78: Deleting tablet data with delete state TABLET_DATA_DELETED
I0929 21:45:45.844343 26419 ts_tablet_manager.cc:906] T d07b6942fe464bdb83be6585232a1eaf P 007a1928fd424e76b35d3ee3ba61dd78: Registered tablet (data state: TABLET_DATA_READY)
I0929 21:45:45.844883 26464 ts_tablet_manager.cc:767] T d07b6942fe464bdb83be6585232a1eaf P 007a1928fd424e76b35d3ee3ba61dd78: Bootstrapping tablet
I0929 21:45:45.849967 26332 catalog_manager.cc:2925] Scheduling retry of d07b6942fe464bdb83be6585232a1eaf (table test-alter-range-partitioning [id=7b76a5131d4a4d1eb84477521aba14e2]) Alter Table RPC with a delay of 53ms (attempt = 0)...
I0929 21:45:45.850178 26464 tablet_bootstrap.cc:406] T d07b6942fe464bdb83be6585232a1eaf P 007a1928fd424e76b35d3ee3ba61dd78: Bootstrap starting.
W0929 21:45:45.850378 26332 catalog_manager.cc:2946] Async tablet task d07b6942fe464bdb83be6585232a1eaf (table test-alter-range-partitioning [id=7b76a5131d4a4d1eb84477521aba14e2]) Alter Table RPC failed: Not found: Failed to reset TS proxy: No leader found: Tablet d07b6942fe464bdb83be6585232a1eaf consensus state has no leader
I0929 21:45:45.851909 26329 catalog_manager.cc:2925] Scheduling retry of 0af000b888624fe6a8ce9d1f68562d4a (table test-alter-range-partitioning [id=7b76a5131d4a4d1eb84477521aba14e2]) Alter Table RPC with a delay of 26ms (attempt = 0)...
W0929 21:45:45.852283 26329 catalog_manager.cc:2946] Async tablet task 0af000b888624fe6a8ce9d1f68562d4a (table test-alter-range-partitioning [id=7b76a5131d4a4d1eb84477521aba14e2]) Alter Table RPC failed: Not found: Failed to reset TS proxy: No leader found: Tablet 0af000b888624fe6a8ce9d1f68562d4a consensus state has no leader
I0929 21:45:45.852962 26464 tablet_bootstrap.cc:543] T d07b6942fe464bdb83be6585232a1eaf P 007a1928fd424e76b35d3ee3ba61dd78: No blocks or log segments found. Creating new log.
I0929 21:45:45.853515 26420 ts_tablet_manager.cc:906] T 0af000b888624fe6a8ce9d1f68562d4a P 007a1928fd424e76b35d3ee3ba61dd78: Registered tablet (data state: TABLET_DATA_READY)
I0929 21:45:45.854926 26421 ts_tablet_manager.cc:1075] T 8ea010dc3c1647728725bfc11124435e P 007a1928fd424e76b35d3ee3ba61dd78: Tablet deleted. Last logged OpId: 1.2
I0929 21:45:45.855262 26421 log.cc:965] T 8ea010dc3c1647728725bfc11124435e P 007a1928fd424e76b35d3ee3ba61dd78: Deleting WAL directory at /tmp/run_tha_test8NQfeJ/test-tmp/alter_table-test.AlterTableTest.TestAlterRangePartitioning.1506721518627625-22612/minicluster-data/ts-0-root/wals/8ea010dc3c1647728725bfc11124435e
I0929 21:45:45.855906 26421 consensus_meta.cc:78] T 8ea010dc3c1647728725bfc11124435e Deleting consensus metadata
I0929 21:45:45.857188 26331 catalog_manager.cc:3130] TS 007a1928fd424e76b35d3ee3ba61dd78 (127.0.0.1:57485): tablet 8ea010dc3c1647728725bfc11124435e (table test-alter-range-partitioning [id=7b76a5131d4a4d1eb84477521aba14e2]) successfully deleted
I0929 21:45:45.859803 26464 tablet_bootstrap.cc:406] T d07b6942fe464bdb83be6585232a1eaf P 007a1928fd424e76b35d3ee3ba61dd78: No bootstrap required, opened a new log
I0929 21:45:45.860249 26464 ts_tablet_manager.cc:772] T d07b6942fe464bdb83be6585232a1eaf P 007a1928fd424e76b35d3ee3ba61dd78: Time spent bootstrapping tablet: real 0.015s user 0.012s sys 0.000s
I0929 21:45:45.861796 26418 ts_tablet_manager.cc:1075] T 1874f12be19040f99d578034e1152910 P 007a1928fd424e76b35d3ee3ba61dd78: Tablet deleted. Last logged OpId: 1.2
I0929 21:45:45.862112 26418 log.cc:965] T 1874f12be19040f99d578034e1152910 P 007a1928fd424e76b35d3ee3ba61dd78: Deleting WAL directory at /tmp/run_tha_test8NQfeJ/test-tmp/alter_table-test.AlterTableTest.TestAlterRangePartitioning.1506721518627625-22612/minicluster-data/ts-0-root/wals/1874f12be19040f99d578034e1152910
I0929 21:45:45.862730 26418 consensus_meta.cc:78] T 1874f12be19040f99d578034e1152910 Deleting consensus metadata
I0929 21:45:45.867630 26331 catalog_manager.cc:3130] TS 007a1928fd424e76b35d3ee3ba61dd78 (127.0.0.1:57485): tablet 1874f12be19040f99d578034e1152910 (table test-alter-range-partitioning [id=7b76a5131d4a4d1eb84477521aba14e2]) successfully deleted
I0929 21:45:45.869428 26464 raft_consensus.cc:289] T d07b6942fe464bdb83be6585232a1eaf P 007a1928fd424e76b35d3ee3ba61dd78 [term 0 FOLLOWER]: Replica starting. Triggering 0 pending transactions. Active config: opid_index: -1 OBSOLETE_local: true peers { permanent_uuid: "007a1928fd424e76b35d3ee3ba61dd78" member_type: VOTER last_known_addr { host: "127.0.0.1" port: 57485 } }
I0929 21:45:45.870101 26464 raft_consensus.cc:320] T d07b6942fe464bdb83be6585232a1eaf P 007a1928fd424e76b35d3ee3ba61dd78 [term 0 FOLLOWER]: Consensus starting up: Expiring failure detector timer to make a prompt election more likely
I0929 21:45:45.870312 26464 raft_consensus.cc:549] T d07b6942fe464bdb83be6585232a1eaf P 007a1928fd424e76b35d3ee3ba61dd78 [term 0 FOLLOWER]: Becoming Follower/Learner. State: Replica: 007a1928fd424e76b35d3ee3ba61dd78, State: 1, Role: FOLLOWER
I0929 21:45:45.870573 26464 consensus_queue.cc:184] T d07b6942fe464bdb83be6585232a1eaf P 007a1928fd424e76b35d3ee3ba61dd78 [NON_LEADER]: Queue going to NON_LEADER mode. State: All replicated index: 0, Majority replicated index: 0, Committed index: 0, Last appended: 0.0, Last appended by leader: 0, Current term: 0, Majority size: -1, State: 1, Mode: NON_LEADER
I0929 21:45:45.870877 26464 raft_consensus.cc:333] T d07b6942fe464bdb83be6585232a1eaf P 007a1928fd424e76b35d3ee3ba61dd78 [term 0 FOLLOWER]: Only one voter in the Raft config. Triggering election immediately
I0929 21:45:45.871052 26464 raft_consensus.cc:412] T d07b6942fe464bdb83be6585232a1eaf P 007a1928fd424e76b35d3ee3ba61dd78 [term 0 FOLLOWER]: Starting leader election (initial election of a single-replica configuration)
I0929 21:45:45.871228 26464 raft_consensus.cc:2315] T d07b6942fe464bdb83be6585232a1eaf P 007a1928fd424e76b35d3ee3ba61dd78 [term 0 FOLLOWER]: Snoozing failure detection for election timeout plus an additional 1.854s
I0929 21:45:45.871419 26464 raft_consensus.cc:2359] T d07b6942fe464bdb83be6585232a1eaf P 007a1928fd424e76b35d3ee3ba61dd78 [term 0 FOLLOWER]: Advancing to term 1
I0929 21:45:45.876380 26464 raft_consensus.cc:436] T d07b6942fe464bdb83be6585232a1eaf P 007a1928fd424e76b35d3ee3ba61dd78 [term 1 FOLLOWER]: Starting leader election with config: opid_index: -1 OBSOLETE_local: true peers { permanent_uuid: "007a1928fd424e76b35d3ee3ba61dd78" member_type: VOTER last_known_addr { host: "127.0.0.1" port: 57485 } }
I0929 21:45:45.876904 26464 leader_election.cc:243] T d07b6942fe464bdb83be6585232a1eaf P 007a1928fd424e76b35d3ee3ba61dd78 [CANDIDATE]: Term 1 election: Election decided. Result: candidate won.
I0929 21:45:45.878072 26527 raft_consensus.cc:2315] T d07b6942fe464bdb83be6585232a1eaf P 007a1928fd424e76b35d3ee3ba61dd78 [term 1 FOLLOWER]: Snoozing failure detection for election timeout plus an additional 2.071s
I0929 21:45:45.878320 26527 raft_consensus.cc:2124] T d07b6942fe464bdb83be6585232a1eaf P 007a1928fd424e76b35d3ee3ba61dd78 [term 1 FOLLOWER]: Leader election won for term 1
I0929 21:45:45.878840 26329 catalog_manager.cc:2925] Scheduling retry of 0af000b888624fe6a8ce9d1f68562d4a (table test-alter-range-partitioning [id=7b76a5131d4a4d1eb84477521aba14e2]) Alter Table RPC with a delay of 39ms (attempt = 0)...
W0929 21:45:45.879180 26329 catalog_manager.cc:2946] Async tablet task 0af000b888624fe6a8ce9d1f68562d4a (table test-alter-range-partitioning [id=7b76a5131d4a4d1eb84477521aba14e2]) Alter Table RPC failed: Not found: Failed to reset TS proxy: No leader found: Tablet 0af000b888624fe6a8ce9d1f68562d4a consensus state has no leader
I0929 21:45:45.879935 26464 ts_tablet_manager.cc:799] T d07b6942fe464bdb83be6585232a1eaf P 007a1928fd424e76b35d3ee3ba61dd78: Time spent starting tablet: real 0.019s user 0.020s sys 0.000s
I0929 21:45:45.880396 26464 ts_tablet_manager.cc:767] T 0af000b888624fe6a8ce9d1f68562d4a P 007a1928fd424e76b35d3ee3ba61dd78: Bootstrapping tablet
I0929 21:45:45.885195 26464 tablet_bootstrap.cc:406] T 0af000b888624fe6a8ce9d1f68562d4a P 007a1928fd424e76b35d3ee3ba61dd78: Bootstrap starting.
I0929 21:45:45.887945 26464 tablet_bootstrap.cc:543] T 0af000b888624fe6a8ce9d1f68562d4a P 007a1928fd424e76b35d3ee3ba61dd78: No blocks or log segments found. Creating new log.
I0929 21:45:45.890501 26527 raft_consensus.cc:519] T d07b6942fe464bdb83be6585232a1eaf P 007a1928fd424e76b35d3ee3ba61dd78 [term 1 LEADER]: Becoming Leader. State: Replica: 007a1928fd424e76b35d3ee3ba61dd78, State: 1, Role: LEADER
I0929 21:45:45.890926 26527 consensus_queue.cc:163] T d07b6942fe464bdb83be6585232a1eaf P 007a1928fd424e76b35d3ee3ba61dd78 [LEADER]: Queue going to LEADER mode. State: All replicated index: 0, Majority replicated index: 0, Committed index: 0, Last appended: 0.0, Last appended by leader: 0, Current term: 1, Majority size: 1, State: 1, Mode: LEADER, active raft config: opid_index: -1 OBSOLETE_local: true peers { permanent_uuid: "007a1928fd424e76b35d3ee3ba61dd78" member_type: VOTER last_known_addr { host: "127.0.0.1" port: 57485 } }
I0929 21:45:45.892073 26464 tablet_bootstrap.cc:406] T 0af000b888624fe6a8ce9d1f68562d4a P 007a1928fd424e76b35d3ee3ba61dd78: No bootstrap required, opened a new log
I0929 21:45:45.892503 26464 ts_tablet_manager.cc:772] T 0af000b888624fe6a8ce9d1f68562d4a P 007a1928fd424e76b35d3ee3ba61dd78: Time spent bootstrapping tablet: real 0.012s user 0.008s sys 0.000s
I0929 21:45:45.898962 26464 raft_consensus.cc:289] T 0af000b888624fe6a8ce9d1f68562d4a P 007a1928fd424e76b35d3ee3ba61dd78 [term 0 FOLLOWER]: Replica starting. Triggering 0 pending transactions. Active config: opid_index: -1 OBSOLETE_local: true peers { permanent_uuid: "007a1928fd424e76b35d3ee3ba61dd78" member_type: VOTER last_known_addr { host: "127.0.0.1" port: 57485 } }
I0929 21:45:45.899638 26464 raft_consensus.cc:320] T 0af000b888624fe6a8ce9d1f68562d4a P 007a1928fd424e76b35d3ee3ba61dd78 [term 0 FOLLOWER]: Consensus starting up: Expiring failure detector timer to make a prompt election more likely
I0929 21:45:45.899396 26341 catalog_manager.cc:2555] T d07b6942fe464bdb83be6585232a1eaf reported consensus state change: term changed from 0 to 1, leader changed from to 007a1928fd424e76b35d3ee3ba61dd78 (127.0.0.1). New consensus state: current_term: 1 leader_uuid: "007a1928fd424e76b35d3ee3ba61dd78" committed_config { opid_index: -1 OBSOLETE_local: true peers { permanent_uuid: "007a1928fd424e76b35d3ee3ba61dd78" member_type: VOTER last_known_addr { host: "127.0.0.1" port: 57485 } } }
I0929 21:45:45.899860 26464 raft_consensus.cc:549] T 0af000b888624fe6a8ce9d1f68562d4a P 007a1928fd424e76b35d3ee3ba61dd78 [term 0 FOLLOWER]: Becoming Follower/Learner. State: Replica: 007a1928fd424e76b35d3ee3ba61dd78, State: 1, Role: FOLLOWER
I0929 21:45:45.901507 26464 consensus_queue.cc:184] T 0af000b888624fe6a8ce9d1f68562d4a P 007a1928fd424e76b35d3ee3ba61dd78 [NON_LEADER]: Queue going to NON_LEADER mode. State: All replicated index: 0, Majority replicated index: 0, Committed index: 0, Last appended: 0.0, Last appended by leader: 0, Current term: 0, Majority size: -1, State: 1, Mode: NON_LEADER
I0929 21:45:45.901788 26464 raft_consensus.cc:333] T 0af000b888624fe6a8ce9d1f68562d4a P 007a1928fd424e76b35d3ee3ba61dd78 [term 0 FOLLOWER]: Only one voter in the Raft config. Triggering election immediately
I0929 21:45:45.901917 26464 raft_consensus.cc:412] T 0af000b888624fe6a8ce9d1f68562d4a P 007a1928fd424e76b35d3ee3ba61dd78 [term 0 FOLLOWER]: Starting leader election (initial election of a single-replica configuration)
I0929 21:45:45.902074 26464 raft_consensus.cc:2315] T 0af000b888624fe6a8ce9d1f68562d4a P 007a1928fd424e76b35d3ee3ba61dd78 [term 0 FOLLOWER]: Snoozing failure detection for election timeout plus an additional 1.606s
I0929 21:45:45.902235 26464 raft_consensus.cc:2359] T 0af000b888624fe6a8ce9d1f68562d4a P 007a1928fd424e76b35d3ee3ba61dd78 [term 0 FOLLOWER]: Advancing to term 1
I0929 21:45:45.903949 26332 catalog_manager.cc:2925] Scheduling retry of d07b6942fe464bdb83be6585232a1eaf (table test-alter-range-partitioning [id=7b76a5131d4a4d1eb84477521aba14e2]) Alter Table RPC with a delay of 54ms (attempt = 0)...
W0929 21:45:45.904294 26332 catalog_manager.cc:2946] Async tablet task d07b6942fe464bdb83be6585232a1eaf (table test-alter-range-partitioning [id=7b76a5131d4a4d1eb84477521aba14e2]) Alter Table RPC failed: Not found: Failed to reset TS proxy: No leader found: Tablet d07b6942fe464bdb83be6585232a1eaf consensus state has no leader
I0929 21:45:45.906210 26464 raft_consensus.cc:436] T 0af000b888624fe6a8ce9d1f68562d4a P 007a1928fd424e76b35d3ee3ba61dd78 [term 1 FOLLOWER]: Starting leader election with config: opid_index: -1 OBSOLETE_local: true peers { permanent_uuid: "007a1928fd424e76b35d3ee3ba61dd78" member_type: VOTER last_known_addr { host: "127.0.0.1" port: 57485 } }
I0929 21:45:45.906673 26464 leader_election.cc:243] T 0af000b888624fe6a8ce9d1f68562d4a P 007a1928fd424e76b35d3ee3ba61dd78 [CANDIDATE]: Term 1 election: Election decided. Result: candidate won.
I0929 21:45:45.909253 26341 catalog_manager.cc:3651] T 00000000000000000000000000000000 P 195cbec92396457581f6ae639bbf4745: test-alter-range-partitioning [id=7b76a5131d4a4d1eb84477521aba14e2] - Alter table completed version=0
I0929 21:45:45.910470 26534 raft_consensus.cc:2315] T 0af000b888624fe6a8ce9d1f68562d4a P 007a1928fd424e76b35d3ee3ba61dd78 [term 1 FOLLOWER]: Snoozing failure detection for election timeout plus an additional 1.550s
I0929 21:45:45.910789 26534 raft_consensus.cc:2124] T 0af000b888624fe6a8ce9d1f68562d4a P 007a1928fd424e76b35d3ee3ba61dd78 [term 1 FOLLOWER]: Leader election won for term 1
I0929 21:45:45.912675 26464 ts_tablet_manager.cc:799] T 0af000b888624fe6a8ce9d1f68562d4a P 007a1928fd424e76b35d3ee3ba61dd78: Time spent starting tablet: real 0.020s user 0.012s sys 0.004s
I0929 21:45:45.913830 26534 raft_consensus.cc:519] T 0af000b888624fe6a8ce9d1f68562d4a P 007a1928fd424e76b35d3ee3ba61dd78 [term 1 LEADER]: Becoming Leader. State: Replica: 007a1928fd424e76b35d3ee3ba61dd78, State: 1, Role: LEADER
I0929 21:45:45.914201 26534 consensus_queue.cc:163] T 0af000b888624fe6a8ce9d1f68562d4a P 007a1928fd424e76b35d3ee3ba61dd78 [LEADER]: Queue going to LEADER mode. State: All replicated index: 0, Majority replicated index: 0, Committed index: 0, Last appended: 0.0, Last appended by leader: 0, Current term: 1, Majority size: 1, State: 1, Mode: LEADER, active raft config: opid_index: -1 OBSOLETE_local: true peers { permanent_uuid: "007a1928fd424e76b35d3ee3ba61dd78" member_type: VOTER last_known_addr { host: "127.0.0.1" port: 57485 } }
I0929 21:45:45.918772 26329 catalog_manager.cc:2925] Scheduling retry of 0af000b888624fe6a8ce9d1f68562d4a (table test-alter-range-partitioning [id=7b76a5131d4a4d1eb84477521aba14e2]) Alter Table RPC with a delay of 20ms (attempt = 0)...
W0929 21:45:45.919167 26329 catalog_manager.cc:2946] Async tablet task 0af000b888624fe6a8ce9d1f68562d4a (table test-alter-range-partitioning [id=7b76a5131d4a4d1eb84477521aba14e2]) Alter Table RPC failed: Not found: Failed to reset TS proxy: No leader found: Tablet 0af000b888624fe6a8ce9d1f68562d4a consensus state has no leader
I0929 21:45:45.920151 26345 catalog_manager.cc:2555] T 0af000b888624fe6a8ce9d1f68562d4a reported consensus state change: term changed from 0 to 1, leader changed from to 007a1928fd424e76b35d3ee3ba61dd78 (127.0.0.1). New consensus state: current_term: 1 leader_uuid: "007a1928fd424e76b35d3ee3ba61dd78" committed_config { opid_index: -1 OBSOLETE_local: true peers { permanent_uuid: "007a1928fd424e76b35d3ee3ba61dd78" member_type: VOTER last_known_addr { host: "127.0.0.1" port: 57485 } } }
I0929 21:45:45.995803 26345 catalog_manager.cc:1920] Servicing AlterTable request from {username='slave'} at 127.0.0.1:44106: table { table_name: "test-alter-range-partitioning" } alter_schema_steps { type: ADD_RANGE_PARTITION add_range_partition { range_bounds { rows: "\006\001\310\000\000\000\007\001,\001\000\000" } } } alter_schema_steps { type: ADD_COLUMN add_column { schema { name: "c2" type: INT32 is_nullable: true encoding: AUTO_ENCODING compression: DEFAULT_COMPRESSION cfile_block_size: 0 } } } new_table_name: "test-alter-range-partitioning-renamed" schema { columns { name: "c0" type: INT32 is_key: true is_nullable: false encoding: AUTO_ENCODING compression: DEFAULT_COMPRESSION cfile_block_size: 0 } columns { name: "c1" type: INT32 is_key: false is_nullable: false encoding: AUTO_ENCODING compression: DEFAULT_COMPRESSION cfile_block_size: 0 } }
I0929 21:45:46.003685 26345 catalog_manager.cc:2925] Scheduling retry of f95de7addac4440ab81a5c95104a4eea (table test-alter-range-partitioning-renamed [id=7b76a5131d4a4d1eb84477521aba14e2]) Alter Table RPC with a delay of 46ms (attempt = 0)...
W0929 21:45:46.004101 26345 catalog_manager.cc:3406] Failed to send alter table request: Not found: Failed to reset TS proxy: No leader found: Tablet f95de7addac4440ab81a5c95104a4eea has no consensus state
I0929 21:45:46.006206 26345 catalog_manager.cc:2925] Scheduling retry of 733f7a0068524d9ba47f8e73752e21ac (table test-alter-range-partitioning-renamed [id=7b76a5131d4a4d1eb84477521aba14e2]) Alter Table RPC with a delay of 27ms (attempt = 0)...
W0929 21:45:46.006516 26345 catalog_manager.cc:3406] Failed to send alter table request: Not found: Failed to reset TS proxy: No leader found: Tablet 733f7a0068524d9ba47f8e73752e21ac has no consensus state
I0929 21:45:46.008150 26523 tablet.cc:1087] T d07b6942fe464bdb83be6585232a1eaf P 007a1928fd424e76b35d3ee3ba61dd78: Alter schema from Schema [ 10:c0[int32 NOT NULL], 11:c1[int32 NOT NULL] ] version 0 to Schema [ 10:c0[int32 NOT NULL], 11:c1[int32 NOT NULL], 12:c2[int32 NULLABLE] ] version 1
I0929 21:45:46.009443 26523 tablet.cc:1039] T d07b6942fe464bdb83be6585232a1eaf P 007a1928fd424e76b35d3ee3ba61dd78: Flush: entering stage 1 (old memrowset already frozen for inserts)
I0929 21:45:46.009662 26523 compaction.cc:881] Selected 1 rowsets to compact:
I0929 21:45:46.009816 26523 compaction.cc:884] memrowset(current size on disk: ~0 bytes)
I0929 21:45:46.009970 26523 tablet.cc:1041] T d07b6942fe464bdb83be6585232a1eaf P 007a1928fd424e76b35d3ee3ba61dd78: Memstore in-memory size: 3751 bytes
I0929 21:45:46.010215 26523 tablet.cc:1304] T d07b6942fe464bdb83be6585232a1eaf P 007a1928fd424e76b35d3ee3ba61dd78: Flush: entering phase 1 (flushing snapshot). Phase 1 snapshot: MvccSnapshot[committed={T|T < 35}]
I0929 21:45:46.010803 26524 tablet.cc:1087] T 0af000b888624fe6a8ce9d1f68562d4a P 007a1928fd424e76b35d3ee3ba61dd78: Alter schema from Schema [ 10:c0[int32 NOT NULL], 11:c1[int32 NOT NULL] ] version 0 to Schema [ 10:c0[int32 NOT NULL], 11:c1[int32 NOT NULL], 12:c2[int32 NULLABLE] ] version 1
I0929 21:45:46.012033 26524 tablet.cc:1039] T 0af000b888624fe6a8ce9d1f68562d4a P 007a1928fd424e76b35d3ee3ba61dd78: Flush: entering stage 1 (old memrowset already frozen for inserts)
I0929 21:45:46.012228 26524 compaction.cc:881] Selected 1 rowsets to compact:
I0929 21:45:46.012372 26524 compaction.cc:884] memrowset(current size on disk: ~0 bytes)
I0929 21:45:46.012518 26524 tablet.cc:1041] T 0af000b888624fe6a8ce9d1f68562d4a P 007a1928fd424e76b35d3ee3ba61dd78: Memstore in-memory size: 3751 bytes
I0929 21:45:46.012696 26524 tablet.cc:1304] T 0af000b888624fe6a8ce9d1f68562d4a P 007a1928fd424e76b35d3ee3ba61dd78: Flush: entering phase 1 (flushing snapshot). Phase 1 snapshot: MvccSnapshot[committed={T|T < 36}]
I0929 21:45:46.017740 26421 tablet_service.cc:672] Processing CreateTablet for tablet f95de7addac4440ab81a5c95104a4eea (table=test-alter-range-partitioning-renamed [id=7b76a5131d4a4d1eb84477521aba14e2]), partition=HASH (c0) PARTITION 0, RANGE (c0) PARTITION 200 <= VALUES < 300
I0929 21:45:46.017910 26418 tablet_service.cc:672] Processing CreateTablet for tablet 733f7a0068524d9ba47f8e73752e21ac (table=test-alter-range-partitioning-renamed [id=7b76a5131d4a4d1eb84477521aba14e2]), partition=HASH (c0) PARTITION 1, RANGE (c0) PARTITION 200 <= VALUES < 300
I0929 21:45:46.025075 26524 multi_column_writer.cc:89] Opened CFile writers for 3 column(s)
I0929 21:45:46.032275 26523 multi_column_writer.cc:89] Opened CFile writers for 3 column(s)
I0929 21:45:46.032186 26418 ts_tablet_manager.cc:906] T 733f7a0068524d9ba47f8e73752e21ac P 007a1928fd424e76b35d3ee3ba61dd78: Registered tablet (data state: TABLET_DATA_READY)
I0929 21:45:46.034000 26329 catalog_manager.cc:2925] Scheduling retry of 733f7a0068524d9ba47f8e73752e21ac (table test-alter-range-partitioning-renamed [id=7b76a5131d4a4d1eb84477521aba14e2]) Alter Table RPC with a delay of 40ms (attempt = 0)...
W0929 21:45:46.034513 26329 catalog_manager.cc:2946] Async tablet task 733f7a0068524d9ba47f8e73752e21ac (table test-alter-range-partitioning-renamed [id=7b76a5131d4a4d1eb84477521aba14e2]) Alter Table RPC failed: Not found: Failed to reset TS proxy: No leader found: Tablet 733f7a0068524d9ba47f8e73752e21ac consensus state has no leader
I0929 21:45:46.050684 26331 catalog_manager.cc:2925] Scheduling retry of f95de7addac4440ab81a5c95104a4eea (table test-alter-range-partitioning-renamed [id=7b76a5131d4a4d1eb84477521aba14e2]) Alter Table RPC with a delay of 33ms (attempt = 0)...
W0929 21:45:46.051120 26331 catalog_manager.cc:2946] Async tablet task f95de7addac4440ab81a5c95104a4eea (table test-alter-range-partitioning-renamed [id=7b76a5131d4a4d1eb84477521aba14e2]) Alter Table RPC failed: Not found: Failed to reset TS proxy: No leader found: Tablet f95de7addac4440ab81a5c95104a4eea consensus state has no leader
I0929 21:45:46.038039 26421 ts_tablet_manager.cc:906] T f95de7addac4440ab81a5c95104a4eea P 007a1928fd424e76b35d3ee3ba61dd78: Registered tablet (data state: TABLET_DATA_READY)
I0929 21:45:46.053022 26464 ts_tablet_manager.cc:767] T 733f7a0068524d9ba47f8e73752e21ac P 007a1928fd424e76b35d3ee3ba61dd78: Bootstrapping tablet
I0929 21:45:46.059770 26464 tablet_bootstrap.cc:406] T 733f7a0068524d9ba47f8e73752e21ac P 007a1928fd424e76b35d3ee3ba61dd78: Bootstrap starting.
I0929 21:45:46.063046 26464 tablet_bootstrap.cc:543] T 733f7a0068524d9ba47f8e73752e21ac P 007a1928fd424e76b35d3ee3ba61dd78: No blocks or log segments found. Creating new log.
I0929 21:45:46.067111 26524 tablet.cc:1389] T 0af000b888624fe6a8ce9d1f68562d4a P 007a1928fd424e76b35d3ee3ba61dd78: Flush: entering phase 2 (starting to duplicate updates in new rowsets)
I0929 21:45:46.067698 26524 tablet.cc:1444] T 0af000b888624fe6a8ce9d1f68562d4a P 007a1928fd424e76b35d3ee3ba61dd78: Flush Phase 2: carrying over any updates which arrived during Phase 1
I0929 21:45:46.067878 26524 tablet.cc:1446] T 0af000b888624fe6a8ce9d1f68562d4a P 007a1928fd424e76b35d3ee3ba61dd78: Phase 2 snapshot: MvccSnapshot[committed={T|T < 36}]
I0929 21:45:46.068181 26523 tablet.cc:1389] T d07b6942fe464bdb83be6585232a1eaf P 007a1928fd424e76b35d3ee3ba61dd78: Flush: entering phase 2 (starting to duplicate updates in new rowsets)
I0929 21:45:46.068711 26523 tablet.cc:1444] T d07b6942fe464bdb83be6585232a1eaf P 007a1928fd424e76b35d3ee3ba61dd78: Flush Phase 2: carrying over any updates which arrived during Phase 1
I0929 21:45:46.068914 26523 tablet.cc:1446] T d07b6942fe464bdb83be6585232a1eaf P 007a1928fd424e76b35d3ee3ba61dd78: Phase 2 snapshot: MvccSnapshot[committed={T|T < 35}]
I0929 21:45:46.075397 26329 catalog_manager.cc:2925] Scheduling retry of 733f7a0068524d9ba47f8e73752e21ac (table test-alter-range-partitioning-renamed [id=7b76a5131d4a4d1eb84477521aba14e2]) Alter Table RPC with a delay of 29ms (attempt = 0)...
W0929 21:45:46.075844 26329 catalog_manager.cc:2946] Async tablet task 733f7a0068524d9ba47f8e73752e21ac (table test-alter-range-partitioning-renamed [id=7b76a5131d4a4d1eb84477521aba14e2]) Alter Table RPC failed: Not found: Failed to reset TS proxy: No leader found: Tablet 733f7a0068524d9ba47f8e73752e21ac consensus state has no leader
I0929 21:45:46.081398 26524 tablet.cc:1488] T 0af000b888624fe6a8ce9d1f68562d4a P 007a1928fd424e76b35d3ee3ba61dd78: Flush successful on 47 rows (4591 bytes)
I0929 21:45:46.082238 26523 tablet.cc:1488] T d07b6942fe464bdb83be6585232a1eaf P 007a1928fd424e76b35d3ee3ba61dd78: Flush successful on 28 rows (4563 bytes)
I0929 21:45:46.085855 26331 catalog_manager.cc:2925] Scheduling retry of f95de7addac4440ab81a5c95104a4eea (table test-alter-range-partitioning-renamed [id=7b76a5131d4a4d1eb84477521aba14e2]) Alter Table RPC with a delay of 56ms (attempt = 0)...
W0929 21:45:46.086205 26331 catalog_manager.cc:2946] Async tablet task f95de7addac4440ab81a5c95104a4eea (table test-alter-range-partitioning-renamed [id=7b76a5131d4a4d1eb84477521aba14e2]) Alter Table RPC failed: Not found: Failed to reset TS proxy: No leader found: Tablet f95de7addac4440ab81a5c95104a4eea consensus state has no leader
I0929 21:45:46.090171 26464 tablet_bootstrap.cc:406] T 733f7a0068524d9ba47f8e73752e21ac P 007a1928fd424e76b35d3ee3ba61dd78: No bootstrap required, opened a new log
I0929 21:45:46.090716 26464 ts_tablet_manager.cc:772] T 733f7a0068524d9ba47f8e73752e21ac P 007a1928fd424e76b35d3ee3ba61dd78: Time spent bootstrapping tablet: real 0.037s user 0.020s sys 0.008s
I0929 21:45:46.097797 26464 raft_consensus.cc:289] T 733f7a0068524d9ba47f8e73752e21ac P 007a1928fd424e76b35d3ee3ba61dd78 [term 0 FOLLOWER]: Replica starting. Triggering 0 pending transactions. Active config: opid_index: -1 OBSOLETE_local: true peers { permanent_uuid: "007a1928fd424e76b35d3ee3ba61dd78" member_type: VOTER last_known_addr { host: "127.0.0.1" port: 57485 } }
I0929 21:45:46.098572 26464 raft_consensus.cc:320] T 733f7a0068524d9ba47f8e73752e21ac P 007a1928fd424e76b35d3ee3ba61dd78 [term 0 FOLLOWER]: Consensus starting up: Expiring failure detector timer to make a prompt election more likely
I0929 21:45:46.098809 26464 raft_consensus.cc:549] T 733f7a0068524d9ba47f8e73752e21ac P 007a1928fd424e76b35d3ee3ba61dd78 [term 0 FOLLOWER]: Becoming Follower/Learner. State: Replica: 007a1928fd424e76b35d3ee3ba61dd78, State: 1, Role: FOLLOWER
I0929 21:45:46.099128 26464 consensus_queue.cc:184] T 733f7a0068524d9ba47f8e73752e21ac P 007a1928fd424e76b35d3ee3ba61dd78 [NON_LEADER]: Queue going to NON_LEADER mode. State: All replicated index: 0, Majority replicated index: 0, Committed index: 0, Last appended: 0.0, Last appended by leader: 0, Current term: 0, Majority size: -1, State: 1, Mode: NON_LEADER
I0929 21:45:46.099478 26464 raft_consensus.cc:333] T 733f7a0068524d9ba47f8e73752e21ac P 007a1928fd424e76b35d3ee3ba61dd78 [term 0 FOLLOWER]: Only one voter in the Raft config. Triggering election immediately
I0929 21:45:46.099699 26464 raft_consensus.cc:412] T 733f7a0068524d9ba47f8e73752e21ac P 007a1928fd424e76b35d3ee3ba61dd78 [term 0 FOLLOWER]: Starting leader election (initial election of a single-replica configuration)
I0929 21:45:46.099933 26464 raft_consensus.cc:2315] T 733f7a0068524d9ba47f8e73752e21ac P 007a1928fd424e76b35d3ee3ba61dd78 [term 0 FOLLOWER]: Snoozing failure detection for election timeout plus an additional 1.722s
I0929 21:45:46.100177 26464 raft_consensus.cc:2359] T 733f7a0068524d9ba47f8e73752e21ac P 007a1928fd424e76b35d3ee3ba61dd78 [term 0 FOLLOWER]: Advancing to term 1
I0929 21:45:46.105517 26329 catalog_manager.cc:2925] Scheduling retry of 733f7a0068524d9ba47f8e73752e21ac (table test-alter-range-partitioning-renamed [id=7b76a5131d4a4d1eb84477521aba14e2]) Alter Table RPC with a delay of 52ms (attempt = 0)...
I0929 21:45:46.105484 26464 raft_consensus.cc:436] T 733f7a0068524d9ba47f8e73752e21ac P 007a1928fd424e76b35d3ee3ba61dd78 [term 1 FOLLOWER]: Starting leader election with config: opid_index: -1 OBSOLETE_local: true peers { permanent_uuid: "007a1928fd424e76b35d3ee3ba61dd78" member_type: VOTER last_known_addr { host: "127.0.0.1" port: 57485 } }
W0929 21:45:46.105929 26329 catalog_manager.cc:2946] Async tablet task 733f7a0068524d9ba47f8e73752e21ac (table test-alter-range-partitioning-renamed [id=7b76a5131d4a4d1eb84477521aba14e2]) Alter Table RPC failed: Not found: Failed to reset TS proxy: No leader found: Tablet 733f7a0068524d9ba47f8e73752e21ac consensus state has no leader
I0929 21:45:46.106400 26464 leader_election.cc:243] T 733f7a0068524d9ba47f8e73752e21ac P 007a1928fd424e76b35d3ee3ba61dd78 [CANDIDATE]: Term 1 election: Election decided. Result: candidate won.
I0929 21:45:46.108184 26544 raft_consensus.cc:2315] T 733f7a0068524d9ba47f8e73752e21ac P 007a1928fd424e76b35d3ee3ba61dd78 [term 1 FOLLOWER]: Snoozing failure detection for election timeout plus an additional 1.934s
I0929 21:45:46.109553 26544 raft_consensus.cc:2124] T 733f7a0068524d9ba47f8e73752e21ac P 007a1928fd424e76b35d3ee3ba61dd78 [term 1 FOLLOWER]: Leader election won for term 1
I0929 21:45:46.111598 26464 ts_tablet_manager.cc:799] T 733f7a0068524d9ba47f8e73752e21ac P 007a1928fd424e76b35d3ee3ba61dd78: Time spent starting tablet: real 0.021s user 0.012s sys 0.004s
I0929 21:45:46.112254 26544 raft_consensus.cc:519] T 733f7a0068524d9ba47f8e73752e21ac P 007a1928fd424e76b35d3ee3ba61dd78 [term 1 LEADER]: Becoming Leader. State: Replica: 007a1928fd424e76b35d3ee3ba61dd78, State: 1, Role: LEADER
I0929 21:45:46.112689 26544 consensus_queue.cc:163] T 733f7a0068524d9ba47f8e73752e21ac P 007a1928fd424e76b35d3ee3ba61dd78 [LEADER]: Queue going to LEADER mode. State: All replicated index: 0, Majority replicated index: 0, Committed index: 0, Last appended: 0.0, Last appended by leader: 0, Current term: 1, Majority size: 1, State: 1, Mode: LEADER, active raft config: opid_index: -1 OBSOLETE_local: true peers { permanent_uuid: "007a1928fd424e76b35d3ee3ba61dd78" member_type: VOTER last_known_addr { host: "127.0.0.1" port: 57485 } }
I0929 21:45:46.115777 26464 ts_tablet_manager.cc:767] T f95de7addac4440ab81a5c95104a4eea P 007a1928fd424e76b35d3ee3ba61dd78: Bootstrapping tablet
I0929 21:45:46.117740 26341 catalog_manager.cc:2446] TS 007a1928fd424e76b35d3ee3ba61dd78 (127.0.0.1:57485) does not have the latest schema for tablet 733f7a0068524d9ba47f8e73752e21ac (table test-alter-range-partitioning-renamed [id=7b76a5131d4a4d1eb84477521aba14e2]). Expected version 1 got 0
I0929 21:45:46.118307 26341 catalog_manager.cc:2555] T 733f7a0068524d9ba47f8e73752e21ac reported consensus state change: term changed from 0 to 1, leader changed from to 007a1928fd424e76b35d3ee3ba61dd78 (127.0.0.1). New consensus state: current_term: 1 leader_uuid: "007a1928fd424e76b35d3ee3ba61dd78" committed_config { opid_index: -1 OBSOLETE_local: true peers { permanent_uuid: "007a1928fd424e76b35d3ee3ba61dd78" member_type: VOTER last_known_addr { host: "127.0.0.1" port: 57485 } } }
I0929 21:45:46.122156 26464 tablet_bootstrap.cc:406] T f95de7addac4440ab81a5c95104a4eea P 007a1928fd424e76b35d3ee3ba61dd78: Bootstrap starting.
I0929 21:45:46.125506 26464 tablet_bootstrap.cc:543] T f95de7addac4440ab81a5c95104a4eea P 007a1928fd424e76b35d3ee3ba61dd78: No blocks or log segments found. Creating new log.
I0929 21:45:46.132997 26345 catalog_manager.cc:2446] TS 007a1928fd424e76b35d3ee3ba61dd78 (127.0.0.1:57485) does not have the latest schema for tablet 733f7a0068524d9ba47f8e73752e21ac (table test-alter-range-partitioning-renamed [id=7b76a5131d4a4d1eb84477521aba14e2]). Expected version 1 got 0
I0929 21:45:46.143622 26331 catalog_manager.cc:2925] Scheduling retry of f95de7addac4440ab81a5c95104a4eea (table test-alter-range-partitioning-renamed [id=7b76a5131d4a4d1eb84477521aba14e2]) Alter Table RPC with a delay of 26ms (attempt = 0)...
W0929 21:45:46.143972 26331 catalog_manager.cc:2946] Async tablet task f95de7addac4440ab81a5c95104a4eea (table test-alter-range-partitioning-renamed [id=7b76a5131d4a4d1eb84477521aba14e2]) Alter Table RPC failed: Not found: Failed to reset TS proxy: No leader found: Tablet f95de7addac4440ab81a5c95104a4eea consensus state has no leader
I0929 21:45:46.145561 26524 tablet.cc:1087] T 733f7a0068524d9ba47f8e73752e21ac P 007a1928fd424e76b35d3ee3ba61dd78: Alter schema from Schema [ 10:c0[int32 NOT NULL], 11:c1[int32 NOT NULL], 12:c2[int32 NULLABLE] ] version 0 to Schema [ 10:c0[int32 NOT NULL], 11:c1[int32 NOT NULL], 12:c2[int32 NULLABLE] ] version 1
I0929 21:45:46.146371 26464 tablet_bootstrap.cc:406] T f95de7addac4440ab81a5c95104a4eea P 007a1928fd424e76b35d3ee3ba61dd78: No bootstrap required, opened a new log
I0929 21:45:46.146886 26464 ts_tablet_manager.cc:772] T f95de7addac4440ab81a5c95104a4eea P 007a1928fd424e76b35d3ee3ba61dd78: Time spent bootstrapping tablet: real 0.031s user 0.012s sys 0.016s
I0929 21:45:46.156654 26523 tablet.cc:1082] T 733f7a0068524d9ba47f8e73752e21ac P 007a1928fd424e76b35d3ee3ba61dd78: Already running schema version 1 got alter request for version 1
I0929 21:45:46.171020 26331 catalog_manager.cc:2925] Scheduling retry of f95de7addac4440ab81a5c95104a4eea (table test-alter-range-partitioning-renamed [id=7b76a5131d4a4d1eb84477521aba14e2]) Alter Table RPC with a delay of 31ms (attempt = 0)...
W0929 21:45:46.171349 26331 catalog_manager.cc:2946] Async tablet task f95de7addac4440ab81a5c95104a4eea (table test-alter-range-partitioning-renamed [id=7b76a5131d4a4d1eb84477521aba14e2]) Alter Table RPC failed: Not found: Failed to reset TS proxy: No leader found: Tablet f95de7addac4440ab81a5c95104a4eea consensus state has no leader
I0929 21:45:46.175742 26464 raft_consensus.cc:289] T f95de7addac4440ab81a5c95104a4eea P 007a1928fd424e76b35d3ee3ba61dd78 [term 0 FOLLOWER]: Replica starting. Triggering 0 pending transactions. Active config: opid_index: -1 OBSOLETE_local: true peers { permanent_uuid: "007a1928fd424e76b35d3ee3ba61dd78" member_type: VOTER last_known_addr { host: "127.0.0.1" port: 57485 } }
I0929 21:45:46.176316 26464 raft_consensus.cc:320] T f95de7addac4440ab81a5c95104a4eea P 007a1928fd424e76b35d3ee3ba61dd78 [term 0 FOLLOWER]: Consensus starting up: Expiring failure detector timer to make a prompt election more likely
I0929 21:45:46.176489 26464 raft_consensus.cc:549] T f95de7addac4440ab81a5c95104a4eea P 007a1928fd424e76b35d3ee3ba61dd78 [term 0 FOLLOWER]: Becoming Follower/Learner. State: Replica: 007a1928fd424e76b35d3ee3ba61dd78, State: 1, Role: FOLLOWER
I0929 21:45:46.176753 26464 consensus_queue.cc:184] T f95de7addac4440ab81a5c95104a4eea P 007a1928fd424e76b35d3ee3ba61dd78 [NON_LEADER]: Queue going to NON_LEADER mode. State: All replicated index: 0, Majority replicated index: 0, Committed index: 0, Last appended: 0.0, Last appended by leader: 0, Current term: 0, Majority size: -1, State: 1, Mode: NON_LEADER
I0929 21:45:46.176996 26464 raft_consensus.cc:333] T f95de7addac4440ab81a5c95104a4eea P 007a1928fd424e76b35d3ee3ba61dd78 [term 0 FOLLOWER]: Only one voter in the Raft config. Triggering election immediately
I0929 21:45:46.177145 26464 raft_consensus.cc:412] T f95de7addac4440ab81a5c95104a4eea P 007a1928fd424e76b35d3ee3ba61dd78 [term 0 FOLLOWER]: Starting leader election (initial election of a single-replica configuration)
I0929 21:45:46.177314 26464 raft_consensus.cc:2315] T f95de7addac4440ab81a5c95104a4eea P 007a1928fd424e76b35d3ee3ba61dd78 [term 0 FOLLOWER]: Snoozing failure detection for election timeout plus an additional 1.802s
I0929 21:45:46.177517 26464 raft_consensus.cc:2359] T f95de7addac4440ab81a5c95104a4eea P 007a1928fd424e76b35d3ee3ba61dd78 [term 0 FOLLOWER]: Advancing to term 1
I0929 21:45:46.182377 26464 raft_consensus.cc:436] T f95de7addac4440ab81a5c95104a4eea P 007a1928fd424e76b35d3ee3ba61dd78 [term 1 FOLLOWER]: Starting leader election with config: opid_index: -1 OBSOLETE_local: true peers { permanent_uuid: "007a1928fd424e76b35d3ee3ba61dd78" member_type: VOTER last_known_addr { host: "127.0.0.1" port: 57485 } }
I0929 21:45:46.182909 26464 leader_election.cc:243] T f95de7addac4440ab81a5c95104a4eea P 007a1928fd424e76b35d3ee3ba61dd78 [CANDIDATE]: Term 1 election: Election decided. Result: candidate won.
I0929 21:45:46.185178 26552 raft_consensus.cc:2315] T f95de7addac4440ab81a5c95104a4eea P 007a1928fd424e76b35d3ee3ba61dd78 [term 1 FOLLOWER]: Snoozing failure detection for election timeout plus an additional 1.710s
I0929 21:45:46.185497 26552 raft_consensus.cc:2124] T f95de7addac4440ab81a5c95104a4eea P 007a1928fd424e76b35d3ee3ba61dd78 [term 1 FOLLOWER]: Leader election won for term 1
I0929 21:45:46.187439 26464 ts_tablet_manager.cc:799] T f95de7addac4440ab81a5c95104a4eea P 007a1928fd424e76b35d3ee3ba61dd78: Time spent starting tablet: real 0.040s user 0.016s sys 0.024s
I0929 21:45:46.188560 26552 raft_consensus.cc:519] T f95de7addac4440ab81a5c95104a4eea P 007a1928fd424e76b35d3ee3ba61dd78 [term 1 LEADER]: Becoming Leader. State: Replica: 007a1928fd424e76b35d3ee3ba61dd78, State: 1, Role: LEADER
I0929 21:45:46.188954 26552 consensus_queue.cc:163] T f95de7addac4440ab81a5c95104a4eea P 007a1928fd424e76b35d3ee3ba61dd78 [LEADER]: Queue going to LEADER mode. State: All replicated index: 0, Majority replicated index: 0, Committed index: 0, Last appended: 0.0, Last appended by leader: 0, Current term: 1, Majority size: 1, State: 1, Mode: LEADER, active raft config: opid_index: -1 OBSOLETE_local: true peers { permanent_uuid: "007a1928fd424e76b35d3ee3ba61dd78" member_type: VOTER last_known_addr { host: "127.0.0.1" port: 57485 } }
I0929 21:45:46.193090 26341 catalog_manager.cc:2446] TS 007a1928fd424e76b35d3ee3ba61dd78 (127.0.0.1:57485) does not have the latest schema for tablet f95de7addac4440ab81a5c95104a4eea (table test-alter-range-partitioning-renamed [id=7b76a5131d4a4d1eb84477521aba14e2]). Expected version 1 got 0
I0929 21:45:46.193478 26341 catalog_manager.cc:2555] T f95de7addac4440ab81a5c95104a4eea reported consensus state change: term changed from 0 to 1, leader changed from to 007a1928fd424e76b35d3ee3ba61dd78 (127.0.0.1). New consensus state: current_term: 1 leader_uuid: "007a1928fd424e76b35d3ee3ba61dd78" committed_config { opid_index: -1 OBSOLETE_local: true peers { permanent_uuid: "007a1928fd424e76b35d3ee3ba61dd78" member_type: VOTER last_known_addr { host: "127.0.0.1" port: 57485 } } }
I0929 21:45:46.201670 26345 catalog_manager.cc:2446] TS 007a1928fd424e76b35d3ee3ba61dd78 (127.0.0.1:57485) does not have the latest schema for tablet f95de7addac4440ab81a5c95104a4eea (table test-alter-range-partitioning-renamed [id=7b76a5131d4a4d1eb84477521aba14e2]). Expected version 1 got 0
I0929 21:45:46.206555 26524 tablet.cc:1087] T f95de7addac4440ab81a5c95104a4eea P 007a1928fd424e76b35d3ee3ba61dd78: Alter schema from Schema [ 10:c0[int32 NOT NULL], 11:c1[int32 NOT NULL], 12:c2[int32 NULLABLE] ] version 0 to Schema [ 10:c0[int32 NOT NULL], 11:c1[int32 NOT NULL], 12:c2[int32 NULLABLE] ] version 1
I0929 21:45:46.215497 26523 tablet.cc:1082] T f95de7addac4440ab81a5c95104a4eea P 007a1928fd424e76b35d3ee3ba61dd78: Already running schema version 1 got alter request for version 1
I0929 21:45:46.223469 26345 catalog_manager.cc:3651] T 00000000000000000000000000000000 P 195cbec92396457581f6ae639bbf4745: test-alter-range-partitioning-renamed [id=7b76a5131d4a4d1eb84477521aba14e2] - Alter table completed version=1
I0929 21:45:46.369371 26342 catalog_manager.cc:1920] Servicing AlterTable request from {username='slave'} at 127.0.0.1:44106: table { table_name: "test-alter-range-partitioning-renamed" } alter_schema_steps { type: DROP_RANGE_PARTITION drop_range_partition { range_bounds { rows: "\006\0012\000\000\000\007\001\226\000\000\000" } } } alter_schema_steps { type: DROP_RANGE_PARTITION drop_range_partition { range_bounds { rows: "\006\001\310\000\000\000\007\001,\001\000\000" } } } alter_schema_steps { type: ADD_COLUMN add_column { schema { name: "c3" type: STRING is_nullable: true encoding: AUTO_ENCODING compression: DEFAULT_COMPRESSION cfile_block_size: 0 } } } schema { columns { name: "c0" type: INT32 is_key: true is_nullable: false encoding: AUTO_ENCODING compression: DEFAULT_COMPRESSION cfile_block_size: 0 } columns { name: "c1" type: INT32 is_key: false is_nullable: false encoding: AUTO_ENCODING compression: DEFAULT_COMPRESSION cfile_block_size: 0 } }
I0929 21:45:46.378509 26342 catalog_manager.cc:3432] T 00000000000000000000000000000000 P 195cbec92396457581f6ae639bbf4745: Sending DeleteTablet for 1 replicas of tablet d07b6942fe464bdb83be6585232a1eaf
I0929 21:45:46.378895 26342 catalog_manager.cc:3154] Sending DeleteTablet(TABLET_DATA_DELETED) for tablet d07b6942fe464bdb83be6585232a1eaf on 007a1928fd424e76b35d3ee3ba61dd78 (127.0.0.1:57485) (Partition dropped at 2017-09-29 21:45:46 UTC)
I0929 21:45:46.379310 26342 catalog_manager.cc:3432] T 00000000000000000000000000000000 P 195cbec92396457581f6ae639bbf4745: Sending DeleteTablet for 1 replicas of tablet 0af000b888624fe6a8ce9d1f68562d4a
I0929 21:45:46.379587 26342 catalog_manager.cc:3154] Sending DeleteTablet(TABLET_DATA_DELETED) for tablet 0af000b888624fe6a8ce9d1f68562d4a on 007a1928fd424e76b35d3ee3ba61dd78 (127.0.0.1:57485) (Partition dropped at 2017-09-29 21:45:46 UTC)
I0929 21:45:46.379912 26342 catalog_manager.cc:3432] T 00000000000000000000000000000000 P 195cbec92396457581f6ae639bbf4745: Sending DeleteTablet for 1 replicas of tablet f95de7addac4440ab81a5c95104a4eea
I0929 21:45:46.379926 26421 tablet_service.cc:713] Processing DeleteTablet for tablet d07b6942fe464bdb83be6585232a1eaf with delete_type TABLET_DATA_DELETED (Partition dropped at 2017-09-29 21:45:46 UTC) from {username='slave'} at 127.0.0.1:44521
I0929 21:45:46.380198 26342 catalog_manager.cc:3154] Sending DeleteTablet(TABLET_DATA_DELETED) for tablet f95de7addac4440ab81a5c95104a4eea on 007a1928fd424e76b35d3ee3ba61dd78 (127.0.0.1:57485) (Partition dropped at 2017-09-29 21:45:46 UTC)
I0929 21:45:46.380374 26421 tablet_replica.cc:218] Initiating TabletReplica shutdown for tablet: d07b6942fe464bdb83be6585232a1eaf
I0929 21:45:46.380656 26421 maintenance_manager.cc:206] P 007a1928fd424e76b35d3ee3ba61dd78: Unregistered op CompactRowSetsOp(d07b6942fe464bdb83be6585232a1eaf)
I0929 21:45:46.380590 26418 tablet_service.cc:713] Processing DeleteTablet for tablet 0af000b888624fe6a8ce9d1f68562d4a with delete_type TABLET_DATA_DELETED (Partition dropped at 2017-09-29 21:45:46 UTC) from {username='slave'} at 127.0.0.1:44521
I0929 21:45:46.380805 26342 catalog_manager.cc:3432] T 00000000000000000000000000000000 P 195cbec92396457581f6ae639bbf4745: Sending DeleteTablet for 1 replicas of tablet 733f7a0068524d9ba47f8e73752e21ac
I0929 21:45:46.380897 26421 maintenance_manager.cc:206] P 007a1928fd424e76b35d3ee3ba61dd78: Unregistered op MinorDeltaCompactionOp(d07b6942fe464bdb83be6585232a1eaf)
I0929 21:45:46.381031 26418 tablet_replica.cc:218] Initiating TabletReplica shutdown for tablet: 0af000b888624fe6a8ce9d1f68562d4a
I0929 21:45:46.381188 26421 maintenance_manager.cc:206] P 007a1928fd424e76b35d3ee3ba61dd78: Unregistered op MajorDeltaCompactionOp(d07b6942fe464bdb83be6585232a1eaf)
I0929 21:45:46.381278 26418 maintenance_manager.cc:206] P 007a1928fd424e76b35d3ee3ba61dd78: Unregistered op CompactRowSetsOp(0af000b888624fe6a8ce9d1f68562d4a)
I0929 21:45:46.381247 26342 catalog_manager.cc:3154] Sending DeleteTablet(TABLET_DATA_DELETED) for tablet 733f7a0068524d9ba47f8e73752e21ac on 007a1928fd424e76b35d3ee3ba61dd78 (127.0.0.1:57485) (Partition dropped at 2017-09-29 21:45:46 UTC)
I0929 21:45:46.381379 26421 maintenance_manager.cc:206] P 007a1928fd424e76b35d3ee3ba61dd78: Unregistered op UndoDeltaBlockGCOp(d07b6942fe464bdb83be6585232a1eaf)
I0929 21:45:46.381588 26418 maintenance_manager.cc:206] P 007a1928fd424e76b35d3ee3ba61dd78: Unregistered op MinorDeltaCompactionOp(0af000b888624fe6a8ce9d1f68562d4a)
I0929 21:45:46.381695 26421 maintenance_manager.cc:206] P 007a1928fd424e76b35d3ee3ba61dd78: Unregistered op FlushMRSOp(d07b6942fe464bdb83be6585232a1eaf)
I0929 21:45:46.382019 26421 maintenance_manager.cc:206] P 007a1928fd424e76b35d3ee3ba61dd78: Unregistered op FlushDeltaMemStoresOp(d07b6942fe464bdb83be6585232a1eaf)
I0929 21:45:46.382241 26421 maintenance_manager.cc:206] P 007a1928fd424e76b35d3ee3ba61dd78: Unregistered op LogGCOp(d07b6942fe464bdb83be6585232a1eaf)
I0929 21:45:46.381780 26418 maintenance_manager.cc:206] P 007a1928fd424e76b35d3ee3ba61dd78: Unregistered op MajorDeltaCompactionOp(0af000b888624fe6a8ce9d1f68562d4a)
I0929 21:45:46.382364 26419 tablet_service.cc:713] Processing DeleteTablet for tablet f95de7addac4440ab81a5c95104a4eea with delete_type TABLET_DATA_DELETED (Partition dropped at 2017-09-29 21:45:46 UTC) from {username='slave'} at 127.0.0.1:44521
I0929 21:45:46.382640 26418 maintenance_manager.cc:206] P 007a1928fd424e76b35d3ee3ba61dd78: Unregistered op UndoDeltaBlockGCOp(0af000b888624fe6a8ce9d1f68562d4a)
I0929 21:45:46.382802 26419 tablet_replica.cc:218] Initiating TabletReplica shutdown for tablet: f95de7addac4440ab81a5c95104a4eea
I0929 21:45:46.382887 26418 maintenance_manager.cc:206] P 007a1928fd424e76b35d3ee3ba61dd78: Unregistered op FlushMRSOp(0af000b888624fe6a8ce9d1f68562d4a)
I0929 21:45:46.383021 26419 maintenance_manager.cc:206] P 007a1928fd424e76b35d3ee3ba61dd78: Unregistered op CompactRowSetsOp(f95de7addac4440ab81a5c95104a4eea)
I0929 21:45:46.383164 26418 maintenance_manager.cc:206] P 007a1928fd424e76b35d3ee3ba61dd78: Unregistered op FlushDeltaMemStoresOp(0af000b888624fe6a8ce9d1f68562d4a)
I0929 21:45:46.383244 26419 maintenance_manager.cc:206] P 007a1928fd424e76b35d3ee3ba61dd78: Unregistered op MinorDeltaCompactionOp(f95de7addac4440ab81a5c95104a4eea)
I0929 21:45:46.383389 26418 maintenance_manager.cc:206] P 007a1928fd424e76b35d3ee3ba61dd78: Unregistered op LogGCOp(0af000b888624fe6a8ce9d1f68562d4a)
I0929 21:45:46.383507 26419 maintenance_manager.cc:206] P 007a1928fd424e76b35d3ee3ba61dd78: Unregistered op MajorDeltaCompactionOp(f95de7addac4440ab81a5c95104a4eea)
I0929 21:45:46.383621 26418 raft_consensus.cc:1722] T 0af000b888624fe6a8ce9d1f68562d4a P 007a1928fd424e76b35d3ee3ba61dd78 [term 1 LEADER]: Raft consensus shutting down.
I0929 21:45:46.383718 26419 maintenance_manager.cc:206] P 007a1928fd424e76b35d3ee3ba61dd78: Unregistered op UndoDeltaBlockGCOp(f95de7addac4440ab81a5c95104a4eea)
I0929 21:45:46.382449 26421 raft_consensus.cc:1722] T d07b6942fe464bdb83be6585232a1eaf P 007a1928fd424e76b35d3ee3ba61dd78 [term 1 LEADER]: Raft consensus shutting down.
I0929 21:45:46.383929 26419 maintenance_manager.cc:206] P 007a1928fd424e76b35d3ee3ba61dd78: Unregistered op FlushMRSOp(f95de7addac4440ab81a5c95104a4eea)
I0929 21:45:46.384191 26419 maintenance_manager.cc:206] P 007a1928fd424e76b35d3ee3ba61dd78: Unregistered op FlushDeltaMemStoresOp(f95de7addac4440ab81a5c95104a4eea)
I0929 21:45:46.384577 26421 raft_consensus.cc:1738] T d07b6942fe464bdb83be6585232a1eaf P 007a1928fd424e76b35d3ee3ba61dd78 [term 1 LEADER]: Raft consensus is shut down!
I0929 21:45:46.384423 26419 maintenance_manager.cc:206] P 007a1928fd424e76b35d3ee3ba61dd78: Unregistered op LogGCOp(f95de7addac4440ab81a5c95104a4eea)
I0929 21:45:46.384546 26418 raft_consensus.cc:1738] T 0af000b888624fe6a8ce9d1f68562d4a P 007a1928fd424e76b35d3ee3ba61dd78 [term 1 LEADER]: Raft consensus is shut down!
I0929 21:45:46.385800 26419 raft_consensus.cc:1722] T f95de7addac4440ab81a5c95104a4eea P 007a1928fd424e76b35d3ee3ba61dd78 [term 1 LEADER]: Raft consensus shutting down.
I0929 21:45:46.385979 26420 tablet_service.cc:713] Processing DeleteTablet for tablet 733f7a0068524d9ba47f8e73752e21ac with delete_type TABLET_DATA_DELETED (Partition dropped at 2017-09-29 21:45:46 UTC) from {username='slave'} at 127.0.0.1:44521
I0929 21:45:46.387912 26420 tablet_replica.cc:218] Initiating TabletReplica shutdown for tablet: 733f7a0068524d9ba47f8e73752e21ac
I0929 21:45:46.387992 26419 raft_consensus.cc:1738] T f95de7addac4440ab81a5c95104a4eea P 007a1928fd424e76b35d3ee3ba61dd78 [term 1 LEADER]: Raft consensus is shut down!
I0929 21:45:46.394831 26420 maintenance_manager.cc:206] P 007a1928fd424e76b35d3ee3ba61dd78: Unregistered op CompactRowSetsOp(733f7a0068524d9ba47f8e73752e21ac)
