I0929 21:45:49.569613 26820 ts_tablet_manager.cc:906] T 96c088b7c9fe4b7f986371b0e920a16f P cffedd68783f4a1c8995fc18ba659b7c: Registered tablet (data state: TABLET_DATA_READY)
I0929 21:45:49.569697 26823 consensus_meta.cc:78] T 0567a83a31cf429980e13f4f3df80ac0 Deleting consensus metadata
I0929 21:45:49.570415 26733 catalog_manager.cc:2925] Scheduling retry of f9dce52fa3f1464da743f458943e674a (table test-alter-range-partitioning-invalid-unbounded [id=8eb38e78e3cd4799995cb362386476e0]) Alter Table RPC with a delay of 47ms (attempt = 0)...
W0929 21:45:49.570689 26733 catalog_manager.cc:2946] Async tablet task f9dce52fa3f1464da743f458943e674a (table test-alter-range-partitioning-invalid-unbounded [id=8eb38e78e3cd4799995cb362386476e0]) Alter Table RPC failed: Not found: Failed to reset TS proxy: No leader found: Tablet f9dce52fa3f1464da743f458943e674a consensus state has no leader
I0929 21:45:49.571048 26734 catalog_manager.cc:2925] Scheduling retry of f92b78a409fb4b6db8ab56c535e2bfea (table test-alter-range-partitioning-invalid-unbounded [id=8eb38e78e3cd4799995cb362386476e0]) Alter Table RPC with a delay of 27ms (attempt = 0)...
W0929 21:45:49.571318 26734 catalog_manager.cc:2946] Async tablet task f92b78a409fb4b6db8ab56c535e2bfea (table test-alter-range-partitioning-invalid-unbounded [id=8eb38e78e3cd4799995cb362386476e0]) Alter Table RPC failed: Not found: Failed to reset TS proxy: No leader found: Tablet f92b78a409fb4b6db8ab56c535e2bfea consensus state has no leader
I0929 21:45:49.571398 26731 catalog_manager.cc:3130] TS cffedd68783f4a1c8995fc18ba659b7c (127.0.0.1:60775): tablet 0567a83a31cf429980e13f4f3df80ac0 (table test-alter-range-partitioning-invalid-unbounded [id=8eb38e78e3cd4799995cb362386476e0]) successfully deleted
I0929 21:45:49.571662 26733 catalog_manager.cc:2925] Scheduling retry of 5a3b867613954ef9a6560f5c780cffc5 (table test-alter-range-partitioning-invalid-unbounded [id=8eb38e78e3cd4799995cb362386476e0]) Alter Table RPC with a delay of 44ms (attempt = 0)...
W0929 21:45:49.571921 26733 catalog_manager.cc:2946] Async tablet task 5a3b867613954ef9a6560f5c780cffc5 (table test-alter-range-partitioning-invalid-unbounded [id=8eb38e78e3cd4799995cb362386476e0]) Alter Table RPC failed: Not found: Failed to reset TS proxy: No leader found: Tablet 5a3b867613954ef9a6560f5c780cffc5 consensus state has no leader
I0929 21:45:49.572136 26732 catalog_manager.cc:2925] Scheduling retry of 9db7d1aaf4784c4882f93c9dd573911b (table test-alter-range-partitioning-invalid-unbounded [id=8eb38e78e3cd4799995cb362386476e0]) Alter Table RPC with a delay of 42ms (attempt = 0)...
W0929 21:45:49.572418 26732 catalog_manager.cc:2946] Async tablet task 9db7d1aaf4784c4882f93c9dd573911b (table test-alter-range-partitioning-invalid-unbounded [id=8eb38e78e3cd4799995cb362386476e0]) Alter Table RPC failed: Not found: Failed to reset TS proxy: No leader found: Tablet 9db7d1aaf4784c4882f93c9dd573911b consensus state has no leader
I0929 21:45:49.573048 26731 catalog_manager.cc:2925] Scheduling retry of a1c9f68a8fa441539b9c510657c3176e (table test-alter-range-partitioning-invalid-unbounded [id=8eb38e78e3cd4799995cb362386476e0]) Alter Table RPC with a delay of 11ms (attempt = 0)...
W0929 21:45:49.573339 26731 catalog_manager.cc:2946] Async tablet task a1c9f68a8fa441539b9c510657c3176e (table test-alter-range-partitioning-invalid-unbounded [id=8eb38e78e3cd4799995cb362386476e0]) Alter Table RPC failed: Not found: Failed to reset TS proxy: No leader found: Tablet a1c9f68a8fa441539b9c510657c3176e consensus state has no leader
I0929 21:45:49.574200 26732 catalog_manager.cc:2925] Scheduling retry of 96c088b7c9fe4b7f986371b0e920a16f (table test-alter-range-partitioning-invalid-unbounded [id=8eb38e78e3cd4799995cb362386476e0]) Alter Table RPC with a delay of 57ms (attempt = 0)...
W0929 21:45:49.574539 26732 catalog_manager.cc:2946] Async tablet task 96c088b7c9fe4b7f986371b0e920a16f (table test-alter-range-partitioning-invalid-unbounded [id=8eb38e78e3cd4799995cb362386476e0]) Alter Table RPC failed: Not found: Failed to reset TS proxy: No leader found: Tablet 96c088b7c9fe4b7f986371b0e920a16f consensus state has no leader
I0929 21:45:49.574293 26866 raft_consensus.cc:289] T 5a3b867613954ef9a6560f5c780cffc5 P cffedd68783f4a1c8995fc18ba659b7c [term 0 FOLLOWER]: Replica starting. Triggering 0 pending transactions. Active config: opid_index: -1 OBSOLETE_local: true peers { permanent_uuid: "cffedd68783f4a1c8995fc18ba659b7c" member_type: VOTER last_known_addr { host: "127.0.0.1" port: 60775 } }
I0929 21:45:49.574872 26732 catalog_manager.cc:2925] Scheduling retry of 405036c65d064351a92040e629a3cd9a (table test-alter-range-partitioning-invalid-unbounded [id=8eb38e78e3cd4799995cb362386476e0]) Alter Table RPC with a delay of 34ms (attempt = 0)...
I0929 21:45:49.574926 26866 raft_consensus.cc:320] T 5a3b867613954ef9a6560f5c780cffc5 P cffedd68783f4a1c8995fc18ba659b7c [term 0 FOLLOWER]: Consensus starting up: Expiring failure detector timer to make a prompt election more likely
W0929 21:45:49.575181 26732 catalog_manager.cc:2946] Async tablet task 405036c65d064351a92040e629a3cd9a (table test-alter-range-partitioning-invalid-unbounded [id=8eb38e78e3cd4799995cb362386476e0]) Alter Table RPC failed: Not found: Failed to reset TS proxy: No leader found: Tablet 405036c65d064351a92040e629a3cd9a consensus state has no leader
I0929 21:45:49.576345 26734 catalog_manager.cc:2925] Scheduling retry of 019d0f784e474c39b254c4f9911f094b (table test-alter-range-partitioning-invalid-unbounded [id=8eb38e78e3cd4799995cb362386476e0]) Alter Table RPC with a delay of 15ms (attempt = 0)...
W0929 21:45:49.576673 26734 catalog_manager.cc:2946] Async tablet task 019d0f784e474c39b254c4f9911f094b (table test-alter-range-partitioning-invalid-unbounded [id=8eb38e78e3cd4799995cb362386476e0]) Alter Table RPC failed: Not found: Failed to reset TS proxy: No leader found: Tablet 019d0f784e474c39b254c4f9911f094b consensus state has no leader
I0929 21:45:49.575207 26866 raft_consensus.cc:549] T 5a3b867613954ef9a6560f5c780cffc5 P cffedd68783f4a1c8995fc18ba659b7c [term 0 FOLLOWER]: Becoming Follower/Learner. State: Replica: cffedd68783f4a1c8995fc18ba659b7c, State: 1, Role: FOLLOWER
I0929 21:45:49.577575 26866 consensus_queue.cc:184] T 5a3b867613954ef9a6560f5c780cffc5 P cffedd68783f4a1c8995fc18ba659b7c [NON_LEADER]: Queue going to NON_LEADER mode. State: All replicated index: 0, Majority replicated index: 0, Committed index: 0, Last appended: 0.0, Last appended by leader: 0, Current term: 0, Majority size: -1, State: 1, Mode: NON_LEADER
I0929 21:45:49.577893 26866 raft_consensus.cc:333] T 5a3b867613954ef9a6560f5c780cffc5 P cffedd68783f4a1c8995fc18ba659b7c [term 0 FOLLOWER]: Only one voter in the Raft config. Triggering election immediately
I0929 21:45:49.577823 26747 catalog_manager.cc:3432] T 00000000000000000000000000000000 P 348076b792e349259f965829a0d76562: Sending DeleteTablet for 1 replicas of tablet 96c088b7c9fe4b7f986371b0e920a16f
I0929 21:45:49.578192 26866 raft_consensus.cc:412] T 5a3b867613954ef9a6560f5c780cffc5 P cffedd68783f4a1c8995fc18ba659b7c [term 0 FOLLOWER]: Starting leader election (initial election of a single-replica configuration)
I0929 21:45:49.578380 26747 catalog_manager.cc:3154] Sending DeleteTablet(TABLET_DATA_DELETED) for tablet 96c088b7c9fe4b7f986371b0e920a16f on cffedd68783f4a1c8995fc18ba659b7c (127.0.0.1:60775) (Partition dropped at 2017-09-29 21:45:49 UTC)
I0929 21:45:49.578434 26866 raft_consensus.cc:2315] T 5a3b867613954ef9a6560f5c780cffc5 P cffedd68783f4a1c8995fc18ba659b7c [term 0 FOLLOWER]: Snoozing failure detection for election timeout plus an additional 1.856s
I0929 21:45:49.578686 26866 raft_consensus.cc:2359] T 5a3b867613954ef9a6560f5c780cffc5 P cffedd68783f4a1c8995fc18ba659b7c [term 0 FOLLOWER]: Advancing to term 1
I0929 21:45:49.579469 26823 tablet_service.cc:713] Processing DeleteTablet for tablet 96c088b7c9fe4b7f986371b0e920a16f with delete_type TABLET_DATA_DELETED (Partition dropped at 2017-09-29 21:45:49 UTC) from {username='slave'} at 127.0.0.1:33868
I0929 21:45:49.579531 26733 catalog_manager.cc:2925] Scheduling retry of e14a330c7d414262b7e059c53354c106 (table test-alter-range-partitioning-invalid-unbounded [id=8eb38e78e3cd4799995cb362386476e0]) Alter Table RPC with a delay of 47ms (attempt = 0)...
W0929 21:45:49.579943 26733 catalog_manager.cc:2946] Async tablet task e14a330c7d414262b7e059c53354c106 (table test-alter-range-partitioning-invalid-unbounded [id=8eb38e78e3cd4799995cb362386476e0]) Alter Table RPC failed: Not found: Failed to reset TS proxy: No leader found: Tablet e14a330c7d414262b7e059c53354c106 consensus state has no leader
W0929 21:45:49.581540 26731 catalog_manager.cc:3121] TS cffedd68783f4a1c8995fc18ba659b7c (127.0.0.1:60775): delete failed for tablet 96c088b7c9fe4b7f986371b0e920a16f with error code TABLET_NOT_RUNNING: Illegal state: State transition of tablet 96c088b7c9fe4b7f986371b0e920a16f already in progress: creating tablet
I0929 21:45:49.581782 26731 catalog_manager.cc:2925] Scheduling retry of 96c088b7c9fe4b7f986371b0e920a16f Delete Tablet RPC for TS=cffedd68783f4a1c8995fc18ba659b7c with a delay of 21ms (attempt = 1)...
I0929 21:45:49.582376 26732 catalog_manager.cc:2925] Scheduling retry of 9276dda82bfc439ba5438aa02c2882d2 (table test-alter-range-partitioning-invalid-unbounded [id=8eb38e78e3cd4799995cb362386476e0]) Alter Table RPC with a delay of 44ms (attempt = 0)...
W0929 21:45:49.582697 26732 catalog_manager.cc:2946] Async tablet task 9276dda82bfc439ba5438aa02c2882d2 (table test-alter-range-partitioning-invalid-unbounded [id=8eb38e78e3cd4799995cb362386476e0]) Alter Table RPC failed: Not found: Failed to reset TS proxy: No leader found: Tablet 9276dda82bfc439ba5438aa02c2882d2 consensus state has no leader
I0929 21:45:49.582458 26747 catalog_manager.cc:1920] Servicing AlterTable request from {username='slave'} at 127.0.0.1:59015: table { table_name: "test-alter-range-partitioning-invalid-unbounded" } alter_schema_steps { type: ADD_RANGE_PARTITION add_range_partition { range_bounds { rows: "\006\001\000\000\000\000\007\001d\000\000\000" } } } alter_schema_steps { type: ADD_RANGE_PARTITION add_range_partition { range_bounds { rows: "\006\001\377\377\377\377\007\000" } } } schema { columns { name: "c0" type: INT32 is_key: true is_nullable: false encoding: AUTO_ENCODING compression: DEFAULT_COMPRESSION cfile_block_size: 0 } columns { name: "c1" type: INT32 is_key: false is_nullable: false encoding: AUTO_ENCODING compression: DEFAULT_COMPRESSION cfile_block_size: 0 } }
I0929 21:45:49.583745 26866 raft_consensus.cc:436] T 5a3b867613954ef9a6560f5c780cffc5 P cffedd68783f4a1c8995fc18ba659b7c [term 1 FOLLOWER]: Starting leader election with config: opid_index: -1 OBSOLETE_local: true peers { permanent_uuid: "cffedd68783f4a1c8995fc18ba659b7c" member_type: VOTER last_known_addr { host: "127.0.0.1" port: 60775 } }
I0929 21:45:49.584306 26866 leader_election.cc:243] T 5a3b867613954ef9a6560f5c780cffc5 P cffedd68783f4a1c8995fc18ba659b7c [CANDIDATE]: Term 1 election: Election decided. Result: candidate won.
I0929 21:45:49.584424 26731 catalog_manager.cc:2925] Scheduling retry of a3b61861fc0f49e882e86f27b30f47ad (table test-alter-range-partitioning-invalid-unbounded [id=8eb38e78e3cd4799995cb362386476e0]) Alter Table RPC with a delay of 29ms (attempt = 0)...
W0929 21:45:49.584713 26731 catalog_manager.cc:2946] Async tablet task a3b61861fc0f49e882e86f27b30f47ad (table test-alter-range-partitioning-invalid-unbounded [id=8eb38e78e3cd4799995cb362386476e0]) Alter Table RPC failed: Not found: Failed to reset TS proxy: No leader found: Tablet a3b61861fc0f49e882e86f27b30f47ad consensus state has no leader
I0929 21:45:49.585014 26731 catalog_manager.cc:2925] Scheduling retry of a4d64691a56a423ca91c0b14bd1517af (table test-alter-range-partitioning-invalid-unbounded [id=8eb38e78e3cd4799995cb362386476e0]) Alter Table RPC with a delay of 26ms (attempt = 0)...
W0929 21:45:49.585222 26731 catalog_manager.cc:2946] Async tablet task a4d64691a56a423ca91c0b14bd1517af (table test-alter-range-partitioning-invalid-unbounded [id=8eb38e78e3cd4799995cb362386476e0]) Alter Table RPC failed: Not found: Failed to reset TS proxy: No leader found: Tablet a4d64691a56a423ca91c0b14bd1517af consensus state has no leader
I0929 21:45:49.585546 26731 catalog_manager.cc:2925] Scheduling retry of a1c9f68a8fa441539b9c510657c3176e (table test-alter-range-partitioning-invalid-unbounded [id=8eb38e78e3cd4799995cb362386476e0]) Alter Table RPC with a delay of 43ms (attempt = 0)...
W0929 21:45:49.585757 26731 catalog_manager.cc:2946] Async tablet task a1c9f68a8fa441539b9c510657c3176e (table test-alter-range-partitioning-invalid-unbounded [id=8eb38e78e3cd4799995cb362386476e0]) Alter Table RPC failed: Not found: Failed to reset TS proxy: No leader found: Tablet a1c9f68a8fa441539b9c510657c3176e consensus state has no leader
I0929 21:45:49.587273 26747 catalog_manager.cc:1920] Servicing AlterTable request from {username='slave'} at 127.0.0.1:59015: table { table_name: "test-alter-range-partitioning-invalid-unbounded" } alter_schema_steps { type: ADD_RANGE_PARTITION add_range_partition { range_bounds { rows: "\006\001\000\000\000\000\007\001d\000\000\000" } } } schema { columns { name: "c0" type: INT32 is_key: true is_nullable: false encoding: AUTO_ENCODING compression: DEFAULT_COMPRESSION cfile_block_size: 0 } columns { name: "c1" type: INT32 is_key: false is_nullable: false encoding: AUTO_ENCODING compression: DEFAULT_COMPRESSION cfile_block_size: 0 } }
I0929 21:45:49.588198 26733 catalog_manager.cc:2925] Scheduling retry of af4a3301115649f0a464abf8dd4c9d4c (table test-alter-range-partitioning-invalid-unbounded [id=8eb38e78e3cd4799995cb362386476e0]) Alter Table RPC with a delay of 30ms (attempt = 0)...
W0929 21:45:49.588517 26733 catalog_manager.cc:2946] Async tablet task af4a3301115649f0a464abf8dd4c9d4c (table test-alter-range-partitioning-invalid-unbounded [id=8eb38e78e3cd4799995cb362386476e0]) Alter Table RPC failed: Not found: Failed to reset TS proxy: No leader found: Tablet af4a3301115649f0a464abf8dd4c9d4c consensus state has no leader
I0929 21:45:49.592555 26734 catalog_manager.cc:2925] Scheduling retry of 019d0f784e474c39b254c4f9911f094b (table test-alter-range-partitioning-invalid-unbounded [id=8eb38e78e3cd4799995cb362386476e0]) Alter Table RPC with a delay of 22ms (attempt = 0)...
W0929 21:45:49.592905 26734 catalog_manager.cc:2946] Async tablet task 019d0f784e474c39b254c4f9911f094b (table test-alter-range-partitioning-invalid-unbounded [id=8eb38e78e3cd4799995cb362386476e0]) Alter Table RPC failed: Not found: Failed to reset TS proxy: No leader found: Tablet 019d0f784e474c39b254c4f9911f094b consensus state has no leader
I0929 21:45:49.594130 26731 catalog_manager.cc:3154] Sending DeleteTablet(TABLET_DATA_DELETED) for tablet f92b78a409fb4b6db8ab56c535e2bfea on cffedd68783f4a1c8995fc18ba659b7c (127.0.0.1:60775) (Partition dropped at 2017-09-29 21:45:48 UTC)
I0929 21:45:49.595201 26733 catalog_manager.cc:2925] Scheduling retry of bdfcf05ade7d41c48e3bdc44f1839279 (table test-alter-range-partitioning-invalid-unbounded [id=8eb38e78e3cd4799995cb362386476e0]) Alter Table RPC with a delay of 11ms (attempt = 0)...
I0929 21:45:49.595372 26823 tablet_service.cc:713] Processing DeleteTablet for tablet f92b78a409fb4b6db8ab56c535e2bfea with delete_type TABLET_DATA_DELETED (Partition dropped at 2017-09-29 21:45:48 UTC) from {username='slave'} at 127.0.0.1:33868
W0929 21:45:49.595577 26733 catalog_manager.cc:2946] Async tablet task bdfcf05ade7d41c48e3bdc44f1839279 (table test-alter-range-partitioning-invalid-unbounded [id=8eb38e78e3cd4799995cb362386476e0]) Alter Table RPC failed: Not found: Failed to reset TS proxy: No leader found: Tablet bdfcf05ade7d41c48e3bdc44f1839279 consensus state has no leader
I0929 21:45:49.596225 26734 catalog_manager.cc:2925] Scheduling retry of 28988efc3b9d4b96b591cbd45febf05b (table test-alter-range-partitioning-invalid-unbounded [id=8eb38e78e3cd4799995cb362386476e0]) Alter Table RPC with a delay of 37ms (attempt = 0)...
W0929 21:45:49.596578 26734 catalog_manager.cc:2946] Async tablet task 28988efc3b9d4b96b591cbd45febf05b (table test-alter-range-partitioning-invalid-unbounded [id=8eb38e78e3cd4799995cb362386476e0]) Alter Table RPC failed: Not found: Failed to reset TS proxy: No leader found: Tablet 28988efc3b9d4b96b591cbd45febf05b consensus state has no leader
I0929 21:45:49.596427 26747 catalog_manager.cc:2925] Scheduling retry of c61c92254a2340e9a5624853175e6ebf (table test-alter-range-partitioning-invalid-unbounded [id=8eb38e78e3cd4799995cb362386476e0]) Alter Table RPC with a delay of 45ms (attempt = 0)...
W0929 21:45:49.596876 26747 catalog_manager.cc:3406] Failed to send alter table request: Not found: Failed to reset TS proxy: No leader found: Tablet c61c92254a2340e9a5624853175e6ebf has no consensus state
W0929 21:45:49.597236 26731 catalog_manager.cc:3121] TS cffedd68783f4a1c8995fc18ba659b7c (127.0.0.1:60775): delete failed for tablet f92b78a409fb4b6db8ab56c535e2bfea with error code TABLET_NOT_RUNNING: Illegal state: State transition of tablet f92b78a409fb4b6db8ab56c535e2bfea already in progress: creating tablet
I0929 21:45:49.597527 26731 catalog_manager.cc:2925] Scheduling retry of f92b78a409fb4b6db8ab56c535e2bfea Delete Tablet RPC for TS=cffedd68783f4a1c8995fc18ba659b7c with a delay of 537ms (attempt = 6)...
I0929 21:45:49.599117 26914 raft_consensus.cc:2315] T 5a3b867613954ef9a6560f5c780cffc5 P cffedd68783f4a1c8995fc18ba659b7c [term 1 FOLLOWER]: Snoozing failure detection for election timeout plus an additional 1.718s
I0929 21:45:49.599452 26914 raft_consensus.cc:2124] T 5a3b867613954ef9a6560f5c780cffc5 P cffedd68783f4a1c8995fc18ba659b7c [term 1 FOLLOWER]: Leader election won for term 1
I0929 21:45:49.599828 26914 raft_consensus.cc:519] T 5a3b867613954ef9a6560f5c780cffc5 P cffedd68783f4a1c8995fc18ba659b7c [term 1 LEADER]: Becoming Leader. State: Replica: cffedd68783f4a1c8995fc18ba659b7c, State: 1, Role: LEADER
I0929 21:45:49.600069 26733 catalog_manager.cc:2925] Scheduling retry of 5863b148d82f4bc183d8e0c203dbcdeb (table test-alter-range-partitioning-invalid-unbounded [id=8eb38e78e3cd4799995cb362386476e0]) Alter Table RPC with a delay of 40ms (attempt = 0)...
W0929 21:45:49.600412 26733 catalog_manager.cc:2946] Async tablet task 5863b148d82f4bc183d8e0c203dbcdeb (table test-alter-range-partitioning-invalid-unbounded [id=8eb38e78e3cd4799995cb362386476e0]) Alter Table RPC failed: Not found: Failed to reset TS proxy: No leader found: Tablet 5863b148d82f4bc183d8e0c203dbcdeb consensus state has no leader
I0929 21:45:49.600164 26914 consensus_queue.cc:163] T 5a3b867613954ef9a6560f5c780cffc5 P cffedd68783f4a1c8995fc18ba659b7c [LEADER]: Queue going to LEADER mode. State: All replicated index: 0, Majority replicated index: 0, Committed index: 0, Last appended: 0.0, Last appended by leader: 0, Current term: 1, Majority size: 1, State: 1, Mode: LEADER, active raft config: opid_index: -1 OBSOLETE_local: true peers { permanent_uuid: "cffedd68783f4a1c8995fc18ba659b7c" member_type: VOTER last_known_addr { host: "127.0.0.1" port: 60775 } }
I0929 21:45:49.601156 26731 catalog_manager.cc:3154] Sending DeleteTablet(TABLET_DATA_DELETED) for tablet e14a330c7d414262b7e059c53354c106 on cffedd68783f4a1c8995fc18ba659b7c (127.0.0.1:60775) (Partition dropped at 2017-09-29 21:45:49 UTC)
I0929 21:45:49.602370 26823 tablet_service.cc:713] Processing DeleteTablet for tablet e14a330c7d414262b7e059c53354c106 with delete_type TABLET_DATA_DELETED (Partition dropped at 2017-09-29 21:45:49 UTC) from {username='slave'} at 127.0.0.1:33868
I0929 21:45:49.602726 26734 catalog_manager.cc:2925] Scheduling retry of f92b78a409fb4b6db8ab56c535e2bfea (table test-alter-range-partitioning-invalid-unbounded [id=8eb38e78e3cd4799995cb362386476e0]) Alter Table RPC with a delay of 27ms (attempt = 0)...
W0929 21:45:49.603037 26734 catalog_manager.cc:2946] Async tablet task f92b78a409fb4b6db8ab56c535e2bfea (table test-alter-range-partitioning-invalid-unbounded [id=8eb38e78e3cd4799995cb362386476e0]) Alter Table RPC failed: Not found: Failed to reset TS proxy: No leader found: Tablet f92b78a409fb4b6db8ab56c535e2bfea consensus state has no leader
I0929 21:45:49.603396 26731 catalog_manager.cc:3154] Sending DeleteTablet(TABLET_DATA_DELETED) for tablet bdfcf05ade7d41c48e3bdc44f1839279 on cffedd68783f4a1c8995fc18ba659b7c (127.0.0.1:60775) (Partition dropped at 2017-09-29 21:45:48 UTC)
I0929 21:45:49.603906 26731 catalog_manager.cc:2925] Scheduling retry of 4515eb9ffec24b699bf8cd6227140627 (table test-alter-range-partitioning-invalid-unbounded [id=8eb38e78e3cd4799995cb362386476e0]) Alter Table RPC with a delay of 33ms (attempt = 0)...
W0929 21:45:49.604152 26731 catalog_manager.cc:2946] Async tablet task 4515eb9ffec24b699bf8cd6227140627 (table test-alter-range-partitioning-invalid-unbounded [id=8eb38e78e3cd4799995cb362386476e0]) Alter Table RPC failed: Not found: Failed to reset TS proxy: No leader found: Tablet 4515eb9ffec24b699bf8cd6227140627 consensus state has no leader
I0929 21:45:49.604473 26731 catalog_manager.cc:3154] Sending DeleteTablet(TABLET_DATA_DELETED) for tablet 96c088b7c9fe4b7f986371b0e920a16f on cffedd68783f4a1c8995fc18ba659b7c (127.0.0.1:60775) (Partition dropped at 2017-09-29 21:45:49 UTC)
I0929 21:45:49.604172 26747 catalog_manager.cc:1920] Servicing AlterTable request from {username='slave'} at 127.0.0.1:59015: table { table_name: "test-alter-range-partitioning-invalid-unbounded" } alter_schema_steps { type: DROP_RANGE_PARTITION drop_range_partition { range_bounds { rows: "\006\001\377\377\377\377\007\000" } } } schema { columns { name: "c0" type: INT32 is_key: true is_nullable: false encoding: AUTO_ENCODING compression: DEFAULT_COMPRESSION cfile_block_size: 0 } columns { name: "c1" type: INT32 is_key: false is_nullable: false encoding: AUTO_ENCODING compression: DEFAULT_COMPRESSION cfile_block_size: 0 } }
I0929 21:45:49.605476 26866 ts_tablet_manager.cc:799] T 5a3b867613954ef9a6560f5c780cffc5 P cffedd68783f4a1c8995fc18ba659b7c: Time spent starting tablet: real 0.082s user 0.020s sys 0.032s
I0929 21:45:49.606374 26819 tablet_service.cc:713] Processing DeleteTablet for tablet bdfcf05ade7d41c48e3bdc44f1839279 with delete_type TABLET_DATA_DELETED (Partition dropped at 2017-09-29 21:45:48 UTC) from {username='slave'} at 127.0.0.1:33868
I0929 21:45:49.606783 26817 tablet_service.cc:713] Processing DeleteTablet for tablet 96c088b7c9fe4b7f986371b0e920a16f with delete_type TABLET_DATA_DELETED (Partition dropped at 2017-09-29 21:45:49 UTC) from {username='slave'} at 127.0.0.1:33868
I0929 21:45:49.607175 26820 tablet_service.cc:672] Processing CreateTablet for tablet c61c92254a2340e9a5624853175e6ebf (table=test-alter-range-partitioning-invalid-unbounded [id=8eb38e78e3cd4799995cb362386476e0]), partition=RANGE (c0) PARTITION 0 <= VALUES < 100
I0929 21:45:49.607981 26734 catalog_manager.cc:2925] Scheduling retry of 0567a83a31cf429980e13f4f3df80ac0 (table test-alter-range-partitioning-invalid-unbounded [id=8eb38e78e3cd4799995cb362386476e0]) Alter Table RPC with a delay of 21ms (attempt = 0)...
W0929 21:45:49.608299 26734 catalog_manager.cc:2946] Async tablet task 0567a83a31cf429980e13f4f3df80ac0 (table test-alter-range-partitioning-invalid-unbounded [id=8eb38e78e3cd4799995cb362386476e0]) Alter Table RPC failed: Not found: Failed to reset TS proxy: No leader found: Tablet 0567a83a31cf429980e13f4f3df80ac0 consensus state has no leader
I0929 21:45:49.608487 26733 catalog_manager.cc:2925] Scheduling retry of bdfcf05ade7d41c48e3bdc44f1839279 (table test-alter-range-partitioning-invalid-unbounded [id=8eb38e78e3cd4799995cb362386476e0]) Alter Table RPC with a delay of 12ms (attempt = 0)...
I0929 21:45:49.608670 26731 catalog_manager.cc:3154] Sending DeleteTablet(TABLET_DATA_DELETED) for tablet 5863b148d82f4bc183d8e0c203dbcdeb on cffedd68783f4a1c8995fc18ba659b7c (127.0.0.1:60775) (Partition dropped at 2017-09-29 21:45:49 UTC)
W0929 21:45:49.608832 26733 catalog_manager.cc:2946] Async tablet task bdfcf05ade7d41c48e3bdc44f1839279 (table test-alter-range-partitioning-invalid-unbounded [id=8eb38e78e3cd4799995cb362386476e0]) Alter Table RPC failed: Not found: Failed to reset TS proxy: No leader found: Tablet bdfcf05ade7d41c48e3bdc44f1839279 consensus state has no leader
I0929 21:45:49.609160 26733 catalog_manager.cc:2925] Scheduling retry of a3a64b2d0f544f60a717264bb0488d5c (table test-alter-range-partitioning-invalid-unbounded [id=8eb38e78e3cd4799995cb362386476e0]) Alter Table RPC with a delay of 33ms (attempt = 0)...
W0929 21:45:49.609426 26733 catalog_manager.cc:2946] Async tablet task a3a64b2d0f544f60a717264bb0488d5c (table test-alter-range-partitioning-invalid-unbounded [id=8eb38e78e3cd4799995cb362386476e0]) Alter Table RPC failed: Not found: Failed to reset TS proxy: No leader found: Tablet a3a64b2d0f544f60a717264bb0488d5c consensus state has no leader
I0929 21:45:49.609719 26822 tablet_service.cc:713] Processing DeleteTablet for tablet 5863b148d82f4bc183d8e0c203dbcdeb with delete_type TABLET_DATA_DELETED (Partition dropped at 2017-09-29 21:45:49 UTC) from {username='slave'} at 127.0.0.1:33868
I0929 21:45:49.610144 26747 catalog_manager.cc:1920] Servicing AlterTable request from {username='slave'} at 127.0.0.1:59015: table { table_name: "test-alter-range-partitioning-invalid-unbounded" } alter_schema_steps { type: DROP_RANGE_PARTITION drop_range_partition { range_bounds { rows: "\006\001\000\000\000\000\007\001d\000\000\000" } } } schema { columns { name: "c0" type: INT32 is_key: true is_nullable: false encoding: AUTO_ENCODING compression: DEFAULT_COMPRESSION cfile_block_size: 0 } columns { name: "c1" type: INT32 is_key: false is_nullable: false encoding: AUTO_ENCODING compression: DEFAULT_COMPRESSION cfile_block_size: 0 } }
I0929 21:45:49.610685 26732 catalog_manager.cc:2925] Scheduling retry of 405036c65d064351a92040e629a3cd9a (table test-alter-range-partitioning-invalid-unbounded [id=8eb38e78e3cd4799995cb362386476e0]) Alter Table RPC with a delay of 41ms (attempt = 0)...
W0929 21:45:49.611141 26732 catalog_manager.cc:2946] Async tablet task 405036c65d064351a92040e629a3cd9a (table test-alter-range-partitioning-invalid-unbounded [id=8eb38e78e3cd4799995cb362386476e0]) Alter Table RPC failed: Not found: Failed to reset TS proxy: No leader found: Tablet 405036c65d064351a92040e629a3cd9a consensus state has no leader
I0929 21:45:49.612591 26731 catalog_manager.cc:2925] Scheduling retry of a4d64691a56a423ca91c0b14bd1517af (table test-alter-range-partitioning-invalid-unbounded [id=8eb38e78e3cd4799995cb362386476e0]) Alter Table RPC with a delay of 16ms (attempt = 0)...
W0929 21:45:49.612901 26731 catalog_manager.cc:2946] Async tablet task a4d64691a56a423ca91c0b14bd1517af (table test-alter-range-partitioning-invalid-unbounded [id=8eb38e78e3cd4799995cb362386476e0]) Alter Table RPC failed: Not found: Failed to reset TS proxy: No leader found: Tablet a4d64691a56a423ca91c0b14bd1517af consensus state has no leader
I0929 21:45:49.615476 26744 catalog_manager.cc:2416] Got report from deleted tablet 5a3b867613954ef9a6560f5c780cffc5 (table test-alter-range-partitioning-invalid-unbounded [id=8eb38e78e3cd4799995cb362386476e0]) (Partition dropped at 2017-09-29 21:45:48 UTC): Sending delete request for this tablet
I0929 21:45:49.615886 26744 catalog_manager.cc:3154] Sending DeleteTablet(TABLET_DATA_DELETED) for tablet 5a3b867613954ef9a6560f5c780cffc5 on cffedd68783f4a1c8995fc18ba659b7c (127.0.0.1:60775) (Partition dropped at 2017-09-29 21:45:48 UTC)
I0929 21:45:49.616312 26866 ts_tablet_manager.cc:767] T f92b78a409fb4b6db8ab56c535e2bfea P cffedd68783f4a1c8995fc18ba659b7c: Bootstrapping tablet
I0929 21:45:49.616745 26734 catalog_manager.cc:2925] Scheduling retry of 019d0f784e474c39b254c4f9911f094b (table test-alter-range-partitioning-invalid-unbounded [id=8eb38e78e3cd4799995cb362386476e0]) Alter Table RPC with a delay of 39ms (attempt = 0)...
W0929 21:45:49.617030 26734 catalog_manager.cc:2946] Async tablet task 019d0f784e474c39b254c4f9911f094b (table test-alter-range-partitioning-invalid-unbounded [id=8eb38e78e3cd4799995cb362386476e0]) Alter Table RPC failed: Not found: Failed to reset TS proxy: No leader found: Tablet 019d0f784e474c39b254c4f9911f094b consensus state has no leader
I0929 21:45:49.617020 26733 catalog_manager.cc:2925] Scheduling retry of 5a3b867613954ef9a6560f5c780cffc5 (table test-alter-range-partitioning-invalid-unbounded [id=8eb38e78e3cd4799995cb362386476e0]) Alter Table RPC with a delay of 55ms (attempt = 0)...
W0929 21:45:49.617441 26733 catalog_manager.cc:2946] Async tablet task 5a3b867613954ef9a6560f5c780cffc5 (table test-alter-range-partitioning-invalid-unbounded [id=8eb38e78e3cd4799995cb362386476e0]) Alter Table RPC failed: Not found: Failed to reset TS proxy: No leader found: Tablet 5a3b867613954ef9a6560f5c780cffc5 consensus state has no leader
I0929 21:45:49.617681 26747 catalog_manager.cc:3432] T 00000000000000000000000000000000 P 348076b792e349259f965829a0d76562: Sending DeleteTablet for 1 replicas of tablet c61c92254a2340e9a5624853175e6ebf
I0929 21:45:49.618044 26747 catalog_manager.cc:3154] Sending DeleteTablet(TABLET_DATA_DELETED) for tablet c61c92254a2340e9a5624853175e6ebf on cffedd68783f4a1c8995fc18ba659b7c (127.0.0.1:60775) (Partition dropped at 2017-09-29 21:45:49 UTC)
I0929 21:45:49.619405 26733 catalog_manager.cc:2925] Scheduling retry of f9dce52fa3f1464da743f458943e674a (table test-alter-range-partitioning-invalid-unbounded [id=8eb38e78e3cd4799995cb362386476e0]) Alter Table RPC with a delay of 55ms (attempt = 0)...
I0929 21:45:49.619444 26731 catalog_manager.cc:3154] Sending DeleteTablet(TABLET_DATA_DELETED) for tablet 0567a83a31cf429980e13f4f3df80ac0 on cffedd68783f4a1c8995fc18ba659b7c (127.0.0.1:60775) (Partition dropped at 2017-09-29 21:45:48 UTC)
W0929 21:45:49.619773 26733 catalog_manager.cc:2946] Async tablet task f9dce52fa3f1464da743f458943e674a (table test-alter-range-partitioning-invalid-unbounded [id=8eb38e78e3cd4799995cb362386476e0]) Alter Table RPC failed: Not found: Failed to reset TS proxy: No leader found: Tablet f9dce52fa3f1464da743f458943e674a consensus state has no leader
I0929 21:45:49.620034 26731 catalog_manager.cc:2925] Scheduling retry of a3b61861fc0f49e882e86f27b30f47ad (table test-alter-range-partitioning-invalid-unbounded [id=8eb38e78e3cd4799995cb362386476e0]) Alter Table RPC with a delay of 8ms (attempt = 0)...
I0929 21:45:49.620152 26733 catalog_manager.cc:2925] Scheduling retry of af4a3301115649f0a464abf8dd4c9d4c (table test-alter-range-partitioning-invalid-unbounded [id=8eb38e78e3cd4799995cb362386476e0]) Alter Table RPC with a delay of 44ms (attempt = 0)...
W0929 21:45:49.620357 26731 catalog_manager.cc:2946] Async tablet task a3b61861fc0f49e882e86f27b30f47ad (table test-alter-range-partitioning-invalid-unbounded [id=8eb38e78e3cd4799995cb362386476e0]) Alter Table RPC failed: Not found: Failed to reset TS proxy: No leader found: Tablet a3b61861fc0f49e882e86f27b30f47ad consensus state has no leader
W0929 21:45:49.620556 26733 catalog_manager.cc:2946] Async tablet task af4a3301115649f0a464abf8dd4c9d4c (table test-alter-range-partitioning-invalid-unbounded [id=8eb38e78e3cd4799995cb362386476e0]) Alter Table RPC failed: Not found: Failed to reset TS proxy: No leader found: Tablet af4a3301115649f0a464abf8dd4c9d4c consensus state has no leader
W0929 21:45:49.620708 26731 catalog_manager.cc:3121] TS cffedd68783f4a1c8995fc18ba659b7c (127.0.0.1:60775): delete failed for tablet e14a330c7d414262b7e059c53354c106 with error code TABLET_NOT_RUNNING: Illegal state: State transition of tablet e14a330c7d414262b7e059c53354c106 already in progress: creating tablet
I0929 21:45:49.620981 26731 catalog_manager.cc:2925] Scheduling retry of e14a330c7d414262b7e059c53354c106 Delete Tablet RPC for TS=cffedd68783f4a1c8995fc18ba659b7c with a delay of 98ms (attempt = 3)...
I0929 21:45:49.621413 26866 tablet_bootstrap.cc:406] T f92b78a409fb4b6db8ab56c535e2bfea P cffedd68783f4a1c8995fc18ba659b7c: Bootstrap starting.
W0929 21:45:49.621548 26731 catalog_manager.cc:3121] TS cffedd68783f4a1c8995fc18ba659b7c (127.0.0.1:60775): delete failed for tablet 96c088b7c9fe4b7f986371b0e920a16f with error code TABLET_NOT_RUNNING: Illegal state: State transition of tablet 96c088b7c9fe4b7f986371b0e920a16f already in progress: creating tablet
I0929 21:45:49.621812 26731 catalog_manager.cc:2925] Scheduling retry of 96c088b7c9fe4b7f986371b0e920a16f Delete Tablet RPC for TS=cffedd68783f4a1c8995fc18ba659b7c with a delay of 37ms (attempt = 2)...
I0929 21:45:49.621737 26747 catalog_manager.cc:2416] Got report from deleted tablet 5a3b867613954ef9a6560f5c780cffc5 (table test-alter-range-partitioning-invalid-unbounded [id=8eb38e78e3cd4799995cb362386476e0]) (Partition dropped at 2017-09-29 21:45:48 UTC): Sending delete request for this tablet
I0929 21:45:49.622388 26747 catalog_manager.cc:3154] Sending DeleteTablet(TABLET_DATA_DELETED) for tablet 5a3b867613954ef9a6560f5c780cffc5 on cffedd68783f4a1c8995fc18ba659b7c (127.0.0.1:60775) (Partition dropped at 2017-09-29 21:45:48 UTC)
I0929 21:45:49.622433 26732 catalog_manager.cc:2925] Scheduling retry of 9db7d1aaf4784c4882f93c9dd573911b (table test-alter-range-partitioning-invalid-unbounded [id=8eb38e78e3cd4799995cb362386476e0]) Alter Table RPC with a delay of 43ms (attempt = 0)...
W0929 21:45:49.622817 26732 catalog_manager.cc:2946] Async tablet task 9db7d1aaf4784c4882f93c9dd573911b (table test-alter-range-partitioning-invalid-unbounded [id=8eb38e78e3cd4799995cb362386476e0]) Alter Table RPC failed: Not found: Failed to reset TS proxy: No leader found: Tablet 9db7d1aaf4784c4882f93c9dd573911b consensus state has no leader
I0929 21:45:49.622731 26819 tablet_service.cc:713] Processing DeleteTablet for tablet 5a3b867613954ef9a6560f5c780cffc5 with delete_type TABLET_DATA_DELETED (Partition dropped at 2017-09-29 21:45:48 UTC) from {username='slave'} at 127.0.0.1:33868
I0929 21:45:49.623272 26819 tablet_replica.cc:218] Initiating TabletReplica shutdown for tablet: 5a3b867613954ef9a6560f5c780cffc5
I0929 21:45:49.623560 26819 maintenance_manager.cc:206] P cffedd68783f4a1c8995fc18ba659b7c: Unregistered op CompactRowSetsOp(5a3b867613954ef9a6560f5c780cffc5)
I0929 21:45:49.623503 26822 tablet_service.cc:713] Processing DeleteTablet for tablet c61c92254a2340e9a5624853175e6ebf with delete_type TABLET_DATA_DELETED (Partition dropped at 2017-09-29 21:45:49 UTC) from {username='slave'} at 127.0.0.1:33868
I0929 21:45:49.623847 26819 maintenance_manager.cc:206] P cffedd68783f4a1c8995fc18ba659b7c: Unregistered op MinorDeltaCompactionOp(5a3b867613954ef9a6560f5c780cffc5)
I0929 21:45:49.624076 26819 maintenance_manager.cc:206] P cffedd68783f4a1c8995fc18ba659b7c: Unregistered op MajorDeltaCompactionOp(5a3b867613954ef9a6560f5c780cffc5)
I0929 21:45:49.624300 26819 maintenance_manager.cc:206] P cffedd68783f4a1c8995fc18ba659b7c: Unregistered op UndoDeltaBlockGCOp(5a3b867613954ef9a6560f5c780cffc5)
I0929 21:45:49.624481 26866 tablet_bootstrap.cc:543] T f92b78a409fb4b6db8ab56c535e2bfea P cffedd68783f4a1c8995fc18ba659b7c: No blocks or log segments found. Creating new log.
I0929 21:45:49.624563 26819 maintenance_manager.cc:206] P cffedd68783f4a1c8995fc18ba659b7c: Unregistered op FlushMRSOp(5a3b867613954ef9a6560f5c780cffc5)
I0929 21:45:49.624891 26819 maintenance_manager.cc:206] P cffedd68783f4a1c8995fc18ba659b7c: Unregistered op FlushDeltaMemStoresOp(5a3b867613954ef9a6560f5c780cffc5)
I0929 21:45:49.624934 26822 tablet_service.cc:713] Processing DeleteTablet for tablet 0567a83a31cf429980e13f4f3df80ac0 with delete_type TABLET_DATA_DELETED (Partition dropped at 2017-09-29 21:45:48 UTC) from {username='slave'} at 127.0.0.1:33868
I0929 21:45:49.625258 26819 maintenance_manager.cc:206] P cffedd68783f4a1c8995fc18ba659b7c: Unregistered op LogGCOp(5a3b867613954ef9a6560f5c780cffc5)
I0929 21:45:49.625524 26819 raft_consensus.cc:1722] T 5a3b867613954ef9a6560f5c780cffc5 P cffedd68783f4a1c8995fc18ba659b7c [term 1 LEADER]: Raft consensus shutting down.
I0929 21:45:49.624171 26733 catalog_manager.cc:2925] Scheduling retry of bdfcf05ade7d41c48e3bdc44f1839279 (table test-alter-range-partitioning-invalid-unbounded [id=8eb38e78e3cd4799995cb362386476e0]) Alter Table RPC with a delay of 18ms (attempt = 0)...
I0929 21:45:49.625972 26819 raft_consensus_state.cc:386] T 5a3b867613954ef9a6560f5c780cffc5 P cffedd68783f4a1c8995fc18ba659b7c: Trying to abort 1 pending transactions.
W0929 21:45:49.626063 26733 catalog_manager.cc:2946] Async tablet task bdfcf05ade7d41c48e3bdc44f1839279 (table test-alter-range-partitioning-invalid-unbounded [id=8eb38e78e3cd4799995cb362386476e0]) Alter Table RPC failed: Not found: Failed to reset TS proxy: No leader found: Tablet bdfcf05ade7d41c48e3bdc44f1839279 consensus state has no leader
I0929 21:45:49.626499 26819 raft_consensus_state.cc:391] T 5a3b867613954ef9a6560f5c780cffc5 P cffedd68783f4a1c8995fc18ba659b7c: Aborting transaction as it isn't in flight: id { term: 1 index: 1 } timestamp: 16 op_type: NO_OP noop_request { }
W0929 21:45:49.627316 26731 catalog_manager.cc:3121] TS cffedd68783f4a1c8995fc18ba659b7c (127.0.0.1:60775): delete failed for tablet 5863b148d82f4bc183d8e0c203dbcdeb with error code TABLET_NOT_RUNNING: Illegal state: State transition of tablet 5863b148d82f4bc183d8e0c203dbcdeb already in progress: creating tablet
I0929 21:45:49.627957 26732 catalog_manager.cc:2925] Scheduling retry of 9276dda82bfc439ba5438aa02c2882d2 (table test-alter-range-partitioning-invalid-unbounded [id=8eb38e78e3cd4799995cb362386476e0]) Alter Table RPC with a delay of 21ms (attempt = 0)...
I0929 21:45:49.628119 26731 catalog_manager.cc:2925] Scheduling retry of 5863b148d82f4bc183d8e0c203dbcdeb Delete Tablet RPC for TS=cffedd68783f4a1c8995fc18ba659b7c with a delay of 59ms (attempt = 2)...
W0929 21:45:49.628358 26732 catalog_manager.cc:2946] Async tablet task 9276dda82bfc439ba5438aa02c2882d2 (table test-alter-range-partitioning-invalid-unbounded [id=8eb38e78e3cd4799995cb362386476e0]) Alter Table RPC failed: Not found: Failed to reset TS proxy: No leader found: Tablet 9276dda82bfc439ba5438aa02c2882d2 consensus state has no leader
W0929 21:45:49.628619 26731 catalog_manager.cc:3121] TS cffedd68783f4a1c8995fc18ba659b7c (127.0.0.1:60775): delete failed for tablet bdfcf05ade7d41c48e3bdc44f1839279 with error code TABLET_NOT_RUNNING: Illegal state: State transition of tablet bdfcf05ade7d41c48e3bdc44f1839279 already in progress: creating tablet
I0929 21:45:49.628907 26731 catalog_manager.cc:2925] Scheduling retry of bdfcf05ade7d41c48e3bdc44f1839279 Delete Tablet RPC for TS=cffedd68783f4a1c8995fc18ba659b7c with a delay of 529ms (attempt = 6)...
I0929 21:45:49.627456 26819 raft_consensus.cc:2194] T 5a3b867613954ef9a6560f5c780cffc5 P cffedd68783f4a1c8995fc18ba659b7c: NO_OP replication failed: Aborted: Transaction aborted
I0929 21:45:49.629945 26822 tablet_service.cc:713] Processing DeleteTablet for tablet 5a3b867613954ef9a6560f5c780cffc5 with delete_type TABLET_DATA_DELETED (Partition dropped at 2017-09-29 21:45:48 UTC) from {username='slave'} at 127.0.0.1:33868
I0929 21:45:49.630084 26819 raft_consensus.cc:1738] T 5a3b867613954ef9a6560f5c780cffc5 P cffedd68783f4a1c8995fc18ba659b7c [term 1 LEADER]: Raft consensus is shut down!
I0929 21:45:49.631202 26734 catalog_manager.cc:2925] Scheduling retry of 0567a83a31cf429980e13f4f3df80ac0 (table test-alter-range-partitioning-invalid-unbounded [id=8eb38e78e3cd4799995cb362386476e0]) Alter Table RPC with a delay of 9ms (attempt = 0)...
W0929 21:45:49.633182 26734 catalog_manager.cc:2946] Async tablet task 0567a83a31cf429980e13f4f3df80ac0 (table test-alter-range-partitioning-invalid-unbounded [id=8eb38e78e3cd4799995cb362386476e0]) Alter Table RPC failed: Not found: Failed to reset TS proxy: No leader found: Tablet 0567a83a31cf429980e13f4f3df80ac0 consensus state has no leader
I0929 21:45:49.633091 26731 catalog_manager.cc:2925] Scheduling retry of a1c9f68a8fa441539b9c510657c3176e (table test-alter-range-partitioning-invalid-unbounded [id=8eb38e78e3cd4799995cb362386476e0]) Alter Table RPC with a delay of 56ms (attempt = 0)...
W0929 21:45:49.633512 26731 catalog_manager.cc:2946] Async tablet task a1c9f68a8fa441539b9c510657c3176e (table test-alter-range-partitioning-invalid-unbounded [id=8eb38e78e3cd4799995cb362386476e0]) Alter Table RPC failed: Not found: Failed to reset TS proxy: No leader found: Tablet a1c9f68a8fa441539b9c510657c3176e consensus state has no leader
I0929 21:45:49.633736 26732 catalog_manager.cc:2925] Scheduling retry of 96c088b7c9fe4b7f986371b0e920a16f (table test-alter-range-partitioning-invalid-unbounded [id=8eb38e78e3cd4799995cb362386476e0]) Alter Table RPC with a delay of 44ms (attempt = 0)...
I0929 21:45:49.633844 26731 catalog_manager.cc:2925] Scheduling retry of a4d64691a56a423ca91c0b14bd1517af (table test-alter-range-partitioning-invalid-unbounded [id=8eb38e78e3cd4799995cb362386476e0]) Alter Table RPC with a delay of 44ms (attempt = 0)...
W0929 21:45:49.634104 26731 catalog_manager.cc:2946] Async tablet task a4d64691a56a423ca91c0b14bd1517af (table test-alter-range-partitioning-invalid-unbounded [id=8eb38e78e3cd4799995cb362386476e0]) Alter Table RPC failed: Not found: Failed to reset TS proxy: No leader found: Tablet a4d64691a56a423ca91c0b14bd1517af consensus state has no leader
W0929 21:45:49.634081 26732 catalog_manager.cc:2946] Async tablet task 96c088b7c9fe4b7f986371b0e920a16f (table test-alter-range-partitioning-invalid-unbounded [id=8eb38e78e3cd4799995cb362386476e0]) Alter Table RPC failed: Not found: Failed to reset TS proxy: No leader found: Tablet 96c088b7c9fe4b7f986371b0e920a16f consensus state has no leader
I0929 21:45:49.634639 26731 catalog_manager.cc:2925] Scheduling retry of a3b61861fc0f49e882e86f27b30f47ad (table test-alter-range-partitioning-invalid-unbounded [id=8eb38e78e3cd4799995cb362386476e0]) Alter Table RPC with a delay of 31ms (attempt = 0)...
I0929 21:45:49.634745 26734 catalog_manager.cc:2925] Scheduling retry of 28988efc3b9d4b96b591cbd45febf05b (table test-alter-range-partitioning-invalid-unbounded [id=8eb38e78e3cd4799995cb362386476e0]) Alter Table RPC with a delay of 8ms (attempt = 0)...
W0929 21:45:49.634896 26731 catalog_manager.cc:2946] Async tablet task a3b61861fc0f49e882e86f27b30f47ad (table test-alter-range-partitioning-invalid-unbounded [id=8eb38e78e3cd4799995cb362386476e0]) Alter Table RPC failed: Not found: Failed to reset TS proxy: No leader found: Tablet a3b61861fc0f49e882e86f27b30f47ad consensus state has no leader
W0929 21:45:49.635098 26734 catalog_manager.cc:2946] Async tablet task 28988efc3b9d4b96b591cbd45febf05b (table test-alter-range-partitioning-invalid-unbounded [id=8eb38e78e3cd4799995cb362386476e0]) Alter Table RPC failed: Not found: Failed to reset TS proxy: No leader found: Tablet 28988efc3b9d4b96b591cbd45febf05b consensus state has no leader
I0929 21:45:49.635268 26731 catalog_manager.cc:3154] Sending DeleteTablet(TABLET_DATA_DELETED) for tablet 4515eb9ffec24b699bf8cd6227140627 on cffedd68783f4a1c8995fc18ba659b7c (127.0.0.1:60775) (Partition dropped at 2017-09-29 21:45:49 UTC)
W0929 21:45:49.635814 26731 catalog_manager.cc:3108] TS cffedd68783f4a1c8995fc18ba659b7c (127.0.0.1:60775): delete failed for tablet c61c92254a2340e9a5624853175e6ebf because the tablet was not found. No further retry: Not found: Tablet not found: c61c92254a2340e9a5624853175e6ebf
I0929 21:45:49.636457 26731 catalog_manager.cc:3154] Sending DeleteTablet(TABLET_DATA_DELETED) for tablet 019d0f784e474c39b254c4f9911f094b on cffedd68783f4a1c8995fc18ba659b7c (127.0.0.1:60775) (Partition dropped at 2017-09-29 21:45:49 UTC)
I0929 21:45:49.636580 26734 catalog_manager.cc:2925] Scheduling retry of f92b78a409fb4b6db8ab56c535e2bfea (table test-alter-range-partitioning-invalid-unbounded [id=8eb38e78e3cd4799995cb362386476e0]) Alter Table RPC with a delay of 50ms (attempt = 0)...
W0929 21:45:49.636853 26731 catalog_manager.cc:3108] TS cffedd68783f4a1c8995fc18ba659b7c (127.0.0.1:60775): delete failed for tablet 0567a83a31cf429980e13f4f3df80ac0 because the tablet was not found. No further retry: Not found: Tablet not found: 0567a83a31cf429980e13f4f3df80ac0
W0929 21:45:49.636874 26734 catalog_manager.cc:2946] Async tablet task f92b78a409fb4b6db8ab56c535e2bfea (table test-alter-range-partitioning-invalid-unbounded [id=8eb38e78e3cd4799995cb362386476e0]) Alter Table RPC failed: Not found: Failed to reset TS proxy: No leader found: Tablet f92b78a409fb4b6db8ab56c535e2bfea consensus state has no leader
W0929 21:45:49.637428 26731 catalog_manager.cc:3121] TS cffedd68783f4a1c8995fc18ba659b7c (127.0.0.1:60775): delete failed for tablet 5a3b867613954ef9a6560f5c780cffc5 with error code TABLET_NOT_RUNNING: Illegal state: State transition of tablet 5a3b867613954ef9a6560f5c780cffc5 already in progress: deleting tablet
I0929 21:45:49.637668 26731 catalog_manager.cc:2925] Scheduling retry of 5a3b867613954ef9a6560f5c780cffc5 Delete Tablet RPC for TS=cffedd68783f4a1c8995fc18ba659b7c with a delay of 18ms (attempt = 1)...
W0929 21:45:49.639436 26916 consensus_queue.cc:632] T 5a3b867613954ef9a6560f5c780cffc5 P cffedd68783f4a1c8995fc18ba659b7c [LEADER]: Queue is closed or peer was untracked, disregarding peer response. Response: responder_uuid: "cffedd68783f4a1c8995fc18ba659b7c" status { last_received { term: 1 index: 1 } last_committed_idx: 0 last_received_current_leader { term: 1 index: 1 } }
I0929 21:45:49.639708 26817 tablet_service.cc:713] Processing DeleteTablet for tablet 019d0f784e474c39b254c4f9911f094b with delete_type TABLET_DATA_DELETED (Partition dropped at 2017-09-29 21:45:49 UTC) from {username='slave'} at 127.0.0.1:33868
I0929 21:45:49.640430 26822 tablet_service.cc:713] Processing DeleteTablet for tablet 4515eb9ffec24b699bf8cd6227140627 with delete_type TABLET_DATA_DELETED (Partition dropped at 2017-09-29 21:45:49 UTC) from {username='slave'} at 127.0.0.1:33868
I0929 21:45:49.639132 26733 catalog_manager.cc:2925] Scheduling retry of e14a330c7d414262b7e059c53354c106 (table test-alter-range-partitioning-invalid-unbounded [id=8eb38e78e3cd4799995cb362386476e0]) Alter Table RPC with a delay of 45ms (attempt = 0)...
W0929 21:45:49.642529 26733 catalog_manager.cc:2946] Async tablet task e14a330c7d414262b7e059c53354c106 (table test-alter-range-partitioning-invalid-unbounded [id=8eb38e78e3cd4799995cb362386476e0]) Alter Table RPC failed: Not found: Failed to reset TS proxy: No leader found: Tablet e14a330c7d414262b7e059c53354c106 consensus state has no leader
I0929 21:45:49.641903 26731 catalog_manager.cc:2925] Scheduling retry of 4515eb9ffec24b699bf8cd6227140627 (table test-alter-range-partitioning-invalid-unbounded [id=8eb38e78e3cd4799995cb362386476e0]) Alter Table RPC with a delay of 56ms (attempt = 0)...
W0929 21:45:49.643700 26731 catalog_manager.cc:2946] Async tablet task 4515eb9ffec24b699bf8cd6227140627 (table test-alter-range-partitioning-invalid-unbounded [id=8eb38e78e3cd4799995cb362386476e0]) Alter Table RPC failed: Not found: Failed to reset TS proxy: No leader found: Tablet 4515eb9ffec24b699bf8cd6227140627 consensus state has no leader
I0929 21:45:49.643700 26734 catalog_manager.cc:2925] Scheduling retry of 0567a83a31cf429980e13f4f3df80ac0 (table test-alter-range-partitioning-invalid-unbounded [id=8eb38e78e3cd4799995cb362386476e0]) Alter Table RPC with a delay of 38ms (attempt = 0)...
W0929 21:45:49.644088 26734 catalog_manager.cc:2946] Async tablet task 0567a83a31cf429980e13f4f3df80ac0 (table test-alter-range-partitioning-invalid-unbounded [id=8eb38e78e3cd4799995cb362386476e0]) Alter Table RPC failed: Not found: Failed to reset TS proxy: No leader found: Tablet 0567a83a31cf429980e13f4f3df80ac0 consensus state has no leader
W0929 21:45:49.644176 26731 catalog_manager.cc:3121] TS cffedd68783f4a1c8995fc18ba659b7c (127.0.0.1:60775): delete failed for tablet 019d0f784e474c39b254c4f9911f094b with error code TABLET_NOT_RUNNING: Illegal state: State transition of tablet 019d0f784e474c39b254c4f9911f094b already in progress: creating tablet
I0929 21:45:49.644397 26734 catalog_manager.cc:2925] Scheduling retry of 28988efc3b9d4b96b591cbd45febf05b (table test-alter-range-partitioning-invalid-unbounded [id=8eb38e78e3cd4799995cb362386476e0]) Alter Table RPC with a delay of 29ms (attempt = 0)...
I0929 21:45:49.644465 26731 catalog_manager.cc:2925] Scheduling retry of 019d0f784e474c39b254c4f9911f094b Delete Tablet RPC for TS=cffedd68783f4a1c8995fc18ba659b7c with a delay of 145ms (attempt = 4)...
W0929 21:45:49.644704 26734 catalog_manager.cc:2946] Async tablet task 28988efc3b9d4b96b591cbd45febf05b (table test-alter-range-partitioning-invalid-unbounded [id=8eb38e78e3cd4799995cb362386476e0]) Alter Table RPC failed: Not found: Failed to reset TS proxy: No leader found: Tablet 28988efc3b9d4b96b591cbd45febf05b consensus state has no leader
I0929 21:45:49.644790 26819 ts_tablet_manager.cc:1063] T 5a3b867613954ef9a6560f5c780cffc5 P cffedd68783f4a1c8995fc18ba659b7c: Deleting tablet data with delete state TABLET_DATA_DELETED
I0929 21:45:49.643362 26820 ts_tablet_manager.cc:906] T c61c92254a2340e9a5624853175e6ebf P cffedd68783f4a1c8995fc18ba659b7c: Registered tablet (data state: TABLET_DATA_READY)
W0929 21:45:49.644950 26731 catalog_manager.cc:3121] TS cffedd68783f4a1c8995fc18ba659b7c (127.0.0.1:60775): delete failed for tablet 4515eb9ffec24b699bf8cd6227140627 with error code TABLET_NOT_RUNNING: Illegal state: State transition of tablet 4515eb9ffec24b699bf8cd6227140627 already in progress: creating tablet
I0929 21:45:49.645306 26731 catalog_manager.cc:2925] Scheduling retry of 4515eb9ffec24b699bf8cd6227140627 Delete Tablet RPC for TS=cffedd68783f4a1c8995fc18ba659b7c with a delay of 133ms (attempt = 4)...
