I0929 21:45:48.157860 26781 sys_catalog.cc:266] T 00000000000000000000000000000000 P 348076b792e349259f965829a0d76562 [sys.catalog]: SysCatalogTable state changed. Reason: Started TabletReplica. Latest consensus state: current_term: 1 leader_uuid: "348076b792e349259f965829a0d76562" committed_config { opid_index: -1 OBSOLETE_local: true peers { permanent_uuid: "348076b792e349259f965829a0d76562" member_type: VOTER } }
I0929 21:45:48.158457 26781 sys_catalog.cc:269] T 00000000000000000000000000000000 P 348076b792e349259f965829a0d76562 [sys.catalog]: This master's current role is: LEADER
I0929 21:45:48.159292 26786 sys_catalog.cc:266] T 00000000000000000000000000000000 P 348076b792e349259f965829a0d76562 [sys.catalog]: SysCatalogTable state changed. Reason: New leader 348076b792e349259f965829a0d76562. Latest consensus state: current_term: 1 leader_uuid: "348076b792e349259f965829a0d76562" committed_config { opid_index: -1 OBSOLETE_local: true peers { permanent_uuid: "348076b792e349259f965829a0d76562" member_type: VOTER } }
I0929 21:45:48.159859 26786 sys_catalog.cc:269] T 00000000000000000000000000000000 P 348076b792e349259f965829a0d76562 [sys.catalog]: This master's current role is: LEADER
I0929 21:45:48.157871 26785 sys_catalog.cc:266] T 00000000000000000000000000000000 P 348076b792e349259f965829a0d76562 [sys.catalog]: SysCatalogTable state changed. Reason: RaftConsensus started. Latest consensus state: current_term: 1 leader_uuid: "348076b792e349259f965829a0d76562" committed_config { opid_index: -1 OBSOLETE_local: true peers { permanent_uuid: "348076b792e349259f965829a0d76562" member_type: VOTER } }
I0929 21:45:48.161154 26785 sys_catalog.cc:269] T 00000000000000000000000000000000 P 348076b792e349259f965829a0d76562 [sys.catalog]: This master's current role is: LEADER
I0929 21:45:48.162441 26781 sys_catalog.cc:344] T 00000000000000000000000000000000 P 348076b792e349259f965829a0d76562 [sys.catalog]: configured and running, proceeding with master startup.
I0929 21:45:48.167213 26788 catalog_manager.cc:1013] Loading table and tablet metadata into memory...
I0929 21:45:48.169917 26788 catalog_manager.cc:1024] Initializing Kudu internal certificate authority...
I0929 21:45:48.192670 26788 catalog_manager.cc:909] Generated new certificate authority record
I0929 21:45:48.194557 26788 catalog_manager.cc:1033] Loading token signing keys...
I0929 21:45:48.217666 26788 catalog_manager.cc:3528] T 00000000000000000000000000000000 P 348076b792e349259f965829a0d76562: Generated new TSK 0
I0929 21:45:48.242061 22612 file_cache.cc:463] Constructed file cache lbm with capacity 26214
I0929 21:45:48.248528 22612 server_base.cc:215] Could not load existing FS layout: Not found: /tmp/run_tha_test8NQfeJ/test-tmp/alter_table-test.AlterTableTest.TestAddRangePartitionConflictExhaustive.1506721518627625-22612/minicluster-data/ts-0-root/instance: No such file or directory (error 2)
I0929 21:45:48.248704 22612 server_base.cc:216] Creating new FS layout
I0929 21:45:48.255036 22612 fs_manager.cc:377] Generated new instance metadata in path /tmp/run_tha_test8NQfeJ/test-tmp/alter_table-test.AlterTableTest.TestAddRangePartitionConflictExhaustive.1506721518627625-22612/minicluster-data/ts-0-root/instance: uuid: "cffedd68783f4a1c8995fc18ba659b7c" format_stamp: "Formatted at 2017-09-29 21:45:48 on dist-test-slave-dist-test-slave-sph7"
I0929 21:45:48.266408 22612 fs_manager.cc:263] Time spent opening block manager: real 0.004s user 0.004s sys 0.000s
I0929 21:45:48.266626 22612 fs_manager.cc:266] Opened local filesystem: /tmp/run_tha_test8NQfeJ/test-tmp/alter_table-test.AlterTableTest.TestAddRangePartitionConflictExhaustive.1506721518627625-22612/minicluster-data/ts-0-root uuid: "cffedd68783f4a1c8995fc18ba659b7c" format_stamp: "Formatted at 2017-09-29 21:45:48 on dist-test-slave-dist-test-slave-sph7"
I0929 21:45:48.266850 22612 fs_report.cc:345] Block manager report -------------------- 1 data directories: /tmp/run_tha_test8NQfeJ/test-tmp/alter_table-test.AlterTableTest.TestAddRangePartitionConflictExhaustive.1506721518627625-22612/minicluster-data/ts-0-root/data Total live blocks: 0 Total live bytes: 0 Total live bytes (after alignment): 0 Total number of LBM containers: 0 (0 full) Did not check for missing blocks Did not check for orphaned blocks Total full LBM containers with extra space: 0 (0 repaired) Total full LBM container extra space in bytes: 0 (0 repaired) Total incomplete LBM containers: 0 (0 repaired) Total LBM partial records: 0 (0 repaired)
I0929 21:45:48.289191 22612 ts_tablet_manager.cc:223] Loaded tablet metadata (0 live tablets)
I0929 21:45:48.347004 22612 rpc_server.cc:186] RPC server started. Bound to: 127.0.0.1:60775
I0929 21:45:48.347929 22612 webserver.cc:141] Starting webserver on 0.0.0.0:0
I0929 21:45:48.348058 22612 webserver.cc:152] Document root disabled
I0929 21:45:48.349265 22612 webserver.cc:283] Webserver started. Bound to: http://0.0.0.0:46303/
I0929 21:45:48.371274 26856 heartbeater.cc:291] Connected to a master server at 127.0.0.1:53078
I0929 21:45:48.371584 26856 heartbeater.cc:361] Registering TS with master...
I0929 21:45:48.372190 26856 heartbeater.cc:388] Master 127.0.0.1:53078 requested a full tablet report, sending...
I0929 21:45:48.374032 26748 ts_manager.cc:78] Registered new tserver with Master: cffedd68783f4a1c8995fc18ba659b7c (127.0.0.1:60775)
I0929 21:45:48.374449 22612 mini_cluster.cc:276] 1 TS(s) registered with all masters after 0.01549072s
I0929 21:45:48.376852 26748 master_service.cc:195] Signed X509 certificate for tserver {username='slave'} at 127.0.0.1:59014
I0929 21:45:48.390589 26856 heartbeater.cc:380] Master 127.0.0.1:53078 was elected leader, sending a full tablet report...
I0929 21:45:48.398731 26748 catalog_manager.cc:1277] CreateTable from {username='slave'} at 127.0.0.1:59015: name: "fake-table" schema { columns { name: "c0" type: INT32 is_key: true is_nullable: false encoding: AUTO_ENCODING compression: DEFAULT_COMPRESSION cfile_block_size: 0 } columns { name: "c1" type: INT32 is_key: false is_nullable: false encoding: AUTO_ENCODING compression: DEFAULT_COMPRESSION cfile_block_size: 0 } } num_replicas: 1 split_rows_range_bounds { } partition_schema { range_schema { columns { name: "c0" } } }
I0929 21:45:48.426913 26823 tablet_service.cc:672] Processing CreateTablet for tablet ee49359f05fc45d38519dc741ace5123 (table=fake-table [id=7e822e879029448086d6380a7f9a84fa]), partition=RANGE (c0) PARTITION UNBOUNDED
I0929 21:45:48.437052 26823 ts_tablet_manager.cc:906] T ee49359f05fc45d38519dc741ace5123 P cffedd68783f4a1c8995fc18ba659b7c: Registered tablet (data state: TABLET_DATA_READY)
I0929 21:45:48.438886 26866 ts_tablet_manager.cc:767] T ee49359f05fc45d38519dc741ace5123 P cffedd68783f4a1c8995fc18ba659b7c: Bootstrapping tablet
I0929 21:45:48.444155 26866 tablet_bootstrap.cc:406] T ee49359f05fc45d38519dc741ace5123 P cffedd68783f4a1c8995fc18ba659b7c: Bootstrap starting.
I0929 21:45:48.447203 26866 tablet_bootstrap.cc:543] T ee49359f05fc45d38519dc741ace5123 P cffedd68783f4a1c8995fc18ba659b7c: No blocks or log segments found. Creating new log.
I0929 21:45:48.451143 26866 tablet_bootstrap.cc:406] T ee49359f05fc45d38519dc741ace5123 P cffedd68783f4a1c8995fc18ba659b7c: No bootstrap required, opened a new log
I0929 21:45:48.451577 26866 ts_tablet_manager.cc:772] T ee49359f05fc45d38519dc741ace5123 P cffedd68783f4a1c8995fc18ba659b7c: Time spent bootstrapping tablet: real 0.012s user 0.008s sys 0.000s
I0929 21:45:48.460477 26866 raft_consensus.cc:289] T ee49359f05fc45d38519dc741ace5123 P cffedd68783f4a1c8995fc18ba659b7c [term 0 FOLLOWER]: Replica starting. Triggering 0 pending transactions. Active config: opid_index: -1 OBSOLETE_local: true peers { permanent_uuid: "cffedd68783f4a1c8995fc18ba659b7c" member_type: VOTER last_known_addr { host: "127.0.0.1" port: 60775 } }
I0929 21:45:48.461233 26866 raft_consensus.cc:320] T ee49359f05fc45d38519dc741ace5123 P cffedd68783f4a1c8995fc18ba659b7c [term 0 FOLLOWER]: Consensus starting up: Expiring failure detector timer to make a prompt election more likely
I0929 21:45:48.461472 26866 raft_consensus.cc:549] T ee49359f05fc45d38519dc741ace5123 P cffedd68783f4a1c8995fc18ba659b7c [term 0 FOLLOWER]: Becoming Follower/Learner. State: Replica: cffedd68783f4a1c8995fc18ba659b7c, State: 1, Role: FOLLOWER
I0929 21:45:48.461779 26866 consensus_queue.cc:184] T ee49359f05fc45d38519dc741ace5123 P cffedd68783f4a1c8995fc18ba659b7c [NON_LEADER]: Queue going to NON_LEADER mode. State: All replicated index: 0, Majority replicated index: 0, Committed index: 0, Last appended: 0.0, Last appended by leader: 0, Current term: 0, Majority size: -1, State: 1, Mode: NON_LEADER
I0929 21:45:48.462152 26866 raft_consensus.cc:333] T ee49359f05fc45d38519dc741ace5123 P cffedd68783f4a1c8995fc18ba659b7c [term 0 FOLLOWER]: Only one voter in the Raft config. Triggering election immediately
I0929 21:45:48.462391 26866 raft_consensus.cc:412] T ee49359f05fc45d38519dc741ace5123 P cffedd68783f4a1c8995fc18ba659b7c [term 0 FOLLOWER]: Starting leader election (initial election of a single-replica configuration)
I0929 21:45:48.462618 26866 raft_consensus.cc:2315] T ee49359f05fc45d38519dc741ace5123 P cffedd68783f4a1c8995fc18ba659b7c [term 0 FOLLOWER]: Snoozing failure detection for election timeout plus an additional 1.513s
I0929 21:45:48.462848 26866 raft_consensus.cc:2359] T ee49359f05fc45d38519dc741ace5123 P cffedd68783f4a1c8995fc18ba659b7c [term 0 FOLLOWER]: Advancing to term 1
I0929 21:45:48.468981 26866 raft_consensus.cc:436] T ee49359f05fc45d38519dc741ace5123 P cffedd68783f4a1c8995fc18ba659b7c [term 1 FOLLOWER]: Starting leader election with config: opid_index: -1 OBSOLETE_local: true peers { permanent_uuid: "cffedd68783f4a1c8995fc18ba659b7c" member_type: VOTER last_known_addr { host: "127.0.0.1" port: 60775 } }
I0929 21:45:48.469650 26866 leader_election.cc:243] T ee49359f05fc45d38519dc741ace5123 P cffedd68783f4a1c8995fc18ba659b7c [CANDIDATE]: Term 1 election: Election decided. Result: candidate won.
I0929 21:45:48.473700 26869 raft_consensus.cc:2315] T ee49359f05fc45d38519dc741ace5123 P cffedd68783f4a1c8995fc18ba659b7c [term 1 FOLLOWER]: Snoozing failure detection for election timeout plus an additional 1.902s
I0929 21:45:48.474066 26869 raft_consensus.cc:2124] T ee49359f05fc45d38519dc741ace5123 P cffedd68783f4a1c8995fc18ba659b7c [term 1 FOLLOWER]: Leader election won for term 1
I0929 21:45:48.474440 26869 raft_consensus.cc:519] T ee49359f05fc45d38519dc741ace5123 P cffedd68783f4a1c8995fc18ba659b7c [term 1 LEADER]: Becoming Leader. State: Replica: cffedd68783f4a1c8995fc18ba659b7c, State: 1, Role: LEADER
I0929 21:45:48.474666 26866 ts_tablet_manager.cc:799] T ee49359f05fc45d38519dc741ace5123 P cffedd68783f4a1c8995fc18ba659b7c: Time spent starting tablet: real 0.023s user 0.020s sys 0.004s
I0929 21:45:48.474783 26869 consensus_queue.cc:163] T ee49359f05fc45d38519dc741ace5123 P cffedd68783f4a1c8995fc18ba659b7c [LEADER]: Queue going to LEADER mode. State: All replicated index: 0, Majority replicated index: 0, Committed index: 0, Last appended: 0.0, Last appended by leader: 0, Current term: 1, Majority size: 1, State: 1, Mode: LEADER, active raft config: opid_index: -1 OBSOLETE_local: true peers { permanent_uuid: "cffedd68783f4a1c8995fc18ba659b7c" member_type: VOTER last_known_addr { host: "127.0.0.1" port: 60775 } }
I0929 21:45:48.479354 26748 catalog_manager.cc:2555] T ee49359f05fc45d38519dc741ace5123 reported consensus state change: term changed from 0 to 1, leader changed from to cffedd68783f4a1c8995fc18ba659b7c (127.0.0.1). New consensus state: current_term: 1 leader_uuid: "cffedd68783f4a1c8995fc18ba659b7c" committed_config { opid_index: -1 OBSOLETE_local: true peers { permanent_uuid: "cffedd68783f4a1c8995fc18ba659b7c" member_type: VOTER last_known_addr { host: "127.0.0.1" port: 60775 } } }
I0929 21:45:48.492631 22612 alter_table-test.cc:131] Tablet successfully located
I0929 21:45:48.493971 26748 catalog_manager.cc:1277] CreateTable from {username='slave'} at 127.0.0.1:59015: name: "test-alter-range-partitioning-invalid-unbounded" schema { columns { name: "c0" type: INT32 is_key: true is_nullable: false encoding: AUTO_ENCODING compression: DEFAULT_COMPRESSION cfile_block_size: 0 } columns { name: "c1" type: INT32 is_key: false is_nullable: false encoding: AUTO_ENCODING compression: DEFAULT_COMPRESSION cfile_block_size: 0 } } num_replicas: 1 split_rows_range_bounds { } partition_schema { range_schema { columns { name: "c0" } } }
I0929 21:45:48.509352 26823 tablet_service.cc:672] Processing CreateTablet for tablet bbc2d6b4e02b4f21aa064466a5866754 (table=test-alter-range-partitioning-invalid-unbounded [id=8eb38e78e3cd4799995cb362386476e0]), partition=RANGE (c0) PARTITION UNBOUNDED
I0929 21:45:48.520253 26823 ts_tablet_manager.cc:906] T bbc2d6b4e02b4f21aa064466a5866754 P cffedd68783f4a1c8995fc18ba659b7c: Registered tablet (data state: TABLET_DATA_READY)
I0929 21:45:48.520784 26866 ts_tablet_manager.cc:767] T bbc2d6b4e02b4f21aa064466a5866754 P cffedd68783f4a1c8995fc18ba659b7c: Bootstrapping tablet
I0929 21:45:48.526654 26866 tablet_bootstrap.cc:406] T bbc2d6b4e02b4f21aa064466a5866754 P cffedd68783f4a1c8995fc18ba659b7c: Bootstrap starting.
I0929 21:45:48.529858 26866 tablet_bootstrap.cc:543] T bbc2d6b4e02b4f21aa064466a5866754 P cffedd68783f4a1c8995fc18ba659b7c: No blocks or log segments found. Creating new log.
I0929 21:45:48.533525 26866 tablet_bootstrap.cc:406] T bbc2d6b4e02b4f21aa064466a5866754 P cffedd68783f4a1c8995fc18ba659b7c: No bootstrap required, opened a new log
I0929 21:45:48.533970 26866 ts_tablet_manager.cc:772] T bbc2d6b4e02b4f21aa064466a5866754 P cffedd68783f4a1c8995fc18ba659b7c: Time spent bootstrapping tablet: real 0.013s user 0.008s sys 0.000s
I0929 21:45:48.543190 26866 raft_consensus.cc:289] T bbc2d6b4e02b4f21aa064466a5866754 P cffedd68783f4a1c8995fc18ba659b7c [term 0 FOLLOWER]: Replica starting. Triggering 0 pending transactions. Active config: opid_index: -1 OBSOLETE_local: true peers { permanent_uuid: "cffedd68783f4a1c8995fc18ba659b7c" member_type: VOTER last_known_addr { host: "127.0.0.1" port: 60775 } }
I0929 21:45:48.543900 26866 raft_consensus.cc:320] T bbc2d6b4e02b4f21aa064466a5866754 P cffedd68783f4a1c8995fc18ba659b7c [term 0 FOLLOWER]: Consensus starting up: Expiring failure detector timer to make a prompt election more likely
I0929 21:45:48.544153 26866 raft_consensus.cc:549] T bbc2d6b4e02b4f21aa064466a5866754 P cffedd68783f4a1c8995fc18ba659b7c [term 0 FOLLOWER]: Becoming Follower/Learner. State: Replica: cffedd68783f4a1c8995fc18ba659b7c, State: 1, Role: FOLLOWER
I0929 21:45:48.544462 26866 consensus_queue.cc:184] T bbc2d6b4e02b4f21aa064466a5866754 P cffedd68783f4a1c8995fc18ba659b7c [NON_LEADER]: Queue going to NON_LEADER mode. State: All replicated index: 0, Majority replicated index: 0, Committed index: 0, Last appended: 0.0, Last appended by leader: 0, Current term: 0, Majority size: -1, State: 1, Mode: NON_LEADER
I0929 21:45:48.544814 26866 raft_consensus.cc:333] T bbc2d6b4e02b4f21aa064466a5866754 P cffedd68783f4a1c8995fc18ba659b7c [term 0 FOLLOWER]: Only one voter in the Raft config. Triggering election immediately
I0929 21:45:48.545017 26866 raft_consensus.cc:412] T bbc2d6b4e02b4f21aa064466a5866754 P cffedd68783f4a1c8995fc18ba659b7c [term 0 FOLLOWER]: Starting leader election (initial election of a single-replica configuration)
I0929 21:45:48.545248 26866 raft_consensus.cc:2315] T bbc2d6b4e02b4f21aa064466a5866754 P cffedd68783f4a1c8995fc18ba659b7c [term 0 FOLLOWER]: Snoozing failure detection for election timeout plus an additional 1.933s
I0929 21:45:48.545475 26866 raft_consensus.cc:2359] T bbc2d6b4e02b4f21aa064466a5866754 P cffedd68783f4a1c8995fc18ba659b7c [term 0 FOLLOWER]: Advancing to term 1
I0929 21:45:48.551373 26866 raft_consensus.cc:436] T bbc2d6b4e02b4f21aa064466a5866754 P cffedd68783f4a1c8995fc18ba659b7c [term 1 FOLLOWER]: Starting leader election with config: opid_index: -1 OBSOLETE_local: true peers { permanent_uuid: "cffedd68783f4a1c8995fc18ba659b7c" member_type: VOTER last_known_addr { host: "127.0.0.1" port: 60775 } }
I0929 21:45:48.552013 26866 leader_election.cc:243] T bbc2d6b4e02b4f21aa064466a5866754 P cffedd68783f4a1c8995fc18ba659b7c [CANDIDATE]: Term 1 election: Election decided. Result: candidate won.
I0929 21:45:48.559248 26875 raft_consensus.cc:2315] T bbc2d6b4e02b4f21aa064466a5866754 P cffedd68783f4a1c8995fc18ba659b7c [term 1 FOLLOWER]: Snoozing failure detection for election timeout plus an additional 2.123s
I0929 21:45:48.559996 26875 raft_consensus.cc:2124] T bbc2d6b4e02b4f21aa064466a5866754 P cffedd68783f4a1c8995fc18ba659b7c [term 1 FOLLOWER]: Leader election won for term 1
I0929 21:45:48.560159 26866 ts_tablet_manager.cc:799] T bbc2d6b4e02b4f21aa064466a5866754 P cffedd68783f4a1c8995fc18ba659b7c: Time spent starting tablet: real 0.026s user 0.012s sys 0.012s
I0929 21:45:48.560428 26875 raft_consensus.cc:519] T bbc2d6b4e02b4f21aa064466a5866754 P cffedd68783f4a1c8995fc18ba659b7c [term 1 LEADER]: Becoming Leader. State: Replica: cffedd68783f4a1c8995fc18ba659b7c, State: 1, Role: LEADER
I0929 21:45:48.560788 26875 consensus_queue.cc:163] T bbc2d6b4e02b4f21aa064466a5866754 P cffedd68783f4a1c8995fc18ba659b7c [LEADER]: Queue going to LEADER mode. State: All replicated index: 0, Majority replicated index: 0, Committed index: 0, Last appended: 0.0, Last appended by leader: 0, Current term: 1, Majority size: 1, State: 1, Mode: LEADER, active raft config: opid_index: -1 OBSOLETE_local: true peers { permanent_uuid: "cffedd68783f4a1c8995fc18ba659b7c" member_type: VOTER last_known_addr { host: "127.0.0.1" port: 60775 } }
I0929 21:45:48.570232 26747 catalog_manager.cc:2555] T bbc2d6b4e02b4f21aa064466a5866754 reported consensus state change: term changed from 0 to 1, leader changed from to cffedd68783f4a1c8995fc18ba659b7c (127.0.0.1). New consensus state: current_term: 1 leader_uuid: "cffedd68783f4a1c8995fc18ba659b7c" committed_config { opid_index: -1 OBSOLETE_local: true peers { permanent_uuid: "cffedd68783f4a1c8995fc18ba659b7c" member_type: VOTER last_known_addr { host: "127.0.0.1" port: 60775 } } }
I0929 21:45:48.583286 26747 catalog_manager.cc:1920] Servicing AlterTable request from {username='slave'} at 127.0.0.1:59015: table { table_name: "test-alter-range-partitioning-invalid-unbounded" } alter_schema_steps { type: DROP_RANGE_PARTITION drop_range_partition { range_bounds { rows: "\006\000\007\000" } } } schema { columns { name: "c0" type: INT32 is_key: true is_nullable: false encoding: AUTO_ENCODING compression: DEFAULT_COMPRESSION cfile_block_size: 0 } columns { name: "c1" type: INT32 is_key: false is_nullable: false encoding: AUTO_ENCODING compression: DEFAULT_COMPRESSION cfile_block_size: 0 } }
I0929 21:45:48.589046 26747 catalog_manager.cc:3432] T 00000000000000000000000000000000 P 348076b792e349259f965829a0d76562: Sending DeleteTablet for 1 replicas of tablet bbc2d6b4e02b4f21aa064466a5866754
I0929 21:45:48.589382 26747 catalog_manager.cc:3154] Sending DeleteTablet(TABLET_DATA_DELETED) for tablet bbc2d6b4e02b4f21aa064466a5866754 on cffedd68783f4a1c8995fc18ba659b7c (127.0.0.1:60775) (Partition dropped at 2017-09-29 21:45:48 UTC)
I0929 21:45:48.590545 26823 tablet_service.cc:713] Processing DeleteTablet for tablet bbc2d6b4e02b4f21aa064466a5866754 with delete_type TABLET_DATA_DELETED (Partition dropped at 2017-09-29 21:45:48 UTC) from {username='slave'} at 127.0.0.1:33868
I0929 21:45:48.590909 26823 tablet_replica.cc:218] Initiating TabletReplica shutdown for tablet: bbc2d6b4e02b4f21aa064466a5866754
I0929 21:45:48.591135 26823 maintenance_manager.cc:206] P cffedd68783f4a1c8995fc18ba659b7c: Unregistered op CompactRowSetsOp(bbc2d6b4e02b4f21aa064466a5866754)
I0929 21:45:48.591346 26823 maintenance_manager.cc:206] P cffedd68783f4a1c8995fc18ba659b7c: Unregistered op MinorDeltaCompactionOp(bbc2d6b4e02b4f21aa064466a5866754)
I0929 21:45:48.591539 26823 maintenance_manager.cc:206] P cffedd68783f4a1c8995fc18ba659b7c: Unregistered op MajorDeltaCompactionOp(bbc2d6b4e02b4f21aa064466a5866754)
I0929 21:45:48.591714 26823 maintenance_manager.cc:206] P cffedd68783f4a1c8995fc18ba659b7c: Unregistered op UndoDeltaBlockGCOp(bbc2d6b4e02b4f21aa064466a5866754)
I0929 21:45:48.591908 26823 maintenance_manager.cc:206] P cffedd68783f4a1c8995fc18ba659b7c: Unregistered op FlushMRSOp(bbc2d6b4e02b4f21aa064466a5866754)
I0929 21:45:48.592113 26823 maintenance_manager.cc:206] P cffedd68783f4a1c8995fc18ba659b7c: Unregistered op FlushDeltaMemStoresOp(bbc2d6b4e02b4f21aa064466a5866754)
I0929 21:45:48.592285 26823 maintenance_manager.cc:206] P cffedd68783f4a1c8995fc18ba659b7c: Unregistered op LogGCOp(bbc2d6b4e02b4f21aa064466a5866754)
I0929 21:45:48.592473 26823 raft_consensus.cc:1722] T bbc2d6b4e02b4f21aa064466a5866754 P cffedd68783f4a1c8995fc18ba659b7c [term 1 LEADER]: Raft consensus shutting down.
I0929 21:45:48.593022 26823 raft_consensus.cc:1738] T bbc2d6b4e02b4f21aa064466a5866754 P cffedd68783f4a1c8995fc18ba659b7c [term 1 LEADER]: Raft consensus is shut down!
I0929 21:45:48.594529 26748 catalog_manager.cc:1920] Servicing AlterTable request from {username='slave'} at 127.0.0.1:59015: table { table_name: "test-alter-range-partitioning-invalid-unbounded" } alter_schema_steps { type: ADD_RANGE_PARTITION add_range_partition { range_bounds { rows: "\006\001\000\000\000\000\007\001d\000\000\000" } } } schema { columns { name: "c0" type: INT32 is_key: true is_nullable: false encoding: AUTO_ENCODING compression: DEFAULT_COMPRESSION cfile_block_size: 0 } columns { name: "c1" type: INT32 is_key: false is_nullable: false encoding: AUTO_ENCODING compression: DEFAULT_COMPRESSION cfile_block_size: 0 } }
I0929 21:45:48.603679 26748 catalog_manager.cc:2925] Scheduling retry of 28988efc3b9d4b96b591cbd45febf05b (table test-alter-range-partitioning-invalid-unbounded [id=8eb38e78e3cd4799995cb362386476e0]) Alter Table RPC with a delay of 33ms (attempt = 0)...
W0929 21:45:48.604197 26748 catalog_manager.cc:3406] Failed to send alter table request: Not found: Failed to reset TS proxy: No leader found: Tablet 28988efc3b9d4b96b591cbd45febf05b has no consensus state
I0929 21:45:48.608145 26823 ts_tablet_manager.cc:1063] T bbc2d6b4e02b4f21aa064466a5866754 P cffedd68783f4a1c8995fc18ba659b7c: Deleting tablet data with delete state TABLET_DATA_DELETED
I0929 21:45:48.616266 26822 tablet_service.cc:672] Processing CreateTablet for tablet 28988efc3b9d4b96b591cbd45febf05b (table=test-alter-range-partitioning-invalid-unbounded [id=8eb38e78e3cd4799995cb362386476e0]), partition=RANGE (c0) PARTITION 0 <= VALUES < 100
I0929 21:45:48.619263 26747 catalog_manager.cc:1920] Servicing AlterTable request from {username='slave'} at 127.0.0.1:59015: table { table_name: "test-alter-range-partitioning-invalid-unbounded" } alter_schema_steps { type: ADD_RANGE_PARTITION add_range_partition { range_bounds { rows: "\006\001\000\000\000\000\007\001d\000\000\000" } } } schema { columns { name: "c0" type: INT32 is_key: true is_nullable: false encoding: AUTO_ENCODING compression: DEFAULT_COMPRESSION cfile_block_size: 0 } columns { name: "c1" type: INT32 is_key: false is_nullable: false encoding: AUTO_ENCODING compression: DEFAULT_COMPRESSION cfile_block_size: 0 } }
I0929 21:45:48.624035 26748 catalog_manager.cc:1920] Servicing AlterTable request from {username='slave'} at 127.0.0.1:59015: table { table_name: "test-alter-range-partitioning-invalid-unbounded" } alter_schema_steps { type: DROP_RANGE_PARTITION drop_range_partition { range_bounds { rows: "\006\001\000\000\000\000\007\001d\000\000\000" } } } schema { columns { name: "c0" type: INT32 is_key: true is_nullable: false encoding: AUTO_ENCODING compression: DEFAULT_COMPRESSION cfile_block_size: 0 } columns { name: "c1" type: INT32 is_key: false is_nullable: false encoding: AUTO_ENCODING compression: DEFAULT_COMPRESSION cfile_block_size: 0 } }
I0929 21:45:48.630972 26748 catalog_manager.cc:3432] T 00000000000000000000000000000000 P 348076b792e349259f965829a0d76562: Sending DeleteTablet for 1 replicas of tablet 28988efc3b9d4b96b591cbd45febf05b
I0929 21:45:48.631402 26748 catalog_manager.cc:3154] Sending DeleteTablet(TABLET_DATA_DELETED) for tablet 28988efc3b9d4b96b591cbd45febf05b on cffedd68783f4a1c8995fc18ba659b7c (127.0.0.1:60775) (Partition dropped at 2017-09-29 21:45:48 UTC)
I0929 21:45:48.632606 26821 tablet_service.cc:713] Processing DeleteTablet for tablet 28988efc3b9d4b96b591cbd45febf05b with delete_type TABLET_DATA_DELETED (Partition dropped at 2017-09-29 21:45:48 UTC) from {username='slave'} at 127.0.0.1:33868
W0929 21:45:48.633970 26731 catalog_manager.cc:3108] TS cffedd68783f4a1c8995fc18ba659b7c (127.0.0.1:60775): delete failed for tablet 28988efc3b9d4b96b591cbd45febf05b because the tablet was not found. No further retry: Not found: Tablet not found: 28988efc3b9d4b96b591cbd45febf05b
I0929 21:45:48.636065 26746 catalog_manager.cc:1920] Servicing AlterTable request from {username='slave'} at 127.0.0.1:59015: table { table_name: "test-alter-range-partitioning-invalid-unbounded" } alter_schema_steps { type: ADD_RANGE_PARTITION add_range_partition { range_bounds { rows: "\006\001\000\000\000\000\007\001d\000\000\000" } } } alter_schema_steps { type: ADD_RANGE_PARTITION add_range_partition { range_bounds { rows: "\006\001\000\000\000\000\007\001d\000\000\000" } } } schema { columns { name: "c0" type: INT32 is_key: true is_nullable: false encoding: AUTO_ENCODING compression: DEFAULT_COMPRESSION cfile_block_size: 0 } columns { name: "c1" type: INT32 is_key: false is_nullable: false encoding: AUTO_ENCODING compression: DEFAULT_COMPRESSION cfile_block_size: 0 } }
I0929 21:45:48.638437 26734 catalog_manager.cc:2925] Scheduling retry of 28988efc3b9d4b96b591cbd45febf05b (table test-alter-range-partitioning-invalid-unbounded [id=8eb38e78e3cd4799995cb362386476e0]) Alter Table RPC with a delay of 8ms (attempt = 0)...
W0929 21:45:48.638952 26734 catalog_manager.cc:2946] Async tablet task 28988efc3b9d4b96b591cbd45febf05b (table test-alter-range-partitioning-invalid-unbounded [id=8eb38e78e3cd4799995cb362386476e0]) Alter Table RPC failed: Not found: Failed to reset TS proxy: No leader found: Tablet 28988efc3b9d4b96b591cbd45febf05b consensus state has no leader
I0929 21:45:48.641373 26745 catalog_manager.cc:1920] Servicing AlterTable request from {username='slave'} at 127.0.0.1:59015: table { table_name: "test-alter-range-partitioning-invalid-unbounded" } alter_schema_steps { type: ADD_RANGE_PARTITION add_range_partition { range_bounds { rows: "\006\001\000\000\000\000\007\001d\000\000\000" } } } schema { columns { name: "c0" type: INT32 is_key: true is_nullable: false encoding: AUTO_ENCODING compression: DEFAULT_COMPRESSION cfile_block_size: 0 } columns { name: "c1" type: INT32 is_key: false is_nullable: false encoding: AUTO_ENCODING compression: DEFAULT_COMPRESSION cfile_block_size: 0 } }
I0929 21:45:48.642865 26822 ts_tablet_manager.cc:906] T 28988efc3b9d4b96b591cbd45febf05b P cffedd68783f4a1c8995fc18ba659b7c: Registered tablet (data state: TABLET_DATA_READY)
I0929 21:45:48.643396 26866 ts_tablet_manager.cc:767] T 28988efc3b9d4b96b591cbd45febf05b P cffedd68783f4a1c8995fc18ba659b7c: Bootstrapping tablet
I0929 21:45:48.649370 26745 catalog_manager.cc:2925] Scheduling retry of a1c9f68a8fa441539b9c510657c3176e (table test-alter-range-partitioning-invalid-unbounded [id=8eb38e78e3cd4799995cb362386476e0]) Alter Table RPC with a delay of 23ms (attempt = 0)...
W0929 21:45:48.650264 26745 catalog_manager.cc:3406] Failed to send alter table request: Not found: Failed to reset TS proxy: No leader found: Tablet a1c9f68a8fa441539b9c510657c3176e has no consensus state
I0929 21:45:48.650820 26734 catalog_manager.cc:2925] Scheduling retry of 28988efc3b9d4b96b591cbd45febf05b (table test-alter-range-partitioning-invalid-unbounded [id=8eb38e78e3cd4799995cb362386476e0]) Alter Table RPC with a delay of 12ms (attempt = 0)...
W0929 21:45:48.651135 26734 catalog_manager.cc:2946] Async tablet task 28988efc3b9d4b96b591cbd45febf05b (table test-alter-range-partitioning-invalid-unbounded [id=8eb38e78e3cd4799995cb362386476e0]) Alter Table RPC failed: Not found: Failed to reset TS proxy: No leader found: Tablet 28988efc3b9d4b96b591cbd45febf05b consensus state has no leader
I0929 21:45:48.652321 26866 tablet_bootstrap.cc:406] T 28988efc3b9d4b96b591cbd45febf05b P cffedd68783f4a1c8995fc18ba659b7c: Bootstrap starting.
I0929 21:45:48.655402 26866 tablet_bootstrap.cc:543] T 28988efc3b9d4b96b591cbd45febf05b P cffedd68783f4a1c8995fc18ba659b7c: No blocks or log segments found. Creating new log.
I0929 21:45:48.657811 26821 tablet_service.cc:672] Processing CreateTablet for tablet a1c9f68a8fa441539b9c510657c3176e (table=test-alter-range-partitioning-invalid-unbounded [id=8eb38e78e3cd4799995cb362386476e0]), partition=RANGE (c0) PARTITION 0 <= VALUES < 100
I0929 21:45:48.666466 26734 catalog_manager.cc:2925] Scheduling retry of 28988efc3b9d4b96b591cbd45febf05b (table test-alter-range-partitioning-invalid-unbounded [id=8eb38e78e3cd4799995cb362386476e0]) Alter Table RPC with a delay of 45ms (attempt = 0)...
W0929 21:45:48.666875 26734 catalog_manager.cc:2946] Async tablet task 28988efc3b9d4b96b591cbd45febf05b (table test-alter-range-partitioning-invalid-unbounded [id=8eb38e78e3cd4799995cb362386476e0]) Alter Table RPC failed: Not found: Failed to reset TS proxy: No leader found: Tablet 28988efc3b9d4b96b591cbd45febf05b consensus state has no leader
I0929 21:45:48.671592 26821 ts_tablet_manager.cc:906] T a1c9f68a8fa441539b9c510657c3176e P cffedd68783f4a1c8995fc18ba659b7c: Registered tablet (data state: TABLET_DATA_READY)
I0929 21:45:48.671679 26745 catalog_manager.cc:1920] Servicing AlterTable request from {username='slave'} at 127.0.0.1:59015: table { table_name: "test-alter-range-partitioning-invalid-unbounded" } alter_schema_steps { type: ADD_RANGE_PARTITION add_range_partition { range_bounds { rows: "\006\001\000\000\000\000\007\001d\000\000\000" } } } schema { columns { name: "c0" type: INT32 is_key: true is_nullable: false encoding: AUTO_ENCODING compression: DEFAULT_COMPRESSION cfile_block_size: 0 } columns { name: "c1" type: INT32 is_key: false is_nullable: false encoding: AUTO_ENCODING compression: DEFAULT_COMPRESSION cfile_block_size: 0 } }
I0929 21:45:48.674160 26731 catalog_manager.cc:2925] Scheduling retry of a1c9f68a8fa441539b9c510657c3176e (table test-alter-range-partitioning-invalid-unbounded [id=8eb38e78e3cd4799995cb362386476e0]) Alter Table RPC with a delay of 47ms (attempt = 0)...
I0929 21:45:48.660315 26823 ts_tablet_manager.cc:1075] T bbc2d6b4e02b4f21aa064466a5866754 P cffedd68783f4a1c8995fc18ba659b7c: Tablet deleted. Last logged OpId: 1.1
W0929 21:45:48.674520 26731 catalog_manager.cc:2946] Async tablet task a1c9f68a8fa441539b9c510657c3176e (table test-alter-range-partitioning-invalid-unbounded [id=8eb38e78e3cd4799995cb362386476e0]) Alter Table RPC failed: Not found: Failed to reset TS proxy: No leader found: Tablet a1c9f68a8fa441539b9c510657c3176e consensus state has no leader
I0929 21:45:48.674907 26823 log.cc:965] T bbc2d6b4e02b4f21aa064466a5866754 P cffedd68783f4a1c8995fc18ba659b7c: Deleting WAL directory at /tmp/run_tha_test8NQfeJ/test-tmp/alter_table-test.AlterTableTest.TestAddRangePartitionConflictExhaustive.1506721518627625-22612/minicluster-data/ts-0-root/wals/bbc2d6b4e02b4f21aa064466a5866754
I0929 21:45:48.675750 26823 consensus_meta.cc:78] T bbc2d6b4e02b4f21aa064466a5866754 Deleting consensus metadata
I0929 21:45:48.677264 26731 catalog_manager.cc:3130] TS cffedd68783f4a1c8995fc18ba659b7c (127.0.0.1:60775): tablet bbc2d6b4e02b4f21aa064466a5866754 (table test-alter-range-partitioning-invalid-unbounded [id=8eb38e78e3cd4799995cb362386476e0]) successfully deleted
I0929 21:45:48.678598 26748 catalog_manager.cc:1920] Servicing AlterTable request from {username='slave'} at 127.0.0.1:59015: table { table_name: "test-alter-range-partitioning-invalid-unbounded" } alter_schema_steps { type: DROP_RANGE_PARTITION drop_range_partition { range_bounds { rows: "\006\001\000\000\000\000\007\001d\000\000\000" } } } schema { columns { name: "c0" type: INT32 is_key: true is_nullable: false encoding: AUTO_ENCODING compression: DEFAULT_COMPRESSION cfile_block_size: 0 } columns { name: "c1" type: INT32 is_key: false is_nullable: false encoding: AUTO_ENCODING compression: DEFAULT_COMPRESSION cfile_block_size: 0 } }
I0929 21:45:48.680722 26866 tablet_bootstrap.cc:406] T 28988efc3b9d4b96b591cbd45febf05b P cffedd68783f4a1c8995fc18ba659b7c: No bootstrap required, opened a new log
I0929 21:45:48.681169 26866 ts_tablet_manager.cc:772] T 28988efc3b9d4b96b591cbd45febf05b P cffedd68783f4a1c8995fc18ba659b7c: Time spent bootstrapping tablet: real 0.038s user 0.012s sys 0.004s
I0929 21:45:48.684468 26748 catalog_manager.cc:3432] T 00000000000000000000000000000000 P 348076b792e349259f965829a0d76562: Sending DeleteTablet for 1 replicas of tablet a1c9f68a8fa441539b9c510657c3176e
I0929 21:45:48.684830 26748 catalog_manager.cc:3154] Sending DeleteTablet(TABLET_DATA_DELETED) for tablet a1c9f68a8fa441539b9c510657c3176e on cffedd68783f4a1c8995fc18ba659b7c (127.0.0.1:60775) (Partition dropped at 2017-09-29 21:45:48 UTC)
I0929 21:45:48.685889 26823 tablet_service.cc:713] Processing DeleteTablet for tablet a1c9f68a8fa441539b9c510657c3176e with delete_type TABLET_DATA_DELETED (Partition dropped at 2017-09-29 21:45:48 UTC) from {username='slave'} at 127.0.0.1:33868
W0929 21:45:48.686899 26731 catalog_manager.cc:3121] TS cffedd68783f4a1c8995fc18ba659b7c (127.0.0.1:60775): delete failed for tablet a1c9f68a8fa441539b9c510657c3176e with error code TABLET_NOT_RUNNING: Illegal state: State transition of tablet a1c9f68a8fa441539b9c510657c3176e already in progress: creating tablet
I0929 21:45:48.687160 26731 catalog_manager.cc:2925] Scheduling retry of a1c9f68a8fa441539b9c510657c3176e Delete Tablet RPC for TS=cffedd68783f4a1c8995fc18ba659b7c with a delay of 40ms (attempt = 1)...
I0929 21:45:48.687786 26747 catalog_manager.cc:1920] Servicing AlterTable request from {username='slave'} at 127.0.0.1:59015: table { table_name: "test-alter-range-partitioning-invalid-unbounded" } alter_schema_steps { type: ADD_RANGE_PARTITION add_range_partition { range_bounds { rows: "\006\001\000\000\000\000\007\001d\000\000\000" } } } alter_schema_steps { type: ADD_RANGE_PARTITION add_range_partition { range_bounds { rows: "\006\001\000\000\000\000\007\001d\000\000\000" } } } schema { columns { name: "c0" type: INT32 is_key: true is_nullable: false encoding: AUTO_ENCODING compression: DEFAULT_COMPRESSION cfile_block_size: 0 } columns { name: "c1" type: INT32 is_key: false is_nullable: false encoding: AUTO_ENCODING compression: DEFAULT_COMPRESSION cfile_block_size: 0 } }
I0929 21:45:48.690341 26866 raft_consensus.cc:289] T 28988efc3b9d4b96b591cbd45febf05b P cffedd68783f4a1c8995fc18ba659b7c [term 0 FOLLOWER]: Replica starting. Triggering 0 pending transactions. Active config: opid_index: -1 OBSOLETE_local: true peers { permanent_uuid: "cffedd68783f4a1c8995fc18ba659b7c" member_type: VOTER last_known_addr { host: "127.0.0.1" port: 60775 } }
I0929 21:45:48.691015 26866 raft_consensus.cc:320] T 28988efc3b9d4b96b591cbd45febf05b P cffedd68783f4a1c8995fc18ba659b7c [term 0 FOLLOWER]: Consensus starting up: Expiring failure detector timer to make a prompt election more likely
I0929 21:45:48.691205 26866 raft_consensus.cc:549] T 28988efc3b9d4b96b591cbd45febf05b P cffedd68783f4a1c8995fc18ba659b7c [term 0 FOLLOWER]: Becoming Follower/Learner. State: Replica: cffedd68783f4a1c8995fc18ba659b7c, State: 1, Role: FOLLOWER
I0929 21:45:48.691480 26866 consensus_queue.cc:184] T 28988efc3b9d4b96b591cbd45febf05b P cffedd68783f4a1c8995fc18ba659b7c [NON_LEADER]: Queue going to NON_LEADER mode. State: All replicated index: 0, Majority replicated index: 0, Committed index: 0, Last appended: 0.0, Last appended by leader: 0, Current term: 0, Majority size: -1, State: 1, Mode: NON_LEADER
I0929 21:45:48.691792 26866 raft_consensus.cc:333] T 28988efc3b9d4b96b591cbd45febf05b P cffedd68783f4a1c8995fc18ba659b7c [term 0 FOLLOWER]: Only one voter in the Raft config. Triggering election immediately
I0929 21:45:48.691565 26748 catalog_manager.cc:1920] Servicing AlterTable request from {username='slave'} at 127.0.0.1:59015: table { table_name: "test-alter-range-partitioning-invalid-unbounded" } alter_schema_steps { type: ADD_RANGE_PARTITION add_range_partition { range_bounds { rows: "\006\001\000\000\000\000\007\001d\000\000\000" } } } schema { columns { name: "c0" type: INT32 is_key: true is_nullable: false encoding: AUTO_ENCODING compression: DEFAULT_COMPRESSION cfile_block_size: 0 } columns { name: "c1" type: INT32 is_key: false is_nullable: false encoding: AUTO_ENCODING compression: DEFAULT_COMPRESSION cfile_block_size: 0 } }
I0929 21:45:48.691982 26866 raft_consensus.cc:412] T 28988efc3b9d4b96b591cbd45febf05b P cffedd68783f4a1c8995fc18ba659b7c [term 0 FOLLOWER]: Starting leader election (initial election of a single-replica configuration)
I0929 21:45:48.692210 26866 raft_consensus.cc:2315] T 28988efc3b9d4b96b591cbd45febf05b P cffedd68783f4a1c8995fc18ba659b7c [term 0 FOLLOWER]: Snoozing failure detection for election timeout plus an additional 1.948s
I0929 21:45:48.692400 26866 raft_consensus.cc:2359] T 28988efc3b9d4b96b591cbd45febf05b P cffedd68783f4a1c8995fc18ba659b7c [term 0 FOLLOWER]: Advancing to term 1
I0929 21:45:48.697496 26748 catalog_manager.cc:2925] Scheduling retry of a4d64691a56a423ca91c0b14bd1517af (table test-alter-range-partitioning-invalid-unbounded [id=8eb38e78e3cd4799995cb362386476e0]) Alter Table RPC with a delay of 11ms (attempt = 0)...
I0929 21:45:48.697546 26866 raft_consensus.cc:436] T 28988efc3b9d4b96b591cbd45febf05b P cffedd68783f4a1c8995fc18ba659b7c [term 1 FOLLOWER]: Starting leader election with config: opid_index: -1 OBSOLETE_local: true peers { permanent_uuid: "cffedd68783f4a1c8995fc18ba659b7c" member_type: VOTER last_known_addr { host: "127.0.0.1" port: 60775 } }
W0929 21:45:48.697886 26748 catalog_manager.cc:3406] Failed to send alter table request: Not found: Failed to reset TS proxy: No leader found: Tablet a4d64691a56a423ca91c0b14bd1517af has no consensus state
I0929 21:45:48.699157 26866 leader_election.cc:243] T 28988efc3b9d4b96b591cbd45febf05b P cffedd68783f4a1c8995fc18ba659b7c [CANDIDATE]: Term 1 election: Election decided. Result: candidate won.
I0929 21:45:48.701059 26748 catalog_manager.cc:1920] Servicing AlterTable request from {username='slave'} at 127.0.0.1:59015: table { table_name: "test-alter-range-partitioning-invalid-unbounded" } alter_schema_steps { type: ADD_RANGE_PARTITION add_range_partition { range_bounds { rows: "\006\0012\000\000\000\007\001\226\000\000\000" } } } schema { columns { name: "c0" type: INT32 is_key: true is_nullable: false encoding: AUTO_ENCODING compression: DEFAULT_COMPRESSION cfile_block_size: 0 } columns { name: "c1" type: INT32 is_key: false is_nullable: false encoding: AUTO_ENCODING compression: DEFAULT_COMPRESSION cfile_block_size: 0 } }
I0929 21:45:48.705343 26748 catalog_manager.cc:1920] Servicing AlterTable request from {username='slave'} at 127.0.0.1:59015: table { table_name: "test-alter-range-partitioning-invalid-unbounded" } alter_schema_steps { type: DROP_RANGE_PARTITION drop_range_partition { range_bounds { rows: "\006\001\000\000\000\000\007\001d\000\000\000" } } } schema { columns { name: "c0" type: INT32 is_key: true is_nullable: false encoding: AUTO_ENCODING compression: DEFAULT_COMPRESSION cfile_block_size: 0 } columns { name: "c1" type: INT32 is_key: false is_nullable: false encoding: AUTO_ENCODING compression: DEFAULT_COMPRESSION cfile_block_size: 0 } }
I0929 21:45:48.705888 26823 tablet_service.cc:672] Processing CreateTablet for tablet a4d64691a56a423ca91c0b14bd1517af (table=test-alter-range-partitioning-invalid-unbounded [id=8eb38e78e3cd4799995cb362386476e0]), partition=RANGE (c0) PARTITION 0 <= VALUES < 100
I0929 21:45:48.709530 26731 catalog_manager.cc:2925] Scheduling retry of a4d64691a56a423ca91c0b14bd1517af (table test-alter-range-partitioning-invalid-unbounded [id=8eb38e78e3cd4799995cb362386476e0]) Alter Table RPC with a delay of 51ms (attempt = 0)...
W0929 21:45:48.709856 26731 catalog_manager.cc:2946] Async tablet task a4d64691a56a423ca91c0b14bd1517af (table test-alter-range-partitioning-invalid-unbounded [id=8eb38e78e3cd4799995cb362386476e0]) Alter Table RPC failed: Not found: Failed to reset TS proxy: No leader found: Tablet a4d64691a56a423ca91c0b14bd1517af consensus state has no leader
I0929 21:45:48.712790 26734 catalog_manager.cc:2925] Scheduling retry of 28988efc3b9d4b96b591cbd45febf05b (table test-alter-range-partitioning-invalid-unbounded [id=8eb38e78e3cd4799995cb362386476e0]) Alter Table RPC with a delay of 16ms (attempt = 0)...
W0929 21:45:48.713158 26734 catalog_manager.cc:2946] Async tablet task 28988efc3b9d4b96b591cbd45febf05b (table test-alter-range-partitioning-invalid-unbounded [id=8eb38e78e3cd4799995cb362386476e0]) Alter Table RPC failed: Not found: Failed to reset TS proxy: No leader found: Tablet 28988efc3b9d4b96b591cbd45febf05b consensus state has no leader
I0929 21:45:48.716050 26748 catalog_manager.cc:3432] T 00000000000000000000000000000000 P 348076b792e349259f965829a0d76562: Sending DeleteTablet for 1 replicas of tablet a4d64691a56a423ca91c0b14bd1517af
I0929 21:45:48.716528 26748 catalog_manager.cc:3154] Sending DeleteTablet(TABLET_DATA_DELETED) for tablet a4d64691a56a423ca91c0b14bd1517af on cffedd68783f4a1c8995fc18ba659b7c (127.0.0.1:60775) (Partition dropped at 2017-09-29 21:45:48 UTC)
I0929 21:45:48.717558 26823 ts_tablet_manager.cc:906] T a4d64691a56a423ca91c0b14bd1517af P cffedd68783f4a1c8995fc18ba659b7c: Registered tablet (data state: TABLET_DATA_READY)
I0929 21:45:48.717734 26822 tablet_service.cc:713] Processing DeleteTablet for tablet a4d64691a56a423ca91c0b14bd1517af with delete_type TABLET_DATA_DELETED (Partition dropped at 2017-09-29 21:45:48 UTC) from {username='slave'} at 127.0.0.1:33868
W0929 21:45:48.718822 26731 catalog_manager.cc:3121] TS cffedd68783f4a1c8995fc18ba659b7c (127.0.0.1:60775): delete failed for tablet a4d64691a56a423ca91c0b14bd1517af with error code TABLET_NOT_RUNNING: Illegal state: State transition of tablet a4d64691a56a423ca91c0b14bd1517af already in progress: creating tablet
I0929 21:45:48.719094 26731 catalog_manager.cc:2925] Scheduling retry of a4d64691a56a423ca91c0b14bd1517af Delete Tablet RPC for TS=cffedd68783f4a1c8995fc18ba659b7c with a delay of 27ms (attempt = 1)...
I0929 21:45:48.719355 26881 raft_consensus.cc:2315] T 28988efc3b9d4b96b591cbd45febf05b P cffedd68783f4a1c8995fc18ba659b7c [term 1 FOLLOWER]: Snoozing failure detection for election timeout plus an additional 2.230s
I0929 21:45:48.719719 26881 raft_consensus.cc:2124] T 28988efc3b9d4b96b591cbd45febf05b P cffedd68783f4a1c8995fc18ba659b7c [term 1 FOLLOWER]: Leader election won for term 1
I0929 21:45:48.721081 26866 ts_tablet_manager.cc:799] T 28988efc3b9d4b96b591cbd45febf05b P cffedd68783f4a1c8995fc18ba659b7c: Time spent starting tablet: real 0.040s user 0.020s sys 0.004s
I0929 21:45:48.721726 26881 raft_consensus.cc:519] T 28988efc3b9d4b96b591cbd45febf05b P cffedd68783f4a1c8995fc18ba659b7c [term 1 LEADER]: Becoming Leader. State: Replica: cffedd68783f4a1c8995fc18ba659b7c, State: 1, Role: LEADER
I0929 21:45:48.722427 26731 catalog_manager.cc:2925] Scheduling retry of a1c9f68a8fa441539b9c510657c3176e (table test-alter-range-partitioning-invalid-unbounded [id=8eb38e78e3cd4799995cb362386476e0]) Alter Table RPC with a delay of 24ms (attempt = 0)...
W0929 21:45:48.722782 26731 catalog_manager.cc:2946] Async tablet task a1c9f68a8fa441539b9c510657c3176e (table test-alter-range-partitioning-invalid-unbounded [id=8eb38e78e3cd4799995cb362386476e0]) Alter Table RPC failed: Not found: Failed to reset TS proxy: No leader found: Tablet a1c9f68a8fa441539b9c510657c3176e consensus state has no leader
I0929 21:45:48.722884 26881 consensus_queue.cc:163] T 28988efc3b9d4b96b591cbd45febf05b P cffedd68783f4a1c8995fc18ba659b7c [LEADER]: Queue going to LEADER mode. State: All replicated index: 0, Majority replicated index: 0, Committed index: 0, Last appended: 0.0, Last appended by leader: 0, Current term: 1, Majority size: 1, State: 1, Mode: LEADER, active raft config: opid_index: -1 OBSOLETE_local: true peers { permanent_uuid: "cffedd68783f4a1c8995fc18ba659b7c" member_type: VOTER last_known_addr { host: "127.0.0.1" port: 60775 } }
I0929 21:45:48.724232 26748 catalog_manager.cc:1920] Servicing AlterTable request from {username='slave'} at 127.0.0.1:59015: table { table_name: "test-alter-range-partitioning-invalid-unbounded" } alter_schema_steps { type: ADD_RANGE_PARTITION add_range_partition { range_bounds { rows: "\006\001\000\000\000\000\007\001d\000\000\000" } } } alter_schema_steps { type: ADD_RANGE_PARTITION add_range_partition { range_bounds { rows: "\006\0012\000\000\000\007\001\226\000\000\000" } } } schema { columns { name: "c0" type: INT32 is_key: true is_nullable: false encoding: AUTO_ENCODING compression: DEFAULT_COMPRESSION cfile_block_size: 0 } columns { name: "c1" type: INT32 is_key: false is_nullable: false encoding: AUTO_ENCODING compression: DEFAULT_COMPRESSION cfile_block_size: 0 } }
I0929 21:45:48.727912 26866 ts_tablet_manager.cc:767] T a1c9f68a8fa441539b9c510657c3176e P cffedd68783f4a1c8995fc18ba659b7c: Bootstrapping tablet
I0929 21:45:48.728534 26731 catalog_manager.cc:3154] Sending DeleteTablet(TABLET_DATA_DELETED) for tablet a1c9f68a8fa441539b9c510657c3176e on cffedd68783f4a1c8995fc18ba659b7c (127.0.0.1:60775) (Partition dropped at 2017-09-29 21:45:48 UTC)
I0929 21:45:48.729382 26745 catalog_manager.cc:2416] Got report from deleted tablet 28988efc3b9d4b96b591cbd45febf05b (table test-alter-range-partitioning-invalid-unbounded [id=8eb38e78e3cd4799995cb362386476e0]) (Partition dropped at 2017-09-29 21:45:48 UTC): Sending delete request for this tablet
I0929 21:45:48.729661 26823 tablet_service.cc:713] Processing DeleteTablet for tablet a1c9f68a8fa441539b9c510657c3176e with delete_type TABLET_DATA_DELETED (Partition dropped at 2017-09-29 21:45:48 UTC) from {username='slave'} at 127.0.0.1:33868
I0929 21:45:48.730595 26734 catalog_manager.cc:2925] Scheduling retry of 28988efc3b9d4b96b591cbd45febf05b (table test-alter-range-partitioning-invalid-unbounded [id=8eb38e78e3cd4799995cb362386476e0]) Alter Table RPC with a delay of 52ms (attempt = 0)...
I0929 21:45:48.730278 26747 catalog_manager.cc:1920] Servicing AlterTable request from {username='slave'} at 127.0.0.1:59015: table { table_name: "test-alter-range-partitioning-invalid-unbounded" } alter_schema_steps { type: ADD_RANGE_PARTITION add_range_partition { range_bounds { rows: "\006\001\000\000\000\000\007\001d\000\000\000" } } } schema { columns { name: "c0" type: INT32 is_key: true is_nullable: false encoding: AUTO_ENCODING compression: DEFAULT_COMPRESSION cfile_block_size: 0 } columns { name: "c1" type: INT32 is_key: false is_nullable: false encoding: AUTO_ENCODING compression: DEFAULT_COMPRESSION cfile_block_size: 0 } }
W0929 21:45:48.730909 26734 catalog_manager.cc:2946] Async tablet task 28988efc3b9d4b96b591cbd45febf05b (table test-alter-range-partitioning-invalid-unbounded [id=8eb38e78e3cd4799995cb362386476e0]) Alter Table RPC failed: Not found: Failed to reset TS proxy: No leader found: Tablet 28988efc3b9d4b96b591cbd45febf05b consensus state has no leader
I0929 21:45:48.729755 26745 catalog_manager.cc:3154] Sending DeleteTablet(TABLET_DATA_DELETED) for tablet 28988efc3b9d4b96b591cbd45febf05b on cffedd68783f4a1c8995fc18ba659b7c (127.0.0.1:60775) (Partition dropped at 2017-09-29 21:45:48 UTC)
I0929 21:45:48.733217 26866 tablet_bootstrap.cc:406] T a1c9f68a8fa441539b9c510657c3176e P cffedd68783f4a1c8995fc18ba659b7c: Bootstrap starting.
I0929 21:45:48.734632 26745 catalog_manager.cc:2416] Got report from deleted tablet 28988efc3b9d4b96b591cbd45febf05b (table test-alter-range-partitioning-invalid-unbounded [id=8eb38e78e3cd4799995cb362386476e0]) (Partition dropped at 2017-09-29 21:45:48 UTC): Sending delete request for this tablet
I0929 21:45:48.735015 26745 catalog_manager.cc:3154] Sending DeleteTablet(TABLET_DATA_DELETED) for tablet 28988efc3b9d4b96b591cbd45febf05b on cffedd68783f4a1c8995fc18ba659b7c (127.0.0.1:60775) (Partition dropped at 2017-09-29 21:45:48 UTC)
I0929 21:45:48.736176 26866 tablet_bootstrap.cc:543] T a1c9f68a8fa441539b9c510657c3176e P cffedd68783f4a1c8995fc18ba659b7c: No blocks or log segments found. Creating new log.
W0929 21:45:48.736899 26731 catalog_manager.cc:3121] TS cffedd68783f4a1c8995fc18ba659b7c (127.0.0.1:60775): delete failed for tablet a1c9f68a8fa441539b9c510657c3176e with error code TABLET_NOT_RUNNING: Illegal state: State transition of tablet a1c9f68a8fa441539b9c510657c3176e already in progress: creating tablet
I0929 21:45:48.737203 26731 catalog_manager.cc:2925] Scheduling retry of a1c9f68a8fa441539b9c510657c3176e Delete Tablet RPC for TS=cffedd68783f4a1c8995fc18ba659b7c with a delay of 37ms (attempt = 2)...
I0929 21:45:48.737479 26747 catalog_manager.cc:2925] Scheduling retry of a3b61861fc0f49e882e86f27b30f47ad (table test-alter-range-partitioning-invalid-unbounded [id=8eb38e78e3cd4799995cb362386476e0]) Alter Table RPC with a delay of 50ms (attempt = 0)...
W0929 21:45:48.737802 26747 catalog_manager.cc:3406] Failed to send alter table request: Not found: Failed to reset TS proxy: No leader found: Tablet a3b61861fc0f49e882e86f27b30f47ad has no consensus state
I0929 21:45:48.738066 26823 tablet_service.cc:713] Processing DeleteTablet for tablet 28988efc3b9d4b96b591cbd45febf05b with delete_type TABLET_DATA_DELETED (Partition dropped at 2017-09-29 21:45:48 UTC) from {username='slave'} at 127.0.0.1:33868
I0929 21:45:48.738584 26823 tablet_replica.cc:218] Initiating TabletReplica shutdown for tablet: 28988efc3b9d4b96b591cbd45febf05b
I0929 21:45:48.738783 26823 maintenance_manager.cc:206] P cffedd68783f4a1c8995fc18ba659b7c: Unregistered op CompactRowSetsOp(28988efc3b9d4b96b591cbd45febf05b)
