I0929 21:45:49.446136 26732 catalog_manager.cc:2925] Scheduling retry of 405036c65d064351a92040e629a3cd9a (table test-alter-range-partitioning-invalid-unbounded [id=8eb38e78e3cd4799995cb362386476e0]) Alter Table RPC with a delay of 55ms (attempt = 0)...
W0929 21:45:49.446509 26732 catalog_manager.cc:2946] Async tablet task 405036c65d064351a92040e629a3cd9a (table test-alter-range-partitioning-invalid-unbounded [id=8eb38e78e3cd4799995cb362386476e0]) Alter Table RPC failed: Not found: Failed to reset TS proxy: No leader found: Tablet 405036c65d064351a92040e629a3cd9a consensus state has no leader
I0929 21:45:49.447139 26731 catalog_manager.cc:3154] Sending DeleteTablet(TABLET_DATA_DELETED) for tablet 4515eb9ffec24b699bf8cd6227140627 on cffedd68783f4a1c8995fc18ba659b7c (127.0.0.1:60775) (Partition dropped at 2017-09-29 21:45:49 UTC)
I0929 21:45:49.447996 26732 catalog_manager.cc:2925] Scheduling retry of 9db7d1aaf4784c4882f93c9dd573911b (table test-alter-range-partitioning-invalid-unbounded [id=8eb38e78e3cd4799995cb362386476e0]) Alter Table RPC with a delay of 9ms (attempt = 0)...
W0929 21:45:49.448282 26732 catalog_manager.cc:2946] Async tablet task 9db7d1aaf4784c4882f93c9dd573911b (table test-alter-range-partitioning-invalid-unbounded [id=8eb38e78e3cd4799995cb362386476e0]) Alter Table RPC failed: Not found: Failed to reset TS proxy: No leader found: Tablet 9db7d1aaf4784c4882f93c9dd573911b consensus state has no leader
I0929 21:45:49.448398 26733 catalog_manager.cc:2925] Scheduling retry of e14a330c7d414262b7e059c53354c106 (table test-alter-range-partitioning-invalid-unbounded [id=8eb38e78e3cd4799995cb362386476e0]) Alter Table RPC with a delay of 13ms (attempt = 0)...
W0929 21:45:49.448742 26733 catalog_manager.cc:2946] Async tablet task e14a330c7d414262b7e059c53354c106 (table test-alter-range-partitioning-invalid-unbounded [id=8eb38e78e3cd4799995cb362386476e0]) Alter Table RPC failed: Not found: Failed to reset TS proxy: No leader found: Tablet e14a330c7d414262b7e059c53354c106 consensus state has no leader
I0929 21:45:49.448407 26731 catalog_manager.cc:2925] Scheduling retry of a1c9f68a8fa441539b9c510657c3176e (table test-alter-range-partitioning-invalid-unbounded [id=8eb38e78e3cd4799995cb362386476e0]) Alter Table RPC with a delay of 22ms (attempt = 0)...
W0929 21:45:49.449887 26731 catalog_manager.cc:2946] Async tablet task a1c9f68a8fa441539b9c510657c3176e (table test-alter-range-partitioning-invalid-unbounded [id=8eb38e78e3cd4799995cb362386476e0]) Alter Table RPC failed: Not found: Failed to reset TS proxy: No leader found: Tablet a1c9f68a8fa441539b9c510657c3176e consensus state has no leader
I0929 21:45:49.450392 26733 catalog_manager.cc:2925] Scheduling retry of 5a3b867613954ef9a6560f5c780cffc5 (table test-alter-range-partitioning-invalid-unbounded [id=8eb38e78e3cd4799995cb362386476e0]) Alter Table RPC with a delay of 17ms (attempt = 0)...
W0929 21:45:49.450690 26733 catalog_manager.cc:2946] Async tablet task 5a3b867613954ef9a6560f5c780cffc5 (table test-alter-range-partitioning-invalid-unbounded [id=8eb38e78e3cd4799995cb362386476e0]) Alter Table RPC failed: Not found: Failed to reset TS proxy: No leader found: Tablet 5a3b867613954ef9a6560f5c780cffc5 consensus state has no leader
I0929 21:45:49.451015 26731 catalog_manager.cc:3154] Sending DeleteTablet(TABLET_DATA_DELETED) for tablet 019d0f784e474c39b254c4f9911f094b on cffedd68783f4a1c8995fc18ba659b7c (127.0.0.1:60775) (Partition dropped at 2017-09-29 21:45:49 UTC)
I0929 21:45:49.451277 26747 catalog_manager.cc:3432] T 00000000000000000000000000000000 P 348076b792e349259f965829a0d76562: Sending DeleteTablet for 1 replicas of tablet 5863b148d82f4bc183d8e0c203dbcdeb
I0929 21:45:49.451484 26820 ts_tablet_manager.cc:906] T 5863b148d82f4bc183d8e0c203dbcdeb P cffedd68783f4a1c8995fc18ba659b7c: Registered tablet (data state: TABLET_DATA_READY)
I0929 21:45:49.451628 26747 catalog_manager.cc:3154] Sending DeleteTablet(TABLET_DATA_DELETED) for tablet 5863b148d82f4bc183d8e0c203dbcdeb on cffedd68783f4a1c8995fc18ba659b7c (127.0.0.1:60775) (Partition dropped at 2017-09-29 21:45:49 UTC)
W0929 21:45:49.452023 26731 catalog_manager.cc:3121] TS cffedd68783f4a1c8995fc18ba659b7c (127.0.0.1:60775): delete failed for tablet 0567a83a31cf429980e13f4f3df80ac0 with error code TABLET_NOT_RUNNING: Illegal state: State transition of tablet 0567a83a31cf429980e13f4f3df80ac0 already in progress: deleting tablet
I0929 21:45:49.452579 26731 catalog_manager.cc:2925] Scheduling retry of 0567a83a31cf429980e13f4f3df80ac0 Delete Tablet RPC for TS=cffedd68783f4a1c8995fc18ba659b7c with a delay of 43ms (attempt = 1)...
I0929 21:45:49.453078 26734 catalog_manager.cc:2925] Scheduling retry of 019d0f784e474c39b254c4f9911f094b (table test-alter-range-partitioning-invalid-unbounded [id=8eb38e78e3cd4799995cb362386476e0]) Alter Table RPC with a delay of 18ms (attempt = 0)...
W0929 21:45:49.453351 26734 catalog_manager.cc:2946] Async tablet task 019d0f784e474c39b254c4f9911f094b (table test-alter-range-partitioning-invalid-unbounded [id=8eb38e78e3cd4799995cb362386476e0]) Alter Table RPC failed: Not found: Failed to reset TS proxy: No leader found: Tablet 019d0f784e474c39b254c4f9911f094b consensus state has no leader
I0929 21:45:49.454305 26733 catalog_manager.cc:2925] Scheduling retry of 5863b148d82f4bc183d8e0c203dbcdeb (table test-alter-range-partitioning-invalid-unbounded [id=8eb38e78e3cd4799995cb362386476e0]) Alter Table RPC with a delay of 27ms (attempt = 0)...
W0929 21:45:49.454632 26733 catalog_manager.cc:2946] Async tablet task 5863b148d82f4bc183d8e0c203dbcdeb (table test-alter-range-partitioning-invalid-unbounded [id=8eb38e78e3cd4799995cb362386476e0]) Alter Table RPC failed: Not found: Failed to reset TS proxy: No leader found: Tablet 5863b148d82f4bc183d8e0c203dbcdeb consensus state has no leader
I0929 21:45:49.453887 26823 raft_consensus_state.cc:386] T 0567a83a31cf429980e13f4f3df80ac0 P cffedd68783f4a1c8995fc18ba659b7c: Trying to abort 1 pending transactions.
I0929 21:45:49.455273 26823 raft_consensus_state.cc:391] T 0567a83a31cf429980e13f4f3df80ac0 P cffedd68783f4a1c8995fc18ba659b7c: Aborting transaction as it isn't in flight: id { term: 1 index: 1 } timestamp: 14 op_type: NO_OP noop_request { }
I0929 21:45:49.455584 26823 raft_consensus.cc:2194] T 0567a83a31cf429980e13f4f3df80ac0 P cffedd68783f4a1c8995fc18ba659b7c: NO_OP replication failed: Aborted: Transaction aborted
I0929 21:45:49.455760 26823 raft_consensus.cc:1738] T 0567a83a31cf429980e13f4f3df80ac0 P cffedd68783f4a1c8995fc18ba659b7c [term 1 LEADER]: Raft consensus is shut down!
I0929 21:45:49.456670 26747 catalog_manager.cc:1920] Servicing AlterTable request from {username='slave'} at 127.0.0.1:59015: table { table_name: "test-alter-range-partitioning-invalid-unbounded" } alter_schema_steps { type: ADD_RANGE_PARTITION add_range_partition { range_bounds { rows: "\006\001\031\000\000\000\007\001K\000\000\000" } } } alter_schema_steps { type: ADD_RANGE_PARTITION add_range_partition { range_bounds { rows: "\006\001\000\000\000\000\007\001d\000\000\000" } } } schema { columns { name: "c0" type: INT32 is_key: true is_nullable: false encoding: AUTO_ENCODING compression: DEFAULT_COMPRESSION cfile_block_size: 0 } columns { name: "c1" type: INT32 is_key: false is_nullable: false encoding: AUTO_ENCODING compression: DEFAULT_COMPRESSION cfile_block_size: 0 } }
I0929 21:45:49.457845 26732 catalog_manager.cc:2925] Scheduling retry of 9db7d1aaf4784c4882f93c9dd573911b (table test-alter-range-partitioning-invalid-unbounded [id=8eb38e78e3cd4799995cb362386476e0]) Alter Table RPC with a delay of 45ms (attempt = 0)...
W0929 21:45:49.458127 26732 catalog_manager.cc:2946] Async tablet task 9db7d1aaf4784c4882f93c9dd573911b (table test-alter-range-partitioning-invalid-unbounded [id=8eb38e78e3cd4799995cb362386476e0]) Alter Table RPC failed: Not found: Failed to reset TS proxy: No leader found: Tablet 9db7d1aaf4784c4882f93c9dd573911b consensus state has no leader
I0929 21:45:49.459993 26734 catalog_manager.cc:2925] Scheduling retry of 0567a83a31cf429980e13f4f3df80ac0 (table test-alter-range-partitioning-invalid-unbounded [id=8eb38e78e3cd4799995cb362386476e0]) Alter Table RPC with a delay of 52ms (attempt = 0)...
W0929 21:45:49.460309 26734 catalog_manager.cc:2946] Async tablet task 0567a83a31cf429980e13f4f3df80ac0 (table test-alter-range-partitioning-invalid-unbounded [id=8eb38e78e3cd4799995cb362386476e0]) Alter Table RPC failed: Not found: Failed to reset TS proxy: No leader found: Tablet 0567a83a31cf429980e13f4f3df80ac0 consensus state has no leader
I0929 21:45:49.461024 26744 catalog_manager.cc:1920] Servicing AlterTable request from {username='slave'} at 127.0.0.1:59015: table { table_name: "test-alter-range-partitioning-invalid-unbounded" } alter_schema_steps { type: ADD_RANGE_PARTITION add_range_partition { range_bounds { rows: "\006\001\031\000\000\000\007\001K\000\000\000" } } } schema { columns { name: "c0" type: INT32 is_key: true is_nullable: false encoding: AUTO_ENCODING compression: DEFAULT_COMPRESSION cfile_block_size: 0 } columns { name: "c1" type: INT32 is_key: false is_nullable: false encoding: AUTO_ENCODING compression: DEFAULT_COMPRESSION cfile_block_size: 0 } }
I0929 21:45:49.462862 26734 catalog_manager.cc:2925] Scheduling retry of 28988efc3b9d4b96b591cbd45febf05b (table test-alter-range-partitioning-invalid-unbounded [id=8eb38e78e3cd4799995cb362386476e0]) Alter Table RPC with a delay of 25ms (attempt = 0)...
W0929 21:45:49.463152 26734 catalog_manager.cc:2946] Async tablet task 28988efc3b9d4b96b591cbd45febf05b (table test-alter-range-partitioning-invalid-unbounded [id=8eb38e78e3cd4799995cb362386476e0]) Alter Table RPC failed: Not found: Failed to reset TS proxy: No leader found: Tablet 28988efc3b9d4b96b591cbd45febf05b consensus state has no leader
I0929 21:45:49.464730 26732 catalog_manager.cc:2925] Scheduling retry of 9276dda82bfc439ba5438aa02c2882d2 (table test-alter-range-partitioning-invalid-unbounded [id=8eb38e78e3cd4799995cb362386476e0]) Alter Table RPC with a delay of 35ms (attempt = 0)...
W0929 21:45:49.465077 26732 catalog_manager.cc:2946] Async tablet task 9276dda82bfc439ba5438aa02c2882d2 (table test-alter-range-partitioning-invalid-unbounded [id=8eb38e78e3cd4799995cb362386476e0]) Alter Table RPC failed: Not found: Failed to reset TS proxy: No leader found: Tablet 9276dda82bfc439ba5438aa02c2882d2 consensus state has no leader
I0929 21:45:49.465701 26734 catalog_manager.cc:2925] Scheduling retry of f92b78a409fb4b6db8ab56c535e2bfea (table test-alter-range-partitioning-invalid-unbounded [id=8eb38e78e3cd4799995cb362386476e0]) Alter Table RPC with a delay of 44ms (attempt = 0)...
W0929 21:45:49.466032 26734 catalog_manager.cc:2946] Async tablet task f92b78a409fb4b6db8ab56c535e2bfea (table test-alter-range-partitioning-invalid-unbounded [id=8eb38e78e3cd4799995cb362386476e0]) Alter Table RPC failed: Not found: Failed to reset TS proxy: No leader found: Tablet f92b78a409fb4b6db8ab56c535e2bfea consensus state has no leader
I0929 21:45:49.469681 26744 catalog_manager.cc:2925] Scheduling retry of af4a3301115649f0a464abf8dd4c9d4c (table test-alter-range-partitioning-invalid-unbounded [id=8eb38e78e3cd4799995cb362386476e0]) Alter Table RPC with a delay of 30ms (attempt = 0)...
W0929 21:45:49.470064 26744 catalog_manager.cc:3406] Failed to send alter table request: Not found: Failed to reset TS proxy: No leader found: Tablet af4a3301115649f0a464abf8dd4c9d4c has no consensus state
I0929 21:45:49.470522 26733 catalog_manager.cc:2925] Scheduling retry of e14a330c7d414262b7e059c53354c106 (table test-alter-range-partitioning-invalid-unbounded [id=8eb38e78e3cd4799995cb362386476e0]) Alter Table RPC with a delay of 41ms (attempt = 0)...
W0929 21:45:49.470901 26733 catalog_manager.cc:2946] Async tablet task e14a330c7d414262b7e059c53354c106 (table test-alter-range-partitioning-invalid-unbounded [id=8eb38e78e3cd4799995cb362386476e0]) Alter Table RPC failed: Not found: Failed to reset TS proxy: No leader found: Tablet e14a330c7d414262b7e059c53354c106 consensus state has no leader
I0929 21:45:49.471206 26733 catalog_manager.cc:2925] Scheduling retry of f9dce52fa3f1464da743f458943e674a (table test-alter-range-partitioning-invalid-unbounded [id=8eb38e78e3cd4799995cb362386476e0]) Alter Table RPC with a delay of 29ms (attempt = 0)...
W0929 21:45:49.471421 26733 catalog_manager.cc:2946] Async tablet task f9dce52fa3f1464da743f458943e674a (table test-alter-range-partitioning-invalid-unbounded [id=8eb38e78e3cd4799995cb362386476e0]) Alter Table RPC failed: Not found: Failed to reset TS proxy: No leader found: Tablet f9dce52fa3f1464da743f458943e674a consensus state has no leader
I0929 21:45:49.471716 26733 catalog_manager.cc:2925] Scheduling retry of bdfcf05ade7d41c48e3bdc44f1839279 (table test-alter-range-partitioning-invalid-unbounded [id=8eb38e78e3cd4799995cb362386476e0]) Alter Table RPC with a delay of 29ms (attempt = 0)...
W0929 21:45:49.471935 26733 catalog_manager.cc:2946] Async tablet task bdfcf05ade7d41c48e3bdc44f1839279 (table test-alter-range-partitioning-invalid-unbounded [id=8eb38e78e3cd4799995cb362386476e0]) Alter Table RPC failed: Not found: Failed to reset TS proxy: No leader found: Tablet bdfcf05ade7d41c48e3bdc44f1839279 consensus state has no leader
I0929 21:45:49.472214 26733 catalog_manager.cc:2925] Scheduling retry of 5a3b867613954ef9a6560f5c780cffc5 (table test-alter-range-partitioning-invalid-unbounded [id=8eb38e78e3cd4799995cb362386476e0]) Alter Table RPC with a delay of 40ms (attempt = 0)...
W0929 21:45:49.472427 26733 catalog_manager.cc:2946] Async tablet task 5a3b867613954ef9a6560f5c780cffc5 (table test-alter-range-partitioning-invalid-unbounded [id=8eb38e78e3cd4799995cb362386476e0]) Alter Table RPC failed: Not found: Failed to reset TS proxy: No leader found: Tablet 5a3b867613954ef9a6560f5c780cffc5 consensus state has no leader
I0929 21:45:49.472596 26734 catalog_manager.cc:2925] Scheduling retry of 019d0f784e474c39b254c4f9911f094b (table test-alter-range-partitioning-invalid-unbounded [id=8eb38e78e3cd4799995cb362386476e0]) Alter Table RPC with a delay of 24ms (attempt = 0)...
W0929 21:45:49.472892 26734 catalog_manager.cc:2946] Async tablet task 019d0f784e474c39b254c4f9911f094b (table test-alter-range-partitioning-invalid-unbounded [id=8eb38e78e3cd4799995cb362386476e0]) Alter Table RPC failed: Not found: Failed to reset TS proxy: No leader found: Tablet 019d0f784e474c39b254c4f9911f094b consensus state has no leader
I0929 21:45:49.482154 26733 catalog_manager.cc:2925] Scheduling retry of 5863b148d82f4bc183d8e0c203dbcdeb (table test-alter-range-partitioning-invalid-unbounded [id=8eb38e78e3cd4799995cb362386476e0]) Alter Table RPC with a delay of 12ms (attempt = 0)...
W0929 21:45:49.482617 26733 catalog_manager.cc:2946] Async tablet task 5863b148d82f4bc183d8e0c203dbcdeb (table test-alter-range-partitioning-invalid-unbounded [id=8eb38e78e3cd4799995cb362386476e0]) Alter Table RPC failed: Not found: Failed to reset TS proxy: No leader found: Tablet 5863b148d82f4bc183d8e0c203dbcdeb consensus state has no leader
I0929 21:45:49.483651 26745 catalog_manager.cc:1920] Servicing AlterTable request from {username='slave'} at 127.0.0.1:59015: table { table_name: "test-alter-range-partitioning-invalid-unbounded" } alter_schema_steps { type: DROP_RANGE_PARTITION drop_range_partition { range_bounds { rows: "\006\001\000\000\000\000\007\001d\000\000\000" } } } schema { columns { name: "c0" type: INT32 is_key: true is_nullable: false encoding: AUTO_ENCODING compression: DEFAULT_COMPRESSION cfile_block_size: 0 } columns { name: "c1" type: INT32 is_key: false is_nullable: false encoding: AUTO_ENCODING compression: DEFAULT_COMPRESSION cfile_block_size: 0 } }
I0929 21:45:49.488258 26748 catalog_manager.cc:1920] Servicing AlterTable request from {username='slave'} at 127.0.0.1:59015: table { table_name: "test-alter-range-partitioning-invalid-unbounded" } alter_schema_steps { type: DROP_RANGE_PARTITION drop_range_partition { range_bounds { rows: "\006\001\031\000\000\000\007\001K\000\000\000" } } } schema { columns { name: "c0" type: INT32 is_key: true is_nullable: false encoding: AUTO_ENCODING compression: DEFAULT_COMPRESSION cfile_block_size: 0 } columns { name: "c1" type: INT32 is_key: false is_nullable: false encoding: AUTO_ENCODING compression: DEFAULT_COMPRESSION cfile_block_size: 0 } }
I0929 21:45:49.489473 26734 catalog_manager.cc:2925] Scheduling retry of 28988efc3b9d4b96b591cbd45febf05b (table test-alter-range-partitioning-invalid-unbounded [id=8eb38e78e3cd4799995cb362386476e0]) Alter Table RPC with a delay of 35ms (attempt = 0)...
W0929 21:45:49.489805 26734 catalog_manager.cc:2946] Async tablet task 28988efc3b9d4b96b591cbd45febf05b (table test-alter-range-partitioning-invalid-unbounded [id=8eb38e78e3cd4799995cb362386476e0]) Alter Table RPC failed: Not found: Failed to reset TS proxy: No leader found: Tablet 28988efc3b9d4b96b591cbd45febf05b consensus state has no leader
I0929 21:45:49.491381 26733 catalog_manager.cc:2925] Scheduling retry of a3a64b2d0f544f60a717264bb0488d5c (table test-alter-range-partitioning-invalid-unbounded [id=8eb38e78e3cd4799995cb362386476e0]) Alter Table RPC with a delay of 39ms (attempt = 0)...
W0929 21:45:49.491786 26733 catalog_manager.cc:2946] Async tablet task a3a64b2d0f544f60a717264bb0488d5c (table test-alter-range-partitioning-invalid-unbounded [id=8eb38e78e3cd4799995cb362386476e0]) Alter Table RPC failed: Not found: Failed to reset TS proxy: No leader found: Tablet a3a64b2d0f544f60a717264bb0488d5c consensus state has no leader
I0929 21:45:49.496341 26748 catalog_manager.cc:3432] T 00000000000000000000000000000000 P 348076b792e349259f965829a0d76562: Sending DeleteTablet for 1 replicas of tablet af4a3301115649f0a464abf8dd4c9d4c
I0929 21:45:49.496809 26748 catalog_manager.cc:3154] Sending DeleteTablet(TABLET_DATA_DELETED) for tablet af4a3301115649f0a464abf8dd4c9d4c on cffedd68783f4a1c8995fc18ba659b7c (127.0.0.1:60775) (Partition dropped at 2017-09-29 21:45:49 UTC)
I0929 21:45:49.497572 26734 catalog_manager.cc:2925] Scheduling retry of 019d0f784e474c39b254c4f9911f094b (table test-alter-range-partitioning-invalid-unbounded [id=8eb38e78e3cd4799995cb362386476e0]) Alter Table RPC with a delay of 45ms (attempt = 0)...
W0929 21:45:49.497906 26734 catalog_manager.cc:2946] Async tablet task 019d0f784e474c39b254c4f9911f094b (table test-alter-range-partitioning-invalid-unbounded [id=8eb38e78e3cd4799995cb362386476e0]) Alter Table RPC failed: Not found: Failed to reset TS proxy: No leader found: Tablet 019d0f784e474c39b254c4f9911f094b consensus state has no leader
I0929 21:45:49.498056 26733 catalog_manager.cc:2925] Scheduling retry of 5863b148d82f4bc183d8e0c203dbcdeb (table test-alter-range-partitioning-invalid-unbounded [id=8eb38e78e3cd4799995cb362386476e0]) Alter Table RPC with a delay of 28ms (attempt = 0)...
W0929 21:45:49.498394 26733 catalog_manager.cc:2946] Async tablet task 5863b148d82f4bc183d8e0c203dbcdeb (table test-alter-range-partitioning-invalid-unbounded [id=8eb38e78e3cd4799995cb362386476e0]) Alter Table RPC failed: Not found: Failed to reset TS proxy: No leader found: Tablet 5863b148d82f4bc183d8e0c203dbcdeb consensus state has no leader
I0929 21:45:49.500469 26733 catalog_manager.cc:2925] Scheduling retry of af4a3301115649f0a464abf8dd4c9d4c (table test-alter-range-partitioning-invalid-unbounded [id=8eb38e78e3cd4799995cb362386476e0]) Alter Table RPC with a delay of 19ms (attempt = 0)...
W0929 21:45:49.500774 26733 catalog_manager.cc:2946] Async tablet task af4a3301115649f0a464abf8dd4c9d4c (table test-alter-range-partitioning-invalid-unbounded [id=8eb38e78e3cd4799995cb362386476e0]) Alter Table RPC failed: Not found: Failed to reset TS proxy: No leader found: Tablet af4a3301115649f0a464abf8dd4c9d4c consensus state has no leader
I0929 21:45:49.500725 26732 catalog_manager.cc:2925] Scheduling retry of 9276dda82bfc439ba5438aa02c2882d2 (table test-alter-range-partitioning-invalid-unbounded [id=8eb38e78e3cd4799995cb362386476e0]) Alter Table RPC with a delay of 11ms (attempt = 0)...
W0929 21:45:49.501209 26732 catalog_manager.cc:2946] Async tablet task 9276dda82bfc439ba5438aa02c2882d2 (table test-alter-range-partitioning-invalid-unbounded [id=8eb38e78e3cd4799995cb362386476e0]) Alter Table RPC failed: Not found: Failed to reset TS proxy: No leader found: Tablet 9276dda82bfc439ba5438aa02c2882d2 consensus state has no leader
I0929 21:45:49.501456 26731 catalog_manager.cc:2925] Scheduling retry of 4515eb9ffec24b699bf8cd6227140627 (table test-alter-range-partitioning-invalid-unbounded [id=8eb38e78e3cd4799995cb362386476e0]) Alter Table RPC with a delay of 42ms (attempt = 0)...
W0929 21:45:49.501845 26731 catalog_manager.cc:2946] Async tablet task 4515eb9ffec24b699bf8cd6227140627 (table test-alter-range-partitioning-invalid-unbounded [id=8eb38e78e3cd4799995cb362386476e0]) Alter Table RPC failed: Not found: Failed to reset TS proxy: No leader found: Tablet 4515eb9ffec24b699bf8cd6227140627 consensus state has no leader
I0929 21:45:49.501808 26744 catalog_manager.cc:1920] Servicing AlterTable request from {username='slave'} at 127.0.0.1:59015: table { table_name: "test-alter-range-partitioning-invalid-unbounded" } alter_schema_steps { type: ADD_RANGE_PARTITION add_range_partition { range_bounds { rows: "\006\001\031\000\000\000\007\001K\000\000\000" } } } alter_schema_steps { type: DROP_RANGE_PARTITION drop_range_partition { range_bounds { rows: "\006\001\000\000\000\000\007\001d\000\000\000" } } } schema { columns { name: "c0" type: INT32 is_key: true is_nullable: false encoding: AUTO_ENCODING compression: DEFAULT_COMPRESSION cfile_block_size: 0 } columns { name: "c1" type: INT32 is_key: false is_nullable: false encoding: AUTO_ENCODING compression: DEFAULT_COMPRESSION cfile_block_size: 0 } }
I0929 21:45:49.502672 26733 catalog_manager.cc:2925] Scheduling retry of f9dce52fa3f1464da743f458943e674a (table test-alter-range-partitioning-invalid-unbounded [id=8eb38e78e3cd4799995cb362386476e0]) Alter Table RPC with a delay of 29ms (attempt = 0)...
I0929 21:45:49.502748 26732 catalog_manager.cc:2925] Scheduling retry of 405036c65d064351a92040e629a3cd9a (table test-alter-range-partitioning-invalid-unbounded [id=8eb38e78e3cd4799995cb362386476e0]) Alter Table RPC with a delay of 8ms (attempt = 0)...
W0929 21:45:49.503265 26732 catalog_manager.cc:2946] Async tablet task 405036c65d064351a92040e629a3cd9a (table test-alter-range-partitioning-invalid-unbounded [id=8eb38e78e3cd4799995cb362386476e0]) Alter Table RPC failed: Not found: Failed to reset TS proxy: No leader found: Tablet 405036c65d064351a92040e629a3cd9a consensus state has no leader
I0929 21:45:49.503643 26731 catalog_manager.cc:3154] Sending DeleteTablet(TABLET_DATA_DELETED) for tablet e14a330c7d414262b7e059c53354c106 on cffedd68783f4a1c8995fc18ba659b7c (127.0.0.1:60775) (Partition dropped at 2017-09-29 21:45:49 UTC)
I0929 21:45:49.503675 26732 catalog_manager.cc:2925] Scheduling retry of 9db7d1aaf4784c4882f93c9dd573911b (table test-alter-range-partitioning-invalid-unbounded [id=8eb38e78e3cd4799995cb362386476e0]) Alter Table RPC with a delay of 46ms (attempt = 0)...
W0929 21:45:49.504076 26732 catalog_manager.cc:2946] Async tablet task 9db7d1aaf4784c4882f93c9dd573911b (table test-alter-range-partitioning-invalid-unbounded [id=8eb38e78e3cd4799995cb362386476e0]) Alter Table RPC failed: Not found: Failed to reset TS proxy: No leader found: Tablet 9db7d1aaf4784c4882f93c9dd573911b consensus state has no leader
W0929 21:45:49.503039 26733 catalog_manager.cc:2946] Async tablet task f9dce52fa3f1464da743f458943e674a (table test-alter-range-partitioning-invalid-unbounded [id=8eb38e78e3cd4799995cb362386476e0]) Alter Table RPC failed: Not found: Failed to reset TS proxy: No leader found: Tablet f9dce52fa3f1464da743f458943e674a consensus state has no leader
I0929 21:45:49.504570 26733 catalog_manager.cc:2925] Scheduling retry of bdfcf05ade7d41c48e3bdc44f1839279 (table test-alter-range-partitioning-invalid-unbounded [id=8eb38e78e3cd4799995cb362386476e0]) Alter Table RPC with a delay of 26ms (attempt = 0)...
W0929 21:45:49.504843 26733 catalog_manager.cc:2946] Async tablet task bdfcf05ade7d41c48e3bdc44f1839279 (table test-alter-range-partitioning-invalid-unbounded [id=8eb38e78e3cd4799995cb362386476e0]) Alter Table RPC failed: Not found: Failed to reset TS proxy: No leader found: Tablet bdfcf05ade7d41c48e3bdc44f1839279 consensus state has no leader
I0929 21:45:49.511392 26734 catalog_manager.cc:2925] Scheduling retry of f92b78a409fb4b6db8ab56c535e2bfea (table test-alter-range-partitioning-invalid-unbounded [id=8eb38e78e3cd4799995cb362386476e0]) Alter Table RPC with a delay of 10ms (attempt = 0)...
I0929 21:45:49.511317 26747 catalog_manager.cc:1920] Servicing AlterTable request from {username='slave'} at 127.0.0.1:59015: table { table_name: "test-alter-range-partitioning-invalid-unbounded" } alter_schema_steps { type: ADD_RANGE_PARTITION add_range_partition { range_bounds { rows: "\006\001\000\000\000\000\007\001d\000\000\000" } } } schema { columns { name: "c0" type: INT32 is_key: true is_nullable: false encoding: AUTO_ENCODING compression: DEFAULT_COMPRESSION cfile_block_size: 0 } columns { name: "c1" type: INT32 is_key: false is_nullable: false encoding: AUTO_ENCODING compression: DEFAULT_COMPRESSION cfile_block_size: 0 } }
I0929 21:45:49.512120 26731 catalog_manager.cc:3154] Sending DeleteTablet(TABLET_DATA_DELETED) for tablet a3b61861fc0f49e882e86f27b30f47ad on cffedd68783f4a1c8995fc18ba659b7c (127.0.0.1:60775) (Partition dropped at 2017-09-29 21:45:48 UTC)
W0929 21:45:49.513105 26734 catalog_manager.cc:2946] Async tablet task f92b78a409fb4b6db8ab56c535e2bfea (table test-alter-range-partitioning-invalid-unbounded [id=8eb38e78e3cd4799995cb362386476e0]) Alter Table RPC failed: Not found: Failed to reset TS proxy: No leader found: Tablet f92b78a409fb4b6db8ab56c535e2bfea consensus state has no leader
I0929 21:45:49.513083 26732 catalog_manager.cc:2925] Scheduling retry of 405036c65d064351a92040e629a3cd9a (table test-alter-range-partitioning-invalid-unbounded [id=8eb38e78e3cd4799995cb362386476e0]) Alter Table RPC with a delay of 51ms (attempt = 0)...
I0929 21:45:49.521342 26866 tablet_bootstrap.cc:406] T 5a3b867613954ef9a6560f5c780cffc5 P cffedd68783f4a1c8995fc18ba659b7c: No bootstrap required, opened a new log
W0929 21:45:49.521582 26732 catalog_manager.cc:2946] Async tablet task 405036c65d064351a92040e629a3cd9a (table test-alter-range-partitioning-invalid-unbounded [id=8eb38e78e3cd4799995cb362386476e0]) Alter Table RPC failed: Not found: Failed to reset TS proxy: No leader found: Tablet 405036c65d064351a92040e629a3cd9a consensus state has no leader
I0929 21:45:49.513960 26733 catalog_manager.cc:2925] Scheduling retry of 5a3b867613954ef9a6560f5c780cffc5 (table test-alter-range-partitioning-invalid-unbounded [id=8eb38e78e3cd4799995cb362386476e0]) Alter Table RPC with a delay of 41ms (attempt = 0)...
I0929 21:45:49.522562 26866 ts_tablet_manager.cc:772] T 5a3b867613954ef9a6560f5c780cffc5 P cffedd68783f4a1c8995fc18ba659b7c: Time spent bootstrapping tablet: real 0.091s user 0.020s sys 0.040s
I0929 21:45:49.524580 26823 ts_tablet_manager.cc:1063] T 0567a83a31cf429980e13f4f3df80ac0 P cffedd68783f4a1c8995fc18ba659b7c: Deleting tablet data with delete state TABLET_DATA_DELETED
I0929 21:45:49.523063 26734 catalog_manager.cc:2925] Scheduling retry of 0567a83a31cf429980e13f4f3df80ac0 (table test-alter-range-partitioning-invalid-unbounded [id=8eb38e78e3cd4799995cb362386476e0]) Alter Table RPC with a delay of 21ms (attempt = 0)...
W0929 21:45:49.526808 26734 catalog_manager.cc:2946] Async tablet task 0567a83a31cf429980e13f4f3df80ac0 (table test-alter-range-partitioning-invalid-unbounded [id=8eb38e78e3cd4799995cb362386476e0]) Alter Table RPC failed: Not found: Failed to reset TS proxy: No leader found: Tablet 0567a83a31cf429980e13f4f3df80ac0 consensus state has no leader
I0929 21:45:49.527220 26734 catalog_manager.cc:2925] Scheduling retry of 28988efc3b9d4b96b591cbd45febf05b (table test-alter-range-partitioning-invalid-unbounded [id=8eb38e78e3cd4799995cb362386476e0]) Alter Table RPC with a delay of 30ms (attempt = 0)...
W0929 21:45:49.527457 26734 catalog_manager.cc:2946] Async tablet task 28988efc3b9d4b96b591cbd45febf05b (table test-alter-range-partitioning-invalid-unbounded [id=8eb38e78e3cd4799995cb362386476e0]) Alter Table RPC failed: Not found: Failed to reset TS proxy: No leader found: Tablet 28988efc3b9d4b96b591cbd45febf05b consensus state has no leader
I0929 21:45:49.527860 26732 catalog_manager.cc:2925] Scheduling retry of 9276dda82bfc439ba5438aa02c2882d2 (table test-alter-range-partitioning-invalid-unbounded [id=8eb38e78e3cd4799995cb362386476e0]) Alter Table RPC with a delay of 53ms (attempt = 0)...
W0929 21:45:49.528208 26732 catalog_manager.cc:2946] Async tablet task 9276dda82bfc439ba5438aa02c2882d2 (table test-alter-range-partitioning-invalid-unbounded [id=8eb38e78e3cd4799995cb362386476e0]) Alter Table RPC failed: Not found: Failed to reset TS proxy: No leader found: Tablet 9276dda82bfc439ba5438aa02c2882d2 consensus state has no leader
W0929 21:45:49.522876 26733 catalog_manager.cc:2946] Async tablet task 5a3b867613954ef9a6560f5c780cffc5 (table test-alter-range-partitioning-invalid-unbounded [id=8eb38e78e3cd4799995cb362386476e0]) Alter Table RPC failed: Not found: Failed to reset TS proxy: No leader found: Tablet 5a3b867613954ef9a6560f5c780cffc5 consensus state has no leader
I0929 21:45:49.530266 26747 catalog_manager.cc:2925] Scheduling retry of 96c088b7c9fe4b7f986371b0e920a16f (table test-alter-range-partitioning-invalid-unbounded [id=8eb38e78e3cd4799995cb362386476e0]) Alter Table RPC with a delay of 42ms (attempt = 0)...
W0929 21:45:49.530697 26747 catalog_manager.cc:3406] Failed to send alter table request: Not found: Failed to reset TS proxy: No leader found: Tablet 96c088b7c9fe4b7f986371b0e920a16f has no consensus state
I0929 21:45:49.531369 26731 catalog_manager.cc:2925] Scheduling retry of a3b61861fc0f49e882e86f27b30f47ad (table test-alter-range-partitioning-invalid-unbounded [id=8eb38e78e3cd4799995cb362386476e0]) Alter Table RPC with a delay of 48ms (attempt = 0)...
I0929 21:45:49.532001 26734 catalog_manager.cc:2925] Scheduling retry of f92b78a409fb4b6db8ab56c535e2bfea (table test-alter-range-partitioning-invalid-unbounded [id=8eb38e78e3cd4799995cb362386476e0]) Alter Table RPC with a delay of 10ms (attempt = 0)...
W0929 21:45:49.532301 26734 catalog_manager.cc:2946] Async tablet task f92b78a409fb4b6db8ab56c535e2bfea (table test-alter-range-partitioning-invalid-unbounded [id=8eb38e78e3cd4799995cb362386476e0]) Alter Table RPC failed: Not found: Failed to reset TS proxy: No leader found: Tablet f92b78a409fb4b6db8ab56c535e2bfea consensus state has no leader
W0929 21:45:49.531747 26731 catalog_manager.cc:2946] Async tablet task a3b61861fc0f49e882e86f27b30f47ad (table test-alter-range-partitioning-invalid-unbounded [id=8eb38e78e3cd4799995cb362386476e0]) Alter Table RPC failed: Not found: Failed to reset TS proxy: No leader found: Tablet a3b61861fc0f49e882e86f27b30f47ad consensus state has no leader
I0929 21:45:49.532940 26731 catalog_manager.cc:2925] Scheduling retry of a4d64691a56a423ca91c0b14bd1517af (table test-alter-range-partitioning-invalid-unbounded [id=8eb38e78e3cd4799995cb362386476e0]) Alter Table RPC with a delay of 48ms (attempt = 0)...
W0929 21:45:49.533246 26731 catalog_manager.cc:2946] Async tablet task a4d64691a56a423ca91c0b14bd1517af (table test-alter-range-partitioning-invalid-unbounded [id=8eb38e78e3cd4799995cb362386476e0]) Alter Table RPC failed: Not found: Failed to reset TS proxy: No leader found: Tablet a4d64691a56a423ca91c0b14bd1517af consensus state has no leader
I0929 21:45:49.533591 26731 catalog_manager.cc:2925] Scheduling retry of a1c9f68a8fa441539b9c510657c3176e (table test-alter-range-partitioning-invalid-unbounded [id=8eb38e78e3cd4799995cb362386476e0]) Alter Table RPC with a delay of 36ms (attempt = 0)...
W0929 21:45:49.533854 26731 catalog_manager.cc:2946] Async tablet task a1c9f68a8fa441539b9c510657c3176e (table test-alter-range-partitioning-invalid-unbounded [id=8eb38e78e3cd4799995cb362386476e0]) Alter Table RPC failed: Not found: Failed to reset TS proxy: No leader found: Tablet a1c9f68a8fa441539b9c510657c3176e consensus state has no leader
I0929 21:45:49.534241 26731 catalog_manager.cc:3154] Sending DeleteTablet(TABLET_DATA_DELETED) for tablet 0567a83a31cf429980e13f4f3df80ac0 on cffedd68783f4a1c8995fc18ba659b7c (127.0.0.1:60775) (Partition dropped at 2017-09-29 21:45:48 UTC)
I0929 21:45:49.534718 26731 catalog_manager.cc:3154] Sending DeleteTablet(TABLET_DATA_DELETED) for tablet 0567a83a31cf429980e13f4f3df80ac0 on cffedd68783f4a1c8995fc18ba659b7c (127.0.0.1:60775) (Partition dropped at 2017-09-29 21:45:48 UTC)
I0929 21:45:49.537437 26820 tablet_service.cc:713] Processing DeleteTablet for tablet 4515eb9ffec24b699bf8cd6227140627 with delete_type TABLET_DATA_DELETED (Partition dropped at 2017-09-29 21:45:49 UTC) from {username='slave'} at 127.0.0.1:33868
W0929 21:45:49.538528 26731 catalog_manager.cc:3121] TS cffedd68783f4a1c8995fc18ba659b7c (127.0.0.1:60775): delete failed for tablet 4515eb9ffec24b699bf8cd6227140627 with error code TABLET_NOT_RUNNING: Illegal state: State transition of tablet 4515eb9ffec24b699bf8cd6227140627 already in progress: creating tablet
I0929 21:45:49.538588 26820 tablet_service.cc:672] Processing CreateTablet for tablet 96c088b7c9fe4b7f986371b0e920a16f (table=test-alter-range-partitioning-invalid-unbounded [id=8eb38e78e3cd4799995cb362386476e0]), partition=RANGE (c0) PARTITION 0 <= VALUES < 100
I0929 21:45:49.538915 26731 catalog_manager.cc:2925] Scheduling retry of 4515eb9ffec24b699bf8cd6227140627 Delete Tablet RPC for TS=cffedd68783f4a1c8995fc18ba659b7c with a delay of 90ms (attempt = 3)...
I0929 21:45:49.539741 26733 catalog_manager.cc:2925] Scheduling retry of e14a330c7d414262b7e059c53354c106 (table test-alter-range-partitioning-invalid-unbounded [id=8eb38e78e3cd4799995cb362386476e0]) Alter Table RPC with a delay of 38ms (attempt = 0)...
W0929 21:45:49.540046 26733 catalog_manager.cc:2946] Async tablet task e14a330c7d414262b7e059c53354c106 (table test-alter-range-partitioning-invalid-unbounded [id=8eb38e78e3cd4799995cb362386476e0]) Alter Table RPC failed: Not found: Failed to reset TS proxy: No leader found: Tablet e14a330c7d414262b7e059c53354c106 consensus state has no leader
I0929 21:45:49.540323 26733 catalog_manager.cc:2925] Scheduling retry of af4a3301115649f0a464abf8dd4c9d4c (table test-alter-range-partitioning-invalid-unbounded [id=8eb38e78e3cd4799995cb362386476e0]) Alter Table RPC with a delay of 19ms (attempt = 0)...
W0929 21:45:49.540515 26733 catalog_manager.cc:2946] Async tablet task af4a3301115649f0a464abf8dd4c9d4c (table test-alter-range-partitioning-invalid-unbounded [id=8eb38e78e3cd4799995cb362386476e0]) Alter Table RPC failed: Not found: Failed to reset TS proxy: No leader found: Tablet af4a3301115649f0a464abf8dd4c9d4c consensus state has no leader
I0929 21:45:49.540755 26733 catalog_manager.cc:2925] Scheduling retry of 5863b148d82f4bc183d8e0c203dbcdeb (table test-alter-range-partitioning-invalid-unbounded [id=8eb38e78e3cd4799995cb362386476e0]) Alter Table RPC with a delay of 57ms (attempt = 0)...
W0929 21:45:49.540936 26733 catalog_manager.cc:2946] Async tablet task 5863b148d82f4bc183d8e0c203dbcdeb (table test-alter-range-partitioning-invalid-unbounded [id=8eb38e78e3cd4799995cb362386476e0]) Alter Table RPC failed: Not found: Failed to reset TS proxy: No leader found: Tablet 5863b148d82f4bc183d8e0c203dbcdeb consensus state has no leader
I0929 21:45:49.541585 26733 catalog_manager.cc:2925] Scheduling retry of a3a64b2d0f544f60a717264bb0488d5c (table test-alter-range-partitioning-invalid-unbounded [id=8eb38e78e3cd4799995cb362386476e0]) Alter Table RPC with a delay of 9ms (attempt = 0)...
W0929 21:45:49.541851 26733 catalog_manager.cc:2946] Async tablet task a3a64b2d0f544f60a717264bb0488d5c (table test-alter-range-partitioning-invalid-unbounded [id=8eb38e78e3cd4799995cb362386476e0]) Alter Table RPC failed: Not found: Failed to reset TS proxy: No leader found: Tablet a3a64b2d0f544f60a717264bb0488d5c consensus state has no leader
I0929 21:45:49.542150 26733 catalog_manager.cc:2925] Scheduling retry of bdfcf05ade7d41c48e3bdc44f1839279 (table test-alter-range-partitioning-invalid-unbounded [id=8eb38e78e3cd4799995cb362386476e0]) Alter Table RPC with a delay of 51ms (attempt = 0)...
W0929 21:45:49.542398 26733 catalog_manager.cc:2946] Async tablet task bdfcf05ade7d41c48e3bdc44f1839279 (table test-alter-range-partitioning-invalid-unbounded [id=8eb38e78e3cd4799995cb362386476e0]) Alter Table RPC failed: Not found: Failed to reset TS proxy: No leader found: Tablet bdfcf05ade7d41c48e3bdc44f1839279 consensus state has no leader
I0929 21:45:49.542402 26821 tablet_service.cc:713] Processing DeleteTablet for tablet 5863b148d82f4bc183d8e0c203dbcdeb with delete_type TABLET_DATA_DELETED (Partition dropped at 2017-09-29 21:45:49 UTC) from {username='slave'} at 127.0.0.1:33868
I0929 21:45:49.542665 26733 catalog_manager.cc:2925] Scheduling retry of f9dce52fa3f1464da743f458943e674a (table test-alter-range-partitioning-invalid-unbounded [id=8eb38e78e3cd4799995cb362386476e0]) Alter Table RPC with a delay of 26ms (attempt = 0)...
W0929 21:45:49.542906 26733 catalog_manager.cc:2946] Async tablet task f9dce52fa3f1464da743f458943e674a (table test-alter-range-partitioning-invalid-unbounded [id=8eb38e78e3cd4799995cb362386476e0]) Alter Table RPC failed: Not found: Failed to reset TS proxy: No leader found: Tablet f9dce52fa3f1464da743f458943e674a consensus state has no leader
I0929 21:45:49.543328 26734 catalog_manager.cc:2925] Scheduling retry of f92b78a409fb4b6db8ab56c535e2bfea (table test-alter-range-partitioning-invalid-unbounded [id=8eb38e78e3cd4799995cb362386476e0]) Alter Table RPC with a delay of 15ms (attempt = 0)...
W0929 21:45:49.543740 26734 catalog_manager.cc:2946] Async tablet task f92b78a409fb4b6db8ab56c535e2bfea (table test-alter-range-partitioning-invalid-unbounded [id=8eb38e78e3cd4799995cb362386476e0]) Alter Table RPC failed: Not found: Failed to reset TS proxy: No leader found: Tablet f92b78a409fb4b6db8ab56c535e2bfea consensus state has no leader
I0929 21:45:49.543848 26816 tablet_service.cc:713] Processing DeleteTablet for tablet a3b61861fc0f49e882e86f27b30f47ad with delete_type TABLET_DATA_DELETED (Partition dropped at 2017-09-29 21:45:48 UTC) from {username='slave'} at 127.0.0.1:33868
I0929 21:45:49.543753 26819 tablet_service.cc:672] Processing CreateTablet for tablet af4a3301115649f0a464abf8dd4c9d4c (table=test-alter-range-partitioning-invalid-unbounded [id=8eb38e78e3cd4799995cb362386476e0]), partition=RANGE (c0) PARTITION 25 <= VALUES < 75
I0929 21:45:49.544106 26734 catalog_manager.cc:2925] Scheduling retry of 019d0f784e474c39b254c4f9911f094b (table test-alter-range-partitioning-invalid-unbounded [id=8eb38e78e3cd4799995cb362386476e0]) Alter Table RPC with a delay of 31ms (attempt = 0)...
W0929 21:45:49.544356 26734 catalog_manager.cc:2946] Async tablet task 019d0f784e474c39b254c4f9911f094b (table test-alter-range-partitioning-invalid-unbounded [id=8eb38e78e3cd4799995cb362386476e0]) Alter Table RPC failed: Not found: Failed to reset TS proxy: No leader found: Tablet 019d0f784e474c39b254c4f9911f094b consensus state has no leader
I0929 21:45:49.544592 26815 tablet_service.cc:713] Processing DeleteTablet for tablet 0567a83a31cf429980e13f4f3df80ac0 with delete_type TABLET_DATA_DELETED (Partition dropped at 2017-09-29 21:45:48 UTC) from {username='slave'} at 127.0.0.1:33868
I0929 21:45:49.544749 26731 catalog_manager.cc:2925] Scheduling retry of 4515eb9ffec24b699bf8cd6227140627 (table test-alter-range-partitioning-invalid-unbounded [id=8eb38e78e3cd4799995cb362386476e0]) Alter Table RPC with a delay of 57ms (attempt = 0)...
I0929 21:45:49.544994 26818 tablet_service.cc:713] Processing DeleteTablet for tablet af4a3301115649f0a464abf8dd4c9d4c with delete_type TABLET_DATA_DELETED (Partition dropped at 2017-09-29 21:45:49 UTC) from {username='slave'} at 127.0.0.1:33868
W0929 21:45:49.545234 26731 catalog_manager.cc:2946] Async tablet task 4515eb9ffec24b699bf8cd6227140627 (table test-alter-range-partitioning-invalid-unbounded [id=8eb38e78e3cd4799995cb362386476e0]) Alter Table RPC failed: Not found: Failed to reset TS proxy: No leader found: Tablet 4515eb9ffec24b699bf8cd6227140627 consensus state has no leader
I0929 21:45:49.545029 26814 tablet_service.cc:713] Processing DeleteTablet for tablet 0567a83a31cf429980e13f4f3df80ac0 with delete_type TABLET_DATA_DELETED (Partition dropped at 2017-09-29 21:45:48 UTC) from {username='slave'} at 127.0.0.1:33868
W0929 21:45:49.545838 26731 catalog_manager.cc:3121] TS cffedd68783f4a1c8995fc18ba659b7c (127.0.0.1:60775): delete failed for tablet 5863b148d82f4bc183d8e0c203dbcdeb with error code TABLET_NOT_RUNNING: Illegal state: State transition of tablet 5863b148d82f4bc183d8e0c203dbcdeb already in progress: creating tablet
I0929 21:45:49.546108 26731 catalog_manager.cc:2925] Scheduling retry of 5863b148d82f4bc183d8e0c203dbcdeb Delete Tablet RPC for TS=cffedd68783f4a1c8995fc18ba659b7c with a delay of 60ms (attempt = 1)...
I0929 21:45:49.546370 26822 tablet_service.cc:713] Processing DeleteTablet for tablet 019d0f784e474c39b254c4f9911f094b with delete_type TABLET_DATA_DELETED (Partition dropped at 2017-09-29 21:45:49 UTC) from {username='slave'} at 127.0.0.1:33868
I0929 21:45:49.544749 26817 tablet_service.cc:713] Processing DeleteTablet for tablet e14a330c7d414262b7e059c53354c106 with delete_type TABLET_DATA_DELETED (Partition dropped at 2017-09-29 21:45:49 UTC) from {username='slave'} at 127.0.0.1:33868
W0929 21:45:49.546520 26731 catalog_manager.cc:3108] TS cffedd68783f4a1c8995fc18ba659b7c (127.0.0.1:60775): delete failed for tablet a3b61861fc0f49e882e86f27b30f47ad because the tablet was not found. No further retry: Not found: Tablet not found: a3b61861fc0f49e882e86f27b30f47ad
W0929 21:45:49.547185 26731 catalog_manager.cc:3108] TS cffedd68783f4a1c8995fc18ba659b7c (127.0.0.1:60775): delete failed for tablet af4a3301115649f0a464abf8dd4c9d4c because the tablet was not found. No further retry: Not found: Tablet not found: af4a3301115649f0a464abf8dd4c9d4c
I0929 21:45:49.549425 26734 catalog_manager.cc:2925] Scheduling retry of 0567a83a31cf429980e13f4f3df80ac0 (table test-alter-range-partitioning-invalid-unbounded [id=8eb38e78e3cd4799995cb362386476e0]) Alter Table RPC with a delay of 51ms (attempt = 0)...
W0929 21:45:49.549758 26734 catalog_manager.cc:2946] Async tablet task 0567a83a31cf429980e13f4f3df80ac0 (table test-alter-range-partitioning-invalid-unbounded [id=8eb38e78e3cd4799995cb362386476e0]) Alter Table RPC failed: Not found: Failed to reset TS proxy: No leader found: Tablet 0567a83a31cf429980e13f4f3df80ac0 consensus state has no leader
I0929 21:45:49.551265 26732 catalog_manager.cc:2925] Scheduling retry of 9db7d1aaf4784c4882f93c9dd573911b (table test-alter-range-partitioning-invalid-unbounded [id=8eb38e78e3cd4799995cb362386476e0]) Alter Table RPC with a delay of 20ms (attempt = 0)...
W0929 21:45:49.551589 26732 catalog_manager.cc:2946] Async tablet task 9db7d1aaf4784c4882f93c9dd573911b (table test-alter-range-partitioning-invalid-unbounded [id=8eb38e78e3cd4799995cb362386476e0]) Alter Table RPC failed: Not found: Failed to reset TS proxy: No leader found: Tablet 9db7d1aaf4784c4882f93c9dd573911b consensus state has no leader
W0929 21:45:49.557350 26731 catalog_manager.cc:3121] TS cffedd68783f4a1c8995fc18ba659b7c (127.0.0.1:60775): delete failed for tablet 0567a83a31cf429980e13f4f3df80ac0 with error code TABLET_NOT_RUNNING: Illegal state: State transition of tablet 0567a83a31cf429980e13f4f3df80ac0 already in progress: deleting tablet
I0929 21:45:49.557720 26731 catalog_manager.cc:2925] Scheduling retry of 0567a83a31cf429980e13f4f3df80ac0 Delete Tablet RPC for TS=cffedd68783f4a1c8995fc18ba659b7c with a delay of 559ms (attempt = 6)...
I0929 21:45:49.558359 26734 catalog_manager.cc:2925] Scheduling retry of 28988efc3b9d4b96b591cbd45febf05b (table test-alter-range-partitioning-invalid-unbounded [id=8eb38e78e3cd4799995cb362386476e0]) Alter Table RPC with a delay of 37ms (attempt = 0)...
W0929 21:45:49.558712 26734 catalog_manager.cc:2946] Async tablet task 28988efc3b9d4b96b591cbd45febf05b (table test-alter-range-partitioning-invalid-unbounded [id=8eb38e78e3cd4799995cb362386476e0]) Alter Table RPC failed: Not found: Failed to reset TS proxy: No leader found: Tablet 28988efc3b9d4b96b591cbd45febf05b consensus state has no leader
I0929 21:45:49.559175 26733 catalog_manager.cc:2925] Scheduling retry of a3a64b2d0f544f60a717264bb0488d5c (table test-alter-range-partitioning-invalid-unbounded [id=8eb38e78e3cd4799995cb362386476e0]) Alter Table RPC with a delay of 43ms (attempt = 0)...
W0929 21:45:49.559500 26733 catalog_manager.cc:2946] Async tablet task a3a64b2d0f544f60a717264bb0488d5c (table test-alter-range-partitioning-invalid-unbounded [id=8eb38e78e3cd4799995cb362386476e0]) Alter Table RPC failed: Not found: Failed to reset TS proxy: No leader found: Tablet a3a64b2d0f544f60a717264bb0488d5c consensus state has no leader
I0929 21:45:49.561259 26734 catalog_manager.cc:2925] Scheduling retry of f92b78a409fb4b6db8ab56c535e2bfea (table test-alter-range-partitioning-invalid-unbounded [id=8eb38e78e3cd4799995cb362386476e0]) Alter Table RPC with a delay of 8ms (attempt = 0)...
W0929 21:45:49.561571 26734 catalog_manager.cc:2946] Async tablet task f92b78a409fb4b6db8ab56c535e2bfea (table test-alter-range-partitioning-invalid-unbounded [id=8eb38e78e3cd4799995cb362386476e0]) Alter Table RPC failed: Not found: Failed to reset TS proxy: No leader found: Tablet f92b78a409fb4b6db8ab56c535e2bfea consensus state has no leader
W0929 21:45:49.561880 26731 catalog_manager.cc:3121] TS cffedd68783f4a1c8995fc18ba659b7c (127.0.0.1:60775): delete failed for tablet 0567a83a31cf429980e13f4f3df80ac0 with error code TABLET_NOT_RUNNING: Illegal state: State transition of tablet 0567a83a31cf429980e13f4f3df80ac0 already in progress: deleting tablet
I0929 21:45:49.562144 26731 catalog_manager.cc:2925] Scheduling retry of 0567a83a31cf429980e13f4f3df80ac0 Delete Tablet RPC for TS=cffedd68783f4a1c8995fc18ba659b7c with a delay of 51ms (attempt = 2)...
W0929 21:45:49.562548 26731 catalog_manager.cc:3121] TS cffedd68783f4a1c8995fc18ba659b7c (127.0.0.1:60775): delete failed for tablet 019d0f784e474c39b254c4f9911f094b with error code TABLET_NOT_RUNNING: Illegal state: State transition of tablet 019d0f784e474c39b254c4f9911f094b already in progress: creating tablet
I0929 21:45:49.562748 26731 catalog_manager.cc:2925] Scheduling retry of 019d0f784e474c39b254c4f9911f094b Delete Tablet RPC for TS=cffedd68783f4a1c8995fc18ba659b7c with a delay of 68ms (attempt = 3)...
W0929 21:45:49.563097 26731 catalog_manager.cc:3121] TS cffedd68783f4a1c8995fc18ba659b7c (127.0.0.1:60775): delete failed for tablet e14a330c7d414262b7e059c53354c106 with error code TABLET_NOT_RUNNING: Illegal state: State transition of tablet e14a330c7d414262b7e059c53354c106 already in progress: creating tablet
I0929 21:45:49.563278 26731 catalog_manager.cc:2925] Scheduling retry of e14a330c7d414262b7e059c53354c106 Delete Tablet RPC for TS=cffedd68783f4a1c8995fc18ba659b7c with a delay of 36ms (attempt = 2)...
I0929 21:45:49.564102 26733 catalog_manager.cc:2925] Scheduling retry of af4a3301115649f0a464abf8dd4c9d4c (table test-alter-range-partitioning-invalid-unbounded [id=8eb38e78e3cd4799995cb362386476e0]) Alter Table RPC with a delay of 22ms (attempt = 0)...
W0929 21:45:49.564405 26733 catalog_manager.cc:2946] Async tablet task af4a3301115649f0a464abf8dd4c9d4c (table test-alter-range-partitioning-invalid-unbounded [id=8eb38e78e3cd4799995cb362386476e0]) Alter Table RPC failed: Not found: Failed to reset TS proxy: No leader found: Tablet af4a3301115649f0a464abf8dd4c9d4c consensus state has no leader
I0929 21:45:49.565116 26747 catalog_manager.cc:1920] Servicing AlterTable request from {username='slave'} at 127.0.0.1:59015: table { table_name: "test-alter-range-partitioning-invalid-unbounded" } alter_schema_steps { type: ADD_RANGE_PARTITION add_range_partition { range_bounds { rows: "\006\001\377\377\377\377\007\000" } } } schema { columns { name: "c0" type: INT32 is_key: true is_nullable: false encoding: AUTO_ENCODING compression: DEFAULT_COMPRESSION cfile_block_size: 0 } columns { name: "c1" type: INT32 is_key: false is_nullable: false encoding: AUTO_ENCODING compression: DEFAULT_COMPRESSION cfile_block_size: 0 } }
I0929 21:45:49.563216 26819 ts_tablet_manager.cc:906] T af4a3301115649f0a464abf8dd4c9d4c P cffedd68783f4a1c8995fc18ba659b7c: Registered tablet (data state: TABLET_DATA_READY)
I0929 21:45:49.568579 26823 ts_tablet_manager.cc:1075] T 0567a83a31cf429980e13f4f3df80ac0 P cffedd68783f4a1c8995fc18ba659b7c: Tablet deleted. Last logged OpId: 1.1
I0929 21:45:49.568920 26823 log.cc:965] T 0567a83a31cf429980e13f4f3df80ac0 P cffedd68783f4a1c8995fc18ba659b7c: Deleting WAL directory at /tmp/run_tha_test8NQfeJ/test-tmp/alter_table-test.AlterTableTest.TestAddRangePartitionConflictExhaustive.1506721518627625-22612/minicluster-data/ts-0-root/wals/0567a83a31cf429980e13f4f3df80ac0
I0929 21:45:49.569114 26747 catalog_manager.cc:1920] Servicing AlterTable request from {username='slave'} at 127.0.0.1:59015: table { table_name: "test-alter-range-partitioning-invalid-unbounded" } alter_schema_steps { type: DROP_RANGE_PARTITION drop_range_partition { range_bounds { rows: "\006\001\000\000\000\000\007\001d\000\000\000" } } } schema { columns { name: "c0" type: INT32 is_key: true is_nullable: false encoding: AUTO_ENCODING compression: DEFAULT_COMPRESSION cfile_block_size: 0 } columns { name: "c1" type: INT32 is_key: false is_nullable: false encoding: AUTO_ENCODING compression: DEFAULT_COMPRESSION cfile_block_size: 0 } }
