I0929 21:45:50.003551 26747 catalog_manager.cc:2416] Got report from deleted tablet 9276dda82bfc439ba5438aa02c2882d2 (table test-alter-range-partitioning-invalid-unbounded [id=8eb38e78e3cd4799995cb362386476e0]) (Partition dropped at 2017-09-29 21:45:49 UTC): Sending delete request for this tablet
I0929 21:45:50.014497 26747 catalog_manager.cc:3154] Sending DeleteTablet(TABLET_DATA_DELETED) for tablet 9276dda82bfc439ba5438aa02c2882d2 on cffedd68783f4a1c8995fc18ba659b7c (127.0.0.1:60775) (Partition dropped at 2017-09-29 21:45:49 UTC)
I0929 21:45:50.015157 26732 catalog_manager.cc:2925] Scheduling retry of 9db7d1aaf4784c4882f93c9dd573911b (table test-alter-range-partitioning-invalid-unbounded [id=8eb38e78e3cd4799995cb362386476e0]) Alter Table RPC with a delay of 11ms (attempt = 0)...
W0929 21:45:50.015530 26732 catalog_manager.cc:2946] Async tablet task 9db7d1aaf4784c4882f93c9dd573911b (table test-alter-range-partitioning-invalid-unbounded [id=8eb38e78e3cd4799995cb362386476e0]) Alter Table RPC failed: Not found: Failed to reset TS proxy: No leader found: Tablet 9db7d1aaf4784c4882f93c9dd573911b consensus state has no leader
W0929 21:45:50.016014 26731 catalog_manager.cc:3121] TS cffedd68783f4a1c8995fc18ba659b7c (127.0.0.1:60775): delete failed for tablet 5863b148d82f4bc183d8e0c203dbcdeb with error code TABLET_NOT_RUNNING: Illegal state: State transition of tablet 5863b148d82f4bc183d8e0c203dbcdeb already in progress: creating tablet
I0929 21:45:50.016366 26731 catalog_manager.cc:2925] Scheduling retry of 5863b148d82f4bc183d8e0c203dbcdeb Delete Tablet RPC for TS=cffedd68783f4a1c8995fc18ba659b7c with a delay of 290ms (attempt = 5)...
I0929 21:45:50.017122 26820 tablet_service.cc:713] Processing DeleteTablet for tablet 9276dda82bfc439ba5438aa02c2882d2 with delete_type TABLET_DATA_DELETED (Partition dropped at 2017-09-29 21:45:49 UTC) from {username='slave'} at 127.0.0.1:33868
I0929 21:45:50.017530 26820 tablet_replica.cc:218] Initiating TabletReplica shutdown for tablet: 9276dda82bfc439ba5438aa02c2882d2
I0929 21:45:50.017769 26820 maintenance_manager.cc:206] P cffedd68783f4a1c8995fc18ba659b7c: Unregistered op CompactRowSetsOp(9276dda82bfc439ba5438aa02c2882d2)
I0929 21:45:50.018004 26820 maintenance_manager.cc:206] P cffedd68783f4a1c8995fc18ba659b7c: Unregistered op MinorDeltaCompactionOp(9276dda82bfc439ba5438aa02c2882d2)
I0929 21:45:50.018302 26820 maintenance_manager.cc:206] P cffedd68783f4a1c8995fc18ba659b7c: Unregistered op MajorDeltaCompactionOp(9276dda82bfc439ba5438aa02c2882d2)
I0929 21:45:50.018565 26820 maintenance_manager.cc:206] P cffedd68783f4a1c8995fc18ba659b7c: Unregistered op UndoDeltaBlockGCOp(9276dda82bfc439ba5438aa02c2882d2)
I0929 21:45:50.018818 26820 maintenance_manager.cc:206] P cffedd68783f4a1c8995fc18ba659b7c: Unregistered op FlushMRSOp(9276dda82bfc439ba5438aa02c2882d2)
I0929 21:45:50.019050 26820 maintenance_manager.cc:206] P cffedd68783f4a1c8995fc18ba659b7c: Unregistered op FlushDeltaMemStoresOp(9276dda82bfc439ba5438aa02c2882d2)
I0929 21:45:50.019279 26820 maintenance_manager.cc:206] P cffedd68783f4a1c8995fc18ba659b7c: Unregistered op LogGCOp(9276dda82bfc439ba5438aa02c2882d2)
I0929 21:45:50.019242 26822 ts_tablet_manager.cc:906] T cbc32c391d304025b9f98d05f64a14cf P cffedd68783f4a1c8995fc18ba659b7c: Registered tablet (data state: TABLET_DATA_READY)
I0929 21:45:50.019565 26820 raft_consensus.cc:1722] T 9276dda82bfc439ba5438aa02c2882d2 P cffedd68783f4a1c8995fc18ba659b7c [term 1 LEADER]: Raft consensus shutting down.
I0929 21:45:50.020565 26733 catalog_manager.cc:2925] Scheduling retry of 22b2b54dd77f45fb9dd22344d2b94e0b (table test-alter-range-partitioning-invalid-unbounded [id=8eb38e78e3cd4799995cb362386476e0]) Alter Table RPC with a delay of 28ms (attempt = 0)...
I0929 21:45:50.021450 26820 raft_consensus_state.cc:386] T 9276dda82bfc439ba5438aa02c2882d2 P cffedd68783f4a1c8995fc18ba659b7c: Trying to abort 1 pending transactions.
I0929 21:45:50.021677 26820 raft_consensus_state.cc:391] T 9276dda82bfc439ba5438aa02c2882d2 P cffedd68783f4a1c8995fc18ba659b7c: Aborting transaction as it isn't in flight: id { term: 1 index: 1 } timestamp: 22 op_type: NO_OP noop_request { }
I0929 21:45:50.022055 26820 raft_consensus.cc:2194] T 9276dda82bfc439ba5438aa02c2882d2 P cffedd68783f4a1c8995fc18ba659b7c: NO_OP replication failed: Aborted: Transaction aborted
I0929 21:45:50.022303 26820 raft_consensus.cc:1738] T 9276dda82bfc439ba5438aa02c2882d2 P cffedd68783f4a1c8995fc18ba659b7c [term 1 LEADER]: Raft consensus is shut down!
I0929 21:45:50.022286 26744 catalog_manager.cc:2925] Scheduling retry of b69bed4afca84350b84ac399b43add35 (table test-alter-range-partitioning-invalid-unbounded [id=8eb38e78e3cd4799995cb362386476e0]) Alter Table RPC with a delay of 9ms (attempt = 0)...
W0929 21:45:50.022753 26744 catalog_manager.cc:3406] Failed to send alter table request: Not found: Failed to reset TS proxy: No leader found: Tablet b69bed4afca84350b84ac399b43add35 has no consensus state
W0929 21:45:50.022755 26733 catalog_manager.cc:2946] Async tablet task 22b2b54dd77f45fb9dd22344d2b94e0b (table test-alter-range-partitioning-invalid-unbounded [id=8eb38e78e3cd4799995cb362386476e0]) Alter Table RPC failed: Not found: Failed to reset TS proxy: No leader found: Tablet 22b2b54dd77f45fb9dd22344d2b94e0b consensus state has no leader
I0929 21:45:50.023391 26733 catalog_manager.cc:2925] Scheduling retry of f9dce52fa3f1464da743f458943e674a (table test-alter-range-partitioning-invalid-unbounded [id=8eb38e78e3cd4799995cb362386476e0]) Alter Table RPC with a delay of 13ms (attempt = 0)...
W0929 21:45:50.023736 26733 catalog_manager.cc:2946] Async tablet task f9dce52fa3f1464da743f458943e674a (table test-alter-range-partitioning-invalid-unbounded [id=8eb38e78e3cd4799995cb362386476e0]) Alter Table RPC failed: Not found: Failed to reset TS proxy: No leader found: Tablet f9dce52fa3f1464da743f458943e674a consensus state has no leader
I0929 21:45:50.020874 26866 tablet_bootstrap.cc:543] T f9dce52fa3f1464da743f458943e674a P cffedd68783f4a1c8995fc18ba659b7c: No blocks or log segments found. Creating new log.
I0929 21:45:50.025478 26733 catalog_manager.cc:2925] Scheduling retry of e14a330c7d414262b7e059c53354c106 (table test-alter-range-partitioning-invalid-unbounded [id=8eb38e78e3cd4799995cb362386476e0]) Alter Table RPC with a delay of 52ms (attempt = 0)...
W0929 21:45:50.025761 26733 catalog_manager.cc:2946] Async tablet task e14a330c7d414262b7e059c53354c106 (table test-alter-range-partitioning-invalid-unbounded [id=8eb38e78e3cd4799995cb362386476e0]) Alter Table RPC failed: Not found: Failed to reset TS proxy: No leader found: Tablet e14a330c7d414262b7e059c53354c106 consensus state has no leader
I0929 21:45:50.026079 26733 catalog_manager.cc:2925] Scheduling retry of 5863b148d82f4bc183d8e0c203dbcdeb (table test-alter-range-partitioning-invalid-unbounded [id=8eb38e78e3cd4799995cb362386476e0]) Alter Table RPC with a delay of 42ms (attempt = 0)...
W0929 21:45:50.026371 26733 catalog_manager.cc:2946] Async tablet task 5863b148d82f4bc183d8e0c203dbcdeb (table test-alter-range-partitioning-invalid-unbounded [id=8eb38e78e3cd4799995cb362386476e0]) Alter Table RPC failed: Not found: Failed to reset TS proxy: No leader found: Tablet 5863b148d82f4bc183d8e0c203dbcdeb consensus state has no leader
I0929 21:45:50.026662 26734 catalog_manager.cc:2925] Scheduling retry of 0567a83a31cf429980e13f4f3df80ac0 (table test-alter-range-partitioning-invalid-unbounded [id=8eb38e78e3cd4799995cb362386476e0]) Alter Table RPC with a delay of 57ms (attempt = 0)...
I0929 21:45:50.026803 26733 catalog_manager.cc:2925] Scheduling retry of a30c92b3f9854f84935d9addc142006c (table test-alter-range-partitioning-invalid-unbounded [id=8eb38e78e3cd4799995cb362386476e0]) Alter Table RPC with a delay of 42ms (attempt = 0)...
W0929 21:45:50.027045 26734 catalog_manager.cc:2946] Async tablet task 0567a83a31cf429980e13f4f3df80ac0 (table test-alter-range-partitioning-invalid-unbounded [id=8eb38e78e3cd4799995cb362386476e0]) Alter Table RPC failed: Not found: Failed to reset TS proxy: No leader found: Tablet 0567a83a31cf429980e13f4f3df80ac0 consensus state has no leader
W0929 21:45:50.027098 26733 catalog_manager.cc:2946] Async tablet task a30c92b3f9854f84935d9addc142006c (table test-alter-range-partitioning-invalid-unbounded [id=8eb38e78e3cd4799995cb362386476e0]) Alter Table RPC failed: Not found: Failed to reset TS proxy: No leader found: Tablet a30c92b3f9854f84935d9addc142006c consensus state has no leader
I0929 21:45:50.027514 26732 catalog_manager.cc:2925] Scheduling retry of 96c088b7c9fe4b7f986371b0e920a16f (table test-alter-range-partitioning-invalid-unbounded [id=8eb38e78e3cd4799995cb362386476e0]) Alter Table RPC with a delay of 40ms (attempt = 0)...
W0929 21:45:50.027842 26732 catalog_manager.cc:2946] Async tablet task 96c088b7c9fe4b7f986371b0e920a16f (table test-alter-range-partitioning-invalid-unbounded [id=8eb38e78e3cd4799995cb362386476e0]) Alter Table RPC failed: Not found: Failed to reset TS proxy: No leader found: Tablet 96c088b7c9fe4b7f986371b0e920a16f consensus state has no leader
I0929 21:45:50.028566 26734 catalog_manager.cc:2925] Scheduling retry of f92b78a409fb4b6db8ab56c535e2bfea (table test-alter-range-partitioning-invalid-unbounded [id=8eb38e78e3cd4799995cb362386476e0]) Alter Table RPC with a delay of 21ms (attempt = 0)...
W0929 21:45:50.028841 26734 catalog_manager.cc:2946] Async tablet task f92b78a409fb4b6db8ab56c535e2bfea (table test-alter-range-partitioning-invalid-unbounded [id=8eb38e78e3cd4799995cb362386476e0]) Alter Table RPC failed: Not found: Failed to reset TS proxy: No leader found: Tablet f92b78a409fb4b6db8ab56c535e2bfea consensus state has no leader
I0929 21:45:50.028175 26732 catalog_manager.cc:2925] Scheduling retry of 9db7d1aaf4784c4882f93c9dd573911b (table test-alter-range-partitioning-invalid-unbounded [id=8eb38e78e3cd4799995cb362386476e0]) Alter Table RPC with a delay of 50ms (attempt = 0)...
W0929 21:45:50.029260 26732 catalog_manager.cc:2946] Async tablet task 9db7d1aaf4784c4882f93c9dd573911b (table test-alter-range-partitioning-invalid-unbounded [id=8eb38e78e3cd4799995cb362386476e0]) Alter Table RPC failed: Not found: Failed to reset TS proxy: No leader found: Tablet 9db7d1aaf4784c4882f93c9dd573911b consensus state has no leader
I0929 21:45:50.029992 26747 catalog_manager.cc:2416] Got report from deleted tablet 9276dda82bfc439ba5438aa02c2882d2 (table test-alter-range-partitioning-invalid-unbounded [id=8eb38e78e3cd4799995cb362386476e0]) (Partition dropped at 2017-09-29 21:45:49 UTC): Sending delete request for this tablet
I0929 21:45:50.030694 26731 catalog_manager.cc:3154] Sending DeleteTablet(TABLET_DATA_DELETED) for tablet 22b2b54dd77f45fb9dd22344d2b94e0b on cffedd68783f4a1c8995fc18ba659b7c (127.0.0.1:60775) (Partition dropped at 2017-09-29 21:45:49 UTC)
I0929 21:45:50.031939 26822 tablet_service.cc:713] Processing DeleteTablet for tablet 22b2b54dd77f45fb9dd22344d2b94e0b with delete_type TABLET_DATA_DELETED (Partition dropped at 2017-09-29 21:45:49 UTC) from {username='slave'} at 127.0.0.1:33868
I0929 21:45:50.032585 26747 catalog_manager.cc:3154] Sending DeleteTablet(TABLET_DATA_DELETED) for tablet 9276dda82bfc439ba5438aa02c2882d2 on cffedd68783f4a1c8995fc18ba659b7c (127.0.0.1:60775) (Partition dropped at 2017-09-29 21:45:49 UTC)
I0929 21:45:50.033100 26731 catalog_manager.cc:2925] Scheduling retry of 4515eb9ffec24b699bf8cd6227140627 (table test-alter-range-partitioning-invalid-unbounded [id=8eb38e78e3cd4799995cb362386476e0]) Alter Table RPC with a delay of 49ms (attempt = 0)...
W0929 21:45:50.033932 26731 catalog_manager.cc:2946] Async tablet task 4515eb9ffec24b699bf8cd6227140627 (table test-alter-range-partitioning-invalid-unbounded [id=8eb38e78e3cd4799995cb362386476e0]) Alter Table RPC failed: Not found: Failed to reset TS proxy: No leader found: Tablet 4515eb9ffec24b699bf8cd6227140627 consensus state has no leader
W0929 21:45:50.034340 26731 catalog_manager.cc:3121] TS cffedd68783f4a1c8995fc18ba659b7c (127.0.0.1:60775): delete failed for tablet 22b2b54dd77f45fb9dd22344d2b94e0b with error code TABLET_NOT_RUNNING: Illegal state: State transition of tablet 22b2b54dd77f45fb9dd22344d2b94e0b already in progress: creating tablet
I0929 21:45:50.034581 26731 catalog_manager.cc:2925] Scheduling retry of 22b2b54dd77f45fb9dd22344d2b94e0b Delete Tablet RPC for TS=cffedd68783f4a1c8995fc18ba659b7c with a delay of 155ms (attempt = 4)...
I0929 21:45:50.035274 26732 catalog_manager.cc:2925] Scheduling retry of b69bed4afca84350b84ac399b43add35 (table test-alter-range-partitioning-invalid-unbounded [id=8eb38e78e3cd4799995cb362386476e0]) Alter Table RPC with a delay of 38ms (attempt = 0)...
W0929 21:45:50.035703 26732 catalog_manager.cc:2946] Async tablet task b69bed4afca84350b84ac399b43add35 (table test-alter-range-partitioning-invalid-unbounded [id=8eb38e78e3cd4799995cb362386476e0]) Alter Table RPC failed: Not found: Failed to reset TS proxy: No leader found: Tablet b69bed4afca84350b84ac399b43add35 consensus state has no leader
I0929 21:45:50.036110 26732 catalog_manager.cc:2925] Scheduling retry of 405036c65d064351a92040e629a3cd9a (table test-alter-range-partitioning-invalid-unbounded [id=8eb38e78e3cd4799995cb362386476e0]) Alter Table RPC with a delay of 48ms (attempt = 0)...
I0929 21:45:50.036068 26822 tablet_service.cc:672] Processing CreateTablet for tablet b69bed4afca84350b84ac399b43add35 (table=test-alter-range-partitioning-invalid-unbounded [id=8eb38e78e3cd4799995cb362386476e0]), partition=RANGE (c0) PARTITION VALUES >= 0
W0929 21:45:50.036460 26732 catalog_manager.cc:2946] Async tablet task 405036c65d064351a92040e629a3cd9a (table test-alter-range-partitioning-invalid-unbounded [id=8eb38e78e3cd4799995cb362386476e0]) Alter Table RPC failed: Not found: Failed to reset TS proxy: No leader found: Tablet 405036c65d064351a92040e629a3cd9a consensus state has no leader
I0929 21:45:50.038142 26819 tablet_service.cc:713] Processing DeleteTablet for tablet 9276dda82bfc439ba5438aa02c2882d2 with delete_type TABLET_DATA_DELETED (Partition dropped at 2017-09-29 21:45:49 UTC) from {username='slave'} at 127.0.0.1:33868
I0929 21:45:50.038858 26731 catalog_manager.cc:2925] Scheduling retry of cbc32c391d304025b9f98d05f64a14cf (table test-alter-range-partitioning-invalid-unbounded [id=8eb38e78e3cd4799995cb362386476e0]) Alter Table RPC with a delay of 34ms (attempt = 0)...
W0929 21:45:50.039248 26731 catalog_manager.cc:2946] Async tablet task cbc32c391d304025b9f98d05f64a14cf (table test-alter-range-partitioning-invalid-unbounded [id=8eb38e78e3cd4799995cb362386476e0]) Alter Table RPC failed: Not found: Failed to reset TS proxy: No leader found: Tablet cbc32c391d304025b9f98d05f64a14cf consensus state has no leader
W0929 21:45:50.039240 26936 consensus_queue.cc:632] T 9276dda82bfc439ba5438aa02c2882d2 P cffedd68783f4a1c8995fc18ba659b7c [LEADER]: Queue is closed or peer was untracked, disregarding peer response. Response: responder_uuid: "cffedd68783f4a1c8995fc18ba659b7c" status { last_received { term: 1 index: 1 } last_committed_idx: 0 last_received_current_leader { term: 1 index: 1 } }
I0929 21:45:50.039672 26731 catalog_manager.cc:2925] Scheduling retry of a3b61861fc0f49e882e86f27b30f47ad (table test-alter-range-partitioning-invalid-unbounded [id=8eb38e78e3cd4799995cb362386476e0]) Alter Table RPC with a delay of 8ms (attempt = 0)...
W0929 21:45:50.040150 26731 catalog_manager.cc:2946] Async tablet task a3b61861fc0f49e882e86f27b30f47ad (table test-alter-range-partitioning-invalid-unbounded [id=8eb38e78e3cd4799995cb362386476e0]) Alter Table RPC failed: Not found: Failed to reset TS proxy: No leader found: Tablet a3b61861fc0f49e882e86f27b30f47ad consensus state has no leader
W0929 21:45:50.040558 26731 catalog_manager.cc:3121] TS cffedd68783f4a1c8995fc18ba659b7c (127.0.0.1:60775): delete failed for tablet 9276dda82bfc439ba5438aa02c2882d2 with error code TABLET_NOT_RUNNING: Illegal state: State transition of tablet 9276dda82bfc439ba5438aa02c2882d2 already in progress: deleting tablet
I0929 21:45:50.040796 26731 catalog_manager.cc:2925] Scheduling retry of 9276dda82bfc439ba5438aa02c2882d2 Delete Tablet RPC for TS=cffedd68783f4a1c8995fc18ba659b7c with a delay of 37ms (attempt = 1)...
I0929 21:45:50.041221 26731 catalog_manager.cc:2925] Scheduling retry of a4d64691a56a423ca91c0b14bd1517af (table test-alter-range-partitioning-invalid-unbounded [id=8eb38e78e3cd4799995cb362386476e0]) Alter Table RPC with a delay of 39ms (attempt = 0)...
I0929 21:45:50.041360 26734 catalog_manager.cc:2925] Scheduling retry of 019d0f784e474c39b254c4f9911f094b (table test-alter-range-partitioning-invalid-unbounded [id=8eb38e78e3cd4799995cb362386476e0]) Alter Table RPC with a delay of 53ms (attempt = 0)...
W0929 21:45:50.041546 26731 catalog_manager.cc:2946] Async tablet task a4d64691a56a423ca91c0b14bd1517af (table test-alter-range-partitioning-invalid-unbounded [id=8eb38e78e3cd4799995cb362386476e0]) Alter Table RPC failed: Not found: Failed to reset TS proxy: No leader found: Tablet a4d64691a56a423ca91c0b14bd1517af consensus state has no leader
W0929 21:45:50.041659 26734 catalog_manager.cc:2946] Async tablet task 019d0f784e474c39b254c4f9911f094b (table test-alter-range-partitioning-invalid-unbounded [id=8eb38e78e3cd4799995cb362386476e0]) Alter Table RPC failed: Not found: Failed to reset TS proxy: No leader found: Tablet 019d0f784e474c39b254c4f9911f094b consensus state has no leader
I0929 21:45:50.042026 26731 catalog_manager.cc:3154] Sending DeleteTablet(TABLET_DATA_DELETED) for tablet c518690be9a34b71ac932e14e3eebf7e on cffedd68783f4a1c8995fc18ba659b7c (127.0.0.1:60775) (Partition dropped at 2017-09-29 21:45:49 UTC)
I0929 21:45:50.042063 26732 catalog_manager.cc:2925] Scheduling retry of 9276dda82bfc439ba5438aa02c2882d2 (table test-alter-range-partitioning-invalid-unbounded [id=8eb38e78e3cd4799995cb362386476e0]) Alter Table RPC with a delay of 15ms (attempt = 0)...
I0929 21:45:50.041065 26733 catalog_manager.cc:2925] Scheduling retry of a3a64b2d0f544f60a717264bb0488d5c (table test-alter-range-partitioning-invalid-unbounded [id=8eb38e78e3cd4799995cb362386476e0]) Alter Table RPC with a delay of 24ms (attempt = 0)...
W0929 21:45:50.042657 26733 catalog_manager.cc:2946] Async tablet task a3a64b2d0f544f60a717264bb0488d5c (table test-alter-range-partitioning-invalid-unbounded [id=8eb38e78e3cd4799995cb362386476e0]) Alter Table RPC failed: Not found: Failed to reset TS proxy: No leader found: Tablet a3a64b2d0f544f60a717264bb0488d5c consensus state has no leader
I0929 21:45:50.043007 26733 catalog_manager.cc:2925] Scheduling retry of c61c92254a2340e9a5624853175e6ebf (table test-alter-range-partitioning-invalid-unbounded [id=8eb38e78e3cd4799995cb362386476e0]) Alter Table RPC with a delay of 45ms (attempt = 0)...
W0929 21:45:50.043257 26733 catalog_manager.cc:2946] Async tablet task c61c92254a2340e9a5624853175e6ebf (table test-alter-range-partitioning-invalid-unbounded [id=8eb38e78e3cd4799995cb362386476e0]) Alter Table RPC failed: Not found: Failed to reset TS proxy: No leader found: Tablet c61c92254a2340e9a5624853175e6ebf consensus state has no leader
I0929 21:45:50.043260 26819 tablet_service.cc:713] Processing DeleteTablet for tablet c518690be9a34b71ac932e14e3eebf7e with delete_type TABLET_DATA_DELETED (Partition dropped at 2017-09-29 21:45:49 UTC) from {username='slave'} at 127.0.0.1:33868
I0929 21:45:50.043601 26733 catalog_manager.cc:2925] Scheduling retry of af4a3301115649f0a464abf8dd4c9d4c (table test-alter-range-partitioning-invalid-unbounded [id=8eb38e78e3cd4799995cb362386476e0]) Alter Table RPC with a delay of 44ms (attempt = 0)...
W0929 21:45:50.043845 26733 catalog_manager.cc:2946] Async tablet task af4a3301115649f0a464abf8dd4c9d4c (table test-alter-range-partitioning-invalid-unbounded [id=8eb38e78e3cd4799995cb362386476e0]) Alter Table RPC failed: Not found: Failed to reset TS proxy: No leader found: Tablet af4a3301115649f0a464abf8dd4c9d4c consensus state has no leader
I0929 21:45:50.044139 26733 catalog_manager.cc:2925] Scheduling retry of f9dce52fa3f1464da743f458943e674a (table test-alter-range-partitioning-invalid-unbounded [id=8eb38e78e3cd4799995cb362386476e0]) Alter Table RPC with a delay of 27ms (attempt = 0)...
W0929 21:45:50.044379 26733 catalog_manager.cc:2946] Async tablet task f9dce52fa3f1464da743f458943e674a (table test-alter-range-partitioning-invalid-unbounded [id=8eb38e78e3cd4799995cb362386476e0]) Alter Table RPC failed: Not found: Failed to reset TS proxy: No leader found: Tablet f9dce52fa3f1464da743f458943e674a consensus state has no leader
W0929 21:45:50.044463 26731 catalog_manager.cc:3121] TS cffedd68783f4a1c8995fc18ba659b7c (127.0.0.1:60775): delete failed for tablet c518690be9a34b71ac932e14e3eebf7e with error code TABLET_NOT_RUNNING: Illegal state: State transition of tablet c518690be9a34b71ac932e14e3eebf7e already in progress: creating tablet
I0929 21:45:50.045109 26733 catalog_manager.cc:2925] Scheduling retry of 5a3b867613954ef9a6560f5c780cffc5 (table test-alter-range-partitioning-invalid-unbounded [id=8eb38e78e3cd4799995cb362386476e0]) Alter Table RPC with a delay of 16ms (attempt = 0)...
W0929 21:45:50.045459 26733 catalog_manager.cc:2946] Async tablet task 5a3b867613954ef9a6560f5c780cffc5 (table test-alter-range-partitioning-invalid-unbounded [id=8eb38e78e3cd4799995cb362386476e0]) Alter Table RPC failed: Not found: Failed to reset TS proxy: No leader found: Tablet 5a3b867613954ef9a6560f5c780cffc5 consensus state has no leader
W0929 21:45:50.042402 26732 catalog_manager.cc:2946] Async tablet task 9276dda82bfc439ba5438aa02c2882d2 (table test-alter-range-partitioning-invalid-unbounded [id=8eb38e78e3cd4799995cb362386476e0]) Alter Table RPC failed: Not found: Failed to reset TS proxy: No leader found: Tablet 9276dda82bfc439ba5438aa02c2882d2 consensus state has no leader
I0929 21:45:50.045219 26747 catalog_manager.cc:1920] Servicing AlterTable request from {username='slave'} at 127.0.0.1:59015: table { table_name: "test-alter-range-partitioning-invalid-unbounded" } alter_schema_steps { type: DROP_RANGE_PARTITION drop_range_partition { range_bounds { rows: "\006\001\000\000\000\000\007\001d\000\000\000" } } } schema { columns { name: "c0" type: INT32 is_key: true is_nullable: false encoding: AUTO_ENCODING compression: DEFAULT_COMPRESSION cfile_block_size: 0 } columns { name: "c1" type: INT32 is_key: false is_nullable: false encoding: AUTO_ENCODING compression: DEFAULT_COMPRESSION cfile_block_size: 0 } }
I0929 21:45:50.044809 26731 catalog_manager.cc:2925] Scheduling retry of c518690be9a34b71ac932e14e3eebf7e Delete Tablet RPC for TS=cffedd68783f4a1c8995fc18ba659b7c with a delay of 109ms (attempt = 3)...
I0929 21:45:50.047530 26731 catalog_manager.cc:3154] Sending DeleteTablet(TABLET_DATA_DELETED) for tablet 4515eb9ffec24b699bf8cd6227140627 on cffedd68783f4a1c8995fc18ba659b7c (127.0.0.1:60775) (Partition dropped at 2017-09-29 21:45:49 UTC)
I0929 21:45:50.049466 26732 catalog_manager.cc:2925] Scheduling retry of fe168d51058149818c74d74c32d7e8f1 (table test-alter-range-partitioning-invalid-unbounded [id=8eb38e78e3cd4799995cb362386476e0]) Alter Table RPC with a delay of 52ms (attempt = 0)...
W0929 21:45:50.049880 26732 catalog_manager.cc:2946] Async tablet task fe168d51058149818c74d74c32d7e8f1 (table test-alter-range-partitioning-invalid-unbounded [id=8eb38e78e3cd4799995cb362386476e0]) Alter Table RPC failed: Not found: Failed to reset TS proxy: No leader found: Tablet fe168d51058149818c74d74c32d7e8f1 consensus state has no leader
I0929 21:45:50.050031 26820 ts_tablet_manager.cc:1063] T 9276dda82bfc439ba5438aa02c2882d2 P cffedd68783f4a1c8995fc18ba659b7c: Deleting tablet data with delete state TABLET_DATA_DELETED
I0929 21:45:50.052247 26733 catalog_manager.cc:2925] Scheduling retry of 22b2b54dd77f45fb9dd22344d2b94e0b (table test-alter-range-partitioning-invalid-unbounded [id=8eb38e78e3cd4799995cb362386476e0]) Alter Table RPC with a delay of 54ms (attempt = 0)...
W0929 21:45:50.052644 26733 catalog_manager.cc:2946] Async tablet task 22b2b54dd77f45fb9dd22344d2b94e0b (table test-alter-range-partitioning-invalid-unbounded [id=8eb38e78e3cd4799995cb362386476e0]) Alter Table RPC failed: Not found: Failed to reset TS proxy: No leader found: Tablet 22b2b54dd77f45fb9dd22344d2b94e0b consensus state has no leader
I0929 21:45:50.054206 26733 catalog_manager.cc:2925] Scheduling retry of bdfcf05ade7d41c48e3bdc44f1839279 (table test-alter-range-partitioning-invalid-unbounded [id=8eb38e78e3cd4799995cb362386476e0]) Alter Table RPC with a delay of 21ms (attempt = 0)...
W0929 21:45:50.054534 26733 catalog_manager.cc:2946] Async tablet task bdfcf05ade7d41c48e3bdc44f1839279 (table test-alter-range-partitioning-invalid-unbounded [id=8eb38e78e3cd4799995cb362386476e0]) Alter Table RPC failed: Not found: Failed to reset TS proxy: No leader found: Tablet bdfcf05ade7d41c48e3bdc44f1839279 consensus state has no leader
I0929 21:45:50.054453 26734 catalog_manager.cc:2925] Scheduling retry of 28988efc3b9d4b96b591cbd45febf05b (table test-alter-range-partitioning-invalid-unbounded [id=8eb38e78e3cd4799995cb362386476e0]) Alter Table RPC with a delay of 36ms (attempt = 0)...
W0929 21:45:50.054913 26734 catalog_manager.cc:2946] Async tablet task 28988efc3b9d4b96b591cbd45febf05b (table test-alter-range-partitioning-invalid-unbounded [id=8eb38e78e3cd4799995cb362386476e0]) Alter Table RPC failed: Not found: Failed to reset TS proxy: No leader found: Tablet 28988efc3b9d4b96b591cbd45febf05b consensus state has no leader
I0929 21:45:50.055145 26819 tablet_service.cc:713] Processing DeleteTablet for tablet 4515eb9ffec24b699bf8cd6227140627 with delete_type TABLET_DATA_DELETED (Partition dropped at 2017-09-29 21:45:49 UTC) from {username='slave'} at 127.0.0.1:33868
I0929 21:45:50.055248 26734 catalog_manager.cc:2925] Scheduling retry of f92b78a409fb4b6db8ab56c535e2bfea (table test-alter-range-partitioning-invalid-unbounded [id=8eb38e78e3cd4799995cb362386476e0]) Alter Table RPC with a delay of 24ms (attempt = 0)...
W0929 21:45:50.055569 26734 catalog_manager.cc:2946] Async tablet task f92b78a409fb4b6db8ab56c535e2bfea (table test-alter-range-partitioning-invalid-unbounded [id=8eb38e78e3cd4799995cb362386476e0]) Alter Table RPC failed: Not found: Failed to reset TS proxy: No leader found: Tablet f92b78a409fb4b6db8ab56c535e2bfea consensus state has no leader
I0929 21:45:50.061173 26731 catalog_manager.cc:2925] Scheduling retry of a3b61861fc0f49e882e86f27b30f47ad (table test-alter-range-partitioning-invalid-unbounded [id=8eb38e78e3cd4799995cb362386476e0]) Alter Table RPC with a delay of 22ms (attempt = 0)...
W0929 21:45:50.061568 26731 catalog_manager.cc:2946] Async tablet task a3b61861fc0f49e882e86f27b30f47ad (table test-alter-range-partitioning-invalid-unbounded [id=8eb38e78e3cd4799995cb362386476e0]) Alter Table RPC failed: Not found: Failed to reset TS proxy: No leader found: Tablet a3b61861fc0f49e882e86f27b30f47ad consensus state has no leader
I0929 21:45:50.061885 26731 catalog_manager.cc:2925] Scheduling retry of a1c9f68a8fa441539b9c510657c3176e (table test-alter-range-partitioning-invalid-unbounded [id=8eb38e78e3cd4799995cb362386476e0]) Alter Table RPC with a delay of 35ms (attempt = 0)...
W0929 21:45:50.062150 26731 catalog_manager.cc:2946] Async tablet task a1c9f68a8fa441539b9c510657c3176e (table test-alter-range-partitioning-invalid-unbounded [id=8eb38e78e3cd4799995cb362386476e0]) Alter Table RPC failed: Not found: Failed to reset TS proxy: No leader found: Tablet a1c9f68a8fa441539b9c510657c3176e consensus state has no leader
I0929 21:45:50.062057 26732 catalog_manager.cc:2925] Scheduling retry of 9276dda82bfc439ba5438aa02c2882d2 (table test-alter-range-partitioning-invalid-unbounded [id=8eb38e78e3cd4799995cb362386476e0]) Alter Table RPC with a delay of 29ms (attempt = 0)...
I0929 21:45:50.062556 26731 catalog_manager.cc:2925] Scheduling retry of c518690be9a34b71ac932e14e3eebf7e (table test-alter-range-partitioning-invalid-unbounded [id=8eb38e78e3cd4799995cb362386476e0]) Alter Table RPC with a delay of 19ms (attempt = 0)...
W0929 21:45:50.062582 26732 catalog_manager.cc:2946] Async tablet task 9276dda82bfc439ba5438aa02c2882d2 (table test-alter-range-partitioning-invalid-unbounded [id=8eb38e78e3cd4799995cb362386476e0]) Alter Table RPC failed: Not found: Failed to reset TS proxy: No leader found: Tablet 9276dda82bfc439ba5438aa02c2882d2 consensus state has no leader
W0929 21:45:50.062861 26731 catalog_manager.cc:2946] Async tablet task c518690be9a34b71ac932e14e3eebf7e (table test-alter-range-partitioning-invalid-unbounded [id=8eb38e78e3cd4799995cb362386476e0]) Alter Table RPC failed: Not found: Failed to reset TS proxy: No leader found: Tablet c518690be9a34b71ac932e14e3eebf7e consensus state has no leader
W0929 21:45:50.063216 26731 catalog_manager.cc:3121] TS cffedd68783f4a1c8995fc18ba659b7c (127.0.0.1:60775): delete failed for tablet 4515eb9ffec24b699bf8cd6227140627 with error code TABLET_NOT_RUNNING: Illegal state: State transition of tablet 4515eb9ffec24b699bf8cd6227140627 already in progress: creating tablet
I0929 21:45:50.063444 26731 catalog_manager.cc:2925] Scheduling retry of 4515eb9ffec24b699bf8cd6227140627 Delete Tablet RPC for TS=cffedd68783f4a1c8995fc18ba659b7c with a delay of 523ms (attempt = 6)...
I0929 21:45:50.063544 26866 tablet_bootstrap.cc:406] T f9dce52fa3f1464da743f458943e674a P cffedd68783f4a1c8995fc18ba659b7c: No bootstrap required, opened a new log
I0929 21:45:50.063961 26866 ts_tablet_manager.cc:772] T f9dce52fa3f1464da743f458943e674a P cffedd68783f4a1c8995fc18ba659b7c: Time spent bootstrapping tablet: real 0.068s user 0.016s sys 0.012s
I0929 21:45:50.064573 26733 catalog_manager.cc:2925] Scheduling retry of 5a3b867613954ef9a6560f5c780cffc5 (table test-alter-range-partitioning-invalid-unbounded [id=8eb38e78e3cd4799995cb362386476e0]) Alter Table RPC with a delay of 30ms (attempt = 0)...
I0929 21:45:50.068240 26822 ts_tablet_manager.cc:906] T b69bed4afca84350b84ac399b43add35 P cffedd68783f4a1c8995fc18ba659b7c: Registered tablet (data state: TABLET_DATA_READY)
I0929 21:45:50.069985 26820 ts_tablet_manager.cc:1075] T 9276dda82bfc439ba5438aa02c2882d2 P cffedd68783f4a1c8995fc18ba659b7c: Tablet deleted. Last logged OpId: 1.1
I0929 21:45:50.070370 26732 catalog_manager.cc:2925] Scheduling retry of 96c088b7c9fe4b7f986371b0e920a16f (table test-alter-range-partitioning-invalid-unbounded [id=8eb38e78e3cd4799995cb362386476e0]) Alter Table RPC with a delay of 55ms (attempt = 0)...
I0929 21:45:50.071205 26866 raft_consensus.cc:289] T f9dce52fa3f1464da743f458943e674a P cffedd68783f4a1c8995fc18ba659b7c [term 0 FOLLOWER]: Replica starting. Triggering 0 pending transactions. Active config: opid_index: -1 OBSOLETE_local: true peers { permanent_uuid: "cffedd68783f4a1c8995fc18ba659b7c" member_type: VOTER last_known_addr { host: "127.0.0.1" port: 60775 } }
I0929 21:45:50.074335 26820 log.cc:965] T 9276dda82bfc439ba5438aa02c2882d2 P cffedd68783f4a1c8995fc18ba659b7c: Deleting WAL directory at /tmp/run_tha_test8NQfeJ/test-tmp/alter_table-test.AlterTableTest.TestAddRangePartitionConflictExhaustive.1506721518627625-22612/minicluster-data/ts-0-root/wals/9276dda82bfc439ba5438aa02c2882d2
W0929 21:45:50.074374 26732 catalog_manager.cc:2946] Async tablet task 96c088b7c9fe4b7f986371b0e920a16f (table test-alter-range-partitioning-invalid-unbounded [id=8eb38e78e3cd4799995cb362386476e0]) Alter Table RPC failed: Not found: Failed to reset TS proxy: No leader found: Tablet 96c088b7c9fe4b7f986371b0e920a16f consensus state has no leader
I0929 21:45:50.074643 26866 raft_consensus.cc:320] T f9dce52fa3f1464da743f458943e674a P cffedd68783f4a1c8995fc18ba659b7c [term 0 FOLLOWER]: Consensus starting up: Expiring failure detector timer to make a prompt election more likely
I0929 21:45:50.074882 26866 raft_consensus.cc:549] T f9dce52fa3f1464da743f458943e674a P cffedd68783f4a1c8995fc18ba659b7c [term 0 FOLLOWER]: Becoming Follower/Learner. State: Replica: cffedd68783f4a1c8995fc18ba659b7c, State: 1, Role: FOLLOWER
I0929 21:45:50.075121 26731 catalog_manager.cc:2925] Scheduling retry of cbc32c391d304025b9f98d05f64a14cf (table test-alter-range-partitioning-invalid-unbounded [id=8eb38e78e3cd4799995cb362386476e0]) Alter Table RPC with a delay of 53ms (attempt = 0)...
I0929 21:45:50.075201 26866 consensus_queue.cc:184] T f9dce52fa3f1464da743f458943e674a P cffedd68783f4a1c8995fc18ba659b7c [NON_LEADER]: Queue going to NON_LEADER mode. State: All replicated index: 0, Majority replicated index: 0, Committed index: 0, Last appended: 0.0, Last appended by leader: 0, Current term: 0, Majority size: -1, State: 1, Mode: NON_LEADER
W0929 21:45:50.075554 26731 catalog_manager.cc:2946] Async tablet task cbc32c391d304025b9f98d05f64a14cf (table test-alter-range-partitioning-invalid-unbounded [id=8eb38e78e3cd4799995cb362386476e0]) Alter Table RPC failed: Not found: Failed to reset TS proxy: No leader found: Tablet cbc32c391d304025b9f98d05f64a14cf consensus state has no leader
I0929 21:45:50.075641 26866 raft_consensus.cc:333] T f9dce52fa3f1464da743f458943e674a P cffedd68783f4a1c8995fc18ba659b7c [term 0 FOLLOWER]: Only one voter in the Raft config. Triggering election immediately
I0929 21:45:50.075829 26866 raft_consensus.cc:412] T f9dce52fa3f1464da743f458943e674a P cffedd68783f4a1c8995fc18ba659b7c [term 0 FOLLOWER]: Starting leader election (initial election of a single-replica configuration)
I0929 21:45:50.075968 26866 raft_consensus.cc:2315] T f9dce52fa3f1464da743f458943e674a P cffedd68783f4a1c8995fc18ba659b7c [term 0 FOLLOWER]: Snoozing failure detection for election timeout plus an additional 2.032s
I0929 21:45:50.076129 26866 raft_consensus.cc:2359] T f9dce52fa3f1464da743f458943e674a P cffedd68783f4a1c8995fc18ba659b7c [term 0 FOLLOWER]: Advancing to term 1
I0929 21:45:50.075999 26732 catalog_manager.cc:2925] Scheduling retry of b69bed4afca84350b84ac399b43add35 (table test-alter-range-partitioning-invalid-unbounded [id=8eb38e78e3cd4799995cb362386476e0]) Alter Table RPC with a delay of 22ms (attempt = 0)...
I0929 21:45:50.075177 26820 consensus_meta.cc:78] T 9276dda82bfc439ba5438aa02c2882d2 Deleting consensus metadata
W0929 21:45:50.076390 26732 catalog_manager.cc:2946] Async tablet task b69bed4afca84350b84ac399b43add35 (table test-alter-range-partitioning-invalid-unbounded [id=8eb38e78e3cd4799995cb362386476e0]) Alter Table RPC failed: Not found: Failed to reset TS proxy: No leader found: Tablet b69bed4afca84350b84ac399b43add35 consensus state has no leader
I0929 21:45:50.077630 26731 catalog_manager.cc:3130] TS cffedd68783f4a1c8995fc18ba659b7c (127.0.0.1:60775): tablet 9276dda82bfc439ba5438aa02c2882d2 (table test-alter-range-partitioning-invalid-unbounded [id=8eb38e78e3cd4799995cb362386476e0]) successfully deleted
W0929 21:45:50.078177 26733 catalog_manager.cc:2946] Async tablet task 5a3b867613954ef9a6560f5c780cffc5 (table test-alter-range-partitioning-invalid-unbounded [id=8eb38e78e3cd4799995cb362386476e0]) Alter Table RPC failed: Not found: Failed to reset TS proxy: No leader found: Tablet 5a3b867613954ef9a6560f5c780cffc5 consensus state has no leader
I0929 21:45:50.078733 26733 catalog_manager.cc:2925] Scheduling retry of 5863b148d82f4bc183d8e0c203dbcdeb (table test-alter-range-partitioning-invalid-unbounded [id=8eb38e78e3cd4799995cb362386476e0]) Alter Table RPC with a delay of 19ms (attempt = 0)...
W0929 21:45:50.078963 26733 catalog_manager.cc:2946] Async tablet task 5863b148d82f4bc183d8e0c203dbcdeb (table test-alter-range-partitioning-invalid-unbounded [id=8eb38e78e3cd4799995cb362386476e0]) Alter Table RPC failed: Not found: Failed to reset TS proxy: No leader found: Tablet 5863b148d82f4bc183d8e0c203dbcdeb consensus state has no leader
I0929 21:45:50.079290 26733 catalog_manager.cc:2925] Scheduling retry of a3a64b2d0f544f60a717264bb0488d5c (table test-alter-range-partitioning-invalid-unbounded [id=8eb38e78e3cd4799995cb362386476e0]) Alter Table RPC with a delay of 45ms (attempt = 0)...
I0929 21:45:50.079282 26731 catalog_manager.cc:3154] Sending DeleteTablet(TABLET_DATA_DELETED) for tablet 9276dda82bfc439ba5438aa02c2882d2 on cffedd68783f4a1c8995fc18ba659b7c (127.0.0.1:60775) (Partition dropped at 2017-09-29 21:45:49 UTC)
W0929 21:45:50.079581 26733 catalog_manager.cc:2946] Async tablet task a3a64b2d0f544f60a717264bb0488d5c (table test-alter-range-partitioning-invalid-unbounded [id=8eb38e78e3cd4799995cb362386476e0]) Alter Table RPC failed: Not found: Failed to reset TS proxy: No leader found: Tablet a3a64b2d0f544f60a717264bb0488d5c consensus state has no leader
I0929 21:45:50.080198 26732 catalog_manager.cc:2925] Scheduling retry of 9db7d1aaf4784c4882f93c9dd573911b (table test-alter-range-partitioning-invalid-unbounded [id=8eb38e78e3cd4799995cb362386476e0]) Alter Table RPC with a delay of 49ms (attempt = 0)...
I0929 21:45:50.079891 26733 catalog_manager.cc:2925] Scheduling retry of a30c92b3f9854f84935d9addc142006c (table test-alter-range-partitioning-invalid-unbounded [id=8eb38e78e3cd4799995cb362386476e0]) Alter Table RPC with a delay of 51ms (attempt = 0)...
W0929 21:45:50.080591 26732 catalog_manager.cc:2946] Async tablet task 9db7d1aaf4784c4882f93c9dd573911b (table test-alter-range-partitioning-invalid-unbounded [id=8eb38e78e3cd4799995cb362386476e0]) Alter Table RPC failed: Not found: Failed to reset TS proxy: No leader found: Tablet 9db7d1aaf4784c4882f93c9dd573911b consensus state has no leader
W0929 21:45:50.080711 26733 catalog_manager.cc:2946] Async tablet task a30c92b3f9854f84935d9addc142006c (table test-alter-range-partitioning-invalid-unbounded [id=8eb38e78e3cd4799995cb362386476e0]) Alter Table RPC failed: Not found: Failed to reset TS proxy: No leader found: Tablet a30c92b3f9854f84935d9addc142006c consensus state has no leader
I0929 21:45:50.080410 26820 tablet_service.cc:713] Processing DeleteTablet for tablet 9276dda82bfc439ba5438aa02c2882d2 with delete_type TABLET_DATA_DELETED (Partition dropped at 2017-09-29 21:45:49 UTC) from {username='slave'} at 127.0.0.1:33868
I0929 21:45:50.080893 26734 catalog_manager.cc:2925] Scheduling retry of f92b78a409fb4b6db8ab56c535e2bfea (table test-alter-range-partitioning-invalid-unbounded [id=8eb38e78e3cd4799995cb362386476e0]) Alter Table RPC with a delay of 37ms (attempt = 0)...
W0929 21:45:50.081285 26734 catalog_manager.cc:2946] Async tablet task f92b78a409fb4b6db8ab56c535e2bfea (table test-alter-range-partitioning-invalid-unbounded [id=8eb38e78e3cd4799995cb362386476e0]) Alter Table RPC failed: Not found: Failed to reset TS proxy: No leader found: Tablet f92b78a409fb4b6db8ab56c535e2bfea consensus state has no leader
I0929 21:45:50.081255 26731 catalog_manager.cc:2925] Scheduling retry of a4d64691a56a423ca91c0b14bd1517af (table test-alter-range-partitioning-invalid-unbounded [id=8eb38e78e3cd4799995cb362386476e0]) Alter Table RPC with a delay of 28ms (attempt = 0)...
W0929 21:45:50.081714 26731 catalog_manager.cc:2946] Async tablet task a4d64691a56a423ca91c0b14bd1517af (table test-alter-range-partitioning-invalid-unbounded [id=8eb38e78e3cd4799995cb362386476e0]) Alter Table RPC failed: Not found: Failed to reset TS proxy: No leader found: Tablet a4d64691a56a423ca91c0b14bd1517af consensus state has no leader
W0929 21:45:50.082121 26731 catalog_manager.cc:3108] TS cffedd68783f4a1c8995fc18ba659b7c (127.0.0.1:60775): delete failed for tablet 9276dda82bfc439ba5438aa02c2882d2 because the tablet was not found. No further retry: Not found: Tablet not found: 9276dda82bfc439ba5438aa02c2882d2
I0929 21:45:50.082098 26866 raft_consensus.cc:436] T f9dce52fa3f1464da743f458943e674a P cffedd68783f4a1c8995fc18ba659b7c [term 1 FOLLOWER]: Starting leader election with config: opid_index: -1 OBSOLETE_local: true peers { permanent_uuid: "cffedd68783f4a1c8995fc18ba659b7c" member_type: VOTER last_known_addr { host: "127.0.0.1" port: 60775 } }
I0929 21:45:50.081671 26733 catalog_manager.cc:2925] Scheduling retry of f9dce52fa3f1464da743f458943e674a (table test-alter-range-partitioning-invalid-unbounded [id=8eb38e78e3cd4799995cb362386476e0]) Alter Table RPC with a delay of 51ms (attempt = 0)...
I0929 21:45:50.082635 26866 leader_election.cc:243] T f9dce52fa3f1464da743f458943e674a P cffedd68783f4a1c8995fc18ba659b7c [CANDIDATE]: Term 1 election: Election decided. Result: candidate won.
W0929 21:45:50.082638 26733 catalog_manager.cc:2946] Async tablet task f9dce52fa3f1464da743f458943e674a (table test-alter-range-partitioning-invalid-unbounded [id=8eb38e78e3cd4799995cb362386476e0]) Alter Table RPC failed: Not found: Failed to reset TS proxy: No leader found: Tablet f9dce52fa3f1464da743f458943e674a consensus state has no leader
I0929 21:45:50.083025 26733 catalog_manager.cc:2925] Scheduling retry of bdfcf05ade7d41c48e3bdc44f1839279 (table test-alter-range-partitioning-invalid-unbounded [id=8eb38e78e3cd4799995cb362386476e0]) Alter Table RPC with a delay of 10ms (attempt = 0)...
W0929 21:45:50.083235 26733 catalog_manager.cc:2946] Async tablet task bdfcf05ade7d41c48e3bdc44f1839279 (table test-alter-range-partitioning-invalid-unbounded [id=8eb38e78e3cd4799995cb362386476e0]) Alter Table RPC failed: Not found: Failed to reset TS proxy: No leader found: Tablet bdfcf05ade7d41c48e3bdc44f1839279 consensus state has no leader
I0929 21:45:50.083732 26731 catalog_manager.cc:2925] Scheduling retry of c518690be9a34b71ac932e14e3eebf7e (table test-alter-range-partitioning-invalid-unbounded [id=8eb38e78e3cd4799995cb362386476e0]) Alter Table RPC with a delay of 46ms (attempt = 0)...
W0929 21:45:50.083986 26731 catalog_manager.cc:2946] Async tablet task c518690be9a34b71ac932e14e3eebf7e (table test-alter-range-partitioning-invalid-unbounded [id=8eb38e78e3cd4799995cb362386476e0]) Alter Table RPC failed: Not found: Failed to reset TS proxy: No leader found: Tablet c518690be9a34b71ac932e14e3eebf7e consensus state has no leader
I0929 21:45:50.084280 26731 catalog_manager.cc:2925] Scheduling retry of 4515eb9ffec24b699bf8cd6227140627 (table test-alter-range-partitioning-invalid-unbounded [id=8eb38e78e3cd4799995cb362386476e0]) Alter Table RPC with a delay of 33ms (attempt = 0)...
W0929 21:45:50.084460 26731 catalog_manager.cc:2946] Async tablet task 4515eb9ffec24b699bf8cd6227140627 (table test-alter-range-partitioning-invalid-unbounded [id=8eb38e78e3cd4799995cb362386476e0]) Alter Table RPC failed: Not found: Failed to reset TS proxy: No leader found: Tablet 4515eb9ffec24b699bf8cd6227140627 consensus state has no leader
I0929 21:45:50.084903 26734 catalog_manager.cc:2925] Scheduling retry of 0567a83a31cf429980e13f4f3df80ac0 (table test-alter-range-partitioning-invalid-unbounded [id=8eb38e78e3cd4799995cb362386476e0]) Alter Table RPC with a delay of 53ms (attempt = 0)...
W0929 21:45:50.085238 26734 catalog_manager.cc:2946] Async tablet task 0567a83a31cf429980e13f4f3df80ac0 (table test-alter-range-partitioning-invalid-unbounded [id=8eb38e78e3cd4799995cb362386476e0]) Alter Table RPC failed: Not found: Failed to reset TS proxy: No leader found: Tablet 0567a83a31cf429980e13f4f3df80ac0 consensus state has no leader
I0929 21:45:50.085680 26732 catalog_manager.cc:2925] Scheduling retry of 405036c65d064351a92040e629a3cd9a (table test-alter-range-partitioning-invalid-unbounded [id=8eb38e78e3cd4799995cb362386476e0]) Alter Table RPC with a delay of 22ms (attempt = 0)...
I0929 21:45:50.085871 26731 catalog_manager.cc:2925] Scheduling retry of a3b61861fc0f49e882e86f27b30f47ad (table test-alter-range-partitioning-invalid-unbounded [id=8eb38e78e3cd4799995cb362386476e0]) Alter Table RPC with a delay of 44ms (attempt = 0)...
W0929 21:45:50.086236 26731 catalog_manager.cc:2946] Async tablet task a3b61861fc0f49e882e86f27b30f47ad (table test-alter-range-partitioning-invalid-unbounded [id=8eb38e78e3cd4799995cb362386476e0]) Alter Table RPC failed: Not found: Failed to reset TS proxy: No leader found: Tablet a3b61861fc0f49e882e86f27b30f47ad consensus state has no leader
W0929 21:45:50.086021 26732 catalog_manager.cc:2946] Async tablet task 405036c65d064351a92040e629a3cd9a (table test-alter-range-partitioning-invalid-unbounded [id=8eb38e78e3cd4799995cb362386476e0]) Alter Table RPC failed: Not found: Failed to reset TS proxy: No leader found: Tablet 405036c65d064351a92040e629a3cd9a consensus state has no leader
I0929 21:45:50.084875 26733 catalog_manager.cc:2925] Scheduling retry of e14a330c7d414262b7e059c53354c106 (table test-alter-range-partitioning-invalid-unbounded [id=8eb38e78e3cd4799995cb362386476e0]) Alter Table RPC with a delay of 55ms (attempt = 0)...
W0929 21:45:50.086719 26733 catalog_manager.cc:2946] Async tablet task e14a330c7d414262b7e059c53354c106 (table test-alter-range-partitioning-invalid-unbounded [id=8eb38e78e3cd4799995cb362386476e0]) Alter Table RPC failed: Not found: Failed to reset TS proxy: No leader found: Tablet e14a330c7d414262b7e059c53354c106 consensus state has no leader
I0929 21:45:50.087553 26747 catalog_manager.cc:1920] Servicing AlterTable request from {username='slave'} at 127.0.0.1:59015: table { table_name: "test-alter-range-partitioning-invalid-unbounded" } alter_schema_steps { type: DROP_RANGE_PARTITION drop_range_partition { range_bounds { rows: "\006\001\000\000\000\000\007\000" } } } schema { columns { name: "c0" type: INT32 is_key: true is_nullable: false encoding: AUTO_ENCODING compression: DEFAULT_COMPRESSION cfile_block_size: 0 } columns { name: "c1" type: INT32 is_key: false is_nullable: false encoding: AUTO_ENCODING compression: DEFAULT_COMPRESSION cfile_block_size: 0 } }
I0929 21:45:50.091781 26733 catalog_manager.cc:2925] Scheduling retry of af4a3301115649f0a464abf8dd4c9d4c (table test-alter-range-partitioning-invalid-unbounded [id=8eb38e78e3cd4799995cb362386476e0]) Alter Table RPC with a delay of 24ms (attempt = 0)...
W0929 21:45:50.091985 26733 catalog_manager.cc:2946] Async tablet task af4a3301115649f0a464abf8dd4c9d4c (table test-alter-range-partitioning-invalid-unbounded [id=8eb38e78e3cd4799995cb362386476e0]) Alter Table RPC failed: Not found: Failed to reset TS proxy: No leader found: Tablet af4a3301115649f0a464abf8dd4c9d4c consensus state has no leader
I0929 21:45:50.092211 26733 catalog_manager.cc:2925] Scheduling retry of c61c92254a2340e9a5624853175e6ebf (table test-alter-range-partitioning-invalid-unbounded [id=8eb38e78e3cd4799995cb362386476e0]) Alter Table RPC with a delay of 17ms (attempt = 0)...
W0929 21:45:50.092361 26733 catalog_manager.cc:2946] Async tablet task c61c92254a2340e9a5624853175e6ebf (table test-alter-range-partitioning-invalid-unbounded [id=8eb38e78e3cd4799995cb362386476e0]) Alter Table RPC failed: Not found: Failed to reset TS proxy: No leader found: Tablet c61c92254a2340e9a5624853175e6ebf consensus state has no leader
I0929 21:45:50.092985 26734 catalog_manager.cc:2925] Scheduling retry of 28988efc3b9d4b96b591cbd45febf05b (table test-alter-range-partitioning-invalid-unbounded [id=8eb38e78e3cd4799995cb362386476e0]) Alter Table RPC with a delay of 52ms (attempt = 0)...
W0929 21:45:50.093307 26734 catalog_manager.cc:2946] Async tablet task 28988efc3b9d4b96b591cbd45febf05b (table test-alter-range-partitioning-invalid-unbounded [id=8eb38e78e3cd4799995cb362386476e0]) Alter Table RPC failed: Not found: Failed to reset TS proxy: No leader found: Tablet 28988efc3b9d4b96b591cbd45febf05b consensus state has no leader
I0929 21:45:50.093968 26747 catalog_manager.cc:3432] T 00000000000000000000000000000000 P 348076b792e349259f965829a0d76562: Sending DeleteTablet for 1 replicas of tablet b69bed4afca84350b84ac399b43add35
I0929 21:45:50.093966 26732 catalog_manager.cc:2925] Scheduling retry of 9276dda82bfc439ba5438aa02c2882d2 (table test-alter-range-partitioning-invalid-unbounded [id=8eb38e78e3cd4799995cb362386476e0]) Alter Table RPC with a delay of 19ms (attempt = 0)...
W0929 21:45:50.094333 26732 catalog_manager.cc:2946] Async tablet task 9276dda82bfc439ba5438aa02c2882d2 (table test-alter-range-partitioning-invalid-unbounded [id=8eb38e78e3cd4799995cb362386476e0]) Alter Table RPC failed: Not found: Failed to reset TS proxy: No leader found: Tablet 9276dda82bfc439ba5438aa02c2882d2 consensus state has no leader
I0929 21:45:50.094424 26747 catalog_manager.cc:3154] Sending DeleteTablet(TABLET_DATA_DELETED) for tablet b69bed4afca84350b84ac399b43add35 on cffedd68783f4a1c8995fc18ba659b7c (127.0.0.1:60775) (Partition dropped at 2017-09-29 21:45:50 UTC)
I0929 21:45:50.095113 26734 catalog_manager.cc:2925] Scheduling retry of 019d0f784e474c39b254c4f9911f094b (table test-alter-range-partitioning-invalid-unbounded [id=8eb38e78e3cd4799995cb362386476e0]) Alter Table RPC with a delay of 13ms (attempt = 0)...
W0929 21:45:50.095409 26734 catalog_manager.cc:2946] Async tablet task 019d0f784e474c39b254c4f9911f094b (table test-alter-range-partitioning-invalid-unbounded [id=8eb38e78e3cd4799995cb362386476e0]) Alter Table RPC failed: Not found: Failed to reset TS proxy: No leader found: Tablet 019d0f784e474c39b254c4f9911f094b consensus state has no leader
I0929 21:45:50.095698 26733 catalog_manager.cc:2925] Scheduling retry of bdfcf05ade7d41c48e3bdc44f1839279 (table test-alter-range-partitioning-invalid-unbounded [id=8eb38e78e3cd4799995cb362386476e0]) Alter Table RPC with a delay of 15ms (attempt = 0)...
W0929 21:45:50.095990 26733 catalog_manager.cc:2946] Async tablet task bdfcf05ade7d41c48e3bdc44f1839279 (table test-alter-range-partitioning-invalid-unbounded [id=8eb38e78e3cd4799995cb362386476e0]) Alter Table RPC failed: Not found: Failed to reset TS proxy: No leader found: Tablet bdfcf05ade7d41c48e3bdc44f1839279 consensus state has no leader
I0929 21:45:50.096498 26820 tablet_service.cc:713] Processing DeleteTablet for tablet b69bed4afca84350b84ac399b43add35 with delete_type TABLET_DATA_DELETED (Partition dropped at 2017-09-29 21:45:50 UTC) from {username='slave'} at 127.0.0.1:33868
