I0929 21:45:48.930677 26889 consensus_queue.cc:163] T a1c9f68a8fa441539b9c510657c3176e P cffedd68783f4a1c8995fc18ba659b7c [LEADER]: Queue going to LEADER mode. State: All replicated index: 0, Majority replicated index: 0, Committed index: 0, Last appended: 0.0, Last appended by leader: 0, Current term: 1, Majority size: 1, State: 1, Mode: LEADER, active raft config: opid_index: -1 OBSOLETE_local: true peers { permanent_uuid: "cffedd68783f4a1c8995fc18ba659b7c" member_type: VOTER last_known_addr { host: "127.0.0.1" port: 60775 } }
I0929 21:45:48.930907 26748 catalog_manager.cc:1920] Servicing AlterTable request from {username='slave'} at 127.0.0.1:59015: table { table_name: "test-alter-range-partitioning-invalid-unbounded" } alter_schema_steps { type: ADD_RANGE_PARTITION add_range_partition { range_bounds { rows: "\006\001\000\000\000\000\007\001d\000\000\000" } } } schema { columns { name: "c0" type: INT32 is_key: true is_nullable: false encoding: AUTO_ENCODING compression: DEFAULT_COMPRESSION cfile_block_size: 0 } columns { name: "c1" type: INT32 is_key: false is_nullable: false encoding: AUTO_ENCODING compression: DEFAULT_COMPRESSION cfile_block_size: 0 } }
I0929 21:45:48.935747 26866 ts_tablet_manager.cc:767] T a4d64691a56a423ca91c0b14bd1517af P cffedd68783f4a1c8995fc18ba659b7c: Bootstrapping tablet
I0929 21:45:48.937285 26744 catalog_manager.cc:2416] Got report from deleted tablet a1c9f68a8fa441539b9c510657c3176e (table test-alter-range-partitioning-invalid-unbounded [id=8eb38e78e3cd4799995cb362386476e0]) (Partition dropped at 2017-09-29 21:45:48 UTC): Sending delete request for this tablet
I0929 21:45:48.937747 26744 catalog_manager.cc:3154] Sending DeleteTablet(TABLET_DATA_DELETED) for tablet a1c9f68a8fa441539b9c510657c3176e on cffedd68783f4a1c8995fc18ba659b7c (127.0.0.1:60775) (Partition dropped at 2017-09-29 21:45:48 UTC)
I0929 21:45:48.938519 26748 catalog_manager.cc:2925] Scheduling retry of bdfcf05ade7d41c48e3bdc44f1839279 (table test-alter-range-partitioning-invalid-unbounded [id=8eb38e78e3cd4799995cb362386476e0]) Alter Table RPC with a delay of 33ms (attempt = 0)...
W0929 21:45:48.938931 26748 catalog_manager.cc:3406] Failed to send alter table request: Not found: Failed to reset TS proxy: No leader found: Tablet bdfcf05ade7d41c48e3bdc44f1839279 has no consensus state
I0929 21:45:48.940378 26866 tablet_bootstrap.cc:406] T a4d64691a56a423ca91c0b14bd1517af P cffedd68783f4a1c8995fc18ba659b7c: Bootstrap starting.
I0929 21:45:48.942631 26731 catalog_manager.cc:2925] Scheduling retry of a1c9f68a8fa441539b9c510657c3176e (table test-alter-range-partitioning-invalid-unbounded [id=8eb38e78e3cd4799995cb362386476e0]) Alter Table RPC with a delay of 48ms (attempt = 0)...
W0929 21:45:48.942917 26731 catalog_manager.cc:2946] Async tablet task a1c9f68a8fa441539b9c510657c3176e (table test-alter-range-partitioning-invalid-unbounded [id=8eb38e78e3cd4799995cb362386476e0]) Alter Table RPC failed: Not found: Failed to reset TS proxy: No leader found: Tablet a1c9f68a8fa441539b9c510657c3176e consensus state has no leader
I0929 21:45:48.943131 26734 catalog_manager.cc:2925] Scheduling retry of 28988efc3b9d4b96b591cbd45febf05b (table test-alter-range-partitioning-invalid-unbounded [id=8eb38e78e3cd4799995cb362386476e0]) Alter Table RPC with a delay of 34ms (attempt = 0)...
W0929 21:45:48.943447 26734 catalog_manager.cc:2946] Async tablet task 28988efc3b9d4b96b591cbd45febf05b (table test-alter-range-partitioning-invalid-unbounded [id=8eb38e78e3cd4799995cb362386476e0]) Alter Table RPC failed: Not found: Failed to reset TS proxy: No leader found: Tablet 28988efc3b9d4b96b591cbd45febf05b consensus state has no leader
I0929 21:45:48.943789 26822 tablet_service.cc:713] Processing DeleteTablet for tablet a1c9f68a8fa441539b9c510657c3176e with delete_type TABLET_DATA_DELETED (Partition dropped at 2017-09-29 21:45:48 UTC) from {username='slave'} at 127.0.0.1:33868
I0929 21:45:48.944182 26822 tablet_replica.cc:218] Initiating TabletReplica shutdown for tablet: a1c9f68a8fa441539b9c510657c3176e
I0929 21:45:48.944384 26822 maintenance_manager.cc:206] P cffedd68783f4a1c8995fc18ba659b7c: Unregistered op CompactRowSetsOp(a1c9f68a8fa441539b9c510657c3176e)
I0929 21:45:48.944579 26822 maintenance_manager.cc:206] P cffedd68783f4a1c8995fc18ba659b7c: Unregistered op MinorDeltaCompactionOp(a1c9f68a8fa441539b9c510657c3176e)
I0929 21:45:48.944927 26822 maintenance_manager.cc:206] P cffedd68783f4a1c8995fc18ba659b7c: Unregistered op MajorDeltaCompactionOp(a1c9f68a8fa441539b9c510657c3176e)
I0929 21:45:48.944519 26747 catalog_manager.cc:1920] Servicing AlterTable request from {username='slave'} at 127.0.0.1:59015: table { table_name: "test-alter-range-partitioning-invalid-unbounded" } alter_schema_steps { type: DROP_RANGE_PARTITION drop_range_partition { range_bounds { rows: "\006\001\000\000\000\000\007\0012\000\000\000" } } } schema { columns { name: "c0" type: INT32 is_key: true is_nullable: false encoding: AUTO_ENCODING compression: DEFAULT_COMPRESSION cfile_block_size: 0 } columns { name: "c1" type: INT32 is_key: false is_nullable: false encoding: AUTO_ENCODING compression: DEFAULT_COMPRESSION cfile_block_size: 0 } }
I0929 21:45:48.945114 26822 maintenance_manager.cc:206] P cffedd68783f4a1c8995fc18ba659b7c: Unregistered op UndoDeltaBlockGCOp(a1c9f68a8fa441539b9c510657c3176e)
I0929 21:45:48.945318 26822 maintenance_manager.cc:206] P cffedd68783f4a1c8995fc18ba659b7c: Unregistered op FlushMRSOp(a1c9f68a8fa441539b9c510657c3176e)
I0929 21:45:48.945497 26822 maintenance_manager.cc:206] P cffedd68783f4a1c8995fc18ba659b7c: Unregistered op FlushDeltaMemStoresOp(a1c9f68a8fa441539b9c510657c3176e)
I0929 21:45:48.945659 26822 maintenance_manager.cc:206] P cffedd68783f4a1c8995fc18ba659b7c: Unregistered op LogGCOp(a1c9f68a8fa441539b9c510657c3176e)
I0929 21:45:48.945830 26822 raft_consensus.cc:1722] T a1c9f68a8fa441539b9c510657c3176e P cffedd68783f4a1c8995fc18ba659b7c [term 1 LEADER]: Raft consensus shutting down.
I0929 21:45:48.946084 26822 raft_consensus_state.cc:386] T a1c9f68a8fa441539b9c510657c3176e P cffedd68783f4a1c8995fc18ba659b7c: Trying to abort 1 pending transactions.
I0929 21:45:48.946234 26822 raft_consensus_state.cc:391] T a1c9f68a8fa441539b9c510657c3176e P cffedd68783f4a1c8995fc18ba659b7c: Aborting transaction as it isn't in flight: id { term: 1 index: 1 } timestamp: 8 op_type: NO_OP noop_request { }
I0929 21:45:48.946527 26822 raft_consensus.cc:2194] T a1c9f68a8fa441539b9c510657c3176e P cffedd68783f4a1c8995fc18ba659b7c: NO_OP replication failed: Aborted: Transaction aborted
I0929 21:45:48.946704 26822 raft_consensus.cc:1738] T a1c9f68a8fa441539b9c510657c3176e P cffedd68783f4a1c8995fc18ba659b7c [term 1 LEADER]: Raft consensus is shut down!
I0929 21:45:48.947265 26731 catalog_manager.cc:3154] Sending DeleteTablet(TABLET_DATA_DELETED) for tablet f92b78a409fb4b6db8ab56c535e2bfea on cffedd68783f4a1c8995fc18ba659b7c (127.0.0.1:60775) (Partition dropped at 2017-09-29 21:45:48 UTC)
I0929 21:45:48.950129 26821 tablet_service.cc:713] Processing DeleteTablet for tablet f92b78a409fb4b6db8ab56c535e2bfea with delete_type TABLET_DATA_DELETED (Partition dropped at 2017-09-29 21:45:48 UTC) from {username='slave'} at 127.0.0.1:33868
I0929 21:45:48.951058 26823 tablet_service.cc:672] Processing CreateTablet for tablet bdfcf05ade7d41c48e3bdc44f1839279 (table=test-alter-range-partitioning-invalid-unbounded [id=8eb38e78e3cd4799995cb362386476e0]), partition=RANGE (c0) PARTITION 0 <= VALUES < 100
I0929 21:45:48.952126 26731 catalog_manager.cc:2925] Scheduling retry of a4d64691a56a423ca91c0b14bd1517af (table test-alter-range-partitioning-invalid-unbounded [id=8eb38e78e3cd4799995cb362386476e0]) Alter Table RPC with a delay of 38ms (attempt = 0)...
W0929 21:45:48.952440 26731 catalog_manager.cc:2946] Async tablet task a4d64691a56a423ca91c0b14bd1517af (table test-alter-range-partitioning-invalid-unbounded [id=8eb38e78e3cd4799995cb362386476e0]) Alter Table RPC failed: Not found: Failed to reset TS proxy: No leader found: Tablet a4d64691a56a423ca91c0b14bd1517af consensus state has no leader
W0929 21:45:48.954594 26731 catalog_manager.cc:3121] TS cffedd68783f4a1c8995fc18ba659b7c (127.0.0.1:60775): delete failed for tablet f92b78a409fb4b6db8ab56c535e2bfea with error code TABLET_NOT_RUNNING: Illegal state: State transition of tablet f92b78a409fb4b6db8ab56c535e2bfea already in progress: creating tablet
I0929 21:45:48.954843 26731 catalog_manager.cc:2925] Scheduling retry of f92b78a409fb4b6db8ab56c535e2bfea Delete Tablet RPC for TS=cffedd68783f4a1c8995fc18ba659b7c with a delay of 43ms (attempt = 2)...
I0929 21:45:48.955310 26734 catalog_manager.cc:2925] Scheduling retry of f92b78a409fb4b6db8ab56c535e2bfea (table test-alter-range-partitioning-invalid-unbounded [id=8eb38e78e3cd4799995cb362386476e0]) Alter Table RPC with a delay of 24ms (attempt = 0)...
W0929 21:45:48.955631 26734 catalog_manager.cc:2946] Async tablet task f92b78a409fb4b6db8ab56c535e2bfea (table test-alter-range-partitioning-invalid-unbounded [id=8eb38e78e3cd4799995cb362386476e0]) Alter Table RPC failed: Not found: Failed to reset TS proxy: No leader found: Tablet f92b78a409fb4b6db8ab56c535e2bfea consensus state has no leader
I0929 21:45:48.956849 26744 catalog_manager.cc:1920] Servicing AlterTable request from {username='slave'} at 127.0.0.1:59015: table { table_name: "test-alter-range-partitioning-invalid-unbounded" } alter_schema_steps { type: DROP_RANGE_PARTITION drop_range_partition { range_bounds { rows: "\006\001\000\000\000\000\007\001d\000\000\000" } } } schema { columns { name: "c0" type: INT32 is_key: true is_nullable: false encoding: AUTO_ENCODING compression: DEFAULT_COMPRESSION cfile_block_size: 0 } columns { name: "c1" type: INT32 is_key: false is_nullable: false encoding: AUTO_ENCODING compression: DEFAULT_COMPRESSION cfile_block_size: 0 } }
I0929 21:45:48.957449 26731 catalog_manager.cc:2925] Scheduling retry of a3b61861fc0f49e882e86f27b30f47ad (table test-alter-range-partitioning-invalid-unbounded [id=8eb38e78e3cd4799995cb362386476e0]) Alter Table RPC with a delay of 46ms (attempt = 0)...
I0929 21:45:48.958174 26734 catalog_manager.cc:2925] Scheduling retry of 0567a83a31cf429980e13f4f3df80ac0 (table test-alter-range-partitioning-invalid-unbounded [id=8eb38e78e3cd4799995cb362386476e0]) Alter Table RPC with a delay of 17ms (attempt = 0)...
W0929 21:45:48.958523 26734 catalog_manager.cc:2946] Async tablet task 0567a83a31cf429980e13f4f3df80ac0 (table test-alter-range-partitioning-invalid-unbounded [id=8eb38e78e3cd4799995cb362386476e0]) Alter Table RPC failed: Not found: Failed to reset TS proxy: No leader found: Tablet 0567a83a31cf429980e13f4f3df80ac0 consensus state has no leader
W0929 21:45:48.957952 26731 catalog_manager.cc:2946] Async tablet task a3b61861fc0f49e882e86f27b30f47ad (table test-alter-range-partitioning-invalid-unbounded [id=8eb38e78e3cd4799995cb362386476e0]) Alter Table RPC failed: Not found: Failed to reset TS proxy: No leader found: Tablet a3b61861fc0f49e882e86f27b30f47ad consensus state has no leader
I0929 21:45:48.957154 26748 catalog_manager.cc:2416] Got report from deleted tablet a1c9f68a8fa441539b9c510657c3176e (table test-alter-range-partitioning-invalid-unbounded [id=8eb38e78e3cd4799995cb362386476e0]) (Partition dropped at 2017-09-29 21:45:48 UTC): Sending delete request for this tablet
I0929 21:45:48.959381 26748 catalog_manager.cc:3154] Sending DeleteTablet(TABLET_DATA_DELETED) for tablet a1c9f68a8fa441539b9c510657c3176e on cffedd68783f4a1c8995fc18ba659b7c (127.0.0.1:60775) (Partition dropped at 2017-09-29 21:45:48 UTC)
I0929 21:45:48.960523 26821 tablet_service.cc:713] Processing DeleteTablet for tablet a1c9f68a8fa441539b9c510657c3176e with delete_type TABLET_DATA_DELETED (Partition dropped at 2017-09-29 21:45:48 UTC) from {username='slave'} at 127.0.0.1:33868
W0929 21:45:48.961750 26731 catalog_manager.cc:3121] TS cffedd68783f4a1c8995fc18ba659b7c (127.0.0.1:60775): delete failed for tablet a1c9f68a8fa441539b9c510657c3176e with error code TABLET_NOT_RUNNING: Illegal state: State transition of tablet a1c9f68a8fa441539b9c510657c3176e already in progress: deleting tablet
I0929 21:45:48.962044 26731 catalog_manager.cc:2925] Scheduling retry of a1c9f68a8fa441539b9c510657c3176e Delete Tablet RPC for TS=cffedd68783f4a1c8995fc18ba659b7c with a delay of 26ms (attempt = 1)...
I0929 21:45:48.949084 26866 tablet_bootstrap.cc:543] T a4d64691a56a423ca91c0b14bd1517af P cffedd68783f4a1c8995fc18ba659b7c: No blocks or log segments found. Creating new log.
I0929 21:45:48.965085 26731 catalog_manager.cc:3154] Sending DeleteTablet(TABLET_DATA_DELETED) for tablet a4d64691a56a423ca91c0b14bd1517af on cffedd68783f4a1c8995fc18ba659b7c (127.0.0.1:60775) (Partition dropped at 2017-09-29 21:45:48 UTC)
I0929 21:45:48.966244 26821 tablet_service.cc:713] Processing DeleteTablet for tablet a4d64691a56a423ca91c0b14bd1517af with delete_type TABLET_DATA_DELETED (Partition dropped at 2017-09-29 21:45:48 UTC) from {username='slave'} at 127.0.0.1:33868
W0929 21:45:48.967361 26731 catalog_manager.cc:3121] TS cffedd68783f4a1c8995fc18ba659b7c (127.0.0.1:60775): delete failed for tablet a4d64691a56a423ca91c0b14bd1517af with error code TABLET_NOT_RUNNING: Illegal state: State transition of tablet a4d64691a56a423ca91c0b14bd1517af already in progress: creating tablet
I0929 21:45:48.967507 26823 ts_tablet_manager.cc:906] T bdfcf05ade7d41c48e3bdc44f1839279 P cffedd68783f4a1c8995fc18ba659b7c: Registered tablet (data state: TABLET_DATA_READY)
I0929 21:45:48.967612 26731 catalog_manager.cc:2925] Scheduling retry of a4d64691a56a423ca91c0b14bd1517af Delete Tablet RPC for TS=cffedd68783f4a1c8995fc18ba659b7c with a delay of 150ms (attempt = 4)...
I0929 21:45:48.968036 26744 catalog_manager.cc:3432] T 00000000000000000000000000000000 P 348076b792e349259f965829a0d76562: Sending DeleteTablet for 1 replicas of tablet bdfcf05ade7d41c48e3bdc44f1839279
I0929 21:45:48.978580 26744 catalog_manager.cc:3154] Sending DeleteTablet(TABLET_DATA_DELETED) for tablet bdfcf05ade7d41c48e3bdc44f1839279 on cffedd68783f4a1c8995fc18ba659b7c (127.0.0.1:60775) (Partition dropped at 2017-09-29 21:45:48 UTC)
I0929 21:45:48.978710 26733 catalog_manager.cc:2925] Scheduling retry of 5a3b867613954ef9a6560f5c780cffc5 (table test-alter-range-partitioning-invalid-unbounded [id=8eb38e78e3cd4799995cb362386476e0]) Alter Table RPC with a delay of 9ms (attempt = 0)...
W0929 21:45:48.979101 26733 catalog_manager.cc:2946] Async tablet task 5a3b867613954ef9a6560f5c780cffc5 (table test-alter-range-partitioning-invalid-unbounded [id=8eb38e78e3cd4799995cb362386476e0]) Alter Table RPC failed: Not found: Failed to reset TS proxy: No leader found: Tablet 5a3b867613954ef9a6560f5c780cffc5 consensus state has no leader
I0929 21:45:48.979522 26733 catalog_manager.cc:2925] Scheduling retry of bdfcf05ade7d41c48e3bdc44f1839279 (table test-alter-range-partitioning-invalid-unbounded [id=8eb38e78e3cd4799995cb362386476e0]) Alter Table RPC with a delay of 22ms (attempt = 0)...
W0929 21:45:48.979784 26733 catalog_manager.cc:2946] Async tablet task bdfcf05ade7d41c48e3bdc44f1839279 (table test-alter-range-partitioning-invalid-unbounded [id=8eb38e78e3cd4799995cb362386476e0]) Alter Table RPC failed: Not found: Failed to reset TS proxy: No leader found: Tablet bdfcf05ade7d41c48e3bdc44f1839279 consensus state has no leader
I0929 21:45:48.980154 26823 tablet_service.cc:713] Processing DeleteTablet for tablet bdfcf05ade7d41c48e3bdc44f1839279 with delete_type TABLET_DATA_DELETED (Partition dropped at 2017-09-29 21:45:48 UTC) from {username='slave'} at 127.0.0.1:33868
I0929 21:45:48.980350 26734 catalog_manager.cc:2925] Scheduling retry of 0567a83a31cf429980e13f4f3df80ac0 (table test-alter-range-partitioning-invalid-unbounded [id=8eb38e78e3cd4799995cb362386476e0]) Alter Table RPC with a delay of 27ms (attempt = 0)...
W0929 21:45:48.980648 26734 catalog_manager.cc:2946] Async tablet task 0567a83a31cf429980e13f4f3df80ac0 (table test-alter-range-partitioning-invalid-unbounded [id=8eb38e78e3cd4799995cb362386476e0]) Alter Table RPC failed: Not found: Failed to reset TS proxy: No leader found: Tablet 0567a83a31cf429980e13f4f3df80ac0 consensus state has no leader
I0929 21:45:48.981022 26734 catalog_manager.cc:2925] Scheduling retry of 28988efc3b9d4b96b591cbd45febf05b (table test-alter-range-partitioning-invalid-unbounded [id=8eb38e78e3cd4799995cb362386476e0]) Alter Table RPC with a delay of 18ms (attempt = 0)...
W0929 21:45:48.981259 26734 catalog_manager.cc:2946] Async tablet task 28988efc3b9d4b96b591cbd45febf05b (table test-alter-range-partitioning-invalid-unbounded [id=8eb38e78e3cd4799995cb362386476e0]) Alter Table RPC failed: Not found: Failed to reset TS proxy: No leader found: Tablet 28988efc3b9d4b96b591cbd45febf05b consensus state has no leader
W0929 21:45:48.981338 26731 catalog_manager.cc:3121] TS cffedd68783f4a1c8995fc18ba659b7c (127.0.0.1:60775): delete failed for tablet bdfcf05ade7d41c48e3bdc44f1839279 with error code TABLET_NOT_RUNNING: Illegal state: State transition of tablet bdfcf05ade7d41c48e3bdc44f1839279 already in progress: creating tablet
I0929 21:45:48.981590 26734 catalog_manager.cc:2925] Scheduling retry of f92b78a409fb4b6db8ab56c535e2bfea (table test-alter-range-partitioning-invalid-unbounded [id=8eb38e78e3cd4799995cb362386476e0]) Alter Table RPC with a delay of 22ms (attempt = 0)...
I0929 21:45:48.981706 26731 catalog_manager.cc:2925] Scheduling retry of bdfcf05ade7d41c48e3bdc44f1839279 Delete Tablet RPC for TS=cffedd68783f4a1c8995fc18ba659b7c with a delay of 37ms (attempt = 1)...
W0929 21:45:48.981853 26734 catalog_manager.cc:2946] Async tablet task f92b78a409fb4b6db8ab56c535e2bfea (table test-alter-range-partitioning-invalid-unbounded [id=8eb38e78e3cd4799995cb362386476e0]) Alter Table RPC failed: Not found: Failed to reset TS proxy: No leader found: Tablet f92b78a409fb4b6db8ab56c535e2bfea consensus state has no leader
W0929 21:45:48.983347 26892 consensus_queue.cc:632] T a1c9f68a8fa441539b9c510657c3176e P cffedd68783f4a1c8995fc18ba659b7c [LEADER]: Queue is closed or peer was untracked, disregarding peer response. Response: responder_uuid: "cffedd68783f4a1c8995fc18ba659b7c" status { last_received { term: 1 index: 1 } last_committed_idx: 0 last_received_current_leader { term: 1 index: 1 } }
I0929 21:45:48.984390 26731 catalog_manager.cc:3154] Sending DeleteTablet(TABLET_DATA_DELETED) for tablet a3b61861fc0f49e882e86f27b30f47ad on cffedd68783f4a1c8995fc18ba659b7c (127.0.0.1:60775) (Partition dropped at 2017-09-29 21:45:48 UTC)
I0929 21:45:48.984292 26748 catalog_manager.cc:1920] Servicing AlterTable request from {username='slave'} at 127.0.0.1:59015: table { table_name: "test-alter-range-partitioning-invalid-unbounded" } alter_schema_steps { type: ADD_RANGE_PARTITION add_range_partition { range_bounds { rows: "\006\001\000\000\000\000\007\001d\000\000\000" } } } alter_schema_steps { type: DROP_RANGE_PARTITION drop_range_partition { range_bounds { rows: "\006\001\000\000\000\000\007\0012\000\000\000" } } } schema { columns { name: "c0" type: INT32 is_key: true is_nullable: false encoding: AUTO_ENCODING compression: DEFAULT_COMPRESSION cfile_block_size: 0 } columns { name: "c1" type: INT32 is_key: false is_nullable: false encoding: AUTO_ENCODING compression: DEFAULT_COMPRESSION cfile_block_size: 0 } }
I0929 21:45:48.986219 26822 ts_tablet_manager.cc:1063] T a1c9f68a8fa441539b9c510657c3176e P cffedd68783f4a1c8995fc18ba659b7c: Deleting tablet data with delete state TABLET_DATA_DELETED
I0929 21:45:48.988729 26733 catalog_manager.cc:2925] Scheduling retry of 5a3b867613954ef9a6560f5c780cffc5 (table test-alter-range-partitioning-invalid-unbounded [id=8eb38e78e3cd4799995cb362386476e0]) Alter Table RPC with a delay of 22ms (attempt = 0)...
W0929 21:45:48.989058 26733 catalog_manager.cc:2946] Async tablet task 5a3b867613954ef9a6560f5c780cffc5 (table test-alter-range-partitioning-invalid-unbounded [id=8eb38e78e3cd4799995cb362386476e0]) Alter Table RPC failed: Not found: Failed to reset TS proxy: No leader found: Tablet 5a3b867613954ef9a6560f5c780cffc5 consensus state has no leader
I0929 21:45:48.989385 26731 catalog_manager.cc:3154] Sending DeleteTablet(TABLET_DATA_DELETED) for tablet a1c9f68a8fa441539b9c510657c3176e on cffedd68783f4a1c8995fc18ba659b7c (127.0.0.1:60775) (Partition dropped at 2017-09-29 21:45:48 UTC)
I0929 21:45:48.989933 26744 catalog_manager.cc:1920] Servicing AlterTable request from {username='slave'} at 127.0.0.1:59015: table { table_name: "test-alter-range-partitioning-invalid-unbounded" } alter_schema_steps { type: ADD_RANGE_PARTITION add_range_partition { range_bounds { rows: "\006\001\000\000\000\000\007\0012\000\000\000" } } } schema { columns { name: "c0" type: INT32 is_key: true is_nullable: false encoding: AUTO_ENCODING compression: DEFAULT_COMPRESSION cfile_block_size: 0 } columns { name: "c1" type: INT32 is_key: false is_nullable: false encoding: AUTO_ENCODING compression: DEFAULT_COMPRESSION cfile_block_size: 0 } }
I0929 21:45:48.990458 26823 tablet_service.cc:713] Processing DeleteTablet for tablet a3b61861fc0f49e882e86f27b30f47ad with delete_type TABLET_DATA_DELETED (Partition dropped at 2017-09-29 21:45:48 UTC) from {username='slave'} at 127.0.0.1:33868
I0929 21:45:48.990744 26821 tablet_service.cc:713] Processing DeleteTablet for tablet a1c9f68a8fa441539b9c510657c3176e with delete_type TABLET_DATA_DELETED (Partition dropped at 2017-09-29 21:45:48 UTC) from {username='slave'} at 127.0.0.1:33868
I0929 21:45:48.991731 26731 catalog_manager.cc:3154] Sending DeleteTablet(TABLET_DATA_DELETED) for tablet 0567a83a31cf429980e13f4f3df80ac0 on cffedd68783f4a1c8995fc18ba659b7c (127.0.0.1:60775) (Partition dropped at 2017-09-29 21:45:48 UTC)
I0929 21:45:48.992292 26731 catalog_manager.cc:2925] Scheduling retry of a4d64691a56a423ca91c0b14bd1517af (table test-alter-range-partitioning-invalid-unbounded [id=8eb38e78e3cd4799995cb362386476e0]) Alter Table RPC with a delay of 45ms (attempt = 0)...
W0929 21:45:48.992599 26731 catalog_manager.cc:2946] Async tablet task a4d64691a56a423ca91c0b14bd1517af (table test-alter-range-partitioning-invalid-unbounded [id=8eb38e78e3cd4799995cb362386476e0]) Alter Table RPC failed: Not found: Failed to reset TS proxy: No leader found: Tablet a4d64691a56a423ca91c0b14bd1517af consensus state has no leader
I0929 21:45:48.992988 26731 catalog_manager.cc:2925] Scheduling retry of a1c9f68a8fa441539b9c510657c3176e (table test-alter-range-partitioning-invalid-unbounded [id=8eb38e78e3cd4799995cb362386476e0]) Alter Table RPC with a delay of 25ms (attempt = 0)...
W0929 21:45:48.993247 26731 catalog_manager.cc:2946] Async tablet task a1c9f68a8fa441539b9c510657c3176e (table test-alter-range-partitioning-invalid-unbounded [id=8eb38e78e3cd4799995cb362386476e0]) Alter Table RPC failed: Not found: Failed to reset TS proxy: No leader found: Tablet a1c9f68a8fa441539b9c510657c3176e consensus state has no leader
W0929 21:45:48.993569 26731 catalog_manager.cc:3121] TS cffedd68783f4a1c8995fc18ba659b7c (127.0.0.1:60775): delete failed for tablet a3b61861fc0f49e882e86f27b30f47ad with error code TABLET_NOT_RUNNING: Illegal state: State transition of tablet a3b61861fc0f49e882e86f27b30f47ad already in progress: creating tablet
I0929 21:45:48.993803 26731 catalog_manager.cc:2925] Scheduling retry of a3b61861fc0f49e882e86f27b30f47ad Delete Tablet RPC for TS=cffedd68783f4a1c8995fc18ba659b7c with a delay of 166ms (attempt = 4)...
W0929 21:45:48.994357 26731 catalog_manager.cc:3121] TS cffedd68783f4a1c8995fc18ba659b7c (127.0.0.1:60775): delete failed for tablet a1c9f68a8fa441539b9c510657c3176e with error code TABLET_NOT_RUNNING: Illegal state: State transition of tablet a1c9f68a8fa441539b9c510657c3176e already in progress: deleting tablet
I0929 21:45:48.994624 26731 catalog_manager.cc:2925] Scheduling retry of a1c9f68a8fa441539b9c510657c3176e Delete Tablet RPC for TS=cffedd68783f4a1c8995fc18ba659b7c with a delay of 74ms (attempt = 2)...
I0929 21:45:48.995354 26821 tablet_service.cc:713] Processing DeleteTablet for tablet 0567a83a31cf429980e13f4f3df80ac0 with delete_type TABLET_DATA_DELETED (Partition dropped at 2017-09-29 21:45:48 UTC) from {username='slave'} at 127.0.0.1:33868
W0929 21:45:48.996331 26731 catalog_manager.cc:3121] TS cffedd68783f4a1c8995fc18ba659b7c (127.0.0.1:60775): delete failed for tablet 0567a83a31cf429980e13f4f3df80ac0 with error code TABLET_NOT_RUNNING: Illegal state: State transition of tablet 0567a83a31cf429980e13f4f3df80ac0 already in progress: creating tablet
I0929 21:45:48.996613 26731 catalog_manager.cc:2925] Scheduling retry of 0567a83a31cf429980e13f4f3df80ac0 Delete Tablet RPC for TS=cffedd68783f4a1c8995fc18ba659b7c with a delay of 138ms (attempt = 4)...
I0929 21:45:48.997339 26822 ts_tablet_manager.cc:1075] T a1c9f68a8fa441539b9c510657c3176e P cffedd68783f4a1c8995fc18ba659b7c: Tablet deleted. Last logged OpId: 1.1
I0929 21:45:48.997596 26822 log.cc:965] T a1c9f68a8fa441539b9c510657c3176e P cffedd68783f4a1c8995fc18ba659b7c: Deleting WAL directory at /tmp/run_tha_test8NQfeJ/test-tmp/alter_table-test.AlterTableTest.TestAddRangePartitionConflictExhaustive.1506721518627625-22612/minicluster-data/ts-0-root/wals/a1c9f68a8fa441539b9c510657c3176e
I0929 21:45:48.998705 26731 catalog_manager.cc:3154] Sending DeleteTablet(TABLET_DATA_DELETED) for tablet f92b78a409fb4b6db8ab56c535e2bfea on cffedd68783f4a1c8995fc18ba659b7c (127.0.0.1:60775) (Partition dropped at 2017-09-29 21:45:48 UTC)
I0929 21:45:48.999658 26821 tablet_service.cc:713] Processing DeleteTablet for tablet f92b78a409fb4b6db8ab56c535e2bfea with delete_type TABLET_DATA_DELETED (Partition dropped at 2017-09-29 21:45:48 UTC) from {username='slave'} at 127.0.0.1:33868
I0929 21:45:48.999739 26866 tablet_bootstrap.cc:406] T a4d64691a56a423ca91c0b14bd1517af P cffedd68783f4a1c8995fc18ba659b7c: No bootstrap required, opened a new log
I0929 21:45:49.000160 26866 ts_tablet_manager.cc:772] T a4d64691a56a423ca91c0b14bd1517af P cffedd68783f4a1c8995fc18ba659b7c: Time spent bootstrapping tablet: real 0.064s user 0.012s sys 0.004s
W0929 21:45:49.000576 26731 catalog_manager.cc:3121] TS cffedd68783f4a1c8995fc18ba659b7c (127.0.0.1:60775): delete failed for tablet f92b78a409fb4b6db8ab56c535e2bfea with error code TABLET_NOT_RUNNING: Illegal state: State transition of tablet f92b78a409fb4b6db8ab56c535e2bfea already in progress: creating tablet
I0929 21:45:49.000732 26734 catalog_manager.cc:2925] Scheduling retry of 28988efc3b9d4b96b591cbd45febf05b (table test-alter-range-partitioning-invalid-unbounded [id=8eb38e78e3cd4799995cb362386476e0]) Alter Table RPC with a delay of 36ms (attempt = 0)...
I0929 21:45:49.000855 26731 catalog_manager.cc:2925] Scheduling retry of f92b78a409fb4b6db8ab56c535e2bfea Delete Tablet RPC for TS=cffedd68783f4a1c8995fc18ba659b7c with a delay of 105ms (attempt = 3)...
W0929 21:45:49.001040 26734 catalog_manager.cc:2946] Async tablet task 28988efc3b9d4b96b591cbd45febf05b (table test-alter-range-partitioning-invalid-unbounded [id=8eb38e78e3cd4799995cb362386476e0]) Alter Table RPC failed: Not found: Failed to reset TS proxy: No leader found: Tablet 28988efc3b9d4b96b591cbd45febf05b consensus state has no leader
I0929 21:45:49.001202 26822 consensus_meta.cc:78] T a1c9f68a8fa441539b9c510657c3176e Deleting consensus metadata
I0929 21:45:49.000463 26744 catalog_manager.cc:2925] Scheduling retry of 9276dda82bfc439ba5438aa02c2882d2 (table test-alter-range-partitioning-invalid-unbounded [id=8eb38e78e3cd4799995cb362386476e0]) Alter Table RPC with a delay of 53ms (attempt = 0)...
I0929 21:45:49.002362 26733 catalog_manager.cc:2925] Scheduling retry of bdfcf05ade7d41c48e3bdc44f1839279 (table test-alter-range-partitioning-invalid-unbounded [id=8eb38e78e3cd4799995cb362386476e0]) Alter Table RPC with a delay of 45ms (attempt = 0)...
W0929 21:45:49.002666 26733 catalog_manager.cc:2946] Async tablet task bdfcf05ade7d41c48e3bdc44f1839279 (table test-alter-range-partitioning-invalid-unbounded [id=8eb38e78e3cd4799995cb362386476e0]) Alter Table RPC failed: Not found: Failed to reset TS proxy: No leader found: Tablet bdfcf05ade7d41c48e3bdc44f1839279 consensus state has no leader
I0929 21:45:49.003626 26731 catalog_manager.cc:3130] TS cffedd68783f4a1c8995fc18ba659b7c (127.0.0.1:60775): tablet a1c9f68a8fa441539b9c510657c3176e (table test-alter-range-partitioning-invalid-unbounded [id=8eb38e78e3cd4799995cb362386476e0]) successfully deleted
W0929 21:45:49.004077 26744 catalog_manager.cc:3406] Failed to send alter table request: Not found: Failed to reset TS proxy: No leader found: Tablet 9276dda82bfc439ba5438aa02c2882d2 has no consensus state
I0929 21:45:49.005187 26734 catalog_manager.cc:2925] Scheduling retry of f92b78a409fb4b6db8ab56c535e2bfea (table test-alter-range-partitioning-invalid-unbounded [id=8eb38e78e3cd4799995cb362386476e0]) Alter Table RPC with a delay of 38ms (attempt = 0)...
W0929 21:45:49.005456 26734 catalog_manager.cc:2946] Async tablet task f92b78a409fb4b6db8ab56c535e2bfea (table test-alter-range-partitioning-invalid-unbounded [id=8eb38e78e3cd4799995cb362386476e0]) Alter Table RPC failed: Not found: Failed to reset TS proxy: No leader found: Tablet f92b78a409fb4b6db8ab56c535e2bfea consensus state has no leader
I0929 21:45:49.006163 26731 catalog_manager.cc:2925] Scheduling retry of a3b61861fc0f49e882e86f27b30f47ad (table test-alter-range-partitioning-invalid-unbounded [id=8eb38e78e3cd4799995cb362386476e0]) Alter Table RPC with a delay of 18ms (attempt = 0)...
W0929 21:45:49.006505 26731 catalog_manager.cc:2946] Async tablet task a3b61861fc0f49e882e86f27b30f47ad (table test-alter-range-partitioning-invalid-unbounded [id=8eb38e78e3cd4799995cb362386476e0]) Alter Table RPC failed: Not found: Failed to reset TS proxy: No leader found: Tablet a3b61861fc0f49e882e86f27b30f47ad consensus state has no leader
I0929 21:45:49.009029 26734 catalog_manager.cc:2925] Scheduling retry of 0567a83a31cf429980e13f4f3df80ac0 (table test-alter-range-partitioning-invalid-unbounded [id=8eb38e78e3cd4799995cb362386476e0]) Alter Table RPC with a delay of 20ms (attempt = 0)...
W0929 21:45:49.009379 26734 catalog_manager.cc:2946] Async tablet task 0567a83a31cf429980e13f4f3df80ac0 (table test-alter-range-partitioning-invalid-unbounded [id=8eb38e78e3cd4799995cb362386476e0]) Alter Table RPC failed: Not found: Failed to reset TS proxy: No leader found: Tablet 0567a83a31cf429980e13f4f3df80ac0 consensus state has no leader
I0929 21:45:49.009258 26747 catalog_manager.cc:1920] Servicing AlterTable request from {username='slave'} at 127.0.0.1:59015: table { table_name: "test-alter-range-partitioning-invalid-unbounded" } alter_schema_steps { type: ADD_RANGE_PARTITION add_range_partition { range_bounds { rows: "\006\001\000\000\000\000\007\001d\000\000\000" } } } schema { columns { name: "c0" type: INT32 is_key: true is_nullable: false encoding: AUTO_ENCODING compression: DEFAULT_COMPRESSION cfile_block_size: 0 } columns { name: "c1" type: INT32 is_key: false is_nullable: false encoding: AUTO_ENCODING compression: DEFAULT_COMPRESSION cfile_block_size: 0 } }
I0929 21:45:49.011842 26733 catalog_manager.cc:2925] Scheduling retry of 5a3b867613954ef9a6560f5c780cffc5 (table test-alter-range-partitioning-invalid-unbounded [id=8eb38e78e3cd4799995cb362386476e0]) Alter Table RPC with a delay of 15ms (attempt = 0)...
I0929 21:45:49.011878 26821 tablet_service.cc:672] Processing CreateTablet for tablet 9276dda82bfc439ba5438aa02c2882d2 (table=test-alter-range-partitioning-invalid-unbounded [id=8eb38e78e3cd4799995cb362386476e0]), partition=RANGE (c0) PARTITION 0 <= VALUES < 50
W0929 21:45:49.012192 26733 catalog_manager.cc:2946] Async tablet task 5a3b867613954ef9a6560f5c780cffc5 (table test-alter-range-partitioning-invalid-unbounded [id=8eb38e78e3cd4799995cb362386476e0]) Alter Table RPC failed: Not found: Failed to reset TS proxy: No leader found: Tablet 5a3b867613954ef9a6560f5c780cffc5 consensus state has no leader
I0929 21:45:49.014607 26747 catalog_manager.cc:1920] Servicing AlterTable request from {username='slave'} at 127.0.0.1:59015: table { table_name: "test-alter-range-partitioning-invalid-unbounded" } alter_schema_steps { type: DROP_RANGE_PARTITION drop_range_partition { range_bounds { rows: "\006\001\000\000\000\000\007\0012\000\000\000" } } } schema { columns { name: "c0" type: INT32 is_key: true is_nullable: false encoding: AUTO_ENCODING compression: DEFAULT_COMPRESSION cfile_block_size: 0 } columns { name: "c1" type: INT32 is_key: false is_nullable: false encoding: AUTO_ENCODING compression: DEFAULT_COMPRESSION cfile_block_size: 0 } }
I0929 21:45:49.019587 26731 catalog_manager.cc:3154] Sending DeleteTablet(TABLET_DATA_DELETED) for tablet bdfcf05ade7d41c48e3bdc44f1839279 on cffedd68783f4a1c8995fc18ba659b7c (127.0.0.1:60775) (Partition dropped at 2017-09-29 21:45:48 UTC)
I0929 21:45:49.020248 26731 catalog_manager.cc:2925] Scheduling retry of a1c9f68a8fa441539b9c510657c3176e (table test-alter-range-partitioning-invalid-unbounded [id=8eb38e78e3cd4799995cb362386476e0]) Alter Table RPC with a delay of 32ms (attempt = 0)...
W0929 21:45:49.020514 26731 catalog_manager.cc:2946] Async tablet task a1c9f68a8fa441539b9c510657c3176e (table test-alter-range-partitioning-invalid-unbounded [id=8eb38e78e3cd4799995cb362386476e0]) Alter Table RPC failed: Not found: Failed to reset TS proxy: No leader found: Tablet a1c9f68a8fa441539b9c510657c3176e consensus state has no leader
I0929 21:45:49.021433 26823 tablet_service.cc:713] Processing DeleteTablet for tablet bdfcf05ade7d41c48e3bdc44f1839279 with delete_type TABLET_DATA_DELETED (Partition dropped at 2017-09-29 21:45:48 UTC) from {username='slave'} at 127.0.0.1:33868
I0929 21:45:49.021687 26747 catalog_manager.cc:3432] T 00000000000000000000000000000000 P 348076b792e349259f965829a0d76562: Sending DeleteTablet for 1 replicas of tablet 9276dda82bfc439ba5438aa02c2882d2
I0929 21:45:49.022137 26747 catalog_manager.cc:3154] Sending DeleteTablet(TABLET_DATA_DELETED) for tablet 9276dda82bfc439ba5438aa02c2882d2 on cffedd68783f4a1c8995fc18ba659b7c (127.0.0.1:60775) (Partition dropped at 2017-09-29 21:45:49 UTC)
W0929 21:45:49.022439 26731 catalog_manager.cc:3121] TS cffedd68783f4a1c8995fc18ba659b7c (127.0.0.1:60775): delete failed for tablet bdfcf05ade7d41c48e3bdc44f1839279 with error code TABLET_NOT_RUNNING: Illegal state: State transition of tablet bdfcf05ade7d41c48e3bdc44f1839279 already in progress: creating tablet
I0929 21:45:49.022743 26731 catalog_manager.cc:2925] Scheduling retry of bdfcf05ade7d41c48e3bdc44f1839279 Delete Tablet RPC for TS=cffedd68783f4a1c8995fc18ba659b7c with a delay of 34ms (attempt = 2)...
I0929 21:45:49.023614 26823 tablet_service.cc:713] Processing DeleteTablet for tablet 9276dda82bfc439ba5438aa02c2882d2 with delete_type TABLET_DATA_DELETED (Partition dropped at 2017-09-29 21:45:49 UTC) from {username='slave'} at 127.0.0.1:33868
W0929 21:45:49.024516 26731 catalog_manager.cc:3108] TS cffedd68783f4a1c8995fc18ba659b7c (127.0.0.1:60775): delete failed for tablet 9276dda82bfc439ba5438aa02c2882d2 because the tablet was not found. No further retry: Not found: Tablet not found: 9276dda82bfc439ba5438aa02c2882d2
I0929 21:45:49.025475 26747 catalog_manager.cc:1920] Servicing AlterTable request from {username='slave'} at 127.0.0.1:59015: table { table_name: "test-alter-range-partitioning-invalid-unbounded" } alter_schema_steps { type: ADD_RANGE_PARTITION add_range_partition { range_bounds { rows: "\006\001\000\000\000\000\007\0012\000\000\000" } } } alter_schema_steps { type: ADD_RANGE_PARTITION add_range_partition { range_bounds { rows: "\006\001\000\000\000\000\007\001d\000\000\000" } } } schema { columns { name: "c0" type: INT32 is_key: true is_nullable: false encoding: AUTO_ENCODING compression: DEFAULT_COMPRESSION cfile_block_size: 0 } columns { name: "c1" type: INT32 is_key: false is_nullable: false encoding: AUTO_ENCODING compression: DEFAULT_COMPRESSION cfile_block_size: 0 } }
I0929 21:45:49.028111 26821 ts_tablet_manager.cc:906] T 9276dda82bfc439ba5438aa02c2882d2 P cffedd68783f4a1c8995fc18ba659b7c: Registered tablet (data state: TABLET_DATA_READY)
I0929 21:45:49.028206 26733 catalog_manager.cc:2925] Scheduling retry of 5a3b867613954ef9a6560f5c780cffc5 (table test-alter-range-partitioning-invalid-unbounded [id=8eb38e78e3cd4799995cb362386476e0]) Alter Table RPC with a delay of 41ms (attempt = 0)...
W0929 21:45:49.028545 26733 catalog_manager.cc:2946] Async tablet task 5a3b867613954ef9a6560f5c780cffc5 (table test-alter-range-partitioning-invalid-unbounded [id=8eb38e78e3cd4799995cb362386476e0]) Alter Table RPC failed: Not found: Failed to reset TS proxy: No leader found: Tablet 5a3b867613954ef9a6560f5c780cffc5 consensus state has no leader
I0929 21:45:49.029052 26731 catalog_manager.cc:2925] Scheduling retry of a3b61861fc0f49e882e86f27b30f47ad (table test-alter-range-partitioning-invalid-unbounded [id=8eb38e78e3cd4799995cb362386476e0]) Alter Table RPC with a delay of 15ms (attempt = 0)...
W0929 21:45:49.029361 26731 catalog_manager.cc:2946] Async tablet task a3b61861fc0f49e882e86f27b30f47ad (table test-alter-range-partitioning-invalid-unbounded [id=8eb38e78e3cd4799995cb362386476e0]) Alter Table RPC failed: Not found: Failed to reset TS proxy: No leader found: Tablet a3b61861fc0f49e882e86f27b30f47ad consensus state has no leader
I0929 21:45:49.029955 26734 catalog_manager.cc:2925] Scheduling retry of 0567a83a31cf429980e13f4f3df80ac0 (table test-alter-range-partitioning-invalid-unbounded [id=8eb38e78e3cd4799995cb362386476e0]) Alter Table RPC with a delay of 23ms (attempt = 0)...
W0929 21:45:49.030311 26734 catalog_manager.cc:2946] Async tablet task 0567a83a31cf429980e13f4f3df80ac0 (table test-alter-range-partitioning-invalid-unbounded [id=8eb38e78e3cd4799995cb362386476e0]) Alter Table RPC failed: Not found: Failed to reset TS proxy: No leader found: Tablet 0567a83a31cf429980e13f4f3df80ac0 consensus state has no leader
I0929 21:45:49.030738 26745 catalog_manager.cc:1920] Servicing AlterTable request from {username='slave'} at 127.0.0.1:59015: table { table_name: "test-alter-range-partitioning-invalid-unbounded" } alter_schema_steps { type: ADD_RANGE_PARTITION add_range_partition { range_bounds { rows: "\006\001\000\000\000\000\007\0012\000\000\000" } } } schema { columns { name: "c0" type: INT32 is_key: true is_nullable: false encoding: AUTO_ENCODING compression: DEFAULT_COMPRESSION cfile_block_size: 0 } columns { name: "c1" type: INT32 is_key: false is_nullable: false encoding: AUTO_ENCODING compression: DEFAULT_COMPRESSION cfile_block_size: 0 } }
I0929 21:45:49.037910 26734 catalog_manager.cc:2925] Scheduling retry of 28988efc3b9d4b96b591cbd45febf05b (table test-alter-range-partitioning-invalid-unbounded [id=8eb38e78e3cd4799995cb362386476e0]) Alter Table RPC with a delay of 9ms (attempt = 0)...
W0929 21:45:49.038244 26734 catalog_manager.cc:2946] Async tablet task 28988efc3b9d4b96b591cbd45febf05b (table test-alter-range-partitioning-invalid-unbounded [id=8eb38e78e3cd4799995cb362386476e0]) Alter Table RPC failed: Not found: Failed to reset TS proxy: No leader found: Tablet 28988efc3b9d4b96b591cbd45febf05b consensus state has no leader
I0929 21:45:49.038942 26745 catalog_manager.cc:2925] Scheduling retry of f9dce52fa3f1464da743f458943e674a (table test-alter-range-partitioning-invalid-unbounded [id=8eb38e78e3cd4799995cb362386476e0]) Alter Table RPC with a delay of 53ms (attempt = 0)...
W0929 21:45:49.039340 26745 catalog_manager.cc:3406] Failed to send alter table request: Not found: Failed to reset TS proxy: No leader found: Tablet f9dce52fa3f1464da743f458943e674a has no consensus state
I0929 21:45:49.040205 26731 catalog_manager.cc:2925] Scheduling retry of a4d64691a56a423ca91c0b14bd1517af (table test-alter-range-partitioning-invalid-unbounded [id=8eb38e78e3cd4799995cb362386476e0]) Alter Table RPC with a delay of 21ms (attempt = 0)...
W0929 21:45:49.042686 26731 catalog_manager.cc:2946] Async tablet task a4d64691a56a423ca91c0b14bd1517af (table test-alter-range-partitioning-invalid-unbounded [id=8eb38e78e3cd4799995cb362386476e0]) Alter Table RPC failed: Not found: Failed to reset TS proxy: No leader found: Tablet a4d64691a56a423ca91c0b14bd1517af consensus state has no leader
I0929 21:45:49.042582 26745 catalog_manager.cc:1920] Servicing AlterTable request from {username='slave'} at 127.0.0.1:59015: table { table_name: "test-alter-range-partitioning-invalid-unbounded" } alter_schema_steps { type: DROP_RANGE_PARTITION drop_range_partition { range_bounds { rows: "\006\001\000\000\000\000\007\001d\000\000\000" } } } schema { columns { name: "c0" type: INT32 is_key: true is_nullable: false encoding: AUTO_ENCODING compression: DEFAULT_COMPRESSION cfile_block_size: 0 } columns { name: "c1" type: INT32 is_key: false is_nullable: false encoding: AUTO_ENCODING compression: DEFAULT_COMPRESSION cfile_block_size: 0 } }
I0929 21:45:49.044914 26734 catalog_manager.cc:2925] Scheduling retry of f92b78a409fb4b6db8ab56c535e2bfea (table test-alter-range-partitioning-invalid-unbounded [id=8eb38e78e3cd4799995cb362386476e0]) Alter Table RPC with a delay of 28ms (attempt = 0)...
W0929 21:45:49.045199 26734 catalog_manager.cc:2946] Async tablet task f92b78a409fb4b6db8ab56c535e2bfea (table test-alter-range-partitioning-invalid-unbounded [id=8eb38e78e3cd4799995cb362386476e0]) Alter Table RPC failed: Not found: Failed to reset TS proxy: No leader found: Tablet f92b78a409fb4b6db8ab56c535e2bfea consensus state has no leader
I0929 21:45:49.045640 26731 catalog_manager.cc:2925] Scheduling retry of a3b61861fc0f49e882e86f27b30f47ad (table test-alter-range-partitioning-invalid-unbounded [id=8eb38e78e3cd4799995cb362386476e0]) Alter Table RPC with a delay of 36ms (attempt = 0)...
W0929 21:45:49.045989 26731 catalog_manager.cc:2946] Async tablet task a3b61861fc0f49e882e86f27b30f47ad (table test-alter-range-partitioning-invalid-unbounded [id=8eb38e78e3cd4799995cb362386476e0]) Alter Table RPC failed: Not found: Failed to reset TS proxy: No leader found: Tablet a3b61861fc0f49e882e86f27b30f47ad consensus state has no leader
I0929 21:45:49.047642 26734 catalog_manager.cc:2925] Scheduling retry of 28988efc3b9d4b96b591cbd45febf05b (table test-alter-range-partitioning-invalid-unbounded [id=8eb38e78e3cd4799995cb362386476e0]) Alter Table RPC with a delay of 35ms (attempt = 0)...
W0929 21:45:49.047945 26734 catalog_manager.cc:2946] Async tablet task 28988efc3b9d4b96b591cbd45febf05b (table test-alter-range-partitioning-invalid-unbounded [id=8eb38e78e3cd4799995cb362386476e0]) Alter Table RPC failed: Not found: Failed to reset TS proxy: No leader found: Tablet 28988efc3b9d4b96b591cbd45febf05b consensus state has no leader
I0929 21:45:49.047425 26744 catalog_manager.cc:1920] Servicing AlterTable request from {username='slave'} at 127.0.0.1:59015: table { table_name: "test-alter-range-partitioning-invalid-unbounded" } alter_schema_steps { type: DROP_RANGE_PARTITION drop_range_partition { range_bounds { rows: "\006\001\000\000\000\000\007\0012\000\000\000" } } } schema { columns { name: "c0" type: INT32 is_key: true is_nullable: false encoding: AUTO_ENCODING compression: DEFAULT_COMPRESSION cfile_block_size: 0 } columns { name: "c1" type: INT32 is_key: false is_nullable: false encoding: AUTO_ENCODING compression: DEFAULT_COMPRESSION cfile_block_size: 0 } }
I0929 21:45:49.049412 26733 catalog_manager.cc:2925] Scheduling retry of bdfcf05ade7d41c48e3bdc44f1839279 (table test-alter-range-partitioning-invalid-unbounded [id=8eb38e78e3cd4799995cb362386476e0]) Alter Table RPC with a delay of 47ms (attempt = 0)...
W0929 21:45:49.049701 26733 catalog_manager.cc:2946] Async tablet task bdfcf05ade7d41c48e3bdc44f1839279 (table test-alter-range-partitioning-invalid-unbounded [id=8eb38e78e3cd4799995cb362386476e0]) Alter Table RPC failed: Not found: Failed to reset TS proxy: No leader found: Tablet bdfcf05ade7d41c48e3bdc44f1839279 consensus state has no leader
I0929 21:45:49.052709 26731 catalog_manager.cc:3154] Sending DeleteTablet(TABLET_DATA_DELETED) for tablet a1c9f68a8fa441539b9c510657c3176e on cffedd68783f4a1c8995fc18ba659b7c (127.0.0.1:60775) (Partition dropped at 2017-09-29 21:45:48 UTC)
I0929 21:45:49.053477 26731 catalog_manager.cc:2925] Scheduling retry of a1c9f68a8fa441539b9c510657c3176e (table test-alter-range-partitioning-invalid-unbounded [id=8eb38e78e3cd4799995cb362386476e0]) Alter Table RPC with a delay of 48ms (attempt = 0)...
W0929 21:45:49.053735 26731 catalog_manager.cc:2946] Async tablet task a1c9f68a8fa441539b9c510657c3176e (table test-alter-range-partitioning-invalid-unbounded [id=8eb38e78e3cd4799995cb362386476e0]) Alter Table RPC failed: Not found: Failed to reset TS proxy: No leader found: Tablet a1c9f68a8fa441539b9c510657c3176e consensus state has no leader
I0929 21:45:49.054477 26734 catalog_manager.cc:2925] Scheduling retry of 0567a83a31cf429980e13f4f3df80ac0 (table test-alter-range-partitioning-invalid-unbounded [id=8eb38e78e3cd4799995cb362386476e0]) Alter Table RPC with a delay of 52ms (attempt = 0)...
W0929 21:45:49.054785 26734 catalog_manager.cc:2946] Async tablet task 0567a83a31cf429980e13f4f3df80ac0 (table test-alter-range-partitioning-invalid-unbounded [id=8eb38e78e3cd4799995cb362386476e0]) Alter Table RPC failed: Not found: Failed to reset TS proxy: No leader found: Tablet 0567a83a31cf429980e13f4f3df80ac0 consensus state has no leader
I0929 21:45:49.054949 26822 tablet_service.cc:713] Processing DeleteTablet for tablet a1c9f68a8fa441539b9c510657c3176e with delete_type TABLET_DATA_DELETED (Partition dropped at 2017-09-29 21:45:48 UTC) from {username='slave'} at 127.0.0.1:33868
W0929 21:45:49.055838 26731 catalog_manager.cc:3108] TS cffedd68783f4a1c8995fc18ba659b7c (127.0.0.1:60775): delete failed for tablet a1c9f68a8fa441539b9c510657c3176e because the tablet was not found. No further retry: Not found: Tablet not found: a1c9f68a8fa441539b9c510657c3176e
I0929 21:45:49.056529 26732 catalog_manager.cc:2925] Scheduling retry of 9276dda82bfc439ba5438aa02c2882d2 (table test-alter-range-partitioning-invalid-unbounded [id=8eb38e78e3cd4799995cb362386476e0]) Alter Table RPC with a delay of 21ms (attempt = 0)...
W0929 21:45:49.056874 26732 catalog_manager.cc:2946] Async tablet task 9276dda82bfc439ba5438aa02c2882d2 (table test-alter-range-partitioning-invalid-unbounded [id=8eb38e78e3cd4799995cb362386476e0]) Alter Table RPC failed: Not found: Failed to reset TS proxy: No leader found: Tablet 9276dda82bfc439ba5438aa02c2882d2 consensus state has no leader
I0929 21:45:49.057435 26731 catalog_manager.cc:3154] Sending DeleteTablet(TABLET_DATA_DELETED) for tablet bdfcf05ade7d41c48e3bdc44f1839279 on cffedd68783f4a1c8995fc18ba659b7c (127.0.0.1:60775) (Partition dropped at 2017-09-29 21:45:48 UTC)
I0929 21:45:49.060098 26744 catalog_manager.cc:3432] T 00000000000000000000000000000000 P 348076b792e349259f965829a0d76562: Sending DeleteTablet for 1 replicas of tablet f9dce52fa3f1464da743f458943e674a
I0929 21:45:49.060521 26744 catalog_manager.cc:3154] Sending DeleteTablet(TABLET_DATA_DELETED) for tablet f9dce52fa3f1464da743f458943e674a on cffedd68783f4a1c8995fc18ba659b7c (127.0.0.1:60775) (Partition dropped at 2017-09-29 21:45:49 UTC)
I0929 21:45:49.060616 26822 tablet_service.cc:713] Processing DeleteTablet for tablet bdfcf05ade7d41c48e3bdc44f1839279 with delete_type TABLET_DATA_DELETED (Partition dropped at 2017-09-29 21:45:48 UTC) from {username='slave'} at 127.0.0.1:33868
I0929 21:45:49.061534 26823 tablet_service.cc:713] Processing DeleteTablet for tablet f9dce52fa3f1464da743f458943e674a with delete_type TABLET_DATA_DELETED (Partition dropped at 2017-09-29 21:45:49 UTC) from {username='slave'} at 127.0.0.1:33868
I0929 21:45:49.056807 26821 tablet_service.cc:672] Processing CreateTablet for tablet f9dce52fa3f1464da743f458943e674a (table=test-alter-range-partitioning-invalid-unbounded [id=8eb38e78e3cd4799995cb362386476e0]), partition=RANGE (c0) PARTITION 0 <= VALUES < 50
I0929 21:45:49.062268 26866 raft_consensus.cc:289] T a4d64691a56a423ca91c0b14bd1517af P cffedd68783f4a1c8995fc18ba659b7c [term 0 FOLLOWER]: Replica starting. Triggering 0 pending transactions. Active config: opid_index: -1 OBSOLETE_local: true peers { permanent_uuid: "cffedd68783f4a1c8995fc18ba659b7c" member_type: VOTER last_known_addr { host: "127.0.0.1" port: 60775 } }
W0929 21:45:49.062556 26731 catalog_manager.cc:3121] TS cffedd68783f4a1c8995fc18ba659b7c (127.0.0.1:60775): delete failed for tablet bdfcf05ade7d41c48e3bdc44f1839279 with error code TABLET_NOT_RUNNING: Illegal state: State transition of tablet bdfcf05ade7d41c48e3bdc44f1839279 already in progress: creating tablet
I0929 21:45:49.062796 26731 catalog_manager.cc:2925] Scheduling retry of bdfcf05ade7d41c48e3bdc44f1839279 Delete Tablet RPC for TS=cffedd68783f4a1c8995fc18ba659b7c with a delay of 68ms (attempt = 3)...
W0929 21:45:49.063194 26731 catalog_manager.cc:3108] TS cffedd68783f4a1c8995fc18ba659b7c (127.0.0.1:60775): delete failed for tablet f9dce52fa3f1464da743f458943e674a because the tablet was not found. No further retry: Not found: Tablet not found: f9dce52fa3f1464da743f458943e674a
I0929 21:45:49.063730 26866 raft_consensus.cc:320] T a4d64691a56a423ca91c0b14bd1517af P cffedd68783f4a1c8995fc18ba659b7c [term 0 FOLLOWER]: Consensus starting up: Expiring failure detector timer to make a prompt election more likely
I0929 21:45:49.063927 26866 raft_consensus.cc:549] T a4d64691a56a423ca91c0b14bd1517af P cffedd68783f4a1c8995fc18ba659b7c [term 0 FOLLOWER]: Becoming Follower/Learner. State: Replica: cffedd68783f4a1c8995fc18ba659b7c, State: 1, Role: FOLLOWER
I0929 21:45:49.064203 26866 consensus_queue.cc:184] T a4d64691a56a423ca91c0b14bd1517af P cffedd68783f4a1c8995fc18ba659b7c [NON_LEADER]: Queue going to NON_LEADER mode. State: All replicated index: 0, Majority replicated index: 0, Committed index: 0, Last appended: 0.0, Last appended by leader: 0, Current term: 0, Majority size: -1, State: 1, Mode: NON_LEADER
