I0929 21:45:22.511032 23263 sys_catalog.cc:266] T 00000000000000000000000000000000 P f7bb167f65a64bdfbf19fc1e83de7382 [sys.catalog]: SysCatalogTable state changed. Reason: Started TabletReplica. Latest consensus state: current_term: 1 leader_uuid: "f7bb167f65a64bdfbf19fc1e83de7382" committed_config { opid_index: -1 OBSOLETE_local: true peers { permanent_uuid: "f7bb167f65a64bdfbf19fc1e83de7382" member_type: VOTER } }
I0929 21:45:22.511543 23263 sys_catalog.cc:269] T 00000000000000000000000000000000 P f7bb167f65a64bdfbf19fc1e83de7382 [sys.catalog]: This master's current role is: LEADER
I0929 21:45:22.515190 23268 sys_catalog.cc:266] T 00000000000000000000000000000000 P f7bb167f65a64bdfbf19fc1e83de7382 [sys.catalog]: SysCatalogTable state changed. Reason: New leader f7bb167f65a64bdfbf19fc1e83de7382. Latest consensus state: current_term: 1 leader_uuid: "f7bb167f65a64bdfbf19fc1e83de7382" committed_config { opid_index: -1 OBSOLETE_local: true peers { permanent_uuid: "f7bb167f65a64bdfbf19fc1e83de7382" member_type: VOTER } }
I0929 21:45:22.516001 23263 sys_catalog.cc:344] T 00000000000000000000000000000000 P f7bb167f65a64bdfbf19fc1e83de7382 [sys.catalog]: configured and running, proceeding with master startup.
I0929 21:45:22.516113 23268 sys_catalog.cc:269] T 00000000000000000000000000000000 P f7bb167f65a64bdfbf19fc1e83de7382 [sys.catalog]: This master's current role is: LEADER
I0929 21:45:22.512035 23267 sys_catalog.cc:266] T 00000000000000000000000000000000 P f7bb167f65a64bdfbf19fc1e83de7382 [sys.catalog]: SysCatalogTable state changed. Reason: RaftConsensus started. Latest consensus state: current_term: 1 leader_uuid: "f7bb167f65a64bdfbf19fc1e83de7382" committed_config { opid_index: -1 OBSOLETE_local: true peers { permanent_uuid: "f7bb167f65a64bdfbf19fc1e83de7382" member_type: VOTER } }
I0929 21:45:22.516564 23267 sys_catalog.cc:269] T 00000000000000000000000000000000 P f7bb167f65a64bdfbf19fc1e83de7382 [sys.catalog]: This master's current role is: LEADER
I0929 21:45:22.520165 23270 catalog_manager.cc:1013] Loading table and tablet metadata into memory...
I0929 21:45:22.522487 23270 catalog_manager.cc:1024] Initializing Kudu internal certificate authority...
I0929 21:45:22.568384 23270 catalog_manager.cc:909] Generated new certificate authority record
I0929 21:45:22.570207 23270 catalog_manager.cc:1033] Loading token signing keys...
I0929 21:45:22.579097 23270 catalog_manager.cc:3528] T 00000000000000000000000000000000 P f7bb167f65a64bdfbf19fc1e83de7382: Generated new TSK 0
I0929 21:45:22.612048 22612 file_cache.cc:463] Constructed file cache lbm with capacity 26214
I0929 21:45:22.618295 22612 server_base.cc:215] Could not load existing FS layout: Not found: /tmp/run_tha_test8NQfeJ/test-tmp/alter_table-test.AlterTableTest.TestRenamePrimaryKeyColumn.1506721518627625-22612/minicluster-data/ts-0-root/instance: No such file or directory (error 2)
I0929 21:45:22.618469 22612 server_base.cc:216] Creating new FS layout
I0929 21:45:22.624860 22612 fs_manager.cc:377] Generated new instance metadata in path /tmp/run_tha_test8NQfeJ/test-tmp/alter_table-test.AlterTableTest.TestRenamePrimaryKeyColumn.1506721518627625-22612/minicluster-data/ts-0-root/instance: uuid: "62eff7937bf1490aae26e5600dc5c102" format_stamp: "Formatted at 2017-09-29 21:45:22 on dist-test-slave-dist-test-slave-sph7"
I0929 21:45:22.636850 22612 fs_manager.cc:263] Time spent opening block manager: real 0.004s user 0.000s sys 0.004s
I0929 21:45:22.637022 22612 fs_manager.cc:266] Opened local filesystem: /tmp/run_tha_test8NQfeJ/test-tmp/alter_table-test.AlterTableTest.TestRenamePrimaryKeyColumn.1506721518627625-22612/minicluster-data/ts-0-root uuid: "62eff7937bf1490aae26e5600dc5c102" format_stamp: "Formatted at 2017-09-29 21:45:22 on dist-test-slave-dist-test-slave-sph7"
I0929 21:45:22.637296 22612 fs_report.cc:345] Block manager report -------------------- 1 data directories: /tmp/run_tha_test8NQfeJ/test-tmp/alter_table-test.AlterTableTest.TestRenamePrimaryKeyColumn.1506721518627625-22612/minicluster-data/ts-0-root/data Total live blocks: 0 Total live bytes: 0 Total live bytes (after alignment): 0 Total number of LBM containers: 0 (0 full) Did not check for missing blocks Did not check for orphaned blocks Total full LBM containers with extra space: 0 (0 repaired) Total full LBM container extra space in bytes: 0 (0 repaired) Total incomplete LBM containers: 0 (0 repaired) Total LBM partial records: 0 (0 repaired)
I0929 21:45:22.712939 22612 ts_tablet_manager.cc:223] Loaded tablet metadata (0 live tablets)
I0929 21:45:23.022992 22612 rpc_server.cc:186] RPC server started. Bound to: 127.0.0.1:51822
I0929 21:45:23.023891 22612 webserver.cc:141] Starting webserver on 0.0.0.0:0
I0929 21:45:23.024024 22612 webserver.cc:152] Document root disabled
I0929 21:45:23.025156 22612 webserver.cc:283] Webserver started. Bound to: http://0.0.0.0:55823/
I0929 21:45:23.043489 23338 heartbeater.cc:291] Connected to a master server at 127.0.0.1:55536
I0929 21:45:23.043773 23338 heartbeater.cc:361] Registering TS with master...
I0929 21:45:23.044363 23338 heartbeater.cc:388] Master 127.0.0.1:55536 requested a full tablet report, sending...
I0929 21:45:23.045979 23230 ts_manager.cc:78] Registered new tserver with Master: 62eff7937bf1490aae26e5600dc5c102 (127.0.0.1:51822)
I0929 21:45:23.046954 22612 mini_cluster.cc:276] 1 TS(s) registered with all masters after 0.01449386s
I0929 21:45:23.048077 23230 master_service.cc:195] Signed X509 certificate for tserver {username='slave'} at 127.0.0.1:41927
I0929 21:45:23.061363 23338 heartbeater.cc:380] Master 127.0.0.1:55536 was elected leader, sending a full tablet report...
I0929 21:45:23.091282 23229 catalog_manager.cc:1277] CreateTable from {username='slave'} at 127.0.0.1:41928: name: "fake-table" schema { columns { name: "c0" type: INT32 is_key: true is_nullable: false encoding: AUTO_ENCODING compression: DEFAULT_COMPRESSION cfile_block_size: 0 } columns { name: "c1" type: INT32 is_key: false is_nullable: false encoding: AUTO_ENCODING compression: DEFAULT_COMPRESSION cfile_block_size: 0 } } num_replicas: 1 split_rows_range_bounds { } partition_schema { range_schema { columns { name: "c0" } } }
I0929 21:45:23.149585 23305 tablet_service.cc:672] Processing CreateTablet for tablet 6bef46752a8e4070b25c25662d74eac1 (table=fake-table [id=ec8c12f9cb9042daa320013e10f39f44]), partition=RANGE (c0) PARTITION UNBOUNDED
I0929 21:45:23.157500 23305 ts_tablet_manager.cc:906] T 6bef46752a8e4070b25c25662d74eac1 P 62eff7937bf1490aae26e5600dc5c102: Registered tablet (data state: TABLET_DATA_READY)
I0929 21:45:23.165402 23351 ts_tablet_manager.cc:767] T 6bef46752a8e4070b25c25662d74eac1 P 62eff7937bf1490aae26e5600dc5c102: Bootstrapping tablet
I0929 21:45:23.170644 23351 tablet_bootstrap.cc:406] T 6bef46752a8e4070b25c25662d74eac1 P 62eff7937bf1490aae26e5600dc5c102: Bootstrap starting.
I0929 21:45:23.173454 23351 tablet_bootstrap.cc:543] T 6bef46752a8e4070b25c25662d74eac1 P 62eff7937bf1490aae26e5600dc5c102: No blocks or log segments found. Creating new log.
I0929 21:45:23.176771 23351 tablet_bootstrap.cc:406] T 6bef46752a8e4070b25c25662d74eac1 P 62eff7937bf1490aae26e5600dc5c102: No bootstrap required, opened a new log
I0929 21:45:23.177134 23351 ts_tablet_manager.cc:772] T 6bef46752a8e4070b25c25662d74eac1 P 62eff7937bf1490aae26e5600dc5c102: Time spent bootstrapping tablet: real 0.011s user 0.008s sys 0.000s
I0929 21:45:23.184389 23351 raft_consensus.cc:289] T 6bef46752a8e4070b25c25662d74eac1 P 62eff7937bf1490aae26e5600dc5c102 [term 0 FOLLOWER]: Replica starting. Triggering 0 pending transactions. Active config: opid_index: -1 OBSOLETE_local: true peers { permanent_uuid: "62eff7937bf1490aae26e5600dc5c102" member_type: VOTER last_known_addr { host: "127.0.0.1" port: 51822 } }
I0929 21:45:23.184979 23351 raft_consensus.cc:320] T 6bef46752a8e4070b25c25662d74eac1 P 62eff7937bf1490aae26e5600dc5c102 [term 0 FOLLOWER]: Consensus starting up: Expiring failure detector timer to make a prompt election more likely
I0929 21:45:23.185160 23351 raft_consensus.cc:549] T 6bef46752a8e4070b25c25662d74eac1 P 62eff7937bf1490aae26e5600dc5c102 [term 0 FOLLOWER]: Becoming Follower/Learner. State: Replica: 62eff7937bf1490aae26e5600dc5c102, State: 1, Role: FOLLOWER
I0929 21:45:23.185410 23351 consensus_queue.cc:184] T 6bef46752a8e4070b25c25662d74eac1 P 62eff7937bf1490aae26e5600dc5c102 [NON_LEADER]: Queue going to NON_LEADER mode. State: All replicated index: 0, Majority replicated index: 0, Committed index: 0, Last appended: 0.0, Last appended by leader: 0, Current term: 0, Majority size: -1, State: 1, Mode: NON_LEADER
I0929 21:45:23.185714 23351 raft_consensus.cc:333] T 6bef46752a8e4070b25c25662d74eac1 P 62eff7937bf1490aae26e5600dc5c102 [term 0 FOLLOWER]: Only one voter in the Raft config. Triggering election immediately
I0929 21:45:23.185881 23351 raft_consensus.cc:412] T 6bef46752a8e4070b25c25662d74eac1 P 62eff7937bf1490aae26e5600dc5c102 [term 0 FOLLOWER]: Starting leader election (initial election of a single-replica configuration)
I0929 21:45:23.186061 23351 raft_consensus.cc:2315] T 6bef46752a8e4070b25c25662d74eac1 P 62eff7937bf1490aae26e5600dc5c102 [term 0 FOLLOWER]: Snoozing failure detection for election timeout plus an additional 2.240s
I0929 21:45:23.186273 23351 raft_consensus.cc:2359] T 6bef46752a8e4070b25c25662d74eac1 P 62eff7937bf1490aae26e5600dc5c102 [term 0 FOLLOWER]: Advancing to term 1
I0929 21:45:23.190803 23351 raft_consensus.cc:436] T 6bef46752a8e4070b25c25662d74eac1 P 62eff7937bf1490aae26e5600dc5c102 [term 1 FOLLOWER]: Starting leader election with config: opid_index: -1 OBSOLETE_local: true peers { permanent_uuid: "62eff7937bf1490aae26e5600dc5c102" member_type: VOTER last_known_addr { host: "127.0.0.1" port: 51822 } }
I0929 21:45:23.191360 23351 leader_election.cc:243] T 6bef46752a8e4070b25c25662d74eac1 P 62eff7937bf1490aae26e5600dc5c102 [CANDIDATE]: Term 1 election: Election decided. Result: candidate won.
I0929 21:45:23.194304 23354 raft_consensus.cc:2315] T 6bef46752a8e4070b25c25662d74eac1 P 62eff7937bf1490aae26e5600dc5c102 [term 1 FOLLOWER]: Snoozing failure detection for election timeout plus an additional 1.874s
I0929 21:45:23.194679 23354 raft_consensus.cc:2124] T 6bef46752a8e4070b25c25662d74eac1 P 62eff7937bf1490aae26e5600dc5c102 [term 1 FOLLOWER]: Leader election won for term 1
I0929 21:45:23.195075 23351 ts_tablet_manager.cc:799] T 6bef46752a8e4070b25c25662d74eac1 P 62eff7937bf1490aae26e5600dc5c102: Time spent starting tablet: real 0.018s user 0.020s sys 0.000s
I0929 21:45:23.195153 23354 raft_consensus.cc:519] T 6bef46752a8e4070b25c25662d74eac1 P 62eff7937bf1490aae26e5600dc5c102 [term 1 LEADER]: Becoming Leader. State: Replica: 62eff7937bf1490aae26e5600dc5c102, State: 1, Role: LEADER
I0929 21:45:23.195490 23354 consensus_queue.cc:163] T 6bef46752a8e4070b25c25662d74eac1 P 62eff7937bf1490aae26e5600dc5c102 [LEADER]: Queue going to LEADER mode. State: All replicated index: 0, Majority replicated index: 0, Committed index: 0, Last appended: 0.0, Last appended by leader: 0, Current term: 1, Majority size: 1, State: 1, Mode: LEADER, active raft config: opid_index: -1 OBSOLETE_local: true peers { permanent_uuid: "62eff7937bf1490aae26e5600dc5c102" member_type: VOTER last_known_addr { host: "127.0.0.1" port: 51822 } }
I0929 21:45:23.212527 23230 catalog_manager.cc:2555] T 6bef46752a8e4070b25c25662d74eac1 reported consensus state change: term changed from 0 to 1, leader changed from to 62eff7937bf1490aae26e5600dc5c102 (127.0.0.1). New consensus state: current_term: 1 leader_uuid: "62eff7937bf1490aae26e5600dc5c102" committed_config { opid_index: -1 OBSOLETE_local: true peers { permanent_uuid: "62eff7937bf1490aae26e5600dc5c102" member_type: VOTER last_known_addr { host: "127.0.0.1" port: 51822 } } }
I0929 21:45:23.223752 22612 alter_table-test.cc:131] Tablet successfully located
I0929 21:45:23.250501 22612 tablet.cc:1039] T 6bef46752a8e4070b25c25662d74eac1 P 62eff7937bf1490aae26e5600dc5c102: Flush: entering stage 1 (old memrowset already frozen for inserts)
I0929 21:45:23.250682 22612 compaction.cc:881] Selected 1 rowsets to compact:
I0929 21:45:23.250815 22612 compaction.cc:884] memrowset(current size on disk: ~0 bytes)
I0929 21:45:23.250922 22612 tablet.cc:1041] T 6bef46752a8e4070b25c25662d74eac1 P 62eff7937bf1490aae26e5600dc5c102: Memstore in-memory size: 763 bytes
I0929 21:45:23.251063 22612 tablet.cc:1304] T 6bef46752a8e4070b25c25662d74eac1 P 62eff7937bf1490aae26e5600dc5c102: Flush: entering phase 1 (flushing snapshot). Phase 1 snapshot: MvccSnapshot[committed={T|T < 3 or (T in {3})}]
I0929 21:45:23.254367 22612 multi_column_writer.cc:89] Opened CFile writers for 2 column(s)
I0929 21:45:23.265370 22612 tablet.cc:1389] T 6bef46752a8e4070b25c25662d74eac1 P 62eff7937bf1490aae26e5600dc5c102: Flush: entering phase 2 (starting to duplicate updates in new rowsets)
I0929 21:45:23.265817 22612 tablet.cc:1444] T 6bef46752a8e4070b25c25662d74eac1 P 62eff7937bf1490aae26e5600dc5c102: Flush Phase 2: carrying over any updates which arrived during Phase 1
I0929 21:45:23.266047 22612 tablet.cc:1446] T 6bef46752a8e4070b25c25662d74eac1 P 62eff7937bf1490aae26e5600dc5c102: Phase 2 snapshot: MvccSnapshot[committed={T|T < 3 or (T in {3})}]
I0929 21:45:23.272074 22612 tablet.cc:1488] T 6bef46752a8e4070b25c25662d74eac1 P 62eff7937bf1490aae26e5600dc5c102: Flush successful on 1 rows (4418 bytes)
I0929 21:45:23.274235 23230 catalog_manager.cc:1920] Servicing AlterTable request from {username='slave'} at 127.0.0.1:41928: table { table_name: "fake-table" } alter_schema_steps { type: RENAME_COLUMN rename_column { old_name: "c0" new_name: "primaryKeyRenamed" } } alter_schema_steps { type: RENAME_COLUMN rename_column { old_name: "c1" new_name: "secondColumn" } }
I0929 21:45:23.284116 23360 tablet.cc:1087] T 6bef46752a8e4070b25c25662d74eac1 P 62eff7937bf1490aae26e5600dc5c102: Alter schema from Schema [ 10:c0[int32 NOT NULL], 11:c1[int32 NOT NULL] ] version 0 to Schema [ 10:primaryKeyRenamed[int32 NOT NULL], 11:secondColumn[int32 NOT NULL] ] version 1
I0929 21:45:23.285236 23360 tablet.cc:1030] T 6bef46752a8e4070b25c25662d74eac1 P 62eff7937bf1490aae26e5600dc5c102: MemRowSet was empty: no flush needed.
I0929 21:45:23.303504 23230 catalog_manager.cc:3651] T 00000000000000000000000000000000 P f7bb167f65a64bdfbf19fc1e83de7382: fake-table [id=ec8c12f9cb9042daa320013e10f39f44] - Alter table completed version=1
I0929 21:45:23.324787 23229 catalog_manager.cc:1920] Servicing AlterTable request from {username='slave'} at 127.0.0.1:41928: table { table_name: "fake-table" } alter_schema_steps { type: RENAME_COLUMN rename_column { old_name: "primaryKeyRenamed" new_name: "pk" } } alter_schema_steps { type: RENAME_COLUMN rename_column { old_name: "secondColumn" new_name: "sc" } }
I0929 21:45:23.334295 23360 tablet.cc:1087] T 6bef46752a8e4070b25c25662d74eac1 P 62eff7937bf1490aae26e5600dc5c102: Alter schema from Schema [ 10:primaryKeyRenamed[int32 NOT NULL], 11:secondColumn[int32 NOT NULL] ] version 1 to Schema [ 10:pk[int32 NOT NULL], 11:sc[int32 NOT NULL] ] version 2
I0929 21:45:23.335306 23360 tablet.cc:1039] T 6bef46752a8e4070b25c25662d74eac1 P 62eff7937bf1490aae26e5600dc5c102: Flush: entering stage 1 (old memrowset already frozen for inserts)
I0929 21:45:23.335474 23360 compaction.cc:881] Selected 1 rowsets to compact:
I0929 21:45:23.335590 23360 compaction.cc:884] memrowset(current size on disk: ~0 bytes)
I0929 21:45:23.335705 23360 tablet.cc:1041] T 6bef46752a8e4070b25c25662d74eac1 P 62eff7937bf1490aae26e5600dc5c102: Memstore in-memory size: 763 bytes
I0929 21:45:23.335850 23360 tablet.cc:1304] T 6bef46752a8e4070b25c25662d74eac1 P 62eff7937bf1490aae26e5600dc5c102: Flush: entering phase 1 (flushing snapshot). Phase 1 snapshot: MvccSnapshot[committed={T|T < 7}]
I0929 21:45:23.337170 23360 multi_column_writer.cc:89] Opened CFile writers for 2 column(s)
I0929 21:45:23.344588 23360 tablet.cc:1389] T 6bef46752a8e4070b25c25662d74eac1 P 62eff7937bf1490aae26e5600dc5c102: Flush: entering phase 2 (starting to duplicate updates in new rowsets)
I0929 21:45:23.345077 23360 tablet.cc:1444] T 6bef46752a8e4070b25c25662d74eac1 P 62eff7937bf1490aae26e5600dc5c102: Flush Phase 2: carrying over any updates which arrived during Phase 1
I0929 21:45:23.345214 23360 tablet.cc:1446] T 6bef46752a8e4070b25c25662d74eac1 P 62eff7937bf1490aae26e5600dc5c102: Phase 2 snapshot: MvccSnapshot[committed={T|T < 7}]
I0929 21:45:23.351651 23360 tablet.cc:1488] T 6bef46752a8e4070b25c25662d74eac1 P 62eff7937bf1490aae26e5600dc5c102: Flush successful on 1 rows (4422 bytes)
I0929 21:45:23.363128 23228 catalog_manager.cc:3651] T 00000000000000000000000000000000 P f7bb167f65a64bdfbf19fc1e83de7382: fake-table [id=ec8c12f9cb9042daa320013e10f39f44] - Alter table completed version=2
I0929 21:45:23.386081 22612 tablet_server.cc:131] TabletServer shutting down...
I0929 21:45:23.415527 22612 ts_tablet_manager.cc:851] Shutting down tablet manager...
I0929 21:45:23.415818 22612 tablet_replica.cc:218] Initiating TabletReplica shutdown for tablet: 6bef46752a8e4070b25c25662d74eac1
I0929 21:45:23.416100 22612 maintenance_manager.cc:206] P 62eff7937bf1490aae26e5600dc5c102: Unregistered op CompactRowSetsOp(6bef46752a8e4070b25c25662d74eac1)
I0929 21:45:23.416309 22612 maintenance_manager.cc:206] P 62eff7937bf1490aae26e5600dc5c102: Unregistered op MinorDeltaCompactionOp(6bef46752a8e4070b25c25662d74eac1)
I0929 21:45:23.416520 22612 maintenance_manager.cc:206] P 62eff7937bf1490aae26e5600dc5c102: Unregistered op MajorDeltaCompactionOp(6bef46752a8e4070b25c25662d74eac1)
I0929 21:45:23.416646 22612 maintenance_manager.cc:206] P 62eff7937bf1490aae26e5600dc5c102: Unregistered op UndoDeltaBlockGCOp(6bef46752a8e4070b25c25662d74eac1)
I0929 21:45:23.416790 22612 maintenance_manager.cc:206] P 62eff7937bf1490aae26e5600dc5c102: Unregistered op FlushMRSOp(6bef46752a8e4070b25c25662d74eac1)
I0929 21:45:23.416913 22612 maintenance_manager.cc:206] P 62eff7937bf1490aae26e5600dc5c102: Unregistered op FlushDeltaMemStoresOp(6bef46752a8e4070b25c25662d74eac1)
I0929 21:45:23.417045 22612 maintenance_manager.cc:206] P 62eff7937bf1490aae26e5600dc5c102: Unregistered op LogGCOp(6bef46752a8e4070b25c25662d74eac1)
I0929 21:45:23.417212 22612 raft_consensus.cc:1722] T 6bef46752a8e4070b25c25662d74eac1 P 62eff7937bf1490aae26e5600dc5c102 [term 1 LEADER]: Raft consensus shutting down.
I0929 21:45:23.417486 22612 raft_consensus.cc:1738] T 6bef46752a8e4070b25c25662d74eac1 P 62eff7937bf1490aae26e5600dc5c102 [term 1 LEADER]: Raft consensus is shut down!
I0929 21:45:23.422861 22612 tablet_server.cc:136] TabletServer shut down complete. Bye!
I0929 21:45:23.423015 22612 tablet_server.cc:131] TabletServer shutting down...
I0929 21:45:23.423166 22612 tablet_server.cc:136] TabletServer shut down complete. Bye!
I0929 21:45:23.431233 22612 master.cc:213] Master@127.0.0.1:55536 shutting down...
I0929 21:45:23.460072 22612 raft_consensus.cc:1722] T 00000000000000000000000000000000 P f7bb167f65a64bdfbf19fc1e83de7382 [term 1 LEADER]: Raft consensus shutting down.
I0929 21:45:23.460428 22612 raft_consensus.cc:1738] T 00000000000000000000000000000000 P f7bb167f65a64bdfbf19fc1e83de7382 [term 1 LEADER]: Raft consensus is shut down!
I0929 21:45:23.462481 22612 tablet_replica.cc:218] Initiating TabletReplica shutdown for tablet: 00000000000000000000000000000000
I0929 21:45:23.462676 22612 maintenance_manager.cc:206] P f7bb167f65a64bdfbf19fc1e83de7382: Unregistered op CompactRowSetsOp(00000000000000000000000000000000)
I0929 21:45:23.462832 22612 maintenance_manager.cc:206] P f7bb167f65a64bdfbf19fc1e83de7382: Unregistered op MinorDeltaCompactionOp(00000000000000000000000000000000)
I0929 21:45:23.462981 22612 maintenance_manager.cc:206] P f7bb167f65a64bdfbf19fc1e83de7382: Unregistered op MajorDeltaCompactionOp(00000000000000000000000000000000)
I0929 21:45:23.463122 22612 maintenance_manager.cc:206] P f7bb167f65a64bdfbf19fc1e83de7382: Unregistered op UndoDeltaBlockGCOp(00000000000000000000000000000000)
I0929 21:45:23.463280 22612 maintenance_manager.cc:206] P f7bb167f65a64bdfbf19fc1e83de7382: Unregistered op FlushMRSOp(00000000000000000000000000000000)
I0929 21:45:23.463418 22612 maintenance_manager.cc:206] P f7bb167f65a64bdfbf19fc1e83de7382: Unregistered op FlushDeltaMemStoresOp(00000000000000000000000000000000)
I0929 21:45:23.463551 22612 maintenance_manager.cc:206] P f7bb167f65a64bdfbf19fc1e83de7382: Unregistered op LogGCOp(00000000000000000000000000000000)
I0929 21:45:23.466225 22612 master.cc:217] Master@127.0.0.1:55536 shutdown complete. [ OK ] AlterTableTest.TestRenamePrimaryKeyColumn (1424 ms) [ RUN ] AlterTableTest.TestAddChangeRemoveColumnDefaultValue
I0929 21:45:23.494772 22612 file_cache.cc:463] Constructed file cache lbm with capacity 26214
I0929 21:45:23.500350 22612 server_base.cc:215] Could not load existing FS layout: Not found: /tmp/run_tha_test8NQfeJ/test-tmp/alter_table-test.AlterTableTest.TestAddChangeRemoveColumnDefaultValue.1506721518627625-22612/minicluster-data/master-0-root/instance: No such file or directory (error 2)
I0929 21:45:23.500517 22612 server_base.cc:216] Creating new FS layout
I0929 21:45:23.506628 22612 fs_manager.cc:377] Generated new instance metadata in path /tmp/run_tha_test8NQfeJ/test-tmp/alter_table-test.AlterTableTest.TestAddChangeRemoveColumnDefaultValue.1506721518627625-22612/minicluster-data/master-0-root/instance: uuid: "2c75fe2196964646b4fdda87a5562ec8" format_stamp: "Formatted at 2017-09-29 21:45:23 on dist-test-slave-dist-test-slave-sph7"
I0929 21:45:23.520566 22612 fs_manager.cc:263] Time spent opening block manager: real 0.007s user 0.004s sys 0.004s
I0929 21:45:23.520731 22612 fs_manager.cc:266] Opened local filesystem: /tmp/run_tha_test8NQfeJ/test-tmp/alter_table-test.AlterTableTest.TestAddChangeRemoveColumnDefaultValue.1506721518627625-22612/minicluster-data/master-0-root uuid: "2c75fe2196964646b4fdda87a5562ec8" format_stamp: "Formatted at 2017-09-29 21:45:23 on dist-test-slave-dist-test-slave-sph7"
I0929 21:45:23.520956 22612 fs_report.cc:345] Block manager report -------------------- 1 data directories: /tmp/run_tha_test8NQfeJ/test-tmp/alter_table-test.AlterTableTest.TestAddChangeRemoveColumnDefaultValue.1506721518627625-22612/minicluster-data/master-0-root/data Total live blocks: 0 Total live bytes: 0 Total live bytes (after alignment): 0 Total number of LBM containers: 0 (0 full) Did not check for missing blocks Did not check for orphaned blocks Total full LBM containers with extra space: 0 (0 repaired) Total full LBM container extra space in bytes: 0 (0 repaired) Total incomplete LBM containers: 0 (0 repaired) Total LBM partial records: 0 (0 repaired)
I0929 21:45:23.819041 22612 rpc_server.cc:186] RPC server started. Bound to: 127.0.0.1:58693
I0929 21:45:23.819911 22612 webserver.cc:141] Starting webserver on 0.0.0.0:0
I0929 21:45:23.820037 22612 webserver.cc:152] Document root disabled
I0929 21:45:23.822909 22612 webserver.cc:283] Webserver started. Bound to: http://0.0.0.0:51013/
I0929 21:45:23.839793 23415 tablet_bootstrap.cc:406] T 00000000000000000000000000000000 P 2c75fe2196964646b4fdda87a5562ec8: Bootstrap starting.
I0929 21:45:23.841959 23415 tablet_bootstrap.cc:543] T 00000000000000000000000000000000 P 2c75fe2196964646b4fdda87a5562ec8: No blocks or log segments found. Creating new log.
I0929 21:45:23.855782 23415 tablet_bootstrap.cc:406] T 00000000000000000000000000000000 P 2c75fe2196964646b4fdda87a5562ec8: No bootstrap required, opened a new log
I0929 21:45:23.870915 23415 raft_consensus.cc:289] T 00000000000000000000000000000000 P 2c75fe2196964646b4fdda87a5562ec8 [term 0 FOLLOWER]: Replica starting. Triggering 0 pending transactions. Active config: opid_index: -1 OBSOLETE_local: true peers { permanent_uuid: "2c75fe2196964646b4fdda87a5562ec8" member_type: VOTER }
I0929 21:45:23.871376 23415 raft_consensus.cc:320] T 00000000000000000000000000000000 P 2c75fe2196964646b4fdda87a5562ec8 [term 0 FOLLOWER]: Consensus starting up: Expiring failure detector timer to make a prompt election more likely
I0929 21:45:23.871562 23415 raft_consensus.cc:549] T 00000000000000000000000000000000 P 2c75fe2196964646b4fdda87a5562ec8 [term 0 FOLLOWER]: Becoming Follower/Learner. State: Replica: 2c75fe2196964646b4fdda87a5562ec8, State: 1, Role: FOLLOWER
I0929 21:45:23.871764 23415 consensus_queue.cc:184] T 00000000000000000000000000000000 P 2c75fe2196964646b4fdda87a5562ec8 [NON_LEADER]: Queue going to NON_LEADER mode. State: All replicated index: 0, Majority replicated index: 0, Committed index: 0, Last appended: 0.0, Last appended by leader: 0, Current term: 0, Majority size: -1, State: 1, Mode: NON_LEADER
I0929 21:45:23.871996 23415 raft_consensus.cc:333] T 00000000000000000000000000000000 P 2c75fe2196964646b4fdda87a5562ec8 [term 0 FOLLOWER]: Only one voter in the Raft config. Triggering election immediately
I0929 21:45:23.872143 23415 raft_consensus.cc:412] T 00000000000000000000000000000000 P 2c75fe2196964646b4fdda87a5562ec8 [term 0 FOLLOWER]: Starting leader election (initial election of a single-replica configuration)
I0929 21:45:23.872297 23415 raft_consensus.cc:2315] T 00000000000000000000000000000000 P 2c75fe2196964646b4fdda87a5562ec8 [term 0 FOLLOWER]: Snoozing failure detection for election timeout plus an additional 1.883s
I0929 21:45:23.872450 23415 raft_consensus.cc:2359] T 00000000000000000000000000000000 P 2c75fe2196964646b4fdda87a5562ec8 [term 0 FOLLOWER]: Advancing to term 1
I0929 21:45:23.875783 23415 raft_consensus.cc:436] T 00000000000000000000000000000000 P 2c75fe2196964646b4fdda87a5562ec8 [term 1 FOLLOWER]: Starting leader election with config: opid_index: -1 OBSOLETE_local: true peers { permanent_uuid: "2c75fe2196964646b4fdda87a5562ec8" member_type: VOTER }
I0929 21:45:23.876212 23415 leader_election.cc:243] T 00000000000000000000000000000000 P 2c75fe2196964646b4fdda87a5562ec8 [CANDIDATE]: Term 1 election: Election decided. Result: candidate won.
I0929 21:45:23.886894 23418 raft_consensus.cc:2315] T 00000000000000000000000000000000 P 2c75fe2196964646b4fdda87a5562ec8 [term 1 FOLLOWER]: Snoozing failure detection for election timeout plus an additional 1.898s
I0929 21:45:23.887338 23418 raft_consensus.cc:2124] T 00000000000000000000000000000000 P 2c75fe2196964646b4fdda87a5562ec8 [term 1 FOLLOWER]: Leader election won for term 1
I0929 21:45:23.910866 23418 raft_consensus.cc:519] T 00000000000000000000000000000000 P 2c75fe2196964646b4fdda87a5562ec8 [term 1 LEADER]: Becoming Leader. State: Replica: 2c75fe2196964646b4fdda87a5562ec8, State: 1, Role: LEADER
I0929 21:45:23.911350 23418 consensus_queue.cc:163] T 00000000000000000000000000000000 P 2c75fe2196964646b4fdda87a5562ec8 [LEADER]: Queue going to LEADER mode. State: All replicated index: 0, Majority replicated index: 0, Committed index: 0, Last appended: 0.0, Last appended by leader: 0, Current term: 1, Majority size: 1, State: 1, Mode: LEADER, active raft config: opid_index: -1 OBSOLETE_local: true peers { permanent_uuid: "2c75fe2196964646b4fdda87a5562ec8" member_type: VOTER }
I0929 21:45:23.914242 23415 sys_catalog.cc:266] T 00000000000000000000000000000000 P 2c75fe2196964646b4fdda87a5562ec8 [sys.catalog]: SysCatalogTable state changed. Reason: Started TabletReplica. Latest consensus state: current_term: 1 leader_uuid: "2c75fe2196964646b4fdda87a5562ec8" committed_config { opid_index: -1 OBSOLETE_local: true peers { permanent_uuid: "2c75fe2196964646b4fdda87a5562ec8" member_type: VOTER } }
I0929 21:45:23.914726 23415 sys_catalog.cc:269] T 00000000000000000000000000000000 P 2c75fe2196964646b4fdda87a5562ec8 [sys.catalog]: This master's current role is: LEADER
I0929 21:45:23.915318 23419 sys_catalog.cc:266] T 00000000000000000000000000000000 P 2c75fe2196964646b4fdda87a5562ec8 [sys.catalog]: SysCatalogTable state changed. Reason: RaftConsensus started. Latest consensus state: current_term: 1 leader_uuid: "2c75fe2196964646b4fdda87a5562ec8" committed_config { opid_index: -1 OBSOLETE_local: true peers { permanent_uuid: "2c75fe2196964646b4fdda87a5562ec8" member_type: VOTER } }
I0929 21:45:23.915724 23419 sys_catalog.cc:269] T 00000000000000000000000000000000 P 2c75fe2196964646b4fdda87a5562ec8 [sys.catalog]: This master's current role is: LEADER
I0929 21:45:23.916121 23420 sys_catalog.cc:266] T 00000000000000000000000000000000 P 2c75fe2196964646b4fdda87a5562ec8 [sys.catalog]: SysCatalogTable state changed. Reason: New leader 2c75fe2196964646b4fdda87a5562ec8. Latest consensus state: current_term: 1 leader_uuid: "2c75fe2196964646b4fdda87a5562ec8" committed_config { opid_index: -1 OBSOLETE_local: true peers { permanent_uuid: "2c75fe2196964646b4fdda87a5562ec8" member_type: VOTER } }
I0929 21:45:23.916474 23420 sys_catalog.cc:269] T 00000000000000000000000000000000 P 2c75fe2196964646b4fdda87a5562ec8 [sys.catalog]: This master's current role is: LEADER
I0929 21:45:23.923956 23415 sys_catalog.cc:344] T 00000000000000000000000000000000 P 2c75fe2196964646b4fdda87a5562ec8 [sys.catalog]: configured and running, proceeding with master startup.
I0929 21:45:23.931843 23422 catalog_manager.cc:1013] Loading table and tablet metadata into memory...
I0929 21:45:23.935087 23422 catalog_manager.cc:1024] Initializing Kudu internal certificate authority...
I0929 21:45:23.972067 23422 catalog_manager.cc:909] Generated new certificate authority record
I0929 21:45:23.974644 23422 catalog_manager.cc:1033] Loading token signing keys...
I0929 21:45:23.988353 23422 catalog_manager.cc:3528] T 00000000000000000000000000000000 P 2c75fe2196964646b4fdda87a5562ec8: Generated new TSK 0
I0929 21:45:24.020018 22612 file_cache.cc:463] Constructed file cache lbm with capacity 26214
I0929 21:45:24.026298 22612 server_base.cc:215] Could not load existing FS layout: Not found: /tmp/run_tha_test8NQfeJ/test-tmp/alter_table-test.AlterTableTest.TestAddChangeRemoveColumnDefaultValue.1506721518627625-22612/minicluster-data/ts-0-root/instance: No such file or directory (error 2)
I0929 21:45:24.026464 22612 server_base.cc:216] Creating new FS layout
I0929 21:45:24.033924 22612 fs_manager.cc:377] Generated new instance metadata in path /tmp/run_tha_test8NQfeJ/test-tmp/alter_table-test.AlterTableTest.TestAddChangeRemoveColumnDefaultValue.1506721518627625-22612/minicluster-data/ts-0-root/instance: uuid: "c6c249d2e3064a02ab3bfcc5f45d7135" format_stamp: "Formatted at 2017-09-29 21:45:24 on dist-test-slave-dist-test-slave-sph7"
I0929 21:45:24.048890 22612 fs_manager.cc:263] Time spent opening block manager: real 0.007s user 0.000s sys 0.008s
I0929 21:45:24.049080 22612 fs_manager.cc:266] Opened local filesystem: /tmp/run_tha_test8NQfeJ/test-tmp/alter_table-test.AlterTableTest.TestAddChangeRemoveColumnDefaultValue.1506721518627625-22612/minicluster-data/ts-0-root uuid: "c6c249d2e3064a02ab3bfcc5f45d7135" format_stamp: "Formatted at 2017-09-29 21:45:24 on dist-test-slave-dist-test-slave-sph7"
I0929 21:45:24.049314 22612 fs_report.cc:345] Block manager report -------------------- 1 data directories: /tmp/run_tha_test8NQfeJ/test-tmp/alter_table-test.AlterTableTest.TestAddChangeRemoveColumnDefaultValue.1506721518627625-22612/minicluster-data/ts-0-root/data Total live blocks: 0 Total live bytes: 0 Total live bytes (after alignment): 0 Total number of LBM containers: 0 (0 full) Did not check for missing blocks Did not check for orphaned blocks Total full LBM containers with extra space: 0 (0 repaired) Total full LBM container extra space in bytes: 0 (0 repaired) Total incomplete LBM containers: 0 (0 repaired) Total LBM partial records: 0 (0 repaired)
I0929 21:45:24.136656 22612 ts_tablet_manager.cc:223] Loaded tablet metadata (0 live tablets)
I0929 21:45:24.439116 22612 rpc_server.cc:186] RPC server started. Bound to: 127.0.0.1:35727
I0929 21:45:24.440081 22612 webserver.cc:141] Starting webserver on 0.0.0.0:0
I0929 21:45:24.440222 22612 webserver.cc:152] Document root disabled
I0929 21:45:24.450759 22612 webserver.cc:283] Webserver started. Bound to: http://0.0.0.0:34170/
I0929 21:45:24.477664 23490 heartbeater.cc:291] Connected to a master server at 127.0.0.1:58693
I0929 21:45:24.477982 23490 heartbeater.cc:361] Registering TS with master...
I0929 21:45:24.478605 23490 heartbeater.cc:388] Master 127.0.0.1:58693 requested a full tablet report, sending...
I0929 21:45:24.480000 23382 ts_manager.cc:78] Registered new tserver with Master: c6c249d2e3064a02ab3bfcc5f45d7135 (127.0.0.1:35727)
I0929 21:45:24.480288 22612 mini_cluster.cc:276] 1 TS(s) registered with all masters after 0.027094479s
I0929 21:45:24.482108 23382 master_service.cc:195] Signed X509 certificate for tserver {username='slave'} at 127.0.0.1:34356
I0929 21:45:24.495359 23490 heartbeater.cc:380] Master 127.0.0.1:58693 was elected leader, sending a full tablet report...
I0929 21:45:24.526537 23381 catalog_manager.cc:1277] CreateTable from {username='slave'} at 127.0.0.1:34357: name: "fake-table" schema { columns { name: "c0" type: INT32 is_key: true is_nullable: false encoding: AUTO_ENCODING compression: DEFAULT_COMPRESSION cfile_block_size: 0 } columns { name: "c1" type: INT32 is_key: false is_nullable: false encoding: AUTO_ENCODING compression: DEFAULT_COMPRESSION cfile_block_size: 0 } } num_replicas: 1 split_rows_range_bounds { } partition_schema { range_schema { columns { name: "c0" } } }
I0929 21:45:24.583128 23457 tablet_service.cc:672] Processing CreateTablet for tablet efeb2e1aaacd45d788ddcea3ea4adb02 (table=fake-table [id=9823ff04454b452aa470f94e73efa6a2]), partition=RANGE (c0) PARTITION UNBOUNDED
I0929 21:45:24.592618 23457 ts_tablet_manager.cc:906] T efeb2e1aaacd45d788ddcea3ea4adb02 P c6c249d2e3064a02ab3bfcc5f45d7135: Registered tablet (data state: TABLET_DATA_READY)
I0929 21:45:24.602979 23503 ts_tablet_manager.cc:767] T efeb2e1aaacd45d788ddcea3ea4adb02 P c6c249d2e3064a02ab3bfcc5f45d7135: Bootstrapping tablet
I0929 21:45:24.607230 23503 tablet_bootstrap.cc:406] T efeb2e1aaacd45d788ddcea3ea4adb02 P c6c249d2e3064a02ab3bfcc5f45d7135: Bootstrap starting.
I0929 21:45:24.609299 23503 tablet_bootstrap.cc:543] T efeb2e1aaacd45d788ddcea3ea4adb02 P c6c249d2e3064a02ab3bfcc5f45d7135: No blocks or log segments found. Creating new log.
I0929 21:45:24.623877 23503 tablet_bootstrap.cc:406] T efeb2e1aaacd45d788ddcea3ea4adb02 P c6c249d2e3064a02ab3bfcc5f45d7135: No bootstrap required, opened a new log
I0929 21:45:24.624244 23503 ts_tablet_manager.cc:772] T efeb2e1aaacd45d788ddcea3ea4adb02 P c6c249d2e3064a02ab3bfcc5f45d7135: Time spent bootstrapping tablet: real 0.021s user 0.000s sys 0.020s
I0929 21:45:24.646960 23503 raft_consensus.cc:289] T efeb2e1aaacd45d788ddcea3ea4adb02 P c6c249d2e3064a02ab3bfcc5f45d7135 [term 0 FOLLOWER]: Replica starting. Triggering 0 pending transactions. Active config: opid_index: -1 OBSOLETE_local: true peers { permanent_uuid: "c6c249d2e3064a02ab3bfcc5f45d7135" member_type: VOTER last_known_addr { host: "127.0.0.1" port: 35727 } }
I0929 21:45:24.647460 23503 raft_consensus.cc:320] T efeb2e1aaacd45d788ddcea3ea4adb02 P c6c249d2e3064a02ab3bfcc5f45d7135 [term 0 FOLLOWER]: Consensus starting up: Expiring failure detector timer to make a prompt election more likely
I0929 21:45:24.647608 23503 raft_consensus.cc:549] T efeb2e1aaacd45d788ddcea3ea4adb02 P c6c249d2e3064a02ab3bfcc5f45d7135 [term 0 FOLLOWER]: Becoming Follower/Learner. State: Replica: c6c249d2e3064a02ab3bfcc5f45d7135, State: 1, Role: FOLLOWER
I0929 21:45:24.647828 23503 consensus_queue.cc:184] T efeb2e1aaacd45d788ddcea3ea4adb02 P c6c249d2e3064a02ab3bfcc5f45d7135 [NON_LEADER]: Queue going to NON_LEADER mode. State: All replicated index: 0, Majority replicated index: 0, Committed index: 0, Last appended: 0.0, Last appended by leader: 0, Current term: 0, Majority size: -1, State: 1, Mode: NON_LEADER
I0929 21:45:24.648072 23503 raft_consensus.cc:333] T efeb2e1aaacd45d788ddcea3ea4adb02 P c6c249d2e3064a02ab3bfcc5f45d7135 [term 0 FOLLOWER]: Only one voter in the Raft config. Triggering election immediately
I0929 21:45:24.648205 23503 raft_consensus.cc:412] T efeb2e1aaacd45d788ddcea3ea4adb02 P c6c249d2e3064a02ab3bfcc5f45d7135 [term 0 FOLLOWER]: Starting leader election (initial election of a single-replica configuration)
I0929 21:45:24.648355 23503 raft_consensus.cc:2315] T efeb2e1aaacd45d788ddcea3ea4adb02 P c6c249d2e3064a02ab3bfcc5f45d7135 [term 0 FOLLOWER]: Snoozing failure detection for election timeout plus an additional 2.005s
I0929 21:45:24.648507 23503 raft_consensus.cc:2359] T efeb2e1aaacd45d788ddcea3ea4adb02 P c6c249d2e3064a02ab3bfcc5f45d7135 [term 0 FOLLOWER]: Advancing to term 1
I0929 21:45:24.652276 23503 raft_consensus.cc:436] T efeb2e1aaacd45d788ddcea3ea4adb02 P c6c249d2e3064a02ab3bfcc5f45d7135 [term 1 FOLLOWER]: Starting leader election with config: opid_index: -1 OBSOLETE_local: true peers { permanent_uuid: "c6c249d2e3064a02ab3bfcc5f45d7135" member_type: VOTER last_known_addr { host: "127.0.0.1" port: 35727 } }
I0929 21:45:24.652709 23503 leader_election.cc:243] T efeb2e1aaacd45d788ddcea3ea4adb02 P c6c249d2e3064a02ab3bfcc5f45d7135 [CANDIDATE]: Term 1 election: Election decided. Result: candidate won.
I0929 21:45:24.655205 23506 raft_consensus.cc:2315] T efeb2e1aaacd45d788ddcea3ea4adb02 P c6c249d2e3064a02ab3bfcc5f45d7135 [term 1 FOLLOWER]: Snoozing failure detection for election timeout plus an additional 1.909s
I0929 21:45:24.655591 23506 raft_consensus.cc:2124] T efeb2e1aaacd45d788ddcea3ea4adb02 P c6c249d2e3064a02ab3bfcc5f45d7135 [term 1 FOLLOWER]: Leader election won for term 1
I0929 21:45:24.657531 23503 ts_tablet_manager.cc:799] T efeb2e1aaacd45d788ddcea3ea4adb02 P c6c249d2e3064a02ab3bfcc5f45d7135: Time spent starting tablet: real 0.033s user 0.016s sys 0.016s
I0929 21:45:24.658705 23506 raft_consensus.cc:519] T efeb2e1aaacd45d788ddcea3ea4adb02 P c6c249d2e3064a02ab3bfcc5f45d7135 [term 1 LEADER]: Becoming Leader. State: Replica: c6c249d2e3064a02ab3bfcc5f45d7135, State: 1, Role: LEADER
I0929 21:45:24.659042 23506 consensus_queue.cc:163] T efeb2e1aaacd45d788ddcea3ea4adb02 P c6c249d2e3064a02ab3bfcc5f45d7135 [LEADER]: Queue going to LEADER mode. State: All replicated index: 0, Majority replicated index: 0, Committed index: 0, Last appended: 0.0, Last appended by leader: 0, Current term: 1, Majority size: 1, State: 1, Mode: LEADER, active raft config: opid_index: -1 OBSOLETE_local: true peers { permanent_uuid: "c6c249d2e3064a02ab3bfcc5f45d7135" member_type: VOTER last_known_addr { host: "127.0.0.1" port: 35727 } }
I0929 21:45:24.669127 23381 catalog_manager.cc:2555] T efeb2e1aaacd45d788ddcea3ea4adb02 reported consensus state change: term changed from 0 to 1, leader changed from to c6c249d2e3064a02ab3bfcc5f45d7135 (127.0.0.1). New consensus state: current_term: 1 leader_uuid: "c6c249d2e3064a02ab3bfcc5f45d7135" committed_config { opid_index: -1 OBSOLETE_local: true peers { permanent_uuid: "c6c249d2e3064a02ab3bfcc5f45d7135" member_type: VOTER last_known_addr { host: "127.0.0.1" port: 35727 } } }
I0929 21:45:24.676232 22612 alter_table-test.cc:131] Tablet successfully located
I0929 21:45:24.677690 23380 catalog_manager.cc:1920] Servicing AlterTable request from {username='slave'} at 127.0.0.1:34357: table { table_name: "fake-table" } alter_schema_steps { type: ADD_COLUMN add_column { schema { name: "newInt32" type: INT32 is_nullable: true encoding: AUTO_ENCODING compression: DEFAULT_COMPRESSION cfile_block_size: 0 } } } alter_schema_steps { type: ADD_COLUMN add_column { schema { name: "newString" type: STRING is_nullable: true encoding: AUTO_ENCODING compression: DEFAULT_COMPRESSION cfile_block_size: 0 } } }
I0929 21:45:24.711244 23512 tablet.cc:1087] T efeb2e1aaacd45d788ddcea3ea4adb02 P c6c249d2e3064a02ab3bfcc5f45d7135: Alter schema from Schema [ 10:c0[int32 NOT NULL], 11:c1[int32 NOT NULL] ] version 0 to Schema [ 10:c0[int32 NOT NULL], 11:c1[int32 NOT NULL], 12:newInt32[int32 NULLABLE], 13:newString[string NULLABLE] ] version 1
I0929 21:45:24.712210 23512 tablet.cc:1030] T efeb2e1aaacd45d788ddcea3ea4adb02 P c6c249d2e3064a02ab3bfcc5f45d7135: MemRowSet was empty: no flush needed.
I0929 21:45:24.727674 23382 catalog_manager.cc:3651] T 00000000000000000000000000000000 P 2c75fe2196964646b4fdda87a5562ec8: fake-table [id=9823ff04454b452aa470f94e73efa6a2] - Alter table completed version=1
I0929 21:45:24.757244 22612 tablet.cc:1039] T efeb2e1aaacd45d788ddcea3ea4adb02 P c6c249d2e3064a02ab3bfcc5f45d7135: Flush: entering stage 1 (old memrowset already frozen for inserts)
I0929 21:45:24.757423 22612 compaction.cc:881] Selected 1 rowsets to compact:
I0929 21:45:24.757568 22612 compaction.cc:884] memrowset(current size on disk: ~0 bytes)
I0929 21:45:24.757668 22612 tablet.cc:1041] T efeb2e1aaacd45d788ddcea3ea4adb02 P c6c249d2e3064a02ab3bfcc5f45d7135: Memstore in-memory size: 763 bytes
I0929 21:45:24.757813 22612 tablet.cc:1304] T efeb2e1aaacd45d788ddcea3ea4adb02 P c6c249d2e3064a02ab3bfcc5f45d7135: Flush: entering phase 1 (flushing snapshot). Phase 1 snapshot: MvccSnapshot[committed={T|T < 4 or (T in {4})}]
I0929 21:45:24.762610 22612 multi_column_writer.cc:89] Opened CFile writers for 4 column(s)
I0929 21:45:24.785295 22612 tablet.cc:1389] T efeb2e1aaacd45d788ddcea3ea4adb02 P c6c249d2e3064a02ab3bfcc5f45d7135: Flush: entering phase 2 (starting to duplicate updates in new rowsets)
I0929 21:45:24.785732 22612 tablet.cc:1444] T efeb2e1aaacd45d788ddcea3ea4adb02 P c6c249d2e3064a02ab3bfcc5f45d7135: Flush Phase 2: carrying over any updates which arrived during Phase 1
I0929 21:45:24.785879 22612 tablet.cc:1446] T efeb2e1aaacd45d788ddcea3ea4adb02 P c6c249d2e3064a02ab3bfcc5f45d7135: Phase 2 snapshot: MvccSnapshot[committed={T|T < 4 or (T in {4})}]
I0929 21:45:24.792570 22612 tablet.cc:1488] T efeb2e1aaacd45d788ddcea3ea4adb02 P c6c249d2e3064a02ab3bfcc5f45d7135: Flush successful on 1 rows (4614 bytes)
I0929 21:45:24.795183 23380 catalog_manager.cc:1920] Servicing AlterTable request from {username='slave'} at 127.0.0.1:34357: table { table_name: "fake-table" } alter_schema_steps { type: ALTER_COLUMN alter_column { delta { name: "newInt32" default_value: "90\000\000\000\000\000\000" } } } alter_schema_steps { type: ALTER_COLUMN alter_column { delta { name: "newString" default_value: "taco" } } }
I0929 21:45:24.807797 23512 tablet.cc:1087] T efeb2e1aaacd45d788ddcea3ea4adb02 P c6c249d2e3064a02ab3bfcc5f45d7135: Alter schema from Schema [ 10:c0[int32 NOT NULL], 11:c1[int32 NOT NULL], 12:newInt32[int32 NULLABLE], 13:newString[string NULLABLE] ] version 1 to Schema [ 10:c0[int32 NOT NULL], 11:c1[int32 NOT NULL], 12:newInt32[int32 NULLABLE], 13:newString[string NULLABLE] ] version 2
I0929 21:45:24.809159 23512 tablet.cc:1030] T efeb2e1aaacd45d788ddcea3ea4adb02 P c6c249d2e3064a02ab3bfcc5f45d7135: MemRowSet was empty: no flush needed.
I0929 21:45:24.828245 23380 catalog_manager.cc:3651] T 00000000000000000000000000000000 P 2c75fe2196964646b4fdda87a5562ec8: fake-table [id=9823ff04454b452aa470f94e73efa6a2] - Alter table completed version=2
I0929 21:45:24.838165 22612 tablet.cc:1039] T efeb2e1aaacd45d788ddcea3ea4adb02 P c6c249d2e3064a02ab3bfcc5f45d7135: Flush: entering stage 1 (old memrowset already frozen for inserts)
I0929 21:45:24.838379 22612 compaction.cc:881] Selected 1 rowsets to compact:
I0929 21:45:24.838510 22612 compaction.cc:884] memrowset(current size on disk: ~0 bytes)
I0929 21:45:24.838618 22612 tablet.cc:1041] T efeb2e1aaacd45d788ddcea3ea4adb02 P c6c249d2e3064a02ab3bfcc5f45d7135: Memstore in-memory size: 763 bytes
I0929 21:45:24.838785 22612 tablet.cc:1304] T efeb2e1aaacd45d788ddcea3ea4adb02 P c6c249d2e3064a02ab3bfcc5f45d7135: Flush: entering phase 1 (flushing snapshot). Phase 1 snapshot: MvccSnapshot[committed={T|T < 6 or (T in {6})}]
I0929 21:45:24.840756 22612 multi_column_writer.cc:89] Opened CFile writers for 4 column(s)
I0929 21:45:24.848984 22612 tablet.cc:1389] T efeb2e1aaacd45d788ddcea3ea4adb02 P c6c249d2e3064a02ab3bfcc5f45d7135: Flush: entering phase 2 (starting to duplicate updates in new rowsets)
I0929 21:45:24.849395 22612 tablet.cc:1444] T efeb2e1aaacd45d788ddcea3ea4adb02 P c6c249d2e3064a02ab3bfcc5f45d7135: Flush Phase 2: carrying over any updates which arrived during Phase 1
I0929 21:45:24.849577 22612 tablet.cc:1446] T efeb2e1aaacd45d788ddcea3ea4adb02 P c6c249d2e3064a02ab3bfcc5f45d7135: Phase 2 snapshot: MvccSnapshot[committed={T|T < 6 or (T in {6})}]
I0929 21:45:24.855681 22612 tablet.cc:1488] T efeb2e1aaacd45d788ddcea3ea4adb02 P c6c249d2e3064a02ab3bfcc5f45d7135: Flush successful on 1 rows (4666 bytes)
I0929 21:45:24.871704 23380 catalog_manager.cc:1920] Servicing AlterTable request from {username='slave'} at 127.0.0.1:34357: table { table_name: "fake-table" } alter_schema_steps { type: ALTER_COLUMN alter_column { delta { name: "newInt32" default_value: "1\324\000\000\000\000\000\000" } } } alter_schema_steps { type: ALTER_COLUMN alter_column { delta { name: "newString" default_value: "ocat" } } }
I0929 21:45:24.881736 23512 tablet.cc:1087] T efeb2e1aaacd45d788ddcea3ea4adb02 P c6c249d2e3064a02ab3bfcc5f45d7135: Alter schema from Schema [ 10:c0[int32 NOT NULL], 11:c1[int32 NOT NULL], 12:newInt32[int32 NULLABLE], 13:newString[string NULLABLE] ] version 2 to Schema [ 10:c0[int32 NOT NULL], 11:c1[int32 NOT NULL], 12:newInt32[int32 NULLABLE], 13:newString[string NULLABLE] ] version 3
I0929 21:45:24.883036 23512 tablet.cc:1030] T efeb2e1aaacd45d788ddcea3ea4adb02 P c6c249d2e3064a02ab3bfcc5f45d7135: MemRowSet was empty: no flush needed.
I0929 21:45:24.902302 23380 catalog_manager.cc:3651] T 00000000000000000000000000000000 P 2c75fe2196964646b4fdda87a5562ec8: fake-table [id=9823ff04454b452aa470f94e73efa6a2] - Alter table completed version=3
I0929 21:45:24.912335 22612 tablet.cc:1039] T efeb2e1aaacd45d788ddcea3ea4adb02 P c6c249d2e3064a02ab3bfcc5f45d7135: Flush: entering stage 1 (old memrowset already frozen for inserts)
I0929 21:45:24.912525 22612 compaction.cc:881] Selected 1 rowsets to compact:
I0929 21:45:24.912643 22612 compaction.cc:884] memrowset(current size on disk: ~0 bytes)
I0929 21:45:24.912744 22612 tablet.cc:1041] T efeb2e1aaacd45d788ddcea3ea4adb02 P c6c249d2e3064a02ab3bfcc5f45d7135: Memstore in-memory size: 763 bytes
I0929 21:45:24.912880 22612 tablet.cc:1304] T efeb2e1aaacd45d788ddcea3ea4adb02 P c6c249d2e3064a02ab3bfcc5f45d7135: Flush: entering phase 1 (flushing snapshot). Phase 1 snapshot: MvccSnapshot[committed={T|T < 9 or (T in {9})}]
I0929 21:45:24.914335 22612 multi_column_writer.cc:89] Opened CFile writers for 4 column(s)
I0929 21:45:24.921916 22612 tablet.cc:1389] T efeb2e1aaacd45d788ddcea3ea4adb02 P c6c249d2e3064a02ab3bfcc5f45d7135: Flush: entering phase 2 (starting to duplicate updates in new rowsets)
I0929 21:45:24.922472 22612 tablet.cc:1444] T efeb2e1aaacd45d788ddcea3ea4adb02 P c6c249d2e3064a02ab3bfcc5f45d7135: Flush Phase 2: carrying over any updates which arrived during Phase 1
I0929 21:45:24.922600 22612 tablet.cc:1446] T efeb2e1aaacd45d788ddcea3ea4adb02 P c6c249d2e3064a02ab3bfcc5f45d7135: Phase 2 snapshot: MvccSnapshot[committed={T|T < 9 or (T in {9})}]
I0929 21:45:24.929071 22612 tablet.cc:1488] T efeb2e1aaacd45d788ddcea3ea4adb02 P c6c249d2e3064a02ab3bfcc5f45d7135: Flush successful on 1 rows (4668 bytes)
I0929 21:45:24.943866 23380 catalog_manager.cc:1920] Servicing AlterTable request from {username='slave'} at 127.0.0.1:34357: table { table_name: "fake-table" } alter_schema_steps { type: ALTER_COLUMN alter_column { delta { name: "newInt32" remove_default: true } } } alter_schema_steps { type: ALTER_COLUMN alter_column { delta { name: "newString" remove_default: true } } } alter_schema_steps { type: RENAME_COLUMN rename_column { old_name: "newString" new_name: "newNewString" } }
I0929 21:45:24.953055 23512 tablet.cc:1087] T efeb2e1aaacd45d788ddcea3ea4adb02 P c6c249d2e3064a02ab3bfcc5f45d7135: Alter schema from Schema [ 10:c0[int32 NOT NULL], 11:c1[int32 NOT NULL], 12:newInt32[int32 NULLABLE], 13:newString[string NULLABLE] ] version 3 to Schema [ 10:c0[int32 NOT NULL], 11:c1[int32 NOT NULL], 12:newInt32[int32 NULLABLE], 13:newNewString[string NULLABLE] ] version 4
I0929 21:45:24.954115 23512 tablet.cc:1030] T efeb2e1aaacd45d788ddcea3ea4adb02 P c6c249d2e3064a02ab3bfcc5f45d7135: MemRowSet was empty: no flush needed.
I0929 21:45:24.968382 23380 catalog_manager.cc:3651] T 00000000000000000000000000000000 P 2c75fe2196964646b4fdda87a5562ec8: fake-table [id=9823ff04454b452aa470f94e73efa6a2] - Alter table completed version=4
I0929 21:45:24.977977 22612 tablet.cc:1039] T efeb2e1aaacd45d788ddcea3ea4adb02 P c6c249d2e3064a02ab3bfcc5f45d7135: Flush: entering stage 1 (old memrowset already frozen for inserts)
I0929 21:45:24.978155 22612 compaction.cc:881] Selected 1 rowsets to compact:
I0929 21:45:24.978302 22612 compaction.cc:884] memrowset(current size on disk: ~0 bytes)
I0929 21:45:24.978402 22612 tablet.cc:1041] T efeb2e1aaacd45d788ddcea3ea4adb02 P c6c249d2e3064a02ab3bfcc5f45d7135: Memstore in-memory size: 763 bytes
I0929 21:45:24.978545 22612 tablet.cc:1304] T efeb2e1aaacd45d788ddcea3ea4adb02 P c6c249d2e3064a02ab3bfcc5f45d7135: Flush: entering phase 1 (flushing snapshot). Phase 1 snapshot: MvccSnapshot[committed={T|T < 12 or (T in {12})}]
I0929 21:45:24.980437 22612 multi_column_writer.cc:89] Opened CFile writers for 4 column(s)
I0929 21:45:24.988235 22612 tablet.cc:1389] T efeb2e1aaacd45d788ddcea3ea4adb02 P c6c249d2e3064a02ab3bfcc5f45d7135: Flush: entering phase 2 (starting to duplicate updates in new rowsets)
I0929 21:45:24.988718 22612 tablet.cc:1444] T efeb2e1aaacd45d788ddcea3ea4adb02 P c6c249d2e3064a02ab3bfcc5f45d7135: Flush Phase 2: carrying over any updates which arrived during Phase 1
I0929 21:45:24.988847 22612 tablet.cc:1446] T efeb2e1aaacd45d788ddcea3ea4adb02 P c6c249d2e3064a02ab3bfcc5f45d7135: Phase 2 snapshot: MvccSnapshot[committed={T|T < 12 or (T in {12})}]
I0929 21:45:24.995024 22612 tablet.cc:1488] T efeb2e1aaacd45d788ddcea3ea4adb02 P c6c249d2e3064a02ab3bfcc5f45d7135: Flush successful on 1 rows (4619 bytes)
