I0920 18:16:41.055017 9682 raft_consensus.cc:575] T 00000000000000000000000000000000 P 4f53e62698ff4c7d881b40dc1ad53190 [term 0 FOLLOWER]: Becoming Follower/Learner. State: Replica: 4f53e62698ff4c7d881b40dc1ad53190, State: Initialized, Role: FOLLOWER 18:16:41.055 [INFO - kudu-master:64032] (MiniKuduCluster.java:586)
I0920 18:16:41.055043 9682 consensus_queue.cc:190] T 00000000000000000000000000000000 P 4f53e62698ff4c7d881b40dc1ad53190 [NON_LEADER]: Queue going to NON_LEADER mode. State: All replicated index: 0, Majority replicated index: 0, Committed index: 0, Last appended: 0.0, Last appended by leader: 0, Current term: 0, Majority size: -1, State: 0, Mode: NON_LEADER 18:16:41.055 [INFO - kudu-master:64034] (MiniKuduCluster.java:586)
I0920 18:16:41.055755 9684 sys_catalog.cc:321] T 00000000000000000000000000000000 P 20443f3ace2443fea129c83cbf1d813e [sys.catalog]: SysCatalogTable state changed. Reason: Started TabletReplica. Latest consensus state: current_term: 0 leader_uuid: "" committed_config { opid_index: -1 OBSOLETE_local: false peers { permanent_uuid: "8802ab04d6f24637a95e0854b7d63883" member_type: VOTER last_known_addr { host: "127.20.121.1" port: 64030 } } peers { permanent_uuid: "4f53e62698ff4c7d881b40dc1ad53190" member_type: VOTER last_known_addr { host: "127.20.121.1" port: 64032 } } peers { permanent_uuid: "20443f3ace2443fea129c83cbf1d813e" member_type: VOTER last_known_addr { host: "127.20.121.1" port: 64034 } } } 18:16:41.056 [INFO - kudu-master:64034] (MiniKuduCluster.java:586)
I0920 18:16:41.055783 9684 sys_catalog.cc:324] T 00000000000000000000000000000000 P 20443f3ace2443fea129c83cbf1d813e [sys.catalog]: This master's current role is: FOLLOWER 18:16:41.056 [INFO - kudu-master:64034] (MiniKuduCluster.java:586)
I0920 18:16:41.055898 9684 sys_catalog.cc:408] T 00000000000000000000000000000000 P 20443f3ace2443fea129c83cbf1d813e [sys.catalog]: configured and running, proceeding with master startup. 18:16:41.056 [INFO - kudu-master:64034] (MiniKuduCluster.java:586)
I0920 18:16:41.056349 9717 sys_catalog.cc:321] T 00000000000000000000000000000000 P 20443f3ace2443fea129c83cbf1d813e [sys.catalog]: SysCatalogTable state changed. Reason: RaftConsensus started. Latest consensus state: current_term: 0 leader_uuid: "" committed_config { opid_index: -1 OBSOLETE_local: false peers { permanent_uuid: "8802ab04d6f24637a95e0854b7d63883" member_type: VOTER last_known_addr { host: "127.20.121.1" port: 64030 } } peers { permanent_uuid: "4f53e62698ff4c7d881b40dc1ad53190" member_type: VOTER last_known_addr { host: "127.20.121.1" port: 64032 } } peers { permanent_uuid: "20443f3ace2443fea129c83cbf1d813e" member_type: VOTER last_known_addr { host: "127.20.121.1" port: 64034 } } } 18:16:41.056 [INFO - kudu-master:64034] (MiniKuduCluster.java:586)
I0920 18:16:41.056365 9717 sys_catalog.cc:324] T 00000000000000000000000000000000 P 20443f3ace2443fea129c83cbf1d813e [sys.catalog]: This master's current role is: FOLLOWER 18:16:41.056 [INFO - kudu-master:64030] (MiniKuduCluster.java:586)
I0920 18:16:41.056558 9727 catalog_manager.cc:493] Waiting for catalog manager background task thread to start: Service unavailable: Catalog manager is not initialized. State: 1 18:16:41.056 [INFO - kudu-master:64030] (MiniKuduCluster.java:586)
I0920 18:16:41.056820 9245 master_main.cc:79] Master server successfully started. 18:16:41.057 [INFO - kudu-master:64030] (MiniKuduCluster.java:586)
I0920 18:16:41.057459 9456 tablet_service.cc:1003] Received RequestConsensusVote() RPC: tablet_id: "00000000000000000000000000000000" candidate_uuid: "20443f3ace2443fea129c83cbf1d813e" candidate_term: 1 candidate_status { last_received { term: 0 index: 0 } } ignore_live_leader: false dest_uuid: "8802ab04d6f24637a95e0854b7d63883" is_pre_election: true 18:16:41.057 [INFO - kudu-master:64030] (MiniKuduCluster.java:586)
I0920 18:16:41.057530 9456 raft_consensus.cc:2455] T 00000000000000000000000000000000 P 8802ab04d6f24637a95e0854b7d63883: Snoozing failure detection for 0.661s (vote granted) 18:16:41.057 [INFO - kudu-master:64030] (MiniKuduCluster.java:586)
I0920 18:16:41.057551 9456 raft_consensus.cc:2009] T 00000000000000000000000000000000 P 8802ab04d6f24637a95e0854b7d63883 [term 0 FOLLOWER]: Leader pre-election vote request: Granting yes vote for candidate 20443f3ace2443fea129c83cbf1d813e in term 0. 18:16:41.057 [INFO - kudu-master:64034] (MiniKuduCluster.java:586)
I0920 18:16:41.057737 9433 leader_election.cc:353] T 00000000000000000000000000000000 P 20443f3ace2443fea129c83cbf1d813e [CANDIDATE]: Term 1 pre-election: Vote granted by peer 8802ab04d6f24637a95e0854b7d63883 18:16:41.057 [INFO - kudu-master:64034] (MiniKuduCluster.java:586)
I0920 18:16:41.057757 9433 leader_election.cc:248] T 00000000000000000000000000000000 P 20443f3ace2443fea129c83cbf1d813e [CANDIDATE]: Term 1 pre-election: Election decided. Result: candidate won. 18:16:41.058 [INFO - kudu-master:64032] (MiniKuduCluster.java:586)
I0920 18:16:41.058655 9682 sys_catalog.cc:321] T 00000000000000000000000000000000 P 4f53e62698ff4c7d881b40dc1ad53190 [sys.catalog]: SysCatalogTable state changed. Reason: Started TabletReplica. Latest consensus state: current_term: 0 leader_uuid: "" committed_config { opid_index: -1 OBSOLETE_local: false peers { permanent_uuid: "8802ab04d6f24637a95e0854b7d63883" member_type: VOTER last_known_addr { host: "127.20.121.1" port: 64030 } } peers { permanent_uuid: "4f53e62698ff4c7d881b40dc1ad53190" member_type: VOTER last_known_addr { host: "127.20.121.1" port: 64032 } } peers { permanent_uuid: "20443f3ace2443fea129c83cbf1d813e" member_type: VOTER last_known_addr { host: "127.20.121.1" port: 64034 } } } 18:16:41.058 [INFO - kudu-master:64032] (MiniKuduCluster.java:586)
I0920 18:16:41.058681 9682 sys_catalog.cc:324] T 00000000000000000000000000000000 P 4f53e62698ff4c7d881b40dc1ad53190 [sys.catalog]: This master's current role is: FOLLOWER 18:16:41.059 [INFO - kudu-master:64032] (MiniKuduCluster.java:586)
I0920 18:16:41.058782 9682 sys_catalog.cc:408] T 00000000000000000000000000000000 P 4f53e62698ff4c7d881b40dc1ad53190 [sys.catalog]: configured and running, proceeding with master startup. 18:16:41.059 [INFO - kudu-master:64034] (MiniKuduCluster.java:586)
I0920 18:16:41.058040 9717 raft_consensus.cc:2455] T 00000000000000000000000000000000 P 20443f3ace2443fea129c83cbf1d813e: Snoozing failure detection for 0.623s (election complete) 18:16:41.059 [INFO - kudu-master:64034] (MiniKuduCluster.java:586)
I0920 18:16:41.058063 9717 raft_consensus.cc:2279] T 00000000000000000000000000000000 P 20443f3ace2443fea129c83cbf1d813e [term 0 FOLLOWER]: Leader pre-election won for term 1 18:16:41.059 [INFO - kudu-master:64034] (MiniKuduCluster.java:586)
I0920 18:16:41.058075 9717 raft_consensus.cc:411] T 00000000000000000000000000000000 P 20443f3ace2443fea129c83cbf1d813e [term 0 FOLLOWER]: Starting leader election (no leader contacted us within the election timeout) 18:16:41.059 [INFO - kudu-master:64034] (MiniKuduCluster.java:586)
I0920 18:16:41.058084 9717 raft_consensus.cc:2455] T 00000000000000000000000000000000 P 20443f3ace2443fea129c83cbf1d813e: Snoozing failure detection for 0.876s (starting election) 18:16:41.059 [INFO - kudu-master:64034] (MiniKuduCluster.java:586)
I0920 18:16:41.058089 9717 raft_consensus.cc:2507] T 00000000000000000000000000000000 P 20443f3ace2443fea129c83cbf1d813e [term 0 FOLLOWER]: Advancing to term 1 18:16:41.059 [INFO - kudu-master:64034] (MiniKuduCluster.java:586)
I0920 18:16:41.058832 9717 raft_consensus.cc:433] T 00000000000000000000000000000000 P 20443f3ace2443fea129c83cbf1d813e [term 1 FOLLOWER]: Starting leader election with config: opid_index: -1 OBSOLETE_local: false peers { permanent_uuid: "8802ab04d6f24637a95e0854b7d63883" member_type: VOTER last_known_addr { host: "127.20.121.1" port: 64030 } } peers { permanent_uuid: "4f53e62698ff4c7d881b40dc1ad53190" member_type: VOTER last_known_addr { host: "127.20.121.1" port: 64032 } } peers { permanent_uuid: "20443f3ace2443fea129c83cbf1d813e" member_type: VOTER last_known_addr { host: "127.20.121.1" port: 64034 } } 18:16:41.059 [INFO - kudu-master:64034] (MiniKuduCluster.java:586)
I0920 18:16:41.058986 9717 leader_election.cc:221] T 00000000000000000000000000000000 P 20443f3ace2443fea129c83cbf1d813e [CANDIDATE]: Term 1 election: Requesting vote from peer 8802ab04d6f24637a95e0854b7d63883 18:16:41.059 [INFO - kudu-master:64034] (MiniKuduCluster.java:586)
I0920 18:16:41.059022 9717 leader_election.cc:221] T 00000000000000000000000000000000 P 20443f3ace2443fea129c83cbf1d813e [CANDIDATE]: Term 1 election: Requesting vote from peer 4f53e62698ff4c7d881b40dc1ad53190 18:16:41.059 [INFO - kudu-master:64030] (MiniKuduCluster.java:586)
I0920 18:16:41.059929 9456 tablet_service.cc:1003] Received RequestConsensusVote() RPC: tablet_id: "00000000000000000000000000000000" candidate_uuid: "20443f3ace2443fea129c83cbf1d813e" candidate_term: 1 candidate_status { last_received { term: 0 index: 0 } } ignore_live_leader: false dest_uuid: "8802ab04d6f24637a95e0854b7d63883" 18:16:41.060 [INFO - kudu-master:64030] (MiniKuduCluster.java:586)
I0920 18:16:41.059957 9456 raft_consensus.cc:2507] T 00000000000000000000000000000000 P 8802ab04d6f24637a95e0854b7d63883 [term 0 FOLLOWER]: Advancing to term 1 18:16:41.060 [INFO - kudu-master:64030] (MiniKuduCluster.java:586)
I0920 18:16:41.059984 9456 raft_consensus.cc:2455] T 00000000000000000000000000000000 P 8802ab04d6f24637a95e0854b7d63883: Snoozing failure detection for 0.877s (vote granted) 18:16:41.060 [INFO - kudu-master:64032] (MiniKuduCluster.java:586)
I0920 18:16:41.060021 9555 tablet_service.cc:1003] Received RequestConsensusVote() RPC: tablet_id: "00000000000000000000000000000000" candidate_uuid: "20443f3ace2443fea129c83cbf1d813e" candidate_term: 1 candidate_status { last_received { term: 0 index: 0 } } ignore_live_leader: false dest_uuid: "4f53e62698ff4c7d881b40dc1ad53190" is_pre_election: true 18:16:41.060 [INFO - kudu-master:64032] (MiniKuduCluster.java:586)
I0920 18:16:41.060075 9555 raft_consensus.cc:2455] T 00000000000000000000000000000000 P 4f53e62698ff4c7d881b40dc1ad53190: Snoozing failure detection for 0.856s (vote granted) 18:16:41.060 [INFO - kudu-master:64032] (MiniKuduCluster.java:586)
I0920 18:16:41.060091 9555 raft_consensus.cc:2009] T 00000000000000000000000000000000 P 4f53e62698ff4c7d881b40dc1ad53190 [term 0 FOLLOWER]: Leader pre-election vote request: Granting yes vote for candidate 20443f3ace2443fea129c83cbf1d813e in term 0. 18:16:41.060 [INFO - kudu-master:64034] (MiniKuduCluster.java:586)
I0920 18:16:41.060231 9449 leader_election.cc:353] T 00000000000000000000000000000000 P 20443f3ace2443fea129c83cbf1d813e [CANDIDATE]: Term 1 pre-election: Vote granted by peer 4f53e62698ff4c7d881b40dc1ad53190 18:16:41.060 [INFO - kudu-master:64034] (MiniKuduCluster.java:586)
I0920 18:16:41.060693 9433 leader_election.cc:353] T 00000000000000000000000000000000 P 20443f3ace2443fea129c83cbf1d813e [CANDIDATE]: Term 1 election: Vote granted by peer 8802ab04d6f24637a95e0854b7d63883 18:16:41.060 [INFO - kudu-master:64034] (MiniKuduCluster.java:586)
I0920 18:16:41.060705 9433 leader_election.cc:248] T 00000000000000000000000000000000 P 20443f3ace2443fea129c83cbf1d813e [CANDIDATE]: Term 1 election: Election decided. Result: candidate won. 18:16:41.060 [INFO - kudu-master:64030] (MiniKuduCluster.java:586)
I0920 18:16:41.060576 9456 raft_consensus.cc:2009] T 00000000000000000000000000000000 P 8802ab04d6f24637a95e0854b7d63883 [term 1 FOLLOWER]: Leader election vote request: Granting yes vote for candidate 20443f3ace2443fea129c83cbf1d813e in term 1. 18:16:41.060 [INFO - kudu-master:64034] (MiniKuduCluster.java:586)
I0920 18:16:41.060891 9722 raft_consensus.cc:2455] T 00000000000000000000000000000000 P 20443f3ace2443fea129c83cbf1d813e: Snoozing failure detection for 0.756s (election complete) 18:16:41.061 [INFO - kudu-master:64034] (MiniKuduCluster.java:586)
I0920 18:16:41.061023 9722 raft_consensus.cc:2279] T 00000000000000000000000000000000 P 20443f3ace2443fea129c83cbf1d813e [term 1 FOLLOWER]: Leader election won for term 1 18:16:41.061 [INFO - kudu-master:64034] (MiniKuduCluster.java:586)
I0920 18:16:41.061127 9722 raft_consensus.cc:541] T 00000000000000000000000000000000 P 20443f3ace2443fea129c83cbf1d813e [term 1 LEADER]: Becoming Leader. State: Replica: 20443f3ace2443fea129c83cbf1d813e, State: Running, Role: LEADER 18:16:41.061 [INFO - kudu-master:64034] (MiniKuduCluster.java:586)
I0920 18:16:41.061355 9722 consensus_queue.cc:169] T 00000000000000000000000000000000 P 20443f3ace2443fea129c83cbf1d813e [LEADER]: Queue going to LEADER mode. State: All replicated index: 0, Majority replicated index: 0, Committed index: 0, Last appended: 0.0, Last appended by leader: 0, Current term: 1, Majority size: 2, State: 0, Mode: LEADER, active raft config: opid_index: -1 OBSOLETE_local: false peers { permanent_uuid: "8802ab04d6f24637a95e0854b7d63883" member_type: VOTER last_known_addr { host: "127.20.121.1" port: 64030 } } peers { permanent_uuid: "4f53e62698ff4c7d881b40dc1ad53190" member_type: VOTER last_known_addr { host: "127.20.121.1" port: 64032 } } peers { permanent_uuid: "20443f3ace2443fea129c83cbf1d813e" member_type: VOTER last_known_addr { host: "127.20.121.1" port: 64034 } } 18:16:41.061 [INFO - kudu-master:64032] (MiniKuduCluster.java:586)
I0920 18:16:41.061786 9730 sys_catalog.cc:321] T 00000000000000000000000000000000 P 4f53e62698ff4c7d881b40dc1ad53190 [sys.catalog]: SysCatalogTable state changed. Reason: RaftConsensus started. Latest consensus state: current_term: 0 leader_uuid: "" committed_config { opid_index: -1 OBSOLETE_local: false peers { permanent_uuid: "8802ab04d6f24637a95e0854b7d63883" member_type: VOTER last_known_addr { host: "127.20.121.1" port: 64030 } } peers { permanent_uuid: "4f53e62698ff4c7d881b40dc1ad53190" member_type: VOTER last_known_addr { host: "127.20.121.1" port: 64032 } } peers { permanent_uuid: "20443f3ace2443fea129c83cbf1d813e" member_type: VOTER last_known_addr { host: "127.20.121.1" port: 64034 } } } 18:16:41.062 [INFO - kudu-master:64032] (MiniKuduCluster.java:586)
I0920 18:16:41.062193 9730 sys_catalog.cc:324] T 00000000000000000000000000000000 P 4f53e62698ff4c7d881b40dc1ad53190 [sys.catalog]: This master's current role is: FOLLOWER 18:16:41.068 [INFO - kudu-master:64034] (MiniKuduCluster.java:586)
I0920 18:16:41.068027 9731 catalog_manager.cc:493] Waiting for catalog manager background task thread to start: Service unavailable: Catalog manager is not initialized. State: 1 18:16:41.068 [INFO - kudu-master:64032] (MiniKuduCluster.java:586)
I0920 18:16:41.068163 9732 catalog_manager.cc:493] Waiting for catalog manager background task thread to start: Service unavailable: Catalog manager is not initialized. State: 1 18:16:41.069 [INFO - kudu-master:64032] (MiniKuduCluster.java:586)
I0920 18:16:41.069825 9293 master_main.cc:79] Master server successfully started. 18:16:41.069 [INFO - kudu-master:64032] (MiniKuduCluster.java:586)
I0920 18:16:41.069826 9550 tablet_service.cc:1003] Received RequestConsensusVote() RPC: tablet_id: "00000000000000000000000000000000" candidate_uuid: "20443f3ace2443fea129c83cbf1d813e" candidate_term: 1 candidate_status { last_received { term: 0 index: 0 } } ignore_live_leader: false dest_uuid: "4f53e62698ff4c7d881b40dc1ad53190" 18:16:41.070 [INFO - kudu-master:64032] (MiniKuduCluster.java:586)
I0920 18:16:41.069891 9550 raft_consensus.cc:2507] T 00000000000000000000000000000000 P 4f53e62698ff4c7d881b40dc1ad53190 [term 0 FOLLOWER]: Advancing to term 1 18:16:41.070 [INFO - kudu-master:64032] (MiniKuduCluster.java:586)
I0920 18:16:41.069962 9550 raft_consensus.cc:2455] T 00000000000000000000000000000000 P 4f53e62698ff4c7d881b40dc1ad53190: Snoozing failure detection for 0.872s (vote granted) 18:16:41.069 [INFO - kudu-master:64034] (MiniKuduCluster.java:586)
I0920 18:16:41.069892 9372 master_main.cc:79] Master server successfully started. 18:16:41.070 [INFO - kudu-master:64032] (MiniKuduCluster.java:586)
I0920 18:16:41.070669 9550 raft_consensus.cc:2009] T 00000000000000000000000000000000 P 4f53e62698ff4c7d881b40dc1ad53190 [term 1 FOLLOWER]: Leader election vote request: Granting yes vote for candidate 20443f3ace2443fea129c83cbf1d813e in term 1. 18:16:41.070 [INFO - kudu-master:64034] (MiniKuduCluster.java:586)
I0920 18:16:41.070909 9449 leader_election.cc:353] T 00000000000000000000000000000000 P 20443f3ace2443fea129c83cbf1d813e [CANDIDATE]: Term 1 election: Vote granted by peer 4f53e62698ff4c7d881b40dc1ad53190 18:16:41.076 [INFO - kudu-master:64034] (MiniKuduCluster.java:586)
I0920 18:16:41.076722 9717 sys_catalog.cc:321] T 00000000000000000000000000000000 P 20443f3ace2443fea129c83cbf1d813e [sys.catalog]: SysCatalogTable state changed. Reason: New leader 20443f3ace2443fea129c83cbf1d813e. Latest consensus state: current_term: 1 leader_uuid: "20443f3ace2443fea129c83cbf1d813e" committed_config { opid_index: -1 OBSOLETE_local: false peers { permanent_uuid: "8802ab04d6f24637a95e0854b7d63883" member_type: VOTER last_known_addr { host: "127.20.121.1" port: 64030 } } peers { permanent_uuid: "4f53e62698ff4c7d881b40dc1ad53190" member_type: VOTER last_known_addr { host: "127.20.121.1" port: 64032 } } peers { permanent_uuid: "20443f3ace2443fea129c83cbf1d813e" member_type: VOTER last_known_addr { host: "127.20.121.1" port: 64034 } } } 18:16:41.076 [INFO - kudu-master:64034] (MiniKuduCluster.java:586)
I0920 18:16:41.076756 9717 sys_catalog.cc:324] T 00000000000000000000000000000000 P 20443f3ace2443fea129c83cbf1d813e [sys.catalog]: This master's current role is: LEADER 18:16:41.079 [INFO - kudu-tserver:64038] (MiniKuduCluster.java:586)
I0920 18:16:41.079620 9649 tablet_server_main.cc:79] Initializing tablet server... 18:16:41.080 [INFO - kudu-tserver:64038] (MiniKuduCluster.java:586)
I0920 18:16:41.079906 9649 system_ntp.cc:104] NTP initialized. Resolution in nanos?: 1 Skew PPM: 500 Current error: 692139 18:16:41.080 [INFO - kudu-master:64034] (MiniKuduCluster.java:586)
I0920 18:16:41.080745 9748 catalog_manager.cc:1049] Loading table and tablet metadata into memory... 18:16:41.088 [INFO - kudu-tserver:64038] (MiniKuduCluster.java:586)
I0920 18:16:41.084615 9649 server_base.cc:228] Could not load existing FS layout: Not found: /home/jenkins-slave/workspace/kudu-master/2/build/test-tmp/ts-1-1505931400581/data/instance: No such file or directory (error 2) 18:16:41.088 [INFO - kudu-tserver:64038] (MiniKuduCluster.java:586)
I0920 18:16:41.084636 9649 server_base.cc:229] Creating new FS layout 18:16:41.088 [INFO - kudu-tserver:64038] (MiniKuduCluster.java:586)
I0920 18:16:41.086901 9649 fs_manager.cc:477] Generated new instance metadata in path /home/jenkins-slave/workspace/kudu-master/2/build/test-tmp/ts-1-1505931400581/data/instance: 18:16:41.088 [INFO - kudu-tserver:64038] (MiniKuduCluster.java:586) uuid: "9d9c953c8fd2435f8c241d072f0c543a" 18:16:41.088 [INFO - kudu-tserver:64038] (MiniKuduCluster.java:586) format_stamp: "Formatted at 2017-09-20 18:16:41 on jenkins-slave-c3oe" 18:16:41.096 [INFO - kudu-tserver:64038] (MiniKuduCluster.java:586)
I0920 18:16:41.096791 9649 fs_manager.cc:434] Time spent creating directory manager: real 0.010s user 0.004s sys 0.000s 18:16:41.097 [INFO - kudu-tserver:64038] (MiniKuduCluster.java:586)
I0920 18:16:41.097348 9649 env_posix.cc:1588] Not raising process file limit of 65536; it is already as high as it can go 18:16:41.097 [INFO - kudu-tserver:64038] (MiniKuduCluster.java:586)
I0920 18:16:41.097543 9649 file_cache.cc:470] Constructed file cache lbm with capacity 26214 18:16:41.108 [INFO - kudu-tserver:64038] (MiniKuduCluster.java:586)
I0920 18:16:41.108747 9649 fs_manager.cc:336] Time spent opening block manager: real 0.010s user 0.004s sys 0.000s 18:16:41.109 [INFO - kudu-tserver:64038] (MiniKuduCluster.java:586)
I0920 18:16:41.109122 9649 fs_manager.cc:349] Opened local filesystem: /home/jenkins-slave/workspace/kudu-master/2/build/test-tmp/ts-1-1505931400581/data 18:16:41.109 [INFO - kudu-tserver:64038] (MiniKuduCluster.java:586) uuid: "9d9c953c8fd2435f8c241d072f0c543a" 18:16:41.109 [INFO - kudu-tserver:64038] (MiniKuduCluster.java:586) format_stamp: "Formatted at 2017-09-20 18:16:41 on jenkins-slave-c3oe" 18:16:41.109 [INFO - kudu-tserver:64038] (MiniKuduCluster.java:586)
I0920 18:16:41.109441 9649 fs_report.cc:347] Block manager report 18:16:41.109 [INFO - kudu-tserver:64038] (MiniKuduCluster.java:586) -------------------- 18:16:41.109 [INFO - kudu-tserver:64038] (MiniKuduCluster.java:586) 1 data directories: /home/jenkins-slave/workspace/kudu-master/2/build/test-tmp/ts-1-1505931400581/data/data 18:16:41.109 [INFO - kudu-tserver:64038] (MiniKuduCluster.java:586) Total live blocks: 0 18:16:41.109 [INFO - kudu-tserver:64038] (MiniKuduCluster.java:586) Total live bytes: 0 18:16:41.109 [INFO - kudu-tserver:64038] (MiniKuduCluster.java:586) Total live bytes (after alignment): 0 18:16:41.109 [INFO - kudu-tserver:64038] (MiniKuduCluster.java:586) Total number of LBM containers: 0 (0 full) 18:16:41.109 [INFO - kudu-tserver:64038] (MiniKuduCluster.java:586) Did not check for missing blocks 18:16:41.109 [INFO - kudu-tserver:64038] (MiniKuduCluster.java:586) Did not check for orphaned blocks 18:16:41.110 [INFO - kudu-tserver:64038] (MiniKuduCluster.java:586) Total full LBM containers with extra space: 0 (0 repaired) 18:16:41.110 [INFO - kudu-tserver:64038] (MiniKuduCluster.java:586) Total full LBM container extra space in bytes: 0 (0 repaired) 18:16:41.110 [INFO - kudu-tserver:64038] (MiniKuduCluster.java:586) Total incomplete LBM containers: 0 (0 repaired) 18:16:41.110 [INFO - kudu-tserver:64038] (MiniKuduCluster.java:586) Total LBM partial records: 0 (0 repaired) 18:16:41.116 [INFO - kudu-tserver:64036] (MiniKuduCluster.java:586)
I0920 18:16:41.115634 9482 rpc_server.cc:192] RPC server started. Bound to: 127.20.121.1:64036 18:16:41.116 [INFO - kudu-tserver:64036] (MiniKuduCluster.java:586)
I0920 18:16:41.115710 9482 webserver.cc:149] Starting webserver on 127.20.121.1:64037 18:16:41.116 [INFO - kudu-tserver:64036] (MiniKuduCluster.java:586)
I0920 18:16:41.115718 9482 webserver.cc:160] Document root disabled 18:16:41.116 [INFO - kudu-tserver:64036] (MiniKuduCluster.java:586)
I0920 18:16:41.115921 9482 webserver.cc:282] Webserver started. Bound to: http://127.20.121.1:64037/ 18:16:41.116 [INFO - kudu-master:64034] (MiniKuduCluster.java:586)
I0920 18:16:41.116689 9748 catalog_manager.cc:1060] Initializing Kudu internal certificate authority... 18:16:41.121 [INFO - kudu-tserver:64036] (MiniKuduCluster.java:586)
I0920 18:16:41.121898 9827 heartbeater.cc:317] Connected to a master server at 127.20.121.1:64030 18:16:41.122 [INFO - kudu-tserver:64036] (MiniKuduCluster.java:586)
I0920 18:16:41.121961 9827 heartbeater.cc:387] Registering TS with master... 18:16:41.122 [INFO - kudu-tserver:64036] (MiniKuduCluster.java:586)
I0920 18:16:41.122077 9827 heartbeater.cc:414] Master 127.20.121.1:64030 requested a full tablet report, sending... 18:16:41.122 [INFO - kudu-master:64030] (MiniKuduCluster.java:586)
I0920 18:16:41.122467 9378 ts_manager.cc:81] Registered new tserver with Master: 65d781800b71422fb6975551ca462208 (127.20.121.1:64036) 18:16:41.126 [INFO - kudu-tserver:64036] (MiniKuduCluster.java:586)
I0920 18:16:41.126049 9829 heartbeater.cc:317] Connected to a master server at 127.20.121.1:64032 18:16:41.126 [INFO - kudu-tserver:64036] (MiniKuduCluster.java:586)
I0920 18:16:41.126294 9829 heartbeater.cc:387] Registering TS with master... 18:16:41.126 [INFO - kudu-tserver:64036] (MiniKuduCluster.java:586)
I0920 18:16:41.126483 9829 heartbeater.cc:414] Master 127.20.121.1:64032 requested a full tablet report, sending... 18:16:41.126 [INFO - kudu-master:64032] (MiniKuduCluster.java:586)
I0920 18:16:41.126932 9508 ts_manager.cc:81] Registered new tserver with Master: 65d781800b71422fb6975551ca462208 (127.20.121.1:64036) 18:16:41.127 [INFO - kudu-tserver:64036] (MiniKuduCluster.java:586)
I0920 18:16:41.127390 9482 tablet_server_main.cc:87] Tablet server successfully started. 18:16:41.127 [INFO - kudu-tserver:64036] (MiniKuduCluster.java:586)
I0920 18:16:41.127329 9835 process_memory.cc:180] Process hard memory limit is 94.627029 GB 18:16:41.127 [INFO - kudu-tserver:64036] (MiniKuduCluster.java:586)
I0920 18:16:41.127421 9835 process_memory.cc:182] Process soft memory limit is 75.701622 GB 18:16:41.127 [INFO - kudu-tserver:64036] (MiniKuduCluster.java:586)
I0920 18:16:41.127429 9835 process_memory.cc:185] Process memory pressure threshold is 56.776218 GB 18:16:41.130 [INFO - kudu-tserver:64036] (MiniKuduCluster.java:586)
I0920 18:16:41.130774 9832 heartbeater.cc:317] Connected to a master server at 127.20.121.1:64034 18:16:41.130 [INFO - kudu-tserver:64036] (MiniKuduCluster.java:586)
I0920 18:16:41.130964 9832 heartbeater.cc:387] Registering TS with master... 18:16:41.131 [INFO - kudu-tserver:64036] (MiniKuduCluster.java:586)
I0920 18:16:41.131136 9832 heartbeater.cc:414] Master 127.20.121.1:64034 requested a full tablet report, sending... 18:16:41.131 [INFO - kudu-master:64034] (MiniKuduCluster.java:586)
I0920 18:16:41.131511 9514 ts_manager.cc:81] Registered new tserver with Master: 65d781800b71422fb6975551ca462208 (127.20.121.1:64036) 18:16:41.186 [INFO - kudu-master:64032] (MiniKuduCluster.java:586)
I0920 18:16:41.185926 9550 raft_consensus.cc:963] T 00000000000000000000000000000000 P 4f53e62698ff4c7d881b40dc1ad53190 [term 1 FOLLOWER]: Refusing update from remote peer 20443f3ace2443fea129c83cbf1d813e: Log matching property violated. Preceding OpId in replica: term: 0 index: 0. Preceding OpId from leader: term: 1 index: 2. (index mismatch) 18:16:41.187 [INFO - kudu-master:64034] (MiniKuduCluster.java:586)
I0920 18:16:41.186216 9717 consensus_queue.cc:741] T 00000000000000000000000000000000 P 20443f3ace2443fea129c83cbf1d813e [LEADER]: Connected to new peer: Peer: 4f53e62698ff4c7d881b40dc1ad53190, Is new: false, Last received: 0.0, Next index: 1, Last known committed idx: 0, Last exchange result: ERROR, Needs tablet copy: false 18:16:41.188 [INFO - kudu-master:64030] (MiniKuduCluster.java:586)
I0920 18:16:41.188495 9456 raft_consensus.cc:963] T 00000000000000000000000000000000 P 8802ab04d6f24637a95e0854b7d63883 [term 1 FOLLOWER]: Refusing update from remote peer 20443f3ace2443fea129c83cbf1d813e: Log matching property violated. Preceding OpId in replica: term: 0 index: 0. Preceding OpId from leader: term: 1 index: 2. (index mismatch) 18:16:41.190 [INFO - kudu-master:64032] (MiniKuduCluster.java:586)
I0920 18:16:41.190309 9730 sys_catalog.cc:321] T 00000000000000000000000000000000 P 4f53e62698ff4c7d881b40dc1ad53190 [sys.catalog]: SysCatalogTable state changed. Reason: New leader 20443f3ace2443fea129c83cbf1d813e. Latest consensus state: current_term: 1 leader_uuid: "20443f3ace2443fea129c83cbf1d813e" committed_config { opid_index: -1 OBSOLETE_local: false peers { permanent_uuid: "8802ab04d6f24637a95e0854b7d63883" member_type: VOTER last_known_addr { host: "127.20.121.1" port: 64030 } } peers { permanent_uuid: "4f53e62698ff4c7d881b40dc1ad53190" member_type: VOTER last_known_addr { host: "127.20.121.1" port: 64032 } } peers { permanent_uuid: "20443f3ace2443fea129c83cbf1d813e" member_type: VOTER last_known_addr { host: "127.20.121.1" port: 64034 } } } 18:16:41.190 [INFO - kudu-master:64032] (MiniKuduCluster.java:586)
I0920 18:16:41.190335 9730 sys_catalog.cc:324] T 00000000000000000000000000000000 P 4f53e62698ff4c7d881b40dc1ad53190 [sys.catalog]: This master's current role is: FOLLOWER 18:16:41.190 [INFO - kudu-master:64034] (MiniKuduCluster.java:586)
I0920 18:16:41.188822 9717 consensus_queue.cc:741] T 00000000000000000000000000000000 P 20443f3ace2443fea129c83cbf1d813e [LEADER]: Connected to new peer: Peer: 8802ab04d6f24637a95e0854b7d63883, Is new: false, Last received: 0.0, Next index: 1, Last known committed idx: 0, Last exchange result: ERROR, Needs tablet copy: false 18:16:41.191 [INFO - kudu-master:64030] (MiniKuduCluster.java:586)
I0920 18:16:41.190995 9723 sys_catalog.cc:321] T 00000000000000000000000000000000 P 8802ab04d6f24637a95e0854b7d63883 [sys.catalog]: SysCatalogTable state changed. Reason: New leader 20443f3ace2443fea129c83cbf1d813e. Latest consensus state: current_term: 1 leader_uuid: "20443f3ace2443fea129c83cbf1d813e" committed_config { opid_index: -1 OBSOLETE_local: false peers { permanent_uuid: "8802ab04d6f24637a95e0854b7d63883" member_type: VOTER last_known_addr { host: "127.20.121.1" port: 64030 } } peers { permanent_uuid: "4f53e62698ff4c7d881b40dc1ad53190" member_type: VOTER last_known_addr { host: "127.20.121.1" port: 64032 } } peers { permanent_uuid: "20443f3ace2443fea129c83cbf1d813e" member_type: VOTER last_known_addr { host: "127.20.121.1" port: 64034 } } } 18:16:41.191 [INFO - kudu-master:64030] (MiniKuduCluster.java:586)
I0920 18:16:41.191015 9723 sys_catalog.cc:324] T 00000000000000000000000000000000 P 8802ab04d6f24637a95e0854b7d63883 [sys.catalog]: This master's current role is: FOLLOWER 18:16:41.200 [INFO - kudu-master:64030] (MiniKuduCluster.java:586)
I0920 18:16:41.200866 9723 sys_catalog.cc:321] T 00000000000000000000000000000000 P 8802ab04d6f24637a95e0854b7d63883 [sys.catalog]: SysCatalogTable state changed. Reason: Replicated consensus-only round. Latest consensus state: current_term: 1 leader_uuid: "20443f3ace2443fea129c83cbf1d813e" committed_config { opid_index: -1 OBSOLETE_local: false peers { permanent_uuid: "8802ab04d6f24637a95e0854b7d63883" member_type: VOTER last_known_addr { host: "127.20.121.1" port: 64030 } } peers { permanent_uuid: "4f53e62698ff4c7d881b40dc1ad53190" member_type: VOTER last_known_addr { host: "127.20.121.1" port: 64032 } } peers { permanent_uuid: "20443f3ace2443fea129c83cbf1d813e" member_type: VOTER last_known_addr { host: "127.20.121.1" port: 64034 } } } 18:16:41.201 [INFO - kudu-master:64030] (MiniKuduCluster.java:586)
I0920 18:16:41.200901 9723 sys_catalog.cc:324] T 00000000000000000000000000000000 P 8802ab04d6f24637a95e0854b7d63883 [sys.catalog]: This master's current role is: FOLLOWER 18:16:41.202 [INFO - kudu-master:64032] (MiniKuduCluster.java:586)
I0920 18:16:41.201990 9730 sys_catalog.cc:321] T 00000000000000000000000000000000 P 4f53e62698ff4c7d881b40dc1ad53190 [sys.catalog]: SysCatalogTable state changed. Reason: Replicated consensus-only round. Latest consensus state: current_term: 1 leader_uuid: "20443f3ace2443fea129c83cbf1d813e" committed_config { opid_index: -1 OBSOLETE_local: false peers { permanent_uuid: "8802ab04d6f24637a95e0854b7d63883" member_type: VOTER last_known_addr { host: "127.20.121.1" port: 64030 } } peers { permanent_uuid: "4f53e62698ff4c7d881b40dc1ad53190" member_type: VOTER last_known_addr { host: "127.20.121.1" port: 64032 } } peers { permanent_uuid: "20443f3ace2443fea129c83cbf1d813e" member_type: VOTER last_known_addr { host: "127.20.121.1" port: 64034 } } } 18:16:41.202 [INFO - kudu-master:64032] (MiniKuduCluster.java:586)
I0920 18:16:41.202021 9730 sys_catalog.cc:324] T 00000000000000000000000000000000 P 4f53e62698ff4c7d881b40dc1ad53190 [sys.catalog]: This master's current role is: FOLLOWER 18:16:41.225 [INFO - kudu-master:64034] (MiniKuduCluster.java:586)
I0920 18:16:41.225190 9748 catalog_manager.cc:947] Generated new certificate authority record 18:16:41.233 [INFO - kudu-master:64034] (MiniKuduCluster.java:586)
I0920 18:16:41.226128 9748 catalog_manager.cc:1069] Loading token signing keys... 18:16:41.253 [INFO - kudu-master:64034] (MiniKuduCluster.java:586)
I0920 18:16:41.253526 9748 catalog_manager.cc:3648] T 00000000000000000000000000000000 P 20443f3ace2443fea129c83cbf1d813e: Generated new TSK 0 18:16:41.254 [INFO - kudu-tserver:64038] (MiniKuduCluster.java:586)
I0920 18:16:41.254765 9649 ts_tablet_manager.cc:296] Loaded tablet metadata (0 live tablets) 18:16:41.268 [INFO - kudu-tserver:64038] (MiniKuduCluster.java:586)
I0920 18:16:41.268482 9649 tablet_server_main.cc:84] Starting tablet server... 18:16:41.318 [INFO - kudu-tserver:64040] (MiniKuduCluster.java:586) WARNING: Logging before InitGoogleLogging() is written to STDERR 18:16:41.318 [INFO - kudu-tserver:64040] (MiniKuduCluster.java:586)
W0920 18:16:41.317952 9863 flags.cc:395] Enabled unsafe flag: --never_fsync=true 18:16:41.319 [INFO - kudu-tserver:64040] (MiniKuduCluster.java:586)
W0920 18:16:41.319020 9863 flags.cc:395] Enabled experimental flag: --ipki_server_key_size=1024 18:16:41.319 [INFO - kudu-tserver:64040] (MiniKuduCluster.java:586)
W0920 18:16:41.319046 9863 flags.cc:395] Enabled experimental flag: --flush_threshold_mb=1 18:16:41.319 [INFO - kudu-tserver:64040] (MiniKuduCluster.java:586)
W0920 18:16:41.319056 9863 flags.cc:395] Enabled experimental flag: --local_ip_for_outbound_sockets=127.20.121.1 18:16:41.320 [INFO - kudu-tserver:64040] (MiniKuduCluster.java:586)
I0920 18:16:41.320343 9863 tablet_server_main.cc:72] Tablet server non-default flags: 18:16:41.320 [INFO - kudu-tserver:64040] (MiniKuduCluster.java:586) --log_preallocate_segments=false 18:16:41.320 [INFO - kudu-tserver:64040] (MiniKuduCluster.java:586) --fs_data_dirs=/home/jenkins-slave/workspace/kudu-master/2/build/test-tmp/ts-2-1505931400581/data 18:16:41.320 [INFO - kudu-tserver:64040] (MiniKuduCluster.java:586) --fs_wal_dir=/home/jenkins-slave/workspace/kudu-master/2/build/test-tmp/ts-2-1505931400581/data 18:16:41.320 [INFO - kudu-tserver:64040] (MiniKuduCluster.java:586) --ipki_server_key_size=1024 18:16:41.320 [INFO - kudu-tserver:64040] (MiniKuduCluster.java:586) --rpc_bind_addresses=127.20.121.1:64040 18:16:41.320 [INFO - kudu-tserver:64040] (MiniKuduCluster.java:586) --webserver_interface=127.20.121.1 18:16:41.320 [INFO - kudu-tserver:64040] (MiniKuduCluster.java:586) --webserver_port=64041 18:16:41.320 [INFO - kudu-tserver:64040] (MiniKuduCluster.java:586) --flush_threshold_mb=1 18:16:41.320 [INFO - kudu-tserver:64040] (MiniKuduCluster.java:586) --tserver_master_addrs=127.20.121.1:64030,127.20.121.1:64032,127.20.121.1:64034 18:16:41.320 [INFO - kudu-tserver:64040] (MiniKuduCluster.java:586) --never_fsync=true 18:16:41.320 [INFO - kudu-tserver:64040] (MiniKuduCluster.java:586) --heap_profile_path=/tmp/kudu-tserver.9863 18:16:41.320 [INFO - kudu-tserver:64040] (MiniKuduCluster.java:586) --unlock_experimental_flags=true 18:16:41.321 [INFO - kudu-tserver:64040] (MiniKuduCluster.java:586) --unlock_unsafe_flags=true 18:16:41.321 [INFO - kudu-tserver:64040] (MiniKuduCluster.java:586) --local_ip_for_outbound_sockets=127.20.121.1 18:16:41.321 [INFO - kudu-tserver:64040] (MiniKuduCluster.java:586) --flagfile=/home/jenkins-slave/workspace/kudu-master/2/java/kudu-client/target/test-classes/flags 18:16:41.321 [INFO - kudu-tserver:64040] (MiniKuduCluster.java:586) --log_dir=/home/jenkins-slave/workspace/kudu-master/2/build/test-tmp/ts-2-1505931400581/logs 18:16:41.321 [INFO - kudu-tserver:64040] (MiniKuduCluster.java:586) --logtostderr=true 18:16:41.321 [INFO - kudu-tserver:64040] (MiniKuduCluster.java:586) Tablet server version: 18:16:41.321 [INFO - kudu-tserver:64040] (MiniKuduCluster.java:586) kudu 1.6.0-SNAPSHOT 18:16:41.321 [INFO - kudu-tserver:64040] (MiniKuduCluster.java:586) revision 76c71193ad418cec9be5db6e7f74ce0459e6cd88 18:16:41.321 [INFO - kudu-tserver:64040] (MiniKuduCluster.java:586) build type RELEASE 18:16:41.321 [INFO - kudu-tserver:64040] (MiniKuduCluster.java:586) built by None at 20 Sep 2017 18:06:15 UTC on jenkins-slave-c3oe 18:16:41.321 [INFO - kudu-tserver:64040] (MiniKuduCluster.java:586) build id 10042 18:16:41.334 [INFO - kudu-tserver:64040] (MiniKuduCluster.java:586)
I0920 18:16:41.334019 9863 minidump.cc:237] Setting minidump size limit to 20M 18:16:41.372 [INFO - kudu-tserver:64040] (MiniKuduCluster.java:586)
I0920 18:16:41.372525 9863 tablet_server_main.cc:79] Initializing tablet server... 18:16:41.373 [INFO - kudu-tserver:64040] (MiniKuduCluster.java:586)
I0920 18:16:41.373275 9863 system_ntp.cc:104] NTP initialized. Resolution in nanos?: 1 Skew PPM: 500 Current error: 692139 18:16:41.373 [INFO - kudu-tserver:64040] (MiniKuduCluster.java:586)
I0920 18:16:41.373687 9863 server_base.cc:228] Could not load existing FS layout: Not found: /home/jenkins-slave/workspace/kudu-master/2/build/test-tmp/ts-2-1505931400581/data/instance: No such file or directory (error 2) 18:16:41.373 [INFO - kudu-tserver:64040] (MiniKuduCluster.java:586)
I0920 18:16:41.373867 9863 server_base.cc:229] Creating new FS layout 18:16:41.376 [INFO - kudu-tserver:64040] (MiniKuduCluster.java:586)
I0920 18:16:41.376724 9863 fs_manager.cc:477] Generated new instance metadata in path /home/jenkins-slave/workspace/kudu-master/2/build/test-tmp/ts-2-1505931400581/data/instance: 18:16:41.376 [INFO - kudu-tserver:64040] (MiniKuduCluster.java:586) uuid: "dcdf57d4c4ea47f7ac21bfc762f488ac" 18:16:41.376 [INFO - kudu-tserver:64040] (MiniKuduCluster.java:586) format_stamp: "Formatted at 2017-09-20 18:16:41 on jenkins-slave-c3oe" 18:16:41.392 [INFO - kudu-tserver:64040] (MiniKuduCluster.java:586)
I0920 18:16:41.392802 9863 fs_manager.cc:434] Time spent creating directory manager: real 0.016s user 0.000s sys 0.004s 18:16:41.393 [INFO - kudu-tserver:64040] (MiniKuduCluster.java:586)
I0920 18:16:41.393474 9863 env_posix.cc:1588] Not raising process file limit of 65536; it is already as high as it can go 18:16:41.393 [INFO - kudu-tserver:64040] (MiniKuduCluster.java:586)
I0920 18:16:41.393697 9863 file_cache.cc:470] Constructed file cache lbm with capacity 26214 18:16:41.409 [INFO - kudu-tserver:64040] (MiniKuduCluster.java:586)
I0920 18:16:41.409241 9863 fs_manager.cc:336] Time spent opening block manager: real 0.014s user 0.000s sys 0.000s 18:16:41.409 [INFO - kudu-tserver:64040] (MiniKuduCluster.java:586)
I0920 18:16:41.409740 9863 fs_manager.cc:349] Opened local filesystem: /home/jenkins-slave/workspace/kudu-master/2/build/test-tmp/ts-2-1505931400581/data 18:16:41.409 [INFO - kudu-tserver:64040] (MiniKuduCluster.java:586) uuid: "dcdf57d4c4ea47f7ac21bfc762f488ac" 18:16:41.409 [INFO - kudu-tserver:64040] (MiniKuduCluster.java:586) format_stamp: "Formatted at 2017-09-20 18:16:41 on jenkins-slave-c3oe" 18:16:41.410 [INFO - kudu-tserver:64040] (MiniKuduCluster.java:586)
I0920 18:16:41.410111 9863 fs_report.cc:347] Block manager report 18:16:41.410 [INFO - kudu-tserver:64040] (MiniKuduCluster.java:586) -------------------- 18:16:41.410 [INFO - kudu-tserver:64040] (MiniKuduCluster.java:586) 1 data directories: /home/jenkins-slave/workspace/kudu-master/2/build/test-tmp/ts-2-1505931400581/data/data 18:16:41.410 [INFO - kudu-tserver:64040] (MiniKuduCluster.java:586) Total live blocks: 0 18:16:41.410 [INFO - kudu-tserver:64040] (MiniKuduCluster.java:586) Total live bytes: 0 18:16:41.410 [INFO - kudu-tserver:64040] (MiniKuduCluster.java:586) Total live bytes (after alignment): 0 18:16:41.410 [INFO - kudu-tserver:64040] (MiniKuduCluster.java:586) Total number of LBM containers: 0 (0 full) 18:16:41.410 [INFO - kudu-tserver:64040] (MiniKuduCluster.java:586) Did not check for missing blocks 18:16:41.410 [INFO - kudu-tserver:64040] (MiniKuduCluster.java:586) Did not check for orphaned blocks 18:16:41.410 [INFO - kudu-tserver:64040] (MiniKuduCluster.java:586) Total full LBM containers with extra space: 0 (0 repaired) 18:16:41.410 [INFO - kudu-tserver:64040] (MiniKuduCluster.java:586) Total full LBM container extra space in bytes: 0 (0 repaired) 18:16:41.410 [INFO - kudu-tserver:64040] (MiniKuduCluster.java:586) Total incomplete LBM containers: 0 (0 repaired) 18:16:41.410 [INFO - kudu-tserver:64040] (MiniKuduCluster.java:586) Total LBM partial records: 0 (0 repaired) 18:16:41.533 [INFO - kudu-tserver:64040] (MiniKuduCluster.java:586)
I0920 18:16:41.533277 9863 ts_tablet_manager.cc:296] Loaded tablet metadata (0 live tablets) 18:16:41.536 [INFO - kudu-tserver:64040] (MiniKuduCluster.java:586)
I0920 18:16:41.535519 9863 tablet_server_main.cc:84] Starting tablet server... 18:16:41.554 [DEBUG - main] (SecurityUtil.java:122) Could not login via JAAS. Using no credentials: Unable to obtain Principal Name for authentication 18:16:41.807 [INFO - kudu-tserver:64038] (MiniKuduCluster.java:586)
I0920 18:16:41.807649 9649 rpc_server.cc:192] RPC server started. Bound to: 127.20.121.1:64038 18:16:41.807 [INFO - kudu-tserver:64038] (MiniKuduCluster.java:586)
I0920 18:16:41.807731 9649 webserver.cc:149] Starting webserver on 127.20.121.1:64039 18:16:41.808 [INFO - kudu-tserver:64038] (MiniKuduCluster.java:586)
I0920 18:16:41.807739 9649 webserver.cc:160] Document root disabled 18:16:41.808 [INFO - kudu-tserver:64038] (MiniKuduCluster.java:586)
I0920 18:16:41.807966 9649 webserver.cc:282] Webserver started. Bound to: http://127.20.121.1:64039/ 18:16:41.834 [INFO - kudu-tserver:64038] (MiniKuduCluster.java:586)
I0920 18:16:41.834131 10107 heartbeater.cc:317] Connected to a master server at 127.20.121.1:64030 18:16:41.834 [INFO - kudu-tserver:64038] (MiniKuduCluster.java:586)
I0920 18:16:41.834208 10107 heartbeater.cc:387] Registering TS with master... 18:16:41.834 [INFO - kudu-tserver:64038] (MiniKuduCluster.java:586)
I0920 18:16:41.834318 10107 heartbeater.cc:414] Master 127.20.121.1:64030 requested a full tablet report, sending... 18:16:41.835 [INFO - kudu-master:64030] (MiniKuduCluster.java:586)
I0920 18:16:41.835135 9378 ts_manager.cc:81] Registered new tserver with Master: 9d9c953c8fd2435f8c241d072f0c543a (127.20.121.1:64038) 18:16:41.835 [INFO - kudu-tserver:64038] (MiniKuduCluster.java:586)
I0920 18:16:41.835696 10118 process_memory.cc:180] Process hard memory limit is 94.627029 GB 18:16:41.835 [INFO - kudu-tserver:64038] (MiniKuduCluster.java:586)
I0920 18:16:41.835886 10118 process_memory.cc:182] Process soft memory limit is 75.701622 GB 18:16:41.836 [INFO - kudu-tserver:64038] (MiniKuduCluster.java:586)
I0920 18:16:41.836007 10118 process_memory.cc:185] Process memory pressure threshold is 56.776218 GB 18:16:41.836 [INFO - kudu-tserver:64038] (MiniKuduCluster.java:586)
I0920 18:16:41.836287 9649 tablet_server_main.cc:87] Tablet server successfully started. 18:16:41.839 [INFO - kudu-tserver:64038] (MiniKuduCluster.java:586)
I0920 18:16:41.839840 10115 heartbeater.cc:317] Connected to a master server at 127.20.121.1:64034 18:16:41.840 [INFO - kudu-tserver:64038] (MiniKuduCluster.java:586)
I0920 18:16:41.839875 10115 heartbeater.cc:387] Registering TS with master... 18:16:41.840 [INFO - kudu-tserver:64038] (MiniKuduCluster.java:586)
I0920 18:16:41.839932 10115 heartbeater.cc:414] Master 127.20.121.1:64034 requested a full tablet report, sending... 18:16:41.841 [INFO - kudu-master:64034] (MiniKuduCluster.java:586)
I0920 18:16:41.840109 9514 ts_manager.cc:81] Registered new tserver with Master: 9d9c953c8fd2435f8c241d072f0c543a (127.20.121.1:64038) 18:16:41.841 [INFO - kudu-master:64034] (MiniKuduCluster.java:586)
I0920 18:16:41.841233 9514 master_service.cc:203] Signed X509 certificate for tserver {username='jenkins-slave'} at 127.20.121.1:56495 18:16:41.842 [INFO - kudu-tserver:64038] (MiniKuduCluster.java:586)
I0920 18:16:41.842891 10108 heartbeater.cc:317] Connected to a master server at 127.20.121.1:64032 18:16:41.843 [INFO - kudu-tserver:64038] (MiniKuduCluster.java:586)
I0920 18:16:41.842916 10108 heartbeater.cc:387] Registering TS with master... 18:16:41.843 [INFO - kudu-tserver:64038] (MiniKuduCluster.java:586)
I0920 18:16:41.842945 10108 heartbeater.cc:414] Master 127.20.121.1:64032 requested a full tablet report, sending... 18:16:41.843 [INFO - kudu-master:64032] (MiniKuduCluster.java:586)
I0920 18:16:41.843228 9508 ts_manager.cc:81] Registered new tserver with Master: 9d9c953c8fd2435f8c241d072f0c543a (127.20.121.1:64038) 18:16:41.848 [INFO - kudu-tserver:64040] (MiniKuduCluster.java:586)
I0920 18:16:41.848654 9863 rpc_server.cc:192] RPC server started. Bound to: 127.20.121.1:64040 18:16:41.848 [INFO - kudu-tserver:64040] (MiniKuduCluster.java:586)
I0920 18:16:41.848732 9863 webserver.cc:149] Starting webserver on 127.20.121.1:64041 18:16:41.849 [INFO - kudu-tserver:64040] (MiniKuduCluster.java:586)
I0920 18:16:41.848739 9863 webserver.cc:160] Document root disabled 18:16:41.849 [INFO - kudu-tserver:64040] (MiniKuduCluster.java:586)
I0920 18:16:41.848953 9863 webserver.cc:282] Webserver started. Bound to: http://127.20.121.1:64041/ 18:16:41.880 [INFO - kudu-tserver:64040] (MiniKuduCluster.java:586)
I0920 18:16:41.880558 10201 process_memory.cc:180] Process hard memory limit is 94.627029 GB 18:16:41.880 [INFO - kudu-tserver:64040] (MiniKuduCluster.java:586)
I0920 18:16:41.880640 9863 tablet_server_main.cc:87] Tablet server successfully started. 18:16:41.881 [INFO - kudu-tserver:64040] (MiniKuduCluster.java:586)
I0920 18:16:41.880978 10201 process_memory.cc:182] Process soft memory limit is 75.701622 GB 18:16:41.881 [INFO - kudu-tserver:64040] (MiniKuduCluster.java:586)
I0920 18:16:41.881125 10201 process_memory.cc:185] Process memory pressure threshold is 56.776218 GB 18:16:41.910 [INFO - kudu-tserver:64040] (MiniKuduCluster.java:586)
I0920 18:16:41.909943 10197 heartbeater.cc:317] Connected to a master server at 127.20.121.1:64032 18:16:41.910 [INFO - kudu-tserver:64040] (MiniKuduCluster.java:586)
I0920 18:16:41.909963 10199 heartbeater.cc:317] Connected to a master server at 127.20.121.1:64034 18:16:41.910 [INFO - kudu-tserver:64040] (MiniKuduCluster.java:586)
I0920 18:16:41.909955 10196 heartbeater.cc:317] Connected to a master server at 127.20.121.1:64030 18:16:41.910 [INFO - kudu-tserver:64040] (MiniKuduCluster.java:586)
I0920 18:16:41.910017 10197 heartbeater.cc:387] Registering TS with master... 18:16:41.910 [INFO - kudu-tserver:64040] (MiniKuduCluster.java:586)
I0920 18:16:41.910017 10199 heartbeater.cc:387] Registering TS with master... 18:16:41.910 [INFO - kudu-tserver:64040] (MiniKuduCluster.java:586)
I0920 18:16:41.910017 10196 heartbeater.cc:387] Registering TS with master... 18:16:41.910 [INFO - kudu-tserver:64040] (MiniKuduCluster.java:586)
I0920 18:16:41.910117 10197 heartbeater.cc:414] Master 127.20.121.1:64032 requested a full tablet report, sending... 18:16:41.910 [INFO - kudu-tserver:64040] (MiniKuduCluster.java:586)
I0920 18:16:41.910122 10199 heartbeater.cc:414] Master 127.20.121.1:64034 requested a full tablet report, sending... 18:16:41.910 [INFO - kudu-tserver:64040] (MiniKuduCluster.java:586)
I0920 18:16:41.910117 10196 heartbeater.cc:414] Master 127.20.121.1:64030 requested a full tablet report, sending... 18:16:41.910 [INFO - kudu-master:64032] (MiniKuduCluster.java:586)
I0920 18:16:41.910423 9508 ts_manager.cc:81] Registered new tserver with Master: dcdf57d4c4ea47f7ac21bfc762f488ac (127.20.121.1:64040) 18:16:41.910 [INFO - kudu-master:64030] (MiniKuduCluster.java:586)
I0920 18:16:41.910423 9378 ts_manager.cc:81] Registered new tserver with Master: dcdf57d4c4ea47f7ac21bfc762f488ac (127.20.121.1:64040) 18:16:41.911 [INFO - kudu-master:64034] (MiniKuduCluster.java:586)
I0920 18:16:41.910356 9514 ts_manager.cc:81] Registered new tserver with Master: dcdf57d4c4ea47f7ac21bfc762f488ac (127.20.121.1:64040) 18:16:41.911 [INFO - kudu-master:64034] (MiniKuduCluster.java:586)
I0920 18:16:41.910996 9514 master_service.cc:203] Signed X509 certificate for tserver {username='jenkins-slave'} at 127.20.121.1:52329 18:16:42.132 [INFO - kudu-master:64034] (MiniKuduCluster.java:586)
I0920 18:16:42.132766 9514 master_service.cc:203] Signed X509 certificate for tserver {username='jenkins-slave'} at 127.20.121.1:50559 18:16:42.186 [INFO - main] (BaseKuduTest.java:117) Creating new Kudu client... 18:16:42.188 [DEBUG - main] (SecurityUtil.java:122) Could not login via JAAS. Using no credentials: Unable to obtain Principal Name for authentication 18:16:42.809 [INFO - main] (BaseKuduTest.java:123) Waiting for tablet servers... 18:16:42.842 [INFO - kudu-tserver:64038] (MiniKuduCluster.java:586)
I0920 18:16:42.842190 10115 heartbeater.cc:406] Master 127.20.121.1:64034 was elected leader, sending a full tablet report... 18:16:42.911 [INFO - kudu-tserver:64040] (MiniKuduCluster.java:586)
I0920 18:16:42.911665 10199 heartbeater.cc:406] Master 127.20.121.1:64034 was elected leader, sending a full tablet report... 18:16:43.034 [DEBUG - New I/O worker #131] (Negotiator.java:384) SASL mechanism PLAIN chosen for peer 127.20.121.1 18:16:43.045 [DEBUG - New I/O worker #132] (Negotiator.java:384) SASL mechanism PLAIN chosen for peer 127.20.121.1 18:16:43.046 [DEBUG - New I/O worker #133] (Negotiator.java:384) SASL mechanism PLAIN chosen for peer 127.20.121.1 18:16:43.075 [DEBUG - New I/O worker #133] (AsyncKuduClient.java:1727) Learned about tablet Kudu Master for table 'Kudu Master' with partition [, ) 18:16:43.076 [DEBUG - New I/O worker #133] (AsyncKuduClient.java:916) Retrying sending RPC KuduRpc(method=ListTabletServers, tablet=null, attempt=1, DeadlineTracker(timeout=50000, elapsed=66), Traces: [0ms] querying master, [10ms] Sub rpc: ConnectToMaster sending RPC to server master-127.20.121.1:64030, [10ms] Sub rpc: ConnectToMaster sending RPC to server master-127.20.121.1:64032, [12ms] Sub rpc: ConnectToMaster sending RPC to server master-127.20.121.1:64034, [63ms] Sub rpc: ConnectToMaster received from server master-127.20.121.1:64034 response OK, null) after lookup 18:16:43.094 [DEBUG - New I/O worker #133] (Deferred.java:1330) callback=retry RPC@457914828 returned Deferred@1581888705(state=PENDING, result=null, callback=(continuation of Deferred@1432627974 after retry RPC@457914828), errback=(continuation of Deferred@1432627974 after retry RPC@457914828)), so the following Deferred is getting paused: Deferred@1432627974(state=PAUSED, result=Deferred@1581888705, callback=wakeup thread main, errback=wakeup thread main) 18:16:43.133 [INFO - kudu-tserver:64036] (MiniKuduCluster.java:586)
