I0918 03:46:26.963096 18850 sys_catalog.cc:321] T 00000000000000000000000000000000 P a4b6ddb6610f47b29c015ad4cb1a968b [sys.catalog]: SysCatalogTable state changed. Reason: RaftConsensus started. Latest consensus state: current_term: 0 leader_uuid: "" committed_config { opid_index: -1 OBSOLETE_local: false peers { permanent_uuid: "c28360c4a2f042f6ba87fd09b4d2171c" member_type: VOTER last_known_addr { host: "127.70.237.1" port: 64030 } } peers { permanent_uuid: "a4b6ddb6610f47b29c015ad4cb1a968b" member_type: VOTER last_known_addr { host: "127.70.237.1" port: 64032 } } peers { permanent_uuid: "2c3c210fb3054825a9fdb0c1d31e0e2b" member_type: VOTER last_known_addr { host: "127.70.237.1" port: 64034 } } } 03:46:26.963 [INFO - kudu-master:64032] (MiniKuduCluster.java:586)
I0918 03:46:26.963380 18850 sys_catalog.cc:324] T 00000000000000000000000000000000 P a4b6ddb6610f47b29c015ad4cb1a968b [sys.catalog]: This master's current role is: FOLLOWER 03:46:26.966 [INFO - kudu-tserver:64036] (MiniKuduCluster.java:586)
I0918 03:46:26.962978 18731 fs_manager.cc:431] Time spent creating directory manager: real 0.048s user 0.004s sys 0.000s 03:46:26.966 [INFO - kudu-tserver:64036] (MiniKuduCluster.java:586)
I0918 03:46:26.963500 18731 env_posix.cc:1589] Not raising process file limit of 65536; it is already as high as it can go 03:46:26.966 [INFO - kudu-tserver:64036] (MiniKuduCluster.java:586)
I0918 03:46:26.963677 18731 file_cache.cc:469] Constructed file cache lbm with capacity 26214 03:46:26.968 [INFO - kudu-master:64030] (MiniKuduCluster.java:586)
I0918 03:46:26.968771 18601 sys_catalog.cc:321] T 00000000000000000000000000000000 P c28360c4a2f042f6ba87fd09b4d2171c [sys.catalog]: SysCatalogTable state changed. Reason: Started TabletReplica. Latest consensus state: current_term: 0 leader_uuid: "" committed_config { opid_index: -1 OBSOLETE_local: false peers { permanent_uuid: "c28360c4a2f042f6ba87fd09b4d2171c" member_type: VOTER last_known_addr { host: "127.70.237.1" port: 64030 } } peers { permanent_uuid: "a4b6ddb6610f47b29c015ad4cb1a968b" member_type: VOTER last_known_addr { host: "127.70.237.1" port: 64032 } } peers { permanent_uuid: "2c3c210fb3054825a9fdb0c1d31e0e2b" member_type: VOTER last_known_addr { host: "127.70.237.1" port: 64034 } } } 03:46:26.969 [INFO - kudu-master:64030] (MiniKuduCluster.java:586)
I0918 03:46:26.969085 18601 sys_catalog.cc:324] T 00000000000000000000000000000000 P c28360c4a2f042f6ba87fd09b4d2171c [sys.catalog]: This master's current role is: FOLLOWER 03:46:26.970 [INFO - kudu-master:64030] (MiniKuduCluster.java:586)
I0918 03:46:26.970229 18601 sys_catalog.cc:408] T 00000000000000000000000000000000 P c28360c4a2f042f6ba87fd09b4d2171c [sys.catalog]: configured and running, proceeding with master startup. 03:46:26.970 [INFO - kudu-master:64034] (MiniKuduCluster.java:586)
I0918 03:46:26.970595 18826 sys_catalog.cc:321] T 00000000000000000000000000000000 P 2c3c210fb3054825a9fdb0c1d31e0e2b [sys.catalog]: SysCatalogTable state changed. Reason: Started TabletReplica. Latest consensus state: current_term: 0 leader_uuid: "" committed_config { opid_index: -1 OBSOLETE_local: false peers { permanent_uuid: "c28360c4a2f042f6ba87fd09b4d2171c" member_type: VOTER last_known_addr { host: "127.70.237.1" port: 64030 } } peers { permanent_uuid: "a4b6ddb6610f47b29c015ad4cb1a968b" member_type: VOTER last_known_addr { host: "127.70.237.1" port: 64032 } } peers { permanent_uuid: "2c3c210fb3054825a9fdb0c1d31e0e2b" member_type: VOTER last_known_addr { host: "127.70.237.1" port: 64034 } } } 03:46:26.970 [INFO - kudu-master:64030] (MiniKuduCluster.java:586)
I0918 03:46:26.970818 18858 sys_catalog.cc:321] T 00000000000000000000000000000000 P c28360c4a2f042f6ba87fd09b4d2171c [sys.catalog]: SysCatalogTable state changed. Reason: RaftConsensus started. Latest consensus state: current_term: 0 leader_uuid: "" committed_config { opid_index: -1 OBSOLETE_local: false peers { permanent_uuid: "c28360c4a2f042f6ba87fd09b4d2171c" member_type: VOTER last_known_addr { host: "127.70.237.1" port: 64030 } } peers { permanent_uuid: "a4b6ddb6610f47b29c015ad4cb1a968b" member_type: VOTER last_known_addr { host: "127.70.237.1" port: 64032 } } peers { permanent_uuid: "2c3c210fb3054825a9fdb0c1d31e0e2b" member_type: VOTER last_known_addr { host: "127.70.237.1" port: 64034 } } } 03:46:26.971 [INFO - kudu-master:64034] (MiniKuduCluster.java:586)
I0918 03:46:26.971066 18826 sys_catalog.cc:324] T 00000000000000000000000000000000 P 2c3c210fb3054825a9fdb0c1d31e0e2b [sys.catalog]: This master's current role is: FOLLOWER 03:46:26.971 [INFO - kudu-master:64030] (MiniKuduCluster.java:586)
I0918 03:46:26.971164 18858 sys_catalog.cc:324] T 00000000000000000000000000000000 P c28360c4a2f042f6ba87fd09b4d2171c [sys.catalog]: This master's current role is: FOLLOWER 03:46:26.972 [INFO - kudu-master:64034] (MiniKuduCluster.java:586)
I0918 03:46:26.972033 18826 sys_catalog.cc:408] T 00000000000000000000000000000000 P 2c3c210fb3054825a9fdb0c1d31e0e2b [sys.catalog]: configured and running, proceeding with master startup. 03:46:26.972 [INFO - kudu-master:64034] (MiniKuduCluster.java:586)
I0918 03:46:26.971019 18859 sys_catalog.cc:321] T 00000000000000000000000000000000 P 2c3c210fb3054825a9fdb0c1d31e0e2b [sys.catalog]: SysCatalogTable state changed. Reason: RaftConsensus started. Latest consensus state: current_term: 0 leader_uuid: "" committed_config { opid_index: -1 OBSOLETE_local: false peers { permanent_uuid: "c28360c4a2f042f6ba87fd09b4d2171c" member_type: VOTER last_known_addr { host: "127.70.237.1" port: 64030 } } peers { permanent_uuid: "a4b6ddb6610f47b29c015ad4cb1a968b" member_type: VOTER last_known_addr { host: "127.70.237.1" port: 64032 } } peers { permanent_uuid: "2c3c210fb3054825a9fdb0c1d31e0e2b" member_type: VOTER last_known_addr { host: "127.70.237.1" port: 64034 } } } 03:46:26.972 [INFO - kudu-master:64032] (MiniKuduCluster.java:586)
I0918 03:46:26.972575 18861 catalog_manager.cc:493] Waiting for catalog manager background task thread to start: Service unavailable: Catalog manager is not initialized. State: 1 03:46:26.972 [INFO - kudu-master:64034] (MiniKuduCluster.java:586)
I0918 03:46:26.972643 18859 sys_catalog.cc:324] T 00000000000000000000000000000000 P 2c3c210fb3054825a9fdb0c1d31e0e2b [sys.catalog]: This master's current role is: FOLLOWER 03:46:26.973 [INFO - kudu-master:64034] (MiniKuduCluster.java:586)
I0918 03:46:26.973042 18869 catalog_manager.cc:493] Waiting for catalog manager background task thread to start: Service unavailable: Catalog manager is not initialized. State: 1 03:46:26.973 [INFO - kudu-master:64032] (MiniKuduCluster.java:586)
I0918 03:46:26.973029 18444 master_main.cc:79] Master server successfully started. 03:46:26.973 [INFO - kudu-master:64034] (MiniKuduCluster.java:586)
I0918 03:46:26.973330 18570 master_main.cc:79] Master server successfully started. 03:46:26.984 [INFO - kudu-master:64030] (MiniKuduCluster.java:586)
I0918 03:46:26.984773 18349 master_main.cc:79] Master server successfully started. 03:46:26.996 [INFO - kudu-master:64034] (MiniKuduCluster.java:586)
I0918 03:46:26.995421 18859 raft_consensus.cc:412] T 00000000000000000000000000000000 P 2c3c210fb3054825a9fdb0c1d31e0e2b [term 0 FOLLOWER]: Starting pre-election (no leader contacted us within the election timeout) 03:46:26.997 [INFO - kudu-master:64034] (MiniKuduCluster.java:586)
I0918 03:46:26.995512 18859 raft_consensus.cc:2456] T 00000000000000000000000000000000 P 2c3c210fb3054825a9fdb0c1d31e0e2b: Snoozing failure detection for 0.813s (starting election) 03:46:26.997 [INFO - kudu-master:64034] (MiniKuduCluster.java:586)
I0918 03:46:26.995625 18859 raft_consensus.cc:434] T 00000000000000000000000000000000 P 2c3c210fb3054825a9fdb0c1d31e0e2b [term 0 FOLLOWER]: Starting pre-election with config: opid_index: -1 OBSOLETE_local: false peers { permanent_uuid: "c28360c4a2f042f6ba87fd09b4d2171c" member_type: VOTER last_known_addr { host: "127.70.237.1" port: 64030 } } peers { permanent_uuid: "a4b6ddb6610f47b29c015ad4cb1a968b" member_type: VOTER last_known_addr { host: "127.70.237.1" port: 64032 } } peers { permanent_uuid: "2c3c210fb3054825a9fdb0c1d31e0e2b" member_type: VOTER last_known_addr { host: "127.70.237.1" port: 64034 } } 03:46:26.997 [INFO - kudu-master:64034] (MiniKuduCluster.java:586)
I0918 03:46:26.996358 18859 leader_election.cc:221] T 00000000000000000000000000000000 P 2c3c210fb3054825a9fdb0c1d31e0e2b [CANDIDATE]: Term 1 pre-election: Requesting pre-vote from peer c28360c4a2f042f6ba87fd09b4d2171c 03:46:26.997 [INFO - kudu-master:64034] (MiniKuduCluster.java:586)
I0918 03:46:26.996636 18859 leader_election.cc:221] T 00000000000000000000000000000000 P 2c3c210fb3054825a9fdb0c1d31e0e2b [CANDIDATE]: Term 1 pre-election: Requesting pre-vote from peer a4b6ddb6610f47b29c015ad4cb1a968b 03:46:27.000 [INFO - kudu-master:64032] (MiniKuduCluster.java:586)
I0918 03:46:26.999518 18655 tablet_service.cc:1002] Received RequestConsensusVote() RPC: tablet_id: "00000000000000000000000000000000" candidate_uuid: "2c3c210fb3054825a9fdb0c1d31e0e2b" candidate_term: 1 candidate_status { last_received { term: 0 index: 0 } } ignore_live_leader: false dest_uuid: "a4b6ddb6610f47b29c015ad4cb1a968b" is_pre_election: true 03:46:27.000 [INFO - kudu-master:64032] (MiniKuduCluster.java:586)
I0918 03:46:26.999714 18655 raft_consensus.cc:2456] T 00000000000000000000000000000000 P a4b6ddb6610f47b29c015ad4cb1a968b: Snoozing failure detection for 0.767s (vote granted) 03:46:27.000 [INFO - kudu-master:64032] (MiniKuduCluster.java:586)
I0918 03:46:26.999768 18655 raft_consensus.cc:2010] T 00000000000000000000000000000000 P a4b6ddb6610f47b29c015ad4cb1a968b [term 0 FOLLOWER]: Leader pre-election vote request: Granting yes vote for candidate 2c3c210fb3054825a9fdb0c1d31e0e2b in term 0. 03:46:27.000 [INFO - kudu-tserver:64036] (MiniKuduCluster.java:586)
I0918 03:46:26.992835 18731 fs_manager.cc:335] Time spent opening block manager: real 0.027s user 0.004s sys 0.000s 03:46:27.000 [INFO - kudu-tserver:64036] (MiniKuduCluster.java:586)
I0918 03:46:26.993018 18731 fs_manager.cc:348] Opened local filesystem: /home/jenkins-slave/workspace/kudu-master/3/build/test-tmp/ts-0-1505706386661/data 03:46:27.000 [INFO - kudu-tserver:64036] (MiniKuduCluster.java:586) uuid: "b5851213ca55407284d76a9cea74db72" 03:46:27.000 [INFO - kudu-tserver:64036] (MiniKuduCluster.java:586) format_stamp: "Formatted at 2017-09-18 03:46:26 on jenkins-slave-c3oe" 03:46:27.001 [INFO - kudu-tserver:64036] (MiniKuduCluster.java:586)
I0918 03:46:26.993095 18731 fs_report.cc:347] Block manager report 03:46:27.001 [INFO - kudu-master:64034] (MiniKuduCluster.java:586)
I0918 03:46:27.000886 18718 leader_election.cc:353] T 00000000000000000000000000000000 P 2c3c210fb3054825a9fdb0c1d31e0e2b [CANDIDATE]: Term 1 pre-election: Vote granted by peer a4b6ddb6610f47b29c015ad4cb1a968b 03:46:27.001 [INFO - kudu-master:64034] (MiniKuduCluster.java:586)
I0918 03:46:27.000932 18718 leader_election.cc:248] T 00000000000000000000000000000000 P 2c3c210fb3054825a9fdb0c1d31e0e2b [CANDIDATE]: Term 1 pre-election: Election decided. Result: candidate won. 03:46:27.001 [INFO - kudu-master:64034] (MiniKuduCluster.java:586)
I0918 03:46:27.001277 18859 raft_consensus.cc:2456] T 00000000000000000000000000000000 P 2c3c210fb3054825a9fdb0c1d31e0e2b: Snoozing failure detection for 0.870s (election complete) 03:46:27.001 [INFO - kudu-master:64034] (MiniKuduCluster.java:586)
I0918 03:46:27.001319 18859 raft_consensus.cc:2280] T 00000000000000000000000000000000 P 2c3c210fb3054825a9fdb0c1d31e0e2b [term 0 FOLLOWER]: Leader pre-election won for term 1 03:46:27.001 [INFO - kudu-master:64034] (MiniKuduCluster.java:586)
I0918 03:46:27.001341 18859 raft_consensus.cc:412] T 00000000000000000000000000000000 P 2c3c210fb3054825a9fdb0c1d31e0e2b [term 0 FOLLOWER]: Starting leader election (no leader contacted us within the election timeout) 03:46:27.001 [INFO - kudu-master:64034] (MiniKuduCluster.java:586)
I0918 03:46:27.001355 18859 raft_consensus.cc:2456] T 00000000000000000000000000000000 P 2c3c210fb3054825a9fdb0c1d31e0e2b: Snoozing failure detection for 0.815s (starting election) 03:46:27.003 [INFO - kudu-master:64034] (MiniKuduCluster.java:586)
I0918 03:46:27.001368 18859 raft_consensus.cc:2508] T 00000000000000000000000000000000 P 2c3c210fb3054825a9fdb0c1d31e0e2b [term 0 FOLLOWER]: Advancing to term 1 03:46:27.003 [INFO - kudu-master:64034] (MiniKuduCluster.java:586)
I0918 03:46:27.002414 18859 raft_consensus.cc:434] T 00000000000000000000000000000000 P 2c3c210fb3054825a9fdb0c1d31e0e2b [term 1 FOLLOWER]: Starting leader election with config: opid_index: -1 OBSOLETE_local: false peers { permanent_uuid: "c28360c4a2f042f6ba87fd09b4d2171c" member_type: VOTER last_known_addr { host: "127.70.237.1" port: 64030 } } peers { permanent_uuid: "a4b6ddb6610f47b29c015ad4cb1a968b" member_type: VOTER last_known_addr { host: "127.70.237.1" port: 64032 } } peers { permanent_uuid: "2c3c210fb3054825a9fdb0c1d31e0e2b" member_type: VOTER last_known_addr { host: "127.70.237.1" port: 64034 } } 03:46:27.004 [INFO - kudu-master:64034] (MiniKuduCluster.java:586)
I0918 03:46:27.002713 18859 leader_election.cc:221] T 00000000000000000000000000000000 P 2c3c210fb3054825a9fdb0c1d31e0e2b [CANDIDATE]: Term 1 election: Requesting vote from peer c28360c4a2f042f6ba87fd09b4d2171c 03:46:27.004 [INFO - kudu-master:64034] (MiniKuduCluster.java:586)
I0918 03:46:27.002802 18859 leader_election.cc:221] T 00000000000000000000000000000000 P 2c3c210fb3054825a9fdb0c1d31e0e2b [CANDIDATE]: Term 1 election: Requesting vote from peer a4b6ddb6610f47b29c015ad4cb1a968b 03:46:27.004 [INFO - kudu-master:64032] (MiniKuduCluster.java:586)
I0918 03:46:27.003309 18655 tablet_service.cc:1002] Received RequestConsensusVote() RPC: tablet_id: "00000000000000000000000000000000" candidate_uuid: "2c3c210fb3054825a9fdb0c1d31e0e2b" candidate_term: 1 candidate_status { last_received { term: 0 index: 0 } } ignore_live_leader: false dest_uuid: "a4b6ddb6610f47b29c015ad4cb1a968b" 03:46:27.004 [INFO - kudu-master:64032] (MiniKuduCluster.java:586)
I0918 03:46:27.003384 18655 raft_consensus.cc:2508] T 00000000000000000000000000000000 P a4b6ddb6610f47b29c015ad4cb1a968b [term 0 FOLLOWER]: Advancing to term 1 03:46:27.004 [INFO - kudu-master:64032] (MiniKuduCluster.java:586)
I0918 03:46:27.003466 18655 raft_consensus.cc:2456] T 00000000000000000000000000000000 P a4b6ddb6610f47b29c015ad4cb1a968b: Snoozing failure detection for 0.623s (vote granted) 03:46:27.004 [INFO - kudu-master:64032] (MiniKuduCluster.java:586)
I0918 03:46:27.004309 18655 raft_consensus.cc:2010] T 00000000000000000000000000000000 P a4b6ddb6610f47b29c015ad4cb1a968b [term 1 FOLLOWER]: Leader election vote request: Granting yes vote for candidate 2c3c210fb3054825a9fdb0c1d31e0e2b in term 1. 03:46:27.009 [INFO - kudu-master:64034] (MiniKuduCluster.java:586)
I0918 03:46:27.005136 18718 leader_election.cc:353] T 00000000000000000000000000000000 P 2c3c210fb3054825a9fdb0c1d31e0e2b [CANDIDATE]: Term 1 election: Vote granted by peer a4b6ddb6610f47b29c015ad4cb1a968b 03:46:27.009 [INFO - kudu-master:64034] (MiniKuduCluster.java:586)
I0918 03:46:27.005165 18718 leader_election.cc:248] T 00000000000000000000000000000000 P 2c3c210fb3054825a9fdb0c1d31e0e2b [CANDIDATE]: Term 1 election: Election decided. Result: candidate won. 03:46:27.009 [INFO - kudu-master:64034] (MiniKuduCluster.java:586)
I0918 03:46:27.008697 18732 leader_election.cc:353] T 00000000000000000000000000000000 P 2c3c210fb3054825a9fdb0c1d31e0e2b [CANDIDATE]: Term 1 pre-election: Vote granted by peer c28360c4a2f042f6ba87fd09b4d2171c 03:46:27.009 [INFO - kudu-master:64034] (MiniKuduCluster.java:586)
I0918 03:46:27.008952 18732 leader_election.cc:353] T 00000000000000000000000000000000 P 2c3c210fb3054825a9fdb0c1d31e0e2b [CANDIDATE]: Term 1 election: Vote granted by peer c28360c4a2f042f6ba87fd09b4d2171c 03:46:27.009 [INFO - kudu-master:64030] (MiniKuduCluster.java:586)
I0918 03:46:27.006793 18511 tablet_service.cc:1002] Received RequestConsensusVote() RPC: tablet_id: "00000000000000000000000000000000" candidate_uuid: "2c3c210fb3054825a9fdb0c1d31e0e2b" candidate_term: 1 candidate_status { last_received { term: 0 index: 0 } } ignore_live_leader: false dest_uuid: "c28360c4a2f042f6ba87fd09b4d2171c" is_pre_election: true 03:46:27.009 [INFO - kudu-master:64030] (MiniKuduCluster.java:586)
I0918 03:46:27.006985 18511 raft_consensus.cc:2456] T 00000000000000000000000000000000 P c28360c4a2f042f6ba87fd09b4d2171c: Snoozing failure detection for 0.855s (vote granted) 03:46:27.009 [INFO - kudu-master:64030] (MiniKuduCluster.java:586)
I0918 03:46:27.007032 18511 raft_consensus.cc:2010] T 00000000000000000000000000000000 P c28360c4a2f042f6ba87fd09b4d2171c [term 0 FOLLOWER]: Leader pre-election vote request: Granting yes vote for candidate 2c3c210fb3054825a9fdb0c1d31e0e2b in term 0. 03:46:27.009 [INFO - kudu-master:64030] (MiniKuduCluster.java:586)
I0918 03:46:27.007398 18505 tablet_service.cc:1002] Received RequestConsensusVote() RPC: tablet_id: "00000000000000000000000000000000" candidate_uuid: "2c3c210fb3054825a9fdb0c1d31e0e2b" candidate_term: 1 candidate_status { last_received { term: 0 index: 0 } } ignore_live_leader: false dest_uuid: "c28360c4a2f042f6ba87fd09b4d2171c" 03:46:27.009 [INFO - kudu-master:64030] (MiniKuduCluster.java:586)
I0918 03:46:27.007446 18505 raft_consensus.cc:2508] T 00000000000000000000000000000000 P c28360c4a2f042f6ba87fd09b4d2171c [term 0 FOLLOWER]: Advancing to term 1 03:46:27.010 [INFO - kudu-master:64030] (MiniKuduCluster.java:586)
I0918 03:46:27.007516 18505 raft_consensus.cc:2456] T 00000000000000000000000000000000 P c28360c4a2f042f6ba87fd09b4d2171c: Snoozing failure detection for 0.679s (vote granted) 03:46:27.010 [INFO - kudu-master:64030] (MiniKuduCluster.java:586)
I0918 03:46:27.008350 18505 raft_consensus.cc:2010] T 00000000000000000000000000000000 P c28360c4a2f042f6ba87fd09b4d2171c [term 1 FOLLOWER]: Leader election vote request: Granting yes vote for candidate 2c3c210fb3054825a9fdb0c1d31e0e2b in term 1. 03:46:27.010 [INFO - kudu-master:64034] (MiniKuduCluster.java:586)
I0918 03:46:27.010298 18859 raft_consensus.cc:2456] T 00000000000000000000000000000000 P 2c3c210fb3054825a9fdb0c1d31e0e2b: Snoozing failure detection for 0.618s (election complete) 03:46:27.010 [INFO - kudu-master:64034] (MiniKuduCluster.java:586)
I0918 03:46:27.010347 18859 raft_consensus.cc:2280] T 00000000000000000000000000000000 P 2c3c210fb3054825a9fdb0c1d31e0e2b [term 1 FOLLOWER]: Leader election won for term 1 03:46:27.001 [INFO - kudu-tserver:64036] (MiniKuduCluster.java:586) -------------------- 03:46:27.013 [INFO - kudu-tserver:64036] (MiniKuduCluster.java:586) 1 data directories: /home/jenkins-slave/workspace/kudu-master/3/build/test-tmp/ts-0-1505706386661/data/data 03:46:27.013 [INFO - kudu-tserver:64036] (MiniKuduCluster.java:586) Total live blocks: 0 03:46:27.013 [INFO - kudu-tserver:64036] (MiniKuduCluster.java:586) Total live bytes: 0 03:46:27.014 [INFO - kudu-tserver:64036] (MiniKuduCluster.java:586) Total live bytes (after alignment): 0 03:46:27.014 [INFO - kudu-tserver:64036] (MiniKuduCluster.java:586) Total number of LBM containers: 0 (0 full) 03:46:27.014 [INFO - kudu-tserver:64036] (MiniKuduCluster.java:586) Did not check for missing blocks 03:46:27.014 [INFO - kudu-tserver:64036] (MiniKuduCluster.java:586) Did not check for orphaned blocks 03:46:27.014 [INFO - kudu-tserver:64036] (MiniKuduCluster.java:586) Total full LBM containers with extra space: 0 (0 repaired) 03:46:27.015 [INFO - kudu-tserver:64036] (MiniKuduCluster.java:586) Total full LBM container extra space in bytes: 0 (0 repaired) 03:46:27.015 [INFO - kudu-tserver:64036] (MiniKuduCluster.java:586) Total incomplete LBM containers: 0 (0 repaired) 03:46:27.015 [INFO - kudu-tserver:64036] (MiniKuduCluster.java:586) Total LBM partial records: 0 (0 repaired) 03:46:27.026 [INFO - kudu-master:64034] (MiniKuduCluster.java:586)
I0918 03:46:27.023977 18859 raft_consensus.cc:542] T 00000000000000000000000000000000 P 2c3c210fb3054825a9fdb0c1d31e0e2b [term 1 LEADER]: Becoming Leader. State: Replica: 2c3c210fb3054825a9fdb0c1d31e0e2b, State: Running, Role: LEADER 03:46:27.026 [INFO - kudu-master:64034] (MiniKuduCluster.java:586)
I0918 03:46:27.024224 18859 consensus_queue.cc:169] T 00000000000000000000000000000000 P 2c3c210fb3054825a9fdb0c1d31e0e2b [LEADER]: Queue going to LEADER mode. State: All replicated index: 0, Majority replicated index: 0, Committed index: 0, Last appended: 0.0, Last appended by leader: 0, Current term: 1, Majority size: 2, State: 0, Mode: LEADER, active raft config: opid_index: -1 OBSOLETE_local: false peers { permanent_uuid: "c28360c4a2f042f6ba87fd09b4d2171c" member_type: VOTER last_known_addr { host: "127.70.237.1" port: 64030 } } peers { permanent_uuid: "a4b6ddb6610f47b29c015ad4cb1a968b" member_type: VOTER last_known_addr { host: "127.70.237.1" port: 64032 } } peers { permanent_uuid: "2c3c210fb3054825a9fdb0c1d31e0e2b" member_type: VOTER last_known_addr { host: "127.70.237.1" port: 64034 } } 03:46:27.031 [INFO - kudu-master:64034] (MiniKuduCluster.java:586)
I0918 03:46:27.031524 18883 sys_catalog.cc:321] T 00000000000000000000000000000000 P 2c3c210fb3054825a9fdb0c1d31e0e2b [sys.catalog]: SysCatalogTable state changed. Reason: New leader 2c3c210fb3054825a9fdb0c1d31e0e2b. Latest consensus state: current_term: 1 leader_uuid: "2c3c210fb3054825a9fdb0c1d31e0e2b" committed_config { opid_index: -1 OBSOLETE_local: false peers { permanent_uuid: "c28360c4a2f042f6ba87fd09b4d2171c" member_type: VOTER last_known_addr { host: "127.70.237.1" port: 64030 } } peers { permanent_uuid: "a4b6ddb6610f47b29c015ad4cb1a968b" member_type: VOTER last_known_addr { host: "127.70.237.1" port: 64032 } } peers { permanent_uuid: "2c3c210fb3054825a9fdb0c1d31e0e2b" member_type: VOTER last_known_addr { host: "127.70.237.1" port: 64034 } } } 03:46:27.032 [INFO - kudu-master:64034] (MiniKuduCluster.java:586)
I0918 03:46:27.031978 18883 sys_catalog.cc:324] T 00000000000000000000000000000000 P 2c3c210fb3054825a9fdb0c1d31e0e2b [sys.catalog]: This master's current role is: LEADER 03:46:27.032 [INFO - kudu-master:64034] (MiniKuduCluster.java:586)
I0918 03:46:27.032634 18897 catalog_manager.cc:948] Loading table and tablet metadata into memory... 03:46:27.038 [INFO - kudu-master:64034] (MiniKuduCluster.java:586)
I0918 03:46:27.038455 18897 catalog_manager.cc:959] Initializing Kudu internal certificate authority... 03:46:27.087 [INFO - kudu-tserver:64038] (MiniKuduCluster.java:586) WARNING: Logging before InitGoogleLogging() is written to STDERR 03:46:27.088 [INFO - kudu-tserver:64038] (MiniKuduCluster.java:586)
W0918 03:46:27.087713 18882 flags.cc:395] Enabled unsafe flag: --never_fsync=true 03:46:27.088 [INFO - kudu-tserver:64038] (MiniKuduCluster.java:586)
W0918 03:46:27.088865 18882 flags.cc:395] Enabled experimental flag: --ipki_server_key_size=1024 03:46:27.089 [INFO - kudu-tserver:64038] (MiniKuduCluster.java:586)
W0918 03:46:27.088906 18882 flags.cc:395] Enabled experimental flag: --flush_threshold_mb=1 03:46:27.089 [INFO - kudu-tserver:64038] (MiniKuduCluster.java:586)
W0918 03:46:27.088928 18882 flags.cc:395] Enabled experimental flag: --local_ip_for_outbound_sockets=127.70.237.1 03:46:27.091 [INFO - kudu-tserver:64038] (MiniKuduCluster.java:586)
I0918 03:46:27.090553 18882 tablet_server_main.cc:72] Tablet server non-default flags: 03:46:27.097 [INFO - kudu-tserver:64036] (MiniKuduCluster.java:586)
I0918 03:46:27.097316 18731 ts_tablet_manager.cc:216] Loaded tablet metadata (0 live tablets) 03:46:27.101 [INFO - kudu-tserver:64038] (MiniKuduCluster.java:586) --log_preallocate_segments=false 03:46:27.101 [INFO - kudu-tserver:64038] (MiniKuduCluster.java:586) --fs_data_dirs=/home/jenkins-slave/workspace/kudu-master/3/build/test-tmp/ts-1-1505706386661/data 03:46:27.102 [INFO - kudu-tserver:64038] (MiniKuduCluster.java:586) --fs_wal_dir=/home/jenkins-slave/workspace/kudu-master/3/build/test-tmp/ts-1-1505706386661/data 03:46:27.102 [INFO - kudu-tserver:64038] (MiniKuduCluster.java:586) --ipki_server_key_size=1024 03:46:27.103 [INFO - kudu-tserver:64038] (MiniKuduCluster.java:586) --rpc_bind_addresses=127.70.237.1:64038 03:46:27.103 [INFO - kudu-tserver:64038] (MiniKuduCluster.java:586) --webserver_interface=127.70.237.1 03:46:27.103 [INFO - kudu-tserver:64038] (MiniKuduCluster.java:586) --webserver_port=64039 03:46:27.103 [INFO - kudu-tserver:64038] (MiniKuduCluster.java:586) --flush_threshold_mb=1 03:46:27.103 [INFO - kudu-tserver:64038] (MiniKuduCluster.java:586) --tserver_master_addrs=127.70.237.1:64030,127.70.237.1:64032,127.70.237.1:64034 03:46:27.103 [INFO - kudu-tserver:64036] (MiniKuduCluster.java:586)
I0918 03:46:27.102244 18731 tablet_server_main.cc:84] Starting tablet server... 03:46:27.103 [INFO - kudu-tserver:64038] (MiniKuduCluster.java:586) --never_fsync=true 03:46:27.103 [INFO - kudu-tserver:64038] (MiniKuduCluster.java:586) --heap_profile_path=/tmp/kudu-tserver.18882 03:46:27.104 [INFO - kudu-tserver:64038] (MiniKuduCluster.java:586) --unlock_experimental_flags=true 03:46:27.104 [INFO - kudu-tserver:64038] (MiniKuduCluster.java:586) --unlock_unsafe_flags=true 03:46:27.104 [INFO - kudu-tserver:64038] (MiniKuduCluster.java:586) --local_ip_for_outbound_sockets=127.70.237.1 03:46:27.104 [INFO - kudu-tserver:64038] (MiniKuduCluster.java:586) --flagfile=/home/jenkins-slave/workspace/kudu-master/3/java/kudu-client/target/test-classes/flags 03:46:27.104 [INFO - kudu-tserver:64038] (MiniKuduCluster.java:586) --log_dir=/home/jenkins-slave/workspace/kudu-master/3/build/test-tmp/ts-1-1505706386661/logs 03:46:27.104 [INFO - kudu-tserver:64038] (MiniKuduCluster.java:586) --logtostderr=true 03:46:27.104 [INFO - kudu-tserver:64038] (MiniKuduCluster.java:586) Tablet server version: 03:46:27.104 [INFO - kudu-tserver:64038] (MiniKuduCluster.java:586) kudu 1.6.0-SNAPSHOT 03:46:27.104 [INFO - kudu-tserver:64038] (MiniKuduCluster.java:586) revision 4dfb33a1d452b0be9fded10838be10e7d026e87e 03:46:27.105 [INFO - kudu-tserver:64038] (MiniKuduCluster.java:586) build type DEBUG 03:46:27.105 [INFO - kudu-tserver:64038] (MiniKuduCluster.java:586) built by None at 18 Sep 2017 03:34:31 UTC on jenkins-slave-c3oe 03:46:27.105 [INFO - kudu-tserver:64038] (MiniKuduCluster.java:586) build id 9998 03:46:27.105 [INFO - kudu-tserver:64038] (MiniKuduCluster.java:586)
I0918 03:46:27.101362 18882 minidump.cc:237] Setting minidump size limit to 20M 03:46:27.110 [INFO - kudu-tserver:64038] (MiniKuduCluster.java:586)
I0918 03:46:27.110795 18882 tablet_server_main.cc:79] Initializing tablet server... 03:46:27.111 [INFO - kudu-tserver:64038] (MiniKuduCluster.java:586)
I0918 03:46:27.111443 18882 system_ntp.cc:104] NTP initialized. Resolution in nanos?: 1 Skew PPM: 500 Current error: 437829 03:46:27.140 [INFO - kudu-master:64032] (MiniKuduCluster.java:586)
I0918 03:46:27.140614 18655 raft_consensus.cc:964] T 00000000000000000000000000000000 P a4b6ddb6610f47b29c015ad4cb1a968b [term 1 FOLLOWER]: Refusing update from remote peer 2c3c210fb3054825a9fdb0c1d31e0e2b: Log matching property violated. Preceding OpId in replica: term: 0 index: 0. Preceding OpId from leader: term: 1 index: 2. (index mismatch) 03:46:27.142 [INFO - kudu-master:64034] (MiniKuduCluster.java:586)
I0918 03:46:27.141769 18883 consensus_queue.cc:741] T 00000000000000000000000000000000 P 2c3c210fb3054825a9fdb0c1d31e0e2b [LEADER]: Connected to new peer: Peer: a4b6ddb6610f47b29c015ad4cb1a968b, Is new: false, Last received: 0.0, Next index: 1, Last known committed idx: 0, Last exchange result: ERROR, Needs tablet copy: false 03:46:27.142 [INFO - kudu-tserver:64038] (MiniKuduCluster.java:586)
I0918 03:46:27.142096 18882 server_base.cc:228] Could not load existing FS layout: Not found: /home/jenkins-slave/workspace/kudu-master/3/build/test-tmp/ts-1-1505706386661/data/instance: No such file or directory (error 2) 03:46:27.142 [INFO - kudu-tserver:64038] (MiniKuduCluster.java:586)
I0918 03:46:27.142134 18882 server_base.cc:229] Creating new FS layout 03:46:27.146 [INFO - kudu-tserver:64038] (MiniKuduCluster.java:586)
I0918 03:46:27.146235 18882 fs_manager.cc:474] Generated new instance metadata in path /home/jenkins-slave/workspace/kudu-master/3/build/test-tmp/ts-1-1505706386661/data/instance: 03:46:27.146 [INFO - kudu-tserver:64038] (MiniKuduCluster.java:586) uuid: "a3f9940e383340d9b9cf3adbabf5612d" 03:46:27.146 [INFO - kudu-tserver:64038] (MiniKuduCluster.java:586) format_stamp: "Formatted at 2017-09-18 03:46:27 on jenkins-slave-c3oe" 03:46:27.147 [INFO - kudu-master:64030] (MiniKuduCluster.java:586)
I0918 03:46:27.146595 18505 raft_consensus.cc:964] T 00000000000000000000000000000000 P c28360c4a2f042f6ba87fd09b4d2171c [term 1 FOLLOWER]: Refusing update from remote peer 2c3c210fb3054825a9fdb0c1d31e0e2b: Log matching property violated. Preceding OpId in replica: term: 0 index: 0. Preceding OpId from leader: term: 1 index: 2. (index mismatch) 03:46:27.147 [INFO - kudu-master:64034] (MiniKuduCluster.java:586)
I0918 03:46:27.147691 18883 consensus_queue.cc:741] T 00000000000000000000000000000000 P 2c3c210fb3054825a9fdb0c1d31e0e2b [LEADER]: Connected to new peer: Peer: c28360c4a2f042f6ba87fd09b4d2171c, Is new: false, Last received: 0.0, Next index: 1, Last known committed idx: 0, Last exchange result: ERROR, Needs tablet copy: false 03:46:27.205 [INFO - kudu-tserver:64038] (MiniKuduCluster.java:586)
I0918 03:46:27.205508 18882 fs_manager.cc:431] Time spent creating directory manager: real 0.059s user 0.008s sys 0.000s 03:46:27.206 [INFO - kudu-tserver:64038] (MiniKuduCluster.java:586)
I0918 03:46:27.206087 18882 env_posix.cc:1589] Not raising process file limit of 65536; it is already as high as it can go 03:46:27.206 [INFO - kudu-tserver:64038] (MiniKuduCluster.java:586)
I0918 03:46:27.206302 18882 file_cache.cc:469] Constructed file cache lbm with capacity 26214 03:46:27.214 [INFO - kudu-master:64032] (MiniKuduCluster.java:586)
I0918 03:46:27.214417 18850 sys_catalog.cc:321] T 00000000000000000000000000000000 P a4b6ddb6610f47b29c015ad4cb1a968b [sys.catalog]: SysCatalogTable state changed. Reason: New leader 2c3c210fb3054825a9fdb0c1d31e0e2b. Latest consensus state: current_term: 1 leader_uuid: "2c3c210fb3054825a9fdb0c1d31e0e2b" committed_config { opid_index: -1 OBSOLETE_local: false peers { permanent_uuid: "c28360c4a2f042f6ba87fd09b4d2171c" member_type: VOTER last_known_addr { host: "127.70.237.1" port: 64030 } } peers { permanent_uuid: "a4b6ddb6610f47b29c015ad4cb1a968b" member_type: VOTER last_known_addr { host: "127.70.237.1" port: 64032 } } peers { permanent_uuid: "2c3c210fb3054825a9fdb0c1d31e0e2b" member_type: VOTER last_known_addr { host: "127.70.237.1" port: 64034 } } } 03:46:27.214 [INFO - kudu-master:64032] (MiniKuduCluster.java:586)
I0918 03:46:27.214455 18850 sys_catalog.cc:324] T 00000000000000000000000000000000 P a4b6ddb6610f47b29c015ad4cb1a968b [sys.catalog]: This master's current role is: FOLLOWER 03:46:27.215 [INFO - kudu-master:64030] (MiniKuduCluster.java:586)
I0918 03:46:27.215505 18858 sys_catalog.cc:321] T 00000000000000000000000000000000 P c28360c4a2f042f6ba87fd09b4d2171c [sys.catalog]: SysCatalogTable state changed. Reason: New leader 2c3c210fb3054825a9fdb0c1d31e0e2b. Latest consensus state: current_term: 1 leader_uuid: "2c3c210fb3054825a9fdb0c1d31e0e2b" committed_config { opid_index: -1 OBSOLETE_local: false peers { permanent_uuid: "c28360c4a2f042f6ba87fd09b4d2171c" member_type: VOTER last_known_addr { host: "127.70.237.1" port: 64030 } } peers { permanent_uuid: "a4b6ddb6610f47b29c015ad4cb1a968b" member_type: VOTER last_known_addr { host: "127.70.237.1" port: 64032 } } peers { permanent_uuid: "2c3c210fb3054825a9fdb0c1d31e0e2b" member_type: VOTER last_known_addr { host: "127.70.237.1" port: 64034 } } } 03:46:27.215 [INFO - kudu-master:64030] (MiniKuduCluster.java:586)
I0918 03:46:27.215534 18858 sys_catalog.cc:324] T 00000000000000000000000000000000 P c28360c4a2f042f6ba87fd09b4d2171c [sys.catalog]: This master's current role is: FOLLOWER 03:46:27.220 [INFO - kudu-master:64030] (MiniKuduCluster.java:586)
I0918 03:46:27.220580 18858 sys_catalog.cc:321] T 00000000000000000000000000000000 P c28360c4a2f042f6ba87fd09b4d2171c [sys.catalog]: SysCatalogTable state changed. Reason: Replicated consensus-only round. Latest consensus state: current_term: 1 leader_uuid: "2c3c210fb3054825a9fdb0c1d31e0e2b" committed_config { opid_index: -1 OBSOLETE_local: false peers { permanent_uuid: "c28360c4a2f042f6ba87fd09b4d2171c" member_type: VOTER last_known_addr { host: "127.70.237.1" port: 64030 } } peers { permanent_uuid: "a4b6ddb6610f47b29c015ad4cb1a968b" member_type: VOTER last_known_addr { host: "127.70.237.1" port: 64032 } } peers { permanent_uuid: "2c3c210fb3054825a9fdb0c1d31e0e2b" member_type: VOTER last_known_addr { host: "127.70.237.1" port: 64034 } } } 03:46:27.220 [INFO - kudu-master:64030] (MiniKuduCluster.java:586)
I0918 03:46:27.220608 18858 sys_catalog.cc:324] T 00000000000000000000000000000000 P c28360c4a2f042f6ba87fd09b4d2171c [sys.catalog]: This master's current role is: FOLLOWER 03:46:27.222 [INFO - kudu-tserver:64038] (MiniKuduCluster.java:586)
I0918 03:46:27.221681 18882 fs_manager.cc:335] Time spent opening block manager: real 0.013s user 0.004s sys 0.000s 03:46:27.222 [INFO - kudu-tserver:64038] (MiniKuduCluster.java:586)
I0918 03:46:27.221843 18882 fs_manager.cc:348] Opened local filesystem: /home/jenkins-slave/workspace/kudu-master/3/build/test-tmp/ts-1-1505706386661/data 03:46:27.222 [INFO - kudu-tserver:64038] (MiniKuduCluster.java:586) uuid: "a3f9940e383340d9b9cf3adbabf5612d" 03:46:27.222 [INFO - kudu-tserver:64038] (MiniKuduCluster.java:586) format_stamp: "Formatted at 2017-09-18 03:46:27 on jenkins-slave-c3oe" 03:46:27.222 [INFO - kudu-tserver:64038] (MiniKuduCluster.java:586)
I0918 03:46:27.221916 18882 fs_report.cc:347] Block manager report 03:46:27.222 [INFO - kudu-tserver:64038] (MiniKuduCluster.java:586) -------------------- 03:46:27.222 [INFO - kudu-tserver:64038] (MiniKuduCluster.java:586) 1 data directories: /home/jenkins-slave/workspace/kudu-master/3/build/test-tmp/ts-1-1505706386661/data/data 03:46:27.223 [INFO - kudu-tserver:64038] (MiniKuduCluster.java:586) Total live blocks: 0 03:46:27.223 [INFO - kudu-tserver:64038] (MiniKuduCluster.java:586) Total live bytes: 0 03:46:27.223 [INFO - kudu-tserver:64038] (MiniKuduCluster.java:586) Total live bytes (after alignment): 0 03:46:27.223 [INFO - kudu-tserver:64038] (MiniKuduCluster.java:586) Total number of LBM containers: 0 (0 full) 03:46:27.223 [INFO - kudu-tserver:64038] (MiniKuduCluster.java:586) Did not check for missing blocks 03:46:27.223 [INFO - kudu-tserver:64038] (MiniKuduCluster.java:586) Did not check for orphaned blocks 03:46:27.223 [INFO - kudu-tserver:64038] (MiniKuduCluster.java:586) Total full LBM containers with extra space: 0 (0 repaired) 03:46:27.223 [INFO - kudu-tserver:64038] (MiniKuduCluster.java:586) Total full LBM container extra space in bytes: 0 (0 repaired) 03:46:27.223 [INFO - kudu-tserver:64038] (MiniKuduCluster.java:586) Total incomplete LBM containers: 0 (0 repaired) 03:46:27.223 [INFO - kudu-tserver:64038] (MiniKuduCluster.java:586) Total LBM partial records: 0 (0 repaired) 03:46:27.232 [INFO - kudu-master:64034] (MiniKuduCluster.java:586)
I0918 03:46:27.225476 18897 catalog_manager.cc:846] Generated new certificate authority record 03:46:27.232 [INFO - kudu-master:64034] (MiniKuduCluster.java:586)
I0918 03:46:27.226784 18897 catalog_manager.cc:968] Loading token signing keys... 03:46:27.239 [INFO - kudu-master:64034] (MiniKuduCluster.java:586)
I0918 03:46:27.239537 18897 catalog_manager.cc:3544] T 00000000000000000000000000000000 P 2c3c210fb3054825a9fdb0c1d31e0e2b: Generated new TSK 0 03:46:27.281 [INFO - kudu-master:64032] (MiniKuduCluster.java:586)
I0918 03:46:27.281476 18850 sys_catalog.cc:321] T 00000000000000000000000000000000 P a4b6ddb6610f47b29c015ad4cb1a968b [sys.catalog]: SysCatalogTable state changed. Reason: Replicated consensus-only round. Latest consensus state: current_term: 1 leader_uuid: "2c3c210fb3054825a9fdb0c1d31e0e2b" committed_config { opid_index: -1 OBSOLETE_local: false peers { permanent_uuid: "c28360c4a2f042f6ba87fd09b4d2171c" member_type: VOTER last_known_addr { host: "127.70.237.1" port: 64030 } } peers { permanent_uuid: "a4b6ddb6610f47b29c015ad4cb1a968b" member_type: VOTER last_known_addr { host: "127.70.237.1" port: 64032 } } peers { permanent_uuid: "2c3c210fb3054825a9fdb0c1d31e0e2b" member_type: VOTER last_known_addr { host: "127.70.237.1" port: 64034 } } } 03:46:27.281 [INFO - kudu-master:64032] (MiniKuduCluster.java:586)
I0918 03:46:27.281509 18850 sys_catalog.cc:324] T 00000000000000000000000000000000 P a4b6ddb6610f47b29c015ad4cb1a968b [sys.catalog]: This master's current role is: FOLLOWER 03:46:27.296 [INFO - kudu-tserver:64036] (MiniKuduCluster.java:586)
I0918 03:46:27.296718 18731 rpc_server.cc:192] RPC server started. Bound to: 127.70.237.1:64036 03:46:27.297 [INFO - kudu-tserver:64036] (MiniKuduCluster.java:586)
I0918 03:46:27.297106 18731 webserver.cc:149] Starting webserver on 127.70.237.1:64037 03:46:27.297 [INFO - kudu-tserver:64036] (MiniKuduCluster.java:586)
I0918 03:46:27.297407 18731 webserver.cc:160] Document root disabled 03:46:27.298 [INFO - kudu-tserver:64036] (MiniKuduCluster.java:586)
I0918 03:46:27.298125 18731 webserver.cc:282] Webserver started. Bound to: http://127.70.237.1:64037/ 03:46:27.301 [INFO - kudu-tserver:64036] (MiniKuduCluster.java:586)
I0918 03:46:27.301347 19128 process_memory.cc:181] Process hard memory limit is 94.627029 GB 03:46:27.301 [INFO - kudu-tserver:64036] (MiniKuduCluster.java:586)
I0918 03:46:27.301673 19128 process_memory.cc:183] Process soft memory limit is 75.701622 GB 03:46:27.302 [INFO - kudu-tserver:64036] (MiniKuduCluster.java:586)
I0918 03:46:27.302024 18731 tablet_server_main.cc:87] Tablet server successfully started. 03:46:27.302 [INFO - kudu-tserver:64036] (MiniKuduCluster.java:586)
I0918 03:46:27.302269 19128 process_memory.cc:186] Process memory pressure threshold is 56.776218 GB 03:46:27.314 [INFO - kudu-tserver:64038] (MiniKuduCluster.java:586)
I0918 03:46:27.314106 18882 ts_tablet_manager.cc:216] Loaded tablet metadata (0 live tablets) 03:46:27.314 [INFO - kudu-tserver:64038] (MiniKuduCluster.java:586)
I0918 03:46:27.314327 18882 tablet_server_main.cc:84] Starting tablet server... 03:46:27.324 [INFO - kudu-tserver:64038] (MiniKuduCluster.java:586)
I0918 03:46:27.323997 18882 rpc_server.cc:192] RPC server started. Bound to: 127.70.237.1:64038 03:46:27.324 [INFO - kudu-tserver:64038] (MiniKuduCluster.java:586)
I0918 03:46:27.324379 18882 webserver.cc:149] Starting webserver on 127.70.237.1:64039 03:46:27.324 [INFO - kudu-tserver:64038] (MiniKuduCluster.java:586)
I0918 03:46:27.324647 18882 webserver.cc:160] Document root disabled 03:46:27.325 [INFO - kudu-tserver:64038] (MiniKuduCluster.java:586)
I0918 03:46:27.325342 18882 webserver.cc:282] Webserver started. Bound to: http://127.70.237.1:64039/ 03:46:27.332 [INFO - kudu-tserver:64038] (MiniKuduCluster.java:586)
I0918 03:46:27.332612 18882 tablet_server_main.cc:87] Tablet server successfully started. 03:46:27.333 [INFO - kudu-tserver:64038] (MiniKuduCluster.java:586)
I0918 03:46:27.332572 19256 process_memory.cc:181] Process hard memory limit is 94.627029 GB 03:46:27.333 [INFO - kudu-tserver:64038] (MiniKuduCluster.java:586)
I0918 03:46:27.333202 19256 process_memory.cc:183] Process soft memory limit is 75.701622 GB 03:46:27.333 [INFO - kudu-tserver:64038] (MiniKuduCluster.java:586)
I0918 03:46:27.333374 19256 process_memory.cc:186] Process memory pressure threshold is 56.776218 GB 03:46:27.352 [INFO - kudu-tserver:64036] (MiniKuduCluster.java:586)
I0918 03:46:27.351919 19121 heartbeater.cc:317] Connected to a master server at 127.70.237.1:64032 03:46:27.352 [INFO - kudu-tserver:64036] (MiniKuduCluster.java:586)
I0918 03:46:27.352084 19121 heartbeater.cc:387] Registering TS with master... 03:46:27.353 [INFO - kudu-tserver:64036] (MiniKuduCluster.java:586)
I0918 03:46:27.352988 19121 heartbeater.cc:414] Master 127.70.237.1:64032 requested a full tablet report, sending... 03:46:27.355 [INFO - kudu-master:64032] (MiniKuduCluster.java:586)
I0918 03:46:27.355268 18645 ts_manager.cc:81] Registered new tserver with Master: b5851213ca55407284d76a9cea74db72 (127.70.237.1:64036) 03:46:27.359 [INFO - kudu-tserver:64038] (MiniKuduCluster.java:586)
I0918 03:46:27.359336 19248 heartbeater.cc:317] Connected to a master server at 127.70.237.1:64030 03:46:27.359 [INFO - kudu-tserver:64038] (MiniKuduCluster.java:586)
I0918 03:46:27.359493 19248 heartbeater.cc:387] Registering TS with master... 03:46:27.361 [INFO - kudu-master:64030] (MiniKuduCluster.java:586)
I0918 03:46:27.361019 18472 ts_manager.cc:81] Registered new tserver with Master: a3f9940e383340d9b9cf3adbabf5612d (127.70.237.1:64038) 03:46:27.361 [INFO - kudu-tserver:64038] (MiniKuduCluster.java:586)
I0918 03:46:27.359871 19248 heartbeater.cc:414] Master 127.70.237.1:64030 requested a full tablet report, sending... 03:46:27.367 [INFO - kudu-master:64030] (MiniKuduCluster.java:586)
I0918 03:46:27.367807 18472 ts_manager.cc:81] Registered new tserver with Master: b5851213ca55407284d76a9cea74db72 (127.70.237.1:64036) 03:46:27.369 [INFO - kudu-master:64034] (MiniKuduCluster.java:586)
I0918 03:46:27.368088 18790 ts_manager.cc:81] Registered new tserver with Master: b5851213ca55407284d76a9cea74db72 (127.70.237.1:64036) 03:46:27.370 [INFO - kudu-master:64034] (MiniKuduCluster.java:586)
I0918 03:46:27.369405 18790 master_service.cc:203] Signed X509 certificate for tserver {username='jenkins-slave'} at 127.70.237.1:50565 03:46:27.370 [INFO - kudu-tserver:64036] (MiniKuduCluster.java:586)
I0918 03:46:27.366981 19122 heartbeater.cc:317] Connected to a master server at 127.70.237.1:64034 03:46:27.370 [INFO - kudu-tserver:64036] (MiniKuduCluster.java:586)
I0918 03:46:27.367043 19122 heartbeater.cc:387] Registering TS with master... 03:46:27.370 [INFO - kudu-tserver:64036] (MiniKuduCluster.java:586)
I0918 03:46:27.367074 19120 heartbeater.cc:317] Connected to a master server at 127.70.237.1:64030 03:46:27.370 [INFO - kudu-tserver:64036] (MiniKuduCluster.java:586)
I0918 03:46:27.367113 19120 heartbeater.cc:387] Registering TS with master... 03:46:27.370 [INFO - kudu-tserver:64036] (MiniKuduCluster.java:586)
I0918 03:46:27.367213 19122 heartbeater.cc:414] Master 127.70.237.1:64034 requested a full tablet report, sending... 03:46:27.370 [INFO - kudu-tserver:64036] (MiniKuduCluster.java:586)
I0918 03:46:27.367229 19120 heartbeater.cc:414] Master 127.70.237.1:64030 requested a full tablet report, sending... 03:46:27.371 [INFO - kudu-tserver:64038] (MiniKuduCluster.java:586)
I0918 03:46:27.371839 19253 heartbeater.cc:317] Connected to a master server at 127.70.237.1:64034 03:46:27.372 [INFO - kudu-tserver:64038] (MiniKuduCluster.java:586)
I0918 03:46:27.371898 19253 heartbeater.cc:387] Registering TS with master... 03:46:27.372 [INFO - kudu-tserver:64038] (MiniKuduCluster.java:586)
I0918 03:46:27.372061 19253 heartbeater.cc:414] Master 127.70.237.1:64034 requested a full tablet report, sending... 03:46:27.373 [INFO - kudu-master:64034] (MiniKuduCluster.java:586)
I0918 03:46:27.372613 18790 ts_manager.cc:81] Registered new tserver with Master: a3f9940e383340d9b9cf3adbabf5612d (127.70.237.1:64038) 03:46:27.373 [INFO - kudu-master:64034] (MiniKuduCluster.java:586)
I0918 03:46:27.373347 18790 master_service.cc:203] Signed X509 certificate for tserver {username='jenkins-slave'} at 127.70.237.1:60214 03:46:27.379 [INFO - kudu-tserver:64038] (MiniKuduCluster.java:586)
I0918 03:46:27.379842 19249 heartbeater.cc:317] Connected to a master server at 127.70.237.1:64032 03:46:27.380 [INFO - kudu-tserver:64038] (MiniKuduCluster.java:586)
I0918 03:46:27.379899 19249 heartbeater.cc:387] Registering TS with master... 03:46:27.380 [INFO - kudu-tserver:64038] (MiniKuduCluster.java:586)
I0918 03:46:27.380038 19249 heartbeater.cc:414] Master 127.70.237.1:64032 requested a full tablet report, sending... 03:46:27.380 [INFO - kudu-master:64032] (MiniKuduCluster.java:586)
I0918 03:46:27.380726 18645 ts_manager.cc:81] Registered new tserver with Master: a3f9940e383340d9b9cf3adbabf5612d (127.70.237.1:64038) 03:46:27.427 [INFO - kudu-tserver:64040] (MiniKuduCluster.java:586) WARNING: Logging before InitGoogleLogging() is written to STDERR 03:46:27.427 [INFO - kudu-tserver:64040] (MiniKuduCluster.java:586)
W0918 03:46:27.426831 19262 flags.cc:395] Enabled unsafe flag: --never_fsync=true 03:46:27.428 [INFO - kudu-tserver:64040] (MiniKuduCluster.java:586)
W0918 03:46:27.427954 19262 flags.cc:395] Enabled experimental flag: --ipki_server_key_size=1024 03:46:27.428 [INFO - kudu-tserver:64040] (MiniKuduCluster.java:586)
W0918 03:46:27.427994 19262 flags.cc:395] Enabled experimental flag: --flush_threshold_mb=1 03:46:27.428 [INFO - kudu-tserver:64040] (MiniKuduCluster.java:586)
W0918 03:46:27.428016 19262 flags.cc:395] Enabled experimental flag: --local_ip_for_outbound_sockets=127.70.237.1 03:46:27.440 [INFO - kudu-tserver:64040] (MiniKuduCluster.java:586)
I0918 03:46:27.429603 19262 tablet_server_main.cc:72] Tablet server non-default flags: 03:46:27.440 [INFO - kudu-tserver:64040] (MiniKuduCluster.java:586) --log_preallocate_segments=false 03:46:27.440 [INFO - kudu-tserver:64040] (MiniKuduCluster.java:586) --fs_data_dirs=/home/jenkins-slave/workspace/kudu-master/3/build/test-tmp/ts-2-1505706386661/data 03:46:27.440 [INFO - kudu-tserver:64040] (MiniKuduCluster.java:586) --fs_wal_dir=/home/jenkins-slave/workspace/kudu-master/3/build/test-tmp/ts-2-1505706386661/data 03:46:27.440 [INFO - kudu-tserver:64040] (MiniKuduCluster.java:586) --ipki_server_key_size=1024 03:46:27.440 [INFO - kudu-tserver:64040] (MiniKuduCluster.java:586) --rpc_bind_addresses=127.70.237.1:64040 03:46:27.440 [INFO - kudu-tserver:64040] (MiniKuduCluster.java:586) --webserver_interface=127.70.237.1 03:46:27.440 [INFO - kudu-tserver:64040] (MiniKuduCluster.java:586) --webserver_port=64041 03:46:27.441 [INFO - kudu-tserver:64040] (MiniKuduCluster.java:586) --flush_threshold_mb=1 03:46:27.441 [INFO - kudu-tserver:64040] (MiniKuduCluster.java:586) --tserver_master_addrs=127.70.237.1:64030,127.70.237.1:64032,127.70.237.1:64034 03:46:27.441 [INFO - kudu-tserver:64040] (MiniKuduCluster.java:586) --never_fsync=true 03:46:27.441 [INFO - kudu-tserver:64040] (MiniKuduCluster.java:586) --heap_profile_path=/tmp/kudu-tserver.19262 03:46:27.441 [INFO - kudu-tserver:64040] (MiniKuduCluster.java:586) --unlock_experimental_flags=true 03:46:27.441 [INFO - kudu-tserver:64040] (MiniKuduCluster.java:586) --unlock_unsafe_flags=true 03:46:27.441 [INFO - kudu-tserver:64040] (MiniKuduCluster.java:586) --local_ip_for_outbound_sockets=127.70.237.1 03:46:27.441 [INFO - kudu-tserver:64040] (MiniKuduCluster.java:586) --flagfile=/home/jenkins-slave/workspace/kudu-master/3/java/kudu-client/target/test-classes/flags 03:46:27.441 [INFO - kudu-tserver:64040] (MiniKuduCluster.java:586) --log_dir=/home/jenkins-slave/workspace/kudu-master/3/build/test-tmp/ts-2-1505706386661/logs 03:46:27.441 [INFO - kudu-tserver:64040] (MiniKuduCluster.java:586) --logtostderr=true 03:46:27.441 [INFO - kudu-tserver:64040] (MiniKuduCluster.java:586) Tablet server version: 03:46:27.441 [INFO - kudu-tserver:64040] (MiniKuduCluster.java:586) kudu 1.6.0-SNAPSHOT 03:46:27.441 [INFO - kudu-tserver:64040] (MiniKuduCluster.java:586) revision 4dfb33a1d452b0be9fded10838be10e7d026e87e 03:46:27.441 [INFO - kudu-tserver:64040] (MiniKuduCluster.java:586) build type DEBUG 03:46:27.442 [INFO - kudu-tserver:64040] (MiniKuduCluster.java:586) built by None at 18 Sep 2017 03:34:31 UTC on jenkins-slave-c3oe 03:46:27.442 [INFO - kudu-tserver:64040] (MiniKuduCluster.java:586) build id 9998 03:46:27.442 [INFO - kudu-tserver:64040] (MiniKuduCluster.java:586)
I0918 03:46:27.437435 19262 minidump.cc:237] Setting minidump size limit to 20M 03:46:27.498 [INFO - kudu-tserver:64040] (MiniKuduCluster.java:586)
I0918 03:46:27.497767 19262 tablet_server_main.cc:79] Initializing tablet server... 03:46:27.499 [INFO - kudu-tserver:64040] (MiniKuduCluster.java:586)
I0918 03:46:27.498482 19262 system_ntp.cc:104] NTP initialized. Resolution in nanos?: 1 Skew PPM: 500 Current error: 437829 03:46:27.504 [INFO - kudu-tserver:64040] (MiniKuduCluster.java:586)
I0918 03:46:27.503000 19262 server_base.cc:228] Could not load existing FS layout: Not found: /home/jenkins-slave/workspace/kudu-master/3/build/test-tmp/ts-2-1505706386661/data/instance: No such file or directory (error 2) 03:46:27.505 [INFO - kudu-tserver:64040] (MiniKuduCluster.java:586)
I0918 03:46:27.503032 19262 server_base.cc:229] Creating new FS layout 03:46:27.508 [INFO - kudu-tserver:64040] (MiniKuduCluster.java:586)
I0918 03:46:27.507894 19262 fs_manager.cc:474] Generated new instance metadata in path /home/jenkins-slave/workspace/kudu-master/3/build/test-tmp/ts-2-1505706386661/data/instance: 03:46:27.508 [INFO - kudu-tserver:64040] (MiniKuduCluster.java:586) uuid: "f6712fb9e95d482d881d3f8c58936d42" 03:46:27.508 [INFO - kudu-tserver:64040] (MiniKuduCluster.java:586) format_stamp: "Formatted at 2017-09-18 03:46:27 on jenkins-slave-c3oe" 03:46:27.576 [INFO - kudu-tserver:64040] (MiniKuduCluster.java:586)
I0918 03:46:27.573721 19262 fs_manager.cc:431] Time spent creating directory manager: real 0.066s user 0.004s sys 0.004s 03:46:27.576 [INFO - kudu-tserver:64040] (MiniKuduCluster.java:586)
I0918 03:46:27.574249 19262 env_posix.cc:1589] Not raising process file limit of 65536; it is already as high as it can go 03:46:27.576 [INFO - kudu-tserver:64040] (MiniKuduCluster.java:586)
I0918 03:46:27.574434 19262 file_cache.cc:469] Constructed file cache lbm with capacity 26214 03:46:27.613 [INFO - kudu-tserver:64040] (MiniKuduCluster.java:586)
I0918 03:46:27.609778 19262 fs_manager.cc:335] Time spent opening block manager: real 0.032s user 0.004s sys 0.000s 03:46:27.613 [INFO - kudu-tserver:64040] (MiniKuduCluster.java:586)
