I0918 03:46:40.762981 22551 raft_consensus.cc:576] T 00000000000000000000000000000000 P 367c809421b54dd788ac884904e5abc5 [term 0 FOLLOWER]: Becoming Follower/Learner. State: Replica: 367c809421b54dd788ac884904e5abc5, State: Initialized, Role: FOLLOWER 03:46:40.763 [INFO - kudu-master:64034] (MiniKuduCluster.java:586)
I0918 03:46:40.763218 22551 consensus_queue.cc:190] T 00000000000000000000000000000000 P 367c809421b54dd788ac884904e5abc5 [NON_LEADER]: Queue going to NON_LEADER mode. State: All replicated index: 0, Majority replicated index: 0, Committed index: 0, Last appended: 0.0, Last appended by leader: 0, Current term: 0, Majority size: -1, State: 0, Mode: NON_LEADER 03:46:40.763 [INFO - kudu-master:64034] (MiniKuduCluster.java:586)
I0918 03:46:40.763701 22551 sys_catalog.cc:321] T 00000000000000000000000000000000 P 367c809421b54dd788ac884904e5abc5 [sys.catalog]: SysCatalogTable state changed. Reason: Started TabletReplica. Latest consensus state: current_term: 0 leader_uuid: "" committed_config { opid_index: -1 OBSOLETE_local: false peers { permanent_uuid: "d6a0f3a07b7e4765b916cd42b8972268" member_type: VOTER last_known_addr { host: "127.70.237.1" port: 64030 } } peers { permanent_uuid: "4d83fb3ca98e491db46d4722c2e9dd6d" member_type: VOTER last_known_addr { host: "127.70.237.1" port: 64032 } } peers { permanent_uuid: "367c809421b54dd788ac884904e5abc5" member_type: VOTER last_known_addr { host: "127.70.237.1" port: 64034 } } } 03:46:40.763 [INFO - kudu-master:64034] (MiniKuduCluster.java:586)
I0918 03:46:40.763880 22551 sys_catalog.cc:324] T 00000000000000000000000000000000 P 367c809421b54dd788ac884904e5abc5 [sys.catalog]: This master's current role is: FOLLOWER 03:46:40.764 [INFO - kudu-master:64034] (MiniKuduCluster.java:586)
I0918 03:46:40.764734 22551 sys_catalog.cc:408] T 00000000000000000000000000000000 P 367c809421b54dd788ac884904e5abc5 [sys.catalog]: configured and running, proceeding with master startup. 03:46:40.765 [INFO - kudu-master:64034] (MiniKuduCluster.java:586)
I0918 03:46:40.763757 22594 sys_catalog.cc:321] T 00000000000000000000000000000000 P 367c809421b54dd788ac884904e5abc5 [sys.catalog]: SysCatalogTable state changed. Reason: RaftConsensus started. Latest consensus state: current_term: 0 leader_uuid: "" committed_config { opid_index: -1 OBSOLETE_local: false peers { permanent_uuid: "d6a0f3a07b7e4765b916cd42b8972268" member_type: VOTER last_known_addr { host: "127.70.237.1" port: 64030 } } peers { permanent_uuid: "4d83fb3ca98e491db46d4722c2e9dd6d" member_type: VOTER last_known_addr { host: "127.70.237.1" port: 64032 } } peers { permanent_uuid: "367c809421b54dd788ac884904e5abc5" member_type: VOTER last_known_addr { host: "127.70.237.1" port: 64034 } } } 03:46:40.765 [INFO - kudu-master:64034] (MiniKuduCluster.java:586)
I0918 03:46:40.765126 22595 catalog_manager.cc:493] Waiting for catalog manager background task thread to start: Service unavailable: Catalog manager is not initialized. State: 1 03:46:40.765 [INFO - kudu-master:64034] (MiniKuduCluster.java:586)
I0918 03:46:40.765189 22594 sys_catalog.cc:324] T 00000000000000000000000000000000 P 367c809421b54dd788ac884904e5abc5 [sys.catalog]: This master's current role is: FOLLOWER 03:46:40.765 [INFO - kudu-master:64034] (MiniKuduCluster.java:586)
I0918 03:46:40.765625 22288 master_main.cc:79] Master server successfully started. 03:46:40.778 [INFO - kudu-master:64032] (MiniKuduCluster.java:586)
I0918 03:46:40.776314 22563 tablet_bootstrap.cc:433] T 00000000000000000000000000000000 P 4d83fb3ca98e491db46d4722c2e9dd6d: Bootstrap starting. 03:46:40.779 [INFO - kudu-master:64032] (MiniKuduCluster.java:586)
I0918 03:46:40.778151 22563 tablet_bootstrap.cc:568] T 00000000000000000000000000000000 P 4d83fb3ca98e491db46d4722c2e9dd6d: No blocks or log segments found. Creating new log. 03:46:40.779 [INFO - kudu-master:64032] (MiniKuduCluster.java:586)
I0918 03:46:40.778795 22563 log.cc:518] T 00000000000000000000000000000000 P 4d83fb3ca98e491db46d4722c2e9dd6d: Log is configured to *not* fsync() on all Append() calls 03:46:40.780 [INFO - kudu-master:64032] (MiniKuduCluster.java:586)
I0918 03:46:40.780395 22563 tablet_bootstrap.cc:433] T 00000000000000000000000000000000 P 4d83fb3ca98e491db46d4722c2e9dd6d: No bootstrap required, opened a new log 03:46:40.782 [INFO - kudu-master:64032] (MiniKuduCluster.java:586)
I0918 03:46:40.782269 22563 raft_consensus.cc:287] T 00000000000000000000000000000000 P 4d83fb3ca98e491db46d4722c2e9dd6d [term 0 FOLLOWER]: Replica starting. Triggering 0 pending transactions. Active config: opid_index: -1 OBSOLETE_local: false peers { permanent_uuid: "d6a0f3a07b7e4765b916cd42b8972268" member_type: VOTER last_known_addr { host: "127.70.237.1" port: 64030 } } peers { permanent_uuid: "4d83fb3ca98e491db46d4722c2e9dd6d" member_type: VOTER last_known_addr { host: "127.70.237.1" port: 64032 } } peers { permanent_uuid: "367c809421b54dd788ac884904e5abc5" member_type: VOTER last_known_addr { host: "127.70.237.1" port: 64034 } } 03:46:40.782 [INFO - kudu-master:64032] (MiniKuduCluster.java:586)
I0918 03:46:40.782515 22563 raft_consensus.cc:313] T 00000000000000000000000000000000 P 4d83fb3ca98e491db46d4722c2e9dd6d [term 0 FOLLOWER]: Consensus starting up: Expiring failure detector timer to make a prompt election more likely 03:46:40.782 [INFO - kudu-master:64032] (MiniKuduCluster.java:586)
I0918 03:46:40.782927 22563 raft_consensus.cc:576] T 00000000000000000000000000000000 P 4d83fb3ca98e491db46d4722c2e9dd6d [term 0 FOLLOWER]: Becoming Follower/Learner. State: Replica: 4d83fb3ca98e491db46d4722c2e9dd6d, State: Initialized, Role: FOLLOWER 03:46:40.783 [INFO - kudu-master:64032] (MiniKuduCluster.java:586)
I0918 03:46:40.783164 22563 consensus_queue.cc:190] T 00000000000000000000000000000000 P 4d83fb3ca98e491db46d4722c2e9dd6d [NON_LEADER]: Queue going to NON_LEADER mode. State: All replicated index: 0, Majority replicated index: 0, Committed index: 0, Last appended: 0.0, Last appended by leader: 0, Current term: 0, Majority size: -1, State: 0, Mode: NON_LEADER 03:46:40.796 [INFO - kudu-master:64032] (MiniKuduCluster.java:586)
I0918 03:46:40.796842 22563 sys_catalog.cc:321] T 00000000000000000000000000000000 P 4d83fb3ca98e491db46d4722c2e9dd6d [sys.catalog]: SysCatalogTable state changed. Reason: Started TabletReplica. Latest consensus state: current_term: 0 leader_uuid: "" committed_config { opid_index: -1 OBSOLETE_local: false peers { permanent_uuid: "d6a0f3a07b7e4765b916cd42b8972268" member_type: VOTER last_known_addr { host: "127.70.237.1" port: 64030 } } peers { permanent_uuid: "4d83fb3ca98e491db46d4722c2e9dd6d" member_type: VOTER last_known_addr { host: "127.70.237.1" port: 64032 } } peers { permanent_uuid: "367c809421b54dd788ac884904e5abc5" member_type: VOTER last_known_addr { host: "127.70.237.1" port: 64034 } } } 03:46:40.797 [INFO - kudu-master:64032] (MiniKuduCluster.java:586)
I0918 03:46:40.797148 22563 sys_catalog.cc:324] T 00000000000000000000000000000000 P 4d83fb3ca98e491db46d4722c2e9dd6d [sys.catalog]: This master's current role is: FOLLOWER 03:46:40.798 [INFO - kudu-master:64032] (MiniKuduCluster.java:586)
I0918 03:46:40.798105 22563 sys_catalog.cc:408] T 00000000000000000000000000000000 P 4d83fb3ca98e491db46d4722c2e9dd6d [sys.catalog]: configured and running, proceeding with master startup. 03:46:40.798 [INFO - kudu-master:64032] (MiniKuduCluster.java:586)
I0918 03:46:40.798820 22600 sys_catalog.cc:321] T 00000000000000000000000000000000 P 4d83fb3ca98e491db46d4722c2e9dd6d [sys.catalog]: SysCatalogTable state changed. Reason: RaftConsensus started. Latest consensus state: current_term: 0 leader_uuid: "" committed_config { opid_index: -1 OBSOLETE_local: false peers { permanent_uuid: "d6a0f3a07b7e4765b916cd42b8972268" member_type: VOTER last_known_addr { host: "127.70.237.1" port: 64030 } } peers { permanent_uuid: "4d83fb3ca98e491db46d4722c2e9dd6d" member_type: VOTER last_known_addr { host: "127.70.237.1" port: 64032 } } peers { permanent_uuid: "367c809421b54dd788ac884904e5abc5" member_type: VOTER last_known_addr { host: "127.70.237.1" port: 64034 } } } 03:46:40.799 [INFO - kudu-master:64032] (MiniKuduCluster.java:586)
I0918 03:46:40.799008 22600 sys_catalog.cc:324] T 00000000000000000000000000000000 P 4d83fb3ca98e491db46d4722c2e9dd6d [sys.catalog]: This master's current role is: FOLLOWER 03:46:40.804 [INFO - kudu-master:64032] (MiniKuduCluster.java:586)
I0918 03:46:40.804714 22186 master_main.cc:79] Master server successfully started. 03:46:40.808 [INFO - kudu-tserver:64038] (MiniKuduCluster.java:586)
I0918 03:46:40.808243 22554 minidump.cc:237] Setting minidump size limit to 20M 03:46:40.813 [INFO - kudu-master:64032] (MiniKuduCluster.java:586)
I0918 03:46:40.813683 22600 raft_consensus.cc:412] T 00000000000000000000000000000000 P 4d83fb3ca98e491db46d4722c2e9dd6d [term 0 FOLLOWER]: Starting pre-election (no leader contacted us within the election timeout) 03:46:40.814 [INFO - kudu-master:64032] (MiniKuduCluster.java:586)
I0918 03:46:40.814038 22600 raft_consensus.cc:2456] T 00000000000000000000000000000000 P 4d83fb3ca98e491db46d4722c2e9dd6d: Snoozing failure detection for 0.706s (starting election) 03:46:40.814 [INFO - kudu-master:64032] (MiniKuduCluster.java:586)
I0918 03:46:40.814347 22600 raft_consensus.cc:434] T 00000000000000000000000000000000 P 4d83fb3ca98e491db46d4722c2e9dd6d [term 0 FOLLOWER]: Starting pre-election with config: opid_index: -1 OBSOLETE_local: false peers { permanent_uuid: "d6a0f3a07b7e4765b916cd42b8972268" member_type: VOTER last_known_addr { host: "127.70.237.1" port: 64030 } } peers { permanent_uuid: "4d83fb3ca98e491db46d4722c2e9dd6d" member_type: VOTER last_known_addr { host: "127.70.237.1" port: 64032 } } peers { permanent_uuid: "367c809421b54dd788ac884904e5abc5" member_type: VOTER last_known_addr { host: "127.70.237.1" port: 64034 } } 03:46:40.815 [INFO - kudu-master:64032] (MiniKuduCluster.java:586)
I0918 03:46:40.815201 22600 leader_election.cc:221] T 00000000000000000000000000000000 P 4d83fb3ca98e491db46d4722c2e9dd6d [CANDIDATE]: Term 1 pre-election: Requesting pre-vote from peer d6a0f3a07b7e4765b916cd42b8972268 03:46:40.815 [INFO - kudu-master:64032] (MiniKuduCluster.java:586)
I0918 03:46:40.815934 22600 leader_election.cc:221] T 00000000000000000000000000000000 P 4d83fb3ca98e491db46d4722c2e9dd6d [CANDIDATE]: Term 1 pre-election: Requesting pre-vote from peer 367c809421b54dd788ac884904e5abc5 03:46:40.818 [INFO - kudu-master:64034] (MiniKuduCluster.java:586)
I0918 03:46:40.817541 22528 tablet_service.cc:1002] Received RequestConsensusVote() RPC: tablet_id: "00000000000000000000000000000000" candidate_uuid: "4d83fb3ca98e491db46d4722c2e9dd6d" candidate_term: 1 candidate_status { last_received { term: 0 index: 0 } } ignore_live_leader: false dest_uuid: "367c809421b54dd788ac884904e5abc5" is_pre_election: true 03:46:40.818 [INFO - kudu-master:64034] (MiniKuduCluster.java:586)
I0918 03:46:40.817744 22528 raft_consensus.cc:2456] T 00000000000000000000000000000000 P 367c809421b54dd788ac884904e5abc5: Snoozing failure detection for 0.846s (vote granted) 03:46:40.818 [INFO - kudu-master:64034] (MiniKuduCluster.java:586)
I0918 03:46:40.817787 22528 raft_consensus.cc:2010] T 00000000000000000000000000000000 P 367c809421b54dd788ac884904e5abc5 [term 0 FOLLOWER]: Leader pre-election vote request: Granting yes vote for candidate 4d83fb3ca98e491db46d4722c2e9dd6d in term 0. 03:46:40.818 [INFO - kudu-master:64032] (MiniKuduCluster.java:586)
I0918 03:46:40.818492 22293 leader_election.cc:353] T 00000000000000000000000000000000 P 4d83fb3ca98e491db46d4722c2e9dd6d [CANDIDATE]: Term 1 pre-election: Vote granted by peer 367c809421b54dd788ac884904e5abc5 03:46:40.818 [INFO - kudu-master:64032] (MiniKuduCluster.java:586)
I0918 03:46:40.818531 22293 leader_election.cc:248] T 00000000000000000000000000000000 P 4d83fb3ca98e491db46d4722c2e9dd6d [CANDIDATE]: Term 1 pre-election: Election decided. Result: candidate won. 03:46:40.819 [INFO - kudu-master:64032] (MiniKuduCluster.java:586)
I0918 03:46:40.819177 22600 raft_consensus.cc:2456] T 00000000000000000000000000000000 P 4d83fb3ca98e491db46d4722c2e9dd6d: Snoozing failure detection for 0.653s (election complete) 03:46:40.821 [INFO - kudu-master:64032] (MiniKuduCluster.java:586)
I0918 03:46:40.821380 22600 raft_consensus.cc:2280] T 00000000000000000000000000000000 P 4d83fb3ca98e491db46d4722c2e9dd6d [term 0 FOLLOWER]: Leader pre-election won for term 1 03:46:40.821 [INFO - kudu-master:64032] (MiniKuduCluster.java:586)
I0918 03:46:40.821606 22600 raft_consensus.cc:412] T 00000000000000000000000000000000 P 4d83fb3ca98e491db46d4722c2e9dd6d [term 0 FOLLOWER]: Starting leader election (no leader contacted us within the election timeout) 03:46:40.821 [INFO - kudu-master:64032] (MiniKuduCluster.java:586)
I0918 03:46:40.821776 22600 raft_consensus.cc:2456] T 00000000000000000000000000000000 P 4d83fb3ca98e491db46d4722c2e9dd6d: Snoozing failure detection for 0.648s (starting election) 03:46:40.821 [INFO - kudu-master:64032] (MiniKuduCluster.java:586)
I0918 03:46:40.821902 22600 raft_consensus.cc:2508] T 00000000000000000000000000000000 P 4d83fb3ca98e491db46d4722c2e9dd6d [term 0 FOLLOWER]: Advancing to term 1 03:46:40.823 [INFO - kudu-master:64032] (MiniKuduCluster.java:586)
I0918 03:46:40.823060 22600 raft_consensus.cc:434] T 00000000000000000000000000000000 P 4d83fb3ca98e491db46d4722c2e9dd6d [term 1 FOLLOWER]: Starting leader election with config: opid_index: -1 OBSOLETE_local: false peers { permanent_uuid: "d6a0f3a07b7e4765b916cd42b8972268" member_type: VOTER last_known_addr { host: "127.70.237.1" port: 64030 } } peers { permanent_uuid: "4d83fb3ca98e491db46d4722c2e9dd6d" member_type: VOTER last_known_addr { host: "127.70.237.1" port: 64032 } } peers { permanent_uuid: "367c809421b54dd788ac884904e5abc5" member_type: VOTER last_known_addr { host: "127.70.237.1" port: 64034 } } 03:46:40.823 [INFO - kudu-master:64032] (MiniKuduCluster.java:586)
I0918 03:46:40.823565 22600 leader_election.cc:221] T 00000000000000000000000000000000 P 4d83fb3ca98e491db46d4722c2e9dd6d [CANDIDATE]: Term 1 election: Requesting vote from peer d6a0f3a07b7e4765b916cd42b8972268 03:46:40.824 [INFO - kudu-master:64032] (MiniKuduCluster.java:586)
I0918 03:46:40.824383 22600 leader_election.cc:221] T 00000000000000000000000000000000 P 4d83fb3ca98e491db46d4722c2e9dd6d [CANDIDATE]: Term 1 election: Requesting vote from peer 367c809421b54dd788ac884904e5abc5 03:46:40.825 [INFO - kudu-master:64034] (MiniKuduCluster.java:586)
I0918 03:46:40.825126 22528 tablet_service.cc:1002] Received RequestConsensusVote() RPC: tablet_id: "00000000000000000000000000000000" candidate_uuid: "4d83fb3ca98e491db46d4722c2e9dd6d" candidate_term: 1 candidate_status { last_received { term: 0 index: 0 } } ignore_live_leader: false dest_uuid: "367c809421b54dd788ac884904e5abc5" 03:46:40.825 [INFO - kudu-master:64034] (MiniKuduCluster.java:586)
I0918 03:46:40.825212 22528 raft_consensus.cc:2508] T 00000000000000000000000000000000 P 367c809421b54dd788ac884904e5abc5 [term 0 FOLLOWER]: Advancing to term 1 03:46:40.825 [INFO - kudu-master:64034] (MiniKuduCluster.java:586)
I0918 03:46:40.825294 22528 raft_consensus.cc:2456] T 00000000000000000000000000000000 P 367c809421b54dd788ac884904e5abc5: Snoozing failure detection for 0.637s (vote granted) 03:46:40.829 [INFO - kudu-master:64034] (MiniKuduCluster.java:586)
I0918 03:46:40.829439 22528 raft_consensus.cc:2010] T 00000000000000000000000000000000 P 367c809421b54dd788ac884904e5abc5 [term 1 FOLLOWER]: Leader election vote request: Granting yes vote for candidate 4d83fb3ca98e491db46d4722c2e9dd6d in term 1. 03:46:40.830 [INFO - kudu-master:64032] (MiniKuduCluster.java:586)
I0918 03:46:40.830109 22293 leader_election.cc:353] T 00000000000000000000000000000000 P 4d83fb3ca98e491db46d4722c2e9dd6d [CANDIDATE]: Term 1 election: Vote granted by peer 367c809421b54dd788ac884904e5abc5 03:46:40.830 [INFO - kudu-master:64032] (MiniKuduCluster.java:586)
I0918 03:46:40.830149 22293 leader_election.cc:248] T 00000000000000000000000000000000 P 4d83fb3ca98e491db46d4722c2e9dd6d [CANDIDATE]: Term 1 election: Election decided. Result: candidate won. 03:46:40.835 [INFO - kudu-master:64032] (MiniKuduCluster.java:586)
I0918 03:46:40.835711 22600 raft_consensus.cc:2456] T 00000000000000000000000000000000 P 4d83fb3ca98e491db46d4722c2e9dd6d: Snoozing failure detection for 0.716s (election complete) 03:46:40.836 [INFO - kudu-master:64032] (MiniKuduCluster.java:586)
I0918 03:46:40.836086 22600 raft_consensus.cc:2280] T 00000000000000000000000000000000 P 4d83fb3ca98e491db46d4722c2e9dd6d [term 1 FOLLOWER]: Leader election won for term 1 03:46:40.836 [INFO - kudu-master:64032] (MiniKuduCluster.java:586)
I0918 03:46:40.836403 22600 raft_consensus.cc:542] T 00000000000000000000000000000000 P 4d83fb3ca98e491db46d4722c2e9dd6d [term 1 LEADER]: Becoming Leader. State: Replica: 4d83fb3ca98e491db46d4722c2e9dd6d, State: Running, Role: LEADER 03:46:40.836 [INFO - kudu-master:64032] (MiniKuduCluster.java:586)
I0918 03:46:40.836937 22600 consensus_queue.cc:169] T 00000000000000000000000000000000 P 4d83fb3ca98e491db46d4722c2e9dd6d [LEADER]: Queue going to LEADER mode. State: All replicated index: 0, Majority replicated index: 0, Committed index: 0, Last appended: 0.0, Last appended by leader: 0, Current term: 1, Majority size: 2, State: 0, Mode: LEADER, active raft config: opid_index: -1 OBSOLETE_local: false peers { permanent_uuid: "d6a0f3a07b7e4765b916cd42b8972268" member_type: VOTER last_known_addr { host: "127.70.237.1" port: 64030 } } peers { permanent_uuid: "4d83fb3ca98e491db46d4722c2e9dd6d" member_type: VOTER last_known_addr { host: "127.70.237.1" port: 64032 } } peers { permanent_uuid: "367c809421b54dd788ac884904e5abc5" member_type: VOTER last_known_addr { host: "127.70.237.1" port: 64034 } } 03:46:40.844 [INFO - kudu-tserver:64038] (MiniKuduCluster.java:586)
I0918 03:46:40.844723 22554 tablet_server_main.cc:79] Initializing tablet server... 03:46:40.845 [INFO - kudu-tserver:64038] (MiniKuduCluster.java:586)
I0918 03:46:40.845759 22554 system_ntp.cc:104] NTP initialized. Resolution in nanos?: 1 Skew PPM: 500 Current error: 444329 03:46:40.847 [INFO - kudu-tserver:64036] (MiniKuduCluster.java:586)
I0918 03:46:40.847324 22413 ts_tablet_manager.cc:216] Loaded tablet metadata (0 live tablets) 03:46:40.856 [INFO - kudu-tserver:64036] (MiniKuduCluster.java:586)
I0918 03:46:40.856595 22413 tablet_server_main.cc:84] Starting tablet server... 03:46:40.862 [INFO - kudu-master:64032] (MiniKuduCluster.java:586)
I0918 03:46:40.862040 22613 sys_catalog.cc:321] T 00000000000000000000000000000000 P 4d83fb3ca98e491db46d4722c2e9dd6d [sys.catalog]: SysCatalogTable state changed. Reason: New leader 4d83fb3ca98e491db46d4722c2e9dd6d. Latest consensus state: current_term: 1 leader_uuid: "4d83fb3ca98e491db46d4722c2e9dd6d" committed_config { opid_index: -1 OBSOLETE_local: false peers { permanent_uuid: "d6a0f3a07b7e4765b916cd42b8972268" member_type: VOTER last_known_addr { host: "127.70.237.1" port: 64030 } } peers { permanent_uuid: "4d83fb3ca98e491db46d4722c2e9dd6d" member_type: VOTER last_known_addr { host: "127.70.237.1" port: 64032 } } peers { permanent_uuid: "367c809421b54dd788ac884904e5abc5" member_type: VOTER last_known_addr { host: "127.70.237.1" port: 64034 } } } 03:46:40.862 [INFO - kudu-master:64032] (MiniKuduCluster.java:586)
I0918 03:46:40.862418 22613 sys_catalog.cc:324] T 00000000000000000000000000000000 P 4d83fb3ca98e491db46d4722c2e9dd6d [sys.catalog]: This master's current role is: LEADER 03:46:40.877 [INFO - kudu-master:64032] (MiniKuduCluster.java:586)
I0918 03:46:40.877707 22622 catalog_manager.cc:948] Loading table and tablet metadata into memory... 03:46:40.905 [INFO - kudu-tserver:64038] (MiniKuduCluster.java:586)
I0918 03:46:40.905014 22554 server_base.cc:228] Could not load existing FS layout: Not found: /home/jenkins-slave/workspace/kudu-master/3/build/test-tmp/ts-1-1505706400349/data/instance: No such file or directory (error 2) 03:46:40.905 [INFO - kudu-tserver:64038] (MiniKuduCluster.java:586)
I0918 03:46:40.905504 22554 server_base.cc:229] Creating new FS layout 03:46:40.912 [INFO - kudu-master:64032] (MiniKuduCluster.java:586)
I0918 03:46:40.912703 22622 catalog_manager.cc:959] Initializing Kudu internal certificate authority... 03:46:40.926 [INFO - kudu-tserver:64038] (MiniKuduCluster.java:586)
I0918 03:46:40.926110 22554 fs_manager.cc:474] Generated new instance metadata in path /home/jenkins-slave/workspace/kudu-master/3/build/test-tmp/ts-1-1505706400349/data/instance: 03:46:40.926 [INFO - kudu-tserver:64038] (MiniKuduCluster.java:586) uuid: "47e1da97776b4cd7a761f7ba221fe099" 03:46:40.926 [INFO - kudu-tserver:64038] (MiniKuduCluster.java:586) format_stamp: "Formatted at 2017-09-18 03:46:40 on jenkins-slave-c3oe" 03:46:40.937 [INFO - kudu-tserver:64038] (MiniKuduCluster.java:586)
I0918 03:46:40.937803 22554 fs_manager.cc:431] Time spent creating directory manager: real 0.011s user 0.000s sys 0.004s 03:46:40.938 [INFO - kudu-tserver:64038] (MiniKuduCluster.java:586)
I0918 03:46:40.938802 22554 env_posix.cc:1589] Not raising process file limit of 65536; it is already as high as it can go 03:46:40.939 [INFO - kudu-tserver:64038] (MiniKuduCluster.java:586)
I0918 03:46:40.939297 22554 file_cache.cc:469] Constructed file cache lbm with capacity 26214 03:46:40.940 [INFO - kudu-master:64030] (MiniKuduCluster.java:586)
I0918 03:46:40.940698 22389 consensus_peers.cc:550] Retrying to get permanent uuid for remote peer: member_type: VOTER last_known_addr { host: "127.70.237.1" port: 64032 } attempt: 5 03:46:40.960 [INFO - kudu-master:64030] (MiniKuduCluster.java:586)
I0918 03:46:40.959336 22389 sys_catalog.cc:293] member_type: VOTER last_known_addr { host: "127.70.237.1" port: 64034 } has no permanent_uuid. Determining permanent_uuid... 03:46:40.970 [INFO - kudu-master:64030] (MiniKuduCluster.java:586)
I0918 03:46:40.967085 22389 tablet_bootstrap.cc:433] T 00000000000000000000000000000000 P d6a0f3a07b7e4765b916cd42b8972268: Bootstrap starting. 03:46:40.970 [INFO - kudu-master:64030] (MiniKuduCluster.java:586)
I0918 03:46:40.969061 22389 tablet_bootstrap.cc:568] T 00000000000000000000000000000000 P d6a0f3a07b7e4765b916cd42b8972268: No blocks or log segments found. Creating new log. 03:46:40.970 [INFO - kudu-master:64030] (MiniKuduCluster.java:586)
I0918 03:46:40.969820 22389 log.cc:518] T 00000000000000000000000000000000 P d6a0f3a07b7e4765b916cd42b8972268: Log is configured to *not* fsync() on all Append() calls 03:46:40.980 [INFO - kudu-master:64030] (MiniKuduCluster.java:586)
I0918 03:46:40.980386 22389 tablet_bootstrap.cc:433] T 00000000000000000000000000000000 P d6a0f3a07b7e4765b916cd42b8972268: No bootstrap required, opened a new log 03:46:40.982 [INFO - kudu-master:64030] (MiniKuduCluster.java:586)
I0918 03:46:40.982281 22389 raft_consensus.cc:287] T 00000000000000000000000000000000 P d6a0f3a07b7e4765b916cd42b8972268 [term 0 FOLLOWER]: Replica starting. Triggering 0 pending transactions. Active config: opid_index: -1 OBSOLETE_local: false peers { permanent_uuid: "d6a0f3a07b7e4765b916cd42b8972268" member_type: VOTER last_known_addr { host: "127.70.237.1" port: 64030 } } peers { permanent_uuid: "4d83fb3ca98e491db46d4722c2e9dd6d" member_type: VOTER last_known_addr { host: "127.70.237.1" port: 64032 } } peers { permanent_uuid: "367c809421b54dd788ac884904e5abc5" member_type: VOTER last_known_addr { host: "127.70.237.1" port: 64034 } } 03:46:40.982 [INFO - kudu-master:64030] (MiniKuduCluster.java:586)
I0918 03:46:40.982836 22389 raft_consensus.cc:313] T 00000000000000000000000000000000 P d6a0f3a07b7e4765b916cd42b8972268 [term 0 FOLLOWER]: Consensus starting up: Expiring failure detector timer to make a prompt election more likely 03:46:40.983 [INFO - kudu-master:64030] (MiniKuduCluster.java:586)
I0918 03:46:40.983286 22389 raft_consensus.cc:576] T 00000000000000000000000000000000 P d6a0f3a07b7e4765b916cd42b8972268 [term 0 FOLLOWER]: Becoming Follower/Learner. State: Replica: d6a0f3a07b7e4765b916cd42b8972268, State: Initialized, Role: FOLLOWER 03:46:40.983 [INFO - kudu-master:64030] (MiniKuduCluster.java:586)
I0918 03:46:40.983551 22389 consensus_queue.cc:190] T 00000000000000000000000000000000 P d6a0f3a07b7e4765b916cd42b8972268 [NON_LEADER]: Queue going to NON_LEADER mode. State: All replicated index: 0, Majority replicated index: 0, Committed index: 0, Last appended: 0.0, Last appended by leader: 0, Current term: 0, Majority size: -1, State: 0, Mode: NON_LEADER 03:46:41.005 [INFO - kudu-master:64030] (MiniKuduCluster.java:586)
I0918 03:46:41.005013 22389 sys_catalog.cc:321] T 00000000000000000000000000000000 P d6a0f3a07b7e4765b916cd42b8972268 [sys.catalog]: SysCatalogTable state changed. Reason: Started TabletReplica. Latest consensus state: current_term: 0 leader_uuid: "" committed_config { opid_index: -1 OBSOLETE_local: false peers { permanent_uuid: "d6a0f3a07b7e4765b916cd42b8972268" member_type: VOTER last_known_addr { host: "127.70.237.1" port: 64030 } } peers { permanent_uuid: "4d83fb3ca98e491db46d4722c2e9dd6d" member_type: VOTER last_known_addr { host: "127.70.237.1" port: 64032 } } peers { permanent_uuid: "367c809421b54dd788ac884904e5abc5" member_type: VOTER last_known_addr { host: "127.70.237.1" port: 64034 } } } 03:46:41.005 [INFO - kudu-master:64030] (MiniKuduCluster.java:586)
I0918 03:46:41.005652 22389 sys_catalog.cc:324] T 00000000000000000000000000000000 P d6a0f3a07b7e4765b916cd42b8972268 [sys.catalog]: This master's current role is: FOLLOWER 03:46:41.007 [INFO - kudu-master:64030] (MiniKuduCluster.java:586)
I0918 03:46:41.007072 22643 sys_catalog.cc:321] T 00000000000000000000000000000000 P d6a0f3a07b7e4765b916cd42b8972268 [sys.catalog]: SysCatalogTable state changed. Reason: RaftConsensus started. Latest consensus state: current_term: 0 leader_uuid: "" committed_config { opid_index: -1 OBSOLETE_local: false peers { permanent_uuid: "d6a0f3a07b7e4765b916cd42b8972268" member_type: VOTER last_known_addr { host: "127.70.237.1" port: 64030 } } peers { permanent_uuid: "4d83fb3ca98e491db46d4722c2e9dd6d" member_type: VOTER last_known_addr { host: "127.70.237.1" port: 64032 } } peers { permanent_uuid: "367c809421b54dd788ac884904e5abc5" member_type: VOTER last_known_addr { host: "127.70.237.1" port: 64034 } } } 03:46:41.007 [INFO - kudu-master:64030] (MiniKuduCluster.java:586)
I0918 03:46:41.007390 22643 sys_catalog.cc:324] T 00000000000000000000000000000000 P d6a0f3a07b7e4765b916cd42b8972268 [sys.catalog]: This master's current role is: FOLLOWER 03:46:41.008 [INFO - kudu-master:64030] (MiniKuduCluster.java:586)
I0918 03:46:41.008375 22389 sys_catalog.cc:408] T 00000000000000000000000000000000 P d6a0f3a07b7e4765b916cd42b8972268 [sys.catalog]: configured and running, proceeding with master startup. 03:46:41.009 [INFO - kudu-master:64030] (MiniKuduCluster.java:586)
I0918 03:46:41.009490 22294 tablet_service.cc:1002] Received RequestConsensusVote() RPC: tablet_id: "00000000000000000000000000000000" candidate_uuid: "4d83fb3ca98e491db46d4722c2e9dd6d" candidate_term: 1 candidate_status { last_received { term: 0 index: 0 } } ignore_live_leader: false dest_uuid: "d6a0f3a07b7e4765b916cd42b8972268" is_pre_election: true 03:46:41.009 [INFO - kudu-master:64030] (MiniKuduCluster.java:586)
I0918 03:46:41.009508 22285 tablet_service.cc:1002] Received RequestConsensusVote() RPC: tablet_id: "00000000000000000000000000000000" candidate_uuid: "4d83fb3ca98e491db46d4722c2e9dd6d" candidate_term: 1 candidate_status { last_received { term: 0 index: 0 } } ignore_live_leader: false dest_uuid: "d6a0f3a07b7e4765b916cd42b8972268" 03:46:41.009 [INFO - kudu-master:64030] (MiniKuduCluster.java:586)
I0918 03:46:41.009696 22285 raft_consensus.cc:2508] T 00000000000000000000000000000000 P d6a0f3a07b7e4765b916cd42b8972268 [term 0 FOLLOWER]: Advancing to term 1 03:46:41.009 [INFO - kudu-master:64030] (MiniKuduCluster.java:586)
I0918 03:46:41.009835 22285 raft_consensus.cc:2456] T 00000000000000000000000000000000 P d6a0f3a07b7e4765b916cd42b8972268: Snoozing failure detection for 0.676s (vote granted) 03:46:41.010 [INFO - kudu-master:64030] (MiniKuduCluster.java:586)
I0918 03:46:41.010932 22285 raft_consensus.cc:2010] T 00000000000000000000000000000000 P d6a0f3a07b7e4765b916cd42b8972268 [term 1 FOLLOWER]: Leader election vote request: Granting yes vote for candidate 4d83fb3ca98e491db46d4722c2e9dd6d in term 1. 03:46:41.012 [INFO - kudu-master:64030] (MiniKuduCluster.java:586)
I0918 03:46:41.011466 22294 raft_consensus.cc:1985] T 00000000000000000000000000000000 P d6a0f3a07b7e4765b916cd42b8972268 [term 1 FOLLOWER]: Leader pre-election vote request: Denying vote to candidate 4d83fb3ca98e491db46d4722c2e9dd6d for term 1 because replica is already servicing an update from a current leader or another vote. 03:46:41.025 [INFO - kudu-tserver:64038] (MiniKuduCluster.java:586)
I0918 03:46:41.025315 22554 fs_manager.cc:335] Time spent opening block manager: real 0.083s user 0.000s sys 0.004s 03:46:41.025 [INFO - kudu-tserver:64038] (MiniKuduCluster.java:586)
I0918 03:46:41.025838 22554 fs_manager.cc:348] Opened local filesystem: /home/jenkins-slave/workspace/kudu-master/3/build/test-tmp/ts-1-1505706400349/data 03:46:41.026 [INFO - kudu-tserver:64038] (MiniKuduCluster.java:586) uuid: "47e1da97776b4cd7a761f7ba221fe099" 03:46:41.026 [INFO - kudu-tserver:64038] (MiniKuduCluster.java:586) format_stamp: "Formatted at 2017-09-18 03:46:40 on jenkins-slave-c3oe" 03:46:41.026 [INFO - kudu-tserver:64038] (MiniKuduCluster.java:586)
I0918 03:46:41.026322 22554 fs_report.cc:347] Block manager report 03:46:41.026 [INFO - kudu-tserver:64038] (MiniKuduCluster.java:586) -------------------- 03:46:41.026 [INFO - kudu-tserver:64038] (MiniKuduCluster.java:586) 1 data directories: /home/jenkins-slave/workspace/kudu-master/3/build/test-tmp/ts-1-1505706400349/data/data 03:46:41.026 [INFO - kudu-tserver:64038] (MiniKuduCluster.java:586) Total live blocks: 0 03:46:41.026 [INFO - kudu-tserver:64038] (MiniKuduCluster.java:586) Total live bytes: 0 03:46:41.026 [INFO - kudu-tserver:64038] (MiniKuduCluster.java:586) Total live bytes (after alignment): 0 03:46:41.026 [INFO - kudu-tserver:64038] (MiniKuduCluster.java:586) Total number of LBM containers: 0 (0 full) 03:46:41.026 [INFO - kudu-tserver:64038] (MiniKuduCluster.java:586) Did not check for missing blocks 03:46:41.026 [INFO - kudu-tserver:64038] (MiniKuduCluster.java:586) Did not check for orphaned blocks 03:46:41.026 [INFO - kudu-tserver:64038] (MiniKuduCluster.java:586) Total full LBM containers with extra space: 0 (0 repaired) 03:46:41.027 [INFO - kudu-tserver:64038] (MiniKuduCluster.java:586) Total full LBM container extra space in bytes: 0 (0 repaired) 03:46:41.027 [INFO - kudu-tserver:64038] (MiniKuduCluster.java:586) Total incomplete LBM containers: 0 (0 repaired) 03:46:41.027 [INFO - kudu-tserver:64038] (MiniKuduCluster.java:586) Total LBM partial records: 0 (0 repaired) 03:46:41.028 [INFO - kudu-master:64030] (MiniKuduCluster.java:586)
I0918 03:46:41.028770 22112 master_main.cc:79] Master server successfully started. 03:46:41.041 [INFO - kudu-master:64032] (MiniKuduCluster.java:586)
I0918 03:46:41.040894 22287 leader_election.cc:353] T 00000000000000000000000000000000 P 4d83fb3ca98e491db46d4722c2e9dd6d [CANDIDATE]: Term 1 election: Vote granted by peer d6a0f3a07b7e4765b916cd42b8972268 03:46:41.042 [INFO - kudu-master:64032] (MiniKuduCluster.java:586)
I0918 03:46:41.041357 22287 leader_election.cc:367] T 00000000000000000000000000000000 P 4d83fb3ca98e491db46d4722c2e9dd6d [CANDIDATE]: Term 1 pre-election: Vote denied by peer d6a0f3a07b7e4765b916cd42b8972268. Message: Service unavailable: T 00000000000000000000000000000000 P d6a0f3a07b7e4765b916cd42b8972268 [term 1 FOLLOWER]: Leader pre-election vote request: Denying vote to candidate 4d83fb3ca98e491db46d4722c2e9dd6d for term 1 because replica is already servicing an update from a current leader or another vote. 03:46:41.042 [INFO - kudu-master:64030] (MiniKuduCluster.java:586)
I0918 03:46:41.042659 22285 raft_consensus.cc:964] T 00000000000000000000000000000000 P d6a0f3a07b7e4765b916cd42b8972268 [term 1 FOLLOWER]: Refusing update from remote peer 4d83fb3ca98e491db46d4722c2e9dd6d: Log matching property violated. Preceding OpId in replica: term: 0 index: 0. Preceding OpId from leader: term: 1 index: 2. (index mismatch) 03:46:41.043 [INFO - kudu-master:64034] (MiniKuduCluster.java:586)
I0918 03:46:41.043090 22528 raft_consensus.cc:964] T 00000000000000000000000000000000 P 367c809421b54dd788ac884904e5abc5 [term 1 FOLLOWER]: Refusing update from remote peer 4d83fb3ca98e491db46d4722c2e9dd6d: Log matching property violated. Preceding OpId in replica: term: 0 index: 0. Preceding OpId from leader: term: 1 index: 2. (index mismatch) 03:46:41.043 [INFO - kudu-master:64032] (MiniKuduCluster.java:586)
I0918 03:46:41.043650 22613 consensus_queue.cc:741] T 00000000000000000000000000000000 P 4d83fb3ca98e491db46d4722c2e9dd6d [LEADER]: Connected to new peer: Peer: d6a0f3a07b7e4765b916cd42b8972268, Is new: false, Last received: 0.0, Next index: 1, Last known committed idx: 0, Last exchange result: ERROR, Needs tablet copy: false 03:46:41.044 [INFO - kudu-master:64032] (MiniKuduCluster.java:586)
I0918 03:46:41.043993 22647 consensus_queue.cc:741] T 00000000000000000000000000000000 P 4d83fb3ca98e491db46d4722c2e9dd6d [LEADER]: Connected to new peer: Peer: 367c809421b54dd788ac884904e5abc5, Is new: false, Last received: 0.0, Next index: 1, Last known committed idx: 0, Last exchange result: ERROR, Needs tablet copy: false 03:46:41.057 [INFO - kudu-master:64030] (MiniKuduCluster.java:586)
I0918 03:46:41.057224 22643 sys_catalog.cc:321] T 00000000000000000000000000000000 P d6a0f3a07b7e4765b916cd42b8972268 [sys.catalog]: SysCatalogTable state changed. Reason: New leader 4d83fb3ca98e491db46d4722c2e9dd6d. Latest consensus state: current_term: 1 leader_uuid: "4d83fb3ca98e491db46d4722c2e9dd6d" committed_config { opid_index: -1 OBSOLETE_local: false peers { permanent_uuid: "d6a0f3a07b7e4765b916cd42b8972268" member_type: VOTER last_known_addr { host: "127.70.237.1" port: 64030 } } peers { permanent_uuid: "4d83fb3ca98e491db46d4722c2e9dd6d" member_type: VOTER last_known_addr { host: "127.70.237.1" port: 64032 } } peers { permanent_uuid: "367c809421b54dd788ac884904e5abc5" member_type: VOTER last_known_addr { host: "127.70.237.1" port: 64034 } } } 03:46:41.058 [INFO - kudu-master:64030] (MiniKuduCluster.java:586)
I0918 03:46:41.058002 22643 sys_catalog.cc:324] T 00000000000000000000000000000000 P d6a0f3a07b7e4765b916cd42b8972268 [sys.catalog]: This master's current role is: FOLLOWER 03:46:41.067 [INFO - kudu-master:64030] (MiniKuduCluster.java:586)
I0918 03:46:41.067631 22643 sys_catalog.cc:321] T 00000000000000000000000000000000 P d6a0f3a07b7e4765b916cd42b8972268 [sys.catalog]: SysCatalogTable state changed. Reason: Replicated consensus-only round. Latest consensus state: current_term: 1 leader_uuid: "4d83fb3ca98e491db46d4722c2e9dd6d" committed_config { opid_index: -1 OBSOLETE_local: false peers { permanent_uuid: "d6a0f3a07b7e4765b916cd42b8972268" member_type: VOTER last_known_addr { host: "127.70.237.1" port: 64030 } } peers { permanent_uuid: "4d83fb3ca98e491db46d4722c2e9dd6d" member_type: VOTER last_known_addr { host: "127.70.237.1" port: 64032 } } peers { permanent_uuid: "367c809421b54dd788ac884904e5abc5" member_type: VOTER last_known_addr { host: "127.70.237.1" port: 64034 } } } 03:46:41.068 [INFO - kudu-master:64030] (MiniKuduCluster.java:586)
I0918 03:46:41.068107 22643 sys_catalog.cc:324] T 00000000000000000000000000000000 P d6a0f3a07b7e4765b916cd42b8972268 [sys.catalog]: This master's current role is: FOLLOWER 03:46:41.070 [INFO - kudu-master:64034] (MiniKuduCluster.java:586)
I0918 03:46:41.070708 22594 sys_catalog.cc:321] T 00000000000000000000000000000000 P 367c809421b54dd788ac884904e5abc5 [sys.catalog]: SysCatalogTable state changed. Reason: New leader 4d83fb3ca98e491db46d4722c2e9dd6d. Latest consensus state: current_term: 1 leader_uuid: "4d83fb3ca98e491db46d4722c2e9dd6d" committed_config { opid_index: -1 OBSOLETE_local: false peers { permanent_uuid: "d6a0f3a07b7e4765b916cd42b8972268" member_type: VOTER last_known_addr { host: "127.70.237.1" port: 64030 } } peers { permanent_uuid: "4d83fb3ca98e491db46d4722c2e9dd6d" member_type: VOTER last_known_addr { host: "127.70.237.1" port: 64032 } } peers { permanent_uuid: "367c809421b54dd788ac884904e5abc5" member_type: VOTER last_known_addr { host: "127.70.237.1" port: 64034 } } } 03:46:41.071 [INFO - kudu-master:64034] (MiniKuduCluster.java:586)
I0918 03:46:41.070746 22594 sys_catalog.cc:324] T 00000000000000000000000000000000 P 367c809421b54dd788ac884904e5abc5 [sys.catalog]: This master's current role is: FOLLOWER 03:46:41.082 [INFO - kudu-master:64032] (MiniKuduCluster.java:586)
I0918 03:46:41.078922 22622 catalog_manager.cc:846] Generated new certificate authority record 03:46:41.083 [INFO - kudu-master:64032] (MiniKuduCluster.java:586)
I0918 03:46:41.080256 22622 catalog_manager.cc:968] Loading token signing keys... 03:46:41.085 [INFO - kudu-master:64034] (MiniKuduCluster.java:586)
I0918 03:46:41.084966 22594 sys_catalog.cc:321] T 00000000000000000000000000000000 P 367c809421b54dd788ac884904e5abc5 [sys.catalog]: SysCatalogTable state changed. Reason: Replicated consensus-only round. Latest consensus state: current_term: 1 leader_uuid: "4d83fb3ca98e491db46d4722c2e9dd6d" committed_config { opid_index: -1 OBSOLETE_local: false peers { permanent_uuid: "d6a0f3a07b7e4765b916cd42b8972268" member_type: VOTER last_known_addr { host: "127.70.237.1" port: 64030 } } peers { permanent_uuid: "4d83fb3ca98e491db46d4722c2e9dd6d" member_type: VOTER last_known_addr { host: "127.70.237.1" port: 64032 } } peers { permanent_uuid: "367c809421b54dd788ac884904e5abc5" member_type: VOTER last_known_addr { host: "127.70.237.1" port: 64034 } } } 03:46:41.085 [INFO - kudu-master:64034] (MiniKuduCluster.java:586)
I0918 03:46:41.085012 22594 sys_catalog.cc:324] T 00000000000000000000000000000000 P 367c809421b54dd788ac884904e5abc5 [sys.catalog]: This master's current role is: FOLLOWER 03:46:41.099 [INFO - kudu-master:64032] (MiniKuduCluster.java:586)
I0918 03:46:41.099779 22622 catalog_manager.cc:3544] T 00000000000000000000000000000000 P 4d83fb3ca98e491db46d4722c2e9dd6d: Generated new TSK 0 03:46:41.115 [INFO - kudu-tserver:64040] (MiniKuduCluster.java:586) WARNING: Logging before InitGoogleLogging() is written to STDERR 03:46:41.116 [INFO - kudu-tserver:64040] (MiniKuduCluster.java:586)
W0918 03:46:41.115627 22653 flags.cc:395] Enabled unsafe flag: --never_fsync=true 03:46:41.116 [INFO - kudu-tserver:64040] (MiniKuduCluster.java:586)
W0918 03:46:41.116892 22653 flags.cc:395] Enabled experimental flag: --ipki_server_key_size=1024 03:46:41.117 [INFO - kudu-tserver:64040] (MiniKuduCluster.java:586)
W0918 03:46:41.117133 22653 flags.cc:395] Enabled experimental flag: --flush_threshold_mb=1 03:46:41.117 [INFO - kudu-tserver:64040] (MiniKuduCluster.java:586)
W0918 03:46:41.117311 22653 flags.cc:395] Enabled experimental flag: --local_ip_for_outbound_sockets=127.70.237.1 03:46:41.119 [INFO - kudu-tserver:64040] (MiniKuduCluster.java:586)
I0918 03:46:41.119352 22653 tablet_server_main.cc:72] Tablet server non-default flags: 03:46:41.119 [INFO - kudu-tserver:64040] (MiniKuduCluster.java:586) --log_preallocate_segments=false 03:46:41.119 [INFO - kudu-tserver:64040] (MiniKuduCluster.java:586) --fs_data_dirs=/home/jenkins-slave/workspace/kudu-master/3/build/test-tmp/ts-2-1505706400349/data 03:46:41.119 [INFO - kudu-tserver:64040] (MiniKuduCluster.java:586) --fs_wal_dir=/home/jenkins-slave/workspace/kudu-master/3/build/test-tmp/ts-2-1505706400349/data 03:46:41.119 [INFO - kudu-tserver:64040] (MiniKuduCluster.java:586) --ipki_server_key_size=1024 03:46:41.119 [INFO - kudu-tserver:64040] (MiniKuduCluster.java:586) --rpc_bind_addresses=127.70.237.1:64040 03:46:41.119 [INFO - kudu-tserver:64040] (MiniKuduCluster.java:586) --webserver_interface=127.70.237.1 03:46:41.119 [INFO - kudu-tserver:64040] (MiniKuduCluster.java:586) --webserver_port=64041 03:46:41.119 [INFO - kudu-tserver:64040] (MiniKuduCluster.java:586) --flush_threshold_mb=1 03:46:41.120 [INFO - kudu-tserver:64040] (MiniKuduCluster.java:586) --tserver_master_addrs=127.70.237.1:64030,127.70.237.1:64032,127.70.237.1:64034 03:46:41.120 [INFO - kudu-tserver:64040] (MiniKuduCluster.java:586) --never_fsync=true 03:46:41.120 [INFO - kudu-tserver:64040] (MiniKuduCluster.java:586) --heap_profile_path=/tmp/kudu-tserver.22653 03:46:41.120 [INFO - kudu-tserver:64040] (MiniKuduCluster.java:586) --unlock_experimental_flags=true 03:46:41.120 [INFO - kudu-tserver:64040] (MiniKuduCluster.java:586) --unlock_unsafe_flags=true 03:46:41.120 [INFO - kudu-tserver:64040] (MiniKuduCluster.java:586) --local_ip_for_outbound_sockets=127.70.237.1 03:46:41.120 [INFO - kudu-tserver:64040] (MiniKuduCluster.java:586) --flagfile=/home/jenkins-slave/workspace/kudu-master/3/java/kudu-client/target/test-classes/flags 03:46:41.120 [INFO - kudu-tserver:64040] (MiniKuduCluster.java:586) --log_dir=/home/jenkins-slave/workspace/kudu-master/3/build/test-tmp/ts-2-1505706400349/logs 03:46:41.120 [INFO - kudu-tserver:64040] (MiniKuduCluster.java:586) --logtostderr=true 03:46:41.120 [INFO - kudu-tserver:64040] (MiniKuduCluster.java:586) Tablet server version: 03:46:41.121 [INFO - kudu-tserver:64040] (MiniKuduCluster.java:586) kudu 1.6.0-SNAPSHOT 03:46:41.121 [INFO - kudu-tserver:64040] (MiniKuduCluster.java:586) revision 4dfb33a1d452b0be9fded10838be10e7d026e87e 03:46:41.121 [INFO - kudu-tserver:64040] (MiniKuduCluster.java:586) build type DEBUG 03:46:41.121 [INFO - kudu-tserver:64040] (MiniKuduCluster.java:586) built by None at 18 Sep 2017 03:34:31 UTC on jenkins-slave-c3oe 03:46:41.121 [INFO - kudu-tserver:64040] (MiniKuduCluster.java:586) build id 9998 03:46:41.167 [INFO - kudu-tserver:64038] (MiniKuduCluster.java:586)
I0918 03:46:41.167567 22554 ts_tablet_manager.cc:216] Loaded tablet metadata (0 live tablets) 03:46:41.169 [INFO - kudu-tserver:64038] (MiniKuduCluster.java:586)
I0918 03:46:41.168146 22554 tablet_server_main.cc:84] Starting tablet server... 03:46:41.228 [INFO - kudu-tserver:64036] (MiniKuduCluster.java:586)
I0918 03:46:41.228227 22413 rpc_server.cc:192] RPC server started. Bound to: 127.70.237.1:64036 03:46:41.229 [INFO - kudu-tserver:64036] (MiniKuduCluster.java:586)
I0918 03:46:41.229092 22413 webserver.cc:149] Starting webserver on 127.70.237.1:64037 03:46:41.229 [INFO - kudu-tserver:64036] (MiniKuduCluster.java:586)
I0918 03:46:41.229414 22413 webserver.cc:160] Document root disabled 03:46:41.230 [INFO - kudu-tserver:64036] (MiniKuduCluster.java:586)
I0918 03:46:41.230206 22413 webserver.cc:282] Webserver started. Bound to: http://127.70.237.1:64037/ 03:46:41.234 [INFO - kudu-tserver:64036] (MiniKuduCluster.java:586)
I0918 03:46:41.234251 22413 tablet_server_main.cc:87] Tablet server successfully started. 03:46:41.234 [INFO - kudu-tserver:64036] (MiniKuduCluster.java:586)
I0918 03:46:41.234103 22824 process_memory.cc:181] Process hard memory limit is 94.627029 GB 03:46:41.234 [INFO - kudu-tserver:64036] (MiniKuduCluster.java:586)
I0918 03:46:41.234752 22824 process_memory.cc:183] Process soft memory limit is 75.701622 GB 03:46:41.234 [INFO - kudu-tserver:64036] (MiniKuduCluster.java:586)
I0918 03:46:41.234869 22824 process_memory.cc:186] Process memory pressure threshold is 56.776218 GB 03:46:41.257 [INFO - kudu-tserver:64040] (MiniKuduCluster.java:586)
I0918 03:46:41.257843 22653 minidump.cc:237] Setting minidump size limit to 20M 03:46:41.285 [INFO - kudu-tserver:64036] (MiniKuduCluster.java:586)
I0918 03:46:41.284344 22820 heartbeater.cc:317] Connected to a master server at 127.70.237.1:64032 03:46:41.285 [INFO - kudu-tserver:64036] (MiniKuduCluster.java:586)
I0918 03:46:41.284544 22820 heartbeater.cc:387] Registering TS with master... 03:46:41.285 [INFO - kudu-tserver:64036] (MiniKuduCluster.java:586)
I0918 03:46:41.284974 22820 heartbeater.cc:414] Master 127.70.237.1:64032 requested a full tablet report, sending... 03:46:41.288 [INFO - kudu-master:64032] (MiniKuduCluster.java:586)
I0918 03:46:41.286892 22410 ts_manager.cc:81] Registered new tserver with Master: a8b7ee72e4d245d2a2710ab6ee79ec7d (127.70.237.1:64036) 03:46:41.289 [INFO - kudu-master:64032] (MiniKuduCluster.java:586)
I0918 03:46:41.288410 22410 master_service.cc:203] Signed X509 certificate for tserver {username='jenkins-slave'} at 127.70.237.1:39873 03:46:41.291 [INFO - kudu-master:64034] (MiniKuduCluster.java:586)
I0918 03:46:41.291123 22482 ts_manager.cc:81] Registered new tserver with Master: a8b7ee72e4d245d2a2710ab6ee79ec7d (127.70.237.1:64036) 03:46:41.291 [INFO - kudu-master:64030] (MiniKuduCluster.java:586)
I0918 03:46:41.291411 22257 ts_manager.cc:81] Registered new tserver with Master: a8b7ee72e4d245d2a2710ab6ee79ec7d (127.70.237.1:64036) 03:46:41.291 [INFO - kudu-tserver:64036] (MiniKuduCluster.java:586)
I0918 03:46:41.289948 22823 heartbeater.cc:317] Connected to a master server at 127.70.237.1:64034 03:46:41.292 [INFO - kudu-tserver:64036] (MiniKuduCluster.java:586)
I0918 03:46:41.289999 22823 heartbeater.cc:387] Registering TS with master... 03:46:41.292 [INFO - kudu-tserver:64036] (MiniKuduCluster.java:586)
I0918 03:46:41.290165 22823 heartbeater.cc:414] Master 127.70.237.1:64034 requested a full tablet report, sending... 03:46:41.292 [INFO - kudu-tserver:64036] (MiniKuduCluster.java:586)
I0918 03:46:41.290336 22819 heartbeater.cc:317] Connected to a master server at 127.70.237.1:64030 03:46:41.292 [INFO - kudu-tserver:64036] (MiniKuduCluster.java:586)
I0918 03:46:41.290385 22819 heartbeater.cc:387] Registering TS with master... 03:46:41.292 [INFO - kudu-tserver:64036] (MiniKuduCluster.java:586)
I0918 03:46:41.290525 22819 heartbeater.cc:414] Master 127.70.237.1:64030 requested a full tablet report, sending... 03:46:41.300 [INFO - kudu-tserver:64040] (MiniKuduCluster.java:586)
I0918 03:46:41.300809 22653 tablet_server_main.cc:79] Initializing tablet server... 03:46:41.301 [INFO - kudu-tserver:64040] (MiniKuduCluster.java:586)
I0918 03:46:41.301689 22653 system_ntp.cc:104] NTP initialized. Resolution in nanos?: 1 Skew PPM: 500 Current error: 444829 03:46:41.319 [INFO - kudu-tserver:64040] (MiniKuduCluster.java:586)
I0918 03:46:41.319165 22653 server_base.cc:228] Could not load existing FS layout: Not found: /home/jenkins-slave/workspace/kudu-master/3/build/test-tmp/ts-2-1505706400349/data/instance: No such file or directory (error 2) 03:46:41.320 [INFO - kudu-tserver:64040] (MiniKuduCluster.java:586)
I0918 03:46:41.319535 22653 server_base.cc:229] Creating new FS layout 03:46:41.323 [INFO - kudu-tserver:64040] (MiniKuduCluster.java:586)
I0918 03:46:41.323886 22653 fs_manager.cc:474] Generated new instance metadata in path /home/jenkins-slave/workspace/kudu-master/3/build/test-tmp/ts-2-1505706400349/data/instance: 03:46:41.324 [INFO - kudu-tserver:64040] (MiniKuduCluster.java:586) uuid: "9e820884ca0b45fbbbd865f9dafc2d04" 03:46:41.324 [INFO - kudu-tserver:64040] (MiniKuduCluster.java:586) format_stamp: "Formatted at 2017-09-18 03:46:41 on jenkins-slave-c3oe" 03:46:41.354 [INFO - kudu-tserver:64040] (MiniKuduCluster.java:586)
I0918 03:46:41.354115 22653 fs_manager.cc:431] Time spent creating directory manager: real 0.030s user 0.012s sys 0.000s 03:46:41.355 [INFO - kudu-tserver:64040] (MiniKuduCluster.java:586)
I0918 03:46:41.355321 22653 env_posix.cc:1589] Not raising process file limit of 65536; it is already as high as it can go 03:46:41.355 [INFO - kudu-tserver:64040] (MiniKuduCluster.java:586)
I0918 03:46:41.355726 22653 file_cache.cc:469] Constructed file cache lbm with capacity 26214 03:46:41.359 [INFO - kudu-tserver:64040] (MiniKuduCluster.java:586)
I0918 03:46:41.359689 22653 fs_manager.cc:335] Time spent opening block manager: real 0.001s user 0.000s sys 0.004s 03:46:41.359 [INFO - kudu-tserver:64040] (MiniKuduCluster.java:586)
I0918 03:46:41.359877 22653 fs_manager.cc:348] Opened local filesystem: /home/jenkins-slave/workspace/kudu-master/3/build/test-tmp/ts-2-1505706400349/data 03:46:41.360 [INFO - kudu-tserver:64040] (MiniKuduCluster.java:586) uuid: "9e820884ca0b45fbbbd865f9dafc2d04" 03:46:41.360 [INFO - kudu-tserver:64040] (MiniKuduCluster.java:586) format_stamp: "Formatted at 2017-09-18 03:46:41 on jenkins-slave-c3oe" 03:46:41.360 [INFO - kudu-tserver:64040] (MiniKuduCluster.java:586)
