I0918 03:46:56.027748 25929 tablet_bootstrap.cc:433] T 00000000000000000000000000000000 P 9ed3771230f54282b31fb89f2b327140: Bootstrap starting. 03:46:56.031 [INFO - kudu-master:64032] (MiniKuduCluster.java:586)
I0918 03:46:56.030251 25929 tablet_bootstrap.cc:568] T 00000000000000000000000000000000 P 9ed3771230f54282b31fb89f2b327140: No blocks or log segments found. Creating new log. 03:46:56.031 [INFO - kudu-master:64032] (MiniKuduCluster.java:586)
I0918 03:46:56.031651 25929 log.cc:518] T 00000000000000000000000000000000 P 9ed3771230f54282b31fb89f2b327140: Log is configured to *not* fsync() on all Append() calls 03:46:56.038 [DEBUG - main] (SecurityUtil.java:122) Could not login via JAAS. Using no credentials: Unable to obtain Principal Name for authentication 03:46:56.048 [INFO - kudu-master:64034] (MiniKuduCluster.java:586)
I0918 03:46:56.047047 25897 tablet_bootstrap.cc:433] T 00000000000000000000000000000000 P 1c33b3fd52ae4ff1b3370f3dd2f07fa0: Bootstrap starting. 03:46:56.056 [INFO - kudu-master:64030] (MiniKuduCluster.java:586)
I0918 03:46:56.053372 25765 tablet_bootstrap.cc:433] T 00000000000000000000000000000000 P 73c5434c29524bb59af82de3185e1c1d: Bootstrap starting. 03:46:56.056 [INFO - kudu-master:64030] (MiniKuduCluster.java:586)
I0918 03:46:56.055366 25765 tablet_bootstrap.cc:568] T 00000000000000000000000000000000 P 73c5434c29524bb59af82de3185e1c1d: No blocks or log segments found. Creating new log. 03:46:56.056 [INFO - kudu-master:64030] (MiniKuduCluster.java:586)
I0918 03:46:56.056180 25765 log.cc:518] T 00000000000000000000000000000000 P 73c5434c29524bb59af82de3185e1c1d: Log is configured to *not* fsync() on all Append() calls 03:46:56.061 [INFO - kudu-master:64032] (MiniKuduCluster.java:586)
I0918 03:46:56.061815 25929 tablet_bootstrap.cc:433] T 00000000000000000000000000000000 P 9ed3771230f54282b31fb89f2b327140: No bootstrap required, opened a new log 03:46:56.063 [INFO - kudu-master:64032] (MiniKuduCluster.java:586)
I0918 03:46:56.063421 25929 raft_consensus.cc:287] T 00000000000000000000000000000000 P 9ed3771230f54282b31fb89f2b327140 [term 0 FOLLOWER]: Replica starting. Triggering 0 pending transactions. Active config: opid_index: -1 OBSOLETE_local: false peers { permanent_uuid: "73c5434c29524bb59af82de3185e1c1d" member_type: VOTER last_known_addr { host: "127.70.237.1" port: 64030 } } peers { permanent_uuid: "9ed3771230f54282b31fb89f2b327140" member_type: VOTER last_known_addr { host: "127.70.237.1" port: 64032 } } peers { permanent_uuid: "1c33b3fd52ae4ff1b3370f3dd2f07fa0" member_type: VOTER last_known_addr { host: "127.70.237.1" port: 64034 } } 03:46:56.063 [INFO - kudu-master:64032] (MiniKuduCluster.java:586)
I0918 03:46:56.063829 25929 raft_consensus.cc:313] T 00000000000000000000000000000000 P 9ed3771230f54282b31fb89f2b327140 [term 0 FOLLOWER]: Consensus starting up: Expiring failure detector timer to make a prompt election more likely 03:46:56.064 [INFO - kudu-master:64032] (MiniKuduCluster.java:586)
I0918 03:46:56.064514 25929 raft_consensus.cc:576] T 00000000000000000000000000000000 P 9ed3771230f54282b31fb89f2b327140 [term 0 FOLLOWER]: Becoming Follower/Learner. State: Replica: 9ed3771230f54282b31fb89f2b327140, State: Initialized, Role: FOLLOWER 03:46:56.064 [INFO - kudu-master:64032] (MiniKuduCluster.java:586)
I0918 03:46:56.064905 25929 consensus_queue.cc:190] T 00000000000000000000000000000000 P 9ed3771230f54282b31fb89f2b327140 [NON_LEADER]: Queue going to NON_LEADER mode. State: All replicated index: 0, Majority replicated index: 0, Committed index: 0, Last appended: 0.0, Last appended by leader: 0, Current term: 0, Majority size: -1, State: 0, Mode: NON_LEADER 03:46:56.065 [INFO - kudu-master:64032] (MiniKuduCluster.java:586)
I0918 03:46:56.065656 25929 sys_catalog.cc:321] T 00000000000000000000000000000000 P 9ed3771230f54282b31fb89f2b327140 [sys.catalog]: SysCatalogTable state changed. Reason: Started TabletReplica. Latest consensus state: current_term: 0 leader_uuid: "" committed_config { opid_index: -1 OBSOLETE_local: false peers { permanent_uuid: "73c5434c29524bb59af82de3185e1c1d" member_type: VOTER last_known_addr { host: "127.70.237.1" port: 64030 } } peers { permanent_uuid: "9ed3771230f54282b31fb89f2b327140" member_type: VOTER last_known_addr { host: "127.70.237.1" port: 64032 } } peers { permanent_uuid: "1c33b3fd52ae4ff1b3370f3dd2f07fa0" member_type: VOTER last_known_addr { host: "127.70.237.1" port: 64034 } } } 03:46:56.065 [INFO - kudu-master:64032] (MiniKuduCluster.java:586)
I0918 03:46:56.065812 25929 sys_catalog.cc:324] T 00000000000000000000000000000000 P 9ed3771230f54282b31fb89f2b327140 [sys.catalog]: This master's current role is: FOLLOWER 03:46:56.066 [INFO - kudu-master:64032] (MiniKuduCluster.java:586)
I0918 03:46:56.066491 25929 sys_catalog.cc:408] T 00000000000000000000000000000000 P 9ed3771230f54282b31fb89f2b327140 [sys.catalog]: configured and running, proceeding with master startup. 03:46:56.066 [INFO - kudu-master:64032] (MiniKuduCluster.java:586)
I0918 03:46:56.066891 25601 master_main.cc:79] Master server successfully started. 03:46:56.067 [INFO - kudu-master:64032] (MiniKuduCluster.java:586)
I0918 03:46:56.067085 26137 sys_catalog.cc:321] T 00000000000000000000000000000000 P 9ed3771230f54282b31fb89f2b327140 [sys.catalog]: SysCatalogTable state changed. Reason: RaftConsensus started. Latest consensus state: current_term: 0 leader_uuid: "" committed_config { opid_index: -1 OBSOLETE_local: false peers { permanent_uuid: "73c5434c29524bb59af82de3185e1c1d" member_type: VOTER last_known_addr { host: "127.70.237.1" port: 64030 } } peers { permanent_uuid: "9ed3771230f54282b31fb89f2b327140" member_type: VOTER last_known_addr { host: "127.70.237.1" port: 64032 } } peers { permanent_uuid: "1c33b3fd52ae4ff1b3370f3dd2f07fa0" member_type: VOTER last_known_addr { host: "127.70.237.1" port: 64034 } } } 03:46:56.067 [INFO - kudu-master:64032] (MiniKuduCluster.java:586)
I0918 03:46:56.067191 26137 sys_catalog.cc:324] T 00000000000000000000000000000000 P 9ed3771230f54282b31fb89f2b327140 [sys.catalog]: This master's current role is: FOLLOWER 03:46:56.076 [INFO - kudu-master:64030] (MiniKuduCluster.java:586)
I0918 03:46:56.076934 25765 tablet_bootstrap.cc:433] T 00000000000000000000000000000000 P 73c5434c29524bb59af82de3185e1c1d: No bootstrap required, opened a new log 03:46:56.078 [INFO - kudu-master:64030] (MiniKuduCluster.java:586)
I0918 03:46:56.078409 25765 raft_consensus.cc:287] T 00000000000000000000000000000000 P 73c5434c29524bb59af82de3185e1c1d [term 0 FOLLOWER]: Replica starting. Triggering 0 pending transactions. Active config: opid_index: -1 OBSOLETE_local: false peers { permanent_uuid: "73c5434c29524bb59af82de3185e1c1d" member_type: VOTER last_known_addr { host: "127.70.237.1" port: 64030 } } peers { permanent_uuid: "9ed3771230f54282b31fb89f2b327140" member_type: VOTER last_known_addr { host: "127.70.237.1" port: 64032 } } peers { permanent_uuid: "1c33b3fd52ae4ff1b3370f3dd2f07fa0" member_type: VOTER last_known_addr { host: "127.70.237.1" port: 64034 } } 03:46:56.078 [INFO - kudu-master:64030] (MiniKuduCluster.java:586)
I0918 03:46:56.078594 25765 raft_consensus.cc:313] T 00000000000000000000000000000000 P 73c5434c29524bb59af82de3185e1c1d [term 0 FOLLOWER]: Consensus starting up: Expiring failure detector timer to make a prompt election more likely 03:46:56.078 [INFO - kudu-master:64030] (MiniKuduCluster.java:586)
I0918 03:46:56.078882 25765 raft_consensus.cc:576] T 00000000000000000000000000000000 P 73c5434c29524bb59af82de3185e1c1d [term 0 FOLLOWER]: Becoming Follower/Learner. State: Replica: 73c5434c29524bb59af82de3185e1c1d, State: Initialized, Role: FOLLOWER 03:46:56.079 [INFO - kudu-master:64030] (MiniKuduCluster.java:586)
I0918 03:46:56.079018 25765 consensus_queue.cc:190] T 00000000000000000000000000000000 P 73c5434c29524bb59af82de3185e1c1d [NON_LEADER]: Queue going to NON_LEADER mode. State: All replicated index: 0, Majority replicated index: 0, Committed index: 0, Last appended: 0.0, Last appended by leader: 0, Current term: 0, Majority size: -1, State: 0, Mode: NON_LEADER 03:46:56.080 [INFO - kudu-master:64034] (MiniKuduCluster.java:586)
I0918 03:46:56.076697 25897 tablet_bootstrap.cc:568] T 00000000000000000000000000000000 P 1c33b3fd52ae4ff1b3370f3dd2f07fa0: No blocks or log segments found. Creating new log. 03:46:56.081 [INFO - kudu-master:64034] (MiniKuduCluster.java:586)
I0918 03:46:56.077447 25897 log.cc:518] T 00000000000000000000000000000000 P 1c33b3fd52ae4ff1b3370f3dd2f07fa0: Log is configured to *not* fsync() on all Append() calls 03:46:56.109 [INFO - kudu-master:64034] (MiniKuduCluster.java:586)
I0918 03:46:56.109484 25897 tablet_bootstrap.cc:433] T 00000000000000000000000000000000 P 1c33b3fd52ae4ff1b3370f3dd2f07fa0: No bootstrap required, opened a new log 03:46:56.111 [INFO - kudu-master:64034] (MiniKuduCluster.java:586)
I0918 03:46:56.111057 25897 raft_consensus.cc:287] T 00000000000000000000000000000000 P 1c33b3fd52ae4ff1b3370f3dd2f07fa0 [term 0 FOLLOWER]: Replica starting. Triggering 0 pending transactions. Active config: opid_index: -1 OBSOLETE_local: false peers { permanent_uuid: "73c5434c29524bb59af82de3185e1c1d" member_type: VOTER last_known_addr { host: "127.70.237.1" port: 64030 } } peers { permanent_uuid: "9ed3771230f54282b31fb89f2b327140" member_type: VOTER last_known_addr { host: "127.70.237.1" port: 64032 } } peers { permanent_uuid: "1c33b3fd52ae4ff1b3370f3dd2f07fa0" member_type: VOTER last_known_addr { host: "127.70.237.1" port: 64034 } } 03:46:56.111 [INFO - kudu-master:64034] (MiniKuduCluster.java:586)
I0918 03:46:56.111291 25897 raft_consensus.cc:313] T 00000000000000000000000000000000 P 1c33b3fd52ae4ff1b3370f3dd2f07fa0 [term 0 FOLLOWER]: Consensus starting up: Expiring failure detector timer to make a prompt election more likely 03:46:56.111 [INFO - kudu-master:64034] (MiniKuduCluster.java:586)
I0918 03:46:56.111611 25897 raft_consensus.cc:576] T 00000000000000000000000000000000 P 1c33b3fd52ae4ff1b3370f3dd2f07fa0 [term 0 FOLLOWER]: Becoming Follower/Learner. State: Replica: 1c33b3fd52ae4ff1b3370f3dd2f07fa0, State: Initialized, Role: FOLLOWER 03:46:56.111 [INFO - kudu-master:64034] (MiniKuduCluster.java:586)
I0918 03:46:56.111769 25897 consensus_queue.cc:190] T 00000000000000000000000000000000 P 1c33b3fd52ae4ff1b3370f3dd2f07fa0 [NON_LEADER]: Queue going to NON_LEADER mode. State: All replicated index: 0, Majority replicated index: 0, Committed index: 0, Last appended: 0.0, Last appended by leader: 0, Current term: 0, Majority size: -1, State: 0, Mode: NON_LEADER 03:46:56.117 [INFO - kudu-tserver:64040] (MiniKuduCluster.java:586)
I0918 03:46:56.117615 25901 fs_manager.cc:335] Time spent opening block manager: real 0.095s user 0.000s sys 0.000s 03:46:56.118 [INFO - kudu-tserver:64040] (MiniKuduCluster.java:586)
I0918 03:46:56.118044 25901 fs_manager.cc:348] Opened local filesystem: /home/jenkins-slave/workspace/kudu-master/3/build/test-tmp/ts-2-1505706415064/data 03:46:56.118 [INFO - kudu-tserver:64040] (MiniKuduCluster.java:586) uuid: "5523597a5ba64da387c3f0b472f8efd7" 03:46:56.118 [INFO - kudu-tserver:64040] (MiniKuduCluster.java:586) format_stamp: "Formatted at 2017-09-18 03:46:55 on jenkins-slave-c3oe" 03:46:56.118 [INFO - kudu-tserver:64040] (MiniKuduCluster.java:586)
I0918 03:46:56.118276 25901 fs_report.cc:347] Block manager report 03:46:56.118 [INFO - kudu-tserver:64040] (MiniKuduCluster.java:586) -------------------- 03:46:56.118 [INFO - kudu-tserver:64040] (MiniKuduCluster.java:586) 1 data directories: /home/jenkins-slave/workspace/kudu-master/3/build/test-tmp/ts-2-1505706415064/data/data 03:46:56.118 [INFO - kudu-tserver:64040] (MiniKuduCluster.java:586) Total live blocks: 0 03:46:56.118 [INFO - kudu-tserver:64040] (MiniKuduCluster.java:586) Total live bytes: 0 03:46:56.118 [INFO - kudu-tserver:64040] (MiniKuduCluster.java:586) Total live bytes (after alignment): 0 03:46:56.118 [INFO - kudu-tserver:64040] (MiniKuduCluster.java:586) Total number of LBM containers: 0 (0 full) 03:46:56.118 [INFO - kudu-tserver:64040] (MiniKuduCluster.java:586) Did not check for missing blocks 03:46:56.118 [INFO - kudu-tserver:64040] (MiniKuduCluster.java:586) Did not check for orphaned blocks 03:46:56.118 [INFO - kudu-tserver:64040] (MiniKuduCluster.java:586) Total full LBM containers with extra space: 0 (0 repaired) 03:46:56.118 [INFO - kudu-tserver:64040] (MiniKuduCluster.java:586) Total full LBM container extra space in bytes: 0 (0 repaired) 03:46:56.118 [INFO - kudu-tserver:64040] (MiniKuduCluster.java:586) Total incomplete LBM containers: 0 (0 repaired) 03:46:56.118 [INFO - kudu-tserver:64040] (MiniKuduCluster.java:586) Total LBM partial records: 0 (0 repaired) 03:46:56.141 [INFO - kudu-master:64030] (MiniKuduCluster.java:586)
I0918 03:46:56.141090 25765 sys_catalog.cc:321] T 00000000000000000000000000000000 P 73c5434c29524bb59af82de3185e1c1d [sys.catalog]: SysCatalogTable state changed. Reason: Started TabletReplica. Latest consensus state: current_term: 0 leader_uuid: "" committed_config { opid_index: -1 OBSOLETE_local: false peers { permanent_uuid: "73c5434c29524bb59af82de3185e1c1d" member_type: VOTER last_known_addr { host: "127.70.237.1" port: 64030 } } peers { permanent_uuid: "9ed3771230f54282b31fb89f2b327140" member_type: VOTER last_known_addr { host: "127.70.237.1" port: 64032 } } peers { permanent_uuid: "1c33b3fd52ae4ff1b3370f3dd2f07fa0" member_type: VOTER last_known_addr { host: "127.70.237.1" port: 64034 } } } 03:46:56.142 [INFO - kudu-master:64030] (MiniKuduCluster.java:586)
I0918 03:46:56.141129 25765 sys_catalog.cc:324] T 00000000000000000000000000000000 P 73c5434c29524bb59af82de3185e1c1d [sys.catalog]: This master's current role is: FOLLOWER 03:46:56.142 [INFO - kudu-master:64030] (MiniKuduCluster.java:586)
I0918 03:46:56.141821 25765 sys_catalog.cc:408] T 00000000000000000000000000000000 P 73c5434c29524bb59af82de3185e1c1d [sys.catalog]: configured and running, proceeding with master startup. 03:46:56.146 [INFO - kudu-master:64030] (MiniKuduCluster.java:586)
I0918 03:46:56.146756 26143 sys_catalog.cc:321] T 00000000000000000000000000000000 P 73c5434c29524bb59af82de3185e1c1d [sys.catalog]: SysCatalogTable state changed. Reason: RaftConsensus started. Latest consensus state: current_term: 0 leader_uuid: "" committed_config { opid_index: -1 OBSOLETE_local: false peers { permanent_uuid: "73c5434c29524bb59af82de3185e1c1d" member_type: VOTER last_known_addr { host: "127.70.237.1" port: 64030 } } peers { permanent_uuid: "9ed3771230f54282b31fb89f2b327140" member_type: VOTER last_known_addr { host: "127.70.237.1" port: 64032 } } peers { permanent_uuid: "1c33b3fd52ae4ff1b3370f3dd2f07fa0" member_type: VOTER last_known_addr { host: "127.70.237.1" port: 64034 } } } 03:46:56.147 [INFO - kudu-master:64030] (MiniKuduCluster.java:586)
I0918 03:46:56.147085 26143 sys_catalog.cc:324] T 00000000000000000000000000000000 P 73c5434c29524bb59af82de3185e1c1d [sys.catalog]: This master's current role is: FOLLOWER 03:46:56.151 [INFO - kudu-master:64034] (MiniKuduCluster.java:586)
I0918 03:46:56.151196 25897 sys_catalog.cc:321] T 00000000000000000000000000000000 P 1c33b3fd52ae4ff1b3370f3dd2f07fa0 [sys.catalog]: SysCatalogTable state changed. Reason: Started TabletReplica. Latest consensus state: current_term: 0 leader_uuid: "" committed_config { opid_index: -1 OBSOLETE_local: false peers { permanent_uuid: "73c5434c29524bb59af82de3185e1c1d" member_type: VOTER last_known_addr { host: "127.70.237.1" port: 64030 } } peers { permanent_uuid: "9ed3771230f54282b31fb89f2b327140" member_type: VOTER last_known_addr { host: "127.70.237.1" port: 64032 } } peers { permanent_uuid: "1c33b3fd52ae4ff1b3370f3dd2f07fa0" member_type: VOTER last_known_addr { host: "127.70.237.1" port: 64034 } } } 03:46:56.151 [INFO - kudu-master:64034] (MiniKuduCluster.java:586)
I0918 03:46:56.151453 25897 sys_catalog.cc:324] T 00000000000000000000000000000000 P 1c33b3fd52ae4ff1b3370f3dd2f07fa0 [sys.catalog]: This master's current role is: FOLLOWER 03:46:56.152 [INFO - kudu-master:64034] (MiniKuduCluster.java:586)
I0918 03:46:56.152750 25897 sys_catalog.cc:408] T 00000000000000000000000000000000 P 1c33b3fd52ae4ff1b3370f3dd2f07fa0 [sys.catalog]: configured and running, proceeding with master startup. 03:46:56.156 [INFO - kudu-master:64034] (MiniKuduCluster.java:586)
I0918 03:46:56.156810 26153 sys_catalog.cc:321] T 00000000000000000000000000000000 P 1c33b3fd52ae4ff1b3370f3dd2f07fa0 [sys.catalog]: SysCatalogTable state changed. Reason: RaftConsensus started. Latest consensus state: current_term: 0 leader_uuid: "" committed_config { opid_index: -1 OBSOLETE_local: false peers { permanent_uuid: "73c5434c29524bb59af82de3185e1c1d" member_type: VOTER last_known_addr { host: "127.70.237.1" port: 64030 } } peers { permanent_uuid: "9ed3771230f54282b31fb89f2b327140" member_type: VOTER last_known_addr { host: "127.70.237.1" port: 64032 } } peers { permanent_uuid: "1c33b3fd52ae4ff1b3370f3dd2f07fa0" member_type: VOTER last_known_addr { host: "127.70.237.1" port: 64034 } } } 03:46:56.157 [INFO - kudu-master:64034] (MiniKuduCluster.java:586)
I0918 03:46:56.157037 26153 sys_catalog.cc:324] T 00000000000000000000000000000000 P 1c33b3fd52ae4ff1b3370f3dd2f07fa0 [sys.catalog]: This master's current role is: FOLLOWER 03:46:56.157 [INFO - kudu-master:64034] (MiniKuduCluster.java:586)
I0918 03:46:56.157217 26153 raft_consensus.cc:412] T 00000000000000000000000000000000 P 1c33b3fd52ae4ff1b3370f3dd2f07fa0 [term 0 FOLLOWER]: Starting pre-election (no leader contacted us within the election timeout) 03:46:56.157 [INFO - kudu-master:64034] (MiniKuduCluster.java:586)
I0918 03:46:56.157351 26153 raft_consensus.cc:2456] T 00000000000000000000000000000000 P 1c33b3fd52ae4ff1b3370f3dd2f07fa0: Snoozing failure detection for 0.692s (starting election) 03:46:56.157 [INFO - kudu-master:64034] (MiniKuduCluster.java:586)
I0918 03:46:56.157479 26153 raft_consensus.cc:434] T 00000000000000000000000000000000 P 1c33b3fd52ae4ff1b3370f3dd2f07fa0 [term 0 FOLLOWER]: Starting pre-election with config: opid_index: -1 OBSOLETE_local: false peers { permanent_uuid: "73c5434c29524bb59af82de3185e1c1d" member_type: VOTER last_known_addr { host: "127.70.237.1" port: 64030 } } peers { permanent_uuid: "9ed3771230f54282b31fb89f2b327140" member_type: VOTER last_known_addr { host: "127.70.237.1" port: 64032 } } peers { permanent_uuid: "1c33b3fd52ae4ff1b3370f3dd2f07fa0" member_type: VOTER last_known_addr { host: "127.70.237.1" port: 64034 } } 03:46:56.158 [INFO - kudu-master:64034] (MiniKuduCluster.java:586)
I0918 03:46:56.158154 26153 leader_election.cc:221] T 00000000000000000000000000000000 P 1c33b3fd52ae4ff1b3370f3dd2f07fa0 [CANDIDATE]: Term 1 pre-election: Requesting pre-vote from peer 73c5434c29524bb59af82de3185e1c1d 03:46:56.159 [INFO - kudu-master:64034] (MiniKuduCluster.java:586)
I0918 03:46:56.159131 26153 leader_election.cc:221] T 00000000000000000000000000000000 P 1c33b3fd52ae4ff1b3370f3dd2f07fa0 [CANDIDATE]: Term 1 pre-election: Requesting pre-vote from peer 9ed3771230f54282b31fb89f2b327140 03:46:56.160 [INFO - kudu-master:64032] (MiniKuduCluster.java:586)
I0918 03:46:56.160501 25846 tablet_service.cc:1002] Received RequestConsensusVote() RPC: tablet_id: "00000000000000000000000000000000" candidate_uuid: "1c33b3fd52ae4ff1b3370f3dd2f07fa0" candidate_term: 1 candidate_status { last_received { term: 0 index: 0 } } ignore_live_leader: false dest_uuid: "9ed3771230f54282b31fb89f2b327140" is_pre_election: true 03:46:56.160 [INFO - kudu-master:64030] (MiniKuduCluster.java:586)
I0918 03:46:56.160676 25570 master_main.cc:79] Master server successfully started. 03:46:56.160 [INFO - kudu-master:64032] (MiniKuduCluster.java:586)
I0918 03:46:56.160677 25846 raft_consensus.cc:2456] T 00000000000000000000000000000000 P 9ed3771230f54282b31fb89f2b327140: Snoozing failure detection for 0.759s (vote granted) 03:46:56.160 [INFO - kudu-master:64032] (MiniKuduCluster.java:586)
I0918 03:46:56.160719 25846 raft_consensus.cc:2010] T 00000000000000000000000000000000 P 9ed3771230f54282b31fb89f2b327140 [term 0 FOLLOWER]: Leader pre-election vote request: Granting yes vote for candidate 1c33b3fd52ae4ff1b3370f3dd2f07fa0 in term 0. 03:46:56.162 [INFO - kudu-master:64030] (MiniKuduCluster.java:586)
I0918 03:46:56.161641 25739 tablet_service.cc:1002] Received RequestConsensusVote() RPC: tablet_id: "00000000000000000000000000000000" candidate_uuid: "1c33b3fd52ae4ff1b3370f3dd2f07fa0" candidate_term: 1 candidate_status { last_received { term: 0 index: 0 } } ignore_live_leader: false dest_uuid: "73c5434c29524bb59af82de3185e1c1d" is_pre_election: true 03:46:56.162 [INFO - kudu-master:64030] (MiniKuduCluster.java:586)
I0918 03:46:56.161778 25739 raft_consensus.cc:2456] T 00000000000000000000000000000000 P 73c5434c29524bb59af82de3185e1c1d: Snoozing failure detection for 0.814s (vote granted) 03:46:56.162 [INFO - kudu-master:64030] (MiniKuduCluster.java:586)
I0918 03:46:56.161813 25739 raft_consensus.cc:2010] T 00000000000000000000000000000000 P 73c5434c29524bb59af82de3185e1c1d [term 0 FOLLOWER]: Leader pre-election vote request: Granting yes vote for candidate 1c33b3fd52ae4ff1b3370f3dd2f07fa0 in term 0. 03:46:56.162 [INFO - kudu-master:64034] (MiniKuduCluster.java:586)
I0918 03:46:56.162394 25706 leader_election.cc:353] T 00000000000000000000000000000000 P 1c33b3fd52ae4ff1b3370f3dd2f07fa0 [CANDIDATE]: Term 1 pre-election: Vote granted by peer 9ed3771230f54282b31fb89f2b327140 03:46:56.162 [INFO - kudu-master:64034] (MiniKuduCluster.java:586)
I0918 03:46:56.162430 25706 leader_election.cc:248] T 00000000000000000000000000000000 P 1c33b3fd52ae4ff1b3370f3dd2f07fa0 [CANDIDATE]: Term 1 pre-election: Election decided. Result: candidate won. 03:46:56.162 [INFO - kudu-master:64034] (MiniKuduCluster.java:586)
I0918 03:46:56.162739 25708 leader_election.cc:353] T 00000000000000000000000000000000 P 1c33b3fd52ae4ff1b3370f3dd2f07fa0 [CANDIDATE]: Term 1 pre-election: Vote granted by peer 73c5434c29524bb59af82de3185e1c1d 03:46:56.163 [INFO - kudu-master:64034] (MiniKuduCluster.java:586)
I0918 03:46:56.163144 26153 raft_consensus.cc:2456] T 00000000000000000000000000000000 P 1c33b3fd52ae4ff1b3370f3dd2f07fa0: Snoozing failure detection for 0.810s (election complete) 03:46:56.163 [INFO - kudu-master:64034] (MiniKuduCluster.java:586)
I0918 03:46:56.163266 26153 raft_consensus.cc:2280] T 00000000000000000000000000000000 P 1c33b3fd52ae4ff1b3370f3dd2f07fa0 [term 0 FOLLOWER]: Leader pre-election won for term 1 03:46:56.163 [INFO - kudu-master:64034] (MiniKuduCluster.java:586)
I0918 03:46:56.163354 26153 raft_consensus.cc:412] T 00000000000000000000000000000000 P 1c33b3fd52ae4ff1b3370f3dd2f07fa0 [term 0 FOLLOWER]: Starting leader election (no leader contacted us within the election timeout) 03:46:56.163 [INFO - kudu-master:64034] (MiniKuduCluster.java:586)
I0918 03:46:56.163421 26153 raft_consensus.cc:2456] T 00000000000000000000000000000000 P 1c33b3fd52ae4ff1b3370f3dd2f07fa0: Snoozing failure detection for 0.734s (starting election) 03:46:56.163 [INFO - kudu-master:64034] (MiniKuduCluster.java:586)
I0918 03:46:56.163488 26153 raft_consensus.cc:2508] T 00000000000000000000000000000000 P 1c33b3fd52ae4ff1b3370f3dd2f07fa0 [term 0 FOLLOWER]: Advancing to term 1 03:46:56.164 [INFO - kudu-master:64034] (MiniKuduCluster.java:586)
I0918 03:46:56.164319 26153 raft_consensus.cc:434] T 00000000000000000000000000000000 P 1c33b3fd52ae4ff1b3370f3dd2f07fa0 [term 1 FOLLOWER]: Starting leader election with config: opid_index: -1 OBSOLETE_local: false peers { permanent_uuid: "73c5434c29524bb59af82de3185e1c1d" member_type: VOTER last_known_addr { host: "127.70.237.1" port: 64030 } } peers { permanent_uuid: "9ed3771230f54282b31fb89f2b327140" member_type: VOTER last_known_addr { host: "127.70.237.1" port: 64032 } } peers { permanent_uuid: "1c33b3fd52ae4ff1b3370f3dd2f07fa0" member_type: VOTER last_known_addr { host: "127.70.237.1" port: 64034 } } 03:46:56.164 [INFO - kudu-master:64034] (MiniKuduCluster.java:586)
I0918 03:46:56.164703 26153 leader_election.cc:221] T 00000000000000000000000000000000 P 1c33b3fd52ae4ff1b3370f3dd2f07fa0 [CANDIDATE]: Term 1 election: Requesting vote from peer 73c5434c29524bb59af82de3185e1c1d 03:46:56.166 [INFO - kudu-master:64030] (MiniKuduCluster.java:586)
I0918 03:46:56.165310 25739 tablet_service.cc:1002] Received RequestConsensusVote() RPC: tablet_id: "00000000000000000000000000000000" candidate_uuid: "1c33b3fd52ae4ff1b3370f3dd2f07fa0" candidate_term: 1 candidate_status { last_received { term: 0 index: 0 } } ignore_live_leader: false dest_uuid: "73c5434c29524bb59af82de3185e1c1d" 03:46:56.166 [INFO - kudu-master:64030] (MiniKuduCluster.java:586)
I0918 03:46:56.165385 25739 raft_consensus.cc:2508] T 00000000000000000000000000000000 P 73c5434c29524bb59af82de3185e1c1d [term 0 FOLLOWER]: Advancing to term 1 03:46:56.166 [INFO - kudu-master:64030] (MiniKuduCluster.java:586)
I0918 03:46:56.165459 25739 raft_consensus.cc:2456] T 00000000000000000000000000000000 P 73c5434c29524bb59af82de3185e1c1d: Snoozing failure detection for 0.849s (vote granted) 03:46:56.166 [INFO - kudu-master:64030] (MiniKuduCluster.java:586)
I0918 03:46:56.166317 25739 raft_consensus.cc:2010] T 00000000000000000000000000000000 P 73c5434c29524bb59af82de3185e1c1d [term 1 FOLLOWER]: Leader election vote request: Granting yes vote for candidate 1c33b3fd52ae4ff1b3370f3dd2f07fa0 in term 1. 03:46:56.166 [INFO - kudu-master:64034] (MiniKuduCluster.java:586)
I0918 03:46:56.166846 25708 leader_election.cc:353] T 00000000000000000000000000000000 P 1c33b3fd52ae4ff1b3370f3dd2f07fa0 [CANDIDATE]: Term 1 election: Vote granted by peer 73c5434c29524bb59af82de3185e1c1d 03:46:56.167 [INFO - kudu-master:64034] (MiniKuduCluster.java:586)
I0918 03:46:56.166877 25708 leader_election.cc:248] T 00000000000000000000000000000000 P 1c33b3fd52ae4ff1b3370f3dd2f07fa0 [CANDIDATE]: Term 1 election: Election decided. Result: candidate won. 03:46:56.167 [INFO - kudu-master:64034] (MiniKuduCluster.java:586)
I0918 03:46:56.167145 26153 leader_election.cc:221] T 00000000000000000000000000000000 P 1c33b3fd52ae4ff1b3370f3dd2f07fa0 [CANDIDATE]: Term 1 election: Requesting vote from peer 9ed3771230f54282b31fb89f2b327140 03:46:56.167 [INFO - kudu-master:64032] (MiniKuduCluster.java:586)
I0918 03:46:56.167701 25846 tablet_service.cc:1002] Received RequestConsensusVote() RPC: tablet_id: "00000000000000000000000000000000" candidate_uuid: "1c33b3fd52ae4ff1b3370f3dd2f07fa0" candidate_term: 1 candidate_status { last_received { term: 0 index: 0 } } ignore_live_leader: false dest_uuid: "9ed3771230f54282b31fb89f2b327140" 03:46:56.167 [INFO - kudu-master:64032] (MiniKuduCluster.java:586)
I0918 03:46:56.167778 25846 raft_consensus.cc:2508] T 00000000000000000000000000000000 P 9ed3771230f54282b31fb89f2b327140 [term 0 FOLLOWER]: Advancing to term 1 03:46:56.168 [INFO - kudu-master:64032] (MiniKuduCluster.java:586)
I0918 03:46:56.167845 25846 raft_consensus.cc:2456] T 00000000000000000000000000000000 P 9ed3771230f54282b31fb89f2b327140: Snoozing failure detection for 0.778s (vote granted) 03:46:56.168 [INFO - kudu-master:64034] (MiniKuduCluster.java:586)
I0918 03:46:56.168143 26153 raft_consensus.cc:2456] T 00000000000000000000000000000000 P 1c33b3fd52ae4ff1b3370f3dd2f07fa0: Snoozing failure detection for 0.638s (election complete) 03:46:56.168 [INFO - kudu-master:64034] (MiniKuduCluster.java:586)
I0918 03:46:56.168249 26153 raft_consensus.cc:2280] T 00000000000000000000000000000000 P 1c33b3fd52ae4ff1b3370f3dd2f07fa0 [term 1 FOLLOWER]: Leader election won for term 1 03:46:56.168 [INFO - kudu-master:64034] (MiniKuduCluster.java:586)
I0918 03:46:56.168370 26153 raft_consensus.cc:542] T 00000000000000000000000000000000 P 1c33b3fd52ae4ff1b3370f3dd2f07fa0 [term 1 LEADER]: Becoming Leader. State: Replica: 1c33b3fd52ae4ff1b3370f3dd2f07fa0, State: Running, Role: LEADER 03:46:56.168 [INFO - kudu-master:64034] (MiniKuduCluster.java:586)
I0918 03:46:56.168613 26153 consensus_queue.cc:169] T 00000000000000000000000000000000 P 1c33b3fd52ae4ff1b3370f3dd2f07fa0 [LEADER]: Queue going to LEADER mode. State: All replicated index: 0, Majority replicated index: 0, Committed index: 0, Last appended: 0.0, Last appended by leader: 0, Current term: 1, Majority size: 2, State: 0, Mode: LEADER, active raft config: opid_index: -1 OBSOLETE_local: false peers { permanent_uuid: "73c5434c29524bb59af82de3185e1c1d" member_type: VOTER last_known_addr { host: "127.70.237.1" port: 64030 } } peers { permanent_uuid: "9ed3771230f54282b31fb89f2b327140" member_type: VOTER last_known_addr { host: "127.70.237.1" port: 64032 } } peers { permanent_uuid: "1c33b3fd52ae4ff1b3370f3dd2f07fa0" member_type: VOTER last_known_addr { host: "127.70.237.1" port: 64034 } } 03:46:56.169 [INFO - kudu-master:64032] (MiniKuduCluster.java:586)
I0918 03:46:56.168906 25846 raft_consensus.cc:2010] T 00000000000000000000000000000000 P 9ed3771230f54282b31fb89f2b327140 [term 1 FOLLOWER]: Leader election vote request: Granting yes vote for candidate 1c33b3fd52ae4ff1b3370f3dd2f07fa0 in term 1. 03:46:56.169 [INFO - kudu-master:64034] (MiniKuduCluster.java:586)
I0918 03:46:56.169664 25706 leader_election.cc:353] T 00000000000000000000000000000000 P 1c33b3fd52ae4ff1b3370f3dd2f07fa0 [CANDIDATE]: Term 1 election: Vote granted by peer 9ed3771230f54282b31fb89f2b327140 03:46:56.172 [INFO - kudu-tserver:64038] (MiniKuduCluster.java:586)
I0918 03:46:56.172389 25852 rpc_server.cc:192] RPC server started. Bound to: 127.70.237.1:64038 03:46:56.172 [INFO - kudu-tserver:64038] (MiniKuduCluster.java:586)
I0918 03:46:56.172952 25852 webserver.cc:149] Starting webserver on 127.70.237.1:64039 03:46:56.173 [INFO - kudu-tserver:64038] (MiniKuduCluster.java:586)
I0918 03:46:56.173086 25852 webserver.cc:160] Document root disabled 03:46:56.173 [INFO - kudu-tserver:64038] (MiniKuduCluster.java:586)
I0918 03:46:56.173626 25852 webserver.cc:282] Webserver started. Bound to: http://127.70.237.1:64039/ 03:46:56.176 [INFO - kudu-master:64034] (MiniKuduCluster.java:586)
I0918 03:46:56.176632 25648 master_main.cc:79] Master server successfully started. 03:46:56.176 [INFO - kudu-tserver:64038] (MiniKuduCluster.java:586)
I0918 03:46:56.176677 26184 process_memory.cc:181] Process hard memory limit is 94.627029 GB 03:46:56.176 [INFO - kudu-tserver:64038] (MiniKuduCluster.java:586)
I0918 03:46:56.176903 26184 process_memory.cc:183] Process soft memory limit is 75.701622 GB 03:46:56.177 [INFO - kudu-tserver:64038] (MiniKuduCluster.java:586)
I0918 03:46:56.176765 25852 tablet_server_main.cc:87] Tablet server successfully started. 03:46:56.177 [INFO - kudu-tserver:64038] (MiniKuduCluster.java:586)
I0918 03:46:56.176985 26184 process_memory.cc:186] Process memory pressure threshold is 56.776218 GB 03:46:56.177 [INFO - kudu-master:64034] (MiniKuduCluster.java:586)
I0918 03:46:56.177830 26164 sys_catalog.cc:321] T 00000000000000000000000000000000 P 1c33b3fd52ae4ff1b3370f3dd2f07fa0 [sys.catalog]: SysCatalogTable state changed. Reason: New leader 1c33b3fd52ae4ff1b3370f3dd2f07fa0. Latest consensus state: current_term: 1 leader_uuid: "1c33b3fd52ae4ff1b3370f3dd2f07fa0" committed_config { opid_index: -1 OBSOLETE_local: false peers { permanent_uuid: "73c5434c29524bb59af82de3185e1c1d" member_type: VOTER last_known_addr { host: "127.70.237.1" port: 64030 } } peers { permanent_uuid: "9ed3771230f54282b31fb89f2b327140" member_type: VOTER last_known_addr { host: "127.70.237.1" port: 64032 } } peers { permanent_uuid: "1c33b3fd52ae4ff1b3370f3dd2f07fa0" member_type: VOTER last_known_addr { host: "127.70.237.1" port: 64034 } } } 03:46:56.178 [INFO - kudu-master:64034] (MiniKuduCluster.java:586)
I0918 03:46:56.177994 26164 sys_catalog.cc:324] T 00000000000000000000000000000000 P 1c33b3fd52ae4ff1b3370f3dd2f07fa0 [sys.catalog]: This master's current role is: LEADER 03:46:56.190 [INFO - kudu-master:64034] (MiniKuduCluster.java:586)
I0918 03:46:56.190476 26185 catalog_manager.cc:948] Loading table and tablet metadata into memory... 03:46:56.218 [INFO - kudu-master:64034] (MiniKuduCluster.java:586)
I0918 03:46:56.218456 26185 catalog_manager.cc:959] Initializing Kudu internal certificate authority... 03:46:56.236 [INFO - kudu-tserver:64038] (MiniKuduCluster.java:586)
I0918 03:46:56.235513 26178 heartbeater.cc:317] Connected to a master server at 127.70.237.1:64030 03:46:56.236 [INFO - kudu-tserver:64038] (MiniKuduCluster.java:586)
I0918 03:46:56.235638 26178 heartbeater.cc:387] Registering TS with master... 03:46:56.236 [INFO - kudu-tserver:64038] (MiniKuduCluster.java:586)
I0918 03:46:56.235929 26178 heartbeater.cc:414] Master 127.70.237.1:64030 requested a full tablet report, sending... 03:46:56.237 [INFO - kudu-master:64030] (MiniKuduCluster.java:586)
I0918 03:46:56.237241 25729 ts_manager.cc:81] Registered new tserver with Master: c804fbfdc126477889927ffc4b2c5373 (127.70.237.1:64038) 03:46:56.273 [INFO - kudu-tserver:64038] (MiniKuduCluster.java:586)
I0918 03:46:56.272708 26182 heartbeater.cc:317] Connected to a master server at 127.70.237.1:64034 03:46:56.273 [INFO - kudu-tserver:64038] (MiniKuduCluster.java:586)
I0918 03:46:56.272766 26182 heartbeater.cc:387] Registering TS with master... 03:46:56.273 [INFO - kudu-tserver:64038] (MiniKuduCluster.java:586)
I0918 03:46:56.272917 26182 heartbeater.cc:414] Master 127.70.237.1:64034 requested a full tablet report, sending... 03:46:56.273 [INFO - kudu-tserver:64038] (MiniKuduCluster.java:586)
I0918 03:46:56.272936 26179 heartbeater.cc:317] Connected to a master server at 127.70.237.1:64032 03:46:56.273 [INFO - kudu-tserver:64038] (MiniKuduCluster.java:586)
I0918 03:46:56.272972 26179 heartbeater.cc:387] Registering TS with master... 03:46:56.273 [INFO - kudu-tserver:64038] (MiniKuduCluster.java:586)
I0918 03:46:56.273072 26179 heartbeater.cc:414] Master 127.70.237.1:64032 requested a full tablet report, sending... 03:46:56.274 [INFO - kudu-master:64032] (MiniKuduCluster.java:586)
I0918 03:46:56.273844 25697 ts_manager.cc:81] Registered new tserver with Master: c804fbfdc126477889927ffc4b2c5373 (127.70.237.1:64038) 03:46:56.274 [INFO - kudu-master:64034] (MiniKuduCluster.java:586)
I0918 03:46:56.274292 25780 ts_manager.cc:81] Registered new tserver with Master: c804fbfdc126477889927ffc4b2c5373 (127.70.237.1:64038) 03:46:56.335 [INFO - kudu-master:64032] (MiniKuduCluster.java:586)
I0918 03:46:56.335232 25846 raft_consensus.cc:964] T 00000000000000000000000000000000 P 9ed3771230f54282b31fb89f2b327140 [term 1 FOLLOWER]: Refusing update from remote peer 1c33b3fd52ae4ff1b3370f3dd2f07fa0: Log matching property violated. Preceding OpId in replica: term: 0 index: 0. Preceding OpId from leader: term: 1 index: 1. (index mismatch) 03:46:56.336 [INFO - kudu-master:64034] (MiniKuduCluster.java:586)
I0918 03:46:56.336012 26164 consensus_queue.cc:741] T 00000000000000000000000000000000 P 1c33b3fd52ae4ff1b3370f3dd2f07fa0 [LEADER]: Connected to new peer: Peer: 9ed3771230f54282b31fb89f2b327140, Is new: false, Last received: 0.0, Next index: 1, Last known committed idx: 0, Last exchange result: ERROR, Needs tablet copy: false 03:46:56.369 [INFO - kudu-master:64030] (MiniKuduCluster.java:586)
I0918 03:46:56.369691 25739 raft_consensus.cc:964] T 00000000000000000000000000000000 P 73c5434c29524bb59af82de3185e1c1d [term 1 FOLLOWER]: Refusing update from remote peer 1c33b3fd52ae4ff1b3370f3dd2f07fa0: Log matching property violated. Preceding OpId in replica: term: 0 index: 0. Preceding OpId from leader: term: 1 index: 1. (index mismatch) 03:46:56.370 [INFO - kudu-master:64032] (MiniKuduCluster.java:586)
I0918 03:46:56.370154 26137 sys_catalog.cc:321] T 00000000000000000000000000000000 P 9ed3771230f54282b31fb89f2b327140 [sys.catalog]: SysCatalogTable state changed. Reason: New leader 1c33b3fd52ae4ff1b3370f3dd2f07fa0. Latest consensus state: current_term: 1 leader_uuid: "1c33b3fd52ae4ff1b3370f3dd2f07fa0" committed_config { opid_index: -1 OBSOLETE_local: false peers { permanent_uuid: "73c5434c29524bb59af82de3185e1c1d" member_type: VOTER last_known_addr { host: "127.70.237.1" port: 64030 } } peers { permanent_uuid: "9ed3771230f54282b31fb89f2b327140" member_type: VOTER last_known_addr { host: "127.70.237.1" port: 64032 } } peers { permanent_uuid: "1c33b3fd52ae4ff1b3370f3dd2f07fa0" member_type: VOTER last_known_addr { host: "127.70.237.1" port: 64034 } } } 03:46:56.370 [INFO - kudu-master:64032] (MiniKuduCluster.java:586)
I0918 03:46:56.370352 26137 sys_catalog.cc:324] T 00000000000000000000000000000000 P 9ed3771230f54282b31fb89f2b327140 [sys.catalog]: This master's current role is: FOLLOWER 03:46:56.370 [INFO - kudu-master:64034] (MiniKuduCluster.java:586)
I0918 03:46:56.370558 26164 consensus_queue.cc:741] T 00000000000000000000000000000000 P 1c33b3fd52ae4ff1b3370f3dd2f07fa0 [LEADER]: Connected to new peer: Peer: 73c5434c29524bb59af82de3185e1c1d, Is new: false, Last received: 0.0, Next index: 1, Last known committed idx: 0, Last exchange result: ERROR, Needs tablet copy: false 03:46:56.373 [INFO - kudu-master:64032] (MiniKuduCluster.java:586)
I0918 03:46:56.373006 26137 sys_catalog.cc:321] T 00000000000000000000000000000000 P 9ed3771230f54282b31fb89f2b327140 [sys.catalog]: SysCatalogTable state changed. Reason: Replicated consensus-only round. Latest consensus state: current_term: 1 leader_uuid: "1c33b3fd52ae4ff1b3370f3dd2f07fa0" committed_config { opid_index: -1 OBSOLETE_local: false peers { permanent_uuid: "73c5434c29524bb59af82de3185e1c1d" member_type: VOTER last_known_addr { host: "127.70.237.1" port: 64030 } } peers { permanent_uuid: "9ed3771230f54282b31fb89f2b327140" member_type: VOTER last_known_addr { host: "127.70.237.1" port: 64032 } } peers { permanent_uuid: "1c33b3fd52ae4ff1b3370f3dd2f07fa0" member_type: VOTER last_known_addr { host: "127.70.237.1" port: 64034 } } } 03:46:56.373 [INFO - kudu-master:64032] (MiniKuduCluster.java:586)
I0918 03:46:56.373042 26137 sys_catalog.cc:324] T 00000000000000000000000000000000 P 9ed3771230f54282b31fb89f2b327140 [sys.catalog]: This master's current role is: FOLLOWER 03:46:56.397 [INFO - kudu-master:64030] (MiniKuduCluster.java:586)
I0918 03:46:56.397074 26143 sys_catalog.cc:321] T 00000000000000000000000000000000 P 73c5434c29524bb59af82de3185e1c1d [sys.catalog]: SysCatalogTable state changed. Reason: New leader 1c33b3fd52ae4ff1b3370f3dd2f07fa0. Latest consensus state: current_term: 1 leader_uuid: "1c33b3fd52ae4ff1b3370f3dd2f07fa0" committed_config { opid_index: -1 OBSOLETE_local: false peers { permanent_uuid: "73c5434c29524bb59af82de3185e1c1d" member_type: VOTER last_known_addr { host: "127.70.237.1" port: 64030 } } peers { permanent_uuid: "9ed3771230f54282b31fb89f2b327140" member_type: VOTER last_known_addr { host: "127.70.237.1" port: 64032 } } peers { permanent_uuid: "1c33b3fd52ae4ff1b3370f3dd2f07fa0" member_type: VOTER last_known_addr { host: "127.70.237.1" port: 64034 } } } 03:46:56.397 [INFO - kudu-master:64030] (MiniKuduCluster.java:586)
I0918 03:46:56.397116 26143 sys_catalog.cc:324] T 00000000000000000000000000000000 P 73c5434c29524bb59af82de3185e1c1d [sys.catalog]: This master's current role is: FOLLOWER 03:46:56.399 [INFO - kudu-master:64030] (MiniKuduCluster.java:586)
I0918 03:46:56.399519 26143 sys_catalog.cc:321] T 00000000000000000000000000000000 P 73c5434c29524bb59af82de3185e1c1d [sys.catalog]: SysCatalogTable state changed. Reason: Replicated consensus-only round. Latest consensus state: current_term: 1 leader_uuid: "1c33b3fd52ae4ff1b3370f3dd2f07fa0" committed_config { opid_index: -1 OBSOLETE_local: false peers { permanent_uuid: "73c5434c29524bb59af82de3185e1c1d" member_type: VOTER last_known_addr { host: "127.70.237.1" port: 64030 } } peers { permanent_uuid: "9ed3771230f54282b31fb89f2b327140" member_type: VOTER last_known_addr { host: "127.70.237.1" port: 64032 } } peers { permanent_uuid: "1c33b3fd52ae4ff1b3370f3dd2f07fa0" member_type: VOTER last_known_addr { host: "127.70.237.1" port: 64034 } } } 03:46:56.399 [INFO - kudu-master:64030] (MiniKuduCluster.java:586)
I0918 03:46:56.399550 26143 sys_catalog.cc:324] T 00000000000000000000000000000000 P 73c5434c29524bb59af82de3185e1c1d [sys.catalog]: This master's current role is: FOLLOWER 03:46:56.431 [INFO - kudu-tserver:64040] (MiniKuduCluster.java:586)
I0918 03:46:56.431371 25901 ts_tablet_manager.cc:216] Loaded tablet metadata (0 live tablets) 03:46:56.444 [INFO - kudu-tserver:64040] (MiniKuduCluster.java:586)
I0918 03:46:56.444545 25901 tablet_server_main.cc:84] Starting tablet server... 03:46:56.802 [INFO - kudu-master:64034] (MiniKuduCluster.java:586)
I0918 03:46:56.798050 26185 catalog_manager.cc:846] Generated new certificate authority record 03:46:56.802 [INFO - kudu-master:64034] (MiniKuduCluster.java:586)
I0918 03:46:56.798938 26185 catalog_manager.cc:968] Loading token signing keys... 03:46:56.837 [INFO - kudu-master:64034] (MiniKuduCluster.java:586)
I0918 03:46:56.837314 26185 catalog_manager.cc:3544] T 00000000000000000000000000000000 P 1c33b3fd52ae4ff1b3370f3dd2f07fa0: Generated new TSK 0 03:46:56.878 [INFO - kudu-tserver:64036] (MiniKuduCluster.java:586)
I0918 03:46:56.876715 25794 rpc_server.cc:192] RPC server started. Bound to: 127.70.237.1:64036 03:46:56.878 [INFO - kudu-tserver:64036] (MiniKuduCluster.java:586)
I0918 03:46:56.877214 25794 webserver.cc:149] Starting webserver on 127.70.237.1:64037 03:46:56.878 [INFO - kudu-tserver:64036] (MiniKuduCluster.java:586)
I0918 03:46:56.877236 25794 webserver.cc:160] Document root disabled 03:46:56.878 [INFO - kudu-tserver:64036] (MiniKuduCluster.java:586)
I0918 03:46:56.877882 25794 webserver.cc:282] Webserver started. Bound to: http://127.70.237.1:64037/ 03:46:56.914 [INFO - kudu-tserver:64036] (MiniKuduCluster.java:586)
I0918 03:46:56.913753 26391 heartbeater.cc:317] Connected to a master server at 127.70.237.1:64032 03:46:56.914 [INFO - kudu-tserver:64036] (MiniKuduCluster.java:586)
I0918 03:46:56.913903 26391 heartbeater.cc:387] Registering TS with master... 03:46:56.914 [INFO - kudu-tserver:64036] (MiniKuduCluster.java:586)
I0918 03:46:56.914218 26391 heartbeater.cc:414] Master 127.70.237.1:64032 requested a full tablet report, sending... 03:46:56.915 [INFO - kudu-master:64032] (MiniKuduCluster.java:586)
I0918 03:46:56.915390 25697 ts_manager.cc:81] Registered new tserver with Master: b5d15f8d44784beaa17f6a2b9d44c68f (127.70.237.1:64036) 03:46:56.917 [INFO - kudu-tserver:64036] (MiniKuduCluster.java:586)
I0918 03:46:56.917258 26389 heartbeater.cc:317] Connected to a master server at 127.70.237.1:64030 03:46:56.917 [INFO - kudu-tserver:64036] (MiniKuduCluster.java:586)
I0918 03:46:56.917315 26389 heartbeater.cc:387] Registering TS with master... 03:46:56.917 [INFO - kudu-tserver:64036] (MiniKuduCluster.java:586)
I0918 03:46:56.917467 26389 heartbeater.cc:414] Master 127.70.237.1:64030 requested a full tablet report, sending... 03:46:56.918 [INFO - kudu-master:64030] (MiniKuduCluster.java:586)
I0918 03:46:56.918149 25729 ts_manager.cc:81] Registered new tserver with Master: b5d15f8d44784beaa17f6a2b9d44c68f (127.70.237.1:64036) 03:46:56.928 [INFO - kudu-tserver:64036] (MiniKuduCluster.java:586)
I0918 03:46:56.928341 26395 heartbeater.cc:317] Connected to a master server at 127.70.237.1:64034 03:46:56.928 [INFO - kudu-tserver:64036] (MiniKuduCluster.java:586)
I0918 03:46:56.928746 26395 heartbeater.cc:387] Registering TS with master... 03:46:56.929 [INFO - kudu-tserver:64036] (MiniKuduCluster.java:586)
I0918 03:46:56.929023 26395 heartbeater.cc:414] Master 127.70.237.1:64034 requested a full tablet report, sending... 03:46:56.930 [INFO - kudu-master:64034] (MiniKuduCluster.java:586)
I0918 03:46:56.929661 25780 ts_manager.cc:81] Registered new tserver with Master: b5d15f8d44784beaa17f6a2b9d44c68f (127.70.237.1:64036) 03:46:56.930 [INFO - kudu-master:64034] (MiniKuduCluster.java:586)
I0918 03:46:56.930546 25780 master_service.cc:203] Signed X509 certificate for tserver {username='jenkins-slave'} at 127.70.237.1:60825 03:46:56.932 [INFO - kudu-tserver:64036] (MiniKuduCluster.java:586)
I0918 03:46:56.932641 25794 tablet_server_main.cc:87] Tablet server successfully started. 03:46:56.936 [INFO - kudu-tserver:64036] (MiniKuduCluster.java:586)
I0918 03:46:56.932571 26401 process_memory.cc:181] Process hard memory limit is 94.627029 GB 03:46:56.936 [INFO - kudu-tserver:64036] (MiniKuduCluster.java:586)
I0918 03:46:56.936712 26401 process_memory.cc:183] Process soft memory limit is 75.701622 GB 03:46:56.940 [INFO - kudu-tserver:64036] (MiniKuduCluster.java:586)
I0918 03:46:56.940488 26401 process_memory.cc:186] Process memory pressure threshold is 56.776218 GB 03:46:57.021 [INFO - main] (BaseKuduTest.java:117) Creating new Kudu client... 03:46:57.022 [DEBUG - main] (SecurityUtil.java:122) Could not login via JAAS. Using no credentials: Unable to obtain Principal Name for authentication 03:46:57.276 [INFO - kudu-master:64034] (MiniKuduCluster.java:586)
I0918 03:46:57.276274 25780 master_service.cc:203] Signed X509 certificate for tserver {username='jenkins-slave'} at 127.70.237.1:45580 03:46:57.932 [INFO - kudu-tserver:64036] (MiniKuduCluster.java:586)
I0918 03:46:57.932356 26395 heartbeater.cc:406] Master 127.70.237.1:64034 was elected leader, sending a full tablet report... 03:46:58.185 [INFO - kudu-tserver:64040] (MiniKuduCluster.java:586)
I0918 03:46:58.184648 25901 rpc_server.cc:192] RPC server started. Bound to: 127.70.237.1:64040 03:46:58.185 [INFO - kudu-tserver:64040] (MiniKuduCluster.java:586)
I0918 03:46:58.185072 25901 webserver.cc:149] Starting webserver on 127.70.237.1:64041 03:46:58.186 [INFO - kudu-tserver:64040] (MiniKuduCluster.java:586)
I0918 03:46:58.185086 25901 webserver.cc:160] Document root disabled 03:46:58.186 [INFO - kudu-tserver:64040] (MiniKuduCluster.java:586)
I0918 03:46:58.185614 25901 webserver.cc:282] Webserver started. Bound to: http://127.70.237.1:64041/ 03:46:58.224 [INFO - kudu-tserver:64040] (MiniKuduCluster.java:586)
I0918 03:46:58.224519 25901 tablet_server_main.cc:87] Tablet server successfully started. 03:46:58.224 [INFO - kudu-tserver:64040] (MiniKuduCluster.java:586)
I0918 03:46:58.224923 26645 process_memory.cc:181] Process hard memory limit is 94.627029 GB 03:46:58.225 [INFO - kudu-tserver:64040] (MiniKuduCluster.java:586)
I0918 03:46:58.225271 26645 process_memory.cc:183] Process soft memory limit is 75.701622 GB 03:46:58.225 [INFO - kudu-tserver:64040] (MiniKuduCluster.java:586)
I0918 03:46:58.225499 26645 process_memory.cc:186] Process memory pressure threshold is 56.776218 GB 03:46:58.265 [INFO - kudu-tserver:64040] (MiniKuduCluster.java:586)
I0918 03:46:58.264881 26639 heartbeater.cc:317] Connected to a master server at 127.70.237.1:64032 03:46:58.265 [INFO - kudu-tserver:64040] (MiniKuduCluster.java:586)
I0918 03:46:58.265046 26639 heartbeater.cc:387] Registering TS with master... 03:46:58.266 [INFO - kudu-tserver:64040] (MiniKuduCluster.java:586)
I0918 03:46:58.265429 26639 heartbeater.cc:414] Master 127.70.237.1:64032 requested a full tablet report, sending... 03:46:58.266 [INFO - kudu-master:64032] (MiniKuduCluster.java:586)
I0918 03:46:58.266784 25697 ts_manager.cc:81] Registered new tserver with Master: 5523597a5ba64da387c3f0b472f8efd7 (127.70.237.1:64040) 03:46:58.272 [INFO - kudu-tserver:64040] (MiniKuduCluster.java:586)
I0918 03:46:58.272861 26636 heartbeater.cc:317] Connected to a master server at 127.70.237.1:64030 03:46:58.273 [INFO - kudu-tserver:64040] (MiniKuduCluster.java:586)
I0918 03:46:58.272923 26636 heartbeater.cc:387] Registering TS with master... 03:46:58.273 [INFO - kudu-tserver:64040] (MiniKuduCluster.java:586)
I0918 03:46:58.273085 26636 heartbeater.cc:414] Master 127.70.237.1:64030 requested a full tablet report, sending... 03:46:58.273 [INFO - kudu-master:64030] (MiniKuduCluster.java:586)
I0918 03:46:58.273692 25729 ts_manager.cc:81] Registered new tserver with Master: 5523597a5ba64da387c3f0b472f8efd7 (127.70.237.1:64040) 03:46:58.275 [INFO - kudu-tserver:64040] (MiniKuduCluster.java:586)
I0918 03:46:58.275108 26640 heartbeater.cc:317] Connected to a master server at 127.70.237.1:64034 03:46:58.275 [INFO - kudu-tserver:64040] (MiniKuduCluster.java:586)
I0918 03:46:58.275153 26640 heartbeater.cc:387] Registering TS with master... 03:46:58.275 [INFO - kudu-tserver:64040] (MiniKuduCluster.java:586)
I0918 03:46:58.275298 26640 heartbeater.cc:414] Master 127.70.237.1:64034 requested a full tablet report, sending... 03:46:58.276 [INFO - kudu-master:64034] (MiniKuduCluster.java:586)
I0918 03:46:58.275779 25780 ts_manager.cc:81] Registered new tserver with Master: 5523597a5ba64da387c3f0b472f8efd7 (127.70.237.1:64040) 03:46:58.276 [INFO - kudu-master:64034] (MiniKuduCluster.java:586)
I0918 03:46:58.276584 25780 master_service.cc:203] Signed X509 certificate for tserver {username='jenkins-slave'} at 127.70.237.1:60974 03:46:58.278 [INFO - kudu-tserver:64038] (MiniKuduCluster.java:586)
