I0918 03:46:47.652724 24296 tablet_server_main.cc:72] Tablet server non-default flags: 03:46:47.652 [INFO - kudu-tserver:64040] (MiniKuduCluster.java:586) --log_preallocate_segments=false 03:46:47.653 [INFO - kudu-tserver:64040] (MiniKuduCluster.java:586) --fs_data_dirs=/home/jenkins-slave/workspace/kudu-master/3/build/test-tmp/ts-2-1505706406745/data 03:46:47.653 [INFO - kudu-tserver:64040] (MiniKuduCluster.java:586) --fs_wal_dir=/home/jenkins-slave/workspace/kudu-master/3/build/test-tmp/ts-2-1505706406745/data 03:46:47.653 [INFO - kudu-tserver:64040] (MiniKuduCluster.java:586) --ipki_server_key_size=1024 03:46:47.653 [INFO - kudu-tserver:64040] (MiniKuduCluster.java:586) --rpc_bind_addresses=127.70.237.1:64040 03:46:47.653 [INFO - kudu-tserver:64040] (MiniKuduCluster.java:586) --webserver_interface=127.70.237.1 03:46:47.653 [INFO - kudu-tserver:64040] (MiniKuduCluster.java:586) --webserver_port=64041 03:46:47.653 [INFO - kudu-tserver:64040] (MiniKuduCluster.java:586) --flush_threshold_mb=1 03:46:47.653 [INFO - kudu-tserver:64040] (MiniKuduCluster.java:586) --tserver_master_addrs=127.70.237.1:64030,127.70.237.1:64032,127.70.237.1:64034 03:46:47.653 [INFO - kudu-tserver:64040] (MiniKuduCluster.java:586) --never_fsync=true 03:46:47.653 [INFO - kudu-tserver:64040] (MiniKuduCluster.java:586) --heap_profile_path=/tmp/kudu-tserver.24296 03:46:47.653 [INFO - kudu-tserver:64040] (MiniKuduCluster.java:586) --unlock_experimental_flags=true 03:46:47.653 [INFO - kudu-tserver:64040] (MiniKuduCluster.java:586) --unlock_unsafe_flags=true 03:46:47.653 [INFO - kudu-tserver:64040] (MiniKuduCluster.java:586) --local_ip_for_outbound_sockets=127.70.237.1 03:46:47.653 [INFO - kudu-tserver:64040] (MiniKuduCluster.java:586) --flagfile=/home/jenkins-slave/workspace/kudu-master/3/java/kudu-client/target/test-classes/flags 03:46:47.653 [INFO - kudu-tserver:64040] (MiniKuduCluster.java:586) --log_dir=/home/jenkins-slave/workspace/kudu-master/3/build/test-tmp/ts-2-1505706406745/logs 03:46:47.653 [INFO - kudu-tserver:64040] (MiniKuduCluster.java:586) --logtostderr=true 03:46:47.653 [INFO - kudu-tserver:64040] (MiniKuduCluster.java:586) Tablet server version: 03:46:47.653 [INFO - kudu-tserver:64040] (MiniKuduCluster.java:586) kudu 1.6.0-SNAPSHOT 03:46:47.653 [INFO - kudu-tserver:64040] (MiniKuduCluster.java:586) revision 4dfb33a1d452b0be9fded10838be10e7d026e87e 03:46:47.654 [INFO - kudu-tserver:64040] (MiniKuduCluster.java:586) build type DEBUG 03:46:47.654 [INFO - kudu-tserver:64040] (MiniKuduCluster.java:586) built by None at 18 Sep 2017 03:34:31 UTC on jenkins-slave-c3oe 03:46:47.654 [INFO - kudu-tserver:64040] (MiniKuduCluster.java:586) build id 9998 03:46:47.665 [INFO - kudu-tserver:64038] (MiniKuduCluster.java:586)
I0918 03:46:47.664526 24178 tablet_server_main.cc:84] Starting tablet server... 03:46:47.668 [INFO - kudu-tserver:64040] (MiniKuduCluster.java:586)
I0918 03:46:47.668135 24296 minidump.cc:237] Setting minidump size limit to 20M 03:46:47.673 [INFO - kudu-master:64034] (MiniKuduCluster.java:586)
I0918 03:46:47.673569 24338 sys_catalog.cc:293] member_type: VOTER last_known_addr { host: "127.70.237.1" port: 64032 } has no permanent_uuid. Determining permanent_uuid... 03:46:47.680 [INFO - kudu-master:64034] (MiniKuduCluster.java:586)
I0918 03:46:47.680402 24338 sys_catalog.cc:293] member_type: VOTER last_known_addr { host: "127.70.237.1" port: 64034 } has no permanent_uuid. Determining permanent_uuid... 03:46:47.702 [INFO - kudu-master:64034] (MiniKuduCluster.java:586)
I0918 03:46:47.698941 24338 tablet_bootstrap.cc:433] T 00000000000000000000000000000000 P 1bf1c2c782eb45ecabaf02b6d6d71c83: Bootstrap starting. 03:46:47.702 [INFO - kudu-master:64034] (MiniKuduCluster.java:586)
I0918 03:46:47.701076 24338 tablet_bootstrap.cc:568] T 00000000000000000000000000000000 P 1bf1c2c782eb45ecabaf02b6d6d71c83: No blocks or log segments found. Creating new log. 03:46:47.702 [INFO - kudu-master:64034] (MiniKuduCluster.java:586)
I0918 03:46:47.701933 24338 log.cc:518] T 00000000000000000000000000000000 P 1bf1c2c782eb45ecabaf02b6d6d71c83: Log is configured to *not* fsync() on all Append() calls 03:46:47.710 [INFO - kudu-master:64034] (MiniKuduCluster.java:586)
I0918 03:46:47.710407 24338 tablet_bootstrap.cc:433] T 00000000000000000000000000000000 P 1bf1c2c782eb45ecabaf02b6d6d71c83: No bootstrap required, opened a new log 03:46:47.712 [INFO - kudu-master:64034] (MiniKuduCluster.java:586)
I0918 03:46:47.712756 24338 raft_consensus.cc:287] T 00000000000000000000000000000000 P 1bf1c2c782eb45ecabaf02b6d6d71c83 [term 0 FOLLOWER]: Replica starting. Triggering 0 pending transactions. Active config: opid_index: -1 OBSOLETE_local: false peers { permanent_uuid: "6ab65063aff344aa882efaffd4270f9e" member_type: VOTER last_known_addr { host: "127.70.237.1" port: 64030 } } peers { permanent_uuid: "1a5324bcd02b469f981db8c278cb16d5" member_type: VOTER last_known_addr { host: "127.70.237.1" port: 64032 } } peers { permanent_uuid: "1bf1c2c782eb45ecabaf02b6d6d71c83" member_type: VOTER last_known_addr { host: "127.70.237.1" port: 64034 } } 03:46:47.713 [INFO - kudu-master:64034] (MiniKuduCluster.java:586)
I0918 03:46:47.713196 24338 raft_consensus.cc:313] T 00000000000000000000000000000000 P 1bf1c2c782eb45ecabaf02b6d6d71c83 [term 0 FOLLOWER]: Consensus starting up: Expiring failure detector timer to make a prompt election more likely 03:46:47.713 [INFO - kudu-master:64034] (MiniKuduCluster.java:586)
I0918 03:46:47.713733 24338 raft_consensus.cc:576] T 00000000000000000000000000000000 P 1bf1c2c782eb45ecabaf02b6d6d71c83 [term 0 FOLLOWER]: Becoming Follower/Learner. State: Replica: 1bf1c2c782eb45ecabaf02b6d6d71c83, State: Initialized, Role: FOLLOWER 03:46:47.714 [INFO - kudu-master:64034] (MiniKuduCluster.java:586)
I0918 03:46:47.714030 24338 consensus_queue.cc:190] T 00000000000000000000000000000000 P 1bf1c2c782eb45ecabaf02b6d6d71c83 [NON_LEADER]: Queue going to NON_LEADER mode. State: All replicated index: 0, Majority replicated index: 0, Committed index: 0, Last appended: 0.0, Last appended by leader: 0, Current term: 0, Majority size: -1, State: 0, Mode: NON_LEADER 03:46:47.720 [INFO - kudu-master:64034] (MiniKuduCluster.java:586)
I0918 03:46:47.720847 24338 sys_catalog.cc:321] T 00000000000000000000000000000000 P 1bf1c2c782eb45ecabaf02b6d6d71c83 [sys.catalog]: SysCatalogTable state changed. Reason: Started TabletReplica. Latest consensus state: current_term: 0 leader_uuid: "" committed_config { opid_index: -1 OBSOLETE_local: false peers { permanent_uuid: "6ab65063aff344aa882efaffd4270f9e" member_type: VOTER last_known_addr { host: "127.70.237.1" port: 64030 } } peers { permanent_uuid: "1a5324bcd02b469f981db8c278cb16d5" member_type: VOTER last_known_addr { host: "127.70.237.1" port: 64032 } } peers { permanent_uuid: "1bf1c2c782eb45ecabaf02b6d6d71c83" member_type: VOTER last_known_addr { host: "127.70.237.1" port: 64034 } } } 03:46:47.721 [INFO - kudu-master:64034] (MiniKuduCluster.java:586)
I0918 03:46:47.721297 24338 sys_catalog.cc:324] T 00000000000000000000000000000000 P 1bf1c2c782eb45ecabaf02b6d6d71c83 [sys.catalog]: This master's current role is: FOLLOWER 03:46:47.722 [INFO - kudu-master:64034] (MiniKuduCluster.java:586)
I0918 03:46:47.722606 24338 sys_catalog.cc:408] T 00000000000000000000000000000000 P 1bf1c2c782eb45ecabaf02b6d6d71c83 [sys.catalog]: configured and running, proceeding with master startup. 03:46:47.723 [INFO - kudu-master:64034] (MiniKuduCluster.java:586)
I0918 03:46:47.723150 24375 sys_catalog.cc:321] T 00000000000000000000000000000000 P 1bf1c2c782eb45ecabaf02b6d6d71c83 [sys.catalog]: SysCatalogTable state changed. Reason: RaftConsensus started. Latest consensus state: current_term: 0 leader_uuid: "" committed_config { opid_index: -1 OBSOLETE_local: false peers { permanent_uuid: "6ab65063aff344aa882efaffd4270f9e" member_type: VOTER last_known_addr { host: "127.70.237.1" port: 64030 } } peers { permanent_uuid: "1a5324bcd02b469f981db8c278cb16d5" member_type: VOTER last_known_addr { host: "127.70.237.1" port: 64032 } } peers { permanent_uuid: "1bf1c2c782eb45ecabaf02b6d6d71c83" member_type: VOTER last_known_addr { host: "127.70.237.1" port: 64034 } } } 03:46:47.723 [INFO - kudu-master:64034] (MiniKuduCluster.java:586)
I0918 03:46:47.723407 24375 sys_catalog.cc:324] T 00000000000000000000000000000000 P 1bf1c2c782eb45ecabaf02b6d6d71c83 [sys.catalog]: This master's current role is: FOLLOWER 03:46:47.730 [DEBUG - main] (SecurityUtil.java:122) Could not login via JAAS. Using no credentials: Unable to obtain Principal Name for authentication 03:46:47.730 [INFO - kudu-master:64032] (MiniKuduCluster.java:586)
I0918 03:46:47.730684 24219 consensus_peers.cc:550] Retrying to get permanent uuid for remote peer: member_type: VOTER last_known_addr { host: "127.70.237.1" port: 64034 } attempt: 5 03:46:47.732 [INFO - kudu-master:64034] (MiniKuduCluster.java:586)
I0918 03:46:47.732697 24377 catalog_manager.cc:493] Waiting for catalog manager background task thread to start: Service unavailable: Catalog manager is not initialized. State: 1 03:46:47.733 [INFO - kudu-master:64034] (MiniKuduCluster.java:586)
I0918 03:46:47.733781 24026 master_main.cc:79] Master server successfully started. 03:46:47.737 [INFO - kudu-tserver:64040] (MiniKuduCluster.java:586)
I0918 03:46:47.736666 24296 tablet_server_main.cc:79] Initializing tablet server... 03:46:47.737 [INFO - kudu-tserver:64040] (MiniKuduCluster.java:586)
I0918 03:46:47.737431 24296 system_ntp.cc:104] NTP initialized. Resolution in nanos?: 1 Skew PPM: 500 Current error: 447829 03:46:47.743 [INFO - kudu-master:64032] (MiniKuduCluster.java:586)
I0918 03:46:47.740371 24219 tablet_bootstrap.cc:433] T 00000000000000000000000000000000 P 1a5324bcd02b469f981db8c278cb16d5: Bootstrap starting. 03:46:47.743 [INFO - kudu-master:64032] (MiniKuduCluster.java:586)
I0918 03:46:47.742620 24219 tablet_bootstrap.cc:568] T 00000000000000000000000000000000 P 1a5324bcd02b469f981db8c278cb16d5: No blocks or log segments found. Creating new log. 03:46:47.743 [INFO - kudu-master:64032] (MiniKuduCluster.java:586)
I0918 03:46:47.743482 24219 log.cc:518] T 00000000000000000000000000000000 P 1a5324bcd02b469f981db8c278cb16d5: Log is configured to *not* fsync() on all Append() calls 03:46:47.749 [INFO - kudu-master:64032] (MiniKuduCluster.java:586)
I0918 03:46:47.749653 24219 tablet_bootstrap.cc:433] T 00000000000000000000000000000000 P 1a5324bcd02b469f981db8c278cb16d5: No bootstrap required, opened a new log 03:46:47.751 [INFO - kudu-master:64032] (MiniKuduCluster.java:586)
I0918 03:46:47.751621 24219 raft_consensus.cc:287] T 00000000000000000000000000000000 P 1a5324bcd02b469f981db8c278cb16d5 [term 0 FOLLOWER]: Replica starting. Triggering 0 pending transactions. Active config: opid_index: -1 OBSOLETE_local: false peers { permanent_uuid: "6ab65063aff344aa882efaffd4270f9e" member_type: VOTER last_known_addr { host: "127.70.237.1" port: 64030 } } peers { permanent_uuid: "1a5324bcd02b469f981db8c278cb16d5" member_type: VOTER last_known_addr { host: "127.70.237.1" port: 64032 } } peers { permanent_uuid: "1bf1c2c782eb45ecabaf02b6d6d71c83" member_type: VOTER last_known_addr { host: "127.70.237.1" port: 64034 } } 03:46:47.751 [INFO - kudu-master:64032] (MiniKuduCluster.java:586)
I0918 03:46:47.751966 24219 raft_consensus.cc:313] T 00000000000000000000000000000000 P 1a5324bcd02b469f981db8c278cb16d5 [term 0 FOLLOWER]: Consensus starting up: Expiring failure detector timer to make a prompt election more likely 03:46:47.752 [INFO - kudu-master:64032] (MiniKuduCluster.java:586)
I0918 03:46:47.752496 24219 raft_consensus.cc:576] T 00000000000000000000000000000000 P 1a5324bcd02b469f981db8c278cb16d5 [term 0 FOLLOWER]: Becoming Follower/Learner. State: Replica: 1a5324bcd02b469f981db8c278cb16d5, State: Initialized, Role: FOLLOWER 03:46:47.752 [INFO - kudu-master:64032] (MiniKuduCluster.java:586)
I0918 03:46:47.752797 24219 consensus_queue.cc:190] T 00000000000000000000000000000000 P 1a5324bcd02b469f981db8c278cb16d5 [NON_LEADER]: Queue going to NON_LEADER mode. State: All replicated index: 0, Majority replicated index: 0, Committed index: 0, Last appended: 0.0, Last appended by leader: 0, Current term: 0, Majority size: -1, State: 0, Mode: NON_LEADER 03:46:47.764 [INFO - kudu-master:64032] (MiniKuduCluster.java:586)
I0918 03:46:47.764842 24219 sys_catalog.cc:321] T 00000000000000000000000000000000 P 1a5324bcd02b469f981db8c278cb16d5 [sys.catalog]: SysCatalogTable state changed. Reason: Started TabletReplica. Latest consensus state: current_term: 0 leader_uuid: "" committed_config { opid_index: -1 OBSOLETE_local: false peers { permanent_uuid: "6ab65063aff344aa882efaffd4270f9e" member_type: VOTER last_known_addr { host: "127.70.237.1" port: 64030 } } peers { permanent_uuid: "1a5324bcd02b469f981db8c278cb16d5" member_type: VOTER last_known_addr { host: "127.70.237.1" port: 64032 } } peers { permanent_uuid: "1bf1c2c782eb45ecabaf02b6d6d71c83" member_type: VOTER last_known_addr { host: "127.70.237.1" port: 64034 } } } 03:46:47.765 [INFO - kudu-master:64032] (MiniKuduCluster.java:586)
I0918 03:46:47.765288 24219 sys_catalog.cc:324] T 00000000000000000000000000000000 P 1a5324bcd02b469f981db8c278cb16d5 [sys.catalog]: This master's current role is: FOLLOWER 03:46:47.766 [INFO - kudu-master:64032] (MiniKuduCluster.java:586)
I0918 03:46:47.766408 24219 sys_catalog.cc:408] T 00000000000000000000000000000000 P 1a5324bcd02b469f981db8c278cb16d5 [sys.catalog]: configured and running, proceeding with master startup. 03:46:47.766 [INFO - kudu-master:64032] (MiniKuduCluster.java:586)
I0918 03:46:47.766902 24390 sys_catalog.cc:321] T 00000000000000000000000000000000 P 1a5324bcd02b469f981db8c278cb16d5 [sys.catalog]: SysCatalogTable state changed. Reason: RaftConsensus started. Latest consensus state: current_term: 0 leader_uuid: "" committed_config { opid_index: -1 OBSOLETE_local: false peers { permanent_uuid: "6ab65063aff344aa882efaffd4270f9e" member_type: VOTER last_known_addr { host: "127.70.237.1" port: 64030 } } peers { permanent_uuid: "1a5324bcd02b469f981db8c278cb16d5" member_type: VOTER last_known_addr { host: "127.70.237.1" port: 64032 } } peers { permanent_uuid: "1bf1c2c782eb45ecabaf02b6d6d71c83" member_type: VOTER last_known_addr { host: "127.70.237.1" port: 64034 } } } 03:46:47.767 [INFO - kudu-master:64032] (MiniKuduCluster.java:586)
I0918 03:46:47.767127 24390 sys_catalog.cc:324] T 00000000000000000000000000000000 P 1a5324bcd02b469f981db8c278cb16d5 [sys.catalog]: This master's current role is: FOLLOWER 03:46:47.768 [INFO - kudu-tserver:64040] (MiniKuduCluster.java:586)
I0918 03:46:47.763249 24296 server_base.cc:228] Could not load existing FS layout: Not found: /home/jenkins-slave/workspace/kudu-master/3/build/test-tmp/ts-2-1505706406745/data/instance: No such file or directory (error 2) 03:46:47.768 [INFO - kudu-tserver:64040] (MiniKuduCluster.java:586)
I0918 03:46:47.763286 24296 server_base.cc:229] Creating new FS layout 03:46:47.768 [INFO - kudu-tserver:64040] (MiniKuduCluster.java:586)
I0918 03:46:47.767521 24296 fs_manager.cc:474] Generated new instance metadata in path /home/jenkins-slave/workspace/kudu-master/3/build/test-tmp/ts-2-1505706406745/data/instance: 03:46:47.768 [INFO - kudu-tserver:64040] (MiniKuduCluster.java:586) uuid: "8131cd1a1d2c49e69f750b365d0687e0" 03:46:47.768 [INFO - kudu-tserver:64040] (MiniKuduCluster.java:586) format_stamp: "Formatted at 2017-09-18 03:46:47 on jenkins-slave-c3oe" 03:46:47.780 [INFO - kudu-master:64032] (MiniKuduCluster.java:586)
I0918 03:46:47.780843 23971 master_main.cc:79] Master server successfully started. 03:46:47.815 [INFO - kudu-master:64034] (MiniKuduCluster.java:586)
I0918 03:46:47.814972 24375 raft_consensus.cc:412] T 00000000000000000000000000000000 P 1bf1c2c782eb45ecabaf02b6d6d71c83 [term 0 FOLLOWER]: Starting pre-election (no leader contacted us within the election timeout) 03:46:47.815 [INFO - kudu-master:64034] (MiniKuduCluster.java:586)
I0918 03:46:47.815490 24375 raft_consensus.cc:2456] T 00000000000000000000000000000000 P 1bf1c2c782eb45ecabaf02b6d6d71c83: Snoozing failure detection for 0.654s (starting election) 03:46:47.815 [INFO - kudu-master:64034] (MiniKuduCluster.java:586)
I0918 03:46:47.815857 24375 raft_consensus.cc:434] T 00000000000000000000000000000000 P 1bf1c2c782eb45ecabaf02b6d6d71c83 [term 0 FOLLOWER]: Starting pre-election with config: opid_index: -1 OBSOLETE_local: false peers { permanent_uuid: "6ab65063aff344aa882efaffd4270f9e" member_type: VOTER last_known_addr { host: "127.70.237.1" port: 64030 } } peers { permanent_uuid: "1a5324bcd02b469f981db8c278cb16d5" member_type: VOTER last_known_addr { host: "127.70.237.1" port: 64032 } } peers { permanent_uuid: "1bf1c2c782eb45ecabaf02b6d6d71c83" member_type: VOTER last_known_addr { host: "127.70.237.1" port: 64034 } } 03:46:47.816 [INFO - kudu-master:64034] (MiniKuduCluster.java:586)
I0918 03:46:47.816934 24375 leader_election.cc:221] T 00000000000000000000000000000000 P 1bf1c2c782eb45ecabaf02b6d6d71c83 [CANDIDATE]: Term 1 pre-election: Requesting pre-vote from peer 6ab65063aff344aa882efaffd4270f9e 03:46:47.818 [INFO - kudu-master:64034] (MiniKuduCluster.java:586)
I0918 03:46:47.818142 24375 leader_election.cc:221] T 00000000000000000000000000000000 P 1bf1c2c782eb45ecabaf02b6d6d71c83 [CANDIDATE]: Term 1 pre-election: Requesting pre-vote from peer 1a5324bcd02b469f981db8c278cb16d5 03:46:47.820 [INFO - kudu-master:64032] (MiniKuduCluster.java:586)
I0918 03:46:47.819912 24182 tablet_service.cc:1002] Received RequestConsensusVote() RPC: tablet_id: "00000000000000000000000000000000" candidate_uuid: "1bf1c2c782eb45ecabaf02b6d6d71c83" candidate_term: 1 candidate_status { last_received { term: 0 index: 0 } } ignore_live_leader: false dest_uuid: "1a5324bcd02b469f981db8c278cb16d5" is_pre_election: true 03:46:47.820 [INFO - kudu-master:64032] (MiniKuduCluster.java:586)
I0918 03:46:47.820119 24182 raft_consensus.cc:2456] T 00000000000000000000000000000000 P 1a5324bcd02b469f981db8c278cb16d5: Snoozing failure detection for 0.745s (vote granted) 03:46:47.820 [INFO - kudu-master:64032] (MiniKuduCluster.java:586)
I0918 03:46:47.820170 24182 raft_consensus.cc:2010] T 00000000000000000000000000000000 P 1a5324bcd02b469f981db8c278cb16d5 [term 0 FOLLOWER]: Leader pre-election vote request: Granting yes vote for candidate 1bf1c2c782eb45ecabaf02b6d6d71c83 in term 0. 03:46:47.821 [INFO - kudu-tserver:64040] (MiniKuduCluster.java:586)
I0918 03:46:47.821235 24296 fs_manager.cc:431] Time spent creating directory manager: real 0.053s user 0.004s sys 0.004s 03:46:47.821 [INFO - kudu-master:64034] (MiniKuduCluster.java:586)
I0918 03:46:47.821058 24162 leader_election.cc:353] T 00000000000000000000000000000000 P 1bf1c2c782eb45ecabaf02b6d6d71c83 [CANDIDATE]: Term 1 pre-election: Vote granted by peer 1a5324bcd02b469f981db8c278cb16d5 03:46:47.821 [INFO - kudu-master:64034] (MiniKuduCluster.java:586)
I0918 03:46:47.821099 24162 leader_election.cc:248] T 00000000000000000000000000000000 P 1bf1c2c782eb45ecabaf02b6d6d71c83 [CANDIDATE]: Term 1 pre-election: Election decided. Result: candidate won. 03:46:47.822 [INFO - kudu-tserver:64040] (MiniKuduCluster.java:586)
I0918 03:46:47.821972 24296 env_posix.cc:1589] Not raising process file limit of 65536; it is already as high as it can go 03:46:47.822 [INFO - kudu-tserver:64040] (MiniKuduCluster.java:586)
I0918 03:46:47.822347 24296 file_cache.cc:469] Constructed file cache lbm with capacity 26214 03:46:47.823 [INFO - kudu-master:64032] (MiniKuduCluster.java:586)
I0918 03:46:47.823889 24182 tablet_service.cc:1002] Received RequestConsensusVote() RPC: tablet_id: "00000000000000000000000000000000" candidate_uuid: "1bf1c2c782eb45ecabaf02b6d6d71c83" candidate_term: 1 candidate_status { last_received { term: 0 index: 0 } } ignore_live_leader: false dest_uuid: "1a5324bcd02b469f981db8c278cb16d5" 03:46:47.823 [INFO - kudu-master:64034] (MiniKuduCluster.java:586)
I0918 03:46:47.821815 24484 raft_consensus.cc:2456] T 00000000000000000000000000000000 P 1bf1c2c782eb45ecabaf02b6d6d71c83: Snoozing failure detection for 0.814s (election complete) 03:46:47.824 [INFO - kudu-master:64034] (MiniKuduCluster.java:586)
I0918 03:46:47.821863 24484 raft_consensus.cc:2280] T 00000000000000000000000000000000 P 1bf1c2c782eb45ecabaf02b6d6d71c83 [term 0 FOLLOWER]: Leader pre-election won for term 1 03:46:47.824 [INFO - kudu-master:64034] (MiniKuduCluster.java:586)
I0918 03:46:47.821889 24484 raft_consensus.cc:412] T 00000000000000000000000000000000 P 1bf1c2c782eb45ecabaf02b6d6d71c83 [term 0 FOLLOWER]: Starting leader election (no leader contacted us within the election timeout) 03:46:47.824 [INFO - kudu-master:64034] (MiniKuduCluster.java:586)
I0918 03:46:47.821904 24484 raft_consensus.cc:2456] T 00000000000000000000000000000000 P 1bf1c2c782eb45ecabaf02b6d6d71c83: Snoozing failure detection for 0.762s (starting election) 03:46:47.824 [INFO - kudu-master:64034] (MiniKuduCluster.java:586)
I0918 03:46:47.821916 24484 raft_consensus.cc:2508] T 00000000000000000000000000000000 P 1bf1c2c782eb45ecabaf02b6d6d71c83 [term 0 FOLLOWER]: Advancing to term 1 03:46:47.824 [INFO - kudu-master:64034] (MiniKuduCluster.java:586)
I0918 03:46:47.822906 24484 raft_consensus.cc:434] T 00000000000000000000000000000000 P 1bf1c2c782eb45ecabaf02b6d6d71c83 [term 1 FOLLOWER]: Starting leader election with config: opid_index: -1 OBSOLETE_local: false peers { permanent_uuid: "6ab65063aff344aa882efaffd4270f9e" member_type: VOTER last_known_addr { host: "127.70.237.1" port: 64030 } } peers { permanent_uuid: "1a5324bcd02b469f981db8c278cb16d5" member_type: VOTER last_known_addr { host: "127.70.237.1" port: 64032 } } peers { permanent_uuid: "1bf1c2c782eb45ecabaf02b6d6d71c83" member_type: VOTER last_known_addr { host: "127.70.237.1" port: 64034 } } 03:46:47.824 [INFO - kudu-master:64034] (MiniKuduCluster.java:586)
I0918 03:46:47.823210 24484 leader_election.cc:221] T 00000000000000000000000000000000 P 1bf1c2c782eb45ecabaf02b6d6d71c83 [CANDIDATE]: Term 1 election: Requesting vote from peer 6ab65063aff344aa882efaffd4270f9e 03:46:47.824 [INFO - kudu-master:64034] (MiniKuduCluster.java:586)
I0918 03:46:47.823323 24484 leader_election.cc:221] T 00000000000000000000000000000000 P 1bf1c2c782eb45ecabaf02b6d6d71c83 [CANDIDATE]: Term 1 election: Requesting vote from peer 1a5324bcd02b469f981db8c278cb16d5 03:46:47.824 [INFO - kudu-master:64032] (MiniKuduCluster.java:586)
I0918 03:46:47.823964 24182 raft_consensus.cc:2508] T 00000000000000000000000000000000 P 1a5324bcd02b469f981db8c278cb16d5 [term 0 FOLLOWER]: Advancing to term 1 03:46:47.824 [INFO - kudu-master:64032] (MiniKuduCluster.java:586)
I0918 03:46:47.824045 24182 raft_consensus.cc:2456] T 00000000000000000000000000000000 P 1a5324bcd02b469f981db8c278cb16d5: Snoozing failure detection for 0.638s (vote granted) 03:46:47.824 [INFO - kudu-master:64032] (MiniKuduCluster.java:586)
I0918 03:46:47.824867 24182 raft_consensus.cc:2010] T 00000000000000000000000000000000 P 1a5324bcd02b469f981db8c278cb16d5 [term 1 FOLLOWER]: Leader election vote request: Granting yes vote for candidate 1bf1c2c782eb45ecabaf02b6d6d71c83 in term 1. 03:46:47.825 [INFO - kudu-master:64034] (MiniKuduCluster.java:586)
I0918 03:46:47.825134 24162 leader_election.cc:353] T 00000000000000000000000000000000 P 1bf1c2c782eb45ecabaf02b6d6d71c83 [CANDIDATE]: Term 1 election: Vote granted by peer 1a5324bcd02b469f981db8c278cb16d5 03:46:47.825 [INFO - kudu-master:64034] (MiniKuduCluster.java:586)
I0918 03:46:47.825165 24162 leader_election.cc:248] T 00000000000000000000000000000000 P 1bf1c2c782eb45ecabaf02b6d6d71c83 [CANDIDATE]: Term 1 election: Election decided. Result: candidate won. 03:46:47.825 [INFO - kudu-master:64034] (MiniKuduCluster.java:586)
I0918 03:46:47.825331 24484 raft_consensus.cc:2456] T 00000000000000000000000000000000 P 1bf1c2c782eb45ecabaf02b6d6d71c83: Snoozing failure detection for 0.848s (election complete) 03:46:47.825 [INFO - kudu-master:64034] (MiniKuduCluster.java:586)
I0918 03:46:47.825373 24484 raft_consensus.cc:2280] T 00000000000000000000000000000000 P 1bf1c2c782eb45ecabaf02b6d6d71c83 [term 1 FOLLOWER]: Leader election won for term 1 03:46:47.828 [INFO - kudu-master:64034] (MiniKuduCluster.java:586)
I0918 03:46:47.825450 24484 raft_consensus.cc:542] T 00000000000000000000000000000000 P 1bf1c2c782eb45ecabaf02b6d6d71c83 [term 1 LEADER]: Becoming Leader. State: Replica: 1bf1c2c782eb45ecabaf02b6d6d71c83, State: Running, Role: LEADER 03:46:47.828 [INFO - kudu-master:64034] (MiniKuduCluster.java:586)
I0918 03:46:47.825635 24484 consensus_queue.cc:169] T 00000000000000000000000000000000 P 1bf1c2c782eb45ecabaf02b6d6d71c83 [LEADER]: Queue going to LEADER mode. State: All replicated index: 0, Majority replicated index: 0, Committed index: 0, Last appended: 0.0, Last appended by leader: 0, Current term: 1, Majority size: 2, State: 0, Mode: LEADER, active raft config: opid_index: -1 OBSOLETE_local: false peers { permanent_uuid: "6ab65063aff344aa882efaffd4270f9e" member_type: VOTER last_known_addr { host: "127.70.237.1" port: 64030 } } peers { permanent_uuid: "1a5324bcd02b469f981db8c278cb16d5" member_type: VOTER last_known_addr { host: "127.70.237.1" port: 64032 } } peers { permanent_uuid: "1bf1c2c782eb45ecabaf02b6d6d71c83" member_type: VOTER last_known_addr { host: "127.70.237.1" port: 64034 } } 03:46:47.835 [INFO - kudu-tserver:64036] (MiniKuduCluster.java:586)
I0918 03:46:47.835191 24113 rpc_server.cc:192] RPC server started. Bound to: 127.70.237.1:64036 03:46:47.835 [INFO - kudu-tserver:64036] (MiniKuduCluster.java:586)
I0918 03:46:47.835901 24113 webserver.cc:149] Starting webserver on 127.70.237.1:64037 03:46:47.836 [INFO - kudu-tserver:64036] (MiniKuduCluster.java:586)
I0918 03:46:47.836107 24113 webserver.cc:160] Document root disabled 03:46:47.836 [INFO - kudu-tserver:64036] (MiniKuduCluster.java:586)
I0918 03:46:47.836812 24113 webserver.cc:282] Webserver started. Bound to: http://127.70.237.1:64037/ 03:46:47.837 [INFO - kudu-master:64034] (MiniKuduCluster.java:586)
I0918 03:46:47.837126 24375 sys_catalog.cc:321] T 00000000000000000000000000000000 P 1bf1c2c782eb45ecabaf02b6d6d71c83 [sys.catalog]: SysCatalogTable state changed. Reason: New leader 1bf1c2c782eb45ecabaf02b6d6d71c83. Latest consensus state: current_term: 1 leader_uuid: "1bf1c2c782eb45ecabaf02b6d6d71c83" committed_config { opid_index: -1 OBSOLETE_local: false peers { permanent_uuid: "6ab65063aff344aa882efaffd4270f9e" member_type: VOTER last_known_addr { host: "127.70.237.1" port: 64030 } } peers { permanent_uuid: "1a5324bcd02b469f981db8c278cb16d5" member_type: VOTER last_known_addr { host: "127.70.237.1" port: 64032 } } peers { permanent_uuid: "1bf1c2c782eb45ecabaf02b6d6d71c83" member_type: VOTER last_known_addr { host: "127.70.237.1" port: 64034 } } } 03:46:47.837 [INFO - kudu-master:64034] (MiniKuduCluster.java:586)
I0918 03:46:47.837374 24375 sys_catalog.cc:324] T 00000000000000000000000000000000 P 1bf1c2c782eb45ecabaf02b6d6d71c83 [sys.catalog]: This master's current role is: LEADER 03:46:47.844 [INFO - kudu-tserver:64036] (MiniKuduCluster.java:586)
I0918 03:46:47.844518 24519 process_memory.cc:181] Process hard memory limit is 94.627029 GB 03:46:47.845 [INFO - kudu-tserver:64036] (MiniKuduCluster.java:586)
I0918 03:46:47.844986 24519 process_memory.cc:183] Process soft memory limit is 75.701622 GB 03:46:47.845 [INFO - kudu-tserver:64036] (MiniKuduCluster.java:586)
I0918 03:46:47.844604 24113 tablet_server_main.cc:87] Tablet server successfully started. 03:46:47.845 [INFO - kudu-tserver:64036] (MiniKuduCluster.java:586)
I0918 03:46:47.845223 24519 process_memory.cc:186] Process memory pressure threshold is 56.776218 GB 03:46:47.851 [INFO - kudu-tserver:64040] (MiniKuduCluster.java:586)
I0918 03:46:47.851184 24296 fs_manager.cc:335] Time spent opening block manager: real 0.026s user 0.000s sys 0.000s 03:46:47.852 [INFO - kudu-tserver:64040] (MiniKuduCluster.java:586)
I0918 03:46:47.852658 24296 fs_manager.cc:348] Opened local filesystem: /home/jenkins-slave/workspace/kudu-master/3/build/test-tmp/ts-2-1505706406745/data 03:46:47.852 [INFO - kudu-tserver:64040] (MiniKuduCluster.java:586) uuid: "8131cd1a1d2c49e69f750b365d0687e0" 03:46:47.852 [INFO - kudu-tserver:64040] (MiniKuduCluster.java:586) format_stamp: "Formatted at 2017-09-18 03:46:47 on jenkins-slave-c3oe" 03:46:47.852 [INFO - kudu-master:64034] (MiniKuduCluster.java:586)
I0918 03:46:47.852917 24516 catalog_manager.cc:948] Loading table and tablet metadata into memory... 03:46:47.853 [INFO - kudu-tserver:64040] (MiniKuduCluster.java:586)
I0918 03:46:47.853166 24296 fs_report.cc:347] Block manager report 03:46:47.853 [INFO - kudu-tserver:64040] (MiniKuduCluster.java:586) -------------------- 03:46:47.853 [INFO - kudu-tserver:64040] (MiniKuduCluster.java:586) 1 data directories: /home/jenkins-slave/workspace/kudu-master/3/build/test-tmp/ts-2-1505706406745/data/data 03:46:47.853 [INFO - kudu-tserver:64040] (MiniKuduCluster.java:586) Total live blocks: 0 03:46:47.853 [INFO - kudu-tserver:64040] (MiniKuduCluster.java:586) Total live bytes: 0 03:46:47.853 [INFO - kudu-tserver:64040] (MiniKuduCluster.java:586) Total live bytes (after alignment): 0 03:46:47.853 [INFO - kudu-tserver:64040] (MiniKuduCluster.java:586) Total number of LBM containers: 0 (0 full) 03:46:47.853 [INFO - kudu-tserver:64040] (MiniKuduCluster.java:586) Did not check for missing blocks 03:46:47.853 [INFO - kudu-tserver:64040] (MiniKuduCluster.java:586) Did not check for orphaned blocks 03:46:47.853 [INFO - kudu-tserver:64040] (MiniKuduCluster.java:586) Total full LBM containers with extra space: 0 (0 repaired) 03:46:47.853 [INFO - kudu-tserver:64040] (MiniKuduCluster.java:586) Total full LBM container extra space in bytes: 0 (0 repaired) 03:46:47.853 [INFO - kudu-tserver:64040] (MiniKuduCluster.java:586) Total incomplete LBM containers: 0 (0 repaired) 03:46:47.853 [INFO - kudu-tserver:64040] (MiniKuduCluster.java:586) Total LBM partial records: 0 (0 repaired) 03:46:47.882 [INFO - kudu-master:64030] (MiniKuduCluster.java:586)
I0918 03:46:47.882472 24089 consensus_peers.cc:550] Retrying to get permanent uuid for remote peer: member_type: VOTER last_known_addr { host: "127.70.237.1" port: 64034 } attempt: 5 03:46:47.884 [INFO - kudu-master:64034] (MiniKuduCluster.java:586)
I0918 03:46:47.884248 24516 catalog_manager.cc:959] Initializing Kudu internal certificate authority... 03:46:47.917 [INFO - kudu-master:64030] (MiniKuduCluster.java:586)
I0918 03:46:47.915143 24089 tablet_bootstrap.cc:433] T 00000000000000000000000000000000 P 6ab65063aff344aa882efaffd4270f9e: Bootstrap starting. 03:46:47.917 [INFO - kudu-master:64030] (MiniKuduCluster.java:586)
I0918 03:46:47.917379 24089 tablet_bootstrap.cc:568] T 00000000000000000000000000000000 P 6ab65063aff344aa882efaffd4270f9e: No blocks or log segments found. Creating new log. 03:46:47.926 [INFO - kudu-master:64032] (MiniKuduCluster.java:586)
I0918 03:46:47.925999 24182 raft_consensus.cc:964] T 00000000000000000000000000000000 P 1a5324bcd02b469f981db8c278cb16d5 [term 1 FOLLOWER]: Refusing update from remote peer 1bf1c2c782eb45ecabaf02b6d6d71c83: Log matching property violated. Preceding OpId in replica: term: 0 index: 0. Preceding OpId from leader: term: 1 index: 2. (index mismatch) 03:46:47.927 [INFO - kudu-master:64034] (MiniKuduCluster.java:586)
I0918 03:46:47.927355 24484 consensus_queue.cc:741] T 00000000000000000000000000000000 P 1bf1c2c782eb45ecabaf02b6d6d71c83 [LEADER]: Connected to new peer: Peer: 1a5324bcd02b469f981db8c278cb16d5, Is new: false, Last received: 0.0, Next index: 1, Last known committed idx: 0, Last exchange result: ERROR, Needs tablet copy: false 03:46:47.949 [INFO - kudu-master:64032] (MiniKuduCluster.java:586)
I0918 03:46:47.949004 24390 sys_catalog.cc:321] T 00000000000000000000000000000000 P 1a5324bcd02b469f981db8c278cb16d5 [sys.catalog]: SysCatalogTable state changed. Reason: New leader 1bf1c2c782eb45ecabaf02b6d6d71c83. Latest consensus state: current_term: 1 leader_uuid: "1bf1c2c782eb45ecabaf02b6d6d71c83" committed_config { opid_index: -1 OBSOLETE_local: false peers { permanent_uuid: "6ab65063aff344aa882efaffd4270f9e" member_type: VOTER last_known_addr { host: "127.70.237.1" port: 64030 } } peers { permanent_uuid: "1a5324bcd02b469f981db8c278cb16d5" member_type: VOTER last_known_addr { host: "127.70.237.1" port: 64032 } } peers { permanent_uuid: "1bf1c2c782eb45ecabaf02b6d6d71c83" member_type: VOTER last_known_addr { host: "127.70.237.1" port: 64034 } } } 03:46:47.949 [INFO - kudu-master:64032] (MiniKuduCluster.java:586)
I0918 03:46:47.949043 24390 sys_catalog.cc:324] T 00000000000000000000000000000000 P 1a5324bcd02b469f981db8c278cb16d5 [sys.catalog]: This master's current role is: FOLLOWER 03:46:47.950 [INFO - kudu-tserver:64036] (MiniKuduCluster.java:586)
I0918 03:46:47.949759 24514 heartbeater.cc:317] Connected to a master server at 127.70.237.1:64032 03:46:47.950 [INFO - kudu-tserver:64036] (MiniKuduCluster.java:586)
I0918 03:46:47.949930 24514 heartbeater.cc:387] Registering TS with master... 03:46:47.950 [INFO - kudu-tserver:64036] (MiniKuduCluster.java:586)
I0918 03:46:47.950345 24514 heartbeater.cc:414] Master 127.70.237.1:64032 requested a full tablet report, sending... 03:46:47.952 [INFO - kudu-master:64032] (MiniKuduCluster.java:586)
I0918 03:46:47.951987 24141 ts_manager.cc:81] Registered new tserver with Master: 265b79d01c454f83bf2fb4781b33418b (127.70.237.1:64036) 03:46:47.954 [INFO - kudu-tserver:64036] (MiniKuduCluster.java:586)
I0918 03:46:47.953761 24513 heartbeater.cc:317] Connected to a master server at 127.70.237.1:64030 03:46:47.954 [INFO - kudu-tserver:64036] (MiniKuduCluster.java:586)
I0918 03:46:47.953807 24513 heartbeater.cc:387] Registering TS with master... 03:46:47.954 [INFO - kudu-tserver:64036] (MiniKuduCluster.java:586)
I0918 03:46:47.953987 24513 heartbeater.cc:414] Master 127.70.237.1:64030 requested a full tablet report, sending... 03:46:47.955 [INFO - kudu-tserver:64036] (MiniKuduCluster.java:586)
W0918 03:46:47.955530 24513 heartbeater.cc:524] Failed to heartbeat to 127.70.237.1:64030: Service unavailable: Catalog manager is not initialized. State: 1 03:46:47.956 [INFO - kudu-tserver:64036] (MiniKuduCluster.java:586)
I0918 03:46:47.955561 24513 heartbeater.cc:387] Registering TS with master... 03:46:47.956 [INFO - kudu-tserver:64036] (MiniKuduCluster.java:586)
I0918 03:46:47.955674 24513 heartbeater.cc:414] Master 127.70.237.1:64030 requested a full tablet report, sending... 03:46:47.957 [INFO - kudu-tserver:64036] (MiniKuduCluster.java:586)
W0918 03:46:47.956714 24513 heartbeater.cc:524] Failed to heartbeat to 127.70.237.1:64030: Service unavailable: Catalog manager is not initialized. State: 1 03:46:47.957 [INFO - kudu-tserver:64036] (MiniKuduCluster.java:586)
I0918 03:46:47.956743 24513 heartbeater.cc:387] Registering TS with master... 03:46:47.957 [INFO - kudu-tserver:64036] (MiniKuduCluster.java:586)
I0918 03:46:47.956845 24513 heartbeater.cc:414] Master 127.70.237.1:64030 requested a full tablet report, sending... 03:46:47.957 [INFO - kudu-master:64032] (MiniKuduCluster.java:586)
I0918 03:46:47.957190 24390 sys_catalog.cc:321] T 00000000000000000000000000000000 P 1a5324bcd02b469f981db8c278cb16d5 [sys.catalog]: SysCatalogTable state changed. Reason: Replicated consensus-only round. Latest consensus state: current_term: 1 leader_uuid: "1bf1c2c782eb45ecabaf02b6d6d71c83" committed_config { opid_index: -1 OBSOLETE_local: false peers { permanent_uuid: "6ab65063aff344aa882efaffd4270f9e" member_type: VOTER last_known_addr { host: "127.70.237.1" port: 64030 } } peers { permanent_uuid: "1a5324bcd02b469f981db8c278cb16d5" member_type: VOTER last_known_addr { host: "127.70.237.1" port: 64032 } } peers { permanent_uuid: "1bf1c2c782eb45ecabaf02b6d6d71c83" member_type: VOTER last_known_addr { host: "127.70.237.1" port: 64034 } } } 03:46:47.957 [INFO - kudu-master:64032] (MiniKuduCluster.java:586)
I0918 03:46:47.957231 24390 sys_catalog.cc:324] T 00000000000000000000000000000000 P 1a5324bcd02b469f981db8c278cb16d5 [sys.catalog]: This master's current role is: FOLLOWER 03:46:47.957 [INFO - kudu-tserver:64036] (MiniKuduCluster.java:586)
W0918 03:46:47.957773 24513 heartbeater.cc:524] Failed to heartbeat to 127.70.237.1:64030: Service unavailable: Catalog manager is not initialized. State: 1 03:46:47.957 [INFO - kudu-tserver:64036] (MiniKuduCluster.java:586)
W0918 03:46:47.957803 24513 heartbeater.cc:351] Failed 3 heartbeats in a row: no longer allowing fast heartbeat attempts. 03:46:47.960 [INFO - kudu-tserver:64036] (MiniKuduCluster.java:586)
I0918 03:46:47.959595 24518 heartbeater.cc:317] Connected to a master server at 127.70.237.1:64034 03:46:47.960 [INFO - kudu-tserver:64036] (MiniKuduCluster.java:586)
I0918 03:46:47.959635 24518 heartbeater.cc:387] Registering TS with master... 03:46:47.960 [INFO - kudu-tserver:64036] (MiniKuduCluster.java:586)
I0918 03:46:47.959763 24518 heartbeater.cc:414] Master 127.70.237.1:64034 requested a full tablet report, sending... 03:46:47.961 [INFO - kudu-master:64030] (MiniKuduCluster.java:586)
I0918 03:46:47.961130 24089 log.cc:518] T 00000000000000000000000000000000 P 6ab65063aff344aa882efaffd4270f9e: Log is configured to *not* fsync() on all Append() calls 03:46:47.968 [INFO - kudu-master:64034] (MiniKuduCluster.java:586)
I0918 03:46:47.964659 24516 catalog_manager.cc:846] Generated new certificate authority record 03:46:47.968 [INFO - kudu-master:64034] (MiniKuduCluster.java:586)
I0918 03:46:47.965946 24516 catalog_manager.cc:968] Loading token signing keys... 03:46:47.970 [INFO - kudu-master:64034] (MiniKuduCluster.java:586)
I0918 03:46:47.969656 24266 ts_manager.cc:81] Registered new tserver with Master: 265b79d01c454f83bf2fb4781b33418b (127.70.237.1:64036) 03:46:47.991 [INFO - kudu-master:64034] (MiniKuduCluster.java:586)
I0918 03:46:47.991029 24516 catalog_manager.cc:3544] T 00000000000000000000000000000000 P 1bf1c2c782eb45ecabaf02b6d6d71c83: Generated new TSK 0 03:46:48.003 [INFO - kudu-master:64030] (MiniKuduCluster.java:586)
I0918 03:46:48.001729 24089 tablet_bootstrap.cc:433] T 00000000000000000000000000000000 P 6ab65063aff344aa882efaffd4270f9e: No bootstrap required, opened a new log 03:46:48.003 [INFO - kudu-master:64030] (MiniKuduCluster.java:586)
I0918 03:46:48.003351 24089 raft_consensus.cc:287] T 00000000000000000000000000000000 P 6ab65063aff344aa882efaffd4270f9e [term 0 FOLLOWER]: Replica starting. Triggering 0 pending transactions. Active config: opid_index: -1 OBSOLETE_local: false peers { permanent_uuid: "6ab65063aff344aa882efaffd4270f9e" member_type: VOTER last_known_addr { host: "127.70.237.1" port: 64030 } } peers { permanent_uuid: "1a5324bcd02b469f981db8c278cb16d5" member_type: VOTER last_known_addr { host: "127.70.237.1" port: 64032 } } peers { permanent_uuid: "1bf1c2c782eb45ecabaf02b6d6d71c83" member_type: VOTER last_known_addr { host: "127.70.237.1" port: 64034 } } 03:46:48.004 [INFO - kudu-master:64030] (MiniKuduCluster.java:586)
I0918 03:46:48.003408 24089 raft_consensus.cc:313] T 00000000000000000000000000000000 P 6ab65063aff344aa882efaffd4270f9e [term 0 FOLLOWER]: Consensus starting up: Expiring failure detector timer to make a prompt election more likely 03:46:48.004 [INFO - kudu-master:64030] (MiniKuduCluster.java:586)
I0918 03:46:48.004326 24089 raft_consensus.cc:576] T 00000000000000000000000000000000 P 6ab65063aff344aa882efaffd4270f9e [term 0 FOLLOWER]: Becoming Follower/Learner. State: Replica: 6ab65063aff344aa882efaffd4270f9e, State: Initialized, Role: FOLLOWER 03:46:48.004 [INFO - kudu-master:64030] (MiniKuduCluster.java:586)
I0918 03:46:48.004693 24089 consensus_queue.cc:190] T 00000000000000000000000000000000 P 6ab65063aff344aa882efaffd4270f9e [NON_LEADER]: Queue going to NON_LEADER mode. State: All replicated index: 0, Majority replicated index: 0, Committed index: 0, Last appended: 0.0, Last appended by leader: 0, Current term: 0, Majority size: -1, State: 0, Mode: NON_LEADER 03:46:48.016 [INFO - kudu-master:64030] (MiniKuduCluster.java:586)
I0918 03:46:48.016837 24089 sys_catalog.cc:321] T 00000000000000000000000000000000 P 6ab65063aff344aa882efaffd4270f9e [sys.catalog]: SysCatalogTable state changed. Reason: Started TabletReplica. Latest consensus state: current_term: 0 leader_uuid: "" committed_config { opid_index: -1 OBSOLETE_local: false peers { permanent_uuid: "6ab65063aff344aa882efaffd4270f9e" member_type: VOTER last_known_addr { host: "127.70.237.1" port: 64030 } } peers { permanent_uuid: "1a5324bcd02b469f981db8c278cb16d5" member_type: VOTER last_known_addr { host: "127.70.237.1" port: 64032 } } peers { permanent_uuid: "1bf1c2c782eb45ecabaf02b6d6d71c83" member_type: VOTER last_known_addr { host: "127.70.237.1" port: 64034 } } } 03:46:48.017 [INFO - kudu-master:64030] (MiniKuduCluster.java:586)
I0918 03:46:48.017303 24089 sys_catalog.cc:324] T 00000000000000000000000000000000 P 6ab65063aff344aa882efaffd4270f9e [sys.catalog]: This master's current role is: FOLLOWER 03:46:48.018 [INFO - kudu-master:64030] (MiniKuduCluster.java:586)
I0918 03:46:48.018426 24089 sys_catalog.cc:408] T 00000000000000000000000000000000 P 6ab65063aff344aa882efaffd4270f9e [sys.catalog]: configured and running, proceeding with master startup. 03:46:48.021 [INFO - kudu-master:64034] (MiniKuduCluster.java:586)
I0918 03:46:48.021137 24170 leader_election.cc:353] T 00000000000000000000000000000000 P 1bf1c2c782eb45ecabaf02b6d6d71c83 [CANDIDATE]: Term 1 election: Vote granted by peer 6ab65063aff344aa882efaffd4270f9e 03:46:48.021 [INFO - kudu-master:64030] (MiniKuduCluster.java:586)
I0918 03:46:48.019354 24045 tablet_service.cc:1002] Received RequestConsensusVote() RPC: tablet_id: "00000000000000000000000000000000" candidate_uuid: "1bf1c2c782eb45ecabaf02b6d6d71c83" candidate_term: 1 candidate_status { last_received { term: 0 index: 0 } } ignore_live_leader: false dest_uuid: "6ab65063aff344aa882efaffd4270f9e" 03:46:48.021 [INFO - kudu-master:64030] (MiniKuduCluster.java:586)
I0918 03:46:48.019503 24045 raft_consensus.cc:2508] T 00000000000000000000000000000000 P 6ab65063aff344aa882efaffd4270f9e [term 0 FOLLOWER]: Advancing to term 1 03:46:48.021 [INFO - kudu-master:64030] (MiniKuduCluster.java:586)
I0918 03:46:48.019628 24045 raft_consensus.cc:2456] T 00000000000000000000000000000000 P 6ab65063aff344aa882efaffd4270f9e: Snoozing failure detection for 0.720s (vote granted) 03:46:48.021 [INFO - kudu-master:64030] (MiniKuduCluster.java:586)
I0918 03:46:48.020558 24045 raft_consensus.cc:2010] T 00000000000000000000000000000000 P 6ab65063aff344aa882efaffd4270f9e [term 1 FOLLOWER]: Leader election vote request: Granting yes vote for candidate 1bf1c2c782eb45ecabaf02b6d6d71c83 in term 1. 03:46:48.040 [INFO - kudu-master:64030] (MiniKuduCluster.java:586)
I0918 03:46:48.040649 24611 catalog_manager.cc:493] Waiting for catalog manager background task thread to start: Service unavailable: Catalog manager is not initialized. State: 1 03:46:48.048 [INFO - kudu-tserver:64040] (MiniKuduCluster.java:586)
I0918 03:46:48.048147 24296 ts_tablet_manager.cc:216] Loaded tablet metadata (0 live tablets) 03:46:48.061 [INFO - kudu-tserver:64040] (MiniKuduCluster.java:586)
I0918 03:46:48.061161 24296 tablet_server_main.cc:84] Starting tablet server... 03:46:48.091 [INFO - kudu-master:64030] (MiniKuduCluster.java:586)
I0918 03:46:48.091872 23941 master_main.cc:79] Master server successfully started. 03:46:48.092 [INFO - kudu-master:64030] (MiniKuduCluster.java:586)
I0918 03:46:48.091933 24043 raft_consensus.cc:964] T 00000000000000000000000000000000 P 6ab65063aff344aa882efaffd4270f9e [term 1 FOLLOWER]: Refusing update from remote peer 1bf1c2c782eb45ecabaf02b6d6d71c83: Log matching property violated. Preceding OpId in replica: term: 0 index: 0. Preceding OpId from leader: term: 1 index: 2. (index mismatch) 03:46:48.092 [INFO - kudu-master:64034] (MiniKuduCluster.java:586)
I0918 03:46:48.092770 24484 consensus_queue.cc:741] T 00000000000000000000000000000000 P 1bf1c2c782eb45ecabaf02b6d6d71c83 [LEADER]: Connected to new peer: Peer: 6ab65063aff344aa882efaffd4270f9e, Is new: false, Last received: 0.0, Next index: 1, Last known committed idx: 0, Last exchange result: ERROR, Needs tablet copy: false 03:46:48.093 [INFO - kudu-master:64030] (MiniKuduCluster.java:586)
I0918 03:46:48.093431 24046 tablet_service.cc:1002] Received RequestConsensusVote() RPC: tablet_id: "00000000000000000000000000000000" candidate_uuid: "1bf1c2c782eb45ecabaf02b6d6d71c83" candidate_term: 1 candidate_status { last_received { term: 0 index: 0 } } ignore_live_leader: false dest_uuid: "6ab65063aff344aa882efaffd4270f9e" is_pre_election: true 03:46:48.093 [INFO - kudu-master:64030] (MiniKuduCluster.java:586)
I0918 03:46:48.093514 24046 raft_consensus.cc:1923] T 00000000000000000000000000000000 P 6ab65063aff344aa882efaffd4270f9e [term 1 FOLLOWER]: Leader pre-election vote request: Already granted yes vote for candidate 1bf1c2c782eb45ecabaf02b6d6d71c83 in term 1. Re-sending same reply. 03:46:48.094 [INFO - kudu-master:64034] (MiniKuduCluster.java:586)
I0918 03:46:48.094048 24170 leader_election.cc:353] T 00000000000000000000000000000000 P 1bf1c2c782eb45ecabaf02b6d6d71c83 [CANDIDATE]: Term 1 pre-election: Vote granted by peer 6ab65063aff344aa882efaffd4270f9e 03:46:48.154 [INFO - kudu-master:64030] (MiniKuduCluster.java:586)
I0918 03:46:48.154233 24639 sys_catalog.cc:321] T 00000000000000000000000000000000 P 6ab65063aff344aa882efaffd4270f9e [sys.catalog]: SysCatalogTable state changed. Reason: New leader 1bf1c2c782eb45ecabaf02b6d6d71c83. Latest consensus state: current_term: 1 leader_uuid: "1bf1c2c782eb45ecabaf02b6d6d71c83" committed_config { opid_index: -1 OBSOLETE_local: false peers { permanent_uuid: "6ab65063aff344aa882efaffd4270f9e" member_type: VOTER last_known_addr { host: "127.70.237.1" port: 64030 } } peers { permanent_uuid: "1a5324bcd02b469f981db8c278cb16d5" member_type: VOTER last_known_addr { host: "127.70.237.1" port: 64032 } } peers { permanent_uuid: "1bf1c2c782eb45ecabaf02b6d6d71c83" member_type: VOTER last_known_addr { host: "127.70.237.1" port: 64034 } } } 03:46:48.154 [INFO - kudu-master:64030] (MiniKuduCluster.java:586)
I0918 03:46:48.154266 24639 sys_catalog.cc:324] T 00000000000000000000000000000000 P 6ab65063aff344aa882efaffd4270f9e [sys.catalog]: This master's current role is: FOLLOWER 03:46:48.155 [INFO - kudu-master:64030] (MiniKuduCluster.java:586)
I0918 03:46:48.155006 24600 sys_catalog.cc:321] T 00000000000000000000000000000000 P 6ab65063aff344aa882efaffd4270f9e [sys.catalog]: SysCatalogTable state changed. Reason: RaftConsensus started. Latest consensus state: current_term: 1 leader_uuid: "1bf1c2c782eb45ecabaf02b6d6d71c83" committed_config { opid_index: -1 OBSOLETE_local: false peers { permanent_uuid: "6ab65063aff344aa882efaffd4270f9e" member_type: VOTER last_known_addr { host: "127.70.237.1" port: 64030 } } peers { permanent_uuid: "1a5324bcd02b469f981db8c278cb16d5" member_type: VOTER last_known_addr { host: "127.70.237.1" port: 64032 } } peers { permanent_uuid: "1bf1c2c782eb45ecabaf02b6d6d71c83" member_type: VOTER last_known_addr { host: "127.70.237.1" port: 64034 } } } 03:46:48.155 [INFO - kudu-master:64030] (MiniKuduCluster.java:586)
I0918 03:46:48.155246 24600 sys_catalog.cc:324] T 00000000000000000000000000000000 P 6ab65063aff344aa882efaffd4270f9e [sys.catalog]: This master's current role is: FOLLOWER 03:46:48.155 [INFO - kudu-master:64030] (MiniKuduCluster.java:586)
I0918 03:46:48.155611 24662 sys_catalog.cc:321] T 00000000000000000000000000000000 P 6ab65063aff344aa882efaffd4270f9e [sys.catalog]: SysCatalogTable state changed. Reason: Replicated consensus-only round. Latest consensus state: current_term: 1 leader_uuid: "1bf1c2c782eb45ecabaf02b6d6d71c83" committed_config { opid_index: -1 OBSOLETE_local: false peers { permanent_uuid: "6ab65063aff344aa882efaffd4270f9e" member_type: VOTER last_known_addr { host: "127.70.237.1" port: 64030 } } peers { permanent_uuid: "1a5324bcd02b469f981db8c278cb16d5" member_type: VOTER last_known_addr { host: "127.70.237.1" port: 64032 } } peers { permanent_uuid: "1bf1c2c782eb45ecabaf02b6d6d71c83" member_type: VOTER last_known_addr { host: "127.70.237.1" port: 64034 } } } 03:46:48.156 [INFO - kudu-master:64030] (MiniKuduCluster.java:586)
I0918 03:46:48.156045 24662 sys_catalog.cc:324] T 00000000000000000000000000000000 P 6ab65063aff344aa882efaffd4270f9e [sys.catalog]: This master's current role is: FOLLOWER 03:46:48.437 [INFO - kudu-tserver:64038] (MiniKuduCluster.java:586)
I0918 03:46:48.436650 24178 rpc_server.cc:192] RPC server started. Bound to: 127.70.237.1:64038 03:46:48.437 [INFO - kudu-tserver:64038] (MiniKuduCluster.java:586)
I0918 03:46:48.437031 24178 webserver.cc:149] Starting webserver on 127.70.237.1:64039 03:46:48.437 [INFO - kudu-tserver:64038] (MiniKuduCluster.java:586)
I0918 03:46:48.437047 24178 webserver.cc:160] Document root disabled 03:46:48.437 [INFO - kudu-tserver:64038] (MiniKuduCluster.java:586)
I0918 03:46:48.437527 24178 webserver.cc:282] Webserver started. Bound to: http://127.70.237.1:64039/ 03:46:48.487 [INFO - kudu-tserver:64038] (MiniKuduCluster.java:586)
I0918 03:46:48.486778 24823 heartbeater.cc:317] Connected to a master server at 127.70.237.1:64032 03:46:48.487 [INFO - kudu-tserver:64038] (MiniKuduCluster.java:586)
I0918 03:46:48.486944 24823 heartbeater.cc:387] Registering TS with master... 03:46:48.487 [INFO - kudu-tserver:64038] (MiniKuduCluster.java:586)
I0918 03:46:48.487360 24178 tablet_server_main.cc:87] Tablet server successfully started. 03:46:48.487 [INFO - kudu-tserver:64038] (MiniKuduCluster.java:586)
I0918 03:46:48.487344 24823 heartbeater.cc:414] Master 127.70.237.1:64032 requested a full tablet report, sending... 03:46:48.488 [INFO - kudu-master:64032] (MiniKuduCluster.java:586)
I0918 03:46:48.488291 24141 ts_manager.cc:81] Registered new tserver with Master: c60b08ee97c3491bb898ef6298493658 (127.70.237.1:64038) 03:46:48.489 [INFO - kudu-master:64030] (MiniKuduCluster.java:586)
