I0907 21:10:16.971158 1110 tablet_copy_service.cc:151] P c9439a2a1ffa4e46b0c3295641b039be: Beginning new tablet copy session on tablet 55077156aad54bed9cc6874ca5200a0f from peer b2a125044b7e48a4bb00ad3eacf18556 at {username='slave'} at 127.0.180.2:32771: session id = b2a125044b7e48a4bb00ad3eacf18556-55077156aad54bed9cc6874ca5200a0f
W0907 21:10:16.971310 1110 tablet_copy_service.cc:418] P c9439a2a1ffa4e46b0c3295641b039be: Error handling TabletCopyService RPC request from {username='slave'} at 127.0.180.2:32771: Error beginning tablet copy session for tablet 55077156aad54bed9cc6874ca5200a0f: Illegal state: The tablet is not in a running state: BOOTSTRAPPING
I0907 21:10:16.974025 1010 ts_tablet_manager.cc:541] T 55077156aad54bed9cc6874ca5200a0f P b2a125044b7e48a4bb00ad3eacf18556: Initiating tablet copy from peer c9439a2a1ffa4e46b0c3295641b039be (127.0.180.1:46139)
I0907 21:10:16.974149 1010 tablet_copy_client.cc:224] T 55077156aad54bed9cc6874ca5200a0f P b2a125044b7e48a4bb00ad3eacf18556: tablet copy: Beginning tablet copy session from remote peer at address 127.0.180.1:46139
I0907 21:10:16.974942 1110 tablet_copy_service.cc:132] P c9439a2a1ffa4e46b0c3295641b039be: Received BeginTabletCopySession request for tablet 55077156aad54bed9cc6874ca5200a0f from peer b2a125044b7e48a4bb00ad3eacf18556 ({username='slave'} at 127.0.180.2:32771)
I0907 21:10:16.975061 1110 tablet_copy_service.cc:151] P c9439a2a1ffa4e46b0c3295641b039be: Beginning new tablet copy session on tablet 55077156aad54bed9cc6874ca5200a0f from peer b2a125044b7e48a4bb00ad3eacf18556 at {username='slave'} at 127.0.180.2:32771: session id = b2a125044b7e48a4bb00ad3eacf18556-55077156aad54bed9cc6874ca5200a0f
W0907 21:10:16.975178 1110 tablet_copy_service.cc:418] P c9439a2a1ffa4e46b0c3295641b039be: Error handling TabletCopyService RPC request from {username='slave'} at 127.0.180.2:32771: Error beginning tablet copy session for tablet 55077156aad54bed9cc6874ca5200a0f: Illegal state: The tablet is not in a running state: BOOTSTRAPPING
I0907 21:10:16.981436 1012 ts_tablet_manager.cc:541] T 55077156aad54bed9cc6874ca5200a0f P b2a125044b7e48a4bb00ad3eacf18556: Initiating tablet copy from peer c9439a2a1ffa4e46b0c3295641b039be (127.0.180.1:46139)
I0907 21:10:16.981585 1012 tablet_copy_client.cc:224] T 55077156aad54bed9cc6874ca5200a0f P b2a125044b7e48a4bb00ad3eacf18556: tablet copy: Beginning tablet copy session from remote peer at address 127.0.180.1:46139
I0907 21:10:16.982439 1110 tablet_copy_service.cc:132] P c9439a2a1ffa4e46b0c3295641b039be: Received BeginTabletCopySession request for tablet 55077156aad54bed9cc6874ca5200a0f from peer b2a125044b7e48a4bb00ad3eacf18556 ({username='slave'} at 127.0.180.2:32771)
I0907 21:10:16.982549 1110 tablet_copy_service.cc:151] P c9439a2a1ffa4e46b0c3295641b039be: Beginning new tablet copy session on tablet 55077156aad54bed9cc6874ca5200a0f from peer b2a125044b7e48a4bb00ad3eacf18556 at {username='slave'} at 127.0.180.2:32771: session id = b2a125044b7e48a4bb00ad3eacf18556-55077156aad54bed9cc6874ca5200a0f
W0907 21:10:16.982671 1110 tablet_copy_service.cc:418] P c9439a2a1ffa4e46b0c3295641b039be: Error handling TabletCopyService RPC request from {username='slave'} at 127.0.180.2:32771: Error beginning tablet copy session for tablet 55077156aad54bed9cc6874ca5200a0f: Illegal state: The tablet is not in a running state: BOOTSTRAPPING
I0907 21:10:16.994587 1011 ts_tablet_manager.cc:541] T 55077156aad54bed9cc6874ca5200a0f P b2a125044b7e48a4bb00ad3eacf18556: Initiating tablet copy from peer c9439a2a1ffa4e46b0c3295641b039be (127.0.180.1:46139)
I0907 21:10:16.994740 1011 tablet_copy_client.cc:224] T 55077156aad54bed9cc6874ca5200a0f P b2a125044b7e48a4bb00ad3eacf18556: tablet copy: Beginning tablet copy session from remote peer at address 127.0.180.1:46139
I0907 21:10:16.995620 1110 tablet_copy_service.cc:132] P c9439a2a1ffa4e46b0c3295641b039be: Received BeginTabletCopySession request for tablet 55077156aad54bed9cc6874ca5200a0f from peer b2a125044b7e48a4bb00ad3eacf18556 ({username='slave'} at 127.0.180.2:32771)
I0907 21:10:16.995738 1110 tablet_copy_service.cc:151] P c9439a2a1ffa4e46b0c3295641b039be: Beginning new tablet copy session on tablet 55077156aad54bed9cc6874ca5200a0f from peer b2a125044b7e48a4bb00ad3eacf18556 at {username='slave'} at 127.0.180.2:32771: session id = b2a125044b7e48a4bb00ad3eacf18556-55077156aad54bed9cc6874ca5200a0f
W0907 21:10:16.995856 1110 tablet_copy_service.cc:418] P c9439a2a1ffa4e46b0c3295641b039be: Error handling TabletCopyService RPC request from {username='slave'} at 127.0.180.2:32771: Error beginning tablet copy session for tablet 55077156aad54bed9cc6874ca5200a0f: Illegal state: The tablet is not in a running state: BOOTSTRAPPING
I0907 21:10:16.997751 1009 ts_tablet_manager.cc:541] T 55077156aad54bed9cc6874ca5200a0f P b2a125044b7e48a4bb00ad3eacf18556: Initiating tablet copy from peer c9439a2a1ffa4e46b0c3295641b039be (127.0.180.1:46139)
I0907 21:10:16.997886 1009 tablet_copy_client.cc:224] T 55077156aad54bed9cc6874ca5200a0f P b2a125044b7e48a4bb00ad3eacf18556: tablet copy: Beginning tablet copy session from remote peer at address 127.0.180.1:46139
I0907 21:10:16.998637 996 heartbeater.cc:406] Master 127.0.180.254:58038 was elected leader, sending a full tablet report...
I0907 21:10:16.998790 1110 tablet_copy_service.cc:132] P c9439a2a1ffa4e46b0c3295641b039be: Received BeginTabletCopySession request for tablet 55077156aad54bed9cc6874ca5200a0f from peer b2a125044b7e48a4bb00ad3eacf18556 ({username='slave'} at 127.0.180.2:32771)
I0907 21:10:16.998891 1110 tablet_copy_service.cc:151] P c9439a2a1ffa4e46b0c3295641b039be: Beginning new tablet copy session on tablet 55077156aad54bed9cc6874ca5200a0f from peer b2a125044b7e48a4bb00ad3eacf18556 at {username='slave'} at 127.0.180.2:32771: session id = b2a125044b7e48a4bb00ad3eacf18556-55077156aad54bed9cc6874ca5200a0f
W0907 21:10:16.999045 1110 tablet_copy_service.cc:418] P c9439a2a1ffa4e46b0c3295641b039be: Error handling TabletCopyService RPC request from {username='slave'} at 127.0.180.2:32771: Error beginning tablet copy session for tablet 55077156aad54bed9cc6874ca5200a0f: Illegal state: The tablet is not in a running state: BOOTSTRAPPING
I0907 21:10:17.001819 1010 ts_tablet_manager.cc:541] T 55077156aad54bed9cc6874ca5200a0f P b2a125044b7e48a4bb00ad3eacf18556: Initiating tablet copy from peer c9439a2a1ffa4e46b0c3295641b039be (127.0.180.1:46139)
I0907 21:10:17.001930 1010 tablet_copy_client.cc:224] T 55077156aad54bed9cc6874ca5200a0f P b2a125044b7e48a4bb00ad3eacf18556: tablet copy: Beginning tablet copy session from remote peer at address 127.0.180.1:46139
I0907 21:10:17.002707 1110 tablet_copy_service.cc:132] P c9439a2a1ffa4e46b0c3295641b039be: Received BeginTabletCopySession request for tablet 55077156aad54bed9cc6874ca5200a0f from peer b2a125044b7e48a4bb00ad3eacf18556 ({username='slave'} at 127.0.180.2:32771)
I0907 21:10:17.002820 1110 tablet_copy_service.cc:151] P c9439a2a1ffa4e46b0c3295641b039be: Beginning new tablet copy session on tablet 55077156aad54bed9cc6874ca5200a0f from peer b2a125044b7e48a4bb00ad3eacf18556 at {username='slave'} at 127.0.180.2:32771: session id = b2a125044b7e48a4bb00ad3eacf18556-55077156aad54bed9cc6874ca5200a0f
W0907 21:10:17.002969 1110 tablet_copy_service.cc:418] P c9439a2a1ffa4e46b0c3295641b039be: Error handling TabletCopyService RPC request from {username='slave'} at 127.0.180.2:32771: Error beginning tablet copy session for tablet 55077156aad54bed9cc6874ca5200a0f: Illegal state: The tablet is not in a running state: BOOTSTRAPPING
I0907 21:10:17.007537 1012 ts_tablet_manager.cc:541] T 55077156aad54bed9cc6874ca5200a0f P b2a125044b7e48a4bb00ad3eacf18556: Initiating tablet copy from peer c9439a2a1ffa4e46b0c3295641b039be (127.0.180.1:46139)
I0907 21:10:17.007676 1012 tablet_copy_client.cc:224] T 55077156aad54bed9cc6874ca5200a0f P b2a125044b7e48a4bb00ad3eacf18556: tablet copy: Beginning tablet copy session from remote peer at address 127.0.180.1:46139
I0907 21:10:17.008431 1110 tablet_copy_service.cc:132] P c9439a2a1ffa4e46b0c3295641b039be: Received BeginTabletCopySession request for tablet 55077156aad54bed9cc6874ca5200a0f from peer b2a125044b7e48a4bb00ad3eacf18556 ({username='slave'} at 127.0.180.2:32771)
I0907 21:10:17.008533 1110 tablet_copy_service.cc:151] P c9439a2a1ffa4e46b0c3295641b039be: Beginning new tablet copy session on tablet 55077156aad54bed9cc6874ca5200a0f from peer b2a125044b7e48a4bb00ad3eacf18556 at {username='slave'} at 127.0.180.2:32771: session id = b2a125044b7e48a4bb00ad3eacf18556-55077156aad54bed9cc6874ca5200a0f
W0907 21:10:17.008657 1110 tablet_copy_service.cc:418] P c9439a2a1ffa4e46b0c3295641b039be: Error handling TabletCopyService RPC request from {username='slave'} at 127.0.180.2:32771: Error beginning tablet copy session for tablet 55077156aad54bed9cc6874ca5200a0f: Illegal state: The tablet is not in a running state: BOOTSTRAPPING
I0907 21:10:17.015676 1009 ts_tablet_manager.cc:541] T 55077156aad54bed9cc6874ca5200a0f P b2a125044b7e48a4bb00ad3eacf18556: Initiating tablet copy from peer c9439a2a1ffa4e46b0c3295641b039be (127.0.180.1:46139)
I0907 21:10:17.015800 1009 tablet_copy_client.cc:224] T 55077156aad54bed9cc6874ca5200a0f P b2a125044b7e48a4bb00ad3eacf18556: tablet copy: Beginning tablet copy session from remote peer at address 127.0.180.1:46139
I0907 21:10:17.016597 1110 tablet_copy_service.cc:132] P c9439a2a1ffa4e46b0c3295641b039be: Received BeginTabletCopySession request for tablet 55077156aad54bed9cc6874ca5200a0f from peer b2a125044b7e48a4bb00ad3eacf18556 ({username='slave'} at 127.0.180.2:32771)
I0907 21:10:17.016706 1110 tablet_copy_service.cc:151] P c9439a2a1ffa4e46b0c3295641b039be: Beginning new tablet copy session on tablet 55077156aad54bed9cc6874ca5200a0f from peer b2a125044b7e48a4bb00ad3eacf18556 at {username='slave'} at 127.0.180.2:32771: session id = b2a125044b7e48a4bb00ad3eacf18556-55077156aad54bed9cc6874ca5200a0f
W0907 21:10:17.016819 1110 tablet_copy_service.cc:418] P c9439a2a1ffa4e46b0c3295641b039be: Error handling TabletCopyService RPC request from {username='slave'} at 127.0.180.2:32771: Error beginning tablet copy session for tablet 55077156aad54bed9cc6874ca5200a0f: Illegal state: The tablet is not in a running state: BOOTSTRAPPING
I0907 21:10:17.021582 1010 ts_tablet_manager.cc:541] T 55077156aad54bed9cc6874ca5200a0f P b2a125044b7e48a4bb00ad3eacf18556: Initiating tablet copy from peer c9439a2a1ffa4e46b0c3295641b039be (127.0.180.1:46139)
I0907 21:10:17.021736 1010 tablet_copy_client.cc:224] T 55077156aad54bed9cc6874ca5200a0f P b2a125044b7e48a4bb00ad3eacf18556: tablet copy: Beginning tablet copy session from remote peer at address 127.0.180.1:46139
I0907 21:10:17.022550 1110 tablet_copy_service.cc:132] P c9439a2a1ffa4e46b0c3295641b039be: Received BeginTabletCopySession request for tablet 55077156aad54bed9cc6874ca5200a0f from peer b2a125044b7e48a4bb00ad3eacf18556 ({username='slave'} at 127.0.180.2:32771)
I0907 21:10:17.022655 1110 tablet_copy_service.cc:151] P c9439a2a1ffa4e46b0c3295641b039be: Beginning new tablet copy session on tablet 55077156aad54bed9cc6874ca5200a0f from peer b2a125044b7e48a4bb00ad3eacf18556 at {username='slave'} at 127.0.180.2:32771: session id = b2a125044b7e48a4bb00ad3eacf18556-55077156aad54bed9cc6874ca5200a0f
W0907 21:10:17.022780 1110 tablet_copy_service.cc:418] P c9439a2a1ffa4e46b0c3295641b039be: Error handling TabletCopyService RPC request from {username='slave'} at 127.0.180.2:32771: Error beginning tablet copy session for tablet 55077156aad54bed9cc6874ca5200a0f: Illegal state: The tablet is not in a running state: BOOTSTRAPPING
I0907 21:10:17.023491 1027 tablet_bootstrap.cc:433] T 55077156aad54bed9cc6874ca5200a0f P c9439a2a1ffa4e46b0c3295641b039be: Bootstrap replayed 1/1 log segments. Stats: ops{read=209 overwritten=0 applied=209 ignored=0} inserts{seen=10350 ignored=0} mutations{seen=0 ignored=0} orphaned_commits=0. Pending: 0 replicates
I0907 21:10:17.024003 1027 tablet_bootstrap.cc:433] T 55077156aad54bed9cc6874ca5200a0f P c9439a2a1ffa4e46b0c3295641b039be: Bootstrap complete.
I0907 21:10:17.025116 1027 ts_tablet_manager.cc:818] T 55077156aad54bed9cc6874ca5200a0f P c9439a2a1ffa4e46b0c3295641b039be: Time spent bootstrapping tablet: real 0.797s user 0.728s sys 0.052s
I0907 21:10:17.026939 1011 ts_tablet_manager.cc:541] T 55077156aad54bed9cc6874ca5200a0f P b2a125044b7e48a4bb00ad3eacf18556: Initiating tablet copy from peer c9439a2a1ffa4e46b0c3295641b039be (127.0.180.1:46139)
I0907 21:10:17.027089 1011 tablet_copy_client.cc:224] T 55077156aad54bed9cc6874ca5200a0f P b2a125044b7e48a4bb00ad3eacf18556: tablet copy: Beginning tablet copy session from remote peer at address 127.0.180.1:46139
I0907 21:10:17.028019 1110 tablet_copy_service.cc:132] P c9439a2a1ffa4e46b0c3295641b039be: Received BeginTabletCopySession request for tablet 55077156aad54bed9cc6874ca5200a0f from peer b2a125044b7e48a4bb00ad3eacf18556 ({username='slave'} at 127.0.180.2:32771)
I0907 21:10:17.028125 1110 tablet_copy_service.cc:151] P c9439a2a1ffa4e46b0c3295641b039be: Beginning new tablet copy session on tablet 55077156aad54bed9cc6874ca5200a0f from peer b2a125044b7e48a4bb00ad3eacf18556 at {username='slave'} at 127.0.180.2:32771: session id = b2a125044b7e48a4bb00ad3eacf18556-55077156aad54bed9cc6874ca5200a0f
W0907 21:10:17.028244 1110 tablet_copy_service.cc:418] P c9439a2a1ffa4e46b0c3295641b039be: Error handling TabletCopyService RPC request from {username='slave'} at 127.0.180.2:32771: Error beginning tablet copy session for tablet 55077156aad54bed9cc6874ca5200a0f: Illegal state: The tablet is not in a running state: BOOTSTRAPPING
I0907 21:10:17.026672 1027 raft_consensus.cc:287] T 55077156aad54bed9cc6874ca5200a0f P c9439a2a1ffa4e46b0c3295641b039be [term 2 FOLLOWER]: Replica starting. Triggering 0 pending transactions. Active config: opid_index: -1 OBSOLETE_local: true peers { permanent_uuid: "c9439a2a1ffa4e46b0c3295641b039be" member_type: VOTER last_known_addr { host: "127.0.180.1" port: 46139 } }
I0907 21:10:17.028928 1027 raft_consensus.cc:576] T 55077156aad54bed9cc6874ca5200a0f P c9439a2a1ffa4e46b0c3295641b039be [term 2 FOLLOWER]: Becoming Follower/Learner. State: Replica: c9439a2a1ffa4e46b0c3295641b039be, State: Initialized, Role: FOLLOWER
I0907 21:10:17.029093 1027 consensus_queue.cc:190] T 55077156aad54bed9cc6874ca5200a0f P c9439a2a1ffa4e46b0c3295641b039be [NON_LEADER]: Queue going to NON_LEADER mode. State: All replicated index: 0, Majority replicated index: 0, Committed index: 209, Last appended: 2.209, Last appended by leader: 209, Current term: 0, Majority size: -1, State: 0, Mode: NON_LEADER
I0907 21:10:17.029194 1027 raft_consensus.cc:328] T 55077156aad54bed9cc6874ca5200a0f P c9439a2a1ffa4e46b0c3295641b039be [term 2 FOLLOWER]: Only one voter in the Raft config. Triggering election immediately
I0907 21:10:17.029250 1027 raft_consensus.cc:412] T 55077156aad54bed9cc6874ca5200a0f P c9439a2a1ffa4e46b0c3295641b039be [term 2 FOLLOWER]: Starting leader election (initial election of a single-replica configuration)
I0907 21:10:17.029330 1027 raft_consensus.cc:2456] T 55077156aad54bed9cc6874ca5200a0f P c9439a2a1ffa4e46b0c3295641b039be: Snoozing failure detection for 2.062s (starting election)
I0907 21:10:17.029394 1027 raft_consensus.cc:2508] T 55077156aad54bed9cc6874ca5200a0f P c9439a2a1ffa4e46b0c3295641b039be [term 2 FOLLOWER]: Advancing to term 3
I0907 21:10:17.031952 1027 raft_consensus.cc:434] T 55077156aad54bed9cc6874ca5200a0f P c9439a2a1ffa4e46b0c3295641b039be [term 3 FOLLOWER]: Starting leader election with config: opid_index: -1 OBSOLETE_local: true peers { permanent_uuid: "c9439a2a1ffa4e46b0c3295641b039be" member_type: VOTER last_known_addr { host: "127.0.180.1" port: 46139 } }
I0907 21:10:17.032361 1027 leader_election.cc:248] T 55077156aad54bed9cc6874ca5200a0f P c9439a2a1ffa4e46b0c3295641b039be [CANDIDATE]: Term 3 election: Election decided. Result: candidate won.
I0907 21:10:17.033008 1137 raft_consensus.cc:2456] T 55077156aad54bed9cc6874ca5200a0f P c9439a2a1ffa4e46b0c3295641b039be: Snoozing failure detection for 1.738s (election complete)
I0907 21:10:17.033113 1137 raft_consensus.cc:2280] T 55077156aad54bed9cc6874ca5200a0f P c9439a2a1ffa4e46b0c3295641b039be [term 3 FOLLOWER]: Leader election won for term 3
I0907 21:10:17.033818 1133 heartbeater.cc:406] Master 127.0.180.254:58038 was elected leader, sending a full tablet report...
I0907 21:10:17.034200 1027 ts_tablet_manager.cc:846] T 55077156aad54bed9cc6874ca5200a0f P c9439a2a1ffa4e46b0c3295641b039be: Time spent starting tablet: real 0.009s user 0.008s sys 0.004s
I0907 21:10:17.034512 1137 raft_consensus.cc:542] T 55077156aad54bed9cc6874ca5200a0f P c9439a2a1ffa4e46b0c3295641b039be [term 3 LEADER]: Becoming Leader. State: Replica: c9439a2a1ffa4e46b0c3295641b039be, State: Running, Role: LEADER
I0907 21:10:17.034659 1012 ts_tablet_manager.cc:541] T 55077156aad54bed9cc6874ca5200a0f P b2a125044b7e48a4bb00ad3eacf18556: Initiating tablet copy from peer c9439a2a1ffa4e46b0c3295641b039be (127.0.180.1:46139)
I0907 21:10:17.034792 1012 tablet_copy_client.cc:224] T 55077156aad54bed9cc6874ca5200a0f P b2a125044b7e48a4bb00ad3eacf18556: tablet copy: Beginning tablet copy session from remote peer at address 127.0.180.1:46139
I0907 21:10:17.034714 1137 consensus_queue.cc:169] T 55077156aad54bed9cc6874ca5200a0f P c9439a2a1ffa4e46b0c3295641b039be [LEADER]: Queue going to LEADER mode. State: All replicated index: 0, Majority replicated index: 209, Committed index: 209, Last appended: 2.209, Last appended by leader: 209, Current term: 3, Majority size: 1, State: 0, Mode: LEADER, active raft config: opid_index: -1 OBSOLETE_local: true peers { permanent_uuid: "c9439a2a1ffa4e46b0c3295641b039be" member_type: VOTER last_known_addr { host: "127.0.180.1" port: 46139 } }
I0907 21:10:17.035792 1110 tablet_copy_service.cc:132] P c9439a2a1ffa4e46b0c3295641b039be: Received BeginTabletCopySession request for tablet 55077156aad54bed9cc6874ca5200a0f from peer b2a125044b7e48a4bb00ad3eacf18556 ({username='slave'} at 127.0.180.2:32771)
I0907 21:10:17.041234 1110 tablet_copy_service.cc:151] P c9439a2a1ffa4e46b0c3295641b039be: Beginning new tablet copy session on tablet 55077156aad54bed9cc6874ca5200a0f from peer b2a125044b7e48a4bb00ad3eacf18556 at {username='slave'} at 127.0.180.2:32771: session id = b2a125044b7e48a4bb00ad3eacf18556-55077156aad54bed9cc6874ca5200a0f
I0907 21:10:17.042582 534 catalog_manager.cc:2569] T 55077156aad54bed9cc6874ca5200a0f reported cstate change: term changed from 2 to 3. New cstate: current_term: 3 leader_uuid: "c9439a2a1ffa4e46b0c3295641b039be" committed_config { opid_index: -1 OBSOLETE_local: true peers { permanent_uuid: "c9439a2a1ffa4e46b0c3295641b039be" member_type: VOTER last_known_addr { host: "127.0.180.1" port: 46139 } } }
I0907 21:10:17.043437 1110 tablet_copy_source_session.cc:186] T 55077156aad54bed9cc6874ca5200a0f P c9439a2a1ffa4e46b0c3295641b039be: Tablet Copy: opened 0 blocks and 1 log segments
I0907 21:10:17.055436 1012 ts_tablet_manager.cc:943] T 55077156aad54bed9cc6874ca5200a0f P b2a125044b7e48a4bb00ad3eacf18556: Registered tablet (data state: TABLET_DATA_COPYING)
I0907 21:10:17.055614 1012 tablet_copy_client.cc:507] T 55077156aad54bed9cc6874ca5200a0f P b2a125044b7e48a4bb00ad3eacf18556: tablet copy: Starting download of 0 data blocks...
I0907 21:10:17.055773 1012 tablet_copy_client.cc:470] T 55077156aad54bed9cc6874ca5200a0f P b2a125044b7e48a4bb00ad3eacf18556: tablet copy: Starting download of 1 WAL segments...
I0907 21:10:17.066920 1012 tablet_copy_client.cc:376] T 55077156aad54bed9cc6874ca5200a0f P b2a125044b7e48a4bb00ad3eacf18556: tablet copy: Tablet Copy complete. Replacing tablet superblock.
I0907 21:10:17.069201 1012 ts_tablet_manager.cc:793] T 55077156aad54bed9cc6874ca5200a0f P b2a125044b7e48a4bb00ad3eacf18556: Bootstrapping tablet
I0907 21:10:17.069450 1012 tablet_bootstrap.cc:433] T 55077156aad54bed9cc6874ca5200a0f P b2a125044b7e48a4bb00ad3eacf18556: Bootstrap starting.
I0907 21:10:17.120986 1012 log.cc:518] T 55077156aad54bed9cc6874ca5200a0f P b2a125044b7e48a4bb00ad3eacf18556: Log is configured to *not* fsync() on all Append() calls
W0907 21:10:18.351596 1012 log.cc:660] Time spent T 55077156aad54bed9cc6874ca5200a0f P b2a125044b7e48a4bb00ad3eacf18556: Append to log took a long time: real 0.681s user 0.004s sys 0.000s
W0907 21:10:18.383529 881 kernel_stack_watchdog.cc:155] Thread 1012 stuck at /data/1/hao/kudu/src/kudu/consensus/log.cc:662 for 637ms: Kernel stack: [] sleep_on_shadow_bh+0x0/0x20 [jbd2] [] sleep_on_shadow_bh+0xe/0x20 [jbd2] [] sleep_on_shadow_bh+0x0/0x20 [jbd2] [] wake_bit_function+0x0/0x50 [] do_get_write_access+0x1cb/0x500 [jbd2] [] __getblk+0x2a/0x2c0 [] kmem_cache_alloc+0x1d0/0x1e0 [] ext4_dirty_inode+0x47/0x80 [ext4] [] jbd2_journal_get_write_access+0x2e/0x50 [jbd2] [] __ext4_journal_get_write_access+0x43/0x90 [ext4] [] ext4_reserve_inode_write+0x80/0xb0 [ext4] [] ext4_mark_inode_dirty+0x57/0x230 [ext4] [] ext4_dirty_inode+0x47/0x80 [ext4] [] __mark_inode_dirty+0x4f/0x2d0 [] update_time+0x79/0xc0 [] mnt_clone_write+0xe/0x30 [] file_update_time+0xa1/0x100 [] __generic_file_write_iter+0x15a/0x360 [] ext4_file_write_iter+0x115/0x3e0 [ext4] [] au_ready_to_write+0x26a/0x3f0 [aufs] [] au_opts_parse+0x7ef/0x960 [aufs] [] au_do_iter+0x80/0xf0 [aufs] [] aufs_write_iter+0xf8/0x200 [aufs] [] do_iter_readv_writev+0x5b/0x90 [] aufs_write_iter+0x0/0x200 [aufs] [] do_readv_writev+0xdd/0x300 [] aufs_write_iter+0x0/0x200 [aufs] [] task_cputime_adjusted+0x47/0x50 [] put_prev_entity+0x81/0x290 [] aufs_write+0x0/0x220 [aufs] [] getrusage+0x28/0x40 [] SyS_pwritev+0xcb/0xd0 [] system_call_fast_compare_end+0x10/0x15 [] 0xffffffffffffffff User stack: @ 0x7f23c0cd9cb0 (unknown) at ??:0 @ 0x7f23c0d947e2 pwritev at ??:0 @ 0x49ad5b __interceptor_pwritev at /data/1/hao/kudu/thirdparty/src/llvm-4.0.0.src/projects/compiler-rt/lib/asan/../sanitizer_common/sanitizer_common_interceptors.inc:1691 @ 0x7f23c48609cb kudu::(anonymous namespace)::DoWriteV() at ??:0 @ 0x7f23c485c9e3 kudu::(anonymous namespace)::PosixWritableFile::AppendV() at ??:0 @ 0x7f23cb766119 kudu::log::WritableLogSegment::WriteEntryBatch() at ??:0 @ 0x7f23cb78d6d5 kudu::log::Log::DoAppend() at ??:0 @ 0x7f23cb79a657 kudu::log::Log::Append() at ??:0 @ 0x7f23cc29456a kudu::tablet::TabletBootstrap::PlayWriteRequest() at ??:0 @ 0x7f23cc29200e kudu::tablet::TabletBootstrap::HandleEntryPair() at ??:0 @ 0x7f23cc290a31 kudu::tablet::TabletBootstrap::ApplyCommitMessage() at ??:0 @ 0x7f23cc28dfc4 kudu::tablet::TabletBootstrap::HandleCommitMessage() at ??:0 @ 0x7f23cc28b499 kudu::tablet::TabletBootstrap::HandleEntry() at ??:0 @ 0x7f23cc287af9 kudu::tablet::TabletBootstrap::PlaySegments() at ??:0 @ 0x7f23cc28234b kudu::tablet::TabletBootstrap::RunBootstrap() at ??:0 @ 0x7f23cc27fe60 kudu::tablet::TabletBootstrap::Bootstrap() at ??:0
I0907 21:10:18.522266 1012 tablet_bootstrap.cc:433] T 55077156aad54bed9cc6874ca5200a0f P b2a125044b7e48a4bb00ad3eacf18556: Bootstrap replayed 1/1 log segments. Stats: ops{read=210 overwritten=0 applied=210 ignored=0} inserts{seen=10350 ignored=0} mutations{seen=0 ignored=0} orphaned_commits=0. Pending: 0 replicates
I0907 21:10:18.522753 1012 tablet_bootstrap.cc:433] T 55077156aad54bed9cc6874ca5200a0f P b2a125044b7e48a4bb00ad3eacf18556: Bootstrap complete.
I0907 21:10:18.523222 1012 ts_tablet_manager.cc:818] T 55077156aad54bed9cc6874ca5200a0f P b2a125044b7e48a4bb00ad3eacf18556: Time spent bootstrapping tablet: real 1.454s user 0.712s sys 0.048s
I0907 21:10:18.524754 1012 raft_consensus.cc:287] T 55077156aad54bed9cc6874ca5200a0f P b2a125044b7e48a4bb00ad3eacf18556 [term 3 NON_PARTICIPANT]: Replica starting. Triggering 0 pending transactions. Active config: opid_index: -1 OBSOLETE_local: true peers { permanent_uuid: "c9439a2a1ffa4e46b0c3295641b039be" member_type: VOTER last_known_addr { host: "127.0.180.1" port: 46139 } }
I0907 21:10:18.525173 1012 raft_consensus.cc:576] T 55077156aad54bed9cc6874ca5200a0f P b2a125044b7e48a4bb00ad3eacf18556 [term 3 NON_PARTICIPANT]: Becoming Follower/Learner. State: Replica: b2a125044b7e48a4bb00ad3eacf18556, State: Initialized, Role: NON_PARTICIPANT
I0907 21:10:18.525290 1012 consensus_queue.cc:190] T 55077156aad54bed9cc6874ca5200a0f P b2a125044b7e48a4bb00ad3eacf18556 [NON_LEADER]: Queue going to NON_LEADER mode. State: All replicated index: 0, Majority replicated index: 0, Committed index: 210, Last appended: 3.210, Last appended by leader: 210, Current term: 0, Majority size: -1, State: 0, Mode: NON_LEADER
I0907 21:10:18.526413 1012 ts_tablet_manager.cc:846] T 55077156aad54bed9cc6874ca5200a0f P b2a125044b7e48a4bb00ad3eacf18556: Time spent starting tablet: real 0.003s user 0.004s sys 0.000s
I0907 21:10:18.527285 1110 tablet_copy_service.cc:289] P c9439a2a1ffa4e46b0c3295641b039be: Request end of tablet copy session b2a125044b7e48a4bb00ad3eacf18556-55077156aad54bed9cc6874ca5200a0f received from {username='slave'} at 127.0.180.2:32771
I0907 21:10:18.527402 1110 tablet_copy_service.cc:377] P c9439a2a1ffa4e46b0c3295641b039be: Ending tablet copy session b2a125044b7e48a4bb00ad3eacf18556-55077156aad54bed9cc6874ca5200a0f on tablet 55077156aad54bed9cc6874ca5200a0f with peer b2a125044b7e48a4bb00ad3eacf18556
W0907 21:10:18.536226 1010 ts_tablet_manager.cc:323] T 55077156aad54bed9cc6874ca5200a0f P b2a125044b7e48a4bb00ad3eacf18556: Tablet Copy: Invalid argument: Leader has replica of tablet 55077156aad54bed9cc6874ca5200a0f with term 0, which is lower than last-logged term 3 on local replica. Rejecting tablet copy request
W0907 21:10:18.543823 1011 ts_tablet_manager.cc:323] T 55077156aad54bed9cc6874ca5200a0f P b2a125044b7e48a4bb00ad3eacf18556: Tablet Copy: Invalid argument: Leader has replica of tablet 55077156aad54bed9cc6874ca5200a0f with term 0, which is lower than last-logged term 3 on local replica. Rejecting tablet copy request
W0907 21:10:18.567312 1009 ts_tablet_manager.cc:323] T 55077156aad54bed9cc6874ca5200a0f P b2a125044b7e48a4bb00ad3eacf18556: Tablet Copy: Invalid argument: Leader has replica of tablet 55077156aad54bed9cc6874ca5200a0f with term 0, which is lower than last-logged term 3 on local replica. Rejecting tablet copy request
I0907 21:10:18.570210 933 tablet_service.cc:805] Processing DeleteTablet for tablet 55077156aad54bed9cc6874ca5200a0f with delete_type TABLET_DATA_DELETED from {username='slave'} at 127.0.0.1:38401
I0907 21:10:18.570413 933 tablet_replica.cc:251] T 55077156aad54bed9cc6874ca5200a0f P b2a125044b7e48a4bb00ad3eacf18556: stopping tablet replica
I0907 21:10:18.570603 933 maintenance_manager.cc:228] P b2a125044b7e48a4bb00ad3eacf18556: Unregistered op CompactRowSetsOp(55077156aad54bed9cc6874ca5200a0f)
I0907 21:10:18.570667 933 maintenance_manager.cc:228] P b2a125044b7e48a4bb00ad3eacf18556: Unregistered op MinorDeltaCompactionOp(55077156aad54bed9cc6874ca5200a0f)
I0907 21:10:18.570716 933 maintenance_manager.cc:228] P b2a125044b7e48a4bb00ad3eacf18556: Unregistered op MajorDeltaCompactionOp(55077156aad54bed9cc6874ca5200a0f)
I0907 21:10:18.570776 933 maintenance_manager.cc:228] P b2a125044b7e48a4bb00ad3eacf18556: Unregistered op UndoDeltaBlockGCOp(55077156aad54bed9cc6874ca5200a0f)
I0907 21:10:18.570860 933 maintenance_manager.cc:228] P b2a125044b7e48a4bb00ad3eacf18556: Unregistered op FlushMRSOp(55077156aad54bed9cc6874ca5200a0f)
I0907 21:10:18.570894 933 maintenance_manager.cc:228] P b2a125044b7e48a4bb00ad3eacf18556: Unregistered op FlushDeltaMemStoresOp(55077156aad54bed9cc6874ca5200a0f)
I0907 21:10:18.570930 933 maintenance_manager.cc:228] P b2a125044b7e48a4bb00ad3eacf18556: Unregistered op LogGCOp(55077156aad54bed9cc6874ca5200a0f)
I0907 21:10:18.571000 933 raft_consensus.cc:1807] T 55077156aad54bed9cc6874ca5200a0f P b2a125044b7e48a4bb00ad3eacf18556 [term 3 NON_PARTICIPANT]: Raft consensus shutting down.
I0907 21:10:18.571332 933 raft_consensus.cc:1834] T 55077156aad54bed9cc6874ca5200a0f P b2a125044b7e48a4bb00ad3eacf18556 [term 3 NON_PARTICIPANT]: Raft consensus is shut down!
I0907 21:10:18.572700 933 ts_tablet_manager.cc:1097] T 55077156aad54bed9cc6874ca5200a0f P b2a125044b7e48a4bb00ad3eacf18556: Deleting tablet data with delete state TABLET_DATA_DELETED
I0907 21:10:20.021210 933 ts_tablet_manager.cc:1110] T 55077156aad54bed9cc6874ca5200a0f P b2a125044b7e48a4bb00ad3eacf18556: tablet deleted: last-logged OpId: 3.210
I0907 21:10:20.021394 933 log.cc:960] T 55077156aad54bed9cc6874ca5200a0f P b2a125044b7e48a4bb00ad3eacf18556: Deleting WAL directory at /tmp/run_tha_test6pCJxY/test-tmp/tablet_copy_client_session-itest.TabletCopyClientSessionITest.TestStartTabletCopyWhileSourceBootstrapping.1504818611172218-180/minicluster-data/ts-1/wal/wals/55077156aad54bed9cc6874ca5200a0f
I0907 21:10:20.021910 933 ts_tablet_manager.cc:1128] T 55077156aad54bed9cc6874ca5200a0f P b2a125044b7e48a4bb00ad3eacf18556: Deleting consensus metadata
I0907 21:10:20.023455 933 rpcz_store.cc:258] Call kudu.tserver.TabletServerAdminService.DeleteTablet from 127.0.0.1:38401 (request call id 798) took 1453ms. Request Metrics: {}
I0907 21:10:20.024711 180 external_mini_cluster.cc:1000] Attempting to check leaks for /tmp/run_tha_test6pCJxY/build/asan/bin/kudu-tserver pid 877
I0907 21:10:20.025847 993 generic_service.cc:133] Checking for leaks (request via RPC)
I0907 21:10:20.104708 180 external_mini_cluster.cc:959] Killing /tmp/run_tha_test6pCJxY/build/asan/bin/kudu-tserver with pid 877
W0907 21:10:20.117308 521 connection.cc:511] server connection from 127.0.180.2:59616 recv error: Network error: failed to read from TLS socket: Connection reset by peer (error 104)
W0907 21:10:20.117308 185 connection.cc:511] client connection to 127.0.180.2:59419 recv error: Network error: failed to read from TLS socket: Connection reset by peer (error 104)
I0907 21:10:20.117774 180 external_mini_cluster.cc:767] Running /tmp/run_tha_test6pCJxY/build/asan/bin/kudu-tserver /tmp/run_tha_test6pCJxY/build/asan/bin/kudu-tserver --fs_wal_dir=/tmp/run_tha_test6pCJxY/test-tmp/tablet_copy_client_session-itest.TabletCopyClientSessionITest.TestStartTabletCopyWhileSourceBootstrapping.1504818611172218-180/minicluster-data/ts-1/wal --fs_data_dirs=/tmp/run_tha_test6pCJxY/test-tmp/tablet_copy_client_session-itest.TabletCopyClientSessionITest.TestStartTabletCopyWhileSourceBootstrapping.1504818611172218-180/minicluster-data/ts-1/data --rpc_bind_addresses=127.0.180.2:59419 --local_ip_for_outbound_sockets=127.0.180.2 --webserver_port=55762 --webserver_interface=127.0.180.2 --tserver_master_addrs=127.0.180.254:58038 --never_fsync --ipki_server_key_size=1024 --enable_minidumps=false --redact=flag --metrics_log_interval_ms=1000 --logtostderr --logbuflevel=-1 --log_dir=/tmp/run_tha_test6pCJxY/test-tmp/tablet_copy_client_session-itest.TabletCopyClientSessionITest.TestStartTabletCopyWhileSourceBootstrapping.1504818611172218-180/minicluster-data/ts-1/logs --server_dump_info_path=/tmp/run_tha_test6pCJxY/test-tmp/tablet_copy_client_session-itest.TabletCopyClientSessionITest.TestStartTabletCopyWhileSourceBootstrapping.1504818611172218-180/minicluster-data/ts-1/data/info.pb --server_dump_info_format=pb --rpc_server_allow_ephemeral_ports --unlock_experimental_flags --unlock_unsafe_flags with env {}
W0907 21:10:20.117839 1020 connection.cc:511] server connection from 127.0.180.2:32771 recv error: Network error: failed to read from TLS socket: Connection reset by peer (error 104) WARNING: Logging before InitGoogleLogging() is written to STDERR
W0907 21:10:20.203827 1164 flags.cc:395] Enabled unsafe flag: --rpc_server_allow_ephemeral_ports=true
W0907 21:10:20.204047 1164 flags.cc:395] Enabled unsafe flag: --never_fsync=true
W0907 21:10:20.205703 1164 flags.cc:395] Enabled experimental flag: --ipki_server_key_size=1024
W0907 21:10:20.205799 1164 flags.cc:395] Enabled experimental flag: --local_ip_for_outbound_sockets=127.0.180.2
I0907 21:10:20.208758 1164 tablet_server_main.cc:72] Tablet server non-default flags: --fs_data_dirs=/tmp/run_tha_test6pCJxY/test-tmp/tablet_copy_client_session-itest.TabletCopyClientSessionITest.TestStartTabletCopyWhileSourceBootstrapping.1504818611172218-180/minicluster-data/ts-1/data --fs_wal_dir=/tmp/run_tha_test6pCJxY/test-tmp/tablet_copy_client_session-itest.TabletCopyClientSessionITest.TestStartTabletCopyWhileSourceBootstrapping.1504818611172218-180/minicluster-data/ts-1/wal --ipki_server_key_size=1024 --rpc_bind_addresses=127.0.180.2:59419 --rpc_server_allow_ephemeral_ports=true --metrics_log_interval_ms=1000 --server_dump_info_format=pb --server_dump_info_path=/tmp/run_tha_test6pCJxY/test-tmp/tablet_copy_client_session-itest.TabletCopyClientSessionITest.TestStartTabletCopyWhileSourceBootstrapping.1504818611172218-180/minicluster-data/ts-1/data/info.pb --webserver_interface=127.0.180.2 --webserver_port=55762 --tserver_master_addrs=127.0.180.254:58038 --never_fsync=true --heap_profile_path=/tmp/kudu-tserver.1164 --redact=flag --unlock_experimental_flags=true --unlock_unsafe_flags=true --enable_minidumps=false --local_ip_for_outbound_sockets=127.0.180.2 --log_dir=/tmp/run_tha_test6pCJxY/test-tmp/tablet_copy_client_session-itest.TabletCopyClientSessionITest.TestStartTabletCopyWhileSourceBootstrapping.1504818611172218-180/minicluster-data/ts-1/logs --logbuflevel=-1 --logtostderr=true Tablet server version: kudu 1.6.0-SNAPSHOT revision a71ecfd4a232c82ccf6f3b8fb452eaed3528ad46-dirty build type DEBUG built by hao.hao at 07 Sep 2017 14:01:21 PST on ve0518.halxg.cloudera.com ASAN enabled
I0907 21:10:20.215673 1164 tablet_server_main.cc:79] Initializing tablet server...
I0907 21:10:20.216907 1164 system_ntp.cc:104] NTP initialized. Resolution in nanos?: 1 Skew PPM: 500 Current error: 1021418
I0907 21:10:20.227556 1164 fs_manager.cc:323] Time spent opening directory manager: real 0.008s user 0.000s sys 0.008s
I0907 21:10:20.227854 1164 env_posix.cc:1590] Not raising process file limit of 65536; it is already as high as it can go
I0907 21:10:20.228140 1164 file_cache.cc:469] Constructed file cache lbm with capacity 26214
I0907 21:10:20.232388 1164 fs_manager.cc:335] Time spent opening block manager: real 0.002s user 0.004s sys 0.000s
I0907 21:10:20.232518 1164 fs_manager.cc:348] Opened local filesystem: /tmp/run_tha_test6pCJxY/test-tmp/tablet_copy_client_session-itest.TabletCopyClientSessionITest.TestStartTabletCopyWhileSourceBootstrapping.1504818611172218-180/minicluster-data/ts-1/data,/tmp/run_tha_test6pCJxY/test-tmp/tablet_copy_client_session-itest.TabletCopyClientSessionITest.TestStartTabletCopyWhileSourceBootstrapping.1504818611172218-180/minicluster-data/ts-1/wal uuid: "b2a125044b7e48a4bb00ad3eacf18556" format_stamp: "Formatted at 2017-09-07 21:10:11 on dist-test-slave-dist-test-slave-ttl2"
I0907 21:10:20.233494 1164 fs_report.cc:347] Block manager report -------------------- 1 data directories: /tmp/run_tha_test6pCJxY/test-tmp/tablet_copy_client_session-itest.TabletCopyClientSessionITest.TestStartTabletCopyWhileSourceBootstrapping.1504818611172218-180/minicluster-data/ts-1/data/data Total live blocks: 0 Total live bytes: 0 Total live bytes (after alignment): 0 Total number of LBM containers: 0 (0 full) Did not check for missing blocks Did not check for orphaned blocks Total full LBM containers with extra space: 0 (0 repaired) Total full LBM container extra space in bytes: 0 (0 repaired) Total incomplete LBM containers: 0 (0 repaired) Total LBM partial records: 0 (0 repaired)
I0907 21:10:20.261848 1164 ts_tablet_manager.cc:211] Loaded tablet metadata (0 live tablets)
I0907 21:10:20.263506 1164 tablet_server_main.cc:84] Starting tablet server...
I0907 21:10:20.285214 1164 rpc_server.cc:192] RPC server started. Bound to: 127.0.180.2:59419
I0907 21:10:20.285742 1164 webserver.cc:149] Starting webserver on 127.0.180.2:55762
I0907 21:10:20.285787 1164 webserver.cc:160] Document root disabled
I0907 21:10:20.286556 1164 webserver.cc:282] Webserver started. Bound to: http://127.0.180.2:55762/
I0907 21:10:20.287324 1164 server_base.cc:372] Dumped server information to /tmp/run_tha_test6pCJxY/test-tmp/tablet_copy_client_session-itest.TabletCopyClientSessionITest.TestStartTabletCopyWhileSourceBootstrapping.1504818611172218-180/minicluster-data/ts-1/data/info.pb
I0907 21:10:20.287926 180 external_mini_cluster.cc:829] Started /tmp/run_tha_test6pCJxY/build/asan/bin/kudu-tserver as pid 1164
I0907 21:10:20.288146 180 tablet_copy_client_session-itest.cc:134] Starting loop 2
I0907 21:10:20.288213 180 external_mini_cluster.cc:1000] Attempting to check leaks for /tmp/run_tha_test6pCJxY/build/asan/bin/kudu-tserver pid 1008
I0907 21:10:20.288133 1284 process_memory.cc:181] Process hard memory limit is 11.777661 GB
I0907 21:10:20.288254 1164 tablet_server_main.cc:87] Tablet server successfully started.
I0907 21:10:20.288277 1284 process_memory.cc:183] Process soft memory limit is 9.422129 GB
I0907 21:10:20.288319 1284 process_memory.cc:186] Process memory pressure threshold is 7.066597 GB
I0907 21:10:20.294980 1130 generic_service.cc:133] Checking for leaks (request via RPC)
I0907 21:10:20.302767 1283 heartbeater.cc:317] Connected to a master server at 127.0.180.254:58038
I0907 21:10:20.302939 1283 heartbeater.cc:387] Registering TS with master...
I0907 21:10:20.303396 1283 heartbeater.cc:414] Master 127.0.180.254:58038 requested a full tablet report, sending...
I0907 21:10:20.304559 534 ts_manager.cc:87] Re-registered known tserver with Master: b2a125044b7e48a4bb00ad3eacf18556 (127.0.180.2:59419)
I0907 21:10:20.305333 534 master_service.cc:203] Signed X509 certificate for tserver {username='slave'} at 127.0.180.2:51169
I0907 21:10:20.358754 180 external_mini_cluster.cc:959] Killing /tmp/run_tha_test6pCJxY/build/asan/bin/kudu-tserver with pid 1008
W0907 21:10:20.369909 520 connection.cc:511] server connection from 127.0.180.1:45308 recv error: Network error: failed to read from TLS socket: Connection reset by peer (error 104)
W0907 21:10:20.369909 185 connection.cc:511] client connection to 127.0.180.1:46139 recv error: Network error: failed to read from TLS socket: Connection reset by peer (error 104)
I0907 21:10:20.372735 180 external_mini_cluster.cc:767] Running /tmp/run_tha_test6pCJxY/build/asan/bin/kudu-tserver /tmp/run_tha_test6pCJxY/build/asan/bin/kudu-tserver --fs_wal_dir=/tmp/run_tha_test6pCJxY/test-tmp/tablet_copy_client_session-itest.TabletCopyClientSessionITest.TestStartTabletCopyWhileSourceBootstrapping.1504818611172218-180/minicluster-data/ts-0/wal --fs_data_dirs=/tmp/run_tha_test6pCJxY/test-tmp/tablet_copy_client_session-itest.TabletCopyClientSessionITest.TestStartTabletCopyWhileSourceBootstrapping.1504818611172218-180/minicluster-data/ts-0/data --rpc_bind_addresses=127.0.180.1:46139 --local_ip_for_outbound_sockets=127.0.180.1 --webserver_port=42017 --webserver_interface=127.0.180.1 --tserver_master_addrs=127.0.180.254:58038 --never_fsync --ipki_server_key_size=1024 --enable_minidumps=false --redact=flag --metrics_log_interval_ms=1000 --logtostderr --logbuflevel=-1 --log_dir=/tmp/run_tha_test6pCJxY/test-tmp/tablet_copy_client_session-itest.TabletCopyClientSessionITest.TestStartTabletCopyWhileSourceBootstrapping.1504818611172218-180/minicluster-data/ts-0/logs --server_dump_info_path=/tmp/run_tha_test6pCJxY/test-tmp/tablet_copy_client_session-itest.TabletCopyClientSessionITest.TestStartTabletCopyWhileSourceBootstrapping.1504818611172218-180/minicluster-data/ts-0/data/info.pb --server_dump_info_format=pb --rpc_server_allow_ephemeral_ports --unlock_experimental_flags --unlock_unsafe_flags with env {}
I0907 21:10:20.383673 1297 ts_tablet_manager.cc:541] T 55077156aad54bed9cc6874ca5200a0f P b2a125044b7e48a4bb00ad3eacf18556: Initiating tablet copy from peer c9439a2a1ffa4e46b0c3295641b039be (127.0.180.1:46139)
I0907 21:10:20.383893 1297 tablet_copy_client.cc:224] T 55077156aad54bed9cc6874ca5200a0f P b2a125044b7e48a4bb00ad3eacf18556: tablet copy: Beginning tablet copy session from remote peer at address 127.0.180.1:46139
I0907 21:10:20.387337 1296 ts_tablet_manager.cc:541] T 55077156aad54bed9cc6874ca5200a0f P b2a125044b7e48a4bb00ad3eacf18556: Initiating tablet copy from peer c9439a2a1ffa4e46b0c3295641b039be (127.0.180.1:46139)
I0907 21:10:20.387495 1296 tablet_copy_client.cc:224] T 55077156aad54bed9cc6874ca5200a0f P b2a125044b7e48a4bb00ad3eacf18556: tablet copy: Beginning tablet copy session from remote peer at address 127.0.180.1:46139
I0907 21:10:20.395725 1298 ts_tablet_manager.cc:541] T 55077156aad54bed9cc6874ca5200a0f P b2a125044b7e48a4bb00ad3eacf18556: Initiating tablet copy from peer c9439a2a1ffa4e46b0c3295641b039be (127.0.180.1:46139)
I0907 21:10:20.395843 1298 tablet_copy_client.cc:224] T 55077156aad54bed9cc6874ca5200a0f P b2a125044b7e48a4bb00ad3eacf18556: tablet copy: Beginning tablet copy session from remote peer at address 127.0.180.1:46139
I0907 21:10:20.409740 1299 ts_tablet_manager.cc:541] T 55077156aad54bed9cc6874ca5200a0f P b2a125044b7e48a4bb00ad3eacf18556: Initiating tablet copy from peer c9439a2a1ffa4e46b0c3295641b039be (127.0.180.1:46139)
I0907 21:10:20.409963 1299 tablet_copy_client.cc:224] T 55077156aad54bed9cc6874ca5200a0f P b2a125044b7e48a4bb00ad3eacf18556: tablet copy: Beginning tablet copy session from remote peer at address 127.0.180.1:46139
I0907 21:10:20.413525 1297 ts_tablet_manager.cc:541] T 55077156aad54bed9cc6874ca5200a0f P b2a125044b7e48a4bb00ad3eacf18556: Initiating tablet copy from peer c9439a2a1ffa4e46b0c3295641b039be (127.0.180.1:46139)
I0907 21:10:20.413702 1297 tablet_copy_client.cc:224] T 55077156aad54bed9cc6874ca5200a0f P b2a125044b7e48a4bb00ad3eacf18556: tablet copy: Beginning tablet copy session from remote peer at address 127.0.180.1:46139
I0907 21:10:20.417188 1296 ts_tablet_manager.cc:541] T 55077156aad54bed9cc6874ca5200a0f P b2a125044b7e48a4bb00ad3eacf18556: Initiating tablet copy from peer c9439a2a1ffa4e46b0c3295641b039be (127.0.180.1:46139)
I0907 21:10:20.417323 1296 tablet_copy_client.cc:224] T 55077156aad54bed9cc6874ca5200a0f P b2a125044b7e48a4bb00ad3eacf18556: tablet copy: Beginning tablet copy session from remote peer at address 127.0.180.1:46139
I0907 21:10:20.421480 1298 ts_tablet_manager.cc:541] T 55077156aad54bed9cc6874ca5200a0f P b2a125044b7e48a4bb00ad3eacf18556: Initiating tablet copy from peer c9439a2a1ffa4e46b0c3295641b039be (127.0.180.1:46139)
I0907 21:10:20.421646 1298 tablet_copy_client.cc:224] T 55077156aad54bed9cc6874ca5200a0f P b2a125044b7e48a4bb00ad3eacf18556: tablet copy: Beginning tablet copy session from remote peer at address 127.0.180.1:46139
I0907 21:10:20.427966 1299 ts_tablet_manager.cc:541] T 55077156aad54bed9cc6874ca5200a0f P b2a125044b7e48a4bb00ad3eacf18556: Initiating tablet copy from peer c9439a2a1ffa4e46b0c3295641b039be (127.0.180.1:46139)
I0907 21:10:20.428113 1299 tablet_copy_client.cc:224] T 55077156aad54bed9cc6874ca5200a0f P b2a125044b7e48a4bb00ad3eacf18556: tablet copy: Beginning tablet copy session from remote peer at address 127.0.180.1:46139
I0907 21:10:20.435941 1297 ts_tablet_manager.cc:541] T 55077156aad54bed9cc6874ca5200a0f P b2a125044b7e48a4bb00ad3eacf18556: Initiating tablet copy from peer c9439a2a1ffa4e46b0c3295641b039be (127.0.180.1:46139)
I0907 21:10:20.436079 1297 tablet_copy_client.cc:224] T 55077156aad54bed9cc6874ca5200a0f P b2a125044b7e48a4bb00ad3eacf18556: tablet copy: Beginning tablet copy session from remote peer at address 127.0.180.1:46139
I0907 21:10:20.442548 1296 ts_tablet_manager.cc:541] T 55077156aad54bed9cc6874ca5200a0f P b2a125044b7e48a4bb00ad3eacf18556: Initiating tablet copy from peer c9439a2a1ffa4e46b0c3295641b039be (127.0.180.1:46139)
I0907 21:10:20.442677 1296 tablet_copy_client.cc:224] T 55077156aad54bed9cc6874ca5200a0f P b2a125044b7e48a4bb00ad3eacf18556: tablet copy: Beginning tablet copy session from remote peer at address 127.0.180.1:46139
I0907 21:10:20.448848 1298 ts_tablet_manager.cc:541] T 55077156aad54bed9cc6874ca5200a0f P b2a125044b7e48a4bb00ad3eacf18556: Initiating tablet copy from peer c9439a2a1ffa4e46b0c3295641b039be (127.0.180.1:46139)
I0907 21:10:20.449005 1298 tablet_copy_client.cc:224] T 55077156aad54bed9cc6874ca5200a0f P b2a125044b7e48a4bb00ad3eacf18556: tablet copy: Beginning tablet copy session from remote peer at address 127.0.180.1:46139 WARNING: Logging before InitGoogleLogging() is written to STDERR
W0907 21:10:20.465072 1295 flags.cc:395] Enabled unsafe flag: --rpc_server_allow_ephemeral_ports=true
W0907 21:10:20.465296 1295 flags.cc:395] Enabled unsafe flag: --never_fsync=true
W0907 21:10:20.467031 1295 flags.cc:395] Enabled experimental flag: --ipki_server_key_size=1024
W0907 21:10:20.467134 1295 flags.cc:395] Enabled experimental flag: --local_ip_for_outbound_sockets=127.0.180.1
I0907 21:10:20.469045 1299 ts_tablet_manager.cc:541] T 55077156aad54bed9cc6874ca5200a0f P b2a125044b7e48a4bb00ad3eacf18556: Initiating tablet copy from peer c9439a2a1ffa4e46b0c3295641b039be (127.0.180.1:46139)
I0907 21:10:20.469202 1299 tablet_copy_client.cc:224] T 55077156aad54bed9cc6874ca5200a0f P b2a125044b7e48a4bb00ad3eacf18556: tablet copy: Beginning tablet copy session from remote peer at address 127.0.180.1:46139
I0907 21:10:20.471664 1295 tablet_server_main.cc:72] Tablet server non-default flags: --fs_data_dirs=/tmp/run_tha_test6pCJxY/test-tmp/tablet_copy_client_session-itest.TabletCopyClientSessionITest.TestStartTabletCopyWhileSourceBootstrapping.1504818611172218-180/minicluster-data/ts-0/data --fs_wal_dir=/tmp/run_tha_test6pCJxY/test-tmp/tablet_copy_client_session-itest.TabletCopyClientSessionITest.TestStartTabletCopyWhileSourceBootstrapping.1504818611172218-180/minicluster-data/ts-0/wal --ipki_server_key_size=1024 --rpc_bind_addresses=127.0.180.1:46139 --rpc_server_allow_ephemeral_ports=true --metrics_log_interval_ms=1000 --server_dump_info_format=pb --server_dump_info_path=/tmp/run_tha_test6pCJxY/test-tmp/tablet_copy_client_session-itest.TabletCopyClientSessionITest.TestStartTabletCopyWhileSourceBootstrapping.1504818611172218-180/minicluster-data/ts-0/data/info.pb --webserver_interface=127.0.180.1 --webserver_port=42017 --tserver_master_addrs=127.0.180.254:58038 --never_fsync=true --heap_profile_path=/tmp/kudu-tserver.1295 --redact=flag --unlock_experimental_flags=true --unlock_unsafe_flags=true --enable_minidumps=false --local_ip_for_outbound_sockets=127.0.180.1 --log_dir=/tmp/run_tha_test6pCJxY/test-tmp/tablet_copy_client_session-itest.TabletCopyClientSessionITest.TestStartTabletCopyWhileSourceBootstrapping.1504818611172218-180/minicluster-data/ts-0/logs --logbuflevel=-1 --logtostderr=true Tablet server version: kudu 1.6.0-SNAPSHOT revision a71ecfd4a232c82ccf6f3b8fb452eaed3528ad46-dirty build type DEBUG built by hao.hao at 07 Sep 2017 14:01:21 PST on ve0518.halxg.cloudera.com ASAN enabled
I0907 21:10:20.479321 1295 tablet_server_main.cc:79] Initializing tablet server...
I0907 21:10:20.480736 1295 system_ntp.cc:104] NTP initialized. Resolution in nanos?: 1 Skew PPM: 500 Current error: 1021418
I0907 21:10:20.483677 1296 ts_tablet_manager.cc:541] T 55077156aad54bed9cc6874ca5200a0f P b2a125044b7e48a4bb00ad3eacf18556: Initiating tablet copy from peer c9439a2a1ffa4e46b0c3295641b039be (127.0.180.1:46139)
I0907 21:10:20.483814 1296 tablet_copy_client.cc:224] T 55077156aad54bed9cc6874ca5200a0f P b2a125044b7e48a4bb00ad3eacf18556: tablet copy: Beginning tablet copy session from remote peer at address 127.0.180.1:46139
I0907 21:10:20.486629 1295 fs_manager.cc:323] Time spent opening directory manager: real 0.003s user 0.000s sys 0.000s
I0907 21:10:20.486918 1295 env_posix.cc:1590] Not raising process file limit of 65536; it is already as high as it can go
I0907 21:10:20.487066 1297 ts_tablet_manager.cc:541] T 55077156aad54bed9cc6874ca5200a0f P b2a125044b7e48a4bb00ad3eacf18556: Initiating tablet copy from peer c9439a2a1ffa4e46b0c3295641b039be (127.0.180.1:46139)
I0907 21:10:20.487195 1295 file_cache.cc:469] Constructed file cache lbm with capacity 26214
I0907 21:10:20.487192 1297 tablet_copy_client.cc:224] T 55077156aad54bed9cc6874ca5200a0f P b2a125044b7e48a4bb00ad3eacf18556: tablet copy: Beginning tablet copy session from remote peer at address 127.0.180.1:46139
I0907 21:10:20.490943 1299 ts_tablet_manager.cc:541] T 55077156aad54bed9cc6874ca5200a0f P b2a125044b7e48a4bb00ad3eacf18556: Initiating tablet copy from peer c9439a2a1ffa4e46b0c3295641b039be (127.0.180.1:46139)
I0907 21:10:20.491065 1299 tablet_copy_client.cc:224] T 55077156aad54bed9cc6874ca5200a0f P b2a125044b7e48a4bb00ad3eacf18556: tablet copy: Beginning tablet copy session from remote peer at address 127.0.180.1:46139
I0907 21:10:20.491385 1295 fs_manager.cc:335] Time spent opening block manager: real 0.002s user 0.000s sys 0.004s
I0907 21:10:20.491528 1295 fs_manager.cc:348] Opened local filesystem: /tmp/run_tha_test6pCJxY/test-tmp/tablet_copy_client_session-itest.TabletCopyClientSessionITest.TestStartTabletCopyWhileSourceBootstrapping.1504818611172218-180/minicluster-data/ts-0/data,/tmp/run_tha_test6pCJxY/test-tmp/tablet_copy_client_session-itest.TabletCopyClientSessionITest.TestStartTabletCopyWhileSourceBootstrapping.1504818611172218-180/minicluster-data/ts-0/wal uuid: "c9439a2a1ffa4e46b0c3295641b039be" format_stamp: "Formatted at 2017-09-07 21:10:11 on dist-test-slave-dist-test-slave-ttl2"
I0907 21:10:20.492460 1295 fs_report.cc:347] Block manager report -------------------- 1 data directories: /tmp/run_tha_test6pCJxY/test-tmp/tablet_copy_client_session-itest.TabletCopyClientSessionITest.TestStartTabletCopyWhileSourceBootstrapping.1504818611172218-180/minicluster-data/ts-0/data/data Total live blocks: 0 Total live bytes: 0 Total live bytes (after alignment): 0 Total number of LBM containers: 0 (0 full) Did not check for missing blocks Did not check for orphaned blocks Total full LBM containers with extra space: 0 (0 repaired) Total full LBM container extra space in bytes: 0 (0 repaired) Total incomplete LBM containers: 0 (0 repaired) Total LBM partial records: 0 (0 repaired)
I0907 21:10:20.504367 1298 ts_tablet_manager.cc:541] T 55077156aad54bed9cc6874ca5200a0f P b2a125044b7e48a4bb00ad3eacf18556: Initiating tablet copy from peer c9439a2a1ffa4e46b0c3295641b039be (127.0.180.1:46139)
