I0907 21:10:14.680088 838 tablet_copy_service.cc:132] P c9439a2a1ffa4e46b0c3295641b039be: Received BeginTabletCopySession request for tablet 55077156aad54bed9cc6874ca5200a0f from peer b2a125044b7e48a4bb00ad3eacf18556 ({username='slave'} at 127.0.180.2:36216)
I0907 21:10:14.680186 838 tablet_copy_service.cc:151] P c9439a2a1ffa4e46b0c3295641b039be: Beginning new tablet copy session on tablet 55077156aad54bed9cc6874ca5200a0f from peer b2a125044b7e48a4bb00ad3eacf18556 at {username='slave'} at 127.0.180.2:36216: session id = b2a125044b7e48a4bb00ad3eacf18556-55077156aad54bed9cc6874ca5200a0f
W0907 21:10:14.680297 838 tablet_copy_service.cc:418] P c9439a2a1ffa4e46b0c3295641b039be: Error handling TabletCopyService RPC request from {username='slave'} at 127.0.180.2:36216: Error beginning tablet copy session for tablet 55077156aad54bed9cc6874ca5200a0f: Illegal state: The tablet is not in a running state: BOOTSTRAPPING
I0907 21:10:14.683457 740 ts_tablet_manager.cc:541] T 55077156aad54bed9cc6874ca5200a0f P b2a125044b7e48a4bb00ad3eacf18556: Initiating tablet copy from peer c9439a2a1ffa4e46b0c3295641b039be (127.0.180.1:46139)
I0907 21:10:14.683604 740 tablet_copy_client.cc:224] T 55077156aad54bed9cc6874ca5200a0f P b2a125044b7e48a4bb00ad3eacf18556: tablet copy: Beginning tablet copy session from remote peer at address 127.0.180.1:46139
I0907 21:10:14.684381 838 tablet_copy_service.cc:132] P c9439a2a1ffa4e46b0c3295641b039be: Received BeginTabletCopySession request for tablet 55077156aad54bed9cc6874ca5200a0f from peer b2a125044b7e48a4bb00ad3eacf18556 ({username='slave'} at 127.0.180.2:36216)
I0907 21:10:14.684502 838 tablet_copy_service.cc:151] P c9439a2a1ffa4e46b0c3295641b039be: Beginning new tablet copy session on tablet 55077156aad54bed9cc6874ca5200a0f from peer b2a125044b7e48a4bb00ad3eacf18556 at {username='slave'} at 127.0.180.2:36216: session id = b2a125044b7e48a4bb00ad3eacf18556-55077156aad54bed9cc6874ca5200a0f
W0907 21:10:14.684594 838 tablet_copy_service.cc:418] P c9439a2a1ffa4e46b0c3295641b039be: Error handling TabletCopyService RPC request from {username='slave'} at 127.0.180.2:36216: Error beginning tablet copy session for tablet 55077156aad54bed9cc6874ca5200a0f: Illegal state: The tablet is not in a running state: BOOTSTRAPPING
I0907 21:10:14.697365 755 tablet_bootstrap.cc:433] T 55077156aad54bed9cc6874ca5200a0f P c9439a2a1ffa4e46b0c3295641b039be: Bootstrap replayed 1/1 log segments. Stats: ops{read=208 overwritten=0 applied=208 ignored=0} inserts{seen=10350 ignored=0} mutations{seen=0 ignored=0} orphaned_commits=0. Pending: 0 replicates
I0907 21:10:14.698693 755 tablet_bootstrap.cc:433] T 55077156aad54bed9cc6874ca5200a0f P c9439a2a1ffa4e46b0c3295641b039be: Bootstrap complete.
I0907 21:10:14.699844 755 ts_tablet_manager.cc:818] T 55077156aad54bed9cc6874ca5200a0f P c9439a2a1ffa4e46b0c3295641b039be: Time spent bootstrapping tablet: real 0.816s user 0.728s sys 0.064s
I0907 21:10:14.701341 755 raft_consensus.cc:287] T 55077156aad54bed9cc6874ca5200a0f P c9439a2a1ffa4e46b0c3295641b039be [term 1 FOLLOWER]: Replica starting. Triggering 0 pending transactions. Active config: opid_index: -1 OBSOLETE_local: true peers { permanent_uuid: "c9439a2a1ffa4e46b0c3295641b039be" member_type: VOTER last_known_addr { host: "127.0.180.1" port: 46139 } }
I0907 21:10:14.703375 755 raft_consensus.cc:576] T 55077156aad54bed9cc6874ca5200a0f P c9439a2a1ffa4e46b0c3295641b039be [term 1 FOLLOWER]: Becoming Follower/Learner. State: Replica: c9439a2a1ffa4e46b0c3295641b039be, State: Initialized, Role: FOLLOWER
I0907 21:10:14.703505 755 consensus_queue.cc:190] T 55077156aad54bed9cc6874ca5200a0f P c9439a2a1ffa4e46b0c3295641b039be [NON_LEADER]: Queue going to NON_LEADER mode. State: All replicated index: 0, Majority replicated index: 0, Committed index: 208, Last appended: 1.208, Last appended by leader: 208, Current term: 0, Majority size: -1, State: 0, Mode: NON_LEADER
I0907 21:10:14.703593 755 raft_consensus.cc:328] T 55077156aad54bed9cc6874ca5200a0f P c9439a2a1ffa4e46b0c3295641b039be [term 1 FOLLOWER]: Only one voter in the Raft config. Triggering election immediately
I0907 21:10:14.703650 755 raft_consensus.cc:412] T 55077156aad54bed9cc6874ca5200a0f P c9439a2a1ffa4e46b0c3295641b039be [term 1 FOLLOWER]: Starting leader election (initial election of a single-replica configuration)
I0907 21:10:14.703724 755 raft_consensus.cc:2456] T 55077156aad54bed9cc6874ca5200a0f P c9439a2a1ffa4e46b0c3295641b039be: Snoozing failure detection for 2.052s (starting election)
I0907 21:10:14.703794 755 raft_consensus.cc:2508] T 55077156aad54bed9cc6874ca5200a0f P c9439a2a1ffa4e46b0c3295641b039be [term 1 FOLLOWER]: Advancing to term 2
I0907 21:10:14.704928 738 ts_tablet_manager.cc:541] T 55077156aad54bed9cc6874ca5200a0f P b2a125044b7e48a4bb00ad3eacf18556: Initiating tablet copy from peer c9439a2a1ffa4e46b0c3295641b039be (127.0.180.1:46139)
I0907 21:10:14.705076 738 tablet_copy_client.cc:224] T 55077156aad54bed9cc6874ca5200a0f P b2a125044b7e48a4bb00ad3eacf18556: tablet copy: Beginning tablet copy session from remote peer at address 127.0.180.1:46139
I0907 21:10:14.706074 838 tablet_copy_service.cc:132] P c9439a2a1ffa4e46b0c3295641b039be: Received BeginTabletCopySession request for tablet 55077156aad54bed9cc6874ca5200a0f from peer b2a125044b7e48a4bb00ad3eacf18556 ({username='slave'} at 127.0.180.2:36216)
I0907 21:10:14.706194 838 tablet_copy_service.cc:151] P c9439a2a1ffa4e46b0c3295641b039be: Beginning new tablet copy session on tablet 55077156aad54bed9cc6874ca5200a0f from peer b2a125044b7e48a4bb00ad3eacf18556 at {username='slave'} at 127.0.180.2:36216: session id = b2a125044b7e48a4bb00ad3eacf18556-55077156aad54bed9cc6874ca5200a0f
W0907 21:10:14.706341 838 tablet_copy_service.cc:418] P c9439a2a1ffa4e46b0c3295641b039be: Error handling TabletCopyService RPC request from {username='slave'} at 127.0.180.2:36216: Error beginning tablet copy session for tablet 55077156aad54bed9cc6874ca5200a0f: Illegal state: The tablet is not in a running state: BOOTSTRAPPING
I0907 21:10:14.706312 755 raft_consensus.cc:434] T 55077156aad54bed9cc6874ca5200a0f P c9439a2a1ffa4e46b0c3295641b039be [term 2 FOLLOWER]: Starting leader election with config: opid_index: -1 OBSOLETE_local: true peers { permanent_uuid: "c9439a2a1ffa4e46b0c3295641b039be" member_type: VOTER last_known_addr { host: "127.0.180.1" port: 46139 } }
I0907 21:10:14.706696 755 leader_election.cc:248] T 55077156aad54bed9cc6874ca5200a0f P c9439a2a1ffa4e46b0c3295641b039be [CANDIDATE]: Term 2 election: Election decided. Result: candidate won.
I0907 21:10:14.707780 866 raft_consensus.cc:2456] T 55077156aad54bed9cc6874ca5200a0f P c9439a2a1ffa4e46b0c3295641b039be: Snoozing failure detection for 1.773s (election complete)
I0907 21:10:14.707952 866 raft_consensus.cc:2280] T 55077156aad54bed9cc6874ca5200a0f P c9439a2a1ffa4e46b0c3295641b039be [term 2 FOLLOWER]: Leader election won for term 2
I0907 21:10:14.708415 861 heartbeater.cc:406] Master 127.0.180.254:58038 was elected leader, sending a full tablet report...
I0907 21:10:14.708914 866 raft_consensus.cc:542] T 55077156aad54bed9cc6874ca5200a0f P c9439a2a1ffa4e46b0c3295641b039be [term 2 LEADER]: Becoming Leader. State: Replica: c9439a2a1ffa4e46b0c3295641b039be, State: Running, Role: LEADER
I0907 21:10:14.708974 755 ts_tablet_manager.cc:846] T 55077156aad54bed9cc6874ca5200a0f P c9439a2a1ffa4e46b0c3295641b039be: Time spent starting tablet: real 0.009s user 0.008s sys 0.004s
I0907 21:10:14.709133 866 consensus_queue.cc:169] T 55077156aad54bed9cc6874ca5200a0f P c9439a2a1ffa4e46b0c3295641b039be [LEADER]: Queue going to LEADER mode. State: All replicated index: 0, Majority replicated index: 208, Committed index: 208, Last appended: 1.208, Last appended by leader: 208, Current term: 2, Majority size: 1, State: 0, Mode: LEADER, active raft config: opid_index: -1 OBSOLETE_local: true peers { permanent_uuid: "c9439a2a1ffa4e46b0c3295641b039be" member_type: VOTER last_known_addr { host: "127.0.180.1" port: 46139 } }
I0907 21:10:14.713070 739 ts_tablet_manager.cc:541] T 55077156aad54bed9cc6874ca5200a0f P b2a125044b7e48a4bb00ad3eacf18556: Initiating tablet copy from peer c9439a2a1ffa4e46b0c3295641b039be (127.0.180.1:46139)
I0907 21:10:14.713207 739 tablet_copy_client.cc:224] T 55077156aad54bed9cc6874ca5200a0f P b2a125044b7e48a4bb00ad3eacf18556: tablet copy: Beginning tablet copy session from remote peer at address 127.0.180.1:46139
I0907 21:10:14.714207 838 tablet_copy_service.cc:132] P c9439a2a1ffa4e46b0c3295641b039be: Received BeginTabletCopySession request for tablet 55077156aad54bed9cc6874ca5200a0f from peer b2a125044b7e48a4bb00ad3eacf18556 ({username='slave'} at 127.0.180.2:36216)
I0907 21:10:14.714314 838 tablet_copy_service.cc:151] P c9439a2a1ffa4e46b0c3295641b039be: Beginning new tablet copy session on tablet 55077156aad54bed9cc6874ca5200a0f from peer b2a125044b7e48a4bb00ad3eacf18556 at {username='slave'} at 127.0.180.2:36216: session id = b2a125044b7e48a4bb00ad3eacf18556-55077156aad54bed9cc6874ca5200a0f
I0907 21:10:14.715154 534 catalog_manager.cc:2569] T 55077156aad54bed9cc6874ca5200a0f reported cstate change: term changed from 1 to 2. New cstate: current_term: 2 leader_uuid: "c9439a2a1ffa4e46b0c3295641b039be" committed_config { opid_index: -1 OBSOLETE_local: true peers { permanent_uuid: "c9439a2a1ffa4e46b0c3295641b039be" member_type: VOTER last_known_addr { host: "127.0.180.1" port: 46139 } } }
I0907 21:10:14.716112 838 tablet_copy_source_session.cc:186] T 55077156aad54bed9cc6874ca5200a0f P c9439a2a1ffa4e46b0c3295641b039be: Tablet Copy: opened 0 blocks and 1 log segments
I0907 21:10:14.730379 739 ts_tablet_manager.cc:943] T 55077156aad54bed9cc6874ca5200a0f P b2a125044b7e48a4bb00ad3eacf18556: Registered tablet (data state: TABLET_DATA_COPYING)
I0907 21:10:14.730576 739 tablet_copy_client.cc:507] T 55077156aad54bed9cc6874ca5200a0f P b2a125044b7e48a4bb00ad3eacf18556: tablet copy: Starting download of 0 data blocks...
I0907 21:10:14.730829 739 tablet_copy_client.cc:470] T 55077156aad54bed9cc6874ca5200a0f P b2a125044b7e48a4bb00ad3eacf18556: tablet copy: Starting download of 1 WAL segments...
I0907 21:10:14.743954 739 tablet_copy_client.cc:376] T 55077156aad54bed9cc6874ca5200a0f P b2a125044b7e48a4bb00ad3eacf18556: tablet copy: Tablet Copy complete. Replacing tablet superblock.
I0907 21:10:14.747030 739 ts_tablet_manager.cc:793] T 55077156aad54bed9cc6874ca5200a0f P b2a125044b7e48a4bb00ad3eacf18556: Bootstrapping tablet
I0907 21:10:14.747359 739 tablet_bootstrap.cc:433] T 55077156aad54bed9cc6874ca5200a0f P b2a125044b7e48a4bb00ad3eacf18556: Bootstrap starting.
I0907 21:10:14.812607 739 log.cc:518] T 55077156aad54bed9cc6874ca5200a0f P b2a125044b7e48a4bb00ad3eacf18556: Log is configured to *not* fsync() on all Append() calls
I0907 21:10:15.561386 739 tablet_bootstrap.cc:433] T 55077156aad54bed9cc6874ca5200a0f P b2a125044b7e48a4bb00ad3eacf18556: Bootstrap replayed 1/1 log segments. Stats: ops{read=209 overwritten=0 applied=209 ignored=0} inserts{seen=10350 ignored=0} mutations{seen=0 ignored=0} orphaned_commits=0. Pending: 0 replicates
I0907 21:10:15.561902 739 tablet_bootstrap.cc:433] T 55077156aad54bed9cc6874ca5200a0f P b2a125044b7e48a4bb00ad3eacf18556: Bootstrap complete.
I0907 21:10:15.562291 739 ts_tablet_manager.cc:818] T 55077156aad54bed9cc6874ca5200a0f P b2a125044b7e48a4bb00ad3eacf18556: Time spent bootstrapping tablet: real 0.815s user 0.752s sys 0.060s
I0907 21:10:15.563736 739 raft_consensus.cc:287] T 55077156aad54bed9cc6874ca5200a0f P b2a125044b7e48a4bb00ad3eacf18556 [term 2 NON_PARTICIPANT]: Replica starting. Triggering 0 pending transactions. Active config: opid_index: -1 OBSOLETE_local: true peers { permanent_uuid: "c9439a2a1ffa4e46b0c3295641b039be" member_type: VOTER last_known_addr { host: "127.0.180.1" port: 46139 } }
I0907 21:10:15.564227 739 raft_consensus.cc:576] T 55077156aad54bed9cc6874ca5200a0f P b2a125044b7e48a4bb00ad3eacf18556 [term 2 NON_PARTICIPANT]: Becoming Follower/Learner. State: Replica: b2a125044b7e48a4bb00ad3eacf18556, State: Initialized, Role: NON_PARTICIPANT
I0907 21:10:15.564378 739 consensus_queue.cc:190] T 55077156aad54bed9cc6874ca5200a0f P b2a125044b7e48a4bb00ad3eacf18556 [NON_LEADER]: Queue going to NON_LEADER mode. State: All replicated index: 0, Majority replicated index: 0, Committed index: 209, Last appended: 2.209, Last appended by leader: 209, Current term: 0, Majority size: -1, State: 0, Mode: NON_LEADER
I0907 21:10:15.565476 739 ts_tablet_manager.cc:846] T 55077156aad54bed9cc6874ca5200a0f P b2a125044b7e48a4bb00ad3eacf18556: Time spent starting tablet: real 0.003s user 0.004s sys 0.000s
I0907 21:10:15.566315 838 tablet_copy_service.cc:289] P c9439a2a1ffa4e46b0c3295641b039be: Request end of tablet copy session b2a125044b7e48a4bb00ad3eacf18556-55077156aad54bed9cc6874ca5200a0f received from {username='slave'} at 127.0.180.2:36216
I0907 21:10:15.566429 838 tablet_copy_service.cc:377] P c9439a2a1ffa4e46b0c3295641b039be: Ending tablet copy session b2a125044b7e48a4bb00ad3eacf18556-55077156aad54bed9cc6874ca5200a0f on tablet 55077156aad54bed9cc6874ca5200a0f with peer b2a125044b7e48a4bb00ad3eacf18556
W0907 21:10:15.573935 737 ts_tablet_manager.cc:323] T 55077156aad54bed9cc6874ca5200a0f P b2a125044b7e48a4bb00ad3eacf18556: Tablet Copy: Invalid argument: Leader has replica of tablet 55077156aad54bed9cc6874ca5200a0f with term 0, which is lower than last-logged term 2 on local replica. Rejecting tablet copy request
W0907 21:10:15.584225 740 ts_tablet_manager.cc:323] T 55077156aad54bed9cc6874ca5200a0f P b2a125044b7e48a4bb00ad3eacf18556: Tablet Copy: Invalid argument: Leader has replica of tablet 55077156aad54bed9cc6874ca5200a0f with term 0, which is lower than last-logged term 2 on local replica. Rejecting tablet copy request
W0907 21:10:15.596568 738 ts_tablet_manager.cc:323] T 55077156aad54bed9cc6874ca5200a0f P b2a125044b7e48a4bb00ad3eacf18556: Tablet Copy: Invalid argument: Leader has replica of tablet 55077156aad54bed9cc6874ca5200a0f with term 0, which is lower than last-logged term 2 on local replica. Rejecting tablet copy request
I0907 21:10:15.600142 663 tablet_service.cc:805] Processing DeleteTablet for tablet 55077156aad54bed9cc6874ca5200a0f with delete_type TABLET_DATA_DELETED from {username='slave'} at 127.0.0.1:38399
I0907 21:10:15.600353 663 tablet_replica.cc:251] T 55077156aad54bed9cc6874ca5200a0f P b2a125044b7e48a4bb00ad3eacf18556: stopping tablet replica
I0907 21:10:15.600545 663 maintenance_manager.cc:228] P b2a125044b7e48a4bb00ad3eacf18556: Unregistered op CompactRowSetsOp(55077156aad54bed9cc6874ca5200a0f)
I0907 21:10:15.600620 663 maintenance_manager.cc:228] P b2a125044b7e48a4bb00ad3eacf18556: Unregistered op MinorDeltaCompactionOp(55077156aad54bed9cc6874ca5200a0f)
I0907 21:10:15.600680 663 maintenance_manager.cc:228] P b2a125044b7e48a4bb00ad3eacf18556: Unregistered op MajorDeltaCompactionOp(55077156aad54bed9cc6874ca5200a0f)
I0907 21:10:15.600724 663 maintenance_manager.cc:228] P b2a125044b7e48a4bb00ad3eacf18556: Unregistered op UndoDeltaBlockGCOp(55077156aad54bed9cc6874ca5200a0f)
I0907 21:10:15.600811 663 maintenance_manager.cc:228] P b2a125044b7e48a4bb00ad3eacf18556: Unregistered op FlushMRSOp(55077156aad54bed9cc6874ca5200a0f)
I0907 21:10:15.600843 663 maintenance_manager.cc:228] P b2a125044b7e48a4bb00ad3eacf18556: Unregistered op FlushDeltaMemStoresOp(55077156aad54bed9cc6874ca5200a0f)
I0907 21:10:15.600880 663 maintenance_manager.cc:228] P b2a125044b7e48a4bb00ad3eacf18556: Unregistered op LogGCOp(55077156aad54bed9cc6874ca5200a0f)
I0907 21:10:15.600951 663 raft_consensus.cc:1807] T 55077156aad54bed9cc6874ca5200a0f P b2a125044b7e48a4bb00ad3eacf18556 [term 2 NON_PARTICIPANT]: Raft consensus shutting down.
I0907 21:10:15.601289 663 raft_consensus.cc:1834] T 55077156aad54bed9cc6874ca5200a0f P b2a125044b7e48a4bb00ad3eacf18556 [term 2 NON_PARTICIPANT]: Raft consensus is shut down!
I0907 21:10:15.603036 663 ts_tablet_manager.cc:1097] T 55077156aad54bed9cc6874ca5200a0f P b2a125044b7e48a4bb00ad3eacf18556: Deleting tablet data with delete state TABLET_DATA_DELETED
I0907 21:10:15.702833 663 ts_tablet_manager.cc:1110] T 55077156aad54bed9cc6874ca5200a0f P b2a125044b7e48a4bb00ad3eacf18556: tablet deleted: last-logged OpId: 2.209
I0907 21:10:15.702996 663 log.cc:960] T 55077156aad54bed9cc6874ca5200a0f P b2a125044b7e48a4bb00ad3eacf18556: Deleting WAL directory at /tmp/run_tha_test6pCJxY/test-tmp/tablet_copy_client_session-itest.TabletCopyClientSessionITest.TestStartTabletCopyWhileSourceBootstrapping.1504818611172218-180/minicluster-data/ts-1/wal/wals/55077156aad54bed9cc6874ca5200a0f
I0907 21:10:15.703438 663 ts_tablet_manager.cc:1128] T 55077156aad54bed9cc6874ca5200a0f P b2a125044b7e48a4bb00ad3eacf18556: Deleting consensus metadata
I0907 21:10:15.705891 180 external_mini_cluster.cc:1000] Attempting to check leaks for /tmp/run_tha_test6pCJxY/build/asan/bin/kudu-tserver pid 607
I0907 21:10:15.706975 723 generic_service.cc:133] Checking for leaks (request via RPC)
I0907 21:10:15.786692 180 external_mini_cluster.cc:959] Killing /tmp/run_tha_test6pCJxY/build/asan/bin/kudu-tserver with pid 607
W0907 21:10:15.798491 185 connection.cc:511] client connection to 127.0.180.2:59419 recv error: Network error: failed to read from TLS socket: Connection reset by peer (error 104)
W0907 21:10:15.798557 750 connection.cc:511] server connection from 127.0.180.2:36216 recv error: Network error: failed to read from TLS socket: Connection reset by peer (error 104)
W0907 21:10:15.798830 521 connection.cc:511] server connection from 127.0.180.2:41881 recv error: Network error: failed to read from TLS socket: Connection reset by peer (error 104)
I0907 21:10:15.799104 180 external_mini_cluster.cc:767] Running /tmp/run_tha_test6pCJxY/build/asan/bin/kudu-tserver /tmp/run_tha_test6pCJxY/build/asan/bin/kudu-tserver --fs_wal_dir=/tmp/run_tha_test6pCJxY/test-tmp/tablet_copy_client_session-itest.TabletCopyClientSessionITest.TestStartTabletCopyWhileSourceBootstrapping.1504818611172218-180/minicluster-data/ts-1/wal --fs_data_dirs=/tmp/run_tha_test6pCJxY/test-tmp/tablet_copy_client_session-itest.TabletCopyClientSessionITest.TestStartTabletCopyWhileSourceBootstrapping.1504818611172218-180/minicluster-data/ts-1/data --rpc_bind_addresses=127.0.180.2:59419 --local_ip_for_outbound_sockets=127.0.180.2 --webserver_port=55762 --webserver_interface=127.0.180.2 --tserver_master_addrs=127.0.180.254:58038 --never_fsync --ipki_server_key_size=1024 --enable_minidumps=false --redact=flag --metrics_log_interval_ms=1000 --logtostderr --logbuflevel=-1 --log_dir=/tmp/run_tha_test6pCJxY/test-tmp/tablet_copy_client_session-itest.TabletCopyClientSessionITest.TestStartTabletCopyWhileSourceBootstrapping.1504818611172218-180/minicluster-data/ts-1/logs --server_dump_info_path=/tmp/run_tha_test6pCJxY/test-tmp/tablet_copy_client_session-itest.TabletCopyClientSessionITest.TestStartTabletCopyWhileSourceBootstrapping.1504818611172218-180/minicluster-data/ts-1/data/info.pb --server_dump_info_format=pb --rpc_server_allow_ephemeral_ports --unlock_experimental_flags --unlock_unsafe_flags with env {} WARNING: Logging before InitGoogleLogging() is written to STDERR
W0907 21:10:15.891746 877 flags.cc:395] Enabled unsafe flag: --rpc_server_allow_ephemeral_ports=true
W0907 21:10:15.892066 877 flags.cc:395] Enabled unsafe flag: --never_fsync=true
W0907 21:10:15.894238 877 flags.cc:395] Enabled experimental flag: --ipki_server_key_size=1024
W0907 21:10:15.894393 877 flags.cc:395] Enabled experimental flag: --local_ip_for_outbound_sockets=127.0.180.2
I0907 21:10:15.898061 877 tablet_server_main.cc:72] Tablet server non-default flags: --fs_data_dirs=/tmp/run_tha_test6pCJxY/test-tmp/tablet_copy_client_session-itest.TabletCopyClientSessionITest.TestStartTabletCopyWhileSourceBootstrapping.1504818611172218-180/minicluster-data/ts-1/data --fs_wal_dir=/tmp/run_tha_test6pCJxY/test-tmp/tablet_copy_client_session-itest.TabletCopyClientSessionITest.TestStartTabletCopyWhileSourceBootstrapping.1504818611172218-180/minicluster-data/ts-1/wal --ipki_server_key_size=1024 --rpc_bind_addresses=127.0.180.2:59419 --rpc_server_allow_ephemeral_ports=true --metrics_log_interval_ms=1000 --server_dump_info_format=pb --server_dump_info_path=/tmp/run_tha_test6pCJxY/test-tmp/tablet_copy_client_session-itest.TabletCopyClientSessionITest.TestStartTabletCopyWhileSourceBootstrapping.1504818611172218-180/minicluster-data/ts-1/data/info.pb --webserver_interface=127.0.180.2 --webserver_port=55762 --tserver_master_addrs=127.0.180.254:58038 --never_fsync=true --heap_profile_path=/tmp/kudu-tserver.877 --redact=flag --unlock_experimental_flags=true --unlock_unsafe_flags=true --enable_minidumps=false --local_ip_for_outbound_sockets=127.0.180.2 --log_dir=/tmp/run_tha_test6pCJxY/test-tmp/tablet_copy_client_session-itest.TabletCopyClientSessionITest.TestStartTabletCopyWhileSourceBootstrapping.1504818611172218-180/minicluster-data/ts-1/logs --logbuflevel=-1 --logtostderr=true Tablet server version: kudu 1.6.0-SNAPSHOT revision a71ecfd4a232c82ccf6f3b8fb452eaed3528ad46-dirty build type DEBUG built by hao.hao at 07 Sep 2017 14:01:21 PST on ve0518.halxg.cloudera.com ASAN enabled
I0907 21:10:15.906337 877 tablet_server_main.cc:79] Initializing tablet server...
I0907 21:10:15.907923 877 system_ntp.cc:104] NTP initialized. Resolution in nanos?: 1 Skew PPM: 500 Current error: 1018918
I0907 21:10:15.914191 877 fs_manager.cc:323] Time spent opening directory manager: real 0.003s user 0.000s sys 0.000s
I0907 21:10:15.914484 877 env_posix.cc:1590] Not raising process file limit of 65536; it is already as high as it can go
I0907 21:10:15.914753 877 file_cache.cc:469] Constructed file cache lbm with capacity 26214
I0907 21:10:15.919081 877 fs_manager.cc:335] Time spent opening block manager: real 0.002s user 0.004s sys 0.000s
I0907 21:10:15.919211 877 fs_manager.cc:348] Opened local filesystem: /tmp/run_tha_test6pCJxY/test-tmp/tablet_copy_client_session-itest.TabletCopyClientSessionITest.TestStartTabletCopyWhileSourceBootstrapping.1504818611172218-180/minicluster-data/ts-1/data,/tmp/run_tha_test6pCJxY/test-tmp/tablet_copy_client_session-itest.TabletCopyClientSessionITest.TestStartTabletCopyWhileSourceBootstrapping.1504818611172218-180/minicluster-data/ts-1/wal uuid: "b2a125044b7e48a4bb00ad3eacf18556" format_stamp: "Formatted at 2017-09-07 21:10:11 on dist-test-slave-dist-test-slave-ttl2"
I0907 21:10:15.920107 877 fs_report.cc:347] Block manager report -------------------- 1 data directories: /tmp/run_tha_test6pCJxY/test-tmp/tablet_copy_client_session-itest.TabletCopyClientSessionITest.TestStartTabletCopyWhileSourceBootstrapping.1504818611172218-180/minicluster-data/ts-1/data/data Total live blocks: 0 Total live bytes: 0 Total live bytes (after alignment): 0 Total number of LBM containers: 0 (0 full) Did not check for missing blocks Did not check for orphaned blocks Total full LBM containers with extra space: 0 (0 repaired) Total full LBM container extra space in bytes: 0 (0 repaired) Total incomplete LBM containers: 0 (0 repaired) Total LBM partial records: 0 (0 repaired)
I0907 21:10:15.943646 877 ts_tablet_manager.cc:211] Loaded tablet metadata (0 live tablets)
I0907 21:10:15.943997 877 tablet_server_main.cc:84] Starting tablet server...
I0907 21:10:15.965711 877 rpc_server.cc:192] RPC server started. Bound to: 127.0.180.2:59419
I0907 21:10:15.966238 877 webserver.cc:149] Starting webserver on 127.0.180.2:55762
I0907 21:10:15.966280 877 webserver.cc:160] Document root disabled
I0907 21:10:15.966995 877 webserver.cc:282] Webserver started. Bound to: http://127.0.180.2:55762/
I0907 21:10:15.967746 877 server_base.cc:372] Dumped server information to /tmp/run_tha_test6pCJxY/test-tmp/tablet_copy_client_session-itest.TabletCopyClientSessionITest.TestStartTabletCopyWhileSourceBootstrapping.1504818611172218-180/minicluster-data/ts-1/data/info.pb
I0907 21:10:15.968525 997 process_memory.cc:181] Process hard memory limit is 11.777661 GB
I0907 21:10:15.968647 877 tablet_server_main.cc:87] Tablet server successfully started.
I0907 21:10:15.968673 997 process_memory.cc:183] Process soft memory limit is 9.422129 GB
I0907 21:10:15.968714 997 process_memory.cc:186] Process memory pressure threshold is 7.066597 GB
I0907 21:10:15.969013 180 external_mini_cluster.cc:829] Started /tmp/run_tha_test6pCJxY/build/asan/bin/kudu-tserver as pid 877
I0907 21:10:15.969180 180 tablet_copy_client_session-itest.cc:134] Starting loop 1
I0907 21:10:15.969233 180 external_mini_cluster.cc:1000] Attempting to check leaks for /tmp/run_tha_test6pCJxY/build/asan/bin/kudu-tserver pid 736
I0907 21:10:15.986876 858 generic_service.cc:133] Checking for leaks (request via RPC)
I0907 21:10:15.993942 996 heartbeater.cc:317] Connected to a master server at 127.0.180.254:58038
I0907 21:10:15.994150 996 heartbeater.cc:387] Registering TS with master...
I0907 21:10:15.994606 996 heartbeater.cc:414] Master 127.0.180.254:58038 requested a full tablet report, sending...
I0907 21:10:15.995754 534 ts_manager.cc:87] Re-registered known tserver with Master: b2a125044b7e48a4bb00ad3eacf18556 (127.0.180.2:59419)
I0907 21:10:15.996528 534 master_service.cc:203] Signed X509 certificate for tserver {username='slave'} at 127.0.180.2:59616
I0907 21:10:16.049427 180 external_mini_cluster.cc:959] Killing /tmp/run_tha_test6pCJxY/build/asan/bin/kudu-tserver with pid 736
W0907 21:10:16.060235 185 connection.cc:511] client connection to 127.0.180.1:46139 recv error: Network error: failed to read from TLS socket: Connection reset by peer (error 104)
W0907 21:10:16.060216 521 connection.cc:511] server connection from 127.0.180.1:45373 recv error: Network error: failed to read from TLS socket: Connection reset by peer (error 104)
I0907 21:10:16.062266 180 external_mini_cluster.cc:767] Running /tmp/run_tha_test6pCJxY/build/asan/bin/kudu-tserver /tmp/run_tha_test6pCJxY/build/asan/bin/kudu-tserver --fs_wal_dir=/tmp/run_tha_test6pCJxY/test-tmp/tablet_copy_client_session-itest.TabletCopyClientSessionITest.TestStartTabletCopyWhileSourceBootstrapping.1504818611172218-180/minicluster-data/ts-0/wal --fs_data_dirs=/tmp/run_tha_test6pCJxY/test-tmp/tablet_copy_client_session-itest.TabletCopyClientSessionITest.TestStartTabletCopyWhileSourceBootstrapping.1504818611172218-180/minicluster-data/ts-0/data --rpc_bind_addresses=127.0.180.1:46139 --local_ip_for_outbound_sockets=127.0.180.1 --webserver_port=42017 --webserver_interface=127.0.180.1 --tserver_master_addrs=127.0.180.254:58038 --never_fsync --ipki_server_key_size=1024 --enable_minidumps=false --redact=flag --metrics_log_interval_ms=1000 --logtostderr --logbuflevel=-1 --log_dir=/tmp/run_tha_test6pCJxY/test-tmp/tablet_copy_client_session-itest.TabletCopyClientSessionITest.TestStartTabletCopyWhileSourceBootstrapping.1504818611172218-180/minicluster-data/ts-0/logs --server_dump_info_path=/tmp/run_tha_test6pCJxY/test-tmp/tablet_copy_client_session-itest.TabletCopyClientSessionITest.TestStartTabletCopyWhileSourceBootstrapping.1504818611172218-180/minicluster-data/ts-0/data/info.pb --server_dump_info_format=pb --rpc_server_allow_ephemeral_ports --unlock_experimental_flags --unlock_unsafe_flags with env {}
I0907 21:10:16.074204 1009 ts_tablet_manager.cc:541] T 55077156aad54bed9cc6874ca5200a0f P b2a125044b7e48a4bb00ad3eacf18556: Initiating tablet copy from peer c9439a2a1ffa4e46b0c3295641b039be (127.0.180.1:46139)
I0907 21:10:16.074394 1009 tablet_copy_client.cc:224] T 55077156aad54bed9cc6874ca5200a0f P b2a125044b7e48a4bb00ad3eacf18556: tablet copy: Beginning tablet copy session from remote peer at address 127.0.180.1:46139
I0907 21:10:16.079941 1010 ts_tablet_manager.cc:541] T 55077156aad54bed9cc6874ca5200a0f P b2a125044b7e48a4bb00ad3eacf18556: Initiating tablet copy from peer c9439a2a1ffa4e46b0c3295641b039be (127.0.180.1:46139)
I0907 21:10:16.080070 1010 tablet_copy_client.cc:224] T 55077156aad54bed9cc6874ca5200a0f P b2a125044b7e48a4bb00ad3eacf18556: tablet copy: Beginning tablet copy session from remote peer at address 127.0.180.1:46139
I0907 21:10:16.094869 1009 ts_tablet_manager.cc:541] T 55077156aad54bed9cc6874ca5200a0f P b2a125044b7e48a4bb00ad3eacf18556: Initiating tablet copy from peer c9439a2a1ffa4e46b0c3295641b039be (127.0.180.1:46139)
I0907 21:10:16.095031 1009 tablet_copy_client.cc:224] T 55077156aad54bed9cc6874ca5200a0f P b2a125044b7e48a4bb00ad3eacf18556: tablet copy: Beginning tablet copy session from remote peer at address 127.0.180.1:46139
I0907 21:10:16.103319 1011 ts_tablet_manager.cc:541] T 55077156aad54bed9cc6874ca5200a0f P b2a125044b7e48a4bb00ad3eacf18556: Initiating tablet copy from peer c9439a2a1ffa4e46b0c3295641b039be (127.0.180.1:46139)
I0907 21:10:16.103463 1011 tablet_copy_client.cc:224] T 55077156aad54bed9cc6874ca5200a0f P b2a125044b7e48a4bb00ad3eacf18556: tablet copy: Beginning tablet copy session from remote peer at address 127.0.180.1:46139
I0907 21:10:16.108744 1012 ts_tablet_manager.cc:541] T 55077156aad54bed9cc6874ca5200a0f P b2a125044b7e48a4bb00ad3eacf18556: Initiating tablet copy from peer c9439a2a1ffa4e46b0c3295641b039be (127.0.180.1:46139)
I0907 21:10:16.108870 1012 tablet_copy_client.cc:224] T 55077156aad54bed9cc6874ca5200a0f P b2a125044b7e48a4bb00ad3eacf18556: tablet copy: Beginning tablet copy session from remote peer at address 127.0.180.1:46139
I0907 21:10:16.120664 1010 ts_tablet_manager.cc:541] T 55077156aad54bed9cc6874ca5200a0f P b2a125044b7e48a4bb00ad3eacf18556: Initiating tablet copy from peer c9439a2a1ffa4e46b0c3295641b039be (127.0.180.1:46139)
I0907 21:10:16.120798 1010 tablet_copy_client.cc:224] T 55077156aad54bed9cc6874ca5200a0f P b2a125044b7e48a4bb00ad3eacf18556: tablet copy: Beginning tablet copy session from remote peer at address 127.0.180.1:46139
I0907 21:10:16.126960 1009 ts_tablet_manager.cc:541] T 55077156aad54bed9cc6874ca5200a0f P b2a125044b7e48a4bb00ad3eacf18556: Initiating tablet copy from peer c9439a2a1ffa4e46b0c3295641b039be (127.0.180.1:46139)
I0907 21:10:16.127085 1009 tablet_copy_client.cc:224] T 55077156aad54bed9cc6874ca5200a0f P b2a125044b7e48a4bb00ad3eacf18556: tablet copy: Beginning tablet copy session from remote peer at address 127.0.180.1:46139
I0907 21:10:16.132452 1011 ts_tablet_manager.cc:541] T 55077156aad54bed9cc6874ca5200a0f P b2a125044b7e48a4bb00ad3eacf18556: Initiating tablet copy from peer c9439a2a1ffa4e46b0c3295641b039be (127.0.180.1:46139)
I0907 21:10:16.132570 1011 tablet_copy_client.cc:224] T 55077156aad54bed9cc6874ca5200a0f P b2a125044b7e48a4bb00ad3eacf18556: tablet copy: Beginning tablet copy session from remote peer at address 127.0.180.1:46139
I0907 21:10:16.147614 1012 ts_tablet_manager.cc:541] T 55077156aad54bed9cc6874ca5200a0f P b2a125044b7e48a4bb00ad3eacf18556: Initiating tablet copy from peer c9439a2a1ffa4e46b0c3295641b039be (127.0.180.1:46139)
I0907 21:10:16.147773 1012 tablet_copy_client.cc:224] T 55077156aad54bed9cc6874ca5200a0f P b2a125044b7e48a4bb00ad3eacf18556: tablet copy: Beginning tablet copy session from remote peer at address 127.0.180.1:46139 WARNING: Logging before InitGoogleLogging() is written to STDERR
W0907 21:10:16.150622 1008 flags.cc:395] Enabled unsafe flag: --rpc_server_allow_ephemeral_ports=true
W0907 21:10:16.150825 1008 flags.cc:395] Enabled unsafe flag: --never_fsync=true
W0907 21:10:16.152437 1008 flags.cc:395] Enabled experimental flag: --ipki_server_key_size=1024
W0907 21:10:16.152529 1008 flags.cc:395] Enabled experimental flag: --local_ip_for_outbound_sockets=127.0.180.1
I0907 21:10:16.155354 1010 ts_tablet_manager.cc:541] T 55077156aad54bed9cc6874ca5200a0f P b2a125044b7e48a4bb00ad3eacf18556: Initiating tablet copy from peer c9439a2a1ffa4e46b0c3295641b039be (127.0.180.1:46139)
I0907 21:10:16.155474 1010 tablet_copy_client.cc:224] T 55077156aad54bed9cc6874ca5200a0f P b2a125044b7e48a4bb00ad3eacf18556: tablet copy: Beginning tablet copy session from remote peer at address 127.0.180.1:46139
I0907 21:10:16.157217 1009 ts_tablet_manager.cc:541] T 55077156aad54bed9cc6874ca5200a0f P b2a125044b7e48a4bb00ad3eacf18556: Initiating tablet copy from peer c9439a2a1ffa4e46b0c3295641b039be (127.0.180.1:46139)
I0907 21:10:16.157326 1009 tablet_copy_client.cc:224] T 55077156aad54bed9cc6874ca5200a0f P b2a125044b7e48a4bb00ad3eacf18556: tablet copy: Beginning tablet copy session from remote peer at address 127.0.180.1:46139
I0907 21:10:16.157829 1008 tablet_server_main.cc:72] Tablet server non-default flags: --fs_data_dirs=/tmp/run_tha_test6pCJxY/test-tmp/tablet_copy_client_session-itest.TabletCopyClientSessionITest.TestStartTabletCopyWhileSourceBootstrapping.1504818611172218-180/minicluster-data/ts-0/data --fs_wal_dir=/tmp/run_tha_test6pCJxY/test-tmp/tablet_copy_client_session-itest.TabletCopyClientSessionITest.TestStartTabletCopyWhileSourceBootstrapping.1504818611172218-180/minicluster-data/ts-0/wal --ipki_server_key_size=1024 --rpc_bind_addresses=127.0.180.1:46139 --rpc_server_allow_ephemeral_ports=true --metrics_log_interval_ms=1000 --server_dump_info_format=pb --server_dump_info_path=/tmp/run_tha_test6pCJxY/test-tmp/tablet_copy_client_session-itest.TabletCopyClientSessionITest.TestStartTabletCopyWhileSourceBootstrapping.1504818611172218-180/minicluster-data/ts-0/data/info.pb --webserver_interface=127.0.180.1 --webserver_port=42017 --tserver_master_addrs=127.0.180.254:58038 --never_fsync=true --heap_profile_path=/tmp/kudu-tserver.1008 --redact=flag --unlock_experimental_flags=true --unlock_unsafe_flags=true --enable_minidumps=false --local_ip_for_outbound_sockets=127.0.180.1 --log_dir=/tmp/run_tha_test6pCJxY/test-tmp/tablet_copy_client_session-itest.TabletCopyClientSessionITest.TestStartTabletCopyWhileSourceBootstrapping.1504818611172218-180/minicluster-data/ts-0/logs --logbuflevel=-1 --logtostderr=true Tablet server version: kudu 1.6.0-SNAPSHOT revision a71ecfd4a232c82ccf6f3b8fb452eaed3528ad46-dirty build type DEBUG built by hao.hao at 07 Sep 2017 14:01:21 PST on ve0518.halxg.cloudera.com ASAN enabled
I0907 21:10:16.165642 1008 tablet_server_main.cc:79] Initializing tablet server...
I0907 21:10:16.166921 1008 system_ntp.cc:104] NTP initialized. Resolution in nanos?: 1 Skew PPM: 500 Current error: 1019418
I0907 21:10:16.172288 1008 fs_manager.cc:323] Time spent opening directory manager: real 0.003s user 0.008s sys 0.000s
I0907 21:10:16.172534 1008 env_posix.cc:1590] Not raising process file limit of 65536; it is already as high as it can go
I0907 21:10:16.172765 1008 file_cache.cc:469] Constructed file cache lbm with capacity 26214
I0907 21:10:16.176615 1008 fs_manager.cc:335] Time spent opening block manager: real 0.001s user 0.000s sys 0.000s
I0907 21:10:16.176729 1008 fs_manager.cc:348] Opened local filesystem: /tmp/run_tha_test6pCJxY/test-tmp/tablet_copy_client_session-itest.TabletCopyClientSessionITest.TestStartTabletCopyWhileSourceBootstrapping.1504818611172218-180/minicluster-data/ts-0/data,/tmp/run_tha_test6pCJxY/test-tmp/tablet_copy_client_session-itest.TabletCopyClientSessionITest.TestStartTabletCopyWhileSourceBootstrapping.1504818611172218-180/minicluster-data/ts-0/wal uuid: "c9439a2a1ffa4e46b0c3295641b039be" format_stamp: "Formatted at 2017-09-07 21:10:11 on dist-test-slave-dist-test-slave-ttl2"
I0907 21:10:16.177635 1008 fs_report.cc:347] Block manager report -------------------- 1 data directories: /tmp/run_tha_test6pCJxY/test-tmp/tablet_copy_client_session-itest.TabletCopyClientSessionITest.TestStartTabletCopyWhileSourceBootstrapping.1504818611172218-180/minicluster-data/ts-0/data/data Total live blocks: 0 Total live bytes: 0 Total live bytes (after alignment): 0 Total number of LBM containers: 0 (0 full) Did not check for missing blocks Did not check for orphaned blocks Total full LBM containers with extra space: 0 (0 repaired) Total full LBM container extra space in bytes: 0 (0 repaired) Total incomplete LBM containers: 0 (0 repaired) Total LBM partial records: 0 (0 repaired)
I0907 21:10:16.180119 1011 ts_tablet_manager.cc:541] T 55077156aad54bed9cc6874ca5200a0f P b2a125044b7e48a4bb00ad3eacf18556: Initiating tablet copy from peer c9439a2a1ffa4e46b0c3295641b039be (127.0.180.1:46139)
I0907 21:10:16.180274 1011 tablet_copy_client.cc:224] T 55077156aad54bed9cc6874ca5200a0f P b2a125044b7e48a4bb00ad3eacf18556: tablet copy: Beginning tablet copy session from remote peer at address 127.0.180.1:46139
I0907 21:10:16.184206 1010 ts_tablet_manager.cc:541] T 55077156aad54bed9cc6874ca5200a0f P b2a125044b7e48a4bb00ad3eacf18556: Initiating tablet copy from peer c9439a2a1ffa4e46b0c3295641b039be (127.0.180.1:46139)
I0907 21:10:16.184341 1010 tablet_copy_client.cc:224] T 55077156aad54bed9cc6874ca5200a0f P b2a125044b7e48a4bb00ad3eacf18556: tablet copy: Beginning tablet copy session from remote peer at address 127.0.180.1:46139
I0907 21:10:16.190662 1012 ts_tablet_manager.cc:541] T 55077156aad54bed9cc6874ca5200a0f P b2a125044b7e48a4bb00ad3eacf18556: Initiating tablet copy from peer c9439a2a1ffa4e46b0c3295641b039be (127.0.180.1:46139)
I0907 21:10:16.190807 1012 tablet_copy_client.cc:224] T 55077156aad54bed9cc6874ca5200a0f P b2a125044b7e48a4bb00ad3eacf18556: tablet copy: Beginning tablet copy session from remote peer at address 127.0.180.1:46139
I0907 21:10:16.208354 1011 ts_tablet_manager.cc:541] T 55077156aad54bed9cc6874ca5200a0f P b2a125044b7e48a4bb00ad3eacf18556: Initiating tablet copy from peer c9439a2a1ffa4e46b0c3295641b039be (127.0.180.1:46139)
I0907 21:10:16.208511 1011 tablet_copy_client.cc:224] T 55077156aad54bed9cc6874ca5200a0f P b2a125044b7e48a4bb00ad3eacf18556: tablet copy: Beginning tablet copy session from remote peer at address 127.0.180.1:46139
I0907 21:10:16.213582 1010 ts_tablet_manager.cc:541] T 55077156aad54bed9cc6874ca5200a0f P b2a125044b7e48a4bb00ad3eacf18556: Initiating tablet copy from peer c9439a2a1ffa4e46b0c3295641b039be (127.0.180.1:46139)
I0907 21:10:16.213843 1010 tablet_copy_client.cc:224] T 55077156aad54bed9cc6874ca5200a0f P b2a125044b7e48a4bb00ad3eacf18556: tablet copy: Beginning tablet copy session from remote peer at address 127.0.180.1:46139
I0907 21:10:16.219684 1008 ts_tablet_manager.cc:199] Loading tablet metadata (0/1 complete)
I0907 21:10:16.219745 1008 ts_tablet_manager.cc:770] T 55077156aad54bed9cc6874ca5200a0f P c9439a2a1ffa4e46b0c3295641b039be: Loading tablet metadata
I0907 21:10:16.220146 1009 ts_tablet_manager.cc:541] T 55077156aad54bed9cc6874ca5200a0f P b2a125044b7e48a4bb00ad3eacf18556: Initiating tablet copy from peer c9439a2a1ffa4e46b0c3295641b039be (127.0.180.1:46139)
I0907 21:10:16.220262 1009 tablet_copy_client.cc:224] T 55077156aad54bed9cc6874ca5200a0f P b2a125044b7e48a4bb00ad3eacf18556: tablet copy: Beginning tablet copy session from remote peer at address 127.0.180.1:46139
I0907 21:10:16.223948 1008 ts_tablet_manager.cc:211] Loaded tablet metadata (1 live tablets)
I0907 21:10:16.224717 1011 ts_tablet_manager.cc:541] T 55077156aad54bed9cc6874ca5200a0f P b2a125044b7e48a4bb00ad3eacf18556: Initiating tablet copy from peer c9439a2a1ffa4e46b0c3295641b039be (127.0.180.1:46139)
I0907 21:10:16.224825 1011 tablet_copy_client.cc:224] T 55077156aad54bed9cc6874ca5200a0f P b2a125044b7e48a4bb00ad3eacf18556: tablet copy: Beginning tablet copy session from remote peer at address 127.0.180.1:46139
I0907 21:10:16.226438 1008 ts_tablet_manager.cc:943] T 55077156aad54bed9cc6874ca5200a0f P c9439a2a1ffa4e46b0c3295641b039be: Registered tablet (data state: TABLET_DATA_READY)
I0907 21:10:16.227872 1027 ts_tablet_manager.cc:793] T 55077156aad54bed9cc6874ca5200a0f P c9439a2a1ffa4e46b0c3295641b039be: Bootstrapping tablet
I0907 21:10:16.228111 1008 tablet_server_main.cc:84] Starting tablet server...
I0907 21:10:16.228224 1027 tablet_bootstrap.cc:433] T 55077156aad54bed9cc6874ca5200a0f P c9439a2a1ffa4e46b0c3295641b039be: Bootstrap starting.
I0907 21:10:16.230363 1012 ts_tablet_manager.cc:541] T 55077156aad54bed9cc6874ca5200a0f P b2a125044b7e48a4bb00ad3eacf18556: Initiating tablet copy from peer c9439a2a1ffa4e46b0c3295641b039be (127.0.180.1:46139)
I0907 21:10:16.230481 1012 tablet_copy_client.cc:224] T 55077156aad54bed9cc6874ca5200a0f P b2a125044b7e48a4bb00ad3eacf18556: tablet copy: Beginning tablet copy session from remote peer at address 127.0.180.1:46139
I0907 21:10:16.234823 1010 ts_tablet_manager.cc:541] T 55077156aad54bed9cc6874ca5200a0f P b2a125044b7e48a4bb00ad3eacf18556: Initiating tablet copy from peer c9439a2a1ffa4e46b0c3295641b039be (127.0.180.1:46139)
I0907 21:10:16.234957 1010 tablet_copy_client.cc:224] T 55077156aad54bed9cc6874ca5200a0f P b2a125044b7e48a4bb00ad3eacf18556: tablet copy: Beginning tablet copy session from remote peer at address 127.0.180.1:46139
I0907 21:10:16.252353 1011 ts_tablet_manager.cc:541] T 55077156aad54bed9cc6874ca5200a0f P b2a125044b7e48a4bb00ad3eacf18556: Initiating tablet copy from peer c9439a2a1ffa4e46b0c3295641b039be (127.0.180.1:46139)
I0907 21:10:16.252496 1011 tablet_copy_client.cc:224] T 55077156aad54bed9cc6874ca5200a0f P b2a125044b7e48a4bb00ad3eacf18556: tablet copy: Beginning tablet copy session from remote peer at address 127.0.180.1:46139
I0907 21:10:16.256280 1012 ts_tablet_manager.cc:541] T 55077156aad54bed9cc6874ca5200a0f P b2a125044b7e48a4bb00ad3eacf18556: Initiating tablet copy from peer c9439a2a1ffa4e46b0c3295641b039be (127.0.180.1:46139)
I0907 21:10:16.256422 1012 tablet_copy_client.cc:224] T 55077156aad54bed9cc6874ca5200a0f P b2a125044b7e48a4bb00ad3eacf18556: tablet copy: Beginning tablet copy session from remote peer at address 127.0.180.1:46139
I0907 21:10:16.263391 1009 ts_tablet_manager.cc:541] T 55077156aad54bed9cc6874ca5200a0f P b2a125044b7e48a4bb00ad3eacf18556: Initiating tablet copy from peer c9439a2a1ffa4e46b0c3295641b039be (127.0.180.1:46139)
I0907 21:10:16.263504 1009 tablet_copy_client.cc:224] T 55077156aad54bed9cc6874ca5200a0f P b2a125044b7e48a4bb00ad3eacf18556: tablet copy: Beginning tablet copy session from remote peer at address 127.0.180.1:46139
I0907 21:10:16.272485 1010 ts_tablet_manager.cc:541] T 55077156aad54bed9cc6874ca5200a0f P b2a125044b7e48a4bb00ad3eacf18556: Initiating tablet copy from peer c9439a2a1ffa4e46b0c3295641b039be (127.0.180.1:46139)
I0907 21:10:16.272631 1010 tablet_copy_client.cc:224] T 55077156aad54bed9cc6874ca5200a0f P b2a125044b7e48a4bb00ad3eacf18556: tablet copy: Beginning tablet copy session from remote peer at address 127.0.180.1:46139
I0907 21:10:16.279352 1011 ts_tablet_manager.cc:541] T 55077156aad54bed9cc6874ca5200a0f P b2a125044b7e48a4bb00ad3eacf18556: Initiating tablet copy from peer c9439a2a1ffa4e46b0c3295641b039be (127.0.180.1:46139)
I0907 21:10:16.279456 1011 tablet_copy_client.cc:224] T 55077156aad54bed9cc6874ca5200a0f P b2a125044b7e48a4bb00ad3eacf18556: tablet copy: Beginning tablet copy session from remote peer at address 127.0.180.1:46139
I0907 21:10:16.281164 1012 ts_tablet_manager.cc:541] T 55077156aad54bed9cc6874ca5200a0f P b2a125044b7e48a4bb00ad3eacf18556: Initiating tablet copy from peer c9439a2a1ffa4e46b0c3295641b039be (127.0.180.1:46139)
I0907 21:10:16.281265 1012 tablet_copy_client.cc:224] T 55077156aad54bed9cc6874ca5200a0f P b2a125044b7e48a4bb00ad3eacf18556: tablet copy: Beginning tablet copy session from remote peer at address 127.0.180.1:46139
I0907 21:10:16.295321 1009 ts_tablet_manager.cc:541] T 55077156aad54bed9cc6874ca5200a0f P b2a125044b7e48a4bb00ad3eacf18556: Initiating tablet copy from peer c9439a2a1ffa4e46b0c3295641b039be (127.0.180.1:46139)
I0907 21:10:16.295466 1009 tablet_copy_client.cc:224] T 55077156aad54bed9cc6874ca5200a0f P b2a125044b7e48a4bb00ad3eacf18556: tablet copy: Beginning tablet copy session from remote peer at address 127.0.180.1:46139
I0907 21:10:16.300040 1027 log.cc:518] T 55077156aad54bed9cc6874ca5200a0f P c9439a2a1ffa4e46b0c3295641b039be: Log is configured to *not* fsync() on all Append() calls
I0907 21:10:16.300652 1010 ts_tablet_manager.cc:541] T 55077156aad54bed9cc6874ca5200a0f P b2a125044b7e48a4bb00ad3eacf18556: Initiating tablet copy from peer c9439a2a1ffa4e46b0c3295641b039be (127.0.180.1:46139)
I0907 21:10:16.300778 1010 tablet_copy_client.cc:224] T 55077156aad54bed9cc6874ca5200a0f P b2a125044b7e48a4bb00ad3eacf18556: tablet copy: Beginning tablet copy session from remote peer at address 127.0.180.1:46139
I0907 21:10:16.307907 1012 ts_tablet_manager.cc:541] T 55077156aad54bed9cc6874ca5200a0f P b2a125044b7e48a4bb00ad3eacf18556: Initiating tablet copy from peer c9439a2a1ffa4e46b0c3295641b039be (127.0.180.1:46139)
I0907 21:10:16.308037 1012 tablet_copy_client.cc:224] T 55077156aad54bed9cc6874ca5200a0f P b2a125044b7e48a4bb00ad3eacf18556: tablet copy: Beginning tablet copy session from remote peer at address 127.0.180.1:46139
I0907 21:10:16.323076 1009 ts_tablet_manager.cc:541] T 55077156aad54bed9cc6874ca5200a0f P b2a125044b7e48a4bb00ad3eacf18556: Initiating tablet copy from peer c9439a2a1ffa4e46b0c3295641b039be (127.0.180.1:46139)
I0907 21:10:16.323225 1009 tablet_copy_client.cc:224] T 55077156aad54bed9cc6874ca5200a0f P b2a125044b7e48a4bb00ad3eacf18556: tablet copy: Beginning tablet copy session from remote peer at address 127.0.180.1:46139
I0907 21:10:16.328013 1008 rpc_server.cc:192] RPC server started. Bound to: 127.0.180.1:46139
I0907 21:10:16.328582 1008 webserver.cc:149] Starting webserver on 127.0.180.1:42017
I0907 21:10:16.328618 1008 webserver.cc:160] Document root disabled
I0907 21:10:16.329336 1008 webserver.cc:282] Webserver started. Bound to: http://127.0.180.1:42017/
I0907 21:10:16.330065 1008 server_base.cc:372] Dumped server information to /tmp/run_tha_test6pCJxY/test-tmp/tablet_copy_client_session-itest.TabletCopyClientSessionITest.TestStartTabletCopyWhileSourceBootstrapping.1504818611172218-180/minicluster-data/ts-0/data/info.pb
I0907 21:10:16.330993 1134 process_memory.cc:181] Process hard memory limit is 11.777661 GB
I0907 21:10:16.331270 1134 process_memory.cc:183] Process soft memory limit is 9.422129 GB
I0907 21:10:16.331281 1008 tablet_server_main.cc:87] Tablet server successfully started.
I0907 21:10:16.331365 1134 process_memory.cc:186] Process memory pressure threshold is 7.066597 GB
I0907 21:10:16.332293 1010 ts_tablet_manager.cc:541] T 55077156aad54bed9cc6874ca5200a0f P b2a125044b7e48a4bb00ad3eacf18556: Initiating tablet copy from peer c9439a2a1ffa4e46b0c3295641b039be (127.0.180.1:46139)
I0907 21:10:16.332487 1010 tablet_copy_client.cc:224] T 55077156aad54bed9cc6874ca5200a0f P b2a125044b7e48a4bb00ad3eacf18556: tablet copy: Beginning tablet copy session from remote peer at address 127.0.180.1:46139
I0907 21:10:16.333446 180 external_mini_cluster.cc:829] Started /tmp/run_tha_test6pCJxY/build/asan/bin/kudu-tserver as pid 1008
I0907 21:10:16.349992 1110 tablet_copy_service.cc:132] P c9439a2a1ffa4e46b0c3295641b039be: Received BeginTabletCopySession request for tablet 55077156aad54bed9cc6874ca5200a0f from peer b2a125044b7e48a4bb00ad3eacf18556 ({username='slave'} at 127.0.180.2:32771)
I0907 21:10:16.350240 1110 tablet_copy_service.cc:151] P c9439a2a1ffa4e46b0c3295641b039be: Beginning new tablet copy session on tablet 55077156aad54bed9cc6874ca5200a0f from peer b2a125044b7e48a4bb00ad3eacf18556 at {username='slave'} at 127.0.180.2:32771: session id = b2a125044b7e48a4bb00ad3eacf18556-55077156aad54bed9cc6874ca5200a0f
I0907 21:10:16.350410 1133 heartbeater.cc:317] Connected to a master server at 127.0.180.254:58038
I0907 21:10:16.350618 1133 heartbeater.cc:387] Registering TS with master...
W0907 21:10:16.350558 1110 tablet_copy_service.cc:418] P c9439a2a1ffa4e46b0c3295641b039be: Error handling TabletCopyService RPC request from {username='slave'} at 127.0.180.2:32771: Error beginning tablet copy session for tablet 55077156aad54bed9cc6874ca5200a0f: Illegal state: The tablet is not in a running state: BOOTSTRAPPING
I0907 21:10:16.351804 1133 heartbeater.cc:414] Master 127.0.180.254:58038 requested a full tablet report, sending...
I0907 21:10:16.354497 534 ts_manager.cc:87] Re-registered known tserver with Master: c9439a2a1ffa4e46b0c3295641b039be (127.0.180.1:46139)
I0907 21:10:16.356640 534 master_service.cc:203] Signed X509 certificate for tserver {username='slave'} at 127.0.180.1:45308
I0907 21:10:16.356686 1009 ts_tablet_manager.cc:541] T 55077156aad54bed9cc6874ca5200a0f P b2a125044b7e48a4bb00ad3eacf18556: Initiating tablet copy from peer c9439a2a1ffa4e46b0c3295641b039be (127.0.180.1:46139)
I0907 21:10:16.356842 1009 tablet_copy_client.cc:224] T 55077156aad54bed9cc6874ca5200a0f P b2a125044b7e48a4bb00ad3eacf18556: tablet copy: Beginning tablet copy session from remote peer at address 127.0.180.1:46139
I0907 21:10:16.357816 1110 tablet_copy_service.cc:132] P c9439a2a1ffa4e46b0c3295641b039be: Received BeginTabletCopySession request for tablet 55077156aad54bed9cc6874ca5200a0f from peer b2a125044b7e48a4bb00ad3eacf18556 ({username='slave'} at 127.0.180.2:32771)
I0907 21:10:16.358012 1110 tablet_copy_service.cc:151] P c9439a2a1ffa4e46b0c3295641b039be: Beginning new tablet copy session on tablet 55077156aad54bed9cc6874ca5200a0f from peer b2a125044b7e48a4bb00ad3eacf18556 at {username='slave'} at 127.0.180.2:32771: session id = b2a125044b7e48a4bb00ad3eacf18556-55077156aad54bed9cc6874ca5200a0f
W0907 21:10:16.358171 1110 tablet_copy_service.cc:418] P c9439a2a1ffa4e46b0c3295641b039be: Error handling TabletCopyService RPC request from {username='slave'} at 127.0.180.2:32771: Error beginning tablet copy session for tablet 55077156aad54bed9cc6874ca5200a0f: Illegal state: The tablet is not in a running state: BOOTSTRAPPING
I0907 21:10:16.363106 1012 ts_tablet_manager.cc:541] T 55077156aad54bed9cc6874ca5200a0f P b2a125044b7e48a4bb00ad3eacf18556: Initiating tablet copy from peer c9439a2a1ffa4e46b0c3295641b039be (127.0.180.1:46139)
I0907 21:10:16.363235 1012 tablet_copy_client.cc:224] T 55077156aad54bed9cc6874ca5200a0f P b2a125044b7e48a4bb00ad3eacf18556: tablet copy: Beginning tablet copy session from remote peer at address 127.0.180.1:46139
I0907 21:10:16.364060 1110 tablet_copy_service.cc:132] P c9439a2a1ffa4e46b0c3295641b039be: Received BeginTabletCopySession request for tablet 55077156aad54bed9cc6874ca5200a0f from peer b2a125044b7e48a4bb00ad3eacf18556 ({username='slave'} at 127.0.180.2:32771)
