I0907 21:10:20.504524 1298 tablet_copy_client.cc:224] T 55077156aad54bed9cc6874ca5200a0f P b2a125044b7e48a4bb00ad3eacf18556: tablet copy: Beginning tablet copy session from remote peer at address 127.0.180.1:46139
I0907 21:10:20.508514 1296 ts_tablet_manager.cc:541] T 55077156aad54bed9cc6874ca5200a0f P b2a125044b7e48a4bb00ad3eacf18556: Initiating tablet copy from peer c9439a2a1ffa4e46b0c3295641b039be (127.0.180.1:46139)
I0907 21:10:20.508649 1296 tablet_copy_client.cc:224] T 55077156aad54bed9cc6874ca5200a0f P b2a125044b7e48a4bb00ad3eacf18556: tablet copy: Beginning tablet copy session from remote peer at address 127.0.180.1:46139
I0907 21:10:20.516084 1297 ts_tablet_manager.cc:541] T 55077156aad54bed9cc6874ca5200a0f P b2a125044b7e48a4bb00ad3eacf18556: Initiating tablet copy from peer c9439a2a1ffa4e46b0c3295641b039be (127.0.180.1:46139)
I0907 21:10:20.516229 1297 tablet_copy_client.cc:224] T 55077156aad54bed9cc6874ca5200a0f P b2a125044b7e48a4bb00ad3eacf18556: tablet copy: Beginning tablet copy session from remote peer at address 127.0.180.1:46139
I0907 21:10:20.528837 1299 ts_tablet_manager.cc:541] T 55077156aad54bed9cc6874ca5200a0f P b2a125044b7e48a4bb00ad3eacf18556: Initiating tablet copy from peer c9439a2a1ffa4e46b0c3295641b039be (127.0.180.1:46139)
I0907 21:10:20.528985 1299 tablet_copy_client.cc:224] T 55077156aad54bed9cc6874ca5200a0f P b2a125044b7e48a4bb00ad3eacf18556: tablet copy: Beginning tablet copy session from remote peer at address 127.0.180.1:46139
I0907 21:10:20.533427 1298 ts_tablet_manager.cc:541] T 55077156aad54bed9cc6874ca5200a0f P b2a125044b7e48a4bb00ad3eacf18556: Initiating tablet copy from peer c9439a2a1ffa4e46b0c3295641b039be (127.0.180.1:46139)
I0907 21:10:20.533555 1298 tablet_copy_client.cc:224] T 55077156aad54bed9cc6874ca5200a0f P b2a125044b7e48a4bb00ad3eacf18556: tablet copy: Beginning tablet copy session from remote peer at address 127.0.180.1:46139
I0907 21:10:20.541214 1297 ts_tablet_manager.cc:541] T 55077156aad54bed9cc6874ca5200a0f P b2a125044b7e48a4bb00ad3eacf18556: Initiating tablet copy from peer c9439a2a1ffa4e46b0c3295641b039be (127.0.180.1:46139)
I0907 21:10:20.541352 1297 tablet_copy_client.cc:224] T 55077156aad54bed9cc6874ca5200a0f P b2a125044b7e48a4bb00ad3eacf18556: tablet copy: Beginning tablet copy session from remote peer at address 127.0.180.1:46139
I0907 21:10:20.544797 1299 ts_tablet_manager.cc:541] T 55077156aad54bed9cc6874ca5200a0f P b2a125044b7e48a4bb00ad3eacf18556: Initiating tablet copy from peer c9439a2a1ffa4e46b0c3295641b039be (127.0.180.1:46139)
I0907 21:10:20.544932 1299 tablet_copy_client.cc:224] T 55077156aad54bed9cc6874ca5200a0f P b2a125044b7e48a4bb00ad3eacf18556: tablet copy: Beginning tablet copy session from remote peer at address 127.0.180.1:46139
I0907 21:10:20.549345 1296 ts_tablet_manager.cc:541] T 55077156aad54bed9cc6874ca5200a0f P b2a125044b7e48a4bb00ad3eacf18556: Initiating tablet copy from peer c9439a2a1ffa4e46b0c3295641b039be (127.0.180.1:46139)
I0907 21:10:20.549489 1296 tablet_copy_client.cc:224] T 55077156aad54bed9cc6874ca5200a0f P b2a125044b7e48a4bb00ad3eacf18556: tablet copy: Beginning tablet copy session from remote peer at address 127.0.180.1:46139
I0907 21:10:20.574560 1298 ts_tablet_manager.cc:541] T 55077156aad54bed9cc6874ca5200a0f P b2a125044b7e48a4bb00ad3eacf18556: Initiating tablet copy from peer c9439a2a1ffa4e46b0c3295641b039be (127.0.180.1:46139)
I0907 21:10:20.574723 1298 tablet_copy_client.cc:224] T 55077156aad54bed9cc6874ca5200a0f P b2a125044b7e48a4bb00ad3eacf18556: tablet copy: Beginning tablet copy session from remote peer at address 127.0.180.1:46139
I0907 21:10:20.577323 1299 ts_tablet_manager.cc:541] T 55077156aad54bed9cc6874ca5200a0f P b2a125044b7e48a4bb00ad3eacf18556: Initiating tablet copy from peer c9439a2a1ffa4e46b0c3295641b039be (127.0.180.1:46139)
I0907 21:10:20.577447 1299 tablet_copy_client.cc:224] T 55077156aad54bed9cc6874ca5200a0f P b2a125044b7e48a4bb00ad3eacf18556: tablet copy: Beginning tablet copy session from remote peer at address 127.0.180.1:46139
I0907 21:10:20.578594 1296 ts_tablet_manager.cc:541] T 55077156aad54bed9cc6874ca5200a0f P b2a125044b7e48a4bb00ad3eacf18556: Initiating tablet copy from peer c9439a2a1ffa4e46b0c3295641b039be (127.0.180.1:46139)
I0907 21:10:20.578696 1296 tablet_copy_client.cc:224] T 55077156aad54bed9cc6874ca5200a0f P b2a125044b7e48a4bb00ad3eacf18556: tablet copy: Beginning tablet copy session from remote peer at address 127.0.180.1:46139
I0907 21:10:20.583344 1295 ts_tablet_manager.cc:199] Loading tablet metadata (0/1 complete)
I0907 21:10:20.583398 1295 ts_tablet_manager.cc:770] T 55077156aad54bed9cc6874ca5200a0f P c9439a2a1ffa4e46b0c3295641b039be: Loading tablet metadata
I0907 21:10:20.587180 1295 ts_tablet_manager.cc:211] Loaded tablet metadata (1 live tablets)
I0907 21:10:20.589161 1295 ts_tablet_manager.cc:943] T 55077156aad54bed9cc6874ca5200a0f P c9439a2a1ffa4e46b0c3295641b039be: Registered tablet (data state: TABLET_DATA_READY)
I0907 21:10:20.590433 1314 ts_tablet_manager.cc:793] T 55077156aad54bed9cc6874ca5200a0f P c9439a2a1ffa4e46b0c3295641b039be: Bootstrapping tablet
I0907 21:10:20.590550 1295 tablet_server_main.cc:84] Starting tablet server...
I0907 21:10:20.590804 1314 tablet_bootstrap.cc:433] T 55077156aad54bed9cc6874ca5200a0f P c9439a2a1ffa4e46b0c3295641b039be: Bootstrap starting.
I0907 21:10:20.595096 1297 ts_tablet_manager.cc:541] T 55077156aad54bed9cc6874ca5200a0f P b2a125044b7e48a4bb00ad3eacf18556: Initiating tablet copy from peer c9439a2a1ffa4e46b0c3295641b039be (127.0.180.1:46139)
I0907 21:10:20.595239 1297 tablet_copy_client.cc:224] T 55077156aad54bed9cc6874ca5200a0f P b2a125044b7e48a4bb00ad3eacf18556: tablet copy: Beginning tablet copy session from remote peer at address 127.0.180.1:46139
I0907 21:10:20.604604 1298 ts_tablet_manager.cc:541] T 55077156aad54bed9cc6874ca5200a0f P b2a125044b7e48a4bb00ad3eacf18556: Initiating tablet copy from peer c9439a2a1ffa4e46b0c3295641b039be (127.0.180.1:46139)
I0907 21:10:20.604748 1298 tablet_copy_client.cc:224] T 55077156aad54bed9cc6874ca5200a0f P b2a125044b7e48a4bb00ad3eacf18556: tablet copy: Beginning tablet copy session from remote peer at address 127.0.180.1:46139
I0907 21:10:20.616325 1299 ts_tablet_manager.cc:541] T 55077156aad54bed9cc6874ca5200a0f P b2a125044b7e48a4bb00ad3eacf18556: Initiating tablet copy from peer c9439a2a1ffa4e46b0c3295641b039be (127.0.180.1:46139)
I0907 21:10:20.616479 1299 tablet_copy_client.cc:224] T 55077156aad54bed9cc6874ca5200a0f P b2a125044b7e48a4bb00ad3eacf18556: tablet copy: Beginning tablet copy session from remote peer at address 127.0.180.1:46139
I0907 21:10:20.620496 1297 ts_tablet_manager.cc:541] T 55077156aad54bed9cc6874ca5200a0f P b2a125044b7e48a4bb00ad3eacf18556: Initiating tablet copy from peer c9439a2a1ffa4e46b0c3295641b039be (127.0.180.1:46139)
I0907 21:10:20.620625 1297 tablet_copy_client.cc:224] T 55077156aad54bed9cc6874ca5200a0f P b2a125044b7e48a4bb00ad3eacf18556: tablet copy: Beginning tablet copy session from remote peer at address 127.0.180.1:46139
I0907 21:10:20.633450 1298 ts_tablet_manager.cc:541] T 55077156aad54bed9cc6874ca5200a0f P b2a125044b7e48a4bb00ad3eacf18556: Initiating tablet copy from peer c9439a2a1ffa4e46b0c3295641b039be (127.0.180.1:46139)
I0907 21:10:20.633595 1298 tablet_copy_client.cc:224] T 55077156aad54bed9cc6874ca5200a0f P b2a125044b7e48a4bb00ad3eacf18556: tablet copy: Beginning tablet copy session from remote peer at address 127.0.180.1:46139
I0907 21:10:20.643651 1299 ts_tablet_manager.cc:541] T 55077156aad54bed9cc6874ca5200a0f P b2a125044b7e48a4bb00ad3eacf18556: Initiating tablet copy from peer c9439a2a1ffa4e46b0c3295641b039be (127.0.180.1:46139)
I0907 21:10:20.643795 1299 tablet_copy_client.cc:224] T 55077156aad54bed9cc6874ca5200a0f P b2a125044b7e48a4bb00ad3eacf18556: tablet copy: Beginning tablet copy session from remote peer at address 127.0.180.1:46139
I0907 21:10:20.666160 1297 ts_tablet_manager.cc:541] T 55077156aad54bed9cc6874ca5200a0f P b2a125044b7e48a4bb00ad3eacf18556: Initiating tablet copy from peer c9439a2a1ffa4e46b0c3295641b039be (127.0.180.1:46139)
I0907 21:10:20.666324 1297 tablet_copy_client.cc:224] T 55077156aad54bed9cc6874ca5200a0f P b2a125044b7e48a4bb00ad3eacf18556: tablet copy: Beginning tablet copy session from remote peer at address 127.0.180.1:46139
I0907 21:10:20.675756 1298 ts_tablet_manager.cc:541] T 55077156aad54bed9cc6874ca5200a0f P b2a125044b7e48a4bb00ad3eacf18556: Initiating tablet copy from peer c9439a2a1ffa4e46b0c3295641b039be (127.0.180.1:46139)
I0907 21:10:20.675906 1298 tablet_copy_client.cc:224] T 55077156aad54bed9cc6874ca5200a0f P b2a125044b7e48a4bb00ad3eacf18556: tablet copy: Beginning tablet copy session from remote peer at address 127.0.180.1:46139
I0907 21:10:20.677790 1299 ts_tablet_manager.cc:541] T 55077156aad54bed9cc6874ca5200a0f P b2a125044b7e48a4bb00ad3eacf18556: Initiating tablet copy from peer c9439a2a1ffa4e46b0c3295641b039be (127.0.180.1:46139)
I0907 21:10:20.677940 1299 tablet_copy_client.cc:224] T 55077156aad54bed9cc6874ca5200a0f P b2a125044b7e48a4bb00ad3eacf18556: tablet copy: Beginning tablet copy session from remote peer at address 127.0.180.1:46139
I0907 21:10:20.688649 1314 log.cc:518] T 55077156aad54bed9cc6874ca5200a0f P c9439a2a1ffa4e46b0c3295641b039be: Log is configured to *not* fsync() on all Append() calls
I0907 21:10:20.690809 1296 ts_tablet_manager.cc:541] T 55077156aad54bed9cc6874ca5200a0f P b2a125044b7e48a4bb00ad3eacf18556: Initiating tablet copy from peer c9439a2a1ffa4e46b0c3295641b039be (127.0.180.1:46139)
I0907 21:10:20.690986 1296 tablet_copy_client.cc:224] T 55077156aad54bed9cc6874ca5200a0f P b2a125044b7e48a4bb00ad3eacf18556: tablet copy: Beginning tablet copy session from remote peer at address 127.0.180.1:46139
I0907 21:10:20.695457 1297 ts_tablet_manager.cc:541] T 55077156aad54bed9cc6874ca5200a0f P b2a125044b7e48a4bb00ad3eacf18556: Initiating tablet copy from peer c9439a2a1ffa4e46b0c3295641b039be (127.0.180.1:46139)
I0907 21:10:20.695603 1297 tablet_copy_client.cc:224] T 55077156aad54bed9cc6874ca5200a0f P b2a125044b7e48a4bb00ad3eacf18556: tablet copy: Beginning tablet copy session from remote peer at address 127.0.180.1:46139
I0907 21:10:20.697610 1298 ts_tablet_manager.cc:541] T 55077156aad54bed9cc6874ca5200a0f P b2a125044b7e48a4bb00ad3eacf18556: Initiating tablet copy from peer c9439a2a1ffa4e46b0c3295641b039be (127.0.180.1:46139)
I0907 21:10:20.697760 1298 tablet_copy_client.cc:224] T 55077156aad54bed9cc6874ca5200a0f P b2a125044b7e48a4bb00ad3eacf18556: tablet copy: Beginning tablet copy session from remote peer at address 127.0.180.1:46139
I0907 21:10:20.718636 1299 ts_tablet_manager.cc:541] T 55077156aad54bed9cc6874ca5200a0f P b2a125044b7e48a4bb00ad3eacf18556: Initiating tablet copy from peer c9439a2a1ffa4e46b0c3295641b039be (127.0.180.1:46139)
I0907 21:10:20.718785 1299 tablet_copy_client.cc:224] T 55077156aad54bed9cc6874ca5200a0f P b2a125044b7e48a4bb00ad3eacf18556: tablet copy: Beginning tablet copy session from remote peer at address 127.0.180.1:46139
I0907 21:10:20.720991 1297 ts_tablet_manager.cc:541] T 55077156aad54bed9cc6874ca5200a0f P b2a125044b7e48a4bb00ad3eacf18556: Initiating tablet copy from peer c9439a2a1ffa4e46b0c3295641b039be (127.0.180.1:46139)
I0907 21:10:20.721098 1297 tablet_copy_client.cc:224] T 55077156aad54bed9cc6874ca5200a0f P b2a125044b7e48a4bb00ad3eacf18556: tablet copy: Beginning tablet copy session from remote peer at address 127.0.180.1:46139
I0907 21:10:20.728008 1295 rpc_server.cc:192] RPC server started. Bound to: 127.0.180.1:46139
I0907 21:10:20.728664 1295 webserver.cc:149] Starting webserver on 127.0.180.1:42017
I0907 21:10:20.728711 1295 webserver.cc:160] Document root disabled
I0907 21:10:20.729544 1295 webserver.cc:282] Webserver started. Bound to: http://127.0.180.1:42017/
I0907 21:10:20.730322 1295 server_base.cc:372] Dumped server information to /tmp/run_tha_test6pCJxY/test-tmp/tablet_copy_client_session-itest.TabletCopyClientSessionITest.TestStartTabletCopyWhileSourceBootstrapping.1504818611172218-180/minicluster-data/ts-0/data/info.pb
I0907 21:10:20.731500 1298 ts_tablet_manager.cc:541] T 55077156aad54bed9cc6874ca5200a0f P b2a125044b7e48a4bb00ad3eacf18556: Initiating tablet copy from peer c9439a2a1ffa4e46b0c3295641b039be (127.0.180.1:46139)
I0907 21:10:20.731623 1298 tablet_copy_client.cc:224] T 55077156aad54bed9cc6874ca5200a0f P b2a125044b7e48a4bb00ad3eacf18556: tablet copy: Beginning tablet copy session from remote peer at address 127.0.180.1:46139
I0907 21:10:20.738047 180 external_mini_cluster.cc:829] Started /tmp/run_tha_test6pCJxY/build/asan/bin/kudu-tserver as pid 1295
I0907 21:10:20.750349 1295 tablet_server_main.cc:87] Tablet server successfully started.
I0907 21:10:20.750318 1422 process_memory.cc:181] Process hard memory limit is 11.777661 GB
I0907 21:10:20.750408 1422 process_memory.cc:183] Process soft memory limit is 9.422129 GB
I0907 21:10:20.750447 1422 process_memory.cc:186] Process memory pressure threshold is 7.066597 GB
I0907 21:10:20.758878 1397 tablet_copy_service.cc:132] P c9439a2a1ffa4e46b0c3295641b039be: Received BeginTabletCopySession request for tablet 55077156aad54bed9cc6874ca5200a0f from peer b2a125044b7e48a4bb00ad3eacf18556 ({username='slave'} at 127.0.180.2:40350)
I0907 21:10:20.759111 1397 tablet_copy_service.cc:151] P c9439a2a1ffa4e46b0c3295641b039be: Beginning new tablet copy session on tablet 55077156aad54bed9cc6874ca5200a0f from peer b2a125044b7e48a4bb00ad3eacf18556 at {username='slave'} at 127.0.180.2:40350: session id = b2a125044b7e48a4bb00ad3eacf18556-55077156aad54bed9cc6874ca5200a0f
W0907 21:10:20.759384 1397 tablet_copy_service.cc:418] P c9439a2a1ffa4e46b0c3295641b039be: Error handling TabletCopyService RPC request from {username='slave'} at 127.0.180.2:40350: Error beginning tablet copy session for tablet 55077156aad54bed9cc6874ca5200a0f: Illegal state: The tablet is not in a running state: BOOTSTRAPPING
I0907 21:10:20.765959 1420 heartbeater.cc:317] Connected to a master server at 127.0.180.254:58038
I0907 21:10:20.766160 1420 heartbeater.cc:387] Registering TS with master...
I0907 21:10:20.766707 1420 heartbeater.cc:414] Master 127.0.180.254:58038 requested a full tablet report, sending...
I0907 21:10:20.768468 534 ts_manager.cc:87] Re-registered known tserver with Master: c9439a2a1ffa4e46b0c3295641b039be (127.0.180.1:46139)
I0907 21:10:20.770021 534 master_service.cc:203] Signed X509 certificate for tserver {username='slave'} at 127.0.180.1:59933
I0907 21:10:20.774447 1299 ts_tablet_manager.cc:541] T 55077156aad54bed9cc6874ca5200a0f P b2a125044b7e48a4bb00ad3eacf18556: Initiating tablet copy from peer c9439a2a1ffa4e46b0c3295641b039be (127.0.180.1:46139)
I0907 21:10:20.774607 1299 tablet_copy_client.cc:224] T 55077156aad54bed9cc6874ca5200a0f P b2a125044b7e48a4bb00ad3eacf18556: tablet copy: Beginning tablet copy session from remote peer at address 127.0.180.1:46139
I0907 21:10:20.775658 1397 tablet_copy_service.cc:132] P c9439a2a1ffa4e46b0c3295641b039be: Received BeginTabletCopySession request for tablet 55077156aad54bed9cc6874ca5200a0f from peer b2a125044b7e48a4bb00ad3eacf18556 ({username='slave'} at 127.0.180.2:40350)
I0907 21:10:20.776010 1397 tablet_copy_service.cc:151] P c9439a2a1ffa4e46b0c3295641b039be: Beginning new tablet copy session on tablet 55077156aad54bed9cc6874ca5200a0f from peer b2a125044b7e48a4bb00ad3eacf18556 at {username='slave'} at 127.0.180.2:40350: session id = b2a125044b7e48a4bb00ad3eacf18556-55077156aad54bed9cc6874ca5200a0f
W0907 21:10:20.776266 1397 tablet_copy_service.cc:418] P c9439a2a1ffa4e46b0c3295641b039be: Error handling TabletCopyService RPC request from {username='slave'} at 127.0.180.2:40350: Error beginning tablet copy session for tablet 55077156aad54bed9cc6874ca5200a0f: Illegal state: The tablet is not in a running state: BOOTSTRAPPING
I0907 21:10:20.790246 1297 ts_tablet_manager.cc:541] T 55077156aad54bed9cc6874ca5200a0f P b2a125044b7e48a4bb00ad3eacf18556: Initiating tablet copy from peer c9439a2a1ffa4e46b0c3295641b039be (127.0.180.1:46139)
I0907 21:10:20.790419 1297 tablet_copy_client.cc:224] T 55077156aad54bed9cc6874ca5200a0f P b2a125044b7e48a4bb00ad3eacf18556: tablet copy: Beginning tablet copy session from remote peer at address 127.0.180.1:46139
I0907 21:10:20.791426 1397 tablet_copy_service.cc:132] P c9439a2a1ffa4e46b0c3295641b039be: Received BeginTabletCopySession request for tablet 55077156aad54bed9cc6874ca5200a0f from peer b2a125044b7e48a4bb00ad3eacf18556 ({username='slave'} at 127.0.180.2:40350)
I0907 21:10:20.791599 1397 tablet_copy_service.cc:151] P c9439a2a1ffa4e46b0c3295641b039be: Beginning new tablet copy session on tablet 55077156aad54bed9cc6874ca5200a0f from peer b2a125044b7e48a4bb00ad3eacf18556 at {username='slave'} at 127.0.180.2:40350: session id = b2a125044b7e48a4bb00ad3eacf18556-55077156aad54bed9cc6874ca5200a0f
W0907 21:10:20.791729 1397 tablet_copy_service.cc:418] P c9439a2a1ffa4e46b0c3295641b039be: Error handling TabletCopyService RPC request from {username='slave'} at 127.0.180.2:40350: Error beginning tablet copy session for tablet 55077156aad54bed9cc6874ca5200a0f: Illegal state: The tablet is not in a running state: BOOTSTRAPPING
I0907 21:10:20.794322 1296 ts_tablet_manager.cc:541] T 55077156aad54bed9cc6874ca5200a0f P b2a125044b7e48a4bb00ad3eacf18556: Initiating tablet copy from peer c9439a2a1ffa4e46b0c3295641b039be (127.0.180.1:46139)
I0907 21:10:20.794459 1296 tablet_copy_client.cc:224] T 55077156aad54bed9cc6874ca5200a0f P b2a125044b7e48a4bb00ad3eacf18556: tablet copy: Beginning tablet copy session from remote peer at address 127.0.180.1:46139
I0907 21:10:20.795428 1397 tablet_copy_service.cc:132] P c9439a2a1ffa4e46b0c3295641b039be: Received BeginTabletCopySession request for tablet 55077156aad54bed9cc6874ca5200a0f from peer b2a125044b7e48a4bb00ad3eacf18556 ({username='slave'} at 127.0.180.2:40350)
I0907 21:10:20.795545 1397 tablet_copy_service.cc:151] P c9439a2a1ffa4e46b0c3295641b039be: Beginning new tablet copy session on tablet 55077156aad54bed9cc6874ca5200a0f from peer b2a125044b7e48a4bb00ad3eacf18556 at {username='slave'} at 127.0.180.2:40350: session id = b2a125044b7e48a4bb00ad3eacf18556-55077156aad54bed9cc6874ca5200a0f
W0907 21:10:20.795652 1397 tablet_copy_service.cc:418] P c9439a2a1ffa4e46b0c3295641b039be: Error handling TabletCopyService RPC request from {username='slave'} at 127.0.180.2:40350: Error beginning tablet copy session for tablet 55077156aad54bed9cc6874ca5200a0f: Illegal state: The tablet is not in a running state: BOOTSTRAPPING
I0907 21:10:20.797961 1298 ts_tablet_manager.cc:541] T 55077156aad54bed9cc6874ca5200a0f P b2a125044b7e48a4bb00ad3eacf18556: Initiating tablet copy from peer c9439a2a1ffa4e46b0c3295641b039be (127.0.180.1:46139)
I0907 21:10:20.798110 1298 tablet_copy_client.cc:224] T 55077156aad54bed9cc6874ca5200a0f P b2a125044b7e48a4bb00ad3eacf18556: tablet copy: Beginning tablet copy session from remote peer at address 127.0.180.1:46139
I0907 21:10:20.799079 1397 tablet_copy_service.cc:132] P c9439a2a1ffa4e46b0c3295641b039be: Received BeginTabletCopySession request for tablet 55077156aad54bed9cc6874ca5200a0f from peer b2a125044b7e48a4bb00ad3eacf18556 ({username='slave'} at 127.0.180.2:40350)
I0907 21:10:20.799181 1397 tablet_copy_service.cc:151] P c9439a2a1ffa4e46b0c3295641b039be: Beginning new tablet copy session on tablet 55077156aad54bed9cc6874ca5200a0f from peer b2a125044b7e48a4bb00ad3eacf18556 at {username='slave'} at 127.0.180.2:40350: session id = b2a125044b7e48a4bb00ad3eacf18556-55077156aad54bed9cc6874ca5200a0f
W0907 21:10:20.799311 1397 tablet_copy_service.cc:418] P c9439a2a1ffa4e46b0c3295641b039be: Error handling TabletCopyService RPC request from {username='slave'} at 127.0.180.2:40350: Error beginning tablet copy session for tablet 55077156aad54bed9cc6874ca5200a0f: Illegal state: The tablet is not in a running state: BOOTSTRAPPING
I0907 21:10:20.802310 1299 ts_tablet_manager.cc:541] T 55077156aad54bed9cc6874ca5200a0f P b2a125044b7e48a4bb00ad3eacf18556: Initiating tablet copy from peer c9439a2a1ffa4e46b0c3295641b039be (127.0.180.1:46139)
I0907 21:10:20.802443 1299 tablet_copy_client.cc:224] T 55077156aad54bed9cc6874ca5200a0f P b2a125044b7e48a4bb00ad3eacf18556: tablet copy: Beginning tablet copy session from remote peer at address 127.0.180.1:46139
I0907 21:10:20.803371 1397 tablet_copy_service.cc:132] P c9439a2a1ffa4e46b0c3295641b039be: Received BeginTabletCopySession request for tablet 55077156aad54bed9cc6874ca5200a0f from peer b2a125044b7e48a4bb00ad3eacf18556 ({username='slave'} at 127.0.180.2:40350)
I0907 21:10:20.803488 1397 tablet_copy_service.cc:151] P c9439a2a1ffa4e46b0c3295641b039be: Beginning new tablet copy session on tablet 55077156aad54bed9cc6874ca5200a0f from peer b2a125044b7e48a4bb00ad3eacf18556 at {username='slave'} at 127.0.180.2:40350: session id = b2a125044b7e48a4bb00ad3eacf18556-55077156aad54bed9cc6874ca5200a0f
W0907 21:10:20.803606 1397 tablet_copy_service.cc:418] P c9439a2a1ffa4e46b0c3295641b039be: Error handling TabletCopyService RPC request from {username='slave'} at 127.0.180.2:40350: Error beginning tablet copy session for tablet 55077156aad54bed9cc6874ca5200a0f: Illegal state: The tablet is not in a running state: BOOTSTRAPPING
I0907 21:10:20.806186 1296 ts_tablet_manager.cc:541] T 55077156aad54bed9cc6874ca5200a0f P b2a125044b7e48a4bb00ad3eacf18556: Initiating tablet copy from peer c9439a2a1ffa4e46b0c3295641b039be (127.0.180.1:46139)
I0907 21:10:20.806329 1296 tablet_copy_client.cc:224] T 55077156aad54bed9cc6874ca5200a0f P b2a125044b7e48a4bb00ad3eacf18556: tablet copy: Beginning tablet copy session from remote peer at address 127.0.180.1:46139
I0907 21:10:20.807286 1397 tablet_copy_service.cc:132] P c9439a2a1ffa4e46b0c3295641b039be: Received BeginTabletCopySession request for tablet 55077156aad54bed9cc6874ca5200a0f from peer b2a125044b7e48a4bb00ad3eacf18556 ({username='slave'} at 127.0.180.2:40350)
I0907 21:10:20.807394 1397 tablet_copy_service.cc:151] P c9439a2a1ffa4e46b0c3295641b039be: Beginning new tablet copy session on tablet 55077156aad54bed9cc6874ca5200a0f from peer b2a125044b7e48a4bb00ad3eacf18556 at {username='slave'} at 127.0.180.2:40350: session id = b2a125044b7e48a4bb00ad3eacf18556-55077156aad54bed9cc6874ca5200a0f
W0907 21:10:20.807528 1397 tablet_copy_service.cc:418] P c9439a2a1ffa4e46b0c3295641b039be: Error handling TabletCopyService RPC request from {username='slave'} at 127.0.180.2:40350: Error beginning tablet copy session for tablet 55077156aad54bed9cc6874ca5200a0f: Illegal state: The tablet is not in a running state: BOOTSTRAPPING
I0907 21:10:20.808938 1298 ts_tablet_manager.cc:541] T 55077156aad54bed9cc6874ca5200a0f P b2a125044b7e48a4bb00ad3eacf18556: Initiating tablet copy from peer c9439a2a1ffa4e46b0c3295641b039be (127.0.180.1:46139)
I0907 21:10:20.809062 1298 tablet_copy_client.cc:224] T 55077156aad54bed9cc6874ca5200a0f P b2a125044b7e48a4bb00ad3eacf18556: tablet copy: Beginning tablet copy session from remote peer at address 127.0.180.1:46139
I0907 21:10:20.810012 1397 tablet_copy_service.cc:132] P c9439a2a1ffa4e46b0c3295641b039be: Received BeginTabletCopySession request for tablet 55077156aad54bed9cc6874ca5200a0f from peer b2a125044b7e48a4bb00ad3eacf18556 ({username='slave'} at 127.0.180.2:40350)
I0907 21:10:20.810124 1397 tablet_copy_service.cc:151] P c9439a2a1ffa4e46b0c3295641b039be: Beginning new tablet copy session on tablet 55077156aad54bed9cc6874ca5200a0f from peer b2a125044b7e48a4bb00ad3eacf18556 at {username='slave'} at 127.0.180.2:40350: session id = b2a125044b7e48a4bb00ad3eacf18556-55077156aad54bed9cc6874ca5200a0f
W0907 21:10:20.810242 1397 tablet_copy_service.cc:418] P c9439a2a1ffa4e46b0c3295641b039be: Error handling TabletCopyService RPC request from {username='slave'} at 127.0.180.2:40350: Error beginning tablet copy session for tablet 55077156aad54bed9cc6874ca5200a0f: Illegal state: The tablet is not in a running state: BOOTSTRAPPING
I0907 21:10:20.827244 1297 ts_tablet_manager.cc:541] T 55077156aad54bed9cc6874ca5200a0f P b2a125044b7e48a4bb00ad3eacf18556: Initiating tablet copy from peer c9439a2a1ffa4e46b0c3295641b039be (127.0.180.1:46139)
I0907 21:10:20.827400 1297 tablet_copy_client.cc:224] T 55077156aad54bed9cc6874ca5200a0f P b2a125044b7e48a4bb00ad3eacf18556: tablet copy: Beginning tablet copy session from remote peer at address 127.0.180.1:46139
I0907 21:10:20.828382 1397 tablet_copy_service.cc:132] P c9439a2a1ffa4e46b0c3295641b039be: Received BeginTabletCopySession request for tablet 55077156aad54bed9cc6874ca5200a0f from peer b2a125044b7e48a4bb00ad3eacf18556 ({username='slave'} at 127.0.180.2:40350)
I0907 21:10:20.828516 1397 tablet_copy_service.cc:151] P c9439a2a1ffa4e46b0c3295641b039be: Beginning new tablet copy session on tablet 55077156aad54bed9cc6874ca5200a0f from peer b2a125044b7e48a4bb00ad3eacf18556 at {username='slave'} at 127.0.180.2:40350: session id = b2a125044b7e48a4bb00ad3eacf18556-55077156aad54bed9cc6874ca5200a0f
W0907 21:10:20.828652 1397 tablet_copy_service.cc:418] P c9439a2a1ffa4e46b0c3295641b039be: Error handling TabletCopyService RPC request from {username='slave'} at 127.0.180.2:40350: Error beginning tablet copy session for tablet 55077156aad54bed9cc6874ca5200a0f: Illegal state: The tablet is not in a running state: BOOTSTRAPPING
I0907 21:10:20.834559 1299 ts_tablet_manager.cc:541] T 55077156aad54bed9cc6874ca5200a0f P b2a125044b7e48a4bb00ad3eacf18556: Initiating tablet copy from peer c9439a2a1ffa4e46b0c3295641b039be (127.0.180.1:46139)
I0907 21:10:20.834693 1299 tablet_copy_client.cc:224] T 55077156aad54bed9cc6874ca5200a0f P b2a125044b7e48a4bb00ad3eacf18556: tablet copy: Beginning tablet copy session from remote peer at address 127.0.180.1:46139
I0907 21:10:20.835582 1397 tablet_copy_service.cc:132] P c9439a2a1ffa4e46b0c3295641b039be: Received BeginTabletCopySession request for tablet 55077156aad54bed9cc6874ca5200a0f from peer b2a125044b7e48a4bb00ad3eacf18556 ({username='slave'} at 127.0.180.2:40350)
I0907 21:10:20.835711 1397 tablet_copy_service.cc:151] P c9439a2a1ffa4e46b0c3295641b039be: Beginning new tablet copy session on tablet 55077156aad54bed9cc6874ca5200a0f from peer b2a125044b7e48a4bb00ad3eacf18556 at {username='slave'} at 127.0.180.2:40350: session id = b2a125044b7e48a4bb00ad3eacf18556-55077156aad54bed9cc6874ca5200a0f
W0907 21:10:20.835832 1397 tablet_copy_service.cc:418] P c9439a2a1ffa4e46b0c3295641b039be: Error handling TabletCopyService RPC request from {username='slave'} at 127.0.180.2:40350: Error beginning tablet copy session for tablet 55077156aad54bed9cc6874ca5200a0f: Illegal state: The tablet is not in a running state: BOOTSTRAPPING
I0907 21:10:20.839999 1296 ts_tablet_manager.cc:541] T 55077156aad54bed9cc6874ca5200a0f P b2a125044b7e48a4bb00ad3eacf18556: Initiating tablet copy from peer c9439a2a1ffa4e46b0c3295641b039be (127.0.180.1:46139)
I0907 21:10:20.840131 1296 tablet_copy_client.cc:224] T 55077156aad54bed9cc6874ca5200a0f P b2a125044b7e48a4bb00ad3eacf18556: tablet copy: Beginning tablet copy session from remote peer at address 127.0.180.1:46139
I0907 21:10:20.841023 1397 tablet_copy_service.cc:132] P c9439a2a1ffa4e46b0c3295641b039be: Received BeginTabletCopySession request for tablet 55077156aad54bed9cc6874ca5200a0f from peer b2a125044b7e48a4bb00ad3eacf18556 ({username='slave'} at 127.0.180.2:40350)
I0907 21:10:20.841130 1397 tablet_copy_service.cc:151] P c9439a2a1ffa4e46b0c3295641b039be: Beginning new tablet copy session on tablet 55077156aad54bed9cc6874ca5200a0f from peer b2a125044b7e48a4bb00ad3eacf18556 at {username='slave'} at 127.0.180.2:40350: session id = b2a125044b7e48a4bb00ad3eacf18556-55077156aad54bed9cc6874ca5200a0f
W0907 21:10:20.841262 1397 tablet_copy_service.cc:418] P c9439a2a1ffa4e46b0c3295641b039be: Error handling TabletCopyService RPC request from {username='slave'} at 127.0.180.2:40350: Error beginning tablet copy session for tablet 55077156aad54bed9cc6874ca5200a0f: Illegal state: The tablet is not in a running state: BOOTSTRAPPING
I0907 21:10:20.845003 1298 ts_tablet_manager.cc:541] T 55077156aad54bed9cc6874ca5200a0f P b2a125044b7e48a4bb00ad3eacf18556: Initiating tablet copy from peer c9439a2a1ffa4e46b0c3295641b039be (127.0.180.1:46139)
I0907 21:10:20.845130 1298 tablet_copy_client.cc:224] T 55077156aad54bed9cc6874ca5200a0f P b2a125044b7e48a4bb00ad3eacf18556: tablet copy: Beginning tablet copy session from remote peer at address 127.0.180.1:46139
I0907 21:10:20.846042 1397 tablet_copy_service.cc:132] P c9439a2a1ffa4e46b0c3295641b039be: Received BeginTabletCopySession request for tablet 55077156aad54bed9cc6874ca5200a0f from peer b2a125044b7e48a4bb00ad3eacf18556 ({username='slave'} at 127.0.180.2:40350)
I0907 21:10:20.846201 1397 tablet_copy_service.cc:151] P c9439a2a1ffa4e46b0c3295641b039be: Beginning new tablet copy session on tablet 55077156aad54bed9cc6874ca5200a0f from peer b2a125044b7e48a4bb00ad3eacf18556 at {username='slave'} at 127.0.180.2:40350: session id = b2a125044b7e48a4bb00ad3eacf18556-55077156aad54bed9cc6874ca5200a0f
W0907 21:10:20.846341 1397 tablet_copy_service.cc:418] P c9439a2a1ffa4e46b0c3295641b039be: Error handling TabletCopyService RPC request from {username='slave'} at 127.0.180.2:40350: Error beginning tablet copy session for tablet 55077156aad54bed9cc6874ca5200a0f: Illegal state: The tablet is not in a running state: BOOTSTRAPPING
I0907 21:10:20.854343 1297 ts_tablet_manager.cc:541] T 55077156aad54bed9cc6874ca5200a0f P b2a125044b7e48a4bb00ad3eacf18556: Initiating tablet copy from peer c9439a2a1ffa4e46b0c3295641b039be (127.0.180.1:46139)
I0907 21:10:20.854521 1297 tablet_copy_client.cc:224] T 55077156aad54bed9cc6874ca5200a0f P b2a125044b7e48a4bb00ad3eacf18556: tablet copy: Beginning tablet copy session from remote peer at address 127.0.180.1:46139
I0907 21:10:20.855540 1397 tablet_copy_service.cc:132] P c9439a2a1ffa4e46b0c3295641b039be: Received BeginTabletCopySession request for tablet 55077156aad54bed9cc6874ca5200a0f from peer b2a125044b7e48a4bb00ad3eacf18556 ({username='slave'} at 127.0.180.2:40350)
I0907 21:10:20.855662 1397 tablet_copy_service.cc:151] P c9439a2a1ffa4e46b0c3295641b039be: Beginning new tablet copy session on tablet 55077156aad54bed9cc6874ca5200a0f from peer b2a125044b7e48a4bb00ad3eacf18556 at {username='slave'} at 127.0.180.2:40350: session id = b2a125044b7e48a4bb00ad3eacf18556-55077156aad54bed9cc6874ca5200a0f
W0907 21:10:20.855808 1397 tablet_copy_service.cc:418] P c9439a2a1ffa4e46b0c3295641b039be: Error handling TabletCopyService RPC request from {username='slave'} at 127.0.180.2:40350: Error beginning tablet copy session for tablet 55077156aad54bed9cc6874ca5200a0f: Illegal state: The tablet is not in a running state: BOOTSTRAPPING
I0907 21:10:20.863003 1299 ts_tablet_manager.cc:541] T 55077156aad54bed9cc6874ca5200a0f P b2a125044b7e48a4bb00ad3eacf18556: Initiating tablet copy from peer c9439a2a1ffa4e46b0c3295641b039be (127.0.180.1:46139)
I0907 21:10:20.863168 1299 tablet_copy_client.cc:224] T 55077156aad54bed9cc6874ca5200a0f P b2a125044b7e48a4bb00ad3eacf18556: tablet copy: Beginning tablet copy session from remote peer at address 127.0.180.1:46139
I0907 21:10:20.864336 1397 tablet_copy_service.cc:132] P c9439a2a1ffa4e46b0c3295641b039be: Received BeginTabletCopySession request for tablet 55077156aad54bed9cc6874ca5200a0f from peer b2a125044b7e48a4bb00ad3eacf18556 ({username='slave'} at 127.0.180.2:40350)
I0907 21:10:20.864493 1397 tablet_copy_service.cc:151] P c9439a2a1ffa4e46b0c3295641b039be: Beginning new tablet copy session on tablet 55077156aad54bed9cc6874ca5200a0f from peer b2a125044b7e48a4bb00ad3eacf18556 at {username='slave'} at 127.0.180.2:40350: session id = b2a125044b7e48a4bb00ad3eacf18556-55077156aad54bed9cc6874ca5200a0f
W0907 21:10:20.864616 1397 tablet_copy_service.cc:418] P c9439a2a1ffa4e46b0c3295641b039be: Error handling TabletCopyService RPC request from {username='slave'} at 127.0.180.2:40350: Error beginning tablet copy session for tablet 55077156aad54bed9cc6874ca5200a0f: Illegal state: The tablet is not in a running state: BOOTSTRAPPING
I0907 21:10:20.879128 1296 ts_tablet_manager.cc:541] T 55077156aad54bed9cc6874ca5200a0f P b2a125044b7e48a4bb00ad3eacf18556: Initiating tablet copy from peer c9439a2a1ffa4e46b0c3295641b039be (127.0.180.1:46139)
I0907 21:10:20.879281 1296 tablet_copy_client.cc:224] T 55077156aad54bed9cc6874ca5200a0f P b2a125044b7e48a4bb00ad3eacf18556: tablet copy: Beginning tablet copy session from remote peer at address 127.0.180.1:46139
I0907 21:10:20.880368 1397 tablet_copy_service.cc:132] P c9439a2a1ffa4e46b0c3295641b039be: Received BeginTabletCopySession request for tablet 55077156aad54bed9cc6874ca5200a0f from peer b2a125044b7e48a4bb00ad3eacf18556 ({username='slave'} at 127.0.180.2:40350)
I0907 21:10:20.880475 1397 tablet_copy_service.cc:151] P c9439a2a1ffa4e46b0c3295641b039be: Beginning new tablet copy session on tablet 55077156aad54bed9cc6874ca5200a0f from peer b2a125044b7e48a4bb00ad3eacf18556 at {username='slave'} at 127.0.180.2:40350: session id = b2a125044b7e48a4bb00ad3eacf18556-55077156aad54bed9cc6874ca5200a0f
W0907 21:10:20.880607 1397 tablet_copy_service.cc:418] P c9439a2a1ffa4e46b0c3295641b039be: Error handling TabletCopyService RPC request from {username='slave'} at 127.0.180.2:40350: Error beginning tablet copy session for tablet 55077156aad54bed9cc6874ca5200a0f: Illegal state: The tablet is not in a running state: BOOTSTRAPPING
I0907 21:10:20.891721 1297 ts_tablet_manager.cc:541] T 55077156aad54bed9cc6874ca5200a0f P b2a125044b7e48a4bb00ad3eacf18556: Initiating tablet copy from peer c9439a2a1ffa4e46b0c3295641b039be (127.0.180.1:46139)
I0907 21:10:20.891881 1297 tablet_copy_client.cc:224] T 55077156aad54bed9cc6874ca5200a0f P b2a125044b7e48a4bb00ad3eacf18556: tablet copy: Beginning tablet copy session from remote peer at address 127.0.180.1:46139
I0907 21:10:20.893172 1397 tablet_copy_service.cc:132] P c9439a2a1ffa4e46b0c3295641b039be: Received BeginTabletCopySession request for tablet 55077156aad54bed9cc6874ca5200a0f from peer b2a125044b7e48a4bb00ad3eacf18556 ({username='slave'} at 127.0.180.2:40350)
I0907 21:10:20.893342 1397 tablet_copy_service.cc:151] P c9439a2a1ffa4e46b0c3295641b039be: Beginning new tablet copy session on tablet 55077156aad54bed9cc6874ca5200a0f from peer b2a125044b7e48a4bb00ad3eacf18556 at {username='slave'} at 127.0.180.2:40350: session id = b2a125044b7e48a4bb00ad3eacf18556-55077156aad54bed9cc6874ca5200a0f
W0907 21:10:20.893520 1397 tablet_copy_service.cc:418] P c9439a2a1ffa4e46b0c3295641b039be: Error handling TabletCopyService RPC request from {username='slave'} at 127.0.180.2:40350: Error beginning tablet copy session for tablet 55077156aad54bed9cc6874ca5200a0f: Illegal state: The tablet is not in a running state: BOOTSTRAPPING
I0907 21:10:20.895709 1298 ts_tablet_manager.cc:541] T 55077156aad54bed9cc6874ca5200a0f P b2a125044b7e48a4bb00ad3eacf18556: Initiating tablet copy from peer c9439a2a1ffa4e46b0c3295641b039be (127.0.180.1:46139)
I0907 21:10:20.895834 1298 tablet_copy_client.cc:224] T 55077156aad54bed9cc6874ca5200a0f P b2a125044b7e48a4bb00ad3eacf18556: tablet copy: Beginning tablet copy session from remote peer at address 127.0.180.1:46139
I0907 21:10:20.896673 1397 tablet_copy_service.cc:132] P c9439a2a1ffa4e46b0c3295641b039be: Received BeginTabletCopySession request for tablet 55077156aad54bed9cc6874ca5200a0f from peer b2a125044b7e48a4bb00ad3eacf18556 ({username='slave'} at 127.0.180.2:40350)
I0907 21:10:20.896762 1397 tablet_copy_service.cc:151] P c9439a2a1ffa4e46b0c3295641b039be: Beginning new tablet copy session on tablet 55077156aad54bed9cc6874ca5200a0f from peer b2a125044b7e48a4bb00ad3eacf18556 at {username='slave'} at 127.0.180.2:40350: session id = b2a125044b7e48a4bb00ad3eacf18556-55077156aad54bed9cc6874ca5200a0f
W0907 21:10:20.896894 1397 tablet_copy_service.cc:418] P c9439a2a1ffa4e46b0c3295641b039be: Error handling TabletCopyService RPC request from {username='slave'} at 127.0.180.2:40350: Error beginning tablet copy session for tablet 55077156aad54bed9cc6874ca5200a0f: Illegal state: The tablet is not in a running state: BOOTSTRAPPING
I0907 21:10:20.904251 1296 ts_tablet_manager.cc:541] T 55077156aad54bed9cc6874ca5200a0f P b2a125044b7e48a4bb00ad3eacf18556: Initiating tablet copy from peer c9439a2a1ffa4e46b0c3295641b039be (127.0.180.1:46139)
I0907 21:10:20.904407 1296 tablet_copy_client.cc:224] T 55077156aad54bed9cc6874ca5200a0f P b2a125044b7e48a4bb00ad3eacf18556: tablet copy: Beginning tablet copy session from remote peer at address 127.0.180.1:46139
I0907 21:10:20.905331 1397 tablet_copy_service.cc:132] P c9439a2a1ffa4e46b0c3295641b039be: Received BeginTabletCopySession request for tablet 55077156aad54bed9cc6874ca5200a0f from peer b2a125044b7e48a4bb00ad3eacf18556 ({username='slave'} at 127.0.180.2:40350)
I0907 21:10:20.905450 1397 tablet_copy_service.cc:151] P c9439a2a1ffa4e46b0c3295641b039be: Beginning new tablet copy session on tablet 55077156aad54bed9cc6874ca5200a0f from peer b2a125044b7e48a4bb00ad3eacf18556 at {username='slave'} at 127.0.180.2:40350: session id = b2a125044b7e48a4bb00ad3eacf18556-55077156aad54bed9cc6874ca5200a0f
W0907 21:10:20.905565 1397 tablet_copy_service.cc:418] P c9439a2a1ffa4e46b0c3295641b039be: Error handling TabletCopyService RPC request from {username='slave'} at 127.0.180.2:40350: Error beginning tablet copy session for tablet 55077156aad54bed9cc6874ca5200a0f: Illegal state: The tablet is not in a running state: BOOTSTRAPPING
I0907 21:10:20.915068 1299 ts_tablet_manager.cc:541] T 55077156aad54bed9cc6874ca5200a0f P b2a125044b7e48a4bb00ad3eacf18556: Initiating tablet copy from peer c9439a2a1ffa4e46b0c3295641b039be (127.0.180.1:46139)
I0907 21:10:20.915221 1299 tablet_copy_client.cc:224] T 55077156aad54bed9cc6874ca5200a0f P b2a125044b7e48a4bb00ad3eacf18556: tablet copy: Beginning tablet copy session from remote peer at address 127.0.180.1:46139
I0907 21:10:20.916111 1397 tablet_copy_service.cc:132] P c9439a2a1ffa4e46b0c3295641b039be: Received BeginTabletCopySession request for tablet 55077156aad54bed9cc6874ca5200a0f from peer b2a125044b7e48a4bb00ad3eacf18556 ({username='slave'} at 127.0.180.2:40350)
I0907 21:10:20.916213 1397 tablet_copy_service.cc:151] P c9439a2a1ffa4e46b0c3295641b039be: Beginning new tablet copy session on tablet 55077156aad54bed9cc6874ca5200a0f from peer b2a125044b7e48a4bb00ad3eacf18556 at {username='slave'} at 127.0.180.2:40350: session id = b2a125044b7e48a4bb00ad3eacf18556-55077156aad54bed9cc6874ca5200a0f
W0907 21:10:20.916333 1397 tablet_copy_service.cc:418] P c9439a2a1ffa4e46b0c3295641b039be: Error handling TabletCopyService RPC request from {username='slave'} at 127.0.180.2:40350: Error beginning tablet copy session for tablet 55077156aad54bed9cc6874ca5200a0f: Illegal state: The tablet is not in a running state: BOOTSTRAPPING
I0907 21:10:20.920801 1297 ts_tablet_manager.cc:541] T 55077156aad54bed9cc6874ca5200a0f P b2a125044b7e48a4bb00ad3eacf18556: Initiating tablet copy from peer c9439a2a1ffa4e46b0c3295641b039be (127.0.180.1:46139)
I0907 21:10:20.920948 1297 tablet_copy_client.cc:224] T 55077156aad54bed9cc6874ca5200a0f P b2a125044b7e48a4bb00ad3eacf18556: tablet copy: Beginning tablet copy session from remote peer at address 127.0.180.1:46139
I0907 21:10:20.921769 1397 tablet_copy_service.cc:132] P c9439a2a1ffa4e46b0c3295641b039be: Received BeginTabletCopySession request for tablet 55077156aad54bed9cc6874ca5200a0f from peer b2a125044b7e48a4bb00ad3eacf18556 ({username='slave'} at 127.0.180.2:40350)
I0907 21:10:20.921900 1397 tablet_copy_service.cc:151] P c9439a2a1ffa4e46b0c3295641b039be: Beginning new tablet copy session on tablet 55077156aad54bed9cc6874ca5200a0f from peer b2a125044b7e48a4bb00ad3eacf18556 at {username='slave'} at 127.0.180.2:40350: session id = b2a125044b7e48a4bb00ad3eacf18556-55077156aad54bed9cc6874ca5200a0f
W0907 21:10:20.922013 1397 tablet_copy_service.cc:418] P c9439a2a1ffa4e46b0c3295641b039be: Error handling TabletCopyService RPC request from {username='slave'} at 127.0.180.2:40350: Error beginning tablet copy session for tablet 55077156aad54bed9cc6874ca5200a0f: Illegal state: The tablet is not in a running state: BOOTSTRAPPING
I0907 21:10:20.926183 1298 ts_tablet_manager.cc:541] T 55077156aad54bed9cc6874ca5200a0f P b2a125044b7e48a4bb00ad3eacf18556: Initiating tablet copy from peer c9439a2a1ffa4e46b0c3295641b039be (127.0.180.1:46139)
I0907 21:10:20.926323 1298 tablet_copy_client.cc:224] T 55077156aad54bed9cc6874ca5200a0f P b2a125044b7e48a4bb00ad3eacf18556: tablet copy: Beginning tablet copy session from remote peer at address 127.0.180.1:46139
I0907 21:10:20.927235 1397 tablet_copy_service.cc:132] P c9439a2a1ffa4e46b0c3295641b039be: Received BeginTabletCopySession request for tablet 55077156aad54bed9cc6874ca5200a0f from peer b2a125044b7e48a4bb00ad3eacf18556 ({username='slave'} at 127.0.180.2:40350)
I0907 21:10:20.927346 1397 tablet_copy_service.cc:151] P c9439a2a1ffa4e46b0c3295641b039be: Beginning new tablet copy session on tablet 55077156aad54bed9cc6874ca5200a0f from peer b2a125044b7e48a4bb00ad3eacf18556 at {username='slave'} at 127.0.180.2:40350: session id = b2a125044b7e48a4bb00ad3eacf18556-55077156aad54bed9cc6874ca5200a0f
W0907 21:10:20.927471 1397 tablet_copy_service.cc:418] P c9439a2a1ffa4e46b0c3295641b039be: Error handling TabletCopyService RPC request from {username='slave'} at 127.0.180.2:40350: Error beginning tablet copy session for tablet 55077156aad54bed9cc6874ca5200a0f: Illegal state: The tablet is not in a running state: BOOTSTRAPPING
I0907 21:10:20.929927 1299 ts_tablet_manager.cc:541] T 55077156aad54bed9cc6874ca5200a0f P b2a125044b7e48a4bb00ad3eacf18556: Initiating tablet copy from peer c9439a2a1ffa4e46b0c3295641b039be (127.0.180.1:46139)
I0907 21:10:20.930044 1299 tablet_copy_client.cc:224] T 55077156aad54bed9cc6874ca5200a0f P b2a125044b7e48a4bb00ad3eacf18556: tablet copy: Beginning tablet copy session from remote peer at address 127.0.180.1:46139
I0907 21:10:20.930791 1397 tablet_copy_service.cc:132] P c9439a2a1ffa4e46b0c3295641b039be: Received BeginTabletCopySession request for tablet 55077156aad54bed9cc6874ca5200a0f from peer b2a125044b7e48a4bb00ad3eacf18556 ({username='slave'} at 127.0.180.2:40350)
I0907 21:10:20.930922 1397 tablet_copy_service.cc:151] P c9439a2a1ffa4e46b0c3295641b039be: Beginning new tablet copy session on tablet 55077156aad54bed9cc6874ca5200a0f from peer b2a125044b7e48a4bb00ad3eacf18556 at {username='slave'} at 127.0.180.2:40350: session id = b2a125044b7e48a4bb00ad3eacf18556-55077156aad54bed9cc6874ca5200a0f
W0907 21:10:20.931041 1397 tablet_copy_service.cc:418] P c9439a2a1ffa4e46b0c3295641b039be: Error handling TabletCopyService RPC request from {username='slave'} at 127.0.180.2:40350: Error beginning tablet copy session for tablet 55077156aad54bed9cc6874ca5200a0f: Illegal state: The tablet is not in a running state: BOOTSTRAPPING
I0907 21:10:20.950368 1297 ts_tablet_manager.cc:541] T 55077156aad54bed9cc6874ca5200a0f P b2a125044b7e48a4bb00ad3eacf18556: Initiating tablet copy from peer c9439a2a1ffa4e46b0c3295641b039be (127.0.180.1:46139)
I0907 21:10:20.950521 1297 tablet_copy_client.cc:224] T 55077156aad54bed9cc6874ca5200a0f P b2a125044b7e48a4bb00ad3eacf18556: tablet copy: Beginning tablet copy session from remote peer at address 127.0.180.1:46139
I0907 21:10:20.951406 1397 tablet_copy_service.cc:132] P c9439a2a1ffa4e46b0c3295641b039be: Received BeginTabletCopySession request for tablet 55077156aad54bed9cc6874ca5200a0f from peer b2a125044b7e48a4bb00ad3eacf18556 ({username='slave'} at 127.0.180.2:40350)
I0907 21:10:20.951509 1397 tablet_copy_service.cc:151] P c9439a2a1ffa4e46b0c3295641b039be: Beginning new tablet copy session on tablet 55077156aad54bed9cc6874ca5200a0f from peer b2a125044b7e48a4bb00ad3eacf18556 at {username='slave'} at 127.0.180.2:40350: session id = b2a125044b7e48a4bb00ad3eacf18556-55077156aad54bed9cc6874ca5200a0f
W0907 21:10:20.951635 1397 tablet_copy_service.cc:418] P c9439a2a1ffa4e46b0c3295641b039be: Error handling TabletCopyService RPC request from {username='slave'} at 127.0.180.2:40350: Error beginning tablet copy session for tablet 55077156aad54bed9cc6874ca5200a0f: Illegal state: The tablet is not in a running state: BOOTSTRAPPING
I0907 21:10:20.953599 1296 ts_tablet_manager.cc:541] T 55077156aad54bed9cc6874ca5200a0f P b2a125044b7e48a4bb00ad3eacf18556: Initiating tablet copy from peer c9439a2a1ffa4e46b0c3295641b039be (127.0.180.1:46139)
I0907 21:10:20.953797 1296 tablet_copy_client.cc:224] T 55077156aad54bed9cc6874ca5200a0f P b2a125044b7e48a4bb00ad3eacf18556: tablet copy: Beginning tablet copy session from remote peer at address 127.0.180.1:46139
I0907 21:10:20.954628 1397 tablet_copy_service.cc:132] P c9439a2a1ffa4e46b0c3295641b039be: Received BeginTabletCopySession request for tablet 55077156aad54bed9cc6874ca5200a0f from peer b2a125044b7e48a4bb00ad3eacf18556 ({username='slave'} at 127.0.180.2:40350)
I0907 21:10:20.954730 1397 tablet_copy_service.cc:151] P c9439a2a1ffa4e46b0c3295641b039be: Beginning new tablet copy session on tablet 55077156aad54bed9cc6874ca5200a0f from peer b2a125044b7e48a4bb00ad3eacf18556 at {username='slave'} at 127.0.180.2:40350: session id = b2a125044b7e48a4bb00ad3eacf18556-55077156aad54bed9cc6874ca5200a0f
W0907 21:10:20.954856 1397 tablet_copy_service.cc:418] P c9439a2a1ffa4e46b0c3295641b039be: Error handling TabletCopyService RPC request from {username='slave'} at 127.0.180.2:40350: Error beginning tablet copy session for tablet 55077156aad54bed9cc6874ca5200a0f: Illegal state: The tablet is not in a running state: BOOTSTRAPPING
I0907 21:10:20.962604 1298 ts_tablet_manager.cc:541] T 55077156aad54bed9cc6874ca5200a0f P b2a125044b7e48a4bb00ad3eacf18556: Initiating tablet copy from peer c9439a2a1ffa4e46b0c3295641b039be (127.0.180.1:46139)
I0907 21:10:20.962743 1298 tablet_copy_client.cc:224] T 55077156aad54bed9cc6874ca5200a0f P b2a125044b7e48a4bb00ad3eacf18556: tablet copy: Beginning tablet copy session from remote peer at address 127.0.180.1:46139
I0907 21:10:20.963568 1397 tablet_copy_service.cc:132] P c9439a2a1ffa4e46b0c3295641b039be: Received BeginTabletCopySession request for tablet 55077156aad54bed9cc6874ca5200a0f from peer b2a125044b7e48a4bb00ad3eacf18556 ({username='slave'} at 127.0.180.2:40350)
I0907 21:10:20.963670 1397 tablet_copy_service.cc:151] P c9439a2a1ffa4e46b0c3295641b039be: Beginning new tablet copy session on tablet 55077156aad54bed9cc6874ca5200a0f from peer b2a125044b7e48a4bb00ad3eacf18556 at {username='slave'} at 127.0.180.2:40350: session id = b2a125044b7e48a4bb00ad3eacf18556-55077156aad54bed9cc6874ca5200a0f
W0907 21:10:20.963786 1397 tablet_copy_service.cc:418] P c9439a2a1ffa4e46b0c3295641b039be: Error handling TabletCopyService RPC request from {username='slave'} at 127.0.180.2:40350: Error beginning tablet copy session for tablet 55077156aad54bed9cc6874ca5200a0f: Illegal state: The tablet is not in a running state: BOOTSTRAPPING
I0907 21:10:20.971482 1299 ts_tablet_manager.cc:541] T 55077156aad54bed9cc6874ca5200a0f P b2a125044b7e48a4bb00ad3eacf18556: Initiating tablet copy from peer c9439a2a1ffa4e46b0c3295641b039be (127.0.180.1:46139)
I0907 21:10:20.971617 1299 tablet_copy_client.cc:224] T 55077156aad54bed9cc6874ca5200a0f P b2a125044b7e48a4bb00ad3eacf18556: tablet copy: Beginning tablet copy session from remote peer at address 127.0.180.1:46139
I0907 21:10:20.972533 1397 tablet_copy_service.cc:132] P c9439a2a1ffa4e46b0c3295641b039be: Received BeginTabletCopySession request for tablet 55077156aad54bed9cc6874ca5200a0f from peer b2a125044b7e48a4bb00ad3eacf18556 ({username='slave'} at 127.0.180.2:40350)
I0907 21:10:20.972664 1397 tablet_copy_service.cc:151] P c9439a2a1ffa4e46b0c3295641b039be: Beginning new tablet copy session on tablet 55077156aad54bed9cc6874ca5200a0f from peer b2a125044b7e48a4bb00ad3eacf18556 at {username='slave'} at 127.0.180.2:40350: session id = b2a125044b7e48a4bb00ad3eacf18556-55077156aad54bed9cc6874ca5200a0f
W0907 21:10:20.972793 1397 tablet_copy_service.cc:418] P c9439a2a1ffa4e46b0c3295641b039be: Error handling TabletCopyService RPC request from {username='slave'} at 127.0.180.2:40350: Error beginning tablet copy session for tablet 55077156aad54bed9cc6874ca5200a0f: Illegal state: The tablet is not in a running state: BOOTSTRAPPING
I0907 21:10:20.978108 1297 ts_tablet_manager.cc:541] T 55077156aad54bed9cc6874ca5200a0f P b2a125044b7e48a4bb00ad3eacf18556: Initiating tablet copy from peer c9439a2a1ffa4e46b0c3295641b039be (127.0.180.1:46139)
I0907 21:10:20.978245 1297 tablet_copy_client.cc:224] T 55077156aad54bed9cc6874ca5200a0f P b2a125044b7e48a4bb00ad3eacf18556: tablet copy: Beginning tablet copy session from remote peer at address 127.0.180.1:46139
I0907 21:10:20.979104 1397 tablet_copy_service.cc:132] P c9439a2a1ffa4e46b0c3295641b039be: Received BeginTabletCopySession request for tablet 55077156aad54bed9cc6874ca5200a0f from peer b2a125044b7e48a4bb00ad3eacf18556 ({username='slave'} at 127.0.180.2:40350)
I0907 21:10:20.979213 1397 tablet_copy_service.cc:151] P c9439a2a1ffa4e46b0c3295641b039be: Beginning new tablet copy session on tablet 55077156aad54bed9cc6874ca5200a0f from peer b2a125044b7e48a4bb00ad3eacf18556 at {username='slave'} at 127.0.180.2:40350: session id = b2a125044b7e48a4bb00ad3eacf18556-55077156aad54bed9cc6874ca5200a0f
W0907 21:10:20.979347 1397 tablet_copy_service.cc:418] P c9439a2a1ffa4e46b0c3295641b039be: Error handling TabletCopyService RPC request from {username='slave'} at 127.0.180.2:40350: Error beginning tablet copy session for tablet 55077156aad54bed9cc6874ca5200a0f: Illegal state: The tablet is not in a running state: BOOTSTRAPPING
I0907 21:10:20.991606 1296 ts_tablet_manager.cc:541] T 55077156aad54bed9cc6874ca5200a0f P b2a125044b7e48a4bb00ad3eacf18556: Initiating tablet copy from peer c9439a2a1ffa4e46b0c3295641b039be (127.0.180.1:46139)
I0907 21:10:20.991765 1296 tablet_copy_client.cc:224] T 55077156aad54bed9cc6874ca5200a0f P b2a125044b7e48a4bb00ad3eacf18556: tablet copy: Beginning tablet copy session from remote peer at address 127.0.180.1:46139
