I0907 21:10:21.331347 1296 tablet_copy_client.cc:224] T 55077156aad54bed9cc6874ca5200a0f P b2a125044b7e48a4bb00ad3eacf18556: tablet copy: Beginning tablet copy session from remote peer at address 127.0.180.1:46139
I0907 21:10:21.332422 1397 tablet_copy_service.cc:132] P c9439a2a1ffa4e46b0c3295641b039be: Received BeginTabletCopySession request for tablet 55077156aad54bed9cc6874ca5200a0f from peer b2a125044b7e48a4bb00ad3eacf18556 ({username='slave'} at 127.0.180.2:40350)
I0907 21:10:21.332535 1397 tablet_copy_service.cc:151] P c9439a2a1ffa4e46b0c3295641b039be: Beginning new tablet copy session on tablet 55077156aad54bed9cc6874ca5200a0f from peer b2a125044b7e48a4bb00ad3eacf18556 at {username='slave'} at 127.0.180.2:40350: session id = b2a125044b7e48a4bb00ad3eacf18556-55077156aad54bed9cc6874ca5200a0f
W0907 21:10:21.332677 1397 tablet_copy_service.cc:418] P c9439a2a1ffa4e46b0c3295641b039be: Error handling TabletCopyService RPC request from {username='slave'} at 127.0.180.2:40350: Error beginning tablet copy session for tablet 55077156aad54bed9cc6874ca5200a0f: Illegal state: The tablet is not in a running state: BOOTSTRAPPING
I0907 21:10:21.338573 1298 ts_tablet_manager.cc:541] T 55077156aad54bed9cc6874ca5200a0f P b2a125044b7e48a4bb00ad3eacf18556: Initiating tablet copy from peer c9439a2a1ffa4e46b0c3295641b039be (127.0.180.1:46139)
I0907 21:10:21.338744 1298 tablet_copy_client.cc:224] T 55077156aad54bed9cc6874ca5200a0f P b2a125044b7e48a4bb00ad3eacf18556: tablet copy: Beginning tablet copy session from remote peer at address 127.0.180.1:46139
I0907 21:10:21.339679 1397 tablet_copy_service.cc:132] P c9439a2a1ffa4e46b0c3295641b039be: Received BeginTabletCopySession request for tablet 55077156aad54bed9cc6874ca5200a0f from peer b2a125044b7e48a4bb00ad3eacf18556 ({username='slave'} at 127.0.180.2:40350)
I0907 21:10:21.339833 1397 tablet_copy_service.cc:151] P c9439a2a1ffa4e46b0c3295641b039be: Beginning new tablet copy session on tablet 55077156aad54bed9cc6874ca5200a0f from peer b2a125044b7e48a4bb00ad3eacf18556 at {username='slave'} at 127.0.180.2:40350: session id = b2a125044b7e48a4bb00ad3eacf18556-55077156aad54bed9cc6874ca5200a0f
W0907 21:10:21.339951 1397 tablet_copy_service.cc:418] P c9439a2a1ffa4e46b0c3295641b039be: Error handling TabletCopyService RPC request from {username='slave'} at 127.0.180.2:40350: Error beginning tablet copy session for tablet 55077156aad54bed9cc6874ca5200a0f: Illegal state: The tablet is not in a running state: BOOTSTRAPPING
I0907 21:10:21.346390 1297 ts_tablet_manager.cc:541] T 55077156aad54bed9cc6874ca5200a0f P b2a125044b7e48a4bb00ad3eacf18556: Initiating tablet copy from peer c9439a2a1ffa4e46b0c3295641b039be (127.0.180.1:46139)
I0907 21:10:21.346529 1297 tablet_copy_client.cc:224] T 55077156aad54bed9cc6874ca5200a0f P b2a125044b7e48a4bb00ad3eacf18556: tablet copy: Beginning tablet copy session from remote peer at address 127.0.180.1:46139
I0907 21:10:21.347343 1397 tablet_copy_service.cc:132] P c9439a2a1ffa4e46b0c3295641b039be: Received BeginTabletCopySession request for tablet 55077156aad54bed9cc6874ca5200a0f from peer b2a125044b7e48a4bb00ad3eacf18556 ({username='slave'} at 127.0.180.2:40350)
I0907 21:10:21.347446 1397 tablet_copy_service.cc:151] P c9439a2a1ffa4e46b0c3295641b039be: Beginning new tablet copy session on tablet 55077156aad54bed9cc6874ca5200a0f from peer b2a125044b7e48a4bb00ad3eacf18556 at {username='slave'} at 127.0.180.2:40350: session id = b2a125044b7e48a4bb00ad3eacf18556-55077156aad54bed9cc6874ca5200a0f
W0907 21:10:21.347661 1397 tablet_copy_service.cc:418] P c9439a2a1ffa4e46b0c3295641b039be: Error handling TabletCopyService RPC request from {username='slave'} at 127.0.180.2:40350: Error beginning tablet copy session for tablet 55077156aad54bed9cc6874ca5200a0f: Illegal state: The tablet is not in a running state: BOOTSTRAPPING
I0907 21:10:21.350677 1299 ts_tablet_manager.cc:541] T 55077156aad54bed9cc6874ca5200a0f P b2a125044b7e48a4bb00ad3eacf18556: Initiating tablet copy from peer c9439a2a1ffa4e46b0c3295641b039be (127.0.180.1:46139)
I0907 21:10:21.350837 1299 tablet_copy_client.cc:224] T 55077156aad54bed9cc6874ca5200a0f P b2a125044b7e48a4bb00ad3eacf18556: tablet copy: Beginning tablet copy session from remote peer at address 127.0.180.1:46139
I0907 21:10:21.351665 1397 tablet_copy_service.cc:132] P c9439a2a1ffa4e46b0c3295641b039be: Received BeginTabletCopySession request for tablet 55077156aad54bed9cc6874ca5200a0f from peer b2a125044b7e48a4bb00ad3eacf18556 ({username='slave'} at 127.0.180.2:40350)
I0907 21:10:21.351784 1397 tablet_copy_service.cc:151] P c9439a2a1ffa4e46b0c3295641b039be: Beginning new tablet copy session on tablet 55077156aad54bed9cc6874ca5200a0f from peer b2a125044b7e48a4bb00ad3eacf18556 at {username='slave'} at 127.0.180.2:40350: session id = b2a125044b7e48a4bb00ad3eacf18556-55077156aad54bed9cc6874ca5200a0f
W0907 21:10:21.351898 1397 tablet_copy_service.cc:418] P c9439a2a1ffa4e46b0c3295641b039be: Error handling TabletCopyService RPC request from {username='slave'} at 127.0.180.2:40350: Error beginning tablet copy session for tablet 55077156aad54bed9cc6874ca5200a0f: Illegal state: The tablet is not in a running state: BOOTSTRAPPING
I0907 21:10:21.353034 1296 ts_tablet_manager.cc:541] T 55077156aad54bed9cc6874ca5200a0f P b2a125044b7e48a4bb00ad3eacf18556: Initiating tablet copy from peer c9439a2a1ffa4e46b0c3295641b039be (127.0.180.1:46139)
I0907 21:10:21.353144 1296 tablet_copy_client.cc:224] T 55077156aad54bed9cc6874ca5200a0f P b2a125044b7e48a4bb00ad3eacf18556: tablet copy: Beginning tablet copy session from remote peer at address 127.0.180.1:46139
I0907 21:10:21.353927 1397 tablet_copy_service.cc:132] P c9439a2a1ffa4e46b0c3295641b039be: Received BeginTabletCopySession request for tablet 55077156aad54bed9cc6874ca5200a0f from peer b2a125044b7e48a4bb00ad3eacf18556 ({username='slave'} at 127.0.180.2:40350)
I0907 21:10:21.354022 1397 tablet_copy_service.cc:151] P c9439a2a1ffa4e46b0c3295641b039be: Beginning new tablet copy session on tablet 55077156aad54bed9cc6874ca5200a0f from peer b2a125044b7e48a4bb00ad3eacf18556 at {username='slave'} at 127.0.180.2:40350: session id = b2a125044b7e48a4bb00ad3eacf18556-55077156aad54bed9cc6874ca5200a0f
W0907 21:10:21.354140 1397 tablet_copy_service.cc:418] P c9439a2a1ffa4e46b0c3295641b039be: Error handling TabletCopyService RPC request from {username='slave'} at 127.0.180.2:40350: Error beginning tablet copy session for tablet 55077156aad54bed9cc6874ca5200a0f: Illegal state: The tablet is not in a running state: BOOTSTRAPPING
I0907 21:10:21.357353 1298 ts_tablet_manager.cc:541] T 55077156aad54bed9cc6874ca5200a0f P b2a125044b7e48a4bb00ad3eacf18556: Initiating tablet copy from peer c9439a2a1ffa4e46b0c3295641b039be (127.0.180.1:46139)
I0907 21:10:21.357470 1298 tablet_copy_client.cc:224] T 55077156aad54bed9cc6874ca5200a0f P b2a125044b7e48a4bb00ad3eacf18556: tablet copy: Beginning tablet copy session from remote peer at address 127.0.180.1:46139
I0907 21:10:21.358379 1397 tablet_copy_service.cc:132] P c9439a2a1ffa4e46b0c3295641b039be: Received BeginTabletCopySession request for tablet 55077156aad54bed9cc6874ca5200a0f from peer b2a125044b7e48a4bb00ad3eacf18556 ({username='slave'} at 127.0.180.2:40350)
I0907 21:10:21.358481 1397 tablet_copy_service.cc:151] P c9439a2a1ffa4e46b0c3295641b039be: Beginning new tablet copy session on tablet 55077156aad54bed9cc6874ca5200a0f from peer b2a125044b7e48a4bb00ad3eacf18556 at {username='slave'} at 127.0.180.2:40350: session id = b2a125044b7e48a4bb00ad3eacf18556-55077156aad54bed9cc6874ca5200a0f
W0907 21:10:21.358599 1397 tablet_copy_service.cc:418] P c9439a2a1ffa4e46b0c3295641b039be: Error handling TabletCopyService RPC request from {username='slave'} at 127.0.180.2:40350: Error beginning tablet copy session for tablet 55077156aad54bed9cc6874ca5200a0f: Illegal state: The tablet is not in a running state: BOOTSTRAPPING
I0907 21:10:21.367305 1297 ts_tablet_manager.cc:541] T 55077156aad54bed9cc6874ca5200a0f P b2a125044b7e48a4bb00ad3eacf18556: Initiating tablet copy from peer c9439a2a1ffa4e46b0c3295641b039be (127.0.180.1:46139)
I0907 21:10:21.367465 1297 tablet_copy_client.cc:224] T 55077156aad54bed9cc6874ca5200a0f P b2a125044b7e48a4bb00ad3eacf18556: tablet copy: Beginning tablet copy session from remote peer at address 127.0.180.1:46139
I0907 21:10:21.368417 1397 tablet_copy_service.cc:132] P c9439a2a1ffa4e46b0c3295641b039be: Received BeginTabletCopySession request for tablet 55077156aad54bed9cc6874ca5200a0f from peer b2a125044b7e48a4bb00ad3eacf18556 ({username='slave'} at 127.0.180.2:40350)
I0907 21:10:21.368540 1397 tablet_copy_service.cc:151] P c9439a2a1ffa4e46b0c3295641b039be: Beginning new tablet copy session on tablet 55077156aad54bed9cc6874ca5200a0f from peer b2a125044b7e48a4bb00ad3eacf18556 at {username='slave'} at 127.0.180.2:40350: session id = b2a125044b7e48a4bb00ad3eacf18556-55077156aad54bed9cc6874ca5200a0f
W0907 21:10:21.368676 1397 tablet_copy_service.cc:418] P c9439a2a1ffa4e46b0c3295641b039be: Error handling TabletCopyService RPC request from {username='slave'} at 127.0.180.2:40350: Error beginning tablet copy session for tablet 55077156aad54bed9cc6874ca5200a0f: Illegal state: The tablet is not in a running state: BOOTSTRAPPING
I0907 21:10:21.373716 1299 ts_tablet_manager.cc:541] T 55077156aad54bed9cc6874ca5200a0f P b2a125044b7e48a4bb00ad3eacf18556: Initiating tablet copy from peer c9439a2a1ffa4e46b0c3295641b039be (127.0.180.1:46139)
I0907 21:10:21.373884 1299 tablet_copy_client.cc:224] T 55077156aad54bed9cc6874ca5200a0f P b2a125044b7e48a4bb00ad3eacf18556: tablet copy: Beginning tablet copy session from remote peer at address 127.0.180.1:46139
I0907 21:10:21.374732 1397 tablet_copy_service.cc:132] P c9439a2a1ffa4e46b0c3295641b039be: Received BeginTabletCopySession request for tablet 55077156aad54bed9cc6874ca5200a0f from peer b2a125044b7e48a4bb00ad3eacf18556 ({username='slave'} at 127.0.180.2:40350)
I0907 21:10:21.374886 1397 tablet_copy_service.cc:151] P c9439a2a1ffa4e46b0c3295641b039be: Beginning new tablet copy session on tablet 55077156aad54bed9cc6874ca5200a0f from peer b2a125044b7e48a4bb00ad3eacf18556 at {username='slave'} at 127.0.180.2:40350: session id = b2a125044b7e48a4bb00ad3eacf18556-55077156aad54bed9cc6874ca5200a0f
W0907 21:10:21.375008 1397 tablet_copy_service.cc:418] P c9439a2a1ffa4e46b0c3295641b039be: Error handling TabletCopyService RPC request from {username='slave'} at 127.0.180.2:40350: Error beginning tablet copy session for tablet 55077156aad54bed9cc6874ca5200a0f: Illegal state: The tablet is not in a running state: BOOTSTRAPPING
I0907 21:10:21.384636 1296 ts_tablet_manager.cc:541] T 55077156aad54bed9cc6874ca5200a0f P b2a125044b7e48a4bb00ad3eacf18556: Initiating tablet copy from peer c9439a2a1ffa4e46b0c3295641b039be (127.0.180.1:46139)
I0907 21:10:21.384774 1296 tablet_copy_client.cc:224] T 55077156aad54bed9cc6874ca5200a0f P b2a125044b7e48a4bb00ad3eacf18556: tablet copy: Beginning tablet copy session from remote peer at address 127.0.180.1:46139
I0907 21:10:21.385637 1397 tablet_copy_service.cc:132] P c9439a2a1ffa4e46b0c3295641b039be: Received BeginTabletCopySession request for tablet 55077156aad54bed9cc6874ca5200a0f from peer b2a125044b7e48a4bb00ad3eacf18556 ({username='slave'} at 127.0.180.2:40350)
I0907 21:10:21.385751 1397 tablet_copy_service.cc:151] P c9439a2a1ffa4e46b0c3295641b039be: Beginning new tablet copy session on tablet 55077156aad54bed9cc6874ca5200a0f from peer b2a125044b7e48a4bb00ad3eacf18556 at {username='slave'} at 127.0.180.2:40350: session id = b2a125044b7e48a4bb00ad3eacf18556-55077156aad54bed9cc6874ca5200a0f
W0907 21:10:21.385892 1397 tablet_copy_service.cc:418] P c9439a2a1ffa4e46b0c3295641b039be: Error handling TabletCopyService RPC request from {username='slave'} at 127.0.180.2:40350: Error beginning tablet copy session for tablet 55077156aad54bed9cc6874ca5200a0f: Illegal state: The tablet is not in a running state: BOOTSTRAPPING
I0907 21:10:21.388701 1297 ts_tablet_manager.cc:541] T 55077156aad54bed9cc6874ca5200a0f P b2a125044b7e48a4bb00ad3eacf18556: Initiating tablet copy from peer c9439a2a1ffa4e46b0c3295641b039be (127.0.180.1:46139)
I0907 21:10:21.388829 1297 tablet_copy_client.cc:224] T 55077156aad54bed9cc6874ca5200a0f P b2a125044b7e48a4bb00ad3eacf18556: tablet copy: Beginning tablet copy session from remote peer at address 127.0.180.1:46139
I0907 21:10:21.389618 1397 tablet_copy_service.cc:132] P c9439a2a1ffa4e46b0c3295641b039be: Received BeginTabletCopySession request for tablet 55077156aad54bed9cc6874ca5200a0f from peer b2a125044b7e48a4bb00ad3eacf18556 ({username='slave'} at 127.0.180.2:40350)
I0907 21:10:21.389792 1397 tablet_copy_service.cc:151] P c9439a2a1ffa4e46b0c3295641b039be: Beginning new tablet copy session on tablet 55077156aad54bed9cc6874ca5200a0f from peer b2a125044b7e48a4bb00ad3eacf18556 at {username='slave'} at 127.0.180.2:40350: session id = b2a125044b7e48a4bb00ad3eacf18556-55077156aad54bed9cc6874ca5200a0f
W0907 21:10:21.389912 1397 tablet_copy_service.cc:418] P c9439a2a1ffa4e46b0c3295641b039be: Error handling TabletCopyService RPC request from {username='slave'} at 127.0.180.2:40350: Error beginning tablet copy session for tablet 55077156aad54bed9cc6874ca5200a0f: Illegal state: The tablet is not in a running state: BOOTSTRAPPING
I0907 21:10:21.395093 1299 ts_tablet_manager.cc:541] T 55077156aad54bed9cc6874ca5200a0f P b2a125044b7e48a4bb00ad3eacf18556: Initiating tablet copy from peer c9439a2a1ffa4e46b0c3295641b039be (127.0.180.1:46139)
I0907 21:10:21.395215 1299 tablet_copy_client.cc:224] T 55077156aad54bed9cc6874ca5200a0f P b2a125044b7e48a4bb00ad3eacf18556: tablet copy: Beginning tablet copy session from remote peer at address 127.0.180.1:46139
I0907 21:10:21.396024 1397 tablet_copy_service.cc:132] P c9439a2a1ffa4e46b0c3295641b039be: Received BeginTabletCopySession request for tablet 55077156aad54bed9cc6874ca5200a0f from peer b2a125044b7e48a4bb00ad3eacf18556 ({username='slave'} at 127.0.180.2:40350)
I0907 21:10:21.396117 1397 tablet_copy_service.cc:151] P c9439a2a1ffa4e46b0c3295641b039be: Beginning new tablet copy session on tablet 55077156aad54bed9cc6874ca5200a0f from peer b2a125044b7e48a4bb00ad3eacf18556 at {username='slave'} at 127.0.180.2:40350: session id = b2a125044b7e48a4bb00ad3eacf18556-55077156aad54bed9cc6874ca5200a0f
W0907 21:10:21.396239 1397 tablet_copy_service.cc:418] P c9439a2a1ffa4e46b0c3295641b039be: Error handling TabletCopyService RPC request from {username='slave'} at 127.0.180.2:40350: Error beginning tablet copy session for tablet 55077156aad54bed9cc6874ca5200a0f: Illegal state: The tablet is not in a running state: BOOTSTRAPPING
I0907 21:10:21.403774 1298 ts_tablet_manager.cc:541] T 55077156aad54bed9cc6874ca5200a0f P b2a125044b7e48a4bb00ad3eacf18556: Initiating tablet copy from peer c9439a2a1ffa4e46b0c3295641b039be (127.0.180.1:46139)
I0907 21:10:21.403960 1298 tablet_copy_client.cc:224] T 55077156aad54bed9cc6874ca5200a0f P b2a125044b7e48a4bb00ad3eacf18556: tablet copy: Beginning tablet copy session from remote peer at address 127.0.180.1:46139
I0907 21:10:21.404752 1397 tablet_copy_service.cc:132] P c9439a2a1ffa4e46b0c3295641b039be: Received BeginTabletCopySession request for tablet 55077156aad54bed9cc6874ca5200a0f from peer b2a125044b7e48a4bb00ad3eacf18556 ({username='slave'} at 127.0.180.2:40350)
I0907 21:10:21.404863 1397 tablet_copy_service.cc:151] P c9439a2a1ffa4e46b0c3295641b039be: Beginning new tablet copy session on tablet 55077156aad54bed9cc6874ca5200a0f from peer b2a125044b7e48a4bb00ad3eacf18556 at {username='slave'} at 127.0.180.2:40350: session id = b2a125044b7e48a4bb00ad3eacf18556-55077156aad54bed9cc6874ca5200a0f
W0907 21:10:21.404973 1397 tablet_copy_service.cc:418] P c9439a2a1ffa4e46b0c3295641b039be: Error handling TabletCopyService RPC request from {username='slave'} at 127.0.180.2:40350: Error beginning tablet copy session for tablet 55077156aad54bed9cc6874ca5200a0f: Illegal state: The tablet is not in a running state: BOOTSTRAPPING
I0907 21:10:21.413277 1296 ts_tablet_manager.cc:541] T 55077156aad54bed9cc6874ca5200a0f P b2a125044b7e48a4bb00ad3eacf18556: Initiating tablet copy from peer c9439a2a1ffa4e46b0c3295641b039be (127.0.180.1:46139)
I0907 21:10:21.413429 1296 tablet_copy_client.cc:224] T 55077156aad54bed9cc6874ca5200a0f P b2a125044b7e48a4bb00ad3eacf18556: tablet copy: Beginning tablet copy session from remote peer at address 127.0.180.1:46139
I0907 21:10:21.414482 1397 tablet_copy_service.cc:132] P c9439a2a1ffa4e46b0c3295641b039be: Received BeginTabletCopySession request for tablet 55077156aad54bed9cc6874ca5200a0f from peer b2a125044b7e48a4bb00ad3eacf18556 ({username='slave'} at 127.0.180.2:40350)
I0907 21:10:21.414633 1397 tablet_copy_service.cc:151] P c9439a2a1ffa4e46b0c3295641b039be: Beginning new tablet copy session on tablet 55077156aad54bed9cc6874ca5200a0f from peer b2a125044b7e48a4bb00ad3eacf18556 at {username='slave'} at 127.0.180.2:40350: session id = b2a125044b7e48a4bb00ad3eacf18556-55077156aad54bed9cc6874ca5200a0f
W0907 21:10:21.414786 1397 tablet_copy_service.cc:418] P c9439a2a1ffa4e46b0c3295641b039be: Error handling TabletCopyService RPC request from {username='slave'} at 127.0.180.2:40350: Error beginning tablet copy session for tablet 55077156aad54bed9cc6874ca5200a0f: Illegal state: The tablet is not in a running state: BOOTSTRAPPING
I0907 21:10:21.422502 1299 ts_tablet_manager.cc:541] T 55077156aad54bed9cc6874ca5200a0f P b2a125044b7e48a4bb00ad3eacf18556: Initiating tablet copy from peer c9439a2a1ffa4e46b0c3295641b039be (127.0.180.1:46139)
I0907 21:10:21.422682 1299 tablet_copy_client.cc:224] T 55077156aad54bed9cc6874ca5200a0f P b2a125044b7e48a4bb00ad3eacf18556: tablet copy: Beginning tablet copy session from remote peer at address 127.0.180.1:46139
I0907 21:10:21.423861 1397 tablet_copy_service.cc:132] P c9439a2a1ffa4e46b0c3295641b039be: Received BeginTabletCopySession request for tablet 55077156aad54bed9cc6874ca5200a0f from peer b2a125044b7e48a4bb00ad3eacf18556 ({username='slave'} at 127.0.180.2:40350)
I0907 21:10:21.424015 1397 tablet_copy_service.cc:151] P c9439a2a1ffa4e46b0c3295641b039be: Beginning new tablet copy session on tablet 55077156aad54bed9cc6874ca5200a0f from peer b2a125044b7e48a4bb00ad3eacf18556 at {username='slave'} at 127.0.180.2:40350: session id = b2a125044b7e48a4bb00ad3eacf18556-55077156aad54bed9cc6874ca5200a0f
W0907 21:10:21.424146 1397 tablet_copy_service.cc:418] P c9439a2a1ffa4e46b0c3295641b039be: Error handling TabletCopyService RPC request from {username='slave'} at 127.0.180.2:40350: Error beginning tablet copy session for tablet 55077156aad54bed9cc6874ca5200a0f: Illegal state: The tablet is not in a running state: BOOTSTRAPPING
I0907 21:10:21.427438 1298 ts_tablet_manager.cc:541] T 55077156aad54bed9cc6874ca5200a0f P b2a125044b7e48a4bb00ad3eacf18556: Initiating tablet copy from peer c9439a2a1ffa4e46b0c3295641b039be (127.0.180.1:46139)
I0907 21:10:21.427593 1298 tablet_copy_client.cc:224] T 55077156aad54bed9cc6874ca5200a0f P b2a125044b7e48a4bb00ad3eacf18556: tablet copy: Beginning tablet copy session from remote peer at address 127.0.180.1:46139
I0907 21:10:21.428503 1397 tablet_copy_service.cc:132] P c9439a2a1ffa4e46b0c3295641b039be: Received BeginTabletCopySession request for tablet 55077156aad54bed9cc6874ca5200a0f from peer b2a125044b7e48a4bb00ad3eacf18556 ({username='slave'} at 127.0.180.2:40350)
I0907 21:10:21.428612 1397 tablet_copy_service.cc:151] P c9439a2a1ffa4e46b0c3295641b039be: Beginning new tablet copy session on tablet 55077156aad54bed9cc6874ca5200a0f from peer b2a125044b7e48a4bb00ad3eacf18556 at {username='slave'} at 127.0.180.2:40350: session id = b2a125044b7e48a4bb00ad3eacf18556-55077156aad54bed9cc6874ca5200a0f
W0907 21:10:21.428834 1397 tablet_copy_service.cc:418] P c9439a2a1ffa4e46b0c3295641b039be: Error handling TabletCopyService RPC request from {username='slave'} at 127.0.180.2:40350: Error beginning tablet copy session for tablet 55077156aad54bed9cc6874ca5200a0f: Illegal state: The tablet is not in a running state: BOOTSTRAPPING
I0907 21:10:21.432126 1297 ts_tablet_manager.cc:541] T 55077156aad54bed9cc6874ca5200a0f P b2a125044b7e48a4bb00ad3eacf18556: Initiating tablet copy from peer c9439a2a1ffa4e46b0c3295641b039be (127.0.180.1:46139)
I0907 21:10:21.432273 1297 tablet_copy_client.cc:224] T 55077156aad54bed9cc6874ca5200a0f P b2a125044b7e48a4bb00ad3eacf18556: tablet copy: Beginning tablet copy session from remote peer at address 127.0.180.1:46139
I0907 21:10:21.433078 1397 tablet_copy_service.cc:132] P c9439a2a1ffa4e46b0c3295641b039be: Received BeginTabletCopySession request for tablet 55077156aad54bed9cc6874ca5200a0f from peer b2a125044b7e48a4bb00ad3eacf18556 ({username='slave'} at 127.0.180.2:40350)
I0907 21:10:21.433236 1397 tablet_copy_service.cc:151] P c9439a2a1ffa4e46b0c3295641b039be: Beginning new tablet copy session on tablet 55077156aad54bed9cc6874ca5200a0f from peer b2a125044b7e48a4bb00ad3eacf18556 at {username='slave'} at 127.0.180.2:40350: session id = b2a125044b7e48a4bb00ad3eacf18556-55077156aad54bed9cc6874ca5200a0f
W0907 21:10:21.433398 1397 tablet_copy_service.cc:418] P c9439a2a1ffa4e46b0c3295641b039be: Error handling TabletCopyService RPC request from {username='slave'} at 127.0.180.2:40350: Error beginning tablet copy session for tablet 55077156aad54bed9cc6874ca5200a0f: Illegal state: The tablet is not in a running state: BOOTSTRAPPING
I0907 21:10:21.434607 1299 ts_tablet_manager.cc:541] T 55077156aad54bed9cc6874ca5200a0f P b2a125044b7e48a4bb00ad3eacf18556: Initiating tablet copy from peer c9439a2a1ffa4e46b0c3295641b039be (127.0.180.1:46139)
I0907 21:10:21.434726 1299 tablet_copy_client.cc:224] T 55077156aad54bed9cc6874ca5200a0f P b2a125044b7e48a4bb00ad3eacf18556: tablet copy: Beginning tablet copy session from remote peer at address 127.0.180.1:46139
I0907 21:10:21.435695 1397 tablet_copy_service.cc:132] P c9439a2a1ffa4e46b0c3295641b039be: Received BeginTabletCopySession request for tablet 55077156aad54bed9cc6874ca5200a0f from peer b2a125044b7e48a4bb00ad3eacf18556 ({username='slave'} at 127.0.180.2:40350)
I0907 21:10:21.435793 1397 tablet_copy_service.cc:151] P c9439a2a1ffa4e46b0c3295641b039be: Beginning new tablet copy session on tablet 55077156aad54bed9cc6874ca5200a0f from peer b2a125044b7e48a4bb00ad3eacf18556 at {username='slave'} at 127.0.180.2:40350: session id = b2a125044b7e48a4bb00ad3eacf18556-55077156aad54bed9cc6874ca5200a0f
W0907 21:10:21.435919 1397 tablet_copy_service.cc:418] P c9439a2a1ffa4e46b0c3295641b039be: Error handling TabletCopyService RPC request from {username='slave'} at 127.0.180.2:40350: Error beginning tablet copy session for tablet 55077156aad54bed9cc6874ca5200a0f: Illegal state: The tablet is not in a running state: BOOTSTRAPPING
I0907 21:10:21.445611 1296 ts_tablet_manager.cc:541] T 55077156aad54bed9cc6874ca5200a0f P b2a125044b7e48a4bb00ad3eacf18556: Initiating tablet copy from peer c9439a2a1ffa4e46b0c3295641b039be (127.0.180.1:46139)
I0907 21:10:21.445796 1296 tablet_copy_client.cc:224] T 55077156aad54bed9cc6874ca5200a0f P b2a125044b7e48a4bb00ad3eacf18556: tablet copy: Beginning tablet copy session from remote peer at address 127.0.180.1:46139
I0907 21:10:21.446696 1397 tablet_copy_service.cc:132] P c9439a2a1ffa4e46b0c3295641b039be: Received BeginTabletCopySession request for tablet 55077156aad54bed9cc6874ca5200a0f from peer b2a125044b7e48a4bb00ad3eacf18556 ({username='slave'} at 127.0.180.2:40350)
I0907 21:10:21.446837 1397 tablet_copy_service.cc:151] P c9439a2a1ffa4e46b0c3295641b039be: Beginning new tablet copy session on tablet 55077156aad54bed9cc6874ca5200a0f from peer b2a125044b7e48a4bb00ad3eacf18556 at {username='slave'} at 127.0.180.2:40350: session id = b2a125044b7e48a4bb00ad3eacf18556-55077156aad54bed9cc6874ca5200a0f
W0907 21:10:21.446954 1397 tablet_copy_service.cc:418] P c9439a2a1ffa4e46b0c3295641b039be: Error handling TabletCopyService RPC request from {username='slave'} at 127.0.180.2:40350: Error beginning tablet copy session for tablet 55077156aad54bed9cc6874ca5200a0f: Illegal state: The tablet is not in a running state: BOOTSTRAPPING
I0907 21:10:21.461477 1297 ts_tablet_manager.cc:541] T 55077156aad54bed9cc6874ca5200a0f P b2a125044b7e48a4bb00ad3eacf18556: Initiating tablet copy from peer c9439a2a1ffa4e46b0c3295641b039be (127.0.180.1:46139)
I0907 21:10:21.461630 1297 tablet_copy_client.cc:224] T 55077156aad54bed9cc6874ca5200a0f P b2a125044b7e48a4bb00ad3eacf18556: tablet copy: Beginning tablet copy session from remote peer at address 127.0.180.1:46139
I0907 21:10:21.462590 1397 tablet_copy_service.cc:132] P c9439a2a1ffa4e46b0c3295641b039be: Received BeginTabletCopySession request for tablet 55077156aad54bed9cc6874ca5200a0f from peer b2a125044b7e48a4bb00ad3eacf18556 ({username='slave'} at 127.0.180.2:40350)
I0907 21:10:21.462697 1397 tablet_copy_service.cc:151] P c9439a2a1ffa4e46b0c3295641b039be: Beginning new tablet copy session on tablet 55077156aad54bed9cc6874ca5200a0f from peer b2a125044b7e48a4bb00ad3eacf18556 at {username='slave'} at 127.0.180.2:40350: session id = b2a125044b7e48a4bb00ad3eacf18556-55077156aad54bed9cc6874ca5200a0f
W0907 21:10:21.462838 1397 tablet_copy_service.cc:418] P c9439a2a1ffa4e46b0c3295641b039be: Error handling TabletCopyService RPC request from {username='slave'} at 127.0.180.2:40350: Error beginning tablet copy session for tablet 55077156aad54bed9cc6874ca5200a0f: Illegal state: The tablet is not in a running state: BOOTSTRAPPING
I0907 21:10:21.467968 1299 ts_tablet_manager.cc:541] T 55077156aad54bed9cc6874ca5200a0f P b2a125044b7e48a4bb00ad3eacf18556: Initiating tablet copy from peer c9439a2a1ffa4e46b0c3295641b039be (127.0.180.1:46139)
I0907 21:10:21.468099 1299 tablet_copy_client.cc:224] T 55077156aad54bed9cc6874ca5200a0f P b2a125044b7e48a4bb00ad3eacf18556: tablet copy: Beginning tablet copy session from remote peer at address 127.0.180.1:46139
I0907 21:10:21.468896 1397 tablet_copy_service.cc:132] P c9439a2a1ffa4e46b0c3295641b039be: Received BeginTabletCopySession request for tablet 55077156aad54bed9cc6874ca5200a0f from peer b2a125044b7e48a4bb00ad3eacf18556 ({username='slave'} at 127.0.180.2:40350)
I0907 21:10:21.469003 1397 tablet_copy_service.cc:151] P c9439a2a1ffa4e46b0c3295641b039be: Beginning new tablet copy session on tablet 55077156aad54bed9cc6874ca5200a0f from peer b2a125044b7e48a4bb00ad3eacf18556 at {username='slave'} at 127.0.180.2:40350: session id = b2a125044b7e48a4bb00ad3eacf18556-55077156aad54bed9cc6874ca5200a0f
W0907 21:10:21.469123 1397 tablet_copy_service.cc:418] P c9439a2a1ffa4e46b0c3295641b039be: Error handling TabletCopyService RPC request from {username='slave'} at 127.0.180.2:40350: Error beginning tablet copy session for tablet 55077156aad54bed9cc6874ca5200a0f: Illegal state: The tablet is not in a running state: BOOTSTRAPPING
I0907 21:10:21.475625 1296 ts_tablet_manager.cc:541] T 55077156aad54bed9cc6874ca5200a0f P b2a125044b7e48a4bb00ad3eacf18556: Initiating tablet copy from peer c9439a2a1ffa4e46b0c3295641b039be (127.0.180.1:46139)
I0907 21:10:21.475786 1296 tablet_copy_client.cc:224] T 55077156aad54bed9cc6874ca5200a0f P b2a125044b7e48a4bb00ad3eacf18556: tablet copy: Beginning tablet copy session from remote peer at address 127.0.180.1:46139
I0907 21:10:21.476757 1397 tablet_copy_service.cc:132] P c9439a2a1ffa4e46b0c3295641b039be: Received BeginTabletCopySession request for tablet 55077156aad54bed9cc6874ca5200a0f from peer b2a125044b7e48a4bb00ad3eacf18556 ({username='slave'} at 127.0.180.2:40350)
I0907 21:10:21.476862 1397 tablet_copy_service.cc:151] P c9439a2a1ffa4e46b0c3295641b039be: Beginning new tablet copy session on tablet 55077156aad54bed9cc6874ca5200a0f from peer b2a125044b7e48a4bb00ad3eacf18556 at {username='slave'} at 127.0.180.2:40350: session id = b2a125044b7e48a4bb00ad3eacf18556-55077156aad54bed9cc6874ca5200a0f
W0907 21:10:21.476999 1397 tablet_copy_service.cc:418] P c9439a2a1ffa4e46b0c3295641b039be: Error handling TabletCopyService RPC request from {username='slave'} at 127.0.180.2:40350: Error beginning tablet copy session for tablet 55077156aad54bed9cc6874ca5200a0f: Illegal state: The tablet is not in a running state: BOOTSTRAPPING
I0907 21:10:21.480976 1314 tablet_bootstrap.cc:433] T 55077156aad54bed9cc6874ca5200a0f P c9439a2a1ffa4e46b0c3295641b039be: Bootstrap replayed 1/1 log segments. Stats: ops{read=210 overwritten=0 applied=210 ignored=0} inserts{seen=10350 ignored=0} mutations{seen=0 ignored=0} orphaned_commits=0. Pending: 0 replicates
I0907 21:10:21.481492 1314 tablet_bootstrap.cc:433] T 55077156aad54bed9cc6874ca5200a0f P c9439a2a1ffa4e46b0c3295641b039be: Bootstrap complete.
I0907 21:10:21.482589 1314 ts_tablet_manager.cc:818] T 55077156aad54bed9cc6874ca5200a0f P c9439a2a1ffa4e46b0c3295641b039be: Time spent bootstrapping tablet: real 0.892s user 0.836s sys 0.048s
I0907 21:10:21.483995 1314 raft_consensus.cc:287] T 55077156aad54bed9cc6874ca5200a0f P c9439a2a1ffa4e46b0c3295641b039be [term 3 FOLLOWER]: Replica starting. Triggering 0 pending transactions. Active config: opid_index: -1 OBSOLETE_local: true peers { permanent_uuid: "c9439a2a1ffa4e46b0c3295641b039be" member_type: VOTER last_known_addr { host: "127.0.180.1" port: 46139 } }
I0907 21:10:21.486104 1314 raft_consensus.cc:576] T 55077156aad54bed9cc6874ca5200a0f P c9439a2a1ffa4e46b0c3295641b039be [term 3 FOLLOWER]: Becoming Follower/Learner. State: Replica: c9439a2a1ffa4e46b0c3295641b039be, State: Initialized, Role: FOLLOWER
I0907 21:10:21.486234 1314 consensus_queue.cc:190] T 55077156aad54bed9cc6874ca5200a0f P c9439a2a1ffa4e46b0c3295641b039be [NON_LEADER]: Queue going to NON_LEADER mode. State: All replicated index: 0, Majority replicated index: 0, Committed index: 210, Last appended: 3.210, Last appended by leader: 210, Current term: 0, Majority size: -1, State: 0, Mode: NON_LEADER
I0907 21:10:21.486307 1298 ts_tablet_manager.cc:541] T 55077156aad54bed9cc6874ca5200a0f P b2a125044b7e48a4bb00ad3eacf18556: Initiating tablet copy from peer c9439a2a1ffa4e46b0c3295641b039be (127.0.180.1:46139)
I0907 21:10:21.486333 1314 raft_consensus.cc:328] T 55077156aad54bed9cc6874ca5200a0f P c9439a2a1ffa4e46b0c3295641b039be [term 3 FOLLOWER]: Only one voter in the Raft config. Triggering election immediately
I0907 21:10:21.486382 1314 raft_consensus.cc:412] T 55077156aad54bed9cc6874ca5200a0f P c9439a2a1ffa4e46b0c3295641b039be [term 3 FOLLOWER]: Starting leader election (initial election of a single-replica configuration)
I0907 21:10:21.486433 1298 tablet_copy_client.cc:224] T 55077156aad54bed9cc6874ca5200a0f P b2a125044b7e48a4bb00ad3eacf18556: tablet copy: Beginning tablet copy session from remote peer at address 127.0.180.1:46139
I0907 21:10:21.486454 1314 raft_consensus.cc:2456] T 55077156aad54bed9cc6874ca5200a0f P c9439a2a1ffa4e46b0c3295641b039be: Snoozing failure detection for 1.843s (starting election)
I0907 21:10:21.486515 1314 raft_consensus.cc:2508] T 55077156aad54bed9cc6874ca5200a0f P c9439a2a1ffa4e46b0c3295641b039be [term 3 FOLLOWER]: Advancing to term 4
I0907 21:10:21.487309 1397 tablet_copy_service.cc:132] P c9439a2a1ffa4e46b0c3295641b039be: Received BeginTabletCopySession request for tablet 55077156aad54bed9cc6874ca5200a0f from peer b2a125044b7e48a4bb00ad3eacf18556 ({username='slave'} at 127.0.180.2:40350)
I0907 21:10:21.487448 1397 tablet_copy_service.cc:151] P c9439a2a1ffa4e46b0c3295641b039be: Beginning new tablet copy session on tablet 55077156aad54bed9cc6874ca5200a0f from peer b2a125044b7e48a4bb00ad3eacf18556 at {username='slave'} at 127.0.180.2:40350: session id = b2a125044b7e48a4bb00ad3eacf18556-55077156aad54bed9cc6874ca5200a0f
W0907 21:10:21.487576 1397 tablet_copy_service.cc:418] P c9439a2a1ffa4e46b0c3295641b039be: Error handling TabletCopyService RPC request from {username='slave'} at 127.0.180.2:40350: Error beginning tablet copy session for tablet 55077156aad54bed9cc6874ca5200a0f: Illegal state: The tablet is not in a running state: BOOTSTRAPPING
I0907 21:10:21.488615 1297 ts_tablet_manager.cc:541] T 55077156aad54bed9cc6874ca5200a0f P b2a125044b7e48a4bb00ad3eacf18556: Initiating tablet copy from peer c9439a2a1ffa4e46b0c3295641b039be (127.0.180.1:46139)
I0907 21:10:21.488725 1297 tablet_copy_client.cc:224] T 55077156aad54bed9cc6874ca5200a0f P b2a125044b7e48a4bb00ad3eacf18556: tablet copy: Beginning tablet copy session from remote peer at address 127.0.180.1:46139
I0907 21:10:21.488994 1314 raft_consensus.cc:434] T 55077156aad54bed9cc6874ca5200a0f P c9439a2a1ffa4e46b0c3295641b039be [term 4 FOLLOWER]: Starting leader election with config: opid_index: -1 OBSOLETE_local: true peers { permanent_uuid: "c9439a2a1ffa4e46b0c3295641b039be" member_type: VOTER last_known_addr { host: "127.0.180.1" port: 46139 } }
I0907 21:10:21.489384 1314 leader_election.cc:248] T 55077156aad54bed9cc6874ca5200a0f P c9439a2a1ffa4e46b0c3295641b039be [CANDIDATE]: Term 4 election: Election decided. Result: candidate won.
I0907 21:10:21.489712 1397 tablet_copy_service.cc:132] P c9439a2a1ffa4e46b0c3295641b039be: Received BeginTabletCopySession request for tablet 55077156aad54bed9cc6874ca5200a0f from peer b2a125044b7e48a4bb00ad3eacf18556 ({username='slave'} at 127.0.180.2:40350)
I0907 21:10:21.489833 1397 tablet_copy_service.cc:151] P c9439a2a1ffa4e46b0c3295641b039be: Beginning new tablet copy session on tablet 55077156aad54bed9cc6874ca5200a0f from peer b2a125044b7e48a4bb00ad3eacf18556 at {username='slave'} at 127.0.180.2:40350: session id = b2a125044b7e48a4bb00ad3eacf18556-55077156aad54bed9cc6874ca5200a0f
W0907 21:10:21.489964 1397 tablet_copy_service.cc:418] P c9439a2a1ffa4e46b0c3295641b039be: Error handling TabletCopyService RPC request from {username='slave'} at 127.0.180.2:40350: Error beginning tablet copy session for tablet 55077156aad54bed9cc6874ca5200a0f: Illegal state: The tablet is not in a running state: BOOTSTRAPPING
I0907 21:10:21.490445 1424 raft_consensus.cc:2456] T 55077156aad54bed9cc6874ca5200a0f P c9439a2a1ffa4e46b0c3295641b039be: Snoozing failure detection for 2.220s (election complete)
I0907 21:10:21.490576 1424 raft_consensus.cc:2280] T 55077156aad54bed9cc6874ca5200a0f P c9439a2a1ffa4e46b0c3295641b039be [term 4 FOLLOWER]: Leader election won for term 4
I0907 21:10:21.491335 1420 heartbeater.cc:406] Master 127.0.180.254:58038 was elected leader, sending a full tablet report...
I0907 21:10:21.492398 1314 ts_tablet_manager.cc:846] T 55077156aad54bed9cc6874ca5200a0f P c9439a2a1ffa4e46b0c3295641b039be: Time spent starting tablet: real 0.010s user 0.004s sys 0.004s
I0907 21:10:21.492854 1424 raft_consensus.cc:542] T 55077156aad54bed9cc6874ca5200a0f P c9439a2a1ffa4e46b0c3295641b039be [term 4 LEADER]: Becoming Leader. State: Replica: c9439a2a1ffa4e46b0c3295641b039be, State: Running, Role: LEADER
I0907 21:10:21.493064 1424 consensus_queue.cc:169] T 55077156aad54bed9cc6874ca5200a0f P c9439a2a1ffa4e46b0c3295641b039be [LEADER]: Queue going to LEADER mode. State: All replicated index: 0, Majority replicated index: 210, Committed index: 210, Last appended: 3.210, Last appended by leader: 210, Current term: 4, Majority size: 1, State: 0, Mode: LEADER, active raft config: opid_index: -1 OBSOLETE_local: true peers { permanent_uuid: "c9439a2a1ffa4e46b0c3295641b039be" member_type: VOTER last_known_addr { host: "127.0.180.1" port: 46139 } }
I0907 21:10:21.498936 534 catalog_manager.cc:2569] T 55077156aad54bed9cc6874ca5200a0f reported cstate change: term changed from 3 to 4. New cstate: current_term: 4 leader_uuid: "c9439a2a1ffa4e46b0c3295641b039be" committed_config { opid_index: -1 OBSOLETE_local: true peers { permanent_uuid: "c9439a2a1ffa4e46b0c3295641b039be" member_type: VOTER last_known_addr { host: "127.0.180.1" port: 46139 } } }
I0907 21:10:21.504541 1299 ts_tablet_manager.cc:541] T 55077156aad54bed9cc6874ca5200a0f P b2a125044b7e48a4bb00ad3eacf18556: Initiating tablet copy from peer c9439a2a1ffa4e46b0c3295641b039be (127.0.180.1:46139)
I0907 21:10:21.504675 1299 tablet_copy_client.cc:224] T 55077156aad54bed9cc6874ca5200a0f P b2a125044b7e48a4bb00ad3eacf18556: tablet copy: Beginning tablet copy session from remote peer at address 127.0.180.1:46139
I0907 21:10:21.505540 1397 tablet_copy_service.cc:132] P c9439a2a1ffa4e46b0c3295641b039be: Received BeginTabletCopySession request for tablet 55077156aad54bed9cc6874ca5200a0f from peer b2a125044b7e48a4bb00ad3eacf18556 ({username='slave'} at 127.0.180.2:40350)
I0907 21:10:21.505651 1397 tablet_copy_service.cc:151] P c9439a2a1ffa4e46b0c3295641b039be: Beginning new tablet copy session on tablet 55077156aad54bed9cc6874ca5200a0f from peer b2a125044b7e48a4bb00ad3eacf18556 at {username='slave'} at 127.0.180.2:40350: session id = b2a125044b7e48a4bb00ad3eacf18556-55077156aad54bed9cc6874ca5200a0f
I0907 21:10:21.507513 1397 tablet_copy_source_session.cc:186] T 55077156aad54bed9cc6874ca5200a0f P c9439a2a1ffa4e46b0c3295641b039be: Tablet Copy: opened 0 blocks and 1 log segments
I0907 21:10:21.521826 1299 ts_tablet_manager.cc:943] T 55077156aad54bed9cc6874ca5200a0f P b2a125044b7e48a4bb00ad3eacf18556: Registered tablet (data state: TABLET_DATA_COPYING)
I0907 21:10:21.522044 1299 tablet_copy_client.cc:507] T 55077156aad54bed9cc6874ca5200a0f P b2a125044b7e48a4bb00ad3eacf18556: tablet copy: Starting download of 0 data blocks...
I0907 21:10:21.522259 1299 tablet_copy_client.cc:470] T 55077156aad54bed9cc6874ca5200a0f P b2a125044b7e48a4bb00ad3eacf18556: tablet copy: Starting download of 1 WAL segments...
I0907 21:10:21.534301 1299 tablet_copy_client.cc:376] T 55077156aad54bed9cc6874ca5200a0f P b2a125044b7e48a4bb00ad3eacf18556: tablet copy: Tablet Copy complete. Replacing tablet superblock.
I0907 21:10:21.536608 1299 ts_tablet_manager.cc:793] T 55077156aad54bed9cc6874ca5200a0f P b2a125044b7e48a4bb00ad3eacf18556: Bootstrapping tablet
I0907 21:10:21.536881 1299 tablet_bootstrap.cc:433] T 55077156aad54bed9cc6874ca5200a0f P b2a125044b7e48a4bb00ad3eacf18556: Bootstrap starting.
I0907 21:10:21.593881 1299 log.cc:518] T 55077156aad54bed9cc6874ca5200a0f P b2a125044b7e48a4bb00ad3eacf18556: Log is configured to *not* fsync() on all Append() calls
I0907 21:10:22.290220 1299 tablet_bootstrap.cc:433] T 55077156aad54bed9cc6874ca5200a0f P b2a125044b7e48a4bb00ad3eacf18556: Bootstrap replayed 1/1 log segments. Stats: ops{read=211 overwritten=0 applied=211 ignored=0} inserts{seen=10350 ignored=0} mutations{seen=0 ignored=0} orphaned_commits=0. Pending: 0 replicates
I0907 21:10:22.290674 1299 tablet_bootstrap.cc:433] T 55077156aad54bed9cc6874ca5200a0f P b2a125044b7e48a4bb00ad3eacf18556: Bootstrap complete.
I0907 21:10:22.291077 1299 ts_tablet_manager.cc:818] T 55077156aad54bed9cc6874ca5200a0f P b2a125044b7e48a4bb00ad3eacf18556: Time spent bootstrapping tablet: real 0.754s user 0.740s sys 0.016s
I0907 21:10:22.292553 1299 raft_consensus.cc:287] T 55077156aad54bed9cc6874ca5200a0f P b2a125044b7e48a4bb00ad3eacf18556 [term 4 NON_PARTICIPANT]: Replica starting. Triggering 0 pending transactions. Active config: opid_index: -1 OBSOLETE_local: true peers { permanent_uuid: "c9439a2a1ffa4e46b0c3295641b039be" member_type: VOTER last_known_addr { host: "127.0.180.1" port: 46139 } }
I0907 21:10:22.293045 1299 raft_consensus.cc:576] T 55077156aad54bed9cc6874ca5200a0f P b2a125044b7e48a4bb00ad3eacf18556 [term 4 NON_PARTICIPANT]: Becoming Follower/Learner. State: Replica: b2a125044b7e48a4bb00ad3eacf18556, State: Initialized, Role: NON_PARTICIPANT
I0907 21:10:22.293179 1299 consensus_queue.cc:190] T 55077156aad54bed9cc6874ca5200a0f P b2a125044b7e48a4bb00ad3eacf18556 [NON_LEADER]: Queue going to NON_LEADER mode. State: All replicated index: 0, Majority replicated index: 0, Committed index: 211, Last appended: 4.211, Last appended by leader: 211, Current term: 0, Majority size: -1, State: 0, Mode: NON_LEADER
I0907 21:10:22.294445 1299 ts_tablet_manager.cc:846] T 55077156aad54bed9cc6874ca5200a0f P b2a125044b7e48a4bb00ad3eacf18556: Time spent starting tablet: real 0.003s user 0.000s sys 0.004s
I0907 21:10:22.295526 1397 tablet_copy_service.cc:289] P c9439a2a1ffa4e46b0c3295641b039be: Request end of tablet copy session b2a125044b7e48a4bb00ad3eacf18556-55077156aad54bed9cc6874ca5200a0f received from {username='slave'} at 127.0.180.2:40350
I0907 21:10:22.295670 1397 tablet_copy_service.cc:377] P c9439a2a1ffa4e46b0c3295641b039be: Ending tablet copy session b2a125044b7e48a4bb00ad3eacf18556-55077156aad54bed9cc6874ca5200a0f on tablet 55077156aad54bed9cc6874ca5200a0f with peer b2a125044b7e48a4bb00ad3eacf18556
W0907 21:10:22.297113 1298 ts_tablet_manager.cc:323] T 55077156aad54bed9cc6874ca5200a0f P b2a125044b7e48a4bb00ad3eacf18556: Tablet Copy: Invalid argument: Leader has replica of tablet 55077156aad54bed9cc6874ca5200a0f with term 0, which is lower than last-logged term 4 on local replica. Rejecting tablet copy request
W0907 21:10:22.303844 1297 ts_tablet_manager.cc:323] T 55077156aad54bed9cc6874ca5200a0f P b2a125044b7e48a4bb00ad3eacf18556: Tablet Copy: Invalid argument: Leader has replica of tablet 55077156aad54bed9cc6874ca5200a0f with term 0, which is lower than last-logged term 4 on local replica. Rejecting tablet copy request
W0907 21:10:22.335888 1296 ts_tablet_manager.cc:323] T 55077156aad54bed9cc6874ca5200a0f P b2a125044b7e48a4bb00ad3eacf18556: Tablet Copy: Invalid argument: Leader has replica of tablet 55077156aad54bed9cc6874ca5200a0f with term 0, which is lower than last-logged term 4 on local replica. Rejecting tablet copy request
I0907 21:10:22.339110 1220 tablet_service.cc:805] Processing DeleteTablet for tablet 55077156aad54bed9cc6874ca5200a0f with delete_type TABLET_DATA_DELETED from {username='slave'} at 127.0.0.1:38403
I0907 21:10:22.339288 1220 tablet_replica.cc:251] T 55077156aad54bed9cc6874ca5200a0f P b2a125044b7e48a4bb00ad3eacf18556: stopping tablet replica
I0907 21:10:22.339450 1220 maintenance_manager.cc:228] P b2a125044b7e48a4bb00ad3eacf18556: Unregistered op CompactRowSetsOp(55077156aad54bed9cc6874ca5200a0f)
I0907 21:10:22.339498 1220 maintenance_manager.cc:228] P b2a125044b7e48a4bb00ad3eacf18556: Unregistered op MinorDeltaCompactionOp(55077156aad54bed9cc6874ca5200a0f)
I0907 21:10:22.339540 1220 maintenance_manager.cc:228] P b2a125044b7e48a4bb00ad3eacf18556: Unregistered op MajorDeltaCompactionOp(55077156aad54bed9cc6874ca5200a0f)
I0907 21:10:22.339570 1220 maintenance_manager.cc:228] P b2a125044b7e48a4bb00ad3eacf18556: Unregistered op UndoDeltaBlockGCOp(55077156aad54bed9cc6874ca5200a0f)
I0907 21:10:22.339649 1220 maintenance_manager.cc:228] P b2a125044b7e48a4bb00ad3eacf18556: Unregistered op FlushMRSOp(55077156aad54bed9cc6874ca5200a0f)
I0907 21:10:22.339689 1220 maintenance_manager.cc:228] P b2a125044b7e48a4bb00ad3eacf18556: Unregistered op FlushDeltaMemStoresOp(55077156aad54bed9cc6874ca5200a0f)
I0907 21:10:22.339720 1220 maintenance_manager.cc:228] P b2a125044b7e48a4bb00ad3eacf18556: Unregistered op LogGCOp(55077156aad54bed9cc6874ca5200a0f)
I0907 21:10:22.339784 1220 raft_consensus.cc:1807] T 55077156aad54bed9cc6874ca5200a0f P b2a125044b7e48a4bb00ad3eacf18556 [term 4 NON_PARTICIPANT]: Raft consensus shutting down.
I0907 21:10:22.340085 1220 raft_consensus.cc:1834] T 55077156aad54bed9cc6874ca5200a0f P b2a125044b7e48a4bb00ad3eacf18556 [term 4 NON_PARTICIPANT]: Raft consensus is shut down!
I0907 21:10:22.341810 1220 ts_tablet_manager.cc:1097] T 55077156aad54bed9cc6874ca5200a0f P b2a125044b7e48a4bb00ad3eacf18556: Deleting tablet data with delete state TABLET_DATA_DELETED
I0907 21:10:23.584324 1220 ts_tablet_manager.cc:1110] T 55077156aad54bed9cc6874ca5200a0f P b2a125044b7e48a4bb00ad3eacf18556: tablet deleted: last-logged OpId: 4.211
I0907 21:10:23.584520 1220 log.cc:960] T 55077156aad54bed9cc6874ca5200a0f P b2a125044b7e48a4bb00ad3eacf18556: Deleting WAL directory at /tmp/run_tha_test6pCJxY/test-tmp/tablet_copy_client_session-itest.TabletCopyClientSessionITest.TestStartTabletCopyWhileSourceBootstrapping.1504818611172218-180/minicluster-data/ts-1/wal/wals/55077156aad54bed9cc6874ca5200a0f
I0907 21:10:23.585016 1220 ts_tablet_manager.cc:1128] T 55077156aad54bed9cc6874ca5200a0f P b2a125044b7e48a4bb00ad3eacf18556: Deleting consensus metadata
I0907 21:10:24.721789 1220 rpcz_store.cc:258] Call kudu.tserver.TabletServerAdminService.DeleteTablet from 127.0.0.1:38403 (request call id 616) took 2382ms. Request Metrics: {}
I0907 21:10:24.723121 180 external_mini_cluster.cc:1000] Attempting to check leaks for /tmp/run_tha_test6pCJxY/build/asan/bin/kudu-tserver pid 1164
I0907 21:10:24.724364 1280 generic_service.cc:133] Checking for leaks (request via RPC)
I0907 21:10:24.801321 180 external_mini_cluster.cc:959] Killing /tmp/run_tha_test6pCJxY/build/asan/bin/kudu-tserver with pid 1164
W0907 21:10:24.814378 522 connection.cc:511] server connection from 127.0.180.2:51169 recv error: Network error: failed to read from TLS socket: Connection reset by peer (error 104)
W0907 21:10:24.814365 185 connection.cc:511] client connection to 127.0.180.2:59419 recv error: Network error: failed to read from TLS socket: Connection reset by peer (error 104)
W0907 21:10:24.814401 1307 connection.cc:511] server connection from 127.0.180.2:40350 recv error: Network error: failed to read from TLS socket: Connection reset by peer (error 104)
I0907 21:10:24.814904 180 external_mini_cluster.cc:767] Running /tmp/run_tha_test6pCJxY/build/asan/bin/kudu-tserver /tmp/run_tha_test6pCJxY/build/asan/bin/kudu-tserver --fs_wal_dir=/tmp/run_tha_test6pCJxY/test-tmp/tablet_copy_client_session-itest.TabletCopyClientSessionITest.TestStartTabletCopyWhileSourceBootstrapping.1504818611172218-180/minicluster-data/ts-1/wal --fs_data_dirs=/tmp/run_tha_test6pCJxY/test-tmp/tablet_copy_client_session-itest.TabletCopyClientSessionITest.TestStartTabletCopyWhileSourceBootstrapping.1504818611172218-180/minicluster-data/ts-1/data --rpc_bind_addresses=127.0.180.2:59419 --local_ip_for_outbound_sockets=127.0.180.2 --webserver_port=55762 --webserver_interface=127.0.180.2 --tserver_master_addrs=127.0.180.254:58038 --never_fsync --ipki_server_key_size=1024 --enable_minidumps=false --redact=flag --metrics_log_interval_ms=1000 --logtostderr --logbuflevel=-1 --log_dir=/tmp/run_tha_test6pCJxY/test-tmp/tablet_copy_client_session-itest.TabletCopyClientSessionITest.TestStartTabletCopyWhileSourceBootstrapping.1504818611172218-180/minicluster-data/ts-1/logs --server_dump_info_path=/tmp/run_tha_test6pCJxY/test-tmp/tablet_copy_client_session-itest.TabletCopyClientSessionITest.TestStartTabletCopyWhileSourceBootstrapping.1504818611172218-180/minicluster-data/ts-1/data/info.pb --server_dump_info_format=pb --rpc_server_allow_ephemeral_ports --unlock_experimental_flags --unlock_unsafe_flags with env {} WARNING: Logging before InitGoogleLogging() is written to STDERR
W0907 21:10:24.902323 1435 flags.cc:395] Enabled unsafe flag: --rpc_server_allow_ephemeral_ports=true
W0907 21:10:24.902562 1435 flags.cc:395] Enabled unsafe flag: --never_fsync=true
W0907 21:10:24.904294 1435 flags.cc:395] Enabled experimental flag: --ipki_server_key_size=1024
W0907 21:10:24.904395 1435 flags.cc:395] Enabled experimental flag: --local_ip_for_outbound_sockets=127.0.180.2
I0907 21:10:24.907615 1435 tablet_server_main.cc:72] Tablet server non-default flags: --fs_data_dirs=/tmp/run_tha_test6pCJxY/test-tmp/tablet_copy_client_session-itest.TabletCopyClientSessionITest.TestStartTabletCopyWhileSourceBootstrapping.1504818611172218-180/minicluster-data/ts-1/data --fs_wal_dir=/tmp/run_tha_test6pCJxY/test-tmp/tablet_copy_client_session-itest.TabletCopyClientSessionITest.TestStartTabletCopyWhileSourceBootstrapping.1504818611172218-180/minicluster-data/ts-1/wal --ipki_server_key_size=1024 --rpc_bind_addresses=127.0.180.2:59419 --rpc_server_allow_ephemeral_ports=true --metrics_log_interval_ms=1000 --server_dump_info_format=pb --server_dump_info_path=/tmp/run_tha_test6pCJxY/test-tmp/tablet_copy_client_session-itest.TabletCopyClientSessionITest.TestStartTabletCopyWhileSourceBootstrapping.1504818611172218-180/minicluster-data/ts-1/data/info.pb --webserver_interface=127.0.180.2 --webserver_port=55762 --tserver_master_addrs=127.0.180.254:58038 --never_fsync=true --heap_profile_path=/tmp/kudu-tserver.1435 --redact=flag --unlock_experimental_flags=true --unlock_unsafe_flags=true --enable_minidumps=false --local_ip_for_outbound_sockets=127.0.180.2 --log_dir=/tmp/run_tha_test6pCJxY/test-tmp/tablet_copy_client_session-itest.TabletCopyClientSessionITest.TestStartTabletCopyWhileSourceBootstrapping.1504818611172218-180/minicluster-data/ts-1/logs --logbuflevel=-1 --logtostderr=true Tablet server version: kudu 1.6.0-SNAPSHOT revision a71ecfd4a232c82ccf6f3b8fb452eaed3528ad46-dirty build type DEBUG built by hao.hao at 07 Sep 2017 14:01:21 PST on ve0518.halxg.cloudera.com ASAN enabled
I0907 21:10:24.915117 1435 tablet_server_main.cc:79] Initializing tablet server...
I0907 21:10:24.916489 1435 system_ntp.cc:104] NTP initialized. Resolution in nanos?: 1 Skew PPM: 500 Current error: 1023418
I0907 21:10:24.922129 1435 fs_manager.cc:323] Time spent opening directory manager: real 0.003s user 0.004s sys 0.000s
I0907 21:10:24.922442 1435 env_posix.cc:1590] Not raising process file limit of 65536; it is already as high as it can go
I0907 21:10:24.922722 1435 file_cache.cc:469] Constructed file cache lbm with capacity 26214
I0907 21:10:24.927006 1435 fs_manager.cc:335] Time spent opening block manager: real 0.002s user 0.004s sys 0.000s
I0907 21:10:24.927148 1435 fs_manager.cc:348] Opened local filesystem: /tmp/run_tha_test6pCJxY/test-tmp/tablet_copy_client_session-itest.TabletCopyClientSessionITest.TestStartTabletCopyWhileSourceBootstrapping.1504818611172218-180/minicluster-data/ts-1/data,/tmp/run_tha_test6pCJxY/test-tmp/tablet_copy_client_session-itest.TabletCopyClientSessionITest.TestStartTabletCopyWhileSourceBootstrapping.1504818611172218-180/minicluster-data/ts-1/wal uuid: "b2a125044b7e48a4bb00ad3eacf18556" format_stamp: "Formatted at 2017-09-07 21:10:11 on dist-test-slave-dist-test-slave-ttl2"
