I0902 17:01:22.790490 16616 consensus_queue.cc:169] T bc88948776204095ba3e800689fff6f3 P 475a466ec8b44f39bbf6b23f10ebe15b [LEADER]: Queue going to LEADER mode. State: All replicated index: 73, Majority replicated index: 74, Committed index: 74, Last appended: 1.74, Last appended by leader: 74, Current term: 2, Majority size: 2, State: 0, Mode: LEADER, active raft config: opid_index: -1 OBSOLETE_local: false peers { permanent_uuid: "d28f0f3b8d0e429484dbeeb2d41b7d50" member_type: VOTER last_known_addr { host: "127.58.208.1" port: 59914 } } peers { permanent_uuid: "475a466ec8b44f39bbf6b23f10ebe15b" member_type: VOTER last_known_addr { host: "127.58.208.2" port: 43231 } } peers { permanent_uuid: "81b89e30bd3e45e39b3bd3eca9d5f7c5" member_type: VOTER last_known_addr { host: "127.58.208.3" port: 42179 } }
I0902 17:01:22.791836 16197 catalog_manager.cc:2571] T bc88948776204095ba3e800689fff6f3 reported cstate change: term changed from 1 to 2, leader changed from 81b89e30bd3e45e39b3bd3eca9d5f7c5 (127.58.208.3) to 475a466ec8b44f39bbf6b23f10ebe15b (127.58.208.2). New cstate: current_term: 2 leader_uuid: "475a466ec8b44f39bbf6b23f10ebe15b" committed_config { opid_index: -1 OBSOLETE_local: false peers { permanent_uuid: "d28f0f3b8d0e429484dbeeb2d41b7d50" member_type: VOTER last_known_addr { host: "127.58.208.1" port: 59914 } } peers { permanent_uuid: "475a466ec8b44f39bbf6b23f10ebe15b" member_type: VOTER last_known_addr { host: "127.58.208.2" port: 43231 } } peers { permanent_uuid: "81b89e30bd3e45e39b3bd3eca9d5f7c5" member_type: VOTER last_known_addr { host: "127.58.208.3" port: 42179 } } }
I0902 17:01:22.793004 16197 catalog_manager.cc:2571] T 7ab6f1a0b8d2430c933828f8da2892f6 reported cstate change: term changed from 2 to 3, leader changed from 81b89e30bd3e45e39b3bd3eca9d5f7c5 (127.58.208.3) to 475a466ec8b44f39bbf6b23f10ebe15b (127.58.208.2). New cstate: current_term: 3 leader_uuid: "475a466ec8b44f39bbf6b23f10ebe15b" committed_config { opid_index: -1 OBSOLETE_local: false peers { permanent_uuid: "d28f0f3b8d0e429484dbeeb2d41b7d50" member_type: VOTER last_known_addr { host: "127.58.208.1" port: 59914 } } peers { permanent_uuid: "475a466ec8b44f39bbf6b23f10ebe15b" member_type: VOTER last_known_addr { host: "127.58.208.2" port: 43231 } } peers { permanent_uuid: "81b89e30bd3e45e39b3bd3eca9d5f7c5" member_type: VOTER last_known_addr { host: "127.58.208.3" port: 42179 } } }
I0902 17:01:22.824676 16078 raft_consensus.cc:964] T 72aff43a768841bb91a3e3630747b057 P d28f0f3b8d0e429484dbeeb2d41b7d50 [term 3 FOLLOWER]: Refusing update from remote peer 475a466ec8b44f39bbf6b23f10ebe15b: Log matching property violated. Preceding OpId in replica: term: 2 index: 24. Preceding OpId from leader: term: 3 index: 26. (index mismatch)
I0902 17:01:22.824717 16552 raft_consensus.cc:964] T 72aff43a768841bb91a3e3630747b057 P 81b89e30bd3e45e39b3bd3eca9d5f7c5 [term 3 FOLLOWER]: Refusing update from remote peer 475a466ec8b44f39bbf6b23f10ebe15b: Log matching property violated. Preceding OpId in replica: term: 2 index: 24. Preceding OpId from leader: term: 3 index: 26. (index mismatch)
I0902 17:01:22.825101 16610 consensus_queue.cc:741] T 72aff43a768841bb91a3e3630747b057 P 475a466ec8b44f39bbf6b23f10ebe15b [LEADER]: Connected to new peer: Peer: d28f0f3b8d0e429484dbeeb2d41b7d50, Is new: false, Last received: 2.24, Next index: 25, Last known committed idx: 24, Last exchange result: ERROR, Needs tablet copy: false
I0902 17:01:22.825143 16616 consensus_queue.cc:741] T 72aff43a768841bb91a3e3630747b057 P 475a466ec8b44f39bbf6b23f10ebe15b [LEADER]: Connected to new peer: Peer: 81b89e30bd3e45e39b3bd3eca9d5f7c5, Is new: false, Last received: 2.24, Next index: 25, Last known committed idx: 24, Last exchange result: ERROR, Needs tablet copy: false
I0902 17:01:22.841775 16552 raft_consensus.cc:964] T 7ab6f1a0b8d2430c933828f8da2892f6 P 81b89e30bd3e45e39b3bd3eca9d5f7c5 [term 3 FOLLOWER]: Refusing update from remote peer 475a466ec8b44f39bbf6b23f10ebe15b: Log matching property violated. Preceding OpId in replica: term: 2 index: 136. Preceding OpId from leader: term: 3 index: 138. (index mismatch)
I0902 17:01:22.841786 16078 raft_consensus.cc:964] T 7ab6f1a0b8d2430c933828f8da2892f6 P d28f0f3b8d0e429484dbeeb2d41b7d50 [term 3 FOLLOWER]: Refusing update from remote peer 475a466ec8b44f39bbf6b23f10ebe15b: Log matching property violated. Preceding OpId in replica: term: 2 index: 136. Preceding OpId from leader: term: 3 index: 138. (index mismatch)
I0902 17:01:22.842115 16633 consensus_queue.cc:741] T 7ab6f1a0b8d2430c933828f8da2892f6 P 475a466ec8b44f39bbf6b23f10ebe15b [LEADER]: Connected to new peer: Peer: d28f0f3b8d0e429484dbeeb2d41b7d50, Is new: false, Last received: 2.136, Next index: 137, Last known committed idx: 136, Last exchange result: ERROR, Needs tablet copy: false
I0902 17:01:22.842159 16616 consensus_queue.cc:741] T 7ab6f1a0b8d2430c933828f8da2892f6 P 475a466ec8b44f39bbf6b23f10ebe15b [LEADER]: Connected to new peer: Peer: 81b89e30bd3e45e39b3bd3eca9d5f7c5, Is new: false, Last received: 2.136, Next index: 137, Last known committed idx: 136, Last exchange result: ERROR, Needs tablet copy: false
I0902 17:01:22.882375 16552 raft_consensus.cc:964] T bc88948776204095ba3e800689fff6f3 P 81b89e30bd3e45e39b3bd3eca9d5f7c5 [term 2 FOLLOWER]: Refusing update from remote peer 475a466ec8b44f39bbf6b23f10ebe15b: Log matching property violated. Preceding OpId in replica: term: 1 index: 74. Preceding OpId from leader: term: 2 index: 76. (index mismatch)
I0902 17:01:22.882495 16078 raft_consensus.cc:964] T bc88948776204095ba3e800689fff6f3 P d28f0f3b8d0e429484dbeeb2d41b7d50 [term 2 FOLLOWER]: Refusing update from remote peer 475a466ec8b44f39bbf6b23f10ebe15b: Log matching property violated. Preceding OpId in replica: term: 1 index: 74. Preceding OpId from leader: term: 2 index: 76. (index mismatch)
I0902 17:01:22.882700 16638 consensus_queue.cc:741] T bc88948776204095ba3e800689fff6f3 P 475a466ec8b44f39bbf6b23f10ebe15b [LEADER]: Connected to new peer: Peer: 81b89e30bd3e45e39b3bd3eca9d5f7c5, Is new: false, Last received: 1.74, Next index: 75, Last known committed idx: 74, Last exchange result: ERROR, Needs tablet copy: false
I0902 17:01:22.882800 16633 consensus_queue.cc:741] T bc88948776204095ba3e800689fff6f3 P 475a466ec8b44f39bbf6b23f10ebe15b [LEADER]: Connected to new peer: Peer: d28f0f3b8d0e429484dbeeb2d41b7d50, Is new: false, Last received: 1.74, Next index: 75, Last known committed idx: 74, Last exchange result: ERROR, Needs tablet copy: false
I0902 17:01:22.890028 15056 alter_table-randomized-test.cc:436] Beginning Alterations
I0902 17:01:22.890780 15056 alter_table-randomized-test.cc:532] Changing compression of column c908 to 1
I0902 17:01:22.890810 15056 alter_table-randomized-test.cc:511] Renaming PrimaryKey column c602 to c189
I0902 17:01:22.890838 15056 alter_table-randomized-test.cc:522] Changing default of column c50 to 1585365840
I0902 17:01:22.890847 15056 alter_table-randomized-test.cc:468] Committing Alterations
I0902 17:01:22.891351 16196 catalog_manager.cc:1946] Servicing AlterTable request from {username='slave'} at 127.0.0.1:43636: table { table_name: "test-table" } alter_schema_steps { type: ALTER_COLUMN alter_column { delta { name: "c908" compression: NO_COMPRESSION } } } alter_schema_steps { type: RENAME_COLUMN rename_column { old_name: "c602" new_name: "c189" } } alter_schema_steps { type: ALTER_COLUMN alter_column { delta { name: "c50" default_value: "P\303~^\000\000\000\000" } } }
I0902 17:01:22.899014 16632 tablet.cc:1115] T 7ab6f1a0b8d2430c933828f8da2892f6 P 475a466ec8b44f39bbf6b23f10ebe15b: Alter schema from Schema [ 10:c602[int32 NOT NULL], 18:c908[int32 NOT NULL], 21:c190[int32 NOT NULL], 22:c50[int32 NOT NULL] ] version 14 to Schema [ 10:c189[int32 NOT NULL], 18:c908[int32 NOT NULL], 21:c190[int32 NOT NULL], 22:c50[int32 NOT NULL] ] version 15
I0902 17:01:22.899286 16632 tablet.cc:1067] T 7ab6f1a0b8d2430c933828f8da2892f6 P 475a466ec8b44f39bbf6b23f10ebe15b: Flush: entering stage 1 (old memrowset already frozen for inserts)
I0902 17:01:22.899299 16632 compaction.cc:902] Selected 1 rowsets to compact:
I0902 17:01:22.899305 16632 compaction.cc:905] memrowset(current size on disk: ~0 bytes)
I0902 17:01:22.899312 16632 tablet.cc:1069] T 7ab6f1a0b8d2430c933828f8da2892f6 P 475a466ec8b44f39bbf6b23f10ebe15b: Memstore in-memory size: 763 bytes
I0902 17:01:22.899325 16632 tablet.cc:1332] T 7ab6f1a0b8d2430c933828f8da2892f6 P 475a466ec8b44f39bbf6b23f10ebe15b: Flush: entering phase 1 (flushing snapshot). Phase 1 snapshot: MvccSnapshot[committed={T|T < 6161906413145677824}]
I0902 17:01:22.902289 16634 tablet.cc:1115] T 7ab6f1a0b8d2430c933828f8da2892f6 P d28f0f3b8d0e429484dbeeb2d41b7d50: Alter schema from Schema [ 10:c602[int32 NOT NULL], 18:c908[int32 NOT NULL], 21:c190[int32 NOT NULL], 22:c50[int32 NOT NULL] ] version 14 to Schema [ 10:c189[int32 NOT NULL], 18:c908[int32 NOT NULL], 21:c190[int32 NOT NULL], 22:c50[int32 NOT NULL] ] version 15
I0902 17:01:22.902469 16632 multi_column_writer.cc:103] Opened CFile writers for 4 column(s)
I0902 17:01:22.902699 16634 tablet.cc:1067] T 7ab6f1a0b8d2430c933828f8da2892f6 P d28f0f3b8d0e429484dbeeb2d41b7d50: Flush: entering stage 1 (old memrowset already frozen for inserts)
I0902 17:01:22.902716 16634 compaction.cc:902] Selected 1 rowsets to compact:
I0902 17:01:22.902721 16634 compaction.cc:905] memrowset(current size on disk: ~0 bytes)
I0902 17:01:22.902729 16634 tablet.cc:1069] T 7ab6f1a0b8d2430c933828f8da2892f6 P d28f0f3b8d0e429484dbeeb2d41b7d50: Memstore in-memory size: 763 bytes
I0902 17:01:22.902742 16634 tablet.cc:1332] T 7ab6f1a0b8d2430c933828f8da2892f6 P d28f0f3b8d0e429484dbeeb2d41b7d50: Flush: entering phase 1 (flushing snapshot). Phase 1 snapshot: MvccSnapshot[committed={T|T < 6161906413145677824}]
I0902 17:01:22.902750 16649 tablet.cc:1115] T 72aff43a768841bb91a3e3630747b057 P 81b89e30bd3e45e39b3bd3eca9d5f7c5: Alter schema from Schema [ 10:c602[int32 NOT NULL], 18:c908[int32 NOT NULL], 21:c190[int32 NOT NULL], 22:c50[int32 NOT NULL] ] version 14 to Schema [ 10:c189[int32 NOT NULL], 18:c908[int32 NOT NULL], 21:c190[int32 NOT NULL], 22:c50[int32 NOT NULL] ] version 15
I0902 17:01:22.902379 16648 tablet.cc:1115] T 72aff43a768841bb91a3e3630747b057 P d28f0f3b8d0e429484dbeeb2d41b7d50: Alter schema from Schema [ 10:c602[int32 NOT NULL], 18:c908[int32 NOT NULL], 21:c190[int32 NOT NULL], 22:c50[int32 NOT NULL] ] version 14 to Schema [ 10:c189[int32 NOT NULL], 18:c908[int32 NOT NULL], 21:c190[int32 NOT NULL], 22:c50[int32 NOT NULL] ] version 15
I0902 17:01:22.903023 16649 tablet.cc:1067] T 72aff43a768841bb91a3e3630747b057 P 81b89e30bd3e45e39b3bd3eca9d5f7c5: Flush: entering stage 1 (old memrowset already frozen for inserts)
I0902 17:01:22.903041 16649 compaction.cc:902] Selected 1 rowsets to compact:
I0902 17:01:22.903046 16649 compaction.cc:905] memrowset(current size on disk: ~0 bytes)
I0902 17:01:22.903054 16649 tablet.cc:1069] T 72aff43a768841bb91a3e3630747b057 P 81b89e30bd3e45e39b3bd3eca9d5f7c5: Memstore in-memory size: 763 bytes
I0902 17:01:22.903072 16649 tablet.cc:1332] T 72aff43a768841bb91a3e3630747b057 P 81b89e30bd3e45e39b3bd3eca9d5f7c5: Flush: entering phase 1 (flushing snapshot). Phase 1 snapshot: MvccSnapshot[committed={T|T < 6161906413145841664}]
I0902 17:01:22.903128 16648 tablet.cc:1067] T 72aff43a768841bb91a3e3630747b057 P d28f0f3b8d0e429484dbeeb2d41b7d50: Flush: entering stage 1 (old memrowset already frozen for inserts)
I0902 17:01:22.903142 16648 compaction.cc:902] Selected 1 rowsets to compact:
I0902 17:01:22.903147 16648 compaction.cc:905] memrowset(current size on disk: ~0 bytes)
I0902 17:01:22.903156 16648 tablet.cc:1069] T 72aff43a768841bb91a3e3630747b057 P d28f0f3b8d0e429484dbeeb2d41b7d50: Memstore in-memory size: 763 bytes
I0902 17:01:22.903169 16648 tablet.cc:1332] T 72aff43a768841bb91a3e3630747b057 P d28f0f3b8d0e429484dbeeb2d41b7d50: Flush: entering phase 1 (flushing snapshot). Phase 1 snapshot: MvccSnapshot[committed={T|T < 6161906413145841664}]
I0902 17:01:22.903486 16635 tablet.cc:1115] T 7ab6f1a0b8d2430c933828f8da2892f6 P 81b89e30bd3e45e39b3bd3eca9d5f7c5: Alter schema from Schema [ 10:c602[int32 NOT NULL], 18:c908[int32 NOT NULL], 21:c190[int32 NOT NULL], 22:c50[int32 NOT NULL] ] version 14 to Schema [ 10:c189[int32 NOT NULL], 18:c908[int32 NOT NULL], 21:c190[int32 NOT NULL], 22:c50[int32 NOT NULL] ] version 15
I0902 17:01:22.903697 16635 tablet.cc:1067] T 7ab6f1a0b8d2430c933828f8da2892f6 P 81b89e30bd3e45e39b3bd3eca9d5f7c5: Flush: entering stage 1 (old memrowset already frozen for inserts)
I0902 17:01:22.903707 16635 compaction.cc:902] Selected 1 rowsets to compact:
I0902 17:01:22.903712 16635 compaction.cc:905] memrowset(current size on disk: ~0 bytes)
I0902 17:01:22.903718 16635 tablet.cc:1069] T 7ab6f1a0b8d2430c933828f8da2892f6 P 81b89e30bd3e45e39b3bd3eca9d5f7c5: Memstore in-memory size: 763 bytes
I0902 17:01:22.903730 16635 tablet.cc:1332] T 7ab6f1a0b8d2430c933828f8da2892f6 P 81b89e30bd3e45e39b3bd3eca9d5f7c5: Flush: entering phase 1 (flushing snapshot). Phase 1 snapshot: MvccSnapshot[committed={T|T < 6161906413145677824}]
I0902 17:01:22.903785 16646 tablet.cc:1115] T 72aff43a768841bb91a3e3630747b057 P 475a466ec8b44f39bbf6b23f10ebe15b: Alter schema from Schema [ 10:c602[int32 NOT NULL], 18:c908[int32 NOT NULL], 21:c190[int32 NOT NULL], 22:c50[int32 NOT NULL] ] version 14 to Schema [ 10:c189[int32 NOT NULL], 18:c908[int32 NOT NULL], 21:c190[int32 NOT NULL], 22:c50[int32 NOT NULL] ] version 15
I0902 17:01:22.903937 16652 tablet.cc:1115] T bc88948776204095ba3e800689fff6f3 P 81b89e30bd3e45e39b3bd3eca9d5f7c5: Alter schema from Schema [ 10:c602[int32 NOT NULL], 18:c908[int32 NOT NULL], 21:c190[int32 NOT NULL], 22:c50[int32 NOT NULL] ] version 14 to Schema [ 10:c189[int32 NOT NULL], 18:c908[int32 NOT NULL], 21:c190[int32 NOT NULL], 22:c50[int32 NOT NULL] ] version 15
I0902 17:01:22.904019 16646 tablet.cc:1067] T 72aff43a768841bb91a3e3630747b057 P 475a466ec8b44f39bbf6b23f10ebe15b: Flush: entering stage 1 (old memrowset already frozen for inserts)
I0902 17:01:22.904018 16648 multi_column_writer.cc:103] Opened CFile writers for 4 column(s)
I0902 17:01:22.904028 16646 compaction.cc:902] Selected 1 rowsets to compact:
I0902 17:01:22.904033 16646 compaction.cc:905] memrowset(current size on disk: ~0 bytes)
I0902 17:01:22.904039 16646 tablet.cc:1069] T 72aff43a768841bb91a3e3630747b057 P 475a466ec8b44f39bbf6b23f10ebe15b: Memstore in-memory size: 763 bytes
I0902 17:01:22.904052 16646 tablet.cc:1332] T 72aff43a768841bb91a3e3630747b057 P 475a466ec8b44f39bbf6b23f10ebe15b: Flush: entering phase 1 (flushing snapshot). Phase 1 snapshot: MvccSnapshot[committed={T|T < 6161906413145841664}]
I0902 17:01:22.904211 16652 tablet.cc:1067] T bc88948776204095ba3e800689fff6f3 P 81b89e30bd3e45e39b3bd3eca9d5f7c5: Flush: entering stage 1 (old memrowset already frozen for inserts)
I0902 17:01:22.904220 16652 compaction.cc:902] Selected 1 rowsets to compact:
I0902 17:01:22.904225 16652 compaction.cc:905] memrowset(current size on disk: ~0 bytes)
I0902 17:01:22.904233 16652 tablet.cc:1069] T bc88948776204095ba3e800689fff6f3 P 81b89e30bd3e45e39b3bd3eca9d5f7c5: Memstore in-memory size: 763 bytes
I0902 17:01:22.904247 16652 tablet.cc:1332] T bc88948776204095ba3e800689fff6f3 P 81b89e30bd3e45e39b3bd3eca9d5f7c5: Flush: entering phase 1 (flushing snapshot). Phase 1 snapshot: MvccSnapshot[committed={T|T < 6161906413145837568}]
I0902 17:01:22.904793 16650 tablet.cc:1115] T bc88948776204095ba3e800689fff6f3 P 475a466ec8b44f39bbf6b23f10ebe15b: Alter schema from Schema [ 10:c602[int32 NOT NULL], 18:c908[int32 NOT NULL], 21:c190[int32 NOT NULL], 22:c50[int32 NOT NULL] ] version 14 to Schema [ 10:c189[int32 NOT NULL], 18:c908[int32 NOT NULL], 21:c190[int32 NOT NULL], 22:c50[int32 NOT NULL] ] version 15
I0902 17:01:22.905014 16650 tablet.cc:1067] T bc88948776204095ba3e800689fff6f3 P 475a466ec8b44f39bbf6b23f10ebe15b: Flush: entering stage 1 (old memrowset already frozen for inserts)
I0902 17:01:22.905022 16650 compaction.cc:902] Selected 1 rowsets to compact:
I0902 17:01:22.905026 16650 compaction.cc:905] memrowset(current size on disk: ~0 bytes)
I0902 17:01:22.905038 16650 tablet.cc:1069] T bc88948776204095ba3e800689fff6f3 P 475a466ec8b44f39bbf6b23f10ebe15b: Memstore in-memory size: 763 bytes
I0902 17:01:22.905050 16650 tablet.cc:1332] T bc88948776204095ba3e800689fff6f3 P 475a466ec8b44f39bbf6b23f10ebe15b: Flush: entering phase 1 (flushing snapshot). Phase 1 snapshot: MvccSnapshot[committed={T|T < 6161906413145837568}]
I0902 17:01:22.905567 16632 tablet.cc:1417] T 7ab6f1a0b8d2430c933828f8da2892f6 P 475a466ec8b44f39bbf6b23f10ebe15b: Flush: entering phase 2 (starting to duplicate updates in new rowsets)
I0902 17:01:22.905663 16632 tablet.cc:1472] T 7ab6f1a0b8d2430c933828f8da2892f6 P 475a466ec8b44f39bbf6b23f10ebe15b: Flush Phase 2: carrying over any updates which arrived during Phase 1
I0902 17:01:22.905675 16632 tablet.cc:1474] T 7ab6f1a0b8d2430c933828f8da2892f6 P 475a466ec8b44f39bbf6b23f10ebe15b: Phase 2 snapshot: MvccSnapshot[committed={T|T < 6161906413145677824}]
I0902 17:01:22.905689 16650 multi_column_writer.cc:103] Opened CFile writers for 4 column(s)
I0902 17:01:22.906363 16646 multi_column_writer.cc:103] Opened CFile writers for 4 column(s)
I0902 17:01:22.907652 16632 tablet.cc:1516] T 7ab6f1a0b8d2430c933828f8da2892f6 P 475a466ec8b44f39bbf6b23f10ebe15b: Flush successful on 6 rows (4790 bytes)
I0902 17:01:22.908201 16634 multi_column_writer.cc:103] Opened CFile writers for 4 column(s)
I0902 17:01:22.910666 16634 tablet.cc:1417] T 7ab6f1a0b8d2430c933828f8da2892f6 P d28f0f3b8d0e429484dbeeb2d41b7d50: Flush: entering phase 2 (starting to duplicate updates in new rowsets)
I0902 17:01:22.910795 16634 tablet.cc:1472] T 7ab6f1a0b8d2430c933828f8da2892f6 P d28f0f3b8d0e429484dbeeb2d41b7d50: Flush Phase 2: carrying over any updates which arrived during Phase 1
I0902 17:01:22.910815 16634 tablet.cc:1474] T 7ab6f1a0b8d2430c933828f8da2892f6 P d28f0f3b8d0e429484dbeeb2d41b7d50: Phase 2 snapshot: MvccSnapshot[committed={T|T < 6161906413145677824}]
I0902 17:01:22.911944 16649 multi_column_writer.cc:103] Opened CFile writers for 4 column(s)
I0902 17:01:22.912427 16634 tablet.cc:1516] T 7ab6f1a0b8d2430c933828f8da2892f6 P d28f0f3b8d0e429484dbeeb2d41b7d50: Flush successful on 6 rows (4790 bytes)
I0902 17:01:22.913962 16634 tablet.cc:1115] T bc88948776204095ba3e800689fff6f3 P d28f0f3b8d0e429484dbeeb2d41b7d50: Alter schema from Schema [ 10:c602[int32 NOT NULL], 18:c908[int32 NOT NULL], 21:c190[int32 NOT NULL], 22:c50[int32 NOT NULL] ] version 14 to Schema [ 10:c189[int32 NOT NULL], 18:c908[int32 NOT NULL], 21:c190[int32 NOT NULL], 22:c50[int32 NOT NULL] ] version 15
I0902 17:01:22.914186 16634 tablet.cc:1067] T bc88948776204095ba3e800689fff6f3 P d28f0f3b8d0e429484dbeeb2d41b7d50: Flush: entering stage 1 (old memrowset already frozen for inserts)
I0902 17:01:22.914206 16634 compaction.cc:902] Selected 1 rowsets to compact:
I0902 17:01:22.914211 16634 compaction.cc:905] memrowset(current size on disk: ~0 bytes)
I0902 17:01:22.914217 16634 tablet.cc:1069] T bc88948776204095ba3e800689fff6f3 P d28f0f3b8d0e429484dbeeb2d41b7d50: Memstore in-memory size: 763 bytes
I0902 17:01:22.914233 16634 tablet.cc:1332] T bc88948776204095ba3e800689fff6f3 P d28f0f3b8d0e429484dbeeb2d41b7d50: Flush: entering phase 1 (flushing snapshot). Phase 1 snapshot: MvccSnapshot[committed={T|T < 6161906413145837568}]
I0902 17:01:22.914816 16634 multi_column_writer.cc:103] Opened CFile writers for 4 column(s)
I0902 17:01:22.914822 16635 multi_column_writer.cc:103] Opened CFile writers for 4 column(s)
I0902 17:01:22.915745 16652 multi_column_writer.cc:103] Opened CFile writers for 4 column(s)
I0902 17:01:22.919253 16648 tablet.cc:1417] T 72aff43a768841bb91a3e3630747b057 P d28f0f3b8d0e429484dbeeb2d41b7d50: Flush: entering phase 2 (starting to duplicate updates in new rowsets)
I0902 17:01:22.919358 16648 tablet.cc:1472] T 72aff43a768841bb91a3e3630747b057 P d28f0f3b8d0e429484dbeeb2d41b7d50: Flush Phase 2: carrying over any updates which arrived during Phase 1
I0902 17:01:22.919373 16648 tablet.cc:1474] T 72aff43a768841bb91a3e3630747b057 P d28f0f3b8d0e429484dbeeb2d41b7d50: Phase 2 snapshot: MvccSnapshot[committed={T|T < 6161906413145841664}]
I0902 17:01:22.919742 16646 tablet.cc:1417] T 72aff43a768841bb91a3e3630747b057 P 475a466ec8b44f39bbf6b23f10ebe15b: Flush: entering phase 2 (starting to duplicate updates in new rowsets)
I0902 17:01:22.919746 16650 tablet.cc:1417] T bc88948776204095ba3e800689fff6f3 P 475a466ec8b44f39bbf6b23f10ebe15b: Flush: entering phase 2 (starting to duplicate updates in new rowsets)
I0902 17:01:22.919852 16650 tablet.cc:1472] T bc88948776204095ba3e800689fff6f3 P 475a466ec8b44f39bbf6b23f10ebe15b: Flush Phase 2: carrying over any updates which arrived during Phase 1
I0902 17:01:22.919867 16635 tablet.cc:1417] T 7ab6f1a0b8d2430c933828f8da2892f6 P 81b89e30bd3e45e39b3bd3eca9d5f7c5: Flush: entering phase 2 (starting to duplicate updates in new rowsets)
I0902 17:01:22.919852 16646 tablet.cc:1472] T 72aff43a768841bb91a3e3630747b057 P 475a466ec8b44f39bbf6b23f10ebe15b: Flush Phase 2: carrying over any updates which arrived during Phase 1
I0902 17:01:22.919879 16650 tablet.cc:1474] T bc88948776204095ba3e800689fff6f3 P 475a466ec8b44f39bbf6b23f10ebe15b: Phase 2 snapshot: MvccSnapshot[committed={T|T < 6161906413145837568}]
I0902 17:01:22.919888 16646 tablet.cc:1474] T 72aff43a768841bb91a3e3630747b057 P 475a466ec8b44f39bbf6b23f10ebe15b: Phase 2 snapshot: MvccSnapshot[committed={T|T < 6161906413145841664}]
I0902 17:01:22.919958 16635 tablet.cc:1472] T 7ab6f1a0b8d2430c933828f8da2892f6 P 81b89e30bd3e45e39b3bd3eca9d5f7c5: Flush Phase 2: carrying over any updates which arrived during Phase 1
I0902 17:01:22.919973 16635 tablet.cc:1474] T 7ab6f1a0b8d2430c933828f8da2892f6 P 81b89e30bd3e45e39b3bd3eca9d5f7c5: Phase 2 snapshot: MvccSnapshot[committed={T|T < 6161906413145677824}]
I0902 17:01:22.920843 16648 tablet.cc:1516] T 72aff43a768841bb91a3e3630747b057 P d28f0f3b8d0e429484dbeeb2d41b7d50: Flush successful on 4 rows (4790 bytes)
I0902 17:01:22.921393 16646 tablet.cc:1516] T 72aff43a768841bb91a3e3630747b057 P 475a466ec8b44f39bbf6b23f10ebe15b: Flush successful on 4 rows (4790 bytes)
I0902 17:01:22.921422 16650 tablet.cc:1516] T bc88948776204095ba3e800689fff6f3 P 475a466ec8b44f39bbf6b23f10ebe15b: Flush successful on 2 rows (4790 bytes)
I0902 17:01:22.922263 16635 tablet.cc:1516] T 7ab6f1a0b8d2430c933828f8da2892f6 P 81b89e30bd3e45e39b3bd3eca9d5f7c5: Flush successful on 6 rows (4790 bytes)
I0902 17:01:22.922384 16634 tablet.cc:1417] T bc88948776204095ba3e800689fff6f3 P d28f0f3b8d0e429484dbeeb2d41b7d50: Flush: entering phase 2 (starting to duplicate updates in new rowsets)
I0902 17:01:22.922523 16634 tablet.cc:1472] T bc88948776204095ba3e800689fff6f3 P d28f0f3b8d0e429484dbeeb2d41b7d50: Flush Phase 2: carrying over any updates which arrived during Phase 1
I0902 17:01:22.922564 16634 tablet.cc:1474] T bc88948776204095ba3e800689fff6f3 P d28f0f3b8d0e429484dbeeb2d41b7d50: Phase 2 snapshot: MvccSnapshot[committed={T|T < 6161906413145837568}]
I0902 17:01:22.923969 16634 tablet.cc:1516] T bc88948776204095ba3e800689fff6f3 P d28f0f3b8d0e429484dbeeb2d41b7d50: Flush successful on 2 rows (4790 bytes)
I0902 17:01:22.924986 16196 catalog_manager.cc:3728] T 00000000000000000000000000000000 P b004b3046b584f37925df45eda899ff0: test-table [id=b7f89f9ec9c0479b9fed277cd873ba0e] alter complete (version 15)
I0902 17:01:22.943249 16649 tablet.cc:1417] T 72aff43a768841bb91a3e3630747b057 P 81b89e30bd3e45e39b3bd3eca9d5f7c5: Flush: entering phase 2 (starting to duplicate updates in new rowsets)
I0902 17:01:22.943346 16649 tablet.cc:1472] T 72aff43a768841bb91a3e3630747b057 P 81b89e30bd3e45e39b3bd3eca9d5f7c5: Flush Phase 2: carrying over any updates which arrived during Phase 1
I0902 17:01:22.943361 16649 tablet.cc:1474] T 72aff43a768841bb91a3e3630747b057 P 81b89e30bd3e45e39b3bd3eca9d5f7c5: Phase 2 snapshot: MvccSnapshot[committed={T|T < 6161906413145841664}]
I0902 17:01:22.944735 16649 tablet.cc:1516] T 72aff43a768841bb91a3e3630747b057 P 81b89e30bd3e45e39b3bd3eca9d5f7c5: Flush successful on 4 rows (4790 bytes)
I0902 17:01:22.951491 16652 tablet.cc:1417] T bc88948776204095ba3e800689fff6f3 P 81b89e30bd3e45e39b3bd3eca9d5f7c5: Flush: entering phase 2 (starting to duplicate updates in new rowsets)
I0902 17:01:22.951599 16652 tablet.cc:1472] T bc88948776204095ba3e800689fff6f3 P 81b89e30bd3e45e39b3bd3eca9d5f7c5: Flush Phase 2: carrying over any updates which arrived during Phase 1
I0902 17:01:22.951620 16652 tablet.cc:1474] T bc88948776204095ba3e800689fff6f3 P 81b89e30bd3e45e39b3bd3eca9d5f7c5: Phase 2 snapshot: MvccSnapshot[committed={T|T < 6161906413145837568}]
I0902 17:01:22.956866 15056 alter_table-randomized-test.cc:114] Restarting TS 0
I0902 17:01:22.956917 15056 external_mini_cluster.cc:959] Killing /tmp/run_tha_testdnoRja/build/debug/bin/kudu-tserver with pid 15998
I0902 17:01:22.957751 16652 tablet.cc:1516] T bc88948776204095ba3e800689fff6f3 P 81b89e30bd3e45e39b3bd3eca9d5f7c5: Flush successful on 2 rows (4785 bytes)
W0902 17:01:22.962795 15061 connection.cc:511] client connection to 127.58.208.1:59914 recv error: Network error: failed to read from TLS socket: Connection reset by peer (error 104)
W0902 17:01:22.962879 16180 connection.cc:511] server connection from 127.58.208.1:60035 recv error: Network error: failed to read from TLS socket: Connection reset by peer (error 104)
W0902 17:01:22.962795 15504 connection.cc:511] client connection to 127.58.208.1:59914 recv error: Network error: failed to read from TLS socket: Connection reset by peer (error 104)
W0902 17:01:22.963112 16310 connection.cc:511] server connection from 127.58.208.1:36815 recv error: Network error: failed to read from TLS socket: Connection reset by peer (error 104)
W0902 17:01:22.963316 16183 connection.cc:511] client connection to 127.58.208.1:59914 recv error: Network error: failed to read from TLS socket: Connection reset by peer (error 104)
W0902 17:01:22.963351 16483 connection.cc:511] server connection from 127.58.208.1:49164 recv error: Network error: failed to read from TLS socket: Connection reset by peer (error 104)
W0902 17:01:22.963515 16310 connection.cc:511] client connection to 127.58.208.1:59914 recv error: Network error: failed to read from TLS socket: Connection reset by peer (error 104)
I0902 17:01:22.964066 15056 external_mini_cluster.cc:767] Running /tmp/run_tha_testdnoRja/build/debug/bin/kudu-tserver /tmp/run_tha_testdnoRja/build/debug/bin/kudu-tserver --fs_wal_dir=/tmp/run_tha_testdnoRja/test-tmp/alter_table-randomized-test.AlterTableRandomized.TestRandomSequence.1504371669910680-15056/minicluster-data/ts-0/wal --fs_data_dirs=/tmp/run_tha_testdnoRja/test-tmp/alter_table-randomized-test.AlterTableRandomized.TestRandomSequence.1504371669910680-15056/minicluster-data/ts-0/data --rpc_bind_addresses=127.58.208.1:59914 --local_ip_for_outbound_sockets=127.58.208.1 --webserver_port=43787 --webserver_interface=127.58.208.1 --tserver_master_addrs=127.58.208.254:35373 --never_fsync --ipki_server_key_size=1024 --enable_minidumps=false --redact=flag --metrics_log_interval_ms=1000 --logtostderr --logbuflevel=-1 --log_dir=/tmp/run_tha_testdnoRja/test-tmp/alter_table-randomized-test.AlterTableRandomized.TestRandomSequence.1504371669910680-15056/minicluster-data/ts-0/logs --server_dump_info_path=/tmp/run_tha_testdnoRja/test-tmp/alter_table-randomized-test.AlterTableRandomized.TestRandomSequence.1504371669910680-15056/minicluster-data/ts-0/data/info.pb --server_dump_info_format=pb --rpc_server_allow_ephemeral_ports --unlock_experimental_flags --unlock_unsafe_flags --log_container_preallocate_bytes=0 with env {} WARNING: Logging before InitGoogleLogging() is written to STDERR
W0902 17:01:23.010468 16658 flags.cc:395] Enabled unsafe flag: --rpc_server_allow_ephemeral_ports=true
W0902 17:01:23.010618 16658 flags.cc:395] Enabled unsafe flag: --never_fsync=true
W0902 17:01:23.011278 16658 flags.cc:395] Enabled experimental flag: --ipki_server_key_size=1024
W0902 17:01:23.011322 16658 flags.cc:395] Enabled experimental flag: --local_ip_for_outbound_sockets=127.58.208.1
I0902 17:01:23.012466 16658 tablet_server_main.cc:72] Tablet server non-default flags: --fs_data_dirs=/tmp/run_tha_testdnoRja/test-tmp/alter_table-randomized-test.AlterTableRandomized.TestRandomSequence.1504371669910680-15056/minicluster-data/ts-0/data --fs_wal_dir=/tmp/run_tha_testdnoRja/test-tmp/alter_table-randomized-test.AlterTableRandomized.TestRandomSequence.1504371669910680-15056/minicluster-data/ts-0/wal --log_container_preallocate_bytes=0 --ipki_server_key_size=1024 --rpc_bind_addresses=127.58.208.1:59914 --rpc_server_allow_ephemeral_ports=true --metrics_log_interval_ms=1000 --server_dump_info_format=pb --server_dump_info_path=/tmp/run_tha_testdnoRja/test-tmp/alter_table-randomized-test.AlterTableRandomized.TestRandomSequence.1504371669910680-15056/minicluster-data/ts-0/data/info.pb --webserver_interface=127.58.208.1 --webserver_port=43787 --tserver_master_addrs=127.58.208.254:35373 --never_fsync=true --heap_profile_path=/tmp/kudu-tserver.16658 --redact=flag --unlock_experimental_flags=true --unlock_unsafe_flags=true --enable_minidumps=false --local_ip_for_outbound_sockets=127.58.208.1 --log_dir=/tmp/run_tha_testdnoRja/test-tmp/alter_table-randomized-test.AlterTableRandomized.TestRandomSequence.1504371669910680-15056/minicluster-data/ts-0/logs --logbuflevel=-1 --logtostderr=true Tablet server version: kudu 1.6.0-SNAPSHOT revision 6e33286f595b7754377398ab85b18a953fabe7f9 build type DEBUG built by adar at 02 Sep 2017 09:50:52 PST on ve0518.halxg.cloudera.com
I0902 17:01:23.017421 16658 tablet_server_main.cc:79] Initializing tablet server...
I0902 17:01:23.018290 16658 system_ntp.cc:104] NTP initialized. Resolution in nanos?: 1 Skew PPM: 500 Current error: 1160513
I0902 17:01:23.031674 16658 fs_manager.cc:323] Time spent opening directory manager: real 0.012s user 0.004s sys 0.000s
I0902 17:01:23.031828 16658 env_posix.cc:1590] Not raising process file limit of 65536; it is already as high as it can go
I0902 17:01:23.031981 16658 file_cache.cc:469] Constructed file cache lbm with capacity 26214
I0902 17:01:23.050616 16658 fs_manager.cc:335] Time spent opening block manager: real 0.017s user 0.004s sys 0.000s
I0902 17:01:23.051192 16658 fs_manager.cc:348] Opened local filesystem: /tmp/run_tha_testdnoRja/test-tmp/alter_table-randomized-test.AlterTableRandomized.TestRandomSequence.1504371669910680-15056/minicluster-data/ts-0/data,/tmp/run_tha_testdnoRja/test-tmp/alter_table-randomized-test.AlterTableRandomized.TestRandomSequence.1504371669910680-15056/minicluster-data/ts-0/wal uuid: "d28f0f3b8d0e429484dbeeb2d41b7d50" format_stamp: "Formatted at 2017-09-02 17:01:10 on dist-test-slave-dist-test-slave-hk29"
I0902 17:01:23.051273 16658 fs_report.cc:347] Block manager report -------------------- 1 data directories: /tmp/run_tha_testdnoRja/test-tmp/alter_table-randomized-test.AlterTableRandomized.TestRandomSequence.1504371669910680-15056/minicluster-data/ts-0/data/data Total live blocks: 98 Total live bytes: 81542 Total live bytes (after alignment): 466944 Total number of LBM containers: 12 (0 full) Did not check for missing blocks Did not check for orphaned blocks Total full LBM containers with extra space: 0 (0 repaired) Total full LBM container extra space in bytes: 0 (0 repaired) Total incomplete LBM containers: 0 (0 repaired) Total LBM partial records: 0 (0 repaired)
I0902 17:01:23.076480 16479 maintenance_manager.cc:486] Time spent running UndoDeltaBlockGCOp(7ab6f1a0b8d2430c933828f8da2892f6): real 0.000s user 0.000s sys 0.000s
I0902 17:01:23.076588 16479 maintenance_manager.cc:492] P 81b89e30bd3e45e39b3bd3eca9d5f7c5: UndoDeltaBlockGCOp(7ab6f1a0b8d2430c933828f8da2892f6) metrics: {"cfile_init":1,"lbm_read_time_us":55,"lbm_reads_lt_1ms":4}
I0902 17:01:23.077025 16479 maintenance_manager.cc:486] Time spent running UndoDeltaBlockGCOp(72aff43a768841bb91a3e3630747b057): real 0.000s user 0.000s sys 0.000s
I0902 17:01:23.077087 16479 maintenance_manager.cc:492] P 81b89e30bd3e45e39b3bd3eca9d5f7c5: UndoDeltaBlockGCOp(72aff43a768841bb91a3e3630747b057) metrics: {"cfile_init":1,"lbm_read_time_us":39,"lbm_reads_lt_1ms":4}
I0902 17:01:23.077414 16479 maintenance_manager.cc:486] Time spent running UndoDeltaBlockGCOp(bc88948776204095ba3e800689fff6f3): real 0.000s user 0.000s sys 0.000s
I0902 17:01:23.077467 16479 maintenance_manager.cc:492] P 81b89e30bd3e45e39b3bd3eca9d5f7c5: UndoDeltaBlockGCOp(bc88948776204095ba3e800689fff6f3) metrics: {"cfile_init":1,"lbm_read_time_us":29,"lbm_reads_lt_1ms":4}
I0902 17:01:23.093781 16658 ts_tablet_manager.cc:199] Loading tablet metadata (0/3 complete)
I0902 17:01:23.093806 16658 ts_tablet_manager.cc:770] T 72aff43a768841bb91a3e3630747b057 P d28f0f3b8d0e429484dbeeb2d41b7d50: Loading tablet metadata
I0902 17:01:23.096679 16658 ts_tablet_manager.cc:770] T 7ab6f1a0b8d2430c933828f8da2892f6 P d28f0f3b8d0e429484dbeeb2d41b7d50: Loading tablet metadata
I0902 17:01:23.097251 16658 ts_tablet_manager.cc:770] T bc88948776204095ba3e800689fff6f3 P d28f0f3b8d0e429484dbeeb2d41b7d50: Loading tablet metadata
I0902 17:01:23.097702 16658 ts_tablet_manager.cc:211] Loaded tablet metadata (3 live tablets)
I0902 17:01:23.098870 16658 ts_tablet_manager.cc:943] T 72aff43a768841bb91a3e3630747b057 P d28f0f3b8d0e429484dbeeb2d41b7d50: Registered tablet (data state: TABLET_DATA_READY)
I0902 17:01:23.099174 16673 ts_tablet_manager.cc:793] T 72aff43a768841bb91a3e3630747b057 P d28f0f3b8d0e429484dbeeb2d41b7d50: Bootstrapping tablet
I0902 17:01:23.099371 16673 tablet_bootstrap.cc:433] T 72aff43a768841bb91a3e3630747b057 P d28f0f3b8d0e429484dbeeb2d41b7d50: Bootstrap starting.
I0902 17:01:23.099452 16658 ts_tablet_manager.cc:943] T 7ab6f1a0b8d2430c933828f8da2892f6 P d28f0f3b8d0e429484dbeeb2d41b7d50: Registered tablet (data state: TABLET_DATA_READY)
I0902 17:01:23.099738 16658 ts_tablet_manager.cc:943] T bc88948776204095ba3e800689fff6f3 P d28f0f3b8d0e429484dbeeb2d41b7d50: Registered tablet (data state: TABLET_DATA_READY)
I0902 17:01:23.099908 16658 tablet_server_main.cc:84] Starting tablet server...
I0902 17:01:23.103514 16304 maintenance_manager.cc:486] Time spent running UndoDeltaBlockGCOp(7ab6f1a0b8d2430c933828f8da2892f6): real 0.000s user 0.000s sys 0.000s
I0902 17:01:23.103621 16304 maintenance_manager.cc:492] P 475a466ec8b44f39bbf6b23f10ebe15b: UndoDeltaBlockGCOp(7ab6f1a0b8d2430c933828f8da2892f6) metrics: {"cfile_init":1,"lbm_read_time_us":68,"lbm_reads_lt_1ms":4}
I0902 17:01:23.104179 16304 maintenance_manager.cc:486] Time spent running UndoDeltaBlockGCOp(72aff43a768841bb91a3e3630747b057): real 0.000s user 0.000s sys 0.000s
I0902 17:01:23.104248 16304 maintenance_manager.cc:492] P 475a466ec8b44f39bbf6b23f10ebe15b: UndoDeltaBlockGCOp(72aff43a768841bb91a3e3630747b057) metrics: {"cfile_init":1,"lbm_read_time_us":42,"lbm_reads_lt_1ms":4}
I0902 17:01:23.104660 16304 maintenance_manager.cc:486] Time spent running UndoDeltaBlockGCOp(bc88948776204095ba3e800689fff6f3): real 0.000s user 0.000s sys 0.000s
I0902 17:01:23.104717 16304 maintenance_manager.cc:492] P 475a466ec8b44f39bbf6b23f10ebe15b: UndoDeltaBlockGCOp(bc88948776204095ba3e800689fff6f3) metrics: {"cfile_init":1,"lbm_read_time_us":43,"lbm_reads_lt_1ms":4}
I0902 17:01:23.114724 16673 log.cc:518] T 72aff43a768841bb91a3e3630747b057 P d28f0f3b8d0e429484dbeeb2d41b7d50: Log is configured to *not* fsync() on all Append() calls
I0902 17:01:23.116808 16673 tablet.cc:1115] T 72aff43a768841bb91a3e3630747b057 P d28f0f3b8d0e429484dbeeb2d41b7d50: Alter schema from Schema [ 10:c564[int32 NOT NULL], 17:c875[int32 NULLABLE], 18:c335[int32 NOT NULL] ] version 0 to Schema [ 10:c564[int32 NOT NULL], 17:c875[int32 NULLABLE], 18:c335[int32 NOT NULL] ] version 12
I0902 17:01:23.116900 16673 tablet_metadata.cc:508] Not flushing: waiting for 1 pins to be released.
I0902 17:01:23.117247 16673 tablet.cc:1110] T 72aff43a768841bb91a3e3630747b057 P d28f0f3b8d0e429484dbeeb2d41b7d50: Already running schema version 12 got alter request for version 12
I0902 17:01:23.117552 16673 tablet.cc:1110] T 72aff43a768841bb91a3e3630747b057 P d28f0f3b8d0e429484dbeeb2d41b7d50: Already running schema version 12 got alter request for version 12
I0902 17:01:23.119278 16673 tablet.cc:1115] T 72aff43a768841bb91a3e3630747b057 P d28f0f3b8d0e429484dbeeb2d41b7d50: Alter schema from Schema [ 10:c564[int32 NOT NULL], 17:c875[int32 NULLABLE], 18:c335[int32 NOT NULL] ] version 12 to Schema [ 10:c564[int32 NOT NULL], 18:c908[int32 NOT NULL], 21:c876[int32 NOT NULL] ] version 13
I0902 17:01:23.119608 16673 tablet.cc:1058] T 72aff43a768841bb91a3e3630747b057 P d28f0f3b8d0e429484dbeeb2d41b7d50: MemRowSet was empty: no flush needed.
I0902 17:01:23.119729 16673 tablet_metadata.cc:508] Not flushing: waiting for 1 pins to be released.
I0902 17:01:23.123122 16673 tablet.cc:1115] T 72aff43a768841bb91a3e3630747b057 P d28f0f3b8d0e429484dbeeb2d41b7d50: Alter schema from Schema [ 10:c564[int32 NOT NULL], 18:c908[int32 NOT NULL], 21:c876[int32 NOT NULL] ] version 13 to Schema [ 10:c602[int32 NOT NULL], 18:c908[int32 NOT NULL], 21:c190[int32 NOT NULL], 22:c50[int32 NOT NULL] ] version 14
I0902 17:01:23.123301 16673 tablet.cc:1058] T 72aff43a768841bb91a3e3630747b057 P d28f0f3b8d0e429484dbeeb2d41b7d50: MemRowSet was empty: no flush needed.
I0902 17:01:23.123330 16673 tablet_metadata.cc:508] Not flushing: waiting for 1 pins to be released.
I0902 17:01:23.128545 16673 tablet.cc:1115] T 72aff43a768841bb91a3e3630747b057 P d28f0f3b8d0e429484dbeeb2d41b7d50: Alter schema from Schema [ 10:c602[int32 NOT NULL], 18:c908[int32 NOT NULL], 21:c190[int32 NOT NULL], 22:c50[int32 NOT NULL] ] version 14 to Schema [ 10:c189[int32 NOT NULL], 18:c908[int32 NOT NULL], 21:c190[int32 NOT NULL], 22:c50[int32 NOT NULL] ] version 15
I0902 17:01:23.128721 16673 tablet.cc:1058] T 72aff43a768841bb91a3e3630747b057 P d28f0f3b8d0e429484dbeeb2d41b7d50: MemRowSet was empty: no flush needed.
I0902 17:01:23.128748 16673 tablet_metadata.cc:508] Not flushing: waiting for 1 pins to be released.
I0902 17:01:23.128952 16673 tablet_bootstrap.cc:433] T 72aff43a768841bb91a3e3630747b057 P d28f0f3b8d0e429484dbeeb2d41b7d50: Bootstrap replayed 1/1 log segments. Stats: ops{read=29 overwritten=0 applied=29 ignored=17} inserts{seen=0 ignored=0} mutations{seen=3 ignored=0} orphaned_commits=0. Pending: 0 replicates
I0902 17:01:23.129204 16673 tablet_bootstrap.cc:433] T 72aff43a768841bb91a3e3630747b057 P d28f0f3b8d0e429484dbeeb2d41b7d50: Bootstrap complete.
I0902 17:01:23.132923 16673 ts_tablet_manager.cc:818] T 72aff43a768841bb91a3e3630747b057 P d28f0f3b8d0e429484dbeeb2d41b7d50: Time spent bootstrapping tablet: real 0.034s user 0.032s sys 0.000s
I0902 17:01:23.134234 16673 raft_consensus.cc:287] T 72aff43a768841bb91a3e3630747b057 P d28f0f3b8d0e429484dbeeb2d41b7d50 [term 3 FOLLOWER]: Replica starting. Triggering 0 pending transactions. Active config: opid_index: -1 OBSOLETE_local: false peers { permanent_uuid: "475a466ec8b44f39bbf6b23f10ebe15b" member_type: VOTER last_known_addr { host: "127.58.208.2" port: 43231 } } peers { permanent_uuid: "81b89e30bd3e45e39b3bd3eca9d5f7c5" member_type: VOTER last_known_addr { host: "127.58.208.3" port: 42179 } } peers { permanent_uuid: "d28f0f3b8d0e429484dbeeb2d41b7d50" member_type: VOTER last_known_addr { host: "127.58.208.1" port: 59914 } }
I0902 17:01:23.134507 16673 raft_consensus.cc:576] T 72aff43a768841bb91a3e3630747b057 P d28f0f3b8d0e429484dbeeb2d41b7d50 [term 3 FOLLOWER]: Becoming Follower/Learner. State: Replica: d28f0f3b8d0e429484dbeeb2d41b7d50, State: Initialized, Role: FOLLOWER
I0902 17:01:23.134587 16673 consensus_queue.cc:190] T 72aff43a768841bb91a3e3630747b057 P d28f0f3b8d0e429484dbeeb2d41b7d50 [NON_LEADER]: Queue going to NON_LEADER mode. State: All replicated index: 0, Majority replicated index: 0, Committed index: 29, Last appended: 3.29, Last appended by leader: 29, Current term: 0, Majority size: -1, State: 0, Mode: NON_LEADER
I0902 17:01:23.134866 16752 ts_tablet_manager.cc:981] T 72aff43a768841bb91a3e3630747b057 P d28f0f3b8d0e429484dbeeb2d41b7d50: Marking dirty. Reason: RaftConsensus started. Will report this tablet to the Master in the next heartbeat
I0902 17:01:23.135224 16673 ts_tablet_manager.cc:846] T 72aff43a768841bb91a3e3630747b057 P d28f0f3b8d0e429484dbeeb2d41b7d50: Time spent starting tablet: real 0.002s user 0.000s sys 0.000s
I0902 17:01:23.135360 16673 ts_tablet_manager.cc:793] T 7ab6f1a0b8d2430c933828f8da2892f6 P d28f0f3b8d0e429484dbeeb2d41b7d50: Bootstrapping tablet
I0902 17:01:23.135421 16673 tablet_bootstrap.cc:433] T 7ab6f1a0b8d2430c933828f8da2892f6 P d28f0f3b8d0e429484dbeeb2d41b7d50: Bootstrap starting.
I0902 17:01:23.137405 16658 rpc_server.cc:192] RPC server started. Bound to: 127.58.208.1:59914
I0902 17:01:23.137673 16658 webserver.cc:149] Starting webserver on 127.58.208.1:43787
I0902 17:01:23.137686 16658 webserver.cc:160] Document root disabled
I0902 17:01:23.138036 16658 webserver.cc:282] Webserver started. Bound to: http://127.58.208.1:43787/
I0902 17:01:23.138413 16658 server_base.cc:372] Dumped server information to /tmp/run_tha_testdnoRja/test-tmp/alter_table-randomized-test.AlterTableRandomized.TestRandomSequence.1504371669910680-15056/minicluster-data/ts-0/data/info.pb
I0902 17:01:23.138885 16658 tablet_server_main.cc:87] Tablet server successfully started.
I0902 17:01:23.139855 16782 process_memory.cc:181] Process hard memory limit is 11.777661 GB
I0902 17:01:23.139870 16782 process_memory.cc:183] Process soft memory limit is 9.422129 GB
I0902 17:01:23.139875 16782 process_memory.cc:186] Process memory pressure threshold is 7.066597 GB
I0902 17:01:23.140360 16663 tablet.cc:1546] T 72aff43a768841bb91a3e3630747b057 P d28f0f3b8d0e429484dbeeb2d41b7d50: Compaction: stage 1 complete, picked 3 rowsets to compact
I0902 17:01:23.140385 16663 compaction.cc:902] Selected 3 rowsets to compact:
I0902 17:01:23.140401 16663 compaction.cc:905] RowSet(0)(current size on disk: ~4805 bytes)
I0902 17:01:23.140408 16663 compaction.cc:905] RowSet(1)(current size on disk: ~5385 bytes)
I0902 17:01:23.140413 16663 compaction.cc:905] RowSet(2)(current size on disk: ~4987 bytes)
I0902 17:01:23.140444 16663 tablet.cc:1332] T 72aff43a768841bb91a3e3630747b057 P d28f0f3b8d0e429484dbeeb2d41b7d50: Compaction: entering phase 1 (flushing snapshot). Phase 1 snapshot: MvccSnapshot[committed={T|T < 6161906413145841664}]
I0902 17:01:23.142387 16663 multi_column_writer.cc:103] Opened CFile writers for 4 column(s)
I0902 17:01:23.146157 16781 heartbeater.cc:317] Connected to a master server at 127.58.208.254:35373
I0902 17:01:23.146265 16781 heartbeater.cc:387] Registering TS with master...
I0902 17:01:23.146594 16781 heartbeater.cc:414] Master 127.58.208.254:35373 requested a full tablet report, sending...
I0902 17:01:23.147658 16197 ts_manager.cc:87] Re-registered known tserver with Master: d28f0f3b8d0e429484dbeeb2d41b7d50 (127.58.208.1:59914)
I0902 17:01:23.147730 15056 external_mini_cluster.cc:829] Started /tmp/run_tha_testdnoRja/build/debug/bin/kudu-tserver as pid 16658
I0902 17:01:23.148892 16197 master_service.cc:203] Signed X509 certificate for tserver {username='slave'} at 127.58.208.1:53195
I0902 17:01:23.153899 16663 tablet.cc:1417] T 72aff43a768841bb91a3e3630747b057 P d28f0f3b8d0e429484dbeeb2d41b7d50: Compaction: entering phase 2 (starting to duplicate updates in new rowsets)
I0902 17:01:23.154042 16663 tablet.cc:1472] T 72aff43a768841bb91a3e3630747b057 P d28f0f3b8d0e429484dbeeb2d41b7d50: Compaction Phase 2: carrying over any updates which arrived during Phase 1
I0902 17:01:23.154060 16663 tablet.cc:1474] T 72aff43a768841bb91a3e3630747b057 P d28f0f3b8d0e429484dbeeb2d41b7d50: Phase 2 snapshot: MvccSnapshot[committed={T|T < 6161906413145841664}]
I0902 17:01:23.154264 16673 tablet.cc:1115] T 7ab6f1a0b8d2430c933828f8da2892f6 P d28f0f3b8d0e429484dbeeb2d41b7d50: Alter schema from Schema [ 10:key[int32 NOT NULL], 17:c124[int32 NULLABLE] ] version 0 to Schema [ 10:key[int32 NOT NULL], 17:c124[int32 NULLABLE] ] version 7
I0902 17:01:23.154337 16673 tablet_metadata.cc:508] Not flushing: waiting for 1 pins to be released.
I0902 17:01:23.156090 16673 tablet.cc:1115] T 7ab6f1a0b8d2430c933828f8da2892f6 P d28f0f3b8d0e429484dbeeb2d41b7d50: Alter schema from Schema [ 10:key[int32 NOT NULL], 17:c124[int32 NULLABLE] ] version 7 to Schema [ 10:c436[int32 NOT NULL], 17:c124[int32 NULLABLE] ] version 8
I0902 17:01:23.156293 16673 tablet.cc:1058] T 7ab6f1a0b8d2430c933828f8da2892f6 P d28f0f3b8d0e429484dbeeb2d41b7d50: MemRowSet was empty: no flush needed.
I0902 17:01:23.156323 16673 tablet_metadata.cc:508] Not flushing: waiting for 1 pins to be released.
I0902 17:01:23.157444 16663 tablet.cc:1516] T 72aff43a768841bb91a3e3630747b057 P d28f0f3b8d0e429484dbeeb2d41b7d50: Compaction successful on 14 rows (4919 bytes)
I0902 17:01:23.158087 16663 maintenance_manager.cc:486] Time spent running CompactRowSetsOp(72aff43a768841bb91a3e3630747b057): real 0.018s user 0.012s sys 0.000s
I0902 17:01:23.158673 16663 maintenance_manager.cc:492] P d28f0f3b8d0e429484dbeeb2d41b7d50: CompactRowSetsOp(72aff43a768841bb91a3e3630747b057) metrics: {"cfile_cache_hit":20,"cfile_cache_hit_bytes":692,"cfile_cache_miss":40,"cfile_cache_miss_bytes":2286,"cfile_init":12,"data dir 0.queue_time_us":379,"data dir 0.run_cpu_time_us":129,"data dir 0.run_wall_time_us":493,"delta_iterators_relevant":8,"lbm_read_time_us":690,"lbm_reads_lt_1ms":88,"lbm_write_time_us":899,"lbm_writes_lt_1ms":29,"spinlock_wait_cycles":1408}
I0902 17:01:23.159353 16663 maintenance_manager.cc:486] Time spent running UndoDeltaBlockGCOp(72aff43a768841bb91a3e3630747b057): real 0.000s user 0.000s sys 0.000s
I0902 17:01:23.159441 16663 maintenance_manager.cc:492] P d28f0f3b8d0e429484dbeeb2d41b7d50: UndoDeltaBlockGCOp(72aff43a768841bb91a3e3630747b057) metrics: {"cfile_init":1,"lbm_read_time_us":39,"lbm_reads_lt_1ms":4}
I0902 17:01:23.162925 16673 tablet.cc:1115] T 7ab6f1a0b8d2430c933828f8da2892f6 P d28f0f3b8d0e429484dbeeb2d41b7d50: Alter schema from Schema [ 10:c436[int32 NOT NULL], 17:c124[int32 NULLABLE] ] version 8 to Schema [ 10:c564[int32 NOT NULL], 17:c875[int32 NULLABLE] ] version 9
I0902 17:01:23.163100 16673 tablet.cc:1058] T 7ab6f1a0b8d2430c933828f8da2892f6 P d28f0f3b8d0e429484dbeeb2d41b7d50: MemRowSet was empty: no flush needed.
I0902 17:01:23.163125 16673 tablet_metadata.cc:508] Not flushing: waiting for 1 pins to be released.
I0902 17:01:23.165292 16673 tablet.cc:1115] T 7ab6f1a0b8d2430c933828f8da2892f6 P d28f0f3b8d0e429484dbeeb2d41b7d50: Alter schema from Schema [ 10:c564[int32 NOT NULL], 17:c875[int32 NULLABLE] ] version 9 to Schema [ 10:c564[int32 NOT NULL], 17:c875[int32 NULLABLE], 18:c335[int32 NOT NULL] ] version 10
I0902 17:01:23.165475 16673 tablet.cc:1058] T 7ab6f1a0b8d2430c933828f8da2892f6 P d28f0f3b8d0e429484dbeeb2d41b7d50: MemRowSet was empty: no flush needed.
I0902 17:01:23.165508 16673 tablet_metadata.cc:508] Not flushing: waiting for 1 pins to be released.
I0902 17:01:23.177060 16673 tablet.cc:1115] T 7ab6f1a0b8d2430c933828f8da2892f6 P d28f0f3b8d0e429484dbeeb2d41b7d50: Alter schema from Schema [ 10:c564[int32 NOT NULL], 17:c875[int32 NULLABLE], 18:c335[int32 NOT NULL] ] version 10 to Schema [ 10:c564[int32 NOT NULL], 17:c875[int32 NULLABLE], 18:c335[int32 NOT NULL], 19:c187[int32 NULLABLE], 20:c950[int32 NULLABLE] ] version 11
I0902 17:01:23.177237 16673 tablet.cc:1058] T 7ab6f1a0b8d2430c933828f8da2892f6 P d28f0f3b8d0e429484dbeeb2d41b7d50: MemRowSet was empty: no flush needed.
I0902 17:01:23.177263 16673 tablet_metadata.cc:508] Not flushing: waiting for 1 pins to be released.
I0902 17:01:23.188913 16673 tablet.cc:1115] T 7ab6f1a0b8d2430c933828f8da2892f6 P d28f0f3b8d0e429484dbeeb2d41b7d50: Alter schema from Schema [ 10:c564[int32 NOT NULL], 17:c875[int32 NULLABLE], 18:c335[int32 NOT NULL], 19:c187[int32 NULLABLE], 20:c950[int32 NULLABLE] ] version 11 to Schema [ 10:c564[int32 NOT NULL], 17:c875[int32 NULLABLE], 18:c335[int32 NOT NULL] ] version 12
I0902 17:01:23.189085 16673 tablet.cc:1058] T 7ab6f1a0b8d2430c933828f8da2892f6 P d28f0f3b8d0e429484dbeeb2d41b7d50: MemRowSet was empty: no flush needed.
I0902 17:01:23.189112 16673 tablet_metadata.cc:508] Not flushing: waiting for 1 pins to be released.
I0902 17:01:23.192832 16673 tablet.cc:1115] T 7ab6f1a0b8d2430c933828f8da2892f6 P d28f0f3b8d0e429484dbeeb2d41b7d50: Alter schema from Schema [ 10:c564[int32 NOT NULL], 17:c875[int32 NULLABLE], 18:c335[int32 NOT NULL] ] version 12 to Schema [ 10:c564[int32 NOT NULL], 18:c908[int32 NOT NULL], 21:c876[int32 NOT NULL] ] version 13
I0902 17:01:23.193003 16673 tablet.cc:1058] T 7ab6f1a0b8d2430c933828f8da2892f6 P d28f0f3b8d0e429484dbeeb2d41b7d50: MemRowSet was empty: no flush needed.
I0902 17:01:23.193028 16673 tablet_metadata.cc:508] Not flushing: waiting for 1 pins to be released.
I0902 17:01:23.199051 16673 tablet.cc:1115] T 7ab6f1a0b8d2430c933828f8da2892f6 P d28f0f3b8d0e429484dbeeb2d41b7d50: Alter schema from Schema [ 10:c564[int32 NOT NULL], 18:c908[int32 NOT NULL], 21:c876[int32 NOT NULL] ] version 13 to Schema [ 10:c602[int32 NOT NULL], 18:c908[int32 NOT NULL], 21:c190[int32 NOT NULL], 22:c50[int32 NOT NULL] ] version 14
I0902 17:01:23.199235 16673 tablet.cc:1058] T 7ab6f1a0b8d2430c933828f8da2892f6 P d28f0f3b8d0e429484dbeeb2d41b7d50: MemRowSet was empty: no flush needed.
I0902 17:01:23.199267 16673 tablet_metadata.cc:508] Not flushing: waiting for 1 pins to be released.
I0902 17:01:23.204622 16673 tablet.cc:1115] T 7ab6f1a0b8d2430c933828f8da2892f6 P d28f0f3b8d0e429484dbeeb2d41b7d50: Alter schema from Schema [ 10:c602[int32 NOT NULL], 18:c908[int32 NOT NULL], 21:c190[int32 NOT NULL], 22:c50[int32 NOT NULL] ] version 14 to Schema [ 10:c189[int32 NOT NULL], 18:c908[int32 NOT NULL], 21:c190[int32 NOT NULL], 22:c50[int32 NOT NULL] ] version 15
I0902 17:01:23.204792 16673 tablet.cc:1058] T 7ab6f1a0b8d2430c933828f8da2892f6 P d28f0f3b8d0e429484dbeeb2d41b7d50: MemRowSet was empty: no flush needed.
