I0902 17:01:25.216192 16356 ts_tablet_manager.cc:1097] T 3eb08c0df9474052acfe30a60cf791a1 P 475a466ec8b44f39bbf6b23f10ebe15b: Deleting tablet data with delete state TABLET_DATA_DELETED
I0902 17:01:25.216600 16807 catalog_manager.cc:3143] TS d28f0f3b8d0e429484dbeeb2d41b7d50 (127.58.208.1:59914): tablet 3eb08c0df9474052acfe30a60cf791a1 (table test-table [id=b7f89f9ec9c0479b9fed277cd873ba0e]) successfully deleted
I0902 17:01:25.217628 16357 raft_consensus.cc:1834] T 72aff43a768841bb91a3e3630747b057 P 475a466ec8b44f39bbf6b23f10ebe15b [term 3 FOLLOWER]: Raft consensus is shut down!
I0902 17:01:25.218252 16356 ts_tablet_manager.cc:1110] T 3eb08c0df9474052acfe30a60cf791a1 P 475a466ec8b44f39bbf6b23f10ebe15b: tablet deleted: last-logged OpId: 1.17
I0902 17:01:25.218296 16357 ts_tablet_manager.cc:1097] T 72aff43a768841bb91a3e3630747b057 P 475a466ec8b44f39bbf6b23f10ebe15b: Deleting tablet data with delete state TABLET_DATA_DELETED
I0902 17:01:25.218318 16356 log.cc:960] T 3eb08c0df9474052acfe30a60cf791a1 P 475a466ec8b44f39bbf6b23f10ebe15b: Deleting WAL directory at /tmp/run_tha_testdnoRja/test-tmp/alter_table-randomized-test.AlterTableRandomized.TestRandomSequence.1504371669910680-15056/minicluster-data/ts-1/wal/wals/3eb08c0df9474052acfe30a60cf791a1
I0902 17:01:25.218552 16356 ts_tablet_manager.cc:1128] T 3eb08c0df9474052acfe30a60cf791a1 P 475a466ec8b44f39bbf6b23f10ebe15b: Deleting consensus metadata
I0902 17:01:25.218703 16716 ts_tablet_manager.cc:1110] T 72aff43a768841bb91a3e3630747b057 P d28f0f3b8d0e429484dbeeb2d41b7d50: tablet deleted: last-logged OpId: 3.92
I0902 17:01:25.218740 16716 log.cc:960] T 72aff43a768841bb91a3e3630747b057 P d28f0f3b8d0e429484dbeeb2d41b7d50: Deleting WAL directory at /tmp/run_tha_testdnoRja/test-tmp/alter_table-randomized-test.AlterTableRandomized.TestRandomSequence.1504371669910680-15056/minicluster-data/ts-0/wal/wals/72aff43a768841bb91a3e3630747b057
I0902 17:01:25.219025 16716 ts_tablet_manager.cc:1128] T 72aff43a768841bb91a3e3630747b057 P d28f0f3b8d0e429484dbeeb2d41b7d50: Deleting consensus metadata
I0902 17:01:25.219504 16533 ts_tablet_manager.cc:1110] T 3eb08c0df9474052acfe30a60cf791a1 P 81b89e30bd3e45e39b3bd3eca9d5f7c5: tablet deleted: last-logged OpId: 1.17
I0902 17:01:25.219554 16533 log.cc:960] T 3eb08c0df9474052acfe30a60cf791a1 P 81b89e30bd3e45e39b3bd3eca9d5f7c5: Deleting WAL directory at /tmp/run_tha_testdnoRja/test-tmp/alter_table-randomized-test.AlterTableRandomized.TestRandomSequence.1504371669910680-15056/minicluster-data/ts-2/wal/wals/3eb08c0df9474052acfe30a60cf791a1
I0902 17:01:25.219629 16807 catalog_manager.cc:3143] TS d28f0f3b8d0e429484dbeeb2d41b7d50 (127.58.208.1:59914): tablet 72aff43a768841bb91a3e3630747b057 (table test-table [id=b7f89f9ec9c0479b9fed277cd873ba0e]) successfully deleted
I0902 17:01:25.219754 16533 ts_tablet_manager.cc:1128] T 3eb08c0df9474052acfe30a60cf791a1 P 81b89e30bd3e45e39b3bd3eca9d5f7c5: Deleting consensus metadata
I0902 17:01:25.220810 16806 catalog_manager.cc:3143] TS 475a466ec8b44f39bbf6b23f10ebe15b (127.58.208.2:43231): tablet 3eb08c0df9474052acfe30a60cf791a1 (table test-table [id=b7f89f9ec9c0479b9fed277cd873ba0e]) successfully deleted
I0902 17:01:25.221441 16357 ts_tablet_manager.cc:1110] T 72aff43a768841bb91a3e3630747b057 P 475a466ec8b44f39bbf6b23f10ebe15b: tablet deleted: last-logged OpId: 3.92
I0902 17:01:25.221503 16357 log.cc:960] T 72aff43a768841bb91a3e3630747b057 P 475a466ec8b44f39bbf6b23f10ebe15b: Deleting WAL directory at /tmp/run_tha_testdnoRja/test-tmp/alter_table-randomized-test.AlterTableRandomized.TestRandomSequence.1504371669910680-15056/minicluster-data/ts-1/wal/wals/72aff43a768841bb91a3e3630747b057
I0902 17:01:25.221732 16357 ts_tablet_manager.cc:1128] T 72aff43a768841bb91a3e3630747b057 P 475a466ec8b44f39bbf6b23f10ebe15b: Deleting consensus metadata
I0902 17:01:25.222043 16806 catalog_manager.cc:3143] TS 81b89e30bd3e45e39b3bd3eca9d5f7c5 (127.58.208.3:42179): tablet 3eb08c0df9474052acfe30a60cf791a1 (table test-table [id=b7f89f9ec9c0479b9fed277cd873ba0e]) successfully deleted
I0902 17:01:25.222419 16806 catalog_manager.cc:3143] TS 475a466ec8b44f39bbf6b23f10ebe15b (127.58.208.2:43231): tablet 72aff43a768841bb91a3e3630747b057 (table test-table [id=b7f89f9ec9c0479b9fed277cd873ba0e]) successfully deleted
I0902 17:01:25.224001 16532 ts_tablet_manager.cc:1110] T 72aff43a768841bb91a3e3630747b057 P 81b89e30bd3e45e39b3bd3eca9d5f7c5: tablet deleted: last-logged OpId: 3.92
I0902 17:01:25.224036 16532 log.cc:960] T 72aff43a768841bb91a3e3630747b057 P 81b89e30bd3e45e39b3bd3eca9d5f7c5: Deleting WAL directory at /tmp/run_tha_testdnoRja/test-tmp/alter_table-randomized-test.AlterTableRandomized.TestRandomSequence.1504371669910680-15056/minicluster-data/ts-2/wal/wals/72aff43a768841bb91a3e3630747b057
I0902 17:01:25.224233 16532 ts_tablet_manager.cc:1128] T 72aff43a768841bb91a3e3630747b057 P 81b89e30bd3e45e39b3bd3eca9d5f7c5: Deleting consensus metadata
I0902 17:01:25.224855 16806 catalog_manager.cc:3143] TS 81b89e30bd3e45e39b3bd3eca9d5f7c5 (127.58.208.3:42179): tablet 72aff43a768841bb91a3e3630747b057 (table test-table [id=b7f89f9ec9c0479b9fed277cd873ba0e]) successfully deleted
I0902 17:01:25.309223 15056 alter_table-randomized-test.cc:436] Beginning Alterations
I0902 17:01:25.309975 15056 alter_table-randomized-test.cc:511] Renaming PrimaryKey column c613 to c449
I0902 17:01:25.310034 15056 alter_table-randomized-test.cc:550] Adding range partition: [939524082, 1006632945) resulting partitions: (939524082, 1006632945], (1677721575, 1744830438], (1879048164, 1946157027)
I0902 17:01:25.310062 15056 alter_table-randomized-test.cc:537] Changing encoding of column c527 to 1
I0902 17:01:25.310070 15056 alter_table-randomized-test.cc:522] Changing default of column c190 to 282030141
I0902 17:01:25.310075 15056 alter_table-randomized-test.cc:495] Dropping column c527, existing columns: c449, c190, c527
I0902 17:01:25.310101 15056 alter_table-randomized-test.cc:532] Changing compression of column c190 to 3
I0902 17:01:25.310123 15056 alter_table-randomized-test.cc:582] Dropping range partition: [1677721575, 1744830438) resulting partitions: (939524082, 1006632945], (1879048164, 1946157027)
I0902 17:01:25.310140 15056 alter_table-randomized-test.cc:474] Adding column c826, existing columns: c449, c190
I0902 17:01:25.310160 15056 alter_table-randomized-test.cc:504] Renaming column c826 to c741
I0902 17:01:25.310173 15056 alter_table-randomized-test.cc:468] Committing Alterations
I0902 17:01:25.310900 16822 catalog_manager.cc:1946] Servicing AlterTable request from {username='slave'} at 127.0.0.1:43648: table { table_name: "test-table" } alter_schema_steps { type: RENAME_COLUMN rename_column { old_name: "c613" new_name: "c449" } } alter_schema_steps { type: ADD_RANGE_PARTITION add_range_partition { range_bounds { rows: "\010\001\361\377\3777\t\001\360\377\377;" } } } alter_schema_steps { type: ALTER_COLUMN alter_column { delta { name: "c527" encoding: PLAIN_ENCODING } } } alter_schema_steps { type: ALTER_COLUMN alter_column { delta { name: "c190" default_value: "=p\317\020\000\000\000\000" } } } alter_schema_steps { type: DROP_COLUMN drop_column { name: "c527" } } alter_schema_steps { type: ALTER_COLUMN alter_column { delta { name: "c190" compression: LZ4 } } } alter_schema_steps { type: DROP_RANGE_PARTITION drop_range_partition { range_bounds { rows: "\006\001\347\377\377c\007\001\346\377\377g" } } } alter_schema_steps { type: ADD_COLUMN add_column { schema { name: "c826" type: INT32 is_nullable: false read_default_value: "?D\035\024" encoding: AUTO_ENCODING compression: DEFAULT_COMPRESSION cfile_block_size: 0 } } } alter_schema_steps { type: RENAME_COLUMN rename_column { old_name: "c826" new_name: "c741" } } schema { columns { name: "c613" type: INT32 is_key: true is_nullable: false encoding: AUTO_ENCODING compression: DEFAULT_COMPRESSION cfile_block_size: 0 } columns { name: "c190" type: INT32 is_key: false is_nullable: false read_default_value: "4[\\1" encoding: AUTO_ENCODING compression: DEFAULT_COMPRESSION cfile_block_size: 0 } columns { name: "c527" type: INT32 is_key: false is_nullable: false read_default_value: "\354p7~" encoding: AUTO_ENCODING compression: DEFAULT_COMPRESSION cfile_block_size: 0 } }
I0902 17:01:25.313383 16822 catalog_manager.cc:2943] Scheduling retry of 93fbe559131f4ed0890427cb853c23c6 (table test-table [id=b7f89f9ec9c0479b9fed277cd873ba0e]) Alter Table RPC with a delay of 42 ms (attempt = 0)
W0902 17:01:25.313419 16822 catalog_manager.cc:3482] Failed to send alter table request: Not found: Failed to reset TS proxy: No leader found: Tablet 93fbe559131f4ed0890427cb853c23c6 has no consensus state
I0902 17:01:25.313518 16822 catalog_manager.cc:3508] T 00000000000000000000000000000000 P b004b3046b584f37925df45eda899ff0: Sending DeleteTablet for 3 replicas of tablet 7ab6f1a0b8d2430c933828f8da2892f6
I0902 17:01:25.313558 16822 catalog_manager.cc:3165] Sending DeleteTablet(TABLET_DATA_DELETED) for tablet 7ab6f1a0b8d2430c933828f8da2892f6 on d28f0f3b8d0e429484dbeeb2d41b7d50 (127.58.208.1:59914) (Partition dropped at 2017-09-02 17:01:25 UTC)
I0902 17:01:25.313621 16822 catalog_manager.cc:3165] Sending DeleteTablet(TABLET_DATA_DELETED) for tablet 7ab6f1a0b8d2430c933828f8da2892f6 on 475a466ec8b44f39bbf6b23f10ebe15b (127.58.208.2:43231) (Partition dropped at 2017-09-02 17:01:25 UTC)
I0902 17:01:25.313671 16822 catalog_manager.cc:3165] Sending DeleteTablet(TABLET_DATA_DELETED) for tablet 7ab6f1a0b8d2430c933828f8da2892f6 on 81b89e30bd3e45e39b3bd3eca9d5f7c5 (127.58.208.3:42179) (Partition dropped at 2017-09-02 17:01:25 UTC)
I0902 17:01:25.313946 16356 tablet_service.cc:805] Processing DeleteTablet for tablet 7ab6f1a0b8d2430c933828f8da2892f6 with delete_type TABLET_DATA_DELETED (Partition dropped at 2017-09-02 17:01:25 UTC) from {username='slave'} at 127.0.0.1:34842
I0902 17:01:25.313993 16356 tablet_replica.cc:251] T 7ab6f1a0b8d2430c933828f8da2892f6 P 475a466ec8b44f39bbf6b23f10ebe15b: stopping tablet replica
I0902 17:01:25.314028 16356 maintenance_manager.cc:228] P 475a466ec8b44f39bbf6b23f10ebe15b: Unregistered op CompactRowSetsOp(7ab6f1a0b8d2430c933828f8da2892f6)
I0902 17:01:25.314023 16532 tablet_service.cc:805] Processing DeleteTablet for tablet 7ab6f1a0b8d2430c933828f8da2892f6 with delete_type TABLET_DATA_DELETED (Partition dropped at 2017-09-02 17:01:25 UTC) from {username='slave'} at 127.0.0.1:44303
I0902 17:01:25.314044 16356 maintenance_manager.cc:228] P 475a466ec8b44f39bbf6b23f10ebe15b: Unregistered op MinorDeltaCompactionOp(7ab6f1a0b8d2430c933828f8da2892f6)
I0902 17:01:25.314054 16356 maintenance_manager.cc:228] P 475a466ec8b44f39bbf6b23f10ebe15b: Unregistered op MajorDeltaCompactionOp(7ab6f1a0b8d2430c933828f8da2892f6)
I0902 17:01:25.314060 16356 maintenance_manager.cc:228] P 475a466ec8b44f39bbf6b23f10ebe15b: Unregistered op UndoDeltaBlockGCOp(7ab6f1a0b8d2430c933828f8da2892f6)
I0902 17:01:25.314069 16532 tablet_replica.cc:251] T 7ab6f1a0b8d2430c933828f8da2892f6 P 81b89e30bd3e45e39b3bd3eca9d5f7c5: stopping tablet replica
I0902 17:01:25.314074 16356 maintenance_manager.cc:228] P 475a466ec8b44f39bbf6b23f10ebe15b: Unregistered op FlushMRSOp(7ab6f1a0b8d2430c933828f8da2892f6)
I0902 17:01:25.314080 16356 maintenance_manager.cc:228] P 475a466ec8b44f39bbf6b23f10ebe15b: Unregistered op FlushDeltaMemStoresOp(7ab6f1a0b8d2430c933828f8da2892f6)
I0902 17:01:25.314086 16356 maintenance_manager.cc:228] P 475a466ec8b44f39bbf6b23f10ebe15b: Unregistered op LogGCOp(7ab6f1a0b8d2430c933828f8da2892f6)
I0902 17:01:25.314095 16532 maintenance_manager.cc:228] P 81b89e30bd3e45e39b3bd3eca9d5f7c5: Unregistered op CompactRowSetsOp(7ab6f1a0b8d2430c933828f8da2892f6)
I0902 17:01:25.314106 16356 raft_consensus.cc:1807] T 7ab6f1a0b8d2430c933828f8da2892f6 P 475a466ec8b44f39bbf6b23f10ebe15b [term 3 LEADER]: Raft consensus shutting down.
I0902 17:01:25.314108 16532 maintenance_manager.cc:228] P 81b89e30bd3e45e39b3bd3eca9d5f7c5: Unregistered op MinorDeltaCompactionOp(7ab6f1a0b8d2430c933828f8da2892f6)
I0902 17:01:25.314116 16532 maintenance_manager.cc:228] P 81b89e30bd3e45e39b3bd3eca9d5f7c5: Unregistered op MajorDeltaCompactionOp(7ab6f1a0b8d2430c933828f8da2892f6)
I0902 17:01:25.314116 16356 consensus_peers.cc:433] T 7ab6f1a0b8d2430c933828f8da2892f6 P 475a466ec8b44f39bbf6b23f10ebe15b -> Peer 81b89e30bd3e45e39b3bd3eca9d5f7c5 (127.58.208.3:42179): Closing peer: 81b89e30bd3e45e39b3bd3eca9d5f7c5
I0902 17:01:25.314122 16532 maintenance_manager.cc:228] P 81b89e30bd3e45e39b3bd3eca9d5f7c5: Unregistered op UndoDeltaBlockGCOp(7ab6f1a0b8d2430c933828f8da2892f6)
I0902 17:01:25.314127 16356 consensus_peers.cc:433] T 7ab6f1a0b8d2430c933828f8da2892f6 P 475a466ec8b44f39bbf6b23f10ebe15b -> Peer d28f0f3b8d0e429484dbeeb2d41b7d50 (127.58.208.1:59914): Closing peer: d28f0f3b8d0e429484dbeeb2d41b7d50
I0902 17:01:25.314141 16532 maintenance_manager.cc:228] P 81b89e30bd3e45e39b3bd3eca9d5f7c5: Unregistered op FlushMRSOp(7ab6f1a0b8d2430c933828f8da2892f6)
I0902 17:01:25.314151 16532 maintenance_manager.cc:228] P 81b89e30bd3e45e39b3bd3eca9d5f7c5: Unregistered op FlushDeltaMemStoresOp(7ab6f1a0b8d2430c933828f8da2892f6)
I0902 17:01:25.314157 16532 maintenance_manager.cc:228] P 81b89e30bd3e45e39b3bd3eca9d5f7c5: Unregistered op LogGCOp(7ab6f1a0b8d2430c933828f8da2892f6)
I0902 17:01:25.314177 16532 raft_consensus.cc:1807] T 7ab6f1a0b8d2430c933828f8da2892f6 P 81b89e30bd3e45e39b3bd3eca9d5f7c5 [term 3 FOLLOWER]: Raft consensus shutting down.
I0902 17:01:25.314220 16356 raft_consensus.cc:1834] T 7ab6f1a0b8d2430c933828f8da2892f6 P 475a466ec8b44f39bbf6b23f10ebe15b [term 3 FOLLOWER]: Raft consensus is shut down!
I0902 17:01:25.314239 16532 raft_consensus.cc:1834] T 7ab6f1a0b8d2430c933828f8da2892f6 P 81b89e30bd3e45e39b3bd3eca9d5f7c5 [term 3 FOLLOWER]: Raft consensus is shut down!
I0902 17:01:25.314573 16716 tablet_service.cc:805] Processing DeleteTablet for tablet 7ab6f1a0b8d2430c933828f8da2892f6 with delete_type TABLET_DATA_DELETED (Partition dropped at 2017-09-02 17:01:25 UTC) from {username='slave'} at 127.0.0.1:34324
I0902 17:01:25.314616 16716 tablet_replica.cc:251] T 7ab6f1a0b8d2430c933828f8da2892f6 P d28f0f3b8d0e429484dbeeb2d41b7d50: stopping tablet replica
I0902 17:01:25.314640 16716 maintenance_manager.cc:228] P d28f0f3b8d0e429484dbeeb2d41b7d50: Unregistered op CompactRowSetsOp(7ab6f1a0b8d2430c933828f8da2892f6)
I0902 17:01:25.314656 16716 maintenance_manager.cc:228] P d28f0f3b8d0e429484dbeeb2d41b7d50: Unregistered op MinorDeltaCompactionOp(7ab6f1a0b8d2430c933828f8da2892f6)
I0902 17:01:25.314663 16716 maintenance_manager.cc:228] P d28f0f3b8d0e429484dbeeb2d41b7d50: Unregistered op MajorDeltaCompactionOp(7ab6f1a0b8d2430c933828f8da2892f6)
I0902 17:01:25.314679 16716 maintenance_manager.cc:228] P d28f0f3b8d0e429484dbeeb2d41b7d50: Unregistered op UndoDeltaBlockGCOp(7ab6f1a0b8d2430c933828f8da2892f6)
I0902 17:01:25.314693 16716 maintenance_manager.cc:228] P d28f0f3b8d0e429484dbeeb2d41b7d50: Unregistered op FlushMRSOp(7ab6f1a0b8d2430c933828f8da2892f6)
I0902 17:01:25.314703 16716 maintenance_manager.cc:228] P d28f0f3b8d0e429484dbeeb2d41b7d50: Unregistered op FlushDeltaMemStoresOp(7ab6f1a0b8d2430c933828f8da2892f6)
I0902 17:01:25.314712 16716 maintenance_manager.cc:228] P d28f0f3b8d0e429484dbeeb2d41b7d50: Unregistered op LogGCOp(7ab6f1a0b8d2430c933828f8da2892f6)
I0902 17:01:25.314731 16716 raft_consensus.cc:1807] T 7ab6f1a0b8d2430c933828f8da2892f6 P d28f0f3b8d0e429484dbeeb2d41b7d50 [term 3 FOLLOWER]: Raft consensus shutting down.
I0902 17:01:25.314803 16716 raft_consensus.cc:1834] T 7ab6f1a0b8d2430c933828f8da2892f6 P d28f0f3b8d0e429484dbeeb2d41b7d50 [term 3 FOLLOWER]: Raft consensus is shut down!
I0902 17:01:25.315006 16532 ts_tablet_manager.cc:1097] T 7ab6f1a0b8d2430c933828f8da2892f6 P 81b89e30bd3e45e39b3bd3eca9d5f7c5: Deleting tablet data with delete state TABLET_DATA_DELETED
I0902 17:01:25.315008 16356 ts_tablet_manager.cc:1097] T 7ab6f1a0b8d2430c933828f8da2892f6 P 475a466ec8b44f39bbf6b23f10ebe15b: Deleting tablet data with delete state TABLET_DATA_DELETED
I0902 17:01:25.315392 16716 ts_tablet_manager.cc:1097] T 7ab6f1a0b8d2430c933828f8da2892f6 P d28f0f3b8d0e429484dbeeb2d41b7d50: Deleting tablet data with delete state TABLET_DATA_DELETED
I0902 17:01:25.316368 16894 tablet.cc:1115] T bc88948776204095ba3e800689fff6f3 P 475a466ec8b44f39bbf6b23f10ebe15b: Alter schema from Schema [ 10:c613[int32 NOT NULL], 21:c190[int32 NOT NULL], 22:c527[int32 NOT NULL] ] version 16 to Schema [ 10:c449[int32 NOT NULL], 21:c190[int32 NOT NULL], 23:c741[int32 NOT NULL] ] version 17
I0902 17:01:25.316632 16894 tablet.cc:1067] T bc88948776204095ba3e800689fff6f3 P 475a466ec8b44f39bbf6b23f10ebe15b: Flush: entering stage 1 (old memrowset already frozen for inserts)
I0902 17:01:25.316642 16894 compaction.cc:902] Selected 1 rowsets to compact:
I0902 17:01:25.316646 16894 compaction.cc:905] memrowset(current size on disk: ~0 bytes)
I0902 17:01:25.316653 16894 tablet.cc:1069] T bc88948776204095ba3e800689fff6f3 P 475a466ec8b44f39bbf6b23f10ebe15b: Memstore in-memory size: 1759 bytes
I0902 17:01:25.316666 16894 tablet.cc:1332] T bc88948776204095ba3e800689fff6f3 P 475a466ec8b44f39bbf6b23f10ebe15b: Flush: entering phase 1 (flushing snapshot). Phase 1 snapshot: MvccSnapshot[committed={T|T < 6161906423046451200}]
I0902 17:01:25.317754 16532 ts_tablet_manager.cc:1110] T 7ab6f1a0b8d2430c933828f8da2892f6 P 81b89e30bd3e45e39b3bd3eca9d5f7c5: tablet deleted: last-logged OpId: 3.248
I0902 17:01:25.317754 16716 ts_tablet_manager.cc:1110] T 7ab6f1a0b8d2430c933828f8da2892f6 P d28f0f3b8d0e429484dbeeb2d41b7d50: tablet deleted: last-logged OpId: 3.248
I0902 17:01:25.317797 16716 log.cc:960] T 7ab6f1a0b8d2430c933828f8da2892f6 P d28f0f3b8d0e429484dbeeb2d41b7d50: Deleting WAL directory at /tmp/run_tha_testdnoRja/test-tmp/alter_table-randomized-test.AlterTableRandomized.TestRandomSequence.1504371669910680-15056/minicluster-data/ts-0/wal/wals/7ab6f1a0b8d2430c933828f8da2892f6
I0902 17:01:25.317797 16532 log.cc:960] T 7ab6f1a0b8d2430c933828f8da2892f6 P 81b89e30bd3e45e39b3bd3eca9d5f7c5: Deleting WAL directory at /tmp/run_tha_testdnoRja/test-tmp/alter_table-randomized-test.AlterTableRandomized.TestRandomSequence.1504371669910680-15056/minicluster-data/ts-2/wal/wals/7ab6f1a0b8d2430c933828f8da2892f6
I0902 17:01:25.318051 16532 ts_tablet_manager.cc:1128] T 7ab6f1a0b8d2430c933828f8da2892f6 P 81b89e30bd3e45e39b3bd3eca9d5f7c5: Deleting consensus metadata
I0902 17:01:25.318850 16875 tablet.cc:1115] T bc88948776204095ba3e800689fff6f3 P 81b89e30bd3e45e39b3bd3eca9d5f7c5: Alter schema from Schema [ 10:c613[int32 NOT NULL], 21:c190[int32 NOT NULL], 22:c527[int32 NOT NULL] ] version 16 to Schema [ 10:c449[int32 NOT NULL], 21:c190[int32 NOT NULL], 23:c741[int32 NOT NULL] ] version 17
I0902 17:01:25.319087 16875 tablet.cc:1067] T bc88948776204095ba3e800689fff6f3 P 81b89e30bd3e45e39b3bd3eca9d5f7c5: Flush: entering stage 1 (old memrowset already frozen for inserts)
I0902 17:01:25.319097 16875 compaction.cc:902] Selected 1 rowsets to compact:
I0902 17:01:25.319100 16875 compaction.cc:905] memrowset(current size on disk: ~0 bytes)
I0902 17:01:25.319106 16875 tablet.cc:1069] T bc88948776204095ba3e800689fff6f3 P 81b89e30bd3e45e39b3bd3eca9d5f7c5: Memstore in-memory size: 1759 bytes
I0902 17:01:25.319118 16875 tablet.cc:1332] T bc88948776204095ba3e800689fff6f3 P 81b89e30bd3e45e39b3bd3eca9d5f7c5: Flush: entering phase 1 (flushing snapshot). Phase 1 snapshot: MvccSnapshot[committed={T|T < 6161906423046451200}]
I0902 17:01:25.319851 16717 tablet_service.cc:764] Processing CreateTablet for tablet 93fbe559131f4ed0890427cb853c23c6 (table=test-table [id=b7f89f9ec9c0479b9fed277cd873ba0e]), partition=RANGE (c449) PARTITION 939524082 <= VALUES < 1006632945
I0902 17:01:25.321182 16356 ts_tablet_manager.cc:1110] T 7ab6f1a0b8d2430c933828f8da2892f6 P 475a466ec8b44f39bbf6b23f10ebe15b: tablet deleted: last-logged OpId: 3.248
I0902 17:01:25.321220 16356 log.cc:960] T 7ab6f1a0b8d2430c933828f8da2892f6 P 475a466ec8b44f39bbf6b23f10ebe15b: Deleting WAL directory at /tmp/run_tha_testdnoRja/test-tmp/alter_table-randomized-test.AlterTableRandomized.TestRandomSequence.1504371669910680-15056/minicluster-data/ts-1/wal/wals/7ab6f1a0b8d2430c933828f8da2892f6
I0902 17:01:25.321270 16717 ts_tablet_manager.cc:943] T 93fbe559131f4ed0890427cb853c23c6 P d28f0f3b8d0e429484dbeeb2d41b7d50: Registered tablet (data state: TABLET_DATA_READY)
I0902 17:01:25.321475 16356 ts_tablet_manager.cc:1128] T 7ab6f1a0b8d2430c933828f8da2892f6 P 475a466ec8b44f39bbf6b23f10ebe15b: Deleting consensus metadata
I0902 17:01:25.321635 16876 tablet.cc:1115] T bc88948776204095ba3e800689fff6f3 P d28f0f3b8d0e429484dbeeb2d41b7d50: Alter schema from Schema [ 10:c613[int32 NOT NULL], 21:c190[int32 NOT NULL], 22:c527[int32 NOT NULL] ] version 16 to Schema [ 10:c449[int32 NOT NULL], 21:c190[int32 NOT NULL], 23:c741[int32 NOT NULL] ] version 17
I0902 17:01:25.321838 16716 ts_tablet_manager.cc:1128] T 7ab6f1a0b8d2430c933828f8da2892f6 P d28f0f3b8d0e429484dbeeb2d41b7d50: Deleting consensus metadata
I0902 17:01:25.321880 16876 tablet.cc:1067] T bc88948776204095ba3e800689fff6f3 P d28f0f3b8d0e429484dbeeb2d41b7d50: Flush: entering stage 1 (old memrowset already frozen for inserts)
I0902 17:01:25.321893 16876 compaction.cc:902] Selected 1 rowsets to compact:
I0902 17:01:25.321897 16876 compaction.cc:905] memrowset(current size on disk: ~0 bytes)
I0902 17:01:25.321908 16876 tablet.cc:1069] T bc88948776204095ba3e800689fff6f3 P d28f0f3b8d0e429484dbeeb2d41b7d50: Memstore in-memory size: 1759 bytes
I0902 17:01:25.321923 16876 tablet.cc:1332] T bc88948776204095ba3e800689fff6f3 P d28f0f3b8d0e429484dbeeb2d41b7d50: Flush: entering phase 1 (flushing snapshot). Phase 1 snapshot: MvccSnapshot[committed={T|T < 6161906423046451200}]
I0902 17:01:25.322530 16806 catalog_manager.cc:3143] TS 81b89e30bd3e45e39b3bd3eca9d5f7c5 (127.58.208.3:42179): tablet 7ab6f1a0b8d2430c933828f8da2892f6 (table test-table [id=b7f89f9ec9c0479b9fed277cd873ba0e]) successfully deleted
I0902 17:01:25.322610 16807 catalog_manager.cc:3143] TS d28f0f3b8d0e429484dbeeb2d41b7d50 (127.58.208.1:59914): tablet 7ab6f1a0b8d2430c933828f8da2892f6 (table test-table [id=b7f89f9ec9c0479b9fed277cd873ba0e]) successfully deleted
I0902 17:01:25.323418 16876 multi_column_writer.cc:103] Opened CFile writers for 3 column(s)
I0902 17:01:25.323475 16894 multi_column_writer.cc:103] Opened CFile writers for 3 column(s)
I0902 17:01:25.323588 16875 multi_column_writer.cc:103] Opened CFile writers for 3 column(s)
I0902 17:01:25.325192 16925 ts_tablet_manager.cc:793] T 93fbe559131f4ed0890427cb853c23c6 P d28f0f3b8d0e429484dbeeb2d41b7d50: Bootstrapping tablet
I0902 17:01:25.325265 16925 tablet_bootstrap.cc:433] T 93fbe559131f4ed0890427cb853c23c6 P d28f0f3b8d0e429484dbeeb2d41b7d50: Bootstrap starting.
I0902 17:01:25.325908 16925 tablet_bootstrap.cc:568] T 93fbe559131f4ed0890427cb853c23c6 P d28f0f3b8d0e429484dbeeb2d41b7d50: No blocks or log segments found. Creating new log.
I0902 17:01:25.326464 16894 tablet.cc:1417] T bc88948776204095ba3e800689fff6f3 P 475a466ec8b44f39bbf6b23f10ebe15b: Flush: entering phase 2 (starting to duplicate updates in new rowsets)
I0902 17:01:25.326589 16894 tablet.cc:1472] T bc88948776204095ba3e800689fff6f3 P 475a466ec8b44f39bbf6b23f10ebe15b: Flush Phase 2: carrying over any updates which arrived during Phase 1
I0902 17:01:25.326606 16894 tablet.cc:1474] T bc88948776204095ba3e800689fff6f3 P 475a466ec8b44f39bbf6b23f10ebe15b: Phase 2 snapshot: MvccSnapshot[committed={T|T < 6161906423046451200}]
I0902 17:01:25.326658 16356 tablet_service.cc:764] Processing CreateTablet for tablet 93fbe559131f4ed0890427cb853c23c6 (table=test-table [id=b7f89f9ec9c0479b9fed277cd873ba0e]), partition=RANGE (c449) PARTITION 939524082 <= VALUES < 1006632945
I0902 17:01:25.328084 16356 ts_tablet_manager.cc:943] T 93fbe559131f4ed0890427cb853c23c6 P 475a466ec8b44f39bbf6b23f10ebe15b: Registered tablet (data state: TABLET_DATA_READY)
I0902 17:01:25.329224 16875 tablet.cc:1417] T bc88948776204095ba3e800689fff6f3 P 81b89e30bd3e45e39b3bd3eca9d5f7c5: Flush: entering phase 2 (starting to duplicate updates in new rowsets)
I0902 17:01:25.329349 16875 tablet.cc:1472] T bc88948776204095ba3e800689fff6f3 P 81b89e30bd3e45e39b3bd3eca9d5f7c5: Flush Phase 2: carrying over any updates which arrived during Phase 1
I0902 17:01:25.329373 16875 tablet.cc:1474] T bc88948776204095ba3e800689fff6f3 P 81b89e30bd3e45e39b3bd3eca9d5f7c5: Phase 2 snapshot: MvccSnapshot[committed={T|T < 6161906423046451200}]
I0902 17:01:25.329495 16806 catalog_manager.cc:3143] TS 475a466ec8b44f39bbf6b23f10ebe15b (127.58.208.2:43231): tablet 7ab6f1a0b8d2430c933828f8da2892f6 (table test-table [id=b7f89f9ec9c0479b9fed277cd873ba0e]) successfully deleted
I0902 17:01:25.329610 16532 tablet_service.cc:764] Processing CreateTablet for tablet 93fbe559131f4ed0890427cb853c23c6 (table=test-table [id=b7f89f9ec9c0479b9fed277cd873ba0e]), partition=RANGE (c449) PARTITION 939524082 <= VALUES < 1006632945
I0902 17:01:25.329351 16876 tablet.cc:1417] T bc88948776204095ba3e800689fff6f3 P d28f0f3b8d0e429484dbeeb2d41b7d50: Flush: entering phase 2 (starting to duplicate updates in new rowsets)
I0902 17:01:25.330018 16876 tablet.cc:1472] T bc88948776204095ba3e800689fff6f3 P d28f0f3b8d0e429484dbeeb2d41b7d50: Flush Phase 2: carrying over any updates which arrived during Phase 1
I0902 17:01:25.330040 16876 tablet.cc:1474] T bc88948776204095ba3e800689fff6f3 P d28f0f3b8d0e429484dbeeb2d41b7d50: Phase 2 snapshot: MvccSnapshot[committed={T|T < 6161906423046451200}]
I0902 17:01:25.330785 16875 tablet.cc:1516] T bc88948776204095ba3e800689fff6f3 P 81b89e30bd3e45e39b3bd3eca9d5f7c5: Flush successful on 17 rows (4798 bytes)
I0902 17:01:25.331730 16894 tablet.cc:1516] T bc88948776204095ba3e800689fff6f3 P 475a466ec8b44f39bbf6b23f10ebe15b: Flush successful on 17 rows (4800 bytes)
I0902 17:01:25.332669 16479 maintenance_manager.cc:486] Time spent running UndoDeltaBlockGCOp(bc88948776204095ba3e800689fff6f3): real 0.000s user 0.000s sys 0.000s
I0902 17:01:25.332752 16479 maintenance_manager.cc:492] P 81b89e30bd3e45e39b3bd3eca9d5f7c5: UndoDeltaBlockGCOp(bc88948776204095ba3e800689fff6f3) metrics: {"cfile_init":1,"lbm_read_time_us":39,"lbm_reads_lt_1ms":4}
I0902 17:01:25.333029 16928 ts_tablet_manager.cc:793] T 93fbe559131f4ed0890427cb853c23c6 P 475a466ec8b44f39bbf6b23f10ebe15b: Bootstrapping tablet
I0902 17:01:25.333123 16928 tablet_bootstrap.cc:433] T 93fbe559131f4ed0890427cb853c23c6 P 475a466ec8b44f39bbf6b23f10ebe15b: Bootstrap starting.
I0902 17:01:25.333782 16928 tablet_bootstrap.cc:568] T 93fbe559131f4ed0890427cb853c23c6 P 475a466ec8b44f39bbf6b23f10ebe15b: No blocks or log segments found. Creating new log.
I0902 17:01:25.334117 16532 ts_tablet_manager.cc:943] T 93fbe559131f4ed0890427cb853c23c6 P 81b89e30bd3e45e39b3bd3eca9d5f7c5: Registered tablet (data state: TABLET_DATA_READY)
I0902 17:01:25.333976 16876 tablet.cc:1516] T bc88948776204095ba3e800689fff6f3 P d28f0f3b8d0e429484dbeeb2d41b7d50: Flush successful on 17 rows (4824 bytes)
I0902 17:01:25.336135 16925 tablet_bootstrap.cc:433] T 93fbe559131f4ed0890427cb853c23c6 P d28f0f3b8d0e429484dbeeb2d41b7d50: No bootstrap required, opened a new log
I0902 17:01:25.336233 16925 ts_tablet_manager.cc:818] T 93fbe559131f4ed0890427cb853c23c6 P d28f0f3b8d0e429484dbeeb2d41b7d50: Time spent bootstrapping tablet: real 0.011s user 0.000s sys 0.000s
I0902 17:01:25.336838 16925 raft_consensus.cc:287] T 93fbe559131f4ed0890427cb853c23c6 P d28f0f3b8d0e429484dbeeb2d41b7d50 [term 0 FOLLOWER]: Replica starting. Triggering 0 pending transactions. Active config: opid_index: -1 OBSOLETE_local: false peers { permanent_uuid: "475a466ec8b44f39bbf6b23f10ebe15b" member_type: VOTER last_known_addr { host: "127.58.208.2" port: 43231 } } peers { permanent_uuid: "81b89e30bd3e45e39b3bd3eca9d5f7c5" member_type: VOTER last_known_addr { host: "127.58.208.3" port: 42179 } } peers { permanent_uuid: "d28f0f3b8d0e429484dbeeb2d41b7d50" member_type: VOTER last_known_addr { host: "127.58.208.1" port: 59914 } }
I0902 17:01:25.336913 16925 raft_consensus.cc:313] T 93fbe559131f4ed0890427cb853c23c6 P d28f0f3b8d0e429484dbeeb2d41b7d50 [term 0 FOLLOWER]: Consensus starting up: Expiring failure detector timer to make a prompt election more likely
I0902 17:01:25.337039 16925 raft_consensus.cc:576] T 93fbe559131f4ed0890427cb853c23c6 P d28f0f3b8d0e429484dbeeb2d41b7d50 [term 0 FOLLOWER]: Becoming Follower/Learner. State: Replica: d28f0f3b8d0e429484dbeeb2d41b7d50, State: Initialized, Role: FOLLOWER
I0902 17:01:25.337118 16925 consensus_queue.cc:190] T 93fbe559131f4ed0890427cb853c23c6 P d28f0f3b8d0e429484dbeeb2d41b7d50 [NON_LEADER]: Queue going to NON_LEADER mode. State: All replicated index: 0, Majority replicated index: 0, Committed index: 0, Last appended: 0.0, Last appended by leader: 0, Current term: 0, Majority size: -1, State: 0, Mode: NON_LEADER
I0902 17:01:25.339763 16930 ts_tablet_manager.cc:793] T 93fbe559131f4ed0890427cb853c23c6 P 81b89e30bd3e45e39b3bd3eca9d5f7c5: Bootstrapping tablet
I0902 17:01:25.339885 16930 tablet_bootstrap.cc:433] T 93fbe559131f4ed0890427cb853c23c6 P 81b89e30bd3e45e39b3bd3eca9d5f7c5: Bootstrap starting.
I0902 17:01:25.340567 16930 tablet_bootstrap.cc:568] T 93fbe559131f4ed0890427cb853c23c6 P 81b89e30bd3e45e39b3bd3eca9d5f7c5: No blocks or log segments found. Creating new log.
I0902 17:01:25.341866 16928 tablet_bootstrap.cc:433] T 93fbe559131f4ed0890427cb853c23c6 P 475a466ec8b44f39bbf6b23f10ebe15b: No bootstrap required, opened a new log
I0902 17:01:25.341948 16928 ts_tablet_manager.cc:818] T 93fbe559131f4ed0890427cb853c23c6 P 475a466ec8b44f39bbf6b23f10ebe15b: Time spent bootstrapping tablet: real 0.009s user 0.000s sys 0.000s
I0902 17:01:25.342885 16822 catalog_manager.cc:2462] TS d28f0f3b8d0e429484dbeeb2d41b7d50 (127.58.208.1:59914) does not have the latest schema for tablet 93fbe559131f4ed0890427cb853c23c6 (table test-table [id=b7f89f9ec9c0479b9fed277cd873ba0e]). Expected version 17 got 0
I0902 17:01:25.343021 16822 catalog_manager.cc:2943] Scheduling retry of 93fbe559131f4ed0890427cb853c23c6 (table test-table [id=b7f89f9ec9c0479b9fed277cd873ba0e]) Alter Table RPC with a delay of 35 ms (attempt = 0)
W0902 17:01:25.343058 16822 catalog_manager.cc:3482] Failed to send alter table request: Not found: Failed to reset TS proxy: No leader found: Tablet 93fbe559131f4ed0890427cb853c23c6 consensus state has no leader
I0902 17:01:25.343183 16928 raft_consensus.cc:287] T 93fbe559131f4ed0890427cb853c23c6 P 475a466ec8b44f39bbf6b23f10ebe15b [term 0 FOLLOWER]: Replica starting. Triggering 0 pending transactions. Active config: opid_index: -1 OBSOLETE_local: false peers { permanent_uuid: "475a466ec8b44f39bbf6b23f10ebe15b" member_type: VOTER last_known_addr { host: "127.58.208.2" port: 43231 } } peers { permanent_uuid: "81b89e30bd3e45e39b3bd3eca9d5f7c5" member_type: VOTER last_known_addr { host: "127.58.208.3" port: 42179 } } peers { permanent_uuid: "d28f0f3b8d0e429484dbeeb2d41b7d50" member_type: VOTER last_known_addr { host: "127.58.208.1" port: 59914 } }
I0902 17:01:25.343247 16928 raft_consensus.cc:313] T 93fbe559131f4ed0890427cb853c23c6 P 475a466ec8b44f39bbf6b23f10ebe15b [term 0 FOLLOWER]: Consensus starting up: Expiring failure detector timer to make a prompt election more likely
I0902 17:01:25.343376 16928 raft_consensus.cc:576] T 93fbe559131f4ed0890427cb853c23c6 P 475a466ec8b44f39bbf6b23f10ebe15b [term 0 FOLLOWER]: Becoming Follower/Learner. State: Replica: 475a466ec8b44f39bbf6b23f10ebe15b, State: Initialized, Role: FOLLOWER
I0902 17:01:25.343446 16928 consensus_queue.cc:190] T 93fbe559131f4ed0890427cb853c23c6 P 475a466ec8b44f39bbf6b23f10ebe15b [NON_LEADER]: Queue going to NON_LEADER mode. State: All replicated index: 0, Majority replicated index: 0, Committed index: 0, Last appended: 0.0, Last appended by leader: 0, Current term: 0, Majority size: -1, State: 0, Mode: NON_LEADER
I0902 17:01:25.343575 16925 ts_tablet_manager.cc:846] T 93fbe559131f4ed0890427cb853c23c6 P d28f0f3b8d0e429484dbeeb2d41b7d50: Time spent starting tablet: real 0.007s user 0.000s sys 0.000s
I0902 17:01:25.344100 16822 catalog_manager.cc:2462] TS 475a466ec8b44f39bbf6b23f10ebe15b (127.58.208.2:43231) does not have the latest schema for tablet 93fbe559131f4ed0890427cb853c23c6 (table test-table [id=b7f89f9ec9c0479b9fed277cd873ba0e]). Expected version 17 got 0
I0902 17:01:25.344229 16822 catalog_manager.cc:2943] Scheduling retry of 93fbe559131f4ed0890427cb853c23c6 (table test-table [id=b7f89f9ec9c0479b9fed277cd873ba0e]) Alter Table RPC with a delay of 48 ms (attempt = 0)
W0902 17:01:25.344264 16822 catalog_manager.cc:3482] Failed to send alter table request: Not found: Failed to reset TS proxy: No leader found: Tablet 93fbe559131f4ed0890427cb853c23c6 consensus state has no leader
I0902 17:01:25.344437 16821 catalog_manager.cc:2462] TS d28f0f3b8d0e429484dbeeb2d41b7d50 (127.58.208.1:59914) does not have the latest schema for tablet 93fbe559131f4ed0890427cb853c23c6 (table test-table [id=b7f89f9ec9c0479b9fed277cd873ba0e]). Expected version 17 got 0
I0902 17:01:25.344560 16821 catalog_manager.cc:2943] Scheduling retry of 93fbe559131f4ed0890427cb853c23c6 (table test-table [id=b7f89f9ec9c0479b9fed277cd873ba0e]) Alter Table RPC with a delay of 30 ms (attempt = 0)
W0902 17:01:25.344586 16821 catalog_manager.cc:3482] Failed to send alter table request: Not found: Failed to reset TS proxy: No leader found: Tablet 93fbe559131f4ed0890427cb853c23c6 consensus state has no leader
I0902 17:01:25.345521 16821 catalog_manager.cc:2462] TS 475a466ec8b44f39bbf6b23f10ebe15b (127.58.208.2:43231) does not have the latest schema for tablet 93fbe559131f4ed0890427cb853c23c6 (table test-table [id=b7f89f9ec9c0479b9fed277cd873ba0e]). Expected version 17 got 0
I0902 17:01:25.345643 16821 catalog_manager.cc:2943] Scheduling retry of 93fbe559131f4ed0890427cb853c23c6 (table test-table [id=b7f89f9ec9c0479b9fed277cd873ba0e]) Alter Table RPC with a delay of 38 ms (attempt = 0)
W0902 17:01:25.345671 16821 catalog_manager.cc:3482] Failed to send alter table request: Not found: Failed to reset TS proxy: No leader found: Tablet 93fbe559131f4ed0890427cb853c23c6 consensus state has no leader
I0902 17:01:25.346145 16928 ts_tablet_manager.cc:846] T 93fbe559131f4ed0890427cb853c23c6 P 475a466ec8b44f39bbf6b23f10ebe15b: Time spent starting tablet: real 0.004s user 0.000s sys 0.000s
I0902 17:01:25.352902 16930 tablet_bootstrap.cc:433] T 93fbe559131f4ed0890427cb853c23c6 P 81b89e30bd3e45e39b3bd3eca9d5f7c5: No bootstrap required, opened a new log
I0902 17:01:25.352967 16930 ts_tablet_manager.cc:818] T 93fbe559131f4ed0890427cb853c23c6 P 81b89e30bd3e45e39b3bd3eca9d5f7c5: Time spent bootstrapping tablet: real 0.013s user 0.000s sys 0.000s
I0902 17:01:25.353368 16930 raft_consensus.cc:287] T 93fbe559131f4ed0890427cb853c23c6 P 81b89e30bd3e45e39b3bd3eca9d5f7c5 [term 0 FOLLOWER]: Replica starting. Triggering 0 pending transactions. Active config: opid_index: -1 OBSOLETE_local: false peers { permanent_uuid: "475a466ec8b44f39bbf6b23f10ebe15b" member_type: VOTER last_known_addr { host: "127.58.208.2" port: 43231 } } peers { permanent_uuid: "81b89e30bd3e45e39b3bd3eca9d5f7c5" member_type: VOTER last_known_addr { host: "127.58.208.3" port: 42179 } } peers { permanent_uuid: "d28f0f3b8d0e429484dbeeb2d41b7d50" member_type: VOTER last_known_addr { host: "127.58.208.1" port: 59914 } }
I0902 17:01:25.353395 16930 raft_consensus.cc:313] T 93fbe559131f4ed0890427cb853c23c6 P 81b89e30bd3e45e39b3bd3eca9d5f7c5 [term 0 FOLLOWER]: Consensus starting up: Expiring failure detector timer to make a prompt election more likely
I0902 17:01:25.353466 16930 raft_consensus.cc:576] T 93fbe559131f4ed0890427cb853c23c6 P 81b89e30bd3e45e39b3bd3eca9d5f7c5 [term 0 FOLLOWER]: Becoming Follower/Learner. State: Replica: 81b89e30bd3e45e39b3bd3eca9d5f7c5, State: Initialized, Role: FOLLOWER
I0902 17:01:25.353503 16930 consensus_queue.cc:190] T 93fbe559131f4ed0890427cb853c23c6 P 81b89e30bd3e45e39b3bd3eca9d5f7c5 [NON_LEADER]: Queue going to NON_LEADER mode. State: All replicated index: 0, Majority replicated index: 0, Committed index: 0, Last appended: 0.0, Last appended by leader: 0, Current term: 0, Majority size: -1, State: 0, Mode: NON_LEADER
I0902 17:01:25.356081 16804 catalog_manager.cc:2943] Scheduling retry of 93fbe559131f4ed0890427cb853c23c6 (table test-table [id=b7f89f9ec9c0479b9fed277cd873ba0e]) Alter Table RPC with a delay of 55 ms (attempt = 0)
W0902 17:01:25.356112 16804 catalog_manager.cc:2962] Async tablet task 93fbe559131f4ed0890427cb853c23c6 (table test-table [id=b7f89f9ec9c0479b9fed277cd873ba0e]) Alter Table RPC failed: Not found: Failed to reset TS proxy: No leader found: Tablet 93fbe559131f4ed0890427cb853c23c6 consensus state has no leader
I0902 17:01:25.360173 16304 maintenance_manager.cc:486] Time spent running UndoDeltaBlockGCOp(bc88948776204095ba3e800689fff6f3): real 0.000s user 0.000s sys 0.000s
I0902 17:01:25.360260 16304 maintenance_manager.cc:492] P 475a466ec8b44f39bbf6b23f10ebe15b: UndoDeltaBlockGCOp(bc88948776204095ba3e800689fff6f3) metrics: {"cfile_init":1,"lbm_read_time_us":52,"lbm_reads_lt_1ms":4}
I0902 17:01:25.366544 16930 ts_tablet_manager.cc:846] T 93fbe559131f4ed0890427cb853c23c6 P 81b89e30bd3e45e39b3bd3eca9d5f7c5: Time spent starting tablet: real 0.014s user 0.000s sys 0.000s
I0902 17:01:25.367086 16821 catalog_manager.cc:2462] TS 81b89e30bd3e45e39b3bd3eca9d5f7c5 (127.58.208.3:42179) does not have the latest schema for tablet 93fbe559131f4ed0890427cb853c23c6 (table test-table [id=b7f89f9ec9c0479b9fed277cd873ba0e]). Expected version 17 got 0
I0902 17:01:25.367251 16821 catalog_manager.cc:2943] Scheduling retry of 93fbe559131f4ed0890427cb853c23c6 (table test-table [id=b7f89f9ec9c0479b9fed277cd873ba0e]) Alter Table RPC with a delay of 8 ms (attempt = 0)
W0902 17:01:25.367275 16821 catalog_manager.cc:3482] Failed to send alter table request: Not found: Failed to reset TS proxy: No leader found: Tablet 93fbe559131f4ed0890427cb853c23c6 consensus state has no leader
I0902 17:01:25.368187 16821 catalog_manager.cc:2462] TS 81b89e30bd3e45e39b3bd3eca9d5f7c5 (127.58.208.3:42179) does not have the latest schema for tablet 93fbe559131f4ed0890427cb853c23c6 (table test-table [id=b7f89f9ec9c0479b9fed277cd873ba0e]). Expected version 17 got 0
I0902 17:01:25.368322 16821 catalog_manager.cc:2943] Scheduling retry of 93fbe559131f4ed0890427cb853c23c6 (table test-table [id=b7f89f9ec9c0479b9fed277cd873ba0e]) Alter Table RPC with a delay of 31 ms (attempt = 0)
W0902 17:01:25.368345 16821 catalog_manager.cc:3482] Failed to send alter table request: Not found: Failed to reset TS proxy: No leader found: Tablet 93fbe559131f4ed0890427cb853c23c6 consensus state has no leader
I0902 17:01:25.375133 16806 catalog_manager.cc:2943] Scheduling retry of 93fbe559131f4ed0890427cb853c23c6 (table test-table [id=b7f89f9ec9c0479b9fed277cd873ba0e]) Alter Table RPC with a delay of 17 ms (attempt = 0)
W0902 17:01:25.375161 16806 catalog_manager.cc:2962] Async tablet task 93fbe559131f4ed0890427cb853c23c6 (table test-table [id=b7f89f9ec9c0479b9fed277cd873ba0e]) Alter Table RPC failed: Not found: Failed to reset TS proxy: No leader found: Tablet 93fbe559131f4ed0890427cb853c23c6 consensus state has no leader
I0902 17:01:25.376296 16806 catalog_manager.cc:2943] Scheduling retry of 93fbe559131f4ed0890427cb853c23c6 (table test-table [id=b7f89f9ec9c0479b9fed277cd873ba0e]) Alter Table RPC with a delay of 30 ms (attempt = 0)
W0902 17:01:25.376320 16806 catalog_manager.cc:2962] Async tablet task 93fbe559131f4ed0890427cb853c23c6 (table test-table [id=b7f89f9ec9c0479b9fed277cd873ba0e]) Alter Table RPC failed: Not found: Failed to reset TS proxy: No leader found: Tablet 93fbe559131f4ed0890427cb853c23c6 consensus state has no leader
I0902 17:01:25.378530 16806 catalog_manager.cc:2943] Scheduling retry of 93fbe559131f4ed0890427cb853c23c6 (table test-table [id=b7f89f9ec9c0479b9fed277cd873ba0e]) Alter Table RPC with a delay of 55 ms (attempt = 0)
W0902 17:01:25.378557 16806 catalog_manager.cc:2962] Async tablet task 93fbe559131f4ed0890427cb853c23c6 (table test-table [id=b7f89f9ec9c0479b9fed277cd873ba0e]) Alter Table RPC failed: Not found: Failed to reset TS proxy: No leader found: Tablet 93fbe559131f4ed0890427cb853c23c6 consensus state has no leader
I0902 17:01:25.383893 16807 catalog_manager.cc:2943] Scheduling retry of 93fbe559131f4ed0890427cb853c23c6 (table test-table [id=b7f89f9ec9c0479b9fed277cd873ba0e]) Alter Table RPC with a delay of 32 ms (attempt = 0)
W0902 17:01:25.383922 16807 catalog_manager.cc:2962] Async tablet task 93fbe559131f4ed0890427cb853c23c6 (table test-table [id=b7f89f9ec9c0479b9fed277cd873ba0e]) Alter Table RPC failed: Not found: Failed to reset TS proxy: No leader found: Tablet 93fbe559131f4ed0890427cb853c23c6 consensus state has no leader
I0902 17:01:25.392715 16806 catalog_manager.cc:2943] Scheduling retry of 93fbe559131f4ed0890427cb853c23c6 (table test-table [id=b7f89f9ec9c0479b9fed277cd873ba0e]) Alter Table RPC with a delay of 40 ms (attempt = 0)
W0902 17:01:25.392745 16806 catalog_manager.cc:2962] Async tablet task 93fbe559131f4ed0890427cb853c23c6 (table test-table [id=b7f89f9ec9c0479b9fed277cd873ba0e]) Alter Table RPC failed: Not found: Failed to reset TS proxy: No leader found: Tablet 93fbe559131f4ed0890427cb853c23c6 consensus state has no leader
I0902 17:01:25.393126 16807 catalog_manager.cc:2943] Scheduling retry of 93fbe559131f4ed0890427cb853c23c6 (table test-table [id=b7f89f9ec9c0479b9fed277cd873ba0e]) Alter Table RPC with a delay of 43 ms (attempt = 0)
W0902 17:01:25.393146 16807 catalog_manager.cc:2962] Async tablet task 93fbe559131f4ed0890427cb853c23c6 (table test-table [id=b7f89f9ec9c0479b9fed277cd873ba0e]) Alter Table RPC failed: Not found: Failed to reset TS proxy: No leader found: Tablet 93fbe559131f4ed0890427cb853c23c6 consensus state has no leader
I0902 17:01:25.400007 16806 catalog_manager.cc:2943] Scheduling retry of 93fbe559131f4ed0890427cb853c23c6 (table test-table [id=b7f89f9ec9c0479b9fed277cd873ba0e]) Alter Table RPC with a delay of 40 ms (attempt = 0)
W0902 17:01:25.400037 16806 catalog_manager.cc:2962] Async tablet task 93fbe559131f4ed0890427cb853c23c6 (table test-table [id=b7f89f9ec9c0479b9fed277cd873ba0e]) Alter Table RPC failed: Not found: Failed to reset TS proxy: No leader found: Tablet 93fbe559131f4ed0890427cb853c23c6 consensus state has no leader
I0902 17:01:25.407143 16806 catalog_manager.cc:2943] Scheduling retry of 93fbe559131f4ed0890427cb853c23c6 (table test-table [id=b7f89f9ec9c0479b9fed277cd873ba0e]) Alter Table RPC with a delay of 12 ms (attempt = 0)
W0902 17:01:25.407176 16806 catalog_manager.cc:2962] Async tablet task 93fbe559131f4ed0890427cb853c23c6 (table test-table [id=b7f89f9ec9c0479b9fed277cd873ba0e]) Alter Table RPC failed: Not found: Failed to reset TS proxy: No leader found: Tablet 93fbe559131f4ed0890427cb853c23c6 consensus state has no leader
I0902 17:01:25.411778 16804 catalog_manager.cc:2943] Scheduling retry of 93fbe559131f4ed0890427cb853c23c6 (table test-table [id=b7f89f9ec9c0479b9fed277cd873ba0e]) Alter Table RPC with a delay of 12 ms (attempt = 0)
W0902 17:01:25.411809 16804 catalog_manager.cc:2962] Async tablet task 93fbe559131f4ed0890427cb853c23c6 (table test-table [id=b7f89f9ec9c0479b9fed277cd873ba0e]) Alter Table RPC failed: Not found: Failed to reset TS proxy: No leader found: Tablet 93fbe559131f4ed0890427cb853c23c6 consensus state has no leader
I0902 17:01:25.416364 16807 catalog_manager.cc:2943] Scheduling retry of 93fbe559131f4ed0890427cb853c23c6 (table test-table [id=b7f89f9ec9c0479b9fed277cd873ba0e]) Alter Table RPC with a delay of 51 ms (attempt = 0)
W0902 17:01:25.416395 16807 catalog_manager.cc:2962] Async tablet task 93fbe559131f4ed0890427cb853c23c6 (table test-table [id=b7f89f9ec9c0479b9fed277cd873ba0e]) Alter Table RPC failed: Not found: Failed to reset TS proxy: No leader found: Tablet 93fbe559131f4ed0890427cb853c23c6 consensus state has no leader
I0902 17:01:25.419396 16806 catalog_manager.cc:2943] Scheduling retry of 93fbe559131f4ed0890427cb853c23c6 (table test-table [id=b7f89f9ec9c0479b9fed277cd873ba0e]) Alter Table RPC with a delay of 56 ms (attempt = 0)
W0902 17:01:25.419423 16806 catalog_manager.cc:2962] Async tablet task 93fbe559131f4ed0890427cb853c23c6 (table test-table [id=b7f89f9ec9c0479b9fed277cd873ba0e]) Alter Table RPC failed: Not found: Failed to reset TS proxy: No leader found: Tablet 93fbe559131f4ed0890427cb853c23c6 consensus state has no leader
I0902 17:01:25.424010 16804 catalog_manager.cc:2943] Scheduling retry of 93fbe559131f4ed0890427cb853c23c6 (table test-table [id=b7f89f9ec9c0479b9fed277cd873ba0e]) Alter Table RPC with a delay of 44 ms (attempt = 0)
W0902 17:01:25.424041 16804 catalog_manager.cc:2962] Async tablet task 93fbe559131f4ed0890427cb853c23c6 (table test-table [id=b7f89f9ec9c0479b9fed277cd873ba0e]) Alter Table RPC failed: Not found: Failed to reset TS proxy: No leader found: Tablet 93fbe559131f4ed0890427cb853c23c6 consensus state has no leader
I0902 17:01:25.433199 16806 catalog_manager.cc:2943] Scheduling retry of 93fbe559131f4ed0890427cb853c23c6 (table test-table [id=b7f89f9ec9c0479b9fed277cd873ba0e]) Alter Table RPC with a delay of 48 ms (attempt = 0)
W0902 17:01:25.433246 16806 catalog_manager.cc:2962] Async tablet task 93fbe559131f4ed0890427cb853c23c6 (table test-table [id=b7f89f9ec9c0479b9fed277cd873ba0e]) Alter Table RPC failed: Not found: Failed to reset TS proxy: No leader found: Tablet 93fbe559131f4ed0890427cb853c23c6 consensus state has no leader
I0902 17:01:25.434345 16806 catalog_manager.cc:2943] Scheduling retry of 93fbe559131f4ed0890427cb853c23c6 (table test-table [id=b7f89f9ec9c0479b9fed277cd873ba0e]) Alter Table RPC with a delay of 36 ms (attempt = 0)
W0902 17:01:25.434361 16806 catalog_manager.cc:2962] Async tablet task 93fbe559131f4ed0890427cb853c23c6 (table test-table [id=b7f89f9ec9c0479b9fed277cd873ba0e]) Alter Table RPC failed: Not found: Failed to reset TS proxy: No leader found: Tablet 93fbe559131f4ed0890427cb853c23c6 consensus state has no leader
I0902 17:01:25.436563 16807 catalog_manager.cc:2943] Scheduling retry of 93fbe559131f4ed0890427cb853c23c6 (table test-table [id=b7f89f9ec9c0479b9fed277cd873ba0e]) Alter Table RPC with a delay of 17 ms (attempt = 0)
W0902 17:01:25.436578 16807 catalog_manager.cc:2962] Async tablet task 93fbe559131f4ed0890427cb853c23c6 (table test-table [id=b7f89f9ec9c0479b9fed277cd873ba0e]) Alter Table RPC failed: Not found: Failed to reset TS proxy: No leader found: Tablet 93fbe559131f4ed0890427cb853c23c6 consensus state has no leader
I0902 17:01:25.440529 16806 catalog_manager.cc:2943] Scheduling retry of 93fbe559131f4ed0890427cb853c23c6 (table test-table [id=b7f89f9ec9c0479b9fed277cd873ba0e]) Alter Table RPC with a delay of 20 ms (attempt = 0)
W0902 17:01:25.440546 16806 catalog_manager.cc:2962] Async tablet task 93fbe559131f4ed0890427cb853c23c6 (table test-table [id=b7f89f9ec9c0479b9fed277cd873ba0e]) Alter Table RPC failed: Not found: Failed to reset TS proxy: No leader found: Tablet 93fbe559131f4ed0890427cb853c23c6 consensus state has no leader
I0902 17:01:25.441646 16663 maintenance_manager.cc:486] Time spent running UndoDeltaBlockGCOp(bc88948776204095ba3e800689fff6f3): real 0.000s user 0.000s sys 0.000s
I0902 17:01:25.441752 16663 maintenance_manager.cc:492] P d28f0f3b8d0e429484dbeeb2d41b7d50: UndoDeltaBlockGCOp(bc88948776204095ba3e800689fff6f3) metrics: {"cfile_init":1,"lbm_read_time_us":56,"lbm_reads_lt_1ms":4}
I0902 17:01:25.453876 16807 catalog_manager.cc:2943] Scheduling retry of 93fbe559131f4ed0890427cb853c23c6 (table test-table [id=b7f89f9ec9c0479b9fed277cd873ba0e]) Alter Table RPC with a delay of 20 ms (attempt = 0)
W0902 17:01:25.453907 16807 catalog_manager.cc:2962] Async tablet task 93fbe559131f4ed0890427cb853c23c6 (table test-table [id=b7f89f9ec9c0479b9fed277cd873ba0e]) Alter Table RPC failed: Not found: Failed to reset TS proxy: No leader found: Tablet 93fbe559131f4ed0890427cb853c23c6 consensus state has no leader
I0902 17:01:25.460825 16806 catalog_manager.cc:2943] Scheduling retry of 93fbe559131f4ed0890427cb853c23c6 (table test-table [id=b7f89f9ec9c0479b9fed277cd873ba0e]) Alter Table RPC with a delay of 41 ms (attempt = 0)
W0902 17:01:25.460847 16806 catalog_manager.cc:2962] Async tablet task 93fbe559131f4ed0890427cb853c23c6 (table test-table [id=b7f89f9ec9c0479b9fed277cd873ba0e]) Alter Table RPC failed: Not found: Failed to reset TS proxy: No leader found: Tablet 93fbe559131f4ed0890427cb853c23c6 consensus state has no leader
I0902 17:01:25.468080 16807 catalog_manager.cc:2943] Scheduling retry of 93fbe559131f4ed0890427cb853c23c6 (table test-table [id=b7f89f9ec9c0479b9fed277cd873ba0e]) Alter Table RPC with a delay of 49 ms (attempt = 0)
W0902 17:01:25.468097 16807 catalog_manager.cc:2962] Async tablet task 93fbe559131f4ed0890427cb853c23c6 (table test-table [id=b7f89f9ec9c0479b9fed277cd873ba0e]) Alter Table RPC failed: Not found: Failed to reset TS proxy: No leader found: Tablet 93fbe559131f4ed0890427cb853c23c6 consensus state has no leader
I0902 17:01:25.468348 16804 catalog_manager.cc:2943] Scheduling retry of 93fbe559131f4ed0890427cb853c23c6 (table test-table [id=b7f89f9ec9c0479b9fed277cd873ba0e]) Alter Table RPC with a delay of 56 ms (attempt = 0)
W0902 17:01:25.468364 16804 catalog_manager.cc:2962] Async tablet task 93fbe559131f4ed0890427cb853c23c6 (table test-table [id=b7f89f9ec9c0479b9fed277cd873ba0e]) Alter Table RPC failed: Not found: Failed to reset TS proxy: No leader found: Tablet 93fbe559131f4ed0890427cb853c23c6 consensus state has no leader
I0902 17:01:25.471000 16806 catalog_manager.cc:2943] Scheduling retry of 93fbe559131f4ed0890427cb853c23c6 (table test-table [id=b7f89f9ec9c0479b9fed277cd873ba0e]) Alter Table RPC with a delay of 31 ms (attempt = 0)
W0902 17:01:25.471014 16806 catalog_manager.cc:2962] Async tablet task 93fbe559131f4ed0890427cb853c23c6 (table test-table [id=b7f89f9ec9c0479b9fed277cd873ba0e]) Alter Table RPC failed: Not found: Failed to reset TS proxy: No leader found: Tablet 93fbe559131f4ed0890427cb853c23c6 consensus state has no leader
