I0902 17:01:23.204824 16673 tablet_metadata.cc:508] Not flushing: waiting for 1 pins to be released.
I0902 17:01:23.206156 16673 tablet_bootstrap.cc:433] T 7ab6f1a0b8d2430c933828f8da2892f6 P d28f0f3b8d0e429484dbeeb2d41b7d50: Bootstrap replayed 1/1 log segments. Stats: ops{read=147 overwritten=0 applied=147 ignored=77} inserts{seen=1 ignored=0} mutations{seen=57 ignored=0} orphaned_commits=0. Pending: 0 replicates
I0902 17:01:23.206426 16673 tablet_bootstrap.cc:433] T 7ab6f1a0b8d2430c933828f8da2892f6 P d28f0f3b8d0e429484dbeeb2d41b7d50: Bootstrap complete.
I0902 17:01:23.208271 16673 ts_tablet_manager.cc:818] T 7ab6f1a0b8d2430c933828f8da2892f6 P d28f0f3b8d0e429484dbeeb2d41b7d50: Time spent bootstrapping tablet: real 0.073s user 0.064s sys 0.008s
I0902 17:01:23.208688 16673 raft_consensus.cc:287] T 7ab6f1a0b8d2430c933828f8da2892f6 P d28f0f3b8d0e429484dbeeb2d41b7d50 [term 3 FOLLOWER]: Replica starting. Triggering 0 pending transactions. Active config: opid_index: -1 OBSOLETE_local: false peers { permanent_uuid: "d28f0f3b8d0e429484dbeeb2d41b7d50" member_type: VOTER last_known_addr { host: "127.58.208.1" port: 59914 } } peers { permanent_uuid: "475a466ec8b44f39bbf6b23f10ebe15b" member_type: VOTER last_known_addr { host: "127.58.208.2" port: 43231 } } peers { permanent_uuid: "81b89e30bd3e45e39b3bd3eca9d5f7c5" member_type: VOTER last_known_addr { host: "127.58.208.3" port: 42179 } }
I0902 17:01:23.208741 16673 raft_consensus.cc:576] T 7ab6f1a0b8d2430c933828f8da2892f6 P d28f0f3b8d0e429484dbeeb2d41b7d50 [term 3 FOLLOWER]: Becoming Follower/Learner. State: Replica: d28f0f3b8d0e429484dbeeb2d41b7d50, State: Initialized, Role: FOLLOWER
I0902 17:01:23.208776 16673 consensus_queue.cc:190] T 7ab6f1a0b8d2430c933828f8da2892f6 P d28f0f3b8d0e429484dbeeb2d41b7d50 [NON_LEADER]: Queue going to NON_LEADER mode. State: All replicated index: 0, Majority replicated index: 0, Committed index: 147, Last appended: 3.147, Last appended by leader: 147, Current term: 0, Majority size: -1, State: 0, Mode: NON_LEADER
I0902 17:01:23.208935 16673 ts_tablet_manager.cc:846] T 7ab6f1a0b8d2430c933828f8da2892f6 P d28f0f3b8d0e429484dbeeb2d41b7d50: Time spent starting tablet: real 0.001s user 0.000s sys 0.000s
I0902 17:01:23.208945 16781 heartbeater.cc:406] Master 127.58.208.254:35373 was elected leader, sending a full tablet report...
I0902 17:01:23.208973 16673 ts_tablet_manager.cc:793] T bc88948776204095ba3e800689fff6f3 P d28f0f3b8d0e429484dbeeb2d41b7d50: Bootstrapping tablet
I0902 17:01:23.209019 16673 tablet_bootstrap.cc:433] T bc88948776204095ba3e800689fff6f3 P d28f0f3b8d0e429484dbeeb2d41b7d50: Bootstrap starting.
I0902 17:01:23.220793 16673 tablet.cc:1115] T bc88948776204095ba3e800689fff6f3 P d28f0f3b8d0e429484dbeeb2d41b7d50: Alter schema from Schema [ 10:c564[int32 NOT NULL], 17:c875[int32 NULLABLE], 18:c335[int32 NOT NULL] ] version 0 to Schema [ 10:c564[int32 NOT NULL], 17:c875[int32 NULLABLE], 18:c335[int32 NOT NULL] ] version 10
I0902 17:01:23.220866 16673 tablet_metadata.cc:508] Not flushing: waiting for 1 pins to be released.
I0902 17:01:23.221140 16673 tablet.cc:1110] T bc88948776204095ba3e800689fff6f3 P d28f0f3b8d0e429484dbeeb2d41b7d50: Already running schema version 10 got alter request for version 10
I0902 17:01:23.221307 16673 tablet.cc:1110] T bc88948776204095ba3e800689fff6f3 P d28f0f3b8d0e429484dbeeb2d41b7d50: Already running schema version 10 got alter request for version 10
I0902 17:01:23.225042 16673 tablet.cc:1115] T bc88948776204095ba3e800689fff6f3 P d28f0f3b8d0e429484dbeeb2d41b7d50: Alter schema from Schema [ 10:c564[int32 NOT NULL], 17:c875[int32 NULLABLE], 18:c335[int32 NOT NULL] ] version 10 to Schema [ 10:c564[int32 NOT NULL], 17:c875[int32 NULLABLE], 18:c335[int32 NOT NULL], 19:c187[int32 NULLABLE], 20:c950[int32 NULLABLE] ] version 11
I0902 17:01:23.225229 16673 tablet.cc:1058] T bc88948776204095ba3e800689fff6f3 P d28f0f3b8d0e429484dbeeb2d41b7d50: MemRowSet was empty: no flush needed.
I0902 17:01:23.225257 16673 tablet_metadata.cc:508] Not flushing: waiting for 1 pins to be released.
I0902 17:01:23.233140 16673 tablet.cc:1115] T bc88948776204095ba3e800689fff6f3 P d28f0f3b8d0e429484dbeeb2d41b7d50: Alter schema from Schema [ 10:c564[int32 NOT NULL], 17:c875[int32 NULLABLE], 18:c335[int32 NOT NULL], 19:c187[int32 NULLABLE], 20:c950[int32 NULLABLE] ] version 11 to Schema [ 10:c564[int32 NOT NULL], 17:c875[int32 NULLABLE], 18:c335[int32 NOT NULL] ] version 12
I0902 17:01:23.233302 16673 tablet.cc:1058] T bc88948776204095ba3e800689fff6f3 P d28f0f3b8d0e429484dbeeb2d41b7d50: MemRowSet was empty: no flush needed.
I0902 17:01:23.233328 16673 tablet_metadata.cc:508] Not flushing: waiting for 1 pins to be released.
I0902 17:01:23.235721 16673 tablet.cc:1115] T bc88948776204095ba3e800689fff6f3 P d28f0f3b8d0e429484dbeeb2d41b7d50: Alter schema from Schema [ 10:c564[int32 NOT NULL], 17:c875[int32 NULLABLE], 18:c335[int32 NOT NULL] ] version 12 to Schema [ 10:c564[int32 NOT NULL], 18:c908[int32 NOT NULL], 21:c876[int32 NOT NULL] ] version 13
I0902 17:01:23.235918 16673 tablet.cc:1058] T bc88948776204095ba3e800689fff6f3 P d28f0f3b8d0e429484dbeeb2d41b7d50: MemRowSet was empty: no flush needed.
I0902 17:01:23.235946 16673 tablet_metadata.cc:508] Not flushing: waiting for 1 pins to be released.
I0902 17:01:23.242099 16673 tablet.cc:1115] T bc88948776204095ba3e800689fff6f3 P d28f0f3b8d0e429484dbeeb2d41b7d50: Alter schema from Schema [ 10:c564[int32 NOT NULL], 18:c908[int32 NOT NULL], 21:c876[int32 NOT NULL] ] version 13 to Schema [ 10:c602[int32 NOT NULL], 18:c908[int32 NOT NULL], 21:c190[int32 NOT NULL], 22:c50[int32 NOT NULL] ] version 14
I0902 17:01:23.242259 16673 tablet.cc:1058] T bc88948776204095ba3e800689fff6f3 P d28f0f3b8d0e429484dbeeb2d41b7d50: MemRowSet was empty: no flush needed.
I0902 17:01:23.242285 16673 tablet_metadata.cc:508] Not flushing: waiting for 1 pins to be released.
I0902 17:01:23.244668 16673 tablet.cc:1115] T bc88948776204095ba3e800689fff6f3 P d28f0f3b8d0e429484dbeeb2d41b7d50: Alter schema from Schema [ 10:c602[int32 NOT NULL], 18:c908[int32 NOT NULL], 21:c190[int32 NOT NULL], 22:c50[int32 NOT NULL] ] version 14 to Schema [ 10:c189[int32 NOT NULL], 18:c908[int32 NOT NULL], 21:c190[int32 NOT NULL], 22:c50[int32 NOT NULL] ] version 15
I0902 17:01:23.244832 16673 tablet.cc:1058] T bc88948776204095ba3e800689fff6f3 P d28f0f3b8d0e429484dbeeb2d41b7d50: MemRowSet was empty: no flush needed.
I0902 17:01:23.244858 16673 tablet_metadata.cc:508] Not flushing: waiting for 1 pins to be released.
I0902 17:01:23.245437 16673 tablet_bootstrap.cc:433] T bc88948776204095ba3e800689fff6f3 P d28f0f3b8d0e429484dbeeb2d41b7d50: Bootstrap replayed 1/1 log segments. Stats: ops{read=78 overwritten=0 applied=78 ignored=46} inserts{seen=1 ignored=0} mutations{seen=21 ignored=0} orphaned_commits=0. Pending: 0 replicates
I0902 17:01:23.245657 16673 tablet_bootstrap.cc:433] T bc88948776204095ba3e800689fff6f3 P d28f0f3b8d0e429484dbeeb2d41b7d50: Bootstrap complete.
I0902 17:01:23.247505 16673 ts_tablet_manager.cc:818] T bc88948776204095ba3e800689fff6f3 P d28f0f3b8d0e429484dbeeb2d41b7d50: Time spent bootstrapping tablet: real 0.038s user 0.036s sys 0.000s
I0902 17:01:23.247942 16673 raft_consensus.cc:287] T bc88948776204095ba3e800689fff6f3 P d28f0f3b8d0e429484dbeeb2d41b7d50 [term 2 FOLLOWER]: Replica starting. Triggering 0 pending transactions. Active config: opid_index: -1 OBSOLETE_local: false peers { permanent_uuid: "d28f0f3b8d0e429484dbeeb2d41b7d50" member_type: VOTER last_known_addr { host: "127.58.208.1" port: 59914 } } peers { permanent_uuid: "475a466ec8b44f39bbf6b23f10ebe15b" member_type: VOTER last_known_addr { host: "127.58.208.2" port: 43231 } } peers { permanent_uuid: "81b89e30bd3e45e39b3bd3eca9d5f7c5" member_type: VOTER last_known_addr { host: "127.58.208.3" port: 42179 } }
I0902 17:01:23.248000 16673 raft_consensus.cc:576] T bc88948776204095ba3e800689fff6f3 P d28f0f3b8d0e429484dbeeb2d41b7d50 [term 2 FOLLOWER]: Becoming Follower/Learner. State: Replica: d28f0f3b8d0e429484dbeeb2d41b7d50, State: Initialized, Role: FOLLOWER
I0902 17:01:23.248034 16673 consensus_queue.cc:190] T bc88948776204095ba3e800689fff6f3 P d28f0f3b8d0e429484dbeeb2d41b7d50 [NON_LEADER]: Queue going to NON_LEADER mode. State: All replicated index: 0, Majority replicated index: 0, Committed index: 78, Last appended: 2.78, Last appended by leader: 78, Current term: 0, Majority size: -1, State: 0, Mode: NON_LEADER
I0902 17:01:23.248179 16673 ts_tablet_manager.cc:846] T bc88948776204095ba3e800689fff6f3 P d28f0f3b8d0e429484dbeeb2d41b7d50: Time spent starting tablet: real 0.001s user 0.000s sys 0.000s
I0902 17:01:23.258399 15056 alter_table-randomized-test.cc:119] TS 0 Restarted
I0902 17:01:23.380925 15056 alter_table-randomized-test.cc:123] Restarting Master
I0902 17:01:23.380971 15056 external_mini_cluster.cc:959] Killing /tmp/run_tha_testdnoRja/build/debug/bin/kudu-master with pid 16172
W0902 17:01:23.384440 15061 connection.cc:511] client connection to 127.58.208.254:35373 recv error: Network error: failed to read from TLS socket: Connection reset by peer (error 104)
W0902 17:01:23.384483 16482 connection.cc:511] server connection from 127.0.0.1:44296 recv error: Network error: failed to read from TLS socket: Connection reset by peer (error 104)
W0902 17:01:23.384495 16669 connection.cc:511] client connection to 127.58.208.254:35373 recv error: Network error: failed to read from TLS socket: Connection reset by peer (error 104)
W0902 17:01:23.384554 16485 connection.cc:511] client connection to 127.58.208.254:35373 recv error: Network error: failed to read from TLS socket: Connection reset by peer (error 104)
W0902 17:01:23.384804 15504 connection.cc:511] client connection to 127.58.208.254:35373 recv error: Network error: failed to read from TLS socket: Connection reset by peer (error 104)
W0902 17:01:23.384990 16309 connection.cc:511] server connection from 127.0.0.1:34838 recv error: Network error: failed to read from TLS socket: Connection reset by peer (error 104)
I0902 17:01:23.385396 15056 external_mini_cluster.cc:767] Running /tmp/run_tha_testdnoRja/build/debug/bin/kudu-master /tmp/run_tha_testdnoRja/build/debug/bin/kudu-master --fs_wal_dir=/tmp/run_tha_testdnoRja/test-tmp/alter_table-randomized-test.AlterTableRandomized.TestRandomSequence.1504371669910680-15056/minicluster-data/master-0/wal --fs_data_dirs=/tmp/run_tha_testdnoRja/test-tmp/alter_table-randomized-test.AlterTableRandomized.TestRandomSequence.1504371669910680-15056/minicluster-data/master-0/data --webserver_interface=localhost --ipki_ca_key_size=1024 --tsk_num_rsa_bits=512 --rpc_bind_addresses=127.58.208.254:35373 --webserver_interface=127.58.208.254 --webserver_port=34314 --never_fsync --ipki_server_key_size=1024 --enable_minidumps=false --redact=flag --metrics_log_interval_ms=1000 --logtostderr --logbuflevel=-1 --log_dir=/tmp/run_tha_testdnoRja/test-tmp/alter_table-randomized-test.AlterTableRandomized.TestRandomSequence.1504371669910680-15056/minicluster-data/master-0/logs --server_dump_info_path=/tmp/run_tha_testdnoRja/test-tmp/alter_table-randomized-test.AlterTableRandomized.TestRandomSequence.1504371669910680-15056/minicluster-data/master-0/data/info.pb --server_dump_info_format=pb --rpc_server_allow_ephemeral_ports --unlock_experimental_flags --unlock_unsafe_flags with env {}
W0902 17:01:23.386235 16310 connection.cc:511] client connection to 127.58.208.254:35373 recv error: Network error: failed to read from TLS socket: Connection reset by peer (error 104)
I0902 17:01:23.411223 16663 maintenance_manager.cc:486] Time spent running UndoDeltaBlockGCOp(7ab6f1a0b8d2430c933828f8da2892f6): real 0.001s user 0.000s sys 0.000s
I0902 17:01:23.411324 16663 maintenance_manager.cc:492] P d28f0f3b8d0e429484dbeeb2d41b7d50: UndoDeltaBlockGCOp(7ab6f1a0b8d2430c933828f8da2892f6) metrics: {"cfile_init":8,"lbm_read_time_us":191,"lbm_reads_lt_1ms":32}
I0902 17:01:23.412009 16663 maintenance_manager.cc:486] Time spent running UndoDeltaBlockGCOp(bc88948776204095ba3e800689fff6f3): real 0.000s user 0.000s sys 0.000s
I0902 17:01:23.412073 16663 maintenance_manager.cc:492] P d28f0f3b8d0e429484dbeeb2d41b7d50: UndoDeltaBlockGCOp(bc88948776204095ba3e800689fff6f3) metrics: {"cfile_init":5,"lbm_read_time_us":122,"lbm_reads_lt_1ms":20}
I0902 17:01:23.412554 16663 tablet.cc:1546] T 7ab6f1a0b8d2430c933828f8da2892f6 P d28f0f3b8d0e429484dbeeb2d41b7d50: Compaction: stage 1 complete, picked 8 rowsets to compact
I0902 17:01:23.412570 16663 compaction.cc:902] Selected 8 rowsets to compact:
I0902 17:01:23.412577 16663 compaction.cc:905] RowSet(0)(current size on disk: ~4899 bytes)
I0902 17:01:23.412582 16663 compaction.cc:905] RowSet(1)(current size on disk: ~4975 bytes)
I0902 17:01:23.412585 16663 compaction.cc:905] RowSet(2)(current size on disk: ~5000 bytes)
I0902 17:01:23.412590 16663 compaction.cc:905] RowSet(3)(current size on disk: ~5216 bytes)
I0902 17:01:23.412596 16663 compaction.cc:905] RowSet(4)(current size on disk: ~5450 bytes)
I0902 17:01:23.412600 16663 compaction.cc:905] RowSet(5)(current size on disk: ~4810 bytes)
I0902 17:01:23.412603 16663 compaction.cc:905] RowSet(6)(current size on disk: ~5141 bytes)
I0902 17:01:23.412607 16663 compaction.cc:905] RowSet(7)(current size on disk: ~5178 bytes)
I0902 17:01:23.412652 16663 tablet.cc:1332] T 7ab6f1a0b8d2430c933828f8da2892f6 P d28f0f3b8d0e429484dbeeb2d41b7d50: Compaction: entering phase 1 (flushing snapshot). Phase 1 snapshot: MvccSnapshot[committed={T|T < 6161906415046066176 or (T in {6161906415046066176})}]
I0902 17:01:23.413769 16663 multi_column_writer.cc:103] Opened CFile writers for 4 column(s)
I0902 17:01:23.419622 16663 tablet.cc:1417] T 7ab6f1a0b8d2430c933828f8da2892f6 P d28f0f3b8d0e429484dbeeb2d41b7d50: Compaction: entering phase 2 (starting to duplicate updates in new rowsets)
I0902 17:01:23.419704 16663 tablet.cc:1472] T 7ab6f1a0b8d2430c933828f8da2892f6 P d28f0f3b8d0e429484dbeeb2d41b7d50: Compaction Phase 2: carrying over any updates which arrived during Phase 1
I0902 17:01:23.419721 16663 tablet.cc:1474] T 7ab6f1a0b8d2430c933828f8da2892f6 P d28f0f3b8d0e429484dbeeb2d41b7d50: Phase 2 snapshot: MvccSnapshot[committed={T|T < 6161906415046066176 or (T in {6161906415046066176})}] WARNING: Logging before InitGoogleLogging() is written to STDERR
W0902 17:01:23.422582 16796 flags.cc:395] Enabled unsafe flag: --rpc_server_allow_ephemeral_ports=true
W0902 17:01:23.422734 16796 flags.cc:395] Enabled unsafe flag: --never_fsync=true
W0902 17:01:23.423488 16796 flags.cc:395] Enabled experimental flag: --ipki_ca_key_size=1024
W0902 17:01:23.423503 16796 flags.cc:395] Enabled experimental flag: --ipki_server_key_size=1024
W0902 17:01:23.423511 16796 flags.cc:395] Enabled experimental flag: --tsk_num_rsa_bits=512
I0902 17:01:23.424047 16663 tablet.cc:1516] T 7ab6f1a0b8d2430c933828f8da2892f6 P d28f0f3b8d0e429484dbeeb2d41b7d50: Compaction successful on 54 rows (5530 bytes)
I0902 17:01:23.424553 16663 maintenance_manager.cc:486] Time spent running CompactRowSetsOp(7ab6f1a0b8d2430c933828f8da2892f6): real 0.012s user 0.008s sys 0.004s
I0902 17:01:23.424633 16663 maintenance_manager.cc:492] P d28f0f3b8d0e429484dbeeb2d41b7d50: CompactRowSetsOp(7ab6f1a0b8d2430c933828f8da2892f6) metrics: {"cfile_cache_hit":60,"cfile_cache_hit_bytes":2597,"cfile_cache_miss":72,"cfile_cache_miss_bytes":4447,"cfile_init":13,"data dir 0.queue_time_us":43,"delta_iterators_relevant":28,"lbm_read_time_us":728,"lbm_reads_lt_1ms":124,"lbm_write_time_us":673,"lbm_writes_lt_1ms":29}
I0902 17:01:23.424921 16796 master_main.cc:66] Master server non-default flags: --fs_data_dirs=/tmp/run_tha_testdnoRja/test-tmp/alter_table-randomized-test.AlterTableRandomized.TestRandomSequence.1504371669910680-15056/minicluster-data/master-0/data --fs_wal_dir=/tmp/run_tha_testdnoRja/test-tmp/alter_table-randomized-test.AlterTableRandomized.TestRandomSequence.1504371669910680-15056/minicluster-data/master-0/wal --ipki_ca_key_size=1024 --ipki_server_key_size=1024 --tsk_num_rsa_bits=512 --rpc_bind_addresses=127.58.208.254:35373 --rpc_server_allow_ephemeral_ports=true --metrics_log_interval_ms=1000 --server_dump_info_format=pb --server_dump_info_path=/tmp/run_tha_testdnoRja/test-tmp/alter_table-randomized-test.AlterTableRandomized.TestRandomSequence.1504371669910680-15056/minicluster-data/master-0/data/info.pb --webserver_interface=127.58.208.254 --webserver_port=34314 --never_fsync=true --heap_profile_path=/tmp/kudu-master.16796 --redact=flag --unlock_experimental_flags=true --unlock_unsafe_flags=true --enable_minidumps=false --log_dir=/tmp/run_tha_testdnoRja/test-tmp/alter_table-randomized-test.AlterTableRandomized.TestRandomSequence.1504371669910680-15056/minicluster-data/master-0/logs --logbuflevel=-1 --logtostderr=true Master server version: kudu 1.6.0-SNAPSHOT revision 6e33286f595b7754377398ab85b18a953fabe7f9 build type DEBUG built by adar at 02 Sep 2017 09:50:52 PST on ve0518.halxg.cloudera.com
I0902 17:01:23.425279 16663 tablet.cc:1546] T bc88948776204095ba3e800689fff6f3 P d28f0f3b8d0e429484dbeeb2d41b7d50: Compaction: stage 1 complete, picked 5 rowsets to compact
I0902 17:01:23.425295 16663 compaction.cc:902] Selected 5 rowsets to compact:
I0902 17:01:23.425305 16663 compaction.cc:905] RowSet(0)(current size on disk: ~5444 bytes)
I0902 17:01:23.425312 16663 compaction.cc:905] RowSet(1)(current size on disk: ~5223 bytes)
I0902 17:01:23.425317 16663 compaction.cc:905] RowSet(2)(current size on disk: ~4825 bytes)
I0902 17:01:23.425325 16663 compaction.cc:905] RowSet(3)(current size on disk: ~5239 bytes)
I0902 17:01:23.425330 16663 compaction.cc:905] RowSet(4)(current size on disk: ~4965 bytes)
I0902 17:01:23.425348 16663 tablet.cc:1332] T bc88948776204095ba3e800689fff6f3 P d28f0f3b8d0e429484dbeeb2d41b7d50: Compaction: entering phase 1 (flushing snapshot). Phase 1 snapshot: MvccSnapshot[committed={T|T < 6161906415120310272 or (T in {6161906415120310272})}]
I0902 17:01:23.426072 16663 multi_column_writer.cc:103] Opened CFile writers for 4 column(s)
I0902 17:01:23.429700 16796 master_main.cc:73] Initializing master server...
I0902 17:01:23.430162 16796 system_ntp.cc:104] NTP initialized. Resolution in nanos?: 1 Skew PPM: 500 Current error: 1160513
I0902 17:01:23.431880 16663 tablet.cc:1417] T bc88948776204095ba3e800689fff6f3 P d28f0f3b8d0e429484dbeeb2d41b7d50: Compaction: entering phase 2 (starting to duplicate updates in new rowsets)
I0902 17:01:23.431963 16663 tablet.cc:1472] T bc88948776204095ba3e800689fff6f3 P d28f0f3b8d0e429484dbeeb2d41b7d50: Compaction Phase 2: carrying over any updates which arrived during Phase 1
I0902 17:01:23.431985 16663 tablet.cc:1474] T bc88948776204095ba3e800689fff6f3 P d28f0f3b8d0e429484dbeeb2d41b7d50: Phase 2 snapshot: MvccSnapshot[committed={T|T < 6161906415120310272 or (T in {6161906415120310272})}]
I0902 17:01:23.434433 16796 fs_manager.cc:323] Time spent opening directory manager: real 0.002s user 0.000s sys 0.000s
I0902 17:01:23.434579 16796 env_posix.cc:1590] Not raising process file limit of 65536; it is already as high as it can go
I0902 17:01:23.434727 16796 file_cache.cc:469] Constructed file cache lbm with capacity 26214
I0902 17:01:23.435317 16663 tablet.cc:1516] T bc88948776204095ba3e800689fff6f3 P d28f0f3b8d0e429484dbeeb2d41b7d50: Compaction successful on 31 rows (5154 bytes)
I0902 17:01:23.435662 16663 maintenance_manager.cc:486] Time spent running CompactRowSetsOp(bc88948776204095ba3e800689fff6f3): real 0.011s user 0.008s sys 0.000s
I0902 17:01:23.435765 16663 maintenance_manager.cc:492] P d28f0f3b8d0e429484dbeeb2d41b7d50: CompactRowSetsOp(bc88948776204095ba3e800689fff6f3) metrics: {"cfile_cache_hit":40,"cfile_cache_hit_bytes":1718,"cfile_cache_miss":52,"cfile_cache_miss_bytes":3188,"cfile_init":11,"delta_iterators_relevant":16,"lbm_read_time_us":674,"lbm_reads_lt_1ms":96,"lbm_write_time_us":1238,"lbm_writes_lt_1ms":29}
I0902 17:01:23.436199 16663 maintenance_manager.cc:486] Time spent running UndoDeltaBlockGCOp(7ab6f1a0b8d2430c933828f8da2892f6): real 0.000s user 0.000s sys 0.000s
I0902 17:01:23.436260 16663 maintenance_manager.cc:492] P d28f0f3b8d0e429484dbeeb2d41b7d50: UndoDeltaBlockGCOp(7ab6f1a0b8d2430c933828f8da2892f6) metrics: {"cfile_init":1,"lbm_read_time_us":33,"lbm_reads_lt_1ms":4}
I0902 17:01:23.436619 16663 maintenance_manager.cc:486] Time spent running UndoDeltaBlockGCOp(bc88948776204095ba3e800689fff6f3): real 0.000s user 0.000s sys 0.000s
I0902 17:01:23.436671 16663 maintenance_manager.cc:492] P d28f0f3b8d0e429484dbeeb2d41b7d50: UndoDeltaBlockGCOp(bc88948776204095ba3e800689fff6f3) metrics: {"cfile_init":1,"lbm_read_time_us":31,"lbm_reads_lt_1ms":4}
I0902 17:01:23.437573 16796 fs_manager.cc:335] Time spent opening block manager: real 0.001s user 0.004s sys 0.000s
I0902 17:01:23.438076 16796 fs_manager.cc:348] Opened local filesystem: /tmp/run_tha_testdnoRja/test-tmp/alter_table-randomized-test.AlterTableRandomized.TestRandomSequence.1504371669910680-15056/minicluster-data/master-0/data,/tmp/run_tha_testdnoRja/test-tmp/alter_table-randomized-test.AlterTableRandomized.TestRandomSequence.1504371669910680-15056/minicluster-data/master-0/wal uuid: "b004b3046b584f37925df45eda899ff0" format_stamp: "Formatted at 2017-09-02 17:01:09 on dist-test-slave-dist-test-slave-hk29"
I0902 17:01:23.438169 16796 fs_report.cc:347] Block manager report -------------------- 1 data directories: /tmp/run_tha_testdnoRja/test-tmp/alter_table-randomized-test.AlterTableRandomized.TestRandomSequence.1504371669910680-15056/minicluster-data/master-0/data/data Total live blocks: 0 Total live bytes: 0 Total live bytes (after alignment): 0 Total number of LBM containers: 0 (0 full) Did not check for missing blocks Did not check for orphaned blocks Total full LBM containers with extra space: 0 (0 repaired) Total full LBM container extra space in bytes: 0 (0 repaired) Total incomplete LBM containers: 0 (0 repaired) Total LBM partial records: 0 (0 repaired)
I0902 17:01:23.489136 16796 master_main.cc:76] Starting Master server...
I0902 17:01:23.489369 16811 process_memory.cc:181] Process hard memory limit is 11.777661 GB
I0902 17:01:23.489400 16811 process_memory.cc:183] Process soft memory limit is 9.422129 GB
I0902 17:01:23.489416 16811 process_memory.cc:186] Process memory pressure threshold is 7.066597 GB
I0902 17:01:23.494729 16796 rpc_server.cc:192] RPC server started. Bound to: 127.58.208.254:35373
I0902 17:01:23.494997 16796 webserver.cc:149] Starting webserver on 127.58.208.254:34314
I0902 17:01:23.495009 16796 webserver.cc:160] Document root disabled
I0902 17:01:23.495323 16796 webserver.cc:282] Webserver started. Bound to: http://127.58.208.254:34314/
I0902 17:01:23.495789 16796 server_base.cc:372] Dumped server information to /tmp/run_tha_testdnoRja/test-tmp/alter_table-randomized-test.AlterTableRandomized.TestRandomSequence.1504371669910680-15056/minicluster-data/master-0/data/info.pb
I0902 17:01:23.498772 15056 external_mini_cluster.cc:829] Started /tmp/run_tha_testdnoRja/build/debug/bin/kudu-master as pid 16796
I0902 17:01:23.500063 16855 tablet_bootstrap.cc:433] T 00000000000000000000000000000000 P b004b3046b584f37925df45eda899ff0: Bootstrap starting.
I0902 17:01:23.513353 16855 log.cc:518] T 00000000000000000000000000000000 P b004b3046b584f37925df45eda899ff0: Log is configured to *not* fsync() on all Append() calls
I0902 17:01:23.549501 16855 tablet_bootstrap.cc:433] T 00000000000000000000000000000000 P b004b3046b584f37925df45eda899ff0: Bootstrap replayed 1/1 log segments. Stats: ops{read=91 overwritten=0 applied=91 ignored=2} inserts{seen=22 ignored=0} mutations{seen=103 ignored=0} orphaned_commits=0. Pending: 0 replicates
I0902 17:01:23.549796 16855 tablet_bootstrap.cc:433] T 00000000000000000000000000000000 P b004b3046b584f37925df45eda899ff0: Bootstrap complete.
I0902 17:01:23.552070 16855 raft_consensus.cc:287] T 00000000000000000000000000000000 P b004b3046b584f37925df45eda899ff0 [term 2 FOLLOWER]: Replica starting. Triggering 0 pending transactions. Active config: opid_index: -1 OBSOLETE_local: true peers { permanent_uuid: "b004b3046b584f37925df45eda899ff0" member_type: VOTER }
I0902 17:01:23.552278 16855 raft_consensus.cc:576] T 00000000000000000000000000000000 P b004b3046b584f37925df45eda899ff0 [term 2 FOLLOWER]: Becoming Follower/Learner. State: Replica: b004b3046b584f37925df45eda899ff0, State: Initialized, Role: FOLLOWER
I0902 17:01:23.552348 16855 consensus_queue.cc:190] T 00000000000000000000000000000000 P b004b3046b584f37925df45eda899ff0 [NON_LEADER]: Queue going to NON_LEADER mode. State: All replicated index: 0, Majority replicated index: 0, Committed index: 91, Last appended: 2.91, Last appended by leader: 91, Current term: 0, Majority size: -1, State: 0, Mode: NON_LEADER
I0902 17:01:23.552395 16855 raft_consensus.cc:328] T 00000000000000000000000000000000 P b004b3046b584f37925df45eda899ff0 [term 2 FOLLOWER]: Only one voter in the Raft config. Triggering election immediately
I0902 17:01:23.552428 16855 raft_consensus.cc:412] T 00000000000000000000000000000000 P b004b3046b584f37925df45eda899ff0 [term 2 FOLLOWER]: Starting leader election (initial election of a single-replica configuration)
I0902 17:01:23.552484 16855 raft_consensus.cc:2456] T 00000000000000000000000000000000 P b004b3046b584f37925df45eda899ff0: Snoozing failure detection for 2.197s (starting election)
I0902 17:01:23.552505 16855 raft_consensus.cc:2508] T 00000000000000000000000000000000 P b004b3046b584f37925df45eda899ff0 [term 2 FOLLOWER]: Advancing to term 3
I0902 17:01:23.553906 16855 raft_consensus.cc:434] T 00000000000000000000000000000000 P b004b3046b584f37925df45eda899ff0 [term 3 FOLLOWER]: Starting leader election with config: opid_index: -1 OBSOLETE_local: true peers { permanent_uuid: "b004b3046b584f37925df45eda899ff0" member_type: VOTER }
I0902 17:01:23.554188 16855 leader_election.cc:248] T 00000000000000000000000000000000 P b004b3046b584f37925df45eda899ff0 [CANDIDATE]: Term 3 election: Election decided. Result: candidate won.
I0902 17:01:23.554615 16858 raft_consensus.cc:2456] T 00000000000000000000000000000000 P b004b3046b584f37925df45eda899ff0: Snoozing failure detection for 2.190s (election complete)
I0902 17:01:23.554648 16858 raft_consensus.cc:2280] T 00000000000000000000000000000000 P b004b3046b584f37925df45eda899ff0 [term 3 FOLLOWER]: Leader election won for term 3
I0902 17:01:23.554957 16858 raft_consensus.cc:542] T 00000000000000000000000000000000 P b004b3046b584f37925df45eda899ff0 [term 3 LEADER]: Becoming Leader. State: Replica: b004b3046b584f37925df45eda899ff0, State: Running, Role: LEADER
I0902 17:01:23.555079 16858 consensus_queue.cc:169] T 00000000000000000000000000000000 P b004b3046b584f37925df45eda899ff0 [LEADER]: Queue going to LEADER mode. State: All replicated index: 0, Majority replicated index: 91, Committed index: 91, Last appended: 2.91, Last appended by leader: 91, Current term: 3, Majority size: 1, State: 0, Mode: LEADER, active raft config: opid_index: -1 OBSOLETE_local: true peers { permanent_uuid: "b004b3046b584f37925df45eda899ff0" member_type: VOTER }
I0902 17:01:23.556825 16855 sys_catalog.cc:319] T 00000000000000000000000000000000 P b004b3046b584f37925df45eda899ff0 [sys.catalog]: SysCatalogTable state changed. Reason: Started TabletReplica. Latest consensus state: current_term: 3 leader_uuid: "b004b3046b584f37925df45eda899ff0" committed_config { opid_index: -1 OBSOLETE_local: true peers { permanent_uuid: "b004b3046b584f37925df45eda899ff0" member_type: VOTER } }
I0902 17:01:23.556845 16855 sys_catalog.cc:322] T 00000000000000000000000000000000 P b004b3046b584f37925df45eda899ff0 [sys.catalog]: This master's current role is: LEADER
I0902 17:01:23.556882 16859 sys_catalog.cc:319] T 00000000000000000000000000000000 P b004b3046b584f37925df45eda899ff0 [sys.catalog]: SysCatalogTable state changed. Reason: RaftConsensus started. Latest consensus state: current_term: 3 leader_uuid: "b004b3046b584f37925df45eda899ff0" committed_config { opid_index: -1 OBSOLETE_local: true peers { permanent_uuid: "b004b3046b584f37925df45eda899ff0" member_type: VOTER } }
I0902 17:01:23.556901 16859 sys_catalog.cc:322] T 00000000000000000000000000000000 P b004b3046b584f37925df45eda899ff0 [sys.catalog]: This master's current role is: LEADER
I0902 17:01:23.556979 16860 sys_catalog.cc:319] T 00000000000000000000000000000000 P b004b3046b584f37925df45eda899ff0 [sys.catalog]: SysCatalogTable state changed. Reason: New leader b004b3046b584f37925df45eda899ff0. Latest consensus state: current_term: 3 leader_uuid: "b004b3046b584f37925df45eda899ff0" committed_config { opid_index: -1 OBSOLETE_local: true peers { permanent_uuid: "b004b3046b584f37925df45eda899ff0" member_type: VOTER } }
I0902 17:01:23.557502 16855 sys_catalog.cc:406] T 00000000000000000000000000000000 P b004b3046b584f37925df45eda899ff0 [sys.catalog]: configured and running, proceeding with master startup.
I0902 17:01:23.557554 16860 sys_catalog.cc:322] T 00000000000000000000000000000000 P b004b3046b584f37925df45eda899ff0 [sys.catalog]: This master's current role is: LEADER
I0902 17:01:23.557605 16862 catalog_manager.cc:1045] Loading table and tablet metadata into memory...
I0902 17:01:23.557710 16863 catalog_manager.cc:490] Waiting for catalog manager background task thread to start: Service unavailable: Catalog manager is not initialized. State: 1
I0902 17:01:23.557936 16796 master_main.cc:79] Master server successfully started.
I0902 17:01:23.560118 16862 catalog_manager.cc:304] Loaded metadata for table test-table [id=b7f89f9ec9c0479b9fed277cd873ba0e]
I0902 17:01:23.561190 16862 catalog_manager.cc:355] Loaded metadata for tablet 72aff43a768841bb91a3e3630747b057 (table test-table [id=b7f89f9ec9c0479b9fed277cd873ba0e])
I0902 17:01:23.561302 16862 catalog_manager.cc:355] Loaded metadata for tablet 7ab6f1a0b8d2430c933828f8da2892f6 (table test-table [id=b7f89f9ec9c0479b9fed277cd873ba0e])
I0902 17:01:23.561585 16862 catalog_manager.cc:355] Loaded metadata for tablet bc88948776204095ba3e800689fff6f3 (table test-table [id=b7f89f9ec9c0479b9fed277cd873ba0e])
I0902 17:01:23.561841 16862 catalog_manager.cc:1056] Initializing Kudu internal certificate authority...
I0902 17:01:23.563710 16862 catalog_manager.cc:1065] Loading token signing keys...
I0902 17:01:23.564424 16862 catalog_manager.cc:3615] T 00000000000000000000000000000000 P b004b3046b584f37925df45eda899ff0: Loaded TSK: 0
I0902 17:01:23.929428 16822 master_service.cc:160] Got heartbeat from unknown tserver (permanent_uuid: "475a466ec8b44f39bbf6b23f10ebe15b" instance_seqno: 1504371679808843) as {username='slave'} at 127.58.208.2:42818; Asking this server to re-register.
I0902 17:01:23.929795 16422 heartbeater.cc:387] Registering TS with master...
I0902 17:01:23.929898 16422 heartbeater.cc:414] Master 127.58.208.254:35373 requested a full tablet report, sending...
I0902 17:01:23.930677 16822 ts_manager.cc:81] Registered new tserver with Master: 475a466ec8b44f39bbf6b23f10ebe15b (127.58.208.2:43231)
I0902 17:01:23.962239 16822 master_service.cc:160] Got heartbeat from unknown tserver (permanent_uuid: "81b89e30bd3e45e39b3bd3eca9d5f7c5" instance_seqno: 1504371681522470) as {username='slave'} at 127.58.208.3:59003; Asking this server to re-register.
I0902 17:01:23.962544 16597 heartbeater.cc:387] Registering TS with master...
I0902 17:01:23.962633 16597 heartbeater.cc:414] Master 127.58.208.254:35373 requested a full tablet report, sending...
I0902 17:01:23.963162 16822 ts_manager.cc:81] Registered new tserver with Master: 81b89e30bd3e45e39b3bd3eca9d5f7c5 (127.58.208.3:42179)
I0902 17:01:24.305594 16822 master_service.cc:160] Got heartbeat from unknown tserver (permanent_uuid: "d28f0f3b8d0e429484dbeeb2d41b7d50" instance_seqno: 1504371683135336) as {username='slave'} at 127.58.208.1:51266; Asking this server to re-register.
I0902 17:01:24.305894 16781 heartbeater.cc:387] Registering TS with master...
I0902 17:01:24.305989 16781 heartbeater.cc:414] Master 127.58.208.254:35373 requested a full tablet report, sending...
I0902 17:01:24.306581 16822 ts_manager.cc:81] Registered new tserver with Master: d28f0f3b8d0e429484dbeeb2d41b7d50 (127.58.208.1:59914)
I0902 17:01:24.307482 15056 external_mini_cluster.cc:468] 3 TS(s) registered with all masters
I0902 17:01:24.307503 15056 alter_table-randomized-test.cc:128] Master Restarted
I0902 17:01:24.581939 15056 alter_table-randomized-test.cc:436] Beginning Alterations
I0902 17:01:24.582773 15056 alter_table-randomized-test.cc:504] Renaming column c908 to c806
I0902 17:01:24.582834 15056 alter_table-randomized-test.cc:504] Renaming column c50 to c527
I0902 17:01:24.582861 15056 alter_table-randomized-test.cc:495] Dropping column c806, existing columns: c189, c806, c190, c527
I0902 17:01:24.582913 15056 alter_table-randomized-test.cc:550] Adding range partition: [536870904, 603979767) resulting partitions: (268435452, 335544315], (536870904, 603979767], (1677721575, 1744830438], (1879048164, 1946157027)
I0902 17:01:24.582945 15056 alter_table-randomized-test.cc:511] Renaming PrimaryKey column c189 to c353
I0902 17:01:24.582986 15056 alter_table-randomized-test.cc:511] Renaming PrimaryKey column c353 to c613
I0902 17:01:24.583004 15056 alter_table-randomized-test.cc:468] Committing Alterations
I0902 17:01:24.583753 16822 catalog_manager.cc:1946] Servicing AlterTable request from {username='slave'} at 127.0.0.1:43648: table { table_name: "test-table" } alter_schema_steps { type: RENAME_COLUMN rename_column { old_name: "c908" new_name: "c806" } } alter_schema_steps { type: RENAME_COLUMN rename_column { old_name: "c50" new_name: "c527" } } alter_schema_steps { type: DROP_COLUMN drop_column { name: "c806" } } alter_schema_steps { type: ADD_RANGE_PARTITION add_range_partition { range_bounds { rows: "\010\001\367\377\377\037\007\001\367\377\377#" } } } alter_schema_steps { type: RENAME_COLUMN rename_column { old_name: "c189" new_name: "c353" } } alter_schema_steps { type: RENAME_COLUMN rename_column { old_name: "c353" new_name: "c613" } } schema { columns { name: "c189" type: INT32 is_key: true is_nullable: false encoding: AUTO_ENCODING compression: DEFAULT_COMPRESSION cfile_block_size: 0 } columns { name: "c908" type: INT32 is_key: false is_nullable: false read_default_value: "\313j\233d" encoding: AUTO_ENCODING compression: NO_COMPRESSION cfile_block_size: 0 } columns { name: "c190" type: INT32 is_key: false is_nullable: false read_default_value: "4[\\1" encoding: AUTO_ENCODING compression: DEFAULT_COMPRESSION cfile_block_size: 0 } columns { name: "c50" type: INT32 is_key: false is_nullable: false read_default_value: "\354p7~" encoding: AUTO_ENCODING compression: DEFAULT_COMPRESSION cfile_block_size: 0 } }
I0902 17:01:24.589390 16822 catalog_manager.cc:2943] Scheduling retry of 3eb08c0df9474052acfe30a60cf791a1 (table test-table [id=b7f89f9ec9c0479b9fed277cd873ba0e]) Alter Table RPC with a delay of 18 ms (attempt = 0)
W0902 17:01:24.589437 16822 catalog_manager.cc:3482] Failed to send alter table request: Not found: Failed to reset TS proxy: No leader found: Tablet 3eb08c0df9474052acfe30a60cf791a1 has no consensus state
I0902 17:01:24.595208 16354 tablet_service.cc:764] Processing CreateTablet for tablet 3eb08c0df9474052acfe30a60cf791a1 (table=test-table [id=b7f89f9ec9c0479b9fed277cd873ba0e]), partition=RANGE (c613) PARTITION 536870904 <= VALUES < 603979767
I0902 17:01:24.595785 16717 tablet_service.cc:764] Processing CreateTablet for tablet 3eb08c0df9474052acfe30a60cf791a1 (table=test-table [id=b7f89f9ec9c0479b9fed277cd873ba0e]), partition=RANGE (c613) PARTITION 536870904 <= VALUES < 603979767
I0902 17:01:24.597239 16354 ts_tablet_manager.cc:943] T 3eb08c0df9474052acfe30a60cf791a1 P 475a466ec8b44f39bbf6b23f10ebe15b: Registered tablet (data state: TABLET_DATA_READY)
I0902 17:01:24.597532 16890 ts_tablet_manager.cc:793] T 3eb08c0df9474052acfe30a60cf791a1 P 475a466ec8b44f39bbf6b23f10ebe15b: Bootstrapping tablet
I0902 17:01:24.597630 16890 tablet_bootstrap.cc:433] T 3eb08c0df9474052acfe30a60cf791a1 P 475a466ec8b44f39bbf6b23f10ebe15b: Bootstrap starting.
I0902 17:01:24.597682 16717 ts_tablet_manager.cc:943] T 3eb08c0df9474052acfe30a60cf791a1 P d28f0f3b8d0e429484dbeeb2d41b7d50: Registered tablet (data state: TABLET_DATA_READY)
I0902 17:01:24.599453 16892 ts_tablet_manager.cc:793] T 3eb08c0df9474052acfe30a60cf791a1 P d28f0f3b8d0e429484dbeeb2d41b7d50: Bootstrapping tablet
I0902 17:01:24.599671 16892 tablet_bootstrap.cc:433] T 3eb08c0df9474052acfe30a60cf791a1 P d28f0f3b8d0e429484dbeeb2d41b7d50: Bootstrap starting.
I0902 17:01:24.601310 16874 tablet.cc:1115] T 7ab6f1a0b8d2430c933828f8da2892f6 P 475a466ec8b44f39bbf6b23f10ebe15b: Alter schema from Schema [ 10:c189[int32 NOT NULL], 18:c908[int32 NOT NULL], 21:c190[int32 NOT NULL], 22:c50[int32 NOT NULL] ] version 15 to Schema [ 10:c613[int32 NOT NULL], 21:c190[int32 NOT NULL], 22:c527[int32 NOT NULL] ] version 16
I0902 17:01:24.601387 16894 tablet.cc:1115] T 72aff43a768841bb91a3e3630747b057 P 475a466ec8b44f39bbf6b23f10ebe15b: Alter schema from Schema [ 10:c189[int32 NOT NULL], 18:c908[int32 NOT NULL], 21:c190[int32 NOT NULL], 22:c50[int32 NOT NULL] ] version 15 to Schema [ 10:c613[int32 NOT NULL], 21:c190[int32 NOT NULL], 22:c527[int32 NOT NULL] ] version 16
I0902 17:01:24.601538 16890 tablet_bootstrap.cc:568] T 3eb08c0df9474052acfe30a60cf791a1 P 475a466ec8b44f39bbf6b23f10ebe15b: No blocks or log segments found. Creating new log.
I0902 17:01:24.601572 16874 tablet.cc:1067] T 7ab6f1a0b8d2430c933828f8da2892f6 P 475a466ec8b44f39bbf6b23f10ebe15b: Flush: entering stage 1 (old memrowset already frozen for inserts)
I0902 17:01:24.601591 16874 compaction.cc:902] Selected 1 rowsets to compact:
I0902 17:01:24.601596 16874 compaction.cc:905] memrowset(current size on disk: ~0 bytes)
I0902 17:01:24.601608 16874 tablet.cc:1069] T 7ab6f1a0b8d2430c933828f8da2892f6 P 475a466ec8b44f39bbf6b23f10ebe15b: Memstore in-memory size: 3751 bytes
I0902 17:01:24.601627 16874 tablet.cc:1332] T 7ab6f1a0b8d2430c933828f8da2892f6 P 475a466ec8b44f39bbf6b23f10ebe15b: Flush: entering phase 1 (flushing snapshot). Phase 1 snapshot: MvccSnapshot[committed={T|T < 6161906420112719872}]
I0902 17:01:24.601797 16894 tablet.cc:1067] T 72aff43a768841bb91a3e3630747b057 P 475a466ec8b44f39bbf6b23f10ebe15b: Flush: entering stage 1 (old memrowset already frozen for inserts)
I0902 17:01:24.601835 16894 compaction.cc:902] Selected 1 rowsets to compact:
I0902 17:01:24.601853 16894 compaction.cc:905] memrowset(current size on disk: ~0 bytes)
I0902 17:01:24.601873 16894 tablet.cc:1069] T 72aff43a768841bb91a3e3630747b057 P 475a466ec8b44f39bbf6b23f10ebe15b: Memstore in-memory size: 1759 bytes
I0902 17:01:24.601910 16894 tablet.cc:1332] T 72aff43a768841bb91a3e3630747b057 P 475a466ec8b44f39bbf6b23f10ebe15b: Flush: entering phase 1 (flushing snapshot). Phase 1 snapshot: MvccSnapshot[committed={T|T < 6161906420112809984}]
I0902 17:01:24.601958 16533 tablet_service.cc:764] Processing CreateTablet for tablet 3eb08c0df9474052acfe30a60cf791a1 (table=test-table [id=b7f89f9ec9c0479b9fed277cd873ba0e]), partition=RANGE (c613) PARTITION 536870904 <= VALUES < 603979767
I0902 17:01:24.602705 16875 tablet.cc:1115] T 7ab6f1a0b8d2430c933828f8da2892f6 P 81b89e30bd3e45e39b3bd3eca9d5f7c5: Alter schema from Schema [ 10:c189[int32 NOT NULL], 18:c908[int32 NOT NULL], 21:c190[int32 NOT NULL], 22:c50[int32 NOT NULL] ] version 15 to Schema [ 10:c613[int32 NOT NULL], 21:c190[int32 NOT NULL], 22:c527[int32 NOT NULL] ] version 16
I0902 17:01:24.602730 16878 tablet.cc:1115] T 72aff43a768841bb91a3e3630747b057 P 81b89e30bd3e45e39b3bd3eca9d5f7c5: Alter schema from Schema [ 10:c189[int32 NOT NULL], 18:c908[int32 NOT NULL], 21:c190[int32 NOT NULL], 22:c50[int32 NOT NULL] ] version 15 to Schema [ 10:c613[int32 NOT NULL], 21:c190[int32 NOT NULL], 22:c527[int32 NOT NULL] ] version 16
I0902 17:01:24.602944 16875 tablet.cc:1067] T 7ab6f1a0b8d2430c933828f8da2892f6 P 81b89e30bd3e45e39b3bd3eca9d5f7c5: Flush: entering stage 1 (old memrowset already frozen for inserts)
I0902 17:01:24.602957 16875 compaction.cc:902] Selected 1 rowsets to compact:
I0902 17:01:24.602962 16875 compaction.cc:905] memrowset(current size on disk: ~0 bytes)
I0902 17:01:24.602968 16875 tablet.cc:1069] T 7ab6f1a0b8d2430c933828f8da2892f6 P 81b89e30bd3e45e39b3bd3eca9d5f7c5: Memstore in-memory size: 3751 bytes
I0902 17:01:24.602991 16875 tablet.cc:1332] T 7ab6f1a0b8d2430c933828f8da2892f6 P 81b89e30bd3e45e39b3bd3eca9d5f7c5: Flush: entering phase 1 (flushing snapshot). Phase 1 snapshot: MvccSnapshot[committed={T|T < 6161906420112719872}]
I0902 17:01:24.602993 16878 tablet.cc:1067] T 72aff43a768841bb91a3e3630747b057 P 81b89e30bd3e45e39b3bd3eca9d5f7c5: Flush: entering stage 1 (old memrowset already frozen for inserts)
I0902 17:01:24.603003 16878 compaction.cc:902] Selected 1 rowsets to compact:
I0902 17:01:24.603011 16878 compaction.cc:905] memrowset(current size on disk: ~0 bytes)
I0902 17:01:24.603019 16878 tablet.cc:1069] T 72aff43a768841bb91a3e3630747b057 P 81b89e30bd3e45e39b3bd3eca9d5f7c5: Memstore in-memory size: 1759 bytes
I0902 17:01:24.603034 16878 tablet.cc:1332] T 72aff43a768841bb91a3e3630747b057 P 81b89e30bd3e45e39b3bd3eca9d5f7c5: Flush: entering phase 1 (flushing snapshot). Phase 1 snapshot: MvccSnapshot[committed={T|T < 6161906420112809984}]
I0902 17:01:24.604162 16533 ts_tablet_manager.cc:943] T 3eb08c0df9474052acfe30a60cf791a1 P 81b89e30bd3e45e39b3bd3eca9d5f7c5: Registered tablet (data state: TABLET_DATA_READY)
I0902 17:01:24.604495 16892 tablet_bootstrap.cc:568] T 3eb08c0df9474052acfe30a60cf791a1 P d28f0f3b8d0e429484dbeeb2d41b7d50: No blocks or log segments found. Creating new log.
I0902 17:01:24.604554 16899 ts_tablet_manager.cc:793] T 3eb08c0df9474052acfe30a60cf791a1 P 81b89e30bd3e45e39b3bd3eca9d5f7c5: Bootstrapping tablet
I0902 17:01:24.604645 16899 tablet_bootstrap.cc:433] T 3eb08c0df9474052acfe30a60cf791a1 P 81b89e30bd3e45e39b3bd3eca9d5f7c5: Bootstrap starting.
I0902 17:01:24.605342 16899 tablet_bootstrap.cc:568] T 3eb08c0df9474052acfe30a60cf791a1 P 81b89e30bd3e45e39b3bd3eca9d5f7c5: No blocks or log segments found. Creating new log.
I0902 17:01:24.605612 16878 multi_column_writer.cc:103] Opened CFile writers for 3 column(s)
I0902 17:01:24.605949 16874 multi_column_writer.cc:103] Opened CFile writers for 3 column(s)
I0902 17:01:24.607645 16875 multi_column_writer.cc:103] Opened CFile writers for 3 column(s)
I0902 17:01:24.607748 16804 catalog_manager.cc:2943] Scheduling retry of 3eb08c0df9474052acfe30a60cf791a1 (table test-table [id=b7f89f9ec9c0479b9fed277cd873ba0e]) Alter Table RPC with a delay of 13 ms (attempt = 0)
W0902 17:01:24.607777 16804 catalog_manager.cc:2962] Async tablet task 3eb08c0df9474052acfe30a60cf791a1 (table test-table [id=b7f89f9ec9c0479b9fed277cd873ba0e]) Alter Table RPC failed: Not found: Failed to reset TS proxy: No leader found: Tablet 3eb08c0df9474052acfe30a60cf791a1 consensus state has no leader
I0902 17:01:24.608769 16874 tablet.cc:1417] T 7ab6f1a0b8d2430c933828f8da2892f6 P 475a466ec8b44f39bbf6b23f10ebe15b: Flush: entering phase 2 (starting to duplicate updates in new rowsets)
I0902 17:01:24.608892 16874 tablet.cc:1472] T 7ab6f1a0b8d2430c933828f8da2892f6 P 475a466ec8b44f39bbf6b23f10ebe15b: Flush Phase 2: carrying over any updates which arrived during Phase 1
I0902 17:01:24.608904 16874 tablet.cc:1474] T 7ab6f1a0b8d2430c933828f8da2892f6 P 475a466ec8b44f39bbf6b23f10ebe15b: Phase 2 snapshot: MvccSnapshot[committed={T|T < 6161906420112719872}]
I0902 17:01:24.610111 16876 tablet.cc:1115] T bc88948776204095ba3e800689fff6f3 P d28f0f3b8d0e429484dbeeb2d41b7d50: Alter schema from Schema [ 10:c189[int32 NOT NULL], 18:c908[int32 NOT NULL], 21:c190[int32 NOT NULL], 22:c50[int32 NOT NULL] ] version 15 to Schema [ 10:c613[int32 NOT NULL], 21:c190[int32 NOT NULL], 22:c527[int32 NOT NULL] ] version 16
I0902 17:01:24.610251 16894 multi_column_writer.cc:103] Opened CFile writers for 3 column(s)
I0902 17:01:24.610370 16876 tablet.cc:1067] T bc88948776204095ba3e800689fff6f3 P d28f0f3b8d0e429484dbeeb2d41b7d50: Flush: entering stage 1 (old memrowset already frozen for inserts)
I0902 17:01:24.610386 16876 compaction.cc:902] Selected 1 rowsets to compact:
I0902 17:01:24.610391 16876 compaction.cc:905] memrowset(current size on disk: ~0 bytes)
I0902 17:01:24.610402 16876 tablet.cc:1069] T bc88948776204095ba3e800689fff6f3 P d28f0f3b8d0e429484dbeeb2d41b7d50: Memstore in-memory size: 3751 bytes
I0902 17:01:24.610411 16874 tablet.cc:1516] T 7ab6f1a0b8d2430c933828f8da2892f6 P 475a466ec8b44f39bbf6b23f10ebe15b: Flush successful on 20 rows (4849 bytes)
I0902 17:01:24.610419 16876 tablet.cc:1332] T bc88948776204095ba3e800689fff6f3 P d28f0f3b8d0e429484dbeeb2d41b7d50: Flush: entering phase 1 (flushing snapshot). Phase 1 snapshot: MvccSnapshot[committed={T|T < 6161906420113883136}]
I0902 17:01:24.614347 16875 tablet.cc:1417] T 7ab6f1a0b8d2430c933828f8da2892f6 P 81b89e30bd3e45e39b3bd3eca9d5f7c5: Flush: entering phase 2 (starting to duplicate updates in new rowsets)
I0902 17:01:24.614480 16875 tablet.cc:1472] T 7ab6f1a0b8d2430c933828f8da2892f6 P 81b89e30bd3e45e39b3bd3eca9d5f7c5: Flush Phase 2: carrying over any updates which arrived during Phase 1
I0902 17:01:24.614500 16875 tablet.cc:1474] T 7ab6f1a0b8d2430c933828f8da2892f6 P 81b89e30bd3e45e39b3bd3eca9d5f7c5: Phase 2 snapshot: MvccSnapshot[committed={T|T < 6161906420112719872}]
I0902 17:01:24.616024 16875 tablet.cc:1516] T 7ab6f1a0b8d2430c933828f8da2892f6 P 81b89e30bd3e45e39b3bd3eca9d5f7c5: Flush successful on 20 rows (4849 bytes)
I0902 17:01:24.616689 16878 tablet.cc:1417] T 72aff43a768841bb91a3e3630747b057 P 81b89e30bd3e45e39b3bd3eca9d5f7c5: Flush: entering phase 2 (starting to duplicate updates in new rowsets)
I0902 17:01:24.616878 16878 tablet.cc:1472] T 72aff43a768841bb91a3e3630747b057 P 81b89e30bd3e45e39b3bd3eca9d5f7c5: Flush Phase 2: carrying over any updates which arrived during Phase 1
I0902 17:01:24.616894 16878 tablet.cc:1474] T 72aff43a768841bb91a3e3630747b057 P 81b89e30bd3e45e39b3bd3eca9d5f7c5: Phase 2 snapshot: MvccSnapshot[committed={T|T < 6161906420112809984}]
I0902 17:01:24.618793 16878 tablet.cc:1516] T 72aff43a768841bb91a3e3630747b057 P 81b89e30bd3e45e39b3bd3eca9d5f7c5: Flush successful on 15 rows (4750 bytes)
I0902 17:01:24.619617 16892 tablet_bootstrap.cc:433] T 3eb08c0df9474052acfe30a60cf791a1 P d28f0f3b8d0e429484dbeeb2d41b7d50: No bootstrap required, opened a new log
I0902 17:01:24.619710 16892 ts_tablet_manager.cc:818] T 3eb08c0df9474052acfe30a60cf791a1 P d28f0f3b8d0e429484dbeeb2d41b7d50: Time spent bootstrapping tablet: real 0.020s user 0.000s sys 0.000s
I0902 17:01:24.620131 16892 raft_consensus.cc:287] T 3eb08c0df9474052acfe30a60cf791a1 P d28f0f3b8d0e429484dbeeb2d41b7d50 [term 0 FOLLOWER]: Replica starting. Triggering 0 pending transactions. Active config: opid_index: -1 OBSOLETE_local: false peers { permanent_uuid: "81b89e30bd3e45e39b3bd3eca9d5f7c5" member_type: VOTER last_known_addr { host: "127.58.208.3" port: 42179 } } peers { permanent_uuid: "475a466ec8b44f39bbf6b23f10ebe15b" member_type: VOTER last_known_addr { host: "127.58.208.2" port: 43231 } } peers { permanent_uuid: "d28f0f3b8d0e429484dbeeb2d41b7d50" member_type: VOTER last_known_addr { host: "127.58.208.1" port: 59914 } }
I0902 17:01:24.620162 16892 raft_consensus.cc:313] T 3eb08c0df9474052acfe30a60cf791a1 P d28f0f3b8d0e429484dbeeb2d41b7d50 [term 0 FOLLOWER]: Consensus starting up: Expiring failure detector timer to make a prompt election more likely
I0902 17:01:24.620223 16892 raft_consensus.cc:576] T 3eb08c0df9474052acfe30a60cf791a1 P d28f0f3b8d0e429484dbeeb2d41b7d50 [term 0 FOLLOWER]: Becoming Follower/Learner. State: Replica: d28f0f3b8d0e429484dbeeb2d41b7d50, State: Initialized, Role: FOLLOWER
I0902 17:01:24.620261 16892 consensus_queue.cc:190] T 3eb08c0df9474052acfe30a60cf791a1 P d28f0f3b8d0e429484dbeeb2d41b7d50 [NON_LEADER]: Queue going to NON_LEADER mode. State: All replicated index: 0, Majority replicated index: 0, Committed index: 0, Last appended: 0.0, Last appended by leader: 0, Current term: 0, Majority size: -1, State: 0, Mode: NON_LEADER
I0902 17:01:24.620640 16892 ts_tablet_manager.cc:846] T 3eb08c0df9474052acfe30a60cf791a1 P d28f0f3b8d0e429484dbeeb2d41b7d50: Time spent starting tablet: real 0.001s user 0.000s sys 0.000s
I0902 17:01:24.620898 16804 catalog_manager.cc:2943] Scheduling retry of 3eb08c0df9474052acfe30a60cf791a1 (table test-table [id=b7f89f9ec9c0479b9fed277cd873ba0e]) Alter Table RPC with a delay of 28 ms (attempt = 0)
W0902 17:01:24.620929 16804 catalog_manager.cc:2962] Async tablet task 3eb08c0df9474052acfe30a60cf791a1 (table test-table [id=b7f89f9ec9c0479b9fed277cd873ba0e]) Alter Table RPC failed: Not found: Failed to reset TS proxy: No leader found: Tablet 3eb08c0df9474052acfe30a60cf791a1 consensus state has no leader
I0902 17:01:24.621193 16822 catalog_manager.cc:2462] TS d28f0f3b8d0e429484dbeeb2d41b7d50 (127.58.208.1:59914) does not have the latest schema for tablet 3eb08c0df9474052acfe30a60cf791a1 (table test-table [id=b7f89f9ec9c0479b9fed277cd873ba0e]). Expected version 16 got 0
I0902 17:01:24.621318 16822 catalog_manager.cc:2943] Scheduling retry of 3eb08c0df9474052acfe30a60cf791a1 (table test-table [id=b7f89f9ec9c0479b9fed277cd873ba0e]) Alter Table RPC with a delay of 26 ms (attempt = 0)
W0902 17:01:24.621343 16822 catalog_manager.cc:3482] Failed to send alter table request: Not found: Failed to reset TS proxy: No leader found: Tablet 3eb08c0df9474052acfe30a60cf791a1 consensus state has no leader
I0902 17:01:24.622232 16822 catalog_manager.cc:2462] TS d28f0f3b8d0e429484dbeeb2d41b7d50 (127.58.208.1:59914) does not have the latest schema for tablet 3eb08c0df9474052acfe30a60cf791a1 (table test-table [id=b7f89f9ec9c0479b9fed277cd873ba0e]). Expected version 16 got 0
I0902 17:01:24.622376 16822 catalog_manager.cc:2943] Scheduling retry of 3eb08c0df9474052acfe30a60cf791a1 (table test-table [id=b7f89f9ec9c0479b9fed277cd873ba0e]) Alter Table RPC with a delay of 50 ms (attempt = 0)
