W0902 17:01:24.622400 16822 catalog_manager.cc:3482] Failed to send alter table request: Not found: Failed to reset TS proxy: No leader found: Tablet 3eb08c0df9474052acfe30a60cf791a1 consensus state has no leader
I0902 17:01:24.622747 16890 tablet_bootstrap.cc:433] T 3eb08c0df9474052acfe30a60cf791a1 P 475a466ec8b44f39bbf6b23f10ebe15b: No bootstrap required, opened a new log
I0902 17:01:24.622809 16890 ts_tablet_manager.cc:818] T 3eb08c0df9474052acfe30a60cf791a1 P 475a466ec8b44f39bbf6b23f10ebe15b: Time spent bootstrapping tablet: real 0.025s user 0.000s sys 0.000s
I0902 17:01:24.622978 16875 tablet.cc:1115] T bc88948776204095ba3e800689fff6f3 P 81b89e30bd3e45e39b3bd3eca9d5f7c5: Alter schema from Schema [ 10:c189[int32 NOT NULL], 18:c908[int32 NOT NULL], 21:c190[int32 NOT NULL], 22:c50[int32 NOT NULL] ] version 15 to Schema [ 10:c613[int32 NOT NULL], 21:c190[int32 NOT NULL], 22:c527[int32 NOT NULL] ] version 16
I0902 17:01:24.623183 16890 raft_consensus.cc:287] T 3eb08c0df9474052acfe30a60cf791a1 P 475a466ec8b44f39bbf6b23f10ebe15b [term 0 FOLLOWER]: Replica starting. Triggering 0 pending transactions. Active config: opid_index: -1 OBSOLETE_local: false peers { permanent_uuid: "81b89e30bd3e45e39b3bd3eca9d5f7c5" member_type: VOTER last_known_addr { host: "127.58.208.3" port: 42179 } } peers { permanent_uuid: "475a466ec8b44f39bbf6b23f10ebe15b" member_type: VOTER last_known_addr { host: "127.58.208.2" port: 43231 } } peers { permanent_uuid: "d28f0f3b8d0e429484dbeeb2d41b7d50" member_type: VOTER last_known_addr { host: "127.58.208.1" port: 59914 } }
I0902 17:01:24.623184 16875 tablet.cc:1067] T bc88948776204095ba3e800689fff6f3 P 81b89e30bd3e45e39b3bd3eca9d5f7c5: Flush: entering stage 1 (old memrowset already frozen for inserts)
I0902 17:01:24.623193 16875 compaction.cc:902] Selected 1 rowsets to compact:
I0902 17:01:24.623198 16875 compaction.cc:905] memrowset(current size on disk: ~0 bytes)
I0902 17:01:24.623203 16890 raft_consensus.cc:313] T 3eb08c0df9474052acfe30a60cf791a1 P 475a466ec8b44f39bbf6b23f10ebe15b [term 0 FOLLOWER]: Consensus starting up: Expiring failure detector timer to make a prompt election more likely
I0902 17:01:24.623205 16875 tablet.cc:1069] T bc88948776204095ba3e800689fff6f3 P 81b89e30bd3e45e39b3bd3eca9d5f7c5: Memstore in-memory size: 3751 bytes
I0902 17:01:24.623217 16875 tablet.cc:1332] T bc88948776204095ba3e800689fff6f3 P 81b89e30bd3e45e39b3bd3eca9d5f7c5: Flush: entering phase 1 (flushing snapshot). Phase 1 snapshot: MvccSnapshot[committed={T|T < 6161906420113883136}]
I0902 17:01:24.623267 16890 raft_consensus.cc:576] T 3eb08c0df9474052acfe30a60cf791a1 P 475a466ec8b44f39bbf6b23f10ebe15b [term 0 FOLLOWER]: Becoming Follower/Learner. State: Replica: 475a466ec8b44f39bbf6b23f10ebe15b, State: Initialized, Role: FOLLOWER
I0902 17:01:24.623302 16890 consensus_queue.cc:190] T 3eb08c0df9474052acfe30a60cf791a1 P 475a466ec8b44f39bbf6b23f10ebe15b [NON_LEADER]: Queue going to NON_LEADER mode. State: All replicated index: 0, Majority replicated index: 0, Committed index: 0, Last appended: 0.0, Last appended by leader: 0, Current term: 0, Majority size: -1, State: 0, Mode: NON_LEADER
I0902 17:01:24.623476 16890 ts_tablet_manager.cc:846] T 3eb08c0df9474052acfe30a60cf791a1 P 475a466ec8b44f39bbf6b23f10ebe15b: Time spent starting tablet: real 0.001s user 0.000s sys 0.000s
I0902 17:01:24.623800 16875 multi_column_writer.cc:103] Opened CFile writers for 3 column(s)
I0902 17:01:24.624121 16822 catalog_manager.cc:2462] TS 475a466ec8b44f39bbf6b23f10ebe15b (127.58.208.2:43231) does not have the latest schema for tablet 3eb08c0df9474052acfe30a60cf791a1 (table test-table [id=b7f89f9ec9c0479b9fed277cd873ba0e]). Expected version 16 got 0
I0902 17:01:24.624254 16822 catalog_manager.cc:2943] Scheduling retry of 3eb08c0df9474052acfe30a60cf791a1 (table test-table [id=b7f89f9ec9c0479b9fed277cd873ba0e]) Alter Table RPC with a delay of 54 ms (attempt = 0)
W0902 17:01:24.624281 16822 catalog_manager.cc:3482] Failed to send alter table request: Not found: Failed to reset TS proxy: No leader found: Tablet 3eb08c0df9474052acfe30a60cf791a1 consensus state has no leader
I0902 17:01:24.624502 16874 tablet.cc:1115] T bc88948776204095ba3e800689fff6f3 P 475a466ec8b44f39bbf6b23f10ebe15b: Alter schema from Schema [ 10:c189[int32 NOT NULL], 18:c908[int32 NOT NULL], 21:c190[int32 NOT NULL], 22:c50[int32 NOT NULL] ] version 15 to Schema [ 10:c613[int32 NOT NULL], 21:c190[int32 NOT NULL], 22:c527[int32 NOT NULL] ] version 16
I0902 17:01:24.624752 16874 tablet.cc:1067] T bc88948776204095ba3e800689fff6f3 P 475a466ec8b44f39bbf6b23f10ebe15b: Flush: entering stage 1 (old memrowset already frozen for inserts)
I0902 17:01:24.624761 16874 compaction.cc:902] Selected 1 rowsets to compact:
I0902 17:01:24.624766 16874 compaction.cc:905] memrowset(current size on disk: ~0 bytes)
I0902 17:01:24.624774 16874 tablet.cc:1069] T bc88948776204095ba3e800689fff6f3 P 475a466ec8b44f39bbf6b23f10ebe15b: Memstore in-memory size: 3751 bytes
I0902 17:01:24.624788 16874 tablet.cc:1332] T bc88948776204095ba3e800689fff6f3 P 475a466ec8b44f39bbf6b23f10ebe15b: Flush: entering phase 1 (flushing snapshot). Phase 1 snapshot: MvccSnapshot[committed={T|T < 6161906420113883136}]
I0902 17:01:24.625337 16874 multi_column_writer.cc:103] Opened CFile writers for 3 column(s)
I0902 17:01:24.627324 16875 tablet.cc:1417] T bc88948776204095ba3e800689fff6f3 P 81b89e30bd3e45e39b3bd3eca9d5f7c5: Flush: entering phase 2 (starting to duplicate updates in new rowsets)
I0902 17:01:24.627434 16875 tablet.cc:1472] T bc88948776204095ba3e800689fff6f3 P 81b89e30bd3e45e39b3bd3eca9d5f7c5: Flush Phase 2: carrying over any updates which arrived during Phase 1
I0902 17:01:24.627450 16875 tablet.cc:1474] T bc88948776204095ba3e800689fff6f3 P 81b89e30bd3e45e39b3bd3eca9d5f7c5: Phase 2 snapshot: MvccSnapshot[committed={T|T < 6161906420113883136}]
I0902 17:01:24.628628 16638 raft_consensus.cc:412] T 3eb08c0df9474052acfe30a60cf791a1 P 475a466ec8b44f39bbf6b23f10ebe15b [term 0 FOLLOWER]: Starting pre-election (no leader contacted us within the election timeout)
I0902 17:01:24.628660 16638 raft_consensus.cc:2456] T 3eb08c0df9474052acfe30a60cf791a1 P 475a466ec8b44f39bbf6b23f10ebe15b: Snoozing failure detection for 1.963s (starting election)
I0902 17:01:24.628721 16638 raft_consensus.cc:434] T 3eb08c0df9474052acfe30a60cf791a1 P 475a466ec8b44f39bbf6b23f10ebe15b [term 0 FOLLOWER]: Starting pre-election with config: opid_index: -1 OBSOLETE_local: false peers { permanent_uuid: "81b89e30bd3e45e39b3bd3eca9d5f7c5" member_type: VOTER last_known_addr { host: "127.58.208.3" port: 42179 } } peers { permanent_uuid: "475a466ec8b44f39bbf6b23f10ebe15b" member_type: VOTER last_known_addr { host: "127.58.208.2" port: 43231 } } peers { permanent_uuid: "d28f0f3b8d0e429484dbeeb2d41b7d50" member_type: VOTER last_known_addr { host: "127.58.208.1" port: 59914 } }
I0902 17:01:24.628852 16876 multi_column_writer.cc:103] Opened CFile writers for 3 column(s)
I0902 17:01:24.628986 16874 tablet.cc:1417] T bc88948776204095ba3e800689fff6f3 P 475a466ec8b44f39bbf6b23f10ebe15b: Flush: entering phase 2 (starting to duplicate updates in new rowsets)
I0902 17:01:24.628995 16638 leader_election.cc:221] T 3eb08c0df9474052acfe30a60cf791a1 P 475a466ec8b44f39bbf6b23f10ebe15b [CANDIDATE]: Term 1 pre-election: Requesting pre-vote from peer 81b89e30bd3e45e39b3bd3eca9d5f7c5
I0902 17:01:24.629119 16638 leader_election.cc:221] T 3eb08c0df9474052acfe30a60cf791a1 P 475a466ec8b44f39bbf6b23f10ebe15b [CANDIDATE]: Term 1 pre-election: Requesting pre-vote from peer d28f0f3b8d0e429484dbeeb2d41b7d50
I0902 17:01:24.629227 16874 tablet.cc:1472] T bc88948776204095ba3e800689fff6f3 P 475a466ec8b44f39bbf6b23f10ebe15b: Flush Phase 2: carrying over any updates which arrived during Phase 1
I0902 17:01:24.629262 16874 tablet.cc:1474] T bc88948776204095ba3e800689fff6f3 P 475a466ec8b44f39bbf6b23f10ebe15b: Phase 2 snapshot: MvccSnapshot[committed={T|T < 6161906420113883136}]
I0902 17:01:24.629813 16737 tablet_service.cc:1002] Received RequestConsensusVote() RPC: tablet_id: "3eb08c0df9474052acfe30a60cf791a1" candidate_uuid: "475a466ec8b44f39bbf6b23f10ebe15b" candidate_term: 1 candidate_status { last_received { term: 0 index: 0 } } ignore_live_leader: false dest_uuid: "d28f0f3b8d0e429484dbeeb2d41b7d50" is_pre_election: true
I0902 17:01:24.629957 16737 raft_consensus.cc:2456] T 3eb08c0df9474052acfe30a60cf791a1 P d28f0f3b8d0e429484dbeeb2d41b7d50: Snoozing failure detection for 1.965s (vote granted)
I0902 17:01:24.629998 16737 raft_consensus.cc:2010] T 3eb08c0df9474052acfe30a60cf791a1 P d28f0f3b8d0e429484dbeeb2d41b7d50 [term 0 FOLLOWER]: Leader pre-election vote request: Granting yes vote for candidate 475a466ec8b44f39bbf6b23f10ebe15b in term 0.
I0902 17:01:24.630292 16551 tablet_service.cc:1002] Received RequestConsensusVote() RPC: tablet_id: "3eb08c0df9474052acfe30a60cf791a1" candidate_uuid: "475a466ec8b44f39bbf6b23f10ebe15b" candidate_term: 1 candidate_status { last_received { term: 0 index: 0 } } ignore_live_leader: false dest_uuid: "81b89e30bd3e45e39b3bd3eca9d5f7c5" is_pre_election: true
W0902 17:01:24.630723 16309 leader_election.cc:283] T 3eb08c0df9474052acfe30a60cf791a1 P 475a466ec8b44f39bbf6b23f10ebe15b [CANDIDATE]: Term 1 pre-election: Tablet error from VoteRequest() call to peer 81b89e30bd3e45e39b3bd3eca9d5f7c5: Illegal state: must be running to vote when last-logged opid is not known
I0902 17:01:24.630831 16310 leader_election.cc:353] T 3eb08c0df9474052acfe30a60cf791a1 P 475a466ec8b44f39bbf6b23f10ebe15b [CANDIDATE]: Term 1 pre-election: Vote granted by peer d28f0f3b8d0e429484dbeeb2d41b7d50
I0902 17:01:24.630851 16310 leader_election.cc:248] T 3eb08c0df9474052acfe30a60cf791a1 P 475a466ec8b44f39bbf6b23f10ebe15b [CANDIDATE]: Term 1 pre-election: Election decided. Result: candidate won.
I0902 17:01:24.630975 16610 raft_consensus.cc:2456] T 3eb08c0df9474052acfe30a60cf791a1 P 475a466ec8b44f39bbf6b23f10ebe15b: Snoozing failure detection for 1.576s (election complete)
I0902 17:01:24.631002 16610 raft_consensus.cc:2280] T 3eb08c0df9474052acfe30a60cf791a1 P 475a466ec8b44f39bbf6b23f10ebe15b [term 0 FOLLOWER]: Leader pre-election won for term 1
I0902 17:01:24.631017 16610 raft_consensus.cc:412] T 3eb08c0df9474052acfe30a60cf791a1 P 475a466ec8b44f39bbf6b23f10ebe15b [term 0 FOLLOWER]: Starting leader election (no leader contacted us within the election timeout)
I0902 17:01:24.631031 16610 raft_consensus.cc:2456] T 3eb08c0df9474052acfe30a60cf791a1 P 475a466ec8b44f39bbf6b23f10ebe15b: Snoozing failure detection for 1.646s (starting election)
I0902 17:01:24.631042 16610 raft_consensus.cc:2508] T 3eb08c0df9474052acfe30a60cf791a1 P 475a466ec8b44f39bbf6b23f10ebe15b [term 0 FOLLOWER]: Advancing to term 1
I0902 17:01:24.631578 16874 tablet.cc:1516] T bc88948776204095ba3e800689fff6f3 P 475a466ec8b44f39bbf6b23f10ebe15b: Flush successful on 23 rows (4849 bytes)
I0902 17:01:24.631722 16610 raft_consensus.cc:434] T 3eb08c0df9474052acfe30a60cf791a1 P 475a466ec8b44f39bbf6b23f10ebe15b [term 1 FOLLOWER]: Starting leader election with config: opid_index: -1 OBSOLETE_local: false peers { permanent_uuid: "81b89e30bd3e45e39b3bd3eca9d5f7c5" member_type: VOTER last_known_addr { host: "127.58.208.3" port: 42179 } } peers { permanent_uuid: "475a466ec8b44f39bbf6b23f10ebe15b" member_type: VOTER last_known_addr { host: "127.58.208.2" port: 43231 } } peers { permanent_uuid: "d28f0f3b8d0e429484dbeeb2d41b7d50" member_type: VOTER last_known_addr { host: "127.58.208.1" port: 59914 } }
I0902 17:01:24.631974 16610 leader_election.cc:221] T 3eb08c0df9474052acfe30a60cf791a1 P 475a466ec8b44f39bbf6b23f10ebe15b [CANDIDATE]: Term 1 election: Requesting vote from peer 81b89e30bd3e45e39b3bd3eca9d5f7c5
I0902 17:01:24.632043 16610 leader_election.cc:221] T 3eb08c0df9474052acfe30a60cf791a1 P 475a466ec8b44f39bbf6b23f10ebe15b [CANDIDATE]: Term 1 election: Requesting vote from peer d28f0f3b8d0e429484dbeeb2d41b7d50
I0902 17:01:24.632437 16551 tablet_service.cc:1002] Received RequestConsensusVote() RPC: tablet_id: "3eb08c0df9474052acfe30a60cf791a1" candidate_uuid: "475a466ec8b44f39bbf6b23f10ebe15b" candidate_term: 1 candidate_status { last_received { term: 0 index: 0 } } ignore_live_leader: false dest_uuid: "81b89e30bd3e45e39b3bd3eca9d5f7c5"
W0902 17:01:24.632728 16309 leader_election.cc:283] T 3eb08c0df9474052acfe30a60cf791a1 P 475a466ec8b44f39bbf6b23f10ebe15b [CANDIDATE]: Term 1 election: Tablet error from VoteRequest() call to peer 81b89e30bd3e45e39b3bd3eca9d5f7c5: Illegal state: must be running to vote when last-logged opid is not known
I0902 17:01:24.632966 16876 tablet.cc:1417] T bc88948776204095ba3e800689fff6f3 P d28f0f3b8d0e429484dbeeb2d41b7d50: Flush: entering phase 2 (starting to duplicate updates in new rowsets)
I0902 17:01:24.633087 16876 tablet.cc:1472] T bc88948776204095ba3e800689fff6f3 P d28f0f3b8d0e429484dbeeb2d41b7d50: Flush Phase 2: carrying over any updates which arrived during Phase 1
I0902 17:01:24.633105 16876 tablet.cc:1474] T bc88948776204095ba3e800689fff6f3 P d28f0f3b8d0e429484dbeeb2d41b7d50: Phase 2 snapshot: MvccSnapshot[committed={T|T < 6161906420113883136}]
I0902 17:01:24.633278 16737 tablet_service.cc:1002] Received RequestConsensusVote() RPC: tablet_id: "3eb08c0df9474052acfe30a60cf791a1" candidate_uuid: "475a466ec8b44f39bbf6b23f10ebe15b" candidate_term: 1 candidate_status { last_received { term: 0 index: 0 } } ignore_live_leader: false dest_uuid: "d28f0f3b8d0e429484dbeeb2d41b7d50"
I0902 17:01:24.633325 16737 raft_consensus.cc:2508] T 3eb08c0df9474052acfe30a60cf791a1 P d28f0f3b8d0e429484dbeeb2d41b7d50 [term 0 FOLLOWER]: Advancing to term 1
I0902 17:01:24.633401 16737 raft_consensus.cc:2456] T 3eb08c0df9474052acfe30a60cf791a1 P d28f0f3b8d0e429484dbeeb2d41b7d50: Snoozing failure detection for 1.822s (vote granted)
I0902 17:01:24.634140 16737 raft_consensus.cc:2010] T 3eb08c0df9474052acfe30a60cf791a1 P d28f0f3b8d0e429484dbeeb2d41b7d50 [term 1 FOLLOWER]: Leader election vote request: Granting yes vote for candidate 475a466ec8b44f39bbf6b23f10ebe15b in term 1.
I0902 17:01:24.634547 16310 leader_election.cc:353] T 3eb08c0df9474052acfe30a60cf791a1 P 475a466ec8b44f39bbf6b23f10ebe15b [CANDIDATE]: Term 1 election: Vote granted by peer d28f0f3b8d0e429484dbeeb2d41b7d50
I0902 17:01:24.634572 16310 leader_election.cc:248] T 3eb08c0df9474052acfe30a60cf791a1 P 475a466ec8b44f39bbf6b23f10ebe15b [CANDIDATE]: Term 1 election: Election decided. Result: candidate won.
I0902 17:01:24.634575 16876 tablet.cc:1516] T bc88948776204095ba3e800689fff6f3 P d28f0f3b8d0e429484dbeeb2d41b7d50: Flush successful on 23 rows (4849 bytes)
I0902 17:01:24.634748 16905 tablet.cc:1115] T 72aff43a768841bb91a3e3630747b057 P d28f0f3b8d0e429484dbeeb2d41b7d50: Alter schema from Schema [ 10:c189[int32 NOT NULL], 18:c908[int32 NOT NULL], 21:c190[int32 NOT NULL], 22:c50[int32 NOT NULL] ] version 15 to Schema [ 10:c613[int32 NOT NULL], 21:c190[int32 NOT NULL], 22:c527[int32 NOT NULL] ] version 16
I0902 17:01:24.634804 16795 raft_consensus.cc:2456] T 3eb08c0df9474052acfe30a60cf791a1 P 475a466ec8b44f39bbf6b23f10ebe15b: Snoozing failure detection for 1.569s (election complete)
I0902 17:01:24.634835 16795 raft_consensus.cc:2280] T 3eb08c0df9474052acfe30a60cf791a1 P 475a466ec8b44f39bbf6b23f10ebe15b [term 1 FOLLOWER]: Leader election won for term 1
I0902 17:01:24.634904 16795 raft_consensus.cc:542] T 3eb08c0df9474052acfe30a60cf791a1 P 475a466ec8b44f39bbf6b23f10ebe15b [term 1 LEADER]: Becoming Leader. State: Replica: 475a466ec8b44f39bbf6b23f10ebe15b, State: Running, Role: LEADER
I0902 17:01:24.634891 16909 tablet.cc:1115] T 7ab6f1a0b8d2430c933828f8da2892f6 P d28f0f3b8d0e429484dbeeb2d41b7d50: Alter schema from Schema [ 10:c189[int32 NOT NULL], 18:c908[int32 NOT NULL], 21:c190[int32 NOT NULL], 22:c50[int32 NOT NULL] ] version 15 to Schema [ 10:c613[int32 NOT NULL], 21:c190[int32 NOT NULL], 22:c527[int32 NOT NULL] ] version 16
I0902 17:01:24.634991 16795 consensus_queue.cc:169] T 3eb08c0df9474052acfe30a60cf791a1 P 475a466ec8b44f39bbf6b23f10ebe15b [LEADER]: Queue going to LEADER mode. State: All replicated index: 0, Majority replicated index: 0, Committed index: 0, Last appended: 0.0, Last appended by leader: 0, Current term: 1, Majority size: 2, State: 0, Mode: LEADER, active raft config: opid_index: -1 OBSOLETE_local: false peers { permanent_uuid: "81b89e30bd3e45e39b3bd3eca9d5f7c5" member_type: VOTER last_known_addr { host: "127.58.208.3" port: 42179 } } peers { permanent_uuid: "475a466ec8b44f39bbf6b23f10ebe15b" member_type: VOTER last_known_addr { host: "127.58.208.2" port: 43231 } } peers { permanent_uuid: "d28f0f3b8d0e429484dbeeb2d41b7d50" member_type: VOTER last_known_addr { host: "127.58.208.1" port: 59914 } }
I0902 17:01:24.635191 16909 tablet.cc:1067] T 7ab6f1a0b8d2430c933828f8da2892f6 P d28f0f3b8d0e429484dbeeb2d41b7d50: Flush: entering stage 1 (old memrowset already frozen for inserts)
I0902 17:01:24.635229 16909 compaction.cc:902] Selected 1 rowsets to compact:
I0902 17:01:24.635248 16909 compaction.cc:905] memrowset(current size on disk: ~0 bytes)
I0902 17:01:24.635270 16909 tablet.cc:1069] T 7ab6f1a0b8d2430c933828f8da2892f6 P d28f0f3b8d0e429484dbeeb2d41b7d50: Memstore in-memory size: 3751 bytes
I0902 17:01:24.635519 16909 tablet.cc:1332] T 7ab6f1a0b8d2430c933828f8da2892f6 P d28f0f3b8d0e429484dbeeb2d41b7d50: Flush: entering phase 1 (flushing snapshot). Phase 1 snapshot: MvccSnapshot[committed={T|T < 6161906420112719872}]
I0902 17:01:24.636147 16909 multi_column_writer.cc:103] Opened CFile writers for 3 column(s)
I0902 17:01:24.636771 16875 tablet.cc:1516] T bc88948776204095ba3e800689fff6f3 P 81b89e30bd3e45e39b3bd3eca9d5f7c5: Flush successful on 23 rows (4849 bytes)
I0902 17:01:24.635493 16905 tablet.cc:1067] T 72aff43a768841bb91a3e3630747b057 P d28f0f3b8d0e429484dbeeb2d41b7d50: Flush: entering stage 1 (old memrowset already frozen for inserts)
I0902 17:01:24.638361 16905 compaction.cc:902] Selected 1 rowsets to compact:
I0902 17:01:24.638383 16905 compaction.cc:905] memrowset(current size on disk: ~0 bytes)
I0902 17:01:24.638411 16905 tablet.cc:1069] T 72aff43a768841bb91a3e3630747b057 P d28f0f3b8d0e429484dbeeb2d41b7d50: Memstore in-memory size: 1759 bytes
I0902 17:01:24.638449 16905 tablet.cc:1332] T 72aff43a768841bb91a3e3630747b057 P d28f0f3b8d0e429484dbeeb2d41b7d50: Flush: entering phase 1 (flushing snapshot). Phase 1 snapshot: MvccSnapshot[committed={T|T < 6161906420112809984}]
I0902 17:01:24.639060 16905 multi_column_writer.cc:103] Opened CFile writers for 3 column(s)
I0902 17:01:24.639567 16894 tablet.cc:1417] T 72aff43a768841bb91a3e3630747b057 P 475a466ec8b44f39bbf6b23f10ebe15b: Flush: entering phase 2 (starting to duplicate updates in new rowsets)
I0902 17:01:24.640480 16894 tablet.cc:1472] T 72aff43a768841bb91a3e3630747b057 P 475a466ec8b44f39bbf6b23f10ebe15b: Flush Phase 2: carrying over any updates which arrived during Phase 1
I0902 17:01:24.640530 16894 tablet.cc:1474] T 72aff43a768841bb91a3e3630747b057 P 475a466ec8b44f39bbf6b23f10ebe15b: Phase 2 snapshot: MvccSnapshot[committed={T|T < 6161906420112809984}]
I0902 17:01:24.643738 16894 tablet.cc:1516] T 72aff43a768841bb91a3e3630747b057 P 475a466ec8b44f39bbf6b23f10ebe15b: Flush successful on 15 rows (4750 bytes)
I0902 17:01:24.645064 16909 tablet.cc:1417] T 7ab6f1a0b8d2430c933828f8da2892f6 P d28f0f3b8d0e429484dbeeb2d41b7d50: Flush: entering phase 2 (starting to duplicate updates in new rowsets)
I0902 17:01:24.646384 16899 tablet_bootstrap.cc:433] T 3eb08c0df9474052acfe30a60cf791a1 P 81b89e30bd3e45e39b3bd3eca9d5f7c5: No bootstrap required, opened a new log
I0902 17:01:24.646484 16899 ts_tablet_manager.cc:818] T 3eb08c0df9474052acfe30a60cf791a1 P 81b89e30bd3e45e39b3bd3eca9d5f7c5: Time spent bootstrapping tablet: real 0.042s user 0.000s sys 0.000s
I0902 17:01:24.646944 16899 raft_consensus.cc:287] T 3eb08c0df9474052acfe30a60cf791a1 P 81b89e30bd3e45e39b3bd3eca9d5f7c5 [term 0 FOLLOWER]: Replica starting. Triggering 0 pending transactions. Active config: opid_index: -1 OBSOLETE_local: false peers { permanent_uuid: "81b89e30bd3e45e39b3bd3eca9d5f7c5" member_type: VOTER last_known_addr { host: "127.58.208.3" port: 42179 } } peers { permanent_uuid: "475a466ec8b44f39bbf6b23f10ebe15b" member_type: VOTER last_known_addr { host: "127.58.208.2" port: 43231 } } peers { permanent_uuid: "d28f0f3b8d0e429484dbeeb2d41b7d50" member_type: VOTER last_known_addr { host: "127.58.208.1" port: 59914 } }
I0902 17:01:24.647456 16899 raft_consensus.cc:313] T 3eb08c0df9474052acfe30a60cf791a1 P 81b89e30bd3e45e39b3bd3eca9d5f7c5 [term 0 FOLLOWER]: Consensus starting up: Expiring failure detector timer to make a prompt election more likely
I0902 17:01:24.647567 16899 raft_consensus.cc:576] T 3eb08c0df9474052acfe30a60cf791a1 P 81b89e30bd3e45e39b3bd3eca9d5f7c5 [term 0 FOLLOWER]: Becoming Follower/Learner. State: Replica: 81b89e30bd3e45e39b3bd3eca9d5f7c5, State: Initialized, Role: FOLLOWER
I0902 17:01:24.647696 16807 catalog_manager.cc:2943] Scheduling retry of 3eb08c0df9474052acfe30a60cf791a1 (table test-table [id=b7f89f9ec9c0479b9fed277cd873ba0e]) Alter Table RPC with a delay of 29 ms (attempt = 0)
W0902 17:01:24.647730 16807 catalog_manager.cc:2962] Async tablet task 3eb08c0df9474052acfe30a60cf791a1 (table test-table [id=b7f89f9ec9c0479b9fed277cd873ba0e]) Alter Table RPC failed: Not found: Failed to reset TS proxy: No leader found: Tablet 3eb08c0df9474052acfe30a60cf791a1 consensus state has no leader
I0902 17:01:24.647765 16899 consensus_queue.cc:190] T 3eb08c0df9474052acfe30a60cf791a1 P 81b89e30bd3e45e39b3bd3eca9d5f7c5 [NON_LEADER]: Queue going to NON_LEADER mode. State: All replicated index: 0, Majority replicated index: 0, Committed index: 0, Last appended: 0.0, Last appended by leader: 0, Current term: 0, Majority size: -1, State: 0, Mode: NON_LEADER
I0902 17:01:24.648715 16909 tablet.cc:1472] T 7ab6f1a0b8d2430c933828f8da2892f6 P d28f0f3b8d0e429484dbeeb2d41b7d50: Flush Phase 2: carrying over any updates which arrived during Phase 1
I0902 17:01:24.648761 16909 tablet.cc:1474] T 7ab6f1a0b8d2430c933828f8da2892f6 P d28f0f3b8d0e429484dbeeb2d41b7d50: Phase 2 snapshot: MvccSnapshot[committed={T|T < 6161906420112719872}]
I0902 17:01:24.649106 16804 catalog_manager.cc:2943] Scheduling retry of 3eb08c0df9474052acfe30a60cf791a1 (table test-table [id=b7f89f9ec9c0479b9fed277cd873ba0e]) Alter Table RPC with a delay of 28 ms (attempt = 0)
W0902 17:01:24.649134 16804 catalog_manager.cc:2962] Async tablet task 3eb08c0df9474052acfe30a60cf791a1 (table test-table [id=b7f89f9ec9c0479b9fed277cd873ba0e]) Alter Table RPC failed: Not found: Failed to reset TS proxy: No leader found: Tablet 3eb08c0df9474052acfe30a60cf791a1 consensus state has no leader
I0902 17:01:24.648615 16905 tablet.cc:1417] T 72aff43a768841bb91a3e3630747b057 P d28f0f3b8d0e429484dbeeb2d41b7d50: Flush: entering phase 2 (starting to duplicate updates in new rowsets)
I0902 17:01:24.649274 16905 tablet.cc:1472] T 72aff43a768841bb91a3e3630747b057 P d28f0f3b8d0e429484dbeeb2d41b7d50: Flush Phase 2: carrying over any updates which arrived during Phase 1
I0902 17:01:24.649309 16905 tablet.cc:1474] T 72aff43a768841bb91a3e3630747b057 P d28f0f3b8d0e429484dbeeb2d41b7d50: Phase 2 snapshot: MvccSnapshot[committed={T|T < 6161906420112809984}]
I0902 17:01:24.651198 16909 tablet.cc:1516] T 7ab6f1a0b8d2430c933828f8da2892f6 P d28f0f3b8d0e429484dbeeb2d41b7d50: Flush successful on 20 rows (4849 bytes)
I0902 17:01:24.652026 16905 tablet.cc:1516] T 72aff43a768841bb91a3e3630747b057 P d28f0f3b8d0e429484dbeeb2d41b7d50: Flush successful on 15 rows (4750 bytes)
I0902 17:01:24.652904 16822 catalog_manager.cc:2462] TS 475a466ec8b44f39bbf6b23f10ebe15b (127.58.208.2:43231) does not have the latest schema for tablet 3eb08c0df9474052acfe30a60cf791a1 (table test-table [id=b7f89f9ec9c0479b9fed277cd873ba0e]). Expected version 16 got 0
I0902 17:01:24.653264 16822 catalog_manager.cc:2571] T 3eb08c0df9474052acfe30a60cf791a1 reported cstate change: term changed from 0 to 1, leader changed from to 475a466ec8b44f39bbf6b23f10ebe15b (127.58.208.2). New cstate: current_term: 1 leader_uuid: "475a466ec8b44f39bbf6b23f10ebe15b" committed_config { opid_index: -1 OBSOLETE_local: false peers { permanent_uuid: "81b89e30bd3e45e39b3bd3eca9d5f7c5" member_type: VOTER last_known_addr { host: "127.58.208.3" port: 42179 } } peers { permanent_uuid: "475a466ec8b44f39bbf6b23f10ebe15b" member_type: VOTER last_known_addr { host: "127.58.208.2" port: 43231 } } peers { permanent_uuid: "d28f0f3b8d0e429484dbeeb2d41b7d50" member_type: VOTER last_known_addr { host: "127.58.208.1" port: 59914 } } }
I0902 17:01:24.656050 16821 catalog_manager.cc:2462] TS 81b89e30bd3e45e39b3bd3eca9d5f7c5 (127.58.208.3:42179) does not have the latest schema for tablet 3eb08c0df9474052acfe30a60cf791a1 (table test-table [id=b7f89f9ec9c0479b9fed277cd873ba0e]). Expected version 16 got 0
I0902 17:01:24.657187 16899 ts_tablet_manager.cc:846] T 3eb08c0df9474052acfe30a60cf791a1 P 81b89e30bd3e45e39b3bd3eca9d5f7c5: Time spent starting tablet: real 0.011s user 0.000s sys 0.000s
I0902 17:01:24.658159 16551 raft_consensus.cc:2508] T 3eb08c0df9474052acfe30a60cf791a1 P 81b89e30bd3e45e39b3bd3eca9d5f7c5 [term 0 FOLLOWER]: Advancing to term 1
I0902 17:01:24.658959 16551 raft_consensus.cc:964] T 3eb08c0df9474052acfe30a60cf791a1 P 81b89e30bd3e45e39b3bd3eca9d5f7c5 [term 1 FOLLOWER]: Refusing update from remote peer 475a466ec8b44f39bbf6b23f10ebe15b: Log matching property violated. Preceding OpId in replica: term: 0 index: 0. Preceding OpId from leader: term: 1 index: 2. (index mismatch)
I0902 17:01:24.659364 16895 consensus_queue.cc:741] T 3eb08c0df9474052acfe30a60cf791a1 P 475a466ec8b44f39bbf6b23f10ebe15b [LEADER]: Connected to new peer: Peer: 81b89e30bd3e45e39b3bd3eca9d5f7c5, Is new: false, Last received: 0.0, Next index: 1, Last known committed idx: 0, Last exchange result: ERROR, Needs tablet copy: false
I0902 17:01:24.660393 16736 raft_consensus.cc:964] T 3eb08c0df9474052acfe30a60cf791a1 P d28f0f3b8d0e429484dbeeb2d41b7d50 [term 1 FOLLOWER]: Refusing update from remote peer 475a466ec8b44f39bbf6b23f10ebe15b: Log matching property violated. Preceding OpId in replica: term: 0 index: 0. Preceding OpId from leader: term: 1 index: 2. (index mismatch)
I0902 17:01:24.660811 16633 consensus_queue.cc:741] T 3eb08c0df9474052acfe30a60cf791a1 P 475a466ec8b44f39bbf6b23f10ebe15b [LEADER]: Connected to new peer: Peer: d28f0f3b8d0e429484dbeeb2d41b7d50, Is new: false, Last received: 0.0, Next index: 1, Last known committed idx: 0, Last exchange result: ERROR, Needs tablet copy: false
I0902 17:01:24.671228 16821 catalog_manager.cc:2462] TS 81b89e30bd3e45e39b3bd3eca9d5f7c5 (127.58.208.3:42179) does not have the latest schema for tablet 3eb08c0df9474052acfe30a60cf791a1 (table test-table [id=b7f89f9ec9c0479b9fed277cd873ba0e]). Expected version 16 got 0
I0902 17:01:24.674439 16874 tablet.cc:1115] T 3eb08c0df9474052acfe30a60cf791a1 P 475a466ec8b44f39bbf6b23f10ebe15b: Alter schema from Schema [ 10:c613[int32 NOT NULL], 21:c190[int32 NOT NULL], 22:c527[int32 NOT NULL] ] version 0 to Schema [ 10:c613[int32 NOT NULL], 21:c190[int32 NOT NULL], 22:c527[int32 NOT NULL] ] version 16
I0902 17:01:24.674756 16903 tablet.cc:1115] T 3eb08c0df9474052acfe30a60cf791a1 P 81b89e30bd3e45e39b3bd3eca9d5f7c5: Alter schema from Schema [ 10:c613[int32 NOT NULL], 21:c190[int32 NOT NULL], 22:c527[int32 NOT NULL] ] version 0 to Schema [ 10:c613[int32 NOT NULL], 21:c190[int32 NOT NULL], 22:c527[int32 NOT NULL] ] version 16
I0902 17:01:24.679172 16821 catalog_manager.cc:2462] TS d28f0f3b8d0e429484dbeeb2d41b7d50 (127.58.208.1:59914) does not have the latest schema for tablet 3eb08c0df9474052acfe30a60cf791a1 (table test-table [id=b7f89f9ec9c0479b9fed277cd873ba0e]). Expected version 16 got 0
I0902 17:01:24.680794 16822 catalog_manager.cc:3728] T 00000000000000000000000000000000 P b004b3046b584f37925df45eda899ff0: test-table [id=b7f89f9ec9c0479b9fed277cd873ba0e] alter complete (version 16)
I0902 17:01:24.684692 16876 tablet.cc:1115] T 3eb08c0df9474052acfe30a60cf791a1 P d28f0f3b8d0e429484dbeeb2d41b7d50: Alter schema from Schema [ 10:c613[int32 NOT NULL], 21:c190[int32 NOT NULL], 22:c527[int32 NOT NULL] ] version 0 to Schema [ 10:c613[int32 NOT NULL], 21:c190[int32 NOT NULL], 22:c527[int32 NOT NULL] ] version 16
I0902 17:01:24.688302 16902 tablet.cc:1110] T 3eb08c0df9474052acfe30a60cf791a1 P 475a466ec8b44f39bbf6b23f10ebe15b: Already running schema version 16 got alter request for version 16
I0902 17:01:24.688933 16663 maintenance_manager.cc:486] Time spent running UndoDeltaBlockGCOp(bc88948776204095ba3e800689fff6f3): real 0.000s user 0.000s sys 0.000s
I0902 17:01:24.689018 16663 maintenance_manager.cc:492] P d28f0f3b8d0e429484dbeeb2d41b7d50: UndoDeltaBlockGCOp(bc88948776204095ba3e800689fff6f3) metrics: {"cfile_init":1,"lbm_read_time_us":56,"lbm_reads_lt_1ms":4}
I0902 17:01:24.689467 16663 maintenance_manager.cc:486] Time spent running UndoDeltaBlockGCOp(7ab6f1a0b8d2430c933828f8da2892f6): real 0.000s user 0.000s sys 0.000s
I0902 17:01:24.689525 16663 maintenance_manager.cc:492] P d28f0f3b8d0e429484dbeeb2d41b7d50: UndoDeltaBlockGCOp(7ab6f1a0b8d2430c933828f8da2892f6) metrics: {"cfile_init":1,"lbm_read_time_us":46,"lbm_reads_lt_1ms":4}
I0902 17:01:24.689945 16663 maintenance_manager.cc:486] Time spent running UndoDeltaBlockGCOp(72aff43a768841bb91a3e3630747b057): real 0.000s user 0.000s sys 0.000s
I0902 17:01:24.690001 16663 maintenance_manager.cc:492] P d28f0f3b8d0e429484dbeeb2d41b7d50: UndoDeltaBlockGCOp(72aff43a768841bb91a3e3630747b057) metrics: {"cfile_init":1,"lbm_read_time_us":37,"lbm_reads_lt_1ms":4}
I0902 17:01:24.690874 16909 tablet.cc:1110] T 3eb08c0df9474052acfe30a60cf791a1 P d28f0f3b8d0e429484dbeeb2d41b7d50: Already running schema version 16 got alter request for version 16
I0902 17:01:24.697535 16894 tablet.cc:1110] T 3eb08c0df9474052acfe30a60cf791a1 P 475a466ec8b44f39bbf6b23f10ebe15b: Already running schema version 16 got alter request for version 16
I0902 17:01:24.698442 16878 tablet.cc:1110] T 3eb08c0df9474052acfe30a60cf791a1 P 81b89e30bd3e45e39b3bd3eca9d5f7c5: Already running schema version 16 got alter request for version 16
I0902 17:01:24.698705 16875 tablet.cc:1110] T 3eb08c0df9474052acfe30a60cf791a1 P 81b89e30bd3e45e39b3bd3eca9d5f7c5: Already running schema version 16 got alter request for version 16
I0902 17:01:24.704020 16876 tablet.cc:1110] T 3eb08c0df9474052acfe30a60cf791a1 P d28f0f3b8d0e429484dbeeb2d41b7d50: Already running schema version 16 got alter request for version 16
I0902 17:01:24.709241 16902 tablet.cc:1110] T 3eb08c0df9474052acfe30a60cf791a1 P 475a466ec8b44f39bbf6b23f10ebe15b: Already running schema version 16 got alter request for version 16
I0902 17:01:24.711087 16909 tablet.cc:1110] T 3eb08c0df9474052acfe30a60cf791a1 P d28f0f3b8d0e429484dbeeb2d41b7d50: Already running schema version 16 got alter request for version 16
I0902 17:01:24.714293 16878 tablet.cc:1110] T 3eb08c0df9474052acfe30a60cf791a1 P 81b89e30bd3e45e39b3bd3eca9d5f7c5: Already running schema version 16 got alter request for version 16
I0902 17:01:24.830402 16479 maintenance_manager.cc:486] Time spent running UndoDeltaBlockGCOp(bc88948776204095ba3e800689fff6f3): real 0.000s user 0.000s sys 0.000s
I0902 17:01:24.830497 16479 maintenance_manager.cc:492] P 81b89e30bd3e45e39b3bd3eca9d5f7c5: UndoDeltaBlockGCOp(bc88948776204095ba3e800689fff6f3) metrics: {"cfile_init":1,"lbm_read_time_us":56,"lbm_reads_lt_1ms":4}
I0902 17:01:24.831112 16479 maintenance_manager.cc:486] Time spent running UndoDeltaBlockGCOp(7ab6f1a0b8d2430c933828f8da2892f6): real 0.000s user 0.000s sys 0.000s
I0902 17:01:24.831171 16479 maintenance_manager.cc:492] P 81b89e30bd3e45e39b3bd3eca9d5f7c5: UndoDeltaBlockGCOp(7ab6f1a0b8d2430c933828f8da2892f6) metrics: {"cfile_init":1,"lbm_read_time_us":43,"lbm_reads_lt_1ms":4}
I0902 17:01:24.831657 16479 maintenance_manager.cc:486] Time spent running UndoDeltaBlockGCOp(72aff43a768841bb91a3e3630747b057): real 0.000s user 0.000s sys 0.000s
I0902 17:01:24.831707 16479 maintenance_manager.cc:492] P 81b89e30bd3e45e39b3bd3eca9d5f7c5: UndoDeltaBlockGCOp(72aff43a768841bb91a3e3630747b057) metrics: {"cfile_init":1,"lbm_read_time_us":44,"lbm_reads_lt_1ms":4}
I0902 17:01:24.857590 16304 maintenance_manager.cc:486] Time spent running UndoDeltaBlockGCOp(bc88948776204095ba3e800689fff6f3): real 0.000s user 0.000s sys 0.000s
I0902 17:01:24.857677 16304 maintenance_manager.cc:492] P 475a466ec8b44f39bbf6b23f10ebe15b: UndoDeltaBlockGCOp(bc88948776204095ba3e800689fff6f3) metrics: {"cfile_init":1,"lbm_read_time_us":52,"lbm_reads_lt_1ms":4}
I0902 17:01:24.858283 16304 maintenance_manager.cc:486] Time spent running UndoDeltaBlockGCOp(7ab6f1a0b8d2430c933828f8da2892f6): real 0.000s user 0.000s sys 0.000s
I0902 17:01:24.858353 16304 maintenance_manager.cc:492] P 475a466ec8b44f39bbf6b23f10ebe15b: UndoDeltaBlockGCOp(7ab6f1a0b8d2430c933828f8da2892f6) metrics: {"cfile_init":1,"lbm_read_time_us":50,"lbm_reads_lt_1ms":4}
I0902 17:01:24.858839 16304 maintenance_manager.cc:486] Time spent running UndoDeltaBlockGCOp(72aff43a768841bb91a3e3630747b057): real 0.000s user 0.000s sys 0.000s
I0902 17:01:24.858896 16304 maintenance_manager.cc:492] P 475a466ec8b44f39bbf6b23f10ebe15b: UndoDeltaBlockGCOp(72aff43a768841bb91a3e3630747b057) metrics: {"cfile_init":1,"lbm_read_time_us":42,"lbm_reads_lt_1ms":4}
I0902 17:01:25.205864 15056 alter_table-randomized-test.cc:436] Beginning Alterations
I0902 17:01:25.206627 15056 alter_table-randomized-test.cc:582] Dropping range partition: [536870904, 603979767) resulting partitions: (268435452, 335544315], (1677721575, 1744830438], (1879048164, 1946157027)
I0902 17:01:25.206696 15056 alter_table-randomized-test.cc:582] Dropping range partition: [268435452, 335544315) resulting partitions: (1677721575, 1744830438], (1879048164, 1946157027)
I0902 17:01:25.206717 15056 alter_table-randomized-test.cc:468] Committing Alterations
I0902 17:01:25.207258 16822 catalog_manager.cc:1946] Servicing AlterTable request from {username='slave'} at 127.0.0.1:43648: table { table_name: "test-table" } alter_schema_steps { type: DROP_RANGE_PARTITION drop_range_partition { range_bounds { rows: "\006\001\370\377\377\037\007\001\367\377\377#" } } } alter_schema_steps { type: DROP_RANGE_PARTITION drop_range_partition { range_bounds { rows: "\006\001\374\377\377\017\007\001\373\377\377\023" } } } schema { columns { name: "c613" type: INT32 is_key: true is_nullable: false encoding: AUTO_ENCODING compression: DEFAULT_COMPRESSION cfile_block_size: 0 } columns { name: "c190" type: INT32 is_key: false is_nullable: false read_default_value: "4[\\1" encoding: AUTO_ENCODING compression: DEFAULT_COMPRESSION cfile_block_size: 0 } columns { name: "c527" type: INT32 is_key: false is_nullable: false read_default_value: "\354p7~" encoding: AUTO_ENCODING compression: DEFAULT_COMPRESSION cfile_block_size: 0 } }
I0902 17:01:25.209681 16822 catalog_manager.cc:3508] T 00000000000000000000000000000000 P b004b3046b584f37925df45eda899ff0: Sending DeleteTablet for 3 replicas of tablet 3eb08c0df9474052acfe30a60cf791a1
I0902 17:01:25.209784 16822 catalog_manager.cc:3165] Sending DeleteTablet(TABLET_DATA_DELETED) for tablet 3eb08c0df9474052acfe30a60cf791a1 on 81b89e30bd3e45e39b3bd3eca9d5f7c5 (127.58.208.3:42179) (Partition dropped at 2017-09-02 17:01:25 UTC)
I0902 17:01:25.209893 16822 catalog_manager.cc:3165] Sending DeleteTablet(TABLET_DATA_DELETED) for tablet 3eb08c0df9474052acfe30a60cf791a1 on 475a466ec8b44f39bbf6b23f10ebe15b (127.58.208.2:43231) (Partition dropped at 2017-09-02 17:01:25 UTC)
I0902 17:01:25.209939 16822 catalog_manager.cc:3165] Sending DeleteTablet(TABLET_DATA_DELETED) for tablet 3eb08c0df9474052acfe30a60cf791a1 on d28f0f3b8d0e429484dbeeb2d41b7d50 (127.58.208.1:59914) (Partition dropped at 2017-09-02 17:01:25 UTC)
I0902 17:01:25.209974 16822 catalog_manager.cc:3508] T 00000000000000000000000000000000 P b004b3046b584f37925df45eda899ff0: Sending DeleteTablet for 3 replicas of tablet 72aff43a768841bb91a3e3630747b057
I0902 17:01:25.210000 16822 catalog_manager.cc:3165] Sending DeleteTablet(TABLET_DATA_DELETED) for tablet 72aff43a768841bb91a3e3630747b057 on 475a466ec8b44f39bbf6b23f10ebe15b (127.58.208.2:43231) (Partition dropped at 2017-09-02 17:01:25 UTC)
I0902 17:01:25.210038 16822 catalog_manager.cc:3165] Sending DeleteTablet(TABLET_DATA_DELETED) for tablet 72aff43a768841bb91a3e3630747b057 on 81b89e30bd3e45e39b3bd3eca9d5f7c5 (127.58.208.3:42179) (Partition dropped at 2017-09-02 17:01:25 UTC)
I0902 17:01:25.210073 16822 catalog_manager.cc:3165] Sending DeleteTablet(TABLET_DATA_DELETED) for tablet 72aff43a768841bb91a3e3630747b057 on d28f0f3b8d0e429484dbeeb2d41b7d50 (127.58.208.1:59914) (Partition dropped at 2017-09-02 17:01:25 UTC)
I0902 17:01:25.210283 16533 tablet_service.cc:805] Processing DeleteTablet for tablet 3eb08c0df9474052acfe30a60cf791a1 with delete_type TABLET_DATA_DELETED (Partition dropped at 2017-09-02 17:01:25 UTC) from {username='slave'} at 127.0.0.1:44303
I0902 17:01:25.210366 16533 tablet_replica.cc:251] T 3eb08c0df9474052acfe30a60cf791a1 P 81b89e30bd3e45e39b3bd3eca9d5f7c5: stopping tablet replica
I0902 17:01:25.210465 16717 tablet_service.cc:805] Processing DeleteTablet for tablet 3eb08c0df9474052acfe30a60cf791a1 with delete_type TABLET_DATA_DELETED (Partition dropped at 2017-09-02 17:01:25 UTC) from {username='slave'} at 127.0.0.1:34324
I0902 17:01:25.210477 16533 maintenance_manager.cc:228] P 81b89e30bd3e45e39b3bd3eca9d5f7c5: Unregistered op CompactRowSetsOp(3eb08c0df9474052acfe30a60cf791a1)
I0902 17:01:25.210505 16716 tablet_service.cc:805] Processing DeleteTablet for tablet 72aff43a768841bb91a3e3630747b057 with delete_type TABLET_DATA_DELETED (Partition dropped at 2017-09-02 17:01:25 UTC) from {username='slave'} at 127.0.0.1:34324
I0902 17:01:25.210510 16533 maintenance_manager.cc:228] P 81b89e30bd3e45e39b3bd3eca9d5f7c5: Unregistered op MinorDeltaCompactionOp(3eb08c0df9474052acfe30a60cf791a1)
I0902 17:01:25.210520 16533 maintenance_manager.cc:228] P 81b89e30bd3e45e39b3bd3eca9d5f7c5: Unregistered op MajorDeltaCompactionOp(3eb08c0df9474052acfe30a60cf791a1)
I0902 17:01:25.210525 16716 tablet_replica.cc:251] T 72aff43a768841bb91a3e3630747b057 P d28f0f3b8d0e429484dbeeb2d41b7d50: stopping tablet replica
I0902 17:01:25.210528 16533 maintenance_manager.cc:228] P 81b89e30bd3e45e39b3bd3eca9d5f7c5: Unregistered op UndoDeltaBlockGCOp(3eb08c0df9474052acfe30a60cf791a1)
I0902 17:01:25.210525 16717 tablet_replica.cc:251] T 3eb08c0df9474052acfe30a60cf791a1 P d28f0f3b8d0e429484dbeeb2d41b7d50: stopping tablet replica
I0902 17:01:25.210571 16533 maintenance_manager.cc:228] P 81b89e30bd3e45e39b3bd3eca9d5f7c5: Unregistered op FlushMRSOp(3eb08c0df9474052acfe30a60cf791a1)
I0902 17:01:25.210580 16533 maintenance_manager.cc:228] P 81b89e30bd3e45e39b3bd3eca9d5f7c5: Unregistered op FlushDeltaMemStoresOp(3eb08c0df9474052acfe30a60cf791a1)
I0902 17:01:25.210587 16533 maintenance_manager.cc:228] P 81b89e30bd3e45e39b3bd3eca9d5f7c5: Unregistered op LogGCOp(3eb08c0df9474052acfe30a60cf791a1)
I0902 17:01:25.210606 16716 maintenance_manager.cc:228] P d28f0f3b8d0e429484dbeeb2d41b7d50: Unregistered op CompactRowSetsOp(72aff43a768841bb91a3e3630747b057)
I0902 17:01:25.210619 16533 raft_consensus.cc:1807] T 3eb08c0df9474052acfe30a60cf791a1 P 81b89e30bd3e45e39b3bd3eca9d5f7c5 [term 1 FOLLOWER]: Raft consensus shutting down.
I0902 17:01:25.210631 16717 maintenance_manager.cc:228] P d28f0f3b8d0e429484dbeeb2d41b7d50: Unregistered op CompactRowSetsOp(3eb08c0df9474052acfe30a60cf791a1)
I0902 17:01:25.210650 16717 maintenance_manager.cc:228] P d28f0f3b8d0e429484dbeeb2d41b7d50: Unregistered op MinorDeltaCompactionOp(3eb08c0df9474052acfe30a60cf791a1)
I0902 17:01:25.210660 16717 maintenance_manager.cc:228] P d28f0f3b8d0e429484dbeeb2d41b7d50: Unregistered op MajorDeltaCompactionOp(3eb08c0df9474052acfe30a60cf791a1)
I0902 17:01:25.210669 16717 maintenance_manager.cc:228] P d28f0f3b8d0e429484dbeeb2d41b7d50: Unregistered op UndoDeltaBlockGCOp(3eb08c0df9474052acfe30a60cf791a1)
I0902 17:01:25.210702 16717 maintenance_manager.cc:228] P d28f0f3b8d0e429484dbeeb2d41b7d50: Unregistered op FlushMRSOp(3eb08c0df9474052acfe30a60cf791a1)
I0902 17:01:25.210712 16717 maintenance_manager.cc:228] P d28f0f3b8d0e429484dbeeb2d41b7d50: Unregistered op FlushDeltaMemStoresOp(3eb08c0df9474052acfe30a60cf791a1)
I0902 17:01:25.210722 16717 maintenance_manager.cc:228] P d28f0f3b8d0e429484dbeeb2d41b7d50: Unregistered op LogGCOp(3eb08c0df9474052acfe30a60cf791a1)
I0902 17:01:25.210752 16717 raft_consensus.cc:1807] T 3eb08c0df9474052acfe30a60cf791a1 P d28f0f3b8d0e429484dbeeb2d41b7d50 [term 1 FOLLOWER]: Raft consensus shutting down.
I0902 17:01:25.210816 16533 raft_consensus.cc:1834] T 3eb08c0df9474052acfe30a60cf791a1 P 81b89e30bd3e45e39b3bd3eca9d5f7c5 [term 1 FOLLOWER]: Raft consensus is shut down!
I0902 17:01:25.210906 16717 raft_consensus.cc:1834] T 3eb08c0df9474052acfe30a60cf791a1 P d28f0f3b8d0e429484dbeeb2d41b7d50 [term 1 FOLLOWER]: Raft consensus is shut down!
I0902 17:01:25.211174 16716 maintenance_manager.cc:228] P d28f0f3b8d0e429484dbeeb2d41b7d50: Unregistered op MinorDeltaCompactionOp(72aff43a768841bb91a3e3630747b057)
I0902 17:01:25.211207 16716 maintenance_manager.cc:228] P d28f0f3b8d0e429484dbeeb2d41b7d50: Unregistered op MajorDeltaCompactionOp(72aff43a768841bb91a3e3630747b057)
I0902 17:01:25.211220 16716 maintenance_manager.cc:228] P d28f0f3b8d0e429484dbeeb2d41b7d50: Unregistered op UndoDeltaBlockGCOp(72aff43a768841bb91a3e3630747b057)
I0902 17:01:25.211233 16716 maintenance_manager.cc:228] P d28f0f3b8d0e429484dbeeb2d41b7d50: Unregistered op FlushMRSOp(72aff43a768841bb91a3e3630747b057)
I0902 17:01:25.211241 16716 maintenance_manager.cc:228] P d28f0f3b8d0e429484dbeeb2d41b7d50: Unregistered op FlushDeltaMemStoresOp(72aff43a768841bb91a3e3630747b057)
I0902 17:01:25.211247 16716 maintenance_manager.cc:228] P d28f0f3b8d0e429484dbeeb2d41b7d50: Unregistered op LogGCOp(72aff43a768841bb91a3e3630747b057)
I0902 17:01:25.211254 16532 tablet_service.cc:805] Processing DeleteTablet for tablet 72aff43a768841bb91a3e3630747b057 with delete_type TABLET_DATA_DELETED (Partition dropped at 2017-09-02 17:01:25 UTC) from {username='slave'} at 127.0.0.1:44303
I0902 17:01:25.211263 16716 raft_consensus.cc:1807] T 72aff43a768841bb91a3e3630747b057 P d28f0f3b8d0e429484dbeeb2d41b7d50 [term 3 FOLLOWER]: Raft consensus shutting down.
I0902 17:01:25.211299 16532 tablet_replica.cc:251] T 72aff43a768841bb91a3e3630747b057 P 81b89e30bd3e45e39b3bd3eca9d5f7c5: stopping tablet replica
I0902 17:01:25.211316 16716 raft_consensus.cc:1834] T 72aff43a768841bb91a3e3630747b057 P d28f0f3b8d0e429484dbeeb2d41b7d50 [term 3 FOLLOWER]: Raft consensus is shut down!
I0902 17:01:25.211323 16532 maintenance_manager.cc:228] P 81b89e30bd3e45e39b3bd3eca9d5f7c5: Unregistered op CompactRowSetsOp(72aff43a768841bb91a3e3630747b057)
I0902 17:01:25.211335 16532 maintenance_manager.cc:228] P 81b89e30bd3e45e39b3bd3eca9d5f7c5: Unregistered op MinorDeltaCompactionOp(72aff43a768841bb91a3e3630747b057)
I0902 17:01:25.211343 16532 maintenance_manager.cc:228] P 81b89e30bd3e45e39b3bd3eca9d5f7c5: Unregistered op MajorDeltaCompactionOp(72aff43a768841bb91a3e3630747b057)
I0902 17:01:25.211350 16532 maintenance_manager.cc:228] P 81b89e30bd3e45e39b3bd3eca9d5f7c5: Unregistered op UndoDeltaBlockGCOp(72aff43a768841bb91a3e3630747b057)
I0902 17:01:25.211364 16532 maintenance_manager.cc:228] P 81b89e30bd3e45e39b3bd3eca9d5f7c5: Unregistered op FlushMRSOp(72aff43a768841bb91a3e3630747b057)
I0902 17:01:25.211371 16532 maintenance_manager.cc:228] P 81b89e30bd3e45e39b3bd3eca9d5f7c5: Unregistered op FlushDeltaMemStoresOp(72aff43a768841bb91a3e3630747b057)
I0902 17:01:25.211377 16532 maintenance_manager.cc:228] P 81b89e30bd3e45e39b3bd3eca9d5f7c5: Unregistered op LogGCOp(72aff43a768841bb91a3e3630747b057)
I0902 17:01:25.211392 16532 raft_consensus.cc:1807] T 72aff43a768841bb91a3e3630747b057 P 81b89e30bd3e45e39b3bd3eca9d5f7c5 [term 3 FOLLOWER]: Raft consensus shutting down.
I0902 17:01:25.211438 16532 raft_consensus.cc:1834] T 72aff43a768841bb91a3e3630747b057 P 81b89e30bd3e45e39b3bd3eca9d5f7c5 [term 3 FOLLOWER]: Raft consensus is shut down!
I0902 17:01:25.211880 16533 ts_tablet_manager.cc:1097] T 3eb08c0df9474052acfe30a60cf791a1 P 81b89e30bd3e45e39b3bd3eca9d5f7c5: Deleting tablet data with delete state TABLET_DATA_DELETED
I0902 17:01:25.212086 16532 ts_tablet_manager.cc:1097] T 72aff43a768841bb91a3e3630747b057 P 81b89e30bd3e45e39b3bd3eca9d5f7c5: Deleting tablet data with delete state TABLET_DATA_DELETED
I0902 17:01:25.212218 16716 ts_tablet_manager.cc:1097] T 72aff43a768841bb91a3e3630747b057 P d28f0f3b8d0e429484dbeeb2d41b7d50: Deleting tablet data with delete state TABLET_DATA_DELETED
I0902 17:01:25.213429 16357 tablet_service.cc:805] Processing DeleteTablet for tablet 72aff43a768841bb91a3e3630747b057 with delete_type TABLET_DATA_DELETED (Partition dropped at 2017-09-02 17:01:25 UTC) from {username='slave'} at 127.0.0.1:34842
I0902 17:01:25.213495 16357 tablet_replica.cc:251] T 72aff43a768841bb91a3e3630747b057 P 475a466ec8b44f39bbf6b23f10ebe15b: stopping tablet replica
I0902 17:01:25.213588 16357 maintenance_manager.cc:228] P 475a466ec8b44f39bbf6b23f10ebe15b: Unregistered op CompactRowSetsOp(72aff43a768841bb91a3e3630747b057)
I0902 17:01:25.213624 16357 maintenance_manager.cc:228] P 475a466ec8b44f39bbf6b23f10ebe15b: Unregistered op MinorDeltaCompactionOp(72aff43a768841bb91a3e3630747b057)
I0902 17:01:25.213641 16357 maintenance_manager.cc:228] P 475a466ec8b44f39bbf6b23f10ebe15b: Unregistered op MajorDeltaCompactionOp(72aff43a768841bb91a3e3630747b057)
I0902 17:01:25.213654 16357 maintenance_manager.cc:228] P 475a466ec8b44f39bbf6b23f10ebe15b: Unregistered op UndoDeltaBlockGCOp(72aff43a768841bb91a3e3630747b057)
I0902 17:01:25.213683 16357 maintenance_manager.cc:228] P 475a466ec8b44f39bbf6b23f10ebe15b: Unregistered op FlushMRSOp(72aff43a768841bb91a3e3630747b057)
I0902 17:01:25.213692 16357 maintenance_manager.cc:228] P 475a466ec8b44f39bbf6b23f10ebe15b: Unregistered op FlushDeltaMemStoresOp(72aff43a768841bb91a3e3630747b057)
I0902 17:01:25.213701 16357 maintenance_manager.cc:228] P 475a466ec8b44f39bbf6b23f10ebe15b: Unregistered op LogGCOp(72aff43a768841bb91a3e3630747b057)
I0902 17:01:25.213731 16357 raft_consensus.cc:1807] T 72aff43a768841bb91a3e3630747b057 P 475a466ec8b44f39bbf6b23f10ebe15b [term 3 LEADER]: Raft consensus shutting down.
I0902 17:01:25.213753 16357 consensus_peers.cc:433] T 72aff43a768841bb91a3e3630747b057 P 475a466ec8b44f39bbf6b23f10ebe15b -> Peer d28f0f3b8d0e429484dbeeb2d41b7d50 (127.58.208.1:59914): Closing peer: d28f0f3b8d0e429484dbeeb2d41b7d50
I0902 17:01:25.213843 16717 ts_tablet_manager.cc:1097] T 3eb08c0df9474052acfe30a60cf791a1 P d28f0f3b8d0e429484dbeeb2d41b7d50: Deleting tablet data with delete state TABLET_DATA_DELETED
I0902 17:01:25.213799 16357 consensus_peers.cc:433] T 72aff43a768841bb91a3e3630747b057 P 475a466ec8b44f39bbf6b23f10ebe15b -> Peer 81b89e30bd3e45e39b3bd3eca9d5f7c5 (127.58.208.3:42179): Closing peer: 81b89e30bd3e45e39b3bd3eca9d5f7c5
I0902 17:01:25.213882 16356 tablet_service.cc:805] Processing DeleteTablet for tablet 3eb08c0df9474052acfe30a60cf791a1 with delete_type TABLET_DATA_DELETED (Partition dropped at 2017-09-02 17:01:25 UTC) from {username='slave'} at 127.0.0.1:34842
I0902 17:01:25.214728 16356 tablet_replica.cc:251] T 3eb08c0df9474052acfe30a60cf791a1 P 475a466ec8b44f39bbf6b23f10ebe15b: stopping tablet replica
I0902 17:01:25.214751 16356 maintenance_manager.cc:228] P 475a466ec8b44f39bbf6b23f10ebe15b: Unregistered op CompactRowSetsOp(3eb08c0df9474052acfe30a60cf791a1)
I0902 17:01:25.214797 16356 maintenance_manager.cc:228] P 475a466ec8b44f39bbf6b23f10ebe15b: Unregistered op MinorDeltaCompactionOp(3eb08c0df9474052acfe30a60cf791a1)
I0902 17:01:25.214807 16356 maintenance_manager.cc:228] P 475a466ec8b44f39bbf6b23f10ebe15b: Unregistered op MajorDeltaCompactionOp(3eb08c0df9474052acfe30a60cf791a1)
I0902 17:01:25.214813 16356 maintenance_manager.cc:228] P 475a466ec8b44f39bbf6b23f10ebe15b: Unregistered op UndoDeltaBlockGCOp(3eb08c0df9474052acfe30a60cf791a1)
I0902 17:01:25.214824 16356 maintenance_manager.cc:228] P 475a466ec8b44f39bbf6b23f10ebe15b: Unregistered op FlushMRSOp(3eb08c0df9474052acfe30a60cf791a1)
I0902 17:01:25.214833 16356 maintenance_manager.cc:228] P 475a466ec8b44f39bbf6b23f10ebe15b: Unregistered op FlushDeltaMemStoresOp(3eb08c0df9474052acfe30a60cf791a1)
I0902 17:01:25.214838 16356 maintenance_manager.cc:228] P 475a466ec8b44f39bbf6b23f10ebe15b: Unregistered op LogGCOp(3eb08c0df9474052acfe30a60cf791a1)
I0902 17:01:25.214855 16356 raft_consensus.cc:1807] T 3eb08c0df9474052acfe30a60cf791a1 P 475a466ec8b44f39bbf6b23f10ebe15b [term 1 LEADER]: Raft consensus shutting down.
I0902 17:01:25.214864 16356 consensus_peers.cc:433] T 3eb08c0df9474052acfe30a60cf791a1 P 475a466ec8b44f39bbf6b23f10ebe15b -> Peer d28f0f3b8d0e429484dbeeb2d41b7d50 (127.58.208.1:59914): Closing peer: d28f0f3b8d0e429484dbeeb2d41b7d50
I0902 17:01:25.214875 16356 consensus_peers.cc:433] T 3eb08c0df9474052acfe30a60cf791a1 P 475a466ec8b44f39bbf6b23f10ebe15b -> Peer 81b89e30bd3e45e39b3bd3eca9d5f7c5 (127.58.208.3:42179): Closing peer: 81b89e30bd3e45e39b3bd3eca9d5f7c5
I0902 17:01:25.215029 16356 raft_consensus.cc:1834] T 3eb08c0df9474052acfe30a60cf791a1 P 475a466ec8b44f39bbf6b23f10ebe15b [term 1 FOLLOWER]: Raft consensus is shut down!
I0902 17:01:25.215133 16717 ts_tablet_manager.cc:1110] T 3eb08c0df9474052acfe30a60cf791a1 P d28f0f3b8d0e429484dbeeb2d41b7d50: tablet deleted: last-logged OpId: 1.17
I0902 17:01:25.215173 16717 log.cc:960] T 3eb08c0df9474052acfe30a60cf791a1 P d28f0f3b8d0e429484dbeeb2d41b7d50: Deleting WAL directory at /tmp/run_tha_testdnoRja/test-tmp/alter_table-randomized-test.AlterTableRandomized.TestRandomSequence.1504371669910680-15056/minicluster-data/ts-0/wal/wals/3eb08c0df9474052acfe30a60cf791a1
I0902 17:01:25.215407 16717 ts_tablet_manager.cc:1128] T 3eb08c0df9474052acfe30a60cf791a1 P d28f0f3b8d0e429484dbeeb2d41b7d50: Deleting consensus metadata
