W0902 17:01:11.873353 15073 catalog_manager.cc:2962] Async tablet task e239f6465eb84214b4826d5cf5696359 (table test-table [id=b7f89f9ec9c0479b9fed277cd873ba0e]) Alter Table RPC failed: Not found: Failed to reset TS proxy: No leader found: Tablet e239f6465eb84214b4826d5cf5696359 consensus state has no leader
I0902 17:01:11.875041 15531 raft_consensus.cc:412] T e239f6465eb84214b4826d5cf5696359 P 81b89e30bd3e45e39b3bd3eca9d5f7c5 [term 0 FOLLOWER]: Starting pre-election (no leader contacted us within the election timeout)
I0902 17:01:11.875067 15531 raft_consensus.cc:2456] T e239f6465eb84214b4826d5cf5696359 P 81b89e30bd3e45e39b3bd3eca9d5f7c5: Snoozing failure detection for 1.972s (starting election)
I0902 17:01:11.875116 15531 raft_consensus.cc:434] T e239f6465eb84214b4826d5cf5696359 P 81b89e30bd3e45e39b3bd3eca9d5f7c5 [term 0 FOLLOWER]: Starting pre-election with config: opid_index: -1 OBSOLETE_local: false peers { permanent_uuid: "475a466ec8b44f39bbf6b23f10ebe15b" member_type: VOTER last_known_addr { host: "127.58.208.2" port: 43231 } } peers { permanent_uuid: "d28f0f3b8d0e429484dbeeb2d41b7d50" member_type: VOTER last_known_addr { host: "127.58.208.1" port: 59914 } } peers { permanent_uuid: "81b89e30bd3e45e39b3bd3eca9d5f7c5" member_type: VOTER last_known_addr { host: "127.58.208.3" port: 42179 } }
I0902 17:01:11.875342 15531 leader_election.cc:221] T e239f6465eb84214b4826d5cf5696359 P 81b89e30bd3e45e39b3bd3eca9d5f7c5 [CANDIDATE]: Term 1 pre-election: Requesting pre-vote from peer 475a466ec8b44f39bbf6b23f10ebe15b
I0902 17:01:11.875412 15531 leader_election.cc:221] T e239f6465eb84214b4826d5cf5696359 P 81b89e30bd3e45e39b3bd3eca9d5f7c5 [CANDIDATE]: Term 1 pre-election: Requesting pre-vote from peer d28f0f3b8d0e429484dbeeb2d41b7d50
I0902 17:01:11.875808 15207 tablet_service.cc:1002] Received RequestConsensusVote() RPC: tablet_id: "e239f6465eb84214b4826d5cf5696359" candidate_uuid: "81b89e30bd3e45e39b3bd3eca9d5f7c5" candidate_term: 1 candidate_status { last_received { term: 0 index: 0 } } ignore_live_leader: false dest_uuid: "d28f0f3b8d0e429484dbeeb2d41b7d50" is_pre_election: true
I0902 17:01:11.875809 15330 tablet_service.cc:1002] Received RequestConsensusVote() RPC: tablet_id: "e239f6465eb84214b4826d5cf5696359" candidate_uuid: "81b89e30bd3e45e39b3bd3eca9d5f7c5" candidate_term: 1 candidate_status { last_received { term: 0 index: 0 } } ignore_live_leader: false dest_uuid: "475a466ec8b44f39bbf6b23f10ebe15b" is_pre_election: true
I0902 17:01:11.875864 15330 raft_consensus.cc:2456] T e239f6465eb84214b4826d5cf5696359 P 475a466ec8b44f39bbf6b23f10ebe15b: Snoozing failure detection for 1.723s (vote granted)
I0902 17:01:11.875864 15207 raft_consensus.cc:2456] T e239f6465eb84214b4826d5cf5696359 P d28f0f3b8d0e429484dbeeb2d41b7d50: Snoozing failure detection for 2.131s (vote granted)
I0902 17:01:11.875897 15330 raft_consensus.cc:2010] T e239f6465eb84214b4826d5cf5696359 P 475a466ec8b44f39bbf6b23f10ebe15b [term 0 FOLLOWER]: Leader pre-election vote request: Granting yes vote for candidate 81b89e30bd3e45e39b3bd3eca9d5f7c5 in term 0.
I0902 17:01:11.875916 15207 raft_consensus.cc:2010] T e239f6465eb84214b4826d5cf5696359 P d28f0f3b8d0e429484dbeeb2d41b7d50 [term 0 FOLLOWER]: Leader pre-election vote request: Granting yes vote for candidate 81b89e30bd3e45e39b3bd3eca9d5f7c5 in term 0.
I0902 17:01:11.876116 15387 leader_election.cc:353] T e239f6465eb84214b4826d5cf5696359 P 81b89e30bd3e45e39b3bd3eca9d5f7c5 [CANDIDATE]: Term 1 pre-election: Vote granted by peer 475a466ec8b44f39bbf6b23f10ebe15b
I0902 17:01:11.876138 15387 leader_election.cc:248] T e239f6465eb84214b4826d5cf5696359 P 81b89e30bd3e45e39b3bd3eca9d5f7c5 [CANDIDATE]: Term 1 pre-election: Election decided. Result: candidate won.
I0902 17:01:11.876178 15388 leader_election.cc:353] T e239f6465eb84214b4826d5cf5696359 P 81b89e30bd3e45e39b3bd3eca9d5f7c5 [CANDIDATE]: Term 1 pre-election: Vote granted by peer d28f0f3b8d0e429484dbeeb2d41b7d50
I0902 17:01:11.876230 15518 raft_consensus.cc:2456] T e239f6465eb84214b4826d5cf5696359 P 81b89e30bd3e45e39b3bd3eca9d5f7c5: Snoozing failure detection for 2.088s (election complete)
I0902 17:01:11.876253 15518 raft_consensus.cc:2280] T e239f6465eb84214b4826d5cf5696359 P 81b89e30bd3e45e39b3bd3eca9d5f7c5 [term 0 FOLLOWER]: Leader pre-election won for term 1
I0902 17:01:11.876267 15518 raft_consensus.cc:412] T e239f6465eb84214b4826d5cf5696359 P 81b89e30bd3e45e39b3bd3eca9d5f7c5 [term 0 FOLLOWER]: Starting leader election (no leader contacted us within the election timeout)
I0902 17:01:11.876279 15518 raft_consensus.cc:2456] T e239f6465eb84214b4826d5cf5696359 P 81b89e30bd3e45e39b3bd3eca9d5f7c5: Snoozing failure detection for 2.152s (starting election)
I0902 17:01:11.876291 15518 raft_consensus.cc:2508] T e239f6465eb84214b4826d5cf5696359 P 81b89e30bd3e45e39b3bd3eca9d5f7c5 [term 0 FOLLOWER]: Advancing to term 1
I0902 17:01:11.876288 15070 catalog_manager.cc:2943] Scheduling retry of e239f6465eb84214b4826d5cf5696359 (table test-table [id=b7f89f9ec9c0479b9fed277cd873ba0e]) Alter Table RPC with a delay of 15 ms (attempt = 0)
W0902 17:01:11.876312 15070 catalog_manager.cc:2962] Async tablet task e239f6465eb84214b4826d5cf5696359 (table test-table [id=b7f89f9ec9c0479b9fed277cd873ba0e]) Alter Table RPC failed: Not found: Failed to reset TS proxy: No leader found: Tablet e239f6465eb84214b4826d5cf5696359 consensus state has no leader
I0902 17:01:11.876864 15518 raft_consensus.cc:434] T e239f6465eb84214b4826d5cf5696359 P 81b89e30bd3e45e39b3bd3eca9d5f7c5 [term 1 FOLLOWER]: Starting leader election with config: opid_index: -1 OBSOLETE_local: false peers { permanent_uuid: "475a466ec8b44f39bbf6b23f10ebe15b" member_type: VOTER last_known_addr { host: "127.58.208.2" port: 43231 } } peers { permanent_uuid: "d28f0f3b8d0e429484dbeeb2d41b7d50" member_type: VOTER last_known_addr { host: "127.58.208.1" port: 59914 } } peers { permanent_uuid: "81b89e30bd3e45e39b3bd3eca9d5f7c5" member_type: VOTER last_known_addr { host: "127.58.208.3" port: 42179 } }
I0902 17:01:11.877075 15518 leader_election.cc:221] T e239f6465eb84214b4826d5cf5696359 P 81b89e30bd3e45e39b3bd3eca9d5f7c5 [CANDIDATE]: Term 1 election: Requesting vote from peer 475a466ec8b44f39bbf6b23f10ebe15b
I0902 17:01:11.877137 15518 leader_election.cc:221] T e239f6465eb84214b4826d5cf5696359 P 81b89e30bd3e45e39b3bd3eca9d5f7c5 [CANDIDATE]: Term 1 election: Requesting vote from peer d28f0f3b8d0e429484dbeeb2d41b7d50
I0902 17:01:11.877455 15330 tablet_service.cc:1002] Received RequestConsensusVote() RPC: tablet_id: "e239f6465eb84214b4826d5cf5696359" candidate_uuid: "81b89e30bd3e45e39b3bd3eca9d5f7c5" candidate_term: 1 candidate_status { last_received { term: 0 index: 0 } } ignore_live_leader: false dest_uuid: "475a466ec8b44f39bbf6b23f10ebe15b"
I0902 17:01:11.877499 15330 raft_consensus.cc:2508] T e239f6465eb84214b4826d5cf5696359 P 475a466ec8b44f39bbf6b23f10ebe15b [term 0 FOLLOWER]: Advancing to term 1
I0902 17:01:11.877496 15207 tablet_service.cc:1002] Received RequestConsensusVote() RPC: tablet_id: "e239f6465eb84214b4826d5cf5696359" candidate_uuid: "81b89e30bd3e45e39b3bd3eca9d5f7c5" candidate_term: 1 candidate_status { last_received { term: 0 index: 0 } } ignore_live_leader: false dest_uuid: "d28f0f3b8d0e429484dbeeb2d41b7d50"
I0902 17:01:11.877534 15330 raft_consensus.cc:2456] T e239f6465eb84214b4826d5cf5696359 P 475a466ec8b44f39bbf6b23f10ebe15b: Snoozing failure detection for 1.921s (vote granted)
I0902 17:01:11.877569 15207 raft_consensus.cc:2508] T e239f6465eb84214b4826d5cf5696359 P d28f0f3b8d0e429484dbeeb2d41b7d50 [term 0 FOLLOWER]: Advancing to term 1
I0902 17:01:11.877612 15207 raft_consensus.cc:2456] T e239f6465eb84214b4826d5cf5696359 P d28f0f3b8d0e429484dbeeb2d41b7d50: Snoozing failure detection for 1.915s (vote granted)
I0902 17:01:11.878057 15330 raft_consensus.cc:2010] T e239f6465eb84214b4826d5cf5696359 P 475a466ec8b44f39bbf6b23f10ebe15b [term 1 FOLLOWER]: Leader election vote request: Granting yes vote for candidate 81b89e30bd3e45e39b3bd3eca9d5f7c5 in term 1.
I0902 17:01:11.878183 15207 raft_consensus.cc:2010] T e239f6465eb84214b4826d5cf5696359 P d28f0f3b8d0e429484dbeeb2d41b7d50 [term 1 FOLLOWER]: Leader election vote request: Granting yes vote for candidate 81b89e30bd3e45e39b3bd3eca9d5f7c5 in term 1.
I0902 17:01:11.878285 15387 leader_election.cc:353] T e239f6465eb84214b4826d5cf5696359 P 81b89e30bd3e45e39b3bd3eca9d5f7c5 [CANDIDATE]: Term 1 election: Vote granted by peer 475a466ec8b44f39bbf6b23f10ebe15b
I0902 17:01:11.878324 15387 leader_election.cc:248] T e239f6465eb84214b4826d5cf5696359 P 81b89e30bd3e45e39b3bd3eca9d5f7c5 [CANDIDATE]: Term 1 election: Election decided. Result: candidate won.
I0902 17:01:11.878419 15535 raft_consensus.cc:2456] T e239f6465eb84214b4826d5cf5696359 P 81b89e30bd3e45e39b3bd3eca9d5f7c5: Snoozing failure detection for 2.002s (election complete)
I0902 17:01:11.878448 15535 raft_consensus.cc:2280] T e239f6465eb84214b4826d5cf5696359 P 81b89e30bd3e45e39b3bd3eca9d5f7c5 [term 1 FOLLOWER]: Leader election won for term 1
I0902 17:01:11.878453 15388 leader_election.cc:353] T e239f6465eb84214b4826d5cf5696359 P 81b89e30bd3e45e39b3bd3eca9d5f7c5 [CANDIDATE]: Term 1 election: Vote granted by peer d28f0f3b8d0e429484dbeeb2d41b7d50
I0902 17:01:11.878509 15535 raft_consensus.cc:542] T e239f6465eb84214b4826d5cf5696359 P 81b89e30bd3e45e39b3bd3eca9d5f7c5 [term 1 LEADER]: Becoming Leader. State: Replica: 81b89e30bd3e45e39b3bd3eca9d5f7c5, State: Running, Role: LEADER
I0902 17:01:11.878552 15073 catalog_manager.cc:2943] Scheduling retry of e239f6465eb84214b4826d5cf5696359 (table test-table [id=b7f89f9ec9c0479b9fed277cd873ba0e]) Alter Table RPC with a delay of 12 ms (attempt = 0)
W0902 17:01:11.878578 15073 catalog_manager.cc:2962] Async tablet task e239f6465eb84214b4826d5cf5696359 (table test-table [id=b7f89f9ec9c0479b9fed277cd873ba0e]) Alter Table RPC failed: Not found: Failed to reset TS proxy: No leader found: Tablet e239f6465eb84214b4826d5cf5696359 consensus state has no leader
I0902 17:01:11.878600 15535 consensus_queue.cc:169] T e239f6465eb84214b4826d5cf5696359 P 81b89e30bd3e45e39b3bd3eca9d5f7c5 [LEADER]: Queue going to LEADER mode. State: All replicated index: 0, Majority replicated index: 0, Committed index: 0, Last appended: 0.0, Last appended by leader: 0, Current term: 1, Majority size: 2, State: 0, Mode: LEADER, active raft config: opid_index: -1 OBSOLETE_local: false peers { permanent_uuid: "475a466ec8b44f39bbf6b23f10ebe15b" member_type: VOTER last_known_addr { host: "127.58.208.2" port: 43231 } } peers { permanent_uuid: "d28f0f3b8d0e429484dbeeb2d41b7d50" member_type: VOTER last_known_addr { host: "127.58.208.1" port: 59914 } } peers { permanent_uuid: "81b89e30bd3e45e39b3bd3eca9d5f7c5" member_type: VOTER last_known_addr { host: "127.58.208.3" port: 42179 } }
I0902 17:01:11.879794 15088 catalog_manager.cc:2462] TS 81b89e30bd3e45e39b3bd3eca9d5f7c5 (127.58.208.3:42179) does not have the latest schema for tablet e239f6465eb84214b4826d5cf5696359 (table test-table [id=b7f89f9ec9c0479b9fed277cd873ba0e]). Expected version 3 got 0
I0902 17:01:11.879923 15088 catalog_manager.cc:2571] T e239f6465eb84214b4826d5cf5696359 reported cstate change: term changed from 0 to 1, leader changed from to 81b89e30bd3e45e39b3bd3eca9d5f7c5 (127.58.208.3). New cstate: current_term: 1 leader_uuid: "81b89e30bd3e45e39b3bd3eca9d5f7c5" committed_config { opid_index: -1 OBSOLETE_local: false peers { permanent_uuid: "475a466ec8b44f39bbf6b23f10ebe15b" member_type: VOTER last_known_addr { host: "127.58.208.2" port: 43231 } } peers { permanent_uuid: "d28f0f3b8d0e429484dbeeb2d41b7d50" member_type: VOTER last_known_addr { host: "127.58.208.1" port: 59914 } } peers { permanent_uuid: "81b89e30bd3e45e39b3bd3eca9d5f7c5" member_type: VOTER last_known_addr { host: "127.58.208.3" port: 42179 } } }
I0902 17:01:11.882218 15207 raft_consensus.cc:964] T e239f6465eb84214b4826d5cf5696359 P d28f0f3b8d0e429484dbeeb2d41b7d50 [term 1 FOLLOWER]: Refusing update from remote peer 81b89e30bd3e45e39b3bd3eca9d5f7c5: Log matching property violated. Preceding OpId in replica: term: 0 index: 0. Preceding OpId from leader: term: 1 index: 2. (index mismatch)
I0902 17:01:11.882226 15330 raft_consensus.cc:964] T e239f6465eb84214b4826d5cf5696359 P 475a466ec8b44f39bbf6b23f10ebe15b [term 1 FOLLOWER]: Refusing update from remote peer 81b89e30bd3e45e39b3bd3eca9d5f7c5: Log matching property violated. Preceding OpId in replica: term: 0 index: 0. Preceding OpId from leader: term: 1 index: 2. (index mismatch)
I0902 17:01:11.882544 15518 consensus_queue.cc:741] T e239f6465eb84214b4826d5cf5696359 P 81b89e30bd3e45e39b3bd3eca9d5f7c5 [LEADER]: Connected to new peer: Peer: 475a466ec8b44f39bbf6b23f10ebe15b, Is new: false, Last received: 0.0, Next index: 1, Last known committed idx: 0, Last exchange result: ERROR, Needs tablet copy: false
I0902 17:01:11.882622 15542 consensus_queue.cc:741] T e239f6465eb84214b4826d5cf5696359 P 81b89e30bd3e45e39b3bd3eca9d5f7c5 [LEADER]: Connected to new peer: Peer: d28f0f3b8d0e429484dbeeb2d41b7d50, Is new: false, Last received: 0.0, Next index: 1, Last known committed idx: 0, Last exchange result: ERROR, Needs tablet copy: false
I0902 17:01:11.884312 15088 catalog_manager.cc:2462] TS 475a466ec8b44f39bbf6b23f10ebe15b (127.58.208.2:43231) does not have the latest schema for tablet e239f6465eb84214b4826d5cf5696359 (table test-table [id=b7f89f9ec9c0479b9fed277cd873ba0e]). Expected version 3 got 0
I0902 17:01:11.884414 15530 tablet.cc:1115] T e239f6465eb84214b4826d5cf5696359 P 81b89e30bd3e45e39b3bd3eca9d5f7c5: Alter schema from Schema [ 10:key[int32 NOT NULL] ] version 0 to Schema [ 10:key[int32 NOT NULL] ] version 3
I0902 17:01:11.884694 15087 catalog_manager.cc:2462] TS d28f0f3b8d0e429484dbeeb2d41b7d50 (127.58.208.1:59914) does not have the latest schema for tablet e239f6465eb84214b4826d5cf5696359 (table test-table [id=b7f89f9ec9c0479b9fed277cd873ba0e]). Expected version 3 got 0
I0902 17:01:11.885038 15533 tablet.cc:1115] T e239f6465eb84214b4826d5cf5696359 P d28f0f3b8d0e429484dbeeb2d41b7d50: Alter schema from Schema [ 10:key[int32 NOT NULL] ] version 0 to Schema [ 10:key[int32 NOT NULL] ] version 3
I0902 17:01:11.885881 15532 tablet.cc:1115] T e239f6465eb84214b4826d5cf5696359 P 475a466ec8b44f39bbf6b23f10ebe15b: Alter schema from Schema [ 10:key[int32 NOT NULL] ] version 0 to Schema [ 10:key[int32 NOT NULL] ] version 3
I0902 17:01:11.887084 15087 catalog_manager.cc:3728] T 00000000000000000000000000000000 P b004b3046b584f37925df45eda899ff0: test-table [id=b7f89f9ec9c0479b9fed277cd873ba0e] alter complete (version 3)
I0902 17:01:11.889283 15530 tablet.cc:1110] T e239f6465eb84214b4826d5cf5696359 P 81b89e30bd3e45e39b3bd3eca9d5f7c5: Already running schema version 3 got alter request for version 3
I0902 17:01:11.889721 15532 tablet.cc:1110] T e239f6465eb84214b4826d5cf5696359 P 475a466ec8b44f39bbf6b23f10ebe15b: Already running schema version 3 got alter request for version 3
I0902 17:01:11.891377 15533 tablet.cc:1110] T e239f6465eb84214b4826d5cf5696359 P d28f0f3b8d0e429484dbeeb2d41b7d50: Already running schema version 3 got alter request for version 3
I0902 17:01:12.059573 15056 alter_table-randomized-test.cc:436] Beginning Alterations
I0902 17:01:12.060286 15056 alter_table-randomized-test.cc:582] Dropping range partition: [469762041, 536870904) resulting partitions: (402653178, 469762041], (671088630, 738197493], (738197493, 805306356)
I0902 17:01:12.060330 15056 alter_table-randomized-test.cc:582] Dropping range partition: [402653178, 469762041) resulting partitions: (671088630, 738197493], (738197493, 805306356)
I0902 17:01:12.060348 15056 alter_table-randomized-test.cc:550] Adding range partition: [603979767, 671088630) resulting partitions: (603979767, 671088630], (671088630, 738197493], (738197493, 805306356)
I0902 17:01:12.060362 15056 alter_table-randomized-test.cc:468] Committing Alterations
I0902 17:01:12.060901 15086 catalog_manager.cc:1946] Servicing AlterTable request from {username='slave'} at 127.0.0.1:43619: table { table_name: "test-table" } alter_schema_steps { type: DROP_RANGE_PARTITION drop_range_partition { range_bounds { rows: "\006\001\371\377\377\033\007\001\370\377\377\037" } } } alter_schema_steps { type: DROP_RANGE_PARTITION drop_range_partition { range_bounds { rows: "\006\001\372\377\377\027\007\001\371\377\377\033" } } } alter_schema_steps { type: ADD_RANGE_PARTITION add_range_partition { range_bounds { rows: "\006\001\367\377\377#\t\001\365\377\377\'" } } } schema { columns { name: "key" type: INT32 is_key: true is_nullable: false encoding: AUTO_ENCODING compression: DEFAULT_COMPRESSION cfile_block_size: 0 } }
I0902 17:01:12.062913 15086 catalog_manager.cc:2943] Scheduling retry of b79d7adfa7fb48509d0cb5c3a01f5295 (table test-table [id=b7f89f9ec9c0479b9fed277cd873ba0e]) Alter Table RPC with a delay of 45 ms (attempt = 0)
W0902 17:01:12.062947 15086 catalog_manager.cc:3482] Failed to send alter table request: Not found: Failed to reset TS proxy: No leader found: Tablet b79d7adfa7fb48509d0cb5c3a01f5295 has no consensus state
I0902 17:01:12.063091 15086 catalog_manager.cc:3508] T 00000000000000000000000000000000 P b004b3046b584f37925df45eda899ff0: Sending DeleteTablet for 3 replicas of tablet 9f4cb90394fc4b4a882d628f66c932d9
I0902 17:01:12.063136 15086 catalog_manager.cc:3165] Sending DeleteTablet(TABLET_DATA_DELETED) for tablet 9f4cb90394fc4b4a882d628f66c932d9 on 475a466ec8b44f39bbf6b23f10ebe15b (127.58.208.2:43231) (Partition dropped at 2017-09-02 17:01:12 UTC)
I0902 17:01:12.063194 15086 catalog_manager.cc:3165] Sending DeleteTablet(TABLET_DATA_DELETED) for tablet 9f4cb90394fc4b4a882d628f66c932d9 on d28f0f3b8d0e429484dbeeb2d41b7d50 (127.58.208.1:59914) (Partition dropped at 2017-09-02 17:01:12 UTC)
I0902 17:01:12.063398 15086 catalog_manager.cc:3165] Sending DeleteTablet(TABLET_DATA_DELETED) for tablet 9f4cb90394fc4b4a882d628f66c932d9 on 81b89e30bd3e45e39b3bd3eca9d5f7c5 (127.58.208.3:42179) (Partition dropped at 2017-09-02 17:01:12 UTC)
I0902 17:01:12.063520 15311 tablet_service.cc:805] Processing DeleteTablet for tablet 9f4cb90394fc4b4a882d628f66c932d9 with delete_type TABLET_DATA_DELETED (Partition dropped at 2017-09-02 17:01:12 UTC) from {username='slave'} at 127.0.0.1:34815
I0902 17:01:12.063555 15086 catalog_manager.cc:3508] T 00000000000000000000000000000000 P b004b3046b584f37925df45eda899ff0: Sending DeleteTablet for 3 replicas of tablet e239f6465eb84214b4826d5cf5696359
I0902 17:01:12.063578 15311 tablet_replica.cc:251] T 9f4cb90394fc4b4a882d628f66c932d9 P 475a466ec8b44f39bbf6b23f10ebe15b: stopping tablet replica
I0902 17:01:12.063596 15086 catalog_manager.cc:3165] Sending DeleteTablet(TABLET_DATA_DELETED) for tablet e239f6465eb84214b4826d5cf5696359 on 475a466ec8b44f39bbf6b23f10ebe15b (127.58.208.2:43231) (Partition dropped at 2017-09-02 17:01:12 UTC)
I0902 17:01:12.063609 15311 maintenance_manager.cc:228] P 475a466ec8b44f39bbf6b23f10ebe15b: Unregistered op CompactRowSetsOp(9f4cb90394fc4b4a882d628f66c932d9)
I0902 17:01:12.063624 15311 maintenance_manager.cc:228] P 475a466ec8b44f39bbf6b23f10ebe15b: Unregistered op MinorDeltaCompactionOp(9f4cb90394fc4b4a882d628f66c932d9)
I0902 17:01:12.063633 15311 maintenance_manager.cc:228] P 475a466ec8b44f39bbf6b23f10ebe15b: Unregistered op MajorDeltaCompactionOp(9f4cb90394fc4b4a882d628f66c932d9)
I0902 17:01:12.063642 15311 maintenance_manager.cc:228] P 475a466ec8b44f39bbf6b23f10ebe15b: Unregistered op UndoDeltaBlockGCOp(9f4cb90394fc4b4a882d628f66c932d9)
I0902 17:01:12.063660 15311 maintenance_manager.cc:228] P 475a466ec8b44f39bbf6b23f10ebe15b: Unregistered op FlushMRSOp(9f4cb90394fc4b4a882d628f66c932d9)
I0902 17:01:12.063669 15311 maintenance_manager.cc:228] P 475a466ec8b44f39bbf6b23f10ebe15b: Unregistered op FlushDeltaMemStoresOp(9f4cb90394fc4b4a882d628f66c932d9)
I0902 17:01:12.063678 15311 maintenance_manager.cc:228] P 475a466ec8b44f39bbf6b23f10ebe15b: Unregistered op LogGCOp(9f4cb90394fc4b4a882d628f66c932d9)
I0902 17:01:12.063699 15311 raft_consensus.cc:1807] T 9f4cb90394fc4b4a882d628f66c932d9 P 475a466ec8b44f39bbf6b23f10ebe15b [term 1 FOLLOWER]: Raft consensus shutting down.
I0902 17:01:12.063760 15311 raft_consensus.cc:1834] T 9f4cb90394fc4b4a882d628f66c932d9 P 475a466ec8b44f39bbf6b23f10ebe15b [term 1 FOLLOWER]: Raft consensus is shut down!
I0902 17:01:12.063773 15086 catalog_manager.cc:3165] Sending DeleteTablet(TABLET_DATA_DELETED) for tablet e239f6465eb84214b4826d5cf5696359 on d28f0f3b8d0e429484dbeeb2d41b7d50 (127.58.208.1:59914) (Partition dropped at 2017-09-02 17:01:12 UTC)
I0902 17:01:12.063827 15433 tablet_service.cc:805] Processing DeleteTablet for tablet 9f4cb90394fc4b4a882d628f66c932d9 with delete_type TABLET_DATA_DELETED (Partition dropped at 2017-09-02 17:01:12 UTC) from {username='slave'} at 127.0.0.1:44274
I0902 17:01:12.063879 15433 tablet_replica.cc:251] T 9f4cb90394fc4b4a882d628f66c932d9 P 81b89e30bd3e45e39b3bd3eca9d5f7c5: stopping tablet replica
I0902 17:01:12.063905 15433 maintenance_manager.cc:228] P 81b89e30bd3e45e39b3bd3eca9d5f7c5: Unregistered op CompactRowSetsOp(9f4cb90394fc4b4a882d628f66c932d9)
I0902 17:01:12.063915 15433 maintenance_manager.cc:228] P 81b89e30bd3e45e39b3bd3eca9d5f7c5: Unregistered op MinorDeltaCompactionOp(9f4cb90394fc4b4a882d628f66c932d9)
I0902 17:01:12.063921 15433 maintenance_manager.cc:228] P 81b89e30bd3e45e39b3bd3eca9d5f7c5: Unregistered op MajorDeltaCompactionOp(9f4cb90394fc4b4a882d628f66c932d9)
I0902 17:01:12.063927 15433 maintenance_manager.cc:228] P 81b89e30bd3e45e39b3bd3eca9d5f7c5: Unregistered op UndoDeltaBlockGCOp(9f4cb90394fc4b4a882d628f66c932d9)
I0902 17:01:12.063951 15433 maintenance_manager.cc:228] P 81b89e30bd3e45e39b3bd3eca9d5f7c5: Unregistered op FlushMRSOp(9f4cb90394fc4b4a882d628f66c932d9)
I0902 17:01:12.063958 15433 maintenance_manager.cc:228] P 81b89e30bd3e45e39b3bd3eca9d5f7c5: Unregistered op FlushDeltaMemStoresOp(9f4cb90394fc4b4a882d628f66c932d9)
I0902 17:01:12.063966 15433 maintenance_manager.cc:228] P 81b89e30bd3e45e39b3bd3eca9d5f7c5: Unregistered op LogGCOp(9f4cb90394fc4b4a882d628f66c932d9)
I0902 17:01:12.063971 15310 tablet_service.cc:805] Processing DeleteTablet for tablet e239f6465eb84214b4826d5cf5696359 with delete_type TABLET_DATA_DELETED (Partition dropped at 2017-09-02 17:01:12 UTC) from {username='slave'} at 127.0.0.1:34815
I0902 17:01:12.063984 15433 raft_consensus.cc:1807] T 9f4cb90394fc4b4a882d628f66c932d9 P 81b89e30bd3e45e39b3bd3eca9d5f7c5 [term 1 FOLLOWER]: Raft consensus shutting down.
I0902 17:01:12.064014 15310 tablet_replica.cc:251] T e239f6465eb84214b4826d5cf5696359 P 475a466ec8b44f39bbf6b23f10ebe15b: stopping tablet replica
I0902 17:01:12.064035 15310 maintenance_manager.cc:228] P 475a466ec8b44f39bbf6b23f10ebe15b: Unregistered op CompactRowSetsOp(e239f6465eb84214b4826d5cf5696359)
I0902 17:01:12.064044 15433 raft_consensus.cc:1834] T 9f4cb90394fc4b4a882d628f66c932d9 P 81b89e30bd3e45e39b3bd3eca9d5f7c5 [term 1 FOLLOWER]: Raft consensus is shut down!
I0902 17:01:12.064049 15310 maintenance_manager.cc:228] P 475a466ec8b44f39bbf6b23f10ebe15b: Unregistered op MinorDeltaCompactionOp(e239f6465eb84214b4826d5cf5696359)
I0902 17:01:12.064061 15310 maintenance_manager.cc:228] P 475a466ec8b44f39bbf6b23f10ebe15b: Unregistered op MajorDeltaCompactionOp(e239f6465eb84214b4826d5cf5696359)
I0902 17:01:12.064074 15310 maintenance_manager.cc:228] P 475a466ec8b44f39bbf6b23f10ebe15b: Unregistered op UndoDeltaBlockGCOp(e239f6465eb84214b4826d5cf5696359)
I0902 17:01:12.064087 15310 maintenance_manager.cc:228] P 475a466ec8b44f39bbf6b23f10ebe15b: Unregistered op FlushMRSOp(e239f6465eb84214b4826d5cf5696359)
I0902 17:01:12.064095 15310 maintenance_manager.cc:228] P 475a466ec8b44f39bbf6b23f10ebe15b: Unregistered op FlushDeltaMemStoresOp(e239f6465eb84214b4826d5cf5696359)
I0902 17:01:12.064100 15310 maintenance_manager.cc:228] P 475a466ec8b44f39bbf6b23f10ebe15b: Unregistered op LogGCOp(e239f6465eb84214b4826d5cf5696359)
I0902 17:01:12.064117 15310 raft_consensus.cc:1807] T e239f6465eb84214b4826d5cf5696359 P 475a466ec8b44f39bbf6b23f10ebe15b [term 1 FOLLOWER]: Raft consensus shutting down.
I0902 17:01:12.064162 15310 raft_consensus.cc:1834] T e239f6465eb84214b4826d5cf5696359 P 475a466ec8b44f39bbf6b23f10ebe15b [term 1 FOLLOWER]: Raft consensus is shut down!
I0902 17:01:12.064427 15311 ts_tablet_manager.cc:1097] T 9f4cb90394fc4b4a882d628f66c932d9 P 475a466ec8b44f39bbf6b23f10ebe15b: Deleting tablet data with delete state TABLET_DATA_DELETED
I0902 17:01:12.064545 15433 ts_tablet_manager.cc:1097] T 9f4cb90394fc4b4a882d628f66c932d9 P 81b89e30bd3e45e39b3bd3eca9d5f7c5: Deleting tablet data with delete state TABLET_DATA_DELETED
I0902 17:01:12.064678 15310 ts_tablet_manager.cc:1097] T e239f6465eb84214b4826d5cf5696359 P 475a466ec8b44f39bbf6b23f10ebe15b: Deleting tablet data with delete state TABLET_DATA_DELETED
I0902 17:01:12.065419 15186 tablet_service.cc:805] Processing DeleteTablet for tablet 9f4cb90394fc4b4a882d628f66c932d9 with delete_type TABLET_DATA_DELETED (Partition dropped at 2017-09-02 17:01:12 UTC) from {username='slave'} at 127.0.0.1:34293
I0902 17:01:12.065470 15186 tablet_replica.cc:251] T 9f4cb90394fc4b4a882d628f66c932d9 P d28f0f3b8d0e429484dbeeb2d41b7d50: stopping tablet replica
I0902 17:01:12.065498 15186 maintenance_manager.cc:228] P d28f0f3b8d0e429484dbeeb2d41b7d50: Unregistered op CompactRowSetsOp(9f4cb90394fc4b4a882d628f66c932d9)
I0902 17:01:12.065511 15186 maintenance_manager.cc:228] P d28f0f3b8d0e429484dbeeb2d41b7d50: Unregistered op MinorDeltaCompactionOp(9f4cb90394fc4b4a882d628f66c932d9)
I0902 17:01:12.065520 15186 maintenance_manager.cc:228] P d28f0f3b8d0e429484dbeeb2d41b7d50: Unregistered op MajorDeltaCompactionOp(9f4cb90394fc4b4a882d628f66c932d9)
I0902 17:01:12.065526 15186 maintenance_manager.cc:228] P d28f0f3b8d0e429484dbeeb2d41b7d50: Unregistered op UndoDeltaBlockGCOp(9f4cb90394fc4b4a882d628f66c932d9)
I0902 17:01:12.065541 15186 maintenance_manager.cc:228] P d28f0f3b8d0e429484dbeeb2d41b7d50: Unregistered op FlushMRSOp(9f4cb90394fc4b4a882d628f66c932d9)
I0902 17:01:12.065548 15186 maintenance_manager.cc:228] P d28f0f3b8d0e429484dbeeb2d41b7d50: Unregistered op FlushDeltaMemStoresOp(9f4cb90394fc4b4a882d628f66c932d9)
I0902 17:01:12.065556 15186 maintenance_manager.cc:228] P d28f0f3b8d0e429484dbeeb2d41b7d50: Unregistered op LogGCOp(9f4cb90394fc4b4a882d628f66c932d9)
I0902 17:01:12.065573 15186 raft_consensus.cc:1807] T 9f4cb90394fc4b4a882d628f66c932d9 P d28f0f3b8d0e429484dbeeb2d41b7d50 [term 1 LEADER]: Raft consensus shutting down.
I0902 17:01:12.065583 15186 consensus_peers.cc:433] T 9f4cb90394fc4b4a882d628f66c932d9 P d28f0f3b8d0e429484dbeeb2d41b7d50 -> Peer 81b89e30bd3e45e39b3bd3eca9d5f7c5 (127.58.208.3:42179): Closing peer: 81b89e30bd3e45e39b3bd3eca9d5f7c5
I0902 17:01:12.065596 15186 consensus_peers.cc:433] T 9f4cb90394fc4b4a882d628f66c932d9 P d28f0f3b8d0e429484dbeeb2d41b7d50 -> Peer 475a466ec8b44f39bbf6b23f10ebe15b (127.58.208.2:43231): Closing peer: 475a466ec8b44f39bbf6b23f10ebe15b
I0902 17:01:12.065687 15186 raft_consensus.cc:1834] T 9f4cb90394fc4b4a882d628f66c932d9 P d28f0f3b8d0e429484dbeeb2d41b7d50 [term 1 FOLLOWER]: Raft consensus is shut down!
I0902 17:01:12.066018 15187 tablet_service.cc:805] Processing DeleteTablet for tablet e239f6465eb84214b4826d5cf5696359 with delete_type TABLET_DATA_DELETED (Partition dropped at 2017-09-02 17:01:12 UTC) from {username='slave'} at 127.0.0.1:34293
I0902 17:01:12.066020 15433 ts_tablet_manager.cc:1110] T 9f4cb90394fc4b4a882d628f66c932d9 P 81b89e30bd3e45e39b3bd3eca9d5f7c5: tablet deleted: last-logged OpId: 1.18
I0902 17:01:12.066058 15433 log.cc:960] T 9f4cb90394fc4b4a882d628f66c932d9 P 81b89e30bd3e45e39b3bd3eca9d5f7c5: Deleting WAL directory at /tmp/run_tha_testdnoRja/test-tmp/alter_table-randomized-test.AlterTableRandomized.TestRandomSequence.1504371669910680-15056/minicluster-data/ts-2/wal/wals/9f4cb90394fc4b4a882d628f66c932d9
I0902 17:01:12.066073 15187 tablet_replica.cc:251] T e239f6465eb84214b4826d5cf5696359 P d28f0f3b8d0e429484dbeeb2d41b7d50: stopping tablet replica
I0902 17:01:12.066102 15187 maintenance_manager.cc:228] P d28f0f3b8d0e429484dbeeb2d41b7d50: Unregistered op CompactRowSetsOp(e239f6465eb84214b4826d5cf5696359)
I0902 17:01:12.066110 15187 maintenance_manager.cc:228] P d28f0f3b8d0e429484dbeeb2d41b7d50: Unregistered op MinorDeltaCompactionOp(e239f6465eb84214b4826d5cf5696359)
I0902 17:01:12.066115 15187 maintenance_manager.cc:228] P d28f0f3b8d0e429484dbeeb2d41b7d50: Unregistered op MajorDeltaCompactionOp(e239f6465eb84214b4826d5cf5696359)
I0902 17:01:12.066121 15187 maintenance_manager.cc:228] P d28f0f3b8d0e429484dbeeb2d41b7d50: Unregistered op UndoDeltaBlockGCOp(e239f6465eb84214b4826d5cf5696359)
I0902 17:01:12.066133 15187 maintenance_manager.cc:228] P d28f0f3b8d0e429484dbeeb2d41b7d50: Unregistered op FlushMRSOp(e239f6465eb84214b4826d5cf5696359)
I0902 17:01:12.066138 15187 maintenance_manager.cc:228] P d28f0f3b8d0e429484dbeeb2d41b7d50: Unregistered op FlushDeltaMemStoresOp(e239f6465eb84214b4826d5cf5696359)
I0902 17:01:12.066143 15187 maintenance_manager.cc:228] P d28f0f3b8d0e429484dbeeb2d41b7d50: Unregistered op LogGCOp(e239f6465eb84214b4826d5cf5696359)
I0902 17:01:12.066157 15187 raft_consensus.cc:1807] T e239f6465eb84214b4826d5cf5696359 P d28f0f3b8d0e429484dbeeb2d41b7d50 [term 1 FOLLOWER]: Raft consensus shutting down.
I0902 17:01:12.066198 15187 raft_consensus.cc:1834] T e239f6465eb84214b4826d5cf5696359 P d28f0f3b8d0e429484dbeeb2d41b7d50 [term 1 FOLLOWER]: Raft consensus is shut down!
I0902 17:01:12.066198 15186 ts_tablet_manager.cc:1097] T 9f4cb90394fc4b4a882d628f66c932d9 P d28f0f3b8d0e429484dbeeb2d41b7d50: Deleting tablet data with delete state TABLET_DATA_DELETED
I0902 17:01:12.066272 15433 ts_tablet_manager.cc:1128] T 9f4cb90394fc4b4a882d628f66c932d9 P 81b89e30bd3e45e39b3bd3eca9d5f7c5: Deleting consensus metadata
I0902 17:01:12.066560 15310 ts_tablet_manager.cc:1110] T e239f6465eb84214b4826d5cf5696359 P 475a466ec8b44f39bbf6b23f10ebe15b: tablet deleted: last-logged OpId: 1.18
I0902 17:01:12.066596 15310 log.cc:960] T e239f6465eb84214b4826d5cf5696359 P 475a466ec8b44f39bbf6b23f10ebe15b: Deleting WAL directory at /tmp/run_tha_testdnoRja/test-tmp/alter_table-randomized-test.AlterTableRandomized.TestRandomSequence.1504371669910680-15056/minicluster-data/ts-1/wal/wals/e239f6465eb84214b4826d5cf5696359
I0902 17:01:12.066792 15310 ts_tablet_manager.cc:1128] T e239f6465eb84214b4826d5cf5696359 P 475a466ec8b44f39bbf6b23f10ebe15b: Deleting consensus metadata
I0902 17:01:12.066823 15187 ts_tablet_manager.cc:1097] T e239f6465eb84214b4826d5cf5696359 P d28f0f3b8d0e429484dbeeb2d41b7d50: Deleting tablet data with delete state TABLET_DATA_DELETED
I0902 17:01:12.066880 15072 catalog_manager.cc:3143] TS 81b89e30bd3e45e39b3bd3eca9d5f7c5 (127.58.208.3:42179): tablet 9f4cb90394fc4b4a882d628f66c932d9 (table test-table [id=b7f89f9ec9c0479b9fed277cd873ba0e]) successfully deleted
I0902 17:01:12.067616 15311 ts_tablet_manager.cc:1110] T 9f4cb90394fc4b4a882d628f66c932d9 P 475a466ec8b44f39bbf6b23f10ebe15b: tablet deleted: last-logged OpId: 1.18
I0902 17:01:12.067647 15311 log.cc:960] T 9f4cb90394fc4b4a882d628f66c932d9 P 475a466ec8b44f39bbf6b23f10ebe15b: Deleting WAL directory at /tmp/run_tha_testdnoRja/test-tmp/alter_table-randomized-test.AlterTableRandomized.TestRandomSequence.1504371669910680-15056/minicluster-data/ts-1/wal/wals/9f4cb90394fc4b4a882d628f66c932d9
I0902 17:01:12.067834 15311 ts_tablet_manager.cc:1128] T 9f4cb90394fc4b4a882d628f66c932d9 P 475a466ec8b44f39bbf6b23f10ebe15b: Deleting consensus metadata
I0902 17:01:12.068030 15186 ts_tablet_manager.cc:1110] T 9f4cb90394fc4b4a882d628f66c932d9 P d28f0f3b8d0e429484dbeeb2d41b7d50: tablet deleted: last-logged OpId: 1.18
I0902 17:01:12.068066 15186 log.cc:960] T 9f4cb90394fc4b4a882d628f66c932d9 P d28f0f3b8d0e429484dbeeb2d41b7d50: Deleting WAL directory at /tmp/run_tha_testdnoRja/test-tmp/alter_table-randomized-test.AlterTableRandomized.TestRandomSequence.1504371669910680-15056/minicluster-data/ts-0/wal/wals/9f4cb90394fc4b4a882d628f66c932d9
I0902 17:01:12.068244 15186 ts_tablet_manager.cc:1128] T 9f4cb90394fc4b4a882d628f66c932d9 P d28f0f3b8d0e429484dbeeb2d41b7d50: Deleting consensus metadata
I0902 17:01:12.068276 15187 ts_tablet_manager.cc:1110] T e239f6465eb84214b4826d5cf5696359 P d28f0f3b8d0e429484dbeeb2d41b7d50: tablet deleted: last-logged OpId: 1.18
I0902 17:01:12.068317 15187 log.cc:960] T e239f6465eb84214b4826d5cf5696359 P d28f0f3b8d0e429484dbeeb2d41b7d50: Deleting WAL directory at /tmp/run_tha_testdnoRja/test-tmp/alter_table-randomized-test.AlterTableRandomized.TestRandomSequence.1504371669910680-15056/minicluster-data/ts-0/wal/wals/e239f6465eb84214b4826d5cf5696359
I0902 17:01:12.068480 15072 catalog_manager.cc:3143] TS 475a466ec8b44f39bbf6b23f10ebe15b (127.58.208.2:43231): tablet e239f6465eb84214b4826d5cf5696359 (table test-table [id=b7f89f9ec9c0479b9fed277cd873ba0e]) successfully deleted
I0902 17:01:12.068531 15187 ts_tablet_manager.cc:1128] T e239f6465eb84214b4826d5cf5696359 P d28f0f3b8d0e429484dbeeb2d41b7d50: Deleting consensus metadata
I0902 17:01:12.069066 15072 catalog_manager.cc:3143] TS 475a466ec8b44f39bbf6b23f10ebe15b (127.58.208.2:43231): tablet 9f4cb90394fc4b4a882d628f66c932d9 (table test-table [id=b7f89f9ec9c0479b9fed277cd873ba0e]) successfully deleted
I0902 17:01:12.069288 15073 catalog_manager.cc:3143] TS d28f0f3b8d0e429484dbeeb2d41b7d50 (127.58.208.1:59914): tablet e239f6465eb84214b4826d5cf5696359 (table test-table [id=b7f89f9ec9c0479b9fed277cd873ba0e]) successfully deleted
I0902 17:01:12.069386 15073 catalog_manager.cc:3143] TS d28f0f3b8d0e429484dbeeb2d41b7d50 (127.58.208.1:59914): tablet 9f4cb90394fc4b4a882d628f66c932d9 (table test-table [id=b7f89f9ec9c0479b9fed277cd873ba0e]) successfully deleted
I0902 17:01:12.069429 15086 catalog_manager.cc:3165] Sending DeleteTablet(TABLET_DATA_DELETED) for tablet e239f6465eb84214b4826d5cf5696359 on 81b89e30bd3e45e39b3bd3eca9d5f7c5 (127.58.208.3:42179) (Partition dropped at 2017-09-02 17:01:12 UTC)
I0902 17:01:12.069744 15433 tablet_service.cc:805] Processing DeleteTablet for tablet e239f6465eb84214b4826d5cf5696359 with delete_type TABLET_DATA_DELETED (Partition dropped at 2017-09-02 17:01:12 UTC) from {username='slave'} at 127.0.0.1:44274
I0902 17:01:12.069784 15433 tablet_replica.cc:251] T e239f6465eb84214b4826d5cf5696359 P 81b89e30bd3e45e39b3bd3eca9d5f7c5: stopping tablet replica
I0902 17:01:12.069810 15433 maintenance_manager.cc:228] P 81b89e30bd3e45e39b3bd3eca9d5f7c5: Unregistered op CompactRowSetsOp(e239f6465eb84214b4826d5cf5696359)
I0902 17:01:12.069824 15433 maintenance_manager.cc:228] P 81b89e30bd3e45e39b3bd3eca9d5f7c5: Unregistered op MinorDeltaCompactionOp(e239f6465eb84214b4826d5cf5696359)
I0902 17:01:12.069833 15433 maintenance_manager.cc:228] P 81b89e30bd3e45e39b3bd3eca9d5f7c5: Unregistered op MajorDeltaCompactionOp(e239f6465eb84214b4826d5cf5696359)
I0902 17:01:12.069841 15433 maintenance_manager.cc:228] P 81b89e30bd3e45e39b3bd3eca9d5f7c5: Unregistered op UndoDeltaBlockGCOp(e239f6465eb84214b4826d5cf5696359)
I0902 17:01:12.069855 15433 maintenance_manager.cc:228] P 81b89e30bd3e45e39b3bd3eca9d5f7c5: Unregistered op FlushMRSOp(e239f6465eb84214b4826d5cf5696359)
I0902 17:01:12.069862 15433 maintenance_manager.cc:228] P 81b89e30bd3e45e39b3bd3eca9d5f7c5: Unregistered op FlushDeltaMemStoresOp(e239f6465eb84214b4826d5cf5696359)
I0902 17:01:12.069869 15433 maintenance_manager.cc:228] P 81b89e30bd3e45e39b3bd3eca9d5f7c5: Unregistered op LogGCOp(e239f6465eb84214b4826d5cf5696359)
I0902 17:01:12.069885 15433 raft_consensus.cc:1807] T e239f6465eb84214b4826d5cf5696359 P 81b89e30bd3e45e39b3bd3eca9d5f7c5 [term 1 LEADER]: Raft consensus shutting down.
I0902 17:01:12.069895 15433 consensus_peers.cc:433] T e239f6465eb84214b4826d5cf5696359 P 81b89e30bd3e45e39b3bd3eca9d5f7c5 -> Peer d28f0f3b8d0e429484dbeeb2d41b7d50 (127.58.208.1:59914): Closing peer: d28f0f3b8d0e429484dbeeb2d41b7d50
I0902 17:01:12.069906 15433 consensus_peers.cc:433] T e239f6465eb84214b4826d5cf5696359 P 81b89e30bd3e45e39b3bd3eca9d5f7c5 -> Peer 475a466ec8b44f39bbf6b23f10ebe15b (127.58.208.2:43231): Closing peer: 475a466ec8b44f39bbf6b23f10ebe15b
I0902 17:01:12.069979 15433 raft_consensus.cc:1834] T e239f6465eb84214b4826d5cf5696359 P 81b89e30bd3e45e39b3bd3eca9d5f7c5 [term 1 FOLLOWER]: Raft consensus is shut down!
I0902 17:01:12.070439 15433 ts_tablet_manager.cc:1097] T e239f6465eb84214b4826d5cf5696359 P 81b89e30bd3e45e39b3bd3eca9d5f7c5: Deleting tablet data with delete state TABLET_DATA_DELETED
I0902 17:01:12.071394 15186 tablet_service.cc:764] Processing CreateTablet for tablet b79d7adfa7fb48509d0cb5c3a01f5295 (table=test-table [id=b7f89f9ec9c0479b9fed277cd873ba0e]), partition=RANGE (key) PARTITION 603979767 <= VALUES < 671088630
I0902 17:01:12.071604 15311 tablet_service.cc:764] Processing CreateTablet for tablet b79d7adfa7fb48509d0cb5c3a01f5295 (table=test-table [id=b7f89f9ec9c0479b9fed277cd873ba0e]), partition=RANGE (key) PARTITION 603979767 <= VALUES < 671088630
I0902 17:01:12.071619 15433 ts_tablet_manager.cc:1110] T e239f6465eb84214b4826d5cf5696359 P 81b89e30bd3e45e39b3bd3eca9d5f7c5: tablet deleted: last-logged OpId: 1.18
I0902 17:01:12.071648 15433 log.cc:960] T e239f6465eb84214b4826d5cf5696359 P 81b89e30bd3e45e39b3bd3eca9d5f7c5: Deleting WAL directory at /tmp/run_tha_testdnoRja/test-tmp/alter_table-randomized-test.AlterTableRandomized.TestRandomSequence.1504371669910680-15056/minicluster-data/ts-2/wal/wals/e239f6465eb84214b4826d5cf5696359
I0902 17:01:12.071724 15431 tablet_service.cc:764] Processing CreateTablet for tablet b79d7adfa7fb48509d0cb5c3a01f5295 (table=test-table [id=b7f89f9ec9c0479b9fed277cd873ba0e]), partition=RANGE (key) PARTITION 603979767 <= VALUES < 671088630
I0902 17:01:12.072741 15186 ts_tablet_manager.cc:943] T b79d7adfa7fb48509d0cb5c3a01f5295 P d28f0f3b8d0e429484dbeeb2d41b7d50: Registered tablet (data state: TABLET_DATA_READY)
I0902 17:01:12.072757 15431 ts_tablet_manager.cc:943] T b79d7adfa7fb48509d0cb5c3a01f5295 P 81b89e30bd3e45e39b3bd3eca9d5f7c5: Registered tablet (data state: TABLET_DATA_READY)
I0902 17:01:12.072805 15512 ts_tablet_manager.cc:793] T b79d7adfa7fb48509d0cb5c3a01f5295 P d28f0f3b8d0e429484dbeeb2d41b7d50: Bootstrapping tablet
I0902 17:01:12.072844 15513 ts_tablet_manager.cc:793] T b79d7adfa7fb48509d0cb5c3a01f5295 P 81b89e30bd3e45e39b3bd3eca9d5f7c5: Bootstrapping tablet
I0902 17:01:12.072861 15512 tablet_bootstrap.cc:433] T b79d7adfa7fb48509d0cb5c3a01f5295 P d28f0f3b8d0e429484dbeeb2d41b7d50: Bootstrap starting.
I0902 17:01:12.072895 15311 ts_tablet_manager.cc:943] T b79d7adfa7fb48509d0cb5c3a01f5295 P 475a466ec8b44f39bbf6b23f10ebe15b: Registered tablet (data state: TABLET_DATA_READY)
I0902 17:01:12.072899 15513 tablet_bootstrap.cc:433] T b79d7adfa7fb48509d0cb5c3a01f5295 P 81b89e30bd3e45e39b3bd3eca9d5f7c5: Bootstrap starting.
I0902 17:01:12.072954 15514 ts_tablet_manager.cc:793] T b79d7adfa7fb48509d0cb5c3a01f5295 P 475a466ec8b44f39bbf6b23f10ebe15b: Bootstrapping tablet
I0902 17:01:12.072984 15433 ts_tablet_manager.cc:1128] T e239f6465eb84214b4826d5cf5696359 P 81b89e30bd3e45e39b3bd3eca9d5f7c5: Deleting consensus metadata
I0902 17:01:12.073002 15514 tablet_bootstrap.cc:433] T b79d7adfa7fb48509d0cb5c3a01f5295 P 475a466ec8b44f39bbf6b23f10ebe15b: Bootstrap starting.
I0902 17:01:12.073549 15513 tablet_bootstrap.cc:568] T b79d7adfa7fb48509d0cb5c3a01f5295 P 81b89e30bd3e45e39b3bd3eca9d5f7c5: No blocks or log segments found. Creating new log.
I0902 17:01:12.073631 15512 tablet_bootstrap.cc:568] T b79d7adfa7fb48509d0cb5c3a01f5295 P d28f0f3b8d0e429484dbeeb2d41b7d50: No blocks or log segments found. Creating new log.
I0902 17:01:12.073688 15072 catalog_manager.cc:3143] TS 81b89e30bd3e45e39b3bd3eca9d5f7c5 (127.58.208.3:42179): tablet e239f6465eb84214b4826d5cf5696359 (table test-table [id=b7f89f9ec9c0479b9fed277cd873ba0e]) successfully deleted
I0902 17:01:12.073964 15514 tablet_bootstrap.cc:568] T b79d7adfa7fb48509d0cb5c3a01f5295 P 475a466ec8b44f39bbf6b23f10ebe15b: No blocks or log segments found. Creating new log.
I0902 17:01:12.074502 15512 tablet_bootstrap.cc:433] T b79d7adfa7fb48509d0cb5c3a01f5295 P d28f0f3b8d0e429484dbeeb2d41b7d50: No bootstrap required, opened a new log
I0902 17:01:12.074563 15512 ts_tablet_manager.cc:818] T b79d7adfa7fb48509d0cb5c3a01f5295 P d28f0f3b8d0e429484dbeeb2d41b7d50: Time spent bootstrapping tablet: real 0.002s user 0.000s sys 0.000s
I0902 17:01:12.074733 15513 tablet_bootstrap.cc:433] T b79d7adfa7fb48509d0cb5c3a01f5295 P 81b89e30bd3e45e39b3bd3eca9d5f7c5: No bootstrap required, opened a new log
I0902 17:01:12.074790 15513 ts_tablet_manager.cc:818] T b79d7adfa7fb48509d0cb5c3a01f5295 P 81b89e30bd3e45e39b3bd3eca9d5f7c5: Time spent bootstrapping tablet: real 0.002s user 0.000s sys 0.000s
I0902 17:01:12.074972 15512 raft_consensus.cc:287] T b79d7adfa7fb48509d0cb5c3a01f5295 P d28f0f3b8d0e429484dbeeb2d41b7d50 [term 0 FOLLOWER]: Replica starting. Triggering 0 pending transactions. Active config: opid_index: -1 OBSOLETE_local: false peers { permanent_uuid: "d28f0f3b8d0e429484dbeeb2d41b7d50" member_type: VOTER last_known_addr { host: "127.58.208.1" port: 59914 } } peers { permanent_uuid: "475a466ec8b44f39bbf6b23f10ebe15b" member_type: VOTER last_known_addr { host: "127.58.208.2" port: 43231 } } peers { permanent_uuid: "81b89e30bd3e45e39b3bd3eca9d5f7c5" member_type: VOTER last_known_addr { host: "127.58.208.3" port: 42179 } }
I0902 17:01:12.075002 15512 raft_consensus.cc:313] T b79d7adfa7fb48509d0cb5c3a01f5295 P d28f0f3b8d0e429484dbeeb2d41b7d50 [term 0 FOLLOWER]: Consensus starting up: Expiring failure detector timer to make a prompt election more likely
I0902 17:01:12.075050 15512 raft_consensus.cc:576] T b79d7adfa7fb48509d0cb5c3a01f5295 P d28f0f3b8d0e429484dbeeb2d41b7d50 [term 0 FOLLOWER]: Becoming Follower/Learner. State: Replica: d28f0f3b8d0e429484dbeeb2d41b7d50, State: Initialized, Role: FOLLOWER
I0902 17:01:12.075089 15512 consensus_queue.cc:190] T b79d7adfa7fb48509d0cb5c3a01f5295 P d28f0f3b8d0e429484dbeeb2d41b7d50 [NON_LEADER]: Queue going to NON_LEADER mode. State: All replicated index: 0, Majority replicated index: 0, Committed index: 0, Last appended: 0.0, Last appended by leader: 0, Current term: 0, Majority size: -1, State: 0, Mode: NON_LEADER
I0902 17:01:12.075121 15513 raft_consensus.cc:287] T b79d7adfa7fb48509d0cb5c3a01f5295 P 81b89e30bd3e45e39b3bd3eca9d5f7c5 [term 0 FOLLOWER]: Replica starting. Triggering 0 pending transactions. Active config: opid_index: -1 OBSOLETE_local: false peers { permanent_uuid: "d28f0f3b8d0e429484dbeeb2d41b7d50" member_type: VOTER last_known_addr { host: "127.58.208.1" port: 59914 } } peers { permanent_uuid: "475a466ec8b44f39bbf6b23f10ebe15b" member_type: VOTER last_known_addr { host: "127.58.208.2" port: 43231 } } peers { permanent_uuid: "81b89e30bd3e45e39b3bd3eca9d5f7c5" member_type: VOTER last_known_addr { host: "127.58.208.3" port: 42179 } }
I0902 17:01:12.075141 15513 raft_consensus.cc:313] T b79d7adfa7fb48509d0cb5c3a01f5295 P 81b89e30bd3e45e39b3bd3eca9d5f7c5 [term 0 FOLLOWER]: Consensus starting up: Expiring failure detector timer to make a prompt election more likely
I0902 17:01:12.075172 15513 raft_consensus.cc:576] T b79d7adfa7fb48509d0cb5c3a01f5295 P 81b89e30bd3e45e39b3bd3eca9d5f7c5 [term 0 FOLLOWER]: Becoming Follower/Learner. State: Replica: 81b89e30bd3e45e39b3bd3eca9d5f7c5, State: Initialized, Role: FOLLOWER
I0902 17:01:12.075201 15513 consensus_queue.cc:190] T b79d7adfa7fb48509d0cb5c3a01f5295 P 81b89e30bd3e45e39b3bd3eca9d5f7c5 [NON_LEADER]: Queue going to NON_LEADER mode. State: All replicated index: 0, Majority replicated index: 0, Committed index: 0, Last appended: 0.0, Last appended by leader: 0, Current term: 0, Majority size: -1, State: 0, Mode: NON_LEADER
I0902 17:01:12.075251 15512 ts_tablet_manager.cc:846] T b79d7adfa7fb48509d0cb5c3a01f5295 P d28f0f3b8d0e429484dbeeb2d41b7d50: Time spent starting tablet: real 0.001s user 0.000s sys 0.000s
I0902 17:01:12.075345 15513 ts_tablet_manager.cc:846] T b79d7adfa7fb48509d0cb5c3a01f5295 P 81b89e30bd3e45e39b3bd3eca9d5f7c5: Time spent starting tablet: real 0.001s user 0.000s sys 0.000s
I0902 17:01:12.075907 15514 tablet_bootstrap.cc:433] T b79d7adfa7fb48509d0cb5c3a01f5295 P 475a466ec8b44f39bbf6b23f10ebe15b: No bootstrap required, opened a new log
I0902 17:01:12.075925 15088 catalog_manager.cc:2462] TS 81b89e30bd3e45e39b3bd3eca9d5f7c5 (127.58.208.3:42179) does not have the latest schema for tablet b79d7adfa7fb48509d0cb5c3a01f5295 (table test-table [id=b7f89f9ec9c0479b9fed277cd873ba0e]). Expected version 3 got 0
I0902 17:01:12.075961 15514 ts_tablet_manager.cc:818] T b79d7adfa7fb48509d0cb5c3a01f5295 P 475a466ec8b44f39bbf6b23f10ebe15b: Time spent bootstrapping tablet: real 0.003s user 0.000s sys 0.000s
I0902 17:01:12.076066 15086 catalog_manager.cc:2462] TS d28f0f3b8d0e429484dbeeb2d41b7d50 (127.58.208.1:59914) does not have the latest schema for tablet b79d7adfa7fb48509d0cb5c3a01f5295 (table test-table [id=b7f89f9ec9c0479b9fed277cd873ba0e]). Expected version 3 got 0
I0902 17:01:12.076067 15088 catalog_manager.cc:2943] Scheduling retry of b79d7adfa7fb48509d0cb5c3a01f5295 (table test-table [id=b7f89f9ec9c0479b9fed277cd873ba0e]) Alter Table RPC with a delay of 48 ms (attempt = 0)
W0902 17:01:12.076105 15088 catalog_manager.cc:3482] Failed to send alter table request: Not found: Failed to reset TS proxy: No leader found: Tablet b79d7adfa7fb48509d0cb5c3a01f5295 consensus state has no leader
I0902 17:01:12.076169 15086 catalog_manager.cc:2943] Scheduling retry of b79d7adfa7fb48509d0cb5c3a01f5295 (table test-table [id=b7f89f9ec9c0479b9fed277cd873ba0e]) Alter Table RPC with a delay of 34 ms (attempt = 0)
W0902 17:01:12.076190 15086 catalog_manager.cc:3482] Failed to send alter table request: Not found: Failed to reset TS proxy: No leader found: Tablet b79d7adfa7fb48509d0cb5c3a01f5295 consensus state has no leader
I0902 17:01:12.076292 15514 raft_consensus.cc:287] T b79d7adfa7fb48509d0cb5c3a01f5295 P 475a466ec8b44f39bbf6b23f10ebe15b [term 0 FOLLOWER]: Replica starting. Triggering 0 pending transactions. Active config: opid_index: -1 OBSOLETE_local: false peers { permanent_uuid: "d28f0f3b8d0e429484dbeeb2d41b7d50" member_type: VOTER last_known_addr { host: "127.58.208.1" port: 59914 } } peers { permanent_uuid: "475a466ec8b44f39bbf6b23f10ebe15b" member_type: VOTER last_known_addr { host: "127.58.208.2" port: 43231 } } peers { permanent_uuid: "81b89e30bd3e45e39b3bd3eca9d5f7c5" member_type: VOTER last_known_addr { host: "127.58.208.3" port: 42179 } }
I0902 17:01:12.076314 15514 raft_consensus.cc:313] T b79d7adfa7fb48509d0cb5c3a01f5295 P 475a466ec8b44f39bbf6b23f10ebe15b [term 0 FOLLOWER]: Consensus starting up: Expiring failure detector timer to make a prompt election more likely
I0902 17:01:12.076354 15514 raft_consensus.cc:576] T b79d7adfa7fb48509d0cb5c3a01f5295 P 475a466ec8b44f39bbf6b23f10ebe15b [term 0 FOLLOWER]: Becoming Follower/Learner. State: Replica: 475a466ec8b44f39bbf6b23f10ebe15b, State: Initialized, Role: FOLLOWER
I0902 17:01:12.076387 15514 consensus_queue.cc:190] T b79d7adfa7fb48509d0cb5c3a01f5295 P 475a466ec8b44f39bbf6b23f10ebe15b [NON_LEADER]: Queue going to NON_LEADER mode. State: All replicated index: 0, Majority replicated index: 0, Committed index: 0, Last appended: 0.0, Last appended by leader: 0, Current term: 0, Majority size: -1, State: 0, Mode: NON_LEADER
I0902 17:01:12.076529 15514 ts_tablet_manager.cc:846] T b79d7adfa7fb48509d0cb5c3a01f5295 P 475a466ec8b44f39bbf6b23f10ebe15b: Time spent starting tablet: real 0.001s user 0.000s sys 0.004s
I0902 17:01:12.077126 15086 catalog_manager.cc:2462] TS 475a466ec8b44f39bbf6b23f10ebe15b (127.58.208.2:43231) does not have the latest schema for tablet b79d7adfa7fb48509d0cb5c3a01f5295 (table test-table [id=b7f89f9ec9c0479b9fed277cd873ba0e]). Expected version 3 got 0
I0902 17:01:12.077225 15086 catalog_manager.cc:2943] Scheduling retry of b79d7adfa7fb48509d0cb5c3a01f5295 (table test-table [id=b7f89f9ec9c0479b9fed277cd873ba0e]) Alter Table RPC with a delay of 13 ms (attempt = 0)
W0902 17:01:12.077250 15086 catalog_manager.cc:3482] Failed to send alter table request: Not found: Failed to reset TS proxy: No leader found: Tablet b79d7adfa7fb48509d0cb5c3a01f5295 consensus state has no leader
I0902 17:01:12.090570 15073 catalog_manager.cc:2943] Scheduling retry of b79d7adfa7fb48509d0cb5c3a01f5295 (table test-table [id=b7f89f9ec9c0479b9fed277cd873ba0e]) Alter Table RPC with a delay of 36 ms (attempt = 0)
W0902 17:01:12.090595 15073 catalog_manager.cc:2962] Async tablet task b79d7adfa7fb48509d0cb5c3a01f5295 (table test-table [id=b7f89f9ec9c0479b9fed277cd873ba0e]) Alter Table RPC failed: Not found: Failed to reset TS proxy: No leader found: Tablet b79d7adfa7fb48509d0cb5c3a01f5295 consensus state has no leader
I0902 17:01:12.108765 15073 catalog_manager.cc:2943] Scheduling retry of b79d7adfa7fb48509d0cb5c3a01f5295 (table test-table [id=b7f89f9ec9c0479b9fed277cd873ba0e]) Alter Table RPC with a delay of 36 ms (attempt = 0)
W0902 17:01:12.108790 15073 catalog_manager.cc:2962] Async tablet task b79d7adfa7fb48509d0cb5c3a01f5295 (table test-table [id=b7f89f9ec9c0479b9fed277cd873ba0e]) Alter Table RPC failed: Not found: Failed to reset TS proxy: No leader found: Tablet b79d7adfa7fb48509d0cb5c3a01f5295 consensus state has no leader
I0902 17:01:12.110898 15071 catalog_manager.cc:2943] Scheduling retry of b79d7adfa7fb48509d0cb5c3a01f5295 (table test-table [id=b7f89f9ec9c0479b9fed277cd873ba0e]) Alter Table RPC with a delay of 27 ms (attempt = 0)
W0902 17:01:12.110920 15071 catalog_manager.cc:2962] Async tablet task b79d7adfa7fb48509d0cb5c3a01f5295 (table test-table [id=b7f89f9ec9c0479b9fed277cd873ba0e]) Alter Table RPC failed: Not found: Failed to reset TS proxy: No leader found: Tablet b79d7adfa7fb48509d0cb5c3a01f5295 consensus state has no leader
I0902 17:01:12.125099 15071 catalog_manager.cc:2943] Scheduling retry of b79d7adfa7fb48509d0cb5c3a01f5295 (table test-table [id=b7f89f9ec9c0479b9fed277cd873ba0e]) Alter Table RPC with a delay of 28 ms (attempt = 0)
