I0902 17:01:11.014685 15513 raft_consensus.cc:287] T 243e1fb719714819a98f920eb125bbf0 P 81b89e30bd3e45e39b3bd3eca9d5f7c5 [term 0 FOLLOWER]: Replica starting. Triggering 0 pending transactions. Active config: opid_index: -1 OBSOLETE_local: false peers { permanent_uuid: "d28f0f3b8d0e429484dbeeb2d41b7d50" member_type: VOTER last_known_addr { host: "127.58.208.1" port: 59914 } } peers { permanent_uuid: "475a466ec8b44f39bbf6b23f10ebe15b" member_type: VOTER last_known_addr { host: "127.58.208.2" port: 43231 } } peers { permanent_uuid: "81b89e30bd3e45e39b3bd3eca9d5f7c5" member_type: VOTER last_known_addr { host: "127.58.208.3" port: 42179 } }
I0902 17:01:11.014701 15513 raft_consensus.cc:313] T 243e1fb719714819a98f920eb125bbf0 P 81b89e30bd3e45e39b3bd3eca9d5f7c5 [term 0 FOLLOWER]: Consensus starting up: Expiring failure detector timer to make a prompt election more likely
I0902 17:01:11.014799 15513 raft_consensus.cc:576] T 243e1fb719714819a98f920eb125bbf0 P 81b89e30bd3e45e39b3bd3eca9d5f7c5 [term 0 FOLLOWER]: Becoming Follower/Learner. State: Replica: 81b89e30bd3e45e39b3bd3eca9d5f7c5, State: Initialized, Role: FOLLOWER
I0902 17:01:11.014838 15513 consensus_queue.cc:190] T 243e1fb719714819a98f920eb125bbf0 P 81b89e30bd3e45e39b3bd3eca9d5f7c5 [NON_LEADER]: Queue going to NON_LEADER mode. State: All replicated index: 0, Majority replicated index: 0, Committed index: 0, Last appended: 0.0, Last appended by leader: 0, Current term: 0, Majority size: -1, State: 0, Mode: NON_LEADER
I0902 17:01:11.015131 15514 tablet_bootstrap.cc:433] T 243e1fb719714819a98f920eb125bbf0 P 475a466ec8b44f39bbf6b23f10ebe15b: No bootstrap required, opened a new log
I0902 17:01:11.015184 15514 ts_tablet_manager.cc:818] T 243e1fb719714819a98f920eb125bbf0 P 475a466ec8b44f39bbf6b23f10ebe15b: Time spent bootstrapping tablet: real 0.003s user 0.000s sys 0.000s
I0902 17:01:11.015211 15513 ts_tablet_manager.cc:846] T 243e1fb719714819a98f920eb125bbf0 P 81b89e30bd3e45e39b3bd3eca9d5f7c5: Time spent starting tablet: real 0.001s user 0.000s sys 0.000s
I0902 17:01:11.015470 15088 catalog_manager.cc:2462] TS 81b89e30bd3e45e39b3bd3eca9d5f7c5 (127.58.208.3:42179) does not have the latest schema for tablet 243e1fb719714819a98f920eb125bbf0 (table test-table [id=b7f89f9ec9c0479b9fed277cd873ba0e]). Expected version 3 got 0
I0902 17:01:11.015560 15088 catalog_manager.cc:2943] Scheduling retry of 243e1fb719714819a98f920eb125bbf0 (table test-table [id=b7f89f9ec9c0479b9fed277cd873ba0e]) Alter Table RPC with a delay of 44 ms (attempt = 0)
I0902 17:01:11.015558 15514 raft_consensus.cc:287] T 243e1fb719714819a98f920eb125bbf0 P 475a466ec8b44f39bbf6b23f10ebe15b [term 0 FOLLOWER]: Replica starting. Triggering 0 pending transactions. Active config: opid_index: -1 OBSOLETE_local: false peers { permanent_uuid: "d28f0f3b8d0e429484dbeeb2d41b7d50" member_type: VOTER last_known_addr { host: "127.58.208.1" port: 59914 } } peers { permanent_uuid: "475a466ec8b44f39bbf6b23f10ebe15b" member_type: VOTER last_known_addr { host: "127.58.208.2" port: 43231 } } peers { permanent_uuid: "81b89e30bd3e45e39b3bd3eca9d5f7c5" member_type: VOTER last_known_addr { host: "127.58.208.3" port: 42179 } }
I0902 17:01:11.015573 15514 raft_consensus.cc:313] T 243e1fb719714819a98f920eb125bbf0 P 475a466ec8b44f39bbf6b23f10ebe15b [term 0 FOLLOWER]: Consensus starting up: Expiring failure detector timer to make a prompt election more likely
W0902 17:01:11.015583 15088 catalog_manager.cc:3482] Failed to send alter table request: Not found: Failed to reset TS proxy: No leader found: Tablet 243e1fb719714819a98f920eb125bbf0 consensus state has no leader
I0902 17:01:11.015673 15514 raft_consensus.cc:576] T 243e1fb719714819a98f920eb125bbf0 P 475a466ec8b44f39bbf6b23f10ebe15b [term 0 FOLLOWER]: Becoming Follower/Learner. State: Replica: 475a466ec8b44f39bbf6b23f10ebe15b, State: Initialized, Role: FOLLOWER
I0902 17:01:11.015710 15514 consensus_queue.cc:190] T 243e1fb719714819a98f920eb125bbf0 P 475a466ec8b44f39bbf6b23f10ebe15b [NON_LEADER]: Queue going to NON_LEADER mode. State: All replicated index: 0, Majority replicated index: 0, Committed index: 0, Last appended: 0.0, Last appended by leader: 0, Current term: 0, Majority size: -1, State: 0, Mode: NON_LEADER
I0902 17:01:11.016036 15514 ts_tablet_manager.cc:846] T 243e1fb719714819a98f920eb125bbf0 P 475a466ec8b44f39bbf6b23f10ebe15b: Time spent starting tablet: real 0.001s user 0.000s sys 0.000s
I0902 17:01:11.016284 15088 catalog_manager.cc:2462] TS 475a466ec8b44f39bbf6b23f10ebe15b (127.58.208.2:43231) does not have the latest schema for tablet 243e1fb719714819a98f920eb125bbf0 (table test-table [id=b7f89f9ec9c0479b9fed277cd873ba0e]). Expected version 3 got 0
I0902 17:01:11.016409 15087 catalog_manager.cc:2462] TS 81b89e30bd3e45e39b3bd3eca9d5f7c5 (127.58.208.3:42179) does not have the latest schema for tablet 243e1fb719714819a98f920eb125bbf0 (table test-table [id=b7f89f9ec9c0479b9fed277cd873ba0e]). Expected version 3 got 0
I0902 17:01:11.016412 15088 catalog_manager.cc:2943] Scheduling retry of 243e1fb719714819a98f920eb125bbf0 (table test-table [id=b7f89f9ec9c0479b9fed277cd873ba0e]) Alter Table RPC with a delay of 34 ms (attempt = 0)
W0902 17:01:11.016453 15088 catalog_manager.cc:3482] Failed to send alter table request: Not found: Failed to reset TS proxy: No leader found: Tablet 243e1fb719714819a98f920eb125bbf0 consensus state has no leader
I0902 17:01:11.016530 15087 catalog_manager.cc:2943] Scheduling retry of 243e1fb719714819a98f920eb125bbf0 (table test-table [id=b7f89f9ec9c0479b9fed277cd873ba0e]) Alter Table RPC with a delay of 24 ms (attempt = 0)
W0902 17:01:11.016558 15087 catalog_manager.cc:3482] Failed to send alter table request: Not found: Failed to reset TS proxy: No leader found: Tablet 243e1fb719714819a98f920eb125bbf0 consensus state has no leader
I0902 17:01:11.017266 15087 catalog_manager.cc:2462] TS 475a466ec8b44f39bbf6b23f10ebe15b (127.58.208.2:43231) does not have the latest schema for tablet 243e1fb719714819a98f920eb125bbf0 (table test-table [id=b7f89f9ec9c0479b9fed277cd873ba0e]). Expected version 3 got 0
I0902 17:01:11.017383 15087 catalog_manager.cc:2943] Scheduling retry of 243e1fb719714819a98f920eb125bbf0 (table test-table [id=b7f89f9ec9c0479b9fed277cd873ba0e]) Alter Table RPC with a delay of 27 ms (attempt = 0)
W0902 17:01:11.017410 15087 catalog_manager.cc:3482] Failed to send alter table request: Not found: Failed to reset TS proxy: No leader found: Tablet 243e1fb719714819a98f920eb125bbf0 consensus state has no leader
I0902 17:01:11.034426 15073 catalog_manager.cc:2943] Scheduling retry of 46b61b0728c843959c20956feb265265 (table test-table [id=b7f89f9ec9c0479b9fed277cd873ba0e]) Alter Table RPC with a delay of 17 ms (attempt = 0)
W0902 17:01:11.034459 15073 catalog_manager.cc:2962] Async tablet task 46b61b0728c843959c20956feb265265 (table test-table [id=b7f89f9ec9c0479b9fed277cd873ba0e]) Alter Table RPC failed: Not found: Failed to reset TS proxy: No leader found: Tablet 46b61b0728c843959c20956feb265265 consensus state has no leader
I0902 17:01:11.036728 15071 catalog_manager.cc:2943] Scheduling retry of 46b61b0728c843959c20956feb265265 (table test-table [id=b7f89f9ec9c0479b9fed277cd873ba0e]) Alter Table RPC with a delay of 24 ms (attempt = 0)
W0902 17:01:11.036746 15071 catalog_manager.cc:2962] Async tablet task 46b61b0728c843959c20956feb265265 (table test-table [id=b7f89f9ec9c0479b9fed277cd873ba0e]) Alter Table RPC failed: Not found: Failed to reset TS proxy: No leader found: Tablet 46b61b0728c843959c20956feb265265 consensus state has no leader
I0902 17:01:11.039901 15071 catalog_manager.cc:2943] Scheduling retry of 46b61b0728c843959c20956feb265265 (table test-table [id=b7f89f9ec9c0479b9fed277cd873ba0e]) Alter Table RPC with a delay of 23 ms (attempt = 0)
W0902 17:01:11.039916 15071 catalog_manager.cc:2962] Async tablet task 46b61b0728c843959c20956feb265265 (table test-table [id=b7f89f9ec9c0479b9fed277cd873ba0e]) Alter Table RPC failed: Not found: Failed to reset TS proxy: No leader found: Tablet 46b61b0728c843959c20956feb265265 consensus state has no leader
I0902 17:01:11.041049 15071 catalog_manager.cc:2943] Scheduling retry of 243e1fb719714819a98f920eb125bbf0 (table test-table [id=b7f89f9ec9c0479b9fed277cd873ba0e]) Alter Table RPC with a delay of 53 ms (attempt = 0)
W0902 17:01:11.041076 15071 catalog_manager.cc:2962] Async tablet task 243e1fb719714819a98f920eb125bbf0 (table test-table [id=b7f89f9ec9c0479b9fed277cd873ba0e]) Alter Table RPC failed: Not found: Failed to reset TS proxy: No leader found: Tablet 243e1fb719714819a98f920eb125bbf0 consensus state has no leader
I0902 17:01:11.044814 15070 catalog_manager.cc:2943] Scheduling retry of 243e1fb719714819a98f920eb125bbf0 (table test-table [id=b7f89f9ec9c0479b9fed277cd873ba0e]) Alter Table RPC with a delay of 41 ms (attempt = 0)
W0902 17:01:11.044843 15070 catalog_manager.cc:2962] Async tablet task 243e1fb719714819a98f920eb125bbf0 (table test-table [id=b7f89f9ec9c0479b9fed277cd873ba0e]) Alter Table RPC failed: Not found: Failed to reset TS proxy: No leader found: Tablet 243e1fb719714819a98f920eb125bbf0 consensus state has no leader
I0902 17:01:11.048267 15071 catalog_manager.cc:2943] Scheduling retry of 46b61b0728c843959c20956feb265265 (table test-table [id=b7f89f9ec9c0479b9fed277cd873ba0e]) Alter Table RPC with a delay of 36 ms (attempt = 0)
W0902 17:01:11.048295 15071 catalog_manager.cc:2962] Async tablet task 46b61b0728c843959c20956feb265265 (table test-table [id=b7f89f9ec9c0479b9fed277cd873ba0e]) Alter Table RPC failed: Not found: Failed to reset TS proxy: No leader found: Tablet 46b61b0728c843959c20956feb265265 consensus state has no leader
I0902 17:01:11.051012 15070 catalog_manager.cc:2943] Scheduling retry of 243e1fb719714819a98f920eb125bbf0 (table test-table [id=b7f89f9ec9c0479b9fed277cd873ba0e]) Alter Table RPC with a delay of 34 ms (attempt = 0)
W0902 17:01:11.051033 15070 catalog_manager.cc:2962] Async tablet task 243e1fb719714819a98f920eb125bbf0 (table test-table [id=b7f89f9ec9c0479b9fed277cd873ba0e]) Alter Table RPC failed: Not found: Failed to reset TS proxy: No leader found: Tablet 243e1fb719714819a98f920eb125bbf0 consensus state has no leader
I0902 17:01:11.051661 15073 catalog_manager.cc:2943] Scheduling retry of 46b61b0728c843959c20956feb265265 (table test-table [id=b7f89f9ec9c0479b9fed277cd873ba0e]) Alter Table RPC with a delay of 55 ms (attempt = 0)
W0902 17:01:11.051703 15073 catalog_manager.cc:2962] Async tablet task 46b61b0728c843959c20956feb265265 (table test-table [id=b7f89f9ec9c0479b9fed277cd873ba0e]) Alter Table RPC failed: Not found: Failed to reset TS proxy: No leader found: Tablet 46b61b0728c843959c20956feb265265 consensus state has no leader
I0902 17:01:11.055719 15070 catalog_manager.cc:2943] Scheduling retry of 243e1fb719714819a98f920eb125bbf0 (table test-table [id=b7f89f9ec9c0479b9fed277cd873ba0e]) Alter Table RPC with a delay of 21 ms (attempt = 0)
W0902 17:01:11.055735 15070 catalog_manager.cc:2962] Async tablet task 243e1fb719714819a98f920eb125bbf0 (table test-table [id=b7f89f9ec9c0479b9fed277cd873ba0e]) Alter Table RPC failed: Not found: Failed to reset TS proxy: No leader found: Tablet 243e1fb719714819a98f920eb125bbf0 consensus state has no leader
I0902 17:01:11.057891 15070 catalog_manager.cc:2943] Scheduling retry of 243e1fb719714819a98f920eb125bbf0 (table test-table [id=b7f89f9ec9c0479b9fed277cd873ba0e]) Alter Table RPC with a delay of 34 ms (attempt = 0)
W0902 17:01:11.057905 15070 catalog_manager.cc:2962] Async tablet task 243e1fb719714819a98f920eb125bbf0 (table test-table [id=b7f89f9ec9c0479b9fed277cd873ba0e]) Alter Table RPC failed: Not found: Failed to reset TS proxy: No leader found: Tablet 243e1fb719714819a98f920eb125bbf0 consensus state has no leader
I0902 17:01:11.059674 15072 catalog_manager.cc:2943] Scheduling retry of 243e1fb719714819a98f920eb125bbf0 (table test-table [id=b7f89f9ec9c0479b9fed277cd873ba0e]) Alter Table RPC with a delay of 8 ms (attempt = 0)
W0902 17:01:11.059703 15072 catalog_manager.cc:2962] Async tablet task 243e1fb719714819a98f920eb125bbf0 (table test-table [id=b7f89f9ec9c0479b9fed277cd873ba0e]) Alter Table RPC failed: Not found: Failed to reset TS proxy: No leader found: Tablet 243e1fb719714819a98f920eb125bbf0 consensus state has no leader
I0902 17:01:11.061458 15071 catalog_manager.cc:2943] Scheduling retry of 46b61b0728c843959c20956feb265265 (table test-table [id=b7f89f9ec9c0479b9fed277cd873ba0e]) Alter Table RPC with a delay of 20 ms (attempt = 0)
W0902 17:01:11.061472 15071 catalog_manager.cc:2962] Async tablet task 46b61b0728c843959c20956feb265265 (table test-table [id=b7f89f9ec9c0479b9fed277cd873ba0e]) Alter Table RPC failed: Not found: Failed to reset TS proxy: No leader found: Tablet 46b61b0728c843959c20956feb265265 consensus state has no leader
I0902 17:01:11.063637 15071 catalog_manager.cc:2943] Scheduling retry of 46b61b0728c843959c20956feb265265 (table test-table [id=b7f89f9ec9c0479b9fed277cd873ba0e]) Alter Table RPC with a delay of 44 ms (attempt = 0)
W0902 17:01:11.063657 15071 catalog_manager.cc:2962] Async tablet task 46b61b0728c843959c20956feb265265 (table test-table [id=b7f89f9ec9c0479b9fed277cd873ba0e]) Alter Table RPC failed: Not found: Failed to reset TS proxy: No leader found: Tablet 46b61b0728c843959c20956feb265265 consensus state has no leader
I0902 17:01:11.067881 15072 catalog_manager.cc:2943] Scheduling retry of 243e1fb719714819a98f920eb125bbf0 (table test-table [id=b7f89f9ec9c0479b9fed277cd873ba0e]) Alter Table RPC with a delay of 37 ms (attempt = 0)
W0902 17:01:11.067903 15072 catalog_manager.cc:2962] Async tablet task 243e1fb719714819a98f920eb125bbf0 (table test-table [id=b7f89f9ec9c0479b9fed277cd873ba0e]) Alter Table RPC failed: Not found: Failed to reset TS proxy: No leader found: Tablet 243e1fb719714819a98f920eb125bbf0 consensus state has no leader
I0902 17:01:11.077018 15070 catalog_manager.cc:2943] Scheduling retry of 243e1fb719714819a98f920eb125bbf0 (table test-table [id=b7f89f9ec9c0479b9fed277cd873ba0e]) Alter Table RPC with a delay of 21 ms (attempt = 0)
W0902 17:01:11.077044 15070 catalog_manager.cc:2962] Async tablet task 243e1fb719714819a98f920eb125bbf0 (table test-table [id=b7f89f9ec9c0479b9fed277cd873ba0e]) Alter Table RPC failed: Not found: Failed to reset TS proxy: No leader found: Tablet 243e1fb719714819a98f920eb125bbf0 consensus state has no leader
I0902 17:01:11.081858 15071 catalog_manager.cc:2943] Scheduling retry of 46b61b0728c843959c20956feb265265 (table test-table [id=b7f89f9ec9c0479b9fed277cd873ba0e]) Alter Table RPC with a delay of 8 ms (attempt = 0)
W0902 17:01:11.081887 15071 catalog_manager.cc:2962] Async tablet task 46b61b0728c843959c20956feb265265 (table test-table [id=b7f89f9ec9c0479b9fed277cd873ba0e]) Alter Table RPC failed: Not found: Failed to reset TS proxy: No leader found: Tablet 46b61b0728c843959c20956feb265265 consensus state has no leader
I0902 17:01:11.085078 15071 catalog_manager.cc:2943] Scheduling retry of 46b61b0728c843959c20956feb265265 (table test-table [id=b7f89f9ec9c0479b9fed277cd873ba0e]) Alter Table RPC with a delay of 16 ms (attempt = 0)
W0902 17:01:11.085101 15071 catalog_manager.cc:2962] Async tablet task 46b61b0728c843959c20956feb265265 (table test-table [id=b7f89f9ec9c0479b9fed277cd873ba0e]) Alter Table RPC failed: Not found: Failed to reset TS proxy: No leader found: Tablet 46b61b0728c843959c20956feb265265 consensus state has no leader
I0902 17:01:11.085202 15070 catalog_manager.cc:2943] Scheduling retry of 243e1fb719714819a98f920eb125bbf0 (table test-table [id=b7f89f9ec9c0479b9fed277cd873ba0e]) Alter Table RPC with a delay of 55 ms (attempt = 0)
W0902 17:01:11.085218 15070 catalog_manager.cc:2962] Async tablet task 243e1fb719714819a98f920eb125bbf0 (table test-table [id=b7f89f9ec9c0479b9fed277cd873ba0e]) Alter Table RPC failed: Not found: Failed to reset TS proxy: No leader found: Tablet 243e1fb719714819a98f920eb125bbf0 consensus state has no leader
I0902 17:01:11.086341 15070 catalog_manager.cc:2943] Scheduling retry of 243e1fb719714819a98f920eb125bbf0 (table test-table [id=b7f89f9ec9c0479b9fed277cd873ba0e]) Alter Table RPC with a delay of 24 ms (attempt = 0)
W0902 17:01:11.086362 15070 catalog_manager.cc:2962] Async tablet task 243e1fb719714819a98f920eb125bbf0 (table test-table [id=b7f89f9ec9c0479b9fed277cd873ba0e]) Alter Table RPC failed: Not found: Failed to reset TS proxy: No leader found: Tablet 243e1fb719714819a98f920eb125bbf0 consensus state has no leader
I0902 17:01:11.090435 15071 catalog_manager.cc:2943] Scheduling retry of 46b61b0728c843959c20956feb265265 (table test-table [id=b7f89f9ec9c0479b9fed277cd873ba0e]) Alter Table RPC with a delay of 33 ms (attempt = 0)
W0902 17:01:11.090461 15071 catalog_manager.cc:2962] Async tablet task 46b61b0728c843959c20956feb265265 (table test-table [id=b7f89f9ec9c0479b9fed277cd873ba0e]) Alter Table RPC failed: Not found: Failed to reset TS proxy: No leader found: Tablet 46b61b0728c843959c20956feb265265 consensus state has no leader
I0902 17:01:11.092535 15070 catalog_manager.cc:2943] Scheduling retry of 243e1fb719714819a98f920eb125bbf0 (table test-table [id=b7f89f9ec9c0479b9fed277cd873ba0e]) Alter Table RPC with a delay of 40 ms (attempt = 0)
W0902 17:01:11.092551 15070 catalog_manager.cc:2962] Async tablet task 243e1fb719714819a98f920eb125bbf0 (table test-table [id=b7f89f9ec9c0479b9fed277cd873ba0e]) Alter Table RPC failed: Not found: Failed to reset TS proxy: No leader found: Tablet 243e1fb719714819a98f920eb125bbf0 consensus state has no leader
I0902 17:01:11.094624 15071 catalog_manager.cc:2943] Scheduling retry of 243e1fb719714819a98f920eb125bbf0 (table test-table [id=b7f89f9ec9c0479b9fed277cd873ba0e]) Alter Table RPC with a delay of 52 ms (attempt = 0)
W0902 17:01:11.094640 15071 catalog_manager.cc:2962] Async tablet task 243e1fb719714819a98f920eb125bbf0 (table test-table [id=b7f89f9ec9c0479b9fed277cd873ba0e]) Alter Table RPC failed: Not found: Failed to reset TS proxy: No leader found: Tablet 243e1fb719714819a98f920eb125bbf0 consensus state has no leader
I0902 17:01:11.099048 15070 catalog_manager.cc:2943] Scheduling retry of 243e1fb719714819a98f920eb125bbf0 (table test-table [id=b7f89f9ec9c0479b9fed277cd873ba0e]) Alter Table RPC with a delay of 48 ms (attempt = 0)
W0902 17:01:11.099071 15070 catalog_manager.cc:2962] Async tablet task 243e1fb719714819a98f920eb125bbf0 (table test-table [id=b7f89f9ec9c0479b9fed277cd873ba0e]) Alter Table RPC failed: Not found: Failed to reset TS proxy: No leader found: Tablet 243e1fb719714819a98f920eb125bbf0 consensus state has no leader
I0902 17:01:11.101814 15071 catalog_manager.cc:2943] Scheduling retry of 46b61b0728c843959c20956feb265265 (table test-table [id=b7f89f9ec9c0479b9fed277cd873ba0e]) Alter Table RPC with a delay of 28 ms (attempt = 0)
W0902 17:01:11.101833 15071 catalog_manager.cc:2962] Async tablet task 46b61b0728c843959c20956feb265265 (table test-table [id=b7f89f9ec9c0479b9fed277cd873ba0e]) Alter Table RPC failed: Not found: Failed to reset TS proxy: No leader found: Tablet 46b61b0728c843959c20956feb265265 consensus state has no leader
I0902 17:01:11.105201 15072 catalog_manager.cc:2943] Scheduling retry of 243e1fb719714819a98f920eb125bbf0 (table test-table [id=b7f89f9ec9c0479b9fed277cd873ba0e]) Alter Table RPC with a delay of 34 ms (attempt = 0)
W0902 17:01:11.105217 15072 catalog_manager.cc:2962] Async tablet task 243e1fb719714819a98f920eb125bbf0 (table test-table [id=b7f89f9ec9c0479b9fed277cd873ba0e]) Alter Table RPC failed: Not found: Failed to reset TS proxy: No leader found: Tablet 243e1fb719714819a98f920eb125bbf0 consensus state has no leader
I0902 17:01:11.107033 15073 catalog_manager.cc:2943] Scheduling retry of 46b61b0728c843959c20956feb265265 (table test-table [id=b7f89f9ec9c0479b9fed277cd873ba0e]) Alter Table RPC with a delay of 26 ms (attempt = 0)
W0902 17:01:11.107062 15073 catalog_manager.cc:2962] Async tablet task 46b61b0728c843959c20956feb265265 (table test-table [id=b7f89f9ec9c0479b9fed277cd873ba0e]) Alter Table RPC failed: Not found: Failed to reset TS proxy: No leader found: Tablet 46b61b0728c843959c20956feb265265 consensus state has no leader
I0902 17:01:11.107996 15071 catalog_manager.cc:2943] Scheduling retry of 46b61b0728c843959c20956feb265265 (table test-table [id=b7f89f9ec9c0479b9fed277cd873ba0e]) Alter Table RPC with a delay of 23 ms (attempt = 0)
W0902 17:01:11.108013 15071 catalog_manager.cc:2962] Async tablet task 46b61b0728c843959c20956feb265265 (table test-table [id=b7f89f9ec9c0479b9fed277cd873ba0e]) Alter Table RPC failed: Not found: Failed to reset TS proxy: No leader found: Tablet 46b61b0728c843959c20956feb265265 consensus state has no leader
I0902 17:01:11.111243 15070 catalog_manager.cc:2943] Scheduling retry of 243e1fb719714819a98f920eb125bbf0 (table test-table [id=b7f89f9ec9c0479b9fed277cd873ba0e]) Alter Table RPC with a delay of 52 ms (attempt = 0)
W0902 17:01:11.111265 15070 catalog_manager.cc:2962] Async tablet task 243e1fb719714819a98f920eb125bbf0 (table test-table [id=b7f89f9ec9c0479b9fed277cd873ba0e]) Alter Table RPC failed: Not found: Failed to reset TS proxy: No leader found: Tablet 243e1fb719714819a98f920eb125bbf0 consensus state has no leader
I0902 17:01:11.124192 15071 catalog_manager.cc:2943] Scheduling retry of 46b61b0728c843959c20956feb265265 (table test-table [id=b7f89f9ec9c0479b9fed277cd873ba0e]) Alter Table RPC with a delay of 57 ms (attempt = 0)
W0902 17:01:11.124219 15071 catalog_manager.cc:2962] Async tablet task 46b61b0728c843959c20956feb265265 (table test-table [id=b7f89f9ec9c0479b9fed277cd873ba0e]) Alter Table RPC failed: Not found: Failed to reset TS proxy: No leader found: Tablet 46b61b0728c843959c20956feb265265 consensus state has no leader
I0902 17:01:11.130385 15071 catalog_manager.cc:2943] Scheduling retry of 46b61b0728c843959c20956feb265265 (table test-table [id=b7f89f9ec9c0479b9fed277cd873ba0e]) Alter Table RPC with a delay of 42 ms (attempt = 0)
W0902 17:01:11.130401 15071 catalog_manager.cc:2962] Async tablet task 46b61b0728c843959c20956feb265265 (table test-table [id=b7f89f9ec9c0479b9fed277cd873ba0e]) Alter Table RPC failed: Not found: Failed to reset TS proxy: No leader found: Tablet 46b61b0728c843959c20956feb265265 consensus state has no leader
I0902 17:01:11.131491 15071 catalog_manager.cc:2943] Scheduling retry of 46b61b0728c843959c20956feb265265 (table test-table [id=b7f89f9ec9c0479b9fed277cd873ba0e]) Alter Table RPC with a delay of 54 ms (attempt = 0)
W0902 17:01:11.131505 15071 catalog_manager.cc:2962] Async tablet task 46b61b0728c843959c20956feb265265 (table test-table [id=b7f89f9ec9c0479b9fed277cd873ba0e]) Alter Table RPC failed: Not found: Failed to reset TS proxy: No leader found: Tablet 46b61b0728c843959c20956feb265265 consensus state has no leader
I0902 17:01:11.133245 15073 catalog_manager.cc:2943] Scheduling retry of 46b61b0728c843959c20956feb265265 (table test-table [id=b7f89f9ec9c0479b9fed277cd873ba0e]) Alter Table RPC with a delay of 16 ms (attempt = 0)
W0902 17:01:11.133273 15073 catalog_manager.cc:2962] Async tablet task 46b61b0728c843959c20956feb265265 (table test-table [id=b7f89f9ec9c0479b9fed277cd873ba0e]) Alter Table RPC failed: Not found: Failed to reset TS proxy: No leader found: Tablet 46b61b0728c843959c20956feb265265 consensus state has no leader
I0902 17:01:11.133549 15070 catalog_manager.cc:2943] Scheduling retry of 243e1fb719714819a98f920eb125bbf0 (table test-table [id=b7f89f9ec9c0479b9fed277cd873ba0e]) Alter Table RPC with a delay of 11 ms (attempt = 0)
W0902 17:01:11.133571 15070 catalog_manager.cc:2962] Async tablet task 243e1fb719714819a98f920eb125bbf0 (table test-table [id=b7f89f9ec9c0479b9fed277cd873ba0e]) Alter Table RPC failed: Not found: Failed to reset TS proxy: No leader found: Tablet 243e1fb719714819a98f920eb125bbf0 consensus state has no leader
I0902 17:01:11.139430 15072 catalog_manager.cc:2943] Scheduling retry of 243e1fb719714819a98f920eb125bbf0 (table test-table [id=b7f89f9ec9c0479b9fed277cd873ba0e]) Alter Table RPC with a delay of 20 ms (attempt = 0)
W0902 17:01:11.139467 15072 catalog_manager.cc:2962] Async tablet task 243e1fb719714819a98f920eb125bbf0 (table test-table [id=b7f89f9ec9c0479b9fed277cd873ba0e]) Alter Table RPC failed: Not found: Failed to reset TS proxy: No leader found: Tablet 243e1fb719714819a98f920eb125bbf0 consensus state has no leader
I0902 17:01:11.140739 15070 catalog_manager.cc:2943] Scheduling retry of 243e1fb719714819a98f920eb125bbf0 (table test-table [id=b7f89f9ec9c0479b9fed277cd873ba0e]) Alter Table RPC with a delay of 11 ms (attempt = 0)
W0902 17:01:11.140753 15070 catalog_manager.cc:2962] Async tablet task 243e1fb719714819a98f920eb125bbf0 (table test-table [id=b7f89f9ec9c0479b9fed277cd873ba0e]) Alter Table RPC failed: Not found: Failed to reset TS proxy: No leader found: Tablet 243e1fb719714819a98f920eb125bbf0 consensus state has no leader
I0902 17:01:11.142261 15542 raft_consensus.cc:412] T 243e1fb719714819a98f920eb125bbf0 P 81b89e30bd3e45e39b3bd3eca9d5f7c5 [term 0 FOLLOWER]: Starting pre-election (no leader contacted us within the election timeout)
I0902 17:01:11.142323 15542 raft_consensus.cc:2456] T 243e1fb719714819a98f920eb125bbf0 P 81b89e30bd3e45e39b3bd3eca9d5f7c5: Snoozing failure detection for 1.669s (starting election)
I0902 17:01:11.142424 15542 raft_consensus.cc:434] T 243e1fb719714819a98f920eb125bbf0 P 81b89e30bd3e45e39b3bd3eca9d5f7c5 [term 0 FOLLOWER]: Starting pre-election with config: opid_index: -1 OBSOLETE_local: false peers { permanent_uuid: "d28f0f3b8d0e429484dbeeb2d41b7d50" member_type: VOTER last_known_addr { host: "127.58.208.1" port: 59914 } } peers { permanent_uuid: "475a466ec8b44f39bbf6b23f10ebe15b" member_type: VOTER last_known_addr { host: "127.58.208.2" port: 43231 } } peers { permanent_uuid: "81b89e30bd3e45e39b3bd3eca9d5f7c5" member_type: VOTER last_known_addr { host: "127.58.208.3" port: 42179 } }
I0902 17:01:11.142769 15542 leader_election.cc:221] T 243e1fb719714819a98f920eb125bbf0 P 81b89e30bd3e45e39b3bd3eca9d5f7c5 [CANDIDATE]: Term 1 pre-election: Requesting pre-vote from peer d28f0f3b8d0e429484dbeeb2d41b7d50
I0902 17:01:11.142877 15542 leader_election.cc:221] T 243e1fb719714819a98f920eb125bbf0 P 81b89e30bd3e45e39b3bd3eca9d5f7c5 [CANDIDATE]: Term 1 pre-election: Requesting pre-vote from peer 475a466ec8b44f39bbf6b23f10ebe15b
I0902 17:01:11.143504 15208 tablet_service.cc:1002] Received RequestConsensusVote() RPC: tablet_id: "243e1fb719714819a98f920eb125bbf0" candidate_uuid: "81b89e30bd3e45e39b3bd3eca9d5f7c5" candidate_term: 1 candidate_status { last_received { term: 0 index: 0 } } ignore_live_leader: false dest_uuid: "d28f0f3b8d0e429484dbeeb2d41b7d50" is_pre_election: true
I0902 17:01:11.143548 15331 tablet_service.cc:1002] Received RequestConsensusVote() RPC: tablet_id: "243e1fb719714819a98f920eb125bbf0" candidate_uuid: "81b89e30bd3e45e39b3bd3eca9d5f7c5" candidate_term: 1 candidate_status { last_received { term: 0 index: 0 } } ignore_live_leader: false dest_uuid: "475a466ec8b44f39bbf6b23f10ebe15b" is_pre_election: true
I0902 17:01:11.143591 15208 raft_consensus.cc:2456] T 243e1fb719714819a98f920eb125bbf0 P d28f0f3b8d0e429484dbeeb2d41b7d50: Snoozing failure detection for 2.131s (vote granted)
I0902 17:01:11.143620 15208 raft_consensus.cc:2010] T 243e1fb719714819a98f920eb125bbf0 P d28f0f3b8d0e429484dbeeb2d41b7d50 [term 0 FOLLOWER]: Leader pre-election vote request: Granting yes vote for candidate 81b89e30bd3e45e39b3bd3eca9d5f7c5 in term 0.
I0902 17:01:11.143640 15331 raft_consensus.cc:2456] T 243e1fb719714819a98f920eb125bbf0 P 475a466ec8b44f39bbf6b23f10ebe15b: Snoozing failure detection for 1.945s (vote granted)
I0902 17:01:11.143676 15331 raft_consensus.cc:2010] T 243e1fb719714819a98f920eb125bbf0 P 475a466ec8b44f39bbf6b23f10ebe15b [term 0 FOLLOWER]: Leader pre-election vote request: Granting yes vote for candidate 81b89e30bd3e45e39b3bd3eca9d5f7c5 in term 0.
I0902 17:01:11.143923 15388 leader_election.cc:353] T 243e1fb719714819a98f920eb125bbf0 P 81b89e30bd3e45e39b3bd3eca9d5f7c5 [CANDIDATE]: Term 1 pre-election: Vote granted by peer d28f0f3b8d0e429484dbeeb2d41b7d50
I0902 17:01:11.143947 15388 leader_election.cc:248] T 243e1fb719714819a98f920eb125bbf0 P 81b89e30bd3e45e39b3bd3eca9d5f7c5 [CANDIDATE]: Term 1 pre-election: Election decided. Result: candidate won.
I0902 17:01:11.143987 15387 leader_election.cc:353] T 243e1fb719714819a98f920eb125bbf0 P 81b89e30bd3e45e39b3bd3eca9d5f7c5 [CANDIDATE]: Term 1 pre-election: Vote granted by peer 475a466ec8b44f39bbf6b23f10ebe15b
I0902 17:01:11.144052 15535 raft_consensus.cc:2456] T 243e1fb719714819a98f920eb125bbf0 P 81b89e30bd3e45e39b3bd3eca9d5f7c5: Snoozing failure detection for 1.709s (election complete)
I0902 17:01:11.144096 15535 raft_consensus.cc:2280] T 243e1fb719714819a98f920eb125bbf0 P 81b89e30bd3e45e39b3bd3eca9d5f7c5 [term 0 FOLLOWER]: Leader pre-election won for term 1
I0902 17:01:11.144109 15535 raft_consensus.cc:412] T 243e1fb719714819a98f920eb125bbf0 P 81b89e30bd3e45e39b3bd3eca9d5f7c5 [term 0 FOLLOWER]: Starting leader election (no leader contacted us within the election timeout)
I0902 17:01:11.144124 15535 raft_consensus.cc:2456] T 243e1fb719714819a98f920eb125bbf0 P 81b89e30bd3e45e39b3bd3eca9d5f7c5: Snoozing failure detection for 2.137s (starting election)
I0902 17:01:11.144134 15535 raft_consensus.cc:2508] T 243e1fb719714819a98f920eb125bbf0 P 81b89e30bd3e45e39b3bd3eca9d5f7c5 [term 0 FOLLOWER]: Advancing to term 1
I0902 17:01:11.145041 15535 raft_consensus.cc:434] T 243e1fb719714819a98f920eb125bbf0 P 81b89e30bd3e45e39b3bd3eca9d5f7c5 [term 1 FOLLOWER]: Starting leader election with config: opid_index: -1 OBSOLETE_local: false peers { permanent_uuid: "d28f0f3b8d0e429484dbeeb2d41b7d50" member_type: VOTER last_known_addr { host: "127.58.208.1" port: 59914 } } peers { permanent_uuid: "475a466ec8b44f39bbf6b23f10ebe15b" member_type: VOTER last_known_addr { host: "127.58.208.2" port: 43231 } } peers { permanent_uuid: "81b89e30bd3e45e39b3bd3eca9d5f7c5" member_type: VOTER last_known_addr { host: "127.58.208.3" port: 42179 } }
I0902 17:01:11.145123 15070 catalog_manager.cc:2943] Scheduling retry of 243e1fb719714819a98f920eb125bbf0 (table test-table [id=b7f89f9ec9c0479b9fed277cd873ba0e]) Alter Table RPC with a delay of 44 ms (attempt = 0)
W0902 17:01:11.145169 15070 catalog_manager.cc:2962] Async tablet task 243e1fb719714819a98f920eb125bbf0 (table test-table [id=b7f89f9ec9c0479b9fed277cd873ba0e]) Alter Table RPC failed: Not found: Failed to reset TS proxy: No leader found: Tablet 243e1fb719714819a98f920eb125bbf0 consensus state has no leader
I0902 17:01:11.145277 15535 leader_election.cc:221] T 243e1fb719714819a98f920eb125bbf0 P 81b89e30bd3e45e39b3bd3eca9d5f7c5 [CANDIDATE]: Term 1 election: Requesting vote from peer d28f0f3b8d0e429484dbeeb2d41b7d50
I0902 17:01:11.145349 15535 leader_election.cc:221] T 243e1fb719714819a98f920eb125bbf0 P 81b89e30bd3e45e39b3bd3eca9d5f7c5 [CANDIDATE]: Term 1 election: Requesting vote from peer 475a466ec8b44f39bbf6b23f10ebe15b
I0902 17:01:11.145725 15208 tablet_service.cc:1002] Received RequestConsensusVote() RPC: tablet_id: "243e1fb719714819a98f920eb125bbf0" candidate_uuid: "81b89e30bd3e45e39b3bd3eca9d5f7c5" candidate_term: 1 candidate_status { last_received { term: 0 index: 0 } } ignore_live_leader: false dest_uuid: "d28f0f3b8d0e429484dbeeb2d41b7d50"
I0902 17:01:11.145768 15331 tablet_service.cc:1002] Received RequestConsensusVote() RPC: tablet_id: "243e1fb719714819a98f920eb125bbf0" candidate_uuid: "81b89e30bd3e45e39b3bd3eca9d5f7c5" candidate_term: 1 candidate_status { last_received { term: 0 index: 0 } } ignore_live_leader: false dest_uuid: "475a466ec8b44f39bbf6b23f10ebe15b"
I0902 17:01:11.145774 15208 raft_consensus.cc:2508] T 243e1fb719714819a98f920eb125bbf0 P d28f0f3b8d0e429484dbeeb2d41b7d50 [term 0 FOLLOWER]: Advancing to term 1
I0902 17:01:11.145817 15331 raft_consensus.cc:2508] T 243e1fb719714819a98f920eb125bbf0 P 475a466ec8b44f39bbf6b23f10ebe15b [term 0 FOLLOWER]: Advancing to term 1
I0902 17:01:11.145830 15208 raft_consensus.cc:2456] T 243e1fb719714819a98f920eb125bbf0 P d28f0f3b8d0e429484dbeeb2d41b7d50: Snoozing failure detection for 1.642s (vote granted)
I0902 17:01:11.145864 15331 raft_consensus.cc:2456] T 243e1fb719714819a98f920eb125bbf0 P 475a466ec8b44f39bbf6b23f10ebe15b: Snoozing failure detection for 1.544s (vote granted)
I0902 17:01:11.146497 15208 raft_consensus.cc:2010] T 243e1fb719714819a98f920eb125bbf0 P d28f0f3b8d0e429484dbeeb2d41b7d50 [term 1 FOLLOWER]: Leader election vote request: Granting yes vote for candidate 81b89e30bd3e45e39b3bd3eca9d5f7c5 in term 1.
I0902 17:01:11.146513 15331 raft_consensus.cc:2010] T 243e1fb719714819a98f920eb125bbf0 P 475a466ec8b44f39bbf6b23f10ebe15b [term 1 FOLLOWER]: Leader election vote request: Granting yes vote for candidate 81b89e30bd3e45e39b3bd3eca9d5f7c5 in term 1.
I0902 17:01:11.146744 15388 leader_election.cc:353] T 243e1fb719714819a98f920eb125bbf0 P 81b89e30bd3e45e39b3bd3eca9d5f7c5 [CANDIDATE]: Term 1 election: Vote granted by peer d28f0f3b8d0e429484dbeeb2d41b7d50
I0902 17:01:11.146769 15388 leader_election.cc:248] T 243e1fb719714819a98f920eb125bbf0 P 81b89e30bd3e45e39b3bd3eca9d5f7c5 [CANDIDATE]: Term 1 election: Election decided. Result: candidate won.
I0902 17:01:11.146806 15387 leader_election.cc:353] T 243e1fb719714819a98f920eb125bbf0 P 81b89e30bd3e45e39b3bd3eca9d5f7c5 [CANDIDATE]: Term 1 election: Vote granted by peer 475a466ec8b44f39bbf6b23f10ebe15b
I0902 17:01:11.146862 15522 raft_consensus.cc:2456] T 243e1fb719714819a98f920eb125bbf0 P 81b89e30bd3e45e39b3bd3eca9d5f7c5: Snoozing failure detection for 1.789s (election complete)
I0902 17:01:11.146886 15522 raft_consensus.cc:2280] T 243e1fb719714819a98f920eb125bbf0 P 81b89e30bd3e45e39b3bd3eca9d5f7c5 [term 1 FOLLOWER]: Leader election won for term 1
I0902 17:01:11.146944 15522 raft_consensus.cc:542] T 243e1fb719714819a98f920eb125bbf0 P 81b89e30bd3e45e39b3bd3eca9d5f7c5 [term 1 LEADER]: Becoming Leader. State: Replica: 81b89e30bd3e45e39b3bd3eca9d5f7c5, State: Running, Role: LEADER
I0902 17:01:11.147022 15522 consensus_queue.cc:169] T 243e1fb719714819a98f920eb125bbf0 P 81b89e30bd3e45e39b3bd3eca9d5f7c5 [LEADER]: Queue going to LEADER mode. State: All replicated index: 0, Majority replicated index: 0, Committed index: 0, Last appended: 0.0, Last appended by leader: 0, Current term: 1, Majority size: 2, State: 0, Mode: LEADER, active raft config: opid_index: -1 OBSOLETE_local: false peers { permanent_uuid: "d28f0f3b8d0e429484dbeeb2d41b7d50" member_type: VOTER last_known_addr { host: "127.58.208.1" port: 59914 } } peers { permanent_uuid: "475a466ec8b44f39bbf6b23f10ebe15b" member_type: VOTER last_known_addr { host: "127.58.208.2" port: 43231 } } peers { permanent_uuid: "81b89e30bd3e45e39b3bd3eca9d5f7c5" member_type: VOTER last_known_addr { host: "127.58.208.3" port: 42179 } }
I0902 17:01:11.147382 15070 catalog_manager.cc:2943] Scheduling retry of 243e1fb719714819a98f920eb125bbf0 (table test-table [id=b7f89f9ec9c0479b9fed277cd873ba0e]) Alter Table RPC with a delay of 50 ms (attempt = 0)
W0902 17:01:11.147410 15070 catalog_manager.cc:2962] Async tablet task 243e1fb719714819a98f920eb125bbf0 (table test-table [id=b7f89f9ec9c0479b9fed277cd873ba0e]) Alter Table RPC failed: Not found: Failed to reset TS proxy: No leader found: Tablet 243e1fb719714819a98f920eb125bbf0 consensus state has no leader
I0902 17:01:11.147670 15071 catalog_manager.cc:2943] Scheduling retry of 243e1fb719714819a98f920eb125bbf0 (table test-table [id=b7f89f9ec9c0479b9fed277cd873ba0e]) Alter Table RPC with a delay of 40 ms (attempt = 0)
W0902 17:01:11.147696 15071 catalog_manager.cc:2962] Async tablet task 243e1fb719714819a98f920eb125bbf0 (table test-table [id=b7f89f9ec9c0479b9fed277cd873ba0e]) Alter Table RPC failed: Not found: Failed to reset TS proxy: No leader found: Tablet 243e1fb719714819a98f920eb125bbf0 consensus state has no leader
I0902 17:01:11.148340 15087 catalog_manager.cc:2462] TS 81b89e30bd3e45e39b3bd3eca9d5f7c5 (127.58.208.3:42179) does not have the latest schema for tablet 243e1fb719714819a98f920eb125bbf0 (table test-table [id=b7f89f9ec9c0479b9fed277cd873ba0e]). Expected version 3 got 0
I0902 17:01:11.148501 15087 catalog_manager.cc:2571] T 243e1fb719714819a98f920eb125bbf0 reported cstate change: term changed from 0 to 1, leader changed from to 81b89e30bd3e45e39b3bd3eca9d5f7c5 (127.58.208.3). New cstate: current_term: 1 leader_uuid: "81b89e30bd3e45e39b3bd3eca9d5f7c5" committed_config { opid_index: -1 OBSOLETE_local: false peers { permanent_uuid: "d28f0f3b8d0e429484dbeeb2d41b7d50" member_type: VOTER last_known_addr { host: "127.58.208.1" port: 59914 } } peers { permanent_uuid: "475a466ec8b44f39bbf6b23f10ebe15b" member_type: VOTER last_known_addr { host: "127.58.208.2" port: 43231 } } peers { permanent_uuid: "81b89e30bd3e45e39b3bd3eca9d5f7c5" member_type: VOTER last_known_addr { host: "127.58.208.3" port: 42179 } } }
I0902 17:01:11.149449 15073 catalog_manager.cc:2943] Scheduling retry of 46b61b0728c843959c20956feb265265 (table test-table [id=b7f89f9ec9c0479b9fed277cd873ba0e]) Alter Table RPC with a delay of 42 ms (attempt = 0)
W0902 17:01:11.149474 15073 catalog_manager.cc:2962] Async tablet task 46b61b0728c843959c20956feb265265 (table test-table [id=b7f89f9ec9c0479b9fed277cd873ba0e]) Alter Table RPC failed: Not found: Failed to reset TS proxy: No leader found: Tablet 46b61b0728c843959c20956feb265265 consensus state has no leader
I0902 17:01:11.152989 15331 raft_consensus.cc:964] T 243e1fb719714819a98f920eb125bbf0 P 475a466ec8b44f39bbf6b23f10ebe15b [term 1 FOLLOWER]: Refusing update from remote peer 81b89e30bd3e45e39b3bd3eca9d5f7c5: Log matching property violated. Preceding OpId in replica: term: 0 index: 0. Preceding OpId from leader: term: 1 index: 2. (index mismatch)
I0902 17:01:11.152988 15208 raft_consensus.cc:964] T 243e1fb719714819a98f920eb125bbf0 P d28f0f3b8d0e429484dbeeb2d41b7d50 [term 1 FOLLOWER]: Refusing update from remote peer 81b89e30bd3e45e39b3bd3eca9d5f7c5: Log matching property violated. Preceding OpId in replica: term: 0 index: 0. Preceding OpId from leader: term: 1 index: 2. (index mismatch)
I0902 17:01:11.153345 15531 consensus_queue.cc:741] T 243e1fb719714819a98f920eb125bbf0 P 81b89e30bd3e45e39b3bd3eca9d5f7c5 [LEADER]: Connected to new peer: Peer: d28f0f3b8d0e429484dbeeb2d41b7d50, Is new: false, Last received: 0.0, Next index: 1, Last known committed idx: 0, Last exchange result: ERROR, Needs tablet copy: false
I0902 17:01:11.153381 15535 consensus_queue.cc:741] T 243e1fb719714819a98f920eb125bbf0 P 81b89e30bd3e45e39b3bd3eca9d5f7c5 [LEADER]: Connected to new peer: Peer: 475a466ec8b44f39bbf6b23f10ebe15b, Is new: false, Last received: 0.0, Next index: 1, Last known committed idx: 0, Last exchange result: ERROR, Needs tablet copy: false
I0902 17:01:11.165489 15087 catalog_manager.cc:2462] TS 475a466ec8b44f39bbf6b23f10ebe15b (127.58.208.2:43231) does not have the latest schema for tablet 243e1fb719714819a98f920eb125bbf0 (table test-table [id=b7f89f9ec9c0479b9fed277cd873ba0e]). Expected version 3 got 0
I0902 17:01:11.165889 15530 tablet.cc:1115] T 243e1fb719714819a98f920eb125bbf0 P 81b89e30bd3e45e39b3bd3eca9d5f7c5: Alter schema from Schema [ 10:key[int32 NOT NULL] ] version 0 to Schema [ 10:key[int32 NOT NULL] ] version 3
I0902 17:01:11.166019 15088 catalog_manager.cc:2462] TS d28f0f3b8d0e429484dbeeb2d41b7d50 (127.58.208.1:59914) does not have the latest schema for tablet 243e1fb719714819a98f920eb125bbf0 (table test-table [id=b7f89f9ec9c0479b9fed277cd873ba0e]). Expected version 3 got 0
I0902 17:01:11.166707 15533 tablet.cc:1115] T 243e1fb719714819a98f920eb125bbf0 P d28f0f3b8d0e429484dbeeb2d41b7d50: Alter schema from Schema [ 10:key[int32 NOT NULL] ] version 0 to Schema [ 10:key[int32 NOT NULL] ] version 3
I0902 17:01:11.167845 15088 catalog_manager.cc:2462] TS d28f0f3b8d0e429484dbeeb2d41b7d50 (127.58.208.1:59914) does not have the latest schema for tablet 243e1fb719714819a98f920eb125bbf0 (table test-table [id=b7f89f9ec9c0479b9fed277cd873ba0e]). Expected version 3 got 0
I0902 17:01:11.168262 15088 catalog_manager.cc:2462] TS 475a466ec8b44f39bbf6b23f10ebe15b (127.58.208.2:43231) does not have the latest schema for tablet 243e1fb719714819a98f920eb125bbf0 (table test-table [id=b7f89f9ec9c0479b9fed277cd873ba0e]). Expected version 3 got 0
I0902 17:01:11.168689 15532 tablet.cc:1115] T 243e1fb719714819a98f920eb125bbf0 P 475a466ec8b44f39bbf6b23f10ebe15b: Alter schema from Schema [ 10:key[int32 NOT NULL] ] version 0 to Schema [ 10:key[int32 NOT NULL] ] version 3
I0902 17:01:11.170195 15530 tablet.cc:1110] T 243e1fb719714819a98f920eb125bbf0 P 81b89e30bd3e45e39b3bd3eca9d5f7c5: Already running schema version 3 got alter request for version 3
I0902 17:01:11.171900 15532 tablet.cc:1110] T 243e1fb719714819a98f920eb125bbf0 P 475a466ec8b44f39bbf6b23f10ebe15b: Already running schema version 3 got alter request for version 3
I0902 17:01:11.172159 15530 tablet.cc:1110] T 243e1fb719714819a98f920eb125bbf0 P 81b89e30bd3e45e39b3bd3eca9d5f7c5: Already running schema version 3 got alter request for version 3
I0902 17:01:11.172888 15071 catalog_manager.cc:2943] Scheduling retry of 46b61b0728c843959c20956feb265265 (table test-table [id=b7f89f9ec9c0479b9fed277cd873ba0e]) Alter Table RPC with a delay of 15 ms (attempt = 0)
W0902 17:01:11.172916 15071 catalog_manager.cc:2962] Async tablet task 46b61b0728c843959c20956feb265265 (table test-table [id=b7f89f9ec9c0479b9fed277cd873ba0e]) Alter Table RPC failed: Not found: Failed to reset TS proxy: No leader found: Tablet 46b61b0728c843959c20956feb265265 consensus state has no leader
I0902 17:01:11.173028 15533 tablet.cc:1110] T 243e1fb719714819a98f920eb125bbf0 P d28f0f3b8d0e429484dbeeb2d41b7d50: Already running schema version 3 got alter request for version 3
I0902 17:01:11.173599 15532 tablet.cc:1110] T 243e1fb719714819a98f920eb125bbf0 P 475a466ec8b44f39bbf6b23f10ebe15b: Already running schema version 3 got alter request for version 3
I0902 17:01:11.174664 15530 tablet.cc:1110] T 243e1fb719714819a98f920eb125bbf0 P 81b89e30bd3e45e39b3bd3eca9d5f7c5: Already running schema version 3 got alter request for version 3
I0902 17:01:11.175367 15532 tablet.cc:1110] T 243e1fb719714819a98f920eb125bbf0 P 475a466ec8b44f39bbf6b23f10ebe15b: Already running schema version 3 got alter request for version 3
I0902 17:01:11.175815 15533 tablet.cc:1110] T 243e1fb719714819a98f920eb125bbf0 P d28f0f3b8d0e429484dbeeb2d41b7d50: Already running schema version 3 got alter request for version 3
I0902 17:01:11.176076 15533 tablet.cc:1110] T 243e1fb719714819a98f920eb125bbf0 P d28f0f3b8d0e429484dbeeb2d41b7d50: Already running schema version 3 got alter request for version 3
I0902 17:01:11.182068 15071 catalog_manager.cc:2943] Scheduling retry of 46b61b0728c843959c20956feb265265 (table test-table [id=b7f89f9ec9c0479b9fed277cd873ba0e]) Alter Table RPC with a delay of 18 ms (attempt = 0)
W0902 17:01:11.182093 15071 catalog_manager.cc:2962] Async tablet task 46b61b0728c843959c20956feb265265 (table test-table [id=b7f89f9ec9c0479b9fed277cd873ba0e]) Alter Table RPC failed: Not found: Failed to reset TS proxy: No leader found: Tablet 46b61b0728c843959c20956feb265265 consensus state has no leader
I0902 17:01:11.186262 15071 catalog_manager.cc:2943] Scheduling retry of 46b61b0728c843959c20956feb265265 (table test-table [id=b7f89f9ec9c0479b9fed277cd873ba0e]) Alter Table RPC with a delay of 42 ms (attempt = 0)
W0902 17:01:11.186280 15071 catalog_manager.cc:2962] Async tablet task 46b61b0728c843959c20956feb265265 (table test-table [id=b7f89f9ec9c0479b9fed277cd873ba0e]) Alter Table RPC failed: Not found: Failed to reset TS proxy: No leader found: Tablet 46b61b0728c843959c20956feb265265 consensus state has no leader
I0902 17:01:11.188518 15071 catalog_manager.cc:2943] Scheduling retry of 46b61b0728c843959c20956feb265265 (table test-table [id=b7f89f9ec9c0479b9fed277cd873ba0e]) Alter Table RPC with a delay of 27 ms (attempt = 0)
W0902 17:01:11.188536 15071 catalog_manager.cc:2962] Async tablet task 46b61b0728c843959c20956feb265265 (table test-table [id=b7f89f9ec9c0479b9fed277cd873ba0e]) Alter Table RPC failed: Not found: Failed to reset TS proxy: No leader found: Tablet 46b61b0728c843959c20956feb265265 consensus state has no leader
I0902 17:01:11.191766 15073 catalog_manager.cc:2943] Scheduling retry of 46b61b0728c843959c20956feb265265 (table test-table [id=b7f89f9ec9c0479b9fed277cd873ba0e]) Alter Table RPC with a delay of 54 ms (attempt = 0)
W0902 17:01:11.191793 15073 catalog_manager.cc:2962] Async tablet task 46b61b0728c843959c20956feb265265 (table test-table [id=b7f89f9ec9c0479b9fed277cd873ba0e]) Alter Table RPC failed: Not found: Failed to reset TS proxy: No leader found: Tablet 46b61b0728c843959c20956feb265265 consensus state has no leader
I0902 17:01:11.200727 15071 catalog_manager.cc:2943] Scheduling retry of 46b61b0728c843959c20956feb265265 (table test-table [id=b7f89f9ec9c0479b9fed277cd873ba0e]) Alter Table RPC with a delay of 23 ms (attempt = 0)
W0902 17:01:11.200750 15071 catalog_manager.cc:2962] Async tablet task 46b61b0728c843959c20956feb265265 (table test-table [id=b7f89f9ec9c0479b9fed277cd873ba0e]) Alter Table RPC failed: Not found: Failed to reset TS proxy: No leader found: Tablet 46b61b0728c843959c20956feb265265 consensus state has no leader
I0902 17:01:11.215945 15071 catalog_manager.cc:2943] Scheduling retry of 46b61b0728c843959c20956feb265265 (table test-table [id=b7f89f9ec9c0479b9fed277cd873ba0e]) Alter Table RPC with a delay of 42 ms (attempt = 0)
W0902 17:01:11.215975 15071 catalog_manager.cc:2962] Async tablet task 46b61b0728c843959c20956feb265265 (table test-table [id=b7f89f9ec9c0479b9fed277cd873ba0e]) Alter Table RPC failed: Not found: Failed to reset TS proxy: No leader found: Tablet 46b61b0728c843959c20956feb265265 consensus state has no leader
I0902 17:01:11.224171 15071 catalog_manager.cc:2943] Scheduling retry of 46b61b0728c843959c20956feb265265 (table test-table [id=b7f89f9ec9c0479b9fed277cd873ba0e]) Alter Table RPC with a delay of 54 ms (attempt = 0)
W0902 17:01:11.224200 15071 catalog_manager.cc:2962] Async tablet task 46b61b0728c843959c20956feb265265 (table test-table [id=b7f89f9ec9c0479b9fed277cd873ba0e]) Alter Table RPC failed: Not found: Failed to reset TS proxy: No leader found: Tablet 46b61b0728c843959c20956feb265265 consensus state has no leader
I0902 17:01:11.226081 15517 raft_consensus.cc:412] T 46b61b0728c843959c20956feb265265 P d28f0f3b8d0e429484dbeeb2d41b7d50 [term 0 FOLLOWER]: Starting pre-election (no leader contacted us within the election timeout)
I0902 17:01:11.226124 15517 raft_consensus.cc:2456] T 46b61b0728c843959c20956feb265265 P d28f0f3b8d0e429484dbeeb2d41b7d50: Snoozing failure detection for 1.877s (starting election)
I0902 17:01:11.226203 15517 raft_consensus.cc:434] T 46b61b0728c843959c20956feb265265 P d28f0f3b8d0e429484dbeeb2d41b7d50 [term 0 FOLLOWER]: Starting pre-election with config: opid_index: -1 OBSOLETE_local: false peers { permanent_uuid: "d28f0f3b8d0e429484dbeeb2d41b7d50" member_type: VOTER last_known_addr { host: "127.58.208.1" port: 59914 } } peers { permanent_uuid: "475a466ec8b44f39bbf6b23f10ebe15b" member_type: VOTER last_known_addr { host: "127.58.208.2" port: 43231 } } peers { permanent_uuid: "81b89e30bd3e45e39b3bd3eca9d5f7c5" member_type: VOTER last_known_addr { host: "127.58.208.3" port: 42179 } }
I0902 17:01:11.226907 15517 leader_election.cc:221] T 46b61b0728c843959c20956feb265265 P d28f0f3b8d0e429484dbeeb2d41b7d50 [CANDIDATE]: Term 1 pre-election: Requesting pre-vote from peer 475a466ec8b44f39bbf6b23f10ebe15b
I0902 17:01:11.227087 15517 leader_election.cc:221] T 46b61b0728c843959c20956feb265265 P d28f0f3b8d0e429484dbeeb2d41b7d50 [CANDIDATE]: Term 1 pre-election: Requesting pre-vote from peer 81b89e30bd3e45e39b3bd3eca9d5f7c5
I0902 17:01:11.228343 15071 catalog_manager.cc:2943] Scheduling retry of 46b61b0728c843959c20956feb265265 (table test-table [id=b7f89f9ec9c0479b9fed277cd873ba0e]) Alter Table RPC with a delay of 32 ms (attempt = 0)
W0902 17:01:11.228373 15071 catalog_manager.cc:2962] Async tablet task 46b61b0728c843959c20956feb265265 (table test-table [id=b7f89f9ec9c0479b9fed277cd873ba0e]) Alter Table RPC failed: Not found: Failed to reset TS proxy: No leader found: Tablet 46b61b0728c843959c20956feb265265 consensus state has no leader
I0902 17:01:11.230764 15331 tablet_service.cc:1002] Received RequestConsensusVote() RPC: tablet_id: "46b61b0728c843959c20956feb265265" candidate_uuid: "d28f0f3b8d0e429484dbeeb2d41b7d50" candidate_term: 1 candidate_status { last_received { term: 0 index: 0 } } ignore_live_leader: false dest_uuid: "475a466ec8b44f39bbf6b23f10ebe15b" is_pre_election: true
I0902 17:01:11.230832 15331 raft_consensus.cc:2456] T 46b61b0728c843959c20956feb265265 P 475a466ec8b44f39bbf6b23f10ebe15b: Snoozing failure detection for 1.619s (vote granted)
I0902 17:01:11.230872 15331 raft_consensus.cc:2010] T 46b61b0728c843959c20956feb265265 P 475a466ec8b44f39bbf6b23f10ebe15b [term 0 FOLLOWER]: Leader pre-election vote request: Granting yes vote for candidate d28f0f3b8d0e429484dbeeb2d41b7d50 in term 0.
I0902 17:01:11.231194 15142 leader_election.cc:353] T 46b61b0728c843959c20956feb265265 P d28f0f3b8d0e429484dbeeb2d41b7d50 [CANDIDATE]: Term 1 pre-election: Vote granted by peer 475a466ec8b44f39bbf6b23f10ebe15b
I0902 17:01:11.231238 15142 leader_election.cc:248] T 46b61b0728c843959c20956feb265265 P d28f0f3b8d0e429484dbeeb2d41b7d50 [CANDIDATE]: Term 1 pre-election: Election decided. Result: candidate won.
I0902 17:01:11.231461 15517 raft_consensus.cc:2456] T 46b61b0728c843959c20956feb265265 P d28f0f3b8d0e429484dbeeb2d41b7d50: Snoozing failure detection for 1.764s (election complete)
I0902 17:01:11.231503 15517 raft_consensus.cc:2280] T 46b61b0728c843959c20956feb265265 P d28f0f3b8d0e429484dbeeb2d41b7d50 [term 0 FOLLOWER]: Leader pre-election won for term 1
I0902 17:01:11.231523 15517 raft_consensus.cc:412] T 46b61b0728c843959c20956feb265265 P d28f0f3b8d0e429484dbeeb2d41b7d50 [term 0 FOLLOWER]: Starting leader election (no leader contacted us within the election timeout)
