I0902 17:01:16.131536 15840 maintenance_manager.cc:228] P 475a466ec8b44f39bbf6b23f10ebe15b: Unregistered op MajorDeltaCompactionOp(b0339c8008884bd0aeca173a9c53f5c4)
I0902 17:01:16.131541 15671 maintenance_manager.cc:228] P d28f0f3b8d0e429484dbeeb2d41b7d50: Unregistered op FlushDeltaMemStoresOp(b0339c8008884bd0aeca173a9c53f5c4)
I0902 17:01:16.131546 15840 maintenance_manager.cc:228] P 475a466ec8b44f39bbf6b23f10ebe15b: Unregistered op UndoDeltaBlockGCOp(b0339c8008884bd0aeca173a9c53f5c4)
I0902 17:01:16.131553 15671 maintenance_manager.cc:228] P d28f0f3b8d0e429484dbeeb2d41b7d50: Unregistered op LogGCOp(b0339c8008884bd0aeca173a9c53f5c4)
I0902 17:01:16.131573 15840 maintenance_manager.cc:228] P 475a466ec8b44f39bbf6b23f10ebe15b: Unregistered op FlushMRSOp(b0339c8008884bd0aeca173a9c53f5c4)
I0902 17:01:16.131583 15840 maintenance_manager.cc:228] P 475a466ec8b44f39bbf6b23f10ebe15b: Unregistered op FlushDeltaMemStoresOp(b0339c8008884bd0aeca173a9c53f5c4)
I0902 17:01:16.131585 15671 raft_consensus.cc:1807] T b0339c8008884bd0aeca173a9c53f5c4 P d28f0f3b8d0e429484dbeeb2d41b7d50 [term 1 LEADER]: Raft consensus shutting down.
I0902 17:01:16.131590 15840 maintenance_manager.cc:228] P 475a466ec8b44f39bbf6b23f10ebe15b: Unregistered op LogGCOp(b0339c8008884bd0aeca173a9c53f5c4)
I0902 17:01:16.131613 15671 consensus_peers.cc:433] T b0339c8008884bd0aeca173a9c53f5c4 P d28f0f3b8d0e429484dbeeb2d41b7d50 -> Peer 81b89e30bd3e45e39b3bd3eca9d5f7c5 (127.58.208.3:42179): Closing peer: 81b89e30bd3e45e39b3bd3eca9d5f7c5
I0902 17:01:16.131616 15840 raft_consensus.cc:1807] T b0339c8008884bd0aeca173a9c53f5c4 P 475a466ec8b44f39bbf6b23f10ebe15b [term 1 FOLLOWER]: Raft consensus shutting down.
I0902 17:01:16.131661 15671 consensus_peers.cc:433] T b0339c8008884bd0aeca173a9c53f5c4 P d28f0f3b8d0e429484dbeeb2d41b7d50 -> Peer 475a466ec8b44f39bbf6b23f10ebe15b (127.58.208.2:43231): Closing peer: 475a466ec8b44f39bbf6b23f10ebe15b
I0902 17:01:16.131794 15840 raft_consensus.cc:1834] T b0339c8008884bd0aeca173a9c53f5c4 P 475a466ec8b44f39bbf6b23f10ebe15b [term 1 FOLLOWER]: Raft consensus is shut down!
I0902 17:01:16.131893 15671 raft_consensus.cc:1834] T b0339c8008884bd0aeca173a9c53f5c4 P d28f0f3b8d0e429484dbeeb2d41b7d50 [term 1 FOLLOWER]: Raft consensus is shut down!
I0902 17:01:16.131940 15087 catalog_manager.cc:3165] Sending DeleteTablet(TABLET_DATA_DELETED) for tablet b0339c8008884bd0aeca173a9c53f5c4 on 81b89e30bd3e45e39b3bd3eca9d5f7c5 (127.58.208.3:42179) (Partition dropped at 2017-09-02 17:01:16 UTC)
I0902 17:01:16.132158 15087 catalog_manager.cc:3508] T 00000000000000000000000000000000 P b004b3046b584f37925df45eda899ff0: Sending DeleteTablet for 3 replicas of tablet 9f366aa97726498baf85962d42d8adc1
I0902 17:01:16.132238 15087 catalog_manager.cc:3165] Sending DeleteTablet(TABLET_DATA_DELETED) for tablet 9f366aa97726498baf85962d42d8adc1 on d28f0f3b8d0e429484dbeeb2d41b7d50 (127.58.208.1:59914) (Partition dropped at 2017-09-02 17:01:16 UTC)
I0902 17:01:16.132349 15087 catalog_manager.cc:3165] Sending DeleteTablet(TABLET_DATA_DELETED) for tablet 9f366aa97726498baf85962d42d8adc1 on 475a466ec8b44f39bbf6b23f10ebe15b (127.58.208.2:43231) (Partition dropped at 2017-09-02 17:01:16 UTC)
I0902 17:01:16.132707 15841 tablet_service.cc:805] Processing DeleteTablet for tablet 9f366aa97726498baf85962d42d8adc1 with delete_type TABLET_DATA_DELETED (Partition dropped at 2017-09-02 17:01:16 UTC) from {username='slave'} at 127.0.0.1:34824
I0902 17:01:16.132746 15841 tablet_replica.cc:251] T 9f366aa97726498baf85962d42d8adc1 P 475a466ec8b44f39bbf6b23f10ebe15b: stopping tablet replica
I0902 17:01:16.132771 15841 maintenance_manager.cc:228] P 475a466ec8b44f39bbf6b23f10ebe15b: Unregistered op CompactRowSetsOp(9f366aa97726498baf85962d42d8adc1)
I0902 17:01:16.132783 15841 maintenance_manager.cc:228] P 475a466ec8b44f39bbf6b23f10ebe15b: Unregistered op MinorDeltaCompactionOp(9f366aa97726498baf85962d42d8adc1)
I0902 17:01:16.132794 15841 maintenance_manager.cc:228] P 475a466ec8b44f39bbf6b23f10ebe15b: Unregistered op MajorDeltaCompactionOp(9f366aa97726498baf85962d42d8adc1)
I0902 17:01:16.132802 15841 maintenance_manager.cc:228] P 475a466ec8b44f39bbf6b23f10ebe15b: Unregistered op UndoDeltaBlockGCOp(9f366aa97726498baf85962d42d8adc1)
I0902 17:01:16.132817 15841 maintenance_manager.cc:228] P 475a466ec8b44f39bbf6b23f10ebe15b: Unregistered op FlushMRSOp(9f366aa97726498baf85962d42d8adc1)
I0902 17:01:16.132824 15841 maintenance_manager.cc:228] P 475a466ec8b44f39bbf6b23f10ebe15b: Unregistered op FlushDeltaMemStoresOp(9f366aa97726498baf85962d42d8adc1)
I0902 17:01:16.132832 15841 maintenance_manager.cc:228] P 475a466ec8b44f39bbf6b23f10ebe15b: Unregistered op LogGCOp(9f366aa97726498baf85962d42d8adc1)
I0902 17:01:16.132848 15841 raft_consensus.cc:1807] T 9f366aa97726498baf85962d42d8adc1 P 475a466ec8b44f39bbf6b23f10ebe15b [term 2 FOLLOWER]: Raft consensus shutting down.
I0902 17:01:16.132897 15841 raft_consensus.cc:1834] T 9f366aa97726498baf85962d42d8adc1 P 475a466ec8b44f39bbf6b23f10ebe15b [term 2 FOLLOWER]: Raft consensus is shut down!
I0902 17:01:16.133009 15087 catalog_manager.cc:3165] Sending DeleteTablet(TABLET_DATA_DELETED) for tablet 9f366aa97726498baf85962d42d8adc1 on 81b89e30bd3e45e39b3bd3eca9d5f7c5 (127.58.208.3:42179) (Partition dropped at 2017-09-02 17:01:16 UTC)
I0902 17:01:16.133853 15672 tablet_service.cc:805] Processing DeleteTablet for tablet 9f366aa97726498baf85962d42d8adc1 with delete_type TABLET_DATA_DELETED (Partition dropped at 2017-09-02 17:01:16 UTC) from {username='slave'} at 127.0.0.1:34303
I0902 17:01:16.133898 15672 tablet_replica.cc:251] T 9f366aa97726498baf85962d42d8adc1 P d28f0f3b8d0e429484dbeeb2d41b7d50: stopping tablet replica
I0902 17:01:16.133920 15672 maintenance_manager.cc:228] P d28f0f3b8d0e429484dbeeb2d41b7d50: Unregistered op CompactRowSetsOp(9f366aa97726498baf85962d42d8adc1)
I0902 17:01:16.133932 15672 maintenance_manager.cc:228] P d28f0f3b8d0e429484dbeeb2d41b7d50: Unregistered op MinorDeltaCompactionOp(9f366aa97726498baf85962d42d8adc1)
I0902 17:01:16.133941 15672 maintenance_manager.cc:228] P d28f0f3b8d0e429484dbeeb2d41b7d50: Unregistered op MajorDeltaCompactionOp(9f366aa97726498baf85962d42d8adc1)
I0902 17:01:16.133951 15672 maintenance_manager.cc:228] P d28f0f3b8d0e429484dbeeb2d41b7d50: Unregistered op UndoDeltaBlockGCOp(9f366aa97726498baf85962d42d8adc1)
I0902 17:01:16.133968 15672 maintenance_manager.cc:228] P d28f0f3b8d0e429484dbeeb2d41b7d50: Unregistered op FlushMRSOp(9f366aa97726498baf85962d42d8adc1)
I0902 17:01:16.133976 15672 maintenance_manager.cc:228] P d28f0f3b8d0e429484dbeeb2d41b7d50: Unregistered op FlushDeltaMemStoresOp(9f366aa97726498baf85962d42d8adc1)
I0902 17:01:16.133985 15672 maintenance_manager.cc:228] P d28f0f3b8d0e429484dbeeb2d41b7d50: Unregistered op LogGCOp(9f366aa97726498baf85962d42d8adc1)
I0902 17:01:16.134003 15672 raft_consensus.cc:1807] T 9f366aa97726498baf85962d42d8adc1 P d28f0f3b8d0e429484dbeeb2d41b7d50 [term 2 FOLLOWER]: Raft consensus shutting down.
I0902 17:01:16.134055 15672 raft_consensus.cc:1834] T 9f366aa97726498baf85962d42d8adc1 P d28f0f3b8d0e429484dbeeb2d41b7d50 [term 2 FOLLOWER]: Raft consensus is shut down!
I0902 17:01:16.135272 15431 tablet_service.cc:805] Processing DeleteTablet for tablet 9f366aa97726498baf85962d42d8adc1 with delete_type TABLET_DATA_DELETED (Partition dropped at 2017-09-02 17:01:16 UTC) from {username='slave'} at 127.0.0.1:44274
I0902 17:01:16.135324 15431 tablet_replica.cc:251] T 9f366aa97726498baf85962d42d8adc1 P 81b89e30bd3e45e39b3bd3eca9d5f7c5: stopping tablet replica
I0902 17:01:16.135349 15431 maintenance_manager.cc:228] P 81b89e30bd3e45e39b3bd3eca9d5f7c5: Unregistered op CompactRowSetsOp(9f366aa97726498baf85962d42d8adc1)
I0902 17:01:16.135363 15431 maintenance_manager.cc:228] P 81b89e30bd3e45e39b3bd3eca9d5f7c5: Unregistered op MinorDeltaCompactionOp(9f366aa97726498baf85962d42d8adc1)
I0902 17:01:16.135372 15431 maintenance_manager.cc:228] P 81b89e30bd3e45e39b3bd3eca9d5f7c5: Unregistered op MajorDeltaCompactionOp(9f366aa97726498baf85962d42d8adc1)
I0902 17:01:16.135381 15431 maintenance_manager.cc:228] P 81b89e30bd3e45e39b3bd3eca9d5f7c5: Unregistered op UndoDeltaBlockGCOp(9f366aa97726498baf85962d42d8adc1)
I0902 17:01:16.135397 15431 maintenance_manager.cc:228] P 81b89e30bd3e45e39b3bd3eca9d5f7c5: Unregistered op FlushMRSOp(9f366aa97726498baf85962d42d8adc1)
I0902 17:01:16.135406 15431 maintenance_manager.cc:228] P 81b89e30bd3e45e39b3bd3eca9d5f7c5: Unregistered op FlushDeltaMemStoresOp(9f366aa97726498baf85962d42d8adc1)
I0902 17:01:16.135413 15431 maintenance_manager.cc:228] P 81b89e30bd3e45e39b3bd3eca9d5f7c5: Unregistered op LogGCOp(9f366aa97726498baf85962d42d8adc1)
I0902 17:01:16.135432 15431 raft_consensus.cc:1807] T 9f366aa97726498baf85962d42d8adc1 P 81b89e30bd3e45e39b3bd3eca9d5f7c5 [term 2 LEADER]: Raft consensus shutting down.
I0902 17:01:16.135442 15431 consensus_peers.cc:433] T 9f366aa97726498baf85962d42d8adc1 P 81b89e30bd3e45e39b3bd3eca9d5f7c5 -> Peer 475a466ec8b44f39bbf6b23f10ebe15b (127.58.208.2:43231): Closing peer: 475a466ec8b44f39bbf6b23f10ebe15b
I0902 17:01:16.135455 15431 consensus_peers.cc:433] T 9f366aa97726498baf85962d42d8adc1 P 81b89e30bd3e45e39b3bd3eca9d5f7c5 -> Peer d28f0f3b8d0e429484dbeeb2d41b7d50 (127.58.208.1:59914): Closing peer: d28f0f3b8d0e429484dbeeb2d41b7d50
I0902 17:01:16.135547 15431 raft_consensus.cc:1834] T 9f366aa97726498baf85962d42d8adc1 P 81b89e30bd3e45e39b3bd3eca9d5f7c5 [term 2 FOLLOWER]: Raft consensus is shut down!
I0902 17:01:16.135675 15933 tablet.cc:1115] T eab66cb8a35a4399936ca49988b0131d P 81b89e30bd3e45e39b3bd3eca9d5f7c5: Alter schema from Schema [ 10:key[int32 NOT NULL], 13:c44[int32 NOT NULL], 16:c314[int32 NOT NULL] ] version 5 to Schema [ 10:key[int32 NOT NULL] ] version 6
I0902 17:01:16.135944 15933 tablet.cc:1067] T eab66cb8a35a4399936ca49988b0131d P 81b89e30bd3e45e39b3bd3eca9d5f7c5: Flush: entering stage 1 (old memrowset already frozen for inserts)
I0902 17:01:16.135954 15933 compaction.cc:902] Selected 1 rowsets to compact:
I0902 17:01:16.135958 15933 compaction.cc:905] memrowset(current size on disk: ~0 bytes)
I0902 17:01:16.135965 15933 tablet.cc:1069] T eab66cb8a35a4399936ca49988b0131d P 81b89e30bd3e45e39b3bd3eca9d5f7c5: Memstore in-memory size: 763 bytes
I0902 17:01:16.135980 15933 tablet.cc:1332] T eab66cb8a35a4399936ca49988b0131d P 81b89e30bd3e45e39b3bd3eca9d5f7c5: Flush: entering phase 1 (flushing snapshot). Phase 1 snapshot: MvccSnapshot[committed={T|T < 6161906385417551872}]
I0902 17:01:16.136430 15933 multi_column_writer.cc:103] Opened CFile writers for 1 column(s)
I0902 17:01:16.139307 15670 tablet_service.cc:764] Processing CreateTablet for tablet d17c225b8be34efaa82a81133efd1698 (table=test-table [id=b7f89f9ec9c0479b9fed277cd873ba0e]), partition=RANGE (key) PARTITION 1073741808 <= VALUES < 1140850671
I0902 17:01:16.141036 15670 ts_tablet_manager.cc:943] T d17c225b8be34efaa82a81133efd1698 P d28f0f3b8d0e429484dbeeb2d41b7d50: Registered tablet (data state: TABLET_DATA_READY)
I0902 17:01:16.141363 15668 tablet_service.cc:764] Processing CreateTablet for tablet f6d6c8ad397848d1a55cbbc8353d8c9d (table=test-table [id=b7f89f9ec9c0479b9fed277cd873ba0e]), partition=RANGE (key) PARTITION 1409286123 <= VALUES < 1476394986
I0902 17:01:16.142362 15954 ts_tablet_manager.cc:793] T d17c225b8be34efaa82a81133efd1698 P d28f0f3b8d0e429484dbeeb2d41b7d50: Bootstrapping tablet
I0902 17:01:16.142429 15954 tablet_bootstrap.cc:433] T d17c225b8be34efaa82a81133efd1698 P d28f0f3b8d0e429484dbeeb2d41b7d50: Bootstrap starting.
I0902 17:01:16.143158 15431 ts_tablet_manager.cc:1097] T 9f366aa97726498baf85962d42d8adc1 P 81b89e30bd3e45e39b3bd3eca9d5f7c5: Deleting tablet data with delete state TABLET_DATA_DELETED
I0902 17:01:16.145647 15431 ts_tablet_manager.cc:1110] T 9f366aa97726498baf85962d42d8adc1 P 81b89e30bd3e45e39b3bd3eca9d5f7c5: tablet deleted: last-logged OpId: 2.36
I0902 17:01:16.145681 15431 log.cc:960] T 9f366aa97726498baf85962d42d8adc1 P 81b89e30bd3e45e39b3bd3eca9d5f7c5: Deleting WAL directory at /tmp/run_tha_testdnoRja/test-tmp/alter_table-randomized-test.AlterTableRandomized.TestRandomSequence.1504371669910680-15056/minicluster-data/ts-2/wal/wals/9f366aa97726498baf85962d42d8adc1
I0902 17:01:16.145908 15431 ts_tablet_manager.cc:1128] T 9f366aa97726498baf85962d42d8adc1 P 81b89e30bd3e45e39b3bd3eca9d5f7c5: Deleting consensus metadata
I0902 17:01:16.146088 15433 tablet_service.cc:805] Processing DeleteTablet for tablet b0339c8008884bd0aeca173a9c53f5c4 with delete_type TABLET_DATA_DELETED (Partition dropped at 2017-09-02 17:01:16 UTC) from {username='slave'} at 127.0.0.1:44274
I0902 17:01:16.146131 15433 tablet_replica.cc:251] T b0339c8008884bd0aeca173a9c53f5c4 P 81b89e30bd3e45e39b3bd3eca9d5f7c5: stopping tablet replica
I0902 17:01:16.146157 15433 maintenance_manager.cc:228] P 81b89e30bd3e45e39b3bd3eca9d5f7c5: Unregistered op CompactRowSetsOp(b0339c8008884bd0aeca173a9c53f5c4)
I0902 17:01:16.146168 15433 maintenance_manager.cc:228] P 81b89e30bd3e45e39b3bd3eca9d5f7c5: Unregistered op MinorDeltaCompactionOp(b0339c8008884bd0aeca173a9c53f5c4)
I0902 17:01:16.146176 15433 maintenance_manager.cc:228] P 81b89e30bd3e45e39b3bd3eca9d5f7c5: Unregistered op MajorDeltaCompactionOp(b0339c8008884bd0aeca173a9c53f5c4)
I0902 17:01:16.146184 15433 maintenance_manager.cc:228] P 81b89e30bd3e45e39b3bd3eca9d5f7c5: Unregistered op UndoDeltaBlockGCOp(b0339c8008884bd0aeca173a9c53f5c4)
I0902 17:01:16.146198 15433 maintenance_manager.cc:228] P 81b89e30bd3e45e39b3bd3eca9d5f7c5: Unregistered op FlushMRSOp(b0339c8008884bd0aeca173a9c53f5c4)
I0902 17:01:16.146206 15433 maintenance_manager.cc:228] P 81b89e30bd3e45e39b3bd3eca9d5f7c5: Unregistered op FlushDeltaMemStoresOp(b0339c8008884bd0aeca173a9c53f5c4)
I0902 17:01:16.146214 15433 maintenance_manager.cc:228] P 81b89e30bd3e45e39b3bd3eca9d5f7c5: Unregistered op LogGCOp(b0339c8008884bd0aeca173a9c53f5c4)
I0902 17:01:16.146231 15433 raft_consensus.cc:1807] T b0339c8008884bd0aeca173a9c53f5c4 P 81b89e30bd3e45e39b3bd3eca9d5f7c5 [term 1 FOLLOWER]: Raft consensus shutting down.
I0902 17:01:16.146283 15433 raft_consensus.cc:1834] T b0339c8008884bd0aeca173a9c53f5c4 P 81b89e30bd3e45e39b3bd3eca9d5f7c5 [term 1 FOLLOWER]: Raft consensus is shut down!
I0902 17:01:16.147595 15839 tablet_service.cc:764] Processing CreateTablet for tablet d17c225b8be34efaa82a81133efd1698 (table=test-table [id=b7f89f9ec9c0479b9fed277cd873ba0e]), partition=RANGE (key) PARTITION 1073741808 <= VALUES < 1140850671
I0902 17:01:16.149338 15839 ts_tablet_manager.cc:943] T d17c225b8be34efaa82a81133efd1698 P 475a466ec8b44f39bbf6b23f10ebe15b: Registered tablet (data state: TABLET_DATA_READY)
I0902 17:01:16.149453 15958 ts_tablet_manager.cc:793] T d17c225b8be34efaa82a81133efd1698 P 475a466ec8b44f39bbf6b23f10ebe15b: Bootstrapping tablet
I0902 17:01:16.149540 15958 tablet_bootstrap.cc:433] T d17c225b8be34efaa82a81133efd1698 P 475a466ec8b44f39bbf6b23f10ebe15b: Bootstrap starting.
I0902 17:01:16.149745 15838 tablet_service.cc:764] Processing CreateTablet for tablet f6d6c8ad397848d1a55cbbc8353d8c9d (table=test-table [id=b7f89f9ec9c0479b9fed277cd873ba0e]), partition=RANGE (key) PARTITION 1409286123 <= VALUES < 1476394986
I0902 17:01:16.149828 15071 catalog_manager.cc:2943] Scheduling retry of d17c225b8be34efaa82a81133efd1698 (table test-table [id=b7f89f9ec9c0479b9fed277cd873ba0e]) Alter Table RPC with a delay of 34 ms (attempt = 0)
W0902 17:01:16.149868 15071 catalog_manager.cc:2962] Async tablet task d17c225b8be34efaa82a81133efd1698 (table test-table [id=b7f89f9ec9c0479b9fed277cd873ba0e]) Alter Table RPC failed: Not found: Failed to reset TS proxy: No leader found: Tablet d17c225b8be34efaa82a81133efd1698 consensus state has no leader
I0902 17:01:16.150512 15958 tablet_bootstrap.cc:568] T d17c225b8be34efaa82a81133efd1698 P 475a466ec8b44f39bbf6b23f10ebe15b: No blocks or log segments found. Creating new log.
I0902 17:01:16.151352 15838 ts_tablet_manager.cc:943] T f6d6c8ad397848d1a55cbbc8353d8c9d P 475a466ec8b44f39bbf6b23f10ebe15b: Registered tablet (data state: TABLET_DATA_READY)
I0902 17:01:16.151890 15072 catalog_manager.cc:2943] Scheduling retry of f6d6c8ad397848d1a55cbbc8353d8c9d (table test-table [id=b7f89f9ec9c0479b9fed277cd873ba0e]) Alter Table RPC with a delay of 40 ms (attempt = 0)
W0902 17:01:16.151918 15072 catalog_manager.cc:2962] Async tablet task f6d6c8ad397848d1a55cbbc8353d8c9d (table test-table [id=b7f89f9ec9c0479b9fed277cd873ba0e]) Alter Table RPC failed: Not found: Failed to reset TS proxy: No leader found: Tablet f6d6c8ad397848d1a55cbbc8353d8c9d consensus state has no leader
I0902 17:01:16.152664 15668 ts_tablet_manager.cc:943] T f6d6c8ad397848d1a55cbbc8353d8c9d P d28f0f3b8d0e429484dbeeb2d41b7d50: Registered tablet (data state: TABLET_DATA_READY)
I0902 17:01:16.152995 15433 ts_tablet_manager.cc:1097] T b0339c8008884bd0aeca173a9c53f5c4 P 81b89e30bd3e45e39b3bd3eca9d5f7c5: Deleting tablet data with delete state TABLET_DATA_DELETED
I0902 17:01:16.153481 15954 tablet_bootstrap.cc:568] T d17c225b8be34efaa82a81133efd1698 P d28f0f3b8d0e429484dbeeb2d41b7d50: No blocks or log segments found. Creating new log.
I0902 17:01:16.154887 15961 tablet.cc:1115] T 90bdf07d7cff4418abffb7935260feb8 P d28f0f3b8d0e429484dbeeb2d41b7d50: Alter schema from Schema [ 10:key[int32 NOT NULL], 13:c44[int32 NOT NULL], 16:c314[int32 NOT NULL] ] version 5 to Schema [ 10:key[int32 NOT NULL] ] version 6
I0902 17:01:16.155088 15961 tablet.cc:1058] T 90bdf07d7cff4418abffb7935260feb8 P d28f0f3b8d0e429484dbeeb2d41b7d50: MemRowSet was empty: no flush needed.
I0902 17:01:16.155138 15432 tablet_service.cc:764] Processing CreateTablet for tablet d17c225b8be34efaa82a81133efd1698 (table=test-table [id=b7f89f9ec9c0479b9fed277cd873ba0e]), partition=RANGE (key) PARTITION 1073741808 <= VALUES < 1140850671
I0902 17:01:16.156652 15432 ts_tablet_manager.cc:943] T d17c225b8be34efaa82a81133efd1698 P 81b89e30bd3e45e39b3bd3eca9d5f7c5: Registered tablet (data state: TABLET_DATA_READY)
I0902 17:01:16.156877 15950 ts_tablet_manager.cc:793] T d17c225b8be34efaa82a81133efd1698 P 81b89e30bd3e45e39b3bd3eca9d5f7c5: Bootstrapping tablet
I0902 17:01:16.156940 15950 tablet_bootstrap.cc:433] T d17c225b8be34efaa82a81133efd1698 P 81b89e30bd3e45e39b3bd3eca9d5f7c5: Bootstrap starting.
I0902 17:01:16.156980 15949 tablet.cc:1115] T 90bdf07d7cff4418abffb7935260feb8 P 81b89e30bd3e45e39b3bd3eca9d5f7c5: Alter schema from Schema [ 10:key[int32 NOT NULL], 13:c44[int32 NOT NULL], 16:c314[int32 NOT NULL] ] version 5 to Schema [ 10:key[int32 NOT NULL] ] version 6
I0902 17:01:16.157143 15949 tablet.cc:1058] T 90bdf07d7cff4418abffb7935260feb8 P 81b89e30bd3e45e39b3bd3eca9d5f7c5: MemRowSet was empty: no flush needed.
I0902 17:01:16.157557 15950 tablet_bootstrap.cc:568] T d17c225b8be34efaa82a81133efd1698 P 81b89e30bd3e45e39b3bd3eca9d5f7c5: No blocks or log segments found. Creating new log.
I0902 17:01:16.155138 15430 tablet_service.cc:764] Processing CreateTablet for tablet f6d6c8ad397848d1a55cbbc8353d8c9d (table=test-table [id=b7f89f9ec9c0479b9fed277cd873ba0e]), partition=RANGE (key) PARTITION 1409286123 <= VALUES < 1476394986
I0902 17:01:16.158449 15933 tablet.cc:1417] T eab66cb8a35a4399936ca49988b0131d P 81b89e30bd3e45e39b3bd3eca9d5f7c5: Flush: entering phase 2 (starting to duplicate updates in new rowsets)
I0902 17:01:16.158574 15933 tablet.cc:1472] T eab66cb8a35a4399936ca49988b0131d P 81b89e30bd3e45e39b3bd3eca9d5f7c5: Flush Phase 2: carrying over any updates which arrived during Phase 1
I0902 17:01:16.158591 15933 tablet.cc:1474] T eab66cb8a35a4399936ca49988b0131d P 81b89e30bd3e45e39b3bd3eca9d5f7c5: Phase 2 snapshot: MvccSnapshot[committed={T|T < 6161906385417551872}]
I0902 17:01:16.159029 15671 ts_tablet_manager.cc:1097] T b0339c8008884bd0aeca173a9c53f5c4 P d28f0f3b8d0e429484dbeeb2d41b7d50: Deleting tablet data with delete state TABLET_DATA_DELETED
I0902 17:01:16.159281 15430 ts_tablet_manager.cc:943] T f6d6c8ad397848d1a55cbbc8353d8c9d P 81b89e30bd3e45e39b3bd3eca9d5f7c5: Registered tablet (data state: TABLET_DATA_READY)
I0902 17:01:16.159809 15933 tablet.cc:1516] T eab66cb8a35a4399936ca49988b0131d P 81b89e30bd3e45e39b3bd3eca9d5f7c5: Flush successful on 1 rows (4379 bytes)
I0902 17:01:16.160466 15672 ts_tablet_manager.cc:1097] T 9f366aa97726498baf85962d42d8adc1 P d28f0f3b8d0e429484dbeeb2d41b7d50: Deleting tablet data with delete state TABLET_DATA_DELETED
I0902 17:01:16.160904 15072 catalog_manager.cc:3143] TS 81b89e30bd3e45e39b3bd3eca9d5f7c5 (127.58.208.3:42179): tablet 9f366aa97726498baf85962d42d8adc1 (table test-table [id=b7f89f9ec9c0479b9fed277cd873ba0e]) successfully deleted
I0902 17:01:16.162636 15433 ts_tablet_manager.cc:1110] T b0339c8008884bd0aeca173a9c53f5c4 P 81b89e30bd3e45e39b3bd3eca9d5f7c5: tablet deleted: last-logged OpId: 1.10
I0902 17:01:16.162670 15433 log.cc:960] T b0339c8008884bd0aeca173a9c53f5c4 P 81b89e30bd3e45e39b3bd3eca9d5f7c5: Deleting WAL directory at /tmp/run_tha_testdnoRja/test-tmp/alter_table-randomized-test.AlterTableRandomized.TestRandomSequence.1504371669910680-15056/minicluster-data/ts-2/wal/wals/b0339c8008884bd0aeca173a9c53f5c4
I0902 17:01:16.162923 15954 tablet_bootstrap.cc:433] T d17c225b8be34efaa82a81133efd1698 P d28f0f3b8d0e429484dbeeb2d41b7d50: No bootstrap required, opened a new log
I0902 17:01:16.162986 15954 ts_tablet_manager.cc:818] T d17c225b8be34efaa82a81133efd1698 P d28f0f3b8d0e429484dbeeb2d41b7d50: Time spent bootstrapping tablet: real 0.021s user 0.000s sys 0.000s
I0902 17:01:16.163390 15954 raft_consensus.cc:287] T d17c225b8be34efaa82a81133efd1698 P d28f0f3b8d0e429484dbeeb2d41b7d50 [term 0 FOLLOWER]: Replica starting. Triggering 0 pending transactions. Active config: opid_index: -1 OBSOLETE_local: false peers { permanent_uuid: "d28f0f3b8d0e429484dbeeb2d41b7d50" member_type: VOTER last_known_addr { host: "127.58.208.1" port: 59914 } } peers { permanent_uuid: "475a466ec8b44f39bbf6b23f10ebe15b" member_type: VOTER last_known_addr { host: "127.58.208.2" port: 43231 } } peers { permanent_uuid: "81b89e30bd3e45e39b3bd3eca9d5f7c5" member_type: VOTER last_known_addr { host: "127.58.208.3" port: 42179 } }
I0902 17:01:16.163417 15954 raft_consensus.cc:313] T d17c225b8be34efaa82a81133efd1698 P d28f0f3b8d0e429484dbeeb2d41b7d50 [term 0 FOLLOWER]: Consensus starting up: Expiring failure detector timer to make a prompt election more likely
I0902 17:01:16.163460 15954 raft_consensus.cc:576] T d17c225b8be34efaa82a81133efd1698 P d28f0f3b8d0e429484dbeeb2d41b7d50 [term 0 FOLLOWER]: Becoming Follower/Learner. State: Replica: d28f0f3b8d0e429484dbeeb2d41b7d50, State: Initialized, Role: FOLLOWER
I0902 17:01:16.163482 15671 ts_tablet_manager.cc:1110] T b0339c8008884bd0aeca173a9c53f5c4 P d28f0f3b8d0e429484dbeeb2d41b7d50: tablet deleted: last-logged OpId: 1.10
I0902 17:01:16.163494 15954 consensus_queue.cc:190] T d17c225b8be34efaa82a81133efd1698 P d28f0f3b8d0e429484dbeeb2d41b7d50 [NON_LEADER]: Queue going to NON_LEADER mode. State: All replicated index: 0, Majority replicated index: 0, Committed index: 0, Last appended: 0.0, Last appended by leader: 0, Current term: 0, Majority size: -1, State: 0, Mode: NON_LEADER
I0902 17:01:16.163522 15671 log.cc:960] T b0339c8008884bd0aeca173a9c53f5c4 P d28f0f3b8d0e429484dbeeb2d41b7d50: Deleting WAL directory at /tmp/run_tha_testdnoRja/test-tmp/alter_table-randomized-test.AlterTableRandomized.TestRandomSequence.1504371669910680-15056/minicluster-data/ts-0/wal/wals/b0339c8008884bd0aeca173a9c53f5c4
I0902 17:01:16.163667 15954 ts_tablet_manager.cc:846] T d17c225b8be34efaa82a81133efd1698 P d28f0f3b8d0e429484dbeeb2d41b7d50: Time spent starting tablet: real 0.001s user 0.000s sys 0.000s
I0902 17:01:16.163743 15954 ts_tablet_manager.cc:793] T f6d6c8ad397848d1a55cbbc8353d8c9d P d28f0f3b8d0e429484dbeeb2d41b7d50: Bootstrapping tablet
I0902 17:01:16.163808 15954 tablet_bootstrap.cc:433] T f6d6c8ad397848d1a55cbbc8353d8c9d P d28f0f3b8d0e429484dbeeb2d41b7d50: Bootstrap starting.
I0902 17:01:16.164445 15672 ts_tablet_manager.cc:1110] T 9f366aa97726498baf85962d42d8adc1 P d28f0f3b8d0e429484dbeeb2d41b7d50: tablet deleted: last-logged OpId: 2.36
I0902 17:01:16.164482 15954 tablet_bootstrap.cc:568] T f6d6c8ad397848d1a55cbbc8353d8c9d P d28f0f3b8d0e429484dbeeb2d41b7d50: No blocks or log segments found. Creating new log.
I0902 17:01:16.164598 15672 log.cc:960] T 9f366aa97726498baf85962d42d8adc1 P d28f0f3b8d0e429484dbeeb2d41b7d50: Deleting WAL directory at /tmp/run_tha_testdnoRja/test-tmp/alter_table-randomized-test.AlterTableRandomized.TestRandomSequence.1504371669910680-15056/minicluster-data/ts-0/wal/wals/9f366aa97726498baf85962d42d8adc1
I0902 17:01:16.164821 15671 ts_tablet_manager.cc:1128] T b0339c8008884bd0aeca173a9c53f5c4 P d28f0f3b8d0e429484dbeeb2d41b7d50: Deleting consensus metadata
I0902 17:01:16.165053 15433 ts_tablet_manager.cc:1128] T b0339c8008884bd0aeca173a9c53f5c4 P 81b89e30bd3e45e39b3bd3eca9d5f7c5: Deleting consensus metadata
I0902 17:01:16.166420 15072 catalog_manager.cc:3143] TS 81b89e30bd3e45e39b3bd3eca9d5f7c5 (127.58.208.3:42179): tablet b0339c8008884bd0aeca173a9c53f5c4 (table test-table [id=b7f89f9ec9c0479b9fed277cd873ba0e]) successfully deleted
I0902 17:01:16.167037 15672 ts_tablet_manager.cc:1128] T 9f366aa97726498baf85962d42d8adc1 P d28f0f3b8d0e429484dbeeb2d41b7d50: Deleting consensus metadata
I0902 17:01:16.167227 15954 tablet_bootstrap.cc:433] T f6d6c8ad397848d1a55cbbc8353d8c9d P d28f0f3b8d0e429484dbeeb2d41b7d50: No bootstrap required, opened a new log
I0902 17:01:16.167302 15954 ts_tablet_manager.cc:818] T f6d6c8ad397848d1a55cbbc8353d8c9d P d28f0f3b8d0e429484dbeeb2d41b7d50: Time spent bootstrapping tablet: real 0.004s user 0.004s sys 0.000s
I0902 17:01:16.167672 15954 raft_consensus.cc:287] T f6d6c8ad397848d1a55cbbc8353d8c9d P d28f0f3b8d0e429484dbeeb2d41b7d50 [term 0 FOLLOWER]: Replica starting. Triggering 0 pending transactions. Active config: opid_index: -1 OBSOLETE_local: false peers { permanent_uuid: "d28f0f3b8d0e429484dbeeb2d41b7d50" member_type: VOTER last_known_addr { host: "127.58.208.1" port: 59914 } } peers { permanent_uuid: "475a466ec8b44f39bbf6b23f10ebe15b" member_type: VOTER last_known_addr { host: "127.58.208.2" port: 43231 } } peers { permanent_uuid: "81b89e30bd3e45e39b3bd3eca9d5f7c5" member_type: VOTER last_known_addr { host: "127.58.208.3" port: 42179 } }
I0902 17:01:16.167732 15954 raft_consensus.cc:313] T f6d6c8ad397848d1a55cbbc8353d8c9d P d28f0f3b8d0e429484dbeeb2d41b7d50 [term 0 FOLLOWER]: Consensus starting up: Expiring failure detector timer to make a prompt election more likely
I0902 17:01:16.167752 15963 tablet.cc:1115] T b79d7adfa7fb48509d0cb5c3a01f5295 P 81b89e30bd3e45e39b3bd3eca9d5f7c5: Alter schema from Schema [ 10:key[int32 NOT NULL], 13:c44[int32 NOT NULL], 16:c314[int32 NOT NULL] ] version 5 to Schema [ 10:key[int32 NOT NULL] ] version 6
I0902 17:01:16.167812 15954 raft_consensus.cc:576] T f6d6c8ad397848d1a55cbbc8353d8c9d P d28f0f3b8d0e429484dbeeb2d41b7d50 [term 0 FOLLOWER]: Becoming Follower/Learner. State: Replica: d28f0f3b8d0e429484dbeeb2d41b7d50, State: Initialized, Role: FOLLOWER
I0902 17:01:16.167845 15954 consensus_queue.cc:190] T f6d6c8ad397848d1a55cbbc8353d8c9d P d28f0f3b8d0e429484dbeeb2d41b7d50 [NON_LEADER]: Queue going to NON_LEADER mode. State: All replicated index: 0, Majority replicated index: 0, Committed index: 0, Last appended: 0.0, Last appended by leader: 0, Current term: 0, Majority size: -1, State: 0, Mode: NON_LEADER
I0902 17:01:16.168002 15963 tablet.cc:1058] T b79d7adfa7fb48509d0cb5c3a01f5295 P 81b89e30bd3e45e39b3bd3eca9d5f7c5: MemRowSet was empty: no flush needed.
I0902 17:01:16.168030 15954 ts_tablet_manager.cc:846] T f6d6c8ad397848d1a55cbbc8353d8c9d P d28f0f3b8d0e429484dbeeb2d41b7d50: Time spent starting tablet: real 0.001s user 0.000s sys 0.000s
I0902 17:01:16.168380 15073 catalog_manager.cc:3143] TS d28f0f3b8d0e429484dbeeb2d41b7d50 (127.58.208.1:59914): tablet 9f366aa97726498baf85962d42d8adc1 (table test-table [id=b7f89f9ec9c0479b9fed277cd873ba0e]) successfully deleted
I0902 17:01:16.168824 15073 catalog_manager.cc:3143] TS d28f0f3b8d0e429484dbeeb2d41b7d50 (127.58.208.1:59914): tablet b0339c8008884bd0aeca173a9c53f5c4 (table test-table [id=b7f89f9ec9c0479b9fed277cd873ba0e]) successfully deleted
I0902 17:01:16.170064 15958 tablet_bootstrap.cc:433] T d17c225b8be34efaa82a81133efd1698 P 475a466ec8b44f39bbf6b23f10ebe15b: No bootstrap required, opened a new log
I0902 17:01:16.170145 15958 ts_tablet_manager.cc:818] T d17c225b8be34efaa82a81133efd1698 P 475a466ec8b44f39bbf6b23f10ebe15b: Time spent bootstrapping tablet: real 0.021s user 0.000s sys 0.000s
I0902 17:01:16.170673 15950 tablet_bootstrap.cc:433] T d17c225b8be34efaa82a81133efd1698 P 81b89e30bd3e45e39b3bd3eca9d5f7c5: No bootstrap required, opened a new log
I0902 17:01:16.170730 15950 ts_tablet_manager.cc:818] T d17c225b8be34efaa82a81133efd1698 P 81b89e30bd3e45e39b3bd3eca9d5f7c5: Time spent bootstrapping tablet: real 0.014s user 0.000s sys 0.000s
I0902 17:01:16.170850 15934 tablet.cc:1115] T b79d7adfa7fb48509d0cb5c3a01f5295 P d28f0f3b8d0e429484dbeeb2d41b7d50: Alter schema from Schema [ 10:key[int32 NOT NULL], 13:c44[int32 NOT NULL], 16:c314[int32 NOT NULL] ] version 5 to Schema [ 10:key[int32 NOT NULL] ] version 6
I0902 17:01:16.171077 15950 raft_consensus.cc:287] T d17c225b8be34efaa82a81133efd1698 P 81b89e30bd3e45e39b3bd3eca9d5f7c5 [term 0 FOLLOWER]: Replica starting. Triggering 0 pending transactions. Active config: opid_index: -1 OBSOLETE_local: false peers { permanent_uuid: "d28f0f3b8d0e429484dbeeb2d41b7d50" member_type: VOTER last_known_addr { host: "127.58.208.1" port: 59914 } } peers { permanent_uuid: "475a466ec8b44f39bbf6b23f10ebe15b" member_type: VOTER last_known_addr { host: "127.58.208.2" port: 43231 } } peers { permanent_uuid: "81b89e30bd3e45e39b3bd3eca9d5f7c5" member_type: VOTER last_known_addr { host: "127.58.208.3" port: 42179 } }
I0902 17:01:16.171097 15950 raft_consensus.cc:313] T d17c225b8be34efaa82a81133efd1698 P 81b89e30bd3e45e39b3bd3eca9d5f7c5 [term 0 FOLLOWER]: Consensus starting up: Expiring failure detector timer to make a prompt election more likely
I0902 17:01:16.171102 15934 tablet.cc:1058] T b79d7adfa7fb48509d0cb5c3a01f5295 P d28f0f3b8d0e429484dbeeb2d41b7d50: MemRowSet was empty: no flush needed.
I0902 17:01:16.171139 15950 raft_consensus.cc:576] T d17c225b8be34efaa82a81133efd1698 P 81b89e30bd3e45e39b3bd3eca9d5f7c5 [term 0 FOLLOWER]: Becoming Follower/Learner. State: Replica: 81b89e30bd3e45e39b3bd3eca9d5f7c5, State: Initialized, Role: FOLLOWER
I0902 17:01:16.171165 15950 consensus_queue.cc:190] T d17c225b8be34efaa82a81133efd1698 P 81b89e30bd3e45e39b3bd3eca9d5f7c5 [NON_LEADER]: Queue going to NON_LEADER mode. State: All replicated index: 0, Majority replicated index: 0, Committed index: 0, Last appended: 0.0, Last appended by leader: 0, Current term: 0, Majority size: -1, State: 0, Mode: NON_LEADER
I0902 17:01:16.171315 15950 ts_tablet_manager.cc:846] T d17c225b8be34efaa82a81133efd1698 P 81b89e30bd3e45e39b3bd3eca9d5f7c5: Time spent starting tablet: real 0.001s user 0.000s sys 0.000s
I0902 17:01:16.171367 15950 ts_tablet_manager.cc:793] T f6d6c8ad397848d1a55cbbc8353d8c9d P 81b89e30bd3e45e39b3bd3eca9d5f7c5: Bootstrapping tablet
I0902 17:01:16.171416 15950 tablet_bootstrap.cc:433] T f6d6c8ad397848d1a55cbbc8353d8c9d P 81b89e30bd3e45e39b3bd3eca9d5f7c5: Bootstrap starting.
I0902 17:01:16.171947 15950 tablet_bootstrap.cc:568] T f6d6c8ad397848d1a55cbbc8353d8c9d P 81b89e30bd3e45e39b3bd3eca9d5f7c5: No blocks or log segments found. Creating new log.
I0902 17:01:16.173379 15952 tablet.cc:1115] T eab66cb8a35a4399936ca49988b0131d P d28f0f3b8d0e429484dbeeb2d41b7d50: Alter schema from Schema [ 10:key[int32 NOT NULL], 13:c44[int32 NOT NULL], 16:c314[int32 NOT NULL] ] version 5 to Schema [ 10:key[int32 NOT NULL] ] version 6
I0902 17:01:16.173611 15952 tablet.cc:1067] T eab66cb8a35a4399936ca49988b0131d P d28f0f3b8d0e429484dbeeb2d41b7d50: Flush: entering stage 1 (old memrowset already frozen for inserts)
I0902 17:01:16.173632 15952 compaction.cc:902] Selected 1 rowsets to compact:
I0902 17:01:16.173641 15952 compaction.cc:905] memrowset(current size on disk: ~0 bytes)
I0902 17:01:16.173650 15952 tablet.cc:1069] T eab66cb8a35a4399936ca49988b0131d P d28f0f3b8d0e429484dbeeb2d41b7d50: Memstore in-memory size: 763 bytes
I0902 17:01:16.173665 15952 tablet.cc:1332] T eab66cb8a35a4399936ca49988b0131d P d28f0f3b8d0e429484dbeeb2d41b7d50: Flush: entering phase 1 (flushing snapshot). Phase 1 snapshot: MvccSnapshot[committed={T|T < 6161906385417551872}]
I0902 17:01:16.174095 15952 multi_column_writer.cc:103] Opened CFile writers for 1 column(s)
I0902 17:01:16.176234 15952 tablet.cc:1417] T eab66cb8a35a4399936ca49988b0131d P d28f0f3b8d0e429484dbeeb2d41b7d50: Flush: entering phase 2 (starting to duplicate updates in new rowsets)
I0902 17:01:16.176336 15952 tablet.cc:1472] T eab66cb8a35a4399936ca49988b0131d P d28f0f3b8d0e429484dbeeb2d41b7d50: Flush Phase 2: carrying over any updates which arrived during Phase 1
I0902 17:01:16.176348 15952 tablet.cc:1474] T eab66cb8a35a4399936ca49988b0131d P d28f0f3b8d0e429484dbeeb2d41b7d50: Phase 2 snapshot: MvccSnapshot[committed={T|T < 6161906385417551872}]
I0902 17:01:16.177537 15952 tablet.cc:1516] T eab66cb8a35a4399936ca49988b0131d P d28f0f3b8d0e429484dbeeb2d41b7d50: Flush successful on 1 rows (4379 bytes)
I0902 17:01:16.177673 15086 catalog_manager.cc:2462] TS 81b89e30bd3e45e39b3bd3eca9d5f7c5 (127.58.208.3:42179) does not have the latest schema for tablet d17c225b8be34efaa82a81133efd1698 (table test-table [id=b7f89f9ec9c0479b9fed277cd873ba0e]). Expected version 6 got 0
I0902 17:01:16.177875 15086 catalog_manager.cc:2943] Scheduling retry of d17c225b8be34efaa82a81133efd1698 (table test-table [id=b7f89f9ec9c0479b9fed277cd873ba0e]) Alter Table RPC with a delay of 46 ms (attempt = 0)
W0902 17:01:16.177945 15086 catalog_manager.cc:3482] Failed to send alter table request: Not found: Failed to reset TS proxy: No leader found: Tablet d17c225b8be34efaa82a81133efd1698 consensus state has no leader
I0902 17:01:16.182292 15087 catalog_manager.cc:2462] TS d28f0f3b8d0e429484dbeeb2d41b7d50 (127.58.208.1:59914) does not have the latest schema for tablet f6d6c8ad397848d1a55cbbc8353d8c9d (table test-table [id=b7f89f9ec9c0479b9fed277cd873ba0e]). Expected version 6 got 0
I0902 17:01:16.182418 15087 catalog_manager.cc:2943] Scheduling retry of f6d6c8ad397848d1a55cbbc8353d8c9d (table test-table [id=b7f89f9ec9c0479b9fed277cd873ba0e]) Alter Table RPC with a delay of 13 ms (attempt = 0)
W0902 17:01:16.182446 15087 catalog_manager.cc:3482] Failed to send alter table request: Not found: Failed to reset TS proxy: No leader found: Tablet f6d6c8ad397848d1a55cbbc8353d8c9d consensus state has no leader
I0902 17:01:16.182494 15087 catalog_manager.cc:2462] TS d28f0f3b8d0e429484dbeeb2d41b7d50 (127.58.208.1:59914) does not have the latest schema for tablet d17c225b8be34efaa82a81133efd1698 (table test-table [id=b7f89f9ec9c0479b9fed277cd873ba0e]). Expected version 6 got 0
I0902 17:01:16.182586 15087 catalog_manager.cc:2943] Scheduling retry of d17c225b8be34efaa82a81133efd1698 (table test-table [id=b7f89f9ec9c0479b9fed277cd873ba0e]) Alter Table RPC with a delay of 20 ms (attempt = 0)
W0902 17:01:16.182607 15087 catalog_manager.cc:3482] Failed to send alter table request: Not found: Failed to reset TS proxy: No leader found: Tablet d17c225b8be34efaa82a81133efd1698 consensus state has no leader
I0902 17:01:16.184794 15071 catalog_manager.cc:2943] Scheduling retry of d17c225b8be34efaa82a81133efd1698 (table test-table [id=b7f89f9ec9c0479b9fed277cd873ba0e]) Alter Table RPC with a delay of 40 ms (attempt = 0)
W0902 17:01:16.184819 15071 catalog_manager.cc:2962] Async tablet task d17c225b8be34efaa82a81133efd1698 (table test-table [id=b7f89f9ec9c0479b9fed277cd873ba0e]) Alter Table RPC failed: Not found: Failed to reset TS proxy: No leader found: Tablet d17c225b8be34efaa82a81133efd1698 consensus state has no leader
I0902 17:01:16.191231 15955 tablet.cc:1115] T eab66cb8a35a4399936ca49988b0131d P 475a466ec8b44f39bbf6b23f10ebe15b: Alter schema from Schema [ 10:key[int32 NOT NULL], 13:c44[int32 NOT NULL], 16:c314[int32 NOT NULL] ] version 5 to Schema [ 10:key[int32 NOT NULL] ] version 6
I0902 17:01:16.191542 15955 tablet.cc:1067] T eab66cb8a35a4399936ca49988b0131d P 475a466ec8b44f39bbf6b23f10ebe15b: Flush: entering stage 1 (old memrowset already frozen for inserts)
I0902 17:01:16.191557 15955 compaction.cc:902] Selected 1 rowsets to compact:
I0902 17:01:16.191562 15955 compaction.cc:905] memrowset(current size on disk: ~0 bytes)
I0902 17:01:16.191568 15955 tablet.cc:1069] T eab66cb8a35a4399936ca49988b0131d P 475a466ec8b44f39bbf6b23f10ebe15b: Memstore in-memory size: 763 bytes
I0902 17:01:16.191583 15955 tablet.cc:1332] T eab66cb8a35a4399936ca49988b0131d P 475a466ec8b44f39bbf6b23f10ebe15b: Flush: entering phase 1 (flushing snapshot). Phase 1 snapshot: MvccSnapshot[committed={T|T < 6161906385417551872}]
I0902 17:01:16.191857 15956 tablet.cc:1115] T b79d7adfa7fb48509d0cb5c3a01f5295 P 475a466ec8b44f39bbf6b23f10ebe15b: Alter schema from Schema [ 10:key[int32 NOT NULL], 13:c44[int32 NOT NULL], 16:c314[int32 NOT NULL] ] version 5 to Schema [ 10:key[int32 NOT NULL] ] version 6
I0902 17:01:16.192011 15955 multi_column_writer.cc:103] Opened CFile writers for 1 column(s)
I0902 17:01:16.192042 15956 tablet.cc:1058] T b79d7adfa7fb48509d0cb5c3a01f5295 P 475a466ec8b44f39bbf6b23f10ebe15b: MemRowSet was empty: no flush needed.
I0902 17:01:16.193711 15072 catalog_manager.cc:2943] Scheduling retry of f6d6c8ad397848d1a55cbbc8353d8c9d (table test-table [id=b7f89f9ec9c0479b9fed277cd873ba0e]) Alter Table RPC with a delay of 56 ms (attempt = 0)
W0902 17:01:16.193740 15072 catalog_manager.cc:2962] Async tablet task f6d6c8ad397848d1a55cbbc8353d8c9d (table test-table [id=b7f89f9ec9c0479b9fed277cd873ba0e]) Alter Table RPC failed: Not found: Failed to reset TS proxy: No leader found: Tablet f6d6c8ad397848d1a55cbbc8353d8c9d consensus state has no leader
I0902 17:01:16.194690 15841 ts_tablet_manager.cc:1097] T 9f366aa97726498baf85962d42d8adc1 P 475a466ec8b44f39bbf6b23f10ebe15b: Deleting tablet data with delete state TABLET_DATA_DELETED
I0902 17:01:16.196352 15070 catalog_manager.cc:2943] Scheduling retry of f6d6c8ad397848d1a55cbbc8353d8c9d (table test-table [id=b7f89f9ec9c0479b9fed277cd873ba0e]) Alter Table RPC with a delay of 19 ms (attempt = 0)
I0902 17:01:16.196382 15958 raft_consensus.cc:287] T d17c225b8be34efaa82a81133efd1698 P 475a466ec8b44f39bbf6b23f10ebe15b [term 0 FOLLOWER]: Replica starting. Triggering 0 pending transactions. Active config: opid_index: -1 OBSOLETE_local: false peers { permanent_uuid: "d28f0f3b8d0e429484dbeeb2d41b7d50" member_type: VOTER last_known_addr { host: "127.58.208.1" port: 59914 } } peers { permanent_uuid: "475a466ec8b44f39bbf6b23f10ebe15b" member_type: VOTER last_known_addr { host: "127.58.208.2" port: 43231 } } peers { permanent_uuid: "81b89e30bd3e45e39b3bd3eca9d5f7c5" member_type: VOTER last_known_addr { host: "127.58.208.3" port: 42179 } }
I0902 17:01:16.196408 15958 raft_consensus.cc:313] T d17c225b8be34efaa82a81133efd1698 P 475a466ec8b44f39bbf6b23f10ebe15b [term 0 FOLLOWER]: Consensus starting up: Expiring failure detector timer to make a prompt election more likely
I0902 17:01:16.196444 15958 raft_consensus.cc:576] T d17c225b8be34efaa82a81133efd1698 P 475a466ec8b44f39bbf6b23f10ebe15b [term 0 FOLLOWER]: Becoming Follower/Learner. State: Replica: 475a466ec8b44f39bbf6b23f10ebe15b, State: Initialized, Role: FOLLOWER
I0902 17:01:16.196480 15958 consensus_queue.cc:190] T d17c225b8be34efaa82a81133efd1698 P 475a466ec8b44f39bbf6b23f10ebe15b [NON_LEADER]: Queue going to NON_LEADER mode. State: All replicated index: 0, Majority replicated index: 0, Committed index: 0, Last appended: 0.0, Last appended by leader: 0, Current term: 0, Majority size: -1, State: 0, Mode: NON_LEADER
I0902 17:01:16.196491 15763 raft_consensus.cc:412] T d17c225b8be34efaa82a81133efd1698 P 81b89e30bd3e45e39b3bd3eca9d5f7c5 [term 0 FOLLOWER]: Starting pre-election (no leader contacted us within the election timeout)
I0902 17:01:16.196521 15763 raft_consensus.cc:2456] T d17c225b8be34efaa82a81133efd1698 P 81b89e30bd3e45e39b3bd3eca9d5f7c5: Snoozing failure detection for 1.643s (starting election)
I0902 17:01:16.196583 15763 raft_consensus.cc:434] T d17c225b8be34efaa82a81133efd1698 P 81b89e30bd3e45e39b3bd3eca9d5f7c5 [term 0 FOLLOWER]: Starting pre-election with config: opid_index: -1 OBSOLETE_local: false peers { permanent_uuid: "d28f0f3b8d0e429484dbeeb2d41b7d50" member_type: VOTER last_known_addr { host: "127.58.208.1" port: 59914 } } peers { permanent_uuid: "475a466ec8b44f39bbf6b23f10ebe15b" member_type: VOTER last_known_addr { host: "127.58.208.2" port: 43231 } } peers { permanent_uuid: "81b89e30bd3e45e39b3bd3eca9d5f7c5" member_type: VOTER last_known_addr { host: "127.58.208.3" port: 42179 } }
I0902 17:01:16.196638 15958 ts_tablet_manager.cc:846] T d17c225b8be34efaa82a81133efd1698 P 475a466ec8b44f39bbf6b23f10ebe15b: Time spent starting tablet: real 0.026s user 0.000s sys 0.000s
I0902 17:01:16.196696 15958 ts_tablet_manager.cc:793] T f6d6c8ad397848d1a55cbbc8353d8c9d P 475a466ec8b44f39bbf6b23f10ebe15b: Bootstrapping tablet
I0902 17:01:16.196877 15763 leader_election.cc:221] T d17c225b8be34efaa82a81133efd1698 P 81b89e30bd3e45e39b3bd3eca9d5f7c5 [CANDIDATE]: Term 1 pre-election: Requesting pre-vote from peer d28f0f3b8d0e429484dbeeb2d41b7d50
I0902 17:01:16.196908 15958 tablet_bootstrap.cc:433] T f6d6c8ad397848d1a55cbbc8353d8c9d P 475a466ec8b44f39bbf6b23f10ebe15b: Bootstrap starting.
I0902 17:01:16.196949 15763 leader_election.cc:221] T d17c225b8be34efaa82a81133efd1698 P 81b89e30bd3e45e39b3bd3eca9d5f7c5 [CANDIDATE]: Term 1 pre-election: Requesting pre-vote from peer 475a466ec8b44f39bbf6b23f10ebe15b
I0902 17:01:16.197383 15863 tablet_service.cc:1002] Received RequestConsensusVote() RPC: tablet_id: "d17c225b8be34efaa82a81133efd1698" candidate_uuid: "81b89e30bd3e45e39b3bd3eca9d5f7c5" candidate_term: 1 candidate_status { last_received { term: 0 index: 0 } } ignore_live_leader: false dest_uuid: "475a466ec8b44f39bbf6b23f10ebe15b" is_pre_election: true
I0902 17:01:16.197461 15863 raft_consensus.cc:2456] T d17c225b8be34efaa82a81133efd1698 P 475a466ec8b44f39bbf6b23f10ebe15b: Snoozing failure detection for 2.011s (vote granted)
I0902 17:01:16.197504 15863 raft_consensus.cc:2010] T d17c225b8be34efaa82a81133efd1698 P 475a466ec8b44f39bbf6b23f10ebe15b [term 0 FOLLOWER]: Leader pre-election vote request: Granting yes vote for candidate 81b89e30bd3e45e39b3bd3eca9d5f7c5 in term 0.
I0902 17:01:16.197767 15387 leader_election.cc:353] T d17c225b8be34efaa82a81133efd1698 P 81b89e30bd3e45e39b3bd3eca9d5f7c5 [CANDIDATE]: Term 1 pre-election: Vote granted by peer 475a466ec8b44f39bbf6b23f10ebe15b
I0902 17:01:16.197789 15387 leader_election.cc:248] T d17c225b8be34efaa82a81133efd1698 P 81b89e30bd3e45e39b3bd3eca9d5f7c5 [CANDIDATE]: Term 1 pre-election: Election decided. Result: candidate won.
I0902 17:01:16.197877 15542 raft_consensus.cc:2456] T d17c225b8be34efaa82a81133efd1698 P 81b89e30bd3e45e39b3bd3eca9d5f7c5: Snoozing failure detection for 1.634s (election complete)
I0902 17:01:16.197896 15958 tablet_bootstrap.cc:568] T f6d6c8ad397848d1a55cbbc8353d8c9d P 475a466ec8b44f39bbf6b23f10ebe15b: No blocks or log segments found. Creating new log.
I0902 17:01:16.197899 15542 raft_consensus.cc:2280] T d17c225b8be34efaa82a81133efd1698 P 81b89e30bd3e45e39b3bd3eca9d5f7c5 [term 0 FOLLOWER]: Leader pre-election won for term 1
I0902 17:01:16.197909 15542 raft_consensus.cc:412] T d17c225b8be34efaa82a81133efd1698 P 81b89e30bd3e45e39b3bd3eca9d5f7c5 [term 0 FOLLOWER]: Starting leader election (no leader contacted us within the election timeout)
I0902 17:01:16.197918 15542 raft_consensus.cc:2456] T d17c225b8be34efaa82a81133efd1698 P 81b89e30bd3e45e39b3bd3eca9d5f7c5: Snoozing failure detection for 2.231s (starting election)
I0902 17:01:16.197927 15542 raft_consensus.cc:2508] T d17c225b8be34efaa82a81133efd1698 P 81b89e30bd3e45e39b3bd3eca9d5f7c5 [term 0 FOLLOWER]: Advancing to term 1
I0902 17:01:16.198719 15542 raft_consensus.cc:434] T d17c225b8be34efaa82a81133efd1698 P 81b89e30bd3e45e39b3bd3eca9d5f7c5 [term 1 FOLLOWER]: Starting leader election with config: opid_index: -1 OBSOLETE_local: false peers { permanent_uuid: "d28f0f3b8d0e429484dbeeb2d41b7d50" member_type: VOTER last_known_addr { host: "127.58.208.1" port: 59914 } } peers { permanent_uuid: "475a466ec8b44f39bbf6b23f10ebe15b" member_type: VOTER last_known_addr { host: "127.58.208.2" port: 43231 } } peers { permanent_uuid: "81b89e30bd3e45e39b3bd3eca9d5f7c5" member_type: VOTER last_known_addr { host: "127.58.208.3" port: 42179 } }
I0902 17:01:16.198921 15542 leader_election.cc:221] T d17c225b8be34efaa82a81133efd1698 P 81b89e30bd3e45e39b3bd3eca9d5f7c5 [CANDIDATE]: Term 1 election: Requesting vote from peer d28f0f3b8d0e429484dbeeb2d41b7d50
I0902 17:01:16.198981 15542 leader_election.cc:221] T d17c225b8be34efaa82a81133efd1698 P 81b89e30bd3e45e39b3bd3eca9d5f7c5 [CANDIDATE]: Term 1 election: Requesting vote from peer 475a466ec8b44f39bbf6b23f10ebe15b
I0902 17:01:16.199326 15955 tablet.cc:1417] T eab66cb8a35a4399936ca49988b0131d P 475a466ec8b44f39bbf6b23f10ebe15b: Flush: entering phase 2 (starting to duplicate updates in new rowsets)
I0902 17:01:16.199394 15864 tablet_service.cc:1002] Received RequestConsensusVote() RPC: tablet_id: "d17c225b8be34efaa82a81133efd1698" candidate_uuid: "81b89e30bd3e45e39b3bd3eca9d5f7c5" candidate_term: 1 candidate_status { last_received { term: 0 index: 0 } } ignore_live_leader: false dest_uuid: "475a466ec8b44f39bbf6b23f10ebe15b"
I0902 17:01:16.199427 15864 raft_consensus.cc:2508] T d17c225b8be34efaa82a81133efd1698 P 475a466ec8b44f39bbf6b23f10ebe15b [term 0 FOLLOWER]: Advancing to term 1
I0902 17:01:16.199429 15955 tablet.cc:1472] T eab66cb8a35a4399936ca49988b0131d P 475a466ec8b44f39bbf6b23f10ebe15b: Flush Phase 2: carrying over any updates which arrived during Phase 1
I0902 17:01:16.199441 15955 tablet.cc:1474] T eab66cb8a35a4399936ca49988b0131d P 475a466ec8b44f39bbf6b23f10ebe15b: Phase 2 snapshot: MvccSnapshot[committed={T|T < 6161906385417551872}]
I0902 17:01:16.199462 15864 raft_consensus.cc:2456] T d17c225b8be34efaa82a81133efd1698 P 475a466ec8b44f39bbf6b23f10ebe15b: Snoozing failure detection for 1.797s (vote granted)
I0902 17:01:16.200019 15864 raft_consensus.cc:2010] T d17c225b8be34efaa82a81133efd1698 P 475a466ec8b44f39bbf6b23f10ebe15b [term 1 FOLLOWER]: Leader election vote request: Granting yes vote for candidate 81b89e30bd3e45e39b3bd3eca9d5f7c5 in term 1.
I0902 17:01:16.200217 15841 ts_tablet_manager.cc:1110] T 9f366aa97726498baf85962d42d8adc1 P 475a466ec8b44f39bbf6b23f10ebe15b: tablet deleted: last-logged OpId: 2.36
I0902 17:01:16.200260 15841 log.cc:960] T 9f366aa97726498baf85962d42d8adc1 P 475a466ec8b44f39bbf6b23f10ebe15b: Deleting WAL directory at /tmp/run_tha_testdnoRja/test-tmp/alter_table-randomized-test.AlterTableRandomized.TestRandomSequence.1504371669910680-15056/minicluster-data/ts-1/wal/wals/9f366aa97726498baf85962d42d8adc1
I0902 17:01:16.200296 15387 leader_election.cc:353] T d17c225b8be34efaa82a81133efd1698 P 81b89e30bd3e45e39b3bd3eca9d5f7c5 [CANDIDATE]: Term 1 election: Vote granted by peer 475a466ec8b44f39bbf6b23f10ebe15b
I0902 17:01:16.200314 15387 leader_election.cc:248] T d17c225b8be34efaa82a81133efd1698 P 81b89e30bd3e45e39b3bd3eca9d5f7c5 [CANDIDATE]: Term 1 election: Election decided. Result: candidate won.
I0902 17:01:16.200400 15535 raft_consensus.cc:2456] T d17c225b8be34efaa82a81133efd1698 P 81b89e30bd3e45e39b3bd3eca9d5f7c5: Snoozing failure detection for 2.070s (election complete)
I0902 17:01:16.200422 15535 raft_consensus.cc:2280] T d17c225b8be34efaa82a81133efd1698 P 81b89e30bd3e45e39b3bd3eca9d5f7c5 [term 1 FOLLOWER]: Leader election won for term 1
I0902 17:01:16.200474 15535 raft_consensus.cc:542] T d17c225b8be34efaa82a81133efd1698 P 81b89e30bd3e45e39b3bd3eca9d5f7c5 [term 1 LEADER]: Becoming Leader. State: Replica: 81b89e30bd3e45e39b3bd3eca9d5f7c5, State: Running, Role: LEADER
I0902 17:01:16.200549 15535 consensus_queue.cc:169] T d17c225b8be34efaa82a81133efd1698 P 81b89e30bd3e45e39b3bd3eca9d5f7c5 [LEADER]: Queue going to LEADER mode. State: All replicated index: 0, Majority replicated index: 0, Committed index: 0, Last appended: 0.0, Last appended by leader: 0, Current term: 1, Majority size: 2, State: 0, Mode: LEADER, active raft config: opid_index: -1 OBSOLETE_local: false peers { permanent_uuid: "d28f0f3b8d0e429484dbeeb2d41b7d50" member_type: VOTER last_known_addr { host: "127.58.208.1" port: 59914 } } peers { permanent_uuid: "475a466ec8b44f39bbf6b23f10ebe15b" member_type: VOTER last_known_addr { host: "127.58.208.2" port: 43231 } } peers { permanent_uuid: "81b89e30bd3e45e39b3bd3eca9d5f7c5" member_type: VOTER last_known_addr { host: "127.58.208.3" port: 42179 } }
I0902 17:01:16.201119 15841 ts_tablet_manager.cc:1128] T 9f366aa97726498baf85962d42d8adc1 P 475a466ec8b44f39bbf6b23f10ebe15b: Deleting consensus metadata
W0902 17:01:16.201187 15070 catalog_manager.cc:2962] Async tablet task f6d6c8ad397848d1a55cbbc8353d8c9d (table test-table [id=b7f89f9ec9c0479b9fed277cd873ba0e]) Alter Table RPC failed: Not found: Failed to reset TS proxy: No leader found: Tablet f6d6c8ad397848d1a55cbbc8353d8c9d consensus state has no leader
I0902 17:01:16.202074 15693 tablet_service.cc:1002] Received RequestConsensusVote() RPC: tablet_id: "d17c225b8be34efaa82a81133efd1698" candidate_uuid: "81b89e30bd3e45e39b3bd3eca9d5f7c5" candidate_term: 1 candidate_status { last_received { term: 0 index: 0 } } ignore_live_leader: false dest_uuid: "d28f0f3b8d0e429484dbeeb2d41b7d50" is_pre_election: true
I0902 17:01:16.202138 15693 raft_consensus.cc:2456] T d17c225b8be34efaa82a81133efd1698 P d28f0f3b8d0e429484dbeeb2d41b7d50: Snoozing failure detection for 1.741s (vote granted)
I0902 17:01:16.202168 15693 raft_consensus.cc:2010] T d17c225b8be34efaa82a81133efd1698 P d28f0f3b8d0e429484dbeeb2d41b7d50 [term 0 FOLLOWER]: Leader pre-election vote request: Granting yes vote for candidate 81b89e30bd3e45e39b3bd3eca9d5f7c5 in term 0.
