I0902 17:01:16.469041 15841 log.cc:960] T d17c225b8be34efaa82a81133efd1698 P 475a466ec8b44f39bbf6b23f10ebe15b: Deleting WAL directory at /tmp/run_tha_testdnoRja/test-tmp/alter_table-randomized-test.AlterTableRandomized.TestRandomSequence.1504371669910680-15056/minicluster-data/ts-1/wal/wals/d17c225b8be34efaa82a81133efd1698
I0902 17:01:16.469166 15672 ts_tablet_manager.cc:1128] T eab66cb8a35a4399936ca49988b0131d P d28f0f3b8d0e429484dbeeb2d41b7d50: Deleting consensus metadata
I0902 17:01:16.469239 15841 ts_tablet_manager.cc:1128] T d17c225b8be34efaa82a81133efd1698 P 475a466ec8b44f39bbf6b23f10ebe15b: Deleting consensus metadata
I0902 17:01:16.469693 15088 catalog_manager.cc:3165] Sending DeleteTablet(TABLET_DATA_DELETED) for tablet eab66cb8a35a4399936ca49988b0131d on 475a466ec8b44f39bbf6b23f10ebe15b (127.58.208.2:43231) (Partition dropped at 2017-09-02 17:01:16 UTC)
I0902 17:01:16.469693 15073 catalog_manager.cc:3143] TS d28f0f3b8d0e429484dbeeb2d41b7d50 (127.58.208.1:59914): tablet d17c225b8be34efaa82a81133efd1698 (table test-table [id=b7f89f9ec9c0479b9fed277cd873ba0e]) successfully deleted
I0902 17:01:16.469821 15072 catalog_manager.cc:3143] TS 475a466ec8b44f39bbf6b23f10ebe15b (127.58.208.2:43231): tablet d17c225b8be34efaa82a81133efd1698 (table test-table [id=b7f89f9ec9c0479b9fed277cd873ba0e]) successfully deleted
I0902 17:01:16.469833 15073 catalog_manager.cc:3143] TS d28f0f3b8d0e429484dbeeb2d41b7d50 (127.58.208.1:59914): tablet eab66cb8a35a4399936ca49988b0131d (table test-table [id=b7f89f9ec9c0479b9fed277cd873ba0e]) successfully deleted
I0902 17:01:16.469910 15072 catalog_manager.cc:3143] TS 81b89e30bd3e45e39b3bd3eca9d5f7c5 (127.58.208.3:42179): tablet d17c225b8be34efaa82a81133efd1698 (table test-table [id=b7f89f9ec9c0479b9fed277cd873ba0e]) successfully deleted
I0902 17:01:16.469954 15088 catalog_manager.cc:3165] Sending DeleteTablet(TABLET_DATA_DELETED) for tablet eab66cb8a35a4399936ca49988b0131d on 81b89e30bd3e45e39b3bd3eca9d5f7c5 (127.58.208.3:42179) (Partition dropped at 2017-09-02 17:01:16 UTC)
I0902 17:01:16.470016 15088 catalog_manager.cc:3508] T 00000000000000000000000000000000 P b004b3046b584f37925df45eda899ff0: Sending DeleteTablet for 3 replicas of tablet b79d7adfa7fb48509d0cb5c3a01f5295
I0902 17:01:16.470070 15088 catalog_manager.cc:3165] Sending DeleteTablet(TABLET_DATA_DELETED) for tablet b79d7adfa7fb48509d0cb5c3a01f5295 on d28f0f3b8d0e429484dbeeb2d41b7d50 (127.58.208.1:59914) (Partition dropped at 2017-09-02 17:01:16 UTC)
I0902 17:01:16.470126 15088 catalog_manager.cc:3165] Sending DeleteTablet(TABLET_DATA_DELETED) for tablet b79d7adfa7fb48509d0cb5c3a01f5295 on 475a466ec8b44f39bbf6b23f10ebe15b (127.58.208.2:43231) (Partition dropped at 2017-09-02 17:01:16 UTC)
I0902 17:01:16.470293 15841 tablet_service.cc:805] Processing DeleteTablet for tablet eab66cb8a35a4399936ca49988b0131d with delete_type TABLET_DATA_DELETED (Partition dropped at 2017-09-02 17:01:16 UTC) from {username='slave'} at 127.0.0.1:34824
I0902 17:01:16.470353 15841 tablet_replica.cc:251] T eab66cb8a35a4399936ca49988b0131d P 475a466ec8b44f39bbf6b23f10ebe15b: stopping tablet replica
I0902 17:01:16.470376 15841 maintenance_manager.cc:228] P 475a466ec8b44f39bbf6b23f10ebe15b: Unregistered op CompactRowSetsOp(eab66cb8a35a4399936ca49988b0131d)
I0902 17:01:16.470391 15841 maintenance_manager.cc:228] P 475a466ec8b44f39bbf6b23f10ebe15b: Unregistered op MinorDeltaCompactionOp(eab66cb8a35a4399936ca49988b0131d)
I0902 17:01:16.470402 15841 maintenance_manager.cc:228] P 475a466ec8b44f39bbf6b23f10ebe15b: Unregistered op MajorDeltaCompactionOp(eab66cb8a35a4399936ca49988b0131d)
I0902 17:01:16.470410 15841 maintenance_manager.cc:228] P 475a466ec8b44f39bbf6b23f10ebe15b: Unregistered op UndoDeltaBlockGCOp(eab66cb8a35a4399936ca49988b0131d)
I0902 17:01:16.470422 15841 maintenance_manager.cc:228] P 475a466ec8b44f39bbf6b23f10ebe15b: Unregistered op FlushMRSOp(eab66cb8a35a4399936ca49988b0131d)
I0902 17:01:16.470428 15841 maintenance_manager.cc:228] P 475a466ec8b44f39bbf6b23f10ebe15b: Unregistered op FlushDeltaMemStoresOp(eab66cb8a35a4399936ca49988b0131d)
I0902 17:01:16.470438 15841 maintenance_manager.cc:228] P 475a466ec8b44f39bbf6b23f10ebe15b: Unregistered op LogGCOp(eab66cb8a35a4399936ca49988b0131d)
I0902 17:01:16.470443 15433 tablet_service.cc:805] Processing DeleteTablet for tablet eab66cb8a35a4399936ca49988b0131d with delete_type TABLET_DATA_DELETED (Partition dropped at 2017-09-02 17:01:16 UTC) from {username='slave'} at 127.0.0.1:44274
I0902 17:01:16.470444 15840 tablet_service.cc:805] Processing DeleteTablet for tablet b79d7adfa7fb48509d0cb5c3a01f5295 with delete_type TABLET_DATA_DELETED (Partition dropped at 2017-09-02 17:01:16 UTC) from {username='slave'} at 127.0.0.1:34824
I0902 17:01:16.470453 15841 raft_consensus.cc:1807] T eab66cb8a35a4399936ca49988b0131d P 475a466ec8b44f39bbf6b23f10ebe15b [term 1 FOLLOWER]: Raft consensus shutting down.
I0902 17:01:16.470482 15840 tablet_replica.cc:251] T b79d7adfa7fb48509d0cb5c3a01f5295 P 475a466ec8b44f39bbf6b23f10ebe15b: stopping tablet replica
I0902 17:01:16.470496 15841 raft_consensus.cc:1834] T eab66cb8a35a4399936ca49988b0131d P 475a466ec8b44f39bbf6b23f10ebe15b [term 1 FOLLOWER]: Raft consensus is shut down!
I0902 17:01:16.470505 15840 maintenance_manager.cc:228] P 475a466ec8b44f39bbf6b23f10ebe15b: Unregistered op CompactRowSetsOp(b79d7adfa7fb48509d0cb5c3a01f5295)
I0902 17:01:16.470516 15840 maintenance_manager.cc:228] P 475a466ec8b44f39bbf6b23f10ebe15b: Unregistered op MinorDeltaCompactionOp(b79d7adfa7fb48509d0cb5c3a01f5295)
I0902 17:01:16.470523 15840 maintenance_manager.cc:228] P 475a466ec8b44f39bbf6b23f10ebe15b: Unregistered op MajorDeltaCompactionOp(b79d7adfa7fb48509d0cb5c3a01f5295)
I0902 17:01:16.470530 15840 maintenance_manager.cc:228] P 475a466ec8b44f39bbf6b23f10ebe15b: Unregistered op UndoDeltaBlockGCOp(b79d7adfa7fb48509d0cb5c3a01f5295)
I0902 17:01:16.470546 15840 maintenance_manager.cc:228] P 475a466ec8b44f39bbf6b23f10ebe15b: Unregistered op FlushMRSOp(b79d7adfa7fb48509d0cb5c3a01f5295)
I0902 17:01:16.470553 15840 maintenance_manager.cc:228] P 475a466ec8b44f39bbf6b23f10ebe15b: Unregistered op FlushDeltaMemStoresOp(b79d7adfa7fb48509d0cb5c3a01f5295)
I0902 17:01:16.470563 15840 maintenance_manager.cc:228] P 475a466ec8b44f39bbf6b23f10ebe15b: Unregistered op LogGCOp(b79d7adfa7fb48509d0cb5c3a01f5295)
I0902 17:01:16.470582 15840 raft_consensus.cc:1807] T b79d7adfa7fb48509d0cb5c3a01f5295 P 475a466ec8b44f39bbf6b23f10ebe15b [term 2 FOLLOWER]: Raft consensus shutting down.
I0902 17:01:16.470594 15433 tablet_replica.cc:251] T eab66cb8a35a4399936ca49988b0131d P 81b89e30bd3e45e39b3bd3eca9d5f7c5: stopping tablet replica
I0902 17:01:16.470616 15433 maintenance_manager.cc:228] P 81b89e30bd3e45e39b3bd3eca9d5f7c5: Unregistered op CompactRowSetsOp(eab66cb8a35a4399936ca49988b0131d)
I0902 17:01:16.470628 15433 maintenance_manager.cc:228] P 81b89e30bd3e45e39b3bd3eca9d5f7c5: Unregistered op MinorDeltaCompactionOp(eab66cb8a35a4399936ca49988b0131d)
I0902 17:01:16.470636 15433 maintenance_manager.cc:228] P 81b89e30bd3e45e39b3bd3eca9d5f7c5: Unregistered op MajorDeltaCompactionOp(eab66cb8a35a4399936ca49988b0131d)
I0902 17:01:16.470644 15433 maintenance_manager.cc:228] P 81b89e30bd3e45e39b3bd3eca9d5f7c5: Unregistered op UndoDeltaBlockGCOp(eab66cb8a35a4399936ca49988b0131d)
I0902 17:01:16.470644 15840 raft_consensus.cc:1834] T b79d7adfa7fb48509d0cb5c3a01f5295 P 475a466ec8b44f39bbf6b23f10ebe15b [term 2 FOLLOWER]: Raft consensus is shut down!
I0902 17:01:16.470657 15433 maintenance_manager.cc:228] P 81b89e30bd3e45e39b3bd3eca9d5f7c5: Unregistered op FlushMRSOp(eab66cb8a35a4399936ca49988b0131d)
I0902 17:01:16.470664 15433 maintenance_manager.cc:228] P 81b89e30bd3e45e39b3bd3eca9d5f7c5: Unregistered op FlushDeltaMemStoresOp(eab66cb8a35a4399936ca49988b0131d)
I0902 17:01:16.470676 15433 maintenance_manager.cc:228] P 81b89e30bd3e45e39b3bd3eca9d5f7c5: Unregistered op LogGCOp(eab66cb8a35a4399936ca49988b0131d)
I0902 17:01:16.470693 15433 raft_consensus.cc:1807] T eab66cb8a35a4399936ca49988b0131d P 81b89e30bd3e45e39b3bd3eca9d5f7c5 [term 1 LEADER]: Raft consensus shutting down.
I0902 17:01:16.470701 15433 consensus_peers.cc:433] T eab66cb8a35a4399936ca49988b0131d P 81b89e30bd3e45e39b3bd3eca9d5f7c5 -> Peer 475a466ec8b44f39bbf6b23f10ebe15b (127.58.208.2:43231): Closing peer: 475a466ec8b44f39bbf6b23f10ebe15b
I0902 17:01:16.470713 15433 consensus_peers.cc:433] T eab66cb8a35a4399936ca49988b0131d P 81b89e30bd3e45e39b3bd3eca9d5f7c5 -> Peer d28f0f3b8d0e429484dbeeb2d41b7d50 (127.58.208.1:59914): Closing peer: d28f0f3b8d0e429484dbeeb2d41b7d50
I0902 17:01:16.470799 15433 raft_consensus.cc:1834] T eab66cb8a35a4399936ca49988b0131d P 81b89e30bd3e45e39b3bd3eca9d5f7c5 [term 1 FOLLOWER]: Raft consensus is shut down!
I0902 17:01:16.470903 15672 tablet_service.cc:805] Processing DeleteTablet for tablet b79d7adfa7fb48509d0cb5c3a01f5295 with delete_type TABLET_DATA_DELETED (Partition dropped at 2017-09-02 17:01:16 UTC) from {username='slave'} at 127.0.0.1:34303
I0902 17:01:16.470937 15672 tablet_replica.cc:251] T b79d7adfa7fb48509d0cb5c3a01f5295 P d28f0f3b8d0e429484dbeeb2d41b7d50: stopping tablet replica
I0902 17:01:16.470955 15672 maintenance_manager.cc:228] P d28f0f3b8d0e429484dbeeb2d41b7d50: Unregistered op CompactRowSetsOp(b79d7adfa7fb48509d0cb5c3a01f5295)
I0902 17:01:16.470966 15672 maintenance_manager.cc:228] P d28f0f3b8d0e429484dbeeb2d41b7d50: Unregistered op MinorDeltaCompactionOp(b79d7adfa7fb48509d0cb5c3a01f5295)
I0902 17:01:16.471058 15841 ts_tablet_manager.cc:1097] T eab66cb8a35a4399936ca49988b0131d P 475a466ec8b44f39bbf6b23f10ebe15b: Deleting tablet data with delete state TABLET_DATA_DELETED
I0902 17:01:16.470973 15672 maintenance_manager.cc:228] P d28f0f3b8d0e429484dbeeb2d41b7d50: Unregistered op MajorDeltaCompactionOp(b79d7adfa7fb48509d0cb5c3a01f5295)
I0902 17:01:16.471091 15672 maintenance_manager.cc:228] P d28f0f3b8d0e429484dbeeb2d41b7d50: Unregistered op UndoDeltaBlockGCOp(b79d7adfa7fb48509d0cb5c3a01f5295)
I0902 17:01:16.471114 15672 maintenance_manager.cc:228] P d28f0f3b8d0e429484dbeeb2d41b7d50: Unregistered op FlushMRSOp(b79d7adfa7fb48509d0cb5c3a01f5295)
I0902 17:01:16.471123 15672 maintenance_manager.cc:228] P d28f0f3b8d0e429484dbeeb2d41b7d50: Unregistered op FlushDeltaMemStoresOp(b79d7adfa7fb48509d0cb5c3a01f5295)
I0902 17:01:16.471130 15672 maintenance_manager.cc:228] P d28f0f3b8d0e429484dbeeb2d41b7d50: Unregistered op LogGCOp(b79d7adfa7fb48509d0cb5c3a01f5295)
I0902 17:01:16.471148 15672 raft_consensus.cc:1807] T b79d7adfa7fb48509d0cb5c3a01f5295 P d28f0f3b8d0e429484dbeeb2d41b7d50 [term 2 FOLLOWER]: Raft consensus shutting down.
I0902 17:01:16.471194 15672 raft_consensus.cc:1834] T b79d7adfa7fb48509d0cb5c3a01f5295 P d28f0f3b8d0e429484dbeeb2d41b7d50 [term 2 FOLLOWER]: Raft consensus is shut down!
I0902 17:01:16.471240 15840 ts_tablet_manager.cc:1097] T b79d7adfa7fb48509d0cb5c3a01f5295 P 475a466ec8b44f39bbf6b23f10ebe15b: Deleting tablet data with delete state TABLET_DATA_DELETED
I0902 17:01:16.471412 15433 ts_tablet_manager.cc:1097] T eab66cb8a35a4399936ca49988b0131d P 81b89e30bd3e45e39b3bd3eca9d5f7c5: Deleting tablet data with delete state TABLET_DATA_DELETED
I0902 17:01:16.471827 15672 ts_tablet_manager.cc:1097] T b79d7adfa7fb48509d0cb5c3a01f5295 P d28f0f3b8d0e429484dbeeb2d41b7d50: Deleting tablet data with delete state TABLET_DATA_DELETED
I0902 17:01:16.472400 15088 catalog_manager.cc:3165] Sending DeleteTablet(TABLET_DATA_DELETED) for tablet b79d7adfa7fb48509d0cb5c3a01f5295 on 81b89e30bd3e45e39b3bd3eca9d5f7c5 (127.58.208.3:42179) (Partition dropped at 2017-09-02 17:01:16 UTC)
I0902 17:01:16.472616 15088 catalog_manager.cc:3508] T 00000000000000000000000000000000 P b004b3046b584f37925df45eda899ff0: Sending DeleteTablet for 3 replicas of tablet f6d6c8ad397848d1a55cbbc8353d8c9d
I0902 17:01:16.472692 15088 catalog_manager.cc:3165] Sending DeleteTablet(TABLET_DATA_DELETED) for tablet f6d6c8ad397848d1a55cbbc8353d8c9d on d28f0f3b8d0e429484dbeeb2d41b7d50 (127.58.208.1:59914) (Partition dropped at 2017-09-02 17:01:16 UTC)
I0902 17:01:16.473029 15671 tablet_service.cc:805] Processing DeleteTablet for tablet f6d6c8ad397848d1a55cbbc8353d8c9d with delete_type TABLET_DATA_DELETED (Partition dropped at 2017-09-02 17:01:16 UTC) from {username='slave'} at 127.0.0.1:34303
I0902 17:01:16.473067 15671 tablet_replica.cc:251] T f6d6c8ad397848d1a55cbbc8353d8c9d P d28f0f3b8d0e429484dbeeb2d41b7d50: stopping tablet replica
I0902 17:01:16.473085 15671 maintenance_manager.cc:228] P d28f0f3b8d0e429484dbeeb2d41b7d50: Unregistered op CompactRowSetsOp(f6d6c8ad397848d1a55cbbc8353d8c9d)
I0902 17:01:16.473095 15671 maintenance_manager.cc:228] P d28f0f3b8d0e429484dbeeb2d41b7d50: Unregistered op MinorDeltaCompactionOp(f6d6c8ad397848d1a55cbbc8353d8c9d)
I0902 17:01:16.473103 15671 maintenance_manager.cc:228] P d28f0f3b8d0e429484dbeeb2d41b7d50: Unregistered op MajorDeltaCompactionOp(f6d6c8ad397848d1a55cbbc8353d8c9d)
I0902 17:01:16.473109 15671 maintenance_manager.cc:228] P d28f0f3b8d0e429484dbeeb2d41b7d50: Unregistered op UndoDeltaBlockGCOp(f6d6c8ad397848d1a55cbbc8353d8c9d)
I0902 17:01:16.473120 15671 maintenance_manager.cc:228] P d28f0f3b8d0e429484dbeeb2d41b7d50: Unregistered op FlushMRSOp(f6d6c8ad397848d1a55cbbc8353d8c9d)
I0902 17:01:16.473127 15671 maintenance_manager.cc:228] P d28f0f3b8d0e429484dbeeb2d41b7d50: Unregistered op FlushDeltaMemStoresOp(f6d6c8ad397848d1a55cbbc8353d8c9d)
I0902 17:01:16.473134 15671 maintenance_manager.cc:228] P d28f0f3b8d0e429484dbeeb2d41b7d50: Unregistered op LogGCOp(f6d6c8ad397848d1a55cbbc8353d8c9d)
I0902 17:01:16.473150 15671 raft_consensus.cc:1807] T f6d6c8ad397848d1a55cbbc8353d8c9d P d28f0f3b8d0e429484dbeeb2d41b7d50 [term 1 LEADER]: Raft consensus shutting down.
I0902 17:01:16.473160 15671 consensus_peers.cc:433] T f6d6c8ad397848d1a55cbbc8353d8c9d P d28f0f3b8d0e429484dbeeb2d41b7d50 -> Peer 81b89e30bd3e45e39b3bd3eca9d5f7c5 (127.58.208.3:42179): Closing peer: 81b89e30bd3e45e39b3bd3eca9d5f7c5
I0902 17:01:16.473166 15841 ts_tablet_manager.cc:1110] T eab66cb8a35a4399936ca49988b0131d P 475a466ec8b44f39bbf6b23f10ebe15b: tablet deleted: last-logged OpId: 1.37
I0902 17:01:16.473173 15671 consensus_peers.cc:433] T f6d6c8ad397848d1a55cbbc8353d8c9d P d28f0f3b8d0e429484dbeeb2d41b7d50 -> Peer 475a466ec8b44f39bbf6b23f10ebe15b (127.58.208.2:43231): Closing peer: 475a466ec8b44f39bbf6b23f10ebe15b
I0902 17:01:16.473198 15841 log.cc:960] T eab66cb8a35a4399936ca49988b0131d P 475a466ec8b44f39bbf6b23f10ebe15b: Deleting WAL directory at /tmp/run_tha_testdnoRja/test-tmp/alter_table-randomized-test.AlterTableRandomized.TestRandomSequence.1504371669910680-15056/minicluster-data/ts-1/wal/wals/eab66cb8a35a4399936ca49988b0131d
I0902 17:01:16.473258 15671 raft_consensus.cc:1834] T f6d6c8ad397848d1a55cbbc8353d8c9d P d28f0f3b8d0e429484dbeeb2d41b7d50 [term 1 FOLLOWER]: Raft consensus is shut down!
I0902 17:01:16.473405 15841 ts_tablet_manager.cc:1128] T eab66cb8a35a4399936ca49988b0131d P 475a466ec8b44f39bbf6b23f10ebe15b: Deleting consensus metadata
I0902 17:01:16.473490 15088 catalog_manager.cc:3165] Sending DeleteTablet(TABLET_DATA_DELETED) for tablet f6d6c8ad397848d1a55cbbc8353d8c9d on 475a466ec8b44f39bbf6b23f10ebe15b (127.58.208.2:43231) (Partition dropped at 2017-09-02 17:01:16 UTC)
I0902 17:01:16.473742 15433 ts_tablet_manager.cc:1110] T eab66cb8a35a4399936ca49988b0131d P 81b89e30bd3e45e39b3bd3eca9d5f7c5: tablet deleted: last-logged OpId: 1.37
I0902 17:01:16.473803 15433 log.cc:960] T eab66cb8a35a4399936ca49988b0131d P 81b89e30bd3e45e39b3bd3eca9d5f7c5: Deleting WAL directory at /tmp/run_tha_testdnoRja/test-tmp/alter_table-randomized-test.AlterTableRandomized.TestRandomSequence.1504371669910680-15056/minicluster-data/ts-2/wal/wals/eab66cb8a35a4399936ca49988b0131d
I0902 17:01:16.473937 15088 catalog_manager.cc:3165] Sending DeleteTablet(TABLET_DATA_DELETED) for tablet f6d6c8ad397848d1a55cbbc8353d8c9d on 81b89e30bd3e45e39b3bd3eca9d5f7c5 (127.58.208.3:42179) (Partition dropped at 2017-09-02 17:01:16 UTC)
I0902 17:01:16.474030 15433 ts_tablet_manager.cc:1128] T eab66cb8a35a4399936ca49988b0131d P 81b89e30bd3e45e39b3bd3eca9d5f7c5: Deleting consensus metadata
I0902 17:01:16.473873 15838 tablet_service.cc:805] Processing DeleteTablet for tablet f6d6c8ad397848d1a55cbbc8353d8c9d with delete_type TABLET_DATA_DELETED (Partition dropped at 2017-09-02 17:01:16 UTC) from {username='slave'} at 127.0.0.1:34824
I0902 17:01:16.474428 15431 tablet_service.cc:805] Processing DeleteTablet for tablet b79d7adfa7fb48509d0cb5c3a01f5295 with delete_type TABLET_DATA_DELETED (Partition dropped at 2017-09-02 17:01:16 UTC) from {username='slave'} at 127.0.0.1:44274
I0902 17:01:16.474460 15838 tablet_replica.cc:251] T f6d6c8ad397848d1a55cbbc8353d8c9d P 475a466ec8b44f39bbf6b23f10ebe15b: stopping tablet replica
I0902 17:01:16.474460 15431 tablet_replica.cc:251] T b79d7adfa7fb48509d0cb5c3a01f5295 P 81b89e30bd3e45e39b3bd3eca9d5f7c5: stopping tablet replica
I0902 17:01:16.474479 15838 maintenance_manager.cc:228] P 475a466ec8b44f39bbf6b23f10ebe15b: Unregistered op CompactRowSetsOp(f6d6c8ad397848d1a55cbbc8353d8c9d)
I0902 17:01:16.474479 15431 maintenance_manager.cc:228] P 81b89e30bd3e45e39b3bd3eca9d5f7c5: Unregistered op CompactRowSetsOp(b79d7adfa7fb48509d0cb5c3a01f5295)
I0902 17:01:16.474489 15838 maintenance_manager.cc:228] P 475a466ec8b44f39bbf6b23f10ebe15b: Unregistered op MinorDeltaCompactionOp(f6d6c8ad397848d1a55cbbc8353d8c9d)
I0902 17:01:16.474489 15431 maintenance_manager.cc:228] P 81b89e30bd3e45e39b3bd3eca9d5f7c5: Unregistered op MinorDeltaCompactionOp(b79d7adfa7fb48509d0cb5c3a01f5295)
I0902 17:01:16.474498 15838 maintenance_manager.cc:228] P 475a466ec8b44f39bbf6b23f10ebe15b: Unregistered op MajorDeltaCompactionOp(f6d6c8ad397848d1a55cbbc8353d8c9d)
I0902 17:01:16.474498 15431 maintenance_manager.cc:228] P 81b89e30bd3e45e39b3bd3eca9d5f7c5: Unregistered op MajorDeltaCompactionOp(b79d7adfa7fb48509d0cb5c3a01f5295)
I0902 17:01:16.474505 15838 maintenance_manager.cc:228] P 475a466ec8b44f39bbf6b23f10ebe15b: Unregistered op UndoDeltaBlockGCOp(f6d6c8ad397848d1a55cbbc8353d8c9d)
I0902 17:01:16.474505 15431 maintenance_manager.cc:228] P 81b89e30bd3e45e39b3bd3eca9d5f7c5: Unregistered op UndoDeltaBlockGCOp(b79d7adfa7fb48509d0cb5c3a01f5295)
I0902 17:01:16.474517 15431 maintenance_manager.cc:228] P 81b89e30bd3e45e39b3bd3eca9d5f7c5: Unregistered op FlushMRSOp(b79d7adfa7fb48509d0cb5c3a01f5295)
I0902 17:01:16.474520 15838 maintenance_manager.cc:228] P 475a466ec8b44f39bbf6b23f10ebe15b: Unregistered op FlushMRSOp(f6d6c8ad397848d1a55cbbc8353d8c9d)
I0902 17:01:16.474524 15431 maintenance_manager.cc:228] P 81b89e30bd3e45e39b3bd3eca9d5f7c5: Unregistered op FlushDeltaMemStoresOp(b79d7adfa7fb48509d0cb5c3a01f5295)
I0902 17:01:16.474531 15838 maintenance_manager.cc:228] P 475a466ec8b44f39bbf6b23f10ebe15b: Unregistered op FlushDeltaMemStoresOp(f6d6c8ad397848d1a55cbbc8353d8c9d)
I0902 17:01:16.474531 15431 maintenance_manager.cc:228] P 81b89e30bd3e45e39b3bd3eca9d5f7c5: Unregistered op LogGCOp(b79d7adfa7fb48509d0cb5c3a01f5295)
I0902 17:01:16.474540 15838 maintenance_manager.cc:228] P 475a466ec8b44f39bbf6b23f10ebe15b: Unregistered op LogGCOp(f6d6c8ad397848d1a55cbbc8353d8c9d)
I0902 17:01:16.474547 15431 raft_consensus.cc:1807] T b79d7adfa7fb48509d0cb5c3a01f5295 P 81b89e30bd3e45e39b3bd3eca9d5f7c5 [term 2 LEADER]: Raft consensus shutting down.
I0902 17:01:16.474556 15431 consensus_peers.cc:433] T b79d7adfa7fb48509d0cb5c3a01f5295 P 81b89e30bd3e45e39b3bd3eca9d5f7c5 -> Peer 475a466ec8b44f39bbf6b23f10ebe15b (127.58.208.2:43231): Closing peer: 475a466ec8b44f39bbf6b23f10ebe15b
I0902 17:01:16.474556 15838 raft_consensus.cc:1807] T f6d6c8ad397848d1a55cbbc8353d8c9d P 475a466ec8b44f39bbf6b23f10ebe15b [term 1 FOLLOWER]: Raft consensus shutting down.
I0902 17:01:16.474570 15431 consensus_peers.cc:433] T b79d7adfa7fb48509d0cb5c3a01f5295 P 81b89e30bd3e45e39b3bd3eca9d5f7c5 -> Peer d28f0f3b8d0e429484dbeeb2d41b7d50 (127.58.208.1:59914): Closing peer: d28f0f3b8d0e429484dbeeb2d41b7d50
I0902 17:01:16.474599 15838 raft_consensus.cc:1834] T f6d6c8ad397848d1a55cbbc8353d8c9d P 475a466ec8b44f39bbf6b23f10ebe15b [term 1 FOLLOWER]: Raft consensus is shut down!
I0902 17:01:16.474673 15431 raft_consensus.cc:1834] T b79d7adfa7fb48509d0cb5c3a01f5295 P 81b89e30bd3e45e39b3bd3eca9d5f7c5 [term 2 FOLLOWER]: Raft consensus is shut down!
I0902 17:01:16.474692 15430 tablet_service.cc:805] Processing DeleteTablet for tablet f6d6c8ad397848d1a55cbbc8353d8c9d with delete_type TABLET_DATA_DELETED (Partition dropped at 2017-09-02 17:01:16 UTC) from {username='slave'} at 127.0.0.1:44274
I0902 17:01:16.474722 15430 tablet_replica.cc:251] T f6d6c8ad397848d1a55cbbc8353d8c9d P 81b89e30bd3e45e39b3bd3eca9d5f7c5: stopping tablet replica
I0902 17:01:16.474738 15430 maintenance_manager.cc:228] P 81b89e30bd3e45e39b3bd3eca9d5f7c5: Unregistered op CompactRowSetsOp(f6d6c8ad397848d1a55cbbc8353d8c9d)
I0902 17:01:16.474747 15430 maintenance_manager.cc:228] P 81b89e30bd3e45e39b3bd3eca9d5f7c5: Unregistered op MinorDeltaCompactionOp(f6d6c8ad397848d1a55cbbc8353d8c9d)
I0902 17:01:16.474755 15430 maintenance_manager.cc:228] P 81b89e30bd3e45e39b3bd3eca9d5f7c5: Unregistered op MajorDeltaCompactionOp(f6d6c8ad397848d1a55cbbc8353d8c9d)
I0902 17:01:16.474761 15430 maintenance_manager.cc:228] P 81b89e30bd3e45e39b3bd3eca9d5f7c5: Unregistered op UndoDeltaBlockGCOp(f6d6c8ad397848d1a55cbbc8353d8c9d)
I0902 17:01:16.474772 15430 maintenance_manager.cc:228] P 81b89e30bd3e45e39b3bd3eca9d5f7c5: Unregistered op FlushMRSOp(f6d6c8ad397848d1a55cbbc8353d8c9d)
I0902 17:01:16.474778 15430 maintenance_manager.cc:228] P 81b89e30bd3e45e39b3bd3eca9d5f7c5: Unregistered op FlushDeltaMemStoresOp(f6d6c8ad397848d1a55cbbc8353d8c9d)
I0902 17:01:16.474784 15430 maintenance_manager.cc:228] P 81b89e30bd3e45e39b3bd3eca9d5f7c5: Unregistered op LogGCOp(f6d6c8ad397848d1a55cbbc8353d8c9d)
I0902 17:01:16.474798 15430 raft_consensus.cc:1807] T f6d6c8ad397848d1a55cbbc8353d8c9d P 81b89e30bd3e45e39b3bd3eca9d5f7c5 [term 1 FOLLOWER]: Raft consensus shutting down.
I0902 17:01:16.474850 15671 ts_tablet_manager.cc:1097] T f6d6c8ad397848d1a55cbbc8353d8c9d P d28f0f3b8d0e429484dbeeb2d41b7d50: Deleting tablet data with delete state TABLET_DATA_DELETED
I0902 17:01:16.474858 15672 ts_tablet_manager.cc:1110] T b79d7adfa7fb48509d0cb5c3a01f5295 P d28f0f3b8d0e429484dbeeb2d41b7d50: tablet deleted: last-logged OpId: 2.25
I0902 17:01:16.474880 15672 log.cc:960] T b79d7adfa7fb48509d0cb5c3a01f5295 P d28f0f3b8d0e429484dbeeb2d41b7d50: Deleting WAL directory at /tmp/run_tha_testdnoRja/test-tmp/alter_table-randomized-test.AlterTableRandomized.TestRandomSequence.1504371669910680-15056/minicluster-data/ts-0/wal/wals/b79d7adfa7fb48509d0cb5c3a01f5295
I0902 17:01:16.474413 15840 ts_tablet_manager.cc:1110] T b79d7adfa7fb48509d0cb5c3a01f5295 P 475a466ec8b44f39bbf6b23f10ebe15b: tablet deleted: last-logged OpId: 2.25
I0902 17:01:16.475010 15840 log.cc:960] T b79d7adfa7fb48509d0cb5c3a01f5295 P 475a466ec8b44f39bbf6b23f10ebe15b: Deleting WAL directory at /tmp/run_tha_testdnoRja/test-tmp/alter_table-randomized-test.AlterTableRandomized.TestRandomSequence.1504371669910680-15056/minicluster-data/ts-1/wal/wals/b79d7adfa7fb48509d0cb5c3a01f5295
I0902 17:01:16.475087 15672 ts_tablet_manager.cc:1128] T b79d7adfa7fb48509d0cb5c3a01f5295 P d28f0f3b8d0e429484dbeeb2d41b7d50: Deleting consensus metadata
I0902 17:01:16.475214 15431 ts_tablet_manager.cc:1097] T b79d7adfa7fb48509d0cb5c3a01f5295 P 81b89e30bd3e45e39b3bd3eca9d5f7c5: Deleting tablet data with delete state TABLET_DATA_DELETED
I0902 17:01:16.475231 15840 ts_tablet_manager.cc:1128] T b79d7adfa7fb48509d0cb5c3a01f5295 P 475a466ec8b44f39bbf6b23f10ebe15b: Deleting consensus metadata
I0902 17:01:16.475836 15072 catalog_manager.cc:3143] TS 475a466ec8b44f39bbf6b23f10ebe15b (127.58.208.2:43231): tablet b79d7adfa7fb48509d0cb5c3a01f5295 (table test-table [id=b7f89f9ec9c0479b9fed277cd873ba0e]) successfully deleted
I0902 17:01:16.476282 15838 ts_tablet_manager.cc:1097] T f6d6c8ad397848d1a55cbbc8353d8c9d P 475a466ec8b44f39bbf6b23f10ebe15b: Deleting tablet data with delete state TABLET_DATA_DELETED
I0902 17:01:16.476294 15073 catalog_manager.cc:3143] TS d28f0f3b8d0e429484dbeeb2d41b7d50 (127.58.208.1:59914): tablet b79d7adfa7fb48509d0cb5c3a01f5295 (table test-table [id=b7f89f9ec9c0479b9fed277cd873ba0e]) successfully deleted
I0902 17:01:16.476522 15072 catalog_manager.cc:3143] TS 475a466ec8b44f39bbf6b23f10ebe15b (127.58.208.2:43231): tablet eab66cb8a35a4399936ca49988b0131d (table test-table [id=b7f89f9ec9c0479b9fed277cd873ba0e]) successfully deleted
I0902 17:01:16.476529 15671 ts_tablet_manager.cc:1110] T f6d6c8ad397848d1a55cbbc8353d8c9d P d28f0f3b8d0e429484dbeeb2d41b7d50: tablet deleted: last-logged OpId: 1.10
I0902 17:01:16.476559 15671 log.cc:960] T f6d6c8ad397848d1a55cbbc8353d8c9d P d28f0f3b8d0e429484dbeeb2d41b7d50: Deleting WAL directory at /tmp/run_tha_testdnoRja/test-tmp/alter_table-randomized-test.AlterTableRandomized.TestRandomSequence.1504371669910680-15056/minicluster-data/ts-0/wal/wals/f6d6c8ad397848d1a55cbbc8353d8c9d
I0902 17:01:16.476760 15671 ts_tablet_manager.cc:1128] T f6d6c8ad397848d1a55cbbc8353d8c9d P d28f0f3b8d0e429484dbeeb2d41b7d50: Deleting consensus metadata
I0902 17:01:16.477114 15431 ts_tablet_manager.cc:1110] T b79d7adfa7fb48509d0cb5c3a01f5295 P 81b89e30bd3e45e39b3bd3eca9d5f7c5: tablet deleted: last-logged OpId: 2.25
I0902 17:01:16.477143 15431 log.cc:960] T b79d7adfa7fb48509d0cb5c3a01f5295 P 81b89e30bd3e45e39b3bd3eca9d5f7c5: Deleting WAL directory at /tmp/run_tha_testdnoRja/test-tmp/alter_table-randomized-test.AlterTableRandomized.TestRandomSequence.1504371669910680-15056/minicluster-data/ts-2/wal/wals/b79d7adfa7fb48509d0cb5c3a01f5295
I0902 17:01:16.477335 15431 ts_tablet_manager.cc:1128] T b79d7adfa7fb48509d0cb5c3a01f5295 P 81b89e30bd3e45e39b3bd3eca9d5f7c5: Deleting consensus metadata
I0902 17:01:16.477468 15430 raft_consensus.cc:1834] T f6d6c8ad397848d1a55cbbc8353d8c9d P 81b89e30bd3e45e39b3bd3eca9d5f7c5 [term 1 FOLLOWER]: Raft consensus is shut down!
I0902 17:01:16.477628 15056 alter_table-randomized-test.cc:114] Restarting TS 0
I0902 17:01:16.477668 15056 external_mini_cluster.cc:959] Killing /tmp/run_tha_testdnoRja/build/debug/bin/kudu-tserver with pid 15611
I0902 17:01:16.477695 15073 catalog_manager.cc:3143] TS d28f0f3b8d0e429484dbeeb2d41b7d50 (127.58.208.1:59914): tablet f6d6c8ad397848d1a55cbbc8353d8c9d (table test-table [id=b7f89f9ec9c0479b9fed277cd873ba0e]) successfully deleted
I0902 17:01:16.477963 15430 ts_tablet_manager.cc:1097] T f6d6c8ad397848d1a55cbbc8353d8c9d P 81b89e30bd3e45e39b3bd3eca9d5f7c5: Deleting tablet data with delete state TABLET_DATA_DELETED
I0902 17:01:16.478026 15838 ts_tablet_manager.cc:1110] T f6d6c8ad397848d1a55cbbc8353d8c9d P 475a466ec8b44f39bbf6b23f10ebe15b: tablet deleted: last-logged OpId: 1.10
I0902 17:01:16.478061 15838 log.cc:960] T f6d6c8ad397848d1a55cbbc8353d8c9d P 475a466ec8b44f39bbf6b23f10ebe15b: Deleting WAL directory at /tmp/run_tha_testdnoRja/test-tmp/alter_table-randomized-test.AlterTableRandomized.TestRandomSequence.1504371669910680-15056/minicluster-data/ts-1/wal/wals/f6d6c8ad397848d1a55cbbc8353d8c9d
I0902 17:01:16.478497 15838 ts_tablet_manager.cc:1128] T f6d6c8ad397848d1a55cbbc8353d8c9d P 475a466ec8b44f39bbf6b23f10ebe15b: Deleting consensus metadata
I0902 17:01:16.479192 15430 ts_tablet_manager.cc:1110] T f6d6c8ad397848d1a55cbbc8353d8c9d P 81b89e30bd3e45e39b3bd3eca9d5f7c5: tablet deleted: last-logged OpId: 1.10
I0902 17:01:16.479226 15430 log.cc:960] T f6d6c8ad397848d1a55cbbc8353d8c9d P 81b89e30bd3e45e39b3bd3eca9d5f7c5: Deleting WAL directory at /tmp/run_tha_testdnoRja/test-tmp/alter_table-randomized-test.AlterTableRandomized.TestRandomSequence.1504371669910680-15056/minicluster-data/ts-2/wal/wals/f6d6c8ad397848d1a55cbbc8353d8c9d
I0902 17:01:16.479238 15072 catalog_manager.cc:3143] TS 475a466ec8b44f39bbf6b23f10ebe15b (127.58.208.2:43231): tablet f6d6c8ad397848d1a55cbbc8353d8c9d (table test-table [id=b7f89f9ec9c0479b9fed277cd873ba0e]) successfully deleted
I0902 17:01:16.479331 15072 catalog_manager.cc:3143] TS 81b89e30bd3e45e39b3bd3eca9d5f7c5 (127.58.208.3:42179): tablet eab66cb8a35a4399936ca49988b0131d (table test-table [id=b7f89f9ec9c0479b9fed277cd873ba0e]) successfully deleted
I0902 17:01:16.479427 15430 ts_tablet_manager.cc:1128] T f6d6c8ad397848d1a55cbbc8353d8c9d P 81b89e30bd3e45e39b3bd3eca9d5f7c5: Deleting consensus metadata
I0902 17:01:16.480021 15072 catalog_manager.cc:3143] TS 81b89e30bd3e45e39b3bd3eca9d5f7c5 (127.58.208.3:42179): tablet b79d7adfa7fb48509d0cb5c3a01f5295 (table test-table [id=b7f89f9ec9c0479b9fed277cd873ba0e]) successfully deleted
I0902 17:01:16.480316 15072 catalog_manager.cc:3143] TS 81b89e30bd3e45e39b3bd3eca9d5f7c5 (127.58.208.3:42179): tablet f6d6c8ad397848d1a55cbbc8353d8c9d (table test-table [id=b7f89f9ec9c0479b9fed277cd873ba0e]) successfully deleted
W0902 17:01:16.484211 15504 connection.cc:511] client connection to 127.58.208.1:59914 recv error: Network error: failed to read from TLS socket: Connection reset by peer (error 104)
W0902 17:01:16.484226 15061 connection.cc:511] client connection to 127.58.208.1:59914 recv error: Network error: failed to read from TLS socket: Connection reset by peer (error 104)
W0902 17:01:16.484283 15793 connection.cc:511] client connection to 127.58.208.1:59914 recv error: Network error: failed to read from TLS socket: Connection reset by peer (error 104)
W0902 17:01:16.484901 15388 connection.cc:511] client connection to 127.58.208.1:59914 recv error: Network error: failed to read from TLS socket: Connection reset by peer (error 104)
W0902 17:01:16.485088 15070 connection.cc:511] server connection from 127.58.208.1:58377 recv error: Network error: failed to read from TLS socket: Connection reset by peer (error 104)
W0902 17:01:16.485271 15073 connection.cc:511] client connection to 127.58.208.1:59914 recv error: Network error: failed to read from TLS socket: Connection reset by peer (error 104)
W0902 17:01:16.485466 15791 connection.cc:511] server connection from 127.58.208.1:40742 recv error: Network error: failed to read from TLS socket: Connection reset by peer (error 104)
W0902 17:01:16.485477 15388 connection.cc:511] server connection from 127.58.208.1:43976 recv error: Network error: failed to read from TLS socket: Connection reset by peer (error 104)
I0902 17:01:16.485891 15056 external_mini_cluster.cc:767] Running /tmp/run_tha_testdnoRja/build/debug/bin/kudu-tserver /tmp/run_tha_testdnoRja/build/debug/bin/kudu-tserver --fs_wal_dir=/tmp/run_tha_testdnoRja/test-tmp/alter_table-randomized-test.AlterTableRandomized.TestRandomSequence.1504371669910680-15056/minicluster-data/ts-0/wal --fs_data_dirs=/tmp/run_tha_testdnoRja/test-tmp/alter_table-randomized-test.AlterTableRandomized.TestRandomSequence.1504371669910680-15056/minicluster-data/ts-0/data --rpc_bind_addresses=127.58.208.1:59914 --local_ip_for_outbound_sockets=127.58.208.1 --webserver_port=43787 --webserver_interface=127.58.208.1 --tserver_master_addrs=127.58.208.254:35373 --never_fsync --ipki_server_key_size=1024 --enable_minidumps=false --redact=flag --metrics_log_interval_ms=1000 --logtostderr --logbuflevel=-1 --log_dir=/tmp/run_tha_testdnoRja/test-tmp/alter_table-randomized-test.AlterTableRandomized.TestRandomSequence.1504371669910680-15056/minicluster-data/ts-0/logs --server_dump_info_path=/tmp/run_tha_testdnoRja/test-tmp/alter_table-randomized-test.AlterTableRandomized.TestRandomSequence.1504371669910680-15056/minicluster-data/ts-0/data/info.pb --server_dump_info_format=pb --rpc_server_allow_ephemeral_ports --unlock_experimental_flags --unlock_unsafe_flags --log_container_preallocate_bytes=0 with env {} WARNING: Logging before InitGoogleLogging() is written to STDERR
W0902 17:01:16.521240 15998 flags.cc:395] Enabled unsafe flag: --rpc_server_allow_ephemeral_ports=true
W0902 17:01:16.521378 15998 flags.cc:395] Enabled unsafe flag: --never_fsync=true
W0902 17:01:16.522011 15998 flags.cc:395] Enabled experimental flag: --ipki_server_key_size=1024
W0902 17:01:16.522055 15998 flags.cc:395] Enabled experimental flag: --local_ip_for_outbound_sockets=127.58.208.1
I0902 17:01:16.523217 15998 tablet_server_main.cc:72] Tablet server non-default flags: --fs_data_dirs=/tmp/run_tha_testdnoRja/test-tmp/alter_table-randomized-test.AlterTableRandomized.TestRandomSequence.1504371669910680-15056/minicluster-data/ts-0/data --fs_wal_dir=/tmp/run_tha_testdnoRja/test-tmp/alter_table-randomized-test.AlterTableRandomized.TestRandomSequence.1504371669910680-15056/minicluster-data/ts-0/wal --log_container_preallocate_bytes=0 --ipki_server_key_size=1024 --rpc_bind_addresses=127.58.208.1:59914 --rpc_server_allow_ephemeral_ports=true --metrics_log_interval_ms=1000 --server_dump_info_format=pb --server_dump_info_path=/tmp/run_tha_testdnoRja/test-tmp/alter_table-randomized-test.AlterTableRandomized.TestRandomSequence.1504371669910680-15056/minicluster-data/ts-0/data/info.pb --webserver_interface=127.58.208.1 --webserver_port=43787 --tserver_master_addrs=127.58.208.254:35373 --never_fsync=true --heap_profile_path=/tmp/kudu-tserver.15998 --redact=flag --unlock_experimental_flags=true --unlock_unsafe_flags=true --enable_minidumps=false --local_ip_for_outbound_sockets=127.58.208.1 --log_dir=/tmp/run_tha_testdnoRja/test-tmp/alter_table-randomized-test.AlterTableRandomized.TestRandomSequence.1504371669910680-15056/minicluster-data/ts-0/logs --logbuflevel=-1 --logtostderr=true Tablet server version: kudu 1.6.0-SNAPSHOT revision 6e33286f595b7754377398ab85b18a953fabe7f9 build type DEBUG built by adar at 02 Sep 2017 09:50:52 PST on ve0518.halxg.cloudera.com
I0902 17:01:16.527736 15998 tablet_server_main.cc:79] Initializing tablet server...
I0902 17:01:16.528506 15998 system_ntp.cc:104] NTP initialized. Resolution in nanos?: 1 Skew PPM: 500 Current error: 1157013
I0902 17:01:16.532153 15998 fs_manager.cc:323] Time spent opening directory manager: real 0.002s user 0.004s sys 0.000s
I0902 17:01:16.532284 15998 env_posix.cc:1590] Not raising process file limit of 65536; it is already as high as it can go
I0902 17:01:16.532413 15998 file_cache.cc:469] Constructed file cache lbm with capacity 26214
I0902 17:01:16.538509 15998 fs_manager.cc:335] Time spent opening block manager: real 0.004s user 0.000s sys 0.000s
I0902 17:01:16.538944 15998 fs_manager.cc:348] Opened local filesystem: /tmp/run_tha_testdnoRja/test-tmp/alter_table-randomized-test.AlterTableRandomized.TestRandomSequence.1504371669910680-15056/minicluster-data/ts-0/data,/tmp/run_tha_testdnoRja/test-tmp/alter_table-randomized-test.AlterTableRandomized.TestRandomSequence.1504371669910680-15056/minicluster-data/ts-0/wal uuid: "d28f0f3b8d0e429484dbeeb2d41b7d50" format_stamp: "Formatted at 2017-09-02 17:01:10 on dist-test-slave-dist-test-slave-hk29"
I0902 17:01:16.539012 15998 fs_report.cc:347] Block manager report -------------------- 1 data directories: /tmp/run_tha_testdnoRja/test-tmp/alter_table-randomized-test.AlterTableRandomized.TestRandomSequence.1504371669910680-15056/minicluster-data/ts-0/data/data Total live blocks: 0 Total live bytes: 0 Total live bytes (after alignment): 0 Total number of LBM containers: 7 (0 full) Did not check for missing blocks Did not check for orphaned blocks Total full LBM containers with extra space: 0 (0 repaired) Total full LBM container extra space in bytes: 0 (0 repaired) Total incomplete LBM containers: 0 (0 repaired) Total LBM partial records: 0 (0 repaired)
I0902 17:01:16.566804 15998 ts_tablet_manager.cc:199] Loading tablet metadata (0/1 complete)
I0902 17:01:16.566829 15998 ts_tablet_manager.cc:770] T 90bdf07d7cff4418abffb7935260feb8 P d28f0f3b8d0e429484dbeeb2d41b7d50: Loading tablet metadata
I0902 17:01:16.569067 15998 ts_tablet_manager.cc:211] Loaded tablet metadata (1 live tablets)
I0902 17:01:16.570118 15998 ts_tablet_manager.cc:943] T 90bdf07d7cff4418abffb7935260feb8 P d28f0f3b8d0e429484dbeeb2d41b7d50: Registered tablet (data state: TABLET_DATA_READY)
I0902 17:01:16.570415 16013 ts_tablet_manager.cc:793] T 90bdf07d7cff4418abffb7935260feb8 P d28f0f3b8d0e429484dbeeb2d41b7d50: Bootstrapping tablet
I0902 17:01:16.570507 15998 tablet_server_main.cc:84] Starting tablet server...
I0902 17:01:16.570616 16013 tablet_bootstrap.cc:433] T 90bdf07d7cff4418abffb7935260feb8 P d28f0f3b8d0e429484dbeeb2d41b7d50: Bootstrap starting.
I0902 17:01:16.582458 16013 log.cc:518] T 90bdf07d7cff4418abffb7935260feb8 P d28f0f3b8d0e429484dbeeb2d41b7d50: Log is configured to *not* fsync() on all Append() calls
I0902 17:01:16.584506 16013 tablet.cc:1115] T 90bdf07d7cff4418abffb7935260feb8 P d28f0f3b8d0e429484dbeeb2d41b7d50: Alter schema from Schema [ 10:key[int32 NOT NULL], 13:c44[int32 NOT NULL], 16:c314[int32 NOT NULL] ] version 0 to Schema [ 10:key[int32 NOT NULL], 13:c44[int32 NOT NULL], 16:c314[int32 NOT NULL] ] version 5
I0902 17:01:16.584614 16013 tablet_metadata.cc:508] Not flushing: waiting for 1 pins to be released.
I0902 17:01:16.585053 16013 tablet.cc:1110] T 90bdf07d7cff4418abffb7935260feb8 P d28f0f3b8d0e429484dbeeb2d41b7d50: Already running schema version 5 got alter request for version 5
I0902 17:01:16.585558 16013 tablet.cc:1110] T 90bdf07d7cff4418abffb7935260feb8 P d28f0f3b8d0e429484dbeeb2d41b7d50: Already running schema version 5 got alter request for version 5
I0902 17:01:16.585795 16013 tablet.cc:1110] T 90bdf07d7cff4418abffb7935260feb8 P d28f0f3b8d0e429484dbeeb2d41b7d50: Already running schema version 5 got alter request for version 5
I0902 17:01:16.585991 16013 tablet.cc:1110] T 90bdf07d7cff4418abffb7935260feb8 P d28f0f3b8d0e429484dbeeb2d41b7d50: Already running schema version 5 got alter request for version 5
I0902 17:01:16.586184 16013 tablet.cc:1110] T 90bdf07d7cff4418abffb7935260feb8 P d28f0f3b8d0e429484dbeeb2d41b7d50: Already running schema version 5 got alter request for version 5
I0902 17:01:16.586520 16013 tablet.cc:1110] T 90bdf07d7cff4418abffb7935260feb8 P d28f0f3b8d0e429484dbeeb2d41b7d50: Already running schema version 5 got alter request for version 5
I0902 17:01:16.586851 16013 tablet.cc:1115] T 90bdf07d7cff4418abffb7935260feb8 P d28f0f3b8d0e429484dbeeb2d41b7d50: Alter schema from Schema [ 10:key[int32 NOT NULL], 13:c44[int32 NOT NULL], 16:c314[int32 NOT NULL] ] version 5 to Schema [ 10:key[int32 NOT NULL] ] version 6
I0902 17:01:16.587247 16013 tablet.cc:1058] T 90bdf07d7cff4418abffb7935260feb8 P d28f0f3b8d0e429484dbeeb2d41b7d50: MemRowSet was empty: no flush needed.
I0902 17:01:16.587354 16013 tablet_metadata.cc:508] Not flushing: waiting for 1 pins to be released.
I0902 17:01:16.591261 16013 tablet_bootstrap.cc:433] T 90bdf07d7cff4418abffb7935260feb8 P d28f0f3b8d0e429484dbeeb2d41b7d50: Bootstrap replayed 1/1 log segments. Stats: ops{read=13 overwritten=0 applied=13 ignored=0} inserts{seen=3 ignored=0} mutations{seen=1 ignored=0} orphaned_commits=0. Pending: 0 replicates
I0902 17:01:16.591524 16013 tablet_bootstrap.cc:433] T 90bdf07d7cff4418abffb7935260feb8 P d28f0f3b8d0e429484dbeeb2d41b7d50: Bootstrap complete.
I0902 17:01:16.595325 16013 ts_tablet_manager.cc:818] T 90bdf07d7cff4418abffb7935260feb8 P d28f0f3b8d0e429484dbeeb2d41b7d50: Time spent bootstrapping tablet: real 0.025s user 0.016s sys 0.008s
I0902 17:01:16.596395 16013 raft_consensus.cc:287] T 90bdf07d7cff4418abffb7935260feb8 P d28f0f3b8d0e429484dbeeb2d41b7d50 [term 1 FOLLOWER]: Replica starting. Triggering 0 pending transactions. Active config: opid_index: -1 OBSOLETE_local: false peers { permanent_uuid: "475a466ec8b44f39bbf6b23f10ebe15b" member_type: VOTER last_known_addr { host: "127.58.208.2" port: 43231 } } peers { permanent_uuid: "d28f0f3b8d0e429484dbeeb2d41b7d50" member_type: VOTER last_known_addr { host: "127.58.208.1" port: 59914 } } peers { permanent_uuid: "81b89e30bd3e45e39b3bd3eca9d5f7c5" member_type: VOTER last_known_addr { host: "127.58.208.3" port: 42179 } }
I0902 17:01:16.596601 16013 raft_consensus.cc:576] T 90bdf07d7cff4418abffb7935260feb8 P d28f0f3b8d0e429484dbeeb2d41b7d50 [term 1 FOLLOWER]: Becoming Follower/Learner. State: Replica: d28f0f3b8d0e429484dbeeb2d41b7d50, State: Initialized, Role: FOLLOWER
I0902 17:01:16.596658 16013 consensus_queue.cc:190] T 90bdf07d7cff4418abffb7935260feb8 P d28f0f3b8d0e429484dbeeb2d41b7d50 [NON_LEADER]: Queue going to NON_LEADER mode. State: All replicated index: 0, Majority replicated index: 0, Committed index: 13, Last appended: 1.13, Last appended by leader: 13, Current term: 0, Majority size: -1, State: 0, Mode: NON_LEADER
I0902 17:01:16.597218 16013 ts_tablet_manager.cc:846] T 90bdf07d7cff4418abffb7935260feb8 P d28f0f3b8d0e429484dbeeb2d41b7d50: Time spent starting tablet: real 0.002s user 0.000s sys 0.000s
I0902 17:01:16.601220 15998 rpc_server.cc:192] RPC server started. Bound to: 127.58.208.1:59914
I0902 17:01:16.601486 15998 webserver.cc:149] Starting webserver on 127.58.208.1:43787
I0902 17:01:16.601500 15998 webserver.cc:160] Document root disabled
I0902 17:01:16.601819 15998 webserver.cc:282] Webserver started. Bound to: http://127.58.208.1:43787/
I0902 17:01:16.602159 15998 server_base.cc:372] Dumped server information to /tmp/run_tha_testdnoRja/test-tmp/alter_table-randomized-test.AlterTableRandomized.TestRandomSequence.1504371669910680-15056/minicluster-data/ts-0/data/info.pb
I0902 17:01:16.602660 15998 tablet_server_main.cc:87] Tablet server successfully started.
I0902 17:01:16.603024 16122 process_memory.cc:181] Process hard memory limit is 11.777661 GB
I0902 17:01:16.603041 16122 process_memory.cc:183] Process soft memory limit is 9.422129 GB
I0902 17:01:16.603045 16122 process_memory.cc:186] Process memory pressure threshold is 7.066597 GB
I0902 17:01:16.607903 16121 heartbeater.cc:317] Connected to a master server at 127.58.208.254:35373
I0902 17:01:16.607990 16121 heartbeater.cc:387] Registering TS with master...
I0902 17:01:16.608218 16121 heartbeater.cc:414] Master 127.58.208.254:35373 requested a full tablet report, sending...
I0902 17:01:16.608994 15088 ts_manager.cc:87] Re-registered known tserver with Master: d28f0f3b8d0e429484dbeeb2d41b7d50 (127.58.208.1:59914)
I0902 17:01:16.609212 15056 external_mini_cluster.cc:829] Started /tmp/run_tha_testdnoRja/build/debug/bin/kudu-tserver as pid 15998
I0902 17:01:16.609861 15088 master_service.cc:203] Signed X509 certificate for tserver {username='slave'} at 127.58.208.1:53313
I0902 17:01:16.614058 15056 alter_table-randomized-test.cc:119] TS 0 Restarted
I0902 17:01:16.621840 16121 heartbeater.cc:406] Master 127.58.208.254:35373 was elected leader, sending a full tablet report...
I0902 17:01:16.642851 15056 alter_table-randomized-test.cc:436] Beginning Alterations
I0902 17:01:16.643635 15056 alter_table-randomized-test.cc:582] Dropping range partition: [1476394986, 1543503849) resulting partitions: ()
I0902 17:01:16.643685 15056 alter_table-randomized-test.cc:550] Adding range partition: [0, 67108863) resulting partitions: (0, 67108863)
I0902 17:01:16.643707 15056 alter_table-randomized-test.cc:582] Dropping range partition: [0, 67108863) resulting partitions: ()
I0902 17:01:16.643723 15056 alter_table-randomized-test.cc:550] Adding range partition: [805306356, 872415219) resulting partitions: (805306356, 872415219)
I0902 17:01:16.643738 15056 alter_table-randomized-test.cc:550] Adding range partition: [872415219, 939524082) resulting partitions: (805306356, 872415219], (872415219, 939524082)
I0902 17:01:16.643754 15056 alter_table-randomized-test.cc:582] Dropping range partition: [872415219, 939524082) resulting partitions: (805306356, 872415219)
I0902 17:01:16.643766 15056 alter_table-randomized-test.cc:468] Committing Alterations
I0902 17:01:16.644332 15088 catalog_manager.cc:1946] Servicing AlterTable request from {username='slave'} at 127.0.0.1:43619: table { table_name: "test-table" } alter_schema_steps { type: DROP_RANGE_PARTITION drop_range_partition { range_bounds { rows: "\006\001\352\377\377W\007\001\351\377\377[" } } } alter_schema_steps { type: ADD_RANGE_PARTITION add_range_partition { range_bounds { rows: "\010\001\377\377\377\377\t\001\376\377\377\003" } } } alter_schema_steps { type: DROP_RANGE_PARTITION drop_range_partition { range_bounds { rows: "\006\001\000\000\000\000\007\001\377\377\377\003" } } } alter_schema_steps { type: ADD_RANGE_PARTITION add_range_partition { range_bounds { rows: "\010\001\363\377\377/\007\001\363\377\3773" } } } alter_schema_steps { type: ADD_RANGE_PARTITION add_range_partition { range_bounds { rows: "\006\001\363\377\3773\t\001\361\377\3777" } } } alter_schema_steps { type: DROP_RANGE_PARTITION drop_range_partition { range_bounds { rows: "\006\001\363\377\3773\007\001\362\377\3777" } } } schema { columns { name: "key" type: INT32 is_key: true is_nullable: false encoding: AUTO_ENCODING compression: DEFAULT_COMPRESSION cfile_block_size: 0 } }
I0902 17:01:16.646426 15088 catalog_manager.cc:2943] Scheduling retry of ef0b59c0617842d98db1c3b341e8916b (table test-table [id=b7f89f9ec9c0479b9fed277cd873ba0e]) Alter Table RPC with a delay of 8 ms (attempt = 0)
W0902 17:01:16.646461 15088 catalog_manager.cc:3482] Failed to send alter table request: Not found: Failed to reset TS proxy: No leader found: Tablet ef0b59c0617842d98db1c3b341e8916b has no consensus state
I0902 17:01:16.646473 15088 catalog_manager.cc:3508] T 00000000000000000000000000000000 P b004b3046b584f37925df45eda899ff0: Sending DeleteTablet for 3 replicas of tablet 90bdf07d7cff4418abffb7935260feb8
I0902 17:01:16.646507 15088 catalog_manager.cc:3165] Sending DeleteTablet(TABLET_DATA_DELETED) for tablet 90bdf07d7cff4418abffb7935260feb8 on 475a466ec8b44f39bbf6b23f10ebe15b (127.58.208.2:43231) (Partition dropped at 2017-09-02 17:01:16 UTC)
I0902 17:01:16.646771 15088 catalog_manager.cc:3165] Sending DeleteTablet(TABLET_DATA_DELETED) for tablet 90bdf07d7cff4418abffb7935260feb8 on d28f0f3b8d0e429484dbeeb2d41b7d50 (127.58.208.1:59914) (Partition dropped at 2017-09-02 17:01:16 UTC)
I0902 17:01:16.646858 15088 catalog_manager.cc:3165] Sending DeleteTablet(TABLET_DATA_DELETED) for tablet 90bdf07d7cff4418abffb7935260feb8 on 81b89e30bd3e45e39b3bd3eca9d5f7c5 (127.58.208.3:42179) (Partition dropped at 2017-09-02 17:01:16 UTC)
I0902 17:01:16.646883 15838 tablet_service.cc:805] Processing DeleteTablet for tablet 90bdf07d7cff4418abffb7935260feb8 with delete_type TABLET_DATA_DELETED (Partition dropped at 2017-09-02 17:01:16 UTC) from {username='slave'} at 127.0.0.1:34824
I0902 17:01:16.646937 15838 tablet_replica.cc:251] T 90bdf07d7cff4418abffb7935260feb8 P 475a466ec8b44f39bbf6b23f10ebe15b: stopping tablet replica
I0902 17:01:16.646965 15838 maintenance_manager.cc:228] P 475a466ec8b44f39bbf6b23f10ebe15b: Unregistered op CompactRowSetsOp(90bdf07d7cff4418abffb7935260feb8)
I0902 17:01:16.646980 15838 maintenance_manager.cc:228] P 475a466ec8b44f39bbf6b23f10ebe15b: Unregistered op MinorDeltaCompactionOp(90bdf07d7cff4418abffb7935260feb8)
I0902 17:01:16.646986 15838 maintenance_manager.cc:228] P 475a466ec8b44f39bbf6b23f10ebe15b: Unregistered op MajorDeltaCompactionOp(90bdf07d7cff4418abffb7935260feb8)
I0902 17:01:16.646992 15838 maintenance_manager.cc:228] P 475a466ec8b44f39bbf6b23f10ebe15b: Unregistered op UndoDeltaBlockGCOp(90bdf07d7cff4418abffb7935260feb8)
I0902 17:01:16.647006 15838 maintenance_manager.cc:228] P 475a466ec8b44f39bbf6b23f10ebe15b: Unregistered op FlushMRSOp(90bdf07d7cff4418abffb7935260feb8)
I0902 17:01:16.647012 15838 maintenance_manager.cc:228] P 475a466ec8b44f39bbf6b23f10ebe15b: Unregistered op FlushDeltaMemStoresOp(90bdf07d7cff4418abffb7935260feb8)
I0902 17:01:16.647017 15838 maintenance_manager.cc:228] P 475a466ec8b44f39bbf6b23f10ebe15b: Unregistered op LogGCOp(90bdf07d7cff4418abffb7935260feb8)
I0902 17:01:16.647040 15838 raft_consensus.cc:1807] T 90bdf07d7cff4418abffb7935260feb8 P 475a466ec8b44f39bbf6b23f10ebe15b [term 1 LEADER]: Raft consensus shutting down.
I0902 17:01:16.647079 15838 consensus_peers.cc:433] T 90bdf07d7cff4418abffb7935260feb8 P 475a466ec8b44f39bbf6b23f10ebe15b -> Peer 81b89e30bd3e45e39b3bd3eca9d5f7c5 (127.58.208.3:42179): Closing peer: 81b89e30bd3e45e39b3bd3eca9d5f7c5
I0902 17:01:16.647123 15838 consensus_peers.cc:433] T 90bdf07d7cff4418abffb7935260feb8 P 475a466ec8b44f39bbf6b23f10ebe15b -> Peer d28f0f3b8d0e429484dbeeb2d41b7d50 (127.58.208.1:59914): Closing peer: d28f0f3b8d0e429484dbeeb2d41b7d50
I0902 17:01:16.647222 15430 tablet_service.cc:805] Processing DeleteTablet for tablet 90bdf07d7cff4418abffb7935260feb8 with delete_type TABLET_DATA_DELETED (Partition dropped at 2017-09-02 17:01:16 UTC) from {username='slave'} at 127.0.0.1:44274
I0902 17:01:16.647258 15838 raft_consensus.cc:1834] T 90bdf07d7cff4418abffb7935260feb8 P 475a466ec8b44f39bbf6b23f10ebe15b [term 1 FOLLOWER]: Raft consensus is shut down!
I0902 17:01:16.647280 15430 tablet_replica.cc:251] T 90bdf07d7cff4418abffb7935260feb8 P 81b89e30bd3e45e39b3bd3eca9d5f7c5: stopping tablet replica
I0902 17:01:16.647307 15430 maintenance_manager.cc:228] P 81b89e30bd3e45e39b3bd3eca9d5f7c5: Unregistered op CompactRowSetsOp(90bdf07d7cff4418abffb7935260feb8)
I0902 17:01:16.647320 15430 maintenance_manager.cc:228] P 81b89e30bd3e45e39b3bd3eca9d5f7c5: Unregistered op MinorDeltaCompactionOp(90bdf07d7cff4418abffb7935260feb8)
I0902 17:01:16.647326 15430 maintenance_manager.cc:228] P 81b89e30bd3e45e39b3bd3eca9d5f7c5: Unregistered op MajorDeltaCompactionOp(90bdf07d7cff4418abffb7935260feb8)
I0902 17:01:16.647336 15430 maintenance_manager.cc:228] P 81b89e30bd3e45e39b3bd3eca9d5f7c5: Unregistered op UndoDeltaBlockGCOp(90bdf07d7cff4418abffb7935260feb8)
I0902 17:01:16.647351 15430 maintenance_manager.cc:228] P 81b89e30bd3e45e39b3bd3eca9d5f7c5: Unregistered op FlushMRSOp(90bdf07d7cff4418abffb7935260feb8)
I0902 17:01:16.647361 15430 maintenance_manager.cc:228] P 81b89e30bd3e45e39b3bd3eca9d5f7c5: Unregistered op FlushDeltaMemStoresOp(90bdf07d7cff4418abffb7935260feb8)
I0902 17:01:16.647367 15430 maintenance_manager.cc:228] P 81b89e30bd3e45e39b3bd3eca9d5f7c5: Unregistered op LogGCOp(90bdf07d7cff4418abffb7935260feb8)
I0902 17:01:16.647390 15430 raft_consensus.cc:1807] T 90bdf07d7cff4418abffb7935260feb8 P 81b89e30bd3e45e39b3bd3eca9d5f7c5 [term 1 FOLLOWER]: Raft consensus shutting down.
