W0902 17:01:15.880553 15073 catalog_manager.cc:2962] Async tablet task 90bdf07d7cff4418abffb7935260feb8 (table test-table [id=b7f89f9ec9c0479b9fed277cd873ba0e]) Alter Table RPC failed: Not found: Failed to reset TS proxy: No leader found: Tablet 90bdf07d7cff4418abffb7935260feb8 consensus state has no leader
I0902 17:01:15.880640 15070 catalog_manager.cc:2943] Scheduling retry of 90bdf07d7cff4418abffb7935260feb8 (table test-table [id=b7f89f9ec9c0479b9fed277cd873ba0e]) Alter Table RPC with a delay of 29 ms (attempt = 0)
W0902 17:01:15.880656 15070 catalog_manager.cc:2962] Async tablet task 90bdf07d7cff4418abffb7935260feb8 (table test-table [id=b7f89f9ec9c0479b9fed277cd873ba0e]) Alter Table RPC failed: Not found: Failed to reset TS proxy: No leader found: Tablet 90bdf07d7cff4418abffb7935260feb8 consensus state has no leader
I0902 17:01:15.880797 15793 leader_election.cc:353] T 90bdf07d7cff4418abffb7935260feb8 P 475a466ec8b44f39bbf6b23f10ebe15b [CANDIDATE]: Term 1 pre-election: Vote granted by peer d28f0f3b8d0e429484dbeeb2d41b7d50
I0902 17:01:15.881088 15793 leader_election.cc:353] T 90bdf07d7cff4418abffb7935260feb8 P 475a466ec8b44f39bbf6b23f10ebe15b [CANDIDATE]: Term 1 election: Vote granted by peer d28f0f3b8d0e429484dbeeb2d41b7d50
I0902 17:01:15.884773 15073 catalog_manager.cc:2943] Scheduling retry of b0339c8008884bd0aeca173a9c53f5c4 (table test-table [id=b7f89f9ec9c0479b9fed277cd873ba0e]) Alter Table RPC with a delay of 28 ms (attempt = 0)
W0902 17:01:15.884802 15073 catalog_manager.cc:2962] Async tablet task b0339c8008884bd0aeca173a9c53f5c4 (table test-table [id=b7f89f9ec9c0479b9fed277cd873ba0e]) Alter Table RPC failed: Not found: Failed to reset TS proxy: No leader found: Tablet b0339c8008884bd0aeca173a9c53f5c4 consensus state has no leader
I0902 17:01:15.885804 15072 catalog_manager.cc:2943] Scheduling retry of b0339c8008884bd0aeca173a9c53f5c4 (table test-table [id=b7f89f9ec9c0479b9fed277cd873ba0e]) Alter Table RPC with a delay of 17 ms (attempt = 0)
W0902 17:01:15.885830 15072 catalog_manager.cc:2962] Async tablet task b0339c8008884bd0aeca173a9c53f5c4 (table test-table [id=b7f89f9ec9c0479b9fed277cd873ba0e]) Alter Table RPC failed: Not found: Failed to reset TS proxy: No leader found: Tablet b0339c8008884bd0aeca173a9c53f5c4 consensus state has no leader
I0902 17:01:15.890450 15928 raft_consensus.cc:542] T 90bdf07d7cff4418abffb7935260feb8 P 475a466ec8b44f39bbf6b23f10ebe15b [term 1 LEADER]: Becoming Leader. State: Replica: 475a466ec8b44f39bbf6b23f10ebe15b, State: Running, Role: LEADER
I0902 17:01:15.890686 15928 consensus_queue.cc:169] T 90bdf07d7cff4418abffb7935260feb8 P 475a466ec8b44f39bbf6b23f10ebe15b [LEADER]: Queue going to LEADER mode. State: All replicated index: 0, Majority replicated index: 0, Committed index: 0, Last appended: 0.0, Last appended by leader: 0, Current term: 1, Majority size: 2, State: 0, Mode: LEADER, active raft config: opid_index: -1 OBSOLETE_local: false peers { permanent_uuid: "475a466ec8b44f39bbf6b23f10ebe15b" member_type: VOTER last_known_addr { host: "127.58.208.2" port: 43231 } } peers { permanent_uuid: "d28f0f3b8d0e429484dbeeb2d41b7d50" member_type: VOTER last_known_addr { host: "127.58.208.1" port: 59914 } } peers { permanent_uuid: "81b89e30bd3e45e39b3bd3eca9d5f7c5" member_type: VOTER last_known_addr { host: "127.58.208.3" port: 42179 } }
I0902 17:01:15.892647 15087 catalog_manager.cc:2462] TS 475a466ec8b44f39bbf6b23f10ebe15b (127.58.208.2:43231) does not have the latest schema for tablet 90bdf07d7cff4418abffb7935260feb8 (table test-table [id=b7f89f9ec9c0479b9fed277cd873ba0e]). Expected version 5 got 0
I0902 17:01:15.892802 15087 catalog_manager.cc:2571] T 90bdf07d7cff4418abffb7935260feb8 reported cstate change: term changed from 0 to 1, leader changed from to 475a466ec8b44f39bbf6b23f10ebe15b (127.58.208.2). New cstate: current_term: 1 leader_uuid: "475a466ec8b44f39bbf6b23f10ebe15b" committed_config { opid_index: -1 OBSOLETE_local: false peers { permanent_uuid: "475a466ec8b44f39bbf6b23f10ebe15b" member_type: VOTER last_known_addr { host: "127.58.208.2" port: 43231 } } peers { permanent_uuid: "d28f0f3b8d0e429484dbeeb2d41b7d50" member_type: VOTER last_known_addr { host: "127.58.208.1" port: 59914 } } peers { permanent_uuid: "81b89e30bd3e45e39b3bd3eca9d5f7c5" member_type: VOTER last_known_addr { host: "127.58.208.3" port: 42179 } } }
I0902 17:01:15.896925 15070 catalog_manager.cc:2943] Scheduling retry of b0339c8008884bd0aeca173a9c53f5c4 (table test-table [id=b7f89f9ec9c0479b9fed277cd873ba0e]) Alter Table RPC with a delay of 21 ms (attempt = 0)
W0902 17:01:15.896953 15070 catalog_manager.cc:2962] Async tablet task b0339c8008884bd0aeca173a9c53f5c4 (table test-table [id=b7f89f9ec9c0479b9fed277cd873ba0e]) Alter Table RPC failed: Not found: Failed to reset TS proxy: No leader found: Tablet b0339c8008884bd0aeca173a9c53f5c4 consensus state has no leader
I0902 17:01:15.897071 15452 raft_consensus.cc:964] T 90bdf07d7cff4418abffb7935260feb8 P 81b89e30bd3e45e39b3bd3eca9d5f7c5 [term 1 FOLLOWER]: Refusing update from remote peer 475a466ec8b44f39bbf6b23f10ebe15b: Log matching property violated. Preceding OpId in replica: term: 0 index: 0. Preceding OpId from leader: term: 1 index: 2. (index mismatch)
I0902 17:01:15.897534 15692 raft_consensus.cc:964] T 90bdf07d7cff4418abffb7935260feb8 P d28f0f3b8d0e429484dbeeb2d41b7d50 [term 1 FOLLOWER]: Refusing update from remote peer 475a466ec8b44f39bbf6b23f10ebe15b: Log matching property violated. Preceding OpId in replica: term: 0 index: 0. Preceding OpId from leader: term: 1 index: 2. (index mismatch)
I0902 17:01:15.897569 15928 consensus_queue.cc:741] T 90bdf07d7cff4418abffb7935260feb8 P 475a466ec8b44f39bbf6b23f10ebe15b [LEADER]: Connected to new peer: Peer: 81b89e30bd3e45e39b3bd3eca9d5f7c5, Is new: false, Last received: 0.0, Next index: 1, Last known committed idx: 0, Last exchange result: ERROR, Needs tablet copy: false
I0902 17:01:15.898133 15928 consensus_queue.cc:741] T 90bdf07d7cff4418abffb7935260feb8 P 475a466ec8b44f39bbf6b23f10ebe15b [LEADER]: Connected to new peer: Peer: d28f0f3b8d0e429484dbeeb2d41b7d50, Is new: false, Last received: 0.0, Next index: 1, Last known committed idx: 0, Last exchange result: ERROR, Needs tablet copy: false
I0902 17:01:15.900573 15382 maintenance_manager.cc:486] Time spent running UndoDeltaBlockGCOp(b79d7adfa7fb48509d0cb5c3a01f5295): real 0.000s user 0.000s sys 0.000s
I0902 17:01:15.900694 15382 maintenance_manager.cc:492] P 81b89e30bd3e45e39b3bd3eca9d5f7c5: UndoDeltaBlockGCOp(b79d7adfa7fb48509d0cb5c3a01f5295) metrics: {"cfile_init":1,"lbm_read_time_us":74,"lbm_reads_lt_1ms":4}
I0902 17:01:15.901120 15072 catalog_manager.cc:2943] Scheduling retry of b0339c8008884bd0aeca173a9c53f5c4 (table test-table [id=b7f89f9ec9c0479b9fed277cd873ba0e]) Alter Table RPC with a delay of 8 ms (attempt = 0)
W0902 17:01:15.901147 15072 catalog_manager.cc:2962] Async tablet task b0339c8008884bd0aeca173a9c53f5c4 (table test-table [id=b7f89f9ec9c0479b9fed277cd873ba0e]) Alter Table RPC failed: Not found: Failed to reset TS proxy: No leader found: Tablet b0339c8008884bd0aeca173a9c53f5c4 consensus state has no leader
I0902 17:01:15.901453 15382 maintenance_manager.cc:486] Time spent running UndoDeltaBlockGCOp(9f366aa97726498baf85962d42d8adc1): real 0.000s user 0.000s sys 0.000s
I0902 17:01:15.901505 15382 maintenance_manager.cc:492] P 81b89e30bd3e45e39b3bd3eca9d5f7c5: UndoDeltaBlockGCOp(9f366aa97726498baf85962d42d8adc1) metrics: {"cfile_init":1,"lbm_read_time_us":52,"lbm_reads_lt_1ms":4}
I0902 17:01:15.901988 15382 maintenance_manager.cc:486] Time spent running UndoDeltaBlockGCOp(eab66cb8a35a4399936ca49988b0131d): real 0.000s user 0.000s sys 0.000s
I0902 17:01:15.902078 15382 maintenance_manager.cc:492] P 81b89e30bd3e45e39b3bd3eca9d5f7c5: UndoDeltaBlockGCOp(eab66cb8a35a4399936ca49988b0131d) metrics: {"cfile_init":1,"lbm_read_time_us":43,"lbm_reads_lt_1ms":4}
I0902 17:01:15.902452 15073 catalog_manager.cc:2943] Scheduling retry of b0339c8008884bd0aeca173a9c53f5c4 (table test-table [id=b7f89f9ec9c0479b9fed277cd873ba0e]) Alter Table RPC with a delay of 40 ms (attempt = 0)
W0902 17:01:15.902482 15073 catalog_manager.cc:2962] Async tablet task b0339c8008884bd0aeca173a9c53f5c4 (table test-table [id=b7f89f9ec9c0479b9fed277cd873ba0e]) Alter Table RPC failed: Not found: Failed to reset TS proxy: No leader found: Tablet b0339c8008884bd0aeca173a9c53f5c4 consensus state has no leader
I0902 17:01:15.903740 15072 catalog_manager.cc:2943] Scheduling retry of b0339c8008884bd0aeca173a9c53f5c4 (table test-table [id=b7f89f9ec9c0479b9fed277cd873ba0e]) Alter Table RPC with a delay of 44 ms (attempt = 0)
W0902 17:01:15.903769 15072 catalog_manager.cc:2962] Async tablet task b0339c8008884bd0aeca173a9c53f5c4 (table test-table [id=b7f89f9ec9c0479b9fed277cd873ba0e]) Alter Table RPC failed: Not found: Failed to reset TS proxy: No leader found: Tablet b0339c8008884bd0aeca173a9c53f5c4 consensus state has no leader
I0902 17:01:15.904767 15087 catalog_manager.cc:2462] TS d28f0f3b8d0e429484dbeeb2d41b7d50 (127.58.208.1:59914) does not have the latest schema for tablet 90bdf07d7cff4418abffb7935260feb8 (table test-table [id=b7f89f9ec9c0479b9fed277cd873ba0e]). Expected version 5 got 0
I0902 17:01:15.907896 15073 catalog_manager.cc:2943] Scheduling retry of b0339c8008884bd0aeca173a9c53f5c4 (table test-table [id=b7f89f9ec9c0479b9fed277cd873ba0e]) Alter Table RPC with a delay of 12 ms (attempt = 0)
W0902 17:01:15.907922 15073 catalog_manager.cc:2962] Async tablet task b0339c8008884bd0aeca173a9c53f5c4 (table test-table [id=b7f89f9ec9c0479b9fed277cd873ba0e]) Alter Table RPC failed: Not found: Failed to reset TS proxy: No leader found: Tablet b0339c8008884bd0aeca173a9c53f5c4 consensus state has no leader
I0902 17:01:15.909322 15087 catalog_manager.cc:2462] TS d28f0f3b8d0e429484dbeeb2d41b7d50 (127.58.208.1:59914) does not have the latest schema for tablet 90bdf07d7cff4418abffb7935260feb8 (table test-table [id=b7f89f9ec9c0479b9fed277cd873ba0e]). Expected version 5 got 0
I0902 17:01:15.909721 15072 catalog_manager.cc:2943] Scheduling retry of b0339c8008884bd0aeca173a9c53f5c4 (table test-table [id=b7f89f9ec9c0479b9fed277cd873ba0e]) Alter Table RPC with a delay of 41 ms (attempt = 0)
W0902 17:01:15.909741 15072 catalog_manager.cc:2962] Async tablet task b0339c8008884bd0aeca173a9c53f5c4 (table test-table [id=b7f89f9ec9c0479b9fed277cd873ba0e]) Alter Table RPC failed: Not found: Failed to reset TS proxy: No leader found: Tablet b0339c8008884bd0aeca173a9c53f5c4 consensus state has no leader
I0902 17:01:15.910835 15087 catalog_manager.cc:2462] TS 81b89e30bd3e45e39b3bd3eca9d5f7c5 (127.58.208.3:42179) does not have the latest schema for tablet 90bdf07d7cff4418abffb7935260feb8 (table test-table [id=b7f89f9ec9c0479b9fed277cd873ba0e]). Expected version 5 got 0
I0902 17:01:15.913231 15073 catalog_manager.cc:2943] Scheduling retry of b0339c8008884bd0aeca173a9c53f5c4 (table test-table [id=b7f89f9ec9c0479b9fed277cd873ba0e]) Alter Table RPC with a delay of 16 ms (attempt = 0)
W0902 17:01:15.913267 15073 catalog_manager.cc:2962] Async tablet task b0339c8008884bd0aeca173a9c53f5c4 (table test-table [id=b7f89f9ec9c0479b9fed277cd873ba0e]) Alter Table RPC failed: Not found: Failed to reset TS proxy: No leader found: Tablet b0339c8008884bd0aeca173a9c53f5c4 consensus state has no leader
I0902 17:01:15.913808 15955 tablet.cc:1115] T 90bdf07d7cff4418abffb7935260feb8 P 475a466ec8b44f39bbf6b23f10ebe15b: Alter schema from Schema [ 10:key[int32 NOT NULL], 13:c44[int32 NOT NULL], 16:c314[int32 NOT NULL] ] version 0 to Schema [ 10:key[int32 NOT NULL], 13:c44[int32 NOT NULL], 16:c314[int32 NOT NULL] ] version 5
I0902 17:01:15.914794 15961 tablet.cc:1115] T 90bdf07d7cff4418abffb7935260feb8 P d28f0f3b8d0e429484dbeeb2d41b7d50: Alter schema from Schema [ 10:key[int32 NOT NULL], 13:c44[int32 NOT NULL], 16:c314[int32 NOT NULL] ] version 0 to Schema [ 10:key[int32 NOT NULL], 13:c44[int32 NOT NULL], 16:c314[int32 NOT NULL] ] version 5
I0902 17:01:15.918922 15963 tablet.cc:1115] T 90bdf07d7cff4418abffb7935260feb8 P 81b89e30bd3e45e39b3bd3eca9d5f7c5: Alter schema from Schema [ 10:key[int32 NOT NULL], 13:c44[int32 NOT NULL], 16:c314[int32 NOT NULL] ] version 0 to Schema [ 10:key[int32 NOT NULL], 13:c44[int32 NOT NULL], 16:c314[int32 NOT NULL] ] version 5
I0902 17:01:15.920630 15073 catalog_manager.cc:2943] Scheduling retry of b0339c8008884bd0aeca173a9c53f5c4 (table test-table [id=b7f89f9ec9c0479b9fed277cd873ba0e]) Alter Table RPC with a delay of 14 ms (attempt = 0)
W0902 17:01:15.920660 15073 catalog_manager.cc:2962] Async tablet task b0339c8008884bd0aeca173a9c53f5c4 (table test-table [id=b7f89f9ec9c0479b9fed277cd873ba0e]) Alter Table RPC failed: Not found: Failed to reset TS proxy: No leader found: Tablet b0339c8008884bd0aeca173a9c53f5c4 consensus state has no leader
I0902 17:01:15.921037 15070 catalog_manager.cc:2943] Scheduling retry of b0339c8008884bd0aeca173a9c53f5c4 (table test-table [id=b7f89f9ec9c0479b9fed277cd873ba0e]) Alter Table RPC with a delay of 35 ms (attempt = 0)
W0902 17:01:15.921061 15070 catalog_manager.cc:2962] Async tablet task b0339c8008884bd0aeca173a9c53f5c4 (table test-table [id=b7f89f9ec9c0479b9fed277cd873ba0e]) Alter Table RPC failed: Not found: Failed to reset TS proxy: No leader found: Tablet b0339c8008884bd0aeca173a9c53f5c4 consensus state has no leader
I0902 17:01:15.922376 15935 tablet.cc:1110] T 90bdf07d7cff4418abffb7935260feb8 P 475a466ec8b44f39bbf6b23f10ebe15b: Already running schema version 5 got alter request for version 5
I0902 17:01:15.923118 15952 tablet.cc:1110] T 90bdf07d7cff4418abffb7935260feb8 P d28f0f3b8d0e429484dbeeb2d41b7d50: Already running schema version 5 got alter request for version 5
I0902 17:01:15.925514 15956 tablet.cc:1110] T 90bdf07d7cff4418abffb7935260feb8 P 475a466ec8b44f39bbf6b23f10ebe15b: Already running schema version 5 got alter request for version 5
I0902 17:01:15.926034 15787 maintenance_manager.cc:486] Time spent running UndoDeltaBlockGCOp(b79d7adfa7fb48509d0cb5c3a01f5295): real 0.000s user 0.000s sys 0.000s
I0902 17:01:15.926120 15787 maintenance_manager.cc:492] P 475a466ec8b44f39bbf6b23f10ebe15b: UndoDeltaBlockGCOp(b79d7adfa7fb48509d0cb5c3a01f5295) metrics: {"cfile_init":1,"lbm_read_time_us":62,"lbm_reads_lt_1ms":4}
I0902 17:01:15.926609 15787 maintenance_manager.cc:486] Time spent running UndoDeltaBlockGCOp(9f366aa97726498baf85962d42d8adc1): real 0.000s user 0.000s sys 0.000s
I0902 17:01:15.926671 15787 maintenance_manager.cc:492] P 475a466ec8b44f39bbf6b23f10ebe15b: UndoDeltaBlockGCOp(9f366aa97726498baf85962d42d8adc1) metrics: {"cfile_init":1,"lbm_read_time_us":48,"lbm_reads_lt_1ms":4}
I0902 17:01:15.927112 15787 maintenance_manager.cc:486] Time spent running UndoDeltaBlockGCOp(eab66cb8a35a4399936ca49988b0131d): real 0.000s user 0.000s sys 0.000s
I0902 17:01:15.927173 15787 maintenance_manager.cc:492] P 475a466ec8b44f39bbf6b23f10ebe15b: UndoDeltaBlockGCOp(eab66cb8a35a4399936ca49988b0131d) metrics: {"cfile_init":1,"lbm_read_time_us":46,"lbm_reads_lt_1ms":4}
I0902 17:01:15.927940 15933 tablet.cc:1110] T 90bdf07d7cff4418abffb7935260feb8 P 81b89e30bd3e45e39b3bd3eca9d5f7c5: Already running schema version 5 got alter request for version 5
I0902 17:01:15.928318 15949 tablet.cc:1110] T 90bdf07d7cff4418abffb7935260feb8 P 81b89e30bd3e45e39b3bd3eca9d5f7c5: Already running schema version 5 got alter request for version 5
I0902 17:01:15.930295 15073 catalog_manager.cc:2943] Scheduling retry of b0339c8008884bd0aeca173a9c53f5c4 (table test-table [id=b7f89f9ec9c0479b9fed277cd873ba0e]) Alter Table RPC with a delay of 18 ms (attempt = 0)
W0902 17:01:15.930368 15073 catalog_manager.cc:2962] Async tablet task b0339c8008884bd0aeca173a9c53f5c4 (table test-table [id=b7f89f9ec9c0479b9fed277cd873ba0e]) Alter Table RPC failed: Not found: Failed to reset TS proxy: No leader found: Tablet b0339c8008884bd0aeca173a9c53f5c4 consensus state has no leader
I0902 17:01:15.930461 15955 tablet.cc:1110] T 90bdf07d7cff4418abffb7935260feb8 P 475a466ec8b44f39bbf6b23f10ebe15b: Already running schema version 5 got alter request for version 5
I0902 17:01:15.931573 15963 tablet.cc:1110] T 90bdf07d7cff4418abffb7935260feb8 P 81b89e30bd3e45e39b3bd3eca9d5f7c5: Already running schema version 5 got alter request for version 5
I0902 17:01:15.934567 15935 tablet.cc:1110] T 90bdf07d7cff4418abffb7935260feb8 P 475a466ec8b44f39bbf6b23f10ebe15b: Already running schema version 5 got alter request for version 5
I0902 17:01:15.935423 15933 tablet.cc:1110] T 90bdf07d7cff4418abffb7935260feb8 P 81b89e30bd3e45e39b3bd3eca9d5f7c5: Already running schema version 5 got alter request for version 5
I0902 17:01:15.935570 15073 catalog_manager.cc:2943] Scheduling retry of b0339c8008884bd0aeca173a9c53f5c4 (table test-table [id=b7f89f9ec9c0479b9fed277cd873ba0e]) Alter Table RPC with a delay of 26 ms (attempt = 0)
W0902 17:01:15.935596 15073 catalog_manager.cc:2962] Async tablet task b0339c8008884bd0aeca173a9c53f5c4 (table test-table [id=b7f89f9ec9c0479b9fed277cd873ba0e]) Alter Table RPC failed: Not found: Failed to reset TS proxy: No leader found: Tablet b0339c8008884bd0aeca173a9c53f5c4 consensus state has no leader
I0902 17:01:15.939101 15934 tablet.cc:1110] T 90bdf07d7cff4418abffb7935260feb8 P d28f0f3b8d0e429484dbeeb2d41b7d50: Already running schema version 5 got alter request for version 5
I0902 17:01:15.939677 15949 tablet.cc:1110] T 90bdf07d7cff4418abffb7935260feb8 P 81b89e30bd3e45e39b3bd3eca9d5f7c5: Already running schema version 5 got alter request for version 5
I0902 17:01:15.940680 15956 tablet.cc:1110] T 90bdf07d7cff4418abffb7935260feb8 P 475a466ec8b44f39bbf6b23f10ebe15b: Already running schema version 5 got alter request for version 5
I0902 17:01:15.942111 15961 tablet.cc:1110] T 90bdf07d7cff4418abffb7935260feb8 P d28f0f3b8d0e429484dbeeb2d41b7d50: Already running schema version 5 got alter request for version 5
I0902 17:01:15.942884 15952 tablet.cc:1110] T 90bdf07d7cff4418abffb7935260feb8 P d28f0f3b8d0e429484dbeeb2d41b7d50: Already running schema version 5 got alter request for version 5
I0902 17:01:15.943125 15073 catalog_manager.cc:2943] Scheduling retry of b0339c8008884bd0aeca173a9c53f5c4 (table test-table [id=b7f89f9ec9c0479b9fed277cd873ba0e]) Alter Table RPC with a delay of 39 ms (attempt = 0)
W0902 17:01:15.943152 15073 catalog_manager.cc:2962] Async tablet task b0339c8008884bd0aeca173a9c53f5c4 (table test-table [id=b7f89f9ec9c0479b9fed277cd873ba0e]) Alter Table RPC failed: Not found: Failed to reset TS proxy: No leader found: Tablet b0339c8008884bd0aeca173a9c53f5c4 consensus state has no leader
I0902 17:01:15.944597 15961 tablet.cc:1110] T 90bdf07d7cff4418abffb7935260feb8 P d28f0f3b8d0e429484dbeeb2d41b7d50: Already running schema version 5 got alter request for version 5
I0902 17:01:15.945812 15963 tablet.cc:1110] T 90bdf07d7cff4418abffb7935260feb8 P 81b89e30bd3e45e39b3bd3eca9d5f7c5: Already running schema version 5 got alter request for version 5
I0902 17:01:15.946377 15955 tablet.cc:1110] T 90bdf07d7cff4418abffb7935260feb8 P 475a466ec8b44f39bbf6b23f10ebe15b: Already running schema version 5 got alter request for version 5
I0902 17:01:15.948146 15072 catalog_manager.cc:2943] Scheduling retry of b0339c8008884bd0aeca173a9c53f5c4 (table test-table [id=b7f89f9ec9c0479b9fed277cd873ba0e]) Alter Table RPC with a delay of 27 ms (attempt = 0)
W0902 17:01:15.948177 15072 catalog_manager.cc:2962] Async tablet task b0339c8008884bd0aeca173a9c53f5c4 (table test-table [id=b7f89f9ec9c0479b9fed277cd873ba0e]) Alter Table RPC failed: Not found: Failed to reset TS proxy: No leader found: Tablet b0339c8008884bd0aeca173a9c53f5c4 consensus state has no leader
I0902 17:01:15.949156 15952 tablet.cc:1110] T 90bdf07d7cff4418abffb7935260feb8 P d28f0f3b8d0e429484dbeeb2d41b7d50: Already running schema version 5 got alter request for version 5
I0902 17:01:15.949404 15073 catalog_manager.cc:2943] Scheduling retry of b0339c8008884bd0aeca173a9c53f5c4 (table test-table [id=b7f89f9ec9c0479b9fed277cd873ba0e]) Alter Table RPC with a delay of 36 ms (attempt = 0)
W0902 17:01:15.949430 15073 catalog_manager.cc:2962] Async tablet task b0339c8008884bd0aeca173a9c53f5c4 (table test-table [id=b7f89f9ec9c0479b9fed277cd873ba0e]) Alter Table RPC failed: Not found: Failed to reset TS proxy: No leader found: Tablet b0339c8008884bd0aeca173a9c53f5c4 consensus state has no leader
I0902 17:01:15.951370 15072 catalog_manager.cc:2943] Scheduling retry of b0339c8008884bd0aeca173a9c53f5c4 (table test-table [id=b7f89f9ec9c0479b9fed277cd873ba0e]) Alter Table RPC with a delay of 49 ms (attempt = 0)
W0902 17:01:15.951395 15072 catalog_manager.cc:2962] Async tablet task b0339c8008884bd0aeca173a9c53f5c4 (table test-table [id=b7f89f9ec9c0479b9fed277cd873ba0e]) Alter Table RPC failed: Not found: Failed to reset TS proxy: No leader found: Tablet b0339c8008884bd0aeca173a9c53f5c4 consensus state has no leader
I0902 17:01:15.956858 15070 catalog_manager.cc:2943] Scheduling retry of b0339c8008884bd0aeca173a9c53f5c4 (table test-table [id=b7f89f9ec9c0479b9fed277cd873ba0e]) Alter Table RPC with a delay of 54 ms (attempt = 0)
W0902 17:01:15.956920 15070 catalog_manager.cc:2962] Async tablet task b0339c8008884bd0aeca173a9c53f5c4 (table test-table [id=b7f89f9ec9c0479b9fed277cd873ba0e]) Alter Table RPC failed: Not found: Failed to reset TS proxy: No leader found: Tablet b0339c8008884bd0aeca173a9c53f5c4 consensus state has no leader
I0902 17:01:15.962642 15073 catalog_manager.cc:2943] Scheduling retry of b0339c8008884bd0aeca173a9c53f5c4 (table test-table [id=b7f89f9ec9c0479b9fed277cd873ba0e]) Alter Table RPC with a delay of 32 ms (attempt = 0)
W0902 17:01:15.962671 15073 catalog_manager.cc:2962] Async tablet task b0339c8008884bd0aeca173a9c53f5c4 (table test-table [id=b7f89f9ec9c0479b9fed277cd873ba0e]) Alter Table RPC failed: Not found: Failed to reset TS proxy: No leader found: Tablet b0339c8008884bd0aeca173a9c53f5c4 consensus state has no leader
I0902 17:01:15.965881 15917 raft_consensus.cc:412] T b0339c8008884bd0aeca173a9c53f5c4 P d28f0f3b8d0e429484dbeeb2d41b7d50 [term 0 FOLLOWER]: Starting pre-election (no leader contacted us within the election timeout)
I0902 17:01:15.965919 15917 raft_consensus.cc:2456] T b0339c8008884bd0aeca173a9c53f5c4 P d28f0f3b8d0e429484dbeeb2d41b7d50: Snoozing failure detection for 1.784s (starting election)
I0902 17:01:15.966001 15917 raft_consensus.cc:434] T b0339c8008884bd0aeca173a9c53f5c4 P d28f0f3b8d0e429484dbeeb2d41b7d50 [term 0 FOLLOWER]: Starting pre-election with config: opid_index: -1 OBSOLETE_local: false peers { permanent_uuid: "d28f0f3b8d0e429484dbeeb2d41b7d50" member_type: VOTER last_known_addr { host: "127.58.208.1" port: 59914 } } peers { permanent_uuid: "475a466ec8b44f39bbf6b23f10ebe15b" member_type: VOTER last_known_addr { host: "127.58.208.2" port: 43231 } } peers { permanent_uuid: "81b89e30bd3e45e39b3bd3eca9d5f7c5" member_type: VOTER last_known_addr { host: "127.58.208.3" port: 42179 } }
I0902 17:01:15.966377 15917 leader_election.cc:221] T b0339c8008884bd0aeca173a9c53f5c4 P d28f0f3b8d0e429484dbeeb2d41b7d50 [CANDIDATE]: Term 1 pre-election: Requesting pre-vote from peer 475a466ec8b44f39bbf6b23f10ebe15b
I0902 17:01:15.966464 15917 leader_election.cc:221] T b0339c8008884bd0aeca173a9c53f5c4 P d28f0f3b8d0e429484dbeeb2d41b7d50 [CANDIDATE]: Term 1 pre-election: Requesting pre-vote from peer 81b89e30bd3e45e39b3bd3eca9d5f7c5
I0902 17:01:15.967057 15863 tablet_service.cc:1002] Received RequestConsensusVote() RPC: tablet_id: "b0339c8008884bd0aeca173a9c53f5c4" candidate_uuid: "d28f0f3b8d0e429484dbeeb2d41b7d50" candidate_term: 1 candidate_status { last_received { term: 0 index: 0 } } ignore_live_leader: false dest_uuid: "475a466ec8b44f39bbf6b23f10ebe15b" is_pre_election: true
I0902 17:01:15.967120 15863 raft_consensus.cc:2456] T b0339c8008884bd0aeca173a9c53f5c4 P 475a466ec8b44f39bbf6b23f10ebe15b: Snoozing failure detection for 2.249s (vote granted)
I0902 17:01:15.967149 15863 raft_consensus.cc:2010] T b0339c8008884bd0aeca173a9c53f5c4 P 475a466ec8b44f39bbf6b23f10ebe15b [term 0 FOLLOWER]: Leader pre-election vote request: Granting yes vote for candidate d28f0f3b8d0e429484dbeeb2d41b7d50 in term 0.
I0902 17:01:15.967550 15621 leader_election.cc:353] T b0339c8008884bd0aeca173a9c53f5c4 P d28f0f3b8d0e429484dbeeb2d41b7d50 [CANDIDATE]: Term 1 pre-election: Vote granted by peer 475a466ec8b44f39bbf6b23f10ebe15b
I0902 17:01:15.967576 15621 leader_election.cc:248] T b0339c8008884bd0aeca173a9c53f5c4 P d28f0f3b8d0e429484dbeeb2d41b7d50 [CANDIDATE]: Term 1 pre-election: Election decided. Result: candidate won.
I0902 17:01:15.967700 15917 raft_consensus.cc:2456] T b0339c8008884bd0aeca173a9c53f5c4 P d28f0f3b8d0e429484dbeeb2d41b7d50: Snoozing failure detection for 1.891s (election complete)
I0902 17:01:15.967730 15917 raft_consensus.cc:2280] T b0339c8008884bd0aeca173a9c53f5c4 P d28f0f3b8d0e429484dbeeb2d41b7d50 [term 0 FOLLOWER]: Leader pre-election won for term 1
I0902 17:01:15.967741 15917 raft_consensus.cc:412] T b0339c8008884bd0aeca173a9c53f5c4 P d28f0f3b8d0e429484dbeeb2d41b7d50 [term 0 FOLLOWER]: Starting leader election (no leader contacted us within the election timeout)
I0902 17:01:15.967749 15917 raft_consensus.cc:2456] T b0339c8008884bd0aeca173a9c53f5c4 P d28f0f3b8d0e429484dbeeb2d41b7d50: Snoozing failure detection for 2.236s (starting election)
I0902 17:01:15.967758 15917 raft_consensus.cc:2508] T b0339c8008884bd0aeca173a9c53f5c4 P d28f0f3b8d0e429484dbeeb2d41b7d50 [term 0 FOLLOWER]: Advancing to term 1
I0902 17:01:15.968698 15917 raft_consensus.cc:434] T b0339c8008884bd0aeca173a9c53f5c4 P d28f0f3b8d0e429484dbeeb2d41b7d50 [term 1 FOLLOWER]: Starting leader election with config: opid_index: -1 OBSOLETE_local: false peers { permanent_uuid: "d28f0f3b8d0e429484dbeeb2d41b7d50" member_type: VOTER last_known_addr { host: "127.58.208.1" port: 59914 } } peers { permanent_uuid: "475a466ec8b44f39bbf6b23f10ebe15b" member_type: VOTER last_known_addr { host: "127.58.208.2" port: 43231 } } peers { permanent_uuid: "81b89e30bd3e45e39b3bd3eca9d5f7c5" member_type: VOTER last_known_addr { host: "127.58.208.3" port: 42179 } }
I0902 17:01:15.968909 15917 leader_election.cc:221] T b0339c8008884bd0aeca173a9c53f5c4 P d28f0f3b8d0e429484dbeeb2d41b7d50 [CANDIDATE]: Term 1 election: Requesting vote from peer 475a466ec8b44f39bbf6b23f10ebe15b
I0902 17:01:15.968979 15917 leader_election.cc:221] T b0339c8008884bd0aeca173a9c53f5c4 P d28f0f3b8d0e429484dbeeb2d41b7d50 [CANDIDATE]: Term 1 election: Requesting vote from peer 81b89e30bd3e45e39b3bd3eca9d5f7c5
I0902 17:01:15.969518 15863 tablet_service.cc:1002] Received RequestConsensusVote() RPC: tablet_id: "b0339c8008884bd0aeca173a9c53f5c4" candidate_uuid: "d28f0f3b8d0e429484dbeeb2d41b7d50" candidate_term: 1 candidate_status { last_received { term: 0 index: 0 } } ignore_live_leader: false dest_uuid: "475a466ec8b44f39bbf6b23f10ebe15b"
I0902 17:01:15.969558 15863 raft_consensus.cc:2508] T b0339c8008884bd0aeca173a9c53f5c4 P 475a466ec8b44f39bbf6b23f10ebe15b [term 0 FOLLOWER]: Advancing to term 1
I0902 17:01:15.969602 15863 raft_consensus.cc:2456] T b0339c8008884bd0aeca173a9c53f5c4 P 475a466ec8b44f39bbf6b23f10ebe15b: Snoozing failure detection for 2.206s (vote granted)
I0902 17:01:15.970785 15452 tablet_service.cc:1002] Received RequestConsensusVote() RPC: tablet_id: "b0339c8008884bd0aeca173a9c53f5c4" candidate_uuid: "d28f0f3b8d0e429484dbeeb2d41b7d50" candidate_term: 1 candidate_status { last_received { term: 0 index: 0 } } ignore_live_leader: false dest_uuid: "81b89e30bd3e45e39b3bd3eca9d5f7c5" is_pre_election: true
I0902 17:01:15.970851 15452 raft_consensus.cc:2456] T b0339c8008884bd0aeca173a9c53f5c4 P 81b89e30bd3e45e39b3bd3eca9d5f7c5: Snoozing failure detection for 2.084s (vote granted)
I0902 17:01:15.970880 15452 raft_consensus.cc:2010] T b0339c8008884bd0aeca173a9c53f5c4 P 81b89e30bd3e45e39b3bd3eca9d5f7c5 [term 0 FOLLOWER]: Leader pre-election vote request: Granting yes vote for candidate d28f0f3b8d0e429484dbeeb2d41b7d50 in term 0.
I0902 17:01:15.971021 15453 tablet_service.cc:1002] Received RequestConsensusVote() RPC: tablet_id: "b0339c8008884bd0aeca173a9c53f5c4" candidate_uuid: "d28f0f3b8d0e429484dbeeb2d41b7d50" candidate_term: 1 candidate_status { last_received { term: 0 index: 0 } } ignore_live_leader: false dest_uuid: "81b89e30bd3e45e39b3bd3eca9d5f7c5"
I0902 17:01:15.971047 15453 raft_consensus.cc:2508] T b0339c8008884bd0aeca173a9c53f5c4 P 81b89e30bd3e45e39b3bd3eca9d5f7c5 [term 0 FOLLOWER]: Advancing to term 1
I0902 17:01:15.971086 15453 raft_consensus.cc:2456] T b0339c8008884bd0aeca173a9c53f5c4 P 81b89e30bd3e45e39b3bd3eca9d5f7c5: Snoozing failure detection for 1.610s (vote granted)
I0902 17:01:15.971876 15453 raft_consensus.cc:2010] T b0339c8008884bd0aeca173a9c53f5c4 P 81b89e30bd3e45e39b3bd3eca9d5f7c5 [term 1 FOLLOWER]: Leader election vote request: Granting yes vote for candidate d28f0f3b8d0e429484dbeeb2d41b7d50 in term 1.
I0902 17:01:15.972275 15621 leader_election.cc:353] T b0339c8008884bd0aeca173a9c53f5c4 P d28f0f3b8d0e429484dbeeb2d41b7d50 [CANDIDATE]: Term 1 pre-election: Vote granted by peer 81b89e30bd3e45e39b3bd3eca9d5f7c5
I0902 17:01:15.972461 15621 leader_election.cc:353] T b0339c8008884bd0aeca173a9c53f5c4 P d28f0f3b8d0e429484dbeeb2d41b7d50 [CANDIDATE]: Term 1 election: Vote granted by peer 81b89e30bd3e45e39b3bd3eca9d5f7c5
I0902 17:01:15.972479 15621 leader_election.cc:248] T b0339c8008884bd0aeca173a9c53f5c4 P d28f0f3b8d0e429484dbeeb2d41b7d50 [CANDIDATE]: Term 1 election: Election decided. Result: candidate won.
I0902 17:01:15.972643 15863 raft_consensus.cc:2010] T b0339c8008884bd0aeca173a9c53f5c4 P 475a466ec8b44f39bbf6b23f10ebe15b [term 1 FOLLOWER]: Leader election vote request: Granting yes vote for candidate d28f0f3b8d0e429484dbeeb2d41b7d50 in term 1.
I0902 17:01:15.972929 15621 leader_election.cc:353] T b0339c8008884bd0aeca173a9c53f5c4 P d28f0f3b8d0e429484dbeeb2d41b7d50 [CANDIDATE]: Term 1 election: Vote granted by peer 475a466ec8b44f39bbf6b23f10ebe15b
I0902 17:01:15.973057 15917 raft_consensus.cc:2456] T b0339c8008884bd0aeca173a9c53f5c4 P d28f0f3b8d0e429484dbeeb2d41b7d50: Snoozing failure detection for 1.636s (election complete)
I0902 17:01:15.973081 15917 raft_consensus.cc:2280] T b0339c8008884bd0aeca173a9c53f5c4 P d28f0f3b8d0e429484dbeeb2d41b7d50 [term 1 FOLLOWER]: Leader election won for term 1
I0902 17:01:15.975550 15072 catalog_manager.cc:2943] Scheduling retry of b0339c8008884bd0aeca173a9c53f5c4 (table test-table [id=b7f89f9ec9c0479b9fed277cd873ba0e]) Alter Table RPC with a delay of 16 ms (attempt = 0)
W0902 17:01:15.975579 15072 catalog_manager.cc:2962] Async tablet task b0339c8008884bd0aeca173a9c53f5c4 (table test-table [id=b7f89f9ec9c0479b9fed277cd873ba0e]) Alter Table RPC failed: Not found: Failed to reset TS proxy: No leader found: Tablet b0339c8008884bd0aeca173a9c53f5c4 consensus state has no leader
I0902 17:01:15.978432 15917 raft_consensus.cc:542] T b0339c8008884bd0aeca173a9c53f5c4 P d28f0f3b8d0e429484dbeeb2d41b7d50 [term 1 LEADER]: Becoming Leader. State: Replica: d28f0f3b8d0e429484dbeeb2d41b7d50, State: Running, Role: LEADER
I0902 17:01:15.978637 15917 consensus_queue.cc:169] T b0339c8008884bd0aeca173a9c53f5c4 P d28f0f3b8d0e429484dbeeb2d41b7d50 [LEADER]: Queue going to LEADER mode. State: All replicated index: 0, Majority replicated index: 0, Committed index: 0, Last appended: 0.0, Last appended by leader: 0, Current term: 1, Majority size: 2, State: 0, Mode: LEADER, active raft config: opid_index: -1 OBSOLETE_local: false peers { permanent_uuid: "d28f0f3b8d0e429484dbeeb2d41b7d50" member_type: VOTER last_known_addr { host: "127.58.208.1" port: 59914 } } peers { permanent_uuid: "475a466ec8b44f39bbf6b23f10ebe15b" member_type: VOTER last_known_addr { host: "127.58.208.2" port: 43231 } } peers { permanent_uuid: "81b89e30bd3e45e39b3bd3eca9d5f7c5" member_type: VOTER last_known_addr { host: "127.58.208.3" port: 42179 } }
I0902 17:01:15.982784 15073 catalog_manager.cc:2943] Scheduling retry of b0339c8008884bd0aeca173a9c53f5c4 (table test-table [id=b7f89f9ec9c0479b9fed277cd873ba0e]) Alter Table RPC with a delay of 13 ms (attempt = 0)
W0902 17:01:15.982812 15073 catalog_manager.cc:2962] Async tablet task b0339c8008884bd0aeca173a9c53f5c4 (table test-table [id=b7f89f9ec9c0479b9fed277cd873ba0e]) Alter Table RPC failed: Not found: Failed to reset TS proxy: No leader found: Tablet b0339c8008884bd0aeca173a9c53f5c4 consensus state has no leader
I0902 17:01:15.985916 15073 catalog_manager.cc:2943] Scheduling retry of b0339c8008884bd0aeca173a9c53f5c4 (table test-table [id=b7f89f9ec9c0479b9fed277cd873ba0e]) Alter Table RPC with a delay of 18 ms (attempt = 0)
W0902 17:01:15.985942 15073 catalog_manager.cc:2962] Async tablet task b0339c8008884bd0aeca173a9c53f5c4 (table test-table [id=b7f89f9ec9c0479b9fed277cd873ba0e]) Alter Table RPC failed: Not found: Failed to reset TS proxy: No leader found: Tablet b0339c8008884bd0aeca173a9c53f5c4 consensus state has no leader
I0902 17:01:15.991116 15087 catalog_manager.cc:2462] TS d28f0f3b8d0e429484dbeeb2d41b7d50 (127.58.208.1:59914) does not have the latest schema for tablet b0339c8008884bd0aeca173a9c53f5c4 (table test-table [id=b7f89f9ec9c0479b9fed277cd873ba0e]). Expected version 5 got 0
I0902 17:01:15.991309 15087 catalog_manager.cc:2571] T b0339c8008884bd0aeca173a9c53f5c4 reported cstate change: term changed from 0 to 1, leader changed from to d28f0f3b8d0e429484dbeeb2d41b7d50 (127.58.208.1). New cstate: current_term: 1 leader_uuid: "d28f0f3b8d0e429484dbeeb2d41b7d50" committed_config { opid_index: -1 OBSOLETE_local: false peers { permanent_uuid: "d28f0f3b8d0e429484dbeeb2d41b7d50" member_type: VOTER last_known_addr { host: "127.58.208.1" port: 59914 } } peers { permanent_uuid: "475a466ec8b44f39bbf6b23f10ebe15b" member_type: VOTER last_known_addr { host: "127.58.208.2" port: 43231 } } peers { permanent_uuid: "81b89e30bd3e45e39b3bd3eca9d5f7c5" member_type: VOTER last_known_addr { host: "127.58.208.3" port: 42179 } } }
I0902 17:01:15.993103 15072 catalog_manager.cc:2943] Scheduling retry of b0339c8008884bd0aeca173a9c53f5c4 (table test-table [id=b7f89f9ec9c0479b9fed277cd873ba0e]) Alter Table RPC with a delay of 9 ms (attempt = 0)
W0902 17:01:15.993129 15072 catalog_manager.cc:2962] Async tablet task b0339c8008884bd0aeca173a9c53f5c4 (table test-table [id=b7f89f9ec9c0479b9fed277cd873ba0e]) Alter Table RPC failed: Not found: Failed to reset TS proxy: No leader found: Tablet b0339c8008884bd0aeca173a9c53f5c4 consensus state has no leader
I0902 17:01:15.994999 15453 raft_consensus.cc:964] T b0339c8008884bd0aeca173a9c53f5c4 P 81b89e30bd3e45e39b3bd3eca9d5f7c5 [term 1 FOLLOWER]: Refusing update from remote peer d28f0f3b8d0e429484dbeeb2d41b7d50: Log matching property violated. Preceding OpId in replica: term: 0 index: 0. Preceding OpId from leader: term: 1 index: 2. (index mismatch)
I0902 17:01:16.003089 15917 consensus_queue.cc:741] T b0339c8008884bd0aeca173a9c53f5c4 P d28f0f3b8d0e429484dbeeb2d41b7d50 [LEADER]: Connected to new peer: Peer: 81b89e30bd3e45e39b3bd3eca9d5f7c5, Is new: false, Last received: 0.0, Next index: 1, Last known committed idx: 0, Last exchange result: ERROR, Needs tablet copy: false
I0902 17:01:16.003641 15863 raft_consensus.cc:964] T b0339c8008884bd0aeca173a9c53f5c4 P 475a466ec8b44f39bbf6b23f10ebe15b [term 1 FOLLOWER]: Refusing update from remote peer d28f0f3b8d0e429484dbeeb2d41b7d50: Log matching property violated. Preceding OpId in replica: term: 0 index: 0. Preceding OpId from leader: term: 1 index: 2. (index mismatch)
I0902 17:01:16.004734 15917 consensus_queue.cc:741] T b0339c8008884bd0aeca173a9c53f5c4 P d28f0f3b8d0e429484dbeeb2d41b7d50 [LEADER]: Connected to new peer: Peer: 475a466ec8b44f39bbf6b23f10ebe15b, Is new: false, Last received: 0.0, Next index: 1, Last known committed idx: 0, Last exchange result: ERROR, Needs tablet copy: false
I0902 17:01:16.015792 15086 catalog_manager.cc:2462] TS 475a466ec8b44f39bbf6b23f10ebe15b (127.58.208.2:43231) does not have the latest schema for tablet b0339c8008884bd0aeca173a9c53f5c4 (table test-table [id=b7f89f9ec9c0479b9fed277cd873ba0e]). Expected version 5 got 0
I0902 17:01:16.017272 15087 catalog_manager.cc:2462] TS 81b89e30bd3e45e39b3bd3eca9d5f7c5 (127.58.208.3:42179) does not have the latest schema for tablet b0339c8008884bd0aeca173a9c53f5c4 (table test-table [id=b7f89f9ec9c0479b9fed277cd873ba0e]). Expected version 5 got 0
I0902 17:01:16.020645 15961 tablet.cc:1115] T b0339c8008884bd0aeca173a9c53f5c4 P d28f0f3b8d0e429484dbeeb2d41b7d50: Alter schema from Schema [ 10:key[int32 NOT NULL], 13:c44[int32 NOT NULL], 16:c314[int32 NOT NULL] ] version 0 to Schema [ 10:key[int32 NOT NULL], 13:c44[int32 NOT NULL], 16:c314[int32 NOT NULL] ] version 5
I0902 17:01:16.032776 15935 tablet.cc:1115] T b0339c8008884bd0aeca173a9c53f5c4 P 475a466ec8b44f39bbf6b23f10ebe15b: Alter schema from Schema [ 10:key[int32 NOT NULL], 13:c44[int32 NOT NULL], 16:c314[int32 NOT NULL] ] version 0 to Schema [ 10:key[int32 NOT NULL], 13:c44[int32 NOT NULL], 16:c314[int32 NOT NULL] ] version 5
I0902 17:01:16.035655 15086 catalog_manager.cc:3728] T 00000000000000000000000000000000 P b004b3046b584f37925df45eda899ff0: test-table [id=b7f89f9ec9c0479b9fed277cd873ba0e] alter complete (version 5)
I0902 17:01:16.041442 15933 tablet.cc:1115] T b0339c8008884bd0aeca173a9c53f5c4 P 81b89e30bd3e45e39b3bd3eca9d5f7c5: Alter schema from Schema [ 10:key[int32 NOT NULL], 13:c44[int32 NOT NULL], 16:c314[int32 NOT NULL] ] version 0 to Schema [ 10:key[int32 NOT NULL], 13:c44[int32 NOT NULL], 16:c314[int32 NOT NULL] ] version 5
I0902 17:01:16.043543 15956 tablet.cc:1110] T b0339c8008884bd0aeca173a9c53f5c4 P 475a466ec8b44f39bbf6b23f10ebe15b: Already running schema version 5 got alter request for version 5
I0902 17:01:16.044878 15934 tablet.cc:1110] T b0339c8008884bd0aeca173a9c53f5c4 P d28f0f3b8d0e429484dbeeb2d41b7d50: Already running schema version 5 got alter request for version 5
I0902 17:01:16.045974 15087 catalog_manager.cc:2462] TS 81b89e30bd3e45e39b3bd3eca9d5f7c5 (127.58.208.3:42179) does not have the latest schema for tablet b0339c8008884bd0aeca173a9c53f5c4 (table test-table [id=b7f89f9ec9c0479b9fed277cd873ba0e]). Expected version 5 got 0
I0902 17:01:16.048763 15949 tablet.cc:1110] T b0339c8008884bd0aeca173a9c53f5c4 P 81b89e30bd3e45e39b3bd3eca9d5f7c5: Already running schema version 5 got alter request for version 5
I0902 17:01:16.050231 15952 tablet.cc:1110] T b0339c8008884bd0aeca173a9c53f5c4 P d28f0f3b8d0e429484dbeeb2d41b7d50: Already running schema version 5 got alter request for version 5
I0902 17:01:16.051239 15955 tablet.cc:1110] T b0339c8008884bd0aeca173a9c53f5c4 P 475a466ec8b44f39bbf6b23f10ebe15b: Already running schema version 5 got alter request for version 5
I0902 17:01:16.052230 15963 tablet.cc:1110] T b0339c8008884bd0aeca173a9c53f5c4 P 81b89e30bd3e45e39b3bd3eca9d5f7c5: Already running schema version 5 got alter request for version 5
I0902 17:01:16.059871 15961 tablet.cc:1110] T b0339c8008884bd0aeca173a9c53f5c4 P d28f0f3b8d0e429484dbeeb2d41b7d50: Already running schema version 5 got alter request for version 5
I0902 17:01:16.061285 15933 tablet.cc:1110] T b0339c8008884bd0aeca173a9c53f5c4 P 81b89e30bd3e45e39b3bd3eca9d5f7c5: Already running schema version 5 got alter request for version 5
I0902 17:01:16.065551 15934 tablet.cc:1110] T b0339c8008884bd0aeca173a9c53f5c4 P d28f0f3b8d0e429484dbeeb2d41b7d50: Already running schema version 5 got alter request for version 5
I0902 17:01:16.066010 15949 tablet.cc:1110] T b0339c8008884bd0aeca173a9c53f5c4 P 81b89e30bd3e45e39b3bd3eca9d5f7c5: Already running schema version 5 got alter request for version 5
I0902 17:01:16.069087 15952 tablet.cc:1110] T b0339c8008884bd0aeca173a9c53f5c4 P d28f0f3b8d0e429484dbeeb2d41b7d50: Already running schema version 5 got alter request for version 5
I0902 17:01:16.069836 15963 tablet.cc:1110] T b0339c8008884bd0aeca173a9c53f5c4 P 81b89e30bd3e45e39b3bd3eca9d5f7c5: Already running schema version 5 got alter request for version 5
I0902 17:01:16.072823 15961 tablet.cc:1110] T b0339c8008884bd0aeca173a9c53f5c4 P d28f0f3b8d0e429484dbeeb2d41b7d50: Already running schema version 5 got alter request for version 5
I0902 17:01:16.074825 15933 tablet.cc:1110] T b0339c8008884bd0aeca173a9c53f5c4 P 81b89e30bd3e45e39b3bd3eca9d5f7c5: Already running schema version 5 got alter request for version 5
I0902 17:01:16.079819 15935 tablet.cc:1110] T b0339c8008884bd0aeca173a9c53f5c4 P 475a466ec8b44f39bbf6b23f10ebe15b: Already running schema version 5 got alter request for version 5
I0902 17:01:16.080518 15956 tablet.cc:1110] T b0339c8008884bd0aeca173a9c53f5c4 P 475a466ec8b44f39bbf6b23f10ebe15b: Already running schema version 5 got alter request for version 5
I0902 17:01:16.080724 15956 tablet.cc:1110] T b0339c8008884bd0aeca173a9c53f5c4 P 475a466ec8b44f39bbf6b23f10ebe15b: Already running schema version 5 got alter request for version 5
I0902 17:01:16.081055 15935 tablet.cc:1110] T b0339c8008884bd0aeca173a9c53f5c4 P 475a466ec8b44f39bbf6b23f10ebe15b: Already running schema version 5 got alter request for version 5
I0902 17:01:16.081444 15934 tablet.cc:1110] T b0339c8008884bd0aeca173a9c53f5c4 P d28f0f3b8d0e429484dbeeb2d41b7d50: Already running schema version 5 got alter request for version 5
I0902 17:01:16.082208 15949 tablet.cc:1110] T b0339c8008884bd0aeca173a9c53f5c4 P 81b89e30bd3e45e39b3bd3eca9d5f7c5: Already running schema version 5 got alter request for version 5
I0902 17:01:16.085613 15952 tablet.cc:1110] T b0339c8008884bd0aeca173a9c53f5c4 P d28f0f3b8d0e429484dbeeb2d41b7d50: Already running schema version 5 got alter request for version 5
I0902 17:01:16.086485 15963 tablet.cc:1110] T b0339c8008884bd0aeca173a9c53f5c4 P 81b89e30bd3e45e39b3bd3eca9d5f7c5: Already running schema version 5 got alter request for version 5
I0902 17:01:16.093377 15955 tablet.cc:1110] T b0339c8008884bd0aeca173a9c53f5c4 P 475a466ec8b44f39bbf6b23f10ebe15b: Already running schema version 5 got alter request for version 5
I0902 17:01:16.094005 15956 tablet.cc:1110] T b0339c8008884bd0aeca173a9c53f5c4 P 475a466ec8b44f39bbf6b23f10ebe15b: Already running schema version 5 got alter request for version 5
I0902 17:01:16.114158 15056 alter_table-randomized-test.cc:436] Beginning Alterations
I0902 17:01:16.121428 15056 alter_table-randomized-test.cc:495] Dropping column c314, existing columns: key, c44, c314
I0902 17:01:16.121475 15056 alter_table-randomized-test.cc:504] Renaming column c44 to c906
I0902 17:01:16.121486 15056 alter_table-randomized-test.cc:495] Dropping column c906, existing columns: key, c906
I0902 17:01:16.121508 15056 alter_table-randomized-test.cc:550] Adding range partition: [134217726, 201326589) resulting partitions: (134217726, 201326589], (603979767, 671088630], (671088630, 738197493], (738197493, 805306356], (1006632945, 1073741808], (1476394986, 1543503849)
I0902 17:01:16.121547 15056 alter_table-randomized-test.cc:550] Adding range partition: [1073741808, 1140850671) resulting partitions: (134217726, 201326589], (603979767, 671088630], (671088630, 738197493], (738197493, 805306356], (1006632945, 1073741808], (1073741808, 1140850671], (1476394986, 1543503849)
I0902 17:01:16.121572 15056 alter_table-randomized-test.cc:550] Adding range partition: [1409286123, 1476394986) resulting partitions: (134217726, 201326589], (603979767, 671088630], (671088630, 738197493], (738197493, 805306356], (1006632945, 1073741808], (1073741808, 1140850671], (1409286123, 1476394986], (1476394986, 1543503849)
I0902 17:01:16.121592 15056 alter_table-randomized-test.cc:582] Dropping range partition: [134217726, 201326589) resulting partitions: (603979767, 671088630], (671088630, 738197493], (738197493, 805306356], (1006632945, 1073741808], (1073741808, 1140850671], (1409286123, 1476394986], (1476394986, 1543503849)
I0902 17:01:16.121611 15056 alter_table-randomized-test.cc:582] Dropping range partition: [1006632945, 1073741808) resulting partitions: (603979767, 671088630], (671088630, 738197493], (738197493, 805306356], (1073741808, 1140850671], (1409286123, 1476394986], (1476394986, 1543503849)
I0902 17:01:16.121631 15056 alter_table-randomized-test.cc:582] Dropping range partition: [671088630, 738197493) resulting partitions: (603979767, 671088630], (738197493, 805306356], (1073741808, 1140850671], (1409286123, 1476394986], (1476394986, 1543503849)
I0902 17:01:16.121649 15056 alter_table-randomized-test.cc:468] Committing Alterations
I0902 17:01:16.122745 15087 catalog_manager.cc:1946] Servicing AlterTable request from {username='slave'} at 127.0.0.1:43619: table { table_name: "test-table" } alter_schema_steps { type: DROP_COLUMN drop_column { name: "c314" } } alter_schema_steps { type: RENAME_COLUMN rename_column { old_name: "c44" new_name: "c906" } } alter_schema_steps { type: DROP_COLUMN drop_column { name: "c906" } } alter_schema_steps { type: ADD_RANGE_PARTITION add_range_partition { range_bounds { rows: "\010\001\375\377\377\007\007\001\375\377\377\013" } } } alter_schema_steps { type: ADD_RANGE_PARTITION add_range_partition { range_bounds { rows: "\010\001\357\377\377?\t\001\356\377\377C" } } } alter_schema_steps { type: ADD_RANGE_PARTITION add_range_partition { range_bounds { rows: "\006\001\353\377\377S\t\001\351\377\377W" } } } alter_schema_steps { type: DROP_RANGE_PARTITION drop_range_partition { range_bounds { rows: "\006\001\376\377\377\007\007\001\375\377\377\013" } } } alter_schema_steps { type: DROP_RANGE_PARTITION drop_range_partition { range_bounds { rows: "\006\001\361\377\377;\007\001\360\377\377?" } } } alter_schema_steps { type: DROP_RANGE_PARTITION drop_range_partition { range_bounds { rows: "\006\001\366\377\377\'\007\001\365\377\377+" } } } schema { columns { name: "key" type: INT32 is_key: true is_nullable: false encoding: AUTO_ENCODING compression: DEFAULT_COMPRESSION cfile_block_size: 0 } columns { name: "c44" type: INT32 is_key: false is_nullable: false read_default_value: "\246\262P\016" encoding: BIT_SHUFFLE compression: SNAPPY cfile_block_size: 0 } columns { name: "c314" type: INT32 is_key: false is_nullable: false read_default_value: "\311mFu" encoding: AUTO_ENCODING compression: DEFAULT_COMPRESSION cfile_block_size: 0 } }
I0902 17:01:16.126579 15087 catalog_manager.cc:2943] Scheduling retry of d17c225b8be34efaa82a81133efd1698 (table test-table [id=b7f89f9ec9c0479b9fed277cd873ba0e]) Alter Table RPC with a delay of 23 ms (attempt = 0)
W0902 17:01:16.126664 15087 catalog_manager.cc:3482] Failed to send alter table request: Not found: Failed to reset TS proxy: No leader found: Tablet d17c225b8be34efaa82a81133efd1698 has no consensus state
I0902 17:01:16.126718 15087 catalog_manager.cc:2943] Scheduling retry of f6d6c8ad397848d1a55cbbc8353d8c9d (table test-table [id=b7f89f9ec9c0479b9fed277cd873ba0e]) Alter Table RPC with a delay of 25 ms (attempt = 0)
W0902 17:01:16.126760 15087 catalog_manager.cc:3482] Failed to send alter table request: Not found: Failed to reset TS proxy: No leader found: Tablet f6d6c8ad397848d1a55cbbc8353d8c9d has no consensus state
I0902 17:01:16.129865 15935 tablet.cc:1115] T 90bdf07d7cff4418abffb7935260feb8 P 475a466ec8b44f39bbf6b23f10ebe15b: Alter schema from Schema [ 10:key[int32 NOT NULL], 13:c44[int32 NOT NULL], 16:c314[int32 NOT NULL] ] version 5 to Schema [ 10:key[int32 NOT NULL] ] version 6
I0902 17:01:16.130105 15935 tablet.cc:1058] T 90bdf07d7cff4418abffb7935260feb8 P 475a466ec8b44f39bbf6b23f10ebe15b: MemRowSet was empty: no flush needed.
I0902 17:01:16.130671 15087 catalog_manager.cc:3508] T 00000000000000000000000000000000 P b004b3046b584f37925df45eda899ff0: Sending DeleteTablet for 3 replicas of tablet b0339c8008884bd0aeca173a9c53f5c4
I0902 17:01:16.130775 15087 catalog_manager.cc:3165] Sending DeleteTablet(TABLET_DATA_DELETED) for tablet b0339c8008884bd0aeca173a9c53f5c4 on d28f0f3b8d0e429484dbeeb2d41b7d50 (127.58.208.1:59914) (Partition dropped at 2017-09-02 17:01:16 UTC)
I0902 17:01:16.130887 15087 catalog_manager.cc:3165] Sending DeleteTablet(TABLET_DATA_DELETED) for tablet b0339c8008884bd0aeca173a9c53f5c4 on 475a466ec8b44f39bbf6b23f10ebe15b (127.58.208.2:43231) (Partition dropped at 2017-09-02 17:01:16 UTC)
I0902 17:01:16.131275 15671 tablet_service.cc:805] Processing DeleteTablet for tablet b0339c8008884bd0aeca173a9c53f5c4 with delete_type TABLET_DATA_DELETED (Partition dropped at 2017-09-02 17:01:16 UTC) from {username='slave'} at 127.0.0.1:34303
I0902 17:01:16.131338 15671 tablet_replica.cc:251] T b0339c8008884bd0aeca173a9c53f5c4 P d28f0f3b8d0e429484dbeeb2d41b7d50: stopping tablet replica
I0902 17:01:16.131372 15840 tablet_service.cc:805] Processing DeleteTablet for tablet b0339c8008884bd0aeca173a9c53f5c4 with delete_type TABLET_DATA_DELETED (Partition dropped at 2017-09-02 17:01:16 UTC) from {username='slave'} at 127.0.0.1:34824
I0902 17:01:16.131427 15840 tablet_replica.cc:251] T b0339c8008884bd0aeca173a9c53f5c4 P 475a466ec8b44f39bbf6b23f10ebe15b: stopping tablet replica
I0902 17:01:16.131448 15671 maintenance_manager.cc:228] P d28f0f3b8d0e429484dbeeb2d41b7d50: Unregistered op CompactRowSetsOp(b0339c8008884bd0aeca173a9c53f5c4)
I0902 17:01:16.131475 15671 maintenance_manager.cc:228] P d28f0f3b8d0e429484dbeeb2d41b7d50: Unregistered op MinorDeltaCompactionOp(b0339c8008884bd0aeca173a9c53f5c4)
I0902 17:01:16.131485 15671 maintenance_manager.cc:228] P d28f0f3b8d0e429484dbeeb2d41b7d50: Unregistered op MajorDeltaCompactionOp(b0339c8008884bd0aeca173a9c53f5c4)
I0902 17:01:16.131494 15671 maintenance_manager.cc:228] P d28f0f3b8d0e429484dbeeb2d41b7d50: Unregistered op UndoDeltaBlockGCOp(b0339c8008884bd0aeca173a9c53f5c4)
I0902 17:01:16.131505 15840 maintenance_manager.cc:228] P 475a466ec8b44f39bbf6b23f10ebe15b: Unregistered op CompactRowSetsOp(b0339c8008884bd0aeca173a9c53f5c4)
I0902 17:01:16.131527 15840 maintenance_manager.cc:228] P 475a466ec8b44f39bbf6b23f10ebe15b: Unregistered op MinorDeltaCompactionOp(b0339c8008884bd0aeca173a9c53f5c4)
I0902 17:01:16.131532 15671 maintenance_manager.cc:228] P d28f0f3b8d0e429484dbeeb2d41b7d50: Unregistered op FlushMRSOp(b0339c8008884bd0aeca173a9c53f5c4)
