I0902 17:01:25.474277 16807 catalog_manager.cc:2943] Scheduling retry of 93fbe559131f4ed0890427cb853c23c6 (table test-table [id=b7f89f9ec9c0479b9fed277cd873ba0e]) Alter Table RPC with a delay of 32 ms (attempt = 0)
W0902 17:01:25.474301 16807 catalog_manager.cc:2962] Async tablet task 93fbe559131f4ed0890427cb853c23c6 (table test-table [id=b7f89f9ec9c0479b9fed277cd873ba0e]) Alter Table RPC failed: Not found: Failed to reset TS proxy: No leader found: Tablet 93fbe559131f4ed0890427cb853c23c6 consensus state has no leader
I0902 17:01:25.476104 16806 catalog_manager.cc:2943] Scheduling retry of 93fbe559131f4ed0890427cb853c23c6 (table test-table [id=b7f89f9ec9c0479b9fed277cd873ba0e]) Alter Table RPC with a delay of 30 ms (attempt = 0)
W0902 17:01:25.476121 16806 catalog_manager.cc:2962] Async tablet task 93fbe559131f4ed0890427cb853c23c6 (table test-table [id=b7f89f9ec9c0479b9fed277cd873ba0e]) Alter Table RPC failed: Not found: Failed to reset TS proxy: No leader found: Tablet 93fbe559131f4ed0890427cb853c23c6 consensus state has no leader
I0902 17:01:25.479085 16638 raft_consensus.cc:412] T 93fbe559131f4ed0890427cb853c23c6 P 475a466ec8b44f39bbf6b23f10ebe15b [term 0 FOLLOWER]: Starting pre-election (no leader contacted us within the election timeout)
I0902 17:01:25.479130 16638 raft_consensus.cc:2456] T 93fbe559131f4ed0890427cb853c23c6 P 475a466ec8b44f39bbf6b23f10ebe15b: Snoozing failure detection for 1.563s (starting election)
I0902 17:01:25.479219 16638 raft_consensus.cc:434] T 93fbe559131f4ed0890427cb853c23c6 P 475a466ec8b44f39bbf6b23f10ebe15b [term 0 FOLLOWER]: Starting pre-election with config: opid_index: -1 OBSOLETE_local: false peers { permanent_uuid: "475a466ec8b44f39bbf6b23f10ebe15b" member_type: VOTER last_known_addr { host: "127.58.208.2" port: 43231 } } peers { permanent_uuid: "81b89e30bd3e45e39b3bd3eca9d5f7c5" member_type: VOTER last_known_addr { host: "127.58.208.3" port: 42179 } } peers { permanent_uuid: "d28f0f3b8d0e429484dbeeb2d41b7d50" member_type: VOTER last_known_addr { host: "127.58.208.1" port: 59914 } }
I0902 17:01:25.479533 16638 leader_election.cc:221] T 93fbe559131f4ed0890427cb853c23c6 P 475a466ec8b44f39bbf6b23f10ebe15b [CANDIDATE]: Term 1 pre-election: Requesting pre-vote from peer 81b89e30bd3e45e39b3bd3eca9d5f7c5
I0902 17:01:25.479641 16638 leader_election.cc:221] T 93fbe559131f4ed0890427cb853c23c6 P 475a466ec8b44f39bbf6b23f10ebe15b [CANDIDATE]: Term 1 pre-election: Requesting pre-vote from peer d28f0f3b8d0e429484dbeeb2d41b7d50
I0902 17:01:25.480154 16552 tablet_service.cc:1002] Received RequestConsensusVote() RPC: tablet_id: "93fbe559131f4ed0890427cb853c23c6" candidate_uuid: "475a466ec8b44f39bbf6b23f10ebe15b" candidate_term: 1 candidate_status { last_received { term: 0 index: 0 } } ignore_live_leader: false dest_uuid: "81b89e30bd3e45e39b3bd3eca9d5f7c5" is_pre_election: true
I0902 17:01:25.480195 16736 tablet_service.cc:1002] Received RequestConsensusVote() RPC: tablet_id: "93fbe559131f4ed0890427cb853c23c6" candidate_uuid: "475a466ec8b44f39bbf6b23f10ebe15b" candidate_term: 1 candidate_status { last_received { term: 0 index: 0 } } ignore_live_leader: false dest_uuid: "d28f0f3b8d0e429484dbeeb2d41b7d50" is_pre_election: true
I0902 17:01:25.480227 16552 raft_consensus.cc:2456] T 93fbe559131f4ed0890427cb853c23c6 P 81b89e30bd3e45e39b3bd3eca9d5f7c5: Snoozing failure detection for 2.006s (vote granted)
I0902 17:01:25.480260 16552 raft_consensus.cc:2010] T 93fbe559131f4ed0890427cb853c23c6 P 81b89e30bd3e45e39b3bd3eca9d5f7c5 [term 0 FOLLOWER]: Leader pre-election vote request: Granting yes vote for candidate 475a466ec8b44f39bbf6b23f10ebe15b in term 0.
I0902 17:01:25.480267 16736 raft_consensus.cc:2456] T 93fbe559131f4ed0890427cb853c23c6 P d28f0f3b8d0e429484dbeeb2d41b7d50: Snoozing failure detection for 2.052s (vote granted)
I0902 17:01:25.480296 16736 raft_consensus.cc:2010] T 93fbe559131f4ed0890427cb853c23c6 P d28f0f3b8d0e429484dbeeb2d41b7d50 [term 0 FOLLOWER]: Leader pre-election vote request: Granting yes vote for candidate 475a466ec8b44f39bbf6b23f10ebe15b in term 0.
I0902 17:01:25.480566 16309 leader_election.cc:353] T 93fbe559131f4ed0890427cb853c23c6 P 475a466ec8b44f39bbf6b23f10ebe15b [CANDIDATE]: Term 1 pre-election: Vote granted by peer 81b89e30bd3e45e39b3bd3eca9d5f7c5
I0902 17:01:25.480594 16309 leader_election.cc:248] T 93fbe559131f4ed0890427cb853c23c6 P 475a466ec8b44f39bbf6b23f10ebe15b [CANDIDATE]: Term 1 pre-election: Election decided. Result: candidate won.
I0902 17:01:25.480684 16310 leader_election.cc:353] T 93fbe559131f4ed0890427cb853c23c6 P 475a466ec8b44f39bbf6b23f10ebe15b [CANDIDATE]: Term 1 pre-election: Vote granted by peer d28f0f3b8d0e429484dbeeb2d41b7d50
I0902 17:01:25.480729 16633 raft_consensus.cc:2456] T 93fbe559131f4ed0890427cb853c23c6 P 475a466ec8b44f39bbf6b23f10ebe15b: Snoozing failure detection for 1.839s (election complete)
I0902 17:01:25.480762 16633 raft_consensus.cc:2280] T 93fbe559131f4ed0890427cb853c23c6 P 475a466ec8b44f39bbf6b23f10ebe15b [term 0 FOLLOWER]: Leader pre-election won for term 1
I0902 17:01:25.480777 16633 raft_consensus.cc:412] T 93fbe559131f4ed0890427cb853c23c6 P 475a466ec8b44f39bbf6b23f10ebe15b [term 0 FOLLOWER]: Starting leader election (no leader contacted us within the election timeout)
I0902 17:01:25.480789 16633 raft_consensus.cc:2456] T 93fbe559131f4ed0890427cb853c23c6 P 475a466ec8b44f39bbf6b23f10ebe15b: Snoozing failure detection for 1.639s (starting election)
I0902 17:01:25.480800 16633 raft_consensus.cc:2508] T 93fbe559131f4ed0890427cb853c23c6 P 475a466ec8b44f39bbf6b23f10ebe15b [term 0 FOLLOWER]: Advancing to term 1
I0902 17:01:25.481586 16633 raft_consensus.cc:434] T 93fbe559131f4ed0890427cb853c23c6 P 475a466ec8b44f39bbf6b23f10ebe15b [term 1 FOLLOWER]: Starting leader election with config: opid_index: -1 OBSOLETE_local: false peers { permanent_uuid: "475a466ec8b44f39bbf6b23f10ebe15b" member_type: VOTER last_known_addr { host: "127.58.208.2" port: 43231 } } peers { permanent_uuid: "81b89e30bd3e45e39b3bd3eca9d5f7c5" member_type: VOTER last_known_addr { host: "127.58.208.3" port: 42179 } } peers { permanent_uuid: "d28f0f3b8d0e429484dbeeb2d41b7d50" member_type: VOTER last_known_addr { host: "127.58.208.1" port: 59914 } }
I0902 17:01:25.481783 16633 leader_election.cc:221] T 93fbe559131f4ed0890427cb853c23c6 P 475a466ec8b44f39bbf6b23f10ebe15b [CANDIDATE]: Term 1 election: Requesting vote from peer 81b89e30bd3e45e39b3bd3eca9d5f7c5
I0902 17:01:25.481859 16633 leader_election.cc:221] T 93fbe559131f4ed0890427cb853c23c6 P 475a466ec8b44f39bbf6b23f10ebe15b [CANDIDATE]: Term 1 election: Requesting vote from peer d28f0f3b8d0e429484dbeeb2d41b7d50
I0902 17:01:25.482224 16552 tablet_service.cc:1002] Received RequestConsensusVote() RPC: tablet_id: "93fbe559131f4ed0890427cb853c23c6" candidate_uuid: "475a466ec8b44f39bbf6b23f10ebe15b" candidate_term: 1 candidate_status { last_received { term: 0 index: 0 } } ignore_live_leader: false dest_uuid: "81b89e30bd3e45e39b3bd3eca9d5f7c5"
I0902 17:01:25.482247 16736 tablet_service.cc:1002] Received RequestConsensusVote() RPC: tablet_id: "93fbe559131f4ed0890427cb853c23c6" candidate_uuid: "475a466ec8b44f39bbf6b23f10ebe15b" candidate_term: 1 candidate_status { last_received { term: 0 index: 0 } } ignore_live_leader: false dest_uuid: "d28f0f3b8d0e429484dbeeb2d41b7d50"
I0902 17:01:25.482278 16552 raft_consensus.cc:2508] T 93fbe559131f4ed0890427cb853c23c6 P 81b89e30bd3e45e39b3bd3eca9d5f7c5 [term 0 FOLLOWER]: Advancing to term 1
I0902 17:01:25.482286 16736 raft_consensus.cc:2508] T 93fbe559131f4ed0890427cb853c23c6 P d28f0f3b8d0e429484dbeeb2d41b7d50 [term 0 FOLLOWER]: Advancing to term 1
I0902 17:01:25.482342 16552 raft_consensus.cc:2456] T 93fbe559131f4ed0890427cb853c23c6 P 81b89e30bd3e45e39b3bd3eca9d5f7c5: Snoozing failure detection for 1.668s (vote granted)
I0902 17:01:25.482353 16736 raft_consensus.cc:2456] T 93fbe559131f4ed0890427cb853c23c6 P d28f0f3b8d0e429484dbeeb2d41b7d50: Snoozing failure detection for 2.160s (vote granted)
I0902 17:01:25.482996 16736 raft_consensus.cc:2010] T 93fbe559131f4ed0890427cb853c23c6 P d28f0f3b8d0e429484dbeeb2d41b7d50 [term 1 FOLLOWER]: Leader election vote request: Granting yes vote for candidate 475a466ec8b44f39bbf6b23f10ebe15b in term 1.
I0902 17:01:25.483191 16552 raft_consensus.cc:2010] T 93fbe559131f4ed0890427cb853c23c6 P 81b89e30bd3e45e39b3bd3eca9d5f7c5 [term 1 FOLLOWER]: Leader election vote request: Granting yes vote for candidate 475a466ec8b44f39bbf6b23f10ebe15b in term 1.
I0902 17:01:25.483238 16310 leader_election.cc:353] T 93fbe559131f4ed0890427cb853c23c6 P 475a466ec8b44f39bbf6b23f10ebe15b [CANDIDATE]: Term 1 election: Vote granted by peer d28f0f3b8d0e429484dbeeb2d41b7d50
I0902 17:01:25.483263 16310 leader_election.cc:248] T 93fbe559131f4ed0890427cb853c23c6 P 475a466ec8b44f39bbf6b23f10ebe15b [CANDIDATE]: Term 1 election: Election decided. Result: candidate won.
I0902 17:01:25.483352 16616 raft_consensus.cc:2456] T 93fbe559131f4ed0890427cb853c23c6 P 475a466ec8b44f39bbf6b23f10ebe15b: Snoozing failure detection for 2.099s (election complete)
I0902 17:01:25.483384 16616 raft_consensus.cc:2280] T 93fbe559131f4ed0890427cb853c23c6 P 475a466ec8b44f39bbf6b23f10ebe15b [term 1 FOLLOWER]: Leader election won for term 1
I0902 17:01:25.483439 16616 raft_consensus.cc:542] T 93fbe559131f4ed0890427cb853c23c6 P 475a466ec8b44f39bbf6b23f10ebe15b [term 1 LEADER]: Becoming Leader. State: Replica: 475a466ec8b44f39bbf6b23f10ebe15b, State: Running, Role: LEADER
I0902 17:01:25.483454 16309 leader_election.cc:353] T 93fbe559131f4ed0890427cb853c23c6 P 475a466ec8b44f39bbf6b23f10ebe15b [CANDIDATE]: Term 1 election: Vote granted by peer 81b89e30bd3e45e39b3bd3eca9d5f7c5
I0902 17:01:25.483513 16616 consensus_queue.cc:169] T 93fbe559131f4ed0890427cb853c23c6 P 475a466ec8b44f39bbf6b23f10ebe15b [LEADER]: Queue going to LEADER mode. State: All replicated index: 0, Majority replicated index: 0, Committed index: 0, Last appended: 0.0, Last appended by leader: 0, Current term: 1, Majority size: 2, State: 0, Mode: LEADER, active raft config: opid_index: -1 OBSOLETE_local: false peers { permanent_uuid: "475a466ec8b44f39bbf6b23f10ebe15b" member_type: VOTER last_known_addr { host: "127.58.208.2" port: 43231 } } peers { permanent_uuid: "81b89e30bd3e45e39b3bd3eca9d5f7c5" member_type: VOTER last_known_addr { host: "127.58.208.3" port: 42179 } } peers { permanent_uuid: "d28f0f3b8d0e429484dbeeb2d41b7d50" member_type: VOTER last_known_addr { host: "127.58.208.1" port: 59914 } }
I0902 17:01:25.483577 16806 catalog_manager.cc:2943] Scheduling retry of 93fbe559131f4ed0890427cb853c23c6 (table test-table [id=b7f89f9ec9c0479b9fed277cd873ba0e]) Alter Table RPC with a delay of 30 ms (attempt = 0)
W0902 17:01:25.483606 16806 catalog_manager.cc:2962] Async tablet task 93fbe559131f4ed0890427cb853c23c6 (table test-table [id=b7f89f9ec9c0479b9fed277cd873ba0e]) Alter Table RPC failed: Not found: Failed to reset TS proxy: No leader found: Tablet 93fbe559131f4ed0890427cb853c23c6 consensus state has no leader
I0902 17:01:25.494480 16821 catalog_manager.cc:2462] TS 475a466ec8b44f39bbf6b23f10ebe15b (127.58.208.2:43231) does not have the latest schema for tablet 93fbe559131f4ed0890427cb853c23c6 (table test-table [id=b7f89f9ec9c0479b9fed277cd873ba0e]). Expected version 17 got 0
I0902 17:01:25.494602 16821 catalog_manager.cc:2571] T 93fbe559131f4ed0890427cb853c23c6 reported cstate change: term changed from 0 to 1, leader changed from to 475a466ec8b44f39bbf6b23f10ebe15b (127.58.208.2). New cstate: current_term: 1 leader_uuid: "475a466ec8b44f39bbf6b23f10ebe15b" committed_config { opid_index: -1 OBSOLETE_local: false peers { permanent_uuid: "475a466ec8b44f39bbf6b23f10ebe15b" member_type: VOTER last_known_addr { host: "127.58.208.2" port: 43231 } } peers { permanent_uuid: "81b89e30bd3e45e39b3bd3eca9d5f7c5" member_type: VOTER last_known_addr { host: "127.58.208.3" port: 42179 } } peers { permanent_uuid: "d28f0f3b8d0e429484dbeeb2d41b7d50" member_type: VOTER last_known_addr { host: "127.58.208.1" port: 59914 } } }
I0902 17:01:25.497562 16552 raft_consensus.cc:964] T 93fbe559131f4ed0890427cb853c23c6 P 81b89e30bd3e45e39b3bd3eca9d5f7c5 [term 1 FOLLOWER]: Refusing update from remote peer 475a466ec8b44f39bbf6b23f10ebe15b: Log matching property violated. Preceding OpId in replica: term: 0 index: 0. Preceding OpId from leader: term: 1 index: 2. (index mismatch)
I0902 17:01:25.497594 16736 raft_consensus.cc:964] T 93fbe559131f4ed0890427cb853c23c6 P d28f0f3b8d0e429484dbeeb2d41b7d50 [term 1 FOLLOWER]: Refusing update from remote peer 475a466ec8b44f39bbf6b23f10ebe15b: Log matching property violated. Preceding OpId in replica: term: 0 index: 0. Preceding OpId from leader: term: 1 index: 2. (index mismatch)
I0902 17:01:25.497861 16638 consensus_queue.cc:741] T 93fbe559131f4ed0890427cb853c23c6 P 475a466ec8b44f39bbf6b23f10ebe15b [LEADER]: Connected to new peer: Peer: 81b89e30bd3e45e39b3bd3eca9d5f7c5, Is new: false, Last received: 0.0, Next index: 1, Last known committed idx: 0, Last exchange result: ERROR, Needs tablet copy: false
I0902 17:01:25.497987 16633 consensus_queue.cc:741] T 93fbe559131f4ed0890427cb853c23c6 P 475a466ec8b44f39bbf6b23f10ebe15b [LEADER]: Connected to new peer: Peer: d28f0f3b8d0e429484dbeeb2d41b7d50, Is new: false, Last received: 0.0, Next index: 1, Last known committed idx: 0, Last exchange result: ERROR, Needs tablet copy: false
I0902 17:01:25.499732 16821 catalog_manager.cc:2462] TS d28f0f3b8d0e429484dbeeb2d41b7d50 (127.58.208.1:59914) does not have the latest schema for tablet 93fbe559131f4ed0890427cb853c23c6 (table test-table [id=b7f89f9ec9c0479b9fed277cd873ba0e]). Expected version 17 got 0
I0902 17:01:25.499886 16822 catalog_manager.cc:2462] TS 81b89e30bd3e45e39b3bd3eca9d5f7c5 (127.58.208.3:42179) does not have the latest schema for tablet 93fbe559131f4ed0890427cb853c23c6 (table test-table [id=b7f89f9ec9c0479b9fed277cd873ba0e]). Expected version 17 got 0
I0902 17:01:25.500133 16902 tablet.cc:1115] T 93fbe559131f4ed0890427cb853c23c6 P 475a466ec8b44f39bbf6b23f10ebe15b: Alter schema from Schema [ 10:c449[int32 NOT NULL], 21:c190[int32 NOT NULL], 23:c741[int32 NOT NULL] ] version 0 to Schema [ 10:c449[int32 NOT NULL], 21:c190[int32 NOT NULL], 23:c741[int32 NOT NULL] ] version 17
I0902 17:01:25.500592 16905 tablet.cc:1115] T 93fbe559131f4ed0890427cb853c23c6 P d28f0f3b8d0e429484dbeeb2d41b7d50: Alter schema from Schema [ 10:c449[int32 NOT NULL], 21:c190[int32 NOT NULL], 23:c741[int32 NOT NULL] ] version 0 to Schema [ 10:c449[int32 NOT NULL], 21:c190[int32 NOT NULL], 23:c741[int32 NOT NULL] ] version 17
I0902 17:01:25.501159 16903 tablet.cc:1115] T 93fbe559131f4ed0890427cb853c23c6 P 81b89e30bd3e45e39b3bd3eca9d5f7c5: Alter schema from Schema [ 10:c449[int32 NOT NULL], 21:c190[int32 NOT NULL], 23:c741[int32 NOT NULL] ] version 0 to Schema [ 10:c449[int32 NOT NULL], 21:c190[int32 NOT NULL], 23:c741[int32 NOT NULL] ] version 17
I0902 17:01:25.504001 16820 catalog_manager.cc:3728] T 00000000000000000000000000000000 P b004b3046b584f37925df45eda899ff0: test-table [id=b7f89f9ec9c0479b9fed277cd873ba0e] alter complete (version 17)
I0902 17:01:25.565476 15056 alter_table-randomized-test.cc:436] Beginning Alterations
I0902 17:01:25.567044 15056 alter_table-randomized-test.cc:511] Renaming PrimaryKey column c449 to c347
I0902 17:01:25.567088 15056 alter_table-randomized-test.cc:504] Renaming column c190 to c449
I0902 17:01:25.567111 15056 alter_table-randomized-test.cc:495] Dropping column c449, existing columns: c347, c449, c741
I0902 17:01:25.567138 15056 alter_table-randomized-test.cc:511] Renaming PrimaryKey column c347 to c282
I0902 17:01:25.567152 15056 alter_table-randomized-test.cc:532] Changing compression of column c741 to 2
I0902 17:01:25.567160 15056 alter_table-randomized-test.cc:522] Changing default of column c741 to 815188849
I0902 17:01:25.567169 15056 alter_table-randomized-test.cc:504] Renaming column c741 to c273
I0902 17:01:25.567179 15056 alter_table-randomized-test.cc:495] Dropping column c273, existing columns: c282, c273
I0902 17:01:25.567198 15056 alter_table-randomized-test.cc:474] Adding column c694, existing columns: c282
I0902 17:01:25.567227 15056 alter_table-randomized-test.cc:582] Dropping range partition: [939524082, 1006632945) resulting partitions: (1879048164, 1946157027)
I0902 17:01:25.567256 15056 alter_table-randomized-test.cc:468] Committing Alterations
I0902 17:01:25.567872 16820 catalog_manager.cc:1946] Servicing AlterTable request from {username='slave'} at 127.0.0.1:43648: table { table_name: "test-table" } alter_schema_steps { type: RENAME_COLUMN rename_column { old_name: "c449" new_name: "c347" } } alter_schema_steps { type: RENAME_COLUMN rename_column { old_name: "c190" new_name: "c449" } } alter_schema_steps { type: DROP_COLUMN drop_column { name: "c449" } } alter_schema_steps { type: RENAME_COLUMN rename_column { old_name: "c347" new_name: "c282" } } alter_schema_steps { type: ALTER_COLUMN alter_column { delta { name: "c741" compression: SNAPPY } } } alter_schema_steps { type: ALTER_COLUMN alter_column { delta { name: "c741" default_value: "q\313\2260\000\000\000\000" } } } alter_schema_steps { type: RENAME_COLUMN rename_column { old_name: "c741" new_name: "c273" } } alter_schema_steps { type: DROP_COLUMN drop_column { name: "c273" } } alter_schema_steps { type: ADD_COLUMN add_column { schema { name: "c694" type: INT32 is_nullable: false read_default_value: "\276\273\227/" encoding: AUTO_ENCODING compression: DEFAULT_COMPRESSION cfile_block_size: 0 } } } alter_schema_steps { type: DROP_RANGE_PARTITION drop_range_partition { range_bounds { rows: "\006\001\362\377\3777\007\001\361\377\377;" } } } schema { columns { name: "c449" type: INT32 is_key: true is_nullable: false encoding: AUTO_ENCODING compression: DEFAULT_COMPRESSION cfile_block_size: 0 } columns { name: "c190" type: INT32 is_key: false is_nullable: false read_default_value: "4[\\1" encoding: AUTO_ENCODING compression: LZ4 cfile_block_size: 0 } columns { name: "c741" type: INT32 is_key: false is_nullable: false read_default_value: "?D\035\024" encoding: AUTO_ENCODING compression: DEFAULT_COMPRESSION cfile_block_size: 0 } }
F0902 17:01:25.568428 15056 alter_table-randomized-test.cc:469] Check failed: _s.ok() Bad status: Invalid argument: cannot remove a key column: c449 *** Check failure stack trace: *** @ 0x7f7f5cdcf2fd google::LogMessage::Fail() at ??:0 @ 0x7f7f5cdd11bd google::LogMessage::SendToLog() at ??:0 @ 0x7f7f5cdcee39 google::LogMessage::Flush() at ??:0 @ 0x7f7f5cdd1c5f google::LogMessageFatal::~LogMessageFatal() at ??:0 @ 0x436e0a kudu::MirrorTable::RandomAlterTable() at /data/1/adar/kudu/src/kudu/integration-tests/alter_table-randomized-test.cc:469 (discriminator 27) @ 0x42fecc kudu::AlterTableRandomized_TestRandomSequence_Test::TestBody() at /data/1/adar/kudu/src/kudu/integration-tests/alter_table-randomized-test.cc:711 @ 0x7f7f5e042b98 testing::internal::HandleExceptionsInMethodIfSupported<>() at ??:0 @ 0x7f7f5e0301b2 testing::Test::Run() at ??:0 @ 0x7f7f5e0302f8 testing::TestInfo::Run() at ??:0 @ 0x7f7f5e0303d5 testing::TestCase::Run() at ??:0 @ 0x7f7f5e036ed8 testing::internal::UnitTestImpl::RunAllTests() at ??:0 @ 0x7f7f5e0430a8 testing::internal::HandleExceptionsInMethodIfSupported<>() at ??:0 @ 0x7f7f5e0304ad testing::UnitTest::Run() at ??:0 @ 0x7f7f68ce6e25 RUN_ALL_TESTS() at ??:0 @ 0x7f7f68ce4c50 main at ??:0 @ 0x7f7f5acddf45 __libc_start_main at ??:0 @ 0x42f9e9 (unknown) at ??:?
W0902 17:01:25.575389 16668 connection.cc:511] server connection from 127.0.0.1:34319 recv error: Network error: failed to read from TLS socket: Connection reset by peer (error 104)
W0902 17:01:25.575409 16805 connection.cc:511] server connection from 127.0.0.1:43647 recv error: Network error: failed to read from TLS socket: Connection reset by peer (error 104)
W0902 17:01:25.575629 16307 connection.cc:511] server connection from 127.0.0.1:34833 recv error: Network error: failed to read from TLS socket: Connection reset by peer (error 104)
W0902 17:01:25.575830 16484 connection.cc:511] server connection from 127.0.0.1:44295 recv error: Network error: failed to read from TLS socket: Connection reset by peer (error 104)
W0902 17:01:25.576005 16806 connection.cc:511] server connection from 127.0.0.1:43648 recv error: Network error: failed to read from TLS socket: Connection reset by peer (error 104)
W0902 17:01:25.576005 16310 connection.cc:511] server connection from 127.0.0.1:34834 recv error: Network error: failed to read from TLS socket: Connection reset by peer (error 104)
W0902 17:01:25.576141 16482 connection.cc:511] server connection from 127.0.0.1:44297 recv error: Network error: failed to read from TLS socket: Connection reset by peer (error 104)