W0902 17:01:10.894688 15071 catalog_manager.cc:2962] Async tablet task 98303c2e02664b5bae0cecc0ea4112ca (table test-table [id=b7f89f9ec9c0479b9fed277cd873ba0e]) Alter Table RPC failed: Not found: Failed to reset TS proxy: No leader found: Tablet 98303c2e02664b5bae0cecc0ea4112ca consensus state has no leader
I0902 17:01:10.899225 15070 catalog_manager.cc:2943] Scheduling retry of 98303c2e02664b5bae0cecc0ea4112ca (table test-table [id=b7f89f9ec9c0479b9fed277cd873ba0e]) Alter Table RPC with a delay of 22 ms (attempt = 0)
W0902 17:01:10.899241 15070 catalog_manager.cc:2962] Async tablet task 98303c2e02664b5bae0cecc0ea4112ca (table test-table [id=b7f89f9ec9c0479b9fed277cd873ba0e]) Alter Table RPC failed: Not found: Failed to reset TS proxy: No leader found: Tablet 98303c2e02664b5bae0cecc0ea4112ca consensus state has no leader
I0902 17:01:10.908259 15073 catalog_manager.cc:2943] Scheduling retry of 98303c2e02664b5bae0cecc0ea4112ca (table test-table [id=b7f89f9ec9c0479b9fed277cd873ba0e]) Alter Table RPC with a delay of 43 ms (attempt = 0)
W0902 17:01:10.908288 15073 catalog_manager.cc:2962] Async tablet task 98303c2e02664b5bae0cecc0ea4112ca (table test-table [id=b7f89f9ec9c0479b9fed277cd873ba0e]) Alter Table RPC failed: Not found: Failed to reset TS proxy: No leader found: Tablet 98303c2e02664b5bae0cecc0ea4112ca consensus state has no leader
I0902 17:01:10.911820 15070 catalog_manager.cc:2943] Scheduling retry of 98303c2e02664b5bae0cecc0ea4112ca (table test-table [id=b7f89f9ec9c0479b9fed277cd873ba0e]) Alter Table RPC with a delay of 55 ms (attempt = 0)
W0902 17:01:10.911849 15070 catalog_manager.cc:2962] Async tablet task 98303c2e02664b5bae0cecc0ea4112ca (table test-table [id=b7f89f9ec9c0479b9fed277cd873ba0e]) Alter Table RPC failed: Not found: Failed to reset TS proxy: No leader found: Tablet 98303c2e02664b5bae0cecc0ea4112ca consensus state has no leader
I0902 17:01:10.919323 15535 raft_consensus.cc:412] T 98303c2e02664b5bae0cecc0ea4112ca P 81b89e30bd3e45e39b3bd3eca9d5f7c5 [term 0 FOLLOWER]: Starting pre-election (no leader contacted us within the election timeout)
I0902 17:01:10.919368 15535 raft_consensus.cc:2456] T 98303c2e02664b5bae0cecc0ea4112ca P 81b89e30bd3e45e39b3bd3eca9d5f7c5: Snoozing failure detection for 1.802s (starting election)
I0902 17:01:10.919456 15535 raft_consensus.cc:434] T 98303c2e02664b5bae0cecc0ea4112ca P 81b89e30bd3e45e39b3bd3eca9d5f7c5 [term 0 FOLLOWER]: Starting pre-election with config: opid_index: -1 OBSOLETE_local: false peers { permanent_uuid: "d28f0f3b8d0e429484dbeeb2d41b7d50" member_type: VOTER last_known_addr { host: "127.58.208.1" port: 59914 } } peers { permanent_uuid: "475a466ec8b44f39bbf6b23f10ebe15b" member_type: VOTER last_known_addr { host: "127.58.208.2" port: 43231 } } peers { permanent_uuid: "81b89e30bd3e45e39b3bd3eca9d5f7c5" member_type: VOTER last_known_addr { host: "127.58.208.3" port: 42179 } }
I0902 17:01:10.919778 15535 leader_election.cc:221] T 98303c2e02664b5bae0cecc0ea4112ca P 81b89e30bd3e45e39b3bd3eca9d5f7c5 [CANDIDATE]: Term 1 pre-election: Requesting pre-vote from peer d28f0f3b8d0e429484dbeeb2d41b7d50
I0902 17:01:10.919883 15535 leader_election.cc:221] T 98303c2e02664b5bae0cecc0ea4112ca P 81b89e30bd3e45e39b3bd3eca9d5f7c5 [CANDIDATE]: Term 1 pre-election: Requesting pre-vote from peer 475a466ec8b44f39bbf6b23f10ebe15b
I0902 17:01:10.920475 15208 tablet_service.cc:1002] Received RequestConsensusVote() RPC: tablet_id: "98303c2e02664b5bae0cecc0ea4112ca" candidate_uuid: "81b89e30bd3e45e39b3bd3eca9d5f7c5" candidate_term: 1 candidate_status { last_received { term: 0 index: 0 } } ignore_live_leader: false dest_uuid: "d28f0f3b8d0e429484dbeeb2d41b7d50" is_pre_election: true
I0902 17:01:10.920511 15331 tablet_service.cc:1002] Received RequestConsensusVote() RPC: tablet_id: "98303c2e02664b5bae0cecc0ea4112ca" candidate_uuid: "81b89e30bd3e45e39b3bd3eca9d5f7c5" candidate_term: 1 candidate_status { last_received { term: 0 index: 0 } } ignore_live_leader: false dest_uuid: "475a466ec8b44f39bbf6b23f10ebe15b" is_pre_election: true
I0902 17:01:10.920557 15208 raft_consensus.cc:2456] T 98303c2e02664b5bae0cecc0ea4112ca P d28f0f3b8d0e429484dbeeb2d41b7d50: Snoozing failure detection for 2.125s (vote granted)
I0902 17:01:10.920588 15208 raft_consensus.cc:2010] T 98303c2e02664b5bae0cecc0ea4112ca P d28f0f3b8d0e429484dbeeb2d41b7d50 [term 0 FOLLOWER]: Leader pre-election vote request: Granting yes vote for candidate 81b89e30bd3e45e39b3bd3eca9d5f7c5 in term 0.
I0902 17:01:10.920599 15331 raft_consensus.cc:2456] T 98303c2e02664b5bae0cecc0ea4112ca P 475a466ec8b44f39bbf6b23f10ebe15b: Snoozing failure detection for 2.161s (vote granted)
I0902 17:01:10.920641 15331 raft_consensus.cc:2010] T 98303c2e02664b5bae0cecc0ea4112ca P 475a466ec8b44f39bbf6b23f10ebe15b [term 0 FOLLOWER]: Leader pre-election vote request: Granting yes vote for candidate 81b89e30bd3e45e39b3bd3eca9d5f7c5 in term 0.
I0902 17:01:10.920898 15388 leader_election.cc:353] T 98303c2e02664b5bae0cecc0ea4112ca P 81b89e30bd3e45e39b3bd3eca9d5f7c5 [CANDIDATE]: Term 1 pre-election: Vote granted by peer d28f0f3b8d0e429484dbeeb2d41b7d50
I0902 17:01:10.920939 15388 leader_election.cc:248] T 98303c2e02664b5bae0cecc0ea4112ca P 81b89e30bd3e45e39b3bd3eca9d5f7c5 [CANDIDATE]: Term 1 pre-election: Election decided. Result: candidate won.
I0902 17:01:10.920989 15387 leader_election.cc:353] T 98303c2e02664b5bae0cecc0ea4112ca P 81b89e30bd3e45e39b3bd3eca9d5f7c5 [CANDIDATE]: Term 1 pre-election: Vote granted by peer 475a466ec8b44f39bbf6b23f10ebe15b
I0902 17:01:10.921057 15531 raft_consensus.cc:2456] T 98303c2e02664b5bae0cecc0ea4112ca P 81b89e30bd3e45e39b3bd3eca9d5f7c5: Snoozing failure detection for 1.709s (election complete)
I0902 17:01:10.921087 15531 raft_consensus.cc:2280] T 98303c2e02664b5bae0cecc0ea4112ca P 81b89e30bd3e45e39b3bd3eca9d5f7c5 [term 0 FOLLOWER]: Leader pre-election won for term 1
I0902 17:01:10.921102 15531 raft_consensus.cc:412] T 98303c2e02664b5bae0cecc0ea4112ca P 81b89e30bd3e45e39b3bd3eca9d5f7c5 [term 0 FOLLOWER]: Starting leader election (no leader contacted us within the election timeout)
I0902 17:01:10.921114 15531 raft_consensus.cc:2456] T 98303c2e02664b5bae0cecc0ea4112ca P 81b89e30bd3e45e39b3bd3eca9d5f7c5: Snoozing failure detection for 1.798s (starting election)
I0902 17:01:10.921124 15531 raft_consensus.cc:2508] T 98303c2e02664b5bae0cecc0ea4112ca P 81b89e30bd3e45e39b3bd3eca9d5f7c5 [term 0 FOLLOWER]: Advancing to term 1
I0902 17:01:10.921964 15531 raft_consensus.cc:434] T 98303c2e02664b5bae0cecc0ea4112ca P 81b89e30bd3e45e39b3bd3eca9d5f7c5 [term 1 FOLLOWER]: Starting leader election with config: opid_index: -1 OBSOLETE_local: false peers { permanent_uuid: "d28f0f3b8d0e429484dbeeb2d41b7d50" member_type: VOTER last_known_addr { host: "127.58.208.1" port: 59914 } } peers { permanent_uuid: "475a466ec8b44f39bbf6b23f10ebe15b" member_type: VOTER last_known_addr { host: "127.58.208.2" port: 43231 } } peers { permanent_uuid: "81b89e30bd3e45e39b3bd3eca9d5f7c5" member_type: VOTER last_known_addr { host: "127.58.208.3" port: 42179 } }
I0902 17:01:10.922075 15070 catalog_manager.cc:2943] Scheduling retry of 98303c2e02664b5bae0cecc0ea4112ca (table test-table [id=b7f89f9ec9c0479b9fed277cd873ba0e]) Alter Table RPC with a delay of 8 ms (attempt = 0)
W0902 17:01:10.922104 15070 catalog_manager.cc:2962] Async tablet task 98303c2e02664b5bae0cecc0ea4112ca (table test-table [id=b7f89f9ec9c0479b9fed277cd873ba0e]) Alter Table RPC failed: Not found: Failed to reset TS proxy: No leader found: Tablet 98303c2e02664b5bae0cecc0ea4112ca consensus state has no leader
I0902 17:01:10.922180 15531 leader_election.cc:221] T 98303c2e02664b5bae0cecc0ea4112ca P 81b89e30bd3e45e39b3bd3eca9d5f7c5 [CANDIDATE]: Term 1 election: Requesting vote from peer d28f0f3b8d0e429484dbeeb2d41b7d50
I0902 17:01:10.922260 15531 leader_election.cc:221] T 98303c2e02664b5bae0cecc0ea4112ca P 81b89e30bd3e45e39b3bd3eca9d5f7c5 [CANDIDATE]: Term 1 election: Requesting vote from peer 475a466ec8b44f39bbf6b23f10ebe15b
I0902 17:01:10.922650 15208 tablet_service.cc:1002] Received RequestConsensusVote() RPC: tablet_id: "98303c2e02664b5bae0cecc0ea4112ca" candidate_uuid: "81b89e30bd3e45e39b3bd3eca9d5f7c5" candidate_term: 1 candidate_status { last_received { term: 0 index: 0 } } ignore_live_leader: false dest_uuid: "d28f0f3b8d0e429484dbeeb2d41b7d50"
I0902 17:01:10.922701 15208 raft_consensus.cc:2508] T 98303c2e02664b5bae0cecc0ea4112ca P d28f0f3b8d0e429484dbeeb2d41b7d50 [term 0 FOLLOWER]: Advancing to term 1
I0902 17:01:10.922739 15331 tablet_service.cc:1002] Received RequestConsensusVote() RPC: tablet_id: "98303c2e02664b5bae0cecc0ea4112ca" candidate_uuid: "81b89e30bd3e45e39b3bd3eca9d5f7c5" candidate_term: 1 candidate_status { last_received { term: 0 index: 0 } } ignore_live_leader: false dest_uuid: "475a466ec8b44f39bbf6b23f10ebe15b"
I0902 17:01:10.922756 15208 raft_consensus.cc:2456] T 98303c2e02664b5bae0cecc0ea4112ca P d28f0f3b8d0e429484dbeeb2d41b7d50: Snoozing failure detection for 1.606s (vote granted)
I0902 17:01:10.922788 15331 raft_consensus.cc:2508] T 98303c2e02664b5bae0cecc0ea4112ca P 475a466ec8b44f39bbf6b23f10ebe15b [term 0 FOLLOWER]: Advancing to term 1
I0902 17:01:10.922839 15331 raft_consensus.cc:2456] T 98303c2e02664b5bae0cecc0ea4112ca P 475a466ec8b44f39bbf6b23f10ebe15b: Snoozing failure detection for 2.071s (vote granted)
I0902 17:01:10.923379 15208 raft_consensus.cc:2010] T 98303c2e02664b5bae0cecc0ea4112ca P d28f0f3b8d0e429484dbeeb2d41b7d50 [term 1 FOLLOWER]: Leader election vote request: Granting yes vote for candidate 81b89e30bd3e45e39b3bd3eca9d5f7c5 in term 1.
I0902 17:01:10.923498 15331 raft_consensus.cc:2010] T 98303c2e02664b5bae0cecc0ea4112ca P 475a466ec8b44f39bbf6b23f10ebe15b [term 1 FOLLOWER]: Leader election vote request: Granting yes vote for candidate 81b89e30bd3e45e39b3bd3eca9d5f7c5 in term 1.
I0902 17:01:10.923666 15388 leader_election.cc:353] T 98303c2e02664b5bae0cecc0ea4112ca P 81b89e30bd3e45e39b3bd3eca9d5f7c5 [CANDIDATE]: Term 1 election: Vote granted by peer d28f0f3b8d0e429484dbeeb2d41b7d50
I0902 17:01:10.923689 15388 leader_election.cc:248] T 98303c2e02664b5bae0cecc0ea4112ca P 81b89e30bd3e45e39b3bd3eca9d5f7c5 [CANDIDATE]: Term 1 election: Election decided. Result: candidate won.
I0902 17:01:10.923735 15387 leader_election.cc:353] T 98303c2e02664b5bae0cecc0ea4112ca P 81b89e30bd3e45e39b3bd3eca9d5f7c5 [CANDIDATE]: Term 1 election: Vote granted by peer 475a466ec8b44f39bbf6b23f10ebe15b
I0902 17:01:10.923784 15522 raft_consensus.cc:2456] T 98303c2e02664b5bae0cecc0ea4112ca P 81b89e30bd3e45e39b3bd3eca9d5f7c5: Snoozing failure detection for 1.830s (election complete)
I0902 17:01:10.923807 15522 raft_consensus.cc:2280] T 98303c2e02664b5bae0cecc0ea4112ca P 81b89e30bd3e45e39b3bd3eca9d5f7c5 [term 1 FOLLOWER]: Leader election won for term 1
I0902 17:01:10.923866 15522 raft_consensus.cc:542] T 98303c2e02664b5bae0cecc0ea4112ca P 81b89e30bd3e45e39b3bd3eca9d5f7c5 [term 1 LEADER]: Becoming Leader. State: Replica: 81b89e30bd3e45e39b3bd3eca9d5f7c5, State: Running, Role: LEADER
I0902 17:01:10.923938 15522 consensus_queue.cc:169] T 98303c2e02664b5bae0cecc0ea4112ca P 81b89e30bd3e45e39b3bd3eca9d5f7c5 [LEADER]: Queue going to LEADER mode. State: All replicated index: 0, Majority replicated index: 0, Committed index: 0, Last appended: 0.0, Last appended by leader: 0, Current term: 1, Majority size: 2, State: 0, Mode: LEADER, active raft config: opid_index: -1 OBSOLETE_local: false peers { permanent_uuid: "d28f0f3b8d0e429484dbeeb2d41b7d50" member_type: VOTER last_known_addr { host: "127.58.208.1" port: 59914 } } peers { permanent_uuid: "475a466ec8b44f39bbf6b23f10ebe15b" member_type: VOTER last_known_addr { host: "127.58.208.2" port: 43231 } } peers { permanent_uuid: "81b89e30bd3e45e39b3bd3eca9d5f7c5" member_type: VOTER last_known_addr { host: "127.58.208.3" port: 42179 } }
I0902 17:01:10.925292 15087 catalog_manager.cc:2462] TS 81b89e30bd3e45e39b3bd3eca9d5f7c5 (127.58.208.3:42179) does not have the latest schema for tablet 98303c2e02664b5bae0cecc0ea4112ca (table test-table [id=b7f89f9ec9c0479b9fed277cd873ba0e]). Expected version 1 got 0
I0902 17:01:10.925456 15087 catalog_manager.cc:2571] T 98303c2e02664b5bae0cecc0ea4112ca reported cstate change: term changed from 0 to 1, leader changed from to 81b89e30bd3e45e39b3bd3eca9d5f7c5 (127.58.208.3). New cstate: current_term: 1 leader_uuid: "81b89e30bd3e45e39b3bd3eca9d5f7c5" committed_config { opid_index: -1 OBSOLETE_local: false peers { permanent_uuid: "d28f0f3b8d0e429484dbeeb2d41b7d50" member_type: VOTER last_known_addr { host: "127.58.208.1" port: 59914 } } peers { permanent_uuid: "475a466ec8b44f39bbf6b23f10ebe15b" member_type: VOTER last_known_addr { host: "127.58.208.2" port: 43231 } } peers { permanent_uuid: "81b89e30bd3e45e39b3bd3eca9d5f7c5" member_type: VOTER last_known_addr { host: "127.58.208.3" port: 42179 } } }
I0902 17:01:10.928665 15331 raft_consensus.cc:964] T 98303c2e02664b5bae0cecc0ea4112ca P 475a466ec8b44f39bbf6b23f10ebe15b [term 1 FOLLOWER]: Refusing update from remote peer 81b89e30bd3e45e39b3bd3eca9d5f7c5: Log matching property violated. Preceding OpId in replica: term: 0 index: 0. Preceding OpId from leader: term: 1 index: 2. (index mismatch)
I0902 17:01:10.928669 15208 raft_consensus.cc:964] T 98303c2e02664b5bae0cecc0ea4112ca P d28f0f3b8d0e429484dbeeb2d41b7d50 [term 1 FOLLOWER]: Refusing update from remote peer 81b89e30bd3e45e39b3bd3eca9d5f7c5: Log matching property violated. Preceding OpId in replica: term: 0 index: 0. Preceding OpId from leader: term: 1 index: 2. (index mismatch)
I0902 17:01:10.928992 15518 consensus_queue.cc:741] T 98303c2e02664b5bae0cecc0ea4112ca P 81b89e30bd3e45e39b3bd3eca9d5f7c5 [LEADER]: Connected to new peer: Peer: 475a466ec8b44f39bbf6b23f10ebe15b, Is new: false, Last received: 0.0, Next index: 1, Last known committed idx: 0, Last exchange result: ERROR, Needs tablet copy: false
I0902 17:01:10.929035 15522 consensus_queue.cc:741] T 98303c2e02664b5bae0cecc0ea4112ca P 81b89e30bd3e45e39b3bd3eca9d5f7c5 [LEADER]: Connected to new peer: Peer: d28f0f3b8d0e429484dbeeb2d41b7d50, Is new: false, Last received: 0.0, Next index: 1, Last known committed idx: 0, Last exchange result: ERROR, Needs tablet copy: false
I0902 17:01:10.930831 15087 catalog_manager.cc:2462] TS 475a466ec8b44f39bbf6b23f10ebe15b (127.58.208.2:43231) does not have the latest schema for tablet 98303c2e02664b5bae0cecc0ea4112ca (table test-table [id=b7f89f9ec9c0479b9fed277cd873ba0e]). Expected version 1 got 0
I0902 17:01:10.931552 15087 catalog_manager.cc:2462] TS d28f0f3b8d0e429484dbeeb2d41b7d50 (127.58.208.1:59914) does not have the latest schema for tablet 98303c2e02664b5bae0cecc0ea4112ca (table test-table [id=b7f89f9ec9c0479b9fed277cd873ba0e]). Expected version 1 got 0
I0902 17:01:10.931677 15530 tablet.cc:1115] T 98303c2e02664b5bae0cecc0ea4112ca P 81b89e30bd3e45e39b3bd3eca9d5f7c5: Alter schema from Schema [ 10:key[int32 NOT NULL] ] version 0 to Schema [ 10:key[int32 NOT NULL] ] version 1
I0902 17:01:10.932323 15532 tablet.cc:1115] T 98303c2e02664b5bae0cecc0ea4112ca P 475a466ec8b44f39bbf6b23f10ebe15b: Alter schema from Schema [ 10:key[int32 NOT NULL] ] version 0 to Schema [ 10:key[int32 NOT NULL] ] version 1
I0902 17:01:10.932636 15087 catalog_manager.cc:2462] TS 475a466ec8b44f39bbf6b23f10ebe15b (127.58.208.2:43231) does not have the latest schema for tablet 98303c2e02664b5bae0cecc0ea4112ca (table test-table [id=b7f89f9ec9c0479b9fed277cd873ba0e]). Expected version 1 got 0
I0902 17:01:10.934463 15533 tablet.cc:1115] T 98303c2e02664b5bae0cecc0ea4112ca P d28f0f3b8d0e429484dbeeb2d41b7d50: Alter schema from Schema [ 10:key[int32 NOT NULL] ] version 0 to Schema [ 10:key[int32 NOT NULL] ] version 1
I0902 17:01:10.935029 15088 catalog_manager.cc:2462] TS d28f0f3b8d0e429484dbeeb2d41b7d50 (127.58.208.1:59914) does not have the latest schema for tablet 98303c2e02664b5bae0cecc0ea4112ca (table test-table [id=b7f89f9ec9c0479b9fed277cd873ba0e]). Expected version 1 got 0
I0902 17:01:10.935369 15087 catalog_manager.cc:3728] T 00000000000000000000000000000000 P b004b3046b584f37925df45eda899ff0: test-table [id=b7f89f9ec9c0479b9fed277cd873ba0e] alter complete (version 1)
I0902 17:01:10.937038 15530 tablet.cc:1110] T 98303c2e02664b5bae0cecc0ea4112ca P 81b89e30bd3e45e39b3bd3eca9d5f7c5: Already running schema version 1 got alter request for version 1
I0902 17:01:10.937683 15532 tablet.cc:1110] T 98303c2e02664b5bae0cecc0ea4112ca P 475a466ec8b44f39bbf6b23f10ebe15b: Already running schema version 1 got alter request for version 1
I0902 17:01:10.938520 15533 tablet.cc:1110] T 98303c2e02664b5bae0cecc0ea4112ca P d28f0f3b8d0e429484dbeeb2d41b7d50: Already running schema version 1 got alter request for version 1
I0902 17:01:10.939373 15530 tablet.cc:1110] T 98303c2e02664b5bae0cecc0ea4112ca P 81b89e30bd3e45e39b3bd3eca9d5f7c5: Already running schema version 1 got alter request for version 1
I0902 17:01:10.940014 15533 tablet.cc:1110] T 98303c2e02664b5bae0cecc0ea4112ca P d28f0f3b8d0e429484dbeeb2d41b7d50: Already running schema version 1 got alter request for version 1
I0902 17:01:10.940779 15532 tablet.cc:1110] T 98303c2e02664b5bae0cecc0ea4112ca P 475a466ec8b44f39bbf6b23f10ebe15b: Already running schema version 1 got alter request for version 1
I0902 17:01:10.994062 15056 alter_table-randomized-test.cc:436] Beginning Alterations
I0902 17:01:10.994891 15056 alter_table-randomized-test.cc:582] Dropping range partition: [2013265890, 2080374753) resulting partitions: ()
I0902 17:01:10.994942 15056 alter_table-randomized-test.cc:550] Adding range partition: [1610612712, 1677721575) resulting partitions: (1610612712, 1677721575)
I0902 17:01:10.994958 15056 alter_table-randomized-test.cc:582] Dropping range partition: [1610612712, 1677721575) resulting partitions: ()
I0902 17:01:10.994973 15056 alter_table-randomized-test.cc:550] Adding range partition: [1409286123, 1476394986) resulting partitions: (1409286123, 1476394986)
I0902 17:01:10.994987 15056 alter_table-randomized-test.cc:582] Dropping range partition: [1409286123, 1476394986) resulting partitions: ()
I0902 17:01:10.995000 15056 alter_table-randomized-test.cc:550] Adding range partition: [1207959534, 1275068397) resulting partitions: (1207959534, 1275068397)
I0902 17:01:10.995013 15056 alter_table-randomized-test.cc:582] Dropping range partition: [1207959534, 1275068397) resulting partitions: ()
I0902 17:01:10.995029 15056 alter_table-randomized-test.cc:474] Adding column c82, existing columns: key
I0902 17:01:10.995038 15056 alter_table-randomized-test.cc:468] Committing Alterations
I0902 17:01:10.995673 15088 catalog_manager.cc:1946] Servicing AlterTable request from {username='slave'} at 127.0.0.1:43619: table { table_name: "test-table" } alter_schema_steps { type: DROP_RANGE_PARTITION drop_range_partition { range_bounds { rows: "\006\001\342\377\377w\007\001\341\377\377{" } } } alter_schema_steps { type: ADD_RANGE_PARTITION add_range_partition { range_bounds { rows: "\010\001\347\377\377_\t\001\346\377\377c" } } } alter_schema_steps { type: DROP_RANGE_PARTITION drop_range_partition { range_bounds { rows: "\006\001\350\377\377_\007\001\347\377\377c" } } } alter_schema_steps { type: ADD_RANGE_PARTITION add_range_partition { range_bounds { rows: "\006\001\353\377\377S\t\001\351\377\377W" } } } alter_schema_steps { type: DROP_RANGE_PARTITION drop_range_partition { range_bounds { rows: "\006\001\353\377\377S\007\001\352\377\377W" } } } alter_schema_steps { type: ADD_RANGE_PARTITION add_range_partition { range_bounds { rows: "\010\001\355\377\377G\t\001\354\377\377K" } } } alter_schema_steps { type: DROP_RANGE_PARTITION drop_range_partition { range_bounds { rows: "\006\001\356\377\377G\007\001\355\377\377K" } } } alter_schema_steps { type: ADD_COLUMN add_column { schema { name: "c82" type: INT32 is_nullable: false read_default_value: "\300=\221\000" encoding: AUTO_ENCODING compression: DEFAULT_COMPRESSION cfile_block_size: 0 } } } schema { columns { name: "key" type: INT32 is_key: true is_nullable: false encoding: AUTO_ENCODING compression: DEFAULT_COMPRESSION cfile_block_size: 0 } }
I0902 17:01:10.997790 15088 catalog_manager.cc:3508] T 00000000000000000000000000000000 P b004b3046b584f37925df45eda899ff0: Sending DeleteTablet for 3 replicas of tablet 98303c2e02664b5bae0cecc0ea4112ca
I0902 17:01:10.997845 15088 catalog_manager.cc:3165] Sending DeleteTablet(TABLET_DATA_DELETED) for tablet 98303c2e02664b5bae0cecc0ea4112ca on d28f0f3b8d0e429484dbeeb2d41b7d50 (127.58.208.1:59914) (Partition dropped at 2017-09-02 17:01:10 UTC)
I0902 17:01:10.997905 15088 catalog_manager.cc:3165] Sending DeleteTablet(TABLET_DATA_DELETED) for tablet 98303c2e02664b5bae0cecc0ea4112ca on 475a466ec8b44f39bbf6b23f10ebe15b (127.58.208.2:43231) (Partition dropped at 2017-09-02 17:01:10 UTC)
I0902 17:01:10.997944 15088 catalog_manager.cc:3165] Sending DeleteTablet(TABLET_DATA_DELETED) for tablet 98303c2e02664b5bae0cecc0ea4112ca on 81b89e30bd3e45e39b3bd3eca9d5f7c5 (127.58.208.3:42179) (Partition dropped at 2017-09-02 17:01:10 UTC)
I0902 17:01:10.998277 15188 tablet_service.cc:805] Processing DeleteTablet for tablet 98303c2e02664b5bae0cecc0ea4112ca with delete_type TABLET_DATA_DELETED (Partition dropped at 2017-09-02 17:01:10 UTC) from {username='slave'} at 127.0.0.1:34293
I0902 17:01:10.998287 15311 tablet_service.cc:805] Processing DeleteTablet for tablet 98303c2e02664b5bae0cecc0ea4112ca with delete_type TABLET_DATA_DELETED (Partition dropped at 2017-09-02 17:01:10 UTC) from {username='slave'} at 127.0.0.1:34815
I0902 17:01:10.998339 15188 tablet_replica.cc:251] T 98303c2e02664b5bae0cecc0ea4112ca P d28f0f3b8d0e429484dbeeb2d41b7d50: stopping tablet replica
I0902 17:01:10.998353 15311 tablet_replica.cc:251] T 98303c2e02664b5bae0cecc0ea4112ca P 475a466ec8b44f39bbf6b23f10ebe15b: stopping tablet replica
I0902 17:01:10.998374 15188 maintenance_manager.cc:228] P d28f0f3b8d0e429484dbeeb2d41b7d50: Unregistered op CompactRowSetsOp(98303c2e02664b5bae0cecc0ea4112ca)
I0902 17:01:10.998387 15188 maintenance_manager.cc:228] P d28f0f3b8d0e429484dbeeb2d41b7d50: Unregistered op MinorDeltaCompactionOp(98303c2e02664b5bae0cecc0ea4112ca)
I0902 17:01:10.998399 15188 maintenance_manager.cc:228] P d28f0f3b8d0e429484dbeeb2d41b7d50: Unregistered op MajorDeltaCompactionOp(98303c2e02664b5bae0cecc0ea4112ca)
I0902 17:01:10.998405 15188 maintenance_manager.cc:228] P d28f0f3b8d0e429484dbeeb2d41b7d50: Unregistered op UndoDeltaBlockGCOp(98303c2e02664b5bae0cecc0ea4112ca)
I0902 17:01:10.998417 15311 maintenance_manager.cc:228] P 475a466ec8b44f39bbf6b23f10ebe15b: Unregistered op CompactRowSetsOp(98303c2e02664b5bae0cecc0ea4112ca)
I0902 17:01:10.998422 15188 maintenance_manager.cc:228] P d28f0f3b8d0e429484dbeeb2d41b7d50: Unregistered op FlushMRSOp(98303c2e02664b5bae0cecc0ea4112ca)
I0902 17:01:10.998430 15188 maintenance_manager.cc:228] P d28f0f3b8d0e429484dbeeb2d41b7d50: Unregistered op FlushDeltaMemStoresOp(98303c2e02664b5bae0cecc0ea4112ca)
I0902 17:01:10.998431 15311 maintenance_manager.cc:228] P 475a466ec8b44f39bbf6b23f10ebe15b: Unregistered op MinorDeltaCompactionOp(98303c2e02664b5bae0cecc0ea4112ca)
I0902 17:01:10.998435 15188 maintenance_manager.cc:228] P d28f0f3b8d0e429484dbeeb2d41b7d50: Unregistered op LogGCOp(98303c2e02664b5bae0cecc0ea4112ca)
I0902 17:01:10.998440 15311 maintenance_manager.cc:228] P 475a466ec8b44f39bbf6b23f10ebe15b: Unregistered op MajorDeltaCompactionOp(98303c2e02664b5bae0cecc0ea4112ca)
I0902 17:01:10.998446 15311 maintenance_manager.cc:228] P 475a466ec8b44f39bbf6b23f10ebe15b: Unregistered op UndoDeltaBlockGCOp(98303c2e02664b5bae0cecc0ea4112ca)
I0902 17:01:10.998455 15188 raft_consensus.cc:1807] T 98303c2e02664b5bae0cecc0ea4112ca P d28f0f3b8d0e429484dbeeb2d41b7d50 [term 1 FOLLOWER]: Raft consensus shutting down.
I0902 17:01:10.998461 15311 maintenance_manager.cc:228] P 475a466ec8b44f39bbf6b23f10ebe15b: Unregistered op FlushMRSOp(98303c2e02664b5bae0cecc0ea4112ca)
I0902 17:01:10.998467 15311 maintenance_manager.cc:228] P 475a466ec8b44f39bbf6b23f10ebe15b: Unregistered op FlushDeltaMemStoresOp(98303c2e02664b5bae0cecc0ea4112ca)
I0902 17:01:10.998473 15311 maintenance_manager.cc:228] P 475a466ec8b44f39bbf6b23f10ebe15b: Unregistered op LogGCOp(98303c2e02664b5bae0cecc0ea4112ca)
I0902 17:01:10.998495 15311 raft_consensus.cc:1807] T 98303c2e02664b5bae0cecc0ea4112ca P 475a466ec8b44f39bbf6b23f10ebe15b [term 1 FOLLOWER]: Raft consensus shutting down.
I0902 17:01:10.998504 15188 raft_consensus.cc:1834] T 98303c2e02664b5bae0cecc0ea4112ca P d28f0f3b8d0e429484dbeeb2d41b7d50 [term 1 FOLLOWER]: Raft consensus is shut down!
I0902 17:01:10.998553 15311 raft_consensus.cc:1834] T 98303c2e02664b5bae0cecc0ea4112ca P 475a466ec8b44f39bbf6b23f10ebe15b [term 1 FOLLOWER]: Raft consensus is shut down!
I0902 17:01:10.998836 15433 tablet_service.cc:805] Processing DeleteTablet for tablet 98303c2e02664b5bae0cecc0ea4112ca with delete_type TABLET_DATA_DELETED (Partition dropped at 2017-09-02 17:01:10 UTC) from {username='slave'} at 127.0.0.1:44274
I0902 17:01:10.998883 15433 tablet_replica.cc:251] T 98303c2e02664b5bae0cecc0ea4112ca P 81b89e30bd3e45e39b3bd3eca9d5f7c5: stopping tablet replica
I0902 17:01:10.998908 15433 maintenance_manager.cc:228] P 81b89e30bd3e45e39b3bd3eca9d5f7c5: Unregistered op CompactRowSetsOp(98303c2e02664b5bae0cecc0ea4112ca)
I0902 17:01:10.998920 15433 maintenance_manager.cc:228] P 81b89e30bd3e45e39b3bd3eca9d5f7c5: Unregistered op MinorDeltaCompactionOp(98303c2e02664b5bae0cecc0ea4112ca)
I0902 17:01:10.998926 15433 maintenance_manager.cc:228] P 81b89e30bd3e45e39b3bd3eca9d5f7c5: Unregistered op MajorDeltaCompactionOp(98303c2e02664b5bae0cecc0ea4112ca)
I0902 17:01:10.998924 15056 alter_table-randomized-test.cc:436] Beginning Alterations
I0902 17:01:10.998932 15433 maintenance_manager.cc:228] P 81b89e30bd3e45e39b3bd3eca9d5f7c5: Unregistered op UndoDeltaBlockGCOp(98303c2e02664b5bae0cecc0ea4112ca)
I0902 17:01:10.998947 15433 maintenance_manager.cc:228] P 81b89e30bd3e45e39b3bd3eca9d5f7c5: Unregistered op FlushMRSOp(98303c2e02664b5bae0cecc0ea4112ca)
I0902 17:01:10.998952 15433 maintenance_manager.cc:228] P 81b89e30bd3e45e39b3bd3eca9d5f7c5: Unregistered op FlushDeltaMemStoresOp(98303c2e02664b5bae0cecc0ea4112ca)
I0902 17:01:10.998958 15433 maintenance_manager.cc:228] P 81b89e30bd3e45e39b3bd3eca9d5f7c5: Unregistered op LogGCOp(98303c2e02664b5bae0cecc0ea4112ca)
I0902 17:01:10.998976 15433 raft_consensus.cc:1807] T 98303c2e02664b5bae0cecc0ea4112ca P 81b89e30bd3e45e39b3bd3eca9d5f7c5 [term 1 LEADER]: Raft consensus shutting down.
I0902 17:01:10.998986 15433 consensus_peers.cc:433] T 98303c2e02664b5bae0cecc0ea4112ca P 81b89e30bd3e45e39b3bd3eca9d5f7c5 -> Peer 475a466ec8b44f39bbf6b23f10ebe15b (127.58.208.2:43231): Closing peer: 475a466ec8b44f39bbf6b23f10ebe15b
I0902 17:01:10.998998 15433 consensus_peers.cc:433] T 98303c2e02664b5bae0cecc0ea4112ca P 81b89e30bd3e45e39b3bd3eca9d5f7c5 -> Peer d28f0f3b8d0e429484dbeeb2d41b7d50 (127.58.208.1:59914): Closing peer: d28f0f3b8d0e429484dbeeb2d41b7d50
I0902 17:01:10.999073 15188 ts_tablet_manager.cc:1097] T 98303c2e02664b5bae0cecc0ea4112ca P d28f0f3b8d0e429484dbeeb2d41b7d50: Deleting tablet data with delete state TABLET_DATA_DELETED
I0902 17:01:10.999090 15433 raft_consensus.cc:1834] T 98303c2e02664b5bae0cecc0ea4112ca P 81b89e30bd3e45e39b3bd3eca9d5f7c5 [term 1 FOLLOWER]: Raft consensus is shut down!
I0902 17:01:10.999156 15311 ts_tablet_manager.cc:1097] T 98303c2e02664b5bae0cecc0ea4112ca P 475a466ec8b44f39bbf6b23f10ebe15b: Deleting tablet data with delete state TABLET_DATA_DELETED
I0902 17:01:10.999647 15433 ts_tablet_manager.cc:1097] T 98303c2e02664b5bae0cecc0ea4112ca P 81b89e30bd3e45e39b3bd3eca9d5f7c5: Deleting tablet data with delete state TABLET_DATA_DELETED
I0902 17:01:10.999681 15056 alter_table-randomized-test.cc:550] Adding range partition: [872415219, 939524082) resulting partitions: (872415219, 939524082)
I0902 17:01:10.999761 15056 alter_table-randomized-test.cc:495] Dropping column c82, existing columns: key, c82
I0902 17:01:10.999790 15056 alter_table-randomized-test.cc:582] Dropping range partition: [872415219, 939524082) resulting partitions: ()
I0902 17:01:10.999828 15056 alter_table-randomized-test.cc:550] Adding range partition: [603979767, 671088630) resulting partitions: (603979767, 671088630)
I0902 17:01:10.999866 15056 alter_table-randomized-test.cc:550] Adding range partition: [268435452, 335544315) resulting partitions: (268435452, 335544315], (603979767, 671088630)
I0902 17:01:10.999899 15056 alter_table-randomized-test.cc:468] Committing Alterations
I0902 17:01:11.000447 15088 catalog_manager.cc:1946] Servicing AlterTable request from {username='slave'} at 127.0.0.1:43619: table { table_name: "test-table" } alter_schema_steps { type: ADD_RANGE_PARTITION add_range_partition { range_bounds { rows: "\010\001\362\377\3773\t\001\361\377\3777" } } } alter_schema_steps { type: DROP_COLUMN drop_column { name: "c82" } } alter_schema_steps { type: DROP_RANGE_PARTITION drop_range_partition { range_bounds { rows: "\006\001\363\377\3773\007\001\362\377\3777" } } } alter_schema_steps { type: ADD_RANGE_PARTITION add_range_partition { range_bounds { rows: "\006\001\367\377\377#\007\001\366\377\377\'" } } } alter_schema_steps { type: ADD_RANGE_PARTITION add_range_partition { range_bounds { rows: "\006\001\374\377\377\017\007\001\373\377\377\023" } } } schema { columns { name: "key" type: INT32 is_key: true is_nullable: false encoding: AUTO_ENCODING compression: DEFAULT_COMPRESSION cfile_block_size: 0 } columns { name: "c82" type: INT32 is_key: false is_nullable: false read_default_value: "\300=\221\000" encoding: AUTO_ENCODING compression: DEFAULT_COMPRESSION cfile_block_size: 0 } }
I0902 17:01:11.000810 15188 ts_tablet_manager.cc:1110] T 98303c2e02664b5bae0cecc0ea4112ca P d28f0f3b8d0e429484dbeeb2d41b7d50: tablet deleted: last-logged OpId: 1.14
I0902 17:01:11.000846 15188 log.cc:960] T 98303c2e02664b5bae0cecc0ea4112ca P d28f0f3b8d0e429484dbeeb2d41b7d50: Deleting WAL directory at /tmp/run_tha_testdnoRja/test-tmp/alter_table-randomized-test.AlterTableRandomized.TestRandomSequence.1504371669910680-15056/minicluster-data/ts-0/wal/wals/98303c2e02664b5bae0cecc0ea4112ca
I0902 17:01:11.000861 15311 ts_tablet_manager.cc:1110] T 98303c2e02664b5bae0cecc0ea4112ca P 475a466ec8b44f39bbf6b23f10ebe15b: tablet deleted: last-logged OpId: 1.14
I0902 17:01:11.000895 15311 log.cc:960] T 98303c2e02664b5bae0cecc0ea4112ca P 475a466ec8b44f39bbf6b23f10ebe15b: Deleting WAL directory at /tmp/run_tha_testdnoRja/test-tmp/alter_table-randomized-test.AlterTableRandomized.TestRandomSequence.1504371669910680-15056/minicluster-data/ts-1/wal/wals/98303c2e02664b5bae0cecc0ea4112ca
I0902 17:01:11.001086 15188 ts_tablet_manager.cc:1128] T 98303c2e02664b5bae0cecc0ea4112ca P d28f0f3b8d0e429484dbeeb2d41b7d50: Deleting consensus metadata
I0902 17:01:11.001150 15311 ts_tablet_manager.cc:1128] T 98303c2e02664b5bae0cecc0ea4112ca P 475a466ec8b44f39bbf6b23f10ebe15b: Deleting consensus metadata
I0902 17:01:11.001211 15433 ts_tablet_manager.cc:1110] T 98303c2e02664b5bae0cecc0ea4112ca P 81b89e30bd3e45e39b3bd3eca9d5f7c5: tablet deleted: last-logged OpId: 1.14
I0902 17:01:11.001245 15433 log.cc:960] T 98303c2e02664b5bae0cecc0ea4112ca P 81b89e30bd3e45e39b3bd3eca9d5f7c5: Deleting WAL directory at /tmp/run_tha_testdnoRja/test-tmp/alter_table-randomized-test.AlterTableRandomized.TestRandomSequence.1504371669910680-15056/minicluster-data/ts-2/wal/wals/98303c2e02664b5bae0cecc0ea4112ca
I0902 17:01:11.001435 15433 ts_tablet_manager.cc:1128] T 98303c2e02664b5bae0cecc0ea4112ca P 81b89e30bd3e45e39b3bd3eca9d5f7c5: Deleting consensus metadata
I0902 17:01:11.001802 15073 catalog_manager.cc:3143] TS d28f0f3b8d0e429484dbeeb2d41b7d50 (127.58.208.1:59914): tablet 98303c2e02664b5bae0cecc0ea4112ca (table test-table [id=b7f89f9ec9c0479b9fed277cd873ba0e]) successfully deleted
I0902 17:01:11.001863 15072 catalog_manager.cc:3143] TS 475a466ec8b44f39bbf6b23f10ebe15b (127.58.208.2:43231): tablet 98303c2e02664b5bae0cecc0ea4112ca (table test-table [id=b7f89f9ec9c0479b9fed277cd873ba0e]) successfully deleted
I0902 17:01:11.002411 15072 catalog_manager.cc:3143] TS 81b89e30bd3e45e39b3bd3eca9d5f7c5 (127.58.208.3:42179): tablet 98303c2e02664b5bae0cecc0ea4112ca (table test-table [id=b7f89f9ec9c0479b9fed277cd873ba0e]) successfully deleted
I0902 17:01:11.002562 15088 catalog_manager.cc:2943] Scheduling retry of 243e1fb719714819a98f920eb125bbf0 (table test-table [id=b7f89f9ec9c0479b9fed277cd873ba0e]) Alter Table RPC with a delay of 55 ms (attempt = 0)
W0902 17:01:11.002596 15088 catalog_manager.cc:3482] Failed to send alter table request: Not found: Failed to reset TS proxy: No leader found: Tablet 243e1fb719714819a98f920eb125bbf0 has no consensus state
I0902 17:01:11.002630 15088 catalog_manager.cc:2943] Scheduling retry of 46b61b0728c843959c20956feb265265 (table test-table [id=b7f89f9ec9c0479b9fed277cd873ba0e]) Alter Table RPC with a delay of 37 ms (attempt = 0)
W0902 17:01:11.002646 15088 catalog_manager.cc:3482] Failed to send alter table request: Not found: Failed to reset TS proxy: No leader found: Tablet 46b61b0728c843959c20956feb265265 has no consensus state
I0902 17:01:11.004591 15187 tablet_service.cc:764] Processing CreateTablet for tablet 46b61b0728c843959c20956feb265265 (table=test-table [id=b7f89f9ec9c0479b9fed277cd873ba0e]), partition=RANGE (key) PARTITION 603979767 <= VALUES < 671088630
I0902 17:01:11.004765 15311 tablet_service.cc:764] Processing CreateTablet for tablet 243e1fb719714819a98f920eb125bbf0 (table=test-table [id=b7f89f9ec9c0479b9fed277cd873ba0e]), partition=RANGE (key) PARTITION 268435452 <= VALUES < 335544315
I0902 17:01:11.004773 15310 tablet_service.cc:764] Processing CreateTablet for tablet 46b61b0728c843959c20956feb265265 (table=test-table [id=b7f89f9ec9c0479b9fed277cd873ba0e]), partition=RANGE (key) PARTITION 603979767 <= VALUES < 671088630
I0902 17:01:11.005960 15310 ts_tablet_manager.cc:943] T 46b61b0728c843959c20956feb265265 P 475a466ec8b44f39bbf6b23f10ebe15b: Registered tablet (data state: TABLET_DATA_READY)
I0902 17:01:11.005971 15187 ts_tablet_manager.cc:943] T 46b61b0728c843959c20956feb265265 P d28f0f3b8d0e429484dbeeb2d41b7d50: Registered tablet (data state: TABLET_DATA_READY)
I0902 17:01:11.006055 15514 ts_tablet_manager.cc:793] T 46b61b0728c843959c20956feb265265 P 475a466ec8b44f39bbf6b23f10ebe15b: Bootstrapping tablet
I0902 17:01:11.006120 15512 ts_tablet_manager.cc:793] T 46b61b0728c843959c20956feb265265 P d28f0f3b8d0e429484dbeeb2d41b7d50: Bootstrapping tablet
I0902 17:01:11.006124 15514 tablet_bootstrap.cc:433] T 46b61b0728c843959c20956feb265265 P 475a466ec8b44f39bbf6b23f10ebe15b: Bootstrap starting.
I0902 17:01:11.006181 15512 tablet_bootstrap.cc:433] T 46b61b0728c843959c20956feb265265 P d28f0f3b8d0e429484dbeeb2d41b7d50: Bootstrap starting.
I0902 17:01:11.006294 15432 tablet_service.cc:764] Processing CreateTablet for tablet 46b61b0728c843959c20956feb265265 (table=test-table [id=b7f89f9ec9c0479b9fed277cd873ba0e]), partition=RANGE (key) PARTITION 603979767 <= VALUES < 671088630
I0902 17:01:11.006778 15512 tablet_bootstrap.cc:568] T 46b61b0728c843959c20956feb265265 P d28f0f3b8d0e429484dbeeb2d41b7d50: No blocks or log segments found. Creating new log.
I0902 17:01:11.006840 15514 tablet_bootstrap.cc:568] T 46b61b0728c843959c20956feb265265 P 475a466ec8b44f39bbf6b23f10ebe15b: No blocks or log segments found. Creating new log.
I0902 17:01:11.006868 15188 tablet_service.cc:764] Processing CreateTablet for tablet 243e1fb719714819a98f920eb125bbf0 (table=test-table [id=b7f89f9ec9c0479b9fed277cd873ba0e]), partition=RANGE (key) PARTITION 268435452 <= VALUES < 335544315
I0902 17:01:11.007509 15433 tablet_service.cc:764] Processing CreateTablet for tablet 243e1fb719714819a98f920eb125bbf0 (table=test-table [id=b7f89f9ec9c0479b9fed277cd873ba0e]), partition=RANGE (key) PARTITION 268435452 <= VALUES < 335544315
I0902 17:01:11.008076 15188 ts_tablet_manager.cc:943] T 243e1fb719714819a98f920eb125bbf0 P d28f0f3b8d0e429484dbeeb2d41b7d50: Registered tablet (data state: TABLET_DATA_READY)
I0902 17:01:11.008327 15432 ts_tablet_manager.cc:943] T 46b61b0728c843959c20956feb265265 P 81b89e30bd3e45e39b3bd3eca9d5f7c5: Registered tablet (data state: TABLET_DATA_READY)
I0902 17:01:11.008468 15513 ts_tablet_manager.cc:793] T 46b61b0728c843959c20956feb265265 P 81b89e30bd3e45e39b3bd3eca9d5f7c5: Bootstrapping tablet
I0902 17:01:11.008525 15513 tablet_bootstrap.cc:433] T 46b61b0728c843959c20956feb265265 P 81b89e30bd3e45e39b3bd3eca9d5f7c5: Bootstrap starting.
I0902 17:01:11.008656 15433 ts_tablet_manager.cc:943] T 243e1fb719714819a98f920eb125bbf0 P 81b89e30bd3e45e39b3bd3eca9d5f7c5: Registered tablet (data state: TABLET_DATA_READY)
I0902 17:01:11.009063 15513 tablet_bootstrap.cc:568] T 46b61b0728c843959c20956feb265265 P 81b89e30bd3e45e39b3bd3eca9d5f7c5: No blocks or log segments found. Creating new log.
I0902 17:01:11.009857 15512 tablet_bootstrap.cc:433] T 46b61b0728c843959c20956feb265265 P d28f0f3b8d0e429484dbeeb2d41b7d50: No bootstrap required, opened a new log
I0902 17:01:11.009874 15311 ts_tablet_manager.cc:943] T 243e1fb719714819a98f920eb125bbf0 P 475a466ec8b44f39bbf6b23f10ebe15b: Registered tablet (data state: TABLET_DATA_READY)
I0902 17:01:11.009918 15512 ts_tablet_manager.cc:818] T 46b61b0728c843959c20956feb265265 P d28f0f3b8d0e429484dbeeb2d41b7d50: Time spent bootstrapping tablet: real 0.004s user 0.004s sys 0.000s
I0902 17:01:11.010222 15512 raft_consensus.cc:287] T 46b61b0728c843959c20956feb265265 P d28f0f3b8d0e429484dbeeb2d41b7d50 [term 0 FOLLOWER]: Replica starting. Triggering 0 pending transactions. Active config: opid_index: -1 OBSOLETE_local: false peers { permanent_uuid: "d28f0f3b8d0e429484dbeeb2d41b7d50" member_type: VOTER last_known_addr { host: "127.58.208.1" port: 59914 } } peers { permanent_uuid: "475a466ec8b44f39bbf6b23f10ebe15b" member_type: VOTER last_known_addr { host: "127.58.208.2" port: 43231 } } peers { permanent_uuid: "81b89e30bd3e45e39b3bd3eca9d5f7c5" member_type: VOTER last_known_addr { host: "127.58.208.3" port: 42179 } }
I0902 17:01:11.010246 15512 raft_consensus.cc:313] T 46b61b0728c843959c20956feb265265 P d28f0f3b8d0e429484dbeeb2d41b7d50 [term 0 FOLLOWER]: Consensus starting up: Expiring failure detector timer to make a prompt election more likely
I0902 17:01:11.010288 15512 raft_consensus.cc:576] T 46b61b0728c843959c20956feb265265 P d28f0f3b8d0e429484dbeeb2d41b7d50 [term 0 FOLLOWER]: Becoming Follower/Learner. State: Replica: d28f0f3b8d0e429484dbeeb2d41b7d50, State: Initialized, Role: FOLLOWER
I0902 17:01:11.010335 15512 consensus_queue.cc:190] T 46b61b0728c843959c20956feb265265 P d28f0f3b8d0e429484dbeeb2d41b7d50 [NON_LEADER]: Queue going to NON_LEADER mode. State: All replicated index: 0, Majority replicated index: 0, Committed index: 0, Last appended: 0.0, Last appended by leader: 0, Current term: 0, Majority size: -1, State: 0, Mode: NON_LEADER
I0902 17:01:11.010489 15512 ts_tablet_manager.cc:846] T 46b61b0728c843959c20956feb265265 P d28f0f3b8d0e429484dbeeb2d41b7d50: Time spent starting tablet: real 0.001s user 0.000s sys 0.000s
I0902 17:01:11.010550 15512 ts_tablet_manager.cc:793] T 243e1fb719714819a98f920eb125bbf0 P d28f0f3b8d0e429484dbeeb2d41b7d50: Bootstrapping tablet
I0902 17:01:11.010599 15512 tablet_bootstrap.cc:433] T 243e1fb719714819a98f920eb125bbf0 P d28f0f3b8d0e429484dbeeb2d41b7d50: Bootstrap starting.
I0902 17:01:11.010936 15088 catalog_manager.cc:2462] TS d28f0f3b8d0e429484dbeeb2d41b7d50 (127.58.208.1:59914) does not have the latest schema for tablet 46b61b0728c843959c20956feb265265 (table test-table [id=b7f89f9ec9c0479b9fed277cd873ba0e]). Expected version 3 got 0
I0902 17:01:11.011047 15088 catalog_manager.cc:2943] Scheduling retry of 46b61b0728c843959c20956feb265265 (table test-table [id=b7f89f9ec9c0479b9fed277cd873ba0e]) Alter Table RPC with a delay of 21 ms (attempt = 0)
W0902 17:01:11.011068 15088 catalog_manager.cc:3482] Failed to send alter table request: Not found: Failed to reset TS proxy: No leader found: Tablet 46b61b0728c843959c20956feb265265 consensus state has no leader
I0902 17:01:11.011123 15514 tablet_bootstrap.cc:433] T 46b61b0728c843959c20956feb265265 P 475a466ec8b44f39bbf6b23f10ebe15b: No bootstrap required, opened a new log
I0902 17:01:11.011132 15512 tablet_bootstrap.cc:568] T 243e1fb719714819a98f920eb125bbf0 P d28f0f3b8d0e429484dbeeb2d41b7d50: No blocks or log segments found. Creating new log.
I0902 17:01:11.011178 15514 ts_tablet_manager.cc:818] T 46b61b0728c843959c20956feb265265 P 475a466ec8b44f39bbf6b23f10ebe15b: Time spent bootstrapping tablet: real 0.005s user 0.004s sys 0.000s
I0902 17:01:11.011536 15514 raft_consensus.cc:287] T 46b61b0728c843959c20956feb265265 P 475a466ec8b44f39bbf6b23f10ebe15b [term 0 FOLLOWER]: Replica starting. Triggering 0 pending transactions. Active config: opid_index: -1 OBSOLETE_local: false peers { permanent_uuid: "d28f0f3b8d0e429484dbeeb2d41b7d50" member_type: VOTER last_known_addr { host: "127.58.208.1" port: 59914 } } peers { permanent_uuid: "475a466ec8b44f39bbf6b23f10ebe15b" member_type: VOTER last_known_addr { host: "127.58.208.2" port: 43231 } } peers { permanent_uuid: "81b89e30bd3e45e39b3bd3eca9d5f7c5" member_type: VOTER last_known_addr { host: "127.58.208.3" port: 42179 } }
I0902 17:01:11.011557 15514 raft_consensus.cc:313] T 46b61b0728c843959c20956feb265265 P 475a466ec8b44f39bbf6b23f10ebe15b [term 0 FOLLOWER]: Consensus starting up: Expiring failure detector timer to make a prompt election more likely
I0902 17:01:11.011597 15514 raft_consensus.cc:576] T 46b61b0728c843959c20956feb265265 P 475a466ec8b44f39bbf6b23f10ebe15b [term 0 FOLLOWER]: Becoming Follower/Learner. State: Replica: 475a466ec8b44f39bbf6b23f10ebe15b, State: Initialized, Role: FOLLOWER
I0902 17:01:11.011634 15514 consensus_queue.cc:190] T 46b61b0728c843959c20956feb265265 P 475a466ec8b44f39bbf6b23f10ebe15b [NON_LEADER]: Queue going to NON_LEADER mode. State: All replicated index: 0, Majority replicated index: 0, Committed index: 0, Last appended: 0.0, Last appended by leader: 0, Current term: 0, Majority size: -1, State: 0, Mode: NON_LEADER
I0902 17:01:11.011785 15514 ts_tablet_manager.cc:846] T 46b61b0728c843959c20956feb265265 P 475a466ec8b44f39bbf6b23f10ebe15b: Time spent starting tablet: real 0.001s user 0.000s sys 0.000s
I0902 17:01:11.011837 15514 ts_tablet_manager.cc:793] T 243e1fb719714819a98f920eb125bbf0 P 475a466ec8b44f39bbf6b23f10ebe15b: Bootstrapping tablet
I0902 17:01:11.011845 15513 tablet_bootstrap.cc:433] T 46b61b0728c843959c20956feb265265 P 81b89e30bd3e45e39b3bd3eca9d5f7c5: No bootstrap required, opened a new log
I0902 17:01:11.011885 15514 tablet_bootstrap.cc:433] T 243e1fb719714819a98f920eb125bbf0 P 475a466ec8b44f39bbf6b23f10ebe15b: Bootstrap starting.
I0902 17:01:11.011893 15513 ts_tablet_manager.cc:818] T 46b61b0728c843959c20956feb265265 P 81b89e30bd3e45e39b3bd3eca9d5f7c5: Time spent bootstrapping tablet: real 0.003s user 0.008s sys 0.000s
I0902 17:01:11.011943 15512 tablet_bootstrap.cc:433] T 243e1fb719714819a98f920eb125bbf0 P d28f0f3b8d0e429484dbeeb2d41b7d50: No bootstrap required, opened a new log
I0902 17:01:11.011993 15512 ts_tablet_manager.cc:818] T 243e1fb719714819a98f920eb125bbf0 P d28f0f3b8d0e429484dbeeb2d41b7d50: Time spent bootstrapping tablet: real 0.001s user 0.000s sys 0.000s
I0902 17:01:11.012243 15513 raft_consensus.cc:287] T 46b61b0728c843959c20956feb265265 P 81b89e30bd3e45e39b3bd3eca9d5f7c5 [term 0 FOLLOWER]: Replica starting. Triggering 0 pending transactions. Active config: opid_index: -1 OBSOLETE_local: false peers { permanent_uuid: "d28f0f3b8d0e429484dbeeb2d41b7d50" member_type: VOTER last_known_addr { host: "127.58.208.1" port: 59914 } } peers { permanent_uuid: "475a466ec8b44f39bbf6b23f10ebe15b" member_type: VOTER last_known_addr { host: "127.58.208.2" port: 43231 } } peers { permanent_uuid: "81b89e30bd3e45e39b3bd3eca9d5f7c5" member_type: VOTER last_known_addr { host: "127.58.208.3" port: 42179 } }
I0902 17:01:11.012265 15513 raft_consensus.cc:313] T 46b61b0728c843959c20956feb265265 P 81b89e30bd3e45e39b3bd3eca9d5f7c5 [term 0 FOLLOWER]: Consensus starting up: Expiring failure detector timer to make a prompt election more likely
I0902 17:01:11.012305 15513 raft_consensus.cc:576] T 46b61b0728c843959c20956feb265265 P 81b89e30bd3e45e39b3bd3eca9d5f7c5 [term 0 FOLLOWER]: Becoming Follower/Learner. State: Replica: 81b89e30bd3e45e39b3bd3eca9d5f7c5, State: Initialized, Role: FOLLOWER
I0902 17:01:11.012334 15513 consensus_queue.cc:190] T 46b61b0728c843959c20956feb265265 P 81b89e30bd3e45e39b3bd3eca9d5f7c5 [NON_LEADER]: Queue going to NON_LEADER mode. State: All replicated index: 0, Majority replicated index: 0, Committed index: 0, Last appended: 0.0, Last appended by leader: 0, Current term: 0, Majority size: -1, State: 0, Mode: NON_LEADER
I0902 17:01:11.012375 15512 raft_consensus.cc:287] T 243e1fb719714819a98f920eb125bbf0 P d28f0f3b8d0e429484dbeeb2d41b7d50 [term 0 FOLLOWER]: Replica starting. Triggering 0 pending transactions. Active config: opid_index: -1 OBSOLETE_local: false peers { permanent_uuid: "d28f0f3b8d0e429484dbeeb2d41b7d50" member_type: VOTER last_known_addr { host: "127.58.208.1" port: 59914 } } peers { permanent_uuid: "475a466ec8b44f39bbf6b23f10ebe15b" member_type: VOTER last_known_addr { host: "127.58.208.2" port: 43231 } } peers { permanent_uuid: "81b89e30bd3e45e39b3bd3eca9d5f7c5" member_type: VOTER last_known_addr { host: "127.58.208.3" port: 42179 } }
I0902 17:01:11.012390 15512 raft_consensus.cc:313] T 243e1fb719714819a98f920eb125bbf0 P d28f0f3b8d0e429484dbeeb2d41b7d50 [term 0 FOLLOWER]: Consensus starting up: Expiring failure detector timer to make a prompt election more likely
I0902 17:01:11.012426 15512 raft_consensus.cc:576] T 243e1fb719714819a98f920eb125bbf0 P d28f0f3b8d0e429484dbeeb2d41b7d50 [term 0 FOLLOWER]: Becoming Follower/Learner. State: Replica: d28f0f3b8d0e429484dbeeb2d41b7d50, State: Initialized, Role: FOLLOWER
I0902 17:01:11.012454 15512 consensus_queue.cc:190] T 243e1fb719714819a98f920eb125bbf0 P d28f0f3b8d0e429484dbeeb2d41b7d50 [NON_LEADER]: Queue going to NON_LEADER mode. State: All replicated index: 0, Majority replicated index: 0, Committed index: 0, Last appended: 0.0, Last appended by leader: 0, Current term: 0, Majority size: -1, State: 0, Mode: NON_LEADER
I0902 17:01:11.012470 15513 ts_tablet_manager.cc:846] T 46b61b0728c843959c20956feb265265 P 81b89e30bd3e45e39b3bd3eca9d5f7c5: Time spent starting tablet: real 0.001s user 0.000s sys 0.000s
I0902 17:01:11.012509 15514 tablet_bootstrap.cc:568] T 243e1fb719714819a98f920eb125bbf0 P 475a466ec8b44f39bbf6b23f10ebe15b: No blocks or log segments found. Creating new log.
I0902 17:01:11.012521 15513 ts_tablet_manager.cc:793] T 243e1fb719714819a98f920eb125bbf0 P 81b89e30bd3e45e39b3bd3eca9d5f7c5: Bootstrapping tablet
I0902 17:01:11.012568 15513 tablet_bootstrap.cc:433] T 243e1fb719714819a98f920eb125bbf0 P 81b89e30bd3e45e39b3bd3eca9d5f7c5: Bootstrap starting.
I0902 17:01:11.012715 15512 ts_tablet_manager.cc:846] T 243e1fb719714819a98f920eb125bbf0 P d28f0f3b8d0e429484dbeeb2d41b7d50: Time spent starting tablet: real 0.001s user 0.000s sys 0.000s
I0902 17:01:11.013015 15088 catalog_manager.cc:2462] TS d28f0f3b8d0e429484dbeeb2d41b7d50 (127.58.208.1:59914) does not have the latest schema for tablet 243e1fb719714819a98f920eb125bbf0 (table test-table [id=b7f89f9ec9c0479b9fed277cd873ba0e]). Expected version 3 got 0
I0902 17:01:11.013135 15513 tablet_bootstrap.cc:568] T 243e1fb719714819a98f920eb125bbf0 P 81b89e30bd3e45e39b3bd3eca9d5f7c5: No blocks or log segments found. Creating new log.
I0902 17:01:11.013162 15088 catalog_manager.cc:2943] Scheduling retry of 243e1fb719714819a98f920eb125bbf0 (table test-table [id=b7f89f9ec9c0479b9fed277cd873ba0e]) Alter Table RPC with a delay of 42 ms (attempt = 0)
W0902 17:01:11.013185 15088 catalog_manager.cc:3482] Failed to send alter table request: Not found: Failed to reset TS proxy: No leader found: Tablet 243e1fb719714819a98f920eb125bbf0 consensus state has no leader
I0902 17:01:11.013710 15088 catalog_manager.cc:2462] TS 475a466ec8b44f39bbf6b23f10ebe15b (127.58.208.2:43231) does not have the latest schema for tablet 46b61b0728c843959c20956feb265265 (table test-table [id=b7f89f9ec9c0479b9fed277cd873ba0e]). Expected version 3 got 0
I0902 17:01:11.013837 15088 catalog_manager.cc:2943] Scheduling retry of 46b61b0728c843959c20956feb265265 (table test-table [id=b7f89f9ec9c0479b9fed277cd873ba0e]) Alter Table RPC with a delay of 22 ms (attempt = 0)
W0902 17:01:11.013861 15088 catalog_manager.cc:3482] Failed to send alter table request: Not found: Failed to reset TS proxy: No leader found: Tablet 46b61b0728c843959c20956feb265265 consensus state has no leader
I0902 17:01:11.014207 15513 tablet_bootstrap.cc:433] T 243e1fb719714819a98f920eb125bbf0 P 81b89e30bd3e45e39b3bd3eca9d5f7c5: No bootstrap required, opened a new log
I0902 17:01:11.014264 15513 ts_tablet_manager.cc:818] T 243e1fb719714819a98f920eb125bbf0 P 81b89e30bd3e45e39b3bd3eca9d5f7c5: Time spent bootstrapping tablet: real 0.002s user 0.000s sys 0.000s
I0902 17:01:11.014487 15088 catalog_manager.cc:2462] TS 81b89e30bd3e45e39b3bd3eca9d5f7c5 (127.58.208.3:42179) does not have the latest schema for tablet 46b61b0728c843959c20956feb265265 (table test-table [id=b7f89f9ec9c0479b9fed277cd873ba0e]). Expected version 3 got 0
I0902 17:01:11.014605 15088 catalog_manager.cc:2943] Scheduling retry of 46b61b0728c843959c20956feb265265 (table test-table [id=b7f89f9ec9c0479b9fed277cd873ba0e]) Alter Table RPC with a delay of 33 ms (attempt = 0)
W0902 17:01:11.014641 15088 catalog_manager.cc:3482] Failed to send alter table request: Not found: Failed to reset TS proxy: No leader found: Tablet 46b61b0728c843959c20956feb265265 consensus state has no leader
