W0902 17:01:12.125123 15071 catalog_manager.cc:2962] Async tablet task b79d7adfa7fb48509d0cb5c3a01f5295 (table test-table [id=b7f89f9ec9c0479b9fed277cd873ba0e]) Alter Table RPC failed: Not found: Failed to reset TS proxy: No leader found: Tablet b79d7adfa7fb48509d0cb5c3a01f5295 consensus state has no leader
I0902 17:01:12.126950 15073 catalog_manager.cc:2943] Scheduling retry of b79d7adfa7fb48509d0cb5c3a01f5295 (table test-table [id=b7f89f9ec9c0479b9fed277cd873ba0e]) Alter Table RPC with a delay of 35 ms (attempt = 0)
W0902 17:01:12.126965 15073 catalog_manager.cc:2962] Async tablet task b79d7adfa7fb48509d0cb5c3a01f5295 (table test-table [id=b7f89f9ec9c0479b9fed277cd873ba0e]) Alter Table RPC failed: Not found: Failed to reset TS proxy: No leader found: Tablet b79d7adfa7fb48509d0cb5c3a01f5295 consensus state has no leader
I0902 17:01:12.138314 15071 catalog_manager.cc:2943] Scheduling retry of b79d7adfa7fb48509d0cb5c3a01f5295 (table test-table [id=b7f89f9ec9c0479b9fed277cd873ba0e]) Alter Table RPC with a delay of 56 ms (attempt = 0)
W0902 17:01:12.138339 15071 catalog_manager.cc:2962] Async tablet task b79d7adfa7fb48509d0cb5c3a01f5295 (table test-table [id=b7f89f9ec9c0479b9fed277cd873ba0e]) Alter Table RPC failed: Not found: Failed to reset TS proxy: No leader found: Tablet b79d7adfa7fb48509d0cb5c3a01f5295 consensus state has no leader
I0902 17:01:12.145148 15073 catalog_manager.cc:2943] Scheduling retry of b79d7adfa7fb48509d0cb5c3a01f5295 (table test-table [id=b7f89f9ec9c0479b9fed277cd873ba0e]) Alter Table RPC with a delay of 28 ms (attempt = 0)
W0902 17:01:12.145179 15073 catalog_manager.cc:2962] Async tablet task b79d7adfa7fb48509d0cb5c3a01f5295 (table test-table [id=b7f89f9ec9c0479b9fed277cd873ba0e]) Alter Table RPC failed: Not found: Failed to reset TS proxy: No leader found: Tablet b79d7adfa7fb48509d0cb5c3a01f5295 consensus state has no leader
I0902 17:01:12.153535 15071 catalog_manager.cc:2943] Scheduling retry of b79d7adfa7fb48509d0cb5c3a01f5295 (table test-table [id=b7f89f9ec9c0479b9fed277cd873ba0e]) Alter Table RPC with a delay of 21 ms (attempt = 0)
W0902 17:01:12.153569 15071 catalog_manager.cc:2962] Async tablet task b79d7adfa7fb48509d0cb5c3a01f5295 (table test-table [id=b7f89f9ec9c0479b9fed277cd873ba0e]) Alter Table RPC failed: Not found: Failed to reset TS proxy: No leader found: Tablet b79d7adfa7fb48509d0cb5c3a01f5295 consensus state has no leader
I0902 17:01:12.162361 15073 catalog_manager.cc:2943] Scheduling retry of b79d7adfa7fb48509d0cb5c3a01f5295 (table test-table [id=b7f89f9ec9c0479b9fed277cd873ba0e]) Alter Table RPC with a delay of 29 ms (attempt = 0)
W0902 17:01:12.162387 15073 catalog_manager.cc:2962] Async tablet task b79d7adfa7fb48509d0cb5c3a01f5295 (table test-table [id=b7f89f9ec9c0479b9fed277cd873ba0e]) Alter Table RPC failed: Not found: Failed to reset TS proxy: No leader found: Tablet b79d7adfa7fb48509d0cb5c3a01f5295 consensus state has no leader
I0902 17:01:12.173563 15073 catalog_manager.cc:2943] Scheduling retry of b79d7adfa7fb48509d0cb5c3a01f5295 (table test-table [id=b7f89f9ec9c0479b9fed277cd873ba0e]) Alter Table RPC with a delay of 18 ms (attempt = 0)
W0902 17:01:12.173593 15073 catalog_manager.cc:2962] Async tablet task b79d7adfa7fb48509d0cb5c3a01f5295 (table test-table [id=b7f89f9ec9c0479b9fed277cd873ba0e]) Alter Table RPC failed: Not found: Failed to reset TS proxy: No leader found: Tablet b79d7adfa7fb48509d0cb5c3a01f5295 consensus state has no leader
I0902 17:01:12.174739 15071 catalog_manager.cc:2943] Scheduling retry of b79d7adfa7fb48509d0cb5c3a01f5295 (table test-table [id=b7f89f9ec9c0479b9fed277cd873ba0e]) Alter Table RPC with a delay of 41 ms (attempt = 0)
W0902 17:01:12.174758 15071 catalog_manager.cc:2962] Async tablet task b79d7adfa7fb48509d0cb5c3a01f5295 (table test-table [id=b7f89f9ec9c0479b9fed277cd873ba0e]) Alter Table RPC failed: Not found: Failed to reset TS proxy: No leader found: Tablet b79d7adfa7fb48509d0cb5c3a01f5295 consensus state has no leader
I0902 17:01:12.191910 15073 catalog_manager.cc:2943] Scheduling retry of b79d7adfa7fb48509d0cb5c3a01f5295 (table test-table [id=b7f89f9ec9c0479b9fed277cd873ba0e]) Alter Table RPC with a delay of 24 ms (attempt = 0)
W0902 17:01:12.191936 15073 catalog_manager.cc:2962] Async tablet task b79d7adfa7fb48509d0cb5c3a01f5295 (table test-table [id=b7f89f9ec9c0479b9fed277cd873ba0e]) Alter Table RPC failed: Not found: Failed to reset TS proxy: No leader found: Tablet b79d7adfa7fb48509d0cb5c3a01f5295 consensus state has no leader
I0902 17:01:12.191953 15073 catalog_manager.cc:2943] Scheduling retry of b79d7adfa7fb48509d0cb5c3a01f5295 (table test-table [id=b7f89f9ec9c0479b9fed277cd873ba0e]) Alter Table RPC with a delay of 25 ms (attempt = 0)
W0902 17:01:12.191965 15073 catalog_manager.cc:2962] Async tablet task b79d7adfa7fb48509d0cb5c3a01f5295 (table test-table [id=b7f89f9ec9c0479b9fed277cd873ba0e]) Alter Table RPC failed: Not found: Failed to reset TS proxy: No leader found: Tablet b79d7adfa7fb48509d0cb5c3a01f5295 consensus state has no leader
I0902 17:01:12.195050 15071 catalog_manager.cc:2943] Scheduling retry of b79d7adfa7fb48509d0cb5c3a01f5295 (table test-table [id=b7f89f9ec9c0479b9fed277cd873ba0e]) Alter Table RPC with a delay of 31 ms (attempt = 0)
W0902 17:01:12.195067 15071 catalog_manager.cc:2962] Async tablet task b79d7adfa7fb48509d0cb5c3a01f5295 (table test-table [id=b7f89f9ec9c0479b9fed277cd873ba0e]) Alter Table RPC failed: Not found: Failed to reset TS proxy: No leader found: Tablet b79d7adfa7fb48509d0cb5c3a01f5295 consensus state has no leader
I0902 17:01:12.216125 15073 catalog_manager.cc:2943] Scheduling retry of b79d7adfa7fb48509d0cb5c3a01f5295 (table test-table [id=b7f89f9ec9c0479b9fed277cd873ba0e]) Alter Table RPC with a delay of 40 ms (attempt = 0)
W0902 17:01:12.216143 15073 catalog_manager.cc:2962] Async tablet task b79d7adfa7fb48509d0cb5c3a01f5295 (table test-table [id=b7f89f9ec9c0479b9fed277cd873ba0e]) Alter Table RPC failed: Not found: Failed to reset TS proxy: No leader found: Tablet b79d7adfa7fb48509d0cb5c3a01f5295 consensus state has no leader
I0902 17:01:12.216222 15071 catalog_manager.cc:2943] Scheduling retry of b79d7adfa7fb48509d0cb5c3a01f5295 (table test-table [id=b7f89f9ec9c0479b9fed277cd873ba0e]) Alter Table RPC with a delay of 50 ms (attempt = 0)
W0902 17:01:12.216236 15071 catalog_manager.cc:2962] Async tablet task b79d7adfa7fb48509d0cb5c3a01f5295 (table test-table [id=b7f89f9ec9c0479b9fed277cd873ba0e]) Alter Table RPC failed: Not found: Failed to reset TS proxy: No leader found: Tablet b79d7adfa7fb48509d0cb5c3a01f5295 consensus state has no leader
I0902 17:01:12.217236 15073 catalog_manager.cc:2943] Scheduling retry of b79d7adfa7fb48509d0cb5c3a01f5295 (table test-table [id=b7f89f9ec9c0479b9fed277cd873ba0e]) Alter Table RPC with a delay of 19 ms (attempt = 0)
W0902 17:01:12.217252 15073 catalog_manager.cc:2962] Async tablet task b79d7adfa7fb48509d0cb5c3a01f5295 (table test-table [id=b7f89f9ec9c0479b9fed277cd873ba0e]) Alter Table RPC failed: Not found: Failed to reset TS proxy: No leader found: Tablet b79d7adfa7fb48509d0cb5c3a01f5295 consensus state has no leader
I0902 17:01:12.226414 15071 catalog_manager.cc:2943] Scheduling retry of b79d7adfa7fb48509d0cb5c3a01f5295 (table test-table [id=b7f89f9ec9c0479b9fed277cd873ba0e]) Alter Table RPC with a delay of 43 ms (attempt = 0)
W0902 17:01:12.226442 15071 catalog_manager.cc:2962] Async tablet task b79d7adfa7fb48509d0cb5c3a01f5295 (table test-table [id=b7f89f9ec9c0479b9fed277cd873ba0e]) Alter Table RPC failed: Not found: Failed to reset TS proxy: No leader found: Tablet b79d7adfa7fb48509d0cb5c3a01f5295 consensus state has no leader
I0902 17:01:12.236416 15073 catalog_manager.cc:2943] Scheduling retry of b79d7adfa7fb48509d0cb5c3a01f5295 (table test-table [id=b7f89f9ec9c0479b9fed277cd873ba0e]) Alter Table RPC with a delay of 11 ms (attempt = 0)
W0902 17:01:12.236435 15073 catalog_manager.cc:2962] Async tablet task b79d7adfa7fb48509d0cb5c3a01f5295 (table test-table [id=b7f89f9ec9c0479b9fed277cd873ba0e]) Alter Table RPC failed: Not found: Failed to reset TS proxy: No leader found: Tablet b79d7adfa7fb48509d0cb5c3a01f5295 consensus state has no leader
I0902 17:01:12.247602 15073 catalog_manager.cc:2943] Scheduling retry of b79d7adfa7fb48509d0cb5c3a01f5295 (table test-table [id=b7f89f9ec9c0479b9fed277cd873ba0e]) Alter Table RPC with a delay of 21 ms (attempt = 0)
W0902 17:01:12.247622 15073 catalog_manager.cc:2962] Async tablet task b79d7adfa7fb48509d0cb5c3a01f5295 (table test-table [id=b7f89f9ec9c0479b9fed277cd873ba0e]) Alter Table RPC failed: Not found: Failed to reset TS proxy: No leader found: Tablet b79d7adfa7fb48509d0cb5c3a01f5295 consensus state has no leader
I0902 17:01:12.256810 15073 catalog_manager.cc:2943] Scheduling retry of b79d7adfa7fb48509d0cb5c3a01f5295 (table test-table [id=b7f89f9ec9c0479b9fed277cd873ba0e]) Alter Table RPC with a delay of 16 ms (attempt = 0)
W0902 17:01:12.256834 15073 catalog_manager.cc:2962] Async tablet task b79d7adfa7fb48509d0cb5c3a01f5295 (table test-table [id=b7f89f9ec9c0479b9fed277cd873ba0e]) Alter Table RPC failed: Not found: Failed to reset TS proxy: No leader found: Tablet b79d7adfa7fb48509d0cb5c3a01f5295 consensus state has no leader
I0902 17:01:12.266640 15071 catalog_manager.cc:2943] Scheduling retry of b79d7adfa7fb48509d0cb5c3a01f5295 (table test-table [id=b7f89f9ec9c0479b9fed277cd873ba0e]) Alter Table RPC with a delay of 20 ms (attempt = 0)
W0902 17:01:12.266669 15071 catalog_manager.cc:2962] Async tablet task b79d7adfa7fb48509d0cb5c3a01f5295 (table test-table [id=b7f89f9ec9c0479b9fed277cd873ba0e]) Alter Table RPC failed: Not found: Failed to reset TS proxy: No leader found: Tablet b79d7adfa7fb48509d0cb5c3a01f5295 consensus state has no leader
I0902 17:01:12.268991 15073 catalog_manager.cc:2943] Scheduling retry of b79d7adfa7fb48509d0cb5c3a01f5295 (table test-table [id=b7f89f9ec9c0479b9fed277cd873ba0e]) Alter Table RPC with a delay of 26 ms (attempt = 0)
W0902 17:01:12.269007 15073 catalog_manager.cc:2962] Async tablet task b79d7adfa7fb48509d0cb5c3a01f5295 (table test-table [id=b7f89f9ec9c0479b9fed277cd873ba0e]) Alter Table RPC failed: Not found: Failed to reset TS proxy: No leader found: Tablet b79d7adfa7fb48509d0cb5c3a01f5295 consensus state has no leader
I0902 17:01:12.269850 15071 catalog_manager.cc:2943] Scheduling retry of b79d7adfa7fb48509d0cb5c3a01f5295 (table test-table [id=b7f89f9ec9c0479b9fed277cd873ba0e]) Alter Table RPC with a delay of 53 ms (attempt = 0)
W0902 17:01:12.269873 15071 catalog_manager.cc:2962] Async tablet task b79d7adfa7fb48509d0cb5c3a01f5295 (table test-table [id=b7f89f9ec9c0479b9fed277cd873ba0e]) Alter Table RPC failed: Not found: Failed to reset TS proxy: No leader found: Tablet b79d7adfa7fb48509d0cb5c3a01f5295 consensus state has no leader
I0902 17:01:12.273217 15073 catalog_manager.cc:2943] Scheduling retry of b79d7adfa7fb48509d0cb5c3a01f5295 (table test-table [id=b7f89f9ec9c0479b9fed277cd873ba0e]) Alter Table RPC with a delay of 56 ms (attempt = 0)
W0902 17:01:12.273253 15073 catalog_manager.cc:2962] Async tablet task b79d7adfa7fb48509d0cb5c3a01f5295 (table test-table [id=b7f89f9ec9c0479b9fed277cd873ba0e]) Alter Table RPC failed: Not found: Failed to reset TS proxy: No leader found: Tablet b79d7adfa7fb48509d0cb5c3a01f5295 consensus state has no leader
I0902 17:01:12.287056 15071 catalog_manager.cc:2943] Scheduling retry of b79d7adfa7fb48509d0cb5c3a01f5295 (table test-table [id=b7f89f9ec9c0479b9fed277cd873ba0e]) Alter Table RPC with a delay of 18 ms (attempt = 0)
W0902 17:01:12.287086 15071 catalog_manager.cc:2962] Async tablet task b79d7adfa7fb48509d0cb5c3a01f5295 (table test-table [id=b7f89f9ec9c0479b9fed277cd873ba0e]) Alter Table RPC failed: Not found: Failed to reset TS proxy: No leader found: Tablet b79d7adfa7fb48509d0cb5c3a01f5295 consensus state has no leader
I0902 17:01:12.295579 15073 catalog_manager.cc:2943] Scheduling retry of b79d7adfa7fb48509d0cb5c3a01f5295 (table test-table [id=b7f89f9ec9c0479b9fed277cd873ba0e]) Alter Table RPC with a delay of 26 ms (attempt = 0)
W0902 17:01:12.295600 15073 catalog_manager.cc:2962] Async tablet task b79d7adfa7fb48509d0cb5c3a01f5295 (table test-table [id=b7f89f9ec9c0479b9fed277cd873ba0e]) Alter Table RPC failed: Not found: Failed to reset TS proxy: No leader found: Tablet b79d7adfa7fb48509d0cb5c3a01f5295 consensus state has no leader
I0902 17:01:12.305275 15071 catalog_manager.cc:2943] Scheduling retry of b79d7adfa7fb48509d0cb5c3a01f5295 (table test-table [id=b7f89f9ec9c0479b9fed277cd873ba0e]) Alter Table RPC with a delay of 34 ms (attempt = 0)
W0902 17:01:12.305300 15071 catalog_manager.cc:2962] Async tablet task b79d7adfa7fb48509d0cb5c3a01f5295 (table test-table [id=b7f89f9ec9c0479b9fed277cd873ba0e]) Alter Table RPC failed: Not found: Failed to reset TS proxy: No leader found: Tablet b79d7adfa7fb48509d0cb5c3a01f5295 consensus state has no leader
I0902 17:01:12.321779 15073 catalog_manager.cc:2943] Scheduling retry of b79d7adfa7fb48509d0cb5c3a01f5295 (table test-table [id=b7f89f9ec9c0479b9fed277cd873ba0e]) Alter Table RPC with a delay of 17 ms (attempt = 0)
W0902 17:01:12.321805 15073 catalog_manager.cc:2962] Async tablet task b79d7adfa7fb48509d0cb5c3a01f5295 (table test-table [id=b7f89f9ec9c0479b9fed277cd873ba0e]) Alter Table RPC failed: Not found: Failed to reset TS proxy: No leader found: Tablet b79d7adfa7fb48509d0cb5c3a01f5295 consensus state has no leader
I0902 17:01:12.323467 15071 catalog_manager.cc:2943] Scheduling retry of b79d7adfa7fb48509d0cb5c3a01f5295 (table test-table [id=b7f89f9ec9c0479b9fed277cd873ba0e]) Alter Table RPC with a delay of 31 ms (attempt = 0)
W0902 17:01:12.323487 15071 catalog_manager.cc:2962] Async tablet task b79d7adfa7fb48509d0cb5c3a01f5295 (table test-table [id=b7f89f9ec9c0479b9fed277cd873ba0e]) Alter Table RPC failed: Not found: Failed to reset TS proxy: No leader found: Tablet b79d7adfa7fb48509d0cb5c3a01f5295 consensus state has no leader
I0902 17:01:12.329977 15073 catalog_manager.cc:2943] Scheduling retry of b79d7adfa7fb48509d0cb5c3a01f5295 (table test-table [id=b7f89f9ec9c0479b9fed277cd873ba0e]) Alter Table RPC with a delay of 11 ms (attempt = 0)
W0902 17:01:12.329995 15073 catalog_manager.cc:2962] Async tablet task b79d7adfa7fb48509d0cb5c3a01f5295 (table test-table [id=b7f89f9ec9c0479b9fed277cd873ba0e]) Alter Table RPC failed: Not found: Failed to reset TS proxy: No leader found: Tablet b79d7adfa7fb48509d0cb5c3a01f5295 consensus state has no leader
I0902 17:01:12.339164 15073 catalog_manager.cc:2943] Scheduling retry of b79d7adfa7fb48509d0cb5c3a01f5295 (table test-table [id=b7f89f9ec9c0479b9fed277cd873ba0e]) Alter Table RPC with a delay of 45 ms (attempt = 0)
W0902 17:01:12.339184 15073 catalog_manager.cc:2962] Async tablet task b79d7adfa7fb48509d0cb5c3a01f5295 (table test-table [id=b7f89f9ec9c0479b9fed277cd873ba0e]) Alter Table RPC failed: Not found: Failed to reset TS proxy: No leader found: Tablet b79d7adfa7fb48509d0cb5c3a01f5295 consensus state has no leader
I0902 17:01:12.339658 15071 catalog_manager.cc:2943] Scheduling retry of b79d7adfa7fb48509d0cb5c3a01f5295 (table test-table [id=b7f89f9ec9c0479b9fed277cd873ba0e]) Alter Table RPC with a delay of 12 ms (attempt = 0)
W0902 17:01:12.339681 15071 catalog_manager.cc:2962] Async tablet task b79d7adfa7fb48509d0cb5c3a01f5295 (table test-table [id=b7f89f9ec9c0479b9fed277cd873ba0e]) Alter Table RPC failed: Not found: Failed to reset TS proxy: No leader found: Tablet b79d7adfa7fb48509d0cb5c3a01f5295 consensus state has no leader
I0902 17:01:12.341361 15073 catalog_manager.cc:2943] Scheduling retry of b79d7adfa7fb48509d0cb5c3a01f5295 (table test-table [id=b7f89f9ec9c0479b9fed277cd873ba0e]) Alter Table RPC with a delay of 31 ms (attempt = 0)
W0902 17:01:12.341383 15073 catalog_manager.cc:2962] Async tablet task b79d7adfa7fb48509d0cb5c3a01f5295 (table test-table [id=b7f89f9ec9c0479b9fed277cd873ba0e]) Alter Table RPC failed: Not found: Failed to reset TS proxy: No leader found: Tablet b79d7adfa7fb48509d0cb5c3a01f5295 consensus state has no leader
I0902 17:01:12.351843 15071 catalog_manager.cc:2943] Scheduling retry of b79d7adfa7fb48509d0cb5c3a01f5295 (table test-table [id=b7f89f9ec9c0479b9fed277cd873ba0e]) Alter Table RPC with a delay of 15 ms (attempt = 0)
W0902 17:01:12.351863 15071 catalog_manager.cc:2962] Async tablet task b79d7adfa7fb48509d0cb5c3a01f5295 (table test-table [id=b7f89f9ec9c0479b9fed277cd873ba0e]) Alter Table RPC failed: Not found: Failed to reset TS proxy: No leader found: Tablet b79d7adfa7fb48509d0cb5c3a01f5295 consensus state has no leader
I0902 17:01:12.355016 15071 catalog_manager.cc:2943] Scheduling retry of b79d7adfa7fb48509d0cb5c3a01f5295 (table test-table [id=b7f89f9ec9c0479b9fed277cd873ba0e]) Alter Table RPC with a delay of 39 ms (attempt = 0)
W0902 17:01:12.355031 15071 catalog_manager.cc:2962] Async tablet task b79d7adfa7fb48509d0cb5c3a01f5295 (table test-table [id=b7f89f9ec9c0479b9fed277cd873ba0e]) Alter Table RPC failed: Not found: Failed to reset TS proxy: No leader found: Tablet b79d7adfa7fb48509d0cb5c3a01f5295 consensus state has no leader
I0902 17:01:12.367203 15071 catalog_manager.cc:2943] Scheduling retry of b79d7adfa7fb48509d0cb5c3a01f5295 (table test-table [id=b7f89f9ec9c0479b9fed277cd873ba0e]) Alter Table RPC with a delay of 31 ms (attempt = 0)
W0902 17:01:12.367228 15071 catalog_manager.cc:2962] Async tablet task b79d7adfa7fb48509d0cb5c3a01f5295 (table test-table [id=b7f89f9ec9c0479b9fed277cd873ba0e]) Alter Table RPC failed: Not found: Failed to reset TS proxy: No leader found: Tablet b79d7adfa7fb48509d0cb5c3a01f5295 consensus state has no leader
I0902 17:01:12.372568 15073 catalog_manager.cc:2943] Scheduling retry of b79d7adfa7fb48509d0cb5c3a01f5295 (table test-table [id=b7f89f9ec9c0479b9fed277cd873ba0e]) Alter Table RPC with a delay of 37 ms (attempt = 0)
W0902 17:01:12.372594 15073 catalog_manager.cc:2962] Async tablet task b79d7adfa7fb48509d0cb5c3a01f5295 (table test-table [id=b7f89f9ec9c0479b9fed277cd873ba0e]) Alter Table RPC failed: Not found: Failed to reset TS proxy: No leader found: Tablet b79d7adfa7fb48509d0cb5c3a01f5295 consensus state has no leader
I0902 17:01:12.373433 15520 raft_consensus.cc:412] T b79d7adfa7fb48509d0cb5c3a01f5295 P 475a466ec8b44f39bbf6b23f10ebe15b [term 0 FOLLOWER]: Starting pre-election (no leader contacted us within the election timeout)
I0902 17:01:12.373479 15520 raft_consensus.cc:2456] T b79d7adfa7fb48509d0cb5c3a01f5295 P 475a466ec8b44f39bbf6b23f10ebe15b: Snoozing failure detection for 1.965s (starting election)
I0902 17:01:12.373580 15520 raft_consensus.cc:434] T b79d7adfa7fb48509d0cb5c3a01f5295 P 475a466ec8b44f39bbf6b23f10ebe15b [term 0 FOLLOWER]: Starting pre-election with config: opid_index: -1 OBSOLETE_local: false peers { permanent_uuid: "d28f0f3b8d0e429484dbeeb2d41b7d50" member_type: VOTER last_known_addr { host: "127.58.208.1" port: 59914 } } peers { permanent_uuid: "475a466ec8b44f39bbf6b23f10ebe15b" member_type: VOTER last_known_addr { host: "127.58.208.2" port: 43231 } } peers { permanent_uuid: "81b89e30bd3e45e39b3bd3eca9d5f7c5" member_type: VOTER last_known_addr { host: "127.58.208.3" port: 42179 } }
I0902 17:01:12.374333 15520 leader_election.cc:221] T b79d7adfa7fb48509d0cb5c3a01f5295 P 475a466ec8b44f39bbf6b23f10ebe15b [CANDIDATE]: Term 1 pre-election: Requesting pre-vote from peer d28f0f3b8d0e429484dbeeb2d41b7d50
I0902 17:01:12.374511 15520 leader_election.cc:221] T b79d7adfa7fb48509d0cb5c3a01f5295 P 475a466ec8b44f39bbf6b23f10ebe15b [CANDIDATE]: Term 1 pre-election: Requesting pre-vote from peer 81b89e30bd3e45e39b3bd3eca9d5f7c5
I0902 17:01:12.379015 15452 tablet_service.cc:1002] Received RequestConsensusVote() RPC: tablet_id: "b79d7adfa7fb48509d0cb5c3a01f5295" candidate_uuid: "475a466ec8b44f39bbf6b23f10ebe15b" candidate_term: 1 candidate_status { last_received { term: 0 index: 0 } } ignore_live_leader: false dest_uuid: "81b89e30bd3e45e39b3bd3eca9d5f7c5" is_pre_election: true
I0902 17:01:12.379024 15207 tablet_service.cc:1002] Received RequestConsensusVote() RPC: tablet_id: "b79d7adfa7fb48509d0cb5c3a01f5295" candidate_uuid: "475a466ec8b44f39bbf6b23f10ebe15b" candidate_term: 1 candidate_status { last_received { term: 0 index: 0 } } ignore_live_leader: false dest_uuid: "d28f0f3b8d0e429484dbeeb2d41b7d50" is_pre_election: true
I0902 17:01:12.379087 15207 raft_consensus.cc:2456] T b79d7adfa7fb48509d0cb5c3a01f5295 P d28f0f3b8d0e429484dbeeb2d41b7d50: Snoozing failure detection for 1.846s (vote granted)
I0902 17:01:12.379087 15452 raft_consensus.cc:2456] T b79d7adfa7fb48509d0cb5c3a01f5295 P 81b89e30bd3e45e39b3bd3eca9d5f7c5: Snoozing failure detection for 1.744s (vote granted)
I0902 17:01:12.379117 15207 raft_consensus.cc:2010] T b79d7adfa7fb48509d0cb5c3a01f5295 P d28f0f3b8d0e429484dbeeb2d41b7d50 [term 0 FOLLOWER]: Leader pre-election vote request: Granting yes vote for candidate 475a466ec8b44f39bbf6b23f10ebe15b in term 0.
I0902 17:01:12.379123 15452 raft_consensus.cc:2010] T b79d7adfa7fb48509d0cb5c3a01f5295 P 81b89e30bd3e45e39b3bd3eca9d5f7c5 [term 0 FOLLOWER]: Leader pre-election vote request: Granting yes vote for candidate 475a466ec8b44f39bbf6b23f10ebe15b in term 0.
I0902 17:01:12.379418 15265 leader_election.cc:353] T b79d7adfa7fb48509d0cb5c3a01f5295 P 475a466ec8b44f39bbf6b23f10ebe15b [CANDIDATE]: Term 1 pre-election: Vote granted by peer 81b89e30bd3e45e39b3bd3eca9d5f7c5
I0902 17:01:12.379459 15265 leader_election.cc:248] T b79d7adfa7fb48509d0cb5c3a01f5295 P 475a466ec8b44f39bbf6b23f10ebe15b [CANDIDATE]: Term 1 pre-election: Election decided. Result: candidate won.
I0902 17:01:12.379524 15266 leader_election.cc:353] T b79d7adfa7fb48509d0cb5c3a01f5295 P 475a466ec8b44f39bbf6b23f10ebe15b [CANDIDATE]: Term 1 pre-election: Vote granted by peer d28f0f3b8d0e429484dbeeb2d41b7d50
I0902 17:01:12.379674 15520 raft_consensus.cc:2456] T b79d7adfa7fb48509d0cb5c3a01f5295 P 475a466ec8b44f39bbf6b23f10ebe15b: Snoozing failure detection for 1.703s (election complete)
I0902 17:01:12.379706 15520 raft_consensus.cc:2280] T b79d7adfa7fb48509d0cb5c3a01f5295 P 475a466ec8b44f39bbf6b23f10ebe15b [term 0 FOLLOWER]: Leader pre-election won for term 1
I0902 17:01:12.379734 15520 raft_consensus.cc:412] T b79d7adfa7fb48509d0cb5c3a01f5295 P 475a466ec8b44f39bbf6b23f10ebe15b [term 0 FOLLOWER]: Starting leader election (no leader contacted us within the election timeout)
I0902 17:01:12.379750 15520 raft_consensus.cc:2456] T b79d7adfa7fb48509d0cb5c3a01f5295 P 475a466ec8b44f39bbf6b23f10ebe15b: Snoozing failure detection for 1.527s (starting election)
I0902 17:01:12.379763 15520 raft_consensus.cc:2508] T b79d7adfa7fb48509d0cb5c3a01f5295 P 475a466ec8b44f39bbf6b23f10ebe15b [term 0 FOLLOWER]: Advancing to term 1
I0902 17:01:12.380517 15520 raft_consensus.cc:434] T b79d7adfa7fb48509d0cb5c3a01f5295 P 475a466ec8b44f39bbf6b23f10ebe15b [term 1 FOLLOWER]: Starting leader election with config: opid_index: -1 OBSOLETE_local: false peers { permanent_uuid: "d28f0f3b8d0e429484dbeeb2d41b7d50" member_type: VOTER last_known_addr { host: "127.58.208.1" port: 59914 } } peers { permanent_uuid: "475a466ec8b44f39bbf6b23f10ebe15b" member_type: VOTER last_known_addr { host: "127.58.208.2" port: 43231 } } peers { permanent_uuid: "81b89e30bd3e45e39b3bd3eca9d5f7c5" member_type: VOTER last_known_addr { host: "127.58.208.3" port: 42179 } }
I0902 17:01:12.380709 15520 leader_election.cc:221] T b79d7adfa7fb48509d0cb5c3a01f5295 P 475a466ec8b44f39bbf6b23f10ebe15b [CANDIDATE]: Term 1 election: Requesting vote from peer d28f0f3b8d0e429484dbeeb2d41b7d50
I0902 17:01:12.380789 15520 leader_election.cc:221] T b79d7adfa7fb48509d0cb5c3a01f5295 P 475a466ec8b44f39bbf6b23f10ebe15b [CANDIDATE]: Term 1 election: Requesting vote from peer 81b89e30bd3e45e39b3bd3eca9d5f7c5
I0902 17:01:12.381140 15207 tablet_service.cc:1002] Received RequestConsensusVote() RPC: tablet_id: "b79d7adfa7fb48509d0cb5c3a01f5295" candidate_uuid: "475a466ec8b44f39bbf6b23f10ebe15b" candidate_term: 1 candidate_status { last_received { term: 0 index: 0 } } ignore_live_leader: false dest_uuid: "d28f0f3b8d0e429484dbeeb2d41b7d50"
I0902 17:01:12.381213 15207 raft_consensus.cc:2508] T b79d7adfa7fb48509d0cb5c3a01f5295 P d28f0f3b8d0e429484dbeeb2d41b7d50 [term 0 FOLLOWER]: Advancing to term 1
I0902 17:01:12.381259 15452 tablet_service.cc:1002] Received RequestConsensusVote() RPC: tablet_id: "b79d7adfa7fb48509d0cb5c3a01f5295" candidate_uuid: "475a466ec8b44f39bbf6b23f10ebe15b" candidate_term: 1 candidate_status { last_received { term: 0 index: 0 } } ignore_live_leader: false dest_uuid: "81b89e30bd3e45e39b3bd3eca9d5f7c5"
I0902 17:01:12.381299 15207 raft_consensus.cc:2456] T b79d7adfa7fb48509d0cb5c3a01f5295 P d28f0f3b8d0e429484dbeeb2d41b7d50: Snoozing failure detection for 2.201s (vote granted)
I0902 17:01:12.381301 15452 raft_consensus.cc:2508] T b79d7adfa7fb48509d0cb5c3a01f5295 P 81b89e30bd3e45e39b3bd3eca9d5f7c5 [term 0 FOLLOWER]: Advancing to term 1
I0902 17:01:12.381347 15452 raft_consensus.cc:2456] T b79d7adfa7fb48509d0cb5c3a01f5295 P 81b89e30bd3e45e39b3bd3eca9d5f7c5: Snoozing failure detection for 1.539s (vote granted)
I0902 17:01:12.382138 15452 raft_consensus.cc:2010] T b79d7adfa7fb48509d0cb5c3a01f5295 P 81b89e30bd3e45e39b3bd3eca9d5f7c5 [term 1 FOLLOWER]: Leader election vote request: Granting yes vote for candidate 475a466ec8b44f39bbf6b23f10ebe15b in term 1.
I0902 17:01:12.382136 15207 raft_consensus.cc:2010] T b79d7adfa7fb48509d0cb5c3a01f5295 P d28f0f3b8d0e429484dbeeb2d41b7d50 [term 1 FOLLOWER]: Leader election vote request: Granting yes vote for candidate 475a466ec8b44f39bbf6b23f10ebe15b in term 1.
I0902 17:01:12.382411 15265 leader_election.cc:353] T b79d7adfa7fb48509d0cb5c3a01f5295 P 475a466ec8b44f39bbf6b23f10ebe15b [CANDIDATE]: Term 1 election: Vote granted by peer 81b89e30bd3e45e39b3bd3eca9d5f7c5
I0902 17:01:12.382433 15265 leader_election.cc:248] T b79d7adfa7fb48509d0cb5c3a01f5295 P 475a466ec8b44f39bbf6b23f10ebe15b [CANDIDATE]: Term 1 election: Election decided. Result: candidate won.
I0902 17:01:12.382462 15266 leader_election.cc:353] T b79d7adfa7fb48509d0cb5c3a01f5295 P 475a466ec8b44f39bbf6b23f10ebe15b [CANDIDATE]: Term 1 election: Vote granted by peer d28f0f3b8d0e429484dbeeb2d41b7d50
I0902 17:01:12.382515 15520 raft_consensus.cc:2456] T b79d7adfa7fb48509d0cb5c3a01f5295 P 475a466ec8b44f39bbf6b23f10ebe15b: Snoozing failure detection for 1.733s (election complete)
I0902 17:01:12.382534 15520 raft_consensus.cc:2280] T b79d7adfa7fb48509d0cb5c3a01f5295 P 475a466ec8b44f39bbf6b23f10ebe15b [term 1 FOLLOWER]: Leader election won for term 1
I0902 17:01:12.384778 15073 catalog_manager.cc:2943] Scheduling retry of b79d7adfa7fb48509d0cb5c3a01f5295 (table test-table [id=b7f89f9ec9c0479b9fed277cd873ba0e]) Alter Table RPC with a delay of 54 ms (attempt = 0)
W0902 17:01:12.384807 15073 catalog_manager.cc:2962] Async tablet task b79d7adfa7fb48509d0cb5c3a01f5295 (table test-table [id=b7f89f9ec9c0479b9fed277cd873ba0e]) Alter Table RPC failed: Not found: Failed to reset TS proxy: No leader found: Tablet b79d7adfa7fb48509d0cb5c3a01f5295 consensus state has no leader
I0902 17:01:12.394585 15071 catalog_manager.cc:2943] Scheduling retry of b79d7adfa7fb48509d0cb5c3a01f5295 (table test-table [id=b7f89f9ec9c0479b9fed277cd873ba0e]) Alter Table RPC with a delay of 52 ms (attempt = 0)
W0902 17:01:12.394618 15071 catalog_manager.cc:2962] Async tablet task b79d7adfa7fb48509d0cb5c3a01f5295 (table test-table [id=b7f89f9ec9c0479b9fed277cd873ba0e]) Alter Table RPC failed: Not found: Failed to reset TS proxy: No leader found: Tablet b79d7adfa7fb48509d0cb5c3a01f5295 consensus state has no leader
I0902 17:01:12.398419 15520 raft_consensus.cc:542] T b79d7adfa7fb48509d0cb5c3a01f5295 P 475a466ec8b44f39bbf6b23f10ebe15b [term 1 LEADER]: Becoming Leader. State: Replica: 475a466ec8b44f39bbf6b23f10ebe15b, State: Running, Role: LEADER
I0902 17:01:12.398577 15520 consensus_queue.cc:169] T b79d7adfa7fb48509d0cb5c3a01f5295 P 475a466ec8b44f39bbf6b23f10ebe15b [LEADER]: Queue going to LEADER mode. State: All replicated index: 0, Majority replicated index: 0, Committed index: 0, Last appended: 0.0, Last appended by leader: 0, Current term: 1, Majority size: 2, State: 0, Mode: LEADER, active raft config: opid_index: -1 OBSOLETE_local: false peers { permanent_uuid: "d28f0f3b8d0e429484dbeeb2d41b7d50" member_type: VOTER last_known_addr { host: "127.58.208.1" port: 59914 } } peers { permanent_uuid: "475a466ec8b44f39bbf6b23f10ebe15b" member_type: VOTER last_known_addr { host: "127.58.208.2" port: 43231 } } peers { permanent_uuid: "81b89e30bd3e45e39b3bd3eca9d5f7c5" member_type: VOTER last_known_addr { host: "127.58.208.3" port: 42179 } }
I0902 17:01:12.398831 15071 catalog_manager.cc:2943] Scheduling retry of b79d7adfa7fb48509d0cb5c3a01f5295 (table test-table [id=b7f89f9ec9c0479b9fed277cd873ba0e]) Alter Table RPC with a delay of 50 ms (attempt = 0)
W0902 17:01:12.398854 15071 catalog_manager.cc:2962] Async tablet task b79d7adfa7fb48509d0cb5c3a01f5295 (table test-table [id=b7f89f9ec9c0479b9fed277cd873ba0e]) Alter Table RPC failed: Not found: Failed to reset TS proxy: No leader found: Tablet b79d7adfa7fb48509d0cb5c3a01f5295 consensus state has no leader
I0902 17:01:12.406674 15086 catalog_manager.cc:2462] TS 475a466ec8b44f39bbf6b23f10ebe15b (127.58.208.2:43231) does not have the latest schema for tablet b79d7adfa7fb48509d0cb5c3a01f5295 (table test-table [id=b7f89f9ec9c0479b9fed277cd873ba0e]). Expected version 3 got 0
I0902 17:01:12.406805 15086 catalog_manager.cc:2571] T b79d7adfa7fb48509d0cb5c3a01f5295 reported cstate change: term changed from 0 to 1, leader changed from to 475a466ec8b44f39bbf6b23f10ebe15b (127.58.208.2). New cstate: current_term: 1 leader_uuid: "475a466ec8b44f39bbf6b23f10ebe15b" committed_config { opid_index: -1 OBSOLETE_local: false peers { permanent_uuid: "d28f0f3b8d0e429484dbeeb2d41b7d50" member_type: VOTER last_known_addr { host: "127.58.208.1" port: 59914 } } peers { permanent_uuid: "475a466ec8b44f39bbf6b23f10ebe15b" member_type: VOTER last_known_addr { host: "127.58.208.2" port: 43231 } } peers { permanent_uuid: "81b89e30bd3e45e39b3bd3eca9d5f7c5" member_type: VOTER last_known_addr { host: "127.58.208.3" port: 42179 } } }
I0902 17:01:12.409857 15452 raft_consensus.cc:964] T b79d7adfa7fb48509d0cb5c3a01f5295 P 81b89e30bd3e45e39b3bd3eca9d5f7c5 [term 1 FOLLOWER]: Refusing update from remote peer 475a466ec8b44f39bbf6b23f10ebe15b: Log matching property violated. Preceding OpId in replica: term: 0 index: 0. Preceding OpId from leader: term: 1 index: 2. (index mismatch)
I0902 17:01:12.409963 15207 raft_consensus.cc:964] T b79d7adfa7fb48509d0cb5c3a01f5295 P d28f0f3b8d0e429484dbeeb2d41b7d50 [term 1 FOLLOWER]: Refusing update from remote peer 475a466ec8b44f39bbf6b23f10ebe15b: Log matching property violated. Preceding OpId in replica: term: 0 index: 0. Preceding OpId from leader: term: 1 index: 2. (index mismatch)
I0902 17:01:12.410269 15520 consensus_queue.cc:741] T b79d7adfa7fb48509d0cb5c3a01f5295 P 475a466ec8b44f39bbf6b23f10ebe15b [LEADER]: Connected to new peer: Peer: 81b89e30bd3e45e39b3bd3eca9d5f7c5, Is new: false, Last received: 0.0, Next index: 1, Last known committed idx: 0, Last exchange result: ERROR, Needs tablet copy: false
I0902 17:01:12.410359 15602 consensus_queue.cc:741] T b79d7adfa7fb48509d0cb5c3a01f5295 P 475a466ec8b44f39bbf6b23f10ebe15b [LEADER]: Connected to new peer: Peer: d28f0f3b8d0e429484dbeeb2d41b7d50, Is new: false, Last received: 0.0, Next index: 1, Last known committed idx: 0, Last exchange result: ERROR, Needs tablet copy: false
I0902 17:01:12.412199 15086 catalog_manager.cc:2462] TS 81b89e30bd3e45e39b3bd3eca9d5f7c5 (127.58.208.3:42179) does not have the latest schema for tablet b79d7adfa7fb48509d0cb5c3a01f5295 (table test-table [id=b7f89f9ec9c0479b9fed277cd873ba0e]). Expected version 3 got 0
I0902 17:01:12.412403 15088 catalog_manager.cc:2462] TS d28f0f3b8d0e429484dbeeb2d41b7d50 (127.58.208.1:59914) does not have the latest schema for tablet b79d7adfa7fb48509d0cb5c3a01f5295 (table test-table [id=b7f89f9ec9c0479b9fed277cd873ba0e]). Expected version 3 got 0
I0902 17:01:12.412693 15532 tablet.cc:1115] T b79d7adfa7fb48509d0cb5c3a01f5295 P 475a466ec8b44f39bbf6b23f10ebe15b: Alter schema from Schema [ 10:key[int32 NOT NULL] ] version 0 to Schema [ 10:key[int32 NOT NULL] ] version 3
I0902 17:01:12.415015 15530 tablet.cc:1115] T b79d7adfa7fb48509d0cb5c3a01f5295 P 81b89e30bd3e45e39b3bd3eca9d5f7c5: Alter schema from Schema [ 10:key[int32 NOT NULL] ] version 0 to Schema [ 10:key[int32 NOT NULL] ] version 3
I0902 17:01:12.415876 15533 tablet.cc:1115] T b79d7adfa7fb48509d0cb5c3a01f5295 P d28f0f3b8d0e429484dbeeb2d41b7d50: Alter schema from Schema [ 10:key[int32 NOT NULL] ] version 0 to Schema [ 10:key[int32 NOT NULL] ] version 3
I0902 17:01:12.416329 15087 catalog_manager.cc:2462] TS d28f0f3b8d0e429484dbeeb2d41b7d50 (127.58.208.1:59914) does not have the latest schema for tablet b79d7adfa7fb48509d0cb5c3a01f5295 (table test-table [id=b7f89f9ec9c0479b9fed277cd873ba0e]). Expected version 3 got 0
I0902 17:01:12.416651 15088 catalog_manager.cc:2462] TS 81b89e30bd3e45e39b3bd3eca9d5f7c5 (127.58.208.3:42179) does not have the latest schema for tablet b79d7adfa7fb48509d0cb5c3a01f5295 (table test-table [id=b7f89f9ec9c0479b9fed277cd873ba0e]). Expected version 3 got 0
I0902 17:01:12.417361 15532 tablet.cc:1110] T b79d7adfa7fb48509d0cb5c3a01f5295 P 475a466ec8b44f39bbf6b23f10ebe15b: Already running schema version 3 got alter request for version 3
I0902 17:01:12.418391 15530 tablet.cc:1110] T b79d7adfa7fb48509d0cb5c3a01f5295 P 81b89e30bd3e45e39b3bd3eca9d5f7c5: Already running schema version 3 got alter request for version 3
I0902 17:01:12.418889 15086 catalog_manager.cc:3728] T 00000000000000000000000000000000 P b004b3046b584f37925df45eda899ff0: test-table [id=b7f89f9ec9c0479b9fed277cd873ba0e] alter complete (version 3)
I0902 17:01:12.419597 15533 tablet.cc:1110] T b79d7adfa7fb48509d0cb5c3a01f5295 P d28f0f3b8d0e429484dbeeb2d41b7d50: Already running schema version 3 got alter request for version 3
I0902 17:01:12.451571 15056 alter_table-randomized-test.cc:114] Restarting TS 0
I0902 17:01:12.451625 15056 external_mini_cluster.cc:959] Killing /tmp/run_tha_testdnoRja/build/debug/bin/kudu-tserver with pid 15123
W0902 17:01:12.455246 15073 connection.cc:511] client connection to 127.58.208.1:59914 recv error: Network error: failed to read from TLS socket: Connection reset by peer (error 104)
W0902 17:01:12.455265 15265 connection.cc:511] server connection from 127.58.208.1:44803 recv error: Network error: failed to read from TLS socket: Connection reset by peer (error 104)
W0902 17:01:12.455253 15072 connection.cc:511] server connection from 127.58.208.1:59187 recv error: Network error: failed to read from TLS socket: Connection reset by peer (error 104)
W0902 17:01:12.455435 15504 connection.cc:511] client connection to 127.58.208.1:59914 recv error: Network error: failed to read from TLS socket: Connection reset by peer (error 104)
W0902 17:01:12.455885 15266 connection.cc:511] client connection to 127.58.208.1:59914 recv error: Network error: failed to read from TLS socket: Connection reset by peer (error 104)
I0902 17:01:12.455915 15056 external_mini_cluster.cc:767] Running /tmp/run_tha_testdnoRja/build/debug/bin/kudu-tserver /tmp/run_tha_testdnoRja/build/debug/bin/kudu-tserver --fs_wal_dir=/tmp/run_tha_testdnoRja/test-tmp/alter_table-randomized-test.AlterTableRandomized.TestRandomSequence.1504371669910680-15056/minicluster-data/ts-0/wal --fs_data_dirs=/tmp/run_tha_testdnoRja/test-tmp/alter_table-randomized-test.AlterTableRandomized.TestRandomSequence.1504371669910680-15056/minicluster-data/ts-0/data --rpc_bind_addresses=127.58.208.1:59914 --local_ip_for_outbound_sockets=127.58.208.1 --webserver_port=43787 --webserver_interface=127.58.208.1 --tserver_master_addrs=127.58.208.254:35373 --never_fsync --ipki_server_key_size=1024 --enable_minidumps=false --redact=flag --metrics_log_interval_ms=1000 --logtostderr --logbuflevel=-1 --log_dir=/tmp/run_tha_testdnoRja/test-tmp/alter_table-randomized-test.AlterTableRandomized.TestRandomSequence.1504371669910680-15056/minicluster-data/ts-0/logs --server_dump_info_path=/tmp/run_tha_testdnoRja/test-tmp/alter_table-randomized-test.AlterTableRandomized.TestRandomSequence.1504371669910680-15056/minicluster-data/ts-0/data/info.pb --server_dump_info_format=pb --rpc_server_allow_ephemeral_ports --unlock_experimental_flags --unlock_unsafe_flags --log_container_preallocate_bytes=0 with env {}
W0902 17:01:12.456092 15388 connection.cc:511] client connection to 127.58.208.1:59914 recv error: Network error: failed to read from TLS socket: Connection reset by peer (error 104)
W0902 17:01:12.456359 15387 connection.cc:511] server connection from 127.58.208.1:33336 recv error: Network error: failed to read from TLS socket: Connection reset by peer (error 104) WARNING: Logging before InitGoogleLogging() is written to STDERR
W0902 17:01:12.491233 15611 flags.cc:395] Enabled unsafe flag: --rpc_server_allow_ephemeral_ports=true
W0902 17:01:12.491384 15611 flags.cc:395] Enabled unsafe flag: --never_fsync=true
W0902 17:01:12.492039 15611 flags.cc:395] Enabled experimental flag: --ipki_server_key_size=1024
W0902 17:01:12.492099 15611 flags.cc:395] Enabled experimental flag: --local_ip_for_outbound_sockets=127.58.208.1
I0902 17:01:12.493242 15611 tablet_server_main.cc:72] Tablet server non-default flags: --fs_data_dirs=/tmp/run_tha_testdnoRja/test-tmp/alter_table-randomized-test.AlterTableRandomized.TestRandomSequence.1504371669910680-15056/minicluster-data/ts-0/data --fs_wal_dir=/tmp/run_tha_testdnoRja/test-tmp/alter_table-randomized-test.AlterTableRandomized.TestRandomSequence.1504371669910680-15056/minicluster-data/ts-0/wal --log_container_preallocate_bytes=0 --ipki_server_key_size=1024 --rpc_bind_addresses=127.58.208.1:59914 --rpc_server_allow_ephemeral_ports=true --metrics_log_interval_ms=1000 --server_dump_info_format=pb --server_dump_info_path=/tmp/run_tha_testdnoRja/test-tmp/alter_table-randomized-test.AlterTableRandomized.TestRandomSequence.1504371669910680-15056/minicluster-data/ts-0/data/info.pb --webserver_interface=127.58.208.1 --webserver_port=43787 --tserver_master_addrs=127.58.208.254:35373 --never_fsync=true --heap_profile_path=/tmp/kudu-tserver.15611 --redact=flag --unlock_experimental_flags=true --unlock_unsafe_flags=true --enable_minidumps=false --local_ip_for_outbound_sockets=127.58.208.1 --log_dir=/tmp/run_tha_testdnoRja/test-tmp/alter_table-randomized-test.AlterTableRandomized.TestRandomSequence.1504371669910680-15056/minicluster-data/ts-0/logs --logbuflevel=-1 --logtostderr=true Tablet server version: kudu 1.6.0-SNAPSHOT revision 6e33286f595b7754377398ab85b18a953fabe7f9 build type DEBUG built by adar at 02 Sep 2017 09:50:52 PST on ve0518.halxg.cloudera.com
I0902 17:01:12.497829 15611 tablet_server_main.cc:79] Initializing tablet server...
I0902 17:01:12.498646 15611 system_ntp.cc:104] NTP initialized. Resolution in nanos?: 1 Skew PPM: 500 Current error: 1155013
I0902 17:01:12.502231 15611 fs_manager.cc:323] Time spent opening directory manager: real 0.002s user 0.004s sys 0.000s
I0902 17:01:12.502391 15611 env_posix.cc:1590] Not raising process file limit of 65536; it is already as high as it can go
I0902 17:01:12.502530 15611 file_cache.cc:469] Constructed file cache lbm with capacity 26214
I0902 17:01:12.505185 15611 fs_manager.cc:335] Time spent opening block manager: real 0.001s user 0.000s sys 0.000s
I0902 17:01:12.505609 15611 fs_manager.cc:348] Opened local filesystem: /tmp/run_tha_testdnoRja/test-tmp/alter_table-randomized-test.AlterTableRandomized.TestRandomSequence.1504371669910680-15056/minicluster-data/ts-0/data,/tmp/run_tha_testdnoRja/test-tmp/alter_table-randomized-test.AlterTableRandomized.TestRandomSequence.1504371669910680-15056/minicluster-data/ts-0/wal uuid: "d28f0f3b8d0e429484dbeeb2d41b7d50" format_stamp: "Formatted at 2017-09-02 17:01:10 on dist-test-slave-dist-test-slave-hk29"
I0902 17:01:12.505676 15611 fs_report.cc:347] Block manager report -------------------- 1 data directories: /tmp/run_tha_testdnoRja/test-tmp/alter_table-randomized-test.AlterTableRandomized.TestRandomSequence.1504371669910680-15056/minicluster-data/ts-0/data/data Total live blocks: 0 Total live bytes: 0 Total live bytes (after alignment): 0 Total number of LBM containers: 0 (0 full) Did not check for missing blocks Did not check for orphaned blocks Total full LBM containers with extra space: 0 (0 repaired) Total full LBM container extra space in bytes: 0 (0 repaired) Total incomplete LBM containers: 0 (0 repaired) Total LBM partial records: 0 (0 repaired)
I0902 17:01:12.528671 15611 ts_tablet_manager.cc:199] Loading tablet metadata (0/3 complete)
I0902 17:01:12.528699 15611 ts_tablet_manager.cc:770] T eab66cb8a35a4399936ca49988b0131d P d28f0f3b8d0e429484dbeeb2d41b7d50: Loading tablet metadata
I0902 17:01:12.530975 15611 ts_tablet_manager.cc:770] T b79d7adfa7fb48509d0cb5c3a01f5295 P d28f0f3b8d0e429484dbeeb2d41b7d50: Loading tablet metadata
I0902 17:01:12.531383 15611 ts_tablet_manager.cc:770] T 9f366aa97726498baf85962d42d8adc1 P d28f0f3b8d0e429484dbeeb2d41b7d50: Loading tablet metadata
I0902 17:01:12.531749 15611 ts_tablet_manager.cc:211] Loaded tablet metadata (3 live tablets)
I0902 17:01:12.532805 15611 ts_tablet_manager.cc:943] T eab66cb8a35a4399936ca49988b0131d P d28f0f3b8d0e429484dbeeb2d41b7d50: Registered tablet (data state: TABLET_DATA_READY)
I0902 17:01:12.533092 15626 ts_tablet_manager.cc:793] T eab66cb8a35a4399936ca49988b0131d P d28f0f3b8d0e429484dbeeb2d41b7d50: Bootstrapping tablet
I0902 17:01:12.533288 15626 tablet_bootstrap.cc:433] T eab66cb8a35a4399936ca49988b0131d P d28f0f3b8d0e429484dbeeb2d41b7d50: Bootstrap starting.
I0902 17:01:12.533366 15611 ts_tablet_manager.cc:943] T b79d7adfa7fb48509d0cb5c3a01f5295 P d28f0f3b8d0e429484dbeeb2d41b7d50: Registered tablet (data state: TABLET_DATA_READY)
I0902 17:01:12.533649 15611 ts_tablet_manager.cc:943] T 9f366aa97726498baf85962d42d8adc1 P d28f0f3b8d0e429484dbeeb2d41b7d50: Registered tablet (data state: TABLET_DATA_READY)
I0902 17:01:12.534404 15611 tablet_server_main.cc:84] Starting tablet server...
I0902 17:01:12.545112 15626 log.cc:518] T eab66cb8a35a4399936ca49988b0131d P d28f0f3b8d0e429484dbeeb2d41b7d50: Log is configured to *not* fsync() on all Append() calls
I0902 17:01:12.547652 15626 tablet.cc:1115] T eab66cb8a35a4399936ca49988b0131d P d28f0f3b8d0e429484dbeeb2d41b7d50: Alter schema from Schema [ 10:key[int32 NOT NULL] ] version 0 to Schema [ 10:key[int32 NOT NULL] ] version 3
I0902 17:01:12.547761 15626 tablet_metadata.cc:508] Not flushing: waiting for 1 pins to be released.
I0902 17:01:12.548216 15626 tablet.cc:1110] T eab66cb8a35a4399936ca49988b0131d P d28f0f3b8d0e429484dbeeb2d41b7d50: Already running schema version 3 got alter request for version 3
I0902 17:01:12.548493 15626 tablet.cc:1110] T eab66cb8a35a4399936ca49988b0131d P d28f0f3b8d0e429484dbeeb2d41b7d50: Already running schema version 3 got alter request for version 3
I0902 17:01:12.555083 15626 tablet_bootstrap.cc:433] T eab66cb8a35a4399936ca49988b0131d P d28f0f3b8d0e429484dbeeb2d41b7d50: Bootstrap replayed 1/1 log segments. Stats: ops{read=15 overwritten=0 applied=15 ignored=0} inserts{seen=8 ignored=0} mutations{seen=3 ignored=0} orphaned_commits=0. Pending: 0 replicates
I0902 17:01:12.555354 15626 tablet_bootstrap.cc:433] T eab66cb8a35a4399936ca49988b0131d P d28f0f3b8d0e429484dbeeb2d41b7d50: Bootstrap complete.
I0902 17:01:12.558707 15626 ts_tablet_manager.cc:818] T eab66cb8a35a4399936ca49988b0131d P d28f0f3b8d0e429484dbeeb2d41b7d50: Time spent bootstrapping tablet: real 0.026s user 0.020s sys 0.004s
I0902 17:01:12.559862 15626 raft_consensus.cc:287] T eab66cb8a35a4399936ca49988b0131d P d28f0f3b8d0e429484dbeeb2d41b7d50 [term 1 FOLLOWER]: Replica starting. Triggering 0 pending transactions. Active config: opid_index: -1 OBSOLETE_local: false peers { permanent_uuid: "d28f0f3b8d0e429484dbeeb2d41b7d50" member_type: VOTER last_known_addr { host: "127.58.208.1" port: 59914 } } peers { permanent_uuid: "475a466ec8b44f39bbf6b23f10ebe15b" member_type: VOTER last_known_addr { host: "127.58.208.2" port: 43231 } } peers { permanent_uuid: "81b89e30bd3e45e39b3bd3eca9d5f7c5" member_type: VOTER last_known_addr { host: "127.58.208.3" port: 42179 } }
I0902 17:01:12.560091 15626 raft_consensus.cc:576] T eab66cb8a35a4399936ca49988b0131d P d28f0f3b8d0e429484dbeeb2d41b7d50 [term 1 FOLLOWER]: Becoming Follower/Learner. State: Replica: d28f0f3b8d0e429484dbeeb2d41b7d50, State: Initialized, Role: FOLLOWER
I0902 17:01:12.560165 15626 consensus_queue.cc:190] T eab66cb8a35a4399936ca49988b0131d P d28f0f3b8d0e429484dbeeb2d41b7d50 [NON_LEADER]: Queue going to NON_LEADER mode. State: All replicated index: 0, Majority replicated index: 0, Committed index: 15, Last appended: 1.15, Last appended by leader: 15, Current term: 0, Majority size: -1, State: 0, Mode: NON_LEADER
I0902 17:01:12.560736 15626 ts_tablet_manager.cc:846] T eab66cb8a35a4399936ca49988b0131d P d28f0f3b8d0e429484dbeeb2d41b7d50: Time spent starting tablet: real 0.002s user 0.000s sys 0.000s
I0902 17:01:12.560844 15626 ts_tablet_manager.cc:793] T b79d7adfa7fb48509d0cb5c3a01f5295 P d28f0f3b8d0e429484dbeeb2d41b7d50: Bootstrapping tablet
I0902 17:01:12.560909 15626 tablet_bootstrap.cc:433] T b79d7adfa7fb48509d0cb5c3a01f5295 P d28f0f3b8d0e429484dbeeb2d41b7d50: Bootstrap starting.
I0902 17:01:12.569967 15626 tablet.cc:1115] T b79d7adfa7fb48509d0cb5c3a01f5295 P d28f0f3b8d0e429484dbeeb2d41b7d50: Alter schema from Schema [ 10:key[int32 NOT NULL] ] version 0 to Schema [ 10:key[int32 NOT NULL] ] version 3
I0902 17:01:12.570031 15626 tablet_metadata.cc:508] Not flushing: waiting for 1 pins to be released.
I0902 17:01:12.570231 15626 tablet.cc:1110] T b79d7adfa7fb48509d0cb5c3a01f5295 P d28f0f3b8d0e429484dbeeb2d41b7d50: Already running schema version 3 got alter request for version 3
I0902 17:01:12.570863 15626 tablet_bootstrap.cc:433] T b79d7adfa7fb48509d0cb5c3a01f5295 P d28f0f3b8d0e429484dbeeb2d41b7d50: Bootstrap replayed 1/1 log segments. Stats: ops{read=4 overwritten=0 applied=4 ignored=0} inserts{seen=1 ignored=0} mutations{seen=0 ignored=0} orphaned_commits=0. Pending: 0 replicates
I0902 17:01:12.571074 15626 tablet_bootstrap.cc:433] T b79d7adfa7fb48509d0cb5c3a01f5295 P d28f0f3b8d0e429484dbeeb2d41b7d50: Bootstrap complete.
I0902 17:01:12.572990 15626 ts_tablet_manager.cc:818] T b79d7adfa7fb48509d0cb5c3a01f5295 P d28f0f3b8d0e429484dbeeb2d41b7d50: Time spent bootstrapping tablet: real 0.012s user 0.000s sys 0.012s
I0902 17:01:12.573457 15626 raft_consensus.cc:287] T b79d7adfa7fb48509d0cb5c3a01f5295 P d28f0f3b8d0e429484dbeeb2d41b7d50 [term 1 FOLLOWER]: Replica starting. Triggering 0 pending transactions. Active config: opid_index: -1 OBSOLETE_local: false peers { permanent_uuid: "d28f0f3b8d0e429484dbeeb2d41b7d50" member_type: VOTER last_known_addr { host: "127.58.208.1" port: 59914 } } peers { permanent_uuid: "475a466ec8b44f39bbf6b23f10ebe15b" member_type: VOTER last_known_addr { host: "127.58.208.2" port: 43231 } } peers { permanent_uuid: "81b89e30bd3e45e39b3bd3eca9d5f7c5" member_type: VOTER last_known_addr { host: "127.58.208.3" port: 42179 } }
I0902 17:01:12.573524 15626 raft_consensus.cc:576] T b79d7adfa7fb48509d0cb5c3a01f5295 P d28f0f3b8d0e429484dbeeb2d41b7d50 [term 1 FOLLOWER]: Becoming Follower/Learner. State: Replica: d28f0f3b8d0e429484dbeeb2d41b7d50, State: Initialized, Role: FOLLOWER
I0902 17:01:12.573560 15626 consensus_queue.cc:190] T b79d7adfa7fb48509d0cb5c3a01f5295 P d28f0f3b8d0e429484dbeeb2d41b7d50 [NON_LEADER]: Queue going to NON_LEADER mode. State: All replicated index: 0, Majority replicated index: 0, Committed index: 4, Last appended: 1.4, Last appended by leader: 4, Current term: 0, Majority size: -1, State: 0, Mode: NON_LEADER
I0902 17:01:12.573722 15626 ts_tablet_manager.cc:846] T b79d7adfa7fb48509d0cb5c3a01f5295 P d28f0f3b8d0e429484dbeeb2d41b7d50: Time spent starting tablet: real 0.001s user 0.000s sys 0.000s
I0902 17:01:12.573773 15626 ts_tablet_manager.cc:793] T 9f366aa97726498baf85962d42d8adc1 P d28f0f3b8d0e429484dbeeb2d41b7d50: Bootstrapping tablet
I0902 17:01:12.573828 15626 tablet_bootstrap.cc:433] T 9f366aa97726498baf85962d42d8adc1 P d28f0f3b8d0e429484dbeeb2d41b7d50: Bootstrap starting.
I0902 17:01:12.576954 15611 rpc_server.cc:192] RPC server started. Bound to: 127.58.208.1:59914
I0902 17:01:12.577350 15611 webserver.cc:149] Starting webserver on 127.58.208.1:43787
I0902 17:01:12.577368 15611 webserver.cc:160] Document root disabled
I0902 17:01:12.577874 15611 webserver.cc:282] Webserver started. Bound to: http://127.58.208.1:43787/
I0902 17:01:12.578430 15611 server_base.cc:372] Dumped server information to /tmp/run_tha_testdnoRja/test-tmp/alter_table-randomized-test.AlterTableRandomized.TestRandomSequence.1504371669910680-15056/minicluster-data/ts-0/data/info.pb
I0902 17:01:12.579372 15056 external_mini_cluster.cc:829] Started /tmp/run_tha_testdnoRja/build/debug/bin/kudu-tserver as pid 15611
I0902 17:01:12.583701 15611 tablet_server_main.cc:87] Tablet server successfully started.
I0902 17:01:12.584297 15737 process_memory.cc:181] Process hard memory limit is 11.777661 GB
I0902 17:01:12.584316 15737 process_memory.cc:183] Process soft memory limit is 9.422129 GB
I0902 17:01:12.584321 15737 process_memory.cc:186] Process memory pressure threshold is 7.066597 GB
I0902 17:01:12.584832 15626 tablet.cc:1115] T 9f366aa97726498baf85962d42d8adc1 P d28f0f3b8d0e429484dbeeb2d41b7d50: Alter schema from Schema [ 10:key[int32 NOT NULL] ] version 0 to Schema [ 10:key[int32 NOT NULL] ] version 3
I0902 17:01:12.584887 15626 tablet_metadata.cc:508] Not flushing: waiting for 1 pins to be released.
I0902 17:01:12.585142 15626 tablet.cc:1110] T 9f366aa97726498baf85962d42d8adc1 P d28f0f3b8d0e429484dbeeb2d41b7d50: Already running schema version 3 got alter request for version 3
I0902 17:01:12.586244 15736 heartbeater.cc:317] Connected to a master server at 127.58.208.254:35373
