I0902 17:01:11.231534 15517 raft_consensus.cc:2456] T 46b61b0728c843959c20956feb265265 P d28f0f3b8d0e429484dbeeb2d41b7d50: Snoozing failure detection for 1.900s (starting election)
I0902 17:01:11.231549 15517 raft_consensus.cc:2508] T 46b61b0728c843959c20956feb265265 P d28f0f3b8d0e429484dbeeb2d41b7d50 [term 0 FOLLOWER]: Advancing to term 1
I0902 17:01:11.231796 15453 tablet_service.cc:1002] Received RequestConsensusVote() RPC: tablet_id: "46b61b0728c843959c20956feb265265" candidate_uuid: "d28f0f3b8d0e429484dbeeb2d41b7d50" candidate_term: 1 candidate_status { last_received { term: 0 index: 0 } } ignore_live_leader: false dest_uuid: "81b89e30bd3e45e39b3bd3eca9d5f7c5" is_pre_election: true
I0902 17:01:11.231894 15453 raft_consensus.cc:2456] T 46b61b0728c843959c20956feb265265 P 81b89e30bd3e45e39b3bd3eca9d5f7c5: Snoozing failure detection for 1.631s (vote granted)
I0902 17:01:11.231938 15453 raft_consensus.cc:2010] T 46b61b0728c843959c20956feb265265 P 81b89e30bd3e45e39b3bd3eca9d5f7c5 [term 0 FOLLOWER]: Leader pre-election vote request: Granting yes vote for candidate d28f0f3b8d0e429484dbeeb2d41b7d50 in term 0.
I0902 17:01:11.232241 15142 leader_election.cc:353] T 46b61b0728c843959c20956feb265265 P d28f0f3b8d0e429484dbeeb2d41b7d50 [CANDIDATE]: Term 1 pre-election: Vote granted by peer 81b89e30bd3e45e39b3bd3eca9d5f7c5
I0902 17:01:11.232491 15517 raft_consensus.cc:434] T 46b61b0728c843959c20956feb265265 P d28f0f3b8d0e429484dbeeb2d41b7d50 [term 1 FOLLOWER]: Starting leader election with config: opid_index: -1 OBSOLETE_local: false peers { permanent_uuid: "d28f0f3b8d0e429484dbeeb2d41b7d50" member_type: VOTER last_known_addr { host: "127.58.208.1" port: 59914 } } peers { permanent_uuid: "475a466ec8b44f39bbf6b23f10ebe15b" member_type: VOTER last_known_addr { host: "127.58.208.2" port: 43231 } } peers { permanent_uuid: "81b89e30bd3e45e39b3bd3eca9d5f7c5" member_type: VOTER last_known_addr { host: "127.58.208.3" port: 42179 } }
I0902 17:01:11.232715 15517 leader_election.cc:221] T 46b61b0728c843959c20956feb265265 P d28f0f3b8d0e429484dbeeb2d41b7d50 [CANDIDATE]: Term 1 election: Requesting vote from peer 475a466ec8b44f39bbf6b23f10ebe15b
I0902 17:01:11.232776 15517 leader_election.cc:221] T 46b61b0728c843959c20956feb265265 P d28f0f3b8d0e429484dbeeb2d41b7d50 [CANDIDATE]: Term 1 election: Requesting vote from peer 81b89e30bd3e45e39b3bd3eca9d5f7c5
I0902 17:01:11.233129 15331 tablet_service.cc:1002] Received RequestConsensusVote() RPC: tablet_id: "46b61b0728c843959c20956feb265265" candidate_uuid: "d28f0f3b8d0e429484dbeeb2d41b7d50" candidate_term: 1 candidate_status { last_received { term: 0 index: 0 } } ignore_live_leader: false dest_uuid: "475a466ec8b44f39bbf6b23f10ebe15b"
I0902 17:01:11.233171 15331 raft_consensus.cc:2508] T 46b61b0728c843959c20956feb265265 P 475a466ec8b44f39bbf6b23f10ebe15b [term 0 FOLLOWER]: Advancing to term 1
I0902 17:01:11.233217 15331 raft_consensus.cc:2456] T 46b61b0728c843959c20956feb265265 P 475a466ec8b44f39bbf6b23f10ebe15b: Snoozing failure detection for 1.941s (vote granted)
I0902 17:01:11.233211 15453 tablet_service.cc:1002] Received RequestConsensusVote() RPC: tablet_id: "46b61b0728c843959c20956feb265265" candidate_uuid: "d28f0f3b8d0e429484dbeeb2d41b7d50" candidate_term: 1 candidate_status { last_received { term: 0 index: 0 } } ignore_live_leader: false dest_uuid: "81b89e30bd3e45e39b3bd3eca9d5f7c5"
I0902 17:01:11.233254 15453 raft_consensus.cc:2508] T 46b61b0728c843959c20956feb265265 P 81b89e30bd3e45e39b3bd3eca9d5f7c5 [term 0 FOLLOWER]: Advancing to term 1
I0902 17:01:11.233310 15453 raft_consensus.cc:2456] T 46b61b0728c843959c20956feb265265 P 81b89e30bd3e45e39b3bd3eca9d5f7c5: Snoozing failure detection for 2.067s (vote granted)
I0902 17:01:11.233820 15331 raft_consensus.cc:2010] T 46b61b0728c843959c20956feb265265 P 475a466ec8b44f39bbf6b23f10ebe15b [term 1 FOLLOWER]: Leader election vote request: Granting yes vote for candidate d28f0f3b8d0e429484dbeeb2d41b7d50 in term 1.
I0902 17:01:11.234069 15142 leader_election.cc:353] T 46b61b0728c843959c20956feb265265 P d28f0f3b8d0e429484dbeeb2d41b7d50 [CANDIDATE]: Term 1 election: Vote granted by peer 475a466ec8b44f39bbf6b23f10ebe15b
I0902 17:01:11.234097 15142 leader_election.cc:248] T 46b61b0728c843959c20956feb265265 P d28f0f3b8d0e429484dbeeb2d41b7d50 [CANDIDATE]: Term 1 election: Election decided. Result: candidate won.
I0902 17:01:11.234109 15453 raft_consensus.cc:2010] T 46b61b0728c843959c20956feb265265 P 81b89e30bd3e45e39b3bd3eca9d5f7c5 [term 1 FOLLOWER]: Leader election vote request: Granting yes vote for candidate d28f0f3b8d0e429484dbeeb2d41b7d50 in term 1.
I0902 17:01:11.234185 15517 raft_consensus.cc:2456] T 46b61b0728c843959c20956feb265265 P d28f0f3b8d0e429484dbeeb2d41b7d50: Snoozing failure detection for 1.604s (election complete)
I0902 17:01:11.234211 15517 raft_consensus.cc:2280] T 46b61b0728c843959c20956feb265265 P d28f0f3b8d0e429484dbeeb2d41b7d50 [term 1 FOLLOWER]: Leader election won for term 1
I0902 17:01:11.234365 15142 leader_election.cc:353] T 46b61b0728c843959c20956feb265265 P d28f0f3b8d0e429484dbeeb2d41b7d50 [CANDIDATE]: Term 1 election: Vote granted by peer 81b89e30bd3e45e39b3bd3eca9d5f7c5
I0902 17:01:11.234488 15517 raft_consensus.cc:542] T 46b61b0728c843959c20956feb265265 P d28f0f3b8d0e429484dbeeb2d41b7d50 [term 1 LEADER]: Becoming Leader. State: Replica: d28f0f3b8d0e429484dbeeb2d41b7d50, State: Running, Role: LEADER
I0902 17:01:11.234659 15517 consensus_queue.cc:169] T 46b61b0728c843959c20956feb265265 P d28f0f3b8d0e429484dbeeb2d41b7d50 [LEADER]: Queue going to LEADER mode. State: All replicated index: 0, Majority replicated index: 0, Committed index: 0, Last appended: 0.0, Last appended by leader: 0, Current term: 1, Majority size: 2, State: 0, Mode: LEADER, active raft config: opid_index: -1 OBSOLETE_local: false peers { permanent_uuid: "d28f0f3b8d0e429484dbeeb2d41b7d50" member_type: VOTER last_known_addr { host: "127.58.208.1" port: 59914 } } peers { permanent_uuid: "475a466ec8b44f39bbf6b23f10ebe15b" member_type: VOTER last_known_addr { host: "127.58.208.2" port: 43231 } } peers { permanent_uuid: "81b89e30bd3e45e39b3bd3eca9d5f7c5" member_type: VOTER last_known_addr { host: "127.58.208.3" port: 42179 } }
I0902 17:01:11.236237 15087 catalog_manager.cc:2462] TS d28f0f3b8d0e429484dbeeb2d41b7d50 (127.58.208.1:59914) does not have the latest schema for tablet 46b61b0728c843959c20956feb265265 (table test-table [id=b7f89f9ec9c0479b9fed277cd873ba0e]). Expected version 3 got 0
I0902 17:01:11.236393 15087 catalog_manager.cc:2571] T 46b61b0728c843959c20956feb265265 reported cstate change: term changed from 0 to 1, leader changed from to d28f0f3b8d0e429484dbeeb2d41b7d50 (127.58.208.1). New cstate: current_term: 1 leader_uuid: "d28f0f3b8d0e429484dbeeb2d41b7d50" committed_config { opid_index: -1 OBSOLETE_local: false peers { permanent_uuid: "d28f0f3b8d0e429484dbeeb2d41b7d50" member_type: VOTER last_known_addr { host: "127.58.208.1" port: 59914 } } peers { permanent_uuid: "475a466ec8b44f39bbf6b23f10ebe15b" member_type: VOTER last_known_addr { host: "127.58.208.2" port: 43231 } } peers { permanent_uuid: "81b89e30bd3e45e39b3bd3eca9d5f7c5" member_type: VOTER last_known_addr { host: "127.58.208.3" port: 42179 } } }
I0902 17:01:11.239624 15331 raft_consensus.cc:964] T 46b61b0728c843959c20956feb265265 P 475a466ec8b44f39bbf6b23f10ebe15b [term 1 FOLLOWER]: Refusing update from remote peer d28f0f3b8d0e429484dbeeb2d41b7d50: Log matching property violated. Preceding OpId in replica: term: 0 index: 0. Preceding OpId from leader: term: 1 index: 2. (index mismatch)
I0902 17:01:11.239656 15453 raft_consensus.cc:964] T 46b61b0728c843959c20956feb265265 P 81b89e30bd3e45e39b3bd3eca9d5f7c5 [term 1 FOLLOWER]: Refusing update from remote peer d28f0f3b8d0e429484dbeeb2d41b7d50: Log matching property violated. Preceding OpId in replica: term: 0 index: 0. Preceding OpId from leader: term: 1 index: 2. (index mismatch)
I0902 17:01:11.240013 15556 consensus_queue.cc:741] T 46b61b0728c843959c20956feb265265 P d28f0f3b8d0e429484dbeeb2d41b7d50 [LEADER]: Connected to new peer: Peer: 475a466ec8b44f39bbf6b23f10ebe15b, Is new: false, Last received: 0.0, Next index: 1, Last known committed idx: 0, Last exchange result: ERROR, Needs tablet copy: false
I0902 17:01:11.240051 15517 consensus_queue.cc:741] T 46b61b0728c843959c20956feb265265 P d28f0f3b8d0e429484dbeeb2d41b7d50 [LEADER]: Connected to new peer: Peer: 81b89e30bd3e45e39b3bd3eca9d5f7c5, Is new: false, Last received: 0.0, Next index: 1, Last known committed idx: 0, Last exchange result: ERROR, Needs tablet copy: false
I0902 17:01:11.241562 15087 catalog_manager.cc:2462] TS 475a466ec8b44f39bbf6b23f10ebe15b (127.58.208.2:43231) does not have the latest schema for tablet 46b61b0728c843959c20956feb265265 (table test-table [id=b7f89f9ec9c0479b9fed277cd873ba0e]). Expected version 3 got 0
I0902 17:01:11.242290 15533 tablet.cc:1115] T 46b61b0728c843959c20956feb265265 P d28f0f3b8d0e429484dbeeb2d41b7d50: Alter schema from Schema [ 10:key[int32 NOT NULL] ] version 0 to Schema [ 10:key[int32 NOT NULL] ] version 3
I0902 17:01:11.242740 15087 catalog_manager.cc:2462] TS 81b89e30bd3e45e39b3bd3eca9d5f7c5 (127.58.208.3:42179) does not have the latest schema for tablet 46b61b0728c843959c20956feb265265 (table test-table [id=b7f89f9ec9c0479b9fed277cd873ba0e]). Expected version 3 got 0
I0902 17:01:11.243147 15532 tablet.cc:1115] T 46b61b0728c843959c20956feb265265 P 475a466ec8b44f39bbf6b23f10ebe15b: Alter schema from Schema [ 10:key[int32 NOT NULL] ] version 0 to Schema [ 10:key[int32 NOT NULL] ] version 3
I0902 17:01:11.244951 15530 tablet.cc:1115] T 46b61b0728c843959c20956feb265265 P 81b89e30bd3e45e39b3bd3eca9d5f7c5: Alter schema from Schema [ 10:key[int32 NOT NULL] ] version 0 to Schema [ 10:key[int32 NOT NULL] ] version 3
I0902 17:01:11.245416 15087 catalog_manager.cc:3728] T 00000000000000000000000000000000 P b004b3046b584f37925df45eda899ff0: test-table [id=b7f89f9ec9c0479b9fed277cd873ba0e] alter complete (version 3)
I0902 17:01:11.247066 15087 catalog_manager.cc:2462] TS 81b89e30bd3e45e39b3bd3eca9d5f7c5 (127.58.208.3:42179) does not have the latest schema for tablet 46b61b0728c843959c20956feb265265 (table test-table [id=b7f89f9ec9c0479b9fed277cd873ba0e]). Expected version 3 got 0
I0902 17:01:11.247671 15532 tablet.cc:1110] T 46b61b0728c843959c20956feb265265 P 475a466ec8b44f39bbf6b23f10ebe15b: Already running schema version 3 got alter request for version 3
I0902 17:01:11.247917 15533 tablet.cc:1110] T 46b61b0728c843959c20956feb265265 P d28f0f3b8d0e429484dbeeb2d41b7d50: Already running schema version 3 got alter request for version 3
I0902 17:01:11.248203 15530 tablet.cc:1110] T 46b61b0728c843959c20956feb265265 P 81b89e30bd3e45e39b3bd3eca9d5f7c5: Already running schema version 3 got alter request for version 3
I0902 17:01:11.407505 15056 alter_table-randomized-test.cc:436] Beginning Alterations
I0902 17:01:11.408351 15056 alter_table-randomized-test.cc:582] Dropping range partition: [268435452, 335544315) resulting partitions: (603979767, 671088630)
I0902 17:01:11.408397 15056 alter_table-randomized-test.cc:582] Dropping range partition: [603979767, 671088630) resulting partitions: ()
I0902 17:01:11.408417 15056 alter_table-randomized-test.cc:550] Adding range partition: [1409286123, 1476394986) resulting partitions: (1409286123, 1476394986)
I0902 17:01:11.408435 15056 alter_table-randomized-test.cc:582] Dropping range partition: [1409286123, 1476394986) resulting partitions: ()
I0902 17:01:11.408448 15056 alter_table-randomized-test.cc:550] Adding range partition: [1811939301, 1879048164) resulting partitions: (1811939301, 1879048164)
I0902 17:01:11.408462 15056 alter_table-randomized-test.cc:582] Dropping range partition: [1811939301, 1879048164) resulting partitions: ()
I0902 17:01:11.408474 15056 alter_table-randomized-test.cc:550] Adding range partition: [603979767, 671088630) resulting partitions: (603979767, 671088630)
I0902 17:01:11.408488 15056 alter_table-randomized-test.cc:582] Dropping range partition: [603979767, 671088630) resulting partitions: ()
I0902 17:01:11.408505 15056 alter_table-randomized-test.cc:550] Adding range partition: [469762041, 536870904) resulting partitions: (469762041, 536870904)
I0902 17:01:11.408529 15056 alter_table-randomized-test.cc:468] Committing Alterations
I0902 17:01:11.409116 15086 catalog_manager.cc:1946] Servicing AlterTable request from {username='slave'} at 127.0.0.1:43619: table { table_name: "test-table" } alter_schema_steps { type: DROP_RANGE_PARTITION drop_range_partition { range_bounds { rows: "\006\001\374\377\377\017\007\001\373\377\377\023" } } } alter_schema_steps { type: DROP_RANGE_PARTITION drop_range_partition { range_bounds { rows: "\006\001\367\377\377#\007\001\366\377\377\'" } } } alter_schema_steps { type: ADD_RANGE_PARTITION add_range_partition { range_bounds { rows: "\006\001\353\377\377S\t\001\351\377\377W" } } } alter_schema_steps { type: DROP_RANGE_PARTITION drop_range_partition { range_bounds { rows: "\006\001\353\377\377S\007\001\352\377\377W" } } } alter_schema_steps { type: ADD_RANGE_PARTITION add_range_partition { range_bounds { rows: "\006\001\345\377\377k\007\001\344\377\377o" } } } alter_schema_steps { type: DROP_RANGE_PARTITION drop_range_partition { range_bounds { rows: "\006\001\345\377\377k\007\001\344\377\377o" } } } alter_schema_steps { type: ADD_RANGE_PARTITION add_range_partition { range_bounds { rows: "\010\001\366\377\377#\007\001\366\377\377\'" } } } alter_schema_steps { type: DROP_RANGE_PARTITION drop_range_partition { range_bounds { rows: "\006\001\367\377\377#\007\001\366\377\377\'" } } } alter_schema_steps { type: ADD_RANGE_PARTITION add_range_partition { range_bounds { rows: "\010\001\370\377\377\033\007\001\370\377\377\037" } } } schema { columns { name: "key" type: INT32 is_key: true is_nullable: false encoding: AUTO_ENCODING compression: DEFAULT_COMPRESSION cfile_block_size: 0 } }
I0902 17:01:11.411528 15086 catalog_manager.cc:2943] Scheduling retry of 76a99b473e7d41478eb9bea20e5b767a (table test-table [id=b7f89f9ec9c0479b9fed277cd873ba0e]) Alter Table RPC with a delay of 40 ms (attempt = 0)
W0902 17:01:11.411567 15086 catalog_manager.cc:3482] Failed to send alter table request: Not found: Failed to reset TS proxy: No leader found: Tablet 76a99b473e7d41478eb9bea20e5b767a has no consensus state
I0902 17:01:11.411586 15086 catalog_manager.cc:3508] T 00000000000000000000000000000000 P b004b3046b584f37925df45eda899ff0: Sending DeleteTablet for 3 replicas of tablet 243e1fb719714819a98f920eb125bbf0
I0902 17:01:11.411631 15086 catalog_manager.cc:3165] Sending DeleteTablet(TABLET_DATA_DELETED) for tablet 243e1fb719714819a98f920eb125bbf0 on d28f0f3b8d0e429484dbeeb2d41b7d50 (127.58.208.1:59914) (Partition dropped at 2017-09-02 17:01:11 UTC)
I0902 17:01:11.411697 15086 catalog_manager.cc:3165] Sending DeleteTablet(TABLET_DATA_DELETED) for tablet 243e1fb719714819a98f920eb125bbf0 on 475a466ec8b44f39bbf6b23f10ebe15b (127.58.208.2:43231) (Partition dropped at 2017-09-02 17:01:11 UTC)
I0902 17:01:11.411748 15086 catalog_manager.cc:3165] Sending DeleteTablet(TABLET_DATA_DELETED) for tablet 243e1fb719714819a98f920eb125bbf0 on 81b89e30bd3e45e39b3bd3eca9d5f7c5 (127.58.208.3:42179) (Partition dropped at 2017-09-02 17:01:11 UTC)
I0902 17:01:11.411780 15086 catalog_manager.cc:3508] T 00000000000000000000000000000000 P b004b3046b584f37925df45eda899ff0: Sending DeleteTablet for 3 replicas of tablet 46b61b0728c843959c20956feb265265
I0902 17:01:11.411811 15086 catalog_manager.cc:3165] Sending DeleteTablet(TABLET_DATA_DELETED) for tablet 46b61b0728c843959c20956feb265265 on d28f0f3b8d0e429484dbeeb2d41b7d50 (127.58.208.1:59914) (Partition dropped at 2017-09-02 17:01:11 UTC)
I0902 17:01:11.411854 15086 catalog_manager.cc:3165] Sending DeleteTablet(TABLET_DATA_DELETED) for tablet 46b61b0728c843959c20956feb265265 on 475a466ec8b44f39bbf6b23f10ebe15b (127.58.208.2:43231) (Partition dropped at 2017-09-02 17:01:11 UTC)
I0902 17:01:11.411897 15086 catalog_manager.cc:3165] Sending DeleteTablet(TABLET_DATA_DELETED) for tablet 46b61b0728c843959c20956feb265265 on 81b89e30bd3e45e39b3bd3eca9d5f7c5 (127.58.208.3:42179) (Partition dropped at 2017-09-02 17:01:11 UTC)
I0902 17:01:11.412153 15188 tablet_service.cc:805] Processing DeleteTablet for tablet 243e1fb719714819a98f920eb125bbf0 with delete_type TABLET_DATA_DELETED (Partition dropped at 2017-09-02 17:01:11 UTC) from {username='slave'} at 127.0.0.1:34293
I0902 17:01:11.412209 15188 tablet_replica.cc:251] T 243e1fb719714819a98f920eb125bbf0 P d28f0f3b8d0e429484dbeeb2d41b7d50: stopping tablet replica
I0902 17:01:11.412245 15188 maintenance_manager.cc:228] P d28f0f3b8d0e429484dbeeb2d41b7d50: Unregistered op CompactRowSetsOp(243e1fb719714819a98f920eb125bbf0)
I0902 17:01:11.412259 15188 maintenance_manager.cc:228] P d28f0f3b8d0e429484dbeeb2d41b7d50: Unregistered op MinorDeltaCompactionOp(243e1fb719714819a98f920eb125bbf0)
I0902 17:01:11.412266 15188 maintenance_manager.cc:228] P d28f0f3b8d0e429484dbeeb2d41b7d50: Unregistered op MajorDeltaCompactionOp(243e1fb719714819a98f920eb125bbf0)
I0902 17:01:11.412273 15188 maintenance_manager.cc:228] P d28f0f3b8d0e429484dbeeb2d41b7d50: Unregistered op UndoDeltaBlockGCOp(243e1fb719714819a98f920eb125bbf0)
I0902 17:01:11.412289 15188 maintenance_manager.cc:228] P d28f0f3b8d0e429484dbeeb2d41b7d50: Unregistered op FlushMRSOp(243e1fb719714819a98f920eb125bbf0)
I0902 17:01:11.412297 15188 maintenance_manager.cc:228] P d28f0f3b8d0e429484dbeeb2d41b7d50: Unregistered op FlushDeltaMemStoresOp(243e1fb719714819a98f920eb125bbf0)
I0902 17:01:11.412303 15188 maintenance_manager.cc:228] P d28f0f3b8d0e429484dbeeb2d41b7d50: Unregistered op LogGCOp(243e1fb719714819a98f920eb125bbf0)
I0902 17:01:11.412328 15188 raft_consensus.cc:1807] T 243e1fb719714819a98f920eb125bbf0 P d28f0f3b8d0e429484dbeeb2d41b7d50 [term 1 FOLLOWER]: Raft consensus shutting down.
I0902 17:01:11.412384 15188 raft_consensus.cc:1834] T 243e1fb719714819a98f920eb125bbf0 P d28f0f3b8d0e429484dbeeb2d41b7d50 [term 1 FOLLOWER]: Raft consensus is shut down!
I0902 17:01:11.412659 15310 tablet_service.cc:805] Processing DeleteTablet for tablet 46b61b0728c843959c20956feb265265 with delete_type TABLET_DATA_DELETED (Partition dropped at 2017-09-02 17:01:11 UTC) from {username='slave'} at 127.0.0.1:34815
I0902 17:01:11.412711 15310 tablet_replica.cc:251] T 46b61b0728c843959c20956feb265265 P 475a466ec8b44f39bbf6b23f10ebe15b: stopping tablet replica
I0902 17:01:11.412736 15310 maintenance_manager.cc:228] P 475a466ec8b44f39bbf6b23f10ebe15b: Unregistered op CompactRowSetsOp(46b61b0728c843959c20956feb265265)
I0902 17:01:11.412748 15310 maintenance_manager.cc:228] P 475a466ec8b44f39bbf6b23f10ebe15b: Unregistered op MinorDeltaCompactionOp(46b61b0728c843959c20956feb265265)
I0902 17:01:11.412756 15310 maintenance_manager.cc:228] P 475a466ec8b44f39bbf6b23f10ebe15b: Unregistered op MajorDeltaCompactionOp(46b61b0728c843959c20956feb265265)
I0902 17:01:11.412763 15310 maintenance_manager.cc:228] P 475a466ec8b44f39bbf6b23f10ebe15b: Unregistered op UndoDeltaBlockGCOp(46b61b0728c843959c20956feb265265)
I0902 17:01:11.412780 15310 maintenance_manager.cc:228] P 475a466ec8b44f39bbf6b23f10ebe15b: Unregistered op FlushMRSOp(46b61b0728c843959c20956feb265265)
I0902 17:01:11.412786 15310 maintenance_manager.cc:228] P 475a466ec8b44f39bbf6b23f10ebe15b: Unregistered op FlushDeltaMemStoresOp(46b61b0728c843959c20956feb265265)
I0902 17:01:11.412792 15310 maintenance_manager.cc:228] P 475a466ec8b44f39bbf6b23f10ebe15b: Unregistered op LogGCOp(46b61b0728c843959c20956feb265265)
I0902 17:01:11.412811 15310 raft_consensus.cc:1807] T 46b61b0728c843959c20956feb265265 P 475a466ec8b44f39bbf6b23f10ebe15b [term 1 FOLLOWER]: Raft consensus shutting down.
I0902 17:01:11.412873 15310 raft_consensus.cc:1834] T 46b61b0728c843959c20956feb265265 P 475a466ec8b44f39bbf6b23f10ebe15b [term 1 FOLLOWER]: Raft consensus is shut down!
I0902 17:01:11.412979 15433 tablet_service.cc:805] Processing DeleteTablet for tablet 243e1fb719714819a98f920eb125bbf0 with delete_type TABLET_DATA_DELETED (Partition dropped at 2017-09-02 17:01:11 UTC) from {username='slave'} at 127.0.0.1:44274
I0902 17:01:11.413029 15433 tablet_replica.cc:251] T 243e1fb719714819a98f920eb125bbf0 P 81b89e30bd3e45e39b3bd3eca9d5f7c5: stopping tablet replica
I0902 17:01:11.413055 15433 maintenance_manager.cc:228] P 81b89e30bd3e45e39b3bd3eca9d5f7c5: Unregistered op CompactRowSetsOp(243e1fb719714819a98f920eb125bbf0)
I0902 17:01:11.413070 15433 maintenance_manager.cc:228] P 81b89e30bd3e45e39b3bd3eca9d5f7c5: Unregistered op MinorDeltaCompactionOp(243e1fb719714819a98f920eb125bbf0)
I0902 17:01:11.413079 15433 maintenance_manager.cc:228] P 81b89e30bd3e45e39b3bd3eca9d5f7c5: Unregistered op MajorDeltaCompactionOp(243e1fb719714819a98f920eb125bbf0)
I0902 17:01:11.413085 15433 maintenance_manager.cc:228] P 81b89e30bd3e45e39b3bd3eca9d5f7c5: Unregistered op UndoDeltaBlockGCOp(243e1fb719714819a98f920eb125bbf0)
I0902 17:01:11.413097 15433 maintenance_manager.cc:228] P 81b89e30bd3e45e39b3bd3eca9d5f7c5: Unregistered op FlushMRSOp(243e1fb719714819a98f920eb125bbf0)
I0902 17:01:11.413103 15433 maintenance_manager.cc:228] P 81b89e30bd3e45e39b3bd3eca9d5f7c5: Unregistered op FlushDeltaMemStoresOp(243e1fb719714819a98f920eb125bbf0)
I0902 17:01:11.413110 15433 maintenance_manager.cc:228] P 81b89e30bd3e45e39b3bd3eca9d5f7c5: Unregistered op LogGCOp(243e1fb719714819a98f920eb125bbf0)
I0902 17:01:11.413128 15433 raft_consensus.cc:1807] T 243e1fb719714819a98f920eb125bbf0 P 81b89e30bd3e45e39b3bd3eca9d5f7c5 [term 1 LEADER]: Raft consensus shutting down.
I0902 17:01:11.413138 15433 consensus_peers.cc:433] T 243e1fb719714819a98f920eb125bbf0 P 81b89e30bd3e45e39b3bd3eca9d5f7c5 -> Peer 475a466ec8b44f39bbf6b23f10ebe15b (127.58.208.2:43231): Closing peer: 475a466ec8b44f39bbf6b23f10ebe15b
I0902 17:01:11.413151 15433 consensus_peers.cc:433] T 243e1fb719714819a98f920eb125bbf0 P 81b89e30bd3e45e39b3bd3eca9d5f7c5 -> Peer d28f0f3b8d0e429484dbeeb2d41b7d50 (127.58.208.1:59914): Closing peer: d28f0f3b8d0e429484dbeeb2d41b7d50
I0902 17:01:11.413246 15433 raft_consensus.cc:1834] T 243e1fb719714819a98f920eb125bbf0 P 81b89e30bd3e45e39b3bd3eca9d5f7c5 [term 1 FOLLOWER]: Raft consensus is shut down!
I0902 17:01:11.413355 15432 tablet_service.cc:805] Processing DeleteTablet for tablet 46b61b0728c843959c20956feb265265 with delete_type TABLET_DATA_DELETED (Partition dropped at 2017-09-02 17:01:11 UTC) from {username='slave'} at 127.0.0.1:44274
I0902 17:01:11.413395 15432 tablet_replica.cc:251] T 46b61b0728c843959c20956feb265265 P 81b89e30bd3e45e39b3bd3eca9d5f7c5: stopping tablet replica
I0902 17:01:11.413415 15432 maintenance_manager.cc:228] P 81b89e30bd3e45e39b3bd3eca9d5f7c5: Unregistered op CompactRowSetsOp(46b61b0728c843959c20956feb265265)
I0902 17:01:11.413425 15432 maintenance_manager.cc:228] P 81b89e30bd3e45e39b3bd3eca9d5f7c5: Unregistered op MinorDeltaCompactionOp(46b61b0728c843959c20956feb265265)
I0902 17:01:11.413431 15432 maintenance_manager.cc:228] P 81b89e30bd3e45e39b3bd3eca9d5f7c5: Unregistered op MajorDeltaCompactionOp(46b61b0728c843959c20956feb265265)
I0902 17:01:11.413437 15432 maintenance_manager.cc:228] P 81b89e30bd3e45e39b3bd3eca9d5f7c5: Unregistered op UndoDeltaBlockGCOp(46b61b0728c843959c20956feb265265)
I0902 17:01:11.413449 15432 maintenance_manager.cc:228] P 81b89e30bd3e45e39b3bd3eca9d5f7c5: Unregistered op FlushMRSOp(46b61b0728c843959c20956feb265265)
I0902 17:01:11.413455 15432 maintenance_manager.cc:228] P 81b89e30bd3e45e39b3bd3eca9d5f7c5: Unregistered op FlushDeltaMemStoresOp(46b61b0728c843959c20956feb265265)
I0902 17:01:11.413460 15432 maintenance_manager.cc:228] P 81b89e30bd3e45e39b3bd3eca9d5f7c5: Unregistered op LogGCOp(46b61b0728c843959c20956feb265265)
I0902 17:01:11.413475 15432 raft_consensus.cc:1807] T 46b61b0728c843959c20956feb265265 P 81b89e30bd3e45e39b3bd3eca9d5f7c5 [term 1 FOLLOWER]: Raft consensus shutting down.
I0902 17:01:11.413565 15432 raft_consensus.cc:1834] T 46b61b0728c843959c20956feb265265 P 81b89e30bd3e45e39b3bd3eca9d5f7c5 [term 1 FOLLOWER]: Raft consensus is shut down!
I0902 17:01:11.413638 15310 ts_tablet_manager.cc:1097] T 46b61b0728c843959c20956feb265265 P 475a466ec8b44f39bbf6b23f10ebe15b: Deleting tablet data with delete state TABLET_DATA_DELETED
I0902 17:01:11.413748 15433 ts_tablet_manager.cc:1097] T 243e1fb719714819a98f920eb125bbf0 P 81b89e30bd3e45e39b3bd3eca9d5f7c5: Deleting tablet data with delete state TABLET_DATA_DELETED
I0902 17:01:11.414168 15432 ts_tablet_manager.cc:1097] T 46b61b0728c843959c20956feb265265 P 81b89e30bd3e45e39b3bd3eca9d5f7c5: Deleting tablet data with delete state TABLET_DATA_DELETED
I0902 17:01:11.414227 15309 tablet_service.cc:764] Processing CreateTablet for tablet 76a99b473e7d41478eb9bea20e5b767a (table=test-table [id=b7f89f9ec9c0479b9fed277cd873ba0e]), partition=RANGE (key) PARTITION 469762041 <= VALUES < 536870904
I0902 17:01:11.415662 15188 ts_tablet_manager.cc:1097] T 243e1fb719714819a98f920eb125bbf0 P d28f0f3b8d0e429484dbeeb2d41b7d50: Deleting tablet data with delete state TABLET_DATA_DELETED
I0902 17:01:11.415745 15309 ts_tablet_manager.cc:943] T 76a99b473e7d41478eb9bea20e5b767a P 475a466ec8b44f39bbf6b23f10ebe15b: Registered tablet (data state: TABLET_DATA_READY)
I0902 17:01:11.415829 15514 ts_tablet_manager.cc:793] T 76a99b473e7d41478eb9bea20e5b767a P 475a466ec8b44f39bbf6b23f10ebe15b: Bootstrapping tablet
I0902 17:01:11.415889 15514 tablet_bootstrap.cc:433] T 76a99b473e7d41478eb9bea20e5b767a P 475a466ec8b44f39bbf6b23f10ebe15b: Bootstrap starting.
I0902 17:01:11.416465 15431 tablet_service.cc:764] Processing CreateTablet for tablet 76a99b473e7d41478eb9bea20e5b767a (table=test-table [id=b7f89f9ec9c0479b9fed277cd873ba0e]), partition=RANGE (key) PARTITION 469762041 <= VALUES < 536870904
I0902 17:01:11.416597 15514 tablet_bootstrap.cc:568] T 76a99b473e7d41478eb9bea20e5b767a P 475a466ec8b44f39bbf6b23f10ebe15b: No blocks or log segments found. Creating new log.
I0902 17:01:11.416882 15188 ts_tablet_manager.cc:1110] T 243e1fb719714819a98f920eb125bbf0 P d28f0f3b8d0e429484dbeeb2d41b7d50: tablet deleted: last-logged OpId: 1.17
I0902 17:01:11.416909 15188 log.cc:960] T 243e1fb719714819a98f920eb125bbf0 P d28f0f3b8d0e429484dbeeb2d41b7d50: Deleting WAL directory at /tmp/run_tha_testdnoRja/test-tmp/alter_table-randomized-test.AlterTableRandomized.TestRandomSequence.1504371669910680-15056/minicluster-data/ts-0/wal/wals/243e1fb719714819a98f920eb125bbf0
I0902 17:01:11.417116 15188 ts_tablet_manager.cc:1128] T 243e1fb719714819a98f920eb125bbf0 P d28f0f3b8d0e429484dbeeb2d41b7d50: Deleting consensus metadata
I0902 17:01:11.417299 15311 tablet_service.cc:805] Processing DeleteTablet for tablet 243e1fb719714819a98f920eb125bbf0 with delete_type TABLET_DATA_DELETED (Partition dropped at 2017-09-02 17:01:11 UTC) from {username='slave'} at 127.0.0.1:34815
I0902 17:01:11.417336 15311 tablet_replica.cc:251] T 243e1fb719714819a98f920eb125bbf0 P 475a466ec8b44f39bbf6b23f10ebe15b: stopping tablet replica
I0902 17:01:11.417359 15311 maintenance_manager.cc:228] P 475a466ec8b44f39bbf6b23f10ebe15b: Unregistered op CompactRowSetsOp(243e1fb719714819a98f920eb125bbf0)
I0902 17:01:11.417368 15311 maintenance_manager.cc:228] P 475a466ec8b44f39bbf6b23f10ebe15b: Unregistered op MinorDeltaCompactionOp(243e1fb719714819a98f920eb125bbf0)
I0902 17:01:11.417376 15311 maintenance_manager.cc:228] P 475a466ec8b44f39bbf6b23f10ebe15b: Unregistered op MajorDeltaCompactionOp(243e1fb719714819a98f920eb125bbf0)
I0902 17:01:11.417382 15311 maintenance_manager.cc:228] P 475a466ec8b44f39bbf6b23f10ebe15b: Unregistered op UndoDeltaBlockGCOp(243e1fb719714819a98f920eb125bbf0)
I0902 17:01:11.417393 15311 maintenance_manager.cc:228] P 475a466ec8b44f39bbf6b23f10ebe15b: Unregistered op FlushMRSOp(243e1fb719714819a98f920eb125bbf0)
I0902 17:01:11.417398 15311 maintenance_manager.cc:228] P 475a466ec8b44f39bbf6b23f10ebe15b: Unregistered op FlushDeltaMemStoresOp(243e1fb719714819a98f920eb125bbf0)
I0902 17:01:11.417402 15311 maintenance_manager.cc:228] P 475a466ec8b44f39bbf6b23f10ebe15b: Unregistered op LogGCOp(243e1fb719714819a98f920eb125bbf0)
I0902 17:01:11.417417 15311 raft_consensus.cc:1807] T 243e1fb719714819a98f920eb125bbf0 P 475a466ec8b44f39bbf6b23f10ebe15b [term 1 FOLLOWER]: Raft consensus shutting down.
I0902 17:01:11.417451 15311 raft_consensus.cc:1834] T 243e1fb719714819a98f920eb125bbf0 P 475a466ec8b44f39bbf6b23f10ebe15b [term 1 FOLLOWER]: Raft consensus is shut down!
I0902 17:01:11.417336 15514 tablet_bootstrap.cc:433] T 76a99b473e7d41478eb9bea20e5b767a P 475a466ec8b44f39bbf6b23f10ebe15b: No bootstrap required, opened a new log
I0902 17:01:11.417572 15514 ts_tablet_manager.cc:818] T 76a99b473e7d41478eb9bea20e5b767a P 475a466ec8b44f39bbf6b23f10ebe15b: Time spent bootstrapping tablet: real 0.002s user 0.004s sys 0.000s
I0902 17:01:11.417956 15514 raft_consensus.cc:287] T 76a99b473e7d41478eb9bea20e5b767a P 475a466ec8b44f39bbf6b23f10ebe15b [term 0 FOLLOWER]: Replica starting. Triggering 0 pending transactions. Active config: opid_index: -1 OBSOLETE_local: false peers { permanent_uuid: "d28f0f3b8d0e429484dbeeb2d41b7d50" member_type: VOTER last_known_addr { host: "127.58.208.1" port: 59914 } } peers { permanent_uuid: "475a466ec8b44f39bbf6b23f10ebe15b" member_type: VOTER last_known_addr { host: "127.58.208.2" port: 43231 } } peers { permanent_uuid: "81b89e30bd3e45e39b3bd3eca9d5f7c5" member_type: VOTER last_known_addr { host: "127.58.208.3" port: 42179 } }
I0902 17:01:11.417976 15514 raft_consensus.cc:313] T 76a99b473e7d41478eb9bea20e5b767a P 475a466ec8b44f39bbf6b23f10ebe15b [term 0 FOLLOWER]: Consensus starting up: Expiring failure detector timer to make a prompt election more likely
I0902 17:01:11.417996 15311 ts_tablet_manager.cc:1097] T 243e1fb719714819a98f920eb125bbf0 P 475a466ec8b44f39bbf6b23f10ebe15b: Deleting tablet data with delete state TABLET_DATA_DELETED
I0902 17:01:11.418022 15514 raft_consensus.cc:576] T 76a99b473e7d41478eb9bea20e5b767a P 475a466ec8b44f39bbf6b23f10ebe15b [term 0 FOLLOWER]: Becoming Follower/Learner. State: Replica: 475a466ec8b44f39bbf6b23f10ebe15b, State: Initialized, Role: FOLLOWER
I0902 17:01:11.418056 15514 consensus_queue.cc:190] T 76a99b473e7d41478eb9bea20e5b767a P 475a466ec8b44f39bbf6b23f10ebe15b [NON_LEADER]: Queue going to NON_LEADER mode. State: All replicated index: 0, Majority replicated index: 0, Committed index: 0, Last appended: 0.0, Last appended by leader: 0, Current term: 0, Majority size: -1, State: 0, Mode: NON_LEADER
I0902 17:01:11.418200 15514 ts_tablet_manager.cc:846] T 76a99b473e7d41478eb9bea20e5b767a P 475a466ec8b44f39bbf6b23f10ebe15b: Time spent starting tablet: real 0.001s user 0.000s sys 0.000s
I0902 17:01:11.418365 15310 ts_tablet_manager.cc:1110] T 46b61b0728c843959c20956feb265265 P 475a466ec8b44f39bbf6b23f10ebe15b: tablet deleted: last-logged OpId: 1.22
I0902 17:01:11.418396 15310 log.cc:960] T 46b61b0728c843959c20956feb265265 P 475a466ec8b44f39bbf6b23f10ebe15b: Deleting WAL directory at /tmp/run_tha_testdnoRja/test-tmp/alter_table-randomized-test.AlterTableRandomized.TestRandomSequence.1504371669910680-15056/minicluster-data/ts-1/wal/wals/46b61b0728c843959c20956feb265265
I0902 17:01:11.418668 15310 ts_tablet_manager.cc:1128] T 46b61b0728c843959c20956feb265265 P 475a466ec8b44f39bbf6b23f10ebe15b: Deleting consensus metadata
I0902 17:01:11.418716 15086 catalog_manager.cc:2462] TS 475a466ec8b44f39bbf6b23f10ebe15b (127.58.208.2:43231) does not have the latest schema for tablet 76a99b473e7d41478eb9bea20e5b767a (table test-table [id=b7f89f9ec9c0479b9fed277cd873ba0e]). Expected version 3 got 0
I0902 17:01:11.418874 15086 catalog_manager.cc:2943] Scheduling retry of 76a99b473e7d41478eb9bea20e5b767a (table test-table [id=b7f89f9ec9c0479b9fed277cd873ba0e]) Alter Table RPC with a delay of 9 ms (attempt = 0)
W0902 17:01:11.418910 15086 catalog_manager.cc:3482] Failed to send alter table request: Not found: Failed to reset TS proxy: No leader found: Tablet 76a99b473e7d41478eb9bea20e5b767a consensus state has no leader
I0902 17:01:11.419317 15072 catalog_manager.cc:3143] TS 475a466ec8b44f39bbf6b23f10ebe15b (127.58.208.2:43231): tablet 46b61b0728c843959c20956feb265265 (table test-table [id=b7f89f9ec9c0479b9fed277cd873ba0e]) successfully deleted
I0902 17:01:11.420068 15433 ts_tablet_manager.cc:1110] T 243e1fb719714819a98f920eb125bbf0 P 81b89e30bd3e45e39b3bd3eca9d5f7c5: tablet deleted: last-logged OpId: 1.17
I0902 17:01:11.420086 15311 ts_tablet_manager.cc:1110] T 243e1fb719714819a98f920eb125bbf0 P 475a466ec8b44f39bbf6b23f10ebe15b: tablet deleted: last-logged OpId: 1.17
I0902 17:01:11.420101 15433 log.cc:960] T 243e1fb719714819a98f920eb125bbf0 P 81b89e30bd3e45e39b3bd3eca9d5f7c5: Deleting WAL directory at /tmp/run_tha_testdnoRja/test-tmp/alter_table-randomized-test.AlterTableRandomized.TestRandomSequence.1504371669910680-15056/minicluster-data/ts-2/wal/wals/243e1fb719714819a98f920eb125bbf0
I0902 17:01:11.420109 15311 log.cc:960] T 243e1fb719714819a98f920eb125bbf0 P 475a466ec8b44f39bbf6b23f10ebe15b: Deleting WAL directory at /tmp/run_tha_testdnoRja/test-tmp/alter_table-randomized-test.AlterTableRandomized.TestRandomSequence.1504371669910680-15056/minicluster-data/ts-1/wal/wals/243e1fb719714819a98f920eb125bbf0
I0902 17:01:11.420148 15432 ts_tablet_manager.cc:1110] T 46b61b0728c843959c20956feb265265 P 81b89e30bd3e45e39b3bd3eca9d5f7c5: tablet deleted: last-logged OpId: 1.22
I0902 17:01:11.420181 15432 log.cc:960] T 46b61b0728c843959c20956feb265265 P 81b89e30bd3e45e39b3bd3eca9d5f7c5: Deleting WAL directory at /tmp/run_tha_testdnoRja/test-tmp/alter_table-randomized-test.AlterTableRandomized.TestRandomSequence.1504371669910680-15056/minicluster-data/ts-2/wal/wals/46b61b0728c843959c20956feb265265
I0902 17:01:11.420311 15311 ts_tablet_manager.cc:1128] T 243e1fb719714819a98f920eb125bbf0 P 475a466ec8b44f39bbf6b23f10ebe15b: Deleting consensus metadata
I0902 17:01:11.420418 15432 ts_tablet_manager.cc:1128] T 46b61b0728c843959c20956feb265265 P 81b89e30bd3e45e39b3bd3eca9d5f7c5: Deleting consensus metadata
I0902 17:01:11.420835 15433 ts_tablet_manager.cc:1128] T 243e1fb719714819a98f920eb125bbf0 P 81b89e30bd3e45e39b3bd3eca9d5f7c5: Deleting consensus metadata
I0902 17:01:11.420928 15188 tablet_service.cc:805] Processing DeleteTablet for tablet 46b61b0728c843959c20956feb265265 with delete_type TABLET_DATA_DELETED (Partition dropped at 2017-09-02 17:01:11 UTC) from {username='slave'} at 127.0.0.1:34293
I0902 17:01:11.420972 15188 tablet_replica.cc:251] T 46b61b0728c843959c20956feb265265 P d28f0f3b8d0e429484dbeeb2d41b7d50: stopping tablet replica
I0902 17:01:11.421000 15188 maintenance_manager.cc:228] P d28f0f3b8d0e429484dbeeb2d41b7d50: Unregistered op CompactRowSetsOp(46b61b0728c843959c20956feb265265)
I0902 17:01:11.421017 15188 maintenance_manager.cc:228] P d28f0f3b8d0e429484dbeeb2d41b7d50: Unregistered op MinorDeltaCompactionOp(46b61b0728c843959c20956feb265265)
I0902 17:01:11.421026 15188 maintenance_manager.cc:228] P d28f0f3b8d0e429484dbeeb2d41b7d50: Unregistered op MajorDeltaCompactionOp(46b61b0728c843959c20956feb265265)
I0902 17:01:11.421033 15188 maintenance_manager.cc:228] P d28f0f3b8d0e429484dbeeb2d41b7d50: Unregistered op UndoDeltaBlockGCOp(46b61b0728c843959c20956feb265265)
I0902 17:01:11.421047 15188 maintenance_manager.cc:228] P d28f0f3b8d0e429484dbeeb2d41b7d50: Unregistered op FlushMRSOp(46b61b0728c843959c20956feb265265)
I0902 17:01:11.421057 15188 maintenance_manager.cc:228] P d28f0f3b8d0e429484dbeeb2d41b7d50: Unregistered op FlushDeltaMemStoresOp(46b61b0728c843959c20956feb265265)
I0902 17:01:11.421063 15188 maintenance_manager.cc:228] P d28f0f3b8d0e429484dbeeb2d41b7d50: Unregistered op LogGCOp(46b61b0728c843959c20956feb265265)
I0902 17:01:11.421087 15188 raft_consensus.cc:1807] T 46b61b0728c843959c20956feb265265 P d28f0f3b8d0e429484dbeeb2d41b7d50 [term 1 LEADER]: Raft consensus shutting down.
I0902 17:01:11.421119 15188 consensus_peers.cc:433] T 46b61b0728c843959c20956feb265265 P d28f0f3b8d0e429484dbeeb2d41b7d50 -> Peer 81b89e30bd3e45e39b3bd3eca9d5f7c5 (127.58.208.3:42179): Closing peer: 81b89e30bd3e45e39b3bd3eca9d5f7c5
I0902 17:01:11.421154 15188 consensus_peers.cc:433] T 46b61b0728c843959c20956feb265265 P d28f0f3b8d0e429484dbeeb2d41b7d50 -> Peer 475a466ec8b44f39bbf6b23f10ebe15b (127.58.208.2:43231): Closing peer: 475a466ec8b44f39bbf6b23f10ebe15b
I0902 17:01:11.421285 15188 raft_consensus.cc:1834] T 46b61b0728c843959c20956feb265265 P d28f0f3b8d0e429484dbeeb2d41b7d50 [term 1 FOLLOWER]: Raft consensus is shut down!
I0902 17:01:11.421471 15431 ts_tablet_manager.cc:943] T 76a99b473e7d41478eb9bea20e5b767a P 81b89e30bd3e45e39b3bd3eca9d5f7c5: Registered tablet (data state: TABLET_DATA_READY)
I0902 17:01:11.421764 15072 catalog_manager.cc:3143] TS 475a466ec8b44f39bbf6b23f10ebe15b (127.58.208.2:43231): tablet 243e1fb719714819a98f920eb125bbf0 (table test-table [id=b7f89f9ec9c0479b9fed277cd873ba0e]) successfully deleted
I0902 17:01:11.421803 15187 tablet_service.cc:764] Processing CreateTablet for tablet 76a99b473e7d41478eb9bea20e5b767a (table=test-table [id=b7f89f9ec9c0479b9fed277cd873ba0e]), partition=RANGE (key) PARTITION 469762041 <= VALUES < 536870904
I0902 17:01:11.421846 15072 catalog_manager.cc:3143] TS 81b89e30bd3e45e39b3bd3eca9d5f7c5 (127.58.208.3:42179): tablet 46b61b0728c843959c20956feb265265 (table test-table [id=b7f89f9ec9c0479b9fed277cd873ba0e]) successfully deleted
I0902 17:01:11.421931 15072 catalog_manager.cc:3143] TS 81b89e30bd3e45e39b3bd3eca9d5f7c5 (127.58.208.3:42179): tablet 243e1fb719714819a98f920eb125bbf0 (table test-table [id=b7f89f9ec9c0479b9fed277cd873ba0e]) successfully deleted
I0902 17:01:11.422376 15188 ts_tablet_manager.cc:1097] T 46b61b0728c843959c20956feb265265 P d28f0f3b8d0e429484dbeeb2d41b7d50: Deleting tablet data with delete state TABLET_DATA_DELETED
I0902 17:01:11.423034 15187 ts_tablet_manager.cc:943] T 76a99b473e7d41478eb9bea20e5b767a P d28f0f3b8d0e429484dbeeb2d41b7d50: Registered tablet (data state: TABLET_DATA_READY)
I0902 17:01:11.423125 15512 ts_tablet_manager.cc:793] T 76a99b473e7d41478eb9bea20e5b767a P d28f0f3b8d0e429484dbeeb2d41b7d50: Bootstrapping tablet
I0902 17:01:11.423180 15513 ts_tablet_manager.cc:793] T 76a99b473e7d41478eb9bea20e5b767a P 81b89e30bd3e45e39b3bd3eca9d5f7c5: Bootstrapping tablet
I0902 17:01:11.423190 15512 tablet_bootstrap.cc:433] T 76a99b473e7d41478eb9bea20e5b767a P d28f0f3b8d0e429484dbeeb2d41b7d50: Bootstrap starting.
I0902 17:01:11.423243 15513 tablet_bootstrap.cc:433] T 76a99b473e7d41478eb9bea20e5b767a P 81b89e30bd3e45e39b3bd3eca9d5f7c5: Bootstrap starting.
I0902 17:01:11.423583 15188 ts_tablet_manager.cc:1110] T 46b61b0728c843959c20956feb265265 P d28f0f3b8d0e429484dbeeb2d41b7d50: tablet deleted: last-logged OpId: 1.22
I0902 17:01:11.423619 15188 log.cc:960] T 46b61b0728c843959c20956feb265265 P d28f0f3b8d0e429484dbeeb2d41b7d50: Deleting WAL directory at /tmp/run_tha_testdnoRja/test-tmp/alter_table-randomized-test.AlterTableRandomized.TestRandomSequence.1504371669910680-15056/minicluster-data/ts-0/wal/wals/46b61b0728c843959c20956feb265265
I0902 17:01:11.423732 15513 tablet_bootstrap.cc:568] T 76a99b473e7d41478eb9bea20e5b767a P 81b89e30bd3e45e39b3bd3eca9d5f7c5: No blocks or log segments found. Creating new log.
I0902 17:01:11.423869 15188 ts_tablet_manager.cc:1128] T 46b61b0728c843959c20956feb265265 P d28f0f3b8d0e429484dbeeb2d41b7d50: Deleting consensus metadata
I0902 17:01:11.423869 15512 tablet_bootstrap.cc:568] T 76a99b473e7d41478eb9bea20e5b767a P d28f0f3b8d0e429484dbeeb2d41b7d50: No blocks or log segments found. Creating new log.
I0902 17:01:11.424094 15073 catalog_manager.cc:3143] TS d28f0f3b8d0e429484dbeeb2d41b7d50 (127.58.208.1:59914): tablet 243e1fb719714819a98f920eb125bbf0 (table test-table [id=b7f89f9ec9c0479b9fed277cd873ba0e]) successfully deleted
I0902 17:01:11.424635 15513 tablet_bootstrap.cc:433] T 76a99b473e7d41478eb9bea20e5b767a P 81b89e30bd3e45e39b3bd3eca9d5f7c5: No bootstrap required, opened a new log
I0902 17:01:11.424690 15513 ts_tablet_manager.cc:818] T 76a99b473e7d41478eb9bea20e5b767a P 81b89e30bd3e45e39b3bd3eca9d5f7c5: Time spent bootstrapping tablet: real 0.001s user 0.000s sys 0.000s
I0902 17:01:11.425029 15513 raft_consensus.cc:287] T 76a99b473e7d41478eb9bea20e5b767a P 81b89e30bd3e45e39b3bd3eca9d5f7c5 [term 0 FOLLOWER]: Replica starting. Triggering 0 pending transactions. Active config: opid_index: -1 OBSOLETE_local: false peers { permanent_uuid: "d28f0f3b8d0e429484dbeeb2d41b7d50" member_type: VOTER last_known_addr { host: "127.58.208.1" port: 59914 } } peers { permanent_uuid: "475a466ec8b44f39bbf6b23f10ebe15b" member_type: VOTER last_known_addr { host: "127.58.208.2" port: 43231 } } peers { permanent_uuid: "81b89e30bd3e45e39b3bd3eca9d5f7c5" member_type: VOTER last_known_addr { host: "127.58.208.3" port: 42179 } }
I0902 17:01:11.425051 15513 raft_consensus.cc:313] T 76a99b473e7d41478eb9bea20e5b767a P 81b89e30bd3e45e39b3bd3eca9d5f7c5 [term 0 FOLLOWER]: Consensus starting up: Expiring failure detector timer to make a prompt election more likely
I0902 17:01:11.425091 15513 raft_consensus.cc:576] T 76a99b473e7d41478eb9bea20e5b767a P 81b89e30bd3e45e39b3bd3eca9d5f7c5 [term 0 FOLLOWER]: Becoming Follower/Learner. State: Replica: 81b89e30bd3e45e39b3bd3eca9d5f7c5, State: Initialized, Role: FOLLOWER
I0902 17:01:11.425115 15512 tablet_bootstrap.cc:433] T 76a99b473e7d41478eb9bea20e5b767a P d28f0f3b8d0e429484dbeeb2d41b7d50: No bootstrap required, opened a new log
I0902 17:01:11.425122 15513 consensus_queue.cc:190] T 76a99b473e7d41478eb9bea20e5b767a P 81b89e30bd3e45e39b3bd3eca9d5f7c5 [NON_LEADER]: Queue going to NON_LEADER mode. State: All replicated index: 0, Majority replicated index: 0, Committed index: 0, Last appended: 0.0, Last appended by leader: 0, Current term: 0, Majority size: -1, State: 0, Mode: NON_LEADER
I0902 17:01:11.425170 15512 ts_tablet_manager.cc:818] T 76a99b473e7d41478eb9bea20e5b767a P d28f0f3b8d0e429484dbeeb2d41b7d50: Time spent bootstrapping tablet: real 0.002s user 0.004s sys 0.000s
I0902 17:01:11.425264 15513 ts_tablet_manager.cc:846] T 76a99b473e7d41478eb9bea20e5b767a P 81b89e30bd3e45e39b3bd3eca9d5f7c5: Time spent starting tablet: real 0.001s user 0.000s sys 0.000s
I0902 17:01:11.425408 15073 catalog_manager.cc:3143] TS d28f0f3b8d0e429484dbeeb2d41b7d50 (127.58.208.1:59914): tablet 46b61b0728c843959c20956feb265265 (table test-table [id=b7f89f9ec9c0479b9fed277cd873ba0e]) successfully deleted
I0902 17:01:11.425462 15512 raft_consensus.cc:287] T 76a99b473e7d41478eb9bea20e5b767a P d28f0f3b8d0e429484dbeeb2d41b7d50 [term 0 FOLLOWER]: Replica starting. Triggering 0 pending transactions. Active config: opid_index: -1 OBSOLETE_local: false peers { permanent_uuid: "d28f0f3b8d0e429484dbeeb2d41b7d50" member_type: VOTER last_known_addr { host: "127.58.208.1" port: 59914 } } peers { permanent_uuid: "475a466ec8b44f39bbf6b23f10ebe15b" member_type: VOTER last_known_addr { host: "127.58.208.2" port: 43231 } } peers { permanent_uuid: "81b89e30bd3e45e39b3bd3eca9d5f7c5" member_type: VOTER last_known_addr { host: "127.58.208.3" port: 42179 } }
I0902 17:01:11.425487 15512 raft_consensus.cc:313] T 76a99b473e7d41478eb9bea20e5b767a P d28f0f3b8d0e429484dbeeb2d41b7d50 [term 0 FOLLOWER]: Consensus starting up: Expiring failure detector timer to make a prompt election more likely
I0902 17:01:11.425523 15512 raft_consensus.cc:576] T 76a99b473e7d41478eb9bea20e5b767a P d28f0f3b8d0e429484dbeeb2d41b7d50 [term 0 FOLLOWER]: Becoming Follower/Learner. State: Replica: d28f0f3b8d0e429484dbeeb2d41b7d50, State: Initialized, Role: FOLLOWER
I0902 17:01:11.425550 15512 consensus_queue.cc:190] T 76a99b473e7d41478eb9bea20e5b767a P d28f0f3b8d0e429484dbeeb2d41b7d50 [NON_LEADER]: Queue going to NON_LEADER mode. State: All replicated index: 0, Majority replicated index: 0, Committed index: 0, Last appended: 0.0, Last appended by leader: 0, Current term: 0, Majority size: -1, State: 0, Mode: NON_LEADER
I0902 17:01:11.425680 15512 ts_tablet_manager.cc:846] T 76a99b473e7d41478eb9bea20e5b767a P d28f0f3b8d0e429484dbeeb2d41b7d50: Time spent starting tablet: real 0.000s user 0.000s sys 0.000s
I0902 17:01:11.425909 15086 catalog_manager.cc:2462] TS 81b89e30bd3e45e39b3bd3eca9d5f7c5 (127.58.208.3:42179) does not have the latest schema for tablet 76a99b473e7d41478eb9bea20e5b767a (table test-table [id=b7f89f9ec9c0479b9fed277cd873ba0e]). Expected version 3 got 0
I0902 17:01:11.426044 15086 catalog_manager.cc:2943] Scheduling retry of 76a99b473e7d41478eb9bea20e5b767a (table test-table [id=b7f89f9ec9c0479b9fed277cd873ba0e]) Alter Table RPC with a delay of 19 ms (attempt = 0)
W0902 17:01:11.426070 15086 catalog_manager.cc:3482] Failed to send alter table request: Not found: Failed to reset TS proxy: No leader found: Tablet 76a99b473e7d41478eb9bea20e5b767a consensus state has no leader
I0902 17:01:11.426162 15088 catalog_manager.cc:2462] TS d28f0f3b8d0e429484dbeeb2d41b7d50 (127.58.208.1:59914) does not have the latest schema for tablet 76a99b473e7d41478eb9bea20e5b767a (table test-table [id=b7f89f9ec9c0479b9fed277cd873ba0e]). Expected version 3 got 0
I0902 17:01:11.426295 15088 catalog_manager.cc:2943] Scheduling retry of 76a99b473e7d41478eb9bea20e5b767a (table test-table [id=b7f89f9ec9c0479b9fed277cd873ba0e]) Alter Table RPC with a delay of 45 ms (attempt = 0)
W0902 17:01:11.426340 15088 catalog_manager.cc:3482] Failed to send alter table request: Not found: Failed to reset TS proxy: No leader found: Tablet 76a99b473e7d41478eb9bea20e5b767a consensus state has no leader
I0902 17:01:11.428189 15070 catalog_manager.cc:2943] Scheduling retry of 76a99b473e7d41478eb9bea20e5b767a (table test-table [id=b7f89f9ec9c0479b9fed277cd873ba0e]) Alter Table RPC with a delay of 19 ms (attempt = 0)
W0902 17:01:11.428215 15070 catalog_manager.cc:2962] Async tablet task 76a99b473e7d41478eb9bea20e5b767a (table test-table [id=b7f89f9ec9c0479b9fed277cd873ba0e]) Alter Table RPC failed: Not found: Failed to reset TS proxy: No leader found: Tablet 76a99b473e7d41478eb9bea20e5b767a consensus state has no leader
I0902 17:01:11.431346 15522 raft_consensus.cc:412] T 76a99b473e7d41478eb9bea20e5b767a P 81b89e30bd3e45e39b3bd3eca9d5f7c5 [term 0 FOLLOWER]: Starting pre-election (no leader contacted us within the election timeout)
I0902 17:01:11.431371 15522 raft_consensus.cc:2456] T 76a99b473e7d41478eb9bea20e5b767a P 81b89e30bd3e45e39b3bd3eca9d5f7c5: Snoozing failure detection for 1.753s (starting election)
I0902 17:01:11.431413 15522 raft_consensus.cc:434] T 76a99b473e7d41478eb9bea20e5b767a P 81b89e30bd3e45e39b3bd3eca9d5f7c5 [term 0 FOLLOWER]: Starting pre-election with config: opid_index: -1 OBSOLETE_local: false peers { permanent_uuid: "d28f0f3b8d0e429484dbeeb2d41b7d50" member_type: VOTER last_known_addr { host: "127.58.208.1" port: 59914 } } peers { permanent_uuid: "475a466ec8b44f39bbf6b23f10ebe15b" member_type: VOTER last_known_addr { host: "127.58.208.2" port: 43231 } } peers { permanent_uuid: "81b89e30bd3e45e39b3bd3eca9d5f7c5" member_type: VOTER last_known_addr { host: "127.58.208.3" port: 42179 } }
I0902 17:01:11.431622 15522 leader_election.cc:221] T 76a99b473e7d41478eb9bea20e5b767a P 81b89e30bd3e45e39b3bd3eca9d5f7c5 [CANDIDATE]: Term 1 pre-election: Requesting pre-vote from peer d28f0f3b8d0e429484dbeeb2d41b7d50
I0902 17:01:11.431684 15522 leader_election.cc:221] T 76a99b473e7d41478eb9bea20e5b767a P 81b89e30bd3e45e39b3bd3eca9d5f7c5 [CANDIDATE]: Term 1 pre-election: Requesting pre-vote from peer 475a466ec8b44f39bbf6b23f10ebe15b
I0902 17:01:11.432030 15207 tablet_service.cc:1002] Received RequestConsensusVote() RPC: tablet_id: "76a99b473e7d41478eb9bea20e5b767a" candidate_uuid: "81b89e30bd3e45e39b3bd3eca9d5f7c5" candidate_term: 1 candidate_status { last_received { term: 0 index: 0 } } ignore_live_leader: false dest_uuid: "d28f0f3b8d0e429484dbeeb2d41b7d50" is_pre_election: true
I0902 17:01:11.432051 15331 tablet_service.cc:1002] Received RequestConsensusVote() RPC: tablet_id: "76a99b473e7d41478eb9bea20e5b767a" candidate_uuid: "81b89e30bd3e45e39b3bd3eca9d5f7c5" candidate_term: 1 candidate_status { last_received { term: 0 index: 0 } } ignore_live_leader: false dest_uuid: "475a466ec8b44f39bbf6b23f10ebe15b" is_pre_election: true
I0902 17:01:11.432080 15207 raft_consensus.cc:2456] T 76a99b473e7d41478eb9bea20e5b767a P d28f0f3b8d0e429484dbeeb2d41b7d50: Snoozing failure detection for 1.675s (vote granted)
I0902 17:01:11.432096 15331 raft_consensus.cc:2456] T 76a99b473e7d41478eb9bea20e5b767a P 475a466ec8b44f39bbf6b23f10ebe15b: Snoozing failure detection for 2.236s (vote granted)
I0902 17:01:11.432107 15207 raft_consensus.cc:2010] T 76a99b473e7d41478eb9bea20e5b767a P d28f0f3b8d0e429484dbeeb2d41b7d50 [term 0 FOLLOWER]: Leader pre-election vote request: Granting yes vote for candidate 81b89e30bd3e45e39b3bd3eca9d5f7c5 in term 0.
I0902 17:01:11.432116 15331 raft_consensus.cc:2010] T 76a99b473e7d41478eb9bea20e5b767a P 475a466ec8b44f39bbf6b23f10ebe15b [term 0 FOLLOWER]: Leader pre-election vote request: Granting yes vote for candidate 81b89e30bd3e45e39b3bd3eca9d5f7c5 in term 0.
I0902 17:01:11.432320 15387 leader_election.cc:353] T 76a99b473e7d41478eb9bea20e5b767a P 81b89e30bd3e45e39b3bd3eca9d5f7c5 [CANDIDATE]: Term 1 pre-election: Vote granted by peer 475a466ec8b44f39bbf6b23f10ebe15b
I0902 17:01:11.432341 15387 leader_election.cc:248] T 76a99b473e7d41478eb9bea20e5b767a P 81b89e30bd3e45e39b3bd3eca9d5f7c5 [CANDIDATE]: Term 1 pre-election: Election decided. Result: candidate won.
I0902 17:01:11.432376 15388 leader_election.cc:353] T 76a99b473e7d41478eb9bea20e5b767a P 81b89e30bd3e45e39b3bd3eca9d5f7c5 [CANDIDATE]: Term 1 pre-election: Vote granted by peer d28f0f3b8d0e429484dbeeb2d41b7d50
I0902 17:01:11.432428 15518 raft_consensus.cc:2456] T 76a99b473e7d41478eb9bea20e5b767a P 81b89e30bd3e45e39b3bd3eca9d5f7c5: Snoozing failure detection for 2.106s (election complete)
I0902 17:01:11.432452 15518 raft_consensus.cc:2280] T 76a99b473e7d41478eb9bea20e5b767a P 81b89e30bd3e45e39b3bd3eca9d5f7c5 [term 0 FOLLOWER]: Leader pre-election won for term 1
