I0902 17:01:17.216492 15070 catalog_manager.cc:2943] Scheduling retry of 7ab6f1a0b8d2430c933828f8da2892f6 (table test-table [id=b7f89f9ec9c0479b9fed277cd873ba0e]) Alter Table RPC with a delay of 15 ms (attempt = 0)
W0902 17:01:17.216506 15070 catalog_manager.cc:2962] Async tablet task 7ab6f1a0b8d2430c933828f8da2892f6 (table test-table [id=b7f89f9ec9c0479b9fed277cd873ba0e]) Alter Table RPC failed: Not found: Failed to reset TS proxy: No leader found: Tablet 7ab6f1a0b8d2430c933828f8da2892f6 consensus state has no leader
I0902 17:01:17.222088 15071 catalog_manager.cc:2943] Scheduling retry of 7ab6f1a0b8d2430c933828f8da2892f6 (table test-table [id=b7f89f9ec9c0479b9fed277cd873ba0e]) Alter Table RPC with a delay of 43 ms (attempt = 0)
W0902 17:01:17.222115 15071 catalog_manager.cc:2962] Async tablet task 7ab6f1a0b8d2430c933828f8da2892f6 (table test-table [id=b7f89f9ec9c0479b9fed277cd873ba0e]) Alter Table RPC failed: Not found: Failed to reset TS proxy: No leader found: Tablet 7ab6f1a0b8d2430c933828f8da2892f6 consensus state has no leader
I0902 17:01:17.231777 15070 catalog_manager.cc:2943] Scheduling retry of 7ab6f1a0b8d2430c933828f8da2892f6 (table test-table [id=b7f89f9ec9c0479b9fed277cd873ba0e]) Alter Table RPC with a delay of 10 ms (attempt = 0)
W0902 17:01:17.231806 15070 catalog_manager.cc:2962] Async tablet task 7ab6f1a0b8d2430c933828f8da2892f6 (table test-table [id=b7f89f9ec9c0479b9fed277cd873ba0e]) Alter Table RPC failed: Not found: Failed to reset TS proxy: No leader found: Tablet 7ab6f1a0b8d2430c933828f8da2892f6 consensus state has no leader
I0902 17:01:17.242627 15070 catalog_manager.cc:2943] Scheduling retry of 7ab6f1a0b8d2430c933828f8da2892f6 (table test-table [id=b7f89f9ec9c0479b9fed277cd873ba0e]) Alter Table RPC with a delay of 50 ms (attempt = 0)
W0902 17:01:17.242655 15070 catalog_manager.cc:2962] Async tablet task 7ab6f1a0b8d2430c933828f8da2892f6 (table test-table [id=b7f89f9ec9c0479b9fed277cd873ba0e]) Alter Table RPC failed: Not found: Failed to reset TS proxy: No leader found: Tablet 7ab6f1a0b8d2430c933828f8da2892f6 consensus state has no leader
I0902 17:01:17.246621 15072 catalog_manager.cc:2943] Scheduling retry of 7ab6f1a0b8d2430c933828f8da2892f6 (table test-table [id=b7f89f9ec9c0479b9fed277cd873ba0e]) Alter Table RPC with a delay of 56 ms (attempt = 0)
W0902 17:01:17.246649 15072 catalog_manager.cc:2962] Async tablet task 7ab6f1a0b8d2430c933828f8da2892f6 (table test-table [id=b7f89f9ec9c0479b9fed277cd873ba0e]) Alter Table RPC failed: Not found: Failed to reset TS proxy: No leader found: Tablet 7ab6f1a0b8d2430c933828f8da2892f6 consensus state has no leader
I0902 17:01:17.249835 15072 catalog_manager.cc:2943] Scheduling retry of 7ab6f1a0b8d2430c933828f8da2892f6 (table test-table [id=b7f89f9ec9c0479b9fed277cd873ba0e]) Alter Table RPC with a delay of 54 ms (attempt = 0)
W0902 17:01:17.249857 15072 catalog_manager.cc:2962] Async tablet task 7ab6f1a0b8d2430c933828f8da2892f6 (table test-table [id=b7f89f9ec9c0479b9fed277cd873ba0e]) Alter Table RPC failed: Not found: Failed to reset TS proxy: No leader found: Tablet 7ab6f1a0b8d2430c933828f8da2892f6 consensus state has no leader
I0902 17:01:17.252774 15971 raft_consensus.cc:412] T 7ab6f1a0b8d2430c933828f8da2892f6 P 475a466ec8b44f39bbf6b23f10ebe15b [term 0 FOLLOWER]: Starting pre-election (no leader contacted us within the election timeout)
I0902 17:01:17.252820 15971 raft_consensus.cc:2456] T 7ab6f1a0b8d2430c933828f8da2892f6 P 475a466ec8b44f39bbf6b23f10ebe15b: Snoozing failure detection for 1.598s (starting election)
I0902 17:01:17.252902 15971 raft_consensus.cc:434] T 7ab6f1a0b8d2430c933828f8da2892f6 P 475a466ec8b44f39bbf6b23f10ebe15b [term 0 FOLLOWER]: Starting pre-election with config: opid_index: -1 OBSOLETE_local: false peers { permanent_uuid: "d28f0f3b8d0e429484dbeeb2d41b7d50" member_type: VOTER last_known_addr { host: "127.58.208.1" port: 59914 } } peers { permanent_uuid: "475a466ec8b44f39bbf6b23f10ebe15b" member_type: VOTER last_known_addr { host: "127.58.208.2" port: 43231 } } peers { permanent_uuid: "81b89e30bd3e45e39b3bd3eca9d5f7c5" member_type: VOTER last_known_addr { host: "127.58.208.3" port: 42179 } }
I0902 17:01:17.253227 15971 leader_election.cc:221] T 7ab6f1a0b8d2430c933828f8da2892f6 P 475a466ec8b44f39bbf6b23f10ebe15b [CANDIDATE]: Term 1 pre-election: Requesting pre-vote from peer d28f0f3b8d0e429484dbeeb2d41b7d50
I0902 17:01:17.253322 15971 leader_election.cc:221] T 7ab6f1a0b8d2430c933828f8da2892f6 P 475a466ec8b44f39bbf6b23f10ebe15b [CANDIDATE]: Term 1 pre-election: Requesting pre-vote from peer 81b89e30bd3e45e39b3bd3eca9d5f7c5
I0902 17:01:17.253830 16077 tablet_service.cc:1002] Received RequestConsensusVote() RPC: tablet_id: "7ab6f1a0b8d2430c933828f8da2892f6" candidate_uuid: "475a466ec8b44f39bbf6b23f10ebe15b" candidate_term: 1 candidate_status { last_received { term: 0 index: 0 } } ignore_live_leader: false dest_uuid: "d28f0f3b8d0e429484dbeeb2d41b7d50" is_pre_election: true
I0902 17:01:17.253842 15452 tablet_service.cc:1002] Received RequestConsensusVote() RPC: tablet_id: "7ab6f1a0b8d2430c933828f8da2892f6" candidate_uuid: "475a466ec8b44f39bbf6b23f10ebe15b" candidate_term: 1 candidate_status { last_received { term: 0 index: 0 } } ignore_live_leader: false dest_uuid: "81b89e30bd3e45e39b3bd3eca9d5f7c5" is_pre_election: true
I0902 17:01:17.253906 16077 raft_consensus.cc:2456] T 7ab6f1a0b8d2430c933828f8da2892f6 P d28f0f3b8d0e429484dbeeb2d41b7d50: Snoozing failure detection for 1.711s (vote granted)
I0902 17:01:17.253927 15452 raft_consensus.cc:2456] T 7ab6f1a0b8d2430c933828f8da2892f6 P 81b89e30bd3e45e39b3bd3eca9d5f7c5: Snoozing failure detection for 2.036s (vote granted)
I0902 17:01:17.253959 15452 raft_consensus.cc:2010] T 7ab6f1a0b8d2430c933828f8da2892f6 P 81b89e30bd3e45e39b3bd3eca9d5f7c5 [term 0 FOLLOWER]: Leader pre-election vote request: Granting yes vote for candidate 475a466ec8b44f39bbf6b23f10ebe15b in term 0.
I0902 17:01:17.253962 16077 raft_consensus.cc:2010] T 7ab6f1a0b8d2430c933828f8da2892f6 P d28f0f3b8d0e429484dbeeb2d41b7d50 [term 0 FOLLOWER]: Leader pre-election vote request: Granting yes vote for candidate 475a466ec8b44f39bbf6b23f10ebe15b in term 0.
I0902 17:01:17.254240 15792 leader_election.cc:353] T 7ab6f1a0b8d2430c933828f8da2892f6 P 475a466ec8b44f39bbf6b23f10ebe15b [CANDIDATE]: Term 1 pre-election: Vote granted by peer 81b89e30bd3e45e39b3bd3eca9d5f7c5
I0902 17:01:17.254267 15792 leader_election.cc:248] T 7ab6f1a0b8d2430c933828f8da2892f6 P 475a466ec8b44f39bbf6b23f10ebe15b [CANDIDATE]: Term 1 pre-election: Election decided. Result: candidate won.
I0902 17:01:17.254328 15793 leader_election.cc:353] T 7ab6f1a0b8d2430c933828f8da2892f6 P 475a466ec8b44f39bbf6b23f10ebe15b [CANDIDATE]: Term 1 pre-election: Vote granted by peer d28f0f3b8d0e429484dbeeb2d41b7d50
I0902 17:01:17.254390 15976 raft_consensus.cc:2456] T 7ab6f1a0b8d2430c933828f8da2892f6 P 475a466ec8b44f39bbf6b23f10ebe15b: Snoozing failure detection for 1.561s (election complete)
I0902 17:01:17.254436 15976 raft_consensus.cc:2280] T 7ab6f1a0b8d2430c933828f8da2892f6 P 475a466ec8b44f39bbf6b23f10ebe15b [term 0 FOLLOWER]: Leader pre-election won for term 1
I0902 17:01:17.254446 15976 raft_consensus.cc:412] T 7ab6f1a0b8d2430c933828f8da2892f6 P 475a466ec8b44f39bbf6b23f10ebe15b [term 0 FOLLOWER]: Starting leader election (no leader contacted us within the election timeout)
I0902 17:01:17.254456 15976 raft_consensus.cc:2456] T 7ab6f1a0b8d2430c933828f8da2892f6 P 475a466ec8b44f39bbf6b23f10ebe15b: Snoozing failure detection for 1.600s (starting election)
I0902 17:01:17.254462 15976 raft_consensus.cc:2508] T 7ab6f1a0b8d2430c933828f8da2892f6 P 475a466ec8b44f39bbf6b23f10ebe15b [term 0 FOLLOWER]: Advancing to term 1
I0902 17:01:17.255231 15976 raft_consensus.cc:434] T 7ab6f1a0b8d2430c933828f8da2892f6 P 475a466ec8b44f39bbf6b23f10ebe15b [term 1 FOLLOWER]: Starting leader election with config: opid_index: -1 OBSOLETE_local: false peers { permanent_uuid: "d28f0f3b8d0e429484dbeeb2d41b7d50" member_type: VOTER last_known_addr { host: "127.58.208.1" port: 59914 } } peers { permanent_uuid: "475a466ec8b44f39bbf6b23f10ebe15b" member_type: VOTER last_known_addr { host: "127.58.208.2" port: 43231 } } peers { permanent_uuid: "81b89e30bd3e45e39b3bd3eca9d5f7c5" member_type: VOTER last_known_addr { host: "127.58.208.3" port: 42179 } }
I0902 17:01:17.255440 15976 leader_election.cc:221] T 7ab6f1a0b8d2430c933828f8da2892f6 P 475a466ec8b44f39bbf6b23f10ebe15b [CANDIDATE]: Term 1 election: Requesting vote from peer d28f0f3b8d0e429484dbeeb2d41b7d50
I0902 17:01:17.255507 15976 leader_election.cc:221] T 7ab6f1a0b8d2430c933828f8da2892f6 P 475a466ec8b44f39bbf6b23f10ebe15b [CANDIDATE]: Term 1 election: Requesting vote from peer 81b89e30bd3e45e39b3bd3eca9d5f7c5
I0902 17:01:17.255854 16077 tablet_service.cc:1002] Received RequestConsensusVote() RPC: tablet_id: "7ab6f1a0b8d2430c933828f8da2892f6" candidate_uuid: "475a466ec8b44f39bbf6b23f10ebe15b" candidate_term: 1 candidate_status { last_received { term: 0 index: 0 } } ignore_live_leader: false dest_uuid: "d28f0f3b8d0e429484dbeeb2d41b7d50"
I0902 17:01:17.255900 16077 raft_consensus.cc:2508] T 7ab6f1a0b8d2430c933828f8da2892f6 P d28f0f3b8d0e429484dbeeb2d41b7d50 [term 0 FOLLOWER]: Advancing to term 1
I0902 17:01:17.255883 15452 tablet_service.cc:1002] Received RequestConsensusVote() RPC: tablet_id: "7ab6f1a0b8d2430c933828f8da2892f6" candidate_uuid: "475a466ec8b44f39bbf6b23f10ebe15b" candidate_term: 1 candidate_status { last_received { term: 0 index: 0 } } ignore_live_leader: false dest_uuid: "81b89e30bd3e45e39b3bd3eca9d5f7c5"
I0902 17:01:17.255957 16077 raft_consensus.cc:2456] T 7ab6f1a0b8d2430c933828f8da2892f6 P d28f0f3b8d0e429484dbeeb2d41b7d50: Snoozing failure detection for 1.630s (vote granted)
I0902 17:01:17.255973 15452 raft_consensus.cc:2508] T 7ab6f1a0b8d2430c933828f8da2892f6 P 81b89e30bd3e45e39b3bd3eca9d5f7c5 [term 0 FOLLOWER]: Advancing to term 1
I0902 17:01:17.256016 15452 raft_consensus.cc:2456] T 7ab6f1a0b8d2430c933828f8da2892f6 P 81b89e30bd3e45e39b3bd3eca9d5f7c5: Snoozing failure detection for 2.001s (vote granted)
I0902 17:01:17.256619 16077 raft_consensus.cc:2010] T 7ab6f1a0b8d2430c933828f8da2892f6 P d28f0f3b8d0e429484dbeeb2d41b7d50 [term 1 FOLLOWER]: Leader election vote request: Granting yes vote for candidate 475a466ec8b44f39bbf6b23f10ebe15b in term 1.
I0902 17:01:17.256626 15452 raft_consensus.cc:2010] T 7ab6f1a0b8d2430c933828f8da2892f6 P 81b89e30bd3e45e39b3bd3eca9d5f7c5 [term 1 FOLLOWER]: Leader election vote request: Granting yes vote for candidate 475a466ec8b44f39bbf6b23f10ebe15b in term 1.
I0902 17:01:17.256852 15792 leader_election.cc:353] T 7ab6f1a0b8d2430c933828f8da2892f6 P 475a466ec8b44f39bbf6b23f10ebe15b [CANDIDATE]: Term 1 election: Vote granted by peer 81b89e30bd3e45e39b3bd3eca9d5f7c5
I0902 17:01:17.256873 15792 leader_election.cc:248] T 7ab6f1a0b8d2430c933828f8da2892f6 P 475a466ec8b44f39bbf6b23f10ebe15b [CANDIDATE]: Term 1 election: Election decided. Result: candidate won.
I0902 17:01:17.256916 15793 leader_election.cc:353] T 7ab6f1a0b8d2430c933828f8da2892f6 P 475a466ec8b44f39bbf6b23f10ebe15b [CANDIDATE]: Term 1 election: Vote granted by peer d28f0f3b8d0e429484dbeeb2d41b7d50
I0902 17:01:17.257006 15928 raft_consensus.cc:2456] T 7ab6f1a0b8d2430c933828f8da2892f6 P 475a466ec8b44f39bbf6b23f10ebe15b: Snoozing failure detection for 2.122s (election complete)
I0902 17:01:17.257030 15928 raft_consensus.cc:2280] T 7ab6f1a0b8d2430c933828f8da2892f6 P 475a466ec8b44f39bbf6b23f10ebe15b [term 1 FOLLOWER]: Leader election won for term 1
I0902 17:01:17.257107 15928 raft_consensus.cc:542] T 7ab6f1a0b8d2430c933828f8da2892f6 P 475a466ec8b44f39bbf6b23f10ebe15b [term 1 LEADER]: Becoming Leader. State: Replica: 475a466ec8b44f39bbf6b23f10ebe15b, State: Running, Role: LEADER
I0902 17:01:17.257189 15928 consensus_queue.cc:169] T 7ab6f1a0b8d2430c933828f8da2892f6 P 475a466ec8b44f39bbf6b23f10ebe15b [LEADER]: Queue going to LEADER mode. State: All replicated index: 0, Majority replicated index: 0, Committed index: 0, Last appended: 0.0, Last appended by leader: 0, Current term: 1, Majority size: 2, State: 0, Mode: LEADER, active raft config: opid_index: -1 OBSOLETE_local: false peers { permanent_uuid: "d28f0f3b8d0e429484dbeeb2d41b7d50" member_type: VOTER last_known_addr { host: "127.58.208.1" port: 59914 } } peers { permanent_uuid: "475a466ec8b44f39bbf6b23f10ebe15b" member_type: VOTER last_known_addr { host: "127.58.208.2" port: 43231 } } peers { permanent_uuid: "81b89e30bd3e45e39b3bd3eca9d5f7c5" member_type: VOTER last_known_addr { host: "127.58.208.3" port: 42179 } }
I0902 17:01:17.258400 15087 catalog_manager.cc:2462] TS 475a466ec8b44f39bbf6b23f10ebe15b (127.58.208.2:43231) does not have the latest schema for tablet 7ab6f1a0b8d2430c933828f8da2892f6 (table test-table [id=b7f89f9ec9c0479b9fed277cd873ba0e]). Expected version 7 got 0
I0902 17:01:17.258543 15087 catalog_manager.cc:2571] T 7ab6f1a0b8d2430c933828f8da2892f6 reported cstate change: term changed from 0 to 1, leader changed from to 475a466ec8b44f39bbf6b23f10ebe15b (127.58.208.2). New cstate: current_term: 1 leader_uuid: "475a466ec8b44f39bbf6b23f10ebe15b" committed_config { opid_index: -1 OBSOLETE_local: false peers { permanent_uuid: "d28f0f3b8d0e429484dbeeb2d41b7d50" member_type: VOTER last_known_addr { host: "127.58.208.1" port: 59914 } } peers { permanent_uuid: "475a466ec8b44f39bbf6b23f10ebe15b" member_type: VOTER last_known_addr { host: "127.58.208.2" port: 43231 } } peers { permanent_uuid: "81b89e30bd3e45e39b3bd3eca9d5f7c5" member_type: VOTER last_known_addr { host: "127.58.208.3" port: 42179 } } }
I0902 17:01:17.261405 15452 raft_consensus.cc:964] T 7ab6f1a0b8d2430c933828f8da2892f6 P 81b89e30bd3e45e39b3bd3eca9d5f7c5 [term 1 FOLLOWER]: Refusing update from remote peer 475a466ec8b44f39bbf6b23f10ebe15b: Log matching property violated. Preceding OpId in replica: term: 0 index: 0. Preceding OpId from leader: term: 1 index: 2. (index mismatch)
I0902 17:01:17.261432 16077 raft_consensus.cc:964] T 7ab6f1a0b8d2430c933828f8da2892f6 P d28f0f3b8d0e429484dbeeb2d41b7d50 [term 1 FOLLOWER]: Refusing update from remote peer 475a466ec8b44f39bbf6b23f10ebe15b: Log matching property violated. Preceding OpId in replica: term: 0 index: 0. Preceding OpId from leader: term: 1 index: 2. (index mismatch)
I0902 17:01:17.261724 15928 consensus_queue.cc:741] T 7ab6f1a0b8d2430c933828f8da2892f6 P 475a466ec8b44f39bbf6b23f10ebe15b [LEADER]: Connected to new peer: Peer: 81b89e30bd3e45e39b3bd3eca9d5f7c5, Is new: false, Last received: 0.0, Next index: 1, Last known committed idx: 0, Last exchange result: ERROR, Needs tablet copy: false
I0902 17:01:17.261768 15971 consensus_queue.cc:741] T 7ab6f1a0b8d2430c933828f8da2892f6 P 475a466ec8b44f39bbf6b23f10ebe15b [LEADER]: Connected to new peer: Peer: d28f0f3b8d0e429484dbeeb2d41b7d50, Is new: false, Last received: 0.0, Next index: 1, Last known committed idx: 0, Last exchange result: ERROR, Needs tablet copy: false
I0902 17:01:17.263397 15087 catalog_manager.cc:2462] TS 81b89e30bd3e45e39b3bd3eca9d5f7c5 (127.58.208.3:42179) does not have the latest schema for tablet 7ab6f1a0b8d2430c933828f8da2892f6 (table test-table [id=b7f89f9ec9c0479b9fed277cd873ba0e]). Expected version 7 got 0
I0902 17:01:17.263753 15088 catalog_manager.cc:2462] TS d28f0f3b8d0e429484dbeeb2d41b7d50 (127.58.208.1:59914) does not have the latest schema for tablet 7ab6f1a0b8d2430c933828f8da2892f6 (table test-table [id=b7f89f9ec9c0479b9fed277cd873ba0e]). Expected version 7 got 0
I0902 17:01:17.263967 15955 tablet.cc:1115] T 7ab6f1a0b8d2430c933828f8da2892f6 P 475a466ec8b44f39bbf6b23f10ebe15b: Alter schema from Schema [ 10:key[int32 NOT NULL], 17:c124[int32 NULLABLE] ] version 0 to Schema [ 10:key[int32 NOT NULL], 17:c124[int32 NULLABLE] ] version 7
I0902 17:01:17.264798 15963 tablet.cc:1115] T 7ab6f1a0b8d2430c933828f8da2892f6 P 81b89e30bd3e45e39b3bd3eca9d5f7c5: Alter schema from Schema [ 10:key[int32 NOT NULL], 17:c124[int32 NULLABLE] ] version 0 to Schema [ 10:key[int32 NOT NULL], 17:c124[int32 NULLABLE] ] version 7
I0902 17:01:17.265303 15088 catalog_manager.cc:2462] TS 81b89e30bd3e45e39b3bd3eca9d5f7c5 (127.58.208.3:42179) does not have the latest schema for tablet 7ab6f1a0b8d2430c933828f8da2892f6 (table test-table [id=b7f89f9ec9c0479b9fed277cd873ba0e]). Expected version 7 got 0
I0902 17:01:17.265698 16130 tablet.cc:1115] T 7ab6f1a0b8d2430c933828f8da2892f6 P d28f0f3b8d0e429484dbeeb2d41b7d50: Alter schema from Schema [ 10:key[int32 NOT NULL], 17:c124[int32 NULLABLE] ] version 0 to Schema [ 10:key[int32 NOT NULL], 17:c124[int32 NULLABLE] ] version 7
I0902 17:01:17.268503 15088 catalog_manager.cc:3728] T 00000000000000000000000000000000 P b004b3046b584f37925df45eda899ff0: test-table [id=b7f89f9ec9c0479b9fed277cd873ba0e] alter complete (version 7)
I0902 17:01:17.319126 15056 alter_table-randomized-test.cc:436] Beginning Alterations
I0902 17:01:17.319836 15056 alter_table-randomized-test.cc:511] Renaming PrimaryKey column key to c436
I0902 17:01:17.319862 15056 alter_table-randomized-test.cc:468] Committing Alterations
I0902 17:01:17.320328 15086 catalog_manager.cc:1946] Servicing AlterTable request from {username='slave'} at 127.0.0.1:43619: table { table_name: "test-table" } alter_schema_steps { type: RENAME_COLUMN rename_column { old_name: "key" new_name: "c436" } }
I0902 17:01:17.323956 15956 tablet.cc:1115] T 7ab6f1a0b8d2430c933828f8da2892f6 P 475a466ec8b44f39bbf6b23f10ebe15b: Alter schema from Schema [ 10:key[int32 NOT NULL], 17:c124[int32 NULLABLE] ] version 7 to Schema [ 10:c436[int32 NOT NULL], 17:c124[int32 NULLABLE] ] version 8
I0902 17:01:17.324182 15956 tablet.cc:1067] T 7ab6f1a0b8d2430c933828f8da2892f6 P 475a466ec8b44f39bbf6b23f10ebe15b: Flush: entering stage 1 (old memrowset already frozen for inserts)
I0902 17:01:17.324194 15956 compaction.cc:902] Selected 1 rowsets to compact:
I0902 17:01:17.324199 15956 compaction.cc:905] memrowset(current size on disk: ~0 bytes)
I0902 17:01:17.324205 15956 tablet.cc:1069] T 7ab6f1a0b8d2430c933828f8da2892f6 P 475a466ec8b44f39bbf6b23f10ebe15b: Memstore in-memory size: 763 bytes
I0902 17:01:17.324220 15956 tablet.cc:1332] T 7ab6f1a0b8d2430c933828f8da2892f6 P 475a466ec8b44f39bbf6b23f10ebe15b: Flush: entering phase 1 (flushing snapshot). Phase 1 snapshot: MvccSnapshot[committed={T|T < 6161906390313422848}]
I0902 17:01:17.324514 15933 tablet.cc:1115] T 7ab6f1a0b8d2430c933828f8da2892f6 P 81b89e30bd3e45e39b3bd3eca9d5f7c5: Alter schema from Schema [ 10:key[int32 NOT NULL], 17:c124[int32 NULLABLE] ] version 7 to Schema [ 10:c436[int32 NOT NULL], 17:c124[int32 NULLABLE] ] version 8
I0902 17:01:17.324579 16130 tablet.cc:1115] T 7ab6f1a0b8d2430c933828f8da2892f6 P d28f0f3b8d0e429484dbeeb2d41b7d50: Alter schema from Schema [ 10:key[int32 NOT NULL], 17:c124[int32 NULLABLE] ] version 7 to Schema [ 10:c436[int32 NOT NULL], 17:c124[int32 NULLABLE] ] version 8
I0902 17:01:17.324717 15933 tablet.cc:1067] T 7ab6f1a0b8d2430c933828f8da2892f6 P 81b89e30bd3e45e39b3bd3eca9d5f7c5: Flush: entering stage 1 (old memrowset already frozen for inserts)
I0902 17:01:17.324726 15933 compaction.cc:902] Selected 1 rowsets to compact:
I0902 17:01:17.324731 15933 compaction.cc:905] memrowset(current size on disk: ~0 bytes)
I0902 17:01:17.324736 15933 tablet.cc:1069] T 7ab6f1a0b8d2430c933828f8da2892f6 P 81b89e30bd3e45e39b3bd3eca9d5f7c5: Memstore in-memory size: 763 bytes
I0902 17:01:17.324749 15933 tablet.cc:1332] T 7ab6f1a0b8d2430c933828f8da2892f6 P 81b89e30bd3e45e39b3bd3eca9d5f7c5: Flush: entering phase 1 (flushing snapshot). Phase 1 snapshot: MvccSnapshot[committed={T|T < 6161906390313422848}]
I0902 17:01:17.324779 16130 tablet.cc:1067] T 7ab6f1a0b8d2430c933828f8da2892f6 P d28f0f3b8d0e429484dbeeb2d41b7d50: Flush: entering stage 1 (old memrowset already frozen for inserts)
I0902 17:01:17.324790 16130 compaction.cc:902] Selected 1 rowsets to compact:
I0902 17:01:17.324821 16130 compaction.cc:905] memrowset(current size on disk: ~0 bytes)
I0902 17:01:17.324827 16130 tablet.cc:1069] T 7ab6f1a0b8d2430c933828f8da2892f6 P d28f0f3b8d0e429484dbeeb2d41b7d50: Memstore in-memory size: 763 bytes
I0902 17:01:17.324872 16130 tablet.cc:1332] T 7ab6f1a0b8d2430c933828f8da2892f6 P d28f0f3b8d0e429484dbeeb2d41b7d50: Flush: entering phase 1 (flushing snapshot). Phase 1 snapshot: MvccSnapshot[committed={T|T < 6161906390313422848}]
I0902 17:01:17.328200 16130 multi_column_writer.cc:103] Opened CFile writers for 2 column(s)
I0902 17:01:17.330938 15956 multi_column_writer.cc:103] Opened CFile writers for 2 column(s)
I0902 17:01:17.331779 15933 multi_column_writer.cc:103] Opened CFile writers for 2 column(s)
I0902 17:01:17.333200 15956 tablet.cc:1417] T 7ab6f1a0b8d2430c933828f8da2892f6 P 475a466ec8b44f39bbf6b23f10ebe15b: Flush: entering phase 2 (starting to duplicate updates in new rowsets)
I0902 17:01:17.333271 15956 tablet.cc:1472] T 7ab6f1a0b8d2430c933828f8da2892f6 P 475a466ec8b44f39bbf6b23f10ebe15b: Flush Phase 2: carrying over any updates which arrived during Phase 1
I0902 17:01:17.333281 15956 tablet.cc:1474] T 7ab6f1a0b8d2430c933828f8da2892f6 P 475a466ec8b44f39bbf6b23f10ebe15b: Phase 2 snapshot: MvccSnapshot[committed={T|T < 6161906390313422848}]
I0902 17:01:17.334251 15933 tablet.cc:1417] T 7ab6f1a0b8d2430c933828f8da2892f6 P 81b89e30bd3e45e39b3bd3eca9d5f7c5: Flush: entering phase 2 (starting to duplicate updates in new rowsets)
I0902 17:01:17.334540 15933 tablet.cc:1472] T 7ab6f1a0b8d2430c933828f8da2892f6 P 81b89e30bd3e45e39b3bd3eca9d5f7c5: Flush Phase 2: carrying over any updates which arrived during Phase 1
I0902 17:01:17.334583 15933 tablet.cc:1474] T 7ab6f1a0b8d2430c933828f8da2892f6 P 81b89e30bd3e45e39b3bd3eca9d5f7c5: Phase 2 snapshot: MvccSnapshot[committed={T|T < 6161906390313422848}]
I0902 17:01:17.334746 15956 tablet.cc:1516] T 7ab6f1a0b8d2430c933828f8da2892f6 P 475a466ec8b44f39bbf6b23f10ebe15b: Flush successful on 6 rows (4520 bytes)
I0902 17:01:17.336141 15933 tablet.cc:1516] T 7ab6f1a0b8d2430c933828f8da2892f6 P 81b89e30bd3e45e39b3bd3eca9d5f7c5: Flush successful on 6 rows (4520 bytes)
I0902 17:01:17.337916 16130 tablet.cc:1417] T 7ab6f1a0b8d2430c933828f8da2892f6 P d28f0f3b8d0e429484dbeeb2d41b7d50: Flush: entering phase 2 (starting to duplicate updates in new rowsets)
I0902 17:01:17.338078 15086 catalog_manager.cc:3728] T 00000000000000000000000000000000 P b004b3046b584f37925df45eda899ff0: test-table [id=b7f89f9ec9c0479b9fed277cd873ba0e] alter complete (version 8)
I0902 17:01:17.338186 16130 tablet.cc:1472] T 7ab6f1a0b8d2430c933828f8da2892f6 P d28f0f3b8d0e429484dbeeb2d41b7d50: Flush Phase 2: carrying over any updates which arrived during Phase 1
I0902 17:01:17.338213 16130 tablet.cc:1474] T 7ab6f1a0b8d2430c933828f8da2892f6 P d28f0f3b8d0e429484dbeeb2d41b7d50: Phase 2 snapshot: MvccSnapshot[committed={T|T < 6161906390313422848}]
I0902 17:01:17.339725 16130 tablet.cc:1516] T 7ab6f1a0b8d2430c933828f8da2892f6 P d28f0f3b8d0e429484dbeeb2d41b7d50: Flush successful on 6 rows (4520 bytes)
I0902 17:01:17.354975 16003 maintenance_manager.cc:486] Time spent running UndoDeltaBlockGCOp(7ab6f1a0b8d2430c933828f8da2892f6): real 0.000s user 0.000s sys 0.000s
I0902 17:01:17.355367 16003 maintenance_manager.cc:492] P d28f0f3b8d0e429484dbeeb2d41b7d50: UndoDeltaBlockGCOp(7ab6f1a0b8d2430c933828f8da2892f6) metrics: {"cfile_init":1,"lbm_read_time_us":50,"lbm_reads_lt_1ms":4}
I0902 17:01:17.404947 15382 maintenance_manager.cc:486] Time spent running UndoDeltaBlockGCOp(7ab6f1a0b8d2430c933828f8da2892f6): real 0.000s user 0.000s sys 0.000s
I0902 17:01:17.405031 15382 maintenance_manager.cc:492] P 81b89e30bd3e45e39b3bd3eca9d5f7c5: UndoDeltaBlockGCOp(7ab6f1a0b8d2430c933828f8da2892f6) metrics: {"cfile_init":1,"lbm_read_time_us":57,"lbm_reads_lt_1ms":4}
I0902 17:01:17.413461 15056 alter_table-randomized-test.cc:436] Beginning Alterations
I0902 17:01:17.414285 15056 alter_table-randomized-test.cc:504] Renaming column c124 to c249
I0902 17:01:17.414330 15056 alter_table-randomized-test.cc:511] Renaming PrimaryKey column c436 to c564
I0902 17:01:17.414340 15056 alter_table-randomized-test.cc:504] Renaming column c249 to c875
I0902 17:01:17.414348 15056 alter_table-randomized-test.cc:542] Changing block size of column c875 to 4194304
I0902 17:01:17.414364 15056 alter_table-randomized-test.cc:468] Committing Alterations
I0902 17:01:17.414952 15086 catalog_manager.cc:1946] Servicing AlterTable request from {username='slave'} at 127.0.0.1:43619: table { table_name: "test-table" } alter_schema_steps { type: RENAME_COLUMN rename_column { old_name: "c124" new_name: "c249" } } alter_schema_steps { type: RENAME_COLUMN rename_column { old_name: "c436" new_name: "c564" } } alter_schema_steps { type: RENAME_COLUMN rename_column { old_name: "c249" new_name: "c875" } } alter_schema_steps { type: ALTER_COLUMN alter_column { delta { name: "c875" block_size: 4194304 } } }
I0902 17:01:17.419064 15955 tablet.cc:1115] T 7ab6f1a0b8d2430c933828f8da2892f6 P 475a466ec8b44f39bbf6b23f10ebe15b: Alter schema from Schema [ 10:c436[int32 NOT NULL], 17:c124[int32 NULLABLE] ] version 8 to Schema [ 10:c564[int32 NOT NULL], 17:c875[int32 NULLABLE] ] version 9
I0902 17:01:17.419312 15955 tablet.cc:1067] T 7ab6f1a0b8d2430c933828f8da2892f6 P 475a466ec8b44f39bbf6b23f10ebe15b: Flush: entering stage 1 (old memrowset already frozen for inserts)
I0902 17:01:17.419333 15955 compaction.cc:902] Selected 1 rowsets to compact:
I0902 17:01:17.419338 15955 compaction.cc:905] memrowset(current size on disk: ~0 bytes)
I0902 17:01:17.419355 15955 tablet.cc:1069] T 7ab6f1a0b8d2430c933828f8da2892f6 P 475a466ec8b44f39bbf6b23f10ebe15b: Memstore in-memory size: 763 bytes
I0902 17:01:17.419375 15955 tablet.cc:1332] T 7ab6f1a0b8d2430c933828f8da2892f6 P 475a466ec8b44f39bbf6b23f10ebe15b: Flush: entering phase 1 (flushing snapshot). Phase 1 snapshot: MvccSnapshot[committed={T|T < 6161906390701576192}]
I0902 17:01:17.419704 16129 tablet.cc:1115] T 7ab6f1a0b8d2430c933828f8da2892f6 P d28f0f3b8d0e429484dbeeb2d41b7d50: Alter schema from Schema [ 10:c436[int32 NOT NULL], 17:c124[int32 NULLABLE] ] version 8 to Schema [ 10:c564[int32 NOT NULL], 17:c875[int32 NULLABLE] ] version 9
I0902 17:01:17.419953 16129 tablet.cc:1067] T 7ab6f1a0b8d2430c933828f8da2892f6 P d28f0f3b8d0e429484dbeeb2d41b7d50: Flush: entering stage 1 (old memrowset already frozen for inserts)
I0902 17:01:17.419973 16129 compaction.cc:902] Selected 1 rowsets to compact:
I0902 17:01:17.419978 16129 compaction.cc:905] memrowset(current size on disk: ~0 bytes)
I0902 17:01:17.419987 16129 tablet.cc:1069] T 7ab6f1a0b8d2430c933828f8da2892f6 P d28f0f3b8d0e429484dbeeb2d41b7d50: Memstore in-memory size: 763 bytes
I0902 17:01:17.419996 15955 multi_column_writer.cc:103] Opened CFile writers for 2 column(s)
I0902 17:01:17.420001 16129 tablet.cc:1332] T 7ab6f1a0b8d2430c933828f8da2892f6 P d28f0f3b8d0e429484dbeeb2d41b7d50: Flush: entering phase 1 (flushing snapshot). Phase 1 snapshot: MvccSnapshot[committed={T|T < 6161906390701576192}]
I0902 17:01:17.420532 16129 multi_column_writer.cc:103] Opened CFile writers for 2 column(s)
I0902 17:01:17.422461 15955 tablet.cc:1417] T 7ab6f1a0b8d2430c933828f8da2892f6 P 475a466ec8b44f39bbf6b23f10ebe15b: Flush: entering phase 2 (starting to duplicate updates in new rowsets)
I0902 17:01:17.422564 15955 tablet.cc:1472] T 7ab6f1a0b8d2430c933828f8da2892f6 P 475a466ec8b44f39bbf6b23f10ebe15b: Flush Phase 2: carrying over any updates which arrived during Phase 1
I0902 17:01:17.422585 15955 tablet.cc:1474] T 7ab6f1a0b8d2430c933828f8da2892f6 P 475a466ec8b44f39bbf6b23f10ebe15b: Phase 2 snapshot: MvccSnapshot[committed={T|T < 6161906390701576192}]
I0902 17:01:17.423136 16129 tablet.cc:1417] T 7ab6f1a0b8d2430c933828f8da2892f6 P d28f0f3b8d0e429484dbeeb2d41b7d50: Flush: entering phase 2 (starting to duplicate updates in new rowsets)
I0902 17:01:17.423259 16129 tablet.cc:1472] T 7ab6f1a0b8d2430c933828f8da2892f6 P d28f0f3b8d0e429484dbeeb2d41b7d50: Flush Phase 2: carrying over any updates which arrived during Phase 1
I0902 17:01:17.423282 16129 tablet.cc:1474] T 7ab6f1a0b8d2430c933828f8da2892f6 P d28f0f3b8d0e429484dbeeb2d41b7d50: Phase 2 snapshot: MvccSnapshot[committed={T|T < 6161906390701576192}]
I0902 17:01:17.424872 16129 tablet.cc:1516] T 7ab6f1a0b8d2430c933828f8da2892f6 P d28f0f3b8d0e429484dbeeb2d41b7d50: Flush successful on 8 rows (4520 bytes)
I0902 17:01:17.426821 15955 tablet.cc:1516] T 7ab6f1a0b8d2430c933828f8da2892f6 P 475a466ec8b44f39bbf6b23f10ebe15b: Flush successful on 8 rows (4520 bytes)
I0902 17:01:17.427196 15087 catalog_manager.cc:3728] T 00000000000000000000000000000000 P b004b3046b584f37925df45eda899ff0: test-table [id=b7f89f9ec9c0479b9fed277cd873ba0e] alter complete (version 9)
I0902 17:01:17.428030 15933 tablet.cc:1115] T 7ab6f1a0b8d2430c933828f8da2892f6 P 81b89e30bd3e45e39b3bd3eca9d5f7c5: Alter schema from Schema [ 10:c436[int32 NOT NULL], 17:c124[int32 NULLABLE] ] version 8 to Schema [ 10:c564[int32 NOT NULL], 17:c875[int32 NULLABLE] ] version 9
I0902 17:01:17.428298 15933 tablet.cc:1067] T 7ab6f1a0b8d2430c933828f8da2892f6 P 81b89e30bd3e45e39b3bd3eca9d5f7c5: Flush: entering stage 1 (old memrowset already frozen for inserts)
I0902 17:01:17.428310 15933 compaction.cc:902] Selected 1 rowsets to compact:
I0902 17:01:17.428315 15933 compaction.cc:905] memrowset(current size on disk: ~0 bytes)
I0902 17:01:17.428321 15933 tablet.cc:1069] T 7ab6f1a0b8d2430c933828f8da2892f6 P 81b89e30bd3e45e39b3bd3eca9d5f7c5: Memstore in-memory size: 763 bytes
I0902 17:01:17.428335 15933 tablet.cc:1332] T 7ab6f1a0b8d2430c933828f8da2892f6 P 81b89e30bd3e45e39b3bd3eca9d5f7c5: Flush: entering phase 1 (flushing snapshot). Phase 1 snapshot: MvccSnapshot[committed={T|T < 6161906390701576192}]
I0902 17:01:17.428894 15933 multi_column_writer.cc:103] Opened CFile writers for 2 column(s)
I0902 17:01:17.429872 15787 maintenance_manager.cc:486] Time spent running UndoDeltaBlockGCOp(7ab6f1a0b8d2430c933828f8da2892f6): real 0.000s user 0.000s sys 0.000s
I0902 17:01:17.429940 15787 maintenance_manager.cc:492] P 475a466ec8b44f39bbf6b23f10ebe15b: UndoDeltaBlockGCOp(7ab6f1a0b8d2430c933828f8da2892f6) metrics: {"cfile_init":2,"lbm_read_time_us":84,"lbm_reads_lt_1ms":8}
I0902 17:01:17.430529 15933 tablet.cc:1417] T 7ab6f1a0b8d2430c933828f8da2892f6 P 81b89e30bd3e45e39b3bd3eca9d5f7c5: Flush: entering phase 2 (starting to duplicate updates in new rowsets)
I0902 17:01:17.430599 15933 tablet.cc:1472] T 7ab6f1a0b8d2430c933828f8da2892f6 P 81b89e30bd3e45e39b3bd3eca9d5f7c5: Flush Phase 2: carrying over any updates which arrived during Phase 1
I0902 17:01:17.430608 15933 tablet.cc:1474] T 7ab6f1a0b8d2430c933828f8da2892f6 P 81b89e30bd3e45e39b3bd3eca9d5f7c5: Phase 2 snapshot: MvccSnapshot[committed={T|T < 6161906390701576192}]
I0902 17:01:17.432070 15933 tablet.cc:1516] T 7ab6f1a0b8d2430c933828f8da2892f6 P 81b89e30bd3e45e39b3bd3eca9d5f7c5: Flush successful on 8 rows (4520 bytes)
I0902 17:01:17.454349 15056 alter_table-randomized-test.cc:436] Beginning Alterations
I0902 17:01:17.455091 15056 alter_table-randomized-test.cc:550] Adding range partition: [1879048164, 1946157027) resulting partitions: (1677721575, 1744830438], (1879048164, 1946157027)
I0902 17:01:17.455191 15056 alter_table-randomized-test.cc:474] Adding column c335, existing columns: c564, c875
I0902 17:01:17.455235 15056 alter_table-randomized-test.cc:542] Changing block size of column c875 to 0
I0902 17:01:17.455260 15056 alter_table-randomized-test.cc:532] Changing compression of column c335 to 4
I0902 17:01:17.455276 15056 alter_table-randomized-test.cc:468] Committing Alterations
I0902 17:01:17.455911 15087 catalog_manager.cc:1946] Servicing AlterTable request from {username='slave'} at 127.0.0.1:43619: table { table_name: "test-table" } alter_schema_steps { type: ADD_RANGE_PARTITION add_range_partition { range_bounds { rows: "\006\001\000\344\377\377o\t\001\000\342\377\377s" } } } alter_schema_steps { type: ADD_COLUMN add_column { schema { name: "c335" type: INT32 is_nullable: false read_default_value: "\313j\233d" encoding: AUTO_ENCODING compression: DEFAULT_COMPRESSION cfile_block_size: 0 } } } alter_schema_steps { type: ALTER_COLUMN alter_column { delta { name: "c875" block_size: 0 } } } alter_schema_steps { type: ALTER_COLUMN alter_column { delta { name: "c335" compression: ZLIB } } } schema { columns { name: "c564" type: INT32 is_key: true is_nullable: false encoding: AUTO_ENCODING compression: DEFAULT_COMPRESSION cfile_block_size: 0 } columns { name: "c875" type: INT32 is_key: false is_nullable: true encoding: AUTO_ENCODING compression: DEFAULT_COMPRESSION cfile_block_size: 4194304 } }
I0902 17:01:17.457803 15087 catalog_manager.cc:2943] Scheduling retry of bc88948776204095ba3e800689fff6f3 (table test-table [id=b7f89f9ec9c0479b9fed277cd873ba0e]) Alter Table RPC with a delay of 44 ms (attempt = 0)
W0902 17:01:17.457824 15087 catalog_manager.cc:3482] Failed to send alter table request: Not found: Failed to reset TS proxy: No leader found: Tablet bc88948776204095ba3e800689fff6f3 has no consensus state
I0902 17:01:17.460268 16056 tablet_service.cc:764] Processing CreateTablet for tablet bc88948776204095ba3e800689fff6f3 (table=test-table [id=b7f89f9ec9c0479b9fed277cd873ba0e]), partition=RANGE (c564) PARTITION 1879048164 <= VALUES < 1946157027
I0902 17:01:17.461480 15955 tablet.cc:1115] T 7ab6f1a0b8d2430c933828f8da2892f6 P 475a466ec8b44f39bbf6b23f10ebe15b: Alter schema from Schema [ 10:c564[int32 NOT NULL], 17:c875[int32 NULLABLE] ] version 9 to Schema [ 10:c564[int32 NOT NULL], 17:c875[int32 NULLABLE], 18:c335[int32 NOT NULL] ] version 10
I0902 17:01:17.461877 15955 tablet.cc:1067] T 7ab6f1a0b8d2430c933828f8da2892f6 P 475a466ec8b44f39bbf6b23f10ebe15b: Flush: entering stage 1 (old memrowset already frozen for inserts)
I0902 17:01:17.461915 15955 compaction.cc:902] Selected 1 rowsets to compact:
I0902 17:01:17.461932 15955 compaction.cc:905] memrowset(current size on disk: ~0 bytes)
I0902 17:01:17.461954 15955 tablet.cc:1069] T 7ab6f1a0b8d2430c933828f8da2892f6 P 475a466ec8b44f39bbf6b23f10ebe15b: Memstore in-memory size: 763 bytes
I0902 17:01:17.461983 15955 tablet.cc:1332] T 7ab6f1a0b8d2430c933828f8da2892f6 P 475a466ec8b44f39bbf6b23f10ebe15b: Flush: entering phase 1 (flushing snapshot). Phase 1 snapshot: MvccSnapshot[committed={T|T < 6161906390874124288}]
I0902 17:01:17.461992 16056 ts_tablet_manager.cc:943] T bc88948776204095ba3e800689fff6f3 P d28f0f3b8d0e429484dbeeb2d41b7d50: Registered tablet (data state: TABLET_DATA_READY)
I0902 17:01:17.462148 16013 ts_tablet_manager.cc:793] T bc88948776204095ba3e800689fff6f3 P d28f0f3b8d0e429484dbeeb2d41b7d50: Bootstrapping tablet
I0902 17:01:17.462218 16013 tablet_bootstrap.cc:433] T bc88948776204095ba3e800689fff6f3 P d28f0f3b8d0e429484dbeeb2d41b7d50: Bootstrap starting.
I0902 17:01:17.462898 15955 multi_column_writer.cc:103] Opened CFile writers for 3 column(s)
I0902 17:01:17.463398 16013 tablet_bootstrap.cc:568] T bc88948776204095ba3e800689fff6f3 P d28f0f3b8d0e429484dbeeb2d41b7d50: No blocks or log segments found. Creating new log.
I0902 17:01:17.464960 15430 tablet_service.cc:764] Processing CreateTablet for tablet bc88948776204095ba3e800689fff6f3 (table=test-table [id=b7f89f9ec9c0479b9fed277cd873ba0e]), partition=RANGE (c564) PARTITION 1879048164 <= VALUES < 1946157027
I0902 17:01:17.465653 15955 tablet.cc:1417] T 7ab6f1a0b8d2430c933828f8da2892f6 P 475a466ec8b44f39bbf6b23f10ebe15b: Flush: entering phase 2 (starting to duplicate updates in new rowsets)
I0902 17:01:17.465744 15955 tablet.cc:1472] T 7ab6f1a0b8d2430c933828f8da2892f6 P 475a466ec8b44f39bbf6b23f10ebe15b: Flush Phase 2: carrying over any updates which arrived during Phase 1
I0902 17:01:17.465755 15955 tablet.cc:1474] T 7ab6f1a0b8d2430c933828f8da2892f6 P 475a466ec8b44f39bbf6b23f10ebe15b: Phase 2 snapshot: MvccSnapshot[committed={T|T < 6161906390874124288}]
I0902 17:01:17.466660 15430 ts_tablet_manager.cc:943] T bc88948776204095ba3e800689fff6f3 P 81b89e30bd3e45e39b3bd3eca9d5f7c5: Registered tablet (data state: TABLET_DATA_READY)
I0902 17:01:17.466820 15950 ts_tablet_manager.cc:793] T bc88948776204095ba3e800689fff6f3 P 81b89e30bd3e45e39b3bd3eca9d5f7c5: Bootstrapping tablet
I0902 17:01:17.466876 15950 tablet_bootstrap.cc:433] T bc88948776204095ba3e800689fff6f3 P 81b89e30bd3e45e39b3bd3eca9d5f7c5: Bootstrap starting.
I0902 17:01:17.467259 15955 tablet.cc:1516] T 7ab6f1a0b8d2430c933828f8da2892f6 P 475a466ec8b44f39bbf6b23f10ebe15b: Flush successful on 3 rows (4655 bytes)
I0902 17:01:17.467530 15950 tablet_bootstrap.cc:568] T bc88948776204095ba3e800689fff6f3 P 81b89e30bd3e45e39b3bd3eca9d5f7c5: No blocks or log segments found. Creating new log.
I0902 17:01:17.467985 15841 tablet_service.cc:764] Processing CreateTablet for tablet bc88948776204095ba3e800689fff6f3 (table=test-table [id=b7f89f9ec9c0479b9fed277cd873ba0e]), partition=RANGE (c564) PARTITION 1879048164 <= VALUES < 1946157027
I0902 17:01:17.468755 15933 tablet.cc:1115] T 7ab6f1a0b8d2430c933828f8da2892f6 P 81b89e30bd3e45e39b3bd3eca9d5f7c5: Alter schema from Schema [ 10:c564[int32 NOT NULL], 17:c875[int32 NULLABLE] ] version 9 to Schema [ 10:c564[int32 NOT NULL], 17:c875[int32 NULLABLE], 18:c335[int32 NOT NULL] ] version 10
I0902 17:01:17.468984 15933 tablet.cc:1067] T 7ab6f1a0b8d2430c933828f8da2892f6 P 81b89e30bd3e45e39b3bd3eca9d5f7c5: Flush: entering stage 1 (old memrowset already frozen for inserts)
I0902 17:01:17.468996 15933 compaction.cc:902] Selected 1 rowsets to compact:
I0902 17:01:17.469000 15933 compaction.cc:905] memrowset(current size on disk: ~0 bytes)
I0902 17:01:17.469007 15933 tablet.cc:1069] T 7ab6f1a0b8d2430c933828f8da2892f6 P 81b89e30bd3e45e39b3bd3eca9d5f7c5: Memstore in-memory size: 763 bytes
I0902 17:01:17.469020 15933 tablet.cc:1332] T 7ab6f1a0b8d2430c933828f8da2892f6 P 81b89e30bd3e45e39b3bd3eca9d5f7c5: Flush: entering phase 1 (flushing snapshot). Phase 1 snapshot: MvccSnapshot[committed={T|T < 6161906390874124288}]
I0902 17:01:17.469617 15841 ts_tablet_manager.cc:943] T bc88948776204095ba3e800689fff6f3 P 475a466ec8b44f39bbf6b23f10ebe15b: Registered tablet (data state: TABLET_DATA_READY)
I0902 17:01:17.469625 15933 multi_column_writer.cc:103] Opened CFile writers for 3 column(s)
I0902 17:01:17.469759 15958 ts_tablet_manager.cc:793] T bc88948776204095ba3e800689fff6f3 P 475a466ec8b44f39bbf6b23f10ebe15b: Bootstrapping tablet
I0902 17:01:17.469815 15958 tablet_bootstrap.cc:433] T bc88948776204095ba3e800689fff6f3 P 475a466ec8b44f39bbf6b23f10ebe15b: Bootstrap starting.
I0902 17:01:17.470448 15958 tablet_bootstrap.cc:568] T bc88948776204095ba3e800689fff6f3 P 475a466ec8b44f39bbf6b23f10ebe15b: No blocks or log segments found. Creating new log.
I0902 17:01:17.472396 15933 tablet.cc:1417] T 7ab6f1a0b8d2430c933828f8da2892f6 P 81b89e30bd3e45e39b3bd3eca9d5f7c5: Flush: entering phase 2 (starting to duplicate updates in new rowsets)
I0902 17:01:17.472501 15933 tablet.cc:1472] T 7ab6f1a0b8d2430c933828f8da2892f6 P 81b89e30bd3e45e39b3bd3eca9d5f7c5: Flush Phase 2: carrying over any updates which arrived during Phase 1
I0902 17:01:17.472517 15933 tablet.cc:1474] T 7ab6f1a0b8d2430c933828f8da2892f6 P 81b89e30bd3e45e39b3bd3eca9d5f7c5: Phase 2 snapshot: MvccSnapshot[committed={T|T < 6161906390874124288}]
I0902 17:01:17.473049 16013 tablet_bootstrap.cc:433] T bc88948776204095ba3e800689fff6f3 P d28f0f3b8d0e429484dbeeb2d41b7d50: No bootstrap required, opened a new log
I0902 17:01:17.473111 16013 ts_tablet_manager.cc:818] T bc88948776204095ba3e800689fff6f3 P d28f0f3b8d0e429484dbeeb2d41b7d50: Time spent bootstrapping tablet: real 0.011s user 0.000s sys 0.000s
I0902 17:01:17.473506 16013 raft_consensus.cc:287] T bc88948776204095ba3e800689fff6f3 P d28f0f3b8d0e429484dbeeb2d41b7d50 [term 0 FOLLOWER]: Replica starting. Triggering 0 pending transactions. Active config: opid_index: -1 OBSOLETE_local: false peers { permanent_uuid: "d28f0f3b8d0e429484dbeeb2d41b7d50" member_type: VOTER last_known_addr { host: "127.58.208.1" port: 59914 } } peers { permanent_uuid: "475a466ec8b44f39bbf6b23f10ebe15b" member_type: VOTER last_known_addr { host: "127.58.208.2" port: 43231 } } peers { permanent_uuid: "81b89e30bd3e45e39b3bd3eca9d5f7c5" member_type: VOTER last_known_addr { host: "127.58.208.3" port: 42179 } }
I0902 17:01:17.473536 16013 raft_consensus.cc:313] T bc88948776204095ba3e800689fff6f3 P d28f0f3b8d0e429484dbeeb2d41b7d50 [term 0 FOLLOWER]: Consensus starting up: Expiring failure detector timer to make a prompt election more likely
I0902 17:01:17.473582 16013 raft_consensus.cc:576] T bc88948776204095ba3e800689fff6f3 P d28f0f3b8d0e429484dbeeb2d41b7d50 [term 0 FOLLOWER]: Becoming Follower/Learner. State: Replica: d28f0f3b8d0e429484dbeeb2d41b7d50, State: Initialized, Role: FOLLOWER
I0902 17:01:17.473618 16013 consensus_queue.cc:190] T bc88948776204095ba3e800689fff6f3 P d28f0f3b8d0e429484dbeeb2d41b7d50 [NON_LEADER]: Queue going to NON_LEADER mode. State: All replicated index: 0, Majority replicated index: 0, Committed index: 0, Last appended: 0.0, Last appended by leader: 0, Current term: 0, Majority size: -1, State: 0, Mode: NON_LEADER
I0902 17:01:17.473776 16013 ts_tablet_manager.cc:846] T bc88948776204095ba3e800689fff6f3 P d28f0f3b8d0e429484dbeeb2d41b7d50: Time spent starting tablet: real 0.001s user 0.000s sys 0.000s
I0902 17:01:17.474020 15933 tablet.cc:1516] T 7ab6f1a0b8d2430c933828f8da2892f6 P 81b89e30bd3e45e39b3bd3eca9d5f7c5: Flush successful on 3 rows (4665 bytes)
I0902 17:01:17.474556 15087 catalog_manager.cc:2462] TS d28f0f3b8d0e429484dbeeb2d41b7d50 (127.58.208.1:59914) does not have the latest schema for tablet bc88948776204095ba3e800689fff6f3 (table test-table [id=b7f89f9ec9c0479b9fed277cd873ba0e]). Expected version 10 got 0
I0902 17:01:17.474727 15087 catalog_manager.cc:2943] Scheduling retry of bc88948776204095ba3e800689fff6f3 (table test-table [id=b7f89f9ec9c0479b9fed277cd873ba0e]) Alter Table RPC with a delay of 48 ms (attempt = 0)
W0902 17:01:17.474763 15087 catalog_manager.cc:3482] Failed to send alter table request: Not found: Failed to reset TS proxy: No leader found: Tablet bc88948776204095ba3e800689fff6f3 consensus state has no leader
I0902 17:01:17.476274 16129 tablet.cc:1115] T 7ab6f1a0b8d2430c933828f8da2892f6 P d28f0f3b8d0e429484dbeeb2d41b7d50: Alter schema from Schema [ 10:c564[int32 NOT NULL], 17:c875[int32 NULLABLE] ] version 9 to Schema [ 10:c564[int32 NOT NULL], 17:c875[int32 NULLABLE], 18:c335[int32 NOT NULL] ] version 10
I0902 17:01:17.476539 16129 tablet.cc:1067] T 7ab6f1a0b8d2430c933828f8da2892f6 P d28f0f3b8d0e429484dbeeb2d41b7d50: Flush: entering stage 1 (old memrowset already frozen for inserts)
I0902 17:01:17.476552 16129 compaction.cc:902] Selected 1 rowsets to compact:
I0902 17:01:17.476557 16129 compaction.cc:905] memrowset(current size on disk: ~0 bytes)
I0902 17:01:17.476564 16129 tablet.cc:1069] T 7ab6f1a0b8d2430c933828f8da2892f6 P d28f0f3b8d0e429484dbeeb2d41b7d50: Memstore in-memory size: 763 bytes
I0902 17:01:17.476577 16129 tablet.cc:1332] T 7ab6f1a0b8d2430c933828f8da2892f6 P d28f0f3b8d0e429484dbeeb2d41b7d50: Flush: entering phase 1 (flushing snapshot). Phase 1 snapshot: MvccSnapshot[committed={T|T < 6161906390874124288}]
I0902 17:01:17.476732 15958 tablet_bootstrap.cc:433] T bc88948776204095ba3e800689fff6f3 P 475a466ec8b44f39bbf6b23f10ebe15b: No bootstrap required, opened a new log
I0902 17:01:17.476781 15958 ts_tablet_manager.cc:818] T bc88948776204095ba3e800689fff6f3 P 475a466ec8b44f39bbf6b23f10ebe15b: Time spent bootstrapping tablet: real 0.007s user 0.004s sys 0.000s
I0902 17:01:17.477119 15958 raft_consensus.cc:287] T bc88948776204095ba3e800689fff6f3 P 475a466ec8b44f39bbf6b23f10ebe15b [term 0 FOLLOWER]: Replica starting. Triggering 0 pending transactions. Active config: opid_index: -1 OBSOLETE_local: false peers { permanent_uuid: "d28f0f3b8d0e429484dbeeb2d41b7d50" member_type: VOTER last_known_addr { host: "127.58.208.1" port: 59914 } } peers { permanent_uuid: "475a466ec8b44f39bbf6b23f10ebe15b" member_type: VOTER last_known_addr { host: "127.58.208.2" port: 43231 } } peers { permanent_uuid: "81b89e30bd3e45e39b3bd3eca9d5f7c5" member_type: VOTER last_known_addr { host: "127.58.208.3" port: 42179 } }
I0902 17:01:17.477138 15958 raft_consensus.cc:313] T bc88948776204095ba3e800689fff6f3 P 475a466ec8b44f39bbf6b23f10ebe15b [term 0 FOLLOWER]: Consensus starting up: Expiring failure detector timer to make a prompt election more likely
I0902 17:01:17.477176 15958 raft_consensus.cc:576] T bc88948776204095ba3e800689fff6f3 P 475a466ec8b44f39bbf6b23f10ebe15b [term 0 FOLLOWER]: Becoming Follower/Learner. State: Replica: 475a466ec8b44f39bbf6b23f10ebe15b, State: Initialized, Role: FOLLOWER
I0902 17:01:17.477208 15958 consensus_queue.cc:190] T bc88948776204095ba3e800689fff6f3 P 475a466ec8b44f39bbf6b23f10ebe15b [NON_LEADER]: Queue going to NON_LEADER mode. State: All replicated index: 0, Majority replicated index: 0, Committed index: 0, Last appended: 0.0, Last appended by leader: 0, Current term: 0, Majority size: -1, State: 0, Mode: NON_LEADER
I0902 17:01:17.477283 16129 multi_column_writer.cc:103] Opened CFile writers for 3 column(s)
I0902 17:01:17.477367 15958 ts_tablet_manager.cc:846] T bc88948776204095ba3e800689fff6f3 P 475a466ec8b44f39bbf6b23f10ebe15b: Time spent starting tablet: real 0.001s user 0.000s sys 0.000s
I0902 17:01:17.478101 15086 catalog_manager.cc:2462] TS 475a466ec8b44f39bbf6b23f10ebe15b (127.58.208.2:43231) does not have the latest schema for tablet bc88948776204095ba3e800689fff6f3 (table test-table [id=b7f89f9ec9c0479b9fed277cd873ba0e]). Expected version 10 got 0
I0902 17:01:17.478240 15086 catalog_manager.cc:2943] Scheduling retry of bc88948776204095ba3e800689fff6f3 (table test-table [id=b7f89f9ec9c0479b9fed277cd873ba0e]) Alter Table RPC with a delay of 9 ms (attempt = 0)
W0902 17:01:17.478271 15086 catalog_manager.cc:3482] Failed to send alter table request: Not found: Failed to reset TS proxy: No leader found: Tablet bc88948776204095ba3e800689fff6f3 consensus state has no leader
I0902 17:01:17.478739 15950 tablet_bootstrap.cc:433] T bc88948776204095ba3e800689fff6f3 P 81b89e30bd3e45e39b3bd3eca9d5f7c5: No bootstrap required, opened a new log
I0902 17:01:17.478790 15950 ts_tablet_manager.cc:818] T bc88948776204095ba3e800689fff6f3 P 81b89e30bd3e45e39b3bd3eca9d5f7c5: Time spent bootstrapping tablet: real 0.012s user 0.000s sys 0.000s
I0902 17:01:17.479107 15950 raft_consensus.cc:287] T bc88948776204095ba3e800689fff6f3 P 81b89e30bd3e45e39b3bd3eca9d5f7c5 [term 0 FOLLOWER]: Replica starting. Triggering 0 pending transactions. Active config: opid_index: -1 OBSOLETE_local: false peers { permanent_uuid: "d28f0f3b8d0e429484dbeeb2d41b7d50" member_type: VOTER last_known_addr { host: "127.58.208.1" port: 59914 } } peers { permanent_uuid: "475a466ec8b44f39bbf6b23f10ebe15b" member_type: VOTER last_known_addr { host: "127.58.208.2" port: 43231 } } peers { permanent_uuid: "81b89e30bd3e45e39b3bd3eca9d5f7c5" member_type: VOTER last_known_addr { host: "127.58.208.3" port: 42179 } }
I0902 17:01:17.479123 15950 raft_consensus.cc:313] T bc88948776204095ba3e800689fff6f3 P 81b89e30bd3e45e39b3bd3eca9d5f7c5 [term 0 FOLLOWER]: Consensus starting up: Expiring failure detector timer to make a prompt election more likely
I0902 17:01:17.479166 15950 raft_consensus.cc:576] T bc88948776204095ba3e800689fff6f3 P 81b89e30bd3e45e39b3bd3eca9d5f7c5 [term 0 FOLLOWER]: Becoming Follower/Learner. State: Replica: 81b89e30bd3e45e39b3bd3eca9d5f7c5, State: Initialized, Role: FOLLOWER
I0902 17:01:17.479193 15950 consensus_queue.cc:190] T bc88948776204095ba3e800689fff6f3 P 81b89e30bd3e45e39b3bd3eca9d5f7c5 [NON_LEADER]: Queue going to NON_LEADER mode. State: All replicated index: 0, Majority replicated index: 0, Committed index: 0, Last appended: 0.0, Last appended by leader: 0, Current term: 0, Majority size: -1, State: 0, Mode: NON_LEADER
I0902 17:01:17.479326 15950 ts_tablet_manager.cc:846] T bc88948776204095ba3e800689fff6f3 P 81b89e30bd3e45e39b3bd3eca9d5f7c5: Time spent starting tablet: real 0.001s user 0.000s sys 0.000s
I0902 17:01:17.479878 15086 catalog_manager.cc:2462] TS 81b89e30bd3e45e39b3bd3eca9d5f7c5 (127.58.208.3:42179) does not have the latest schema for tablet bc88948776204095ba3e800689fff6f3 (table test-table [id=b7f89f9ec9c0479b9fed277cd873ba0e]). Expected version 10 got 0
I0902 17:01:17.480001 15086 catalog_manager.cc:2943] Scheduling retry of bc88948776204095ba3e800689fff6f3 (table test-table [id=b7f89f9ec9c0479b9fed277cd873ba0e]) Alter Table RPC with a delay of 14 ms (attempt = 0)
W0902 17:01:17.480031 15086 catalog_manager.cc:3482] Failed to send alter table request: Not found: Failed to reset TS proxy: No leader found: Tablet bc88948776204095ba3e800689fff6f3 consensus state has no leader
I0902 17:01:17.481544 16129 tablet.cc:1417] T 7ab6f1a0b8d2430c933828f8da2892f6 P d28f0f3b8d0e429484dbeeb2d41b7d50: Flush: entering phase 2 (starting to duplicate updates in new rowsets)
I0902 17:01:17.481652 16129 tablet.cc:1472] T 7ab6f1a0b8d2430c933828f8da2892f6 P d28f0f3b8d0e429484dbeeb2d41b7d50: Flush Phase 2: carrying over any updates which arrived during Phase 1
I0902 17:01:17.481669 16129 tablet.cc:1474] T 7ab6f1a0b8d2430c933828f8da2892f6 P d28f0f3b8d0e429484dbeeb2d41b7d50: Phase 2 snapshot: MvccSnapshot[committed={T|T < 6161906390874124288}]
I0902 17:01:17.482842 16129 tablet.cc:1516] T 7ab6f1a0b8d2430c933828f8da2892f6 P d28f0f3b8d0e429484dbeeb2d41b7d50: Flush successful on 3 rows (4650 bytes)
I0902 17:01:17.487468 15070 catalog_manager.cc:2943] Scheduling retry of bc88948776204095ba3e800689fff6f3 (table test-table [id=b7f89f9ec9c0479b9fed277cd873ba0e]) Alter Table RPC with a delay of 12 ms (attempt = 0)
W0902 17:01:17.487495 15070 catalog_manager.cc:2962] Async tablet task bc88948776204095ba3e800689fff6f3 (table test-table [id=b7f89f9ec9c0479b9fed277cd873ba0e]) Alter Table RPC failed: Not found: Failed to reset TS proxy: No leader found: Tablet bc88948776204095ba3e800689fff6f3 consensus state has no leader
