I0902 17:01:11.573364 15560 consensus_queue.cc:169] T 9f366aa97726498baf85962d42d8adc1 P d28f0f3b8d0e429484dbeeb2d41b7d50 [LEADER]: Queue going to LEADER mode. State: All replicated index: 0, Majority replicated index: 0, Committed index: 0, Last appended: 0.0, Last appended by leader: 0, Current term: 1, Majority size: 2, State: 0, Mode: LEADER, active raft config: opid_index: -1 OBSOLETE_local: false peers { permanent_uuid: "d28f0f3b8d0e429484dbeeb2d41b7d50" member_type: VOTER last_known_addr { host: "127.58.208.1" port: 59914 } } peers { permanent_uuid: "475a466ec8b44f39bbf6b23f10ebe15b" member_type: VOTER last_known_addr { host: "127.58.208.2" port: 43231 } } peers { permanent_uuid: "81b89e30bd3e45e39b3bd3eca9d5f7c5" member_type: VOTER last_known_addr { host: "127.58.208.3" port: 42179 } }
I0902 17:01:11.573546 15088 catalog_manager.cc:2462] TS 81b89e30bd3e45e39b3bd3eca9d5f7c5 (127.58.208.3:42179) does not have the latest schema for tablet 9f4cb90394fc4b4a882d628f66c932d9 (table test-table [id=b7f89f9ec9c0479b9fed277cd873ba0e]). Expected version 3 got 0
I0902 17:01:11.573909 15087 catalog_manager.cc:2462] TS 475a466ec8b44f39bbf6b23f10ebe15b (127.58.208.2:43231) does not have the latest schema for tablet 9f4cb90394fc4b4a882d628f66c932d9 (table test-table [id=b7f89f9ec9c0479b9fed277cd873ba0e]). Expected version 3 got 0
I0902 17:01:11.574193 15533 tablet.cc:1115] T 9f4cb90394fc4b4a882d628f66c932d9 P d28f0f3b8d0e429484dbeeb2d41b7d50: Alter schema from Schema [ 10:key[int32 NOT NULL] ] version 0 to Schema [ 10:key[int32 NOT NULL] ] version 3
I0902 17:01:11.574872 15532 tablet.cc:1115] T 9f4cb90394fc4b4a882d628f66c932d9 P 475a466ec8b44f39bbf6b23f10ebe15b: Alter schema from Schema [ 10:key[int32 NOT NULL] ] version 0 to Schema [ 10:key[int32 NOT NULL] ] version 3
I0902 17:01:11.575824 15530 tablet.cc:1115] T 9f4cb90394fc4b4a882d628f66c932d9 P 81b89e30bd3e45e39b3bd3eca9d5f7c5: Alter schema from Schema [ 10:key[int32 NOT NULL] ] version 0 to Schema [ 10:key[int32 NOT NULL] ] version 3
I0902 17:01:11.576347 15087 catalog_manager.cc:2462] TS 81b89e30bd3e45e39b3bd3eca9d5f7c5 (127.58.208.3:42179) does not have the latest schema for tablet 9f4cb90394fc4b4a882d628f66c932d9 (table test-table [id=b7f89f9ec9c0479b9fed277cd873ba0e]). Expected version 3 got 0
I0902 17:01:11.577358 15070 catalog_manager.cc:2943] Scheduling retry of 9f366aa97726498baf85962d42d8adc1 (table test-table [id=b7f89f9ec9c0479b9fed277cd873ba0e]) Alter Table RPC with a delay of 28 ms (attempt = 0)
W0902 17:01:11.577391 15070 catalog_manager.cc:2962] Async tablet task 9f366aa97726498baf85962d42d8adc1 (table test-table [id=b7f89f9ec9c0479b9fed277cd873ba0e]) Alter Table RPC failed: Not found: Failed to reset TS proxy: No leader found: Tablet 9f366aa97726498baf85962d42d8adc1 consensus state has no leader
I0902 17:01:11.577941 15087 catalog_manager.cc:2462] TS d28f0f3b8d0e429484dbeeb2d41b7d50 (127.58.208.1:59914) does not have the latest schema for tablet 9f366aa97726498baf85962d42d8adc1 (table test-table [id=b7f89f9ec9c0479b9fed277cd873ba0e]). Expected version 3 got 0
I0902 17:01:11.578061 15087 catalog_manager.cc:2571] T 9f366aa97726498baf85962d42d8adc1 reported cstate change: term changed from 0 to 1, leader changed from to d28f0f3b8d0e429484dbeeb2d41b7d50 (127.58.208.1). New cstate: current_term: 1 leader_uuid: "d28f0f3b8d0e429484dbeeb2d41b7d50" committed_config { opid_index: -1 OBSOLETE_local: false peers { permanent_uuid: "d28f0f3b8d0e429484dbeeb2d41b7d50" member_type: VOTER last_known_addr { host: "127.58.208.1" port: 59914 } } peers { permanent_uuid: "475a466ec8b44f39bbf6b23f10ebe15b" member_type: VOTER last_known_addr { host: "127.58.208.2" port: 43231 } } peers { permanent_uuid: "81b89e30bd3e45e39b3bd3eca9d5f7c5" member_type: VOTER last_known_addr { host: "127.58.208.3" port: 42179 } } }
I0902 17:01:11.579152 15533 tablet.cc:1110] T 9f4cb90394fc4b4a882d628f66c932d9 P d28f0f3b8d0e429484dbeeb2d41b7d50: Already running schema version 3 got alter request for version 3
I0902 17:01:11.579558 15532 tablet.cc:1110] T 9f4cb90394fc4b4a882d628f66c932d9 P 475a466ec8b44f39bbf6b23f10ebe15b: Already running schema version 3 got alter request for version 3
I0902 17:01:11.581353 15530 tablet.cc:1110] T 9f4cb90394fc4b4a882d628f66c932d9 P 81b89e30bd3e45e39b3bd3eca9d5f7c5: Already running schema version 3 got alter request for version 3
I0902 17:01:11.582375 15452 raft_consensus.cc:964] T 9f366aa97726498baf85962d42d8adc1 P 81b89e30bd3e45e39b3bd3eca9d5f7c5 [term 1 FOLLOWER]: Refusing update from remote peer d28f0f3b8d0e429484dbeeb2d41b7d50: Log matching property violated. Preceding OpId in replica: term: 0 index: 0. Preceding OpId from leader: term: 1 index: 2. (index mismatch)
I0902 17:01:11.582474 15330 raft_consensus.cc:964] T 9f366aa97726498baf85962d42d8adc1 P 475a466ec8b44f39bbf6b23f10ebe15b [term 1 FOLLOWER]: Refusing update from remote peer d28f0f3b8d0e429484dbeeb2d41b7d50: Log matching property violated. Preceding OpId in replica: term: 0 index: 0. Preceding OpId from leader: term: 1 index: 2. (index mismatch)
I0902 17:01:11.582696 15517 consensus_queue.cc:741] T 9f366aa97726498baf85962d42d8adc1 P d28f0f3b8d0e429484dbeeb2d41b7d50 [LEADER]: Connected to new peer: Peer: 81b89e30bd3e45e39b3bd3eca9d5f7c5, Is new: false, Last received: 0.0, Next index: 1, Last known committed idx: 0, Last exchange result: ERROR, Needs tablet copy: false
I0902 17:01:11.582756 15564 consensus_queue.cc:741] T 9f366aa97726498baf85962d42d8adc1 P d28f0f3b8d0e429484dbeeb2d41b7d50 [LEADER]: Connected to new peer: Peer: 475a466ec8b44f39bbf6b23f10ebe15b, Is new: false, Last received: 0.0, Next index: 1, Last known committed idx: 0, Last exchange result: ERROR, Needs tablet copy: false
I0902 17:01:11.584200 15088 catalog_manager.cc:2462] TS 81b89e30bd3e45e39b3bd3eca9d5f7c5 (127.58.208.3:42179) does not have the latest schema for tablet 9f366aa97726498baf85962d42d8adc1 (table test-table [id=b7f89f9ec9c0479b9fed277cd873ba0e]). Expected version 3 got 0
I0902 17:01:11.584388 15533 tablet.cc:1115] T 9f366aa97726498baf85962d42d8adc1 P d28f0f3b8d0e429484dbeeb2d41b7d50: Alter schema from Schema [ 10:key[int32 NOT NULL] ] version 0 to Schema [ 10:key[int32 NOT NULL] ] version 3
I0902 17:01:11.584995 15088 catalog_manager.cc:2462] TS 475a466ec8b44f39bbf6b23f10ebe15b (127.58.208.2:43231) does not have the latest schema for tablet 9f366aa97726498baf85962d42d8adc1 (table test-table [id=b7f89f9ec9c0479b9fed277cd873ba0e]). Expected version 3 got 0
I0902 17:01:11.585430 15532 tablet.cc:1115] T 9f366aa97726498baf85962d42d8adc1 P 475a466ec8b44f39bbf6b23f10ebe15b: Alter schema from Schema [ 10:key[int32 NOT NULL] ] version 0 to Schema [ 10:key[int32 NOT NULL] ] version 3
I0902 17:01:11.585479 15530 tablet.cc:1115] T 9f366aa97726498baf85962d42d8adc1 P 81b89e30bd3e45e39b3bd3eca9d5f7c5: Alter schema from Schema [ 10:key[int32 NOT NULL] ] version 0 to Schema [ 10:key[int32 NOT NULL] ] version 3
I0902 17:01:11.586387 15088 catalog_manager.cc:2462] TS 81b89e30bd3e45e39b3bd3eca9d5f7c5 (127.58.208.3:42179) does not have the latest schema for tablet 9f366aa97726498baf85962d42d8adc1 (table test-table [id=b7f89f9ec9c0479b9fed277cd873ba0e]). Expected version 3 got 0
I0902 17:01:11.587962 15533 tablet.cc:1110] T 9f366aa97726498baf85962d42d8adc1 P d28f0f3b8d0e429484dbeeb2d41b7d50: Already running schema version 3 got alter request for version 3
I0902 17:01:11.588546 15070 catalog_manager.cc:2943] Scheduling retry of eab66cb8a35a4399936ca49988b0131d (table test-table [id=b7f89f9ec9c0479b9fed277cd873ba0e]) Alter Table RPC with a delay of 22 ms (attempt = 0)
W0902 17:01:11.588573 15070 catalog_manager.cc:2962] Async tablet task eab66cb8a35a4399936ca49988b0131d (table test-table [id=b7f89f9ec9c0479b9fed277cd873ba0e]) Alter Table RPC failed: Not found: Failed to reset TS proxy: No leader found: Tablet eab66cb8a35a4399936ca49988b0131d consensus state has no leader
I0902 17:01:11.588636 15530 tablet.cc:1110] T 9f366aa97726498baf85962d42d8adc1 P 81b89e30bd3e45e39b3bd3eca9d5f7c5: Already running schema version 3 got alter request for version 3
I0902 17:01:11.588650 15532 tablet.cc:1110] T 9f366aa97726498baf85962d42d8adc1 P 475a466ec8b44f39bbf6b23f10ebe15b: Already running schema version 3 got alter request for version 3
I0902 17:01:11.589395 15072 catalog_manager.cc:2943] Scheduling retry of eab66cb8a35a4399936ca49988b0131d (table test-table [id=b7f89f9ec9c0479b9fed277cd873ba0e]) Alter Table RPC with a delay of 29 ms (attempt = 0)
W0902 17:01:11.589417 15072 catalog_manager.cc:2962] Async tablet task eab66cb8a35a4399936ca49988b0131d (table test-table [id=b7f89f9ec9c0479b9fed277cd873ba0e]) Alter Table RPC failed: Not found: Failed to reset TS proxy: No leader found: Tablet eab66cb8a35a4399936ca49988b0131d consensus state has no leader
I0902 17:01:11.600975 15073 catalog_manager.cc:2943] Scheduling retry of eab66cb8a35a4399936ca49988b0131d (table test-table [id=b7f89f9ec9c0479b9fed277cd873ba0e]) Alter Table RPC with a delay of 29 ms (attempt = 0)
W0902 17:01:11.600999 15073 catalog_manager.cc:2962] Async tablet task eab66cb8a35a4399936ca49988b0131d (table test-table [id=b7f89f9ec9c0479b9fed277cd873ba0e]) Alter Table RPC failed: Not found: Failed to reset TS proxy: No leader found: Tablet eab66cb8a35a4399936ca49988b0131d consensus state has no leader
I0902 17:01:11.611193 15070 catalog_manager.cc:2943] Scheduling retry of eab66cb8a35a4399936ca49988b0131d (table test-table [id=b7f89f9ec9c0479b9fed277cd873ba0e]) Alter Table RPC with a delay of 26 ms (attempt = 0)
W0902 17:01:11.611218 15070 catalog_manager.cc:2962] Async tablet task eab66cb8a35a4399936ca49988b0131d (table test-table [id=b7f89f9ec9c0479b9fed277cd873ba0e]) Alter Table RPC failed: Not found: Failed to reset TS proxy: No leader found: Tablet eab66cb8a35a4399936ca49988b0131d consensus state has no leader
I0902 17:01:11.611418 15072 catalog_manager.cc:2943] Scheduling retry of eab66cb8a35a4399936ca49988b0131d (table test-table [id=b7f89f9ec9c0479b9fed277cd873ba0e]) Alter Table RPC with a delay of 54 ms (attempt = 0)
W0902 17:01:11.611443 15072 catalog_manager.cc:2962] Async tablet task eab66cb8a35a4399936ca49988b0131d (table test-table [id=b7f89f9ec9c0479b9fed277cd873ba0e]) Alter Table RPC failed: Not found: Failed to reset TS proxy: No leader found: Tablet eab66cb8a35a4399936ca49988b0131d consensus state has no leader
I0902 17:01:11.618639 15072 catalog_manager.cc:2943] Scheduling retry of eab66cb8a35a4399936ca49988b0131d (table test-table [id=b7f89f9ec9c0479b9fed277cd873ba0e]) Alter Table RPC with a delay of 42 ms (attempt = 0)
W0902 17:01:11.618664 15072 catalog_manager.cc:2962] Async tablet task eab66cb8a35a4399936ca49988b0131d (table test-table [id=b7f89f9ec9c0479b9fed277cd873ba0e]) Alter Table RPC failed: Not found: Failed to reset TS proxy: No leader found: Tablet eab66cb8a35a4399936ca49988b0131d consensus state has no leader
I0902 17:01:11.630820 15073 catalog_manager.cc:2943] Scheduling retry of eab66cb8a35a4399936ca49988b0131d (table test-table [id=b7f89f9ec9c0479b9fed277cd873ba0e]) Alter Table RPC with a delay of 41 ms (attempt = 0)
W0902 17:01:11.630846 15073 catalog_manager.cc:2962] Async tablet task eab66cb8a35a4399936ca49988b0131d (table test-table [id=b7f89f9ec9c0479b9fed277cd873ba0e]) Alter Table RPC failed: Not found: Failed to reset TS proxy: No leader found: Tablet eab66cb8a35a4399936ca49988b0131d consensus state has no leader
I0902 17:01:11.637874 15070 catalog_manager.cc:2943] Scheduling retry of eab66cb8a35a4399936ca49988b0131d (table test-table [id=b7f89f9ec9c0479b9fed277cd873ba0e]) Alter Table RPC with a delay of 22 ms (attempt = 0)
W0902 17:01:11.637899 15070 catalog_manager.cc:2962] Async tablet task eab66cb8a35a4399936ca49988b0131d (table test-table [id=b7f89f9ec9c0479b9fed277cd873ba0e]) Alter Table RPC failed: Not found: Failed to reset TS proxy: No leader found: Tablet eab66cb8a35a4399936ca49988b0131d consensus state has no leader
I0902 17:01:11.660164 15070 catalog_manager.cc:2943] Scheduling retry of eab66cb8a35a4399936ca49988b0131d (table test-table [id=b7f89f9ec9c0479b9fed277cd873ba0e]) Alter Table RPC with a delay of 25 ms (attempt = 0)
W0902 17:01:11.660190 15070 catalog_manager.cc:2962] Async tablet task eab66cb8a35a4399936ca49988b0131d (table test-table [id=b7f89f9ec9c0479b9fed277cd873ba0e]) Alter Table RPC failed: Not found: Failed to reset TS proxy: No leader found: Tablet eab66cb8a35a4399936ca49988b0131d consensus state has no leader
I0902 17:01:11.660853 15072 catalog_manager.cc:2943] Scheduling retry of eab66cb8a35a4399936ca49988b0131d (table test-table [id=b7f89f9ec9c0479b9fed277cd873ba0e]) Alter Table RPC with a delay of 55 ms (attempt = 0)
W0902 17:01:11.660879 15072 catalog_manager.cc:2962] Async tablet task eab66cb8a35a4399936ca49988b0131d (table test-table [id=b7f89f9ec9c0479b9fed277cd873ba0e]) Alter Table RPC failed: Not found: Failed to reset TS proxy: No leader found: Tablet eab66cb8a35a4399936ca49988b0131d consensus state has no leader
I0902 17:01:11.666040 15072 catalog_manager.cc:2943] Scheduling retry of eab66cb8a35a4399936ca49988b0131d (table test-table [id=b7f89f9ec9c0479b9fed277cd873ba0e]) Alter Table RPC with a delay of 8 ms (attempt = 0)
W0902 17:01:11.666055 15072 catalog_manager.cc:2962] Async tablet task eab66cb8a35a4399936ca49988b0131d (table test-table [id=b7f89f9ec9c0479b9fed277cd873ba0e]) Alter Table RPC failed: Not found: Failed to reset TS proxy: No leader found: Tablet eab66cb8a35a4399936ca49988b0131d consensus state has no leader
I0902 17:01:11.672019 15073 catalog_manager.cc:2943] Scheduling retry of eab66cb8a35a4399936ca49988b0131d (table test-table [id=b7f89f9ec9c0479b9fed277cd873ba0e]) Alter Table RPC with a delay of 25 ms (attempt = 0)
W0902 17:01:11.672039 15073 catalog_manager.cc:2962] Async tablet task eab66cb8a35a4399936ca49988b0131d (table test-table [id=b7f89f9ec9c0479b9fed277cd873ba0e]) Alter Table RPC failed: Not found: Failed to reset TS proxy: No leader found: Tablet eab66cb8a35a4399936ca49988b0131d consensus state has no leader
I0902 17:01:11.674212 15072 catalog_manager.cc:2943] Scheduling retry of eab66cb8a35a4399936ca49988b0131d (table test-table [id=b7f89f9ec9c0479b9fed277cd873ba0e]) Alter Table RPC with a delay of 32 ms (attempt = 0)
W0902 17:01:11.674226 15072 catalog_manager.cc:2962] Async tablet task eab66cb8a35a4399936ca49988b0131d (table test-table [id=b7f89f9ec9c0479b9fed277cd873ba0e]) Alter Table RPC failed: Not found: Failed to reset TS proxy: No leader found: Tablet eab66cb8a35a4399936ca49988b0131d consensus state has no leader
I0902 17:01:11.685374 15070 catalog_manager.cc:2943] Scheduling retry of eab66cb8a35a4399936ca49988b0131d (table test-table [id=b7f89f9ec9c0479b9fed277cd873ba0e]) Alter Table RPC with a delay of 43 ms (attempt = 0)
W0902 17:01:11.685402 15070 catalog_manager.cc:2962] Async tablet task eab66cb8a35a4399936ca49988b0131d (table test-table [id=b7f89f9ec9c0479b9fed277cd873ba0e]) Alter Table RPC failed: Not found: Failed to reset TS proxy: No leader found: Tablet eab66cb8a35a4399936ca49988b0131d consensus state has no leader
I0902 17:01:11.697340 15073 catalog_manager.cc:2943] Scheduling retry of eab66cb8a35a4399936ca49988b0131d (table test-table [id=b7f89f9ec9c0479b9fed277cd873ba0e]) Alter Table RPC with a delay of 41 ms (attempt = 0)
W0902 17:01:11.697362 15073 catalog_manager.cc:2962] Async tablet task eab66cb8a35a4399936ca49988b0131d (table test-table [id=b7f89f9ec9c0479b9fed277cd873ba0e]) Alter Table RPC failed: Not found: Failed to reset TS proxy: No leader found: Tablet eab66cb8a35a4399936ca49988b0131d consensus state has no leader
I0902 17:01:11.706533 15072 catalog_manager.cc:2943] Scheduling retry of eab66cb8a35a4399936ca49988b0131d (table test-table [id=b7f89f9ec9c0479b9fed277cd873ba0e]) Alter Table RPC with a delay of 48 ms (attempt = 0)
W0902 17:01:11.706559 15072 catalog_manager.cc:2962] Async tablet task eab66cb8a35a4399936ca49988b0131d (table test-table [id=b7f89f9ec9c0479b9fed277cd873ba0e]) Alter Table RPC failed: Not found: Failed to reset TS proxy: No leader found: Tablet eab66cb8a35a4399936ca49988b0131d consensus state has no leader
I0902 17:01:11.716723 15072 catalog_manager.cc:2943] Scheduling retry of eab66cb8a35a4399936ca49988b0131d (table test-table [id=b7f89f9ec9c0479b9fed277cd873ba0e]) Alter Table RPC with a delay of 15 ms (attempt = 0)
W0902 17:01:11.716738 15072 catalog_manager.cc:2962] Async tablet task eab66cb8a35a4399936ca49988b0131d (table test-table [id=b7f89f9ec9c0479b9fed277cd873ba0e]) Alter Table RPC failed: Not found: Failed to reset TS proxy: No leader found: Tablet eab66cb8a35a4399936ca49988b0131d consensus state has no leader
I0902 17:01:11.729336 15070 catalog_manager.cc:2943] Scheduling retry of eab66cb8a35a4399936ca49988b0131d (table test-table [id=b7f89f9ec9c0479b9fed277cd873ba0e]) Alter Table RPC with a delay of 40 ms (attempt = 0)
W0902 17:01:11.729362 15070 catalog_manager.cc:2962] Async tablet task eab66cb8a35a4399936ca49988b0131d (table test-table [id=b7f89f9ec9c0479b9fed277cd873ba0e]) Alter Table RPC failed: Not found: Failed to reset TS proxy: No leader found: Tablet eab66cb8a35a4399936ca49988b0131d consensus state has no leader
I0902 17:01:11.731911 15072 catalog_manager.cc:2943] Scheduling retry of eab66cb8a35a4399936ca49988b0131d (table test-table [id=b7f89f9ec9c0479b9fed277cd873ba0e]) Alter Table RPC with a delay of 57 ms (attempt = 0)
W0902 17:01:11.731935 15072 catalog_manager.cc:2962] Async tablet task eab66cb8a35a4399936ca49988b0131d (table test-table [id=b7f89f9ec9c0479b9fed277cd873ba0e]) Alter Table RPC failed: Not found: Failed to reset TS proxy: No leader found: Tablet eab66cb8a35a4399936ca49988b0131d consensus state has no leader
I0902 17:01:11.738525 15073 catalog_manager.cc:2943] Scheduling retry of eab66cb8a35a4399936ca49988b0131d (table test-table [id=b7f89f9ec9c0479b9fed277cd873ba0e]) Alter Table RPC with a delay of 37 ms (attempt = 0)
W0902 17:01:11.738545 15073 catalog_manager.cc:2962] Async tablet task eab66cb8a35a4399936ca49988b0131d (table test-table [id=b7f89f9ec9c0479b9fed277cd873ba0e]) Alter Table RPC failed: Not found: Failed to reset TS proxy: No leader found: Tablet eab66cb8a35a4399936ca49988b0131d consensus state has no leader
I0902 17:01:11.755102 15072 catalog_manager.cc:2943] Scheduling retry of eab66cb8a35a4399936ca49988b0131d (table test-table [id=b7f89f9ec9c0479b9fed277cd873ba0e]) Alter Table RPC with a delay of 31 ms (attempt = 0)
W0902 17:01:11.755120 15072 catalog_manager.cc:2962] Async tablet task eab66cb8a35a4399936ca49988b0131d (table test-table [id=b7f89f9ec9c0479b9fed277cd873ba0e]) Alter Table RPC failed: Not found: Failed to reset TS proxy: No leader found: Tablet eab66cb8a35a4399936ca49988b0131d consensus state has no leader
I0902 17:01:11.769644 15070 catalog_manager.cc:2943] Scheduling retry of eab66cb8a35a4399936ca49988b0131d (table test-table [id=b7f89f9ec9c0479b9fed277cd873ba0e]) Alter Table RPC with a delay of 48 ms (attempt = 0)
W0902 17:01:11.769671 15070 catalog_manager.cc:2962] Async tablet task eab66cb8a35a4399936ca49988b0131d (table test-table [id=b7f89f9ec9c0479b9fed277cd873ba0e]) Alter Table RPC failed: Not found: Failed to reset TS proxy: No leader found: Tablet eab66cb8a35a4399936ca49988b0131d consensus state has no leader
I0902 17:01:11.775728 15073 catalog_manager.cc:2943] Scheduling retry of eab66cb8a35a4399936ca49988b0131d (table test-table [id=b7f89f9ec9c0479b9fed277cd873ba0e]) Alter Table RPC with a delay of 50 ms (attempt = 0)
W0902 17:01:11.775754 15073 catalog_manager.cc:2962] Async tablet task eab66cb8a35a4399936ca49988b0131d (table test-table [id=b7f89f9ec9c0479b9fed277cd873ba0e]) Alter Table RPC failed: Not found: Failed to reset TS proxy: No leader found: Tablet eab66cb8a35a4399936ca49988b0131d consensus state has no leader
I0902 17:01:11.783788 15531 raft_consensus.cc:412] T eab66cb8a35a4399936ca49988b0131d P 81b89e30bd3e45e39b3bd3eca9d5f7c5 [term 0 FOLLOWER]: Starting pre-election (no leader contacted us within the election timeout)
I0902 17:01:11.783833 15531 raft_consensus.cc:2456] T eab66cb8a35a4399936ca49988b0131d P 81b89e30bd3e45e39b3bd3eca9d5f7c5: Snoozing failure detection for 2.148s (starting election)
I0902 17:01:11.783920 15531 raft_consensus.cc:434] T eab66cb8a35a4399936ca49988b0131d P 81b89e30bd3e45e39b3bd3eca9d5f7c5 [term 0 FOLLOWER]: Starting pre-election with config: opid_index: -1 OBSOLETE_local: false peers { permanent_uuid: "d28f0f3b8d0e429484dbeeb2d41b7d50" member_type: VOTER last_known_addr { host: "127.58.208.1" port: 59914 } } peers { permanent_uuid: "475a466ec8b44f39bbf6b23f10ebe15b" member_type: VOTER last_known_addr { host: "127.58.208.2" port: 43231 } } peers { permanent_uuid: "81b89e30bd3e45e39b3bd3eca9d5f7c5" member_type: VOTER last_known_addr { host: "127.58.208.3" port: 42179 } }
I0902 17:01:11.784207 15531 leader_election.cc:221] T eab66cb8a35a4399936ca49988b0131d P 81b89e30bd3e45e39b3bd3eca9d5f7c5 [CANDIDATE]: Term 1 pre-election: Requesting pre-vote from peer d28f0f3b8d0e429484dbeeb2d41b7d50
I0902 17:01:11.784297 15531 leader_election.cc:221] T eab66cb8a35a4399936ca49988b0131d P 81b89e30bd3e45e39b3bd3eca9d5f7c5 [CANDIDATE]: Term 1 pre-election: Requesting pre-vote from peer 475a466ec8b44f39bbf6b23f10ebe15b
I0902 17:01:11.784837 15330 tablet_service.cc:1002] Received RequestConsensusVote() RPC: tablet_id: "eab66cb8a35a4399936ca49988b0131d" candidate_uuid: "81b89e30bd3e45e39b3bd3eca9d5f7c5" candidate_term: 1 candidate_status { last_received { term: 0 index: 0 } } ignore_live_leader: false dest_uuid: "475a466ec8b44f39bbf6b23f10ebe15b" is_pre_election: true
I0902 17:01:11.784852 15207 tablet_service.cc:1002] Received RequestConsensusVote() RPC: tablet_id: "eab66cb8a35a4399936ca49988b0131d" candidate_uuid: "81b89e30bd3e45e39b3bd3eca9d5f7c5" candidate_term: 1 candidate_status { last_received { term: 0 index: 0 } } ignore_live_leader: false dest_uuid: "d28f0f3b8d0e429484dbeeb2d41b7d50" is_pre_election: true
I0902 17:01:11.784929 15330 raft_consensus.cc:2456] T eab66cb8a35a4399936ca49988b0131d P 475a466ec8b44f39bbf6b23f10ebe15b: Snoozing failure detection for 1.883s (vote granted)
I0902 17:01:11.784929 15207 raft_consensus.cc:2456] T eab66cb8a35a4399936ca49988b0131d P d28f0f3b8d0e429484dbeeb2d41b7d50: Snoozing failure detection for 1.966s (vote granted)
I0902 17:01:11.784957 15330 raft_consensus.cc:2010] T eab66cb8a35a4399936ca49988b0131d P 475a466ec8b44f39bbf6b23f10ebe15b [term 0 FOLLOWER]: Leader pre-election vote request: Granting yes vote for candidate 81b89e30bd3e45e39b3bd3eca9d5f7c5 in term 0.
I0902 17:01:11.784965 15207 raft_consensus.cc:2010] T eab66cb8a35a4399936ca49988b0131d P d28f0f3b8d0e429484dbeeb2d41b7d50 [term 0 FOLLOWER]: Leader pre-election vote request: Granting yes vote for candidate 81b89e30bd3e45e39b3bd3eca9d5f7c5 in term 0.
I0902 17:01:11.785236 15387 leader_election.cc:353] T eab66cb8a35a4399936ca49988b0131d P 81b89e30bd3e45e39b3bd3eca9d5f7c5 [CANDIDATE]: Term 1 pre-election: Vote granted by peer 475a466ec8b44f39bbf6b23f10ebe15b
I0902 17:01:11.785262 15387 leader_election.cc:248] T eab66cb8a35a4399936ca49988b0131d P 81b89e30bd3e45e39b3bd3eca9d5f7c5 [CANDIDATE]: Term 1 pre-election: Election decided. Result: candidate won.
I0902 17:01:11.785305 15388 leader_election.cc:353] T eab66cb8a35a4399936ca49988b0131d P 81b89e30bd3e45e39b3bd3eca9d5f7c5 [CANDIDATE]: Term 1 pre-election: Vote granted by peer d28f0f3b8d0e429484dbeeb2d41b7d50
I0902 17:01:11.785403 15542 raft_consensus.cc:2456] T eab66cb8a35a4399936ca49988b0131d P 81b89e30bd3e45e39b3bd3eca9d5f7c5: Snoozing failure detection for 2.074s (election complete)
I0902 17:01:11.785432 15542 raft_consensus.cc:2280] T eab66cb8a35a4399936ca49988b0131d P 81b89e30bd3e45e39b3bd3eca9d5f7c5 [term 0 FOLLOWER]: Leader pre-election won for term 1
I0902 17:01:11.785447 15542 raft_consensus.cc:412] T eab66cb8a35a4399936ca49988b0131d P 81b89e30bd3e45e39b3bd3eca9d5f7c5 [term 0 FOLLOWER]: Starting leader election (no leader contacted us within the election timeout)
I0902 17:01:11.785459 15542 raft_consensus.cc:2456] T eab66cb8a35a4399936ca49988b0131d P 81b89e30bd3e45e39b3bd3eca9d5f7c5: Snoozing failure detection for 2.164s (starting election)
I0902 17:01:11.785471 15542 raft_consensus.cc:2508] T eab66cb8a35a4399936ca49988b0131d P 81b89e30bd3e45e39b3bd3eca9d5f7c5 [term 0 FOLLOWER]: Advancing to term 1
I0902 17:01:11.786340 15542 raft_consensus.cc:434] T eab66cb8a35a4399936ca49988b0131d P 81b89e30bd3e45e39b3bd3eca9d5f7c5 [term 1 FOLLOWER]: Starting leader election with config: opid_index: -1 OBSOLETE_local: false peers { permanent_uuid: "d28f0f3b8d0e429484dbeeb2d41b7d50" member_type: VOTER last_known_addr { host: "127.58.208.1" port: 59914 } } peers { permanent_uuid: "475a466ec8b44f39bbf6b23f10ebe15b" member_type: VOTER last_known_addr { host: "127.58.208.2" port: 43231 } } peers { permanent_uuid: "81b89e30bd3e45e39b3bd3eca9d5f7c5" member_type: VOTER last_known_addr { host: "127.58.208.3" port: 42179 } }
I0902 17:01:11.786360 15072 catalog_manager.cc:2943] Scheduling retry of eab66cb8a35a4399936ca49988b0131d (table test-table [id=b7f89f9ec9c0479b9fed277cd873ba0e]) Alter Table RPC with a delay of 55 ms (attempt = 0)
W0902 17:01:11.786387 15072 catalog_manager.cc:2962] Async tablet task eab66cb8a35a4399936ca49988b0131d (table test-table [id=b7f89f9ec9c0479b9fed277cd873ba0e]) Alter Table RPC failed: Not found: Failed to reset TS proxy: No leader found: Tablet eab66cb8a35a4399936ca49988b0131d consensus state has no leader
I0902 17:01:11.786561 15542 leader_election.cc:221] T eab66cb8a35a4399936ca49988b0131d P 81b89e30bd3e45e39b3bd3eca9d5f7c5 [CANDIDATE]: Term 1 election: Requesting vote from peer d28f0f3b8d0e429484dbeeb2d41b7d50
I0902 17:01:11.786628 15542 leader_election.cc:221] T eab66cb8a35a4399936ca49988b0131d P 81b89e30bd3e45e39b3bd3eca9d5f7c5 [CANDIDATE]: Term 1 election: Requesting vote from peer 475a466ec8b44f39bbf6b23f10ebe15b
I0902 17:01:11.786988 15207 tablet_service.cc:1002] Received RequestConsensusVote() RPC: tablet_id: "eab66cb8a35a4399936ca49988b0131d" candidate_uuid: "81b89e30bd3e45e39b3bd3eca9d5f7c5" candidate_term: 1 candidate_status { last_received { term: 0 index: 0 } } ignore_live_leader: false dest_uuid: "d28f0f3b8d0e429484dbeeb2d41b7d50"
I0902 17:01:11.787019 15330 tablet_service.cc:1002] Received RequestConsensusVote() RPC: tablet_id: "eab66cb8a35a4399936ca49988b0131d" candidate_uuid: "81b89e30bd3e45e39b3bd3eca9d5f7c5" candidate_term: 1 candidate_status { last_received { term: 0 index: 0 } } ignore_live_leader: false dest_uuid: "475a466ec8b44f39bbf6b23f10ebe15b"
I0902 17:01:11.787031 15207 raft_consensus.cc:2508] T eab66cb8a35a4399936ca49988b0131d P d28f0f3b8d0e429484dbeeb2d41b7d50 [term 0 FOLLOWER]: Advancing to term 1
I0902 17:01:11.787065 15330 raft_consensus.cc:2508] T eab66cb8a35a4399936ca49988b0131d P 475a466ec8b44f39bbf6b23f10ebe15b [term 0 FOLLOWER]: Advancing to term 1
I0902 17:01:11.787081 15207 raft_consensus.cc:2456] T eab66cb8a35a4399936ca49988b0131d P d28f0f3b8d0e429484dbeeb2d41b7d50: Snoozing failure detection for 2.101s (vote granted)
I0902 17:01:11.787109 15330 raft_consensus.cc:2456] T eab66cb8a35a4399936ca49988b0131d P 475a466ec8b44f39bbf6b23f10ebe15b: Snoozing failure detection for 1.542s (vote granted)
I0902 17:01:11.787730 15330 raft_consensus.cc:2010] T eab66cb8a35a4399936ca49988b0131d P 475a466ec8b44f39bbf6b23f10ebe15b [term 1 FOLLOWER]: Leader election vote request: Granting yes vote for candidate 81b89e30bd3e45e39b3bd3eca9d5f7c5 in term 1.
I0902 17:01:11.787735 15207 raft_consensus.cc:2010] T eab66cb8a35a4399936ca49988b0131d P d28f0f3b8d0e429484dbeeb2d41b7d50 [term 1 FOLLOWER]: Leader election vote request: Granting yes vote for candidate 81b89e30bd3e45e39b3bd3eca9d5f7c5 in term 1.
I0902 17:01:11.787989 15388 leader_election.cc:353] T eab66cb8a35a4399936ca49988b0131d P 81b89e30bd3e45e39b3bd3eca9d5f7c5 [CANDIDATE]: Term 1 election: Vote granted by peer d28f0f3b8d0e429484dbeeb2d41b7d50
I0902 17:01:11.788017 15388 leader_election.cc:248] T eab66cb8a35a4399936ca49988b0131d P 81b89e30bd3e45e39b3bd3eca9d5f7c5 [CANDIDATE]: Term 1 election: Election decided. Result: candidate won.
I0902 17:01:11.788074 15387 leader_election.cc:353] T eab66cb8a35a4399936ca49988b0131d P 81b89e30bd3e45e39b3bd3eca9d5f7c5 [CANDIDATE]: Term 1 election: Vote granted by peer 475a466ec8b44f39bbf6b23f10ebe15b
I0902 17:01:11.788118 15535 raft_consensus.cc:2456] T eab66cb8a35a4399936ca49988b0131d P 81b89e30bd3e45e39b3bd3eca9d5f7c5: Snoozing failure detection for 1.898s (election complete)
I0902 17:01:11.788146 15535 raft_consensus.cc:2280] T eab66cb8a35a4399936ca49988b0131d P 81b89e30bd3e45e39b3bd3eca9d5f7c5 [term 1 FOLLOWER]: Leader election won for term 1
I0902 17:01:11.788226 15535 raft_consensus.cc:542] T eab66cb8a35a4399936ca49988b0131d P 81b89e30bd3e45e39b3bd3eca9d5f7c5 [term 1 LEADER]: Becoming Leader. State: Replica: 81b89e30bd3e45e39b3bd3eca9d5f7c5, State: Running, Role: LEADER
I0902 17:01:11.788298 15535 consensus_queue.cc:169] T eab66cb8a35a4399936ca49988b0131d P 81b89e30bd3e45e39b3bd3eca9d5f7c5 [LEADER]: Queue going to LEADER mode. State: All replicated index: 0, Majority replicated index: 0, Committed index: 0, Last appended: 0.0, Last appended by leader: 0, Current term: 1, Majority size: 2, State: 0, Mode: LEADER, active raft config: opid_index: -1 OBSOLETE_local: false peers { permanent_uuid: "d28f0f3b8d0e429484dbeeb2d41b7d50" member_type: VOTER last_known_addr { host: "127.58.208.1" port: 59914 } } peers { permanent_uuid: "475a466ec8b44f39bbf6b23f10ebe15b" member_type: VOTER last_known_addr { host: "127.58.208.2" port: 43231 } } peers { permanent_uuid: "81b89e30bd3e45e39b3bd3eca9d5f7c5" member_type: VOTER last_known_addr { host: "127.58.208.3" port: 42179 } }
I0902 17:01:11.789221 15072 catalog_manager.cc:2943] Scheduling retry of eab66cb8a35a4399936ca49988b0131d (table test-table [id=b7f89f9ec9c0479b9fed277cd873ba0e]) Alter Table RPC with a delay of 37 ms (attempt = 0)
W0902 17:01:11.789250 15072 catalog_manager.cc:2962] Async tablet task eab66cb8a35a4399936ca49988b0131d (table test-table [id=b7f89f9ec9c0479b9fed277cd873ba0e]) Alter Table RPC failed: Not found: Failed to reset TS proxy: No leader found: Tablet eab66cb8a35a4399936ca49988b0131d consensus state has no leader
I0902 17:01:11.789635 15088 catalog_manager.cc:2462] TS 81b89e30bd3e45e39b3bd3eca9d5f7c5 (127.58.208.3:42179) does not have the latest schema for tablet eab66cb8a35a4399936ca49988b0131d (table test-table [id=b7f89f9ec9c0479b9fed277cd873ba0e]). Expected version 3 got 0
I0902 17:01:11.789767 15088 catalog_manager.cc:2571] T eab66cb8a35a4399936ca49988b0131d reported cstate change: term changed from 0 to 1, leader changed from to 81b89e30bd3e45e39b3bd3eca9d5f7c5 (127.58.208.3). New cstate: current_term: 1 leader_uuid: "81b89e30bd3e45e39b3bd3eca9d5f7c5" committed_config { opid_index: -1 OBSOLETE_local: false peers { permanent_uuid: "d28f0f3b8d0e429484dbeeb2d41b7d50" member_type: VOTER last_known_addr { host: "127.58.208.1" port: 59914 } } peers { permanent_uuid: "475a466ec8b44f39bbf6b23f10ebe15b" member_type: VOTER last_known_addr { host: "127.58.208.2" port: 43231 } } peers { permanent_uuid: "81b89e30bd3e45e39b3bd3eca9d5f7c5" member_type: VOTER last_known_addr { host: "127.58.208.3" port: 42179 } } }
I0902 17:01:11.792569 15330 raft_consensus.cc:964] T eab66cb8a35a4399936ca49988b0131d P 475a466ec8b44f39bbf6b23f10ebe15b [term 1 FOLLOWER]: Refusing update from remote peer 81b89e30bd3e45e39b3bd3eca9d5f7c5: Log matching property violated. Preceding OpId in replica: term: 0 index: 0. Preceding OpId from leader: term: 1 index: 2. (index mismatch)
I0902 17:01:11.792583 15207 raft_consensus.cc:964] T eab66cb8a35a4399936ca49988b0131d P d28f0f3b8d0e429484dbeeb2d41b7d50 [term 1 FOLLOWER]: Refusing update from remote peer 81b89e30bd3e45e39b3bd3eca9d5f7c5: Log matching property violated. Preceding OpId in replica: term: 0 index: 0. Preceding OpId from leader: term: 1 index: 2. (index mismatch)
I0902 17:01:11.792888 15542 consensus_queue.cc:741] T eab66cb8a35a4399936ca49988b0131d P 81b89e30bd3e45e39b3bd3eca9d5f7c5 [LEADER]: Connected to new peer: Peer: 475a466ec8b44f39bbf6b23f10ebe15b, Is new: false, Last received: 0.0, Next index: 1, Last known committed idx: 0, Last exchange result: ERROR, Needs tablet copy: false
I0902 17:01:11.792944 15518 consensus_queue.cc:741] T eab66cb8a35a4399936ca49988b0131d P 81b89e30bd3e45e39b3bd3eca9d5f7c5 [LEADER]: Connected to new peer: Peer: d28f0f3b8d0e429484dbeeb2d41b7d50, Is new: false, Last received: 0.0, Next index: 1, Last known committed idx: 0, Last exchange result: ERROR, Needs tablet copy: false
I0902 17:01:11.794636 15088 catalog_manager.cc:2462] TS 475a466ec8b44f39bbf6b23f10ebe15b (127.58.208.2:43231) does not have the latest schema for tablet eab66cb8a35a4399936ca49988b0131d (table test-table [id=b7f89f9ec9c0479b9fed277cd873ba0e]). Expected version 3 got 0
I0902 17:01:11.795454 15088 catalog_manager.cc:2462] TS d28f0f3b8d0e429484dbeeb2d41b7d50 (127.58.208.1:59914) does not have the latest schema for tablet eab66cb8a35a4399936ca49988b0131d (table test-table [id=b7f89f9ec9c0479b9fed277cd873ba0e]). Expected version 3 got 0
I0902 17:01:11.795485 15533 tablet.cc:1115] T eab66cb8a35a4399936ca49988b0131d P d28f0f3b8d0e429484dbeeb2d41b7d50: Alter schema from Schema [ 10:key[int32 NOT NULL] ] version 0 to Schema [ 10:key[int32 NOT NULL] ] version 3
I0902 17:01:11.795487 15532 tablet.cc:1115] T eab66cb8a35a4399936ca49988b0131d P 475a466ec8b44f39bbf6b23f10ebe15b: Alter schema from Schema [ 10:key[int32 NOT NULL] ] version 0 to Schema [ 10:key[int32 NOT NULL] ] version 3
I0902 17:01:11.796290 15530 tablet.cc:1115] T eab66cb8a35a4399936ca49988b0131d P 81b89e30bd3e45e39b3bd3eca9d5f7c5: Alter schema from Schema [ 10:key[int32 NOT NULL] ] version 0 to Schema [ 10:key[int32 NOT NULL] ] version 3
I0902 17:01:11.797633 15088 catalog_manager.cc:3728] T 00000000000000000000000000000000 P b004b3046b584f37925df45eda899ff0: test-table [id=b7f89f9ec9c0479b9fed277cd873ba0e] alter complete (version 3)
I0902 17:01:11.799756 15530 tablet.cc:1110] T eab66cb8a35a4399936ca49988b0131d P 81b89e30bd3e45e39b3bd3eca9d5f7c5: Already running schema version 3 got alter request for version 3
I0902 17:01:11.800401 15533 tablet.cc:1110] T eab66cb8a35a4399936ca49988b0131d P d28f0f3b8d0e429484dbeeb2d41b7d50: Already running schema version 3 got alter request for version 3
I0902 17:01:11.801079 15532 tablet.cc:1110] T eab66cb8a35a4399936ca49988b0131d P 475a466ec8b44f39bbf6b23f10ebe15b: Already running schema version 3 got alter request for version 3
I0902 17:01:11.801882 15530 tablet.cc:1110] T eab66cb8a35a4399936ca49988b0131d P 81b89e30bd3e45e39b3bd3eca9d5f7c5: Already running schema version 3 got alter request for version 3
I0902 17:01:11.802326 15532 tablet.cc:1110] T eab66cb8a35a4399936ca49988b0131d P 475a466ec8b44f39bbf6b23f10ebe15b: Already running schema version 3 got alter request for version 3
I0902 17:01:11.803006 15533 tablet.cc:1110] T eab66cb8a35a4399936ca49988b0131d P d28f0f3b8d0e429484dbeeb2d41b7d50: Already running schema version 3 got alter request for version 3
I0902 17:01:11.836884 15056 alter_table-randomized-test.cc:436] Beginning Alterations
I0902 17:01:11.837638 15056 alter_table-randomized-test.cc:550] Adding range partition: [402653178, 469762041) resulting partitions: (402653178, 469762041], (469762041, 536870904], (671088630, 738197493], (738197493, 805306356)
I0902 17:01:11.837680 15056 alter_table-randomized-test.cc:468] Committing Alterations
I0902 17:01:11.838187 15087 catalog_manager.cc:1946] Servicing AlterTable request from {username='slave'} at 127.0.0.1:43619: table { table_name: "test-table" } alter_schema_steps { type: ADD_RANGE_PARTITION add_range_partition { range_bounds { rows: "\006\001\372\377\377\027\007\001\371\377\377\033" } } } schema { columns { name: "key" type: INT32 is_key: true is_nullable: false encoding: AUTO_ENCODING compression: DEFAULT_COMPRESSION cfile_block_size: 0 } }
I0902 17:01:11.839754 15087 catalog_manager.cc:2943] Scheduling retry of e239f6465eb84214b4826d5cf5696359 (table test-table [id=b7f89f9ec9c0479b9fed277cd873ba0e]) Alter Table RPC with a delay of 57 ms (attempt = 0)
W0902 17:01:11.839787 15087 catalog_manager.cc:3482] Failed to send alter table request: Not found: Failed to reset TS proxy: No leader found: Tablet e239f6465eb84214b4826d5cf5696359 has no consensus state
I0902 17:01:11.841581 15311 tablet_service.cc:764] Processing CreateTablet for tablet e239f6465eb84214b4826d5cf5696359 (table=test-table [id=b7f89f9ec9c0479b9fed277cd873ba0e]), partition=RANGE (key) PARTITION 402653178 <= VALUES < 469762041
I0902 17:01:11.841717 15186 tablet_service.cc:764] Processing CreateTablet for tablet e239f6465eb84214b4826d5cf5696359 (table=test-table [id=b7f89f9ec9c0479b9fed277cd873ba0e]), partition=RANGE (key) PARTITION 402653178 <= VALUES < 469762041
I0902 17:01:11.842931 15311 ts_tablet_manager.cc:943] T e239f6465eb84214b4826d5cf5696359 P 475a466ec8b44f39bbf6b23f10ebe15b: Registered tablet (data state: TABLET_DATA_READY)
I0902 17:01:11.843004 15514 ts_tablet_manager.cc:793] T e239f6465eb84214b4826d5cf5696359 P 475a466ec8b44f39bbf6b23f10ebe15b: Bootstrapping tablet
I0902 17:01:11.843065 15514 tablet_bootstrap.cc:433] T e239f6465eb84214b4826d5cf5696359 P 475a466ec8b44f39bbf6b23f10ebe15b: Bootstrap starting.
I0902 17:01:11.843073 15186 ts_tablet_manager.cc:943] T e239f6465eb84214b4826d5cf5696359 P d28f0f3b8d0e429484dbeeb2d41b7d50: Registered tablet (data state: TABLET_DATA_READY)
I0902 17:01:11.843219 15512 ts_tablet_manager.cc:793] T e239f6465eb84214b4826d5cf5696359 P d28f0f3b8d0e429484dbeeb2d41b7d50: Bootstrapping tablet
I0902 17:01:11.843281 15512 tablet_bootstrap.cc:433] T e239f6465eb84214b4826d5cf5696359 P d28f0f3b8d0e429484dbeeb2d41b7d50: Bootstrap starting.
I0902 17:01:11.843708 15514 tablet_bootstrap.cc:568] T e239f6465eb84214b4826d5cf5696359 P 475a466ec8b44f39bbf6b23f10ebe15b: No blocks or log segments found. Creating new log.
I0902 17:01:11.843864 15512 tablet_bootstrap.cc:568] T e239f6465eb84214b4826d5cf5696359 P d28f0f3b8d0e429484dbeeb2d41b7d50: No blocks or log segments found. Creating new log.
I0902 17:01:11.844506 15514 tablet_bootstrap.cc:433] T e239f6465eb84214b4826d5cf5696359 P 475a466ec8b44f39bbf6b23f10ebe15b: No bootstrap required, opened a new log
I0902 17:01:11.844561 15514 ts_tablet_manager.cc:818] T e239f6465eb84214b4826d5cf5696359 P 475a466ec8b44f39bbf6b23f10ebe15b: Time spent bootstrapping tablet: real 0.002s user 0.000s sys 0.000s
I0902 17:01:11.844925 15514 raft_consensus.cc:287] T e239f6465eb84214b4826d5cf5696359 P 475a466ec8b44f39bbf6b23f10ebe15b [term 0 FOLLOWER]: Replica starting. Triggering 0 pending transactions. Active config: opid_index: -1 OBSOLETE_local: false peers { permanent_uuid: "475a466ec8b44f39bbf6b23f10ebe15b" member_type: VOTER last_known_addr { host: "127.58.208.2" port: 43231 } } peers { permanent_uuid: "d28f0f3b8d0e429484dbeeb2d41b7d50" member_type: VOTER last_known_addr { host: "127.58.208.1" port: 59914 } } peers { permanent_uuid: "81b89e30bd3e45e39b3bd3eca9d5f7c5" member_type: VOTER last_known_addr { host: "127.58.208.3" port: 42179 } }
I0902 17:01:11.844954 15514 raft_consensus.cc:313] T e239f6465eb84214b4826d5cf5696359 P 475a466ec8b44f39bbf6b23f10ebe15b [term 0 FOLLOWER]: Consensus starting up: Expiring failure detector timer to make a prompt election more likely
I0902 17:01:11.844996 15514 raft_consensus.cc:576] T e239f6465eb84214b4826d5cf5696359 P 475a466ec8b44f39bbf6b23f10ebe15b [term 0 FOLLOWER]: Becoming Follower/Learner. State: Replica: 475a466ec8b44f39bbf6b23f10ebe15b, State: Initialized, Role: FOLLOWER
I0902 17:01:11.845010 15512 tablet_bootstrap.cc:433] T e239f6465eb84214b4826d5cf5696359 P d28f0f3b8d0e429484dbeeb2d41b7d50: No bootstrap required, opened a new log
I0902 17:01:11.845032 15514 consensus_queue.cc:190] T e239f6465eb84214b4826d5cf5696359 P 475a466ec8b44f39bbf6b23f10ebe15b [NON_LEADER]: Queue going to NON_LEADER mode. State: All replicated index: 0, Majority replicated index: 0, Committed index: 0, Last appended: 0.0, Last appended by leader: 0, Current term: 0, Majority size: -1, State: 0, Mode: NON_LEADER
I0902 17:01:11.845069 15512 ts_tablet_manager.cc:818] T e239f6465eb84214b4826d5cf5696359 P d28f0f3b8d0e429484dbeeb2d41b7d50: Time spent bootstrapping tablet: real 0.002s user 0.000s sys 0.004s
I0902 17:01:11.845191 15514 ts_tablet_manager.cc:846] T e239f6465eb84214b4826d5cf5696359 P 475a466ec8b44f39bbf6b23f10ebe15b: Time spent starting tablet: real 0.001s user 0.000s sys 0.000s
I0902 17:01:11.845429 15512 raft_consensus.cc:287] T e239f6465eb84214b4826d5cf5696359 P d28f0f3b8d0e429484dbeeb2d41b7d50 [term 0 FOLLOWER]: Replica starting. Triggering 0 pending transactions. Active config: opid_index: -1 OBSOLETE_local: false peers { permanent_uuid: "475a466ec8b44f39bbf6b23f10ebe15b" member_type: VOTER last_known_addr { host: "127.58.208.2" port: 43231 } } peers { permanent_uuid: "d28f0f3b8d0e429484dbeeb2d41b7d50" member_type: VOTER last_known_addr { host: "127.58.208.1" port: 59914 } } peers { permanent_uuid: "81b89e30bd3e45e39b3bd3eca9d5f7c5" member_type: VOTER last_known_addr { host: "127.58.208.3" port: 42179 } }
I0902 17:01:11.845448 15512 raft_consensus.cc:313] T e239f6465eb84214b4826d5cf5696359 P d28f0f3b8d0e429484dbeeb2d41b7d50 [term 0 FOLLOWER]: Consensus starting up: Expiring failure detector timer to make a prompt election more likely
I0902 17:01:11.845485 15512 raft_consensus.cc:576] T e239f6465eb84214b4826d5cf5696359 P d28f0f3b8d0e429484dbeeb2d41b7d50 [term 0 FOLLOWER]: Becoming Follower/Learner. State: Replica: d28f0f3b8d0e429484dbeeb2d41b7d50, State: Initialized, Role: FOLLOWER
I0902 17:01:11.845515 15512 consensus_queue.cc:190] T e239f6465eb84214b4826d5cf5696359 P d28f0f3b8d0e429484dbeeb2d41b7d50 [NON_LEADER]: Queue going to NON_LEADER mode. State: All replicated index: 0, Majority replicated index: 0, Committed index: 0, Last appended: 0.0, Last appended by leader: 0, Current term: 0, Majority size: -1, State: 0, Mode: NON_LEADER
I0902 17:01:11.845602 15088 catalog_manager.cc:2462] TS 475a466ec8b44f39bbf6b23f10ebe15b (127.58.208.2:43231) does not have the latest schema for tablet e239f6465eb84214b4826d5cf5696359 (table test-table [id=b7f89f9ec9c0479b9fed277cd873ba0e]). Expected version 3 got 0
I0902 17:01:11.845661 15512 ts_tablet_manager.cc:846] T e239f6465eb84214b4826d5cf5696359 P d28f0f3b8d0e429484dbeeb2d41b7d50: Time spent starting tablet: real 0.001s user 0.000s sys 0.000s
I0902 17:01:11.845736 15088 catalog_manager.cc:2943] Scheduling retry of e239f6465eb84214b4826d5cf5696359 (table test-table [id=b7f89f9ec9c0479b9fed277cd873ba0e]) Alter Table RPC with a delay of 30 ms (attempt = 0)
W0902 17:01:11.845764 15088 catalog_manager.cc:3482] Failed to send alter table request: Not found: Failed to reset TS proxy: No leader found: Tablet e239f6465eb84214b4826d5cf5696359 consensus state has no leader
I0902 17:01:11.845921 15431 tablet_service.cc:764] Processing CreateTablet for tablet e239f6465eb84214b4826d5cf5696359 (table=test-table [id=b7f89f9ec9c0479b9fed277cd873ba0e]), partition=RANGE (key) PARTITION 402653178 <= VALUES < 469762041
I0902 17:01:11.846293 15088 catalog_manager.cc:2462] TS d28f0f3b8d0e429484dbeeb2d41b7d50 (127.58.208.1:59914) does not have the latest schema for tablet e239f6465eb84214b4826d5cf5696359 (table test-table [id=b7f89f9ec9c0479b9fed277cd873ba0e]). Expected version 3 got 0
I0902 17:01:11.846458 15088 catalog_manager.cc:2943] Scheduling retry of e239f6465eb84214b4826d5cf5696359 (table test-table [id=b7f89f9ec9c0479b9fed277cd873ba0e]) Alter Table RPC with a delay of 26 ms (attempt = 0)
W0902 17:01:11.846488 15088 catalog_manager.cc:3482] Failed to send alter table request: Not found: Failed to reset TS proxy: No leader found: Tablet e239f6465eb84214b4826d5cf5696359 consensus state has no leader
I0902 17:01:11.846786 15088 catalog_manager.cc:2462] TS 475a466ec8b44f39bbf6b23f10ebe15b (127.58.208.2:43231) does not have the latest schema for tablet e239f6465eb84214b4826d5cf5696359 (table test-table [id=b7f89f9ec9c0479b9fed277cd873ba0e]). Expected version 3 got 0
I0902 17:01:11.846897 15088 catalog_manager.cc:2943] Scheduling retry of e239f6465eb84214b4826d5cf5696359 (table test-table [id=b7f89f9ec9c0479b9fed277cd873ba0e]) Alter Table RPC with a delay of 13 ms (attempt = 0)
W0902 17:01:11.846923 15088 catalog_manager.cc:3482] Failed to send alter table request: Not found: Failed to reset TS proxy: No leader found: Tablet e239f6465eb84214b4826d5cf5696359 consensus state has no leader
I0902 17:01:11.847352 15431 ts_tablet_manager.cc:943] T e239f6465eb84214b4826d5cf5696359 P 81b89e30bd3e45e39b3bd3eca9d5f7c5: Registered tablet (data state: TABLET_DATA_READY)
I0902 17:01:11.847458 15513 ts_tablet_manager.cc:793] T e239f6465eb84214b4826d5cf5696359 P 81b89e30bd3e45e39b3bd3eca9d5f7c5: Bootstrapping tablet
I0902 17:01:11.847530 15513 tablet_bootstrap.cc:433] T e239f6465eb84214b4826d5cf5696359 P 81b89e30bd3e45e39b3bd3eca9d5f7c5: Bootstrap starting.
I0902 17:01:11.847704 15088 catalog_manager.cc:2462] TS d28f0f3b8d0e429484dbeeb2d41b7d50 (127.58.208.1:59914) does not have the latest schema for tablet e239f6465eb84214b4826d5cf5696359 (table test-table [id=b7f89f9ec9c0479b9fed277cd873ba0e]). Expected version 3 got 0
I0902 17:01:11.847798 15088 catalog_manager.cc:2943] Scheduling retry of e239f6465eb84214b4826d5cf5696359 (table test-table [id=b7f89f9ec9c0479b9fed277cd873ba0e]) Alter Table RPC with a delay of 24 ms (attempt = 0)
W0902 17:01:11.847823 15088 catalog_manager.cc:3482] Failed to send alter table request: Not found: Failed to reset TS proxy: No leader found: Tablet e239f6465eb84214b4826d5cf5696359 consensus state has no leader
I0902 17:01:11.848166 15513 tablet_bootstrap.cc:568] T e239f6465eb84214b4826d5cf5696359 P 81b89e30bd3e45e39b3bd3eca9d5f7c5: No blocks or log segments found. Creating new log.
I0902 17:01:11.848908 15513 tablet_bootstrap.cc:433] T e239f6465eb84214b4826d5cf5696359 P 81b89e30bd3e45e39b3bd3eca9d5f7c5: No bootstrap required, opened a new log
I0902 17:01:11.848958 15513 ts_tablet_manager.cc:818] T e239f6465eb84214b4826d5cf5696359 P 81b89e30bd3e45e39b3bd3eca9d5f7c5: Time spent bootstrapping tablet: real 0.001s user 0.000s sys 0.000s
I0902 17:01:11.849230 15513 raft_consensus.cc:287] T e239f6465eb84214b4826d5cf5696359 P 81b89e30bd3e45e39b3bd3eca9d5f7c5 [term 0 FOLLOWER]: Replica starting. Triggering 0 pending transactions. Active config: opid_index: -1 OBSOLETE_local: false peers { permanent_uuid: "475a466ec8b44f39bbf6b23f10ebe15b" member_type: VOTER last_known_addr { host: "127.58.208.2" port: 43231 } } peers { permanent_uuid: "d28f0f3b8d0e429484dbeeb2d41b7d50" member_type: VOTER last_known_addr { host: "127.58.208.1" port: 59914 } } peers { permanent_uuid: "81b89e30bd3e45e39b3bd3eca9d5f7c5" member_type: VOTER last_known_addr { host: "127.58.208.3" port: 42179 } }
I0902 17:01:11.849251 15513 raft_consensus.cc:313] T e239f6465eb84214b4826d5cf5696359 P 81b89e30bd3e45e39b3bd3eca9d5f7c5 [term 0 FOLLOWER]: Consensus starting up: Expiring failure detector timer to make a prompt election more likely
I0902 17:01:11.849287 15513 raft_consensus.cc:576] T e239f6465eb84214b4826d5cf5696359 P 81b89e30bd3e45e39b3bd3eca9d5f7c5 [term 0 FOLLOWER]: Becoming Follower/Learner. State: Replica: 81b89e30bd3e45e39b3bd3eca9d5f7c5, State: Initialized, Role: FOLLOWER
I0902 17:01:11.849319 15513 consensus_queue.cc:190] T e239f6465eb84214b4826d5cf5696359 P 81b89e30bd3e45e39b3bd3eca9d5f7c5 [NON_LEADER]: Queue going to NON_LEADER mode. State: All replicated index: 0, Majority replicated index: 0, Committed index: 0, Last appended: 0.0, Last appended by leader: 0, Current term: 0, Majority size: -1, State: 0, Mode: NON_LEADER
I0902 17:01:11.849465 15513 ts_tablet_manager.cc:846] T e239f6465eb84214b4826d5cf5696359 P 81b89e30bd3e45e39b3bd3eca9d5f7c5: Time spent starting tablet: real 0.000s user 0.000s sys 0.000s
I0902 17:01:11.849876 15088 catalog_manager.cc:2462] TS 81b89e30bd3e45e39b3bd3eca9d5f7c5 (127.58.208.3:42179) does not have the latest schema for tablet e239f6465eb84214b4826d5cf5696359 (table test-table [id=b7f89f9ec9c0479b9fed277cd873ba0e]). Expected version 3 got 0
I0902 17:01:11.849974 15088 catalog_manager.cc:2943] Scheduling retry of e239f6465eb84214b4826d5cf5696359 (table test-table [id=b7f89f9ec9c0479b9fed277cd873ba0e]) Alter Table RPC with a delay of 44 ms (attempt = 0)
W0902 17:01:11.849998 15088 catalog_manager.cc:3482] Failed to send alter table request: Not found: Failed to reset TS proxy: No leader found: Tablet e239f6465eb84214b4826d5cf5696359 consensus state has no leader
I0902 17:01:11.860116 15073 catalog_manager.cc:2943] Scheduling retry of e239f6465eb84214b4826d5cf5696359 (table test-table [id=b7f89f9ec9c0479b9fed277cd873ba0e]) Alter Table RPC with a delay of 18 ms (attempt = 0)
W0902 17:01:11.860142 15073 catalog_manager.cc:2962] Async tablet task e239f6465eb84214b4826d5cf5696359 (table test-table [id=b7f89f9ec9c0479b9fed277cd873ba0e]) Alter Table RPC failed: Not found: Failed to reset TS proxy: No leader found: Tablet e239f6465eb84214b4826d5cf5696359 consensus state has no leader
I0902 17:01:11.872210 15071 catalog_manager.cc:2943] Scheduling retry of e239f6465eb84214b4826d5cf5696359 (table test-table [id=b7f89f9ec9c0479b9fed277cd873ba0e]) Alter Table RPC with a delay of 10 ms (attempt = 0)
W0902 17:01:11.872236 15071 catalog_manager.cc:2962] Async tablet task e239f6465eb84214b4826d5cf5696359 (table test-table [id=b7f89f9ec9c0479b9fed277cd873ba0e]) Alter Table RPC failed: Not found: Failed to reset TS proxy: No leader found: Tablet e239f6465eb84214b4826d5cf5696359 consensus state has no leader
I0902 17:01:11.873327 15073 catalog_manager.cc:2943] Scheduling retry of e239f6465eb84214b4826d5cf5696359 (table test-table [id=b7f89f9ec9c0479b9fed277cd873ba0e]) Alter Table RPC with a delay of 28 ms (attempt = 0)
