I0902 17:01:16.202713 15693 tablet_service.cc:1002] Received RequestConsensusVote() RPC: tablet_id: "d17c225b8be34efaa82a81133efd1698" candidate_uuid: "81b89e30bd3e45e39b3bd3eca9d5f7c5" candidate_term: 1 candidate_status { last_received { term: 0 index: 0 } } ignore_live_leader: false dest_uuid: "d28f0f3b8d0e429484dbeeb2d41b7d50"
I0902 17:01:16.202751 15693 raft_consensus.cc:2508] T d17c225b8be34efaa82a81133efd1698 P d28f0f3b8d0e429484dbeeb2d41b7d50 [term 0 FOLLOWER]: Advancing to term 1
I0902 17:01:16.202791 15693 raft_consensus.cc:2456] T d17c225b8be34efaa82a81133efd1698 P d28f0f3b8d0e429484dbeeb2d41b7d50: Snoozing failure detection for 1.909s (vote granted)
I0902 17:01:16.203016 15955 tablet.cc:1516] T eab66cb8a35a4399936ca49988b0131d P 475a466ec8b44f39bbf6b23f10ebe15b: Flush successful on 1 rows (4379 bytes)
I0902 17:01:16.203526 15693 raft_consensus.cc:2010] T d17c225b8be34efaa82a81133efd1698 P d28f0f3b8d0e429484dbeeb2d41b7d50 [term 1 FOLLOWER]: Leader election vote request: Granting yes vote for candidate 81b89e30bd3e45e39b3bd3eca9d5f7c5 in term 1.
I0902 17:01:16.203650 15071 catalog_manager.cc:2943] Scheduling retry of d17c225b8be34efaa82a81133efd1698 (table test-table [id=b7f89f9ec9c0479b9fed277cd873ba0e]) Alter Table RPC with a delay of 25 ms (attempt = 0)
W0902 17:01:16.203673 15071 catalog_manager.cc:2962] Async tablet task d17c225b8be34efaa82a81133efd1698 (table test-table [id=b7f89f9ec9c0479b9fed277cd873ba0e]) Alter Table RPC failed: Not found: Failed to reset TS proxy: No leader found: Tablet d17c225b8be34efaa82a81133efd1698 consensus state has no leader
I0902 17:01:16.203919 15072 catalog_manager.cc:3143] TS 475a466ec8b44f39bbf6b23f10ebe15b (127.58.208.2:43231): tablet 9f366aa97726498baf85962d42d8adc1 (table test-table [id=b7f89f9ec9c0479b9fed277cd873ba0e]) successfully deleted
I0902 17:01:16.203939 15388 leader_election.cc:353] T d17c225b8be34efaa82a81133efd1698 P 81b89e30bd3e45e39b3bd3eca9d5f7c5 [CANDIDATE]: Term 1 pre-election: Vote granted by peer d28f0f3b8d0e429484dbeeb2d41b7d50
I0902 17:01:16.204104 15388 leader_election.cc:353] T d17c225b8be34efaa82a81133efd1698 P 81b89e30bd3e45e39b3bd3eca9d5f7c5 [CANDIDATE]: Term 1 election: Vote granted by peer d28f0f3b8d0e429484dbeeb2d41b7d50
I0902 17:01:16.204566 15950 tablet_bootstrap.cc:433] T f6d6c8ad397848d1a55cbbc8353d8c9d P 81b89e30bd3e45e39b3bd3eca9d5f7c5: No bootstrap required, opened a new log
I0902 17:01:16.204650 15950 ts_tablet_manager.cc:818] T f6d6c8ad397848d1a55cbbc8353d8c9d P 81b89e30bd3e45e39b3bd3eca9d5f7c5: Time spent bootstrapping tablet: real 0.033s user 0.004s sys 0.000s
I0902 17:01:16.205032 15950 raft_consensus.cc:287] T f6d6c8ad397848d1a55cbbc8353d8c9d P 81b89e30bd3e45e39b3bd3eca9d5f7c5 [term 0 FOLLOWER]: Replica starting. Triggering 0 pending transactions. Active config: opid_index: -1 OBSOLETE_local: false peers { permanent_uuid: "d28f0f3b8d0e429484dbeeb2d41b7d50" member_type: VOTER last_known_addr { host: "127.58.208.1" port: 59914 } } peers { permanent_uuid: "475a466ec8b44f39bbf6b23f10ebe15b" member_type: VOTER last_known_addr { host: "127.58.208.2" port: 43231 } } peers { permanent_uuid: "81b89e30bd3e45e39b3bd3eca9d5f7c5" member_type: VOTER last_known_addr { host: "127.58.208.3" port: 42179 } }
I0902 17:01:16.205087 15950 raft_consensus.cc:313] T f6d6c8ad397848d1a55cbbc8353d8c9d P 81b89e30bd3e45e39b3bd3eca9d5f7c5 [term 0 FOLLOWER]: Consensus starting up: Expiring failure detector timer to make a prompt election more likely
I0902 17:01:16.205158 15950 raft_consensus.cc:576] T f6d6c8ad397848d1a55cbbc8353d8c9d P 81b89e30bd3e45e39b3bd3eca9d5f7c5 [term 0 FOLLOWER]: Becoming Follower/Learner. State: Replica: 81b89e30bd3e45e39b3bd3eca9d5f7c5, State: Initialized, Role: FOLLOWER
I0902 17:01:16.205222 15950 consensus_queue.cc:190] T f6d6c8ad397848d1a55cbbc8353d8c9d P 81b89e30bd3e45e39b3bd3eca9d5f7c5 [NON_LEADER]: Queue going to NON_LEADER mode. State: All replicated index: 0, Majority replicated index: 0, Committed index: 0, Last appended: 0.0, Last appended by leader: 0, Current term: 0, Majority size: -1, State: 0, Mode: NON_LEADER
I0902 17:01:16.205435 15950 ts_tablet_manager.cc:846] T f6d6c8ad397848d1a55cbbc8353d8c9d P 81b89e30bd3e45e39b3bd3eca9d5f7c5: Time spent starting tablet: real 0.001s user 0.000s sys 0.000s
I0902 17:01:16.205790 15086 catalog_manager.cc:2462] TS 475a466ec8b44f39bbf6b23f10ebe15b (127.58.208.2:43231) does not have the latest schema for tablet d17c225b8be34efaa82a81133efd1698 (table test-table [id=b7f89f9ec9c0479b9fed277cd873ba0e]). Expected version 6 got 0
I0902 17:01:16.205865 15958 tablet_bootstrap.cc:433] T f6d6c8ad397848d1a55cbbc8353d8c9d P 475a466ec8b44f39bbf6b23f10ebe15b: No bootstrap required, opened a new log
I0902 17:01:16.205907 15958 ts_tablet_manager.cc:818] T f6d6c8ad397848d1a55cbbc8353d8c9d P 475a466ec8b44f39bbf6b23f10ebe15b: Time spent bootstrapping tablet: real 0.009s user 0.004s sys 0.000s
I0902 17:01:16.205911 15086 catalog_manager.cc:2943] Scheduling retry of d17c225b8be34efaa82a81133efd1698 (table test-table [id=b7f89f9ec9c0479b9fed277cd873ba0e]) Alter Table RPC with a delay of 15 ms (attempt = 0)
W0902 17:01:16.205945 15086 catalog_manager.cc:3482] Failed to send alter table request: Not found: Failed to reset TS proxy: No leader found: Tablet d17c225b8be34efaa82a81133efd1698 consensus state has no leader
I0902 17:01:16.206231 15958 raft_consensus.cc:287] T f6d6c8ad397848d1a55cbbc8353d8c9d P 475a466ec8b44f39bbf6b23f10ebe15b [term 0 FOLLOWER]: Replica starting. Triggering 0 pending transactions. Active config: opid_index: -1 OBSOLETE_local: false peers { permanent_uuid: "d28f0f3b8d0e429484dbeeb2d41b7d50" member_type: VOTER last_known_addr { host: "127.58.208.1" port: 59914 } } peers { permanent_uuid: "475a466ec8b44f39bbf6b23f10ebe15b" member_type: VOTER last_known_addr { host: "127.58.208.2" port: 43231 } } peers { permanent_uuid: "81b89e30bd3e45e39b3bd3eca9d5f7c5" member_type: VOTER last_known_addr { host: "127.58.208.3" port: 42179 } }
I0902 17:01:16.206254 15958 raft_consensus.cc:313] T f6d6c8ad397848d1a55cbbc8353d8c9d P 475a466ec8b44f39bbf6b23f10ebe15b [term 0 FOLLOWER]: Consensus starting up: Expiring failure detector timer to make a prompt election more likely
I0902 17:01:16.206328 15958 raft_consensus.cc:576] T f6d6c8ad397848d1a55cbbc8353d8c9d P 475a466ec8b44f39bbf6b23f10ebe15b [term 0 FOLLOWER]: Becoming Follower/Learner. State: Replica: 475a466ec8b44f39bbf6b23f10ebe15b, State: Initialized, Role: FOLLOWER
I0902 17:01:16.206360 15958 consensus_queue.cc:190] T f6d6c8ad397848d1a55cbbc8353d8c9d P 475a466ec8b44f39bbf6b23f10ebe15b [NON_LEADER]: Queue going to NON_LEADER mode. State: All replicated index: 0, Majority replicated index: 0, Committed index: 0, Last appended: 0.0, Last appended by leader: 0, Current term: 0, Majority size: -1, State: 0, Mode: NON_LEADER
I0902 17:01:16.206490 15086 catalog_manager.cc:2462] TS 81b89e30bd3e45e39b3bd3eca9d5f7c5 (127.58.208.3:42179) does not have the latest schema for tablet d17c225b8be34efaa82a81133efd1698 (table test-table [id=b7f89f9ec9c0479b9fed277cd873ba0e]). Expected version 6 got 0
I0902 17:01:16.206625 15086 catalog_manager.cc:2571] T d17c225b8be34efaa82a81133efd1698 reported cstate change: term changed from 0 to 1, leader changed from to 81b89e30bd3e45e39b3bd3eca9d5f7c5 (127.58.208.3). New cstate: current_term: 1 leader_uuid: "81b89e30bd3e45e39b3bd3eca9d5f7c5" committed_config { opid_index: -1 OBSOLETE_local: false peers { permanent_uuid: "d28f0f3b8d0e429484dbeeb2d41b7d50" member_type: VOTER last_known_addr { host: "127.58.208.1" port: 59914 } } peers { permanent_uuid: "475a466ec8b44f39bbf6b23f10ebe15b" member_type: VOTER last_known_addr { host: "127.58.208.2" port: 43231 } } peers { permanent_uuid: "81b89e30bd3e45e39b3bd3eca9d5f7c5" member_type: VOTER last_known_addr { host: "127.58.208.3" port: 42179 } } }
I0902 17:01:16.206630 15958 ts_tablet_manager.cc:846] T f6d6c8ad397848d1a55cbbc8353d8c9d P 475a466ec8b44f39bbf6b23f10ebe15b: Time spent starting tablet: real 0.001s user 0.000s sys 0.000s
I0902 17:01:16.206941 15087 catalog_manager.cc:2462] TS 475a466ec8b44f39bbf6b23f10ebe15b (127.58.208.2:43231) does not have the latest schema for tablet f6d6c8ad397848d1a55cbbc8353d8c9d (table test-table [id=b7f89f9ec9c0479b9fed277cd873ba0e]). Expected version 6 got 0
I0902 17:01:16.207000 15840 ts_tablet_manager.cc:1097] T b0339c8008884bd0aeca173a9c53f5c4 P 475a466ec8b44f39bbf6b23f10ebe15b: Deleting tablet data with delete state TABLET_DATA_DELETED
I0902 17:01:16.207075 15087 catalog_manager.cc:2943] Scheduling retry of f6d6c8ad397848d1a55cbbc8353d8c9d (table test-table [id=b7f89f9ec9c0479b9fed277cd873ba0e]) Alter Table RPC with a delay of 55 ms (attempt = 0)
W0902 17:01:16.207123 15087 catalog_manager.cc:3482] Failed to send alter table request: Not found: Failed to reset TS proxy: No leader found: Tablet f6d6c8ad397848d1a55cbbc8353d8c9d consensus state has no leader
I0902 17:01:16.208422 15840 ts_tablet_manager.cc:1110] T b0339c8008884bd0aeca173a9c53f5c4 P 475a466ec8b44f39bbf6b23f10ebe15b: tablet deleted: last-logged OpId: 1.10
I0902 17:01:16.208454 15840 log.cc:960] T b0339c8008884bd0aeca173a9c53f5c4 P 475a466ec8b44f39bbf6b23f10ebe15b: Deleting WAL directory at /tmp/run_tha_testdnoRja/test-tmp/alter_table-randomized-test.AlterTableRandomized.TestRandomSequence.1504371669910680-15056/minicluster-data/ts-1/wal/wals/b0339c8008884bd0aeca173a9c53f5c4
I0902 17:01:16.208655 15840 ts_tablet_manager.cc:1128] T b0339c8008884bd0aeca173a9c53f5c4 P 475a466ec8b44f39bbf6b23f10ebe15b: Deleting consensus metadata
I0902 17:01:16.209450 15072 catalog_manager.cc:3143] TS 475a466ec8b44f39bbf6b23f10ebe15b (127.58.208.2:43231): tablet b0339c8008884bd0aeca173a9c53f5c4 (table test-table [id=b7f89f9ec9c0479b9fed277cd873ba0e]) successfully deleted
I0902 17:01:16.209913 15088 catalog_manager.cc:2462] TS 81b89e30bd3e45e39b3bd3eca9d5f7c5 (127.58.208.3:42179) does not have the latest schema for tablet f6d6c8ad397848d1a55cbbc8353d8c9d (table test-table [id=b7f89f9ec9c0479b9fed277cd873ba0e]). Expected version 6 got 0
I0902 17:01:16.210041 15088 catalog_manager.cc:2943] Scheduling retry of f6d6c8ad397848d1a55cbbc8353d8c9d (table test-table [id=b7f89f9ec9c0479b9fed277cd873ba0e]) Alter Table RPC with a delay of 46 ms (attempt = 0)
W0902 17:01:16.210063 15088 catalog_manager.cc:3482] Failed to send alter table request: Not found: Failed to reset TS proxy: No leader found: Tablet f6d6c8ad397848d1a55cbbc8353d8c9d consensus state has no leader
I0902 17:01:16.210374 15863 raft_consensus.cc:964] T d17c225b8be34efaa82a81133efd1698 P 475a466ec8b44f39bbf6b23f10ebe15b [term 1 FOLLOWER]: Refusing update from remote peer 81b89e30bd3e45e39b3bd3eca9d5f7c5: Log matching property violated. Preceding OpId in replica: term: 0 index: 0. Preceding OpId from leader: term: 1 index: 2. (index mismatch)
I0902 17:01:16.210780 15693 raft_consensus.cc:964] T d17c225b8be34efaa82a81133efd1698 P d28f0f3b8d0e429484dbeeb2d41b7d50 [term 1 FOLLOWER]: Refusing update from remote peer 81b89e30bd3e45e39b3bd3eca9d5f7c5: Log matching property violated. Preceding OpId in replica: term: 0 index: 0. Preceding OpId from leader: term: 1 index: 2. (index mismatch)
I0902 17:01:16.210925 15946 consensus_queue.cc:741] T d17c225b8be34efaa82a81133efd1698 P 81b89e30bd3e45e39b3bd3eca9d5f7c5 [LEADER]: Connected to new peer: Peer: 475a466ec8b44f39bbf6b23f10ebe15b, Is new: false, Last received: 0.0, Next index: 1, Last known committed idx: 0, Last exchange result: ERROR, Needs tablet copy: false
I0902 17:01:16.211442 15535 consensus_queue.cc:741] T d17c225b8be34efaa82a81133efd1698 P 81b89e30bd3e45e39b3bd3eca9d5f7c5 [LEADER]: Connected to new peer: Peer: d28f0f3b8d0e429484dbeeb2d41b7d50, Is new: false, Last received: 0.0, Next index: 1, Last known committed idx: 0, Last exchange result: ERROR, Needs tablet copy: false
I0902 17:01:16.213289 15088 catalog_manager.cc:2462] TS d28f0f3b8d0e429484dbeeb2d41b7d50 (127.58.208.1:59914) does not have the latest schema for tablet d17c225b8be34efaa82a81133efd1698 (table test-table [id=b7f89f9ec9c0479b9fed277cd873ba0e]). Expected version 6 got 0
I0902 17:01:16.213898 15949 tablet.cc:1115] T d17c225b8be34efaa82a81133efd1698 P 81b89e30bd3e45e39b3bd3eca9d5f7c5: Alter schema from Schema [ 10:key[int32 NOT NULL] ] version 0 to Schema [ 10:key[int32 NOT NULL] ] version 6
I0902 17:01:16.217471 15961 tablet.cc:1115] T d17c225b8be34efaa82a81133efd1698 P d28f0f3b8d0e429484dbeeb2d41b7d50: Alter schema from Schema [ 10:key[int32 NOT NULL] ] version 0 to Schema [ 10:key[int32 NOT NULL] ] version 6
I0902 17:01:16.217944 15088 catalog_manager.cc:2462] TS d28f0f3b8d0e429484dbeeb2d41b7d50 (127.58.208.1:59914) does not have the latest schema for tablet d17c225b8be34efaa82a81133efd1698 (table test-table [id=b7f89f9ec9c0479b9fed277cd873ba0e]). Expected version 6 got 0
I0902 17:01:16.220522 15070 catalog_manager.cc:2943] Scheduling retry of f6d6c8ad397848d1a55cbbc8353d8c9d (table test-table [id=b7f89f9ec9c0479b9fed277cd873ba0e]) Alter Table RPC with a delay of 47 ms (attempt = 0)
W0902 17:01:16.220551 15070 catalog_manager.cc:2962] Async tablet task f6d6c8ad397848d1a55cbbc8353d8c9d (table test-table [id=b7f89f9ec9c0479b9fed277cd873ba0e]) Alter Table RPC failed: Not found: Failed to reset TS proxy: No leader found: Tablet f6d6c8ad397848d1a55cbbc8353d8c9d consensus state has no leader
I0902 17:01:16.225425 15086 catalog_manager.cc:2462] TS 475a466ec8b44f39bbf6b23f10ebe15b (127.58.208.2:43231) does not have the latest schema for tablet d17c225b8be34efaa82a81133efd1698 (table test-table [id=b7f89f9ec9c0479b9fed277cd873ba0e]). Expected version 6 got 0
I0902 17:01:16.228895 15935 tablet.cc:1115] T d17c225b8be34efaa82a81133efd1698 P 475a466ec8b44f39bbf6b23f10ebe15b: Alter schema from Schema [ 10:key[int32 NOT NULL] ] version 0 to Schema [ 10:key[int32 NOT NULL] ] version 6
I0902 17:01:16.250242 15072 catalog_manager.cc:2943] Scheduling retry of f6d6c8ad397848d1a55cbbc8353d8c9d (table test-table [id=b7f89f9ec9c0479b9fed277cd873ba0e]) Alter Table RPC with a delay of 26 ms (attempt = 0)
W0902 17:01:16.250335 15072 catalog_manager.cc:2962] Async tablet task f6d6c8ad397848d1a55cbbc8353d8c9d (table test-table [id=b7f89f9ec9c0479b9fed277cd873ba0e]) Alter Table RPC failed: Not found: Failed to reset TS proxy: No leader found: Tablet f6d6c8ad397848d1a55cbbc8353d8c9d consensus state has no leader
I0902 17:01:16.257208 15070 catalog_manager.cc:2943] Scheduling retry of f6d6c8ad397848d1a55cbbc8353d8c9d (table test-table [id=b7f89f9ec9c0479b9fed277cd873ba0e]) Alter Table RPC with a delay of 28 ms (attempt = 0)
W0902 17:01:16.257239 15070 catalog_manager.cc:2962] Async tablet task f6d6c8ad397848d1a55cbbc8353d8c9d (table test-table [id=b7f89f9ec9c0479b9fed277cd873ba0e]) Alter Table RPC failed: Not found: Failed to reset TS proxy: No leader found: Tablet f6d6c8ad397848d1a55cbbc8353d8c9d consensus state has no leader
I0902 17:01:16.262657 15071 catalog_manager.cc:2943] Scheduling retry of f6d6c8ad397848d1a55cbbc8353d8c9d (table test-table [id=b7f89f9ec9c0479b9fed277cd873ba0e]) Alter Table RPC with a delay of 43 ms (attempt = 0)
W0902 17:01:16.262706 15071 catalog_manager.cc:2962] Async tablet task f6d6c8ad397848d1a55cbbc8353d8c9d (table test-table [id=b7f89f9ec9c0479b9fed277cd873ba0e]) Alter Table RPC failed: Not found: Failed to reset TS proxy: No leader found: Tablet f6d6c8ad397848d1a55cbbc8353d8c9d consensus state has no leader
I0902 17:01:16.268452 15070 catalog_manager.cc:2943] Scheduling retry of f6d6c8ad397848d1a55cbbc8353d8c9d (table test-table [id=b7f89f9ec9c0479b9fed277cd873ba0e]) Alter Table RPC with a delay of 50 ms (attempt = 0)
W0902 17:01:16.268483 15070 catalog_manager.cc:2962] Async tablet task f6d6c8ad397848d1a55cbbc8353d8c9d (table test-table [id=b7f89f9ec9c0479b9fed277cd873ba0e]) Alter Table RPC failed: Not found: Failed to reset TS proxy: No leader found: Tablet f6d6c8ad397848d1a55cbbc8353d8c9d consensus state has no leader
I0902 17:01:16.276597 15072 catalog_manager.cc:2943] Scheduling retry of f6d6c8ad397848d1a55cbbc8353d8c9d (table test-table [id=b7f89f9ec9c0479b9fed277cd873ba0e]) Alter Table RPC with a delay of 38 ms (attempt = 0)
W0902 17:01:16.276679 15072 catalog_manager.cc:2962] Async tablet task f6d6c8ad397848d1a55cbbc8353d8c9d (table test-table [id=b7f89f9ec9c0479b9fed277cd873ba0e]) Alter Table RPC failed: Not found: Failed to reset TS proxy: No leader found: Tablet f6d6c8ad397848d1a55cbbc8353d8c9d consensus state has no leader
I0902 17:01:16.286387 15070 catalog_manager.cc:2943] Scheduling retry of f6d6c8ad397848d1a55cbbc8353d8c9d (table test-table [id=b7f89f9ec9c0479b9fed277cd873ba0e]) Alter Table RPC with a delay of 50 ms (attempt = 0)
W0902 17:01:16.286453 15070 catalog_manager.cc:2962] Async tablet task f6d6c8ad397848d1a55cbbc8353d8c9d (table test-table [id=b7f89f9ec9c0479b9fed277cd873ba0e]) Alter Table RPC failed: Not found: Failed to reset TS proxy: No leader found: Tablet f6d6c8ad397848d1a55cbbc8353d8c9d consensus state has no leader
I0902 17:01:16.306076 15071 catalog_manager.cc:2943] Scheduling retry of f6d6c8ad397848d1a55cbbc8353d8c9d (table test-table [id=b7f89f9ec9c0479b9fed277cd873ba0e]) Alter Table RPC with a delay of 12 ms (attempt = 0)
W0902 17:01:16.306114 15071 catalog_manager.cc:2962] Async tablet task f6d6c8ad397848d1a55cbbc8353d8c9d (table test-table [id=b7f89f9ec9c0479b9fed277cd873ba0e]) Alter Table RPC failed: Not found: Failed to reset TS proxy: No leader found: Tablet f6d6c8ad397848d1a55cbbc8353d8c9d consensus state has no leader
I0902 17:01:16.315089 15072 catalog_manager.cc:2943] Scheduling retry of f6d6c8ad397848d1a55cbbc8353d8c9d (table test-table [id=b7f89f9ec9c0479b9fed277cd873ba0e]) Alter Table RPC with a delay of 41 ms (attempt = 0)
W0902 17:01:16.315177 15072 catalog_manager.cc:2962] Async tablet task f6d6c8ad397848d1a55cbbc8353d8c9d (table test-table [id=b7f89f9ec9c0479b9fed277cd873ba0e]) Alter Table RPC failed: Not found: Failed to reset TS proxy: No leader found: Tablet f6d6c8ad397848d1a55cbbc8353d8c9d consensus state has no leader
I0902 17:01:16.317687 15977 raft_consensus.cc:412] T f6d6c8ad397848d1a55cbbc8353d8c9d P d28f0f3b8d0e429484dbeeb2d41b7d50 [term 0 FOLLOWER]: Starting pre-election (no leader contacted us within the election timeout)
I0902 17:01:16.317729 15977 raft_consensus.cc:2456] T f6d6c8ad397848d1a55cbbc8353d8c9d P d28f0f3b8d0e429484dbeeb2d41b7d50: Snoozing failure detection for 1.772s (starting election)
I0902 17:01:16.317821 15977 raft_consensus.cc:434] T f6d6c8ad397848d1a55cbbc8353d8c9d P d28f0f3b8d0e429484dbeeb2d41b7d50 [term 0 FOLLOWER]: Starting pre-election with config: opid_index: -1 OBSOLETE_local: false peers { permanent_uuid: "d28f0f3b8d0e429484dbeeb2d41b7d50" member_type: VOTER last_known_addr { host: "127.58.208.1" port: 59914 } } peers { permanent_uuid: "475a466ec8b44f39bbf6b23f10ebe15b" member_type: VOTER last_known_addr { host: "127.58.208.2" port: 43231 } } peers { permanent_uuid: "81b89e30bd3e45e39b3bd3eca9d5f7c5" member_type: VOTER last_known_addr { host: "127.58.208.3" port: 42179 } }
I0902 17:01:16.318164 15977 leader_election.cc:221] T f6d6c8ad397848d1a55cbbc8353d8c9d P d28f0f3b8d0e429484dbeeb2d41b7d50 [CANDIDATE]: Term 1 pre-election: Requesting pre-vote from peer 475a466ec8b44f39bbf6b23f10ebe15b
I0902 17:01:16.318279 15977 leader_election.cc:221] T f6d6c8ad397848d1a55cbbc8353d8c9d P d28f0f3b8d0e429484dbeeb2d41b7d50 [CANDIDATE]: Term 1 pre-election: Requesting pre-vote from peer 81b89e30bd3e45e39b3bd3eca9d5f7c5
I0902 17:01:16.318964 15071 catalog_manager.cc:2943] Scheduling retry of f6d6c8ad397848d1a55cbbc8353d8c9d (table test-table [id=b7f89f9ec9c0479b9fed277cd873ba0e]) Alter Table RPC with a delay of 15 ms (attempt = 0)
W0902 17:01:16.318992 15071 catalog_manager.cc:2962] Async tablet task f6d6c8ad397848d1a55cbbc8353d8c9d (table test-table [id=b7f89f9ec9c0479b9fed277cd873ba0e]) Alter Table RPC failed: Not found: Failed to reset TS proxy: No leader found: Tablet f6d6c8ad397848d1a55cbbc8353d8c9d consensus state has no leader
I0902 17:01:16.319010 15863 tablet_service.cc:1002] Received RequestConsensusVote() RPC: tablet_id: "f6d6c8ad397848d1a55cbbc8353d8c9d" candidate_uuid: "d28f0f3b8d0e429484dbeeb2d41b7d50" candidate_term: 1 candidate_status { last_received { term: 0 index: 0 } } ignore_live_leader: false dest_uuid: "475a466ec8b44f39bbf6b23f10ebe15b" is_pre_election: true
I0902 17:01:16.319083 15863 raft_consensus.cc:2456] T f6d6c8ad397848d1a55cbbc8353d8c9d P 475a466ec8b44f39bbf6b23f10ebe15b: Snoozing failure detection for 1.650s (vote granted)
I0902 17:01:16.319115 15863 raft_consensus.cc:2010] T f6d6c8ad397848d1a55cbbc8353d8c9d P 475a466ec8b44f39bbf6b23f10ebe15b [term 0 FOLLOWER]: Leader pre-election vote request: Granting yes vote for candidate d28f0f3b8d0e429484dbeeb2d41b7d50 in term 0.
I0902 17:01:16.319293 15070 catalog_manager.cc:2943] Scheduling retry of f6d6c8ad397848d1a55cbbc8353d8c9d (table test-table [id=b7f89f9ec9c0479b9fed277cd873ba0e]) Alter Table RPC with a delay of 51 ms (attempt = 0)
W0902 17:01:16.319334 15070 catalog_manager.cc:2962] Async tablet task f6d6c8ad397848d1a55cbbc8353d8c9d (table test-table [id=b7f89f9ec9c0479b9fed277cd873ba0e]) Alter Table RPC failed: Not found: Failed to reset TS proxy: No leader found: Tablet f6d6c8ad397848d1a55cbbc8353d8c9d consensus state has no leader
I0902 17:01:16.319434 15621 leader_election.cc:353] T f6d6c8ad397848d1a55cbbc8353d8c9d P d28f0f3b8d0e429484dbeeb2d41b7d50 [CANDIDATE]: Term 1 pre-election: Vote granted by peer 475a466ec8b44f39bbf6b23f10ebe15b
I0902 17:01:16.319466 15621 leader_election.cc:248] T f6d6c8ad397848d1a55cbbc8353d8c9d P d28f0f3b8d0e429484dbeeb2d41b7d50 [CANDIDATE]: Term 1 pre-election: Election decided. Result: candidate won.
I0902 17:01:16.319574 15979 raft_consensus.cc:2456] T f6d6c8ad397848d1a55cbbc8353d8c9d P d28f0f3b8d0e429484dbeeb2d41b7d50: Snoozing failure detection for 1.871s (election complete)
I0902 17:01:16.319599 15979 raft_consensus.cc:2280] T f6d6c8ad397848d1a55cbbc8353d8c9d P d28f0f3b8d0e429484dbeeb2d41b7d50 [term 0 FOLLOWER]: Leader pre-election won for term 1
I0902 17:01:16.319609 15979 raft_consensus.cc:412] T f6d6c8ad397848d1a55cbbc8353d8c9d P d28f0f3b8d0e429484dbeeb2d41b7d50 [term 0 FOLLOWER]: Starting leader election (no leader contacted us within the election timeout)
I0902 17:01:16.319624 15979 raft_consensus.cc:2456] T f6d6c8ad397848d1a55cbbc8353d8c9d P d28f0f3b8d0e429484dbeeb2d41b7d50: Snoozing failure detection for 2.182s (starting election)
I0902 17:01:16.319634 15979 raft_consensus.cc:2508] T f6d6c8ad397848d1a55cbbc8353d8c9d P d28f0f3b8d0e429484dbeeb2d41b7d50 [term 0 FOLLOWER]: Advancing to term 1
I0902 17:01:16.319751 15452 tablet_service.cc:1002] Received RequestConsensusVote() RPC: tablet_id: "f6d6c8ad397848d1a55cbbc8353d8c9d" candidate_uuid: "d28f0f3b8d0e429484dbeeb2d41b7d50" candidate_term: 1 candidate_status { last_received { term: 0 index: 0 } } ignore_live_leader: false dest_uuid: "81b89e30bd3e45e39b3bd3eca9d5f7c5" is_pre_election: true
I0902 17:01:16.319815 15452 raft_consensus.cc:2456] T f6d6c8ad397848d1a55cbbc8353d8c9d P 81b89e30bd3e45e39b3bd3eca9d5f7c5: Snoozing failure detection for 1.829s (vote granted)
I0902 17:01:16.319842 15452 raft_consensus.cc:2010] T f6d6c8ad397848d1a55cbbc8353d8c9d P 81b89e30bd3e45e39b3bd3eca9d5f7c5 [term 0 FOLLOWER]: Leader pre-election vote request: Granting yes vote for candidate d28f0f3b8d0e429484dbeeb2d41b7d50 in term 0.
I0902 17:01:16.320107 15621 leader_election.cc:353] T f6d6c8ad397848d1a55cbbc8353d8c9d P d28f0f3b8d0e429484dbeeb2d41b7d50 [CANDIDATE]: Term 1 pre-election: Vote granted by peer 81b89e30bd3e45e39b3bd3eca9d5f7c5
I0902 17:01:16.320554 15979 raft_consensus.cc:434] T f6d6c8ad397848d1a55cbbc8353d8c9d P d28f0f3b8d0e429484dbeeb2d41b7d50 [term 1 FOLLOWER]: Starting leader election with config: opid_index: -1 OBSOLETE_local: false peers { permanent_uuid: "d28f0f3b8d0e429484dbeeb2d41b7d50" member_type: VOTER last_known_addr { host: "127.58.208.1" port: 59914 } } peers { permanent_uuid: "475a466ec8b44f39bbf6b23f10ebe15b" member_type: VOTER last_known_addr { host: "127.58.208.2" port: 43231 } } peers { permanent_uuid: "81b89e30bd3e45e39b3bd3eca9d5f7c5" member_type: VOTER last_known_addr { host: "127.58.208.3" port: 42179 } }
I0902 17:01:16.320734 15979 leader_election.cc:221] T f6d6c8ad397848d1a55cbbc8353d8c9d P d28f0f3b8d0e429484dbeeb2d41b7d50 [CANDIDATE]: Term 1 election: Requesting vote from peer 475a466ec8b44f39bbf6b23f10ebe15b
I0902 17:01:16.320799 15979 leader_election.cc:221] T f6d6c8ad397848d1a55cbbc8353d8c9d P d28f0f3b8d0e429484dbeeb2d41b7d50 [CANDIDATE]: Term 1 election: Requesting vote from peer 81b89e30bd3e45e39b3bd3eca9d5f7c5
I0902 17:01:16.321244 15863 tablet_service.cc:1002] Received RequestConsensusVote() RPC: tablet_id: "f6d6c8ad397848d1a55cbbc8353d8c9d" candidate_uuid: "d28f0f3b8d0e429484dbeeb2d41b7d50" candidate_term: 1 candidate_status { last_received { term: 0 index: 0 } } ignore_live_leader: false dest_uuid: "475a466ec8b44f39bbf6b23f10ebe15b"
I0902 17:01:16.321251 15452 tablet_service.cc:1002] Received RequestConsensusVote() RPC: tablet_id: "f6d6c8ad397848d1a55cbbc8353d8c9d" candidate_uuid: "d28f0f3b8d0e429484dbeeb2d41b7d50" candidate_term: 1 candidate_status { last_received { term: 0 index: 0 } } ignore_live_leader: false dest_uuid: "81b89e30bd3e45e39b3bd3eca9d5f7c5"
I0902 17:01:16.321287 15452 raft_consensus.cc:2508] T f6d6c8ad397848d1a55cbbc8353d8c9d P 81b89e30bd3e45e39b3bd3eca9d5f7c5 [term 0 FOLLOWER]: Advancing to term 1
I0902 17:01:16.321290 15863 raft_consensus.cc:2508] T f6d6c8ad397848d1a55cbbc8353d8c9d P 475a466ec8b44f39bbf6b23f10ebe15b [term 0 FOLLOWER]: Advancing to term 1
I0902 17:01:16.321331 15452 raft_consensus.cc:2456] T f6d6c8ad397848d1a55cbbc8353d8c9d P 81b89e30bd3e45e39b3bd3eca9d5f7c5: Snoozing failure detection for 1.865s (vote granted)
I0902 17:01:16.321332 15863 raft_consensus.cc:2456] T f6d6c8ad397848d1a55cbbc8353d8c9d P 475a466ec8b44f39bbf6b23f10ebe15b: Snoozing failure detection for 2.155s (vote granted)
I0902 17:01:16.321991 15452 raft_consensus.cc:2010] T f6d6c8ad397848d1a55cbbc8353d8c9d P 81b89e30bd3e45e39b3bd3eca9d5f7c5 [term 1 FOLLOWER]: Leader election vote request: Granting yes vote for candidate d28f0f3b8d0e429484dbeeb2d41b7d50 in term 1.
I0902 17:01:16.322237 15621 leader_election.cc:353] T f6d6c8ad397848d1a55cbbc8353d8c9d P d28f0f3b8d0e429484dbeeb2d41b7d50 [CANDIDATE]: Term 1 election: Vote granted by peer 81b89e30bd3e45e39b3bd3eca9d5f7c5
I0902 17:01:16.322258 15621 leader_election.cc:248] T f6d6c8ad397848d1a55cbbc8353d8c9d P d28f0f3b8d0e429484dbeeb2d41b7d50 [CANDIDATE]: Term 1 election: Election decided. Result: candidate won.
I0902 17:01:16.322378 15982 raft_consensus.cc:2456] T f6d6c8ad397848d1a55cbbc8353d8c9d P d28f0f3b8d0e429484dbeeb2d41b7d50: Snoozing failure detection for 1.980s (election complete)
I0902 17:01:16.322399 15982 raft_consensus.cc:2280] T f6d6c8ad397848d1a55cbbc8353d8c9d P d28f0f3b8d0e429484dbeeb2d41b7d50 [term 1 FOLLOWER]: Leader election won for term 1
I0902 17:01:16.322448 15982 raft_consensus.cc:542] T f6d6c8ad397848d1a55cbbc8353d8c9d P d28f0f3b8d0e429484dbeeb2d41b7d50 [term 1 LEADER]: Becoming Leader. State: Replica: d28f0f3b8d0e429484dbeeb2d41b7d50, State: Running, Role: LEADER
I0902 17:01:16.322518 15982 consensus_queue.cc:169] T f6d6c8ad397848d1a55cbbc8353d8c9d P d28f0f3b8d0e429484dbeeb2d41b7d50 [LEADER]: Queue going to LEADER mode. State: All replicated index: 0, Majority replicated index: 0, Committed index: 0, Last appended: 0.0, Last appended by leader: 0, Current term: 1, Majority size: 2, State: 0, Mode: LEADER, active raft config: opid_index: -1 OBSOLETE_local: false peers { permanent_uuid: "d28f0f3b8d0e429484dbeeb2d41b7d50" member_type: VOTER last_known_addr { host: "127.58.208.1" port: 59914 } } peers { permanent_uuid: "475a466ec8b44f39bbf6b23f10ebe15b" member_type: VOTER last_known_addr { host: "127.58.208.2" port: 43231 } } peers { permanent_uuid: "81b89e30bd3e45e39b3bd3eca9d5f7c5" member_type: VOTER last_known_addr { host: "127.58.208.3" port: 42179 } }
I0902 17:01:16.322962 15863 raft_consensus.cc:2010] T f6d6c8ad397848d1a55cbbc8353d8c9d P 475a466ec8b44f39bbf6b23f10ebe15b [term 1 FOLLOWER]: Leader election vote request: Granting yes vote for candidate d28f0f3b8d0e429484dbeeb2d41b7d50 in term 1.
I0902 17:01:16.323202 15621 leader_election.cc:353] T f6d6c8ad397848d1a55cbbc8353d8c9d P d28f0f3b8d0e429484dbeeb2d41b7d50 [CANDIDATE]: Term 1 election: Vote granted by peer 475a466ec8b44f39bbf6b23f10ebe15b
I0902 17:01:16.327574 15086 catalog_manager.cc:2462] TS d28f0f3b8d0e429484dbeeb2d41b7d50 (127.58.208.1:59914) does not have the latest schema for tablet f6d6c8ad397848d1a55cbbc8353d8c9d (table test-table [id=b7f89f9ec9c0479b9fed277cd873ba0e]). Expected version 6 got 0
I0902 17:01:16.327723 15086 catalog_manager.cc:2571] T f6d6c8ad397848d1a55cbbc8353d8c9d reported cstate change: term changed from 0 to 1, leader changed from to d28f0f3b8d0e429484dbeeb2d41b7d50 (127.58.208.1). New cstate: current_term: 1 leader_uuid: "d28f0f3b8d0e429484dbeeb2d41b7d50" committed_config { opid_index: -1 OBSOLETE_local: false peers { permanent_uuid: "d28f0f3b8d0e429484dbeeb2d41b7d50" member_type: VOTER last_known_addr { host: "127.58.208.1" port: 59914 } } peers { permanent_uuid: "475a466ec8b44f39bbf6b23f10ebe15b" member_type: VOTER last_known_addr { host: "127.58.208.2" port: 43231 } } peers { permanent_uuid: "81b89e30bd3e45e39b3bd3eca9d5f7c5" member_type: VOTER last_known_addr { host: "127.58.208.3" port: 42179 } } }
I0902 17:01:16.330837 15452 raft_consensus.cc:964] T f6d6c8ad397848d1a55cbbc8353d8c9d P 81b89e30bd3e45e39b3bd3eca9d5f7c5 [term 1 FOLLOWER]: Refusing update from remote peer d28f0f3b8d0e429484dbeeb2d41b7d50: Log matching property violated. Preceding OpId in replica: term: 0 index: 0. Preceding OpId from leader: term: 1 index: 2. (index mismatch)
I0902 17:01:16.330837 15863 raft_consensus.cc:964] T f6d6c8ad397848d1a55cbbc8353d8c9d P 475a466ec8b44f39bbf6b23f10ebe15b [term 1 FOLLOWER]: Refusing update from remote peer d28f0f3b8d0e429484dbeeb2d41b7d50: Log matching property violated. Preceding OpId in replica: term: 0 index: 0. Preceding OpId from leader: term: 1 index: 2. (index mismatch)
I0902 17:01:16.331185 15917 consensus_queue.cc:741] T f6d6c8ad397848d1a55cbbc8353d8c9d P d28f0f3b8d0e429484dbeeb2d41b7d50 [LEADER]: Connected to new peer: Peer: 475a466ec8b44f39bbf6b23f10ebe15b, Is new: false, Last received: 0.0, Next index: 1, Last known committed idx: 0, Last exchange result: ERROR, Needs tablet copy: false
I0902 17:01:16.331243 15982 consensus_queue.cc:741] T f6d6c8ad397848d1a55cbbc8353d8c9d P d28f0f3b8d0e429484dbeeb2d41b7d50 [LEADER]: Connected to new peer: Peer: 81b89e30bd3e45e39b3bd3eca9d5f7c5, Is new: false, Last received: 0.0, Next index: 1, Last known committed idx: 0, Last exchange result: ERROR, Needs tablet copy: false
I0902 17:01:16.339082 15086 catalog_manager.cc:2462] TS 81b89e30bd3e45e39b3bd3eca9d5f7c5 (127.58.208.3:42179) does not have the latest schema for tablet f6d6c8ad397848d1a55cbbc8353d8c9d (table test-table [id=b7f89f9ec9c0479b9fed277cd873ba0e]). Expected version 6 got 0
I0902 17:01:16.339442 15934 tablet.cc:1115] T f6d6c8ad397848d1a55cbbc8353d8c9d P d28f0f3b8d0e429484dbeeb2d41b7d50: Alter schema from Schema [ 10:key[int32 NOT NULL] ] version 0 to Schema [ 10:key[int32 NOT NULL] ] version 6
I0902 17:01:16.340632 15933 tablet.cc:1115] T f6d6c8ad397848d1a55cbbc8353d8c9d P 81b89e30bd3e45e39b3bd3eca9d5f7c5: Alter schema from Schema [ 10:key[int32 NOT NULL] ] version 0 to Schema [ 10:key[int32 NOT NULL] ] version 6
I0902 17:01:16.342416 15087 catalog_manager.cc:2462] TS 475a466ec8b44f39bbf6b23f10ebe15b (127.58.208.2:43231) does not have the latest schema for tablet f6d6c8ad397848d1a55cbbc8353d8c9d (table test-table [id=b7f89f9ec9c0479b9fed277cd873ba0e]). Expected version 6 got 0
I0902 17:01:16.342998 15086 catalog_manager.cc:3728] T 00000000000000000000000000000000 P b004b3046b584f37925df45eda899ff0: test-table [id=b7f89f9ec9c0479b9fed277cd873ba0e] alter complete (version 6)
I0902 17:01:16.343345 15616 maintenance_manager.cc:486] Time spent running UndoDeltaBlockGCOp(eab66cb8a35a4399936ca49988b0131d): real 0.000s user 0.000s sys 0.000s
I0902 17:01:16.343421 15616 maintenance_manager.cc:492] P d28f0f3b8d0e429484dbeeb2d41b7d50: UndoDeltaBlockGCOp(eab66cb8a35a4399936ca49988b0131d) metrics: {"cfile_init":1,"lbm_read_time_us":58,"lbm_reads_lt_1ms":4}
I0902 17:01:16.344552 15956 tablet.cc:1115] T f6d6c8ad397848d1a55cbbc8353d8c9d P 475a466ec8b44f39bbf6b23f10ebe15b: Alter schema from Schema [ 10:key[int32 NOT NULL] ] version 0 to Schema [ 10:key[int32 NOT NULL] ] version 6
I0902 17:01:16.345885 15952 tablet.cc:1110] T f6d6c8ad397848d1a55cbbc8353d8c9d P d28f0f3b8d0e429484dbeeb2d41b7d50: Already running schema version 6 got alter request for version 6
I0902 17:01:16.348052 15963 tablet.cc:1110] T f6d6c8ad397848d1a55cbbc8353d8c9d P 81b89e30bd3e45e39b3bd3eca9d5f7c5: Already running schema version 6 got alter request for version 6
I0902 17:01:16.349032 15955 tablet.cc:1110] T f6d6c8ad397848d1a55cbbc8353d8c9d P 475a466ec8b44f39bbf6b23f10ebe15b: Already running schema version 6 got alter request for version 6
I0902 17:01:16.349088 15961 tablet.cc:1110] T f6d6c8ad397848d1a55cbbc8353d8c9d P d28f0f3b8d0e429484dbeeb2d41b7d50: Already running schema version 6 got alter request for version 6
I0902 17:01:16.350302 15935 tablet.cc:1110] T f6d6c8ad397848d1a55cbbc8353d8c9d P 475a466ec8b44f39bbf6b23f10ebe15b: Already running schema version 6 got alter request for version 6
I0902 17:01:16.351878 15949 tablet.cc:1110] T f6d6c8ad397848d1a55cbbc8353d8c9d P 81b89e30bd3e45e39b3bd3eca9d5f7c5: Already running schema version 6 got alter request for version 6
I0902 17:01:16.403540 15382 maintenance_manager.cc:486] Time spent running UndoDeltaBlockGCOp(eab66cb8a35a4399936ca49988b0131d): real 0.000s user 0.000s sys 0.000s
I0902 17:01:16.403623 15382 maintenance_manager.cc:492] P 81b89e30bd3e45e39b3bd3eca9d5f7c5: UndoDeltaBlockGCOp(eab66cb8a35a4399936ca49988b0131d) metrics: {"cfile_init":1,"lbm_read_time_us":58,"lbm_reads_lt_1ms":4}
I0902 17:01:16.428349 15787 maintenance_manager.cc:486] Time spent running UndoDeltaBlockGCOp(eab66cb8a35a4399936ca49988b0131d): real 0.000s user 0.000s sys 0.000s
I0902 17:01:16.428436 15787 maintenance_manager.cc:492] P 475a466ec8b44f39bbf6b23f10ebe15b: UndoDeltaBlockGCOp(eab66cb8a35a4399936ca49988b0131d) metrics: {"cfile_init":1,"lbm_read_time_us":61,"lbm_reads_lt_1ms":4}
I0902 17:01:16.461201 15056 alter_table-randomized-test.cc:436] Beginning Alterations
I0902 17:01:16.461941 15056 alter_table-randomized-test.cc:550] Adding range partition: [67108863, 134217726) resulting partitions: (67108863, 134217726], (603979767, 671088630], (738197493, 805306356], (1073741808, 1140850671], (1409286123, 1476394986], (1476394986, 1543503849)
I0902 17:01:16.461992 15056 alter_table-randomized-test.cc:582] Dropping range partition: [1073741808, 1140850671) resulting partitions: (67108863, 134217726], (603979767, 671088630], (738197493, 805306356], (1409286123, 1476394986], (1476394986, 1543503849)
I0902 17:01:16.462013 15056 alter_table-randomized-test.cc:550] Adding range partition: [872415219, 939524082) resulting partitions: (67108863, 134217726], (603979767, 671088630], (738197493, 805306356], (872415219, 939524082], (1409286123, 1476394986], (1476394986, 1543503849)
I0902 17:01:16.462030 15056 alter_table-randomized-test.cc:582] Dropping range partition: [67108863, 134217726) resulting partitions: (603979767, 671088630], (738197493, 805306356], (872415219, 939524082], (1409286123, 1476394986], (1476394986, 1543503849)
I0902 17:01:16.462046 15056 alter_table-randomized-test.cc:582] Dropping range partition: [872415219, 939524082) resulting partitions: (603979767, 671088630], (738197493, 805306356], (1409286123, 1476394986], (1476394986, 1543503849)
I0902 17:01:16.462064 15056 alter_table-randomized-test.cc:582] Dropping range partition: [738197493, 805306356) resulting partitions: (603979767, 671088630], (1409286123, 1476394986], (1476394986, 1543503849)
I0902 17:01:16.462080 15056 alter_table-randomized-test.cc:582] Dropping range partition: [603979767, 671088630) resulting partitions: (1409286123, 1476394986], (1476394986, 1543503849)
I0902 17:01:16.462095 15056 alter_table-randomized-test.cc:582] Dropping range partition: [1409286123, 1476394986) resulting partitions: (1476394986, 1543503849)
I0902 17:01:16.462105 15056 alter_table-randomized-test.cc:468] Committing Alterations
I0902 17:01:16.462687 15088 catalog_manager.cc:1946] Servicing AlterTable request from {username='slave'} at 127.0.0.1:43619: table { table_name: "test-table" } alter_schema_steps { type: ADD_RANGE_PARTITION add_range_partition { range_bounds { rows: "\006\001\377\377\377\003\007\001\376\377\377\007" } } } alter_schema_steps { type: DROP_RANGE_PARTITION drop_range_partition { range_bounds { rows: "\006\001\360\377\377?\007\001\357\377\377C" } } } alter_schema_steps { type: ADD_RANGE_PARTITION add_range_partition { range_bounds { rows: "\006\001\363\377\3773\t\001\361\377\3777" } } } alter_schema_steps { type: DROP_RANGE_PARTITION drop_range_partition { range_bounds { rows: "\006\001\377\377\377\003\007\001\376\377\377\007" } } } alter_schema_steps { type: DROP_RANGE_PARTITION drop_range_partition { range_bounds { rows: "\006\001\363\377\3773\007\001\362\377\3777" } } } alter_schema_steps { type: DROP_RANGE_PARTITION drop_range_partition { range_bounds { rows: "\006\001\365\377\377+\007\001\364\377\377/" } } } alter_schema_steps { type: DROP_RANGE_PARTITION drop_range_partition { range_bounds { rows: "\006\001\367\377\377#\007\001\366\377\377\'" } } } alter_schema_steps { type: DROP_RANGE_PARTITION drop_range_partition { range_bounds { rows: "\006\001\353\377\377S\007\001\352\377\377W" } } } schema { columns { name: "key" type: INT32 is_key: true is_nullable: false encoding: AUTO_ENCODING compression: DEFAULT_COMPRESSION cfile_block_size: 0 } }
I0902 17:01:16.465009 15088 catalog_manager.cc:3508] T 00000000000000000000000000000000 P b004b3046b584f37925df45eda899ff0: Sending DeleteTablet for 3 replicas of tablet d17c225b8be34efaa82a81133efd1698
I0902 17:01:16.465056 15088 catalog_manager.cc:3165] Sending DeleteTablet(TABLET_DATA_DELETED) for tablet d17c225b8be34efaa82a81133efd1698 on d28f0f3b8d0e429484dbeeb2d41b7d50 (127.58.208.1:59914) (Partition dropped at 2017-09-02 17:01:16 UTC)
I0902 17:01:16.465113 15088 catalog_manager.cc:3165] Sending DeleteTablet(TABLET_DATA_DELETED) for tablet d17c225b8be34efaa82a81133efd1698 on 475a466ec8b44f39bbf6b23f10ebe15b (127.58.208.2:43231) (Partition dropped at 2017-09-02 17:01:16 UTC)
I0902 17:01:16.465198 15088 catalog_manager.cc:3165] Sending DeleteTablet(TABLET_DATA_DELETED) for tablet d17c225b8be34efaa82a81133efd1698 on 81b89e30bd3e45e39b3bd3eca9d5f7c5 (127.58.208.3:42179) (Partition dropped at 2017-09-02 17:01:16 UTC)
I0902 17:01:16.465255 15088 catalog_manager.cc:3508] T 00000000000000000000000000000000 P b004b3046b584f37925df45eda899ff0: Sending DeleteTablet for 3 replicas of tablet eab66cb8a35a4399936ca49988b0131d
I0902 17:01:16.465308 15088 catalog_manager.cc:3165] Sending DeleteTablet(TABLET_DATA_DELETED) for tablet eab66cb8a35a4399936ca49988b0131d on d28f0f3b8d0e429484dbeeb2d41b7d50 (127.58.208.1:59914) (Partition dropped at 2017-09-02 17:01:16 UTC)
I0902 17:01:16.465431 15671 tablet_service.cc:805] Processing DeleteTablet for tablet d17c225b8be34efaa82a81133efd1698 with delete_type TABLET_DATA_DELETED (Partition dropped at 2017-09-02 17:01:16 UTC) from {username='slave'} at 127.0.0.1:34303
I0902 17:01:16.465481 15671 tablet_replica.cc:251] T d17c225b8be34efaa82a81133efd1698 P d28f0f3b8d0e429484dbeeb2d41b7d50: stopping tablet replica
I0902 17:01:16.465509 15671 maintenance_manager.cc:228] P d28f0f3b8d0e429484dbeeb2d41b7d50: Unregistered op CompactRowSetsOp(d17c225b8be34efaa82a81133efd1698)
I0902 17:01:16.465523 15671 maintenance_manager.cc:228] P d28f0f3b8d0e429484dbeeb2d41b7d50: Unregistered op MinorDeltaCompactionOp(d17c225b8be34efaa82a81133efd1698)
I0902 17:01:16.465530 15671 maintenance_manager.cc:228] P d28f0f3b8d0e429484dbeeb2d41b7d50: Unregistered op MajorDeltaCompactionOp(d17c225b8be34efaa82a81133efd1698)
I0902 17:01:16.465538 15671 maintenance_manager.cc:228] P d28f0f3b8d0e429484dbeeb2d41b7d50: Unregistered op UndoDeltaBlockGCOp(d17c225b8be34efaa82a81133efd1698)
I0902 17:01:16.465539 15433 tablet_service.cc:805] Processing DeleteTablet for tablet d17c225b8be34efaa82a81133efd1698 with delete_type TABLET_DATA_DELETED (Partition dropped at 2017-09-02 17:01:16 UTC) from {username='slave'} at 127.0.0.1:44274
I0902 17:01:16.465554 15671 maintenance_manager.cc:228] P d28f0f3b8d0e429484dbeeb2d41b7d50: Unregistered op FlushMRSOp(d17c225b8be34efaa82a81133efd1698)
I0902 17:01:16.465562 15671 maintenance_manager.cc:228] P d28f0f3b8d0e429484dbeeb2d41b7d50: Unregistered op FlushDeltaMemStoresOp(d17c225b8be34efaa82a81133efd1698)
I0902 17:01:16.465569 15671 maintenance_manager.cc:228] P d28f0f3b8d0e429484dbeeb2d41b7d50: Unregistered op LogGCOp(d17c225b8be34efaa82a81133efd1698)
I0902 17:01:16.465579 15433 tablet_replica.cc:251] T d17c225b8be34efaa82a81133efd1698 P 81b89e30bd3e45e39b3bd3eca9d5f7c5: stopping tablet replica
I0902 17:01:16.465590 15671 raft_consensus.cc:1807] T d17c225b8be34efaa82a81133efd1698 P d28f0f3b8d0e429484dbeeb2d41b7d50 [term 1 FOLLOWER]: Raft consensus shutting down.
I0902 17:01:16.465600 15433 maintenance_manager.cc:228] P 81b89e30bd3e45e39b3bd3eca9d5f7c5: Unregistered op CompactRowSetsOp(d17c225b8be34efaa82a81133efd1698)
I0902 17:01:16.465621 15433 maintenance_manager.cc:228] P 81b89e30bd3e45e39b3bd3eca9d5f7c5: Unregistered op MinorDeltaCompactionOp(d17c225b8be34efaa82a81133efd1698)
I0902 17:01:16.465631 15433 maintenance_manager.cc:228] P 81b89e30bd3e45e39b3bd3eca9d5f7c5: Unregistered op MajorDeltaCompactionOp(d17c225b8be34efaa82a81133efd1698)
I0902 17:01:16.465637 15433 maintenance_manager.cc:228] P 81b89e30bd3e45e39b3bd3eca9d5f7c5: Unregistered op UndoDeltaBlockGCOp(d17c225b8be34efaa82a81133efd1698)
I0902 17:01:16.465632 15841 tablet_service.cc:805] Processing DeleteTablet for tablet d17c225b8be34efaa82a81133efd1698 with delete_type TABLET_DATA_DELETED (Partition dropped at 2017-09-02 17:01:16 UTC) from {username='slave'} at 127.0.0.1:34824
I0902 17:01:16.465649 15671 raft_consensus.cc:1834] T d17c225b8be34efaa82a81133efd1698 P d28f0f3b8d0e429484dbeeb2d41b7d50 [term 1 FOLLOWER]: Raft consensus is shut down!
I0902 17:01:16.465651 15433 maintenance_manager.cc:228] P 81b89e30bd3e45e39b3bd3eca9d5f7c5: Unregistered op FlushMRSOp(d17c225b8be34efaa82a81133efd1698)
I0902 17:01:16.465659 15433 maintenance_manager.cc:228] P 81b89e30bd3e45e39b3bd3eca9d5f7c5: Unregistered op FlushDeltaMemStoresOp(d17c225b8be34efaa82a81133efd1698)
I0902 17:01:16.465667 15433 maintenance_manager.cc:228] P 81b89e30bd3e45e39b3bd3eca9d5f7c5: Unregistered op LogGCOp(d17c225b8be34efaa82a81133efd1698)
I0902 17:01:16.465683 15433 raft_consensus.cc:1807] T d17c225b8be34efaa82a81133efd1698 P 81b89e30bd3e45e39b3bd3eca9d5f7c5 [term 1 LEADER]: Raft consensus shutting down.
I0902 17:01:16.465682 15841 tablet_replica.cc:251] T d17c225b8be34efaa82a81133efd1698 P 475a466ec8b44f39bbf6b23f10ebe15b: stopping tablet replica
I0902 17:01:16.465692 15433 consensus_peers.cc:433] T d17c225b8be34efaa82a81133efd1698 P 81b89e30bd3e45e39b3bd3eca9d5f7c5 -> Peer 475a466ec8b44f39bbf6b23f10ebe15b (127.58.208.2:43231): Closing peer: 475a466ec8b44f39bbf6b23f10ebe15b
I0902 17:01:16.465710 15841 maintenance_manager.cc:228] P 475a466ec8b44f39bbf6b23f10ebe15b: Unregistered op CompactRowSetsOp(d17c225b8be34efaa82a81133efd1698)
I0902 17:01:16.465713 15433 consensus_peers.cc:433] T d17c225b8be34efaa82a81133efd1698 P 81b89e30bd3e45e39b3bd3eca9d5f7c5 -> Peer d28f0f3b8d0e429484dbeeb2d41b7d50 (127.58.208.1:59914): Closing peer: d28f0f3b8d0e429484dbeeb2d41b7d50
I0902 17:01:16.465723 15841 maintenance_manager.cc:228] P 475a466ec8b44f39bbf6b23f10ebe15b: Unregistered op MinorDeltaCompactionOp(d17c225b8be34efaa82a81133efd1698)
I0902 17:01:16.465731 15841 maintenance_manager.cc:228] P 475a466ec8b44f39bbf6b23f10ebe15b: Unregistered op MajorDeltaCompactionOp(d17c225b8be34efaa82a81133efd1698)
I0902 17:01:16.465739 15841 maintenance_manager.cc:228] P 475a466ec8b44f39bbf6b23f10ebe15b: Unregistered op UndoDeltaBlockGCOp(d17c225b8be34efaa82a81133efd1698)
I0902 17:01:16.465759 15841 maintenance_manager.cc:228] P 475a466ec8b44f39bbf6b23f10ebe15b: Unregistered op FlushMRSOp(d17c225b8be34efaa82a81133efd1698)
I0902 17:01:16.465767 15841 maintenance_manager.cc:228] P 475a466ec8b44f39bbf6b23f10ebe15b: Unregistered op FlushDeltaMemStoresOp(d17c225b8be34efaa82a81133efd1698)
I0902 17:01:16.465775 15841 maintenance_manager.cc:228] P 475a466ec8b44f39bbf6b23f10ebe15b: Unregistered op LogGCOp(d17c225b8be34efaa82a81133efd1698)
I0902 17:01:16.465791 15841 raft_consensus.cc:1807] T d17c225b8be34efaa82a81133efd1698 P 475a466ec8b44f39bbf6b23f10ebe15b [term 1 FOLLOWER]: Raft consensus shutting down.
I0902 17:01:16.465800 15433 raft_consensus.cc:1834] T d17c225b8be34efaa82a81133efd1698 P 81b89e30bd3e45e39b3bd3eca9d5f7c5 [term 1 FOLLOWER]: Raft consensus is shut down!
I0902 17:01:16.465842 15841 raft_consensus.cc:1834] T d17c225b8be34efaa82a81133efd1698 P 475a466ec8b44f39bbf6b23f10ebe15b [term 1 FOLLOWER]: Raft consensus is shut down!
I0902 17:01:16.466063 15672 tablet_service.cc:805] Processing DeleteTablet for tablet eab66cb8a35a4399936ca49988b0131d with delete_type TABLET_DATA_DELETED (Partition dropped at 2017-09-02 17:01:16 UTC) from {username='slave'} at 127.0.0.1:34303
I0902 17:01:16.466100 15672 tablet_replica.cc:251] T eab66cb8a35a4399936ca49988b0131d P d28f0f3b8d0e429484dbeeb2d41b7d50: stopping tablet replica
I0902 17:01:16.466122 15672 maintenance_manager.cc:228] P d28f0f3b8d0e429484dbeeb2d41b7d50: Unregistered op CompactRowSetsOp(eab66cb8a35a4399936ca49988b0131d)
I0902 17:01:16.466136 15672 maintenance_manager.cc:228] P d28f0f3b8d0e429484dbeeb2d41b7d50: Unregistered op MinorDeltaCompactionOp(eab66cb8a35a4399936ca49988b0131d)
I0902 17:01:16.466145 15672 maintenance_manager.cc:228] P d28f0f3b8d0e429484dbeeb2d41b7d50: Unregistered op MajorDeltaCompactionOp(eab66cb8a35a4399936ca49988b0131d)
I0902 17:01:16.466151 15672 maintenance_manager.cc:228] P d28f0f3b8d0e429484dbeeb2d41b7d50: Unregistered op UndoDeltaBlockGCOp(eab66cb8a35a4399936ca49988b0131d)
I0902 17:01:16.466164 15672 maintenance_manager.cc:228] P d28f0f3b8d0e429484dbeeb2d41b7d50: Unregistered op FlushMRSOp(eab66cb8a35a4399936ca49988b0131d)
I0902 17:01:16.466171 15672 maintenance_manager.cc:228] P d28f0f3b8d0e429484dbeeb2d41b7d50: Unregistered op FlushDeltaMemStoresOp(eab66cb8a35a4399936ca49988b0131d)
I0902 17:01:16.466177 15672 maintenance_manager.cc:228] P d28f0f3b8d0e429484dbeeb2d41b7d50: Unregistered op LogGCOp(eab66cb8a35a4399936ca49988b0131d)
I0902 17:01:16.466192 15672 raft_consensus.cc:1807] T eab66cb8a35a4399936ca49988b0131d P d28f0f3b8d0e429484dbeeb2d41b7d50 [term 1 FOLLOWER]: Raft consensus shutting down.
I0902 17:01:16.466241 15672 raft_consensus.cc:1834] T eab66cb8a35a4399936ca49988b0131d P d28f0f3b8d0e429484dbeeb2d41b7d50 [term 1 FOLLOWER]: Raft consensus is shut down!
I0902 17:01:16.466262 15671 ts_tablet_manager.cc:1097] T d17c225b8be34efaa82a81133efd1698 P d28f0f3b8d0e429484dbeeb2d41b7d50: Deleting tablet data with delete state TABLET_DATA_DELETED
I0902 17:01:16.466377 15433 ts_tablet_manager.cc:1097] T d17c225b8be34efaa82a81133efd1698 P 81b89e30bd3e45e39b3bd3eca9d5f7c5: Deleting tablet data with delete state TABLET_DATA_DELETED
I0902 17:01:16.466866 15672 ts_tablet_manager.cc:1097] T eab66cb8a35a4399936ca49988b0131d P d28f0f3b8d0e429484dbeeb2d41b7d50: Deleting tablet data with delete state TABLET_DATA_DELETED
I0902 17:01:16.467861 15841 ts_tablet_manager.cc:1097] T d17c225b8be34efaa82a81133efd1698 P 475a466ec8b44f39bbf6b23f10ebe15b: Deleting tablet data with delete state TABLET_DATA_DELETED
I0902 17:01:16.467914 15671 ts_tablet_manager.cc:1110] T d17c225b8be34efaa82a81133efd1698 P d28f0f3b8d0e429484dbeeb2d41b7d50: tablet deleted: last-logged OpId: 1.10
I0902 17:01:16.467947 15671 log.cc:960] T d17c225b8be34efaa82a81133efd1698 P d28f0f3b8d0e429484dbeeb2d41b7d50: Deleting WAL directory at /tmp/run_tha_testdnoRja/test-tmp/alter_table-randomized-test.AlterTableRandomized.TestRandomSequence.1504371669910680-15056/minicluster-data/ts-0/wal/wals/d17c225b8be34efaa82a81133efd1698
I0902 17:01:16.468200 15671 ts_tablet_manager.cc:1128] T d17c225b8be34efaa82a81133efd1698 P d28f0f3b8d0e429484dbeeb2d41b7d50: Deleting consensus metadata
I0902 17:01:16.468389 15433 ts_tablet_manager.cc:1110] T d17c225b8be34efaa82a81133efd1698 P 81b89e30bd3e45e39b3bd3eca9d5f7c5: tablet deleted: last-logged OpId: 1.10
I0902 17:01:16.468418 15433 log.cc:960] T d17c225b8be34efaa82a81133efd1698 P 81b89e30bd3e45e39b3bd3eca9d5f7c5: Deleting WAL directory at /tmp/run_tha_testdnoRja/test-tmp/alter_table-randomized-test.AlterTableRandomized.TestRandomSequence.1504371669910680-15056/minicluster-data/ts-2/wal/wals/d17c225b8be34efaa82a81133efd1698
I0902 17:01:16.468627 15433 ts_tablet_manager.cc:1128] T d17c225b8be34efaa82a81133efd1698 P 81b89e30bd3e45e39b3bd3eca9d5f7c5: Deleting consensus metadata
I0902 17:01:16.468919 15672 ts_tablet_manager.cc:1110] T eab66cb8a35a4399936ca49988b0131d P d28f0f3b8d0e429484dbeeb2d41b7d50: tablet deleted: last-logged OpId: 1.37
I0902 17:01:16.468947 15672 log.cc:960] T eab66cb8a35a4399936ca49988b0131d P d28f0f3b8d0e429484dbeeb2d41b7d50: Deleting WAL directory at /tmp/run_tha_testdnoRja/test-tmp/alter_table-randomized-test.AlterTableRandomized.TestRandomSequence.1504371669910680-15056/minicluster-data/ts-0/wal/wals/eab66cb8a35a4399936ca49988b0131d
I0902 17:01:16.469017 15841 ts_tablet_manager.cc:1110] T d17c225b8be34efaa82a81133efd1698 P 475a466ec8b44f39bbf6b23f10ebe15b: tablet deleted: last-logged OpId: 1.10
