I0902 17:01:21.616992 16489 consensus_queue.cc:190] T 7ab6f1a0b8d2430c933828f8da2892f6 P 81b89e30bd3e45e39b3bd3eca9d5f7c5 [NON_LEADER]: Queue going to NON_LEADER mode. State: All replicated index: 0, Majority replicated index: 0, Committed index: 136, Last appended: 2.136, Last appended by leader: 136, Current term: 0, Majority size: -1, State: 0, Mode: NON_LEADER
I0902 17:01:21.617135 16489 ts_tablet_manager.cc:846] T 7ab6f1a0b8d2430c933828f8da2892f6 P 81b89e30bd3e45e39b3bd3eca9d5f7c5: Time spent starting tablet: real 0.001s user 0.000s sys 0.000s
I0902 17:01:21.617149 16597 heartbeater.cc:406] Master 127.58.208.254:35373 was elected leader, sending a full tablet report...
I0902 17:01:21.617257 16489 ts_tablet_manager.cc:793] T bc88948776204095ba3e800689fff6f3 P 81b89e30bd3e45e39b3bd3eca9d5f7c5: Bootstrapping tablet
I0902 17:01:21.617312 16489 tablet_bootstrap.cc:433] T bc88948776204095ba3e800689fff6f3 P 81b89e30bd3e45e39b3bd3eca9d5f7c5: Bootstrap starting.
I0902 17:01:21.629596 16489 tablet.cc:1115] T bc88948776204095ba3e800689fff6f3 P 81b89e30bd3e45e39b3bd3eca9d5f7c5: Alter schema from Schema [ 10:c564[int32 NOT NULL], 17:c875[int32 NULLABLE], 18:c335[int32 NOT NULL] ] version 0 to Schema [ 10:c564[int32 NOT NULL], 17:c875[int32 NULLABLE], 18:c335[int32 NOT NULL] ] version 10
I0902 17:01:21.629652 16489 tablet_metadata.cc:508] Not flushing: waiting for 1 pins to be released.
I0902 17:01:21.629926 16489 tablet.cc:1110] T bc88948776204095ba3e800689fff6f3 P 81b89e30bd3e45e39b3bd3eca9d5f7c5: Already running schema version 10 got alter request for version 10
I0902 17:01:21.630185 16489 tablet.cc:1110] T bc88948776204095ba3e800689fff6f3 P 81b89e30bd3e45e39b3bd3eca9d5f7c5: Already running schema version 10 got alter request for version 10
I0902 17:01:21.633940 16489 tablet.cc:1115] T bc88948776204095ba3e800689fff6f3 P 81b89e30bd3e45e39b3bd3eca9d5f7c5: Alter schema from Schema [ 10:c564[int32 NOT NULL], 17:c875[int32 NULLABLE], 18:c335[int32 NOT NULL] ] version 10 to Schema [ 10:c564[int32 NOT NULL], 17:c875[int32 NULLABLE], 18:c335[int32 NOT NULL], 19:c187[int32 NULLABLE], 20:c950[int32 NULLABLE] ] version 11
I0902 17:01:21.634120 16489 tablet.cc:1058] T bc88948776204095ba3e800689fff6f3 P 81b89e30bd3e45e39b3bd3eca9d5f7c5: MemRowSet was empty: no flush needed.
I0902 17:01:21.634150 16489 tablet_metadata.cc:508] Not flushing: waiting for 1 pins to be released.
I0902 17:01:21.642210 16489 tablet.cc:1115] T bc88948776204095ba3e800689fff6f3 P 81b89e30bd3e45e39b3bd3eca9d5f7c5: Alter schema from Schema [ 10:c564[int32 NOT NULL], 17:c875[int32 NULLABLE], 18:c335[int32 NOT NULL], 19:c187[int32 NULLABLE], 20:c950[int32 NULLABLE] ] version 11 to Schema [ 10:c564[int32 NOT NULL], 17:c875[int32 NULLABLE], 18:c335[int32 NOT NULL] ] version 12
I0902 17:01:21.642395 16489 tablet.cc:1058] T bc88948776204095ba3e800689fff6f3 P 81b89e30bd3e45e39b3bd3eca9d5f7c5: MemRowSet was empty: no flush needed.
I0902 17:01:21.642422 16489 tablet_metadata.cc:508] Not flushing: waiting for 1 pins to be released.
I0902 17:01:21.644824 16489 tablet.cc:1115] T bc88948776204095ba3e800689fff6f3 P 81b89e30bd3e45e39b3bd3eca9d5f7c5: Alter schema from Schema [ 10:c564[int32 NOT NULL], 17:c875[int32 NULLABLE], 18:c335[int32 NOT NULL] ] version 12 to Schema [ 10:c564[int32 NOT NULL], 18:c908[int32 NOT NULL], 21:c876[int32 NOT NULL] ] version 13
I0902 17:01:21.644980 16489 tablet.cc:1058] T bc88948776204095ba3e800689fff6f3 P 81b89e30bd3e45e39b3bd3eca9d5f7c5: MemRowSet was empty: no flush needed.
I0902 17:01:21.645006 16489 tablet_metadata.cc:508] Not flushing: waiting for 1 pins to be released.
I0902 17:01:21.651106 16489 tablet.cc:1115] T bc88948776204095ba3e800689fff6f3 P 81b89e30bd3e45e39b3bd3eca9d5f7c5: Alter schema from Schema [ 10:c564[int32 NOT NULL], 18:c908[int32 NOT NULL], 21:c876[int32 NOT NULL] ] version 13 to Schema [ 10:c602[int32 NOT NULL], 18:c908[int32 NOT NULL], 21:c190[int32 NOT NULL], 22:c50[int32 NOT NULL] ] version 14
I0902 17:01:21.651271 16489 tablet.cc:1058] T bc88948776204095ba3e800689fff6f3 P 81b89e30bd3e45e39b3bd3eca9d5f7c5: MemRowSet was empty: no flush needed.
I0902 17:01:21.651298 16489 tablet_metadata.cc:508] Not flushing: waiting for 1 pins to be released.
I0902 17:01:21.653336 16489 tablet_bootstrap.cc:433] T bc88948776204095ba3e800689fff6f3 P 81b89e30bd3e45e39b3bd3eca9d5f7c5: Bootstrap replayed 1/1 log segments. Stats: ops{read=74 overwritten=0 applied=74 ignored=44} inserts{seen=2 ignored=0} mutations{seen=20 ignored=0} orphaned_commits=0. Pending: 0 replicates
I0902 17:01:21.653560 16489 tablet_bootstrap.cc:433] T bc88948776204095ba3e800689fff6f3 P 81b89e30bd3e45e39b3bd3eca9d5f7c5: Bootstrap complete.
I0902 17:01:21.655302 16489 ts_tablet_manager.cc:818] T bc88948776204095ba3e800689fff6f3 P 81b89e30bd3e45e39b3bd3eca9d5f7c5: Time spent bootstrapping tablet: real 0.038s user 0.036s sys 0.004s
I0902 17:01:21.655637 16489 raft_consensus.cc:287] T bc88948776204095ba3e800689fff6f3 P 81b89e30bd3e45e39b3bd3eca9d5f7c5 [term 1 FOLLOWER]: Replica starting. Triggering 0 pending transactions. Active config: opid_index: -1 OBSOLETE_local: false peers { permanent_uuid: "d28f0f3b8d0e429484dbeeb2d41b7d50" member_type: VOTER last_known_addr { host: "127.58.208.1" port: 59914 } } peers { permanent_uuid: "475a466ec8b44f39bbf6b23f10ebe15b" member_type: VOTER last_known_addr { host: "127.58.208.2" port: 43231 } } peers { permanent_uuid: "81b89e30bd3e45e39b3bd3eca9d5f7c5" member_type: VOTER last_known_addr { host: "127.58.208.3" port: 42179 } }
I0902 17:01:21.655689 16489 raft_consensus.cc:576] T bc88948776204095ba3e800689fff6f3 P 81b89e30bd3e45e39b3bd3eca9d5f7c5 [term 1 FOLLOWER]: Becoming Follower/Learner. State: Replica: 81b89e30bd3e45e39b3bd3eca9d5f7c5, State: Initialized, Role: FOLLOWER
I0902 17:01:21.655714 16489 consensus_queue.cc:190] T bc88948776204095ba3e800689fff6f3 P 81b89e30bd3e45e39b3bd3eca9d5f7c5 [NON_LEADER]: Queue going to NON_LEADER mode. State: All replicated index: 0, Majority replicated index: 0, Committed index: 74, Last appended: 1.74, Last appended by leader: 74, Current term: 0, Majority size: -1, State: 0, Mode: NON_LEADER
I0902 17:01:21.655858 16489 ts_tablet_manager.cc:846] T bc88948776204095ba3e800689fff6f3 P 81b89e30bd3e45e39b3bd3eca9d5f7c5: Time spent starting tablet: real 0.001s user 0.000s sys 0.000s
I0902 17:01:21.659427 15056 alter_table-randomized-test.cc:119] TS 2 Restarted
I0902 17:01:21.797691 16479 tablet.cc:1546] T 7ab6f1a0b8d2430c933828f8da2892f6 P 81b89e30bd3e45e39b3bd3eca9d5f7c5: Compaction: stage 1 complete, picked 7 rowsets to compact
I0902 17:01:21.797735 16479 compaction.cc:902] Selected 7 rowsets to compact:
I0902 17:01:21.797746 16479 compaction.cc:905] RowSet(0)(current size on disk: ~4899 bytes)
I0902 17:01:21.797750 16479 compaction.cc:905] RowSet(1)(current size on disk: ~4975 bytes)
I0902 17:01:21.797755 16479 compaction.cc:905] RowSet(2)(current size on disk: ~5015 bytes)
I0902 17:01:21.797758 16479 compaction.cc:905] RowSet(3)(current size on disk: ~5216 bytes)
I0902 17:01:21.797762 16479 compaction.cc:905] RowSet(4)(current size on disk: ~5450 bytes)
I0902 17:01:21.797765 16479 compaction.cc:905] RowSet(5)(current size on disk: ~4817 bytes)
I0902 17:01:21.797770 16479 compaction.cc:905] RowSet(6)(current size on disk: ~5141 bytes)
I0902 17:01:21.797840 16479 tablet.cc:1332] T 7ab6f1a0b8d2430c933828f8da2892f6 P 81b89e30bd3e45e39b3bd3eca9d5f7c5: Compaction: entering phase 1 (flushing snapshot). Phase 1 snapshot: MvccSnapshot[committed={T|T < 6161906406506070016 or (T in {6161906406506070016})}]
I0902 17:01:21.800086 16479 multi_column_writer.cc:103] Opened CFile writers for 4 column(s)
I0902 17:01:21.808275 16479 tablet.cc:1417] T 7ab6f1a0b8d2430c933828f8da2892f6 P 81b89e30bd3e45e39b3bd3eca9d5f7c5: Compaction: entering phase 2 (starting to duplicate updates in new rowsets)
I0902 17:01:21.808413 16479 tablet.cc:1472] T 7ab6f1a0b8d2430c933828f8da2892f6 P 81b89e30bd3e45e39b3bd3eca9d5f7c5: Compaction Phase 2: carrying over any updates which arrived during Phase 1
I0902 17:01:21.808432 16479 tablet.cc:1474] T 7ab6f1a0b8d2430c933828f8da2892f6 P 81b89e30bd3e45e39b3bd3eca9d5f7c5: Phase 2 snapshot: MvccSnapshot[committed={T|T < 6161906406506070016 or (T in {6161906406506070016})}]
I0902 17:01:21.812759 16479 tablet.cc:1516] T 7ab6f1a0b8d2430c933828f8da2892f6 P 81b89e30bd3e45e39b3bd3eca9d5f7c5: Compaction successful on 48 rows (5369 bytes)
I0902 17:01:21.813369 16479 maintenance_manager.cc:486] Time spent running CompactRowSetsOp(7ab6f1a0b8d2430c933828f8da2892f6): real 0.016s user 0.012s sys 0.000s
I0902 17:01:21.813477 16479 maintenance_manager.cc:492] P 81b89e30bd3e45e39b3bd3eca9d5f7c5: CompactRowSetsOp(7ab6f1a0b8d2430c933828f8da2892f6) metrics: {"cfile_cache_hit":49,"cfile_cache_hit_bytes":2207,"cfile_cache_miss":59,"cfile_cache_miss_bytes":3797,"cfile_init":17,"data dir 0.queue_time_us":37,"delta_iterators_relevant":24,"lbm_read_time_us":837,"lbm_reads_lt_1ms":127,"lbm_write_time_us":714,"lbm_writes_lt_1ms":29}
I0902 17:01:21.814002 16479 maintenance_manager.cc:486] Time spent running UndoDeltaBlockGCOp(7ab6f1a0b8d2430c933828f8da2892f6): real 0.000s user 0.000s sys 0.000s
I0902 17:01:21.814065 16479 maintenance_manager.cc:492] P 81b89e30bd3e45e39b3bd3eca9d5f7c5: UndoDeltaBlockGCOp(7ab6f1a0b8d2430c933828f8da2892f6) metrics: {"cfile_init":1,"lbm_read_time_us":30,"lbm_reads_lt_1ms":4}
I0902 17:01:21.814607 16479 maintenance_manager.cc:486] Time spent running UndoDeltaBlockGCOp(bc88948776204095ba3e800689fff6f3): real 0.000s user 0.000s sys 0.000s
I0902 17:01:21.814667 16479 maintenance_manager.cc:492] P 81b89e30bd3e45e39b3bd3eca9d5f7c5: UndoDeltaBlockGCOp(bc88948776204095ba3e800689fff6f3) metrics: {"cfile_init":4,"lbm_read_time_us":90,"lbm_reads_lt_1ms":16}
I0902 17:01:21.814987 16479 tablet.cc:1546] T bc88948776204095ba3e800689fff6f3 P 81b89e30bd3e45e39b3bd3eca9d5f7c5: Compaction: stage 1 complete, picked 4 rowsets to compact
I0902 17:01:21.815001 16479 compaction.cc:902] Selected 4 rowsets to compact:
I0902 17:01:21.815007 16479 compaction.cc:905] RowSet(0)(current size on disk: ~5444 bytes)
I0902 17:01:21.815012 16479 compaction.cc:905] RowSet(1)(current size on disk: ~5223 bytes)
I0902 17:01:21.815016 16479 compaction.cc:905] RowSet(2)(current size on disk: ~4814 bytes)
I0902 17:01:21.815019 16479 compaction.cc:905] RowSet(3)(current size on disk: ~5239 bytes)
I0902 17:01:21.815033 16479 tablet.cc:1332] T bc88948776204095ba3e800689fff6f3 P 81b89e30bd3e45e39b3bd3eca9d5f7c5: Compaction: entering phase 1 (flushing snapshot). Phase 1 snapshot: MvccSnapshot[committed={T|T < 6161906406533980160 or (T in {6161906406533980160})}]
I0902 17:01:21.815742 16479 multi_column_writer.cc:103] Opened CFile writers for 4 column(s)
I0902 17:01:21.820235 16479 tablet.cc:1417] T bc88948776204095ba3e800689fff6f3 P 81b89e30bd3e45e39b3bd3eca9d5f7c5: Compaction: entering phase 2 (starting to duplicate updates in new rowsets)
I0902 17:01:21.820324 16479 tablet.cc:1472] T bc88948776204095ba3e800689fff6f3 P 81b89e30bd3e45e39b3bd3eca9d5f7c5: Compaction Phase 2: carrying over any updates which arrived during Phase 1
I0902 17:01:21.820348 16479 tablet.cc:1474] T bc88948776204095ba3e800689fff6f3 P 81b89e30bd3e45e39b3bd3eca9d5f7c5: Phase 2 snapshot: MvccSnapshot[committed={T|T < 6161906406533980160 or (T in {6161906406533980160})}]
I0902 17:01:21.823274 16479 tablet.cc:1516] T bc88948776204095ba3e800689fff6f3 P 81b89e30bd3e45e39b3bd3eca9d5f7c5: Compaction successful on 29 rows (5121 bytes)
I0902 17:01:21.823601 16479 maintenance_manager.cc:486] Time spent running CompactRowSetsOp(bc88948776204095ba3e800689fff6f3): real 0.009s user 0.008s sys 0.000s
I0902 17:01:21.823671 16479 maintenance_manager.cc:492] P 81b89e30bd3e45e39b3bd3eca9d5f7c5: CompactRowSetsOp(bc88948776204095ba3e800689fff6f3) metrics: {"cfile_cache_hit":30,"cfile_cache_hit_bytes":1310,"cfile_cache_miss":42,"cfile_cache_miss_bytes":2732,"cfile_init":9,"delta_iterators_relevant":14,"lbm_read_time_us":538,"lbm_reads_lt_1ms":78,"lbm_write_time_us":616,"lbm_writes_lt_1ms":29}
I0902 17:01:21.824124 16479 maintenance_manager.cc:486] Time spent running UndoDeltaBlockGCOp(bc88948776204095ba3e800689fff6f3): real 0.000s user 0.000s sys 0.000s
I0902 17:01:21.824190 16479 maintenance_manager.cc:492] P 81b89e30bd3e45e39b3bd3eca9d5f7c5: UndoDeltaBlockGCOp(bc88948776204095ba3e800689fff6f3) metrics: {"cfile_init":1,"lbm_read_time_us":35,"lbm_reads_lt_1ms":4}
I0902 17:01:22.775014 16610 raft_consensus.cc:412] T 72aff43a768841bb91a3e3630747b057 P 475a466ec8b44f39bbf6b23f10ebe15b [term 2 FOLLOWER]: Starting pre-election (detected failure of leader 81b89e30bd3e45e39b3bd3eca9d5f7c5)
I0902 17:01:22.775065 16610 raft_consensus.cc:2456] T 72aff43a768841bb91a3e3630747b057 P 475a466ec8b44f39bbf6b23f10ebe15b: Snoozing failure detection for 1.886s (starting election)
I0902 17:01:22.775151 16610 raft_consensus.cc:434] T 72aff43a768841bb91a3e3630747b057 P 475a466ec8b44f39bbf6b23f10ebe15b [term 2 FOLLOWER]: Starting pre-election with config: opid_index: -1 OBSOLETE_local: false peers { permanent_uuid: "475a466ec8b44f39bbf6b23f10ebe15b" member_type: VOTER last_known_addr { host: "127.58.208.2" port: 43231 } } peers { permanent_uuid: "81b89e30bd3e45e39b3bd3eca9d5f7c5" member_type: VOTER last_known_addr { host: "127.58.208.3" port: 42179 } } peers { permanent_uuid: "d28f0f3b8d0e429484dbeeb2d41b7d50" member_type: VOTER last_known_addr { host: "127.58.208.1" port: 59914 } }
I0902 17:01:22.775913 16610 leader_election.cc:221] T 72aff43a768841bb91a3e3630747b057 P 475a466ec8b44f39bbf6b23f10ebe15b [CANDIDATE]: Term 3 pre-election: Requesting pre-vote from peer 81b89e30bd3e45e39b3bd3eca9d5f7c5
I0902 17:01:22.776114 16610 leader_election.cc:221] T 72aff43a768841bb91a3e3630747b057 P 475a466ec8b44f39bbf6b23f10ebe15b [CANDIDATE]: Term 3 pre-election: Requesting pre-vote from peer d28f0f3b8d0e429484dbeeb2d41b7d50
I0902 17:01:22.779635 16610 raft_consensus.cc:412] T 7ab6f1a0b8d2430c933828f8da2892f6 P 475a466ec8b44f39bbf6b23f10ebe15b [term 2 FOLLOWER]: Starting pre-election (detected failure of leader 81b89e30bd3e45e39b3bd3eca9d5f7c5)
I0902 17:01:22.779667 16610 raft_consensus.cc:2456] T 7ab6f1a0b8d2430c933828f8da2892f6 P 475a466ec8b44f39bbf6b23f10ebe15b: Snoozing failure detection for 1.589s (starting election)
I0902 17:01:22.779731 16610 raft_consensus.cc:434] T 7ab6f1a0b8d2430c933828f8da2892f6 P 475a466ec8b44f39bbf6b23f10ebe15b [term 2 FOLLOWER]: Starting pre-election with config: opid_index: -1 OBSOLETE_local: false peers { permanent_uuid: "d28f0f3b8d0e429484dbeeb2d41b7d50" member_type: VOTER last_known_addr { host: "127.58.208.1" port: 59914 } } peers { permanent_uuid: "475a466ec8b44f39bbf6b23f10ebe15b" member_type: VOTER last_known_addr { host: "127.58.208.2" port: 43231 } } peers { permanent_uuid: "81b89e30bd3e45e39b3bd3eca9d5f7c5" member_type: VOTER last_known_addr { host: "127.58.208.3" port: 42179 } }
I0902 17:01:22.779999 16610 leader_election.cc:221] T 7ab6f1a0b8d2430c933828f8da2892f6 P 475a466ec8b44f39bbf6b23f10ebe15b [CANDIDATE]: Term 3 pre-election: Requesting pre-vote from peer d28f0f3b8d0e429484dbeeb2d41b7d50
I0902 17:01:22.780015 16078 tablet_service.cc:1002] Received RequestConsensusVote() RPC: tablet_id: "72aff43a768841bb91a3e3630747b057" candidate_uuid: "475a466ec8b44f39bbf6b23f10ebe15b" candidate_term: 3 candidate_status { last_received { term: 2 index: 24 } } ignore_live_leader: false dest_uuid: "d28f0f3b8d0e429484dbeeb2d41b7d50" is_pre_election: true
I0902 17:01:22.780066 16610 leader_election.cc:221] T 7ab6f1a0b8d2430c933828f8da2892f6 P 475a466ec8b44f39bbf6b23f10ebe15b [CANDIDATE]: Term 3 pre-election: Requesting pre-vote from peer 81b89e30bd3e45e39b3bd3eca9d5f7c5
I0902 17:01:22.780079 16078 raft_consensus.cc:2456] T 72aff43a768841bb91a3e3630747b057 P d28f0f3b8d0e429484dbeeb2d41b7d50: Snoozing failure detection for 1.842s (vote granted)
I0902 17:01:22.780109 16078 raft_consensus.cc:2010] T 72aff43a768841bb91a3e3630747b057 P d28f0f3b8d0e429484dbeeb2d41b7d50 [term 2 FOLLOWER]: Leader pre-election vote request: Granting yes vote for candidate 475a466ec8b44f39bbf6b23f10ebe15b in term 2.
I0902 17:01:22.780426 16310 leader_election.cc:353] T 72aff43a768841bb91a3e3630747b057 P 475a466ec8b44f39bbf6b23f10ebe15b [CANDIDATE]: Term 3 pre-election: Vote granted by peer d28f0f3b8d0e429484dbeeb2d41b7d50
I0902 17:01:22.780463 16310 leader_election.cc:248] T 72aff43a768841bb91a3e3630747b057 P 475a466ec8b44f39bbf6b23f10ebe15b [CANDIDATE]: Term 3 pre-election: Election decided. Result: candidate won.
I0902 17:01:22.780537 16078 tablet_service.cc:1002] Received RequestConsensusVote() RPC: tablet_id: "7ab6f1a0b8d2430c933828f8da2892f6" candidate_uuid: "475a466ec8b44f39bbf6b23f10ebe15b" candidate_term: 3 candidate_status { last_received { term: 2 index: 136 } } ignore_live_leader: false dest_uuid: "d28f0f3b8d0e429484dbeeb2d41b7d50" is_pre_election: true
I0902 17:01:22.780581 16078 raft_consensus.cc:2456] T 7ab6f1a0b8d2430c933828f8da2892f6 P d28f0f3b8d0e429484dbeeb2d41b7d50: Snoozing failure detection for 2.117s (vote granted)
I0902 17:01:22.780606 16078 raft_consensus.cc:2010] T 7ab6f1a0b8d2430c933828f8da2892f6 P d28f0f3b8d0e429484dbeeb2d41b7d50 [term 2 FOLLOWER]: Leader pre-election vote request: Granting yes vote for candidate 475a466ec8b44f39bbf6b23f10ebe15b in term 2.
I0902 17:01:22.780644 16610 raft_consensus.cc:2456] T 72aff43a768841bb91a3e3630747b057 P 475a466ec8b44f39bbf6b23f10ebe15b: Snoozing failure detection for 1.788s (election complete)
I0902 17:01:22.780670 16610 raft_consensus.cc:2280] T 72aff43a768841bb91a3e3630747b057 P 475a466ec8b44f39bbf6b23f10ebe15b [term 2 FOLLOWER]: Leader pre-election won for term 3
I0902 17:01:22.780685 16610 raft_consensus.cc:412] T 72aff43a768841bb91a3e3630747b057 P 475a466ec8b44f39bbf6b23f10ebe15b [term 2 FOLLOWER]: Starting leader election (detected failure of leader 81b89e30bd3e45e39b3bd3eca9d5f7c5)
I0902 17:01:22.780699 16610 raft_consensus.cc:2456] T 72aff43a768841bb91a3e3630747b057 P 475a466ec8b44f39bbf6b23f10ebe15b: Snoozing failure detection for 1.612s (starting election)
I0902 17:01:22.780711 16610 raft_consensus.cc:2508] T 72aff43a768841bb91a3e3630747b057 P 475a466ec8b44f39bbf6b23f10ebe15b [term 2 FOLLOWER]: Advancing to term 3
I0902 17:01:22.780961 16552 tablet_service.cc:1002] Received RequestConsensusVote() RPC: tablet_id: "7ab6f1a0b8d2430c933828f8da2892f6" candidate_uuid: "475a466ec8b44f39bbf6b23f10ebe15b" candidate_term: 3 candidate_status { last_received { term: 2 index: 136 } } ignore_live_leader: false dest_uuid: "81b89e30bd3e45e39b3bd3eca9d5f7c5" is_pre_election: true
I0902 17:01:22.781114 16552 raft_consensus.cc:2456] T 7ab6f1a0b8d2430c933828f8da2892f6 P 81b89e30bd3e45e39b3bd3eca9d5f7c5: Snoozing failure detection for 1.886s (vote granted)
I0902 17:01:22.781160 16552 raft_consensus.cc:2010] T 7ab6f1a0b8d2430c933828f8da2892f6 P 81b89e30bd3e45e39b3bd3eca9d5f7c5 [term 2 FOLLOWER]: Leader pre-election vote request: Granting yes vote for candidate 475a466ec8b44f39bbf6b23f10ebe15b in term 2.
I0902 17:01:22.780961 16553 tablet_service.cc:1002] Received RequestConsensusVote() RPC: tablet_id: "72aff43a768841bb91a3e3630747b057" candidate_uuid: "475a466ec8b44f39bbf6b23f10ebe15b" candidate_term: 3 candidate_status { last_received { term: 2 index: 24 } } ignore_live_leader: false dest_uuid: "81b89e30bd3e45e39b3bd3eca9d5f7c5" is_pre_election: true
I0902 17:01:22.781327 16553 raft_consensus.cc:2456] T 72aff43a768841bb91a3e3630747b057 P 81b89e30bd3e45e39b3bd3eca9d5f7c5: Snoozing failure detection for 1.680s (vote granted)
I0902 17:01:22.781347 16553 raft_consensus.cc:2010] T 72aff43a768841bb91a3e3630747b057 P 81b89e30bd3e45e39b3bd3eca9d5f7c5 [term 2 FOLLOWER]: Leader pre-election vote request: Granting yes vote for candidate 475a466ec8b44f39bbf6b23f10ebe15b in term 2.
I0902 17:01:22.781467 16309 leader_election.cc:353] T 7ab6f1a0b8d2430c933828f8da2892f6 P 475a466ec8b44f39bbf6b23f10ebe15b [CANDIDATE]: Term 3 pre-election: Vote granted by peer 81b89e30bd3e45e39b3bd3eca9d5f7c5
I0902 17:01:22.781487 16309 leader_election.cc:248] T 7ab6f1a0b8d2430c933828f8da2892f6 P 475a466ec8b44f39bbf6b23f10ebe15b [CANDIDATE]: Term 3 pre-election: Election decided. Result: candidate won.
I0902 17:01:22.781548 16610 raft_consensus.cc:434] T 72aff43a768841bb91a3e3630747b057 P 475a466ec8b44f39bbf6b23f10ebe15b [term 3 FOLLOWER]: Starting leader election with config: opid_index: -1 OBSOLETE_local: false peers { permanent_uuid: "475a466ec8b44f39bbf6b23f10ebe15b" member_type: VOTER last_known_addr { host: "127.58.208.2" port: 43231 } } peers { permanent_uuid: "81b89e30bd3e45e39b3bd3eca9d5f7c5" member_type: VOTER last_known_addr { host: "127.58.208.3" port: 42179 } } peers { permanent_uuid: "d28f0f3b8d0e429484dbeeb2d41b7d50" member_type: VOTER last_known_addr { host: "127.58.208.1" port: 59914 } }
I0902 17:01:22.781724 16610 leader_election.cc:221] T 72aff43a768841bb91a3e3630747b057 P 475a466ec8b44f39bbf6b23f10ebe15b [CANDIDATE]: Term 3 election: Requesting vote from peer 81b89e30bd3e45e39b3bd3eca9d5f7c5
I0902 17:01:22.781779 16610 leader_election.cc:221] T 72aff43a768841bb91a3e3630747b057 P 475a466ec8b44f39bbf6b23f10ebe15b [CANDIDATE]: Term 3 election: Requesting vote from peer d28f0f3b8d0e429484dbeeb2d41b7d50
I0902 17:01:22.781915 16310 leader_election.cc:353] T 7ab6f1a0b8d2430c933828f8da2892f6 P 475a466ec8b44f39bbf6b23f10ebe15b [CANDIDATE]: Term 3 pre-election: Vote granted by peer d28f0f3b8d0e429484dbeeb2d41b7d50
I0902 17:01:22.782125 16615 raft_consensus.cc:412] T 7ab6f1a0b8d2430c933828f8da2892f6 P d28f0f3b8d0e429484dbeeb2d41b7d50 [term 2 FOLLOWER]: Starting pre-election (detected failure of leader 81b89e30bd3e45e39b3bd3eca9d5f7c5)
I0902 17:01:22.782152 16615 raft_consensus.cc:2456] T 7ab6f1a0b8d2430c933828f8da2892f6 P d28f0f3b8d0e429484dbeeb2d41b7d50: Snoozing failure detection for 2.103s (starting election)
I0902 17:01:22.782189 16078 tablet_service.cc:1002] Received RequestConsensusVote() RPC: tablet_id: "72aff43a768841bb91a3e3630747b057" candidate_uuid: "475a466ec8b44f39bbf6b23f10ebe15b" candidate_term: 3 candidate_status { last_received { term: 2 index: 24 } } ignore_live_leader: false dest_uuid: "d28f0f3b8d0e429484dbeeb2d41b7d50"
I0902 17:01:22.782215 16615 raft_consensus.cc:434] T 7ab6f1a0b8d2430c933828f8da2892f6 P d28f0f3b8d0e429484dbeeb2d41b7d50 [term 2 FOLLOWER]: Starting pre-election with config: opid_index: -1 OBSOLETE_local: false peers { permanent_uuid: "d28f0f3b8d0e429484dbeeb2d41b7d50" member_type: VOTER last_known_addr { host: "127.58.208.1" port: 59914 } } peers { permanent_uuid: "475a466ec8b44f39bbf6b23f10ebe15b" member_type: VOTER last_known_addr { host: "127.58.208.2" port: 43231 } } peers { permanent_uuid: "81b89e30bd3e45e39b3bd3eca9d5f7c5" member_type: VOTER last_known_addr { host: "127.58.208.3" port: 42179 } }
I0902 17:01:22.782220 16078 raft_consensus.cc:2508] T 72aff43a768841bb91a3e3630747b057 P d28f0f3b8d0e429484dbeeb2d41b7d50 [term 2 FOLLOWER]: Advancing to term 3
I0902 17:01:22.782268 16078 raft_consensus.cc:2456] T 72aff43a768841bb91a3e3630747b057 P d28f0f3b8d0e429484dbeeb2d41b7d50: Snoozing failure detection for 1.595s (vote granted)
I0902 17:01:22.782379 16309 leader_election.cc:353] T 72aff43a768841bb91a3e3630747b057 P 475a466ec8b44f39bbf6b23f10ebe15b [CANDIDATE]: Term 3 pre-election: Vote granted by peer 81b89e30bd3e45e39b3bd3eca9d5f7c5
I0902 17:01:22.782495 16615 leader_election.cc:221] T 7ab6f1a0b8d2430c933828f8da2892f6 P d28f0f3b8d0e429484dbeeb2d41b7d50 [CANDIDATE]: Term 3 pre-election: Requesting pre-vote from peer 475a466ec8b44f39bbf6b23f10ebe15b
I0902 17:01:22.782552 16610 raft_consensus.cc:2456] T 7ab6f1a0b8d2430c933828f8da2892f6 P 475a466ec8b44f39bbf6b23f10ebe15b: Snoozing failure detection for 2.040s (election complete)
I0902 17:01:22.782579 16610 raft_consensus.cc:2280] T 7ab6f1a0b8d2430c933828f8da2892f6 P 475a466ec8b44f39bbf6b23f10ebe15b [term 2 FOLLOWER]: Leader pre-election won for term 3
I0902 17:01:22.782590 16610 raft_consensus.cc:412] T 7ab6f1a0b8d2430c933828f8da2892f6 P 475a466ec8b44f39bbf6b23f10ebe15b [term 2 FOLLOWER]: Starting leader election (detected failure of leader 81b89e30bd3e45e39b3bd3eca9d5f7c5)
I0902 17:01:22.782599 16610 raft_consensus.cc:2456] T 7ab6f1a0b8d2430c933828f8da2892f6 P 475a466ec8b44f39bbf6b23f10ebe15b: Snoozing failure detection for 1.639s (starting election)
I0902 17:01:22.782609 16610 raft_consensus.cc:2508] T 7ab6f1a0b8d2430c933828f8da2892f6 P 475a466ec8b44f39bbf6b23f10ebe15b [term 2 FOLLOWER]: Advancing to term 3
I0902 17:01:22.782753 16553 tablet_service.cc:1002] Received RequestConsensusVote() RPC: tablet_id: "72aff43a768841bb91a3e3630747b057" candidate_uuid: "475a466ec8b44f39bbf6b23f10ebe15b" candidate_term: 3 candidate_status { last_received { term: 2 index: 24 } } ignore_live_leader: false dest_uuid: "81b89e30bd3e45e39b3bd3eca9d5f7c5"
I0902 17:01:22.782794 16553 raft_consensus.cc:2508] T 72aff43a768841bb91a3e3630747b057 P 81b89e30bd3e45e39b3bd3eca9d5f7c5 [term 2 FOLLOWER]: Advancing to term 3
I0902 17:01:22.782871 16553 raft_consensus.cc:2456] T 72aff43a768841bb91a3e3630747b057 P 81b89e30bd3e45e39b3bd3eca9d5f7c5: Snoozing failure detection for 2.210s (vote granted)
I0902 17:01:22.782905 16376 tablet_service.cc:1002] Received RequestConsensusVote() RPC: tablet_id: "7ab6f1a0b8d2430c933828f8da2892f6" candidate_uuid: "d28f0f3b8d0e429484dbeeb2d41b7d50" candidate_term: 3 candidate_status { last_received { term: 2 index: 136 } } ignore_live_leader: false dest_uuid: "475a466ec8b44f39bbf6b23f10ebe15b" is_pre_election: true
I0902 17:01:22.783044 16615 leader_election.cc:221] T 7ab6f1a0b8d2430c933828f8da2892f6 P d28f0f3b8d0e429484dbeeb2d41b7d50 [CANDIDATE]: Term 3 pre-election: Requesting pre-vote from peer 81b89e30bd3e45e39b3bd3eca9d5f7c5
I0902 17:01:22.783166 16078 raft_consensus.cc:2010] T 72aff43a768841bb91a3e3630747b057 P d28f0f3b8d0e429484dbeeb2d41b7d50 [term 3 FOLLOWER]: Leader election vote request: Granting yes vote for candidate 475a466ec8b44f39bbf6b23f10ebe15b in term 3.
I0902 17:01:22.783340 16610 raft_consensus.cc:434] T 7ab6f1a0b8d2430c933828f8da2892f6 P 475a466ec8b44f39bbf6b23f10ebe15b [term 3 FOLLOWER]: Starting leader election with config: opid_index: -1 OBSOLETE_local: false peers { permanent_uuid: "d28f0f3b8d0e429484dbeeb2d41b7d50" member_type: VOTER last_known_addr { host: "127.58.208.1" port: 59914 } } peers { permanent_uuid: "475a466ec8b44f39bbf6b23f10ebe15b" member_type: VOTER last_known_addr { host: "127.58.208.2" port: 43231 } } peers { permanent_uuid: "81b89e30bd3e45e39b3bd3eca9d5f7c5" member_type: VOTER last_known_addr { host: "127.58.208.3" port: 42179 } }
I0902 17:01:22.783402 16310 leader_election.cc:353] T 72aff43a768841bb91a3e3630747b057 P 475a466ec8b44f39bbf6b23f10ebe15b [CANDIDATE]: Term 3 election: Vote granted by peer d28f0f3b8d0e429484dbeeb2d41b7d50
I0902 17:01:22.783422 16310 leader_election.cc:248] T 72aff43a768841bb91a3e3630747b057 P 475a466ec8b44f39bbf6b23f10ebe15b [CANDIDATE]: Term 3 election: Election decided. Result: candidate won.
I0902 17:01:22.783576 16610 leader_election.cc:221] T 7ab6f1a0b8d2430c933828f8da2892f6 P 475a466ec8b44f39bbf6b23f10ebe15b [CANDIDATE]: Term 3 election: Requesting vote from peer d28f0f3b8d0e429484dbeeb2d41b7d50
I0902 17:01:22.783615 16376 raft_consensus.cc:1940] T 7ab6f1a0b8d2430c933828f8da2892f6 P 475a466ec8b44f39bbf6b23f10ebe15b [term 3 FOLLOWER]: Leader pre-election vote request: Denying vote to candidate d28f0f3b8d0e429484dbeeb2d41b7d50 in current term 3: Already voted for candidate 475a466ec8b44f39bbf6b23f10ebe15b in this term.
I0902 17:01:22.783645 16610 leader_election.cc:221] T 7ab6f1a0b8d2430c933828f8da2892f6 P 475a466ec8b44f39bbf6b23f10ebe15b [CANDIDATE]: Term 3 election: Requesting vote from peer 81b89e30bd3e45e39b3bd3eca9d5f7c5
I0902 17:01:22.783691 16553 raft_consensus.cc:2010] T 72aff43a768841bb91a3e3630747b057 P 81b89e30bd3e45e39b3bd3eca9d5f7c5 [term 3 FOLLOWER]: Leader election vote request: Granting yes vote for candidate 475a466ec8b44f39bbf6b23f10ebe15b in term 3.
I0902 17:01:22.783715 16610 raft_consensus.cc:2456] T 72aff43a768841bb91a3e3630747b057 P 475a466ec8b44f39bbf6b23f10ebe15b: Snoozing failure detection for 1.892s (election complete)
I0902 17:01:22.783735 16610 raft_consensus.cc:2280] T 72aff43a768841bb91a3e3630747b057 P 475a466ec8b44f39bbf6b23f10ebe15b [term 3 FOLLOWER]: Leader election won for term 3
I0902 17:01:22.783780 16610 raft_consensus.cc:542] T 72aff43a768841bb91a3e3630747b057 P 475a466ec8b44f39bbf6b23f10ebe15b [term 3 LEADER]: Becoming Leader. State: Replica: 475a466ec8b44f39bbf6b23f10ebe15b, State: Running, Role: LEADER
I0902 17:01:22.783941 16610 consensus_queue.cc:169] T 72aff43a768841bb91a3e3630747b057 P 475a466ec8b44f39bbf6b23f10ebe15b [LEADER]: Queue going to LEADER mode. State: All replicated index: 23, Majority replicated index: 24, Committed index: 24, Last appended: 2.24, Last appended by leader: 24, Current term: 3, Majority size: 2, State: 0, Mode: LEADER, active raft config: opid_index: -1 OBSOLETE_local: false peers { permanent_uuid: "475a466ec8b44f39bbf6b23f10ebe15b" member_type: VOTER last_known_addr { host: "127.58.208.2" port: 43231 } } peers { permanent_uuid: "81b89e30bd3e45e39b3bd3eca9d5f7c5" member_type: VOTER last_known_addr { host: "127.58.208.3" port: 42179 } } peers { permanent_uuid: "d28f0f3b8d0e429484dbeeb2d41b7d50" member_type: VOTER last_known_addr { host: "127.58.208.1" port: 59914 } }
I0902 17:01:22.783968 16078 tablet_service.cc:1002] Received RequestConsensusVote() RPC: tablet_id: "7ab6f1a0b8d2430c933828f8da2892f6" candidate_uuid: "475a466ec8b44f39bbf6b23f10ebe15b" candidate_term: 3 candidate_status { last_received { term: 2 index: 136 } } ignore_live_leader: false dest_uuid: "d28f0f3b8d0e429484dbeeb2d41b7d50"
I0902 17:01:22.784003 16078 raft_consensus.cc:2508] T 7ab6f1a0b8d2430c933828f8da2892f6 P d28f0f3b8d0e429484dbeeb2d41b7d50 [term 2 FOLLOWER]: Advancing to term 3
I0902 17:01:22.784041 16078 raft_consensus.cc:2456] T 7ab6f1a0b8d2430c933828f8da2892f6 P d28f0f3b8d0e429484dbeeb2d41b7d50: Snoozing failure detection for 2.066s (vote granted)
I0902 17:01:22.784638 16078 raft_consensus.cc:2010] T 7ab6f1a0b8d2430c933828f8da2892f6 P d28f0f3b8d0e429484dbeeb2d41b7d50 [term 3 FOLLOWER]: Leader election vote request: Granting yes vote for candidate 475a466ec8b44f39bbf6b23f10ebe15b in term 3.
I0902 17:01:22.784745 16309 leader_election.cc:353] T 72aff43a768841bb91a3e3630747b057 P 475a466ec8b44f39bbf6b23f10ebe15b [CANDIDATE]: Term 3 election: Vote granted by peer 81b89e30bd3e45e39b3bd3eca9d5f7c5
I0902 17:01:22.784876 16310 leader_election.cc:353] T 7ab6f1a0b8d2430c933828f8da2892f6 P 475a466ec8b44f39bbf6b23f10ebe15b [CANDIDATE]: Term 3 election: Vote granted by peer d28f0f3b8d0e429484dbeeb2d41b7d50
I0902 17:01:22.784898 16310 leader_election.cc:248] T 7ab6f1a0b8d2430c933828f8da2892f6 P 475a466ec8b44f39bbf6b23f10ebe15b [CANDIDATE]: Term 3 election: Election decided. Result: candidate won.
I0902 17:01:22.784981 16610 raft_consensus.cc:2456] T 7ab6f1a0b8d2430c933828f8da2892f6 P 475a466ec8b44f39bbf6b23f10ebe15b: Snoozing failure detection for 2.156s (election complete)
I0902 17:01:22.785007 16610 raft_consensus.cc:2280] T 7ab6f1a0b8d2430c933828f8da2892f6 P 475a466ec8b44f39bbf6b23f10ebe15b [term 3 FOLLOWER]: Leader election won for term 3
I0902 17:01:22.785051 16610 raft_consensus.cc:542] T 7ab6f1a0b8d2430c933828f8da2892f6 P 475a466ec8b44f39bbf6b23f10ebe15b [term 3 LEADER]: Becoming Leader. State: Replica: 475a466ec8b44f39bbf6b23f10ebe15b, State: Running, Role: LEADER
I0902 17:01:22.785110 16553 tablet_service.cc:1002] Received RequestConsensusVote() RPC: tablet_id: "7ab6f1a0b8d2430c933828f8da2892f6" candidate_uuid: "475a466ec8b44f39bbf6b23f10ebe15b" candidate_term: 3 candidate_status { last_received { term: 2 index: 136 } } ignore_live_leader: false dest_uuid: "81b89e30bd3e45e39b3bd3eca9d5f7c5"
I0902 17:01:22.785116 16610 consensus_queue.cc:169] T 7ab6f1a0b8d2430c933828f8da2892f6 P 475a466ec8b44f39bbf6b23f10ebe15b [LEADER]: Queue going to LEADER mode. State: All replicated index: 135, Majority replicated index: 136, Committed index: 136, Last appended: 2.136, Last appended by leader: 136, Current term: 3, Majority size: 2, State: 0, Mode: LEADER, active raft config: opid_index: -1 OBSOLETE_local: false peers { permanent_uuid: "d28f0f3b8d0e429484dbeeb2d41b7d50" member_type: VOTER last_known_addr { host: "127.58.208.1" port: 59914 } } peers { permanent_uuid: "475a466ec8b44f39bbf6b23f10ebe15b" member_type: VOTER last_known_addr { host: "127.58.208.2" port: 43231 } } peers { permanent_uuid: "81b89e30bd3e45e39b3bd3eca9d5f7c5" member_type: VOTER last_known_addr { host: "127.58.208.3" port: 42179 } }
I0902 17:01:22.785142 16553 raft_consensus.cc:2508] T 7ab6f1a0b8d2430c933828f8da2892f6 P 81b89e30bd3e45e39b3bd3eca9d5f7c5 [term 2 FOLLOWER]: Advancing to term 3
I0902 17:01:22.785181 16553 raft_consensus.cc:2456] T 7ab6f1a0b8d2430c933828f8da2892f6 P 81b89e30bd3e45e39b3bd3eca9d5f7c5: Snoozing failure detection for 1.619s (vote granted)
I0902 17:01:22.785742 16553 raft_consensus.cc:2010] T 7ab6f1a0b8d2430c933828f8da2892f6 P 81b89e30bd3e45e39b3bd3eca9d5f7c5 [term 3 FOLLOWER]: Leader election vote request: Granting yes vote for candidate 475a466ec8b44f39bbf6b23f10ebe15b in term 3.
I0902 17:01:22.785949 16008 leader_election.cc:367] T 7ab6f1a0b8d2430c933828f8da2892f6 P d28f0f3b8d0e429484dbeeb2d41b7d50 [CANDIDATE]: Term 3 pre-election: Vote denied by peer 475a466ec8b44f39bbf6b23f10ebe15b. Message: Invalid argument: T 7ab6f1a0b8d2430c933828f8da2892f6 P 475a466ec8b44f39bbf6b23f10ebe15b [term 3 FOLLOWER]: Leader pre-election vote request: Denying vote to candidate d28f0f3b8d0e429484dbeeb2d41b7d50 in current term 3: Already voted for candidate 475a466ec8b44f39bbf6b23f10ebe15b in this term.
I0902 17:01:22.786250 16309 leader_election.cc:353] T 7ab6f1a0b8d2430c933828f8da2892f6 P 475a466ec8b44f39bbf6b23f10ebe15b [CANDIDATE]: Term 3 election: Vote granted by peer 81b89e30bd3e45e39b3bd3eca9d5f7c5
I0902 17:01:22.786414 16197 catalog_manager.cc:2571] T 72aff43a768841bb91a3e3630747b057 reported cstate change: term changed from 2 to 3, leader changed from 81b89e30bd3e45e39b3bd3eca9d5f7c5 (127.58.208.3) to 475a466ec8b44f39bbf6b23f10ebe15b (127.58.208.2). New cstate: current_term: 3 leader_uuid: "475a466ec8b44f39bbf6b23f10ebe15b" committed_config { opid_index: -1 OBSOLETE_local: false peers { permanent_uuid: "475a466ec8b44f39bbf6b23f10ebe15b" member_type: VOTER last_known_addr { host: "127.58.208.2" port: 43231 } } peers { permanent_uuid: "81b89e30bd3e45e39b3bd3eca9d5f7c5" member_type: VOTER last_known_addr { host: "127.58.208.3" port: 42179 } } peers { permanent_uuid: "d28f0f3b8d0e429484dbeeb2d41b7d50" member_type: VOTER last_known_addr { host: "127.58.208.1" port: 59914 } } }
I0902 17:01:22.786845 16616 raft_consensus.cc:412] T bc88948776204095ba3e800689fff6f3 P 475a466ec8b44f39bbf6b23f10ebe15b [term 1 FOLLOWER]: Starting pre-election (detected failure of leader 81b89e30bd3e45e39b3bd3eca9d5f7c5)
I0902 17:01:22.786869 16616 raft_consensus.cc:2456] T bc88948776204095ba3e800689fff6f3 P 475a466ec8b44f39bbf6b23f10ebe15b: Snoozing failure detection for 1.978s (starting election)
I0902 17:01:22.786917 16616 raft_consensus.cc:434] T bc88948776204095ba3e800689fff6f3 P 475a466ec8b44f39bbf6b23f10ebe15b [term 1 FOLLOWER]: Starting pre-election with config: opid_index: -1 OBSOLETE_local: false peers { permanent_uuid: "d28f0f3b8d0e429484dbeeb2d41b7d50" member_type: VOTER last_known_addr { host: "127.58.208.1" port: 59914 } } peers { permanent_uuid: "475a466ec8b44f39bbf6b23f10ebe15b" member_type: VOTER last_known_addr { host: "127.58.208.2" port: 43231 } } peers { permanent_uuid: "81b89e30bd3e45e39b3bd3eca9d5f7c5" member_type: VOTER last_known_addr { host: "127.58.208.3" port: 42179 } }
I0902 17:01:22.787103 16616 leader_election.cc:221] T bc88948776204095ba3e800689fff6f3 P 475a466ec8b44f39bbf6b23f10ebe15b [CANDIDATE]: Term 2 pre-election: Requesting pre-vote from peer d28f0f3b8d0e429484dbeeb2d41b7d50
I0902 17:01:22.787163 16616 leader_election.cc:221] T bc88948776204095ba3e800689fff6f3 P 475a466ec8b44f39bbf6b23f10ebe15b [CANDIDATE]: Term 2 pre-election: Requesting pre-vote from peer 81b89e30bd3e45e39b3bd3eca9d5f7c5
I0902 17:01:22.787317 16615 raft_consensus.cc:412] T bc88948776204095ba3e800689fff6f3 P d28f0f3b8d0e429484dbeeb2d41b7d50 [term 1 FOLLOWER]: Starting pre-election (detected failure of leader 81b89e30bd3e45e39b3bd3eca9d5f7c5)
I0902 17:01:22.787341 16615 raft_consensus.cc:2456] T bc88948776204095ba3e800689fff6f3 P d28f0f3b8d0e429484dbeeb2d41b7d50: Snoozing failure detection for 1.691s (starting election)
I0902 17:01:22.787395 16615 raft_consensus.cc:434] T bc88948776204095ba3e800689fff6f3 P d28f0f3b8d0e429484dbeeb2d41b7d50 [term 1 FOLLOWER]: Starting pre-election with config: opid_index: -1 OBSOLETE_local: false peers { permanent_uuid: "d28f0f3b8d0e429484dbeeb2d41b7d50" member_type: VOTER last_known_addr { host: "127.58.208.1" port: 59914 } } peers { permanent_uuid: "475a466ec8b44f39bbf6b23f10ebe15b" member_type: VOTER last_known_addr { host: "127.58.208.2" port: 43231 } } peers { permanent_uuid: "81b89e30bd3e45e39b3bd3eca9d5f7c5" member_type: VOTER last_known_addr { host: "127.58.208.3" port: 42179 } }
I0902 17:01:22.787470 16078 tablet_service.cc:1002] Received RequestConsensusVote() RPC: tablet_id: "bc88948776204095ba3e800689fff6f3" candidate_uuid: "475a466ec8b44f39bbf6b23f10ebe15b" candidate_term: 2 candidate_status { last_received { term: 1 index: 74 } } ignore_live_leader: false dest_uuid: "d28f0f3b8d0e429484dbeeb2d41b7d50" is_pre_election: true
I0902 17:01:22.787569 16553 tablet_service.cc:1002] Received RequestConsensusVote() RPC: tablet_id: "bc88948776204095ba3e800689fff6f3" candidate_uuid: "475a466ec8b44f39bbf6b23f10ebe15b" candidate_term: 2 candidate_status { last_received { term: 1 index: 74 } } ignore_live_leader: false dest_uuid: "81b89e30bd3e45e39b3bd3eca9d5f7c5" is_pre_election: true
I0902 17:01:22.787606 16553 raft_consensus.cc:2456] T bc88948776204095ba3e800689fff6f3 P 81b89e30bd3e45e39b3bd3eca9d5f7c5: Snoozing failure detection for 1.969s (vote granted)
I0902 17:01:22.787617 16615 leader_election.cc:221] T bc88948776204095ba3e800689fff6f3 P d28f0f3b8d0e429484dbeeb2d41b7d50 [CANDIDATE]: Term 2 pre-election: Requesting pre-vote from peer 475a466ec8b44f39bbf6b23f10ebe15b
I0902 17:01:22.787626 16553 raft_consensus.cc:2010] T bc88948776204095ba3e800689fff6f3 P 81b89e30bd3e45e39b3bd3eca9d5f7c5 [term 1 FOLLOWER]: Leader pre-election vote request: Granting yes vote for candidate 475a466ec8b44f39bbf6b23f10ebe15b in term 1.
I0902 17:01:22.787642 16078 raft_consensus.cc:2456] T bc88948776204095ba3e800689fff6f3 P d28f0f3b8d0e429484dbeeb2d41b7d50: Snoozing failure detection for 2.209s (vote granted)
I0902 17:01:22.787667 16078 raft_consensus.cc:2010] T bc88948776204095ba3e800689fff6f3 P d28f0f3b8d0e429484dbeeb2d41b7d50 [term 1 FOLLOWER]: Leader pre-election vote request: Granting yes vote for candidate 475a466ec8b44f39bbf6b23f10ebe15b in term 1.
I0902 17:01:22.787678 16615 leader_election.cc:221] T bc88948776204095ba3e800689fff6f3 P d28f0f3b8d0e429484dbeeb2d41b7d50 [CANDIDATE]: Term 2 pre-election: Requesting pre-vote from peer 81b89e30bd3e45e39b3bd3eca9d5f7c5
I0902 17:01:22.787925 16310 leader_election.cc:353] T bc88948776204095ba3e800689fff6f3 P 475a466ec8b44f39bbf6b23f10ebe15b [CANDIDATE]: Term 2 pre-election: Vote granted by peer d28f0f3b8d0e429484dbeeb2d41b7d50
I0902 17:01:22.787943 16310 leader_election.cc:248] T bc88948776204095ba3e800689fff6f3 P 475a466ec8b44f39bbf6b23f10ebe15b [CANDIDATE]: Term 2 pre-election: Election decided. Result: candidate won.
I0902 17:01:22.788033 16610 raft_consensus.cc:2456] T bc88948776204095ba3e800689fff6f3 P 475a466ec8b44f39bbf6b23f10ebe15b: Snoozing failure detection for 2.170s (election complete)
I0902 17:01:22.788055 16610 raft_consensus.cc:2280] T bc88948776204095ba3e800689fff6f3 P 475a466ec8b44f39bbf6b23f10ebe15b [term 1 FOLLOWER]: Leader pre-election won for term 2
I0902 17:01:22.788066 16610 raft_consensus.cc:412] T bc88948776204095ba3e800689fff6f3 P 475a466ec8b44f39bbf6b23f10ebe15b [term 1 FOLLOWER]: Starting leader election (detected failure of leader 81b89e30bd3e45e39b3bd3eca9d5f7c5)
I0902 17:01:22.788076 16610 raft_consensus.cc:2456] T bc88948776204095ba3e800689fff6f3 P 475a466ec8b44f39bbf6b23f10ebe15b: Snoozing failure detection for 1.650s (starting election)
I0902 17:01:22.788084 16610 raft_consensus.cc:2508] T bc88948776204095ba3e800689fff6f3 P 475a466ec8b44f39bbf6b23f10ebe15b [term 1 FOLLOWER]: Advancing to term 2
I0902 17:01:22.788170 16376 tablet_service.cc:1002] Received RequestConsensusVote() RPC: tablet_id: "bc88948776204095ba3e800689fff6f3" candidate_uuid: "d28f0f3b8d0e429484dbeeb2d41b7d50" candidate_term: 2 candidate_status { last_received { term: 1 index: 74 } } ignore_live_leader: false dest_uuid: "475a466ec8b44f39bbf6b23f10ebe15b" is_pre_election: true
I0902 17:01:22.788287 16309 leader_election.cc:353] T bc88948776204095ba3e800689fff6f3 P 475a466ec8b44f39bbf6b23f10ebe15b [CANDIDATE]: Term 2 pre-election: Vote granted by peer 81b89e30bd3e45e39b3bd3eca9d5f7c5
I0902 17:01:22.788687 16610 raft_consensus.cc:434] T bc88948776204095ba3e800689fff6f3 P 475a466ec8b44f39bbf6b23f10ebe15b [term 2 FOLLOWER]: Starting leader election with config: opid_index: -1 OBSOLETE_local: false peers { permanent_uuid: "d28f0f3b8d0e429484dbeeb2d41b7d50" member_type: VOTER last_known_addr { host: "127.58.208.1" port: 59914 } } peers { permanent_uuid: "475a466ec8b44f39bbf6b23f10ebe15b" member_type: VOTER last_known_addr { host: "127.58.208.2" port: 43231 } } peers { permanent_uuid: "81b89e30bd3e45e39b3bd3eca9d5f7c5" member_type: VOTER last_known_addr { host: "127.58.208.3" port: 42179 } }
I0902 17:01:22.788687 16553 tablet_service.cc:1002] Received RequestConsensusVote() RPC: tablet_id: "7ab6f1a0b8d2430c933828f8da2892f6" candidate_uuid: "d28f0f3b8d0e429484dbeeb2d41b7d50" candidate_term: 3 candidate_status { last_received { term: 2 index: 136 } } ignore_live_leader: false dest_uuid: "81b89e30bd3e45e39b3bd3eca9d5f7c5" is_pre_election: true
I0902 17:01:22.788753 16553 raft_consensus.cc:1940] T 7ab6f1a0b8d2430c933828f8da2892f6 P 81b89e30bd3e45e39b3bd3eca9d5f7c5 [term 3 FOLLOWER]: Leader pre-election vote request: Denying vote to candidate d28f0f3b8d0e429484dbeeb2d41b7d50 in current term 3: Already voted for candidate 475a466ec8b44f39bbf6b23f10ebe15b in this term.
I0902 17:01:22.788820 16552 tablet_service.cc:1002] Received RequestConsensusVote() RPC: tablet_id: "bc88948776204095ba3e800689fff6f3" candidate_uuid: "d28f0f3b8d0e429484dbeeb2d41b7d50" candidate_term: 2 candidate_status { last_received { term: 1 index: 74 } } ignore_live_leader: false dest_uuid: "81b89e30bd3e45e39b3bd3eca9d5f7c5" is_pre_election: true
I0902 17:01:22.788862 16552 raft_consensus.cc:2456] T bc88948776204095ba3e800689fff6f3 P 81b89e30bd3e45e39b3bd3eca9d5f7c5: Snoozing failure detection for 2.015s (vote granted)
I0902 17:01:22.788878 16610 leader_election.cc:221] T bc88948776204095ba3e800689fff6f3 P 475a466ec8b44f39bbf6b23f10ebe15b [CANDIDATE]: Term 2 election: Requesting vote from peer d28f0f3b8d0e429484dbeeb2d41b7d50
I0902 17:01:22.788884 16552 raft_consensus.cc:2010] T bc88948776204095ba3e800689fff6f3 P 81b89e30bd3e45e39b3bd3eca9d5f7c5 [term 1 FOLLOWER]: Leader pre-election vote request: Granting yes vote for candidate d28f0f3b8d0e429484dbeeb2d41b7d50 in term 1.
I0902 17:01:22.788938 16610 leader_election.cc:221] T bc88948776204095ba3e800689fff6f3 P 475a466ec8b44f39bbf6b23f10ebe15b [CANDIDATE]: Term 2 election: Requesting vote from peer 81b89e30bd3e45e39b3bd3eca9d5f7c5
I0902 17:01:22.789017 16376 raft_consensus.cc:1940] T bc88948776204095ba3e800689fff6f3 P 475a466ec8b44f39bbf6b23f10ebe15b [term 2 FOLLOWER]: Leader pre-election vote request: Denying vote to candidate d28f0f3b8d0e429484dbeeb2d41b7d50 in current term 2: Already voted for candidate 475a466ec8b44f39bbf6b23f10ebe15b in this term.
I0902 17:01:22.789050 16008 leader_election.cc:367] T 7ab6f1a0b8d2430c933828f8da2892f6 P d28f0f3b8d0e429484dbeeb2d41b7d50 [CANDIDATE]: Term 3 pre-election: Vote denied by peer 81b89e30bd3e45e39b3bd3eca9d5f7c5. Message: Invalid argument: T 7ab6f1a0b8d2430c933828f8da2892f6 P 81b89e30bd3e45e39b3bd3eca9d5f7c5 [term 3 FOLLOWER]: Leader pre-election vote request: Denying vote to candidate d28f0f3b8d0e429484dbeeb2d41b7d50 in current term 3: Already voted for candidate 475a466ec8b44f39bbf6b23f10ebe15b in this term.
I0902 17:01:22.789072 16008 leader_election.cc:248] T 7ab6f1a0b8d2430c933828f8da2892f6 P d28f0f3b8d0e429484dbeeb2d41b7d50 [CANDIDATE]: Term 3 pre-election: Election decided. Result: candidate lost.
I0902 17:01:22.789244 16008 leader_election.cc:353] T bc88948776204095ba3e800689fff6f3 P d28f0f3b8d0e429484dbeeb2d41b7d50 [CANDIDATE]: Term 2 pre-election: Vote granted by peer 81b89e30bd3e45e39b3bd3eca9d5f7c5
I0902 17:01:22.789263 16008 leader_election.cc:248] T bc88948776204095ba3e800689fff6f3 P d28f0f3b8d0e429484dbeeb2d41b7d50 [CANDIDATE]: Term 2 pre-election: Election decided. Result: candidate won.
I0902 17:01:22.789419 16552 tablet_service.cc:1002] Received RequestConsensusVote() RPC: tablet_id: "bc88948776204095ba3e800689fff6f3" candidate_uuid: "475a466ec8b44f39bbf6b23f10ebe15b" candidate_term: 2 candidate_status { last_received { term: 1 index: 74 } } ignore_live_leader: false dest_uuid: "81b89e30bd3e45e39b3bd3eca9d5f7c5"
I0902 17:01:22.789454 16552 raft_consensus.cc:2508] T bc88948776204095ba3e800689fff6f3 P 81b89e30bd3e45e39b3bd3eca9d5f7c5 [term 1 FOLLOWER]: Advancing to term 2
I0902 17:01:22.789494 16552 raft_consensus.cc:2456] T bc88948776204095ba3e800689fff6f3 P 81b89e30bd3e45e39b3bd3eca9d5f7c5: Snoozing failure detection for 2.220s (vote granted)
I0902 17:01:22.789557 16078 tablet_service.cc:1002] Received RequestConsensusVote() RPC: tablet_id: "bc88948776204095ba3e800689fff6f3" candidate_uuid: "475a466ec8b44f39bbf6b23f10ebe15b" candidate_term: 2 candidate_status { last_received { term: 1 index: 74 } } ignore_live_leader: false dest_uuid: "d28f0f3b8d0e429484dbeeb2d41b7d50"
I0902 17:01:22.789594 16078 raft_consensus.cc:2508] T bc88948776204095ba3e800689fff6f3 P d28f0f3b8d0e429484dbeeb2d41b7d50 [term 1 FOLLOWER]: Advancing to term 2
I0902 17:01:22.789636 16078 raft_consensus.cc:2456] T bc88948776204095ba3e800689fff6f3 P d28f0f3b8d0e429484dbeeb2d41b7d50: Snoozing failure detection for 1.704s (vote granted)
I0902 17:01:22.789979 16552 raft_consensus.cc:2010] T bc88948776204095ba3e800689fff6f3 P 81b89e30bd3e45e39b3bd3eca9d5f7c5 [term 2 FOLLOWER]: Leader election vote request: Granting yes vote for candidate 475a466ec8b44f39bbf6b23f10ebe15b in term 2.
I0902 17:01:22.790169 16078 raft_consensus.cc:2010] T bc88948776204095ba3e800689fff6f3 P d28f0f3b8d0e429484dbeeb2d41b7d50 [term 2 FOLLOWER]: Leader election vote request: Granting yes vote for candidate 475a466ec8b44f39bbf6b23f10ebe15b in term 2.
I0902 17:01:22.790230 16309 leader_election.cc:353] T bc88948776204095ba3e800689fff6f3 P 475a466ec8b44f39bbf6b23f10ebe15b [CANDIDATE]: Term 2 election: Vote granted by peer 81b89e30bd3e45e39b3bd3eca9d5f7c5
I0902 17:01:22.790247 16008 leader_election.cc:367] T bc88948776204095ba3e800689fff6f3 P d28f0f3b8d0e429484dbeeb2d41b7d50 [CANDIDATE]: Term 2 pre-election: Vote denied by peer 475a466ec8b44f39bbf6b23f10ebe15b. Message: Invalid argument: T bc88948776204095ba3e800689fff6f3 P 475a466ec8b44f39bbf6b23f10ebe15b [term 2 FOLLOWER]: Leader pre-election vote request: Denying vote to candidate d28f0f3b8d0e429484dbeeb2d41b7d50 in current term 2: Already voted for candidate 475a466ec8b44f39bbf6b23f10ebe15b in this term.
I0902 17:01:22.790253 16309 leader_election.cc:248] T bc88948776204095ba3e800689fff6f3 P 475a466ec8b44f39bbf6b23f10ebe15b [CANDIDATE]: Term 2 election: Election decided. Result: candidate won.
I0902 17:01:22.790356 16615 raft_consensus.cc:2456] T 7ab6f1a0b8d2430c933828f8da2892f6 P d28f0f3b8d0e429484dbeeb2d41b7d50: Snoozing failure detection for 1.732s (election complete)
I0902 17:01:22.790360 16616 raft_consensus.cc:2456] T bc88948776204095ba3e800689fff6f3 P 475a466ec8b44f39bbf6b23f10ebe15b: Snoozing failure detection for 1.777s (election complete)
I0902 17:01:22.790381 16615 raft_consensus.cc:2216] T 7ab6f1a0b8d2430c933828f8da2892f6 P d28f0f3b8d0e429484dbeeb2d41b7d50 [term 3 FOLLOWER]: Leader pre-election lost for term 3. Reason: could not achieve majority
I0902 17:01:22.790385 16616 raft_consensus.cc:2280] T bc88948776204095ba3e800689fff6f3 P 475a466ec8b44f39bbf6b23f10ebe15b [term 2 FOLLOWER]: Leader election won for term 2
I0902 17:01:22.790408 16615 raft_consensus.cc:2456] T bc88948776204095ba3e800689fff6f3 P d28f0f3b8d0e429484dbeeb2d41b7d50: Snoozing failure detection for 1.844s (election complete)
I0902 17:01:22.790411 16310 leader_election.cc:353] T bc88948776204095ba3e800689fff6f3 P 475a466ec8b44f39bbf6b23f10ebe15b [CANDIDATE]: Term 2 election: Vote granted by peer d28f0f3b8d0e429484dbeeb2d41b7d50
I0902 17:01:22.790426 16615 raft_consensus.cc:2243] T bc88948776204095ba3e800689fff6f3 P d28f0f3b8d0e429484dbeeb2d41b7d50 [term 2 FOLLOWER]: Leader pre-election decision vote started in defunct term 1: won
I0902 17:01:22.790431 16616 raft_consensus.cc:542] T bc88948776204095ba3e800689fff6f3 P 475a466ec8b44f39bbf6b23f10ebe15b [term 2 LEADER]: Becoming Leader. State: Replica: 475a466ec8b44f39bbf6b23f10ebe15b, State: Running, Role: LEADER
