I0902 17:01:21.059803 16378 raft_consensus.cc:2010] T 7ab6f1a0b8d2430c933828f8da2892f6 P 475a466ec8b44f39bbf6b23f10ebe15b [term 1 FOLLOWER]: Leader pre-election vote request: Granting yes vote for candidate d28f0f3b8d0e429484dbeeb2d41b7d50 in term 1.
I0902 17:01:21.059952 16076 tablet_service.cc:1002] Received RequestConsensusVote() RPC: tablet_id: "7ab6f1a0b8d2430c933828f8da2892f6" candidate_uuid: "81b89e30bd3e45e39b3bd3eca9d5f7c5" candidate_term: 2 candidate_status { last_received { term: 1 index: 119 } } ignore_live_leader: false dest_uuid: "d28f0f3b8d0e429484dbeeb2d41b7d50"
I0902 17:01:21.059990 16076 raft_consensus.cc:2508] T 7ab6f1a0b8d2430c933828f8da2892f6 P d28f0f3b8d0e429484dbeeb2d41b7d50 [term 1 FOLLOWER]: Advancing to term 2
I0902 17:01:21.060031 16076 raft_consensus.cc:2456] T 7ab6f1a0b8d2430c933828f8da2892f6 P d28f0f3b8d0e429484dbeeb2d41b7d50: Snoozing failure detection for 2.244s (vote granted)
I0902 17:01:21.060168 16378 tablet_service.cc:1002] Received RequestConsensusVote() RPC: tablet_id: "7ab6f1a0b8d2430c933828f8da2892f6" candidate_uuid: "81b89e30bd3e45e39b3bd3eca9d5f7c5" candidate_term: 2 candidate_status { last_received { term: 1 index: 119 } } ignore_live_leader: false dest_uuid: "475a466ec8b44f39bbf6b23f10ebe15b"
I0902 17:01:21.060201 16378 raft_consensus.cc:2508] T 7ab6f1a0b8d2430c933828f8da2892f6 P 475a466ec8b44f39bbf6b23f10ebe15b [term 1 FOLLOWER]: Advancing to term 2
I0902 17:01:21.060223 16008 leader_election.cc:367] T 7ab6f1a0b8d2430c933828f8da2892f6 P d28f0f3b8d0e429484dbeeb2d41b7d50 [CANDIDATE]: Term 2 pre-election: Vote denied by peer 81b89e30bd3e45e39b3bd3eca9d5f7c5. Message: Invalid argument: T 7ab6f1a0b8d2430c933828f8da2892f6 P 81b89e30bd3e45e39b3bd3eca9d5f7c5 [term 2 FOLLOWER]: Leader pre-election vote request: Denying vote to candidate d28f0f3b8d0e429484dbeeb2d41b7d50 in current term 2: Already voted for candidate 81b89e30bd3e45e39b3bd3eca9d5f7c5 in this term.
I0902 17:01:21.060237 16378 raft_consensus.cc:2456] T 7ab6f1a0b8d2430c933828f8da2892f6 P 475a466ec8b44f39bbf6b23f10ebe15b: Snoozing failure detection for 2.012s (vote granted)
I0902 17:01:21.060288 16008 leader_election.cc:353] T 7ab6f1a0b8d2430c933828f8da2892f6 P d28f0f3b8d0e429484dbeeb2d41b7d50 [CANDIDATE]: Term 2 pre-election: Vote granted by peer 475a466ec8b44f39bbf6b23f10ebe15b
I0902 17:01:21.060299 16008 leader_election.cc:248] T 7ab6f1a0b8d2430c933828f8da2892f6 P d28f0f3b8d0e429484dbeeb2d41b7d50 [CANDIDATE]: Term 2 pre-election: Election decided. Result: candidate won.
I0902 17:01:21.060735 16076 raft_consensus.cc:2010] T 7ab6f1a0b8d2430c933828f8da2892f6 P d28f0f3b8d0e429484dbeeb2d41b7d50 [term 2 FOLLOWER]: Leader election vote request: Granting yes vote for candidate 81b89e30bd3e45e39b3bd3eca9d5f7c5 in term 2.
I0902 17:01:21.060783 16436 raft_consensus.cc:2456] T 7ab6f1a0b8d2430c933828f8da2892f6 P d28f0f3b8d0e429484dbeeb2d41b7d50: Snoozing failure detection for 1.552s (election complete)
I0902 17:01:21.060807 16436 raft_consensus.cc:2243] T 7ab6f1a0b8d2430c933828f8da2892f6 P d28f0f3b8d0e429484dbeeb2d41b7d50 [term 2 FOLLOWER]: Leader pre-election decision vote started in defunct term 1: won
I0902 17:01:21.060935 16378 raft_consensus.cc:2010] T 7ab6f1a0b8d2430c933828f8da2892f6 P 475a466ec8b44f39bbf6b23f10ebe15b [term 2 FOLLOWER]: Leader election vote request: Granting yes vote for candidate 81b89e30bd3e45e39b3bd3eca9d5f7c5 in term 2.
I0902 17:01:21.060972 15388 leader_election.cc:353] T 7ab6f1a0b8d2430c933828f8da2892f6 P 81b89e30bd3e45e39b3bd3eca9d5f7c5 [CANDIDATE]: Term 2 election: Vote granted by peer d28f0f3b8d0e429484dbeeb2d41b7d50
I0902 17:01:21.060992 15388 leader_election.cc:248] T 7ab6f1a0b8d2430c933828f8da2892f6 P 81b89e30bd3e45e39b3bd3eca9d5f7c5 [CANDIDATE]: Term 2 election: Election decided. Result: candidate won.
I0902 17:01:21.061075 16434 raft_consensus.cc:2456] T 7ab6f1a0b8d2430c933828f8da2892f6 P 81b89e30bd3e45e39b3bd3eca9d5f7c5: Snoozing failure detection for 1.857s (election complete)
I0902 17:01:21.061097 16434 raft_consensus.cc:2280] T 7ab6f1a0b8d2430c933828f8da2892f6 P 81b89e30bd3e45e39b3bd3eca9d5f7c5 [term 2 FOLLOWER]: Leader election won for term 2
I0902 17:01:21.061134 16434 raft_consensus.cc:542] T 7ab6f1a0b8d2430c933828f8da2892f6 P 81b89e30bd3e45e39b3bd3eca9d5f7c5 [term 2 LEADER]: Becoming Leader. State: Replica: 81b89e30bd3e45e39b3bd3eca9d5f7c5, State: Running, Role: LEADER
I0902 17:01:21.061173 15387 leader_election.cc:353] T 7ab6f1a0b8d2430c933828f8da2892f6 P 81b89e30bd3e45e39b3bd3eca9d5f7c5 [CANDIDATE]: Term 2 election: Vote granted by peer 475a466ec8b44f39bbf6b23f10ebe15b
I0902 17:01:21.061189 16434 consensus_queue.cc:169] T 7ab6f1a0b8d2430c933828f8da2892f6 P 81b89e30bd3e45e39b3bd3eca9d5f7c5 [LEADER]: Queue going to LEADER mode. State: All replicated index: 118, Majority replicated index: 119, Committed index: 119, Last appended: 1.119, Last appended by leader: 119, Current term: 2, Majority size: 2, State: 0, Mode: LEADER, active raft config: opid_index: -1 OBSOLETE_local: false peers { permanent_uuid: "d28f0f3b8d0e429484dbeeb2d41b7d50" member_type: VOTER last_known_addr { host: "127.58.208.1" port: 59914 } } peers { permanent_uuid: "475a466ec8b44f39bbf6b23f10ebe15b" member_type: VOTER last_known_addr { host: "127.58.208.2" port: 43231 } } peers { permanent_uuid: "81b89e30bd3e45e39b3bd3eca9d5f7c5" member_type: VOTER last_known_addr { host: "127.58.208.3" port: 42179 } }
I0902 17:01:21.062510 16197 catalog_manager.cc:2571] T 7ab6f1a0b8d2430c933828f8da2892f6 reported cstate change: term changed from 1 to 2, leader changed from 475a466ec8b44f39bbf6b23f10ebe15b (127.58.208.2) to 81b89e30bd3e45e39b3bd3eca9d5f7c5 (127.58.208.3). New cstate: current_term: 2 leader_uuid: "81b89e30bd3e45e39b3bd3eca9d5f7c5" committed_config { opid_index: -1 OBSOLETE_local: false peers { permanent_uuid: "d28f0f3b8d0e429484dbeeb2d41b7d50" member_type: VOTER last_known_addr { host: "127.58.208.1" port: 59914 } } peers { permanent_uuid: "475a466ec8b44f39bbf6b23f10ebe15b" member_type: VOTER last_known_addr { host: "127.58.208.2" port: 43231 } } peers { permanent_uuid: "81b89e30bd3e45e39b3bd3eca9d5f7c5" member_type: VOTER last_known_addr { host: "127.58.208.3" port: 42179 } } }
I0902 17:01:21.063268 16076 raft_consensus.cc:964] T 7ab6f1a0b8d2430c933828f8da2892f6 P d28f0f3b8d0e429484dbeeb2d41b7d50 [term 2 FOLLOWER]: Refusing update from remote peer 81b89e30bd3e45e39b3bd3eca9d5f7c5: Log matching property violated. Preceding OpId in replica: term: 1 index: 119. Preceding OpId from leader: term: 2 index: 121. (index mismatch)
I0902 17:01:21.063273 16378 raft_consensus.cc:964] T 7ab6f1a0b8d2430c933828f8da2892f6 P 475a466ec8b44f39bbf6b23f10ebe15b [term 2 FOLLOWER]: Refusing update from remote peer 81b89e30bd3e45e39b3bd3eca9d5f7c5: Log matching property violated. Preceding OpId in replica: term: 1 index: 119. Preceding OpId from leader: term: 2 index: 121. (index mismatch)
I0902 17:01:21.063580 16454 consensus_queue.cc:741] T 7ab6f1a0b8d2430c933828f8da2892f6 P 81b89e30bd3e45e39b3bd3eca9d5f7c5 [LEADER]: Connected to new peer: Peer: 475a466ec8b44f39bbf6b23f10ebe15b, Is new: false, Last received: 1.119, Next index: 120, Last known committed idx: 119, Last exchange result: ERROR, Needs tablet copy: false
I0902 17:01:21.063643 16453 consensus_queue.cc:741] T 7ab6f1a0b8d2430c933828f8da2892f6 P 81b89e30bd3e45e39b3bd3eca9d5f7c5 [LEADER]: Connected to new peer: Peer: d28f0f3b8d0e429484dbeeb2d41b7d50, Is new: false, Last received: 1.119, Next index: 120, Last known committed idx: 119, Last exchange result: ERROR, Needs tablet copy: false
I0902 17:01:21.165426 15056 alter_table-randomized-test.cc:436] Beginning Alterations
I0902 17:01:21.166152 15056 alter_table-randomized-test.cc:474] Adding column c50, existing columns: c564, c908, c876
I0902 17:01:21.166203 15056 alter_table-randomized-test.cc:504] Renaming column c876 to c190
I0902 17:01:21.166220 15056 alter_table-randomized-test.cc:511] Renaming PrimaryKey column c564 to c602
I0902 17:01:21.166236 15056 alter_table-randomized-test.cc:542] Changing block size of column c190 to 0
I0902 17:01:21.166241 15056 alter_table-randomized-test.cc:468] Committing Alterations
I0902 17:01:21.166760 16197 catalog_manager.cc:1946] Servicing AlterTable request from {username='slave'} at 127.0.0.1:43636: table { table_name: "test-table" } alter_schema_steps { type: ADD_COLUMN add_column { schema { name: "c50" type: INT32 is_nullable: false read_default_value: "\354p7~" encoding: AUTO_ENCODING compression: DEFAULT_COMPRESSION cfile_block_size: 0 } } } alter_schema_steps { type: RENAME_COLUMN rename_column { old_name: "c876" new_name: "c190" } } alter_schema_steps { type: RENAME_COLUMN rename_column { old_name: "c564" new_name: "c602" } } alter_schema_steps { type: ALTER_COLUMN alter_column { delta { name: "c190" block_size: 0 } } }
I0902 17:01:21.171654 16450 tablet.cc:1115] T bc88948776204095ba3e800689fff6f3 P 81b89e30bd3e45e39b3bd3eca9d5f7c5: Alter schema from Schema [ 10:c564[int32 NOT NULL], 18:c908[int32 NOT NULL], 21:c876[int32 NOT NULL] ] version 13 to Schema [ 10:c602[int32 NOT NULL], 18:c908[int32 NOT NULL], 21:c190[int32 NOT NULL], 22:c50[int32 NOT NULL] ] version 14
I0902 17:01:21.171918 16450 tablet.cc:1067] T bc88948776204095ba3e800689fff6f3 P 81b89e30bd3e45e39b3bd3eca9d5f7c5: Flush: entering stage 1 (old memrowset already frozen for inserts)
I0902 17:01:21.171933 16450 compaction.cc:902] Selected 1 rowsets to compact:
I0902 17:01:21.171938 16450 compaction.cc:905] memrowset(current size on disk: ~0 bytes)
I0902 17:01:21.171943 16450 tablet.cc:1069] T bc88948776204095ba3e800689fff6f3 P 81b89e30bd3e45e39b3bd3eca9d5f7c5: Memstore in-memory size: 763 bytes
I0902 17:01:21.171957 16450 tablet.cc:1332] T bc88948776204095ba3e800689fff6f3 P 81b89e30bd3e45e39b3bd3eca9d5f7c5: Flush: entering phase 1 (flushing snapshot). Phase 1 snapshot: MvccSnapshot[committed={T|T < 6161906406070870016}]
I0902 17:01:21.172905 16465 tablet.cc:1115] T 72aff43a768841bb91a3e3630747b057 P 81b89e30bd3e45e39b3bd3eca9d5f7c5: Alter schema from Schema [ 10:c564[int32 NOT NULL], 18:c908[int32 NOT NULL], 21:c876[int32 NOT NULL] ] version 13 to Schema [ 10:c602[int32 NOT NULL], 18:c908[int32 NOT NULL], 21:c190[int32 NOT NULL], 22:c50[int32 NOT NULL] ] version 14
I0902 17:01:21.172924 16452 tablet.cc:1115] T 72aff43a768841bb91a3e3630747b057 P d28f0f3b8d0e429484dbeeb2d41b7d50: Alter schema from Schema [ 10:c564[int32 NOT NULL], 18:c908[int32 NOT NULL], 21:c876[int32 NOT NULL] ] version 13 to Schema [ 10:c602[int32 NOT NULL], 18:c908[int32 NOT NULL], 21:c190[int32 NOT NULL], 22:c50[int32 NOT NULL] ] version 14
I0902 17:01:21.173177 16452 tablet.cc:1067] T 72aff43a768841bb91a3e3630747b057 P d28f0f3b8d0e429484dbeeb2d41b7d50: Flush: entering stage 1 (old memrowset already frozen for inserts)
I0902 17:01:21.173192 16452 compaction.cc:902] Selected 1 rowsets to compact:
I0902 17:01:21.173197 16452 compaction.cc:905] memrowset(current size on disk: ~0 bytes)
I0902 17:01:21.173203 16452 tablet.cc:1069] T 72aff43a768841bb91a3e3630747b057 P d28f0f3b8d0e429484dbeeb2d41b7d50: Memstore in-memory size: 763 bytes
I0902 17:01:21.173216 16452 tablet.cc:1332] T 72aff43a768841bb91a3e3630747b057 P d28f0f3b8d0e429484dbeeb2d41b7d50: Flush: entering phase 1 (flushing snapshot). Phase 1 snapshot: MvccSnapshot[committed={T|T < 6161906406070087680}]
I0902 17:01:21.173972 16465 tablet.cc:1067] T 72aff43a768841bb91a3e3630747b057 P 81b89e30bd3e45e39b3bd3eca9d5f7c5: Flush: entering stage 1 (old memrowset already frozen for inserts)
I0902 17:01:21.174103 16465 compaction.cc:902] Selected 1 rowsets to compact:
I0902 17:01:21.174131 16465 compaction.cc:905] memrowset(current size on disk: ~0 bytes)
I0902 17:01:21.174155 16465 tablet.cc:1069] T 72aff43a768841bb91a3e3630747b057 P 81b89e30bd3e45e39b3bd3eca9d5f7c5: Memstore in-memory size: 763 bytes
I0902 17:01:21.174183 16465 tablet.cc:1332] T 72aff43a768841bb91a3e3630747b057 P 81b89e30bd3e45e39b3bd3eca9d5f7c5: Flush: entering phase 1 (flushing snapshot). Phase 1 snapshot: MvccSnapshot[committed={T|T < 6161906406070087680}]
I0902 17:01:21.174700 16450 multi_column_writer.cc:103] Opened CFile writers for 4 column(s)
I0902 17:01:21.174089 16466 tablet.cc:1115] T 7ab6f1a0b8d2430c933828f8da2892f6 P 81b89e30bd3e45e39b3bd3eca9d5f7c5: Alter schema from Schema [ 10:c564[int32 NOT NULL], 18:c908[int32 NOT NULL], 21:c876[int32 NOT NULL] ] version 13 to Schema [ 10:c602[int32 NOT NULL], 18:c908[int32 NOT NULL], 21:c190[int32 NOT NULL], 22:c50[int32 NOT NULL] ] version 14
I0902 17:01:21.175009 16466 tablet.cc:1067] T 7ab6f1a0b8d2430c933828f8da2892f6 P 81b89e30bd3e45e39b3bd3eca9d5f7c5: Flush: entering stage 1 (old memrowset already frozen for inserts)
I0902 17:01:21.175045 16466 compaction.cc:902] Selected 1 rowsets to compact:
I0902 17:01:21.175065 16466 compaction.cc:905] memrowset(current size on disk: ~0 bytes)
I0902 17:01:21.175087 16466 tablet.cc:1069] T 7ab6f1a0b8d2430c933828f8da2892f6 P 81b89e30bd3e45e39b3bd3eca9d5f7c5: Memstore in-memory size: 763 bytes
I0902 17:01:21.175113 16466 tablet.cc:1332] T 7ab6f1a0b8d2430c933828f8da2892f6 P 81b89e30bd3e45e39b3bd3eca9d5f7c5: Flush: entering phase 1 (flushing snapshot). Phase 1 snapshot: MvccSnapshot[committed={T|T < 6161906406070861824}]
I0902 17:01:21.176548 16465 multi_column_writer.cc:103] Opened CFile writers for 4 column(s)
I0902 17:01:21.177681 16450 tablet.cc:1417] T bc88948776204095ba3e800689fff6f3 P 81b89e30bd3e45e39b3bd3eca9d5f7c5: Flush: entering phase 2 (starting to duplicate updates in new rowsets)
I0902 17:01:21.177798 16450 tablet.cc:1472] T bc88948776204095ba3e800689fff6f3 P 81b89e30bd3e45e39b3bd3eca9d5f7c5: Flush Phase 2: carrying over any updates which arrived during Phase 1
I0902 17:01:21.177819 16450 tablet.cc:1474] T bc88948776204095ba3e800689fff6f3 P 81b89e30bd3e45e39b3bd3eca9d5f7c5: Phase 2 snapshot: MvccSnapshot[committed={T|T < 6161906406070870016}]
I0902 17:01:21.178170 16466 multi_column_writer.cc:103] Opened CFile writers for 4 column(s)
I0902 17:01:21.179400 16456 tablet.cc:1115] T bc88948776204095ba3e800689fff6f3 P 475a466ec8b44f39bbf6b23f10ebe15b: Alter schema from Schema [ 10:c564[int32 NOT NULL], 18:c908[int32 NOT NULL], 21:c876[int32 NOT NULL] ] version 13 to Schema [ 10:c602[int32 NOT NULL], 18:c908[int32 NOT NULL], 21:c190[int32 NOT NULL], 22:c50[int32 NOT NULL] ] version 14
I0902 17:01:21.179731 16456 tablet.cc:1067] T bc88948776204095ba3e800689fff6f3 P 475a466ec8b44f39bbf6b23f10ebe15b: Flush: entering stage 1 (old memrowset already frozen for inserts)
I0902 17:01:21.179749 16456 compaction.cc:902] Selected 1 rowsets to compact:
I0902 17:01:21.179754 16456 compaction.cc:905] memrowset(current size on disk: ~0 bytes)
I0902 17:01:21.179761 16456 tablet.cc:1069] T bc88948776204095ba3e800689fff6f3 P 475a466ec8b44f39bbf6b23f10ebe15b: Memstore in-memory size: 763 bytes
I0902 17:01:21.179791 16456 tablet.cc:1332] T bc88948776204095ba3e800689fff6f3 P 475a466ec8b44f39bbf6b23f10ebe15b: Flush: entering phase 1 (flushing snapshot). Phase 1 snapshot: MvccSnapshot[committed={T|T < 6161906406070870016}]
I0902 17:01:21.181329 16465 tablet.cc:1417] T 72aff43a768841bb91a3e3630747b057 P 81b89e30bd3e45e39b3bd3eca9d5f7c5: Flush: entering phase 2 (starting to duplicate updates in new rowsets)
I0902 17:01:21.183449 16465 tablet.cc:1472] T 72aff43a768841bb91a3e3630747b057 P 81b89e30bd3e45e39b3bd3eca9d5f7c5: Flush Phase 2: carrying over any updates which arrived during Phase 1
I0902 17:01:21.183468 16465 tablet.cc:1474] T 72aff43a768841bb91a3e3630747b057 P 81b89e30bd3e45e39b3bd3eca9d5f7c5: Phase 2 snapshot: MvccSnapshot[committed={T|T < 6161906406070087680}]
I0902 17:01:21.181823 16450 tablet.cc:1516] T bc88948776204095ba3e800689fff6f3 P 81b89e30bd3e45e39b3bd3eca9d5f7c5: Flush successful on 7 rows (4791 bytes)
I0902 17:01:21.185348 16465 tablet.cc:1516] T 72aff43a768841bb91a3e3630747b057 P 81b89e30bd3e45e39b3bd3eca9d5f7c5: Flush successful on 9 rows (4898 bytes)
I0902 17:01:21.183341 16466 tablet.cc:1417] T 7ab6f1a0b8d2430c933828f8da2892f6 P 81b89e30bd3e45e39b3bd3eca9d5f7c5: Flush: entering phase 2 (starting to duplicate updates in new rowsets)
I0902 17:01:21.185647 16466 tablet.cc:1472] T 7ab6f1a0b8d2430c933828f8da2892f6 P 81b89e30bd3e45e39b3bd3eca9d5f7c5: Flush Phase 2: carrying over any updates which arrived during Phase 1
I0902 17:01:21.185665 16466 tablet.cc:1474] T 7ab6f1a0b8d2430c933828f8da2892f6 P 81b89e30bd3e45e39b3bd3eca9d5f7c5: Phase 2 snapshot: MvccSnapshot[committed={T|T < 6161906406070861824}]
I0902 17:01:21.186923 16452 multi_column_writer.cc:103] Opened CFile writers for 4 column(s)
I0902 17:01:21.187172 16469 tablet.cc:1115] T 72aff43a768841bb91a3e3630747b057 P 475a466ec8b44f39bbf6b23f10ebe15b: Alter schema from Schema [ 10:c564[int32 NOT NULL], 18:c908[int32 NOT NULL], 21:c876[int32 NOT NULL] ] version 13 to Schema [ 10:c602[int32 NOT NULL], 18:c908[int32 NOT NULL], 21:c190[int32 NOT NULL], 22:c50[int32 NOT NULL] ] version 14
I0902 17:01:21.187500 16469 tablet.cc:1067] T 72aff43a768841bb91a3e3630747b057 P 475a466ec8b44f39bbf6b23f10ebe15b: Flush: entering stage 1 (old memrowset already frozen for inserts)
I0902 17:01:21.187523 16469 compaction.cc:902] Selected 1 rowsets to compact:
I0902 17:01:21.187528 16469 compaction.cc:905] memrowset(current size on disk: ~0 bytes)
I0902 17:01:21.187536 16469 tablet.cc:1069] T 72aff43a768841bb91a3e3630747b057 P 475a466ec8b44f39bbf6b23f10ebe15b: Memstore in-memory size: 763 bytes
I0902 17:01:21.187549 16469 tablet.cc:1332] T 72aff43a768841bb91a3e3630747b057 P 475a466ec8b44f39bbf6b23f10ebe15b: Flush: entering phase 1 (flushing snapshot). Phase 1 snapshot: MvccSnapshot[committed={T|T < 6161906406070087680}]
I0902 17:01:21.187799 16470 tablet.cc:1115] T 7ab6f1a0b8d2430c933828f8da2892f6 P 475a466ec8b44f39bbf6b23f10ebe15b: Alter schema from Schema [ 10:c564[int32 NOT NULL], 18:c908[int32 NOT NULL], 21:c876[int32 NOT NULL] ] version 13 to Schema [ 10:c602[int32 NOT NULL], 18:c908[int32 NOT NULL], 21:c190[int32 NOT NULL], 22:c50[int32 NOT NULL] ] version 14
I0902 17:01:21.188081 16470 tablet.cc:1067] T 7ab6f1a0b8d2430c933828f8da2892f6 P 475a466ec8b44f39bbf6b23f10ebe15b: Flush: entering stage 1 (old memrowset already frozen for inserts)
I0902 17:01:21.188093 16470 compaction.cc:902] Selected 1 rowsets to compact:
I0902 17:01:21.188098 16470 compaction.cc:905] memrowset(current size on disk: ~0 bytes)
I0902 17:01:21.188105 16470 tablet.cc:1069] T 7ab6f1a0b8d2430c933828f8da2892f6 P 475a466ec8b44f39bbf6b23f10ebe15b: Memstore in-memory size: 763 bytes
I0902 17:01:21.188959 16456 multi_column_writer.cc:103] Opened CFile writers for 4 column(s)
I0902 17:01:21.190073 16452 tablet.cc:1417] T 72aff43a768841bb91a3e3630747b057 P d28f0f3b8d0e429484dbeeb2d41b7d50: Flush: entering phase 2 (starting to duplicate updates in new rowsets)
I0902 17:01:21.190227 16452 tablet.cc:1472] T 72aff43a768841bb91a3e3630747b057 P d28f0f3b8d0e429484dbeeb2d41b7d50: Flush Phase 2: carrying over any updates which arrived during Phase 1
I0902 17:01:21.190270 16452 tablet.cc:1474] T 72aff43a768841bb91a3e3630747b057 P d28f0f3b8d0e429484dbeeb2d41b7d50: Phase 2 snapshot: MvccSnapshot[committed={T|T < 6161906406070087680}]
I0902 17:01:21.191416 16466 tablet.cc:1516] T 7ab6f1a0b8d2430c933828f8da2892f6 P 81b89e30bd3e45e39b3bd3eca9d5f7c5: Flush successful on 3 rows (4791 bytes)
I0902 17:01:21.192291 16456 tablet.cc:1417] T bc88948776204095ba3e800689fff6f3 P 475a466ec8b44f39bbf6b23f10ebe15b: Flush: entering phase 2 (starting to duplicate updates in new rowsets)
I0902 17:01:21.192396 16456 tablet.cc:1472] T bc88948776204095ba3e800689fff6f3 P 475a466ec8b44f39bbf6b23f10ebe15b: Flush Phase 2: carrying over any updates which arrived during Phase 1
I0902 17:01:21.192411 16456 tablet.cc:1474] T bc88948776204095ba3e800689fff6f3 P 475a466ec8b44f39bbf6b23f10ebe15b: Phase 2 snapshot: MvccSnapshot[committed={T|T < 6161906406070870016}]
I0902 17:01:21.193636 16469 multi_column_writer.cc:103] Opened CFile writers for 4 column(s)
I0902 17:01:21.194269 16197 catalog_manager.cc:3728] T 00000000000000000000000000000000 P b004b3046b584f37925df45eda899ff0: test-table [id=b7f89f9ec9c0479b9fed277cd873ba0e] alter complete (version 14)
I0902 17:01:21.196846 16452 tablet.cc:1516] T 72aff43a768841bb91a3e3630747b057 P d28f0f3b8d0e429484dbeeb2d41b7d50: Flush successful on 9 rows (4920 bytes)
I0902 17:01:21.199079 16456 tablet.cc:1516] T bc88948776204095ba3e800689fff6f3 P 475a466ec8b44f39bbf6b23f10ebe15b: Flush successful on 7 rows (4791 bytes)
I0902 17:01:21.201514 16469 tablet.cc:1417] T 72aff43a768841bb91a3e3630747b057 P 475a466ec8b44f39bbf6b23f10ebe15b: Flush: entering phase 2 (starting to duplicate updates in new rowsets)
I0902 17:01:21.201611 16469 tablet.cc:1472] T 72aff43a768841bb91a3e3630747b057 P 475a466ec8b44f39bbf6b23f10ebe15b: Flush Phase 2: carrying over any updates which arrived during Phase 1
I0902 17:01:21.201628 16469 tablet.cc:1474] T 72aff43a768841bb91a3e3630747b057 P 475a466ec8b44f39bbf6b23f10ebe15b: Phase 2 snapshot: MvccSnapshot[committed={T|T < 6161906406070087680}]
I0902 17:01:21.203637 16470 tablet.cc:1332] T 7ab6f1a0b8d2430c933828f8da2892f6 P 475a466ec8b44f39bbf6b23f10ebe15b: Flush: entering phase 1 (flushing snapshot). Phase 1 snapshot: MvccSnapshot[committed={T|T < 6161906406070861824}]
I0902 17:01:21.204327 16470 multi_column_writer.cc:103] Opened CFile writers for 4 column(s)
I0902 17:01:21.211211 16469 tablet.cc:1516] T 72aff43a768841bb91a3e3630747b057 P 475a466ec8b44f39bbf6b23f10ebe15b: Flush successful on 9 rows (4898 bytes)
I0902 17:01:21.212265 16470 tablet.cc:1417] T 7ab6f1a0b8d2430c933828f8da2892f6 P 475a466ec8b44f39bbf6b23f10ebe15b: Flush: entering phase 2 (starting to duplicate updates in new rowsets)
I0902 17:01:21.212399 16470 tablet.cc:1472] T 7ab6f1a0b8d2430c933828f8da2892f6 P 475a466ec8b44f39bbf6b23f10ebe15b: Flush Phase 2: carrying over any updates which arrived during Phase 1
I0902 17:01:21.212414 16470 tablet.cc:1474] T 7ab6f1a0b8d2430c933828f8da2892f6 P 475a466ec8b44f39bbf6b23f10ebe15b: Phase 2 snapshot: MvccSnapshot[committed={T|T < 6161906406070861824}]
I0902 17:01:21.213976 16468 tablet.cc:1115] T 7ab6f1a0b8d2430c933828f8da2892f6 P d28f0f3b8d0e429484dbeeb2d41b7d50: Alter schema from Schema [ 10:c564[int32 NOT NULL], 18:c908[int32 NOT NULL], 21:c876[int32 NOT NULL] ] version 13 to Schema [ 10:c602[int32 NOT NULL], 18:c908[int32 NOT NULL], 21:c190[int32 NOT NULL], 22:c50[int32 NOT NULL] ] version 14
I0902 17:01:21.214180 16470 tablet.cc:1516] T 7ab6f1a0b8d2430c933828f8da2892f6 P 475a466ec8b44f39bbf6b23f10ebe15b: Flush successful on 3 rows (4794 bytes)
I0902 17:01:21.214275 16468 tablet.cc:1067] T 7ab6f1a0b8d2430c933828f8da2892f6 P d28f0f3b8d0e429484dbeeb2d41b7d50: Flush: entering stage 1 (old memrowset already frozen for inserts)
I0902 17:01:21.214285 16468 compaction.cc:902] Selected 1 rowsets to compact:
I0902 17:01:21.214292 16468 compaction.cc:905] memrowset(current size on disk: ~0 bytes)
I0902 17:01:21.214298 16468 tablet.cc:1069] T 7ab6f1a0b8d2430c933828f8da2892f6 P d28f0f3b8d0e429484dbeeb2d41b7d50: Memstore in-memory size: 763 bytes
I0902 17:01:21.214326 16468 tablet.cc:1332] T 7ab6f1a0b8d2430c933828f8da2892f6 P d28f0f3b8d0e429484dbeeb2d41b7d50: Flush: entering phase 1 (flushing snapshot). Phase 1 snapshot: MvccSnapshot[committed={T|T < 6161906406070861824}]
I0902 17:01:21.215078 16468 multi_column_writer.cc:103] Opened CFile writers for 4 column(s)
I0902 17:01:21.217842 16468 tablet.cc:1417] T 7ab6f1a0b8d2430c933828f8da2892f6 P d28f0f3b8d0e429484dbeeb2d41b7d50: Flush: entering phase 2 (starting to duplicate updates in new rowsets)
I0902 17:01:21.217993 16468 tablet.cc:1472] T 7ab6f1a0b8d2430c933828f8da2892f6 P d28f0f3b8d0e429484dbeeb2d41b7d50: Flush Phase 2: carrying over any updates which arrived during Phase 1
I0902 17:01:21.218008 16468 tablet.cc:1474] T 7ab6f1a0b8d2430c933828f8da2892f6 P d28f0f3b8d0e429484dbeeb2d41b7d50: Phase 2 snapshot: MvccSnapshot[committed={T|T < 6161906406070861824}]
I0902 17:01:21.218624 16452 tablet.cc:1115] T bc88948776204095ba3e800689fff6f3 P d28f0f3b8d0e429484dbeeb2d41b7d50: Alter schema from Schema [ 10:c564[int32 NOT NULL], 18:c908[int32 NOT NULL], 21:c876[int32 NOT NULL] ] version 13 to Schema [ 10:c602[int32 NOT NULL], 18:c908[int32 NOT NULL], 21:c190[int32 NOT NULL], 22:c50[int32 NOT NULL] ] version 14
I0902 17:01:21.218859 16452 tablet.cc:1067] T bc88948776204095ba3e800689fff6f3 P d28f0f3b8d0e429484dbeeb2d41b7d50: Flush: entering stage 1 (old memrowset already frozen for inserts)
I0902 17:01:21.218870 16452 compaction.cc:902] Selected 1 rowsets to compact:
I0902 17:01:21.218874 16452 compaction.cc:905] memrowset(current size on disk: ~0 bytes)
I0902 17:01:21.218881 16452 tablet.cc:1069] T bc88948776204095ba3e800689fff6f3 P d28f0f3b8d0e429484dbeeb2d41b7d50: Memstore in-memory size: 763 bytes
I0902 17:01:21.218894 16452 tablet.cc:1332] T bc88948776204095ba3e800689fff6f3 P d28f0f3b8d0e429484dbeeb2d41b7d50: Flush: entering phase 1 (flushing snapshot). Phase 1 snapshot: MvccSnapshot[committed={T|T < 6161906406070870016}]
I0902 17:01:21.219502 16452 multi_column_writer.cc:103] Opened CFile writers for 4 column(s)
I0902 17:01:21.222278 16452 tablet.cc:1417] T bc88948776204095ba3e800689fff6f3 P d28f0f3b8d0e429484dbeeb2d41b7d50: Flush: entering phase 2 (starting to duplicate updates in new rowsets)
I0902 17:01:21.222396 16452 tablet.cc:1472] T bc88948776204095ba3e800689fff6f3 P d28f0f3b8d0e429484dbeeb2d41b7d50: Flush Phase 2: carrying over any updates which arrived during Phase 1
I0902 17:01:21.222419 16452 tablet.cc:1474] T bc88948776204095ba3e800689fff6f3 P d28f0f3b8d0e429484dbeeb2d41b7d50: Phase 2 snapshot: MvccSnapshot[committed={T|T < 6161906406070870016}]
I0902 17:01:21.225481 16468 tablet.cc:1516] T 7ab6f1a0b8d2430c933828f8da2892f6 P d28f0f3b8d0e429484dbeeb2d41b7d50: Flush successful on 3 rows (4791 bytes)
I0902 17:01:21.237313 16452 tablet.cc:1516] T bc88948776204095ba3e800689fff6f3 P d28f0f3b8d0e429484dbeeb2d41b7d50: Flush successful on 7 rows (4791 bytes)
I0902 17:01:21.286765 15056 alter_table-randomized-test.cc:114] Restarting TS 2
I0902 17:01:21.286816 15056 external_mini_cluster.cc:959] Killing /tmp/run_tha_testdnoRja/build/debug/bin/kudu-tserver with pid 15377
W0902 17:01:21.292433 16180 connection.cc:511] server connection from 127.58.208.3:51213 recv error: Network error: failed to read from TLS socket: Connection reset by peer (error 104)
W0902 17:01:21.292449 15503 connection.cc:511] client connection to 127.58.208.3:42179 recv error: Network error: failed to read from TLS socket: Connection reset by peer (error 104)
W0902 17:01:21.292492 16007 connection.cc:511] server connection from 127.58.208.3:50898 recv error: Network error: failed to read from TLS socket: Connection reset by peer (error 104)
W0902 17:01:21.292655 16007 connection.cc:188] Error closing socket: Network error: TlsSocket::Close: Broken pipe
W0902 17:01:21.292433 16182 connection.cc:511] client connection to 127.58.208.3:42179 recv error: Network error: failed to read from TLS socket: Connection reset by peer (error 104)
W0902 17:01:21.292915 16310 connection.cc:511] server connection from 127.58.208.3:46577 recv error: Network error: failed to read from TLS socket: Connection reset by peer (error 104)
W0902 17:01:21.293364 16008 connection.cc:511] client connection to 127.58.208.3:42179 recv error: Network error: failed to read from TLS socket: Connection reset by peer (error 104)
I0902 17:01:21.293778 15056 external_mini_cluster.cc:767] Running /tmp/run_tha_testdnoRja/build/debug/bin/kudu-tserver /tmp/run_tha_testdnoRja/build/debug/bin/kudu-tserver --fs_wal_dir=/tmp/run_tha_testdnoRja/test-tmp/alter_table-randomized-test.AlterTableRandomized.TestRandomSequence.1504371669910680-15056/minicluster-data/ts-2/wal --fs_data_dirs=/tmp/run_tha_testdnoRja/test-tmp/alter_table-randomized-test.AlterTableRandomized.TestRandomSequence.1504371669910680-15056/minicluster-data/ts-2/data --rpc_bind_addresses=127.58.208.3:42179 --local_ip_for_outbound_sockets=127.58.208.3 --webserver_port=57433 --webserver_interface=127.58.208.3 --tserver_master_addrs=127.58.208.254:35373 --never_fsync --ipki_server_key_size=1024 --enable_minidumps=false --redact=flag --metrics_log_interval_ms=1000 --logtostderr --logbuflevel=-1 --log_dir=/tmp/run_tha_testdnoRja/test-tmp/alter_table-randomized-test.AlterTableRandomized.TestRandomSequence.1504371669910680-15056/minicluster-data/ts-2/logs --server_dump_info_path=/tmp/run_tha_testdnoRja/test-tmp/alter_table-randomized-test.AlterTableRandomized.TestRandomSequence.1504371669910680-15056/minicluster-data/ts-2/data/info.pb --server_dump_info_format=pb --rpc_server_allow_ephemeral_ports --unlock_experimental_flags --unlock_unsafe_flags --log_container_preallocate_bytes=0 with env {}
I0902 17:01:21.349081 16304 maintenance_manager.cc:486] Time spent running UndoDeltaBlockGCOp(72aff43a768841bb91a3e3630747b057): real 0.000s user 0.000s sys 0.000s
I0902 17:01:21.349206 16304 maintenance_manager.cc:492] P 475a466ec8b44f39bbf6b23f10ebe15b: UndoDeltaBlockGCOp(72aff43a768841bb91a3e3630747b057) metrics: {"cfile_init":1,"lbm_read_time_us":89,"lbm_reads_lt_1ms":4}
I0902 17:01:21.349798 16304 maintenance_manager.cc:486] Time spent running UndoDeltaBlockGCOp(bc88948776204095ba3e800689fff6f3): real 0.000s user 0.000s sys 0.000s
I0902 17:01:21.349890 16304 maintenance_manager.cc:492] P 475a466ec8b44f39bbf6b23f10ebe15b: UndoDeltaBlockGCOp(bc88948776204095ba3e800689fff6f3) metrics: {"cfile_init":1,"lbm_read_time_us":53,"lbm_reads_lt_1ms":4}
I0902 17:01:21.350364 16304 maintenance_manager.cc:486] Time spent running UndoDeltaBlockGCOp(7ab6f1a0b8d2430c933828f8da2892f6): real 0.000s user 0.000s sys 0.000s
I0902 17:01:21.350419 16304 maintenance_manager.cc:492] P 475a466ec8b44f39bbf6b23f10ebe15b: UndoDeltaBlockGCOp(7ab6f1a0b8d2430c933828f8da2892f6) metrics: {"cfile_init":1,"lbm_read_time_us":40,"lbm_reads_lt_1ms":4} WARNING: Logging before InitGoogleLogging() is written to STDERR
W0902 17:01:21.361793 16474 flags.cc:395] Enabled unsafe flag: --rpc_server_allow_ephemeral_ports=true
W0902 17:01:21.361979 16474 flags.cc:395] Enabled unsafe flag: --never_fsync=true
W0902 17:01:21.362888 16474 flags.cc:395] Enabled experimental flag: --ipki_server_key_size=1024
W0902 17:01:21.362956 16474 flags.cc:395] Enabled experimental flag: --local_ip_for_outbound_sockets=127.58.208.3
I0902 17:01:21.364632 16474 tablet_server_main.cc:72] Tablet server non-default flags: --fs_data_dirs=/tmp/run_tha_testdnoRja/test-tmp/alter_table-randomized-test.AlterTableRandomized.TestRandomSequence.1504371669910680-15056/minicluster-data/ts-2/data --fs_wal_dir=/tmp/run_tha_testdnoRja/test-tmp/alter_table-randomized-test.AlterTableRandomized.TestRandomSequence.1504371669910680-15056/minicluster-data/ts-2/wal --log_container_preallocate_bytes=0 --ipki_server_key_size=1024 --rpc_bind_addresses=127.58.208.3:42179 --rpc_server_allow_ephemeral_ports=true --metrics_log_interval_ms=1000 --server_dump_info_format=pb --server_dump_info_path=/tmp/run_tha_testdnoRja/test-tmp/alter_table-randomized-test.AlterTableRandomized.TestRandomSequence.1504371669910680-15056/minicluster-data/ts-2/data/info.pb --webserver_interface=127.58.208.3 --webserver_port=57433 --tserver_master_addrs=127.58.208.254:35373 --never_fsync=true --heap_profile_path=/tmp/kudu-tserver.16474 --redact=flag --unlock_experimental_flags=true --unlock_unsafe_flags=true --enable_minidumps=false --local_ip_for_outbound_sockets=127.58.208.3 --log_dir=/tmp/run_tha_testdnoRja/test-tmp/alter_table-randomized-test.AlterTableRandomized.TestRandomSequence.1504371669910680-15056/minicluster-data/ts-2/logs --logbuflevel=-1 --logtostderr=true Tablet server version: kudu 1.6.0-SNAPSHOT revision 6e33286f595b7754377398ab85b18a953fabe7f9 build type DEBUG built by adar at 02 Sep 2017 09:50:52 PST on ve0518.halxg.cloudera.com
I0902 17:01:21.366575 16003 maintenance_manager.cc:486] Time spent running UndoDeltaBlockGCOp(72aff43a768841bb91a3e3630747b057): real 0.000s user 0.000s sys 0.000s
I0902 17:01:21.366675 16003 maintenance_manager.cc:492] P d28f0f3b8d0e429484dbeeb2d41b7d50: UndoDeltaBlockGCOp(72aff43a768841bb91a3e3630747b057) metrics: {"cfile_init":1,"lbm_read_time_us":85,"lbm_reads_lt_1ms":4}
I0902 17:01:21.367262 16003 maintenance_manager.cc:486] Time spent running UndoDeltaBlockGCOp(bc88948776204095ba3e800689fff6f3): real 0.000s user 0.000s sys 0.000s
I0902 17:01:21.367324 16003 maintenance_manager.cc:492] P d28f0f3b8d0e429484dbeeb2d41b7d50: UndoDeltaBlockGCOp(bc88948776204095ba3e800689fff6f3) metrics: {"cfile_init":1,"lbm_read_time_us":45,"lbm_reads_lt_1ms":4}
I0902 17:01:21.367795 16003 maintenance_manager.cc:486] Time spent running UndoDeltaBlockGCOp(7ab6f1a0b8d2430c933828f8da2892f6): real 0.000s user 0.000s sys 0.000s
I0902 17:01:21.367856 16003 maintenance_manager.cc:492] P d28f0f3b8d0e429484dbeeb2d41b7d50: UndoDeltaBlockGCOp(7ab6f1a0b8d2430c933828f8da2892f6) metrics: {"cfile_init":1,"lbm_read_time_us":39,"lbm_reads_lt_1ms":4}
I0902 17:01:21.394613 16474 tablet_server_main.cc:79] Initializing tablet server...
I0902 17:01:21.395875 16474 system_ntp.cc:104] NTP initialized. Resolution in nanos?: 1 Skew PPM: 500 Current error: 1159513
I0902 17:01:21.407932 16474 fs_manager.cc:323] Time spent opening directory manager: real 0.010s user 0.008s sys 0.000s
I0902 17:01:21.408135 16474 env_posix.cc:1590] Not raising process file limit of 65536; it is already as high as it can go
I0902 17:01:21.408360 16474 file_cache.cc:469] Constructed file cache lbm with capacity 26214
I0902 17:01:21.433089 16474 fs_manager.cc:335] Time spent opening block manager: real 0.022s user 0.000s sys 0.000s
I0902 17:01:21.433825 16474 fs_manager.cc:348] Opened local filesystem: /tmp/run_tha_testdnoRja/test-tmp/alter_table-randomized-test.AlterTableRandomized.TestRandomSequence.1504371669910680-15056/minicluster-data/ts-2/data,/tmp/run_tha_testdnoRja/test-tmp/alter_table-randomized-test.AlterTableRandomized.TestRandomSequence.1504371669910680-15056/minicluster-data/ts-2/wal uuid: "81b89e30bd3e45e39b3bd3eca9d5f7c5" format_stamp: "Formatted at 2017-09-02 17:01:10 on dist-test-slave-dist-test-slave-hk29"
I0902 17:01:21.433928 16474 fs_report.cc:347] Block manager report -------------------- 1 data directories: /tmp/run_tha_testdnoRja/test-tmp/alter_table-randomized-test.AlterTableRandomized.TestRandomSequence.1504371669910680-15056/minicluster-data/ts-2/data/data Total live blocks: 79 Total live bytes: 66421 Total live bytes (after alignment): 376832 Total number of LBM containers: 12 (0 full) Did not check for missing blocks Did not check for orphaned blocks Total full LBM containers with extra space: 0 (0 repaired) Total full LBM container extra space in bytes: 0 (0 repaired) Total incomplete LBM containers: 0 (0 repaired) Total LBM partial records: 0 (0 repaired)
I0902 17:01:21.479120 16474 ts_tablet_manager.cc:199] Loading tablet metadata (0/3 complete)
I0902 17:01:21.479156 16474 ts_tablet_manager.cc:770] T 72aff43a768841bb91a3e3630747b057 P 81b89e30bd3e45e39b3bd3eca9d5f7c5: Loading tablet metadata
I0902 17:01:21.482846 16474 ts_tablet_manager.cc:770] T 7ab6f1a0b8d2430c933828f8da2892f6 P 81b89e30bd3e45e39b3bd3eca9d5f7c5: Loading tablet metadata
I0902 17:01:21.483628 16474 ts_tablet_manager.cc:770] T bc88948776204095ba3e800689fff6f3 P 81b89e30bd3e45e39b3bd3eca9d5f7c5: Loading tablet metadata
I0902 17:01:21.484278 16474 ts_tablet_manager.cc:211] Loaded tablet metadata (3 live tablets)
I0902 17:01:21.485743 16474 ts_tablet_manager.cc:943] T 72aff43a768841bb91a3e3630747b057 P 81b89e30bd3e45e39b3bd3eca9d5f7c5: Registered tablet (data state: TABLET_DATA_READY)
I0902 17:01:21.486112 16489 ts_tablet_manager.cc:793] T 72aff43a768841bb91a3e3630747b057 P 81b89e30bd3e45e39b3bd3eca9d5f7c5: Bootstrapping tablet
I0902 17:01:21.486335 16489 tablet_bootstrap.cc:433] T 72aff43a768841bb91a3e3630747b057 P 81b89e30bd3e45e39b3bd3eca9d5f7c5: Bootstrap starting.
I0902 17:01:21.486541 16474 ts_tablet_manager.cc:943] T 7ab6f1a0b8d2430c933828f8da2892f6 P 81b89e30bd3e45e39b3bd3eca9d5f7c5: Registered tablet (data state: TABLET_DATA_READY)
I0902 17:01:21.486960 16474 ts_tablet_manager.cc:943] T bc88948776204095ba3e800689fff6f3 P 81b89e30bd3e45e39b3bd3eca9d5f7c5: Registered tablet (data state: TABLET_DATA_READY)
I0902 17:01:21.498380 16474 tablet_server_main.cc:84] Starting tablet server...
I0902 17:01:21.501142 16489 log.cc:518] T 72aff43a768841bb91a3e3630747b057 P 81b89e30bd3e45e39b3bd3eca9d5f7c5: Log is configured to *not* fsync() on all Append() calls
I0902 17:01:21.503706 16489 tablet.cc:1115] T 72aff43a768841bb91a3e3630747b057 P 81b89e30bd3e45e39b3bd3eca9d5f7c5: Alter schema from Schema [ 10:c564[int32 NOT NULL], 17:c875[int32 NULLABLE], 18:c335[int32 NOT NULL] ] version 0 to Schema [ 10:c564[int32 NOT NULL], 17:c875[int32 NULLABLE], 18:c335[int32 NOT NULL] ] version 12
I0902 17:01:21.503799 16489 tablet_metadata.cc:508] Not flushing: waiting for 1 pins to be released.
I0902 17:01:21.504181 16489 tablet.cc:1110] T 72aff43a768841bb91a3e3630747b057 P 81b89e30bd3e45e39b3bd3eca9d5f7c5: Already running schema version 12 got alter request for version 12
I0902 17:01:21.504407 16489 tablet.cc:1110] T 72aff43a768841bb91a3e3630747b057 P 81b89e30bd3e45e39b3bd3eca9d5f7c5: Already running schema version 12 got alter request for version 12
I0902 17:01:21.506592 16489 tablet.cc:1115] T 72aff43a768841bb91a3e3630747b057 P 81b89e30bd3e45e39b3bd3eca9d5f7c5: Alter schema from Schema [ 10:c564[int32 NOT NULL], 17:c875[int32 NULLABLE], 18:c335[int32 NOT NULL] ] version 12 to Schema [ 10:c564[int32 NOT NULL], 18:c908[int32 NOT NULL], 21:c876[int32 NOT NULL] ] version 13
I0902 17:01:21.506975 16489 tablet.cc:1058] T 72aff43a768841bb91a3e3630747b057 P 81b89e30bd3e45e39b3bd3eca9d5f7c5: MemRowSet was empty: no flush needed.
I0902 17:01:21.507107 16489 tablet_metadata.cc:508] Not flushing: waiting for 1 pins to be released.
I0902 17:01:21.511198 16489 tablet.cc:1115] T 72aff43a768841bb91a3e3630747b057 P 81b89e30bd3e45e39b3bd3eca9d5f7c5: Alter schema from Schema [ 10:c564[int32 NOT NULL], 18:c908[int32 NOT NULL], 21:c876[int32 NOT NULL] ] version 13 to Schema [ 10:c602[int32 NOT NULL], 18:c908[int32 NOT NULL], 21:c190[int32 NOT NULL], 22:c50[int32 NOT NULL] ] version 14
I0902 17:01:21.511425 16489 tablet.cc:1058] T 72aff43a768841bb91a3e3630747b057 P 81b89e30bd3e45e39b3bd3eca9d5f7c5: MemRowSet was empty: no flush needed.
I0902 17:01:21.511457 16489 tablet_metadata.cc:508] Not flushing: waiting for 1 pins to be released.
I0902 17:01:21.516796 16489 tablet_bootstrap.cc:433] T 72aff43a768841bb91a3e3630747b057 P 81b89e30bd3e45e39b3bd3eca9d5f7c5: Bootstrap replayed 1/1 log segments. Stats: ops{read=24 overwritten=0 applied=24 ignored=13} inserts{seen=2 ignored=0} mutations{seen=2 ignored=0} orphaned_commits=0. Pending: 0 replicates
I0902 17:01:21.517117 16489 tablet_bootstrap.cc:433] T 72aff43a768841bb91a3e3630747b057 P 81b89e30bd3e45e39b3bd3eca9d5f7c5: Bootstrap complete.
I0902 17:01:21.521204 16489 ts_tablet_manager.cc:818] T 72aff43a768841bb91a3e3630747b057 P 81b89e30bd3e45e39b3bd3eca9d5f7c5: Time spent bootstrapping tablet: real 0.035s user 0.032s sys 0.000s
I0902 17:01:21.522585 16489 raft_consensus.cc:287] T 72aff43a768841bb91a3e3630747b057 P 81b89e30bd3e45e39b3bd3eca9d5f7c5 [term 2 FOLLOWER]: Replica starting. Triggering 0 pending transactions. Active config: opid_index: -1 OBSOLETE_local: false peers { permanent_uuid: "475a466ec8b44f39bbf6b23f10ebe15b" member_type: VOTER last_known_addr { host: "127.58.208.2" port: 43231 } } peers { permanent_uuid: "81b89e30bd3e45e39b3bd3eca9d5f7c5" member_type: VOTER last_known_addr { host: "127.58.208.3" port: 42179 } } peers { permanent_uuid: "d28f0f3b8d0e429484dbeeb2d41b7d50" member_type: VOTER last_known_addr { host: "127.58.208.1" port: 59914 } }
I0902 17:01:21.523017 16489 raft_consensus.cc:576] T 72aff43a768841bb91a3e3630747b057 P 81b89e30bd3e45e39b3bd3eca9d5f7c5 [term 2 FOLLOWER]: Becoming Follower/Learner. State: Replica: 81b89e30bd3e45e39b3bd3eca9d5f7c5, State: Initialized, Role: FOLLOWER
I0902 17:01:21.523108 16489 consensus_queue.cc:190] T 72aff43a768841bb91a3e3630747b057 P 81b89e30bd3e45e39b3bd3eca9d5f7c5 [NON_LEADER]: Queue going to NON_LEADER mode. State: All replicated index: 0, Majority replicated index: 0, Committed index: 24, Last appended: 2.24, Last appended by leader: 24, Current term: 0, Majority size: -1, State: 0, Mode: NON_LEADER
I0902 17:01:21.523756 16489 ts_tablet_manager.cc:846] T 72aff43a768841bb91a3e3630747b057 P 81b89e30bd3e45e39b3bd3eca9d5f7c5: Time spent starting tablet: real 0.003s user 0.004s sys 0.000s
I0902 17:01:21.523870 16489 ts_tablet_manager.cc:793] T 7ab6f1a0b8d2430c933828f8da2892f6 P 81b89e30bd3e45e39b3bd3eca9d5f7c5: Bootstrapping tablet
I0902 17:01:21.523931 16489 tablet_bootstrap.cc:433] T 7ab6f1a0b8d2430c933828f8da2892f6 P 81b89e30bd3e45e39b3bd3eca9d5f7c5: Bootstrap starting.
I0902 17:01:21.536020 16474 rpc_server.cc:192] RPC server started. Bound to: 127.58.208.3:42179
I0902 17:01:21.536484 16474 webserver.cc:149] Starting webserver on 127.58.208.3:57433
I0902 17:01:21.536527 16474 webserver.cc:160] Document root disabled
I0902 17:01:21.537297 16474 webserver.cc:282] Webserver started. Bound to: http://127.58.208.3:57433/
I0902 17:01:21.537873 16474 server_base.cc:372] Dumped server information to /tmp/run_tha_testdnoRja/test-tmp/alter_table-randomized-test.AlterTableRandomized.TestRandomSequence.1504371669910680-15056/minicluster-data/ts-2/data/info.pb
I0902 17:01:21.539819 16474 tablet_server_main.cc:87] Tablet server successfully started.
I0902 17:01:21.540706 16598 process_memory.cc:181] Process hard memory limit is 11.777661 GB
I0902 17:01:21.540727 16598 process_memory.cc:183] Process soft memory limit is 9.422129 GB
I0902 17:01:21.540731 16598 process_memory.cc:186] Process memory pressure threshold is 7.066597 GB
I0902 17:01:21.541538 16479 maintenance_manager.cc:486] Time spent running UndoDeltaBlockGCOp(72aff43a768841bb91a3e3630747b057): real 0.001s user 0.000s sys 0.000s
I0902 17:01:21.541846 16479 maintenance_manager.cc:492] P 81b89e30bd3e45e39b3bd3eca9d5f7c5: UndoDeltaBlockGCOp(72aff43a768841bb91a3e3630747b057) metrics: {"cfile_init":2,"lbm_read_time_us":72,"lbm_reads_lt_1ms":8}
I0902 17:01:21.542788 16489 tablet.cc:1115] T 7ab6f1a0b8d2430c933828f8da2892f6 P 81b89e30bd3e45e39b3bd3eca9d5f7c5: Alter schema from Schema [ 10:key[int32 NOT NULL], 17:c124[int32 NULLABLE] ] version 0 to Schema [ 10:key[int32 NOT NULL], 17:c124[int32 NULLABLE] ] version 7
I0902 17:01:21.542857 16489 tablet_metadata.cc:508] Not flushing: waiting for 1 pins to be released.
I0902 17:01:21.544616 15056 external_mini_cluster.cc:829] Started /tmp/run_tha_testdnoRja/build/debug/bin/kudu-tserver as pid 16474
I0902 17:01:21.545140 16489 tablet.cc:1115] T 7ab6f1a0b8d2430c933828f8da2892f6 P 81b89e30bd3e45e39b3bd3eca9d5f7c5: Alter schema from Schema [ 10:key[int32 NOT NULL], 17:c124[int32 NULLABLE] ] version 7 to Schema [ 10:c436[int32 NOT NULL], 17:c124[int32 NULLABLE] ] version 8
I0902 17:01:21.545382 16489 tablet.cc:1058] T 7ab6f1a0b8d2430c933828f8da2892f6 P 81b89e30bd3e45e39b3bd3eca9d5f7c5: MemRowSet was empty: no flush needed.
I0902 17:01:21.545416 16489 tablet_metadata.cc:508] Not flushing: waiting for 1 pins to be released.
I0902 17:01:21.545776 16597 heartbeater.cc:317] Connected to a master server at 127.58.208.254:35373
I0902 17:01:21.545886 16597 heartbeater.cc:387] Registering TS with master...
I0902 17:01:21.546176 16597 heartbeater.cc:414] Master 127.58.208.254:35373 requested a full tablet report, sending...
I0902 17:01:21.547253 16197 ts_manager.cc:87] Re-registered known tserver with Master: 81b89e30bd3e45e39b3bd3eca9d5f7c5 (127.58.208.3:42179)
I0902 17:01:21.547605 16197 catalog_manager.cc:2462] TS 81b89e30bd3e45e39b3bd3eca9d5f7c5 (127.58.208.3:42179) does not have the latest schema for tablet 7ab6f1a0b8d2430c933828f8da2892f6 (table test-table [id=b7f89f9ec9c0479b9fed277cd873ba0e]). Expected version 14 got 8
I0902 17:01:21.548931 16197 master_service.cc:203] Signed X509 certificate for tserver {username='slave'} at 127.58.208.3:39023
I0902 17:01:21.552214 16489 tablet.cc:1115] T 7ab6f1a0b8d2430c933828f8da2892f6 P 81b89e30bd3e45e39b3bd3eca9d5f7c5: Alter schema from Schema [ 10:c436[int32 NOT NULL], 17:c124[int32 NULLABLE] ] version 8 to Schema [ 10:c564[int32 NOT NULL], 17:c875[int32 NULLABLE] ] version 9
I0902 17:01:21.552407 16489 tablet.cc:1058] T 7ab6f1a0b8d2430c933828f8da2892f6 P 81b89e30bd3e45e39b3bd3eca9d5f7c5: MemRowSet was empty: no flush needed.
I0902 17:01:21.552434 16489 tablet_metadata.cc:508] Not flushing: waiting for 1 pins to be released.
I0902 17:01:21.554396 16489 tablet.cc:1115] T 7ab6f1a0b8d2430c933828f8da2892f6 P 81b89e30bd3e45e39b3bd3eca9d5f7c5: Alter schema from Schema [ 10:c564[int32 NOT NULL], 17:c875[int32 NULLABLE] ] version 9 to Schema [ 10:c564[int32 NOT NULL], 17:c875[int32 NULLABLE], 18:c335[int32 NOT NULL] ] version 10
I0902 17:01:21.554569 16489 tablet.cc:1058] T 7ab6f1a0b8d2430c933828f8da2892f6 P 81b89e30bd3e45e39b3bd3eca9d5f7c5: MemRowSet was empty: no flush needed.
I0902 17:01:21.554594 16489 tablet_metadata.cc:508] Not flushing: waiting for 1 pins to be released.
I0902 17:01:21.578827 16489 tablet.cc:1115] T 7ab6f1a0b8d2430c933828f8da2892f6 P 81b89e30bd3e45e39b3bd3eca9d5f7c5: Alter schema from Schema [ 10:c564[int32 NOT NULL], 17:c875[int32 NULLABLE], 18:c335[int32 NOT NULL] ] version 10 to Schema [ 10:c564[int32 NOT NULL], 17:c875[int32 NULLABLE], 18:c335[int32 NOT NULL], 19:c187[int32 NULLABLE], 20:c950[int32 NULLABLE] ] version 11
I0902 17:01:21.579066 16489 tablet.cc:1058] T 7ab6f1a0b8d2430c933828f8da2892f6 P 81b89e30bd3e45e39b3bd3eca9d5f7c5: MemRowSet was empty: no flush needed.
I0902 17:01:21.579105 16489 tablet_metadata.cc:508] Not flushing: waiting for 1 pins to be released.
W0902 17:01:21.582603 16182 catalog_manager.cc:3307] TS 81b89e30bd3e45e39b3bd3eca9d5f7c5 (127.58.208.3:42179): alter failed for tablet 7ab6f1a0b8d2430c933828f8da2892f6 (table test-table [id=b7f89f9ec9c0479b9fed277cd873ba0e]): Illegal state: Tablet not RUNNING: BOOTSTRAPPING
I0902 17:01:21.582635 16182 catalog_manager.cc:2943] Scheduling retry of 7ab6f1a0b8d2430c933828f8da2892f6 (table test-table [id=b7f89f9ec9c0479b9fed277cd873ba0e]) Alter Table RPC with a delay of 35 ms (attempt = 1)
I0902 17:01:21.599880 16489 tablet.cc:1115] T 7ab6f1a0b8d2430c933828f8da2892f6 P 81b89e30bd3e45e39b3bd3eca9d5f7c5: Alter schema from Schema [ 10:c564[int32 NOT NULL], 17:c875[int32 NULLABLE], 18:c335[int32 NOT NULL], 19:c187[int32 NULLABLE], 20:c950[int32 NULLABLE] ] version 11 to Schema [ 10:c564[int32 NOT NULL], 17:c875[int32 NULLABLE], 18:c335[int32 NOT NULL] ] version 12
I0902 17:01:21.600061 16489 tablet.cc:1058] T 7ab6f1a0b8d2430c933828f8da2892f6 P 81b89e30bd3e45e39b3bd3eca9d5f7c5: MemRowSet was empty: no flush needed.
I0902 17:01:21.600090 16489 tablet_metadata.cc:508] Not flushing: waiting for 1 pins to be released.
I0902 17:01:21.604059 16489 tablet.cc:1115] T 7ab6f1a0b8d2430c933828f8da2892f6 P 81b89e30bd3e45e39b3bd3eca9d5f7c5: Alter schema from Schema [ 10:c564[int32 NOT NULL], 17:c875[int32 NULLABLE], 18:c335[int32 NOT NULL] ] version 12 to Schema [ 10:c564[int32 NOT NULL], 18:c908[int32 NOT NULL], 21:c876[int32 NOT NULL] ] version 13
I0902 17:01:21.604231 16489 tablet.cc:1058] T 7ab6f1a0b8d2430c933828f8da2892f6 P 81b89e30bd3e45e39b3bd3eca9d5f7c5: MemRowSet was empty: no flush needed.
I0902 17:01:21.604264 16489 tablet_metadata.cc:508] Not flushing: waiting for 1 pins to be released.
I0902 17:01:21.610379 16489 tablet.cc:1115] T 7ab6f1a0b8d2430c933828f8da2892f6 P 81b89e30bd3e45e39b3bd3eca9d5f7c5: Alter schema from Schema [ 10:c564[int32 NOT NULL], 18:c908[int32 NOT NULL], 21:c876[int32 NOT NULL] ] version 13 to Schema [ 10:c602[int32 NOT NULL], 18:c908[int32 NOT NULL], 21:c190[int32 NOT NULL], 22:c50[int32 NOT NULL] ] version 14
I0902 17:01:21.610555 16489 tablet.cc:1058] T 7ab6f1a0b8d2430c933828f8da2892f6 P 81b89e30bd3e45e39b3bd3eca9d5f7c5: MemRowSet was empty: no flush needed.
I0902 17:01:21.610581 16489 tablet_metadata.cc:508] Not flushing: waiting for 1 pins to be released.
I0902 17:01:21.614315 16489 tablet_bootstrap.cc:433] T 7ab6f1a0b8d2430c933828f8da2892f6 P 81b89e30bd3e45e39b3bd3eca9d5f7c5: Bootstrap replayed 1/1 log segments. Stats: ops{read=136 overwritten=0 applied=136 ignored=70} inserts{seen=2 ignored=0} mutations{seen=54 ignored=0} orphaned_commits=0. Pending: 0 replicates
I0902 17:01:21.614559 16489 tablet_bootstrap.cc:433] T 7ab6f1a0b8d2430c933828f8da2892f6 P 81b89e30bd3e45e39b3bd3eca9d5f7c5: Bootstrap complete.
I0902 17:01:21.616487 16489 ts_tablet_manager.cc:818] T 7ab6f1a0b8d2430c933828f8da2892f6 P 81b89e30bd3e45e39b3bd3eca9d5f7c5: Time spent bootstrapping tablet: real 0.093s user 0.060s sys 0.008s
I0902 17:01:21.616912 16489 raft_consensus.cc:287] T 7ab6f1a0b8d2430c933828f8da2892f6 P 81b89e30bd3e45e39b3bd3eca9d5f7c5 [term 2 FOLLOWER]: Replica starting. Triggering 0 pending transactions. Active config: opid_index: -1 OBSOLETE_local: false peers { permanent_uuid: "d28f0f3b8d0e429484dbeeb2d41b7d50" member_type: VOTER last_known_addr { host: "127.58.208.1" port: 59914 } } peers { permanent_uuid: "475a466ec8b44f39bbf6b23f10ebe15b" member_type: VOTER last_known_addr { host: "127.58.208.2" port: 43231 } } peers { permanent_uuid: "81b89e30bd3e45e39b3bd3eca9d5f7c5" member_type: VOTER last_known_addr { host: "127.58.208.3" port: 42179 } }
I0902 17:01:21.616963 16489 raft_consensus.cc:576] T 7ab6f1a0b8d2430c933828f8da2892f6 P 81b89e30bd3e45e39b3bd3eca9d5f7c5 [term 2 FOLLOWER]: Becoming Follower/Learner. State: Replica: 81b89e30bd3e45e39b3bd3eca9d5f7c5, State: Initialized, Role: FOLLOWER
