I0902 17:01:12.586366 15736 heartbeater.cc:387] Registering TS with master...
I0902 17:01:12.586645 15736 heartbeater.cc:414] Master 127.58.208.254:35373 requested a full tablet report, sending...
I0902 17:01:12.587756 15087 ts_manager.cc:87] Re-registered known tserver with Master: d28f0f3b8d0e429484dbeeb2d41b7d50 (127.58.208.1:59914)
I0902 17:01:12.588626 15087 master_service.cc:203] Signed X509 certificate for tserver {username='slave'} at 127.58.208.1:58377
I0902 17:01:12.589026 15626 tablet_bootstrap.cc:433] T 9f366aa97726498baf85962d42d8adc1 P d28f0f3b8d0e429484dbeeb2d41b7d50: Bootstrap replayed 1/1 log segments. Stats: ops{read=14 overwritten=0 applied=14 ignored=0} inserts{seen=6 ignored=0} mutations{seen=5 ignored=0} orphaned_commits=0. Pending: 0 replicates
I0902 17:01:12.589231 15626 tablet_bootstrap.cc:433] T 9f366aa97726498baf85962d42d8adc1 P d28f0f3b8d0e429484dbeeb2d41b7d50: Bootstrap complete.
I0902 17:01:12.591964 15626 ts_tablet_manager.cc:818] T 9f366aa97726498baf85962d42d8adc1 P d28f0f3b8d0e429484dbeeb2d41b7d50: Time spent bootstrapping tablet: real 0.018s user 0.008s sys 0.008s
I0902 17:01:12.592360 15626 raft_consensus.cc:287] T 9f366aa97726498baf85962d42d8adc1 P d28f0f3b8d0e429484dbeeb2d41b7d50 [term 1 FOLLOWER]: Replica starting. Triggering 0 pending transactions. Active config: opid_index: -1 OBSOLETE_local: false peers { permanent_uuid: "d28f0f3b8d0e429484dbeeb2d41b7d50" member_type: VOTER last_known_addr { host: "127.58.208.1" port: 59914 } } peers { permanent_uuid: "475a466ec8b44f39bbf6b23f10ebe15b" member_type: VOTER last_known_addr { host: "127.58.208.2" port: 43231 } } peers { permanent_uuid: "81b89e30bd3e45e39b3bd3eca9d5f7c5" member_type: VOTER last_known_addr { host: "127.58.208.3" port: 42179 } }
I0902 17:01:12.592455 15626 raft_consensus.cc:576] T 9f366aa97726498baf85962d42d8adc1 P d28f0f3b8d0e429484dbeeb2d41b7d50 [term 1 FOLLOWER]: Becoming Follower/Learner. State: Replica: d28f0f3b8d0e429484dbeeb2d41b7d50, State: Initialized, Role: FOLLOWER
I0902 17:01:12.592490 15626 consensus_queue.cc:190] T 9f366aa97726498baf85962d42d8adc1 P d28f0f3b8d0e429484dbeeb2d41b7d50 [NON_LEADER]: Queue going to NON_LEADER mode. State: All replicated index: 0, Majority replicated index: 0, Committed index: 14, Last appended: 1.14, Last appended by leader: 14, Current term: 0, Majority size: -1, State: 0, Mode: NON_LEADER
I0902 17:01:12.592629 15626 ts_tablet_manager.cc:846] T 9f366aa97726498baf85962d42d8adc1 P d28f0f3b8d0e429484dbeeb2d41b7d50: Time spent starting tablet: real 0.001s user 0.000s sys 0.004s
I0902 17:01:12.592627 15736 heartbeater.cc:406] Master 127.58.208.254:35373 was elected leader, sending a full tablet report...
I0902 17:01:12.603780 15056 alter_table-randomized-test.cc:119] TS 0 Restarted
I0902 17:01:13.941304 15542 raft_consensus.cc:412] T 9f366aa97726498baf85962d42d8adc1 P 81b89e30bd3e45e39b3bd3eca9d5f7c5 [term 1 FOLLOWER]: Starting pre-election (detected failure of leader d28f0f3b8d0e429484dbeeb2d41b7d50)
I0902 17:01:13.941359 15542 raft_consensus.cc:2456] T 9f366aa97726498baf85962d42d8adc1 P 81b89e30bd3e45e39b3bd3eca9d5f7c5: Snoozing failure detection for 2.247s (starting election)
I0902 17:01:13.941449 15542 raft_consensus.cc:434] T 9f366aa97726498baf85962d42d8adc1 P 81b89e30bd3e45e39b3bd3eca9d5f7c5 [term 1 FOLLOWER]: Starting pre-election with config: opid_index: -1 OBSOLETE_local: false peers { permanent_uuid: "d28f0f3b8d0e429484dbeeb2d41b7d50" member_type: VOTER last_known_addr { host: "127.58.208.1" port: 59914 } } peers { permanent_uuid: "475a466ec8b44f39bbf6b23f10ebe15b" member_type: VOTER last_known_addr { host: "127.58.208.2" port: 43231 } } peers { permanent_uuid: "81b89e30bd3e45e39b3bd3eca9d5f7c5" member_type: VOTER last_known_addr { host: "127.58.208.3" port: 42179 } }
I0902 17:01:13.941735 15542 leader_election.cc:221] T 9f366aa97726498baf85962d42d8adc1 P 81b89e30bd3e45e39b3bd3eca9d5f7c5 [CANDIDATE]: Term 2 pre-election: Requesting pre-vote from peer d28f0f3b8d0e429484dbeeb2d41b7d50
I0902 17:01:13.941841 15542 leader_election.cc:221] T 9f366aa97726498baf85962d42d8adc1 P 81b89e30bd3e45e39b3bd3eca9d5f7c5 [CANDIDATE]: Term 2 pre-election: Requesting pre-vote from peer 475a466ec8b44f39bbf6b23f10ebe15b
I0902 17:01:13.942180 15602 raft_consensus.cc:412] T 9f366aa97726498baf85962d42d8adc1 P 475a466ec8b44f39bbf6b23f10ebe15b [term 1 FOLLOWER]: Starting pre-election (detected failure of leader d28f0f3b8d0e429484dbeeb2d41b7d50)
I0902 17:01:13.942217 15602 raft_consensus.cc:2456] T 9f366aa97726498baf85962d42d8adc1 P 475a466ec8b44f39bbf6b23f10ebe15b: Snoozing failure detection for 1.501s (starting election)
I0902 17:01:13.942283 15330 tablet_service.cc:1002] Received RequestConsensusVote() RPC: tablet_id: "9f366aa97726498baf85962d42d8adc1" candidate_uuid: "81b89e30bd3e45e39b3bd3eca9d5f7c5" candidate_term: 2 candidate_status { last_received { term: 1 index: 14 } } ignore_live_leader: false dest_uuid: "475a466ec8b44f39bbf6b23f10ebe15b" is_pre_election: true
I0902 17:01:13.942291 15602 raft_consensus.cc:434] T 9f366aa97726498baf85962d42d8adc1 P 475a466ec8b44f39bbf6b23f10ebe15b [term 1 FOLLOWER]: Starting pre-election with config: opid_index: -1 OBSOLETE_local: false peers { permanent_uuid: "d28f0f3b8d0e429484dbeeb2d41b7d50" member_type: VOTER last_known_addr { host: "127.58.208.1" port: 59914 } } peers { permanent_uuid: "475a466ec8b44f39bbf6b23f10ebe15b" member_type: VOTER last_known_addr { host: "127.58.208.2" port: 43231 } } peers { permanent_uuid: "81b89e30bd3e45e39b3bd3eca9d5f7c5" member_type: VOTER last_known_addr { host: "127.58.208.3" port: 42179 } }
I0902 17:01:13.942325 15693 tablet_service.cc:1002] Received RequestConsensusVote() RPC: tablet_id: "9f366aa97726498baf85962d42d8adc1" candidate_uuid: "81b89e30bd3e45e39b3bd3eca9d5f7c5" candidate_term: 2 candidate_status { last_received { term: 1 index: 14 } } ignore_live_leader: false dest_uuid: "d28f0f3b8d0e429484dbeeb2d41b7d50" is_pre_election: true
I0902 17:01:13.942467 15693 raft_consensus.cc:2456] T 9f366aa97726498baf85962d42d8adc1 P d28f0f3b8d0e429484dbeeb2d41b7d50: Snoozing failure detection for 2.200s (vote granted)
I0902 17:01:13.942499 15693 raft_consensus.cc:2010] T 9f366aa97726498baf85962d42d8adc1 P d28f0f3b8d0e429484dbeeb2d41b7d50 [term 1 FOLLOWER]: Leader pre-election vote request: Granting yes vote for candidate 81b89e30bd3e45e39b3bd3eca9d5f7c5 in term 1.
I0902 17:01:13.942816 15388 leader_election.cc:353] T 9f366aa97726498baf85962d42d8adc1 P 81b89e30bd3e45e39b3bd3eca9d5f7c5 [CANDIDATE]: Term 2 pre-election: Vote granted by peer d28f0f3b8d0e429484dbeeb2d41b7d50
I0902 17:01:13.942837 15388 leader_election.cc:248] T 9f366aa97726498baf85962d42d8adc1 P 81b89e30bd3e45e39b3bd3eca9d5f7c5 [CANDIDATE]: Term 2 pre-election: Election decided. Result: candidate won.
I0902 17:01:13.942936 15535 raft_consensus.cc:2456] T 9f366aa97726498baf85962d42d8adc1 P 81b89e30bd3e45e39b3bd3eca9d5f7c5: Snoozing failure detection for 1.564s (election complete)
I0902 17:01:13.942961 15535 raft_consensus.cc:2280] T 9f366aa97726498baf85962d42d8adc1 P 81b89e30bd3e45e39b3bd3eca9d5f7c5 [term 1 FOLLOWER]: Leader pre-election won for term 2
I0902 17:01:13.942970 15535 raft_consensus.cc:412] T 9f366aa97726498baf85962d42d8adc1 P 81b89e30bd3e45e39b3bd3eca9d5f7c5 [term 1 FOLLOWER]: Starting leader election (detected failure of leader d28f0f3b8d0e429484dbeeb2d41b7d50)
I0902 17:01:13.942977 15535 raft_consensus.cc:2456] T 9f366aa97726498baf85962d42d8adc1 P 81b89e30bd3e45e39b3bd3eca9d5f7c5: Snoozing failure detection for 2.238s (starting election)
I0902 17:01:13.942983 15535 raft_consensus.cc:2508] T 9f366aa97726498baf85962d42d8adc1 P 81b89e30bd3e45e39b3bd3eca9d5f7c5 [term 1 FOLLOWER]: Advancing to term 2
I0902 17:01:13.943238 15602 leader_election.cc:221] T 9f366aa97726498baf85962d42d8adc1 P 475a466ec8b44f39bbf6b23f10ebe15b [CANDIDATE]: Term 2 pre-election: Requesting pre-vote from peer d28f0f3b8d0e429484dbeeb2d41b7d50
I0902 17:01:13.943270 15330 raft_consensus.cc:2456] T 9f366aa97726498baf85962d42d8adc1 P 475a466ec8b44f39bbf6b23f10ebe15b: Snoozing failure detection for 1.624s (vote granted)
I0902 17:01:13.943295 15330 raft_consensus.cc:2010] T 9f366aa97726498baf85962d42d8adc1 P 475a466ec8b44f39bbf6b23f10ebe15b [term 1 FOLLOWER]: Leader pre-election vote request: Granting yes vote for candidate 81b89e30bd3e45e39b3bd3eca9d5f7c5 in term 1.
I0902 17:01:13.943325 15602 leader_election.cc:221] T 9f366aa97726498baf85962d42d8adc1 P 475a466ec8b44f39bbf6b23f10ebe15b [CANDIDATE]: Term 2 pre-election: Requesting pre-vote from peer 81b89e30bd3e45e39b3bd3eca9d5f7c5
I0902 17:01:13.943729 15387 leader_election.cc:353] T 9f366aa97726498baf85962d42d8adc1 P 81b89e30bd3e45e39b3bd3eca9d5f7c5 [CANDIDATE]: Term 2 pre-election: Vote granted by peer 475a466ec8b44f39bbf6b23f10ebe15b
I0902 17:01:13.943836 15535 raft_consensus.cc:434] T 9f366aa97726498baf85962d42d8adc1 P 81b89e30bd3e45e39b3bd3eca9d5f7c5 [term 2 FOLLOWER]: Starting leader election with config: opid_index: -1 OBSOLETE_local: false peers { permanent_uuid: "d28f0f3b8d0e429484dbeeb2d41b7d50" member_type: VOTER last_known_addr { host: "127.58.208.1" port: 59914 } } peers { permanent_uuid: "475a466ec8b44f39bbf6b23f10ebe15b" member_type: VOTER last_known_addr { host: "127.58.208.2" port: 43231 } } peers { permanent_uuid: "81b89e30bd3e45e39b3bd3eca9d5f7c5" member_type: VOTER last_known_addr { host: "127.58.208.3" port: 42179 } }
I0902 17:01:13.943919 15693 tablet_service.cc:1002] Received RequestConsensusVote() RPC: tablet_id: "9f366aa97726498baf85962d42d8adc1" candidate_uuid: "475a466ec8b44f39bbf6b23f10ebe15b" candidate_term: 2 candidate_status { last_received { term: 1 index: 14 } } ignore_live_leader: false dest_uuid: "d28f0f3b8d0e429484dbeeb2d41b7d50" is_pre_election: true
I0902 17:01:13.943969 15693 raft_consensus.cc:2456] T 9f366aa97726498baf85962d42d8adc1 P d28f0f3b8d0e429484dbeeb2d41b7d50: Snoozing failure detection for 2.003s (vote granted)
I0902 17:01:13.943992 15693 raft_consensus.cc:2010] T 9f366aa97726498baf85962d42d8adc1 P d28f0f3b8d0e429484dbeeb2d41b7d50 [term 1 FOLLOWER]: Leader pre-election vote request: Granting yes vote for candidate 475a466ec8b44f39bbf6b23f10ebe15b in term 1.
I0902 17:01:13.944057 15535 leader_election.cc:221] T 9f366aa97726498baf85962d42d8adc1 P 81b89e30bd3e45e39b3bd3eca9d5f7c5 [CANDIDATE]: Term 2 election: Requesting vote from peer d28f0f3b8d0e429484dbeeb2d41b7d50
I0902 17:01:13.944123 15535 leader_election.cc:221] T 9f366aa97726498baf85962d42d8adc1 P 81b89e30bd3e45e39b3bd3eca9d5f7c5 [CANDIDATE]: Term 2 election: Requesting vote from peer 475a466ec8b44f39bbf6b23f10ebe15b
I0902 17:01:13.944231 15266 leader_election.cc:353] T 9f366aa97726498baf85962d42d8adc1 P 475a466ec8b44f39bbf6b23f10ebe15b [CANDIDATE]: Term 2 pre-election: Vote granted by peer d28f0f3b8d0e429484dbeeb2d41b7d50
I0902 17:01:13.944253 15266 leader_election.cc:248] T 9f366aa97726498baf85962d42d8adc1 P 475a466ec8b44f39bbf6b23f10ebe15b [CANDIDATE]: Term 2 pre-election: Election decided. Result: candidate won.
I0902 17:01:13.944340 15452 tablet_service.cc:1002] Received RequestConsensusVote() RPC: tablet_id: "9f366aa97726498baf85962d42d8adc1" candidate_uuid: "475a466ec8b44f39bbf6b23f10ebe15b" candidate_term: 2 candidate_status { last_received { term: 1 index: 14 } } ignore_live_leader: false dest_uuid: "81b89e30bd3e45e39b3bd3eca9d5f7c5" is_pre_election: true
I0902 17:01:13.944367 15606 raft_consensus.cc:2456] T 9f366aa97726498baf85962d42d8adc1 P 475a466ec8b44f39bbf6b23f10ebe15b: Snoozing failure detection for 2.176s (election complete)
I0902 17:01:13.944391 15606 raft_consensus.cc:2280] T 9f366aa97726498baf85962d42d8adc1 P 475a466ec8b44f39bbf6b23f10ebe15b [term 1 FOLLOWER]: Leader pre-election won for term 2
I0902 17:01:13.944402 15606 raft_consensus.cc:412] T 9f366aa97726498baf85962d42d8adc1 P 475a466ec8b44f39bbf6b23f10ebe15b [term 1 FOLLOWER]: Starting leader election (detected failure of leader d28f0f3b8d0e429484dbeeb2d41b7d50)
I0902 17:01:13.944411 15452 raft_consensus.cc:1940] T 9f366aa97726498baf85962d42d8adc1 P 81b89e30bd3e45e39b3bd3eca9d5f7c5 [term 2 FOLLOWER]: Leader pre-election vote request: Denying vote to candidate 475a466ec8b44f39bbf6b23f10ebe15b in current term 2: Already voted for candidate 81b89e30bd3e45e39b3bd3eca9d5f7c5 in this term.
I0902 17:01:13.944413 15606 raft_consensus.cc:2456] T 9f366aa97726498baf85962d42d8adc1 P 475a466ec8b44f39bbf6b23f10ebe15b: Snoozing failure detection for 1.958s (starting election)
I0902 17:01:13.944422 15606 raft_consensus.cc:2508] T 9f366aa97726498baf85962d42d8adc1 P 475a466ec8b44f39bbf6b23f10ebe15b [term 1 FOLLOWER]: Advancing to term 2
I0902 17:01:13.944540 15330 tablet_service.cc:1002] Received RequestConsensusVote() RPC: tablet_id: "9f366aa97726498baf85962d42d8adc1" candidate_uuid: "81b89e30bd3e45e39b3bd3eca9d5f7c5" candidate_term: 2 candidate_status { last_received { term: 1 index: 14 } } ignore_live_leader: false dest_uuid: "475a466ec8b44f39bbf6b23f10ebe15b"
I0902 17:01:13.944618 15693 tablet_service.cc:1002] Received RequestConsensusVote() RPC: tablet_id: "9f366aa97726498baf85962d42d8adc1" candidate_uuid: "81b89e30bd3e45e39b3bd3eca9d5f7c5" candidate_term: 2 candidate_status { last_received { term: 1 index: 14 } } ignore_live_leader: false dest_uuid: "d28f0f3b8d0e429484dbeeb2d41b7d50"
I0902 17:01:13.944654 15693 raft_consensus.cc:2508] T 9f366aa97726498baf85962d42d8adc1 P d28f0f3b8d0e429484dbeeb2d41b7d50 [term 1 FOLLOWER]: Advancing to term 2
I0902 17:01:13.944754 15693 raft_consensus.cc:2456] T 9f366aa97726498baf85962d42d8adc1 P d28f0f3b8d0e429484dbeeb2d41b7d50: Snoozing failure detection for 2.043s (vote granted)
I0902 17:01:13.944779 15265 leader_election.cc:367] T 9f366aa97726498baf85962d42d8adc1 P 475a466ec8b44f39bbf6b23f10ebe15b [CANDIDATE]: Term 2 pre-election: Vote denied by peer 81b89e30bd3e45e39b3bd3eca9d5f7c5. Message: Invalid argument: T 9f366aa97726498baf85962d42d8adc1 P 81b89e30bd3e45e39b3bd3eca9d5f7c5 [term 2 FOLLOWER]: Leader pre-election vote request: Denying vote to candidate 475a466ec8b44f39bbf6b23f10ebe15b in current term 2: Already voted for candidate 81b89e30bd3e45e39b3bd3eca9d5f7c5 in this term.
I0902 17:01:13.945263 15606 raft_consensus.cc:434] T 9f366aa97726498baf85962d42d8adc1 P 475a466ec8b44f39bbf6b23f10ebe15b [term 2 FOLLOWER]: Starting leader election with config: opid_index: -1 OBSOLETE_local: false peers { permanent_uuid: "d28f0f3b8d0e429484dbeeb2d41b7d50" member_type: VOTER last_known_addr { host: "127.58.208.1" port: 59914 } } peers { permanent_uuid: "475a466ec8b44f39bbf6b23f10ebe15b" member_type: VOTER last_known_addr { host: "127.58.208.2" port: 43231 } } peers { permanent_uuid: "81b89e30bd3e45e39b3bd3eca9d5f7c5" member_type: VOTER last_known_addr { host: "127.58.208.3" port: 42179 } }
I0902 17:01:13.945425 15693 raft_consensus.cc:2010] T 9f366aa97726498baf85962d42d8adc1 P d28f0f3b8d0e429484dbeeb2d41b7d50 [term 2 FOLLOWER]: Leader election vote request: Granting yes vote for candidate 81b89e30bd3e45e39b3bd3eca9d5f7c5 in term 2.
I0902 17:01:13.945468 15606 leader_election.cc:221] T 9f366aa97726498baf85962d42d8adc1 P 475a466ec8b44f39bbf6b23f10ebe15b [CANDIDATE]: Term 2 election: Requesting vote from peer d28f0f3b8d0e429484dbeeb2d41b7d50
I0902 17:01:13.945521 15606 leader_election.cc:221] T 9f366aa97726498baf85962d42d8adc1 P 475a466ec8b44f39bbf6b23f10ebe15b [CANDIDATE]: Term 2 election: Requesting vote from peer 81b89e30bd3e45e39b3bd3eca9d5f7c5
I0902 17:01:13.945554 15330 raft_consensus.cc:1940] T 9f366aa97726498baf85962d42d8adc1 P 475a466ec8b44f39bbf6b23f10ebe15b [term 2 FOLLOWER]: Leader election vote request: Denying vote to candidate 81b89e30bd3e45e39b3bd3eca9d5f7c5 in current term 2: Already voted for candidate 475a466ec8b44f39bbf6b23f10ebe15b in this term.
I0902 17:01:13.945669 15388 leader_election.cc:353] T 9f366aa97726498baf85962d42d8adc1 P 81b89e30bd3e45e39b3bd3eca9d5f7c5 [CANDIDATE]: Term 2 election: Vote granted by peer d28f0f3b8d0e429484dbeeb2d41b7d50
I0902 17:01:13.945690 15388 leader_election.cc:248] T 9f366aa97726498baf85962d42d8adc1 P 81b89e30bd3e45e39b3bd3eca9d5f7c5 [CANDIDATE]: Term 2 election: Election decided. Result: candidate won.
I0902 17:01:13.945778 15542 raft_consensus.cc:2456] T 9f366aa97726498baf85962d42d8adc1 P 81b89e30bd3e45e39b3bd3eca9d5f7c5: Snoozing failure detection for 2.229s (election complete)
I0902 17:01:13.945799 15542 raft_consensus.cc:2280] T 9f366aa97726498baf85962d42d8adc1 P 81b89e30bd3e45e39b3bd3eca9d5f7c5 [term 2 FOLLOWER]: Leader election won for term 2
I0902 17:01:13.945848 15542 raft_consensus.cc:542] T 9f366aa97726498baf85962d42d8adc1 P 81b89e30bd3e45e39b3bd3eca9d5f7c5 [term 2 LEADER]: Becoming Leader. State: Replica: 81b89e30bd3e45e39b3bd3eca9d5f7c5, State: Running, Role: LEADER
I0902 17:01:13.945906 15452 tablet_service.cc:1002] Received RequestConsensusVote() RPC: tablet_id: "9f366aa97726498baf85962d42d8adc1" candidate_uuid: "475a466ec8b44f39bbf6b23f10ebe15b" candidate_term: 2 candidate_status { last_received { term: 1 index: 14 } } ignore_live_leader: false dest_uuid: "81b89e30bd3e45e39b3bd3eca9d5f7c5"
I0902 17:01:13.945914 15693 tablet_service.cc:1002] Received RequestConsensusVote() RPC: tablet_id: "9f366aa97726498baf85962d42d8adc1" candidate_uuid: "475a466ec8b44f39bbf6b23f10ebe15b" candidate_term: 2 candidate_status { last_received { term: 1 index: 14 } } ignore_live_leader: false dest_uuid: "d28f0f3b8d0e429484dbeeb2d41b7d50"
I0902 17:01:13.945930 15542 consensus_queue.cc:169] T 9f366aa97726498baf85962d42d8adc1 P 81b89e30bd3e45e39b3bd3eca9d5f7c5 [LEADER]: Queue going to LEADER mode. State: All replicated index: 13, Majority replicated index: 14, Committed index: 14, Last appended: 1.14, Last appended by leader: 14, Current term: 2, Majority size: 2, State: 0, Mode: LEADER, active raft config: opid_index: -1 OBSOLETE_local: false peers { permanent_uuid: "d28f0f3b8d0e429484dbeeb2d41b7d50" member_type: VOTER last_known_addr { host: "127.58.208.1" port: 59914 } } peers { permanent_uuid: "475a466ec8b44f39bbf6b23f10ebe15b" member_type: VOTER last_known_addr { host: "127.58.208.2" port: 43231 } } peers { permanent_uuid: "81b89e30bd3e45e39b3bd3eca9d5f7c5" member_type: VOTER last_known_addr { host: "127.58.208.3" port: 42179 } }
I0902 17:01:13.945971 15693 raft_consensus.cc:1940] T 9f366aa97726498baf85962d42d8adc1 P d28f0f3b8d0e429484dbeeb2d41b7d50 [term 2 FOLLOWER]: Leader election vote request: Denying vote to candidate 475a466ec8b44f39bbf6b23f10ebe15b in current term 2: Already voted for candidate 81b89e30bd3e45e39b3bd3eca9d5f7c5 in this term.
I0902 17:01:13.945984 15387 leader_election.cc:367] T 9f366aa97726498baf85962d42d8adc1 P 81b89e30bd3e45e39b3bd3eca9d5f7c5 [CANDIDATE]: Term 2 election: Vote denied by peer 475a466ec8b44f39bbf6b23f10ebe15b. Message: Invalid argument: T 9f366aa97726498baf85962d42d8adc1 P 475a466ec8b44f39bbf6b23f10ebe15b [term 2 FOLLOWER]: Leader election vote request: Denying vote to candidate 81b89e30bd3e45e39b3bd3eca9d5f7c5 in current term 2: Already voted for candidate 475a466ec8b44f39bbf6b23f10ebe15b in this term.
I0902 17:01:13.946257 15266 leader_election.cc:367] T 9f366aa97726498baf85962d42d8adc1 P 475a466ec8b44f39bbf6b23f10ebe15b [CANDIDATE]: Term 2 election: Vote denied by peer d28f0f3b8d0e429484dbeeb2d41b7d50. Message: Invalid argument: T 9f366aa97726498baf85962d42d8adc1 P d28f0f3b8d0e429484dbeeb2d41b7d50 [term 2 FOLLOWER]: Leader election vote request: Denying vote to candidate 475a466ec8b44f39bbf6b23f10ebe15b in current term 2: Already voted for candidate 81b89e30bd3e45e39b3bd3eca9d5f7c5 in this term.
I0902 17:01:13.946633 15452 raft_consensus.cc:1971] T 9f366aa97726498baf85962d42d8adc1 P 81b89e30bd3e45e39b3bd3eca9d5f7c5 [term 2 LEADER]: Leader election vote request: Denying vote to candidate 475a466ec8b44f39bbf6b23f10ebe15b for term 2 because replica is either leader or believes a valid leader to be alive.
I0902 17:01:13.946923 15265 leader_election.cc:367] T 9f366aa97726498baf85962d42d8adc1 P 475a466ec8b44f39bbf6b23f10ebe15b [CANDIDATE]: Term 2 election: Vote denied by peer 81b89e30bd3e45e39b3bd3eca9d5f7c5. Message: Invalid argument: T 9f366aa97726498baf85962d42d8adc1 P 81b89e30bd3e45e39b3bd3eca9d5f7c5 [term 2 LEADER]: Leader election vote request: Denying vote to candidate 475a466ec8b44f39bbf6b23f10ebe15b for term 2 because replica is either leader or believes a valid leader to be alive.
I0902 17:01:13.946947 15265 leader_election.cc:248] T 9f366aa97726498baf85962d42d8adc1 P 475a466ec8b44f39bbf6b23f10ebe15b [CANDIDATE]: Term 2 election: Election decided. Result: candidate lost.
I0902 17:01:13.947016 15606 raft_consensus.cc:2456] T 9f366aa97726498baf85962d42d8adc1 P 475a466ec8b44f39bbf6b23f10ebe15b: Snoozing failure detection for 2.149s (election complete)
I0902 17:01:13.947034 15606 raft_consensus.cc:2216] T 9f366aa97726498baf85962d42d8adc1 P 475a466ec8b44f39bbf6b23f10ebe15b [term 2 FOLLOWER]: Leader election lost for term 2. Reason: could not achieve majority
I0902 17:01:13.947468 15087 catalog_manager.cc:2571] T 9f366aa97726498baf85962d42d8adc1 reported cstate change: term changed from 1 to 2, leader changed from d28f0f3b8d0e429484dbeeb2d41b7d50 (127.58.208.1) to 81b89e30bd3e45e39b3bd3eca9d5f7c5 (127.58.208.3). New cstate: current_term: 2 leader_uuid: "81b89e30bd3e45e39b3bd3eca9d5f7c5" committed_config { opid_index: -1 OBSOLETE_local: false peers { permanent_uuid: "d28f0f3b8d0e429484dbeeb2d41b7d50" member_type: VOTER last_known_addr { host: "127.58.208.1" port: 59914 } } peers { permanent_uuid: "475a466ec8b44f39bbf6b23f10ebe15b" member_type: VOTER last_known_addr { host: "127.58.208.2" port: 43231 } } peers { permanent_uuid: "81b89e30bd3e45e39b3bd3eca9d5f7c5" member_type: VOTER last_known_addr { host: "127.58.208.3" port: 42179 } } }
I0902 17:01:13.960073 15330 raft_consensus.cc:964] T 9f366aa97726498baf85962d42d8adc1 P 475a466ec8b44f39bbf6b23f10ebe15b [term 2 FOLLOWER]: Refusing update from remote peer 81b89e30bd3e45e39b3bd3eca9d5f7c5: Log matching property violated. Preceding OpId in replica: term: 1 index: 14. Preceding OpId from leader: term: 2 index: 16. (index mismatch)
I0902 17:01:13.960120 15693 raft_consensus.cc:964] T 9f366aa97726498baf85962d42d8adc1 P d28f0f3b8d0e429484dbeeb2d41b7d50 [term 2 FOLLOWER]: Refusing update from remote peer 81b89e30bd3e45e39b3bd3eca9d5f7c5: Log matching property violated. Preceding OpId in replica: term: 1 index: 14. Preceding OpId from leader: term: 2 index: 16. (index mismatch)
I0902 17:01:13.960409 15535 consensus_queue.cc:741] T 9f366aa97726498baf85962d42d8adc1 P 81b89e30bd3e45e39b3bd3eca9d5f7c5 [LEADER]: Connected to new peer: Peer: 475a466ec8b44f39bbf6b23f10ebe15b, Is new: false, Last received: 1.14, Next index: 15, Last known committed idx: 14, Last exchange result: ERROR, Needs tablet copy: false
I0902 17:01:13.960448 15542 consensus_queue.cc:741] T 9f366aa97726498baf85962d42d8adc1 P 81b89e30bd3e45e39b3bd3eca9d5f7c5 [LEADER]: Connected to new peer: Peer: d28f0f3b8d0e429484dbeeb2d41b7d50, Is new: false, Last received: 1.14, Next index: 15, Last known committed idx: 14, Last exchange result: ERROR, Needs tablet copy: false
I0902 17:01:14.020546 15056 alter_table-randomized-test.cc:436] Beginning Alterations
I0902 17:01:14.021298 15056 alter_table-randomized-test.cc:474] Adding column c179, existing columns: key
I0902 17:01:14.021330 15056 alter_table-randomized-test.cc:474] Adding column c1, existing columns: key, c179
I0902 17:01:14.021343 15056 alter_table-randomized-test.cc:504] Renaming column c1 to c14
I0902 17:01:14.021356 15056 alter_table-randomized-test.cc:537] Changing encoding of column c179 to 6
I0902 17:01:14.021375 15056 alter_table-randomized-test.cc:474] Adding column c554, existing columns: key, c179, c14
I0902 17:01:14.021389 15056 alter_table-randomized-test.cc:504] Renaming column c179 to c456
I0902 17:01:14.021397 15056 alter_table-randomized-test.cc:468] Committing Alterations
I0902 17:01:14.022019 15087 catalog_manager.cc:1946] Servicing AlterTable request from {username='slave'} at 127.0.0.1:43619: table { table_name: "test-table" } alter_schema_steps { type: ADD_COLUMN add_column { schema { name: "c179" type: INT32 is_nullable: false read_default_value: "\246\262P\016" encoding: AUTO_ENCODING compression: DEFAULT_COMPRESSION cfile_block_size: 0 } } } alter_schema_steps { type: ADD_COLUMN add_column { schema { name: "c1" type: INT32 is_nullable: true encoding: AUTO_ENCODING compression: DEFAULT_COMPRESSION cfile_block_size: 0 } } } alter_schema_steps { type: RENAME_COLUMN rename_column { old_name: "c1" new_name: "c14" } } alter_schema_steps { type: ALTER_COLUMN alter_column { delta { name: "c179" encoding: BIT_SHUFFLE } } } alter_schema_steps { type: ADD_COLUMN add_column { schema { name: "c554" type: INT32 is_nullable: false read_default_value: "\324W\321B" encoding: AUTO_ENCODING compression: DEFAULT_COMPRESSION cfile_block_size: 0 } } } alter_schema_steps { type: RENAME_COLUMN rename_column { old_name: "c179" new_name: "c456" } }
I0902 17:01:14.027364 15759 tablet.cc:1115] T 9f366aa97726498baf85962d42d8adc1 P 81b89e30bd3e45e39b3bd3eca9d5f7c5: Alter schema from Schema [ 10:key[int32 NOT NULL] ] version 3 to Schema [ 10:key[int32 NOT NULL], 13:c456[int32 NOT NULL], 14:c14[int32 NULLABLE], 15:c554[int32 NOT NULL] ] version 4
I0902 17:01:14.027854 15759 tablet.cc:1067] T 9f366aa97726498baf85962d42d8adc1 P 81b89e30bd3e45e39b3bd3eca9d5f7c5: Flush: entering stage 1 (old memrowset already frozen for inserts)
I0902 17:01:14.027958 15761 tablet.cc:1115] T b79d7adfa7fb48509d0cb5c3a01f5295 P 475a466ec8b44f39bbf6b23f10ebe15b: Alter schema from Schema [ 10:key[int32 NOT NULL] ] version 3 to Schema [ 10:key[int32 NOT NULL], 13:c456[int32 NOT NULL], 14:c14[int32 NULLABLE], 15:c554[int32 NOT NULL] ] version 4
I0902 17:01:14.028163 15759 compaction.cc:902] Selected 1 rowsets to compact:
I0902 17:01:14.028190 15759 compaction.cc:905] memrowset(current size on disk: ~0 bytes)
I0902 17:01:14.028201 15759 tablet.cc:1069] T 9f366aa97726498baf85962d42d8adc1 P 81b89e30bd3e45e39b3bd3eca9d5f7c5: Memstore in-memory size: 1759 bytes
I0902 17:01:14.028239 15759 tablet.cc:1332] T 9f366aa97726498baf85962d42d8adc1 P 81b89e30bd3e45e39b3bd3eca9d5f7c5: Flush: entering phase 1 (flushing snapshot). Phase 1 snapshot: MvccSnapshot[committed={T|T < 6161906376807170048}]
I0902 17:01:14.028350 15761 tablet.cc:1067] T b79d7adfa7fb48509d0cb5c3a01f5295 P 475a466ec8b44f39bbf6b23f10ebe15b: Flush: entering stage 1 (old memrowset already frozen for inserts)
I0902 17:01:14.028367 15761 compaction.cc:902] Selected 1 rowsets to compact:
I0902 17:01:14.028390 15761 compaction.cc:905] memrowset(current size on disk: ~0 bytes)
I0902 17:01:14.028398 15761 tablet.cc:1069] T b79d7adfa7fb48509d0cb5c3a01f5295 P 475a466ec8b44f39bbf6b23f10ebe15b: Memstore in-memory size: 763 bytes
I0902 17:01:14.028427 15761 tablet.cc:1332] T b79d7adfa7fb48509d0cb5c3a01f5295 P 475a466ec8b44f39bbf6b23f10ebe15b: Flush: entering phase 1 (flushing snapshot). Phase 1 snapshot: MvccSnapshot[committed={T|T < 6161906376804581376}]
I0902 17:01:14.035784 15759 multi_column_writer.cc:103] Opened CFile writers for 4 column(s)
I0902 17:01:14.040918 15759 tablet.cc:1417] T 9f366aa97726498baf85962d42d8adc1 P 81b89e30bd3e45e39b3bd3eca9d5f7c5: Flush: entering phase 2 (starting to duplicate updates in new rowsets)
I0902 17:01:14.041111 15759 tablet.cc:1472] T 9f366aa97726498baf85962d42d8adc1 P 81b89e30bd3e45e39b3bd3eca9d5f7c5: Flush Phase 2: carrying over any updates which arrived during Phase 1
I0902 17:01:14.041122 15759 tablet.cc:1474] T 9f366aa97726498baf85962d42d8adc1 P 81b89e30bd3e45e39b3bd3eca9d5f7c5: Phase 2 snapshot: MvccSnapshot[committed={T|T < 6161906376807170048}]
I0902 17:01:14.042726 15759 tablet.cc:1516] T 9f366aa97726498baf85962d42d8adc1 P 81b89e30bd3e45e39b3bd3eca9d5f7c5: Flush successful on 10 rows (4793 bytes)
I0902 17:01:14.043222 15762 tablet.cc:1115] T 9f366aa97726498baf85962d42d8adc1 P d28f0f3b8d0e429484dbeeb2d41b7d50: Alter schema from Schema [ 10:key[int32 NOT NULL] ] version 3 to Schema [ 10:key[int32 NOT NULL], 13:c456[int32 NOT NULL], 14:c14[int32 NULLABLE], 15:c554[int32 NOT NULL] ] version 4
I0902 17:01:14.043632 15762 tablet.cc:1067] T 9f366aa97726498baf85962d42d8adc1 P d28f0f3b8d0e429484dbeeb2d41b7d50: Flush: entering stage 1 (old memrowset already frozen for inserts)
I0902 17:01:14.043644 15762 compaction.cc:902] Selected 1 rowsets to compact:
I0902 17:01:14.043668 15762 compaction.cc:905] memrowset(current size on disk: ~0 bytes)
I0902 17:01:14.043675 15762 tablet.cc:1069] T 9f366aa97726498baf85962d42d8adc1 P d28f0f3b8d0e429484dbeeb2d41b7d50: Memstore in-memory size: 1759 bytes
I0902 17:01:14.043704 15762 tablet.cc:1332] T 9f366aa97726498baf85962d42d8adc1 P d28f0f3b8d0e429484dbeeb2d41b7d50: Flush: entering phase 1 (flushing snapshot). Phase 1 snapshot: MvccSnapshot[committed={T|T < 6161906376807170048}]
I0902 17:01:14.048043 15761 multi_column_writer.cc:103] Opened CFile writers for 4 column(s)
I0902 17:01:14.056210 15762 multi_column_writer.cc:103] Opened CFile writers for 4 column(s)
I0902 17:01:14.062461 15778 tablet.cc:1115] T eab66cb8a35a4399936ca49988b0131d P 475a466ec8b44f39bbf6b23f10ebe15b: Alter schema from Schema [ 10:key[int32 NOT NULL] ] version 3 to Schema [ 10:key[int32 NOT NULL], 13:c456[int32 NOT NULL], 14:c14[int32 NULLABLE], 15:c554[int32 NOT NULL] ] version 4
I0902 17:01:14.062711 15778 tablet.cc:1067] T eab66cb8a35a4399936ca49988b0131d P 475a466ec8b44f39bbf6b23f10ebe15b: Flush: entering stage 1 (old memrowset already frozen for inserts)
I0902 17:01:14.062721 15778 compaction.cc:902] Selected 1 rowsets to compact:
I0902 17:01:14.062726 15778 compaction.cc:905] memrowset(current size on disk: ~0 bytes)
I0902 17:01:14.062732 15778 tablet.cc:1069] T eab66cb8a35a4399936ca49988b0131d P 475a466ec8b44f39bbf6b23f10ebe15b: Memstore in-memory size: 1759 bytes
I0902 17:01:14.062747 15778 tablet.cc:1332] T eab66cb8a35a4399936ca49988b0131d P 475a466ec8b44f39bbf6b23f10ebe15b: Flush: entering phase 1 (flushing snapshot). Phase 1 snapshot: MvccSnapshot[committed={T|T < 6161906376807186432}]
I0902 17:01:14.063418 15778 multi_column_writer.cc:103] Opened CFile writers for 4 column(s)
I0902 17:01:14.066426 15777 tablet.cc:1115] T 9f366aa97726498baf85962d42d8adc1 P 475a466ec8b44f39bbf6b23f10ebe15b: Alter schema from Schema [ 10:key[int32 NOT NULL] ] version 3 to Schema [ 10:key[int32 NOT NULL], 13:c456[int32 NOT NULL], 14:c14[int32 NULLABLE], 15:c554[int32 NOT NULL] ] version 4
I0902 17:01:14.066671 15777 tablet.cc:1067] T 9f366aa97726498baf85962d42d8adc1 P 475a466ec8b44f39bbf6b23f10ebe15b: Flush: entering stage 1 (old memrowset already frozen for inserts)
I0902 17:01:14.066705 15777 compaction.cc:902] Selected 1 rowsets to compact:
I0902 17:01:14.066725 15777 compaction.cc:905] memrowset(current size on disk: ~0 bytes)
I0902 17:01:14.066748 15777 tablet.cc:1069] T 9f366aa97726498baf85962d42d8adc1 P 475a466ec8b44f39bbf6b23f10ebe15b: Memstore in-memory size: 1759 bytes
I0902 17:01:14.066777 15777 tablet.cc:1332] T 9f366aa97726498baf85962d42d8adc1 P 475a466ec8b44f39bbf6b23f10ebe15b: Flush: entering phase 1 (flushing snapshot). Phase 1 snapshot: MvccSnapshot[committed={T|T < 6161906376807170048}]
I0902 17:01:14.067492 15777 multi_column_writer.cc:103] Opened CFile writers for 4 column(s)
I0902 17:01:14.074435 15773 tablet.cc:1115] T b79d7adfa7fb48509d0cb5c3a01f5295 P d28f0f3b8d0e429484dbeeb2d41b7d50: Alter schema from Schema [ 10:key[int32 NOT NULL] ] version 3 to Schema [ 10:key[int32 NOT NULL], 13:c456[int32 NOT NULL], 14:c14[int32 NULLABLE], 15:c554[int32 NOT NULL] ] version 4
I0902 17:01:14.074445 15780 tablet.cc:1115] T eab66cb8a35a4399936ca49988b0131d P d28f0f3b8d0e429484dbeeb2d41b7d50: Alter schema from Schema [ 10:key[int32 NOT NULL] ] version 3 to Schema [ 10:key[int32 NOT NULL], 13:c456[int32 NOT NULL], 14:c14[int32 NULLABLE], 15:c554[int32 NOT NULL] ] version 4
I0902 17:01:14.074777 15773 tablet.cc:1067] T b79d7adfa7fb48509d0cb5c3a01f5295 P d28f0f3b8d0e429484dbeeb2d41b7d50: Flush: entering stage 1 (old memrowset already frozen for inserts)
I0902 17:01:14.074789 15780 tablet.cc:1067] T eab66cb8a35a4399936ca49988b0131d P d28f0f3b8d0e429484dbeeb2d41b7d50: Flush: entering stage 1 (old memrowset already frozen for inserts)
I0902 17:01:14.075106 15780 compaction.cc:902] Selected 1 rowsets to compact:
I0902 17:01:14.075117 15780 compaction.cc:905] memrowset(current size on disk: ~0 bytes)
I0902 17:01:14.075129 15780 tablet.cc:1069] T eab66cb8a35a4399936ca49988b0131d P d28f0f3b8d0e429484dbeeb2d41b7d50: Memstore in-memory size: 1759 bytes
I0902 17:01:14.075148 15780 tablet.cc:1332] T eab66cb8a35a4399936ca49988b0131d P d28f0f3b8d0e429484dbeeb2d41b7d50: Flush: entering phase 1 (flushing snapshot). Phase 1 snapshot: MvccSnapshot[committed={T|T < 6161906376807186432}]
I0902 17:01:14.075844 15780 multi_column_writer.cc:103] Opened CFile writers for 4 column(s)
I0902 17:01:14.080087 15780 tablet.cc:1417] T eab66cb8a35a4399936ca49988b0131d P d28f0f3b8d0e429484dbeeb2d41b7d50: Flush: entering phase 2 (starting to duplicate updates in new rowsets)
I0902 17:01:14.080344 15780 tablet.cc:1472] T eab66cb8a35a4399936ca49988b0131d P d28f0f3b8d0e429484dbeeb2d41b7d50: Flush Phase 2: carrying over any updates which arrived during Phase 1
I0902 17:01:14.080370 15780 tablet.cc:1474] T eab66cb8a35a4399936ca49988b0131d P d28f0f3b8d0e429484dbeeb2d41b7d50: Phase 2 snapshot: MvccSnapshot[committed={T|T < 6161906376807186432}]
I0902 17:01:14.081162 15761 tablet.cc:1417] T b79d7adfa7fb48509d0cb5c3a01f5295 P 475a466ec8b44f39bbf6b23f10ebe15b: Flush: entering phase 2 (starting to duplicate updates in new rowsets)
I0902 17:01:14.075085 15773 compaction.cc:902] Selected 1 rowsets to compact:
I0902 17:01:14.081461 15773 compaction.cc:905] memrowset(current size on disk: ~0 bytes)
I0902 17:01:14.081477 15773 tablet.cc:1069] T b79d7adfa7fb48509d0cb5c3a01f5295 P d28f0f3b8d0e429484dbeeb2d41b7d50: Memstore in-memory size: 763 bytes
I0902 17:01:14.081493 15773 tablet.cc:1332] T b79d7adfa7fb48509d0cb5c3a01f5295 P d28f0f3b8d0e429484dbeeb2d41b7d50: Flush: entering phase 1 (flushing snapshot). Phase 1 snapshot: MvccSnapshot[committed={T|T < 6161906376804581376}]
I0902 17:01:14.082129 15773 multi_column_writer.cc:103] Opened CFile writers for 4 column(s)
I0902 17:01:14.083400 15780 tablet.cc:1516] T eab66cb8a35a4399936ca49988b0131d P d28f0f3b8d0e429484dbeeb2d41b7d50: Flush successful on 11 rows (4793 bytes)
I0902 17:01:14.084776 15759 tablet.cc:1115] T b79d7adfa7fb48509d0cb5c3a01f5295 P 81b89e30bd3e45e39b3bd3eca9d5f7c5: Alter schema from Schema [ 10:key[int32 NOT NULL] ] version 3 to Schema [ 10:key[int32 NOT NULL], 13:c456[int32 NOT NULL], 14:c14[int32 NULLABLE], 15:c554[int32 NOT NULL] ] version 4
I0902 17:01:14.084832 15773 tablet.cc:1417] T b79d7adfa7fb48509d0cb5c3a01f5295 P d28f0f3b8d0e429484dbeeb2d41b7d50: Flush: entering phase 2 (starting to duplicate updates in new rowsets)
I0902 17:01:14.084921 15773 tablet.cc:1472] T b79d7adfa7fb48509d0cb5c3a01f5295 P d28f0f3b8d0e429484dbeeb2d41b7d50: Flush Phase 2: carrying over any updates which arrived during Phase 1
I0902 17:01:14.084941 15773 tablet.cc:1474] T b79d7adfa7fb48509d0cb5c3a01f5295 P d28f0f3b8d0e429484dbeeb2d41b7d50: Phase 2 snapshot: MvccSnapshot[committed={T|T < 6161906376804581376}]
I0902 17:01:14.085218 15759 tablet.cc:1067] T b79d7adfa7fb48509d0cb5c3a01f5295 P 81b89e30bd3e45e39b3bd3eca9d5f7c5: Flush: entering stage 1 (old memrowset already frozen for inserts)
I0902 17:01:14.085258 15759 compaction.cc:902] Selected 1 rowsets to compact:
I0902 17:01:14.085290 15759 compaction.cc:905] memrowset(current size on disk: ~0 bytes)
I0902 17:01:14.085324 15759 tablet.cc:1069] T b79d7adfa7fb48509d0cb5c3a01f5295 P 81b89e30bd3e45e39b3bd3eca9d5f7c5: Memstore in-memory size: 763 bytes
I0902 17:01:14.085357 15759 tablet.cc:1332] T b79d7adfa7fb48509d0cb5c3a01f5295 P 81b89e30bd3e45e39b3bd3eca9d5f7c5: Flush: entering phase 1 (flushing snapshot). Phase 1 snapshot: MvccSnapshot[committed={T|T < 6161906376804581376}]
I0902 17:01:14.084918 15775 tablet.cc:1115] T eab66cb8a35a4399936ca49988b0131d P 81b89e30bd3e45e39b3bd3eca9d5f7c5: Alter schema from Schema [ 10:key[int32 NOT NULL] ] version 3 to Schema [ 10:key[int32 NOT NULL], 13:c456[int32 NOT NULL], 14:c14[int32 NULLABLE], 15:c554[int32 NOT NULL] ] version 4
I0902 17:01:14.085688 15775 tablet.cc:1067] T eab66cb8a35a4399936ca49988b0131d P 81b89e30bd3e45e39b3bd3eca9d5f7c5: Flush: entering stage 1 (old memrowset already frozen for inserts)
I0902 17:01:14.085722 15775 compaction.cc:902] Selected 1 rowsets to compact:
I0902 17:01:14.085741 15775 compaction.cc:905] memrowset(current size on disk: ~0 bytes)
I0902 17:01:14.085762 15775 tablet.cc:1069] T eab66cb8a35a4399936ca49988b0131d P 81b89e30bd3e45e39b3bd3eca9d5f7c5: Memstore in-memory size: 1759 bytes
I0902 17:01:14.085798 15775 tablet.cc:1332] T eab66cb8a35a4399936ca49988b0131d P 81b89e30bd3e45e39b3bd3eca9d5f7c5: Flush: entering phase 1 (flushing snapshot). Phase 1 snapshot: MvccSnapshot[committed={T|T < 6161906376807186432}]
I0902 17:01:14.086616 15616 maintenance_manager.cc:486] Time spent running UndoDeltaBlockGCOp(eab66cb8a35a4399936ca49988b0131d): real 0.000s user 0.000s sys 0.000s
I0902 17:01:14.086676 15775 multi_column_writer.cc:103] Opened CFile writers for 4 column(s)
I0902 17:01:14.087007 15616 maintenance_manager.cc:492] P d28f0f3b8d0e429484dbeeb2d41b7d50: UndoDeltaBlockGCOp(eab66cb8a35a4399936ca49988b0131d) metrics: {"cfile_init":1,"lbm_read_time_us":45,"lbm_reads_lt_1ms":4}
I0902 17:01:14.089629 15775 tablet.cc:1417] T eab66cb8a35a4399936ca49988b0131d P 81b89e30bd3e45e39b3bd3eca9d5f7c5: Flush: entering phase 2 (starting to duplicate updates in new rowsets)
I0902 17:01:14.090467 15773 tablet.cc:1516] T b79d7adfa7fb48509d0cb5c3a01f5295 P d28f0f3b8d0e429484dbeeb2d41b7d50: Flush successful on 2 rows (4744 bytes)
I0902 17:01:14.084666 15778 tablet.cc:1417] T eab66cb8a35a4399936ca49988b0131d P 475a466ec8b44f39bbf6b23f10ebe15b: Flush: entering phase 2 (starting to duplicate updates in new rowsets)
I0902 17:01:14.091004 15777 tablet.cc:1417] T 9f366aa97726498baf85962d42d8adc1 P 475a466ec8b44f39bbf6b23f10ebe15b: Flush: entering phase 2 (starting to duplicate updates in new rowsets)
I0902 17:01:14.091181 15777 tablet.cc:1472] T 9f366aa97726498baf85962d42d8adc1 P 475a466ec8b44f39bbf6b23f10ebe15b: Flush Phase 2: carrying over any updates which arrived during Phase 1
I0902 17:01:14.091181 15778 tablet.cc:1472] T eab66cb8a35a4399936ca49988b0131d P 475a466ec8b44f39bbf6b23f10ebe15b: Flush Phase 2: carrying over any updates which arrived during Phase 1
I0902 17:01:14.091214 15778 tablet.cc:1474] T eab66cb8a35a4399936ca49988b0131d P 475a466ec8b44f39bbf6b23f10ebe15b: Phase 2 snapshot: MvccSnapshot[committed={T|T < 6161906376807186432}]
I0902 17:01:14.091300 15761 tablet.cc:1472] T b79d7adfa7fb48509d0cb5c3a01f5295 P 475a466ec8b44f39bbf6b23f10ebe15b: Flush Phase 2: carrying over any updates which arrived during Phase 1
I0902 17:01:14.091336 15761 tablet.cc:1474] T b79d7adfa7fb48509d0cb5c3a01f5295 P 475a466ec8b44f39bbf6b23f10ebe15b: Phase 2 snapshot: MvccSnapshot[committed={T|T < 6161906376804581376}]
I0902 17:01:14.093062 15087 catalog_manager.cc:3728] T 00000000000000000000000000000000 P b004b3046b584f37925df45eda899ff0: test-table [id=b7f89f9ec9c0479b9fed277cd873ba0e] alter complete (version 4)
I0902 17:01:14.093120 15761 tablet.cc:1516] T b79d7adfa7fb48509d0cb5c3a01f5295 P 475a466ec8b44f39bbf6b23f10ebe15b: Flush successful on 2 rows (4744 bytes)
I0902 17:01:14.093144 15778 tablet.cc:1516] T eab66cb8a35a4399936ca49988b0131d P 475a466ec8b44f39bbf6b23f10ebe15b: Flush successful on 11 rows (4793 bytes)
I0902 17:01:14.098727 15777 tablet.cc:1474] T 9f366aa97726498baf85962d42d8adc1 P 475a466ec8b44f39bbf6b23f10ebe15b: Phase 2 snapshot: MvccSnapshot[committed={T|T < 6161906376807170048}]
I0902 17:01:14.100109 15777 tablet.cc:1516] T 9f366aa97726498baf85962d42d8adc1 P 475a466ec8b44f39bbf6b23f10ebe15b: Flush successful on 10 rows (4822 bytes)
I0902 17:01:14.100188 15762 tablet.cc:1417] T 9f366aa97726498baf85962d42d8adc1 P d28f0f3b8d0e429484dbeeb2d41b7d50: Flush: entering phase 2 (starting to duplicate updates in new rowsets)
I0902 17:01:14.100278 15762 tablet.cc:1472] T 9f366aa97726498baf85962d42d8adc1 P d28f0f3b8d0e429484dbeeb2d41b7d50: Flush Phase 2: carrying over any updates which arrived during Phase 1
I0902 17:01:14.100294 15762 tablet.cc:1474] T 9f366aa97726498baf85962d42d8adc1 P d28f0f3b8d0e429484dbeeb2d41b7d50: Phase 2 snapshot: MvccSnapshot[committed={T|T < 6161906376807170048}]
I0902 17:01:14.101997 15762 tablet.cc:1516] T 9f366aa97726498baf85962d42d8adc1 P d28f0f3b8d0e429484dbeeb2d41b7d50: Flush successful on 10 rows (4793 bytes)
I0902 17:01:14.102808 15775 tablet.cc:1472] T eab66cb8a35a4399936ca49988b0131d P 81b89e30bd3e45e39b3bd3eca9d5f7c5: Flush Phase 2: carrying over any updates which arrived during Phase 1
I0902 17:01:14.102833 15775 tablet.cc:1474] T eab66cb8a35a4399936ca49988b0131d P 81b89e30bd3e45e39b3bd3eca9d5f7c5: Phase 2 snapshot: MvccSnapshot[committed={T|T < 6161906376807186432}]
I0902 17:01:14.093844 15759 multi_column_writer.cc:103] Opened CFile writers for 4 column(s)
I0902 17:01:14.107012 15759 tablet.cc:1417] T b79d7adfa7fb48509d0cb5c3a01f5295 P 81b89e30bd3e45e39b3bd3eca9d5f7c5: Flush: entering phase 2 (starting to duplicate updates in new rowsets)
I0902 17:01:14.107122 15759 tablet.cc:1472] T b79d7adfa7fb48509d0cb5c3a01f5295 P 81b89e30bd3e45e39b3bd3eca9d5f7c5: Flush Phase 2: carrying over any updates which arrived during Phase 1
I0902 17:01:14.107141 15759 tablet.cc:1474] T b79d7adfa7fb48509d0cb5c3a01f5295 P 81b89e30bd3e45e39b3bd3eca9d5f7c5: Phase 2 snapshot: MvccSnapshot[committed={T|T < 6161906376804581376}]
I0902 17:01:14.108435 15775 tablet.cc:1516] T eab66cb8a35a4399936ca49988b0131d P 81b89e30bd3e45e39b3bd3eca9d5f7c5: Flush successful on 11 rows (4793 bytes)
I0902 17:01:14.115097 15759 tablet.cc:1516] T b79d7adfa7fb48509d0cb5c3a01f5295 P 81b89e30bd3e45e39b3bd3eca9d5f7c5: Flush successful on 2 rows (4744 bytes)
I0902 17:01:14.145493 15382 maintenance_manager.cc:486] Time spent running UndoDeltaBlockGCOp(eab66cb8a35a4399936ca49988b0131d): real 0.000s user 0.000s sys 0.000s
I0902 17:01:14.145918 15382 maintenance_manager.cc:492] P 81b89e30bd3e45e39b3bd3eca9d5f7c5: UndoDeltaBlockGCOp(eab66cb8a35a4399936ca49988b0131d) metrics: {"cfile_init":1,"lbm_read_time_us":60,"lbm_reads_lt_1ms":4}
I0902 17:01:14.146503 15382 maintenance_manager.cc:486] Time spent running UndoDeltaBlockGCOp(9f366aa97726498baf85962d42d8adc1): real 0.000s user 0.000s sys 0.000s
I0902 17:01:14.146569 15382 maintenance_manager.cc:492] P 81b89e30bd3e45e39b3bd3eca9d5f7c5: UndoDeltaBlockGCOp(9f366aa97726498baf85962d42d8adc1) metrics: {"cfile_init":1,"lbm_read_time_us":42,"lbm_reads_lt_1ms":4}
I0902 17:01:14.147003 15382 maintenance_manager.cc:486] Time spent running UndoDeltaBlockGCOp(b79d7adfa7fb48509d0cb5c3a01f5295): real 0.000s user 0.000s sys 0.000s
I0902 17:01:14.147060 15382 maintenance_manager.cc:492] P 81b89e30bd3e45e39b3bd3eca9d5f7c5: UndoDeltaBlockGCOp(b79d7adfa7fb48509d0cb5c3a01f5295) metrics: {"cfile_init":1,"lbm_read_time_us":41,"lbm_reads_lt_1ms":4}
I0902 17:01:14.149655 15056 alter_table-randomized-test.cc:114] Restarting TS 1
I0902 17:01:14.149698 15056 external_mini_cluster.cc:959] Killing /tmp/run_tha_testdnoRja/build/debug/bin/kudu-tserver with pid 15255
W0902 17:01:14.155884 15072 connection.cc:511] client connection to 127.58.208.2:43231 recv error: Network error: failed to read from TLS socket: Connection reset by peer (error 104)
W0902 17:01:14.156193 15072 connection.cc:511] server connection from 127.58.208.2:45275 recv error: Network error: failed to read from TLS socket: Connection reset by peer (error 104)
W0902 17:01:14.156335 15387 connection.cc:511] client connection to 127.58.208.2:43231 recv error: Network error: failed to read from TLS socket: Connection reset by peer (error 104)
W0902 17:01:14.156581 15621 connection.cc:511] server connection from 127.58.208.2:42475 recv error: Network error: failed to read from TLS socket: Connection reset by peer (error 104)
W0902 17:01:14.157104 15503 connection.cc:511] client connection to 127.58.208.2:43231 recv error: Network error: failed to read from TLS socket: Connection reset by peer (error 104)
W0902 17:01:14.157344 15386 connection.cc:511] server connection from 127.58.208.2:38884 recv error: Network error: failed to read from TLS socket: Connection reset by peer (error 104)
I0902 17:01:14.157915 15056 external_mini_cluster.cc:767] Running /tmp/run_tha_testdnoRja/build/debug/bin/kudu-tserver /tmp/run_tha_testdnoRja/build/debug/bin/kudu-tserver --fs_wal_dir=/tmp/run_tha_testdnoRja/test-tmp/alter_table-randomized-test.AlterTableRandomized.TestRandomSequence.1504371669910680-15056/minicluster-data/ts-1/wal --fs_data_dirs=/tmp/run_tha_testdnoRja/test-tmp/alter_table-randomized-test.AlterTableRandomized.TestRandomSequence.1504371669910680-15056/minicluster-data/ts-1/data --rpc_bind_addresses=127.58.208.2:43231 --local_ip_for_outbound_sockets=127.58.208.2 --webserver_port=52349 --webserver_interface=127.58.208.2 --tserver_master_addrs=127.58.208.254:35373 --never_fsync --ipki_server_key_size=1024 --enable_minidumps=false --redact=flag --metrics_log_interval_ms=1000 --logtostderr --logbuflevel=-1 --log_dir=/tmp/run_tha_testdnoRja/test-tmp/alter_table-randomized-test.AlterTableRandomized.TestRandomSequence.1504371669910680-15056/minicluster-data/ts-1/logs --server_dump_info_path=/tmp/run_tha_testdnoRja/test-tmp/alter_table-randomized-test.AlterTableRandomized.TestRandomSequence.1504371669910680-15056/minicluster-data/ts-1/data/info.pb --server_dump_info_format=pb --rpc_server_allow_ephemeral_ports --unlock_experimental_flags --unlock_unsafe_flags --log_container_preallocate_bytes=0 with env {} WARNING: Logging before InitGoogleLogging() is written to STDERR
W0902 17:01:14.221954 15782 flags.cc:395] Enabled unsafe flag: --rpc_server_allow_ephemeral_ports=true
W0902 17:01:14.222218 15782 flags.cc:395] Enabled unsafe flag: --never_fsync=true
W0902 17:01:14.223170 15782 flags.cc:395] Enabled experimental flag: --ipki_server_key_size=1024
W0902 17:01:14.223273 15782 flags.cc:395] Enabled experimental flag: --local_ip_for_outbound_sockets=127.58.208.2
I0902 17:01:14.224918 15782 tablet_server_main.cc:72] Tablet server non-default flags: --fs_data_dirs=/tmp/run_tha_testdnoRja/test-tmp/alter_table-randomized-test.AlterTableRandomized.TestRandomSequence.1504371669910680-15056/minicluster-data/ts-1/data --fs_wal_dir=/tmp/run_tha_testdnoRja/test-tmp/alter_table-randomized-test.AlterTableRandomized.TestRandomSequence.1504371669910680-15056/minicluster-data/ts-1/wal --log_container_preallocate_bytes=0 --ipki_server_key_size=1024 --rpc_bind_addresses=127.58.208.2:43231 --rpc_server_allow_ephemeral_ports=true --metrics_log_interval_ms=1000 --server_dump_info_format=pb --server_dump_info_path=/tmp/run_tha_testdnoRja/test-tmp/alter_table-randomized-test.AlterTableRandomized.TestRandomSequence.1504371669910680-15056/minicluster-data/ts-1/data/info.pb --webserver_interface=127.58.208.2 --webserver_port=52349 --tserver_master_addrs=127.58.208.254:35373 --never_fsync=true --heap_profile_path=/tmp/kudu-tserver.15782 --redact=flag --unlock_experimental_flags=true --unlock_unsafe_flags=true --enable_minidumps=false --local_ip_for_outbound_sockets=127.58.208.2 --log_dir=/tmp/run_tha_testdnoRja/test-tmp/alter_table-randomized-test.AlterTableRandomized.TestRandomSequence.1504371669910680-15056/minicluster-data/ts-1/logs --logbuflevel=-1 --logtostderr=true Tablet server version: kudu 1.6.0-SNAPSHOT revision 6e33286f595b7754377398ab85b18a953fabe7f9 build type DEBUG built by adar at 02 Sep 2017 09:50:52 PST on ve0518.halxg.cloudera.com
I0902 17:01:14.231415 15782 tablet_server_main.cc:79] Initializing tablet server...
I0902 17:01:14.232496 15782 system_ntp.cc:104] NTP initialized. Resolution in nanos?: 1 Skew PPM: 500 Current error: 1156013
I0902 17:01:14.237684 15782 fs_manager.cc:323] Time spent opening directory manager: real 0.003s user 0.004s sys 0.000s
I0902 17:01:14.237913 15782 env_posix.cc:1590] Not raising process file limit of 65536; it is already as high as it can go
I0902 17:01:14.238106 15782 file_cache.cc:469] Constructed file cache lbm with capacity 26214
I0902 17:01:14.246341 15782 fs_manager.cc:335] Time spent opening block manager: real 0.006s user 0.004s sys 0.000s
I0902 17:01:14.247027 15782 fs_manager.cc:348] Opened local filesystem: /tmp/run_tha_testdnoRja/test-tmp/alter_table-randomized-test.AlterTableRandomized.TestRandomSequence.1504371669910680-15056/minicluster-data/ts-1/data,/tmp/run_tha_testdnoRja/test-tmp/alter_table-randomized-test.AlterTableRandomized.TestRandomSequence.1504371669910680-15056/minicluster-data/ts-1/wal uuid: "475a466ec8b44f39bbf6b23f10ebe15b" format_stamp: "Formatted at 2017-09-02 17:01:10 on dist-test-slave-dist-test-slave-hk29"
I0902 17:01:14.247166 15782 fs_report.cc:347] Block manager report -------------------- 1 data directories: /tmp/run_tha_testdnoRja/test-tmp/alter_table-randomized-test.AlterTableRandomized.TestRandomSequence.1504371669910680-15056/minicluster-data/ts-1/data/data Total live blocks: 21 Total live bytes: 15750 Total live bytes (after alignment): 98304 Total number of LBM containers: 7 (0 full) Did not check for missing blocks Did not check for orphaned blocks Total full LBM containers with extra space: 0 (0 repaired) Total full LBM container extra space in bytes: 0 (0 repaired) Total incomplete LBM containers: 0 (0 repaired) Total LBM partial records: 0 (0 repaired)
I0902 17:01:14.307271 15782 ts_tablet_manager.cc:199] Loading tablet metadata (0/3 complete)
I0902 17:01:14.307368 15782 ts_tablet_manager.cc:770] T eab66cb8a35a4399936ca49988b0131d P 475a466ec8b44f39bbf6b23f10ebe15b: Loading tablet metadata
I0902 17:01:14.311110 15782 ts_tablet_manager.cc:770] T b79d7adfa7fb48509d0cb5c3a01f5295 P 475a466ec8b44f39bbf6b23f10ebe15b: Loading tablet metadata
