I0902 17:01:19.232977 16183 catalog_manager.cc:2943] Scheduling retry of 72aff43a768841bb91a3e3630747b057 (table test-table [id=b7f89f9ec9c0479b9fed277cd873ba0e]) Alter Table RPC with a delay of 20 ms (attempt = 0)
W0902 17:01:19.233000 16183 catalog_manager.cc:2962] Async tablet task 72aff43a768841bb91a3e3630747b057 (table test-table [id=b7f89f9ec9c0479b9fed277cd873ba0e]) Alter Table RPC failed: Not found: Failed to reset TS proxy: No leader found: Tablet 72aff43a768841bb91a3e3630747b057 consensus state has no leader
I0902 17:01:19.244117 16180 catalog_manager.cc:2943] Scheduling retry of 72aff43a768841bb91a3e3630747b057 (table test-table [id=b7f89f9ec9c0479b9fed277cd873ba0e]) Alter Table RPC with a delay of 20 ms (attempt = 0)
W0902 17:01:19.244148 16180 catalog_manager.cc:2962] Async tablet task 72aff43a768841bb91a3e3630747b057 (table test-table [id=b7f89f9ec9c0479b9fed277cd873ba0e]) Alter Table RPC failed: Not found: Failed to reset TS proxy: No leader found: Tablet 72aff43a768841bb91a3e3630747b057 consensus state has no leader
I0902 17:01:19.245180 16183 catalog_manager.cc:2943] Scheduling retry of 72aff43a768841bb91a3e3630747b057 (table test-table [id=b7f89f9ec9c0479b9fed277cd873ba0e]) Alter Table RPC with a delay of 41 ms (attempt = 0)
W0902 17:01:19.245203 16183 catalog_manager.cc:2962] Async tablet task 72aff43a768841bb91a3e3630747b057 (table test-table [id=b7f89f9ec9c0479b9fed277cd873ba0e]) Alter Table RPC failed: Not found: Failed to reset TS proxy: No leader found: Tablet 72aff43a768841bb91a3e3630747b057 consensus state has no leader
I0902 17:01:19.245260 16180 catalog_manager.cc:2943] Scheduling retry of 72aff43a768841bb91a3e3630747b057 (table test-table [id=b7f89f9ec9c0479b9fed277cd873ba0e]) Alter Table RPC with a delay of 49 ms (attempt = 0)
W0902 17:01:19.245277 16180 catalog_manager.cc:2962] Async tablet task 72aff43a768841bb91a3e3630747b057 (table test-table [id=b7f89f9ec9c0479b9fed277cd873ba0e]) Alter Table RPC failed: Not found: Failed to reset TS proxy: No leader found: Tablet 72aff43a768841bb91a3e3630747b057 consensus state has no leader
I0902 17:01:19.252508 16182 catalog_manager.cc:2943] Scheduling retry of 72aff43a768841bb91a3e3630747b057 (table test-table [id=b7f89f9ec9c0479b9fed277cd873ba0e]) Alter Table RPC with a delay of 56 ms (attempt = 0)
W0902 17:01:19.252535 16182 catalog_manager.cc:2962] Async tablet task 72aff43a768841bb91a3e3630747b057 (table test-table [id=b7f89f9ec9c0479b9fed277cd873ba0e]) Alter Table RPC failed: Not found: Failed to reset TS proxy: No leader found: Tablet 72aff43a768841bb91a3e3630747b057 consensus state has no leader
I0902 17:01:19.253376 16183 catalog_manager.cc:2943] Scheduling retry of 72aff43a768841bb91a3e3630747b057 (table test-table [id=b7f89f9ec9c0479b9fed277cd873ba0e]) Alter Table RPC with a delay of 31 ms (attempt = 0)
W0902 17:01:19.253389 16183 catalog_manager.cc:2962] Async tablet task 72aff43a768841bb91a3e3630747b057 (table test-table [id=b7f89f9ec9c0479b9fed277cd873ba0e]) Alter Table RPC failed: Not found: Failed to reset TS proxy: No leader found: Tablet 72aff43a768841bb91a3e3630747b057 consensus state has no leader
I0902 17:01:19.254202 16180 catalog_manager.cc:2943] Scheduling retry of 72aff43a768841bb91a3e3630747b057 (table test-table [id=b7f89f9ec9c0479b9fed277cd873ba0e]) Alter Table RPC with a delay of 32 ms (attempt = 0)
W0902 17:01:19.254217 16180 catalog_manager.cc:2962] Async tablet task 72aff43a768841bb91a3e3630747b057 (table test-table [id=b7f89f9ec9c0479b9fed277cd873ba0e]) Alter Table RPC failed: Not found: Failed to reset TS proxy: No leader found: Tablet 72aff43a768841bb91a3e3630747b057 consensus state has no leader
I0902 17:01:19.264382 16180 catalog_manager.cc:2943] Scheduling retry of 72aff43a768841bb91a3e3630747b057 (table test-table [id=b7f89f9ec9c0479b9fed277cd873ba0e]) Alter Table RPC with a delay of 30 ms (attempt = 0)
W0902 17:01:19.264400 16180 catalog_manager.cc:2962] Async tablet task 72aff43a768841bb91a3e3630747b057 (table test-table [id=b7f89f9ec9c0479b9fed277cd873ba0e]) Alter Table RPC failed: Not found: Failed to reset TS proxy: No leader found: Tablet 72aff43a768841bb91a3e3630747b057 consensus state has no leader
I0902 17:01:19.284548 16183 catalog_manager.cc:2943] Scheduling retry of 72aff43a768841bb91a3e3630747b057 (table test-table [id=b7f89f9ec9c0479b9fed277cd873ba0e]) Alter Table RPC with a delay of 30 ms (attempt = 0)
W0902 17:01:19.284565 16183 catalog_manager.cc:2962] Async tablet task 72aff43a768841bb91a3e3630747b057 (table test-table [id=b7f89f9ec9c0479b9fed277cd873ba0e]) Alter Table RPC failed: Not found: Failed to reset TS proxy: No leader found: Tablet 72aff43a768841bb91a3e3630747b057 consensus state has no leader
I0902 17:01:19.286556 16180 catalog_manager.cc:2943] Scheduling retry of 72aff43a768841bb91a3e3630747b057 (table test-table [id=b7f89f9ec9c0479b9fed277cd873ba0e]) Alter Table RPC with a delay of 12 ms (attempt = 0)
W0902 17:01:19.286572 16180 catalog_manager.cc:2962] Async tablet task 72aff43a768841bb91a3e3630747b057 (table test-table [id=b7f89f9ec9c0479b9fed277cd873ba0e]) Alter Table RPC failed: Not found: Failed to reset TS proxy: No leader found: Tablet 72aff43a768841bb91a3e3630747b057 consensus state has no leader
I0902 17:01:19.286713 16183 catalog_manager.cc:2943] Scheduling retry of 72aff43a768841bb91a3e3630747b057 (table test-table [id=b7f89f9ec9c0479b9fed277cd873ba0e]) Alter Table RPC with a delay of 43 ms (attempt = 0)
W0902 17:01:19.286725 16183 catalog_manager.cc:2962] Async tablet task 72aff43a768841bb91a3e3630747b057 (table test-table [id=b7f89f9ec9c0479b9fed277cd873ba0e]) Alter Table RPC failed: Not found: Failed to reset TS proxy: No leader found: Tablet 72aff43a768841bb91a3e3630747b057 consensus state has no leader
I0902 17:01:19.294726 16180 catalog_manager.cc:2943] Scheduling retry of 72aff43a768841bb91a3e3630747b057 (table test-table [id=b7f89f9ec9c0479b9fed277cd873ba0e]) Alter Table RPC with a delay of 29 ms (attempt = 0)
W0902 17:01:19.294741 16180 catalog_manager.cc:2962] Async tablet task 72aff43a768841bb91a3e3630747b057 (table test-table [id=b7f89f9ec9c0479b9fed277cd873ba0e]) Alter Table RPC failed: Not found: Failed to reset TS proxy: No leader found: Tablet 72aff43a768841bb91a3e3630747b057 consensus state has no leader
I0902 17:01:19.294757 16180 catalog_manager.cc:2943] Scheduling retry of 72aff43a768841bb91a3e3630747b057 (table test-table [id=b7f89f9ec9c0479b9fed277cd873ba0e]) Alter Table RPC with a delay of 15 ms (attempt = 0)
W0902 17:01:19.294767 16180 catalog_manager.cc:2962] Async tablet task 72aff43a768841bb91a3e3630747b057 (table test-table [id=b7f89f9ec9c0479b9fed277cd873ba0e]) Alter Table RPC failed: Not found: Failed to reset TS proxy: No leader found: Tablet 72aff43a768841bb91a3e3630747b057 consensus state has no leader
I0902 17:01:19.298955 16180 catalog_manager.cc:2943] Scheduling retry of 72aff43a768841bb91a3e3630747b057 (table test-table [id=b7f89f9ec9c0479b9fed277cd873ba0e]) Alter Table RPC with a delay of 23 ms (attempt = 0)
W0902 17:01:19.298984 16180 catalog_manager.cc:2962] Async tablet task 72aff43a768841bb91a3e3630747b057 (table test-table [id=b7f89f9ec9c0479b9fed277cd873ba0e]) Alter Table RPC failed: Not found: Failed to reset TS proxy: No leader found: Tablet 72aff43a768841bb91a3e3630747b057 consensus state has no leader
I0902 17:01:19.305718 16260 raft_consensus.cc:412] T 72aff43a768841bb91a3e3630747b057 P 475a466ec8b44f39bbf6b23f10ebe15b [term 0 FOLLOWER]: Starting pre-election (no leader contacted us within the election timeout)
I0902 17:01:19.305763 16260 raft_consensus.cc:2456] T 72aff43a768841bb91a3e3630747b057 P 475a466ec8b44f39bbf6b23f10ebe15b: Snoozing failure detection for 1.720s (starting election)
I0902 17:01:19.305861 16260 raft_consensus.cc:434] T 72aff43a768841bb91a3e3630747b057 P 475a466ec8b44f39bbf6b23f10ebe15b [term 0 FOLLOWER]: Starting pre-election with config: opid_index: -1 OBSOLETE_local: false peers { permanent_uuid: "475a466ec8b44f39bbf6b23f10ebe15b" member_type: VOTER last_known_addr { host: "127.58.208.2" port: 43231 } } peers { permanent_uuid: "81b89e30bd3e45e39b3bd3eca9d5f7c5" member_type: VOTER last_known_addr { host: "127.58.208.3" port: 42179 } } peers { permanent_uuid: "d28f0f3b8d0e429484dbeeb2d41b7d50" member_type: VOTER last_known_addr { host: "127.58.208.1" port: 59914 } }
I0902 17:01:19.306206 16260 leader_election.cc:221] T 72aff43a768841bb91a3e3630747b057 P 475a466ec8b44f39bbf6b23f10ebe15b [CANDIDATE]: Term 1 pre-election: Requesting pre-vote from peer 81b89e30bd3e45e39b3bd3eca9d5f7c5
I0902 17:01:19.306336 16260 leader_election.cc:221] T 72aff43a768841bb91a3e3630747b057 P 475a466ec8b44f39bbf6b23f10ebe15b [CANDIDATE]: Term 1 pre-election: Requesting pre-vote from peer d28f0f3b8d0e429484dbeeb2d41b7d50
I0902 17:01:19.306941 16078 tablet_service.cc:1002] Received RequestConsensusVote() RPC: tablet_id: "72aff43a768841bb91a3e3630747b057" candidate_uuid: "475a466ec8b44f39bbf6b23f10ebe15b" candidate_term: 1 candidate_status { last_received { term: 0 index: 0 } } ignore_live_leader: false dest_uuid: "d28f0f3b8d0e429484dbeeb2d41b7d50" is_pre_election: true
I0902 17:01:19.306941 15453 tablet_service.cc:1002] Received RequestConsensusVote() RPC: tablet_id: "72aff43a768841bb91a3e3630747b057" candidate_uuid: "475a466ec8b44f39bbf6b23f10ebe15b" candidate_term: 1 candidate_status { last_received { term: 0 index: 0 } } ignore_live_leader: false dest_uuid: "81b89e30bd3e45e39b3bd3eca9d5f7c5" is_pre_election: true
I0902 17:01:19.307019 16078 raft_consensus.cc:2456] T 72aff43a768841bb91a3e3630747b057 P d28f0f3b8d0e429484dbeeb2d41b7d50: Snoozing failure detection for 1.502s (vote granted)
I0902 17:01:19.307019 15453 raft_consensus.cc:2456] T 72aff43a768841bb91a3e3630747b057 P 81b89e30bd3e45e39b3bd3eca9d5f7c5: Snoozing failure detection for 1.773s (vote granted)
I0902 17:01:19.307051 15453 raft_consensus.cc:2010] T 72aff43a768841bb91a3e3630747b057 P 81b89e30bd3e45e39b3bd3eca9d5f7c5 [term 0 FOLLOWER]: Leader pre-election vote request: Granting yes vote for candidate 475a466ec8b44f39bbf6b23f10ebe15b in term 0.
I0902 17:01:19.307050 16078 raft_consensus.cc:2010] T 72aff43a768841bb91a3e3630747b057 P d28f0f3b8d0e429484dbeeb2d41b7d50 [term 0 FOLLOWER]: Leader pre-election vote request: Granting yes vote for candidate 475a466ec8b44f39bbf6b23f10ebe15b in term 0.
I0902 17:01:19.307415 15792 leader_election.cc:353] T 72aff43a768841bb91a3e3630747b057 P 475a466ec8b44f39bbf6b23f10ebe15b [CANDIDATE]: Term 1 pre-election: Vote granted by peer 81b89e30bd3e45e39b3bd3eca9d5f7c5
I0902 17:01:19.307448 15792 leader_election.cc:248] T 72aff43a768841bb91a3e3630747b057 P 475a466ec8b44f39bbf6b23f10ebe15b [CANDIDATE]: Term 1 pre-election: Election decided. Result: candidate won.
I0902 17:01:19.307507 15793 leader_election.cc:353] T 72aff43a768841bb91a3e3630747b057 P 475a466ec8b44f39bbf6b23f10ebe15b [CANDIDATE]: Term 1 pre-election: Vote granted by peer d28f0f3b8d0e429484dbeeb2d41b7d50
I0902 17:01:19.307574 16254 raft_consensus.cc:2456] T 72aff43a768841bb91a3e3630747b057 P 475a466ec8b44f39bbf6b23f10ebe15b: Snoozing failure detection for 1.710s (election complete)
I0902 17:01:19.307600 16254 raft_consensus.cc:2280] T 72aff43a768841bb91a3e3630747b057 P 475a466ec8b44f39bbf6b23f10ebe15b [term 0 FOLLOWER]: Leader pre-election won for term 1
I0902 17:01:19.307615 16254 raft_consensus.cc:412] T 72aff43a768841bb91a3e3630747b057 P 475a466ec8b44f39bbf6b23f10ebe15b [term 0 FOLLOWER]: Starting leader election (no leader contacted us within the election timeout)
I0902 17:01:19.307626 16254 raft_consensus.cc:2456] T 72aff43a768841bb91a3e3630747b057 P 475a466ec8b44f39bbf6b23f10ebe15b: Snoozing failure detection for 1.556s (starting election)
I0902 17:01:19.307637 16254 raft_consensus.cc:2508] T 72aff43a768841bb91a3e3630747b057 P 475a466ec8b44f39bbf6b23f10ebe15b [term 0 FOLLOWER]: Advancing to term 1
I0902 17:01:19.308583 16254 raft_consensus.cc:434] T 72aff43a768841bb91a3e3630747b057 P 475a466ec8b44f39bbf6b23f10ebe15b [term 1 FOLLOWER]: Starting leader election with config: opid_index: -1 OBSOLETE_local: false peers { permanent_uuid: "475a466ec8b44f39bbf6b23f10ebe15b" member_type: VOTER last_known_addr { host: "127.58.208.2" port: 43231 } } peers { permanent_uuid: "81b89e30bd3e45e39b3bd3eca9d5f7c5" member_type: VOTER last_known_addr { host: "127.58.208.3" port: 42179 } } peers { permanent_uuid: "d28f0f3b8d0e429484dbeeb2d41b7d50" member_type: VOTER last_known_addr { host: "127.58.208.1" port: 59914 } }
I0902 17:01:19.308732 16182 catalog_manager.cc:2943] Scheduling retry of 72aff43a768841bb91a3e3630747b057 (table test-table [id=b7f89f9ec9c0479b9fed277cd873ba0e]) Alter Table RPC with a delay of 55 ms (attempt = 0)
W0902 17:01:19.308761 16182 catalog_manager.cc:2962] Async tablet task 72aff43a768841bb91a3e3630747b057 (table test-table [id=b7f89f9ec9c0479b9fed277cd873ba0e]) Alter Table RPC failed: Not found: Failed to reset TS proxy: No leader found: Tablet 72aff43a768841bb91a3e3630747b057 consensus state has no leader
I0902 17:01:19.308805 16254 leader_election.cc:221] T 72aff43a768841bb91a3e3630747b057 P 475a466ec8b44f39bbf6b23f10ebe15b [CANDIDATE]: Term 1 election: Requesting vote from peer 81b89e30bd3e45e39b3bd3eca9d5f7c5
I0902 17:01:19.308931 16254 leader_election.cc:221] T 72aff43a768841bb91a3e3630747b057 P 475a466ec8b44f39bbf6b23f10ebe15b [CANDIDATE]: Term 1 election: Requesting vote from peer d28f0f3b8d0e429484dbeeb2d41b7d50
I0902 17:01:19.309275 15453 tablet_service.cc:1002] Received RequestConsensusVote() RPC: tablet_id: "72aff43a768841bb91a3e3630747b057" candidate_uuid: "475a466ec8b44f39bbf6b23f10ebe15b" candidate_term: 1 candidate_status { last_received { term: 0 index: 0 } } ignore_live_leader: false dest_uuid: "81b89e30bd3e45e39b3bd3eca9d5f7c5"
I0902 17:01:19.309317 15453 raft_consensus.cc:2508] T 72aff43a768841bb91a3e3630747b057 P 81b89e30bd3e45e39b3bd3eca9d5f7c5 [term 0 FOLLOWER]: Advancing to term 1
I0902 17:01:19.309316 16078 tablet_service.cc:1002] Received RequestConsensusVote() RPC: tablet_id: "72aff43a768841bb91a3e3630747b057" candidate_uuid: "475a466ec8b44f39bbf6b23f10ebe15b" candidate_term: 1 candidate_status { last_received { term: 0 index: 0 } } ignore_live_leader: false dest_uuid: "d28f0f3b8d0e429484dbeeb2d41b7d50"
I0902 17:01:19.309352 16078 raft_consensus.cc:2508] T 72aff43a768841bb91a3e3630747b057 P d28f0f3b8d0e429484dbeeb2d41b7d50 [term 0 FOLLOWER]: Advancing to term 1
I0902 17:01:19.309370 15453 raft_consensus.cc:2456] T 72aff43a768841bb91a3e3630747b057 P 81b89e30bd3e45e39b3bd3eca9d5f7c5: Snoozing failure detection for 1.838s (vote granted)
I0902 17:01:19.309408 16078 raft_consensus.cc:2456] T 72aff43a768841bb91a3e3630747b057 P d28f0f3b8d0e429484dbeeb2d41b7d50: Snoozing failure detection for 1.592s (vote granted)
I0902 17:01:19.310235 16078 raft_consensus.cc:2010] T 72aff43a768841bb91a3e3630747b057 P d28f0f3b8d0e429484dbeeb2d41b7d50 [term 1 FOLLOWER]: Leader election vote request: Granting yes vote for candidate 475a466ec8b44f39bbf6b23f10ebe15b in term 1.
I0902 17:01:19.310235 15453 raft_consensus.cc:2010] T 72aff43a768841bb91a3e3630747b057 P 81b89e30bd3e45e39b3bd3eca9d5f7c5 [term 1 FOLLOWER]: Leader election vote request: Granting yes vote for candidate 475a466ec8b44f39bbf6b23f10ebe15b in term 1.
I0902 17:01:19.310519 15792 leader_election.cc:353] T 72aff43a768841bb91a3e3630747b057 P 475a466ec8b44f39bbf6b23f10ebe15b [CANDIDATE]: Term 1 election: Vote granted by peer 81b89e30bd3e45e39b3bd3eca9d5f7c5
I0902 17:01:19.310547 15792 leader_election.cc:248] T 72aff43a768841bb91a3e3630747b057 P 475a466ec8b44f39bbf6b23f10ebe15b [CANDIDATE]: Term 1 election: Election decided. Result: candidate won.
I0902 17:01:19.310591 15793 leader_election.cc:353] T 72aff43a768841bb91a3e3630747b057 P 475a466ec8b44f39bbf6b23f10ebe15b [CANDIDATE]: Term 1 election: Vote granted by peer d28f0f3b8d0e429484dbeeb2d41b7d50
I0902 17:01:19.310652 16244 raft_consensus.cc:2456] T 72aff43a768841bb91a3e3630747b057 P 475a466ec8b44f39bbf6b23f10ebe15b: Snoozing failure detection for 2.023s (election complete)
I0902 17:01:19.310676 16244 raft_consensus.cc:2280] T 72aff43a768841bb91a3e3630747b057 P 475a466ec8b44f39bbf6b23f10ebe15b [term 1 FOLLOWER]: Leader election won for term 1
I0902 17:01:19.310708 16180 catalog_manager.cc:2943] Scheduling retry of 72aff43a768841bb91a3e3630747b057 (table test-table [id=b7f89f9ec9c0479b9fed277cd873ba0e]) Alter Table RPC with a delay of 29 ms (attempt = 0)
I0902 17:01:19.310730 16244 raft_consensus.cc:542] T 72aff43a768841bb91a3e3630747b057 P 475a466ec8b44f39bbf6b23f10ebe15b [term 1 LEADER]: Becoming Leader. State: Replica: 475a466ec8b44f39bbf6b23f10ebe15b, State: Running, Role: LEADER
W0902 17:01:19.310757 16180 catalog_manager.cc:2962] Async tablet task 72aff43a768841bb91a3e3630747b057 (table test-table [id=b7f89f9ec9c0479b9fed277cd873ba0e]) Alter Table RPC failed: Not found: Failed to reset TS proxy: No leader found: Tablet 72aff43a768841bb91a3e3630747b057 consensus state has no leader
I0902 17:01:19.310811 16244 consensus_queue.cc:169] T 72aff43a768841bb91a3e3630747b057 P 475a466ec8b44f39bbf6b23f10ebe15b [LEADER]: Queue going to LEADER mode. State: All replicated index: 0, Majority replicated index: 0, Committed index: 0, Last appended: 0.0, Last appended by leader: 0, Current term: 1, Majority size: 2, State: 0, Mode: LEADER, active raft config: opid_index: -1 OBSOLETE_local: false peers { permanent_uuid: "475a466ec8b44f39bbf6b23f10ebe15b" member_type: VOTER last_known_addr { host: "127.58.208.2" port: 43231 } } peers { permanent_uuid: "81b89e30bd3e45e39b3bd3eca9d5f7c5" member_type: VOTER last_known_addr { host: "127.58.208.3" port: 42179 } } peers { permanent_uuid: "d28f0f3b8d0e429484dbeeb2d41b7d50" member_type: VOTER last_known_addr { host: "127.58.208.1" port: 59914 } }
I0902 17:01:19.315042 16183 catalog_manager.cc:2943] Scheduling retry of 72aff43a768841bb91a3e3630747b057 (table test-table [id=b7f89f9ec9c0479b9fed277cd873ba0e]) Alter Table RPC with a delay of 34 ms (attempt = 0)
W0902 17:01:19.315070 16183 catalog_manager.cc:2962] Async tablet task 72aff43a768841bb91a3e3630747b057 (table test-table [id=b7f89f9ec9c0479b9fed277cd873ba0e]) Alter Table RPC failed: Not found: Failed to reset TS proxy: No leader found: Tablet 72aff43a768841bb91a3e3630747b057 consensus state has no leader
I0902 17:01:19.319109 16198 catalog_manager.cc:2462] TS 475a466ec8b44f39bbf6b23f10ebe15b (127.58.208.2:43231) does not have the latest schema for tablet 72aff43a768841bb91a3e3630747b057 (table test-table [id=b7f89f9ec9c0479b9fed277cd873ba0e]). Expected version 12 got 0
I0902 17:01:19.319455 16198 catalog_manager.cc:2571] T 72aff43a768841bb91a3e3630747b057 reported cstate change: term changed from 0 to 1, leader changed from to 475a466ec8b44f39bbf6b23f10ebe15b (127.58.208.2). New cstate: current_term: 1 leader_uuid: "475a466ec8b44f39bbf6b23f10ebe15b" committed_config { opid_index: -1 OBSOLETE_local: false peers { permanent_uuid: "475a466ec8b44f39bbf6b23f10ebe15b" member_type: VOTER last_known_addr { host: "127.58.208.2" port: 43231 } } peers { permanent_uuid: "81b89e30bd3e45e39b3bd3eca9d5f7c5" member_type: VOTER last_known_addr { host: "127.58.208.3" port: 42179 } } peers { permanent_uuid: "d28f0f3b8d0e429484dbeeb2d41b7d50" member_type: VOTER last_known_addr { host: "127.58.208.1" port: 59914 } } }
I0902 17:01:19.322548 15453 raft_consensus.cc:964] T 72aff43a768841bb91a3e3630747b057 P 81b89e30bd3e45e39b3bd3eca9d5f7c5 [term 1 FOLLOWER]: Refusing update from remote peer 475a466ec8b44f39bbf6b23f10ebe15b: Log matching property violated. Preceding OpId in replica: term: 0 index: 0. Preceding OpId from leader: term: 1 index: 2. (index mismatch)
I0902 17:01:19.322556 16078 raft_consensus.cc:964] T 72aff43a768841bb91a3e3630747b057 P d28f0f3b8d0e429484dbeeb2d41b7d50 [term 1 FOLLOWER]: Refusing update from remote peer 475a466ec8b44f39bbf6b23f10ebe15b: Log matching property violated. Preceding OpId in replica: term: 0 index: 0. Preceding OpId from leader: term: 1 index: 2. (index mismatch)
I0902 17:01:19.322906 16251 consensus_queue.cc:741] T 72aff43a768841bb91a3e3630747b057 P 475a466ec8b44f39bbf6b23f10ebe15b [LEADER]: Connected to new peer: Peer: 81b89e30bd3e45e39b3bd3eca9d5f7c5, Is new: false, Last received: 0.0, Next index: 1, Last known committed idx: 0, Last exchange result: ERROR, Needs tablet copy: false
I0902 17:01:19.322949 16244 consensus_queue.cc:741] T 72aff43a768841bb91a3e3630747b057 P 475a466ec8b44f39bbf6b23f10ebe15b [LEADER]: Connected to new peer: Peer: d28f0f3b8d0e429484dbeeb2d41b7d50, Is new: false, Last received: 0.0, Next index: 1, Last known committed idx: 0, Last exchange result: ERROR, Needs tablet copy: false
I0902 17:01:19.325595 16198 catalog_manager.cc:2462] TS d28f0f3b8d0e429484dbeeb2d41b7d50 (127.58.208.1:59914) does not have the latest schema for tablet 72aff43a768841bb91a3e3630747b057 (table test-table [id=b7f89f9ec9c0479b9fed277cd873ba0e]). Expected version 12 got 0
I0902 17:01:19.325675 16255 tablet.cc:1115] T 72aff43a768841bb91a3e3630747b057 P 475a466ec8b44f39bbf6b23f10ebe15b: Alter schema from Schema [ 10:c564[int32 NOT NULL], 17:c875[int32 NULLABLE], 18:c335[int32 NOT NULL] ] version 0 to Schema [ 10:c564[int32 NOT NULL], 17:c875[int32 NULLABLE], 18:c335[int32 NOT NULL] ] version 12
I0902 17:01:19.326474 16271 tablet.cc:1115] T 72aff43a768841bb91a3e3630747b057 P d28f0f3b8d0e429484dbeeb2d41b7d50: Alter schema from Schema [ 10:c564[int32 NOT NULL], 17:c875[int32 NULLABLE], 18:c335[int32 NOT NULL] ] version 0 to Schema [ 10:c564[int32 NOT NULL], 17:c875[int32 NULLABLE], 18:c335[int32 NOT NULL] ] version 12
I0902 17:01:19.326822 16198 catalog_manager.cc:2462] TS d28f0f3b8d0e429484dbeeb2d41b7d50 (127.58.208.1:59914) does not have the latest schema for tablet 72aff43a768841bb91a3e3630747b057 (table test-table [id=b7f89f9ec9c0479b9fed277cd873ba0e]). Expected version 12 got 0
I0902 17:01:19.328768 16198 catalog_manager.cc:3728] T 00000000000000000000000000000000 P b004b3046b584f37925df45eda899ff0: test-table [id=b7f89f9ec9c0479b9fed277cd873ba0e] alter complete (version 12)
I0902 17:01:19.329993 16270 tablet.cc:1110] T 72aff43a768841bb91a3e3630747b057 P 475a466ec8b44f39bbf6b23f10ebe15b: Already running schema version 12 got alter request for version 12
I0902 17:01:19.331419 16256 tablet.cc:1110] T 72aff43a768841bb91a3e3630747b057 P d28f0f3b8d0e429484dbeeb2d41b7d50: Already running schema version 12 got alter request for version 12
I0902 17:01:19.332218 16255 tablet.cc:1110] T 72aff43a768841bb91a3e3630747b057 P 475a466ec8b44f39bbf6b23f10ebe15b: Already running schema version 12 got alter request for version 12
I0902 17:01:19.332805 16271 tablet.cc:1110] T 72aff43a768841bb91a3e3630747b057 P d28f0f3b8d0e429484dbeeb2d41b7d50: Already running schema version 12 got alter request for version 12
I0902 17:01:19.334923 16197 catalog_manager.cc:2462] TS 81b89e30bd3e45e39b3bd3eca9d5f7c5 (127.58.208.3:42179) does not have the latest schema for tablet 72aff43a768841bb91a3e3630747b057 (table test-table [id=b7f89f9ec9c0479b9fed277cd873ba0e]). Expected version 12 got 0
I0902 17:01:19.336400 16197 catalog_manager.cc:2462] TS 81b89e30bd3e45e39b3bd3eca9d5f7c5 (127.58.208.3:42179) does not have the latest schema for tablet 72aff43a768841bb91a3e3630747b057 (table test-table [id=b7f89f9ec9c0479b9fed277cd873ba0e]). Expected version 12 got 0
I0902 17:01:19.336421 16257 tablet.cc:1115] T 72aff43a768841bb91a3e3630747b057 P 81b89e30bd3e45e39b3bd3eca9d5f7c5: Alter schema from Schema [ 10:c564[int32 NOT NULL], 17:c875[int32 NULLABLE], 18:c335[int32 NOT NULL] ] version 0 to Schema [ 10:c564[int32 NOT NULL], 17:c875[int32 NULLABLE], 18:c335[int32 NOT NULL] ] version 12
I0902 17:01:19.337642 16257 tablet.cc:1110] T 72aff43a768841bb91a3e3630747b057 P 81b89e30bd3e45e39b3bd3eca9d5f7c5: Already running schema version 12 got alter request for version 12
I0902 17:01:19.337805 16257 tablet.cc:1110] T 72aff43a768841bb91a3e3630747b057 P 81b89e30bd3e45e39b3bd3eca9d5f7c5: Already running schema version 12 got alter request for version 12
I0902 17:01:19.430053 15056 alter_table-randomized-test.cc:436] Beginning Alterations
I0902 17:01:19.430830 15056 alter_table-randomized-test.cc:495] Dropping column c875, existing columns: c564, c875, c335
I0902 17:01:19.430876 15056 alter_table-randomized-test.cc:504] Renaming column c335 to c908
I0902 17:01:19.430891 15056 alter_table-randomized-test.cc:474] Adding column c876, existing columns: c564, c908
I0902 17:01:19.430908 15056 alter_table-randomized-test.cc:468] Committing Alterations
I0902 17:01:19.431411 16197 catalog_manager.cc:1946] Servicing AlterTable request from {username='slave'} at 127.0.0.1:43636: table { table_name: "test-table" } alter_schema_steps { type: DROP_COLUMN drop_column { name: "c875" } } alter_schema_steps { type: RENAME_COLUMN rename_column { old_name: "c335" new_name: "c908" } } alter_schema_steps { type: ADD_COLUMN add_column { schema { name: "c876" type: INT32 is_nullable: false read_default_value: "4[\\1" encoding: AUTO_ENCODING compression: DEFAULT_COMPRESSION cfile_block_size: 0 } } }
I0902 17:01:19.436115 16269 tablet.cc:1115] T bc88948776204095ba3e800689fff6f3 P 81b89e30bd3e45e39b3bd3eca9d5f7c5: Alter schema from Schema [ 10:c564[int32 NOT NULL], 17:c875[int32 NULLABLE], 18:c335[int32 NOT NULL] ] version 12 to Schema [ 10:c564[int32 NOT NULL], 18:c908[int32 NOT NULL], 21:c876[int32 NOT NULL] ] version 13
I0902 17:01:19.436358 16269 tablet.cc:1067] T bc88948776204095ba3e800689fff6f3 P 81b89e30bd3e45e39b3bd3eca9d5f7c5: Flush: entering stage 1 (old memrowset already frozen for inserts)
I0902 17:01:19.436369 16269 compaction.cc:902] Selected 1 rowsets to compact:
I0902 17:01:19.436373 16269 compaction.cc:905] memrowset(current size on disk: ~0 bytes)
I0902 17:01:19.436380 16269 tablet.cc:1069] T bc88948776204095ba3e800689fff6f3 P 81b89e30bd3e45e39b3bd3eca9d5f7c5: Memstore in-memory size: 763 bytes
I0902 17:01:19.436393 16269 tablet.cc:1332] T bc88948776204095ba3e800689fff6f3 P 81b89e30bd3e45e39b3bd3eca9d5f7c5: Flush: entering phase 1 (flushing snapshot). Phase 1 snapshot: MvccSnapshot[committed={T|T < 6161906398960640000}]
I0902 17:01:19.437147 16269 multi_column_writer.cc:103] Opened CFile writers for 3 column(s)
I0902 17:01:19.440059 16270 tablet.cc:1115] T 72aff43a768841bb91a3e3630747b057 P 475a466ec8b44f39bbf6b23f10ebe15b: Alter schema from Schema [ 10:c564[int32 NOT NULL], 17:c875[int32 NULLABLE], 18:c335[int32 NOT NULL] ] version 12 to Schema [ 10:c564[int32 NOT NULL], 18:c908[int32 NOT NULL], 21:c876[int32 NOT NULL] ] version 13
I0902 17:01:19.440280 16270 tablet.cc:1067] T 72aff43a768841bb91a3e3630747b057 P 475a466ec8b44f39bbf6b23f10ebe15b: Flush: entering stage 1 (old memrowset already frozen for inserts)
I0902 17:01:19.440295 16270 compaction.cc:902] Selected 1 rowsets to compact:
I0902 17:01:19.440300 16270 compaction.cc:905] memrowset(current size on disk: ~0 bytes)
I0902 17:01:19.440315 16270 tablet.cc:1069] T 72aff43a768841bb91a3e3630747b057 P 475a466ec8b44f39bbf6b23f10ebe15b: Memstore in-memory size: 763 bytes
I0902 17:01:19.440330 16270 tablet.cc:1332] T 72aff43a768841bb91a3e3630747b057 P 475a466ec8b44f39bbf6b23f10ebe15b: Flush: entering phase 1 (flushing snapshot). Phase 1 snapshot: MvccSnapshot[committed={T|T < 6161906398960652288}]
I0902 17:01:19.440686 16255 tablet.cc:1115] T bc88948776204095ba3e800689fff6f3 P 475a466ec8b44f39bbf6b23f10ebe15b: Alter schema from Schema [ 10:c564[int32 NOT NULL], 17:c875[int32 NULLABLE], 18:c335[int32 NOT NULL] ] version 12 to Schema [ 10:c564[int32 NOT NULL], 18:c908[int32 NOT NULL], 21:c876[int32 NOT NULL] ] version 13
I0902 17:01:19.440903 16255 tablet.cc:1067] T bc88948776204095ba3e800689fff6f3 P 475a466ec8b44f39bbf6b23f10ebe15b: Flush: entering stage 1 (old memrowset already frozen for inserts)
I0902 17:01:19.440922 16255 compaction.cc:902] Selected 1 rowsets to compact:
I0902 17:01:19.440927 16255 compaction.cc:905] memrowset(current size on disk: ~0 bytes)
I0902 17:01:19.440933 16255 tablet.cc:1069] T bc88948776204095ba3e800689fff6f3 P 475a466ec8b44f39bbf6b23f10ebe15b: Memstore in-memory size: 763 bytes
I0902 17:01:19.440948 16255 tablet.cc:1332] T bc88948776204095ba3e800689fff6f3 P 475a466ec8b44f39bbf6b23f10ebe15b: Flush: entering phase 1 (flushing snapshot). Phase 1 snapshot: MvccSnapshot[committed={T|T < 6161906398960640000}]
I0902 17:01:19.441118 16257 tablet.cc:1115] T 72aff43a768841bb91a3e3630747b057 P 81b89e30bd3e45e39b3bd3eca9d5f7c5: Alter schema from Schema [ 10:c564[int32 NOT NULL], 17:c875[int32 NULLABLE], 18:c335[int32 NOT NULL] ] version 12 to Schema [ 10:c564[int32 NOT NULL], 18:c908[int32 NOT NULL], 21:c876[int32 NOT NULL] ] version 13
I0902 17:01:19.441351 16257 tablet.cc:1067] T 72aff43a768841bb91a3e3630747b057 P 81b89e30bd3e45e39b3bd3eca9d5f7c5: Flush: entering stage 1 (old memrowset already frozen for inserts)
I0902 17:01:19.441390 16257 compaction.cc:902] Selected 1 rowsets to compact:
I0902 17:01:19.441408 16257 compaction.cc:905] memrowset(current size on disk: ~0 bytes)
I0902 17:01:19.441432 16257 tablet.cc:1069] T 72aff43a768841bb91a3e3630747b057 P 81b89e30bd3e45e39b3bd3eca9d5f7c5: Memstore in-memory size: 763 bytes
I0902 17:01:19.441462 16257 tablet.cc:1332] T 72aff43a768841bb91a3e3630747b057 P 81b89e30bd3e45e39b3bd3eca9d5f7c5: Flush: entering phase 1 (flushing snapshot). Phase 1 snapshot: MvccSnapshot[committed={T|T < 6161906398960652288}]
I0902 17:01:19.442011 16257 multi_column_writer.cc:103] Opened CFile writers for 3 column(s)
I0902 17:01:19.442294 16270 multi_column_writer.cc:103] Opened CFile writers for 3 column(s)
I0902 17:01:19.443146 16269 tablet.cc:1417] T bc88948776204095ba3e800689fff6f3 P 81b89e30bd3e45e39b3bd3eca9d5f7c5: Flush: entering phase 2 (starting to duplicate updates in new rowsets)
I0902 17:01:19.443212 16255 multi_column_writer.cc:103] Opened CFile writers for 3 column(s)
I0902 17:01:19.443250 16269 tablet.cc:1472] T bc88948776204095ba3e800689fff6f3 P 81b89e30bd3e45e39b3bd3eca9d5f7c5: Flush Phase 2: carrying over any updates which arrived during Phase 1
I0902 17:01:19.443264 16269 tablet.cc:1474] T bc88948776204095ba3e800689fff6f3 P 81b89e30bd3e45e39b3bd3eca9d5f7c5: Phase 2 snapshot: MvccSnapshot[committed={T|T < 6161906398960640000}]
I0902 17:01:19.444732 16257 tablet.cc:1417] T 72aff43a768841bb91a3e3630747b057 P 81b89e30bd3e45e39b3bd3eca9d5f7c5: Flush: entering phase 2 (starting to duplicate updates in new rowsets)
I0902 17:01:19.444844 16257 tablet.cc:1472] T 72aff43a768841bb91a3e3630747b057 P 81b89e30bd3e45e39b3bd3eca9d5f7c5: Flush Phase 2: carrying over any updates which arrived during Phase 1
I0902 17:01:19.444846 16269 tablet.cc:1516] T bc88948776204095ba3e800689fff6f3 P 81b89e30bd3e45e39b3bd3eca9d5f7c5: Flush successful on 1 rows (4650 bytes)
I0902 17:01:19.445533 16257 tablet.cc:1474] T 72aff43a768841bb91a3e3630747b057 P 81b89e30bd3e45e39b3bd3eca9d5f7c5: Phase 2 snapshot: MvccSnapshot[committed={T|T < 6161906398960652288}]
I0902 17:01:19.446765 16257 tablet.cc:1516] T 72aff43a768841bb91a3e3630747b057 P 81b89e30bd3e45e39b3bd3eca9d5f7c5: Flush successful on 1 rows (4661 bytes)
I0902 17:01:19.447373 16256 tablet.cc:1115] T 72aff43a768841bb91a3e3630747b057 P d28f0f3b8d0e429484dbeeb2d41b7d50: Alter schema from Schema [ 10:c564[int32 NOT NULL], 17:c875[int32 NULLABLE], 18:c335[int32 NOT NULL] ] version 12 to Schema [ 10:c564[int32 NOT NULL], 18:c908[int32 NOT NULL], 21:c876[int32 NOT NULL] ] version 13
I0902 17:01:19.447607 16256 tablet.cc:1067] T 72aff43a768841bb91a3e3630747b057 P d28f0f3b8d0e429484dbeeb2d41b7d50: Flush: entering stage 1 (old memrowset already frozen for inserts)
I0902 17:01:19.447623 16256 compaction.cc:902] Selected 1 rowsets to compact:
I0902 17:01:19.447628 16256 compaction.cc:905] memrowset(current size on disk: ~0 bytes)
I0902 17:01:19.447634 16256 tablet.cc:1069] T 72aff43a768841bb91a3e3630747b057 P d28f0f3b8d0e429484dbeeb2d41b7d50: Memstore in-memory size: 763 bytes
I0902 17:01:19.447649 16256 tablet.cc:1332] T 72aff43a768841bb91a3e3630747b057 P d28f0f3b8d0e429484dbeeb2d41b7d50: Flush: entering phase 1 (flushing snapshot). Phase 1 snapshot: MvccSnapshot[committed={T|T < 6161906398960652288}]
I0902 17:01:19.448458 16255 tablet.cc:1417] T bc88948776204095ba3e800689fff6f3 P 475a466ec8b44f39bbf6b23f10ebe15b: Flush: entering phase 2 (starting to duplicate updates in new rowsets)
I0902 17:01:19.448565 16255 tablet.cc:1472] T bc88948776204095ba3e800689fff6f3 P 475a466ec8b44f39bbf6b23f10ebe15b: Flush Phase 2: carrying over any updates which arrived during Phase 1
I0902 17:01:19.448583 16255 tablet.cc:1474] T bc88948776204095ba3e800689fff6f3 P 475a466ec8b44f39bbf6b23f10ebe15b: Phase 2 snapshot: MvccSnapshot[committed={T|T < 6161906398960640000}]
I0902 17:01:19.449591 16256 multi_column_writer.cc:103] Opened CFile writers for 3 column(s)
I0902 17:01:19.449769 16255 tablet.cc:1516] T bc88948776204095ba3e800689fff6f3 P 475a466ec8b44f39bbf6b23f10ebe15b: Flush successful on 1 rows (4659 bytes)
I0902 17:01:19.450137 16255 tablet.cc:1115] T 7ab6f1a0b8d2430c933828f8da2892f6 P 475a466ec8b44f39bbf6b23f10ebe15b: Alter schema from Schema [ 10:c564[int32 NOT NULL], 17:c875[int32 NULLABLE], 18:c335[int32 NOT NULL] ] version 12 to Schema [ 10:c564[int32 NOT NULL], 18:c908[int32 NOT NULL], 21:c876[int32 NOT NULL] ] version 13
I0902 17:01:19.450407 16255 tablet.cc:1067] T 7ab6f1a0b8d2430c933828f8da2892f6 P 475a466ec8b44f39bbf6b23f10ebe15b: Flush: entering stage 1 (old memrowset already frozen for inserts)
I0902 17:01:19.450418 16255 compaction.cc:902] Selected 1 rowsets to compact:
I0902 17:01:19.450423 16255 compaction.cc:905] memrowset(current size on disk: ~0 bytes)
I0902 17:01:19.450430 16255 tablet.cc:1069] T 7ab6f1a0b8d2430c933828f8da2892f6 P 475a466ec8b44f39bbf6b23f10ebe15b: Memstore in-memory size: 763 bytes
I0902 17:01:19.450445 16255 tablet.cc:1332] T 7ab6f1a0b8d2430c933828f8da2892f6 P 475a466ec8b44f39bbf6b23f10ebe15b: Flush: entering phase 1 (flushing snapshot). Phase 1 snapshot: MvccSnapshot[committed={T|T < 6161906398964510720}]
I0902 17:01:19.451001 16255 multi_column_writer.cc:103] Opened CFile writers for 3 column(s)
I0902 17:01:19.451679 16271 tablet.cc:1115] T bc88948776204095ba3e800689fff6f3 P d28f0f3b8d0e429484dbeeb2d41b7d50: Alter schema from Schema [ 10:c564[int32 NOT NULL], 17:c875[int32 NULLABLE], 18:c335[int32 NOT NULL] ] version 12 to Schema [ 10:c564[int32 NOT NULL], 18:c908[int32 NOT NULL], 21:c876[int32 NOT NULL] ] version 13
I0902 17:01:19.451941 16271 tablet.cc:1067] T bc88948776204095ba3e800689fff6f3 P d28f0f3b8d0e429484dbeeb2d41b7d50: Flush: entering stage 1 (old memrowset already frozen for inserts)
I0902 17:01:19.451952 16271 compaction.cc:902] Selected 1 rowsets to compact:
I0902 17:01:19.451957 16271 compaction.cc:905] memrowset(current size on disk: ~0 bytes)
I0902 17:01:19.451964 16271 tablet.cc:1069] T bc88948776204095ba3e800689fff6f3 P d28f0f3b8d0e429484dbeeb2d41b7d50: Memstore in-memory size: 763 bytes
I0902 17:01:19.451977 16271 tablet.cc:1332] T bc88948776204095ba3e800689fff6f3 P d28f0f3b8d0e429484dbeeb2d41b7d50: Flush: entering phase 1 (flushing snapshot). Phase 1 snapshot: MvccSnapshot[committed={T|T < 6161906398960640000}]
I0902 17:01:19.452520 16271 multi_column_writer.cc:103] Opened CFile writers for 3 column(s)
I0902 17:01:19.453501 16255 tablet.cc:1417] T 7ab6f1a0b8d2430c933828f8da2892f6 P 475a466ec8b44f39bbf6b23f10ebe15b: Flush: entering phase 2 (starting to duplicate updates in new rowsets)
I0902 17:01:19.453611 16269 tablet.cc:1115] T 7ab6f1a0b8d2430c933828f8da2892f6 P 81b89e30bd3e45e39b3bd3eca9d5f7c5: Alter schema from Schema [ 10:c564[int32 NOT NULL], 17:c875[int32 NULLABLE], 18:c335[int32 NOT NULL] ] version 12 to Schema [ 10:c564[int32 NOT NULL], 18:c908[int32 NOT NULL], 21:c876[int32 NOT NULL] ] version 13
I0902 17:01:19.453615 16255 tablet.cc:1472] T 7ab6f1a0b8d2430c933828f8da2892f6 P 475a466ec8b44f39bbf6b23f10ebe15b: Flush Phase 2: carrying over any updates which arrived during Phase 1
I0902 17:01:19.453629 16255 tablet.cc:1474] T 7ab6f1a0b8d2430c933828f8da2892f6 P 475a466ec8b44f39bbf6b23f10ebe15b: Phase 2 snapshot: MvccSnapshot[committed={T|T < 6161906398964510720}]
I0902 17:01:19.453858 16269 tablet.cc:1067] T 7ab6f1a0b8d2430c933828f8da2892f6 P 81b89e30bd3e45e39b3bd3eca9d5f7c5: Flush: entering stage 1 (old memrowset already frozen for inserts)
I0902 17:01:19.453868 16269 compaction.cc:902] Selected 1 rowsets to compact:
I0902 17:01:19.453873 16269 compaction.cc:905] memrowset(current size on disk: ~0 bytes)
I0902 17:01:19.453881 16269 tablet.cc:1069] T 7ab6f1a0b8d2430c933828f8da2892f6 P 81b89e30bd3e45e39b3bd3eca9d5f7c5: Memstore in-memory size: 763 bytes
I0902 17:01:19.453892 16269 tablet.cc:1332] T 7ab6f1a0b8d2430c933828f8da2892f6 P 81b89e30bd3e45e39b3bd3eca9d5f7c5: Flush: entering phase 1 (flushing snapshot). Phase 1 snapshot: MvccSnapshot[committed={T|T < 6161906398964510720}]
I0902 17:01:19.454454 16269 multi_column_writer.cc:103] Opened CFile writers for 3 column(s)
I0902 17:01:19.454856 16297 tablet.cc:1115] T 7ab6f1a0b8d2430c933828f8da2892f6 P d28f0f3b8d0e429484dbeeb2d41b7d50: Alter schema from Schema [ 10:c564[int32 NOT NULL], 17:c875[int32 NULLABLE], 18:c335[int32 NOT NULL] ] version 12 to Schema [ 10:c564[int32 NOT NULL], 18:c908[int32 NOT NULL], 21:c876[int32 NOT NULL] ] version 13
I0902 17:01:19.455097 16297 tablet.cc:1067] T 7ab6f1a0b8d2430c933828f8da2892f6 P d28f0f3b8d0e429484dbeeb2d41b7d50: Flush: entering stage 1 (old memrowset already frozen for inserts)
I0902 17:01:19.455111 16297 compaction.cc:902] Selected 1 rowsets to compact:
I0902 17:01:19.455116 16297 compaction.cc:905] memrowset(current size on disk: ~0 bytes)
I0902 17:01:19.455122 16297 tablet.cc:1069] T 7ab6f1a0b8d2430c933828f8da2892f6 P d28f0f3b8d0e429484dbeeb2d41b7d50: Memstore in-memory size: 763 bytes
I0902 17:01:19.455137 16297 tablet.cc:1332] T 7ab6f1a0b8d2430c933828f8da2892f6 P d28f0f3b8d0e429484dbeeb2d41b7d50: Flush: entering phase 1 (flushing snapshot). Phase 1 snapshot: MvccSnapshot[committed={T|T < 6161906398964510720}]
I0902 17:01:19.455617 16297 multi_column_writer.cc:103] Opened CFile writers for 3 column(s)
I0902 17:01:19.457594 16269 tablet.cc:1417] T 7ab6f1a0b8d2430c933828f8da2892f6 P 81b89e30bd3e45e39b3bd3eca9d5f7c5: Flush: entering phase 2 (starting to duplicate updates in new rowsets)
I0902 17:01:19.457710 16269 tablet.cc:1472] T 7ab6f1a0b8d2430c933828f8da2892f6 P 81b89e30bd3e45e39b3bd3eca9d5f7c5: Flush Phase 2: carrying over any updates which arrived during Phase 1
I0902 17:01:19.457727 16269 tablet.cc:1474] T 7ab6f1a0b8d2430c933828f8da2892f6 P 81b89e30bd3e45e39b3bd3eca9d5f7c5: Phase 2 snapshot: MvccSnapshot[committed={T|T < 6161906398964510720}]
I0902 17:01:19.458277 16270 tablet.cc:1417] T 72aff43a768841bb91a3e3630747b057 P 475a466ec8b44f39bbf6b23f10ebe15b: Flush: entering phase 2 (starting to duplicate updates in new rowsets)
I0902 17:01:19.458384 16270 tablet.cc:1472] T 72aff43a768841bb91a3e3630747b057 P 475a466ec8b44f39bbf6b23f10ebe15b: Flush Phase 2: carrying over any updates which arrived during Phase 1
I0902 17:01:19.458405 16270 tablet.cc:1474] T 72aff43a768841bb91a3e3630747b057 P 475a466ec8b44f39bbf6b23f10ebe15b: Phase 2 snapshot: MvccSnapshot[committed={T|T < 6161906398960652288}]
I0902 17:01:19.458959 16269 tablet.cc:1516] T 7ab6f1a0b8d2430c933828f8da2892f6 P 81b89e30bd3e45e39b3bd3eca9d5f7c5: Flush successful on 1 rows (4653 bytes)
I0902 17:01:19.459713 16270 tablet.cc:1516] T 72aff43a768841bb91a3e3630747b057 P 475a466ec8b44f39bbf6b23f10ebe15b: Flush successful on 1 rows (4658 bytes)
I0902 17:01:19.461205 16197 catalog_manager.cc:3728] T 00000000000000000000000000000000 P b004b3046b584f37925df45eda899ff0: test-table [id=b7f89f9ec9c0479b9fed277cd873ba0e] alter complete (version 13)
I0902 17:01:19.461576 16255 tablet.cc:1516] T 7ab6f1a0b8d2430c933828f8da2892f6 P 475a466ec8b44f39bbf6b23f10ebe15b: Flush successful on 1 rows (4652 bytes)
I0902 17:01:19.461952 16271 tablet.cc:1417] T bc88948776204095ba3e800689fff6f3 P d28f0f3b8d0e429484dbeeb2d41b7d50: Flush: entering phase 2 (starting to duplicate updates in new rowsets)
I0902 17:01:19.462065 16271 tablet.cc:1472] T bc88948776204095ba3e800689fff6f3 P d28f0f3b8d0e429484dbeeb2d41b7d50: Flush Phase 2: carrying over any updates which arrived during Phase 1
I0902 17:01:19.462082 16271 tablet.cc:1474] T bc88948776204095ba3e800689fff6f3 P d28f0f3b8d0e429484dbeeb2d41b7d50: Phase 2 snapshot: MvccSnapshot[committed={T|T < 6161906398960640000}]
I0902 17:01:19.463397 16271 tablet.cc:1516] T bc88948776204095ba3e800689fff6f3 P d28f0f3b8d0e429484dbeeb2d41b7d50: Flush successful on 1 rows (4661 bytes)
I0902 17:01:19.464880 16256 tablet.cc:1417] T 72aff43a768841bb91a3e3630747b057 P d28f0f3b8d0e429484dbeeb2d41b7d50: Flush: entering phase 2 (starting to duplicate updates in new rowsets)
I0902 17:01:19.464972 16256 tablet.cc:1472] T 72aff43a768841bb91a3e3630747b057 P d28f0f3b8d0e429484dbeeb2d41b7d50: Flush Phase 2: carrying over any updates which arrived during Phase 1
I0902 17:01:19.464992 16256 tablet.cc:1474] T 72aff43a768841bb91a3e3630747b057 P d28f0f3b8d0e429484dbeeb2d41b7d50: Phase 2 snapshot: MvccSnapshot[committed={T|T < 6161906398960652288}]
I0902 17:01:19.466300 16256 tablet.cc:1516] T 72aff43a768841bb91a3e3630747b057 P d28f0f3b8d0e429484dbeeb2d41b7d50: Flush successful on 1 rows (4641 bytes)
I0902 17:01:19.467890 16297 tablet.cc:1417] T 7ab6f1a0b8d2430c933828f8da2892f6 P d28f0f3b8d0e429484dbeeb2d41b7d50: Flush: entering phase 2 (starting to duplicate updates in new rowsets)
I0902 17:01:19.468016 16297 tablet.cc:1472] T 7ab6f1a0b8d2430c933828f8da2892f6 P d28f0f3b8d0e429484dbeeb2d41b7d50: Flush Phase 2: carrying over any updates which arrived during Phase 1
I0902 17:01:19.468036 16297 tablet.cc:1474] T 7ab6f1a0b8d2430c933828f8da2892f6 P d28f0f3b8d0e429484dbeeb2d41b7d50: Phase 2 snapshot: MvccSnapshot[committed={T|T < 6161906398964510720}]
I0902 17:01:19.469074 16297 tablet.cc:1516] T 7ab6f1a0b8d2430c933828f8da2892f6 P d28f0f3b8d0e429484dbeeb2d41b7d50: Flush successful on 1 rows (4646 bytes)
I0902 17:01:19.568891 15056 alter_table-randomized-test.cc:114] Restarting TS 1
I0902 17:01:19.568997 15056 external_mini_cluster.cc:959] Killing /tmp/run_tha_testdnoRja/build/debug/bin/kudu-tserver with pid 15782
W0902 17:01:19.573669 15387 connection.cc:511] client connection to 127.58.208.2:43231 recv error: Network error: failed to read from TLS socket: Connection reset by peer (error 104)
W0902 17:01:19.573729 16182 connection.cc:511] client connection to 127.58.208.2:43231 recv error: Network error: failed to read from TLS socket: Connection reset by peer (error 104)
W0902 17:01:19.582377 16007 connection.cc:511] server connection from 127.58.208.2:48455 recv error: Network error: failed to read from TLS socket: Connection reset by peer (error 104)
W0902 17:01:19.582644 16181 connection.cc:511] server connection from 127.58.208.2:37636 recv error: Network error: failed to read from TLS socket: Connection reset by peer (error 104)
W0902 17:01:19.582649 15061 connection.cc:511] client connection to 127.58.208.2:43231 recv error: Network error: failed to read from TLS socket: Connection reset by peer (error 104)
W0902 17:01:19.582937 16008 connection.cc:511] client connection to 127.58.208.2:43231 recv error: Network error: failed to read from TLS socket: Connection reset by peer (error 104)
W0902 17:01:19.582947 15387 connection.cc:511] server connection from 127.58.208.2:51362 recv error: Network error: failed to read from TLS socket: Connection reset by peer (error 104)
W0902 17:01:19.583055 15503 connection.cc:511] client connection to 127.58.208.2:43231 recv error: Network error: failed to read from TLS socket: Connection reset by peer (error 104)
I0902 17:01:19.583505 15056 external_mini_cluster.cc:767] Running /tmp/run_tha_testdnoRja/build/debug/bin/kudu-tserver /tmp/run_tha_testdnoRja/build/debug/bin/kudu-tserver --fs_wal_dir=/tmp/run_tha_testdnoRja/test-tmp/alter_table-randomized-test.AlterTableRandomized.TestRandomSequence.1504371669910680-15056/minicluster-data/ts-1/wal --fs_data_dirs=/tmp/run_tha_testdnoRja/test-tmp/alter_table-randomized-test.AlterTableRandomized.TestRandomSequence.1504371669910680-15056/minicluster-data/ts-1/data --rpc_bind_addresses=127.58.208.2:43231 --local_ip_for_outbound_sockets=127.58.208.2 --webserver_port=52349 --webserver_interface=127.58.208.2 --tserver_master_addrs=127.58.208.254:35373 --never_fsync --ipki_server_key_size=1024 --enable_minidumps=false --redact=flag --metrics_log_interval_ms=1000 --logtostderr --logbuflevel=-1 --log_dir=/tmp/run_tha_testdnoRja/test-tmp/alter_table-randomized-test.AlterTableRandomized.TestRandomSequence.1504371669910680-15056/minicluster-data/ts-1/logs --server_dump_info_path=/tmp/run_tha_testdnoRja/test-tmp/alter_table-randomized-test.AlterTableRandomized.TestRandomSequence.1504371669910680-15056/minicluster-data/ts-1/data/info.pb --server_dump_info_format=pb --rpc_server_allow_ephemeral_ports --unlock_experimental_flags --unlock_unsafe_flags --log_container_preallocate_bytes=0 with env {}
I0902 17:01:19.612524 16003 maintenance_manager.cc:486] Time spent running UndoDeltaBlockGCOp(72aff43a768841bb91a3e3630747b057): real 0.000s user 0.000s sys 0.000s
I0902 17:01:19.612634 16003 maintenance_manager.cc:492] P d28f0f3b8d0e429484dbeeb2d41b7d50: UndoDeltaBlockGCOp(72aff43a768841bb91a3e3630747b057) metrics: {"cfile_init":1,"lbm_read_time_us":76,"lbm_reads_lt_1ms":4}
I0902 17:01:19.613158 16003 maintenance_manager.cc:486] Time spent running UndoDeltaBlockGCOp(7ab6f1a0b8d2430c933828f8da2892f6): real 0.000s user 0.000s sys 0.000s
I0902 17:01:19.613224 16003 maintenance_manager.cc:492] P d28f0f3b8d0e429484dbeeb2d41b7d50: UndoDeltaBlockGCOp(7ab6f1a0b8d2430c933828f8da2892f6) metrics: {"cfile_init":1,"lbm_read_time_us":48,"lbm_reads_lt_1ms":4}
I0902 17:01:19.613651 16003 maintenance_manager.cc:486] Time spent running UndoDeltaBlockGCOp(bc88948776204095ba3e800689fff6f3): real 0.000s user 0.000s sys 0.000s
I0902 17:01:19.613713 16003 maintenance_manager.cc:492] P d28f0f3b8d0e429484dbeeb2d41b7d50: UndoDeltaBlockGCOp(bc88948776204095ba3e800689fff6f3) metrics: {"cfile_init":1,"lbm_read_time_us":45,"lbm_reads_lt_1ms":4} WARNING: Logging before InitGoogleLogging() is written to STDERR
W0902 17:01:19.638831 16299 flags.cc:395] Enabled unsafe flag: --rpc_server_allow_ephemeral_ports=true
W0902 17:01:19.638998 16299 flags.cc:395] Enabled unsafe flag: --never_fsync=true
W0902 17:01:19.639654 16299 flags.cc:395] Enabled experimental flag: --ipki_server_key_size=1024
W0902 17:01:19.639714 16299 flags.cc:395] Enabled experimental flag: --local_ip_for_outbound_sockets=127.58.208.2
I0902 17:01:19.640887 16299 tablet_server_main.cc:72] Tablet server non-default flags: --fs_data_dirs=/tmp/run_tha_testdnoRja/test-tmp/alter_table-randomized-test.AlterTableRandomized.TestRandomSequence.1504371669910680-15056/minicluster-data/ts-1/data --fs_wal_dir=/tmp/run_tha_testdnoRja/test-tmp/alter_table-randomized-test.AlterTableRandomized.TestRandomSequence.1504371669910680-15056/minicluster-data/ts-1/wal --log_container_preallocate_bytes=0 --ipki_server_key_size=1024 --rpc_bind_addresses=127.58.208.2:43231 --rpc_server_allow_ephemeral_ports=true --metrics_log_interval_ms=1000 --server_dump_info_format=pb --server_dump_info_path=/tmp/run_tha_testdnoRja/test-tmp/alter_table-randomized-test.AlterTableRandomized.TestRandomSequence.1504371669910680-15056/minicluster-data/ts-1/data/info.pb --webserver_interface=127.58.208.2 --webserver_port=52349 --tserver_master_addrs=127.58.208.254:35373 --never_fsync=true --heap_profile_path=/tmp/kudu-tserver.16299 --redact=flag --unlock_experimental_flags=true --unlock_unsafe_flags=true --enable_minidumps=false --local_ip_for_outbound_sockets=127.58.208.2 --log_dir=/tmp/run_tha_testdnoRja/test-tmp/alter_table-randomized-test.AlterTableRandomized.TestRandomSequence.1504371669910680-15056/minicluster-data/ts-1/logs --logbuflevel=-1 --logtostderr=true Tablet server version: kudu 1.6.0-SNAPSHOT revision 6e33286f595b7754377398ab85b18a953fabe7f9 build type DEBUG built by adar at 02 Sep 2017 09:50:52 PST on ve0518.halxg.cloudera.com
I0902 17:01:19.645836 16299 tablet_server_main.cc:79] Initializing tablet server...
I0902 17:01:19.646697 16299 system_ntp.cc:104] NTP initialized. Resolution in nanos?: 1 Skew PPM: 500 Current error: 1158513
I0902 17:01:19.659564 16299 fs_manager.cc:323] Time spent opening directory manager: real 0.011s user 0.004s sys 0.000s
I0902 17:01:19.659718 16299 env_posix.cc:1590] Not raising process file limit of 65536; it is already as high as it can go
I0902 17:01:19.659884 16299 file_cache.cc:469] Constructed file cache lbm with capacity 26214
I0902 17:01:19.661772 15382 maintenance_manager.cc:486] Time spent running UndoDeltaBlockGCOp(72aff43a768841bb91a3e3630747b057): real 0.000s user 0.000s sys 0.000s
I0902 17:01:19.661886 15382 maintenance_manager.cc:492] P 81b89e30bd3e45e39b3bd3eca9d5f7c5: UndoDeltaBlockGCOp(72aff43a768841bb91a3e3630747b057) metrics: {"cfile_init":1,"lbm_read_time_us":70,"lbm_reads_lt_1ms":4}
I0902 17:01:19.662482 15382 maintenance_manager.cc:486] Time spent running UndoDeltaBlockGCOp(7ab6f1a0b8d2430c933828f8da2892f6): real 0.000s user 0.000s sys 0.000s
I0902 17:01:19.662539 15382 maintenance_manager.cc:492] P 81b89e30bd3e45e39b3bd3eca9d5f7c5: UndoDeltaBlockGCOp(7ab6f1a0b8d2430c933828f8da2892f6) metrics: {"cfile_init":1,"lbm_read_time_us":74,"lbm_reads_lt_1ms":4}
I0902 17:01:19.662943 15382 maintenance_manager.cc:486] Time spent running UndoDeltaBlockGCOp(bc88948776204095ba3e800689fff6f3): real 0.000s user 0.000s sys 0.000s
I0902 17:01:19.663005 15382 maintenance_manager.cc:492] P 81b89e30bd3e45e39b3bd3eca9d5f7c5: UndoDeltaBlockGCOp(bc88948776204095ba3e800689fff6f3) metrics: {"cfile_init":1,"lbm_read_time_us":40,"lbm_reads_lt_1ms":4}
I0902 17:01:19.682281 16299 fs_manager.cc:335] Time spent opening block manager: real 0.021s user 0.004s sys 0.000s
