I0823 00:29:57.180078 1956 raft_consensus.cc:353] T 00000000000000000000000000000000 P 98c4111bbdc74cdfb92adab979812b3f [term 1 FOLLOWER]: Only one voter in the Raft config. Triggering election immediately
I0823 00:29:57.180150 1956 raft_consensus.cc:437] T 00000000000000000000000000000000 P 98c4111bbdc74cdfb92adab979812b3f [term 1 FOLLOWER]: Starting leader election (initial election of a single-replica configuration)
I0823 00:29:57.180244 1956 raft_consensus.cc:2429] T 00000000000000000000000000000000 P 98c4111bbdc74cdfb92adab979812b3f: Snoozing failure detection for election timeout plus an additional 1.971s
I0823 00:29:57.180335 1956 raft_consensus.cc:2476] T 00000000000000000000000000000000 P 98c4111bbdc74cdfb92adab979812b3f [term 1 FOLLOWER]: Advancing to term 2
I0823 00:29:57.184381 1956 raft_consensus.cc:461] T 00000000000000000000000000000000 P 98c4111bbdc74cdfb92adab979812b3f [term 2 FOLLOWER]: Starting leader election with config: opid_index: -1 OBSOLETE_local: true peers { permanent_uuid: "98c4111bbdc74cdfb92adab979812b3f" member_type: VOTER }
I0823 00:29:57.184921 1956 leader_election.cc:248] T 00000000000000000000000000000000 P 98c4111bbdc74cdfb92adab979812b3f [CANDIDATE]: Term 2 election: Election decided. Result: candidate won.
I0823 00:29:57.186393 1956 sys_catalog.cc:318] T 00000000000000000000000000000000 P 98c4111bbdc74cdfb92adab979812b3f [sys.catalog]: SysCatalogTable state changed. Reason: Started TabletReplica. Latest consensus state: current_term: 2 leader_uuid: "" committed_config { opid_index: -1 OBSOLETE_local: true peers { permanent_uuid: "98c4111bbdc74cdfb92adab979812b3f" member_type: VOTER } }
I0823 00:29:57.186445 1960 raft_consensus.cc:2429] T 00000000000000000000000000000000 P 98c4111bbdc74cdfb92adab979812b3f: Snoozing failure detection for election timeout plus an additional 1.745s
I0823 00:29:57.186565 1956 sys_catalog.cc:321] T 00000000000000000000000000000000 P 98c4111bbdc74cdfb92adab979812b3f [sys.catalog]: This master's current role is: FOLLOWER
I0823 00:29:57.186605 1960 raft_consensus.cc:2224] T 00000000000000000000000000000000 P 98c4111bbdc74cdfb92adab979812b3f [term 2 FOLLOWER]: Leader election won for term 2
I0823 00:29:57.186445 1961 sys_catalog.cc:318] T 00000000000000000000000000000000 P 98c4111bbdc74cdfb92adab979812b3f [sys.catalog]: SysCatalogTable state changed. Reason: RaftConsensus started. Latest consensus state: current_term: 2 leader_uuid: "" committed_config { opid_index: -1 OBSOLETE_local: true peers { permanent_uuid: "98c4111bbdc74cdfb92adab979812b3f" member_type: VOTER } }
I0823 00:29:57.186686 1961 sys_catalog.cc:321] T 00000000000000000000000000000000 P 98c4111bbdc74cdfb92adab979812b3f [sys.catalog]: This master's current role is: FOLLOWER
I0823 00:29:57.187149 1960 raft_consensus.cc:564] T 00000000000000000000000000000000 P 98c4111bbdc74cdfb92adab979812b3f [term 2 LEADER]: Becoming Leader. State: Replica: 98c4111bbdc74cdfb92adab979812b3f, State: Running, Role: LEADER
I0823 00:29:57.187721 1960 consensus_queue.cc:170] T 00000000000000000000000000000000 P 98c4111bbdc74cdfb92adab979812b3f [LEADER]: Queue going to LEADER mode. State: All replicated index: 0, Majority replicated index: 4, Committed index: 4, Last appended: 1.4, Last appended by leader: 4, Current term: 2, Majority size: 1, State: 0, Mode: LEADER, active raft config: opid_index: -1 OBSOLETE_local: true peers { permanent_uuid: "98c4111bbdc74cdfb92adab979812b3f" member_type: VOTER }
I0823 00:29:57.193979 1961 sys_catalog.cc:318] T 00000000000000000000000000000000 P 98c4111bbdc74cdfb92adab979812b3f [sys.catalog]: SysCatalogTable state changed. Reason: New leader 98c4111bbdc74cdfb92adab979812b3f. Latest consensus state: current_term: 2 leader_uuid: "98c4111bbdc74cdfb92adab979812b3f" committed_config { opid_index: -1 OBSOLETE_local: true peers { permanent_uuid: "98c4111bbdc74cdfb92adab979812b3f" member_type: VOTER } }
I0823 00:29:57.194128 1961 sys_catalog.cc:321] T 00000000000000000000000000000000 P 98c4111bbdc74cdfb92adab979812b3f [sys.catalog]: This master's current role is: LEADER
I0823 00:29:57.194463 1956 sys_catalog.cc:400] T 00000000000000000000000000000000 P 98c4111bbdc74cdfb92adab979812b3f [sys.catalog]: configured and running, proceeding with master startup.
I0823 00:29:57.196041 1897 master_main.cc:79] Master server successfully started.
I0823 00:29:57.196074 1964 catalog_manager.cc:1042] Loading table and tablet metadata into memory...
I0823 00:29:57.200176 1964 catalog_manager.cc:1053] Initializing Kudu internal certificate authority...
I0823 00:29:57.203155 1964 catalog_manager.cc:1062] Loading token signing keys...
I0823 00:29:57.204268 1964 catalog_manager.cc:3640] T 00000000000000000000000000000000 P 98c4111bbdc74cdfb92adab979812b3f: Loaded TSK: 0
I0823 00:29:57.481575 1761 heartbeater.cc:406] Master 127.0.177.254:52424 was elected leader, sending a full tablet report...
I0823 00:29:57.489248 1923 master_service.cc:160] Got heartbeat from unknown tserver (permanent_uuid: "533cf03b2ef54c31a61c19e32b211456" instance_seqno: 1503448196449905) as {username='slave'} at 127.0.177.1:49293; Asking this server to re-register.
I0823 00:29:57.489979 1761 heartbeater.cc:387] Registering TS with master...
I0823 00:29:57.490173 1761 heartbeater.cc:414] Master 127.0.177.254:52424 requested a full tablet report, sending...
I0823 00:29:57.491245 1922 ts_manager.cc:81] Registered new tserver with Master: 533cf03b2ef54c31a61c19e32b211456 (127.0.177.1:44383)
I0823 00:29:57.493408 177 external_mini_cluster.cc:469] 1 TS(s) registered with all masters
I0823 00:29:57.493525 177 test_util.cc:195] Using random seed: -809503991
I0823 00:29:57.507414 1922 catalog_manager.cc:1305] CreateTable from {username='slave'} at 127.0.0.1:33256: name: "test-workload" schema { columns { name: "key" type: INT32 is_key: true is_nullable: false encoding: AUTO_ENCODING compression: DEFAULT_COMPRESSION cfile_block_size: 0 } columns { name: "int_val" type: INT32 is_key: false is_nullable: false encoding: AUTO_ENCODING compression: DEFAULT_COMPRESSION cfile_block_size: 0 } columns { name: "string_val" type: STRING is_key: false is_nullable: true encoding: AUTO_ENCODING compression: DEFAULT_COMPRESSION cfile_block_size: 0 } } num_replicas: 1 split_rows_range_bounds { } partition_schema { range_schema { columns { name: "key" } } }
I0823 00:29:57.531569 1698 tablet_service.cc:717] Processing CreateTablet for tablet 4ede465ebfb24f58b49ea03a2274446a (table=test-workload [id=d9cee0ba50784650ac7773af2c25176b]), partition=RANGE (key) PARTITION UNBOUNDED
I0823 00:29:58.348536 1698 ts_tablet_manager.cc:903] T 4ede465ebfb24f58b49ea03a2274446a P 533cf03b2ef54c31a61c19e32b211456: Registered tablet (data state: TABLET_DATA_READY)
I0823 00:29:58.349349 1977 ts_tablet_manager.cc:766] T 4ede465ebfb24f58b49ea03a2274446a P 533cf03b2ef54c31a61c19e32b211456: Bootstrapping tablet
I0823 00:29:58.349705 1977 tablet_bootstrap.cc:433] T 4ede465ebfb24f58b49ea03a2274446a P 533cf03b2ef54c31a61c19e32b211456: Bootstrap starting.
I0823 00:29:58.351830 1977 tablet_bootstrap.cc:568] T 4ede465ebfb24f58b49ea03a2274446a P 533cf03b2ef54c31a61c19e32b211456: No blocks or log segments found. Creating new log.
I0823 00:29:58.352694 1977 log.cc:518] T 4ede465ebfb24f58b49ea03a2274446a P 533cf03b2ef54c31a61c19e32b211456: Log is configured to *not* fsync() on all Append() calls
I0823 00:29:58.354280 1977 tablet_bootstrap.cc:433] T 4ede465ebfb24f58b49ea03a2274446a P 533cf03b2ef54c31a61c19e32b211456: No bootstrap required, opened a new log
I0823 00:29:58.354485 1977 ts_tablet_manager.cc:778] T 4ede465ebfb24f58b49ea03a2274446a P 533cf03b2ef54c31a61c19e32b211456: Time spent bootstrapping tablet: real 0.005s user 0.004s sys 0.000s
I0823 00:29:58.356570 1977 raft_consensus.cc:316] T 4ede465ebfb24f58b49ea03a2274446a P 533cf03b2ef54c31a61c19e32b211456 [term 0 FOLLOWER]: Replica starting. Triggering 0 pending transactions. Active config: opid_index: -1 OBSOLETE_local: true peers { permanent_uuid: "533cf03b2ef54c31a61c19e32b211456" member_type: VOTER last_known_addr { host: "127.0.177.1" port: 44383 } }
I0823 00:29:58.356905 1977 raft_consensus.cc:340] T 4ede465ebfb24f58b49ea03a2274446a P 533cf03b2ef54c31a61c19e32b211456 [term 0 FOLLOWER]: Consensus starting up: Expiring failure detector timer to make a prompt election more likely
I0823 00:29:58.357007 1977 raft_consensus.cc:598] T 4ede465ebfb24f58b49ea03a2274446a P 533cf03b2ef54c31a61c19e32b211456 [term 0 FOLLOWER]: Becoming Follower/Learner. State: Replica: 533cf03b2ef54c31a61c19e32b211456, State: Initialized, Role: FOLLOWER
I0823 00:29:58.357108 1977 consensus_queue.cc:191] T 4ede465ebfb24f58b49ea03a2274446a P 533cf03b2ef54c31a61c19e32b211456 [NON_LEADER]: Queue going to NON_LEADER mode. State: All replicated index: 0, Majority replicated index: 0, Committed index: 0, Last appended: 0.0, Last appended by leader: 0, Current term: 0, Majority size: -1, State: 0, Mode: NON_LEADER
I0823 00:29:58.357209 1977 raft_consensus.cc:353] T 4ede465ebfb24f58b49ea03a2274446a P 533cf03b2ef54c31a61c19e32b211456 [term 0 FOLLOWER]: Only one voter in the Raft config. Triggering election immediately
I0823 00:29:58.357257 1977 raft_consensus.cc:437] T 4ede465ebfb24f58b49ea03a2274446a P 533cf03b2ef54c31a61c19e32b211456 [term 0 FOLLOWER]: Starting leader election (initial election of a single-replica configuration)
I0823 00:29:58.357318 1977 raft_consensus.cc:2429] T 4ede465ebfb24f58b49ea03a2274446a P 533cf03b2ef54c31a61c19e32b211456: Snoozing failure detection for election timeout plus an additional 1.922s
I0823 00:29:58.357375 1977 raft_consensus.cc:2476] T 4ede465ebfb24f58b49ea03a2274446a P 533cf03b2ef54c31a61c19e32b211456 [term 0 FOLLOWER]: Advancing to term 1
I0823 00:29:58.358999 1977 raft_consensus.cc:461] T 4ede465ebfb24f58b49ea03a2274446a P 533cf03b2ef54c31a61c19e32b211456 [term 1 FOLLOWER]: Starting leader election with config: opid_index: -1 OBSOLETE_local: true peers { permanent_uuid: "533cf03b2ef54c31a61c19e32b211456" member_type: VOTER last_known_addr { host: "127.0.177.1" port: 44383 } }
I0823 00:29:58.359462 1977 leader_election.cc:248] T 4ede465ebfb24f58b49ea03a2274446a P 533cf03b2ef54c31a61c19e32b211456 [CANDIDATE]: Term 1 election: Election decided. Result: candidate won.
I0823 00:29:58.360172 1980 raft_consensus.cc:2429] T 4ede465ebfb24f58b49ea03a2274446a P 533cf03b2ef54c31a61c19e32b211456: Snoozing failure detection for election timeout plus an additional 2.058s
I0823 00:29:58.360306 1980 raft_consensus.cc:2224] T 4ede465ebfb24f58b49ea03a2274446a P 533cf03b2ef54c31a61c19e32b211456 [term 1 FOLLOWER]: Leader election won for term 1
I0823 00:29:58.361201 1977 ts_tablet_manager.cc:807] T 4ede465ebfb24f58b49ea03a2274446a P 533cf03b2ef54c31a61c19e32b211456: Time spent starting tablet: real 0.007s user 0.004s sys 0.000s
I0823 00:29:58.361603 1980 raft_consensus.cc:564] T 4ede465ebfb24f58b49ea03a2274446a P 533cf03b2ef54c31a61c19e32b211456 [term 1 LEADER]: Becoming Leader. State: Replica: 533cf03b2ef54c31a61c19e32b211456, State: Running, Role: LEADER
I0823 00:29:58.361877 1980 consensus_queue.cc:170] T 4ede465ebfb24f58b49ea03a2274446a P 533cf03b2ef54c31a61c19e32b211456 [LEADER]: Queue going to LEADER mode. State: All replicated index: 0, Majority replicated index: 0, Committed index: 0, Last appended: 0.0, Last appended by leader: 0, Current term: 1, Majority size: 1, State: 0, Mode: LEADER, active raft config: opid_index: -1 OBSOLETE_local: true peers { permanent_uuid: "533cf03b2ef54c31a61c19e32b211456" member_type: VOTER last_known_addr { host: "127.0.177.1" port: 44383 } }
I0823 00:29:58.369437 1922 catalog_manager.cc:2583] T 4ede465ebfb24f58b49ea03a2274446a reported consensus state change: term changed from 0 to 1, leader changed from to 533cf03b2ef54c31a61c19e32b211456 (127.0.177.1). New consensus state: current_term: 1 leader_uuid: "533cf03b2ef54c31a61c19e32b211456" committed_config { opid_index: -1 OBSOLETE_local: true peers { permanent_uuid: "533cf03b2ef54c31a61c19e32b211456" member_type: VOTER last_known_addr { host: "127.0.177.1" port: 44383 } } }
I0823 00:29:58.912365 177 external_mini_cluster.cc:768] Running /tmp/run_tha_testCbI8vj/build/asan/bin/kudu-tserver /tmp/run_tha_testCbI8vj/build/asan/bin/kudu-tserver --fs_wal_dir=/tmp/run_tha_testCbI8vj/test-tmp/tablet_copy_client_session-itest.TabletCopyClientSessionITest.TestStartTabletCopy.1503448182040843-177/minicluster-data/ts-1/wal --fs_data_dirs=/tmp/run_tha_testCbI8vj/test-tmp/tablet_copy_client_session-itest.TabletCopyClientSessionITest.TestStartTabletCopy.1503448182040843-177/minicluster-data/ts-1/data --rpc_bind_addresses=127.0.177.2:40882 --local_ip_for_outbound_sockets=127.0.177.2 --webserver_port=52054 --webserver_interface=127.0.177.2 --tserver_master_addrs=127.0.177.254:52424 --never_fsync --ipki_server_key_size=1024 --enable_minidumps=false --redact=flag --metrics_log_interval_ms=1000 --logtostderr --logbuflevel=-1 --log_dir=/tmp/run_tha_testCbI8vj/test-tmp/tablet_copy_client_session-itest.TabletCopyClientSessionITest.TestStartTabletCopy.1503448182040843-177/minicluster-data/ts-1/logs --server_dump_info_path=/tmp/run_tha_testCbI8vj/test-tmp/tablet_copy_client_session-itest.TabletCopyClientSessionITest.TestStartTabletCopy.1503448182040843-177/minicluster-data/ts-1/data/info.pb --server_dump_info_format=pb --rpc_server_allow_ephemeral_ports --unlock_experimental_flags --unlock_unsafe_flags with env {} WARNING: Logging before InitGoogleLogging() is written to STDERR
W0823 00:29:59.165308 1999 flags.cc:395] Enabled unsafe flag: --rpc_server_allow_ephemeral_ports=true
W0823 00:29:59.165560 1999 flags.cc:395] Enabled unsafe flag: --never_fsync=true
W0823 00:29:59.167316 1999 flags.cc:395] Enabled experimental flag: --ipki_server_key_size=1024
W0823 00:29:59.167402 1999 flags.cc:395] Enabled experimental flag: --local_ip_for_outbound_sockets=127.0.177.2
I0823 00:29:59.170680 1999 tablet_server_main.cc:72] Tablet server non-default flags: --fs_data_dirs=/tmp/run_tha_testCbI8vj/test-tmp/tablet_copy_client_session-itest.TabletCopyClientSessionITest.TestStartTabletCopy.1503448182040843-177/minicluster-data/ts-1/data --fs_wal_dir=/tmp/run_tha_testCbI8vj/test-tmp/tablet_copy_client_session-itest.TabletCopyClientSessionITest.TestStartTabletCopy.1503448182040843-177/minicluster-data/ts-1/wal --ipki_server_key_size=1024 --rpc_bind_addresses=127.0.177.2:40882 --rpc_server_allow_ephemeral_ports=true --metrics_log_interval_ms=1000 --server_dump_info_format=pb --server_dump_info_path=/tmp/run_tha_testCbI8vj/test-tmp/tablet_copy_client_session-itest.TabletCopyClientSessionITest.TestStartTabletCopy.1503448182040843-177/minicluster-data/ts-1/data/info.pb --webserver_interface=127.0.177.2 --webserver_port=52054 --tserver_master_addrs=127.0.177.254:52424 --never_fsync=true --heap_profile_path=/tmp/kudu-tserver.1999 --redact=flag --unlock_experimental_flags=true --unlock_unsafe_flags=true --enable_minidumps=false --local_ip_for_outbound_sockets=127.0.177.2 --log_dir=/tmp/run_tha_testCbI8vj/test-tmp/tablet_copy_client_session-itest.TabletCopyClientSessionITest.TestStartTabletCopy.1503448182040843-177/minicluster-data/ts-1/logs --logbuflevel=-1 --logtostderr=true Tablet server version: kudu 1.5.0-SNAPSHOT revision 52ad0af9e9a5674434c34eb2d5943d226a3824f5 build type FASTDEBUG built by None at 23 Aug 2017 00:26:27 UTC on jenkins-slave-c3oe build id 9523 ASAN enabled
I0823 00:29:59.177269 1999 tablet_server_main.cc:79] Initializing tablet server...
I0823 00:29:59.178505 1999 system_ntp.cc:104] NTP initialized. Resolution in nanos?: 1 Skew PPM: 500 Current error: 984800
I0823 00:29:59.183289 1999 fs_manager.cc:291] Time spent opening directory manager: real 0.003s user 0.008s sys 0.000s
I0823 00:29:59.183513 1999 env_posix.cc:1598] Not raising process file limit of 65536; it is already as high as it can go
I0823 00:29:59.183758 1999 file_cache.cc:469] Constructed file cache lbm with capacity 26214
I0823 00:29:59.187386 1999 fs_manager.cc:299] Time spent opening block manager: real 0.002s user 0.000s sys 0.000s
I0823 00:29:59.187458 1999 fs_manager.cc:303] Opened local filesystem: /tmp/run_tha_testCbI8vj/test-tmp/tablet_copy_client_session-itest.TabletCopyClientSessionITest.TestStartTabletCopy.1503448182040843-177/minicluster-data/ts-1/data,/tmp/run_tha_testCbI8vj/test-tmp/tablet_copy_client_session-itest.TabletCopyClientSessionITest.TestStartTabletCopy.1503448182040843-177/minicluster-data/ts-1/wal uuid: "2854577a241b483f98cdcd31fde5be91" format_stamp: "Formatted at 2017-08-23 00:29:56 on dist-test-slave-dist-test-slave-xjn1"
I0823 00:29:59.188374 1999 fs_report.cc:347] Block manager report -------------------- 1 data directories: /tmp/run_tha_testCbI8vj/test-tmp/tablet_copy_client_session-itest.TabletCopyClientSessionITest.TestStartTabletCopy.1503448182040843-177/minicluster-data/ts-1/data/data Total live blocks: 0 Total live bytes: 0 Total live bytes (after alignment): 0 Total number of LBM containers: 0 (0 full) Did not check for missing blocks Did not check for orphaned blocks Total full LBM containers with extra space: 0 (0 repaired) Total full LBM container extra space in bytes: 0 (0 repaired) Total incomplete LBM containers: 0 (0 repaired) Total LBM partial records: 0 (0 repaired)
I0823 00:29:59.220270 1999 ts_tablet_manager.cc:210] Loaded tablet metadata (0 live tablets)
I0823 00:29:59.220645 1999 tablet_server_main.cc:84] Starting tablet server...
I0823 00:29:59.241844 1999 rpc_server.cc:192] RPC server started. Bound to: 127.0.177.2:40882
I0823 00:29:59.242295 1999 webserver.cc:149] Starting webserver on 127.0.177.2:52054
I0823 00:29:59.242341 1999 webserver.cc:160] Document root disabled
I0823 00:29:59.243027 1999 webserver.cc:282] Webserver started. Bound to: http://127.0.177.2:52054/
I0823 00:29:59.243788 1999 server_base.cc:372] Dumped server information to /tmp/run_tha_testCbI8vj/test-tmp/tablet_copy_client_session-itest.TabletCopyClientSessionITest.TestStartTabletCopy.1503448182040843-177/minicluster-data/ts-1/data/info.pb
I0823 00:29:59.244587 2119 process_memory.cc:181] Process hard memory limit is 11.777661 GB
I0823 00:29:59.244750 1999 tablet_server_main.cc:87] Tablet server successfully started.
I0823 00:29:59.244766 2119 process_memory.cc:183] Process soft memory limit is 9.422129 GB
I0823 00:29:59.244839 2119 process_memory.cc:186] Process memory pressure threshold is 7.066597 GB
I0823 00:29:59.249958 177 external_mini_cluster.cc:830] Started /tmp/run_tha_testCbI8vj/build/asan/bin/kudu-tserver as pid 1999
I0823 00:29:59.259451 2118 heartbeater.cc:317] Connected to a master server at 127.0.177.254:52424
I0823 00:29:59.259639 2118 heartbeater.cc:387] Registering TS with master...
I0823 00:29:59.260102 2118 heartbeater.cc:414] Master 127.0.177.254:52424 requested a full tablet report, sending...
I0823 00:29:59.260691 2123 ts_tablet_manager.cc:535] T 4ede465ebfb24f58b49ea03a2274446a P 2854577a241b483f98cdcd31fde5be91: Initiating tablet copy from peer 533cf03b2ef54c31a61c19e32b211456 (127.0.177.1:44383)
I0823 00:29:59.260854 2123 tablet_copy_client.cc:192] T 4ede465ebfb24f58b49ea03a2274446a P 2854577a241b483f98cdcd31fde5be91: tablet copy: Beginning tablet copy session from remote peer at address 127.0.177.1:44383
I0823 00:29:59.261207 1921 ts_manager.cc:81] Registered new tserver with Master: 2854577a241b483f98cdcd31fde5be91 (127.0.177.2:40882)
I0823 00:29:59.262265 1921 master_service.cc:203] Signed X509 certificate for tserver {username='slave'} at 127.0.177.2:53842
I0823 00:29:59.266170 1738 tablet_copy_service.cc:130] P 533cf03b2ef54c31a61c19e32b211456: Received BeginTabletCopySession request for tablet 4ede465ebfb24f58b49ea03a2274446a from peer 2854577a241b483f98cdcd31fde5be91 ({username='slave'} at 127.0.177.2:45940)
I0823 00:29:59.266320 1738 tablet_copy_service.cc:149] P 533cf03b2ef54c31a61c19e32b211456: Beginning new tablet copy session on tablet 4ede465ebfb24f58b49ea03a2274446a from peer 2854577a241b483f98cdcd31fde5be91 at {username='slave'} at 127.0.177.2:45940: session id = 2854577a241b483f98cdcd31fde5be91-4ede465ebfb24f58b49ea03a2274446a
I0823 00:29:59.268187 1738 tablet_copy_source_session.cc:162] T 4ede465ebfb24f58b49ea03a2274446a P 533cf03b2ef54c31a61c19e32b211456: Tablet Copy: opened 0 blocks and 1 log segments
I0823 00:29:59.277410 2123 ts_tablet_manager.cc:903] T 4ede465ebfb24f58b49ea03a2274446a P 2854577a241b483f98cdcd31fde5be91: Registered tablet (data state: TABLET_DATA_COPYING)
I0823 00:29:59.277962 2123 tablet_copy_client.cc:458] T 4ede465ebfb24f58b49ea03a2274446a P 2854577a241b483f98cdcd31fde5be91: tablet copy: Starting download of 0 data blocks...
I0823 00:29:59.278141 2123 tablet_copy_client.cc:421] T 4ede465ebfb24f58b49ea03a2274446a P 2854577a241b483f98cdcd31fde5be91: tablet copy: Starting download of 1 WAL segments...
I0823 00:29:59.284770 2123 tablet_copy_client.cc:327] T 4ede465ebfb24f58b49ea03a2274446a P 2854577a241b483f98cdcd31fde5be91: tablet copy: Tablet Copy complete. Replacing tablet superblock.
I0823 00:29:59.286912 2123 ts_tablet_manager.cc:766] T 4ede465ebfb24f58b49ea03a2274446a P 2854577a241b483f98cdcd31fde5be91: Bootstrapping tablet
I0823 00:29:59.287222 2123 tablet_bootstrap.cc:433] T 4ede465ebfb24f58b49ea03a2274446a P 2854577a241b483f98cdcd31fde5be91: Bootstrap starting.
I0823 00:29:59.331688 2123 log.cc:518] T 4ede465ebfb24f58b49ea03a2274446a P 2854577a241b483f98cdcd31fde5be91: Log is configured to *not* fsync() on all Append() calls
I0823 00:29:59.871201 2123 tablet_bootstrap.cc:433] T 4ede465ebfb24f58b49ea03a2274446a P 2854577a241b483f98cdcd31fde5be91: Bootstrap replayed 1/1 log segments. Stats: ops{read=218 overwritten=0 applied=218 ignored=0} inserts{seen=10850 ignored=0} mutations{seen=0 ignored=0} orphaned_commits=0. Pending: 0 replicates
I0823 00:29:59.871637 2123 tablet_bootstrap.cc:433] T 4ede465ebfb24f58b49ea03a2274446a P 2854577a241b483f98cdcd31fde5be91: Bootstrap complete.
I0823 00:29:59.872002 2123 ts_tablet_manager.cc:778] T 4ede465ebfb24f58b49ea03a2274446a P 2854577a241b483f98cdcd31fde5be91: Time spent bootstrapping tablet: real 0.585s user 0.556s sys 0.028s
I0823 00:29:59.874012 2123 raft_consensus.cc:316] T 4ede465ebfb24f58b49ea03a2274446a P 2854577a241b483f98cdcd31fde5be91 [term 1 NON_PARTICIPANT]: Replica starting. Triggering 0 pending transactions. Active config: opid_index: -1 OBSOLETE_local: true peers { permanent_uuid: "533cf03b2ef54c31a61c19e32b211456" member_type: VOTER last_known_addr { host: "127.0.177.1" port: 44383 } }
I0823 00:29:59.874325 2123 raft_consensus.cc:598] T 4ede465ebfb24f58b49ea03a2274446a P 2854577a241b483f98cdcd31fde5be91 [term 1 NON_PARTICIPANT]: Becoming Follower/Learner. State: Replica: 2854577a241b483f98cdcd31fde5be91, State: Initialized, Role: NON_PARTICIPANT
I0823 00:29:59.874441 2123 consensus_queue.cc:191] T 4ede465ebfb24f58b49ea03a2274446a P 2854577a241b483f98cdcd31fde5be91 [NON_LEADER]: Queue going to NON_LEADER mode. State: All replicated index: 0, Majority replicated index: 0, Committed index: 218, Last appended: 1.218, Last appended by leader: 218, Current term: 0, Majority size: -1, State: 0, Mode: NON_LEADER
I0823 00:29:59.875074 2118 heartbeater.cc:406] Master 127.0.177.254:52424 was elected leader, sending a full tablet report...
I0823 00:29:59.875357 2123 ts_tablet_manager.cc:807] T 4ede465ebfb24f58b49ea03a2274446a P 2854577a241b483f98cdcd31fde5be91: Time spent starting tablet: real 0.003s user 0.004s sys 0.000s
I0823 00:29:59.876286 1738 tablet_copy_service.cc:284] P 533cf03b2ef54c31a61c19e32b211456: Request end of tablet copy session 2854577a241b483f98cdcd31fde5be91-4ede465ebfb24f58b49ea03a2274446a received from {username='slave'} at 127.0.177.2:45940
I0823 00:29:59.876401 1738 tablet_copy_service.cc:372] P 533cf03b2ef54c31a61c19e32b211456: Ending tablet copy session 2854577a241b483f98cdcd31fde5be91-4ede465ebfb24f58b49ea03a2274446a on tablet 4ede465ebfb24f58b49ea03a2274446a with peer 2854577a241b483f98cdcd31fde5be91
I0823 00:29:59.887310 2055 tablet_service.cc:758] Processing DeleteTablet for tablet 4ede465ebfb24f58b49ea03a2274446a with delete_type TABLET_DATA_TOMBSTONED from {username='slave'} at 127.0.0.1:59030
I0823 00:29:59.887491 2055 tablet_replica.cc:227] Initiating TabletReplica shutdown for tablet: 4ede465ebfb24f58b49ea03a2274446a
I0823 00:29:59.887640 2055 maintenance_manager.cc:229] P 2854577a241b483f98cdcd31fde5be91: Unregistered op CompactRowSetsOp(4ede465ebfb24f58b49ea03a2274446a)
I0823 00:29:59.887712 2055 maintenance_manager.cc:229] P 2854577a241b483f98cdcd31fde5be91: Unregistered op MinorDeltaCompactionOp(4ede465ebfb24f58b49ea03a2274446a)
I0823 00:29:59.887747 2055 maintenance_manager.cc:229] P 2854577a241b483f98cdcd31fde5be91: Unregistered op MajorDeltaCompactionOp(4ede465ebfb24f58b49ea03a2274446a)
I0823 00:29:59.887773 2055 maintenance_manager.cc:229] P 2854577a241b483f98cdcd31fde5be91: Unregistered op UndoDeltaBlockGCOp(4ede465ebfb24f58b49ea03a2274446a)
I0823 00:29:59.887830 2055 maintenance_manager.cc:229] P 2854577a241b483f98cdcd31fde5be91: Unregistered op FlushMRSOp(4ede465ebfb24f58b49ea03a2274446a)
I0823 00:29:59.887854 2055 maintenance_manager.cc:229] P 2854577a241b483f98cdcd31fde5be91: Unregistered op FlushDeltaMemStoresOp(4ede465ebfb24f58b49ea03a2274446a)
I0823 00:29:59.887882 2055 maintenance_manager.cc:229] P 2854577a241b483f98cdcd31fde5be91: Unregistered op LogGCOp(4ede465ebfb24f58b49ea03a2274446a)
I0823 00:29:59.887949 2055 raft_consensus.cc:1808] T 4ede465ebfb24f58b49ea03a2274446a P 2854577a241b483f98cdcd31fde5be91 [term 1 NON_PARTICIPANT]: Raft consensus shutting down.
I0823 00:29:59.888169 2055 raft_consensus.cc:1823] T 4ede465ebfb24f58b49ea03a2274446a P 2854577a241b483f98cdcd31fde5be91 [term 1 NON_PARTICIPANT]: Raft consensus is shut down!
I0823 00:29:59.889786 2055 ts_tablet_manager.cc:1062] T 4ede465ebfb24f58b49ea03a2274446a P 2854577a241b483f98cdcd31fde5be91: Deleting tablet data with delete state TABLET_DATA_TOMBSTONED
I0823 00:30:00.749886 2055 ts_tablet_manager.cc:1074] T 4ede465ebfb24f58b49ea03a2274446a P 2854577a241b483f98cdcd31fde5be91: tablet deleted: last-logged OpId: 1.218
I0823 00:30:00.750013 2055 log.cc:960] T 4ede465ebfb24f58b49ea03a2274446a P 2854577a241b483f98cdcd31fde5be91: Deleting WAL directory at /tmp/run_tha_testCbI8vj/test-tmp/tablet_copy_client_session-itest.TabletCopyClientSessionITest.TestStartTabletCopy.1503448182040843-177/minicluster-data/ts-1/wal/wals/4ede465ebfb24f58b49ea03a2274446a
I0823 00:30:00.752802 2127 ts_tablet_manager.cc:535] T 4ede465ebfb24f58b49ea03a2274446a P 2854577a241b483f98cdcd31fde5be91: Initiating tablet copy from peer 533cf03b2ef54c31a61c19e32b211456 (127.0.177.1:44383)
I0823 00:30:00.752943 2127 tablet_copy_client.cc:192] T 4ede465ebfb24f58b49ea03a2274446a P 2854577a241b483f98cdcd31fde5be91: tablet copy: Beginning tablet copy session from remote peer at address 127.0.177.1:44383
I0823 00:30:00.753907 1738 tablet_copy_service.cc:130] P 533cf03b2ef54c31a61c19e32b211456: Received BeginTabletCopySession request for tablet 4ede465ebfb24f58b49ea03a2274446a from peer 2854577a241b483f98cdcd31fde5be91 ({username='slave'} at 127.0.177.2:45940)
I0823 00:30:00.754035 1738 tablet_copy_service.cc:149] P 533cf03b2ef54c31a61c19e32b211456: Beginning new tablet copy session on tablet 4ede465ebfb24f58b49ea03a2274446a from peer 2854577a241b483f98cdcd31fde5be91 at {username='slave'} at 127.0.177.2:45940: session id = 2854577a241b483f98cdcd31fde5be91-4ede465ebfb24f58b49ea03a2274446a
I0823 00:30:00.755538 1738 tablet_copy_source_session.cc:162] T 4ede465ebfb24f58b49ea03a2274446a P 533cf03b2ef54c31a61c19e32b211456: Tablet Copy: opened 0 blocks and 1 log segments
I0823 00:30:00.756595 2127 ts_tablet_manager.cc:1062] T 4ede465ebfb24f58b49ea03a2274446a P 2854577a241b483f98cdcd31fde5be91: Deleting tablet data with delete state TABLET_DATA_COPYING
I0823 00:30:02.307588 2127 ts_tablet_manager.cc:1074] T 4ede465ebfb24f58b49ea03a2274446a P 2854577a241b483f98cdcd31fde5be91: tablet deleted: last-logged OpId: (unknown)
I0823 00:30:02.308023 2127 ts_tablet_manager.cc:903] T 4ede465ebfb24f58b49ea03a2274446a P 2854577a241b483f98cdcd31fde5be91: Registered tablet (data state: TABLET_DATA_COPYING)
I0823 00:30:02.308135 2127 rpcz_store.cc:258] Call kudu.consensus.ConsensusService.StartTabletCopy from 127.0.0.1:59030 (request call id 55) took 1556ms. Request Metrics: {"dns_us":42,"tablet-copy.queue_time_us":348,"thread_start_us":245,"threads_started":1}
I0823 00:30:02.308791 2127 tablet_copy_client.cc:458] T 4ede465ebfb24f58b49ea03a2274446a P 2854577a241b483f98cdcd31fde5be91: tablet copy: Starting download of 0 data blocks...
I0823 00:30:02.308907 2127 tablet_copy_client.cc:421] T 4ede465ebfb24f58b49ea03a2274446a P 2854577a241b483f98cdcd31fde5be91: tablet copy: Starting download of 1 WAL segments...
I0823 00:30:02.314759 2127 tablet_copy_client.cc:327] T 4ede465ebfb24f58b49ea03a2274446a P 2854577a241b483f98cdcd31fde5be91: tablet copy: Tablet Copy complete. Replacing tablet superblock.
I0823 00:30:03.258659 2127 ts_tablet_manager.cc:766] T 4ede465ebfb24f58b49ea03a2274446a P 2854577a241b483f98cdcd31fde5be91: Bootstrapping tablet
I0823 00:30:03.258869 2127 tablet_bootstrap.cc:433] T 4ede465ebfb24f58b49ea03a2274446a P 2854577a241b483f98cdcd31fde5be91: Bootstrap starting.
I0823 00:30:03.848134 2127 tablet_bootstrap.cc:433] T 4ede465ebfb24f58b49ea03a2274446a P 2854577a241b483f98cdcd31fde5be91: Bootstrap replayed 1/1 log segments. Stats: ops{read=218 overwritten=0 applied=218 ignored=0} inserts{seen=10850 ignored=0} mutations{seen=0 ignored=0} orphaned_commits=0. Pending: 0 replicates
I0823 00:30:03.848500 2127 tablet_bootstrap.cc:433] T 4ede465ebfb24f58b49ea03a2274446a P 2854577a241b483f98cdcd31fde5be91: Bootstrap complete.
I0823 00:30:03.848750 2127 ts_tablet_manager.cc:778] T 4ede465ebfb24f58b49ea03a2274446a P 2854577a241b483f98cdcd31fde5be91: Time spent bootstrapping tablet: real 0.590s user 0.556s sys 0.032s
I0823 00:30:03.849608 2127 raft_consensus.cc:316] T 4ede465ebfb24f58b49ea03a2274446a P 2854577a241b483f98cdcd31fde5be91 [term 1 NON_PARTICIPANT]: Replica starting. Triggering 0 pending transactions. Active config: opid_index: -1 OBSOLETE_local: true peers { permanent_uuid: "533cf03b2ef54c31a61c19e32b211456" member_type: VOTER last_known_addr { host: "127.0.177.1" port: 44383 } }
I0823 00:30:03.849741 2127 raft_consensus.cc:598] T 4ede465ebfb24f58b49ea03a2274446a P 2854577a241b483f98cdcd31fde5be91 [term 1 NON_PARTICIPANT]: Becoming Follower/Learner. State: Replica: 2854577a241b483f98cdcd31fde5be91, State: Initialized, Role: NON_PARTICIPANT
I0823 00:30:03.849800 2127 consensus_queue.cc:191] T 4ede465ebfb24f58b49ea03a2274446a P 2854577a241b483f98cdcd31fde5be91 [NON_LEADER]: Queue going to NON_LEADER mode. State: All replicated index: 0, Majority replicated index: 0, Committed index: 218, Last appended: 1.218, Last appended by leader: 218, Current term: 0, Majority size: -1, State: 0, Mode: NON_LEADER
I0823 00:30:03.850342 2127 ts_tablet_manager.cc:807] T 4ede465ebfb24f58b49ea03a2274446a P 2854577a241b483f98cdcd31fde5be91: Time spent starting tablet: real 0.002s user 0.000s sys 0.004s
I0823 00:30:03.851271 1738 tablet_copy_service.cc:284] P 533cf03b2ef54c31a61c19e32b211456: Request end of tablet copy session 2854577a241b483f98cdcd31fde5be91-4ede465ebfb24f58b49ea03a2274446a received from {username='slave'} at 127.0.177.2:45940
I0823 00:30:03.851393 1738 tablet_copy_service.cc:372] P 533cf03b2ef54c31a61c19e32b211456: Ending tablet copy session 2854577a241b483f98cdcd31fde5be91-4ede465ebfb24f58b49ea03a2274446a on tablet 4ede465ebfb24f58b49ea03a2274446a with peer 2854577a241b483f98cdcd31fde5be91
I0823 00:30:03.858801 177 external_mini_cluster.cc:1001] Attempting to check leaks for /tmp/run_tha_testCbI8vj/build/asan/bin/kudu-tserver pid 1631
I0823 00:30:03.859946 1758 generic_service.cc:133] Checking for leaks (request via RPC)
I0823 00:30:03.928279 177 external_mini_cluster.cc:960] Killing /tmp/run_tha_testCbI8vj/build/asan/bin/kudu-tserver with pid 1631
W0823 00:30:03.941172 1570 connection.cc:549] client connection to 127.0.177.1:44383 recv error: Network error: failed to read from TLS socket: Connection reset by peer (error 104)
W0823 00:30:03.941244 1906 connection.cc:549] client connection to 127.0.177.1:44383 recv error: Network error: failed to read from TLS socket: Connection reset by peer (error 104)
W0823 00:30:03.941236 1905 connection.cc:549] server connection from 127.0.177.1:49293 recv error: Network error: failed to read from TLS socket: Connection reset by peer (error 104)
I0823 00:30:03.942011 177 external_mini_cluster.cc:1001] Attempting to check leaks for /tmp/run_tha_testCbI8vj/build/asan/bin/kudu-tserver pid 1999
W0823 00:30:03.941995 2008 connection.cc:549] client connection to 127.0.177.1:44383 recv error: Network error: failed to read from TLS socket: Connection reset by peer (error 104)
I0823 00:30:03.943011 2115 generic_service.cc:133] Checking for leaks (request via RPC)
I0823 00:30:04.036100 177 external_mini_cluster.cc:960] Killing /tmp/run_tha_testCbI8vj/build/asan/bin/kudu-tserver with pid 1999
W0823 00:30:04.050757 1905 connection.cc:549] server connection from 127.0.177.2:53842 recv error: Network error: failed to read from TLS socket: Connection reset by peer (error 104)
W0823 00:30:04.050756 1570 connection.cc:549] client connection to 127.0.177.2:40882 recv error: Network error: failed to read from TLS socket: Connection reset by peer (error 104)
I0823 00:30:04.050854 177 external_mini_cluster.cc:1001] Attempting to check leaks for /tmp/run_tha_testCbI8vj/build/asan/bin/kudu-master pid 1897
I0823 00:30:04.051921 1953 generic_service.cc:133] Checking for leaks (request via RPC)
I0823 00:30:04.119707 177 external_mini_cluster.cc:960] Killing /tmp/run_tha_testCbI8vj/build/asan/bin/kudu-master with pid 1897
W0823 00:30:04.133982 1570 connection.cc:549] client connection to 127.0.177.254:52424 recv error: Network error: failed to read from TLS socket: Connection reset by peer (error 104) [ OK ] TabletCopyClientSessionITest.TestStartTabletCopy (8741 ms) [ RUN ] TabletCopyClientSessionITest.TestCopyFromCrashedSource
I0823 00:30:04.141165 177 external_mini_cluster.cc:768] Running /tmp/run_tha_testCbI8vj/build/asan/bin/kudu-master /tmp/run_tha_testCbI8vj/build/asan/bin/kudu-master --fs_wal_dir=/tmp/run_tha_testCbI8vj/test-tmp/tablet_copy_client_session-itest.TabletCopyClientSessionITest.TestCopyFromCrashedSource.1503448182040843-177/minicluster-data/master-0/wal --fs_data_dirs=/tmp/run_tha_testCbI8vj/test-tmp/tablet_copy_client_session-itest.TabletCopyClientSessionITest.TestCopyFromCrashedSource.1503448182040843-177/minicluster-data/master-0/data --webserver_interface=localhost --ipki_ca_key_size=1024 --tsk_num_rsa_bits=512 --rpc_bind_addresses=127.0.177.254:0 --webserver_interface=127.0.177.254 --webserver_port=0 --never_fsync --ipki_server_key_size=1024 --enable_minidumps=false --redact=flag --metrics_log_interval_ms=1000 --logtostderr --logbuflevel=-1 --log_dir=/tmp/run_tha_testCbI8vj/test-tmp/tablet_copy_client_session-itest.TabletCopyClientSessionITest.TestCopyFromCrashedSource.1503448182040843-177/minicluster-data/master-0/logs --server_dump_info_path=/tmp/run_tha_testCbI8vj/test-tmp/tablet_copy_client_session-itest.TabletCopyClientSessionITest.TestCopyFromCrashedSource.1503448182040843-177/minicluster-data/master-0/data/info.pb --server_dump_info_format=pb --rpc_server_allow_ephemeral_ports --unlock_experimental_flags --unlock_unsafe_flags --master_tombstone_evicted_tablet_replicas=false with env {} WARNING: Logging before InitGoogleLogging() is written to STDERR
W0823 00:30:05.490257 2135 flags.cc:395] Enabled unsafe flag: --rpc_server_allow_ephemeral_ports=true
W0823 00:30:05.490500 2135 flags.cc:395] Enabled unsafe flag: --never_fsync=true
W0823 00:30:05.492744 2135 flags.cc:395] Enabled experimental flag: --ipki_ca_key_size=1024
W0823 00:30:05.492792 2135 flags.cc:395] Enabled experimental flag: --ipki_server_key_size=1024
W0823 00:30:05.492822 2135 flags.cc:395] Enabled experimental flag: --tsk_num_rsa_bits=512
I0823 00:30:05.496667 2135 master_main.cc:66] Master server non-default flags: --fs_data_dirs=/tmp/run_tha_testCbI8vj/test-tmp/tablet_copy_client_session-itest.TabletCopyClientSessionITest.TestCopyFromCrashedSource.1503448182040843-177/minicluster-data/master-0/data --fs_wal_dir=/tmp/run_tha_testCbI8vj/test-tmp/tablet_copy_client_session-itest.TabletCopyClientSessionITest.TestCopyFromCrashedSource.1503448182040843-177/minicluster-data/master-0/wal --master_tombstone_evicted_tablet_replicas=false --ipki_ca_key_size=1024 --ipki_server_key_size=1024 --tsk_num_rsa_bits=512 --rpc_bind_addresses=127.0.177.254:0 --rpc_server_allow_ephemeral_ports=true --metrics_log_interval_ms=1000 --server_dump_info_format=pb --server_dump_info_path=/tmp/run_tha_testCbI8vj/test-tmp/tablet_copy_client_session-itest.TabletCopyClientSessionITest.TestCopyFromCrashedSource.1503448182040843-177/minicluster-data/master-0/data/info.pb --webserver_interface=127.0.177.254 --webserver_port=0 --never_fsync=true --heap_profile_path=/tmp/kudu-master.2135 --redact=flag --unlock_experimental_flags=true --unlock_unsafe_flags=true --enable_minidumps=false --log_dir=/tmp/run_tha_testCbI8vj/test-tmp/tablet_copy_client_session-itest.TabletCopyClientSessionITest.TestCopyFromCrashedSource.1503448182040843-177/minicluster-data/master-0/logs --logbuflevel=-1 --logtostderr=true Master server version: kudu 1.5.0-SNAPSHOT revision 52ad0af9e9a5674434c34eb2d5943d226a3824f5 build type FASTDEBUG built by None at 23 Aug 2017 00:26:27 UTC on jenkins-slave-c3oe build id 9523 ASAN enabled
I0823 00:30:05.503684 2135 master_main.cc:73] Initializing master server...
I0823 00:30:05.504638 2135 system_ntp.cc:104] NTP initialized. Resolution in nanos?: 1 Skew PPM: 500 Current error: 987800
I0823 00:30:05.506036 2135 server_base.cc:228] Could not load existing FS layout: Not found: /tmp/run_tha_testCbI8vj/test-tmp/tablet_copy_client_session-itest.TabletCopyClientSessionITest.TestCopyFromCrashedSource.1503448182040843-177/minicluster-data/master-0/data/instance: No such file or directory (error 2)
I0823 00:30:05.506140 2135 server_base.cc:229] Creating new FS layout
I0823 00:30:05.510445 2135 fs_manager.cc:422] Generated new instance metadata in path /tmp/run_tha_testCbI8vj/test-tmp/tablet_copy_client_session-itest.TabletCopyClientSessionITest.TestCopyFromCrashedSource.1503448182040843-177/minicluster-data/master-0/data/instance: uuid: "55cfe00a602c460eb5c2691a7efb1d6f" format_stamp: "Formatted at 2017-08-23 00:30:05 on dist-test-slave-dist-test-slave-xjn1"
I0823 00:30:05.511011 2135 fs_manager.cc:422] Generated new instance metadata in path /tmp/run_tha_testCbI8vj/test-tmp/tablet_copy_client_session-itest.TabletCopyClientSessionITest.TestCopyFromCrashedSource.1503448182040843-177/minicluster-data/master-0/wal/instance: uuid: "55cfe00a602c460eb5c2691a7efb1d6f" format_stamp: "Formatted at 2017-08-23 00:30:05 on dist-test-slave-dist-test-slave-xjn1"
I0823 00:30:05.517168 2135 fs_manager.cc:379] Time spent creating directory manager: real 0.006s user 0.000s sys 0.004s
I0823 00:30:05.518152 2135 env_posix.cc:1598] Not raising process file limit of 65536; it is already as high as it can go
I0823 00:30:05.518453 2135 file_cache.cc:469] Constructed file cache lbm with capacity 26214
I0823 00:30:05.522389 2135 fs_manager.cc:299] Time spent opening block manager: real 0.002s user 0.000s sys 0.004s
I0823 00:30:05.522455 2135 fs_manager.cc:303] Opened local filesystem: /tmp/run_tha_testCbI8vj/test-tmp/tablet_copy_client_session-itest.TabletCopyClientSessionITest.TestCopyFromCrashedSource.1503448182040843-177/minicluster-data/master-0/data,/tmp/run_tha_testCbI8vj/test-tmp/tablet_copy_client_session-itest.TabletCopyClientSessionITest.TestCopyFromCrashedSource.1503448182040843-177/minicluster-data/master-0/wal uuid: "55cfe00a602c460eb5c2691a7efb1d6f" format_stamp: "Formatted at 2017-08-23 00:30:05 on dist-test-slave-dist-test-slave-xjn1"
I0823 00:30:05.522578 2135 fs_report.cc:347] Block manager report -------------------- 1 data directories: /tmp/run_tha_testCbI8vj/test-tmp/tablet_copy_client_session-itest.TabletCopyClientSessionITest.TestCopyFromCrashedSource.1503448182040843-177/minicluster-data/master-0/data/data Total live blocks: 0 Total live bytes: 0 Total live bytes (after alignment): 0 Total number of LBM containers: 0 (0 full) Did not check for missing blocks Did not check for orphaned blocks Total full LBM containers with extra space: 0 (0 repaired) Total full LBM container extra space in bytes: 0 (0 repaired) Total incomplete LBM containers: 0 (0 repaired) Total LBM partial records: 0 (0 repaired)
I0823 00:30:05.547921 2135 master_main.cc:76] Starting Master server...
I0823 00:30:05.548413 2150 process_memory.cc:181] Process hard memory limit is 11.777661 GB
I0823 00:30:05.548491 2150 process_memory.cc:183] Process soft memory limit is 9.422129 GB
I0823 00:30:05.548558 2150 process_memory.cc:186] Process memory pressure threshold is 7.066597 GB
I0823 00:30:05.561177 2135 rpc_server.cc:192] RPC server started. Bound to: 127.0.177.254:53835
I0823 00:30:05.561707 2135 webserver.cc:149] Starting webserver on 127.0.177.254:0
I0823 00:30:05.561758 2135 webserver.cc:160] Document root disabled
I0823 00:30:05.562633 2135 webserver.cc:282] Webserver started. Bound to: http://127.0.177.254:49203/
I0823 00:30:05.563413 2135 server_base.cc:372] Dumped server information to /tmp/run_tha_testCbI8vj/test-tmp/tablet_copy_client_session-itest.TabletCopyClientSessionITest.TestCopyFromCrashedSource.1503448182040843-177/minicluster-data/master-0/data/info.pb
I0823 00:30:05.567070 177 external_mini_cluster.cc:830] Started /tmp/run_tha_testCbI8vj/build/asan/bin/kudu-master as pid 2135
I0823 00:30:05.567757 177 external_mini_cluster.cc:768] Running /tmp/run_tha_testCbI8vj/build/asan/bin/kudu-tserver /tmp/run_tha_testCbI8vj/build/asan/bin/kudu-tserver --fs_wal_dir=/tmp/run_tha_testCbI8vj/test-tmp/tablet_copy_client_session-itest.TabletCopyClientSessionITest.TestCopyFromCrashedSource.1503448182040843-177/minicluster-data/ts-0/wal --fs_data_dirs=/tmp/run_tha_testCbI8vj/test-tmp/tablet_copy_client_session-itest.TabletCopyClientSessionITest.TestCopyFromCrashedSource.1503448182040843-177/minicluster-data/ts-0/data --rpc_bind_addresses=127.0.177.1:0 --local_ip_for_outbound_sockets=127.0.177.1 --webserver_interface=127.0.177.1 --webserver_port=0 --tserver_master_addrs=127.0.177.254:53835 --never_fsync --ipki_server_key_size=1024 --enable_minidumps=false --redact=flag --metrics_log_interval_ms=1000 --logtostderr --logbuflevel=-1 --log_dir=/tmp/run_tha_testCbI8vj/test-tmp/tablet_copy_client_session-itest.TabletCopyClientSessionITest.TestCopyFromCrashedSource.1503448182040843-177/minicluster-data/ts-0/logs --server_dump_info_path=/tmp/run_tha_testCbI8vj/test-tmp/tablet_copy_client_session-itest.TabletCopyClientSessionITest.TestCopyFromCrashedSource.1503448182040843-177/minicluster-data/ts-0/data/info.pb --server_dump_info_format=pb --rpc_server_allow_ephemeral_ports --unlock_experimental_flags --unlock_unsafe_flags with env {}
I0823 00:30:05.577242 2194 tablet_bootstrap.cc:433] T 00000000000000000000000000000000 P 55cfe00a602c460eb5c2691a7efb1d6f: Bootstrap starting.
I0823 00:30:05.579746 2194 tablet_bootstrap.cc:568] T 00000000000000000000000000000000 P 55cfe00a602c460eb5c2691a7efb1d6f: No blocks or log segments found. Creating new log.
I0823 00:30:05.580664 2194 log.cc:518] T 00000000000000000000000000000000 P 55cfe00a602c460eb5c2691a7efb1d6f: Log is configured to *not* fsync() on all Append() calls
I0823 00:30:05.582468 2194 tablet_bootstrap.cc:433] T 00000000000000000000000000000000 P 55cfe00a602c460eb5c2691a7efb1d6f: No bootstrap required, opened a new log
I0823 00:30:05.584861 2194 raft_consensus.cc:316] T 00000000000000000000000000000000 P 55cfe00a602c460eb5c2691a7efb1d6f [term 0 FOLLOWER]: Replica starting. Triggering 0 pending transactions. Active config: opid_index: -1 OBSOLETE_local: true peers { permanent_uuid: "55cfe00a602c460eb5c2691a7efb1d6f" member_type: VOTER }
I0823 00:30:05.585079 2194 raft_consensus.cc:340] T 00000000000000000000000000000000 P 55cfe00a602c460eb5c2691a7efb1d6f [term 0 FOLLOWER]: Consensus starting up: Expiring failure detector timer to make a prompt election more likely
I0823 00:30:05.585185 2194 raft_consensus.cc:598] T 00000000000000000000000000000000 P 55cfe00a602c460eb5c2691a7efb1d6f [term 0 FOLLOWER]: Becoming Follower/Learner. State: Replica: 55cfe00a602c460eb5c2691a7efb1d6f, State: Initialized, Role: FOLLOWER
I0823 00:30:05.585283 2194 consensus_queue.cc:191] T 00000000000000000000000000000000 P 55cfe00a602c460eb5c2691a7efb1d6f [NON_LEADER]: Queue going to NON_LEADER mode. State: All replicated index: 0, Majority replicated index: 0, Committed index: 0, Last appended: 0.0, Last appended by leader: 0, Current term: 0, Majority size: -1, State: 0, Mode: NON_LEADER
I0823 00:30:05.585404 2194 raft_consensus.cc:353] T 00000000000000000000000000000000 P 55cfe00a602c460eb5c2691a7efb1d6f [term 0 FOLLOWER]: Only one voter in the Raft config. Triggering election immediately
I0823 00:30:05.585475 2194 raft_consensus.cc:437] T 00000000000000000000000000000000 P 55cfe00a602c460eb5c2691a7efb1d6f [term 0 FOLLOWER]: Starting leader election (initial election of a single-replica configuration)
I0823 00:30:05.585561 2194 raft_consensus.cc:2429] T 00000000000000000000000000000000 P 55cfe00a602c460eb5c2691a7efb1d6f: Snoozing failure detection for election timeout plus an additional 2.011s
I0823 00:30:05.585616 2194 raft_consensus.cc:2476] T 00000000000000000000000000000000 P 55cfe00a602c460eb5c2691a7efb1d6f [term 0 FOLLOWER]: Advancing to term 1
I0823 00:30:05.587384 2194 raft_consensus.cc:461] T 00000000000000000000000000000000 P 55cfe00a602c460eb5c2691a7efb1d6f [term 1 FOLLOWER]: Starting leader election with config: opid_index: -1 OBSOLETE_local: true peers { permanent_uuid: "55cfe00a602c460eb5c2691a7efb1d6f" member_type: VOTER }
I0823 00:30:05.587841 2194 leader_election.cc:248] T 00000000000000000000000000000000 P 55cfe00a602c460eb5c2691a7efb1d6f [CANDIDATE]: Term 1 election: Election decided. Result: candidate won.
I0823 00:30:05.588629 2198 raft_consensus.cc:2429] T 00000000000000000000000000000000 P 55cfe00a602c460eb5c2691a7efb1d6f: Snoozing failure detection for election timeout plus an additional 2.170s
I0823 00:30:05.588737 2198 raft_consensus.cc:2224] T 00000000000000000000000000000000 P 55cfe00a602c460eb5c2691a7efb1d6f [term 1 FOLLOWER]: Leader election won for term 1
I0823 00:30:05.589614 2198 raft_consensus.cc:564] T 00000000000000000000000000000000 P 55cfe00a602c460eb5c2691a7efb1d6f [term 1 LEADER]: Becoming Leader. State: Replica: 55cfe00a602c460eb5c2691a7efb1d6f, State: Running, Role: LEADER
I0823 00:30:05.589848 2198 consensus_queue.cc:170] T 00000000000000000000000000000000 P 55cfe00a602c460eb5c2691a7efb1d6f [LEADER]: Queue going to LEADER mode. State: All replicated index: 0, Majority replicated index: 0, Committed index: 0, Last appended: 0.0, Last appended by leader: 0, Current term: 1, Majority size: 1, State: 0, Mode: LEADER, active raft config: opid_index: -1 OBSOLETE_local: true peers { permanent_uuid: "55cfe00a602c460eb5c2691a7efb1d6f" member_type: VOTER }
I0823 00:30:05.596390 2194 sys_catalog.cc:318] T 00000000000000000000000000000000 P 55cfe00a602c460eb5c2691a7efb1d6f [sys.catalog]: SysCatalogTable state changed. Reason: Started TabletReplica. Latest consensus state: current_term: 1 leader_uuid: "55cfe00a602c460eb5c2691a7efb1d6f" committed_config { opid_index: -1 OBSOLETE_local: true peers { permanent_uuid: "55cfe00a602c460eb5c2691a7efb1d6f" member_type: VOTER } }
I0823 00:30:05.596657 2194 sys_catalog.cc:321] T 00000000000000000000000000000000 P 55cfe00a602c460eb5c2691a7efb1d6f [sys.catalog]: This master's current role is: LEADER
I0823 00:30:05.596850 2200 sys_catalog.cc:318] T 00000000000000000000000000000000 P 55cfe00a602c460eb5c2691a7efb1d6f [sys.catalog]: SysCatalogTable state changed. Reason: New leader 55cfe00a602c460eb5c2691a7efb1d6f. Latest consensus state: current_term: 1 leader_uuid: "55cfe00a602c460eb5c2691a7efb1d6f" committed_config { opid_index: -1 OBSOLETE_local: true peers { permanent_uuid: "55cfe00a602c460eb5c2691a7efb1d6f" member_type: VOTER } }
I0823 00:30:05.596976 2199 sys_catalog.cc:318] T 00000000000000000000000000000000 P 55cfe00a602c460eb5c2691a7efb1d6f [sys.catalog]: SysCatalogTable state changed. Reason: RaftConsensus started. Latest consensus state: current_term: 1 leader_uuid: "55cfe00a602c460eb5c2691a7efb1d6f" committed_config { opid_index: -1 OBSOLETE_local: true peers { permanent_uuid: "55cfe00a602c460eb5c2691a7efb1d6f" member_type: VOTER } }
I0823 00:30:05.597103 2200 sys_catalog.cc:321] T 00000000000000000000000000000000 P 55cfe00a602c460eb5c2691a7efb1d6f [sys.catalog]: This master's current role is: LEADER
I0823 00:30:05.597136 2199 sys_catalog.cc:321] T 00000000000000000000000000000000 P 55cfe00a602c460eb5c2691a7efb1d6f [sys.catalog]: This master's current role is: LEADER
I0823 00:30:05.598583 2194 sys_catalog.cc:400] T 00000000000000000000000000000000 P 55cfe00a602c460eb5c2691a7efb1d6f [sys.catalog]: configured and running, proceeding with master startup.
I0823 00:30:05.602474 2202 catalog_manager.cc:1042] Loading table and tablet metadata into memory...
I0823 00:30:05.613911 2135 master_main.cc:79] Master server successfully started.
I0823 00:30:05.617318 2202 catalog_manager.cc:1053] Initializing Kudu internal certificate authority...
I0823 00:30:05.654152 2202 catalog_manager.cc:938] Generated new certificate authority record
I0823 00:30:05.655383 2202 catalog_manager.cc:1062] Loading token signing keys...
I0823 00:30:05.661191 2202 catalog_manager.cc:3629] T 00000000000000000000000000000000 P 55cfe00a602c460eb5c2691a7efb1d6f: Generated new TSK 0 WARNING: Logging before InitGoogleLogging() is written to STDERR
W0823 00:30:05.782492 2195 flags.cc:395] Enabled unsafe flag: --rpc_server_allow_ephemeral_ports=true
