I0823 00:29:45.722683 838 tablet_copy_service.cc:149] P 4f51846d103c43d2936780f98a5eae77: Beginning new tablet copy session on tablet 6ad5e8871af144f5b846be2e9601de89 from peer b35e015d8b1c4ee481fa9ecb0f6a79b8 at {username='slave'} at 127.0.177.2:55926: session id = b35e015d8b1c4ee481fa9ecb0f6a79b8-6ad5e8871af144f5b846be2e9601de89
W0823 00:29:45.722776 838 tablet_copy_service.cc:413] P 4f51846d103c43d2936780f98a5eae77: Error handling TabletCopyService RPC request from {username='slave'} at 127.0.177.2:55926: Error beginning tablet copy session for tablet 6ad5e8871af144f5b846be2e9601de89: Illegal state: The tablet is not in a running state: BOOTSTRAPPING
I0823 00:29:45.733357 738 ts_tablet_manager.cc:535] T 6ad5e8871af144f5b846be2e9601de89 P b35e015d8b1c4ee481fa9ecb0f6a79b8: Initiating tablet copy from peer 4f51846d103c43d2936780f98a5eae77 (127.0.177.1:55742)
I0823 00:29:45.733517 738 tablet_copy_client.cc:192] T 6ad5e8871af144f5b846be2e9601de89 P b35e015d8b1c4ee481fa9ecb0f6a79b8: tablet copy: Beginning tablet copy session from remote peer at address 127.0.177.1:55742
I0823 00:29:45.734436 838 tablet_copy_service.cc:130] P 4f51846d103c43d2936780f98a5eae77: Received BeginTabletCopySession request for tablet 6ad5e8871af144f5b846be2e9601de89 from peer b35e015d8b1c4ee481fa9ecb0f6a79b8 ({username='slave'} at 127.0.177.2:55926)
I0823 00:29:45.734558 838 tablet_copy_service.cc:149] P 4f51846d103c43d2936780f98a5eae77: Beginning new tablet copy session on tablet 6ad5e8871af144f5b846be2e9601de89 from peer b35e015d8b1c4ee481fa9ecb0f6a79b8 at {username='slave'} at 127.0.177.2:55926: session id = b35e015d8b1c4ee481fa9ecb0f6a79b8-6ad5e8871af144f5b846be2e9601de89
W0823 00:29:45.734663 838 tablet_copy_service.cc:413] P 4f51846d103c43d2936780f98a5eae77: Error handling TabletCopyService RPC request from {username='slave'} at 127.0.177.2:55926: Error beginning tablet copy session for tablet 6ad5e8871af144f5b846be2e9601de89: Illegal state: The tablet is not in a running state: BOOTSTRAPPING
I0823 00:29:45.736217 740 ts_tablet_manager.cc:535] T 6ad5e8871af144f5b846be2e9601de89 P b35e015d8b1c4ee481fa9ecb0f6a79b8: Initiating tablet copy from peer 4f51846d103c43d2936780f98a5eae77 (127.0.177.1:55742)
I0823 00:29:45.736369 740 tablet_copy_client.cc:192] T 6ad5e8871af144f5b846be2e9601de89 P b35e015d8b1c4ee481fa9ecb0f6a79b8: tablet copy: Beginning tablet copy session from remote peer at address 127.0.177.1:55742
I0823 00:29:45.737104 838 tablet_copy_service.cc:130] P 4f51846d103c43d2936780f98a5eae77: Received BeginTabletCopySession request for tablet 6ad5e8871af144f5b846be2e9601de89 from peer b35e015d8b1c4ee481fa9ecb0f6a79b8 ({username='slave'} at 127.0.177.2:55926)
I0823 00:29:45.737195 838 tablet_copy_service.cc:149] P 4f51846d103c43d2936780f98a5eae77: Beginning new tablet copy session on tablet 6ad5e8871af144f5b846be2e9601de89 from peer b35e015d8b1c4ee481fa9ecb0f6a79b8 at {username='slave'} at 127.0.177.2:55926: session id = b35e015d8b1c4ee481fa9ecb0f6a79b8-6ad5e8871af144f5b846be2e9601de89
W0823 00:29:45.737282 838 tablet_copy_service.cc:413] P 4f51846d103c43d2936780f98a5eae77: Error handling TabletCopyService RPC request from {username='slave'} at 127.0.177.2:55926: Error beginning tablet copy session for tablet 6ad5e8871af144f5b846be2e9601de89: Illegal state: The tablet is not in a running state: BOOTSTRAPPING
I0823 00:29:45.742875 737 ts_tablet_manager.cc:535] T 6ad5e8871af144f5b846be2e9601de89 P b35e015d8b1c4ee481fa9ecb0f6a79b8: Initiating tablet copy from peer 4f51846d103c43d2936780f98a5eae77 (127.0.177.1:55742)
I0823 00:29:45.743053 737 tablet_copy_client.cc:192] T 6ad5e8871af144f5b846be2e9601de89 P b35e015d8b1c4ee481fa9ecb0f6a79b8: tablet copy: Beginning tablet copy session from remote peer at address 127.0.177.1:55742
I0823 00:29:45.744036 838 tablet_copy_service.cc:130] P 4f51846d103c43d2936780f98a5eae77: Received BeginTabletCopySession request for tablet 6ad5e8871af144f5b846be2e9601de89 from peer b35e015d8b1c4ee481fa9ecb0f6a79b8 ({username='slave'} at 127.0.177.2:55926)
I0823 00:29:45.744197 838 tablet_copy_service.cc:149] P 4f51846d103c43d2936780f98a5eae77: Beginning new tablet copy session on tablet 6ad5e8871af144f5b846be2e9601de89 from peer b35e015d8b1c4ee481fa9ecb0f6a79b8 at {username='slave'} at 127.0.177.2:55926: session id = b35e015d8b1c4ee481fa9ecb0f6a79b8-6ad5e8871af144f5b846be2e9601de89
W0823 00:29:45.744283 838 tablet_copy_service.cc:413] P 4f51846d103c43d2936780f98a5eae77: Error handling TabletCopyService RPC request from {username='slave'} at 127.0.177.2:55926: Error beginning tablet copy session for tablet 6ad5e8871af144f5b846be2e9601de89: Illegal state: The tablet is not in a running state: BOOTSTRAPPING
I0823 00:29:45.747637 739 ts_tablet_manager.cc:535] T 6ad5e8871af144f5b846be2e9601de89 P b35e015d8b1c4ee481fa9ecb0f6a79b8: Initiating tablet copy from peer 4f51846d103c43d2936780f98a5eae77 (127.0.177.1:55742)
I0823 00:29:45.747779 739 tablet_copy_client.cc:192] T 6ad5e8871af144f5b846be2e9601de89 P b35e015d8b1c4ee481fa9ecb0f6a79b8: tablet copy: Beginning tablet copy session from remote peer at address 127.0.177.1:55742
I0823 00:29:45.748621 838 tablet_copy_service.cc:130] P 4f51846d103c43d2936780f98a5eae77: Received BeginTabletCopySession request for tablet 6ad5e8871af144f5b846be2e9601de89 from peer b35e015d8b1c4ee481fa9ecb0f6a79b8 ({username='slave'} at 127.0.177.2:55926)
I0823 00:29:45.748733 838 tablet_copy_service.cc:149] P 4f51846d103c43d2936780f98a5eae77: Beginning new tablet copy session on tablet 6ad5e8871af144f5b846be2e9601de89 from peer b35e015d8b1c4ee481fa9ecb0f6a79b8 at {username='slave'} at 127.0.177.2:55926: session id = b35e015d8b1c4ee481fa9ecb0f6a79b8-6ad5e8871af144f5b846be2e9601de89
W0823 00:29:45.748838 838 tablet_copy_service.cc:413] P 4f51846d103c43d2936780f98a5eae77: Error handling TabletCopyService RPC request from {username='slave'} at 127.0.177.2:55926: Error beginning tablet copy session for tablet 6ad5e8871af144f5b846be2e9601de89: Illegal state: The tablet is not in a running state: BOOTSTRAPPING
I0823 00:29:45.755632 738 ts_tablet_manager.cc:535] T 6ad5e8871af144f5b846be2e9601de89 P b35e015d8b1c4ee481fa9ecb0f6a79b8: Initiating tablet copy from peer 4f51846d103c43d2936780f98a5eae77 (127.0.177.1:55742)
I0823 00:29:45.755762 738 tablet_copy_client.cc:192] T 6ad5e8871af144f5b846be2e9601de89 P b35e015d8b1c4ee481fa9ecb0f6a79b8: tablet copy: Beginning tablet copy session from remote peer at address 127.0.177.1:55742
I0823 00:29:45.756604 838 tablet_copy_service.cc:130] P 4f51846d103c43d2936780f98a5eae77: Received BeginTabletCopySession request for tablet 6ad5e8871af144f5b846be2e9601de89 from peer b35e015d8b1c4ee481fa9ecb0f6a79b8 ({username='slave'} at 127.0.177.2:55926)
I0823 00:29:45.756747 838 tablet_copy_service.cc:149] P 4f51846d103c43d2936780f98a5eae77: Beginning new tablet copy session on tablet 6ad5e8871af144f5b846be2e9601de89 from peer b35e015d8b1c4ee481fa9ecb0f6a79b8 at {username='slave'} at 127.0.177.2:55926: session id = b35e015d8b1c4ee481fa9ecb0f6a79b8-6ad5e8871af144f5b846be2e9601de89
W0823 00:29:45.756852 838 tablet_copy_service.cc:413] P 4f51846d103c43d2936780f98a5eae77: Error handling TabletCopyService RPC request from {username='slave'} at 127.0.177.2:55926: Error beginning tablet copy session for tablet 6ad5e8871af144f5b846be2e9601de89: Illegal state: The tablet is not in a running state: BOOTSTRAPPING
I0823 00:29:45.764009 740 ts_tablet_manager.cc:535] T 6ad5e8871af144f5b846be2e9601de89 P b35e015d8b1c4ee481fa9ecb0f6a79b8: Initiating tablet copy from peer 4f51846d103c43d2936780f98a5eae77 (127.0.177.1:55742)
I0823 00:29:45.764138 740 tablet_copy_client.cc:192] T 6ad5e8871af144f5b846be2e9601de89 P b35e015d8b1c4ee481fa9ecb0f6a79b8: tablet copy: Beginning tablet copy session from remote peer at address 127.0.177.1:55742
I0823 00:29:45.765030 838 tablet_copy_service.cc:130] P 4f51846d103c43d2936780f98a5eae77: Received BeginTabletCopySession request for tablet 6ad5e8871af144f5b846be2e9601de89 from peer b35e015d8b1c4ee481fa9ecb0f6a79b8 ({username='slave'} at 127.0.177.2:55926)
I0823 00:29:45.765136 838 tablet_copy_service.cc:149] P 4f51846d103c43d2936780f98a5eae77: Beginning new tablet copy session on tablet 6ad5e8871af144f5b846be2e9601de89 from peer b35e015d8b1c4ee481fa9ecb0f6a79b8 at {username='slave'} at 127.0.177.2:55926: session id = b35e015d8b1c4ee481fa9ecb0f6a79b8-6ad5e8871af144f5b846be2e9601de89
W0823 00:29:45.765239 838 tablet_copy_service.cc:413] P 4f51846d103c43d2936780f98a5eae77: Error handling TabletCopyService RPC request from {username='slave'} at 127.0.177.2:55926: Error beginning tablet copy session for tablet 6ad5e8871af144f5b846be2e9601de89: Illegal state: The tablet is not in a running state: BOOTSTRAPPING
I0823 00:29:45.766926 737 ts_tablet_manager.cc:535] T 6ad5e8871af144f5b846be2e9601de89 P b35e015d8b1c4ee481fa9ecb0f6a79b8: Initiating tablet copy from peer 4f51846d103c43d2936780f98a5eae77 (127.0.177.1:55742)
I0823 00:29:45.767048 737 tablet_copy_client.cc:192] T 6ad5e8871af144f5b846be2e9601de89 P b35e015d8b1c4ee481fa9ecb0f6a79b8: tablet copy: Beginning tablet copy session from remote peer at address 127.0.177.1:55742
I0823 00:29:45.767663 838 tablet_copy_service.cc:130] P 4f51846d103c43d2936780f98a5eae77: Received BeginTabletCopySession request for tablet 6ad5e8871af144f5b846be2e9601de89 from peer b35e015d8b1c4ee481fa9ecb0f6a79b8 ({username='slave'} at 127.0.177.2:55926)
I0823 00:29:45.767756 838 tablet_copy_service.cc:149] P 4f51846d103c43d2936780f98a5eae77: Beginning new tablet copy session on tablet 6ad5e8871af144f5b846be2e9601de89 from peer b35e015d8b1c4ee481fa9ecb0f6a79b8 at {username='slave'} at 127.0.177.2:55926: session id = b35e015d8b1c4ee481fa9ecb0f6a79b8-6ad5e8871af144f5b846be2e9601de89
W0823 00:29:45.767839 838 tablet_copy_service.cc:413] P 4f51846d103c43d2936780f98a5eae77: Error handling TabletCopyService RPC request from {username='slave'} at 127.0.177.2:55926: Error beginning tablet copy session for tablet 6ad5e8871af144f5b846be2e9601de89: Illegal state: The tablet is not in a running state: BOOTSTRAPPING
I0823 00:29:45.772037 755 tablet_bootstrap.cc:433] T 6ad5e8871af144f5b846be2e9601de89 P 4f51846d103c43d2936780f98a5eae77: Bootstrap replayed 1/1 log segments. Stats: ops{read=213 overwritten=0 applied=213 ignored=0} inserts{seen=10600 ignored=0} mutations{seen=0 ignored=0} orphaned_commits=0. Pending: 0 replicates
I0823 00:29:45.772573 755 tablet_bootstrap.cc:433] T 6ad5e8871af144f5b846be2e9601de89 P 4f51846d103c43d2936780f98a5eae77: Bootstrap complete.
I0823 00:29:45.773996 755 ts_tablet_manager.cc:778] T 6ad5e8871af144f5b846be2e9601de89 P 4f51846d103c43d2936780f98a5eae77: Time spent bootstrapping tablet: real 0.649s user 0.588s sys 0.048s
I0823 00:29:45.776983 755 raft_consensus.cc:316] T 6ad5e8871af144f5b846be2e9601de89 P 4f51846d103c43d2936780f98a5eae77 [term 1 FOLLOWER]: Replica starting. Triggering 0 pending transactions. Active config: opid_index: -1 OBSOLETE_local: true peers { permanent_uuid: "4f51846d103c43d2936780f98a5eae77" member_type: VOTER last_known_addr { host: "127.0.177.1" port: 55742 } }
I0823 00:29:45.778992 755 raft_consensus.cc:598] T 6ad5e8871af144f5b846be2e9601de89 P 4f51846d103c43d2936780f98a5eae77 [term 1 FOLLOWER]: Becoming Follower/Learner. State: Replica: 4f51846d103c43d2936780f98a5eae77, State: Initialized, Role: FOLLOWER
I0823 00:29:45.779140 755 consensus_queue.cc:191] T 6ad5e8871af144f5b846be2e9601de89 P 4f51846d103c43d2936780f98a5eae77 [NON_LEADER]: Queue going to NON_LEADER mode. State: All replicated index: 0, Majority replicated index: 0, Committed index: 213, Last appended: 1.213, Last appended by leader: 213, Current term: 0, Majority size: -1, State: 0, Mode: NON_LEADER
I0823 00:29:45.779242 755 raft_consensus.cc:353] T 6ad5e8871af144f5b846be2e9601de89 P 4f51846d103c43d2936780f98a5eae77 [term 1 FOLLOWER]: Only one voter in the Raft config. Triggering election immediately
I0823 00:29:45.779299 755 raft_consensus.cc:437] T 6ad5e8871af144f5b846be2e9601de89 P 4f51846d103c43d2936780f98a5eae77 [term 1 FOLLOWER]: Starting leader election (initial election of a single-replica configuration)
I0823 00:29:45.779369 755 raft_consensus.cc:2429] T 6ad5e8871af144f5b846be2e9601de89 P 4f51846d103c43d2936780f98a5eae77: Snoozing failure detection for election timeout plus an additional 1.518s
I0823 00:29:45.779449 755 raft_consensus.cc:2476] T 6ad5e8871af144f5b846be2e9601de89 P 4f51846d103c43d2936780f98a5eae77 [term 1 FOLLOWER]: Advancing to term 2
I0823 00:29:45.782657 755 raft_consensus.cc:461] T 6ad5e8871af144f5b846be2e9601de89 P 4f51846d103c43d2936780f98a5eae77 [term 2 FOLLOWER]: Starting leader election with config: opid_index: -1 OBSOLETE_local: true peers { permanent_uuid: "4f51846d103c43d2936780f98a5eae77" member_type: VOTER last_known_addr { host: "127.0.177.1" port: 55742 } }
I0823 00:29:45.783299 755 leader_election.cc:248] T 6ad5e8871af144f5b846be2e9601de89 P 4f51846d103c43d2936780f98a5eae77 [CANDIDATE]: Term 2 election: Election decided. Result: candidate won.
I0823 00:29:45.784080 866 raft_consensus.cc:2429] T 6ad5e8871af144f5b846be2e9601de89 P 4f51846d103c43d2936780f98a5eae77: Snoozing failure detection for election timeout plus an additional 1.979s
I0823 00:29:45.784179 866 raft_consensus.cc:2224] T 6ad5e8871af144f5b846be2e9601de89 P 4f51846d103c43d2936780f98a5eae77 [term 2 FOLLOWER]: Leader election won for term 2
I0823 00:29:45.784920 861 heartbeater.cc:406] Master 127.0.177.254:55114 was elected leader, sending a full tablet report...
I0823 00:29:45.785029 866 raft_consensus.cc:564] T 6ad5e8871af144f5b846be2e9601de89 P 4f51846d103c43d2936780f98a5eae77 [term 2 LEADER]: Becoming Leader. State: Replica: 4f51846d103c43d2936780f98a5eae77, State: Running, Role: LEADER
I0823 00:29:45.785421 866 consensus_queue.cc:170] T 6ad5e8871af144f5b846be2e9601de89 P 4f51846d103c43d2936780f98a5eae77 [LEADER]: Queue going to LEADER mode. State: All replicated index: 0, Majority replicated index: 213, Committed index: 213, Last appended: 1.213, Last appended by leader: 213, Current term: 2, Majority size: 1, State: 0, Mode: LEADER, active raft config: opid_index: -1 OBSOLETE_local: true peers { permanent_uuid: "4f51846d103c43d2936780f98a5eae77" member_type: VOTER last_known_addr { host: "127.0.177.1" port: 55742 } }
I0823 00:29:45.785830 755 ts_tablet_manager.cc:807] T 6ad5e8871af144f5b846be2e9601de89 P 4f51846d103c43d2936780f98a5eae77: Time spent starting tablet: real 0.012s user 0.012s sys 0.000s
I0823 00:29:45.787206 739 ts_tablet_manager.cc:535] T 6ad5e8871af144f5b846be2e9601de89 P b35e015d8b1c4ee481fa9ecb0f6a79b8: Initiating tablet copy from peer 4f51846d103c43d2936780f98a5eae77 (127.0.177.1:55742)
I0823 00:29:45.787333 739 tablet_copy_client.cc:192] T 6ad5e8871af144f5b846be2e9601de89 P b35e015d8b1c4ee481fa9ecb0f6a79b8: tablet copy: Beginning tablet copy session from remote peer at address 127.0.177.1:55742
I0823 00:29:45.788225 838 tablet_copy_service.cc:130] P 4f51846d103c43d2936780f98a5eae77: Received BeginTabletCopySession request for tablet 6ad5e8871af144f5b846be2e9601de89 from peer b35e015d8b1c4ee481fa9ecb0f6a79b8 ({username='slave'} at 127.0.177.2:55926)
I0823 00:29:45.791965 838 tablet_copy_service.cc:149] P 4f51846d103c43d2936780f98a5eae77: Beginning new tablet copy session on tablet 6ad5e8871af144f5b846be2e9601de89 from peer b35e015d8b1c4ee481fa9ecb0f6a79b8 at {username='slave'} at 127.0.177.2:55926: session id = b35e015d8b1c4ee481fa9ecb0f6a79b8-6ad5e8871af144f5b846be2e9601de89
I0823 00:29:45.793979 838 tablet_copy_source_session.cc:162] T 6ad5e8871af144f5b846be2e9601de89 P 4f51846d103c43d2936780f98a5eae77: Tablet Copy: opened 0 blocks and 1 log segments
I0823 00:29:45.796012 534 catalog_manager.cc:2583] T 6ad5e8871af144f5b846be2e9601de89 reported consensus state change: term changed from 1 to 2. New consensus state: current_term: 2 leader_uuid: "4f51846d103c43d2936780f98a5eae77" committed_config { opid_index: -1 OBSOLETE_local: true peers { permanent_uuid: "4f51846d103c43d2936780f98a5eae77" member_type: VOTER last_known_addr { host: "127.0.177.1" port: 55742 } } }
I0823 00:29:45.806749 726 heartbeater.cc:406] Master 127.0.177.254:55114 was elected leader, sending a full tablet report...
I0823 00:29:45.807729 739 ts_tablet_manager.cc:903] T 6ad5e8871af144f5b846be2e9601de89 P b35e015d8b1c4ee481fa9ecb0f6a79b8: Registered tablet (data state: TABLET_DATA_COPYING)
I0823 00:29:45.807917 739 tablet_copy_client.cc:458] T 6ad5e8871af144f5b846be2e9601de89 P b35e015d8b1c4ee481fa9ecb0f6a79b8: tablet copy: Starting download of 0 data blocks...
I0823 00:29:45.808208 739 tablet_copy_client.cc:421] T 6ad5e8871af144f5b846be2e9601de89 P b35e015d8b1c4ee481fa9ecb0f6a79b8: tablet copy: Starting download of 1 WAL segments...
I0823 00:29:45.816581 739 tablet_copy_client.cc:327] T 6ad5e8871af144f5b846be2e9601de89 P b35e015d8b1c4ee481fa9ecb0f6a79b8: tablet copy: Tablet Copy complete. Replacing tablet superblock.
I0823 00:29:45.819452 739 ts_tablet_manager.cc:766] T 6ad5e8871af144f5b846be2e9601de89 P b35e015d8b1c4ee481fa9ecb0f6a79b8: Bootstrapping tablet
I0823 00:29:45.819820 739 tablet_bootstrap.cc:433] T 6ad5e8871af144f5b846be2e9601de89 P b35e015d8b1c4ee481fa9ecb0f6a79b8: Bootstrap starting.
I0823 00:29:45.875280 739 log.cc:518] T 6ad5e8871af144f5b846be2e9601de89 P b35e015d8b1c4ee481fa9ecb0f6a79b8: Log is configured to *not* fsync() on all Append() calls
I0823 00:29:46.484889 739 tablet_bootstrap.cc:433] T 6ad5e8871af144f5b846be2e9601de89 P b35e015d8b1c4ee481fa9ecb0f6a79b8: Bootstrap replayed 1/1 log segments. Stats: ops{read=214 overwritten=0 applied=214 ignored=0} inserts{seen=10600 ignored=0} mutations{seen=0 ignored=0} orphaned_commits=0. Pending: 0 replicates
I0823 00:29:46.485424 739 tablet_bootstrap.cc:433] T 6ad5e8871af144f5b846be2e9601de89 P b35e015d8b1c4ee481fa9ecb0f6a79b8: Bootstrap complete.
I0823 00:29:46.485874 739 ts_tablet_manager.cc:778] T 6ad5e8871af144f5b846be2e9601de89 P b35e015d8b1c4ee481fa9ecb0f6a79b8: Time spent bootstrapping tablet: real 0.666s user 0.588s sys 0.080s
I0823 00:29:46.488497 739 raft_consensus.cc:316] T 6ad5e8871af144f5b846be2e9601de89 P b35e015d8b1c4ee481fa9ecb0f6a79b8 [term 2 NON_PARTICIPANT]: Replica starting. Triggering 0 pending transactions. Active config: opid_index: -1 OBSOLETE_local: true peers { permanent_uuid: "4f51846d103c43d2936780f98a5eae77" member_type: VOTER last_known_addr { host: "127.0.177.1" port: 55742 } }
I0823 00:29:46.488832 739 raft_consensus.cc:598] T 6ad5e8871af144f5b846be2e9601de89 P b35e015d8b1c4ee481fa9ecb0f6a79b8 [term 2 NON_PARTICIPANT]: Becoming Follower/Learner. State: Replica: b35e015d8b1c4ee481fa9ecb0f6a79b8, State: Initialized, Role: NON_PARTICIPANT
I0823 00:29:46.488950 739 consensus_queue.cc:191] T 6ad5e8871af144f5b846be2e9601de89 P b35e015d8b1c4ee481fa9ecb0f6a79b8 [NON_LEADER]: Queue going to NON_LEADER mode. State: All replicated index: 0, Majority replicated index: 0, Committed index: 214, Last appended: 2.214, Last appended by leader: 214, Current term: 0, Majority size: -1, State: 0, Mode: NON_LEADER
I0823 00:29:46.490088 739 ts_tablet_manager.cc:807] T 6ad5e8871af144f5b846be2e9601de89 P b35e015d8b1c4ee481fa9ecb0f6a79b8: Time spent starting tablet: real 0.004s user 0.004s sys 0.000s
I0823 00:29:46.490993 838 tablet_copy_service.cc:284] P 4f51846d103c43d2936780f98a5eae77: Request end of tablet copy session b35e015d8b1c4ee481fa9ecb0f6a79b8-6ad5e8871af144f5b846be2e9601de89 received from {username='slave'} at 127.0.177.2:55926
I0823 00:29:46.491150 838 tablet_copy_service.cc:372] P 4f51846d103c43d2936780f98a5eae77: Ending tablet copy session b35e015d8b1c4ee481fa9ecb0f6a79b8-6ad5e8871af144f5b846be2e9601de89 on tablet 6ad5e8871af144f5b846be2e9601de89 with peer b35e015d8b1c4ee481fa9ecb0f6a79b8
W0823 00:29:46.494328 740 ts_tablet_manager.cc:320] T 6ad5e8871af144f5b846be2e9601de89 P b35e015d8b1c4ee481fa9ecb0f6a79b8: Tablet Copy: Invalid argument: Leader has replica of tablet 6ad5e8871af144f5b846be2e9601de89 with term 0, which is lower than last-logged term 2 on local replica. Rejecting tablet copy request
W0823 00:29:46.498564 738 ts_tablet_manager.cc:320] T 6ad5e8871af144f5b846be2e9601de89 P b35e015d8b1c4ee481fa9ecb0f6a79b8: Tablet Copy: Invalid argument: Leader has replica of tablet 6ad5e8871af144f5b846be2e9601de89 with term 0, which is lower than last-logged term 2 on local replica. Rejecting tablet copy request
W0823 00:29:46.507694 737 ts_tablet_manager.cc:320] T 6ad5e8871af144f5b846be2e9601de89 P b35e015d8b1c4ee481fa9ecb0f6a79b8: Tablet Copy: Invalid argument: Leader has replica of tablet 6ad5e8871af144f5b846be2e9601de89 with term 0, which is lower than last-logged term 2 on local replica. Rejecting tablet copy request
I0823 00:29:46.511474 663 tablet_service.cc:758] Processing DeleteTablet for tablet 6ad5e8871af144f5b846be2e9601de89 with delete_type TABLET_DATA_DELETED from {username='slave'} at 127.0.0.1:60986
I0823 00:29:46.511673 663 tablet_replica.cc:227] Initiating TabletReplica shutdown for tablet: 6ad5e8871af144f5b846be2e9601de89
I0823 00:29:46.511859 663 maintenance_manager.cc:229] P b35e015d8b1c4ee481fa9ecb0f6a79b8: Unregistered op CompactRowSetsOp(6ad5e8871af144f5b846be2e9601de89)
I0823 00:29:46.511919 663 maintenance_manager.cc:229] P b35e015d8b1c4ee481fa9ecb0f6a79b8: Unregistered op MinorDeltaCompactionOp(6ad5e8871af144f5b846be2e9601de89)
I0823 00:29:46.511958 663 maintenance_manager.cc:229] P b35e015d8b1c4ee481fa9ecb0f6a79b8: Unregistered op MajorDeltaCompactionOp(6ad5e8871af144f5b846be2e9601de89)
I0823 00:29:46.511989 663 maintenance_manager.cc:229] P b35e015d8b1c4ee481fa9ecb0f6a79b8: Unregistered op UndoDeltaBlockGCOp(6ad5e8871af144f5b846be2e9601de89)
I0823 00:29:46.512061 663 maintenance_manager.cc:229] P b35e015d8b1c4ee481fa9ecb0f6a79b8: Unregistered op FlushMRSOp(6ad5e8871af144f5b846be2e9601de89)
I0823 00:29:46.512087 663 maintenance_manager.cc:229] P b35e015d8b1c4ee481fa9ecb0f6a79b8: Unregistered op FlushDeltaMemStoresOp(6ad5e8871af144f5b846be2e9601de89)
I0823 00:29:46.512120 663 maintenance_manager.cc:229] P b35e015d8b1c4ee481fa9ecb0f6a79b8: Unregistered op LogGCOp(6ad5e8871af144f5b846be2e9601de89)
I0823 00:29:46.512203 663 raft_consensus.cc:1808] T 6ad5e8871af144f5b846be2e9601de89 P b35e015d8b1c4ee481fa9ecb0f6a79b8 [term 2 NON_PARTICIPANT]: Raft consensus shutting down.
I0823 00:29:46.512454 663 raft_consensus.cc:1823] T 6ad5e8871af144f5b846be2e9601de89 P b35e015d8b1c4ee481fa9ecb0f6a79b8 [term 2 NON_PARTICIPANT]: Raft consensus is shut down!
I0823 00:29:46.514014 663 ts_tablet_manager.cc:1062] T 6ad5e8871af144f5b846be2e9601de89 P b35e015d8b1c4ee481fa9ecb0f6a79b8: Deleting tablet data with delete state TABLET_DATA_DELETED
I0823 00:29:46.525617 663 ts_tablet_manager.cc:1074] T 6ad5e8871af144f5b846be2e9601de89 P b35e015d8b1c4ee481fa9ecb0f6a79b8: tablet deleted: last-logged OpId: 2.214
I0823 00:29:46.525789 663 log.cc:960] T 6ad5e8871af144f5b846be2e9601de89 P b35e015d8b1c4ee481fa9ecb0f6a79b8: Deleting WAL directory at /tmp/run_tha_testCbI8vj/test-tmp/tablet_copy_client_session-itest.TabletCopyClientSessionITest.TestStartTabletCopyWhileSourceBootstrapping.1503448182040843-177/minicluster-data/ts-1/wal/wals/6ad5e8871af144f5b846be2e9601de89
I0823 00:29:46.526276 663 ts_tablet_manager.cc:1092] T 6ad5e8871af144f5b846be2e9601de89 P b35e015d8b1c4ee481fa9ecb0f6a79b8: Deleting consensus metadata
I0823 00:29:46.528489 177 external_mini_cluster.cc:1001] Attempting to check leaks for /tmp/run_tha_testCbI8vj/build/asan/bin/kudu-tserver pid 607
I0823 00:29:46.529664 723 generic_service.cc:133] Checking for leaks (request via RPC)
I0823 00:29:46.613795 177 external_mini_cluster.cc:960] Killing /tmp/run_tha_testCbI8vj/build/asan/bin/kudu-tserver with pid 607
W0823 00:29:46.626313 517 connection.cc:549] server connection from 127.0.177.2:57938 recv error: Network error: failed to read from TLS socket: Connection reset by peer (error 104)
W0823 00:29:46.626312 182 connection.cc:549] client connection to 127.0.177.2:50471 recv error: Network error: failed to read from TLS socket: Connection reset by peer (error 104)
W0823 00:29:46.626360 748 connection.cc:549] server connection from 127.0.177.2:55926 recv error: Network error: failed to read from TLS socket: Connection reset by peer (error 104)
I0823 00:29:46.626879 177 external_mini_cluster.cc:768] Running /tmp/run_tha_testCbI8vj/build/asan/bin/kudu-tserver /tmp/run_tha_testCbI8vj/build/asan/bin/kudu-tserver --fs_wal_dir=/tmp/run_tha_testCbI8vj/test-tmp/tablet_copy_client_session-itest.TabletCopyClientSessionITest.TestStartTabletCopyWhileSourceBootstrapping.1503448182040843-177/minicluster-data/ts-1/wal --fs_data_dirs=/tmp/run_tha_testCbI8vj/test-tmp/tablet_copy_client_session-itest.TabletCopyClientSessionITest.TestStartTabletCopyWhileSourceBootstrapping.1503448182040843-177/minicluster-data/ts-1/data --rpc_bind_addresses=127.0.177.2:50471 --local_ip_for_outbound_sockets=127.0.177.2 --webserver_port=49386 --webserver_interface=127.0.177.2 --tserver_master_addrs=127.0.177.254:55114 --never_fsync --ipki_server_key_size=1024 --enable_minidumps=false --redact=flag --metrics_log_interval_ms=1000 --logtostderr --logbuflevel=-1 --log_dir=/tmp/run_tha_testCbI8vj/test-tmp/tablet_copy_client_session-itest.TabletCopyClientSessionITest.TestStartTabletCopyWhileSourceBootstrapping.1503448182040843-177/minicluster-data/ts-1/logs --server_dump_info_path=/tmp/run_tha_testCbI8vj/test-tmp/tablet_copy_client_session-itest.TabletCopyClientSessionITest.TestStartTabletCopyWhileSourceBootstrapping.1503448182040843-177/minicluster-data/ts-1/data/info.pb --server_dump_info_format=pb --rpc_server_allow_ephemeral_ports --unlock_experimental_flags --unlock_unsafe_flags with env {} WARNING: Logging before InitGoogleLogging() is written to STDERR
W0823 00:29:46.804294 878 flags.cc:395] Enabled unsafe flag: --rpc_server_allow_ephemeral_ports=true
W0823 00:29:46.804518 878 flags.cc:395] Enabled unsafe flag: --never_fsync=true
W0823 00:29:46.806427 878 flags.cc:395] Enabled experimental flag: --ipki_server_key_size=1024
W0823 00:29:46.806516 878 flags.cc:395] Enabled experimental flag: --local_ip_for_outbound_sockets=127.0.177.2
I0823 00:29:46.809948 878 tablet_server_main.cc:72] Tablet server non-default flags: --fs_data_dirs=/tmp/run_tha_testCbI8vj/test-tmp/tablet_copy_client_session-itest.TabletCopyClientSessionITest.TestStartTabletCopyWhileSourceBootstrapping.1503448182040843-177/minicluster-data/ts-1/data --fs_wal_dir=/tmp/run_tha_testCbI8vj/test-tmp/tablet_copy_client_session-itest.TabletCopyClientSessionITest.TestStartTabletCopyWhileSourceBootstrapping.1503448182040843-177/minicluster-data/ts-1/wal --ipki_server_key_size=1024 --rpc_bind_addresses=127.0.177.2:50471 --rpc_server_allow_ephemeral_ports=true --metrics_log_interval_ms=1000 --server_dump_info_format=pb --server_dump_info_path=/tmp/run_tha_testCbI8vj/test-tmp/tablet_copy_client_session-itest.TabletCopyClientSessionITest.TestStartTabletCopyWhileSourceBootstrapping.1503448182040843-177/minicluster-data/ts-1/data/info.pb --webserver_interface=127.0.177.2 --webserver_port=49386 --tserver_master_addrs=127.0.177.254:55114 --never_fsync=true --heap_profile_path=/tmp/kudu-tserver.878 --redact=flag --unlock_experimental_flags=true --unlock_unsafe_flags=true --enable_minidumps=false --local_ip_for_outbound_sockets=127.0.177.2 --log_dir=/tmp/run_tha_testCbI8vj/test-tmp/tablet_copy_client_session-itest.TabletCopyClientSessionITest.TestStartTabletCopyWhileSourceBootstrapping.1503448182040843-177/minicluster-data/ts-1/logs --logbuflevel=-1 --logtostderr=true Tablet server version: kudu 1.5.0-SNAPSHOT revision 52ad0af9e9a5674434c34eb2d5943d226a3824f5 build type FASTDEBUG built by None at 23 Aug 2017 00:26:27 UTC on jenkins-slave-c3oe build id 9523 ASAN enabled
I0823 00:29:46.817056 878 tablet_server_main.cc:79] Initializing tablet server...
I0823 00:29:46.818452 878 system_ntp.cc:104] NTP initialized. Resolution in nanos?: 1 Skew PPM: 500 Current error: 978300
I0823 00:29:46.823577 878 fs_manager.cc:291] Time spent opening directory manager: real 0.003s user 0.008s sys 0.000s
I0823 00:29:46.823814 878 env_posix.cc:1598] Not raising process file limit of 65536; it is already as high as it can go
I0823 00:29:46.824074 878 file_cache.cc:469] Constructed file cache lbm with capacity 26214
I0823 00:29:46.827824 878 fs_manager.cc:299] Time spent opening block manager: real 0.002s user 0.000s sys 0.000s
I0823 00:29:46.827901 878 fs_manager.cc:303] Opened local filesystem: /tmp/run_tha_testCbI8vj/test-tmp/tablet_copy_client_session-itest.TabletCopyClientSessionITest.TestStartTabletCopyWhileSourceBootstrapping.1503448182040843-177/minicluster-data/ts-1/data,/tmp/run_tha_testCbI8vj/test-tmp/tablet_copy_client_session-itest.TabletCopyClientSessionITest.TestStartTabletCopyWhileSourceBootstrapping.1503448182040843-177/minicluster-data/ts-1/wal uuid: "b35e015d8b1c4ee481fa9ecb0f6a79b8" format_stamp: "Formatted at 2017-08-23 00:29:42 on dist-test-slave-dist-test-slave-xjn1"
I0823 00:29:46.828891 878 fs_report.cc:347] Block manager report -------------------- 1 data directories: /tmp/run_tha_testCbI8vj/test-tmp/tablet_copy_client_session-itest.TabletCopyClientSessionITest.TestStartTabletCopyWhileSourceBootstrapping.1503448182040843-177/minicluster-data/ts-1/data/data Total live blocks: 0 Total live bytes: 0 Total live bytes (after alignment): 0 Total number of LBM containers: 0 (0 full) Did not check for missing blocks Did not check for orphaned blocks Total full LBM containers with extra space: 0 (0 repaired) Total full LBM container extra space in bytes: 0 (0 repaired) Total incomplete LBM containers: 0 (0 repaired) Total LBM partial records: 0 (0 repaired)
I0823 00:29:46.876813 878 ts_tablet_manager.cc:210] Loaded tablet metadata (0 live tablets)
I0823 00:29:46.877207 878 tablet_server_main.cc:84] Starting tablet server...
I0823 00:29:46.902003 878 rpc_server.cc:192] RPC server started. Bound to: 127.0.177.2:50471
I0823 00:29:46.902508 878 webserver.cc:149] Starting webserver on 127.0.177.2:49386
I0823 00:29:46.902556 878 webserver.cc:160] Document root disabled
I0823 00:29:46.903237 878 webserver.cc:282] Webserver started. Bound to: http://127.0.177.2:49386/
I0823 00:29:46.904038 878 server_base.cc:372] Dumped server information to /tmp/run_tha_testCbI8vj/test-tmp/tablet_copy_client_session-itest.TabletCopyClientSessionITest.TestStartTabletCopyWhileSourceBootstrapping.1503448182040843-177/minicluster-data/ts-1/data/info.pb
I0823 00:29:46.905059 878 tablet_server_main.cc:87] Tablet server successfully started.
I0823 00:29:46.905055 998 process_memory.cc:181] Process hard memory limit is 11.777661 GB
I0823 00:29:46.905148 998 process_memory.cc:183] Process soft memory limit is 9.422129 GB
I0823 00:29:46.905186 998 process_memory.cc:186] Process memory pressure threshold is 7.066597 GB
I0823 00:29:46.911137 177 external_mini_cluster.cc:830] Started /tmp/run_tha_testCbI8vj/build/asan/bin/kudu-tserver as pid 878
I0823 00:29:46.911324 177 tablet_copy_client_session-itest.cc:134] Starting loop 1
I0823 00:29:46.911386 177 external_mini_cluster.cc:1001] Attempting to check leaks for /tmp/run_tha_testCbI8vj/build/asan/bin/kudu-tserver pid 736
I0823 00:29:46.918130 858 generic_service.cc:133] Checking for leaks (request via RPC)
I0823 00:29:46.919478 997 heartbeater.cc:317] Connected to a master server at 127.0.177.254:55114
I0823 00:29:46.919677 997 heartbeater.cc:387] Registering TS with master...
I0823 00:29:46.920181 997 heartbeater.cc:414] Master 127.0.177.254:55114 requested a full tablet report, sending...
I0823 00:29:46.921912 534 ts_manager.cc:87] Re-registered known tserver with Master: b35e015d8b1c4ee481fa9ecb0f6a79b8 (127.0.177.2:50471)
I0823 00:29:46.923142 534 master_service.cc:203] Signed X509 certificate for tserver {username='slave'} at 127.0.177.2:44589
I0823 00:29:46.999701 177 external_mini_cluster.cc:960] Killing /tmp/run_tha_testCbI8vj/build/asan/bin/kudu-tserver with pid 736
W0823 00:29:47.012473 518 connection.cc:549] server connection from 127.0.177.1:55440 recv error: Network error: failed to read from TLS socket: Connection reset by peer (error 104)
W0823 00:29:47.012503 182 connection.cc:549] client connection to 127.0.177.1:55742 recv error: Network error: failed to read from TLS socket: Connection reset by peer (error 104)
I0823 00:29:47.015091 177 external_mini_cluster.cc:768] Running /tmp/run_tha_testCbI8vj/build/asan/bin/kudu-tserver /tmp/run_tha_testCbI8vj/build/asan/bin/kudu-tserver --fs_wal_dir=/tmp/run_tha_testCbI8vj/test-tmp/tablet_copy_client_session-itest.TabletCopyClientSessionITest.TestStartTabletCopyWhileSourceBootstrapping.1503448182040843-177/minicluster-data/ts-0/wal --fs_data_dirs=/tmp/run_tha_testCbI8vj/test-tmp/tablet_copy_client_session-itest.TabletCopyClientSessionITest.TestStartTabletCopyWhileSourceBootstrapping.1503448182040843-177/minicluster-data/ts-0/data --rpc_bind_addresses=127.0.177.1:55742 --local_ip_for_outbound_sockets=127.0.177.1 --webserver_port=47288 --webserver_interface=127.0.177.1 --tserver_master_addrs=127.0.177.254:55114 --never_fsync --ipki_server_key_size=1024 --enable_minidumps=false --redact=flag --metrics_log_interval_ms=1000 --logtostderr --logbuflevel=-1 --log_dir=/tmp/run_tha_testCbI8vj/test-tmp/tablet_copy_client_session-itest.TabletCopyClientSessionITest.TestStartTabletCopyWhileSourceBootstrapping.1503448182040843-177/minicluster-data/ts-0/logs --server_dump_info_path=/tmp/run_tha_testCbI8vj/test-tmp/tablet_copy_client_session-itest.TabletCopyClientSessionITest.TestStartTabletCopyWhileSourceBootstrapping.1503448182040843-177/minicluster-data/ts-0/data/info.pb --server_dump_info_format=pb --rpc_server_allow_ephemeral_ports --unlock_experimental_flags --unlock_unsafe_flags with env {}
I0823 00:29:47.042021 1011 ts_tablet_manager.cc:535] T 6ad5e8871af144f5b846be2e9601de89 P b35e015d8b1c4ee481fa9ecb0f6a79b8: Initiating tablet copy from peer 4f51846d103c43d2936780f98a5eae77 (127.0.177.1:55742)
I0823 00:29:47.042233 1011 tablet_copy_client.cc:192] T 6ad5e8871af144f5b846be2e9601de89 P b35e015d8b1c4ee481fa9ecb0f6a79b8: tablet copy: Beginning tablet copy session from remote peer at address 127.0.177.1:55742
I0823 00:29:47.066210 1010 ts_tablet_manager.cc:535] T 6ad5e8871af144f5b846be2e9601de89 P b35e015d8b1c4ee481fa9ecb0f6a79b8: Initiating tablet copy from peer 4f51846d103c43d2936780f98a5eae77 (127.0.177.1:55742)
I0823 00:29:47.066349 1010 tablet_copy_client.cc:192] T 6ad5e8871af144f5b846be2e9601de89 P b35e015d8b1c4ee481fa9ecb0f6a79b8: tablet copy: Beginning tablet copy session from remote peer at address 127.0.177.1:55742
I0823 00:29:47.077563 1012 ts_tablet_manager.cc:535] T 6ad5e8871af144f5b846be2e9601de89 P b35e015d8b1c4ee481fa9ecb0f6a79b8: Initiating tablet copy from peer 4f51846d103c43d2936780f98a5eae77 (127.0.177.1:55742)
I0823 00:29:47.077702 1012 tablet_copy_client.cc:192] T 6ad5e8871af144f5b846be2e9601de89 P b35e015d8b1c4ee481fa9ecb0f6a79b8: tablet copy: Beginning tablet copy session from remote peer at address 127.0.177.1:55742
I0823 00:29:47.086314 1011 ts_tablet_manager.cc:535] T 6ad5e8871af144f5b846be2e9601de89 P b35e015d8b1c4ee481fa9ecb0f6a79b8: Initiating tablet copy from peer 4f51846d103c43d2936780f98a5eae77 (127.0.177.1:55742)
I0823 00:29:47.086488 1011 tablet_copy_client.cc:192] T 6ad5e8871af144f5b846be2e9601de89 P b35e015d8b1c4ee481fa9ecb0f6a79b8: tablet copy: Beginning tablet copy session from remote peer at address 127.0.177.1:55742
I0823 00:29:47.093026 1010 ts_tablet_manager.cc:535] T 6ad5e8871af144f5b846be2e9601de89 P b35e015d8b1c4ee481fa9ecb0f6a79b8: Initiating tablet copy from peer 4f51846d103c43d2936780f98a5eae77 (127.0.177.1:55742)
I0823 00:29:47.093171 1010 tablet_copy_client.cc:192] T 6ad5e8871af144f5b846be2e9601de89 P b35e015d8b1c4ee481fa9ecb0f6a79b8: tablet copy: Beginning tablet copy session from remote peer at address 127.0.177.1:55742
I0823 00:29:47.104223 1013 ts_tablet_manager.cc:535] T 6ad5e8871af144f5b846be2e9601de89 P b35e015d8b1c4ee481fa9ecb0f6a79b8: Initiating tablet copy from peer 4f51846d103c43d2936780f98a5eae77 (127.0.177.1:55742)
I0823 00:29:47.104436 1013 tablet_copy_client.cc:192] T 6ad5e8871af144f5b846be2e9601de89 P b35e015d8b1c4ee481fa9ecb0f6a79b8: tablet copy: Beginning tablet copy session from remote peer at address 127.0.177.1:55742
I0823 00:29:47.116364 1011 ts_tablet_manager.cc:535] T 6ad5e8871af144f5b846be2e9601de89 P b35e015d8b1c4ee481fa9ecb0f6a79b8: Initiating tablet copy from peer 4f51846d103c43d2936780f98a5eae77 (127.0.177.1:55742)
I0823 00:29:47.116519 1011 tablet_copy_client.cc:192] T 6ad5e8871af144f5b846be2e9601de89 P b35e015d8b1c4ee481fa9ecb0f6a79b8: tablet copy: Beginning tablet copy session from remote peer at address 127.0.177.1:55742
I0823 00:29:47.124682 1010 ts_tablet_manager.cc:535] T 6ad5e8871af144f5b846be2e9601de89 P b35e015d8b1c4ee481fa9ecb0f6a79b8: Initiating tablet copy from peer 4f51846d103c43d2936780f98a5eae77 (127.0.177.1:55742)
I0823 00:29:47.124821 1010 tablet_copy_client.cc:192] T 6ad5e8871af144f5b846be2e9601de89 P b35e015d8b1c4ee481fa9ecb0f6a79b8: tablet copy: Beginning tablet copy session from remote peer at address 127.0.177.1:55742
I0823 00:29:47.132155 1012 ts_tablet_manager.cc:535] T 6ad5e8871af144f5b846be2e9601de89 P b35e015d8b1c4ee481fa9ecb0f6a79b8: Initiating tablet copy from peer 4f51846d103c43d2936780f98a5eae77 (127.0.177.1:55742)
I0823 00:29:47.132292 1012 tablet_copy_client.cc:192] T 6ad5e8871af144f5b846be2e9601de89 P b35e015d8b1c4ee481fa9ecb0f6a79b8: tablet copy: Beginning tablet copy session from remote peer at address 127.0.177.1:55742
I0823 00:29:47.146088 1013 ts_tablet_manager.cc:535] T 6ad5e8871af144f5b846be2e9601de89 P b35e015d8b1c4ee481fa9ecb0f6a79b8: Initiating tablet copy from peer 4f51846d103c43d2936780f98a5eae77 (127.0.177.1:55742)
I0823 00:29:47.146250 1013 tablet_copy_client.cc:192] T 6ad5e8871af144f5b846be2e9601de89 P b35e015d8b1c4ee481fa9ecb0f6a79b8: tablet copy: Beginning tablet copy session from remote peer at address 127.0.177.1:55742
I0823 00:29:47.150390 1011 ts_tablet_manager.cc:535] T 6ad5e8871af144f5b846be2e9601de89 P b35e015d8b1c4ee481fa9ecb0f6a79b8: Initiating tablet copy from peer 4f51846d103c43d2936780f98a5eae77 (127.0.177.1:55742)
I0823 00:29:47.150527 1011 tablet_copy_client.cc:192] T 6ad5e8871af144f5b846be2e9601de89 P b35e015d8b1c4ee481fa9ecb0f6a79b8: tablet copy: Beginning tablet copy session from remote peer at address 127.0.177.1:55742
I0823 00:29:47.153612 1012 ts_tablet_manager.cc:535] T 6ad5e8871af144f5b846be2e9601de89 P b35e015d8b1c4ee481fa9ecb0f6a79b8: Initiating tablet copy from peer 4f51846d103c43d2936780f98a5eae77 (127.0.177.1:55742)
I0823 00:29:47.153762 1012 tablet_copy_client.cc:192] T 6ad5e8871af144f5b846be2e9601de89 P b35e015d8b1c4ee481fa9ecb0f6a79b8: tablet copy: Beginning tablet copy session from remote peer at address 127.0.177.1:55742
I0823 00:29:47.156711 1013 ts_tablet_manager.cc:535] T 6ad5e8871af144f5b846be2e9601de89 P b35e015d8b1c4ee481fa9ecb0f6a79b8: Initiating tablet copy from peer 4f51846d103c43d2936780f98a5eae77 (127.0.177.1:55742)
I0823 00:29:47.156841 1013 tablet_copy_client.cc:192] T 6ad5e8871af144f5b846be2e9601de89 P b35e015d8b1c4ee481fa9ecb0f6a79b8: tablet copy: Beginning tablet copy session from remote peer at address 127.0.177.1:55742
I0823 00:29:47.175164 1010 ts_tablet_manager.cc:535] T 6ad5e8871af144f5b846be2e9601de89 P b35e015d8b1c4ee481fa9ecb0f6a79b8: Initiating tablet copy from peer 4f51846d103c43d2936780f98a5eae77 (127.0.177.1:55742)
I0823 00:29:47.175302 1010 tablet_copy_client.cc:192] T 6ad5e8871af144f5b846be2e9601de89 P b35e015d8b1c4ee481fa9ecb0f6a79b8: tablet copy: Beginning tablet copy session from remote peer at address 127.0.177.1:55742
I0823 00:29:47.187110 1011 ts_tablet_manager.cc:535] T 6ad5e8871af144f5b846be2e9601de89 P b35e015d8b1c4ee481fa9ecb0f6a79b8: Initiating tablet copy from peer 4f51846d103c43d2936780f98a5eae77 (127.0.177.1:55742)
I0823 00:29:47.187259 1011 tablet_copy_client.cc:192] T 6ad5e8871af144f5b846be2e9601de89 P b35e015d8b1c4ee481fa9ecb0f6a79b8: tablet copy: Beginning tablet copy session from remote peer at address 127.0.177.1:55742
I0823 00:29:47.191746 1012 ts_tablet_manager.cc:535] T 6ad5e8871af144f5b846be2e9601de89 P b35e015d8b1c4ee481fa9ecb0f6a79b8: Initiating tablet copy from peer 4f51846d103c43d2936780f98a5eae77 (127.0.177.1:55742)
I0823 00:29:47.191866 1012 tablet_copy_client.cc:192] T 6ad5e8871af144f5b846be2e9601de89 P b35e015d8b1c4ee481fa9ecb0f6a79b8: tablet copy: Beginning tablet copy session from remote peer at address 127.0.177.1:55742
I0823 00:29:47.196964 1013 ts_tablet_manager.cc:535] T 6ad5e8871af144f5b846be2e9601de89 P b35e015d8b1c4ee481fa9ecb0f6a79b8: Initiating tablet copy from peer 4f51846d103c43d2936780f98a5eae77 (127.0.177.1:55742)
I0823 00:29:47.197108 1013 tablet_copy_client.cc:192] T 6ad5e8871af144f5b846be2e9601de89 P b35e015d8b1c4ee481fa9ecb0f6a79b8: tablet copy: Beginning tablet copy session from remote peer at address 127.0.177.1:55742 WARNING: Logging before InitGoogleLogging() is written to STDERR
W0823 00:29:47.205771 1009 flags.cc:395] Enabled unsafe flag: --rpc_server_allow_ephemeral_ports=true
W0823 00:29:47.206041 1009 flags.cc:395] Enabled unsafe flag: --never_fsync=true
I0823 00:29:47.206044 1010 ts_tablet_manager.cc:535] T 6ad5e8871af144f5b846be2e9601de89 P b35e015d8b1c4ee481fa9ecb0f6a79b8: Initiating tablet copy from peer 4f51846d103c43d2936780f98a5eae77 (127.0.177.1:55742)
I0823 00:29:47.206173 1010 tablet_copy_client.cc:192] T 6ad5e8871af144f5b846be2e9601de89 P b35e015d8b1c4ee481fa9ecb0f6a79b8: tablet copy: Beginning tablet copy session from remote peer at address 127.0.177.1:55742
W0823 00:29:47.208169 1009 flags.cc:395] Enabled experimental flag: --ipki_server_key_size=1024
W0823 00:29:47.208304 1009 flags.cc:395] Enabled experimental flag: --local_ip_for_outbound_sockets=127.0.177.1
I0823 00:29:47.212358 1009 tablet_server_main.cc:72] Tablet server non-default flags: --fs_data_dirs=/tmp/run_tha_testCbI8vj/test-tmp/tablet_copy_client_session-itest.TabletCopyClientSessionITest.TestStartTabletCopyWhileSourceBootstrapping.1503448182040843-177/minicluster-data/ts-0/data --fs_wal_dir=/tmp/run_tha_testCbI8vj/test-tmp/tablet_copy_client_session-itest.TabletCopyClientSessionITest.TestStartTabletCopyWhileSourceBootstrapping.1503448182040843-177/minicluster-data/ts-0/wal --ipki_server_key_size=1024 --rpc_bind_addresses=127.0.177.1:55742 --rpc_server_allow_ephemeral_ports=true --metrics_log_interval_ms=1000 --server_dump_info_format=pb --server_dump_info_path=/tmp/run_tha_testCbI8vj/test-tmp/tablet_copy_client_session-itest.TabletCopyClientSessionITest.TestStartTabletCopyWhileSourceBootstrapping.1503448182040843-177/minicluster-data/ts-0/data/info.pb --webserver_interface=127.0.177.1 --webserver_port=47288 --tserver_master_addrs=127.0.177.254:55114 --never_fsync=true --heap_profile_path=/tmp/kudu-tserver.1009 --redact=flag --unlock_experimental_flags=true --unlock_unsafe_flags=true --enable_minidumps=false --local_ip_for_outbound_sockets=127.0.177.1 --log_dir=/tmp/run_tha_testCbI8vj/test-tmp/tablet_copy_client_session-itest.TabletCopyClientSessionITest.TestStartTabletCopyWhileSourceBootstrapping.1503448182040843-177/minicluster-data/ts-0/logs --logbuflevel=-1 --logtostderr=true Tablet server version: kudu 1.5.0-SNAPSHOT revision 52ad0af9e9a5674434c34eb2d5943d226a3824f5 build type FASTDEBUG built by None at 23 Aug 2017 00:26:27 UTC on jenkins-slave-c3oe build id 9523 ASAN enabled
I0823 00:29:47.219570 1009 tablet_server_main.cc:79] Initializing tablet server...
I0823 00:29:47.220950 1009 system_ntp.cc:104] NTP initialized. Resolution in nanos?: 1 Skew PPM: 500 Current error: 978800
I0823 00:29:47.221932 1011 ts_tablet_manager.cc:535] T 6ad5e8871af144f5b846be2e9601de89 P b35e015d8b1c4ee481fa9ecb0f6a79b8: Initiating tablet copy from peer 4f51846d103c43d2936780f98a5eae77 (127.0.177.1:55742)
I0823 00:29:47.222060 1011 tablet_copy_client.cc:192] T 6ad5e8871af144f5b846be2e9601de89 P b35e015d8b1c4ee481fa9ecb0f6a79b8: tablet copy: Beginning tablet copy session from remote peer at address 127.0.177.1:55742
I0823 00:29:47.226339 1009 fs_manager.cc:291] Time spent opening directory manager: real 0.003s user 0.000s sys 0.004s
I0823 00:29:47.226562 1009 env_posix.cc:1598] Not raising process file limit of 65536; it is already as high as it can go
I0823 00:29:47.226815 1009 file_cache.cc:469] Constructed file cache lbm with capacity 26214
I0823 00:29:47.230403 1012 ts_tablet_manager.cc:535] T 6ad5e8871af144f5b846be2e9601de89 P b35e015d8b1c4ee481fa9ecb0f6a79b8: Initiating tablet copy from peer 4f51846d103c43d2936780f98a5eae77 (127.0.177.1:55742)
I0823 00:29:47.230525 1012 tablet_copy_client.cc:192] T 6ad5e8871af144f5b846be2e9601de89 P b35e015d8b1c4ee481fa9ecb0f6a79b8: tablet copy: Beginning tablet copy session from remote peer at address 127.0.177.1:55742
I0823 00:29:47.230924 1009 fs_manager.cc:299] Time spent opening block manager: real 0.002s user 0.000s sys 0.004s
I0823 00:29:47.231020 1009 fs_manager.cc:303] Opened local filesystem: /tmp/run_tha_testCbI8vj/test-tmp/tablet_copy_client_session-itest.TabletCopyClientSessionITest.TestStartTabletCopyWhileSourceBootstrapping.1503448182040843-177/minicluster-data/ts-0/data,/tmp/run_tha_testCbI8vj/test-tmp/tablet_copy_client_session-itest.TabletCopyClientSessionITest.TestStartTabletCopyWhileSourceBootstrapping.1503448182040843-177/minicluster-data/ts-0/wal uuid: "4f51846d103c43d2936780f98a5eae77" format_stamp: "Formatted at 2017-08-23 00:29:42 on dist-test-slave-dist-test-slave-xjn1"
I0823 00:29:47.231986 1009 fs_report.cc:347] Block manager report -------------------- 1 data directories: /tmp/run_tha_testCbI8vj/test-tmp/tablet_copy_client_session-itest.TabletCopyClientSessionITest.TestStartTabletCopyWhileSourceBootstrapping.1503448182040843-177/minicluster-data/ts-0/data/data Total live blocks: 0 Total live bytes: 0 Total live bytes (after alignment): 0 Total number of LBM containers: 0 (0 full) Did not check for missing blocks Did not check for orphaned blocks Total full LBM containers with extra space: 0 (0 repaired) Total full LBM container extra space in bytes: 0 (0 repaired) Total incomplete LBM containers: 0 (0 repaired) Total LBM partial records: 0 (0 repaired)
I0823 00:29:47.233019 1013 ts_tablet_manager.cc:535] T 6ad5e8871af144f5b846be2e9601de89 P b35e015d8b1c4ee481fa9ecb0f6a79b8: Initiating tablet copy from peer 4f51846d103c43d2936780f98a5eae77 (127.0.177.1:55742)
I0823 00:29:47.233126 1013 tablet_copy_client.cc:192] T 6ad5e8871af144f5b846be2e9601de89 P b35e015d8b1c4ee481fa9ecb0f6a79b8: tablet copy: Beginning tablet copy session from remote peer at address 127.0.177.1:55742
I0823 00:29:47.253597 1011 ts_tablet_manager.cc:535] T 6ad5e8871af144f5b846be2e9601de89 P b35e015d8b1c4ee481fa9ecb0f6a79b8: Initiating tablet copy from peer 4f51846d103c43d2936780f98a5eae77 (127.0.177.1:55742)
I0823 00:29:47.254943 1011 tablet_copy_client.cc:192] T 6ad5e8871af144f5b846be2e9601de89 P b35e015d8b1c4ee481fa9ecb0f6a79b8: tablet copy: Beginning tablet copy session from remote peer at address 127.0.177.1:55742
I0823 00:29:47.264207 1013 ts_tablet_manager.cc:535] T 6ad5e8871af144f5b846be2e9601de89 P b35e015d8b1c4ee481fa9ecb0f6a79b8: Initiating tablet copy from peer 4f51846d103c43d2936780f98a5eae77 (127.0.177.1:55742)
I0823 00:29:47.264355 1013 tablet_copy_client.cc:192] T 6ad5e8871af144f5b846be2e9601de89 P b35e015d8b1c4ee481fa9ecb0f6a79b8: tablet copy: Beginning tablet copy session from remote peer at address 127.0.177.1:55742
I0823 00:29:47.271899 1012 ts_tablet_manager.cc:535] T 6ad5e8871af144f5b846be2e9601de89 P b35e015d8b1c4ee481fa9ecb0f6a79b8: Initiating tablet copy from peer 4f51846d103c43d2936780f98a5eae77 (127.0.177.1:55742)
I0823 00:29:47.272054 1012 tablet_copy_client.cc:192] T 6ad5e8871af144f5b846be2e9601de89 P b35e015d8b1c4ee481fa9ecb0f6a79b8: tablet copy: Beginning tablet copy session from remote peer at address 127.0.177.1:55742
I0823 00:29:47.276952 1011 ts_tablet_manager.cc:535] T 6ad5e8871af144f5b846be2e9601de89 P b35e015d8b1c4ee481fa9ecb0f6a79b8: Initiating tablet copy from peer 4f51846d103c43d2936780f98a5eae77 (127.0.177.1:55742)
I0823 00:29:47.277096 1011 tablet_copy_client.cc:192] T 6ad5e8871af144f5b846be2e9601de89 P b35e015d8b1c4ee481fa9ecb0f6a79b8: tablet copy: Beginning tablet copy session from remote peer at address 127.0.177.1:55742
I0823 00:29:47.280570 1010 ts_tablet_manager.cc:535] T 6ad5e8871af144f5b846be2e9601de89 P b35e015d8b1c4ee481fa9ecb0f6a79b8: Initiating tablet copy from peer 4f51846d103c43d2936780f98a5eae77 (127.0.177.1:55742)
I0823 00:29:47.280674 1010 tablet_copy_client.cc:192] T 6ad5e8871af144f5b846be2e9601de89 P b35e015d8b1c4ee481fa9ecb0f6a79b8: tablet copy: Beginning tablet copy session from remote peer at address 127.0.177.1:55742
I0823 00:29:47.283156 1013 ts_tablet_manager.cc:535] T 6ad5e8871af144f5b846be2e9601de89 P b35e015d8b1c4ee481fa9ecb0f6a79b8: Initiating tablet copy from peer 4f51846d103c43d2936780f98a5eae77 (127.0.177.1:55742)
I0823 00:29:47.283252 1013 tablet_copy_client.cc:192] T 6ad5e8871af144f5b846be2e9601de89 P b35e015d8b1c4ee481fa9ecb0f6a79b8: tablet copy: Beginning tablet copy session from remote peer at address 127.0.177.1:55742
I0823 00:29:47.288228 1009 ts_tablet_manager.cc:198] Loading tablet metadata (0/1 complete)
I0823 00:29:47.288290 1009 ts_tablet_manager.cc:743] T 6ad5e8871af144f5b846be2e9601de89 P 4f51846d103c43d2936780f98a5eae77: Loading tablet metadata
I0823 00:29:47.292493 1009 ts_tablet_manager.cc:210] Loaded tablet metadata (1 live tablets)
I0823 00:29:47.292888 1009 ts_tablet_manager.cc:903] T 6ad5e8871af144f5b846be2e9601de89 P 4f51846d103c43d2936780f98a5eae77: Registered tablet (data state: TABLET_DATA_READY)
I0823 00:29:47.294299 1028 ts_tablet_manager.cc:766] T 6ad5e8871af144f5b846be2e9601de89 P 4f51846d103c43d2936780f98a5eae77: Bootstrapping tablet
I0823 00:29:47.294759 1009 tablet_server_main.cc:84] Starting tablet server...
