I0823 00:30:08.276466 2684 tablet_server_main.cc:72] Tablet server non-default flags: --fs_data_dirs=/tmp/run_tha_testCbI8vj/test-tmp/tablet_copy_client_session-itest.TabletCopyClientSessionITest.TestCopyFromCrashedSource.1503448182040843-177/minicluster-data/ts-0/data --fs_wal_dir=/tmp/run_tha_testCbI8vj/test-tmp/tablet_copy_client_session-itest.TabletCopyClientSessionITest.TestCopyFromCrashedSource.1503448182040843-177/minicluster-data/ts-0/wal --ipki_server_key_size=1024 --rpc_bind_addresses=127.0.177.1:47197 --rpc_server_allow_ephemeral_ports=true --metrics_log_interval_ms=1000 --server_dump_info_format=pb --server_dump_info_path=/tmp/run_tha_testCbI8vj/test-tmp/tablet_copy_client_session-itest.TabletCopyClientSessionITest.TestCopyFromCrashedSource.1503448182040843-177/minicluster-data/ts-0/data/info.pb --webserver_interface=127.0.177.1 --webserver_port=43586 --tserver_master_addrs=127.0.177.254:53835 --never_fsync=true --heap_profile_path=/tmp/kudu-tserver.2684 --redact=flag --unlock_experimental_flags=true --unlock_unsafe_flags=true --enable_minidumps=false --local_ip_for_outbound_sockets=127.0.177.1 --log_dir=/tmp/run_tha_testCbI8vj/test-tmp/tablet_copy_client_session-itest.TabletCopyClientSessionITest.TestCopyFromCrashedSource.1503448182040843-177/minicluster-data/ts-0/logs --logbuflevel=-1 --logtostderr=true Tablet server version: kudu 1.5.0-SNAPSHOT revision 52ad0af9e9a5674434c34eb2d5943d226a3824f5 build type FASTDEBUG built by None at 23 Aug 2017 00:26:27 UTC on jenkins-slave-c3oe build id 9523 ASAN enabled
I0823 00:30:08.283011 2684 tablet_server_main.cc:79] Initializing tablet server...
I0823 00:30:08.284243 2684 system_ntp.cc:104] NTP initialized. Resolution in nanos?: 1 Skew PPM: 500 Current error: 989300
I0823 00:30:08.647788 2684 fs_manager.cc:291] Time spent opening directory manager: real 0.003s user 0.004s sys 0.000s
I0823 00:30:08.648052 2684 env_posix.cc:1598] Not raising process file limit of 65536; it is already as high as it can go
I0823 00:30:08.648305 2684 file_cache.cc:469] Constructed file cache lbm with capacity 26214
I0823 00:30:08.651774 2684 fs_manager.cc:299] Time spent opening block manager: real 0.001s user 0.000s sys 0.000s
I0823 00:30:08.651841 2684 fs_manager.cc:303] Opened local filesystem: /tmp/run_tha_testCbI8vj/test-tmp/tablet_copy_client_session-itest.TabletCopyClientSessionITest.TestCopyFromCrashedSource.1503448182040843-177/minicluster-data/ts-0/data,/tmp/run_tha_testCbI8vj/test-tmp/tablet_copy_client_session-itest.TabletCopyClientSessionITest.TestCopyFromCrashedSource.1503448182040843-177/minicluster-data/ts-0/wal uuid: "2bf93b45c68b4320bac517a7e9606d33" format_stamp: "Formatted at 2017-08-23 00:30:05 on dist-test-slave-dist-test-slave-xjn1"
I0823 00:30:08.652760 2684 fs_report.cc:347] Block manager report -------------------- 1 data directories: /tmp/run_tha_testCbI8vj/test-tmp/tablet_copy_client_session-itest.TabletCopyClientSessionITest.TestCopyFromCrashedSource.1503448182040843-177/minicluster-data/ts-0/data/data Total live blocks: 0 Total live bytes: 0 Total live bytes (after alignment): 0 Total number of LBM containers: 0 (0 full) Did not check for missing blocks Did not check for orphaned blocks Total full LBM containers with extra space: 0 (0 repaired) Total full LBM container extra space in bytes: 0 (0 repaired) Total incomplete LBM containers: 0 (0 repaired) Total LBM partial records: 0 (0 repaired)
I0823 00:30:08.679188 2684 ts_tablet_manager.cc:198] Loading tablet metadata (0/1 complete)
I0823 00:30:08.679247 2684 ts_tablet_manager.cc:743] T 2dffe9b739dc4d6d886aa820934e0125 P 2bf93b45c68b4320bac517a7e9606d33: Loading tablet metadata
I0823 00:30:08.683223 2684 ts_tablet_manager.cc:210] Loaded tablet metadata (1 live tablets)
I0823 00:30:08.683609 2684 ts_tablet_manager.cc:903] T 2dffe9b739dc4d6d886aa820934e0125 P 2bf93b45c68b4320bac517a7e9606d33: Registered tablet (data state: TABLET_DATA_READY)
I0823 00:30:08.684938 2699 ts_tablet_manager.cc:766] T 2dffe9b739dc4d6d886aa820934e0125 P 2bf93b45c68b4320bac517a7e9606d33: Bootstrapping tablet
I0823 00:30:08.685153 2684 tablet_server_main.cc:84] Starting tablet server...
I0823 00:30:08.687191 2699 tablet_bootstrap.cc:433] T 2dffe9b739dc4d6d886aa820934e0125 P 2bf93b45c68b4320bac517a7e9606d33: Bootstrap starting.
I0823 00:30:08.709568 2684 rpc_server.cc:192] RPC server started. Bound to: 127.0.177.1:47197
I0823 00:30:08.710057 2684 webserver.cc:149] Starting webserver on 127.0.177.1:43586
I0823 00:30:08.710093 2684 webserver.cc:160] Document root disabled
I0823 00:30:08.710790 2684 webserver.cc:282] Webserver started. Bound to: http://127.0.177.1:43586/
I0823 00:30:08.711534 2684 server_base.cc:372] Dumped server information to /tmp/run_tha_testCbI8vj/test-tmp/tablet_copy_client_session-itest.TabletCopyClientSessionITest.TestCopyFromCrashedSource.1503448182040843-177/minicluster-data/ts-0/data/info.pb
I0823 00:30:08.712493 2805 process_memory.cc:181] Process hard memory limit is 11.777661 GB
I0823 00:30:08.712612 2684 tablet_server_main.cc:87] Tablet server successfully started.
I0823 00:30:08.712654 2805 process_memory.cc:183] Process soft memory limit is 9.422129 GB
I0823 00:30:08.712731 2805 process_memory.cc:186] Process memory pressure threshold is 7.066597 GB
I0823 00:30:08.715212 177 external_mini_cluster.cc:830] Started /tmp/run_tha_testCbI8vj/build/asan/bin/kudu-tserver as pid 2684
I0823 00:30:08.726546 2804 heartbeater.cc:317] Connected to a master server at 127.0.177.254:53835
I0823 00:30:08.726771 2804 heartbeater.cc:387] Registering TS with master...
I0823 00:30:08.727206 2804 heartbeater.cc:414] Master 127.0.177.254:53835 requested a full tablet report, sending...
I0823 00:30:08.728510 2486 ts_manager.cc:87] Re-registered known tserver with Master: 2bf93b45c68b4320bac517a7e9606d33 (127.0.177.1:47197)
I0823 00:30:08.729609 2486 master_service.cc:203] Signed X509 certificate for tserver {username='slave'} at 127.0.177.1:52942
I0823 00:30:08.748807 2699 log.cc:518] T 2dffe9b739dc4d6d886aa820934e0125 P 2bf93b45c68b4320bac517a7e9606d33: Log is configured to *not* fsync() on all Append() calls
I0823 00:30:08.868365 2678 heartbeater.cc:406] Master 127.0.177.254:53835 was elected leader, sending a full tablet report...
I0823 00:30:09.283326 2699 tablet_bootstrap.cc:433] T 2dffe9b739dc4d6d886aa820934e0125 P 2bf93b45c68b4320bac517a7e9606d33: Bootstrap replayed 1/1 log segments. Stats: ops{read=212 overwritten=0 applied=212 ignored=0} inserts{seen=10550 ignored=0} mutations{seen=0 ignored=0} orphaned_commits=0. Pending: 0 replicates
I0823 00:30:09.283864 2699 tablet_bootstrap.cc:433] T 2dffe9b739dc4d6d886aa820934e0125 P 2bf93b45c68b4320bac517a7e9606d33: Bootstrap complete.
I0823 00:30:09.284917 2699 ts_tablet_manager.cc:778] T 2dffe9b739dc4d6d886aa820934e0125 P 2bf93b45c68b4320bac517a7e9606d33: Time spent bootstrapping tablet: real 0.598s user 0.568s sys 0.024s
I0823 00:30:09.287108 2699 raft_consensus.cc:316] T 2dffe9b739dc4d6d886aa820934e0125 P 2bf93b45c68b4320bac517a7e9606d33 [term 1 FOLLOWER]: Replica starting. Triggering 0 pending transactions. Active config: opid_index: -1 OBSOLETE_local: true peers { permanent_uuid: "2bf93b45c68b4320bac517a7e9606d33" member_type: VOTER last_known_addr { host: "127.0.177.1" port: 47197 } }
I0823 00:30:09.288977 2699 raft_consensus.cc:598] T 2dffe9b739dc4d6d886aa820934e0125 P 2bf93b45c68b4320bac517a7e9606d33 [term 1 FOLLOWER]: Becoming Follower/Learner. State: Replica: 2bf93b45c68b4320bac517a7e9606d33, State: Initialized, Role: FOLLOWER
I0823 00:30:09.289119 2699 consensus_queue.cc:191] T 2dffe9b739dc4d6d886aa820934e0125 P 2bf93b45c68b4320bac517a7e9606d33 [NON_LEADER]: Queue going to NON_LEADER mode. State: All replicated index: 0, Majority replicated index: 0, Committed index: 212, Last appended: 1.212, Last appended by leader: 212, Current term: 0, Majority size: -1, State: 0, Mode: NON_LEADER
I0823 00:30:09.289219 2699 raft_consensus.cc:353] T 2dffe9b739dc4d6d886aa820934e0125 P 2bf93b45c68b4320bac517a7e9606d33 [term 1 FOLLOWER]: Only one voter in the Raft config. Triggering election immediately
I0823 00:30:09.289278 2699 raft_consensus.cc:437] T 2dffe9b739dc4d6d886aa820934e0125 P 2bf93b45c68b4320bac517a7e9606d33 [term 1 FOLLOWER]: Starting leader election (initial election of a single-replica configuration)
I0823 00:30:09.289393 2699 raft_consensus.cc:2429] T 2dffe9b739dc4d6d886aa820934e0125 P 2bf93b45c68b4320bac517a7e9606d33: Snoozing failure detection for election timeout plus an additional 2.088s
I0823 00:30:09.289472 2699 raft_consensus.cc:2476] T 2dffe9b739dc4d6d886aa820934e0125 P 2bf93b45c68b4320bac517a7e9606d33 [term 1 FOLLOWER]: Advancing to term 2
I0823 00:30:09.292047 2699 raft_consensus.cc:461] T 2dffe9b739dc4d6d886aa820934e0125 P 2bf93b45c68b4320bac517a7e9606d33 [term 2 FOLLOWER]: Starting leader election with config: opid_index: -1 OBSOLETE_local: true peers { permanent_uuid: "2bf93b45c68b4320bac517a7e9606d33" member_type: VOTER last_known_addr { host: "127.0.177.1" port: 47197 } }
I0823 00:30:09.292529 2699 leader_election.cc:248] T 2dffe9b739dc4d6d886aa820934e0125 P 2bf93b45c68b4320bac517a7e9606d33 [CANDIDATE]: Term 2 election: Election decided. Result: candidate won.
I0823 00:30:09.293185 2812 raft_consensus.cc:2429] T 2dffe9b739dc4d6d886aa820934e0125 P 2bf93b45c68b4320bac517a7e9606d33: Snoozing failure detection for election timeout plus an additional 1.824s
I0823 00:30:09.293308 2812 raft_consensus.cc:2224] T 2dffe9b739dc4d6d886aa820934e0125 P 2bf93b45c68b4320bac517a7e9606d33 [term 2 FOLLOWER]: Leader election won for term 2
I0823 00:30:09.293936 2804 heartbeater.cc:406] Master 127.0.177.254:53835 was elected leader, sending a full tablet report...
I0823 00:30:09.294548 2699 ts_tablet_manager.cc:807] T 2dffe9b739dc4d6d886aa820934e0125 P 2bf93b45c68b4320bac517a7e9606d33: Time spent starting tablet: real 0.010s user 0.008s sys 0.008s
I0823 00:30:09.294708 2812 raft_consensus.cc:564] T 2dffe9b739dc4d6d886aa820934e0125 P 2bf93b45c68b4320bac517a7e9606d33 [term 2 LEADER]: Becoming Leader. State: Replica: 2bf93b45c68b4320bac517a7e9606d33, State: Running, Role: LEADER
I0823 00:30:09.294991 2812 consensus_queue.cc:170] T 2dffe9b739dc4d6d886aa820934e0125 P 2bf93b45c68b4320bac517a7e9606d33 [LEADER]: Queue going to LEADER mode. State: All replicated index: 0, Majority replicated index: 212, Committed index: 212, Last appended: 1.212, Last appended by leader: 212, Current term: 2, Majority size: 1, State: 0, Mode: LEADER, active raft config: opid_index: -1 OBSOLETE_local: true peers { permanent_uuid: "2bf93b45c68b4320bac517a7e9606d33" member_type: VOTER last_known_addr { host: "127.0.177.1" port: 47197 } } /home/jenkins-slave/workspace/kudu-master/2/src/kudu/integration-tests/tablet_copy_client_session-itest.cc:264: Failure Failed Bad status: Illegal state: State transition of tablet 2dffe9b739dc4d6d886aa820934e0125 already in progress: copying tablet
I0823 00:30:09.299069 177 external_mini_cluster-itest-base.cc:73] Found fatal failure
I0823 00:30:09.299140 177 external_mini_cluster-itest-base.cc:79] Attempting to dump stacks of TS 0 with UUID 2bf93b45c68b4320bac517a7e9606d33 and pid 2684
I0823 00:30:09.301057 2486 catalog_manager.cc:2583] T 2dffe9b739dc4d6d886aa820934e0125 reported consensus state change: term changed from 1 to 2. New consensus state: current_term: 2 leader_uuid: "2bf93b45c68b4320bac517a7e9606d33" committed_config { opid_index: -1 OBSOLETE_local: true peers { permanent_uuid: "2bf93b45c68b4320bac517a7e9606d33" member_type: VOTER last_known_addr { host: "127.0.177.1" port: 47197 } } } ************************ BEGIN STACKS **************************
I0823 00:30:09.345613 2683 ts_tablet_manager.cc:1074] T 2dffe9b739dc4d6d886aa820934e0125 P 38238a6b108c423bb6d9dbaeaf0b1869: tablet deleted: last-logged OpId: (unknown)
I0823 00:30:09.345737 2683 log.cc:960] T 2dffe9b739dc4d6d886aa820934e0125 P 38238a6b108c423bb6d9dbaeaf0b1869: Deleting WAL directory at /tmp/run_tha_testCbI8vj/test-tmp/tablet_copy_client_session-itest.TabletCopyClientSessionITest.TestCopyFromCrashedSource.1503448182040843-177/minicluster-data/ts-1/wal/wals/2dffe9b739dc4d6d886aa820934e0125 0x00007fb166a6cb9d in ?? () Id Target Id Frame * 1 process 2684 "kudu-tserver" 0x00007fb166a6cb9d in ?? () Thread 1 (process 2684): #0 0x00007fb166a6cb9d in ?? () #1 0x0000000000000000 in ?? () ************************* END STACKS ***************************
I0823 00:30:09.457062 177 external_mini_cluster-itest-base.cc:79] Attempting to dump stacks of TS 1 with UUID 38238a6b108c423bb6d9dbaeaf0b1869 and pid 2559 ************************ BEGIN STACKS ************************** 0x00007f9a4eba1b9d in ?? () Id Target Id Frame * 1 process 2559 "kudu-tserver" 0x00007f9a4eba1b9d in ?? () Thread 1 (process 2559): #0 0x00007f9a4eba1b9d in ?? () #1 0x0000000000000000 in ?? () ************************* END STACKS ***************************
I0823 00:30:09.613996 177 external_mini_cluster.cc:1001] Attempting to check leaks for /tmp/run_tha_testCbI8vj/build/asan/bin/kudu-tserver pid 2684
I0823 00:30:09.615258 2801 generic_service.cc:133] Checking for leaks (request via RPC)
I0823 00:30:09.686098 177 external_mini_cluster.cc:960] Killing /tmp/run_tha_testCbI8vj/build/asan/bin/kudu-tserver with pid 2684
W0823 00:30:09.698439 2469 connection.cc:549] server connection from 127.0.177.1:52942 recv error: Network error: failed to read from TLS socket: Connection reset by peer (error 104)
W0823 00:30:09.698460 2134 connection.cc:549] client connection to 127.0.177.1:47197 recv error: Network error: failed to read from TLS socket: Connection reset by peer (error 104)
I0823 00:30:09.698580 177 external_mini_cluster.cc:1001] Attempting to check leaks for /tmp/run_tha_testCbI8vj/build/asan/bin/kudu-tserver pid 2559
I0823 00:30:09.699715 2675 generic_service.cc:133] Checking for leaks (request via RPC)
I0823 00:30:09.739670 177 external_mini_cluster.cc:960] Killing /tmp/run_tha_testCbI8vj/build/asan/bin/kudu-tserver with pid 2559
W0823 00:30:09.749280 2470 connection.cc:549] server connection from 127.0.177.2:48291 recv error: Network error: failed to read from TLS socket: Connection reset by peer (error 104)
W0823 00:30:09.749295 2134 connection.cc:549] client connection to 127.0.177.2:38990 recv error: Network error: failed to read from TLS socket: Connection reset by peer (error 104)
I0823 00:30:09.749891 177 external_mini_cluster.cc:1001] Attempting to check leaks for /tmp/run_tha_testCbI8vj/build/asan/bin/kudu-master pid 2461
I0823 00:30:09.751070 2517 generic_service.cc:133] Checking for leaks (request via RPC)
I0823 00:30:09.824769 177 external_mini_cluster.cc:960] Killing /tmp/run_tha_testCbI8vj/build/asan/bin/kudu-master with pid 2461
W0823 00:30:09.839953 2134 connection.cc:549] client connection to 127.0.177.254:53835 recv error: Network error: failed to read from TLS socket: Connection reset by peer (error 104)
I0823 00:30:09.841292 177 test_util.cc:116] -----------------------------------------------
I0823 00:30:09.841336 177 test_util.cc:117] Had fatal failures, leaving test files at /tmp/run_tha_testCbI8vj/test-tmp/tablet_copy_client_session-itest.TabletCopyClientSessionITest.TestCopyFromCrashedSource.1503448182040843-177 [ FAILED ] TabletCopyClientSessionITest.TestCopyFromCrashedSource (5704 ms) [----------] 3 tests from TabletCopyClientSessionITest (27775 ms total) [----------] Global test environment tear-down [==========] 3 tests from 1 test case ran. (27775 ms total) [ PASSED ] 2 tests. [ FAILED ] 1 test, listed below: [ FAILED ] TabletCopyClientSessionITest.TestCopyFromCrashedSource 1 FAILED TEST