I0823 00:29:49.363873 1012 raft_consensus.cc:316] T 6ad5e8871af144f5b846be2e9601de89 P b35e015d8b1c4ee481fa9ecb0f6a79b8 [term 3 NON_PARTICIPANT]: Replica starting. Triggering 0 pending transactions. Active config: opid_index: -1 OBSOLETE_local: true peers { permanent_uuid: "4f51846d103c43d2936780f98a5eae77" member_type: VOTER last_known_addr { host: "127.0.177.1" port: 55742 } }
I0823 00:29:49.364152 1012 raft_consensus.cc:598] T 6ad5e8871af144f5b846be2e9601de89 P b35e015d8b1c4ee481fa9ecb0f6a79b8 [term 3 NON_PARTICIPANT]: Becoming Follower/Learner. State: Replica: b35e015d8b1c4ee481fa9ecb0f6a79b8, State: Initialized, Role: NON_PARTICIPANT
I0823 00:29:49.364261 1012 consensus_queue.cc:191] T 6ad5e8871af144f5b846be2e9601de89 P b35e015d8b1c4ee481fa9ecb0f6a79b8 [NON_LEADER]: Queue going to NON_LEADER mode. State: All replicated index: 0, Majority replicated index: 0, Committed index: 215, Last appended: 3.215, Last appended by leader: 215, Current term: 0, Majority size: -1, State: 0, Mode: NON_LEADER
I0823 00:29:49.365275 1012 ts_tablet_manager.cc:807] T 6ad5e8871af144f5b846be2e9601de89 P b35e015d8b1c4ee481fa9ecb0f6a79b8: Time spent starting tablet: real 0.003s user 0.004s sys 0.000s
I0823 00:29:49.366106 1111 tablet_copy_service.cc:284] P 4f51846d103c43d2936780f98a5eae77: Request end of tablet copy session b35e015d8b1c4ee481fa9ecb0f6a79b8-6ad5e8871af144f5b846be2e9601de89 received from {username='slave'} at 127.0.177.2:33241
I0823 00:29:49.366214 1111 tablet_copy_service.cc:372] P 4f51846d103c43d2936780f98a5eae77: Ending tablet copy session b35e015d8b1c4ee481fa9ecb0f6a79b8-6ad5e8871af144f5b846be2e9601de89 on tablet 6ad5e8871af144f5b846be2e9601de89 with peer b35e015d8b1c4ee481fa9ecb0f6a79b8
W0823 00:29:49.381122 1010 ts_tablet_manager.cc:320] T 6ad5e8871af144f5b846be2e9601de89 P b35e015d8b1c4ee481fa9ecb0f6a79b8: Tablet Copy: Invalid argument: Leader has replica of tablet 6ad5e8871af144f5b846be2e9601de89 with term 0, which is lower than last-logged term 3 on local replica. Rejecting tablet copy request
W0823 00:29:49.400732 1013 ts_tablet_manager.cc:320] T 6ad5e8871af144f5b846be2e9601de89 P b35e015d8b1c4ee481fa9ecb0f6a79b8: Tablet Copy: Invalid argument: Leader has replica of tablet 6ad5e8871af144f5b846be2e9601de89 with term 0, which is lower than last-logged term 3 on local replica. Rejecting tablet copy request
W0823 00:29:49.402752 1011 ts_tablet_manager.cc:320] T 6ad5e8871af144f5b846be2e9601de89 P b35e015d8b1c4ee481fa9ecb0f6a79b8: Tablet Copy: Invalid argument: Leader has replica of tablet 6ad5e8871af144f5b846be2e9601de89 with term 0, which is lower than last-logged term 3 on local replica. Rejecting tablet copy request
I0823 00:29:49.404731 934 tablet_service.cc:758] Processing DeleteTablet for tablet 6ad5e8871af144f5b846be2e9601de89 with delete_type TABLET_DATA_DELETED from {username='slave'} at 127.0.0.1:60988
I0823 00:29:49.404884 934 tablet_replica.cc:227] Initiating TabletReplica shutdown for tablet: 6ad5e8871af144f5b846be2e9601de89
I0823 00:29:49.405040 934 maintenance_manager.cc:229] P b35e015d8b1c4ee481fa9ecb0f6a79b8: Unregistered op CompactRowSetsOp(6ad5e8871af144f5b846be2e9601de89)
I0823 00:29:49.405098 934 maintenance_manager.cc:229] P b35e015d8b1c4ee481fa9ecb0f6a79b8: Unregistered op MinorDeltaCompactionOp(6ad5e8871af144f5b846be2e9601de89)
I0823 00:29:49.405139 934 maintenance_manager.cc:229] P b35e015d8b1c4ee481fa9ecb0f6a79b8: Unregistered op MajorDeltaCompactionOp(6ad5e8871af144f5b846be2e9601de89)
I0823 00:29:49.405171 934 maintenance_manager.cc:229] P b35e015d8b1c4ee481fa9ecb0f6a79b8: Unregistered op UndoDeltaBlockGCOp(6ad5e8871af144f5b846be2e9601de89)
I0823 00:29:49.405237 934 maintenance_manager.cc:229] P b35e015d8b1c4ee481fa9ecb0f6a79b8: Unregistered op FlushMRSOp(6ad5e8871af144f5b846be2e9601de89)
I0823 00:29:49.405266 934 maintenance_manager.cc:229] P b35e015d8b1c4ee481fa9ecb0f6a79b8: Unregistered op FlushDeltaMemStoresOp(6ad5e8871af144f5b846be2e9601de89)
I0823 00:29:49.405297 934 maintenance_manager.cc:229] P b35e015d8b1c4ee481fa9ecb0f6a79b8: Unregistered op LogGCOp(6ad5e8871af144f5b846be2e9601de89)
I0823 00:29:49.405386 934 raft_consensus.cc:1808] T 6ad5e8871af144f5b846be2e9601de89 P b35e015d8b1c4ee481fa9ecb0f6a79b8 [term 3 NON_PARTICIPANT]: Raft consensus shutting down.
I0823 00:29:49.405666 934 raft_consensus.cc:1823] T 6ad5e8871af144f5b846be2e9601de89 P b35e015d8b1c4ee481fa9ecb0f6a79b8 [term 3 NON_PARTICIPANT]: Raft consensus is shut down!
I0823 00:29:49.407259 934 ts_tablet_manager.cc:1062] T 6ad5e8871af144f5b846be2e9601de89 P b35e015d8b1c4ee481fa9ecb0f6a79b8: Deleting tablet data with delete state TABLET_DATA_DELETED
I0823 00:29:50.785965 934 ts_tablet_manager.cc:1074] T 6ad5e8871af144f5b846be2e9601de89 P b35e015d8b1c4ee481fa9ecb0f6a79b8: tablet deleted: last-logged OpId: 3.215
I0823 00:29:50.786145 934 log.cc:960] T 6ad5e8871af144f5b846be2e9601de89 P b35e015d8b1c4ee481fa9ecb0f6a79b8: Deleting WAL directory at /tmp/run_tha_testCbI8vj/test-tmp/tablet_copy_client_session-itest.TabletCopyClientSessionITest.TestStartTabletCopyWhileSourceBootstrapping.1503448182040843-177/minicluster-data/ts-1/wal/wals/6ad5e8871af144f5b846be2e9601de89
I0823 00:29:50.786567 934 ts_tablet_manager.cc:1092] T 6ad5e8871af144f5b846be2e9601de89 P b35e015d8b1c4ee481fa9ecb0f6a79b8: Deleting consensus metadata
I0823 00:29:50.787894 934 rpcz_store.cc:258] Call kudu.tserver.TabletServerAdminService.DeleteTablet from 127.0.0.1:60988 (request call id 805) took 1383ms. Request Metrics: {}
I0823 00:29:50.788928 177 external_mini_cluster.cc:1001] Attempting to check leaks for /tmp/run_tha_testCbI8vj/build/asan/bin/kudu-tserver pid 878
I0823 00:29:50.789950 994 generic_service.cc:133] Checking for leaks (request via RPC)
I0823 00:29:50.867570 177 external_mini_cluster.cc:960] Killing /tmp/run_tha_testCbI8vj/build/asan/bin/kudu-tserver with pid 878
W0823 00:29:50.880554 182 connection.cc:549] client connection to 127.0.177.2:50471 recv error: Network error: failed to read from TLS socket: Connection reset by peer (error 104)
W0823 00:29:50.880599 518 connection.cc:549] server connection from 127.0.177.2:44589 recv error: Network error: failed to read from TLS socket: Connection reset by peer (error 104)
I0823 00:29:50.881058 177 external_mini_cluster.cc:768] Running /tmp/run_tha_testCbI8vj/build/asan/bin/kudu-tserver /tmp/run_tha_testCbI8vj/build/asan/bin/kudu-tserver --fs_wal_dir=/tmp/run_tha_testCbI8vj/test-tmp/tablet_copy_client_session-itest.TabletCopyClientSessionITest.TestStartTabletCopyWhileSourceBootstrapping.1503448182040843-177/minicluster-data/ts-1/wal --fs_data_dirs=/tmp/run_tha_testCbI8vj/test-tmp/tablet_copy_client_session-itest.TabletCopyClientSessionITest.TestStartTabletCopyWhileSourceBootstrapping.1503448182040843-177/minicluster-data/ts-1/data --rpc_bind_addresses=127.0.177.2:50471 --local_ip_for_outbound_sockets=127.0.177.2 --webserver_port=49386 --webserver_interface=127.0.177.2 --tserver_master_addrs=127.0.177.254:55114 --never_fsync --ipki_server_key_size=1024 --enable_minidumps=false --redact=flag --metrics_log_interval_ms=1000 --logtostderr --logbuflevel=-1 --log_dir=/tmp/run_tha_testCbI8vj/test-tmp/tablet_copy_client_session-itest.TabletCopyClientSessionITest.TestStartTabletCopyWhileSourceBootstrapping.1503448182040843-177/minicluster-data/ts-1/logs --server_dump_info_path=/tmp/run_tha_testCbI8vj/test-tmp/tablet_copy_client_session-itest.TabletCopyClientSessionITest.TestStartTabletCopyWhileSourceBootstrapping.1503448182040843-177/minicluster-data/ts-1/data/info.pb --server_dump_info_format=pb --rpc_server_allow_ephemeral_ports --unlock_experimental_flags --unlock_unsafe_flags with env {}
W0823 00:29:50.881130 1021 connection.cc:549] server connection from 127.0.177.2:33241 recv error: Network error: failed to read from TLS socket: Connection reset by peer (error 104) WARNING: Logging before InitGoogleLogging() is written to STDERR
W0823 00:29:51.049399 1168 flags.cc:395] Enabled unsafe flag: --rpc_server_allow_ephemeral_ports=true
W0823 00:29:51.049623 1168 flags.cc:395] Enabled unsafe flag: --never_fsync=true
W0823 00:29:51.051479 1168 flags.cc:395] Enabled experimental flag: --ipki_server_key_size=1024
W0823 00:29:51.051574 1168 flags.cc:395] Enabled experimental flag: --local_ip_for_outbound_sockets=127.0.177.2
I0823 00:29:51.054675 1168 tablet_server_main.cc:72] Tablet server non-default flags: --fs_data_dirs=/tmp/run_tha_testCbI8vj/test-tmp/tablet_copy_client_session-itest.TabletCopyClientSessionITest.TestStartTabletCopyWhileSourceBootstrapping.1503448182040843-177/minicluster-data/ts-1/data --fs_wal_dir=/tmp/run_tha_testCbI8vj/test-tmp/tablet_copy_client_session-itest.TabletCopyClientSessionITest.TestStartTabletCopyWhileSourceBootstrapping.1503448182040843-177/minicluster-data/ts-1/wal --ipki_server_key_size=1024 --rpc_bind_addresses=127.0.177.2:50471 --rpc_server_allow_ephemeral_ports=true --metrics_log_interval_ms=1000 --server_dump_info_format=pb --server_dump_info_path=/tmp/run_tha_testCbI8vj/test-tmp/tablet_copy_client_session-itest.TabletCopyClientSessionITest.TestStartTabletCopyWhileSourceBootstrapping.1503448182040843-177/minicluster-data/ts-1/data/info.pb --webserver_interface=127.0.177.2 --webserver_port=49386 --tserver_master_addrs=127.0.177.254:55114 --never_fsync=true --heap_profile_path=/tmp/kudu-tserver.1168 --redact=flag --unlock_experimental_flags=true --unlock_unsafe_flags=true --enable_minidumps=false --local_ip_for_outbound_sockets=127.0.177.2 --log_dir=/tmp/run_tha_testCbI8vj/test-tmp/tablet_copy_client_session-itest.TabletCopyClientSessionITest.TestStartTabletCopyWhileSourceBootstrapping.1503448182040843-177/minicluster-data/ts-1/logs --logbuflevel=-1 --logtostderr=true Tablet server version: kudu 1.5.0-SNAPSHOT revision 52ad0af9e9a5674434c34eb2d5943d226a3824f5 build type FASTDEBUG built by None at 23 Aug 2017 00:26:27 UTC on jenkins-slave-c3oe build id 9523 ASAN enabled
I0823 00:29:51.061385 1168 tablet_server_main.cc:79] Initializing tablet server...
I0823 00:29:51.062757 1168 system_ntp.cc:104] NTP initialized. Resolution in nanos?: 1 Skew PPM: 500 Current error: 980800
I0823 00:29:51.067713 1168 fs_manager.cc:291] Time spent opening directory manager: real 0.003s user 0.004s sys 0.004s
I0823 00:29:51.067945 1168 env_posix.cc:1598] Not raising process file limit of 65536; it is already as high as it can go
I0823 00:29:51.068254 1168 file_cache.cc:469] Constructed file cache lbm with capacity 26214
I0823 00:29:51.072160 1168 fs_manager.cc:299] Time spent opening block manager: real 0.002s user 0.004s sys 0.000s
I0823 00:29:51.072232 1168 fs_manager.cc:303] Opened local filesystem: /tmp/run_tha_testCbI8vj/test-tmp/tablet_copy_client_session-itest.TabletCopyClientSessionITest.TestStartTabletCopyWhileSourceBootstrapping.1503448182040843-177/minicluster-data/ts-1/data,/tmp/run_tha_testCbI8vj/test-tmp/tablet_copy_client_session-itest.TabletCopyClientSessionITest.TestStartTabletCopyWhileSourceBootstrapping.1503448182040843-177/minicluster-data/ts-1/wal uuid: "b35e015d8b1c4ee481fa9ecb0f6a79b8" format_stamp: "Formatted at 2017-08-23 00:29:42 on dist-test-slave-dist-test-slave-xjn1"
I0823 00:29:51.073153 1168 fs_report.cc:347] Block manager report -------------------- 1 data directories: /tmp/run_tha_testCbI8vj/test-tmp/tablet_copy_client_session-itest.TabletCopyClientSessionITest.TestStartTabletCopyWhileSourceBootstrapping.1503448182040843-177/minicluster-data/ts-1/data/data Total live blocks: 0 Total live bytes: 0 Total live bytes (after alignment): 0 Total number of LBM containers: 0 (0 full) Did not check for missing blocks Did not check for orphaned blocks Total full LBM containers with extra space: 0 (0 repaired) Total full LBM container extra space in bytes: 0 (0 repaired) Total incomplete LBM containers: 0 (0 repaired) Total LBM partial records: 0 (0 repaired)
I0823 00:29:51.090456 1168 ts_tablet_manager.cc:210] Loaded tablet metadata (0 live tablets)
I0823 00:29:51.090768 1168 tablet_server_main.cc:84] Starting tablet server...
I0823 00:29:51.112118 1168 rpc_server.cc:192] RPC server started. Bound to: 127.0.177.2:50471
I0823 00:29:51.112583 1168 webserver.cc:149] Starting webserver on 127.0.177.2:49386
I0823 00:29:51.112623 1168 webserver.cc:160] Document root disabled
I0823 00:29:51.113281 1168 webserver.cc:282] Webserver started. Bound to: http://127.0.177.2:49386/
I0823 00:29:51.114079 1168 server_base.cc:372] Dumped server information to /tmp/run_tha_testCbI8vj/test-tmp/tablet_copy_client_session-itest.TabletCopyClientSessionITest.TestStartTabletCopyWhileSourceBootstrapping.1503448182040843-177/minicluster-data/ts-1/data/info.pb
I0823 00:29:51.114516 177 external_mini_cluster.cc:830] Started /tmp/run_tha_testCbI8vj/build/asan/bin/kudu-tserver as pid 1168
I0823 00:29:51.114722 177 tablet_copy_client_session-itest.cc:134] Starting loop 2
I0823 00:29:51.114778 177 external_mini_cluster.cc:1001] Attempting to check leaks for /tmp/run_tha_testCbI8vj/build/asan/bin/kudu-tserver pid 1009
I0823 00:29:51.115088 1288 process_memory.cc:181] Process hard memory limit is 11.777661 GB
I0823 00:29:51.115190 1168 tablet_server_main.cc:87] Tablet server successfully started.
I0823 00:29:51.115190 1288 process_memory.cc:183] Process soft memory limit is 9.422129 GB
I0823 00:29:51.115241 1288 process_memory.cc:186] Process memory pressure threshold is 7.066597 GB
I0823 00:29:51.124331 1131 generic_service.cc:133] Checking for leaks (request via RPC)
I0823 00:29:51.129336 1287 heartbeater.cc:317] Connected to a master server at 127.0.177.254:55114
I0823 00:29:51.129565 1287 heartbeater.cc:387] Registering TS with master...
I0823 00:29:51.130036 1287 heartbeater.cc:414] Master 127.0.177.254:55114 requested a full tablet report, sending...
I0823 00:29:51.131158 534 ts_manager.cc:87] Re-registered known tserver with Master: b35e015d8b1c4ee481fa9ecb0f6a79b8 (127.0.177.2:50471)
I0823 00:29:51.131964 534 master_service.cc:203] Signed X509 certificate for tserver {username='slave'} at 127.0.177.2:56596
I0823 00:29:51.204246 177 external_mini_cluster.cc:960] Killing /tmp/run_tha_testCbI8vj/build/asan/bin/kudu-tserver with pid 1009
W0823 00:29:51.218142 519 connection.cc:549] server connection from 127.0.177.1:34903 recv error: Network error: failed to read from TLS socket: Connection reset by peer (error 104)
W0823 00:29:51.218176 182 connection.cc:549] client connection to 127.0.177.1:55742 recv error: Network error: failed to read from TLS socket: Connection reset by peer (error 104)
I0823 00:29:51.220391 177 external_mini_cluster.cc:768] Running /tmp/run_tha_testCbI8vj/build/asan/bin/kudu-tserver /tmp/run_tha_testCbI8vj/build/asan/bin/kudu-tserver --fs_wal_dir=/tmp/run_tha_testCbI8vj/test-tmp/tablet_copy_client_session-itest.TabletCopyClientSessionITest.TestStartTabletCopyWhileSourceBootstrapping.1503448182040843-177/minicluster-data/ts-0/wal --fs_data_dirs=/tmp/run_tha_testCbI8vj/test-tmp/tablet_copy_client_session-itest.TabletCopyClientSessionITest.TestStartTabletCopyWhileSourceBootstrapping.1503448182040843-177/minicluster-data/ts-0/data --rpc_bind_addresses=127.0.177.1:55742 --local_ip_for_outbound_sockets=127.0.177.1 --webserver_port=47288 --webserver_interface=127.0.177.1 --tserver_master_addrs=127.0.177.254:55114 --never_fsync --ipki_server_key_size=1024 --enable_minidumps=false --redact=flag --metrics_log_interval_ms=1000 --logtostderr --logbuflevel=-1 --log_dir=/tmp/run_tha_testCbI8vj/test-tmp/tablet_copy_client_session-itest.TabletCopyClientSessionITest.TestStartTabletCopyWhileSourceBootstrapping.1503448182040843-177/minicluster-data/ts-0/logs --server_dump_info_path=/tmp/run_tha_testCbI8vj/test-tmp/tablet_copy_client_session-itest.TabletCopyClientSessionITest.TestStartTabletCopyWhileSourceBootstrapping.1503448182040843-177/minicluster-data/ts-0/data/info.pb --server_dump_info_format=pb --rpc_server_allow_ephemeral_ports --unlock_experimental_flags --unlock_unsafe_flags with env {}
I0823 00:29:51.233634 1301 ts_tablet_manager.cc:535] T 6ad5e8871af144f5b846be2e9601de89 P b35e015d8b1c4ee481fa9ecb0f6a79b8: Initiating tablet copy from peer 4f51846d103c43d2936780f98a5eae77 (127.0.177.1:55742)
I0823 00:29:51.233845 1301 tablet_copy_client.cc:192] T 6ad5e8871af144f5b846be2e9601de89 P b35e015d8b1c4ee481fa9ecb0f6a79b8: tablet copy: Beginning tablet copy session from remote peer at address 127.0.177.1:55742
I0823 00:29:51.235749 1303 ts_tablet_manager.cc:535] T 6ad5e8871af144f5b846be2e9601de89 P b35e015d8b1c4ee481fa9ecb0f6a79b8: Initiating tablet copy from peer 4f51846d103c43d2936780f98a5eae77 (127.0.177.1:55742)
I0823 00:29:51.235939 1303 tablet_copy_client.cc:192] T 6ad5e8871af144f5b846be2e9601de89 P b35e015d8b1c4ee481fa9ecb0f6a79b8: tablet copy: Beginning tablet copy session from remote peer at address 127.0.177.1:55742
I0823 00:29:51.250946 1300 ts_tablet_manager.cc:535] T 6ad5e8871af144f5b846be2e9601de89 P b35e015d8b1c4ee481fa9ecb0f6a79b8: Initiating tablet copy from peer 4f51846d103c43d2936780f98a5eae77 (127.0.177.1:55742)
I0823 00:29:51.251122 1300 tablet_copy_client.cc:192] T 6ad5e8871af144f5b846be2e9601de89 P b35e015d8b1c4ee481fa9ecb0f6a79b8: tablet copy: Beginning tablet copy session from remote peer at address 127.0.177.1:55742
I0823 00:29:51.254822 1301 ts_tablet_manager.cc:535] T 6ad5e8871af144f5b846be2e9601de89 P b35e015d8b1c4ee481fa9ecb0f6a79b8: Initiating tablet copy from peer 4f51846d103c43d2936780f98a5eae77 (127.0.177.1:55742)
I0823 00:29:51.254966 1301 tablet_copy_client.cc:192] T 6ad5e8871af144f5b846be2e9601de89 P b35e015d8b1c4ee481fa9ecb0f6a79b8: tablet copy: Beginning tablet copy session from remote peer at address 127.0.177.1:55742
I0823 00:29:51.257561 1303 ts_tablet_manager.cc:535] T 6ad5e8871af144f5b846be2e9601de89 P b35e015d8b1c4ee481fa9ecb0f6a79b8: Initiating tablet copy from peer 4f51846d103c43d2936780f98a5eae77 (127.0.177.1:55742)
I0823 00:29:51.257675 1303 tablet_copy_client.cc:192] T 6ad5e8871af144f5b846be2e9601de89 P b35e015d8b1c4ee481fa9ecb0f6a79b8: tablet copy: Beginning tablet copy session from remote peer at address 127.0.177.1:55742
I0823 00:29:51.277994 1300 ts_tablet_manager.cc:535] T 6ad5e8871af144f5b846be2e9601de89 P b35e015d8b1c4ee481fa9ecb0f6a79b8: Initiating tablet copy from peer 4f51846d103c43d2936780f98a5eae77 (127.0.177.1:55742)
I0823 00:29:51.278151 1300 tablet_copy_client.cc:192] T 6ad5e8871af144f5b846be2e9601de89 P b35e015d8b1c4ee481fa9ecb0f6a79b8: tablet copy: Beginning tablet copy session from remote peer at address 127.0.177.1:55742
I0823 00:29:51.295327 1302 ts_tablet_manager.cc:535] T 6ad5e8871af144f5b846be2e9601de89 P b35e015d8b1c4ee481fa9ecb0f6a79b8: Initiating tablet copy from peer 4f51846d103c43d2936780f98a5eae77 (127.0.177.1:55742)
I0823 00:29:51.295490 1302 tablet_copy_client.cc:192] T 6ad5e8871af144f5b846be2e9601de89 P b35e015d8b1c4ee481fa9ecb0f6a79b8: tablet copy: Beginning tablet copy session from remote peer at address 127.0.177.1:55742
I0823 00:29:51.301118 1303 ts_tablet_manager.cc:535] T 6ad5e8871af144f5b846be2e9601de89 P b35e015d8b1c4ee481fa9ecb0f6a79b8: Initiating tablet copy from peer 4f51846d103c43d2936780f98a5eae77 (127.0.177.1:55742)
I0823 00:29:51.301265 1303 tablet_copy_client.cc:192] T 6ad5e8871af144f5b846be2e9601de89 P b35e015d8b1c4ee481fa9ecb0f6a79b8: tablet copy: Beginning tablet copy session from remote peer at address 127.0.177.1:55742
I0823 00:29:51.309298 1300 ts_tablet_manager.cc:535] T 6ad5e8871af144f5b846be2e9601de89 P b35e015d8b1c4ee481fa9ecb0f6a79b8: Initiating tablet copy from peer 4f51846d103c43d2936780f98a5eae77 (127.0.177.1:55742)
I0823 00:29:51.309485 1300 tablet_copy_client.cc:192] T 6ad5e8871af144f5b846be2e9601de89 P b35e015d8b1c4ee481fa9ecb0f6a79b8: tablet copy: Beginning tablet copy session from remote peer at address 127.0.177.1:55742
I0823 00:29:51.311046 1301 ts_tablet_manager.cc:535] T 6ad5e8871af144f5b846be2e9601de89 P b35e015d8b1c4ee481fa9ecb0f6a79b8: Initiating tablet copy from peer 4f51846d103c43d2936780f98a5eae77 (127.0.177.1:55742)
I0823 00:29:51.311172 1301 tablet_copy_client.cc:192] T 6ad5e8871af144f5b846be2e9601de89 P b35e015d8b1c4ee481fa9ecb0f6a79b8: tablet copy: Beginning tablet copy session from remote peer at address 127.0.177.1:55742
I0823 00:29:51.314225 1302 ts_tablet_manager.cc:535] T 6ad5e8871af144f5b846be2e9601de89 P b35e015d8b1c4ee481fa9ecb0f6a79b8: Initiating tablet copy from peer 4f51846d103c43d2936780f98a5eae77 (127.0.177.1:55742)
I0823 00:29:51.314345 1302 tablet_copy_client.cc:192] T 6ad5e8871af144f5b846be2e9601de89 P b35e015d8b1c4ee481fa9ecb0f6a79b8: tablet copy: Beginning tablet copy session from remote peer at address 127.0.177.1:55742
I0823 00:29:51.316134 1303 ts_tablet_manager.cc:535] T 6ad5e8871af144f5b846be2e9601de89 P b35e015d8b1c4ee481fa9ecb0f6a79b8: Initiating tablet copy from peer 4f51846d103c43d2936780f98a5eae77 (127.0.177.1:55742)
I0823 00:29:51.316251 1303 tablet_copy_client.cc:192] T 6ad5e8871af144f5b846be2e9601de89 P b35e015d8b1c4ee481fa9ecb0f6a79b8: tablet copy: Beginning tablet copy session from remote peer at address 127.0.177.1:55742
I0823 00:29:51.319056 1300 ts_tablet_manager.cc:535] T 6ad5e8871af144f5b846be2e9601de89 P b35e015d8b1c4ee481fa9ecb0f6a79b8: Initiating tablet copy from peer 4f51846d103c43d2936780f98a5eae77 (127.0.177.1:55742)
I0823 00:29:51.319162 1300 tablet_copy_client.cc:192] T 6ad5e8871af144f5b846be2e9601de89 P b35e015d8b1c4ee481fa9ecb0f6a79b8: tablet copy: Beginning tablet copy session from remote peer at address 127.0.177.1:55742
I0823 00:29:51.342252 1301 ts_tablet_manager.cc:535] T 6ad5e8871af144f5b846be2e9601de89 P b35e015d8b1c4ee481fa9ecb0f6a79b8: Initiating tablet copy from peer 4f51846d103c43d2936780f98a5eae77 (127.0.177.1:55742)
I0823 00:29:51.342407 1301 tablet_copy_client.cc:192] T 6ad5e8871af144f5b846be2e9601de89 P b35e015d8b1c4ee481fa9ecb0f6a79b8: tablet copy: Beginning tablet copy session from remote peer at address 127.0.177.1:55742
I0823 00:29:51.344657 1302 ts_tablet_manager.cc:535] T 6ad5e8871af144f5b846be2e9601de89 P b35e015d8b1c4ee481fa9ecb0f6a79b8: Initiating tablet copy from peer 4f51846d103c43d2936780f98a5eae77 (127.0.177.1:55742)
I0823 00:29:51.344799 1302 tablet_copy_client.cc:192] T 6ad5e8871af144f5b846be2e9601de89 P b35e015d8b1c4ee481fa9ecb0f6a79b8: tablet copy: Beginning tablet copy session from remote peer at address 127.0.177.1:55742
I0823 00:29:51.346815 1303 ts_tablet_manager.cc:535] T 6ad5e8871af144f5b846be2e9601de89 P b35e015d8b1c4ee481fa9ecb0f6a79b8: Initiating tablet copy from peer 4f51846d103c43d2936780f98a5eae77 (127.0.177.1:55742)
I0823 00:29:51.346904 1303 tablet_copy_client.cc:192] T 6ad5e8871af144f5b846be2e9601de89 P b35e015d8b1c4ee481fa9ecb0f6a79b8: tablet copy: Beginning tablet copy session from remote peer at address 127.0.177.1:55742
I0823 00:29:51.358218 1300 ts_tablet_manager.cc:535] T 6ad5e8871af144f5b846be2e9601de89 P b35e015d8b1c4ee481fa9ecb0f6a79b8: Initiating tablet copy from peer 4f51846d103c43d2936780f98a5eae77 (127.0.177.1:55742)
I0823 00:29:51.358377 1300 tablet_copy_client.cc:192] T 6ad5e8871af144f5b846be2e9601de89 P b35e015d8b1c4ee481fa9ecb0f6a79b8: tablet copy: Beginning tablet copy session from remote peer at address 127.0.177.1:55742
I0823 00:29:51.370853 1303 ts_tablet_manager.cc:535] T 6ad5e8871af144f5b846be2e9601de89 P b35e015d8b1c4ee481fa9ecb0f6a79b8: Initiating tablet copy from peer 4f51846d103c43d2936780f98a5eae77 (127.0.177.1:55742)
I0823 00:29:51.370999 1303 tablet_copy_client.cc:192] T 6ad5e8871af144f5b846be2e9601de89 P b35e015d8b1c4ee481fa9ecb0f6a79b8: tablet copy: Beginning tablet copy session from remote peer at address 127.0.177.1:55742
I0823 00:29:51.374184 1301 ts_tablet_manager.cc:535] T 6ad5e8871af144f5b846be2e9601de89 P b35e015d8b1c4ee481fa9ecb0f6a79b8: Initiating tablet copy from peer 4f51846d103c43d2936780f98a5eae77 (127.0.177.1:55742)
I0823 00:29:51.374317 1301 tablet_copy_client.cc:192] T 6ad5e8871af144f5b846be2e9601de89 P b35e015d8b1c4ee481fa9ecb0f6a79b8: tablet copy: Beginning tablet copy session from remote peer at address 127.0.177.1:55742 WARNING: Logging before InitGoogleLogging() is written to STDERR
W0823 00:29:51.386456 1299 flags.cc:395] Enabled unsafe flag: --rpc_server_allow_ephemeral_ports=true
W0823 00:29:51.386677 1299 flags.cc:395] Enabled unsafe flag: --never_fsync=true
I0823 00:29:51.387601 1300 ts_tablet_manager.cc:535] T 6ad5e8871af144f5b846be2e9601de89 P b35e015d8b1c4ee481fa9ecb0f6a79b8: Initiating tablet copy from peer 4f51846d103c43d2936780f98a5eae77 (127.0.177.1:55742)
I0823 00:29:51.387771 1300 tablet_copy_client.cc:192] T 6ad5e8871af144f5b846be2e9601de89 P b35e015d8b1c4ee481fa9ecb0f6a79b8: tablet copy: Beginning tablet copy session from remote peer at address 127.0.177.1:55742
W0823 00:29:51.388420 1299 flags.cc:395] Enabled experimental flag: --ipki_server_key_size=1024
W0823 00:29:51.388497 1299 flags.cc:395] Enabled experimental flag: --local_ip_for_outbound_sockets=127.0.177.1
I0823 00:29:51.391639 1299 tablet_server_main.cc:72] Tablet server non-default flags: --fs_data_dirs=/tmp/run_tha_testCbI8vj/test-tmp/tablet_copy_client_session-itest.TabletCopyClientSessionITest.TestStartTabletCopyWhileSourceBootstrapping.1503448182040843-177/minicluster-data/ts-0/data --fs_wal_dir=/tmp/run_tha_testCbI8vj/test-tmp/tablet_copy_client_session-itest.TabletCopyClientSessionITest.TestStartTabletCopyWhileSourceBootstrapping.1503448182040843-177/minicluster-data/ts-0/wal --ipki_server_key_size=1024 --rpc_bind_addresses=127.0.177.1:55742 --rpc_server_allow_ephemeral_ports=true --metrics_log_interval_ms=1000 --server_dump_info_format=pb --server_dump_info_path=/tmp/run_tha_testCbI8vj/test-tmp/tablet_copy_client_session-itest.TabletCopyClientSessionITest.TestStartTabletCopyWhileSourceBootstrapping.1503448182040843-177/minicluster-data/ts-0/data/info.pb --webserver_interface=127.0.177.1 --webserver_port=47288 --tserver_master_addrs=127.0.177.254:55114 --never_fsync=true --heap_profile_path=/tmp/kudu-tserver.1299 --redact=flag --unlock_experimental_flags=true --unlock_unsafe_flags=true --enable_minidumps=false --local_ip_for_outbound_sockets=127.0.177.1 --log_dir=/tmp/run_tha_testCbI8vj/test-tmp/tablet_copy_client_session-itest.TabletCopyClientSessionITest.TestStartTabletCopyWhileSourceBootstrapping.1503448182040843-177/minicluster-data/ts-0/logs --logbuflevel=-1 --logtostderr=true Tablet server version: kudu 1.5.0-SNAPSHOT revision 52ad0af9e9a5674434c34eb2d5943d226a3824f5 build type FASTDEBUG built by None at 23 Aug 2017 00:26:27 UTC on jenkins-slave-c3oe build id 9523 ASAN enabled
I0823 00:29:51.393609 1303 ts_tablet_manager.cc:535] T 6ad5e8871af144f5b846be2e9601de89 P b35e015d8b1c4ee481fa9ecb0f6a79b8: Initiating tablet copy from peer 4f51846d103c43d2936780f98a5eae77 (127.0.177.1:55742)
I0823 00:29:51.393757 1303 tablet_copy_client.cc:192] T 6ad5e8871af144f5b846be2e9601de89 P b35e015d8b1c4ee481fa9ecb0f6a79b8: tablet copy: Beginning tablet copy session from remote peer at address 127.0.177.1:55742
I0823 00:29:51.395064 1303 ts_tablet_manager.cc:535] T 6ad5e8871af144f5b846be2e9601de89 P b35e015d8b1c4ee481fa9ecb0f6a79b8: Initiating tablet copy from peer 4f51846d103c43d2936780f98a5eae77 (127.0.177.1:55742)
I0823 00:29:51.395161 1303 tablet_copy_client.cc:192] T 6ad5e8871af144f5b846be2e9601de89 P b35e015d8b1c4ee481fa9ecb0f6a79b8: tablet copy: Beginning tablet copy session from remote peer at address 127.0.177.1:55742
I0823 00:29:51.396719 1302 ts_tablet_manager.cc:535] T 6ad5e8871af144f5b846be2e9601de89 P b35e015d8b1c4ee481fa9ecb0f6a79b8: Initiating tablet copy from peer 4f51846d103c43d2936780f98a5eae77 (127.0.177.1:55742)
I0823 00:29:51.396860 1302 tablet_copy_client.cc:192] T 6ad5e8871af144f5b846be2e9601de89 P b35e015d8b1c4ee481fa9ecb0f6a79b8: tablet copy: Beginning tablet copy session from remote peer at address 127.0.177.1:55742
I0823 00:29:51.398622 1299 tablet_server_main.cc:79] Initializing tablet server...
I0823 00:29:51.399924 1299 system_ntp.cc:104] NTP initialized. Resolution in nanos?: 1 Skew PPM: 500 Current error: 980800
I0823 00:29:51.404896 1299 fs_manager.cc:291] Time spent opening directory manager: real 0.003s user 0.000s sys 0.000s
I0823 00:29:51.405100 1299 env_posix.cc:1598] Not raising process file limit of 65536; it is already as high as it can go
I0823 00:29:51.405333 1299 file_cache.cc:469] Constructed file cache lbm with capacity 26214
I0823 00:29:51.408843 1299 fs_manager.cc:299] Time spent opening block manager: real 0.002s user 0.000s sys 0.000s
I0823 00:29:51.408906 1299 fs_manager.cc:303] Opened local filesystem: /tmp/run_tha_testCbI8vj/test-tmp/tablet_copy_client_session-itest.TabletCopyClientSessionITest.TestStartTabletCopyWhileSourceBootstrapping.1503448182040843-177/minicluster-data/ts-0/data,/tmp/run_tha_testCbI8vj/test-tmp/tablet_copy_client_session-itest.TabletCopyClientSessionITest.TestStartTabletCopyWhileSourceBootstrapping.1503448182040843-177/minicluster-data/ts-0/wal uuid: "4f51846d103c43d2936780f98a5eae77" format_stamp: "Formatted at 2017-08-23 00:29:42 on dist-test-slave-dist-test-slave-xjn1"
I0823 00:29:51.409849 1299 fs_report.cc:347] Block manager report -------------------- 1 data directories: /tmp/run_tha_testCbI8vj/test-tmp/tablet_copy_client_session-itest.TabletCopyClientSessionITest.TestStartTabletCopyWhileSourceBootstrapping.1503448182040843-177/minicluster-data/ts-0/data/data Total live blocks: 0 Total live bytes: 0 Total live bytes (after alignment): 0 Total number of LBM containers: 0 (0 full) Did not check for missing blocks Did not check for orphaned blocks Total full LBM containers with extra space: 0 (0 repaired) Total full LBM container extra space in bytes: 0 (0 repaired) Total incomplete LBM containers: 0 (0 repaired) Total LBM partial records: 0 (0 repaired)
I0823 00:29:51.412523 1300 ts_tablet_manager.cc:535] T 6ad5e8871af144f5b846be2e9601de89 P b35e015d8b1c4ee481fa9ecb0f6a79b8: Initiating tablet copy from peer 4f51846d103c43d2936780f98a5eae77 (127.0.177.1:55742)
I0823 00:29:51.412658 1300 tablet_copy_client.cc:192] T 6ad5e8871af144f5b846be2e9601de89 P b35e015d8b1c4ee481fa9ecb0f6a79b8: tablet copy: Beginning tablet copy session from remote peer at address 127.0.177.1:55742
I0823 00:29:51.427161 1301 ts_tablet_manager.cc:535] T 6ad5e8871af144f5b846be2e9601de89 P b35e015d8b1c4ee481fa9ecb0f6a79b8: Initiating tablet copy from peer 4f51846d103c43d2936780f98a5eae77 (127.0.177.1:55742)
I0823 00:29:51.427327 1301 tablet_copy_client.cc:192] T 6ad5e8871af144f5b846be2e9601de89 P b35e015d8b1c4ee481fa9ecb0f6a79b8: tablet copy: Beginning tablet copy session from remote peer at address 127.0.177.1:55742
I0823 00:29:51.430176 1303 ts_tablet_manager.cc:535] T 6ad5e8871af144f5b846be2e9601de89 P b35e015d8b1c4ee481fa9ecb0f6a79b8: Initiating tablet copy from peer 4f51846d103c43d2936780f98a5eae77 (127.0.177.1:55742)
I0823 00:29:51.430292 1303 tablet_copy_client.cc:192] T 6ad5e8871af144f5b846be2e9601de89 P b35e015d8b1c4ee481fa9ecb0f6a79b8: tablet copy: Beginning tablet copy session from remote peer at address 127.0.177.1:55742
I0823 00:29:51.432612 1302 ts_tablet_manager.cc:535] T 6ad5e8871af144f5b846be2e9601de89 P b35e015d8b1c4ee481fa9ecb0f6a79b8: Initiating tablet copy from peer 4f51846d103c43d2936780f98a5eae77 (127.0.177.1:55742)
I0823 00:29:51.432718 1302 tablet_copy_client.cc:192] T 6ad5e8871af144f5b846be2e9601de89 P b35e015d8b1c4ee481fa9ecb0f6a79b8: tablet copy: Beginning tablet copy session from remote peer at address 127.0.177.1:55742
I0823 00:29:51.434996 1300 ts_tablet_manager.cc:535] T 6ad5e8871af144f5b846be2e9601de89 P b35e015d8b1c4ee481fa9ecb0f6a79b8: Initiating tablet copy from peer 4f51846d103c43d2936780f98a5eae77 (127.0.177.1:55742)
I0823 00:29:51.435098 1300 tablet_copy_client.cc:192] T 6ad5e8871af144f5b846be2e9601de89 P b35e015d8b1c4ee481fa9ecb0f6a79b8: tablet copy: Beginning tablet copy session from remote peer at address 127.0.177.1:55742
I0823 00:29:51.436496 1301 ts_tablet_manager.cc:535] T 6ad5e8871af144f5b846be2e9601de89 P b35e015d8b1c4ee481fa9ecb0f6a79b8: Initiating tablet copy from peer 4f51846d103c43d2936780f98a5eae77 (127.0.177.1:55742)
I0823 00:29:51.436584 1301 tablet_copy_client.cc:192] T 6ad5e8871af144f5b846be2e9601de89 P b35e015d8b1c4ee481fa9ecb0f6a79b8: tablet copy: Beginning tablet copy session from remote peer at address 127.0.177.1:55742
I0823 00:29:51.447262 1303 ts_tablet_manager.cc:535] T 6ad5e8871af144f5b846be2e9601de89 P b35e015d8b1c4ee481fa9ecb0f6a79b8: Initiating tablet copy from peer 4f51846d103c43d2936780f98a5eae77 (127.0.177.1:55742)
I0823 00:29:51.447415 1303 tablet_copy_client.cc:192] T 6ad5e8871af144f5b846be2e9601de89 P b35e015d8b1c4ee481fa9ecb0f6a79b8: tablet copy: Beginning tablet copy session from remote peer at address 127.0.177.1:55742
I0823 00:29:51.458812 1302 ts_tablet_manager.cc:535] T 6ad5e8871af144f5b846be2e9601de89 P b35e015d8b1c4ee481fa9ecb0f6a79b8: Initiating tablet copy from peer 4f51846d103c43d2936780f98a5eae77 (127.0.177.1:55742)
I0823 00:29:51.458962 1302 tablet_copy_client.cc:192] T 6ad5e8871af144f5b846be2e9601de89 P b35e015d8b1c4ee481fa9ecb0f6a79b8: tablet copy: Beginning tablet copy session from remote peer at address 127.0.177.1:55742
I0823 00:29:51.463652 1299 ts_tablet_manager.cc:198] Loading tablet metadata (0/1 complete)
I0823 00:29:51.463721 1299 ts_tablet_manager.cc:743] T 6ad5e8871af144f5b846be2e9601de89 P 4f51846d103c43d2936780f98a5eae77: Loading tablet metadata
I0823 00:29:51.465464 1300 ts_tablet_manager.cc:535] T 6ad5e8871af144f5b846be2e9601de89 P b35e015d8b1c4ee481fa9ecb0f6a79b8: Initiating tablet copy from peer 4f51846d103c43d2936780f98a5eae77 (127.0.177.1:55742)
I0823 00:29:51.465598 1300 tablet_copy_client.cc:192] T 6ad5e8871af144f5b846be2e9601de89 P b35e015d8b1c4ee481fa9ecb0f6a79b8: tablet copy: Beginning tablet copy session from remote peer at address 127.0.177.1:55742
I0823 00:29:51.468266 1299 ts_tablet_manager.cc:210] Loaded tablet metadata (1 live tablets)
I0823 00:29:51.468688 1299 ts_tablet_manager.cc:903] T 6ad5e8871af144f5b846be2e9601de89 P 4f51846d103c43d2936780f98a5eae77: Registered tablet (data state: TABLET_DATA_READY)
I0823 00:29:51.470129 1318 ts_tablet_manager.cc:766] T 6ad5e8871af144f5b846be2e9601de89 P 4f51846d103c43d2936780f98a5eae77: Bootstrapping tablet
I0823 00:29:51.470382 1299 tablet_server_main.cc:84] Starting tablet server...
I0823 00:29:51.472990 1318 tablet_bootstrap.cc:433] T 6ad5e8871af144f5b846be2e9601de89 P 4f51846d103c43d2936780f98a5eae77: Bootstrap starting.
I0823 00:29:51.484961 1301 ts_tablet_manager.cc:535] T 6ad5e8871af144f5b846be2e9601de89 P b35e015d8b1c4ee481fa9ecb0f6a79b8: Initiating tablet copy from peer 4f51846d103c43d2936780f98a5eae77 (127.0.177.1:55742)
I0823 00:29:51.485131 1301 tablet_copy_client.cc:192] T 6ad5e8871af144f5b846be2e9601de89 P b35e015d8b1c4ee481fa9ecb0f6a79b8: tablet copy: Beginning tablet copy session from remote peer at address 127.0.177.1:55742
I0823 00:29:51.490581 1302 ts_tablet_manager.cc:535] T 6ad5e8871af144f5b846be2e9601de89 P b35e015d8b1c4ee481fa9ecb0f6a79b8: Initiating tablet copy from peer 4f51846d103c43d2936780f98a5eae77 (127.0.177.1:55742)
I0823 00:29:51.490754 1302 tablet_copy_client.cc:192] T 6ad5e8871af144f5b846be2e9601de89 P b35e015d8b1c4ee481fa9ecb0f6a79b8: tablet copy: Beginning tablet copy session from remote peer at address 127.0.177.1:55742
I0823 00:29:51.495220 1300 ts_tablet_manager.cc:535] T 6ad5e8871af144f5b846be2e9601de89 P b35e015d8b1c4ee481fa9ecb0f6a79b8: Initiating tablet copy from peer 4f51846d103c43d2936780f98a5eae77 (127.0.177.1:55742)
I0823 00:29:51.495363 1300 tablet_copy_client.cc:192] T 6ad5e8871af144f5b846be2e9601de89 P b35e015d8b1c4ee481fa9ecb0f6a79b8: tablet copy: Beginning tablet copy session from remote peer at address 127.0.177.1:55742
I0823 00:29:51.513664 1303 ts_tablet_manager.cc:535] T 6ad5e8871af144f5b846be2e9601de89 P b35e015d8b1c4ee481fa9ecb0f6a79b8: Initiating tablet copy from peer 4f51846d103c43d2936780f98a5eae77 (127.0.177.1:55742)
I0823 00:29:51.513818 1303 tablet_copy_client.cc:192] T 6ad5e8871af144f5b846be2e9601de89 P b35e015d8b1c4ee481fa9ecb0f6a79b8: tablet copy: Beginning tablet copy session from remote peer at address 127.0.177.1:55742
I0823 00:29:51.528301 1301 ts_tablet_manager.cc:535] T 6ad5e8871af144f5b846be2e9601de89 P b35e015d8b1c4ee481fa9ecb0f6a79b8: Initiating tablet copy from peer 4f51846d103c43d2936780f98a5eae77 (127.0.177.1:55742)
I0823 00:29:51.528461 1301 tablet_copy_client.cc:192] T 6ad5e8871af144f5b846be2e9601de89 P b35e015d8b1c4ee481fa9ecb0f6a79b8: tablet copy: Beginning tablet copy session from remote peer at address 127.0.177.1:55742
I0823 00:29:51.530715 1302 ts_tablet_manager.cc:535] T 6ad5e8871af144f5b846be2e9601de89 P b35e015d8b1c4ee481fa9ecb0f6a79b8: Initiating tablet copy from peer 4f51846d103c43d2936780f98a5eae77 (127.0.177.1:55742)
I0823 00:29:51.530859 1302 tablet_copy_client.cc:192] T 6ad5e8871af144f5b846be2e9601de89 P b35e015d8b1c4ee481fa9ecb0f6a79b8: tablet copy: Beginning tablet copy session from remote peer at address 127.0.177.1:55742
I0823 00:29:51.533458 1300 ts_tablet_manager.cc:535] T 6ad5e8871af144f5b846be2e9601de89 P b35e015d8b1c4ee481fa9ecb0f6a79b8: Initiating tablet copy from peer 4f51846d103c43d2936780f98a5eae77 (127.0.177.1:55742)
I0823 00:29:51.533582 1300 tablet_copy_client.cc:192] T 6ad5e8871af144f5b846be2e9601de89 P b35e015d8b1c4ee481fa9ecb0f6a79b8: tablet copy: Beginning tablet copy session from remote peer at address 127.0.177.1:55742
I0823 00:29:51.543542 1303 ts_tablet_manager.cc:535] T 6ad5e8871af144f5b846be2e9601de89 P b35e015d8b1c4ee481fa9ecb0f6a79b8: Initiating tablet copy from peer 4f51846d103c43d2936780f98a5eae77 (127.0.177.1:55742)
I0823 00:29:51.543694 1303 tablet_copy_client.cc:192] T 6ad5e8871af144f5b846be2e9601de89 P b35e015d8b1c4ee481fa9ecb0f6a79b8: tablet copy: Beginning tablet copy session from remote peer at address 127.0.177.1:55742
I0823 00:29:51.549239 1301 ts_tablet_manager.cc:535] T 6ad5e8871af144f5b846be2e9601de89 P b35e015d8b1c4ee481fa9ecb0f6a79b8: Initiating tablet copy from peer 4f51846d103c43d2936780f98a5eae77 (127.0.177.1:55742)
I0823 00:29:51.549387 1301 tablet_copy_client.cc:192] T 6ad5e8871af144f5b846be2e9601de89 P b35e015d8b1c4ee481fa9ecb0f6a79b8: tablet copy: Beginning tablet copy session from remote peer at address 127.0.177.1:55742
I0823 00:29:51.551653 1302 ts_tablet_manager.cc:535] T 6ad5e8871af144f5b846be2e9601de89 P b35e015d8b1c4ee481fa9ecb0f6a79b8: Initiating tablet copy from peer 4f51846d103c43d2936780f98a5eae77 (127.0.177.1:55742)
I0823 00:29:51.551782 1302 tablet_copy_client.cc:192] T 6ad5e8871af144f5b846be2e9601de89 P b35e015d8b1c4ee481fa9ecb0f6a79b8: tablet copy: Beginning tablet copy session from remote peer at address 127.0.177.1:55742
I0823 00:29:51.557317 1318 log.cc:518] T 6ad5e8871af144f5b846be2e9601de89 P 4f51846d103c43d2936780f98a5eae77: Log is configured to *not* fsync() on all Append() calls
I0823 00:29:51.567776 1299 rpc_server.cc:192] RPC server started. Bound to: 127.0.177.1:55742
I0823 00:29:51.568339 1299 webserver.cc:149] Starting webserver on 127.0.177.1:47288
I0823 00:29:51.568385 1299 webserver.cc:160] Document root disabled
I0823 00:29:51.569263 1299 webserver.cc:282] Webserver started. Bound to: http://127.0.177.1:47288/
I0823 00:29:51.570052 1299 server_base.cc:372] Dumped server information to /tmp/run_tha_testCbI8vj/test-tmp/tablet_copy_client_session-itest.TabletCopyClientSessionITest.TestStartTabletCopyWhileSourceBootstrapping.1503448182040843-177/minicluster-data/ts-0/data/info.pb
I0823 00:29:51.570948 1300 ts_tablet_manager.cc:535] T 6ad5e8871af144f5b846be2e9601de89 P b35e015d8b1c4ee481fa9ecb0f6a79b8: Initiating tablet copy from peer 4f51846d103c43d2936780f98a5eae77 (127.0.177.1:55742)
I0823 00:29:51.571086 1300 tablet_copy_client.cc:192] T 6ad5e8871af144f5b846be2e9601de89 P b35e015d8b1c4ee481fa9ecb0f6a79b8: tablet copy: Beginning tablet copy session from remote peer at address 127.0.177.1:55742
I0823 00:29:51.576335 177 external_mini_cluster.cc:830] Started /tmp/run_tha_testCbI8vj/build/asan/bin/kudu-tserver as pid 1299
I0823 00:29:51.579674 1426 process_memory.cc:181] Process hard memory limit is 11.777661 GB
I0823 00:29:51.579848 1426 process_memory.cc:183] Process soft memory limit is 9.422129 GB
I0823 00:29:51.579910 1426 process_memory.cc:186] Process memory pressure threshold is 7.066597 GB
I0823 00:29:51.581097 1299 tablet_server_main.cc:87] Tablet server successfully started.
I0823 00:29:51.592983 1424 heartbeater.cc:317] Connected to a master server at 127.0.177.254:55114
I0823 00:29:51.593178 1424 heartbeater.cc:387] Registering TS with master...
I0823 00:29:51.593626 1424 heartbeater.cc:414] Master 127.0.177.254:55114 requested a full tablet report, sending...
I0823 00:29:51.594802 534 ts_manager.cc:87] Re-registered known tserver with Master: 4f51846d103c43d2936780f98a5eae77 (127.0.177.1:55742)
I0823 00:29:51.595877 534 master_service.cc:203] Signed X509 certificate for tserver {username='slave'} at 127.0.177.1:50953
I0823 00:29:51.599962 1401 tablet_copy_service.cc:130] P 4f51846d103c43d2936780f98a5eae77: Received BeginTabletCopySession request for tablet 6ad5e8871af144f5b846be2e9601de89 from peer b35e015d8b1c4ee481fa9ecb0f6a79b8 ({username='slave'} at 127.0.177.2:41448)
I0823 00:29:51.600174 1401 tablet_copy_service.cc:149] P 4f51846d103c43d2936780f98a5eae77: Beginning new tablet copy session on tablet 6ad5e8871af144f5b846be2e9601de89 from peer b35e015d8b1c4ee481fa9ecb0f6a79b8 at {username='slave'} at 127.0.177.2:41448: session id = b35e015d8b1c4ee481fa9ecb0f6a79b8-6ad5e8871af144f5b846be2e9601de89
W0823 00:29:51.600456 1401 tablet_copy_service.cc:413] P 4f51846d103c43d2936780f98a5eae77: Error handling TabletCopyService RPC request from {username='slave'} at 127.0.177.2:41448: Error beginning tablet copy session for tablet 6ad5e8871af144f5b846be2e9601de89: Illegal state: The tablet is not in a running state: BOOTSTRAPPING
I0823 00:29:51.612139 1302 ts_tablet_manager.cc:535] T 6ad5e8871af144f5b846be2e9601de89 P b35e015d8b1c4ee481fa9ecb0f6a79b8: Initiating tablet copy from peer 4f51846d103c43d2936780f98a5eae77 (127.0.177.1:55742)
I0823 00:29:51.612314 1302 tablet_copy_client.cc:192] T 6ad5e8871af144f5b846be2e9601de89 P b35e015d8b1c4ee481fa9ecb0f6a79b8: tablet copy: Beginning tablet copy session from remote peer at address 127.0.177.1:55742
I0823 00:29:51.613196 1401 tablet_copy_service.cc:130] P 4f51846d103c43d2936780f98a5eae77: Received BeginTabletCopySession request for tablet 6ad5e8871af144f5b846be2e9601de89 from peer b35e015d8b1c4ee481fa9ecb0f6a79b8 ({username='slave'} at 127.0.177.2:41448)
I0823 00:29:51.613322 1401 tablet_copy_service.cc:149] P 4f51846d103c43d2936780f98a5eae77: Beginning new tablet copy session on tablet 6ad5e8871af144f5b846be2e9601de89 from peer b35e015d8b1c4ee481fa9ecb0f6a79b8 at {username='slave'} at 127.0.177.2:41448: session id = b35e015d8b1c4ee481fa9ecb0f6a79b8-6ad5e8871af144f5b846be2e9601de89
W0823 00:29:51.613457 1401 tablet_copy_service.cc:413] P 4f51846d103c43d2936780f98a5eae77: Error handling TabletCopyService RPC request from {username='slave'} at 127.0.177.2:41448: Error beginning tablet copy session for tablet 6ad5e8871af144f5b846be2e9601de89: Illegal state: The tablet is not in a running state: BOOTSTRAPPING
I0823 00:29:51.618495 1303 ts_tablet_manager.cc:535] T 6ad5e8871af144f5b846be2e9601de89 P b35e015d8b1c4ee481fa9ecb0f6a79b8: Initiating tablet copy from peer 4f51846d103c43d2936780f98a5eae77 (127.0.177.1:55742)
I0823 00:29:51.618643 1303 tablet_copy_client.cc:192] T 6ad5e8871af144f5b846be2e9601de89 P b35e015d8b1c4ee481fa9ecb0f6a79b8: tablet copy: Beginning tablet copy session from remote peer at address 127.0.177.1:55742
I0823 00:29:51.619462 1401 tablet_copy_service.cc:130] P 4f51846d103c43d2936780f98a5eae77: Received BeginTabletCopySession request for tablet 6ad5e8871af144f5b846be2e9601de89 from peer b35e015d8b1c4ee481fa9ecb0f6a79b8 ({username='slave'} at 127.0.177.2:41448)
I0823 00:29:51.619575 1401 tablet_copy_service.cc:149] P 4f51846d103c43d2936780f98a5eae77: Beginning new tablet copy session on tablet 6ad5e8871af144f5b846be2e9601de89 from peer b35e015d8b1c4ee481fa9ecb0f6a79b8 at {username='slave'} at 127.0.177.2:41448: session id = b35e015d8b1c4ee481fa9ecb0f6a79b8-6ad5e8871af144f5b846be2e9601de89
W0823 00:29:51.619695 1401 tablet_copy_service.cc:413] P 4f51846d103c43d2936780f98a5eae77: Error handling TabletCopyService RPC request from {username='slave'} at 127.0.177.2:41448: Error beginning tablet copy session for tablet 6ad5e8871af144f5b846be2e9601de89: Illegal state: The tablet is not in a running state: BOOTSTRAPPING
I0823 00:29:51.623025 1301 ts_tablet_manager.cc:535] T 6ad5e8871af144f5b846be2e9601de89 P b35e015d8b1c4ee481fa9ecb0f6a79b8: Initiating tablet copy from peer 4f51846d103c43d2936780f98a5eae77 (127.0.177.1:55742)
I0823 00:29:51.623172 1301 tablet_copy_client.cc:192] T 6ad5e8871af144f5b846be2e9601de89 P b35e015d8b1c4ee481fa9ecb0f6a79b8: tablet copy: Beginning tablet copy session from remote peer at address 127.0.177.1:55742
I0823 00:29:51.623970 1401 tablet_copy_service.cc:130] P 4f51846d103c43d2936780f98a5eae77: Received BeginTabletCopySession request for tablet 6ad5e8871af144f5b846be2e9601de89 from peer b35e015d8b1c4ee481fa9ecb0f6a79b8 ({username='slave'} at 127.0.177.2:41448)
I0823 00:29:51.624102 1401 tablet_copy_service.cc:149] P 4f51846d103c43d2936780f98a5eae77: Beginning new tablet copy session on tablet 6ad5e8871af144f5b846be2e9601de89 from peer b35e015d8b1c4ee481fa9ecb0f6a79b8 at {username='slave'} at 127.0.177.2:41448: session id = b35e015d8b1c4ee481fa9ecb0f6a79b8-6ad5e8871af144f5b846be2e9601de89
W0823 00:29:51.624255 1401 tablet_copy_service.cc:413] P 4f51846d103c43d2936780f98a5eae77: Error handling TabletCopyService RPC request from {username='slave'} at 127.0.177.2:41448: Error beginning tablet copy session for tablet 6ad5e8871af144f5b846be2e9601de89: Illegal state: The tablet is not in a running state: BOOTSTRAPPING
I0823 00:29:51.628013 1300 ts_tablet_manager.cc:535] T 6ad5e8871af144f5b846be2e9601de89 P b35e015d8b1c4ee481fa9ecb0f6a79b8: Initiating tablet copy from peer 4f51846d103c43d2936780f98a5eae77 (127.0.177.1:55742)
I0823 00:29:51.628150 1300 tablet_copy_client.cc:192] T 6ad5e8871af144f5b846be2e9601de89 P b35e015d8b1c4ee481fa9ecb0f6a79b8: tablet copy: Beginning tablet copy session from remote peer at address 127.0.177.1:55742
I0823 00:29:51.628937 1401 tablet_copy_service.cc:130] P 4f51846d103c43d2936780f98a5eae77: Received BeginTabletCopySession request for tablet 6ad5e8871af144f5b846be2e9601de89 from peer b35e015d8b1c4ee481fa9ecb0f6a79b8 ({username='slave'} at 127.0.177.2:41448)
I0823 00:29:51.629045 1401 tablet_copy_service.cc:149] P 4f51846d103c43d2936780f98a5eae77: Beginning new tablet copy session on tablet 6ad5e8871af144f5b846be2e9601de89 from peer b35e015d8b1c4ee481fa9ecb0f6a79b8 at {username='slave'} at 127.0.177.2:41448: session id = b35e015d8b1c4ee481fa9ecb0f6a79b8-6ad5e8871af144f5b846be2e9601de89
W0823 00:29:51.629170 1401 tablet_copy_service.cc:413] P 4f51846d103c43d2936780f98a5eae77: Error handling TabletCopyService RPC request from {username='slave'} at 127.0.177.2:41448: Error beginning tablet copy session for tablet 6ad5e8871af144f5b846be2e9601de89: Illegal state: The tablet is not in a running state: BOOTSTRAPPING
I0823 00:29:51.637445 1302 ts_tablet_manager.cc:535] T 6ad5e8871af144f5b846be2e9601de89 P b35e015d8b1c4ee481fa9ecb0f6a79b8: Initiating tablet copy from peer 4f51846d103c43d2936780f98a5eae77 (127.0.177.1:55742)
I0823 00:29:51.637601 1302 tablet_copy_client.cc:192] T 6ad5e8871af144f5b846be2e9601de89 P b35e015d8b1c4ee481fa9ecb0f6a79b8: tablet copy: Beginning tablet copy session from remote peer at address 127.0.177.1:55742
I0823 00:29:51.638463 1401 tablet_copy_service.cc:130] P 4f51846d103c43d2936780f98a5eae77: Received BeginTabletCopySession request for tablet 6ad5e8871af144f5b846be2e9601de89 from peer b35e015d8b1c4ee481fa9ecb0f6a79b8 ({username='slave'} at 127.0.177.2:41448)
I0823 00:29:51.638594 1401 tablet_copy_service.cc:149] P 4f51846d103c43d2936780f98a5eae77: Beginning new tablet copy session on tablet 6ad5e8871af144f5b846be2e9601de89 from peer b35e015d8b1c4ee481fa9ecb0f6a79b8 at {username='slave'} at 127.0.177.2:41448: session id = b35e015d8b1c4ee481fa9ecb0f6a79b8-6ad5e8871af144f5b846be2e9601de89
W0823 00:29:51.638701 1401 tablet_copy_service.cc:413] P 4f51846d103c43d2936780f98a5eae77: Error handling TabletCopyService RPC request from {username='slave'} at 127.0.177.2:41448: Error beginning tablet copy session for tablet 6ad5e8871af144f5b846be2e9601de89: Illegal state: The tablet is not in a running state: BOOTSTRAPPING
I0823 00:29:51.647931 1303 ts_tablet_manager.cc:535] T 6ad5e8871af144f5b846be2e9601de89 P b35e015d8b1c4ee481fa9ecb0f6a79b8: Initiating tablet copy from peer 4f51846d103c43d2936780f98a5eae77 (127.0.177.1:55742)
I0823 00:29:51.648092 1303 tablet_copy_client.cc:192] T 6ad5e8871af144f5b846be2e9601de89 P b35e015d8b1c4ee481fa9ecb0f6a79b8: tablet copy: Beginning tablet copy session from remote peer at address 127.0.177.1:55742
I0823 00:29:51.648979 1401 tablet_copy_service.cc:130] P 4f51846d103c43d2936780f98a5eae77: Received BeginTabletCopySession request for tablet 6ad5e8871af144f5b846be2e9601de89 from peer b35e015d8b1c4ee481fa9ecb0f6a79b8 ({username='slave'} at 127.0.177.2:41448)
I0823 00:29:51.649091 1401 tablet_copy_service.cc:149] P 4f51846d103c43d2936780f98a5eae77: Beginning new tablet copy session on tablet 6ad5e8871af144f5b846be2e9601de89 from peer b35e015d8b1c4ee481fa9ecb0f6a79b8 at {username='slave'} at 127.0.177.2:41448: session id = b35e015d8b1c4ee481fa9ecb0f6a79b8-6ad5e8871af144f5b846be2e9601de89
W0823 00:29:51.649227 1401 tablet_copy_service.cc:413] P 4f51846d103c43d2936780f98a5eae77: Error handling TabletCopyService RPC request from {username='slave'} at 127.0.177.2:41448: Error beginning tablet copy session for tablet 6ad5e8871af144f5b846be2e9601de89: Illegal state: The tablet is not in a running state: BOOTSTRAPPING
