I0823 00:29:51.952512 1301 ts_tablet_manager.cc:535] T 6ad5e8871af144f5b846be2e9601de89 P b35e015d8b1c4ee481fa9ecb0f6a79b8: Initiating tablet copy from peer 4f51846d103c43d2936780f98a5eae77 (127.0.177.1:55742)
I0823 00:29:51.952661 1301 tablet_copy_client.cc:192] T 6ad5e8871af144f5b846be2e9601de89 P b35e015d8b1c4ee481fa9ecb0f6a79b8: tablet copy: Beginning tablet copy session from remote peer at address 127.0.177.1:55742
I0823 00:29:51.953568 1401 tablet_copy_service.cc:130] P 4f51846d103c43d2936780f98a5eae77: Received BeginTabletCopySession request for tablet 6ad5e8871af144f5b846be2e9601de89 from peer b35e015d8b1c4ee481fa9ecb0f6a79b8 ({username='slave'} at 127.0.177.2:41448)
I0823 00:29:51.953676 1401 tablet_copy_service.cc:149] P 4f51846d103c43d2936780f98a5eae77: Beginning new tablet copy session on tablet 6ad5e8871af144f5b846be2e9601de89 from peer b35e015d8b1c4ee481fa9ecb0f6a79b8 at {username='slave'} at 127.0.177.2:41448: session id = b35e015d8b1c4ee481fa9ecb0f6a79b8-6ad5e8871af144f5b846be2e9601de89
W0823 00:29:51.953797 1401 tablet_copy_service.cc:413] P 4f51846d103c43d2936780f98a5eae77: Error handling TabletCopyService RPC request from {username='slave'} at 127.0.177.2:41448: Error beginning tablet copy session for tablet 6ad5e8871af144f5b846be2e9601de89: Illegal state: The tablet is not in a running state: BOOTSTRAPPING
I0823 00:29:51.963631 1300 ts_tablet_manager.cc:535] T 6ad5e8871af144f5b846be2e9601de89 P b35e015d8b1c4ee481fa9ecb0f6a79b8: Initiating tablet copy from peer 4f51846d103c43d2936780f98a5eae77 (127.0.177.1:55742)
I0823 00:29:51.963794 1300 tablet_copy_client.cc:192] T 6ad5e8871af144f5b846be2e9601de89 P b35e015d8b1c4ee481fa9ecb0f6a79b8: tablet copy: Beginning tablet copy session from remote peer at address 127.0.177.1:55742
I0823 00:29:51.964793 1401 tablet_copy_service.cc:130] P 4f51846d103c43d2936780f98a5eae77: Received BeginTabletCopySession request for tablet 6ad5e8871af144f5b846be2e9601de89 from peer b35e015d8b1c4ee481fa9ecb0f6a79b8 ({username='slave'} at 127.0.177.2:41448)
I0823 00:29:51.964931 1401 tablet_copy_service.cc:149] P 4f51846d103c43d2936780f98a5eae77: Beginning new tablet copy session on tablet 6ad5e8871af144f5b846be2e9601de89 from peer b35e015d8b1c4ee481fa9ecb0f6a79b8 at {username='slave'} at 127.0.177.2:41448: session id = b35e015d8b1c4ee481fa9ecb0f6a79b8-6ad5e8871af144f5b846be2e9601de89
W0823 00:29:51.965149 1401 tablet_copy_service.cc:413] P 4f51846d103c43d2936780f98a5eae77: Error handling TabletCopyService RPC request from {username='slave'} at 127.0.177.2:41448: Error beginning tablet copy session for tablet 6ad5e8871af144f5b846be2e9601de89: Illegal state: The tablet is not in a running state: BOOTSTRAPPING
I0823 00:29:51.977988 1303 ts_tablet_manager.cc:535] T 6ad5e8871af144f5b846be2e9601de89 P b35e015d8b1c4ee481fa9ecb0f6a79b8: Initiating tablet copy from peer 4f51846d103c43d2936780f98a5eae77 (127.0.177.1:55742)
I0823 00:29:51.978150 1303 tablet_copy_client.cc:192] T 6ad5e8871af144f5b846be2e9601de89 P b35e015d8b1c4ee481fa9ecb0f6a79b8: tablet copy: Beginning tablet copy session from remote peer at address 127.0.177.1:55742
I0823 00:29:51.979058 1401 tablet_copy_service.cc:130] P 4f51846d103c43d2936780f98a5eae77: Received BeginTabletCopySession request for tablet 6ad5e8871af144f5b846be2e9601de89 from peer b35e015d8b1c4ee481fa9ecb0f6a79b8 ({username='slave'} at 127.0.177.2:41448)
I0823 00:29:51.979251 1401 tablet_copy_service.cc:149] P 4f51846d103c43d2936780f98a5eae77: Beginning new tablet copy session on tablet 6ad5e8871af144f5b846be2e9601de89 from peer b35e015d8b1c4ee481fa9ecb0f6a79b8 at {username='slave'} at 127.0.177.2:41448: session id = b35e015d8b1c4ee481fa9ecb0f6a79b8-6ad5e8871af144f5b846be2e9601de89
W0823 00:29:51.979382 1401 tablet_copy_service.cc:413] P 4f51846d103c43d2936780f98a5eae77: Error handling TabletCopyService RPC request from {username='slave'} at 127.0.177.2:41448: Error beginning tablet copy session for tablet 6ad5e8871af144f5b846be2e9601de89: Illegal state: The tablet is not in a running state: BOOTSTRAPPING
I0823 00:29:51.981282 1302 ts_tablet_manager.cc:535] T 6ad5e8871af144f5b846be2e9601de89 P b35e015d8b1c4ee481fa9ecb0f6a79b8: Initiating tablet copy from peer 4f51846d103c43d2936780f98a5eae77 (127.0.177.1:55742)
I0823 00:29:51.981433 1302 tablet_copy_client.cc:192] T 6ad5e8871af144f5b846be2e9601de89 P b35e015d8b1c4ee481fa9ecb0f6a79b8: tablet copy: Beginning tablet copy session from remote peer at address 127.0.177.1:55742
I0823 00:29:51.982225 1401 tablet_copy_service.cc:130] P 4f51846d103c43d2936780f98a5eae77: Received BeginTabletCopySession request for tablet 6ad5e8871af144f5b846be2e9601de89 from peer b35e015d8b1c4ee481fa9ecb0f6a79b8 ({username='slave'} at 127.0.177.2:41448)
I0823 00:29:51.982347 1401 tablet_copy_service.cc:149] P 4f51846d103c43d2936780f98a5eae77: Beginning new tablet copy session on tablet 6ad5e8871af144f5b846be2e9601de89 from peer b35e015d8b1c4ee481fa9ecb0f6a79b8 at {username='slave'} at 127.0.177.2:41448: session id = b35e015d8b1c4ee481fa9ecb0f6a79b8-6ad5e8871af144f5b846be2e9601de89
W0823 00:29:51.982455 1401 tablet_copy_service.cc:413] P 4f51846d103c43d2936780f98a5eae77: Error handling TabletCopyService RPC request from {username='slave'} at 127.0.177.2:41448: Error beginning tablet copy session for tablet 6ad5e8871af144f5b846be2e9601de89: Illegal state: The tablet is not in a running state: BOOTSTRAPPING
I0823 00:29:51.984195 1300 ts_tablet_manager.cc:535] T 6ad5e8871af144f5b846be2e9601de89 P b35e015d8b1c4ee481fa9ecb0f6a79b8: Initiating tablet copy from peer 4f51846d103c43d2936780f98a5eae77 (127.0.177.1:55742)
I0823 00:29:51.984331 1300 tablet_copy_client.cc:192] T 6ad5e8871af144f5b846be2e9601de89 P b35e015d8b1c4ee481fa9ecb0f6a79b8: tablet copy: Beginning tablet copy session from remote peer at address 127.0.177.1:55742
I0823 00:29:51.985100 1401 tablet_copy_service.cc:130] P 4f51846d103c43d2936780f98a5eae77: Received BeginTabletCopySession request for tablet 6ad5e8871af144f5b846be2e9601de89 from peer b35e015d8b1c4ee481fa9ecb0f6a79b8 ({username='slave'} at 127.0.177.2:41448)
I0823 00:29:51.985210 1401 tablet_copy_service.cc:149] P 4f51846d103c43d2936780f98a5eae77: Beginning new tablet copy session on tablet 6ad5e8871af144f5b846be2e9601de89 from peer b35e015d8b1c4ee481fa9ecb0f6a79b8 at {username='slave'} at 127.0.177.2:41448: session id = b35e015d8b1c4ee481fa9ecb0f6a79b8-6ad5e8871af144f5b846be2e9601de89
W0823 00:29:51.985327 1401 tablet_copy_service.cc:413] P 4f51846d103c43d2936780f98a5eae77: Error handling TabletCopyService RPC request from {username='slave'} at 127.0.177.2:41448: Error beginning tablet copy session for tablet 6ad5e8871af144f5b846be2e9601de89: Illegal state: The tablet is not in a running state: BOOTSTRAPPING
I0823 00:29:51.996031 1301 ts_tablet_manager.cc:535] T 6ad5e8871af144f5b846be2e9601de89 P b35e015d8b1c4ee481fa9ecb0f6a79b8: Initiating tablet copy from peer 4f51846d103c43d2936780f98a5eae77 (127.0.177.1:55742)
I0823 00:29:51.996191 1301 tablet_copy_client.cc:192] T 6ad5e8871af144f5b846be2e9601de89 P b35e015d8b1c4ee481fa9ecb0f6a79b8: tablet copy: Beginning tablet copy session from remote peer at address 127.0.177.1:55742
I0823 00:29:51.997241 1401 tablet_copy_service.cc:130] P 4f51846d103c43d2936780f98a5eae77: Received BeginTabletCopySession request for tablet 6ad5e8871af144f5b846be2e9601de89 from peer b35e015d8b1c4ee481fa9ecb0f6a79b8 ({username='slave'} at 127.0.177.2:41448)
I0823 00:29:51.997393 1401 tablet_copy_service.cc:149] P 4f51846d103c43d2936780f98a5eae77: Beginning new tablet copy session on tablet 6ad5e8871af144f5b846be2e9601de89 from peer b35e015d8b1c4ee481fa9ecb0f6a79b8 at {username='slave'} at 127.0.177.2:41448: session id = b35e015d8b1c4ee481fa9ecb0f6a79b8-6ad5e8871af144f5b846be2e9601de89
W0823 00:29:51.997510 1401 tablet_copy_service.cc:413] P 4f51846d103c43d2936780f98a5eae77: Error handling TabletCopyService RPC request from {username='slave'} at 127.0.177.2:41448: Error beginning tablet copy session for tablet 6ad5e8871af144f5b846be2e9601de89: Illegal state: The tablet is not in a running state: BOOTSTRAPPING
I0823 00:29:52.023444 1302 ts_tablet_manager.cc:535] T 6ad5e8871af144f5b846be2e9601de89 P b35e015d8b1c4ee481fa9ecb0f6a79b8: Initiating tablet copy from peer 4f51846d103c43d2936780f98a5eae77 (127.0.177.1:55742)
I0823 00:29:52.023651 1302 tablet_copy_client.cc:192] T 6ad5e8871af144f5b846be2e9601de89 P b35e015d8b1c4ee481fa9ecb0f6a79b8: tablet copy: Beginning tablet copy session from remote peer at address 127.0.177.1:55742
I0823 00:29:52.024729 1401 tablet_copy_service.cc:130] P 4f51846d103c43d2936780f98a5eae77: Received BeginTabletCopySession request for tablet 6ad5e8871af144f5b846be2e9601de89 from peer b35e015d8b1c4ee481fa9ecb0f6a79b8 ({username='slave'} at 127.0.177.2:41448)
I0823 00:29:52.024835 1401 tablet_copy_service.cc:149] P 4f51846d103c43d2936780f98a5eae77: Beginning new tablet copy session on tablet 6ad5e8871af144f5b846be2e9601de89 from peer b35e015d8b1c4ee481fa9ecb0f6a79b8 at {username='slave'} at 127.0.177.2:41448: session id = b35e015d8b1c4ee481fa9ecb0f6a79b8-6ad5e8871af144f5b846be2e9601de89
W0823 00:29:52.024951 1401 tablet_copy_service.cc:413] P 4f51846d103c43d2936780f98a5eae77: Error handling TabletCopyService RPC request from {username='slave'} at 127.0.177.2:41448: Error beginning tablet copy session for tablet 6ad5e8871af144f5b846be2e9601de89: Illegal state: The tablet is not in a running state: BOOTSTRAPPING
I0823 00:29:52.027055 1300 ts_tablet_manager.cc:535] T 6ad5e8871af144f5b846be2e9601de89 P b35e015d8b1c4ee481fa9ecb0f6a79b8: Initiating tablet copy from peer 4f51846d103c43d2936780f98a5eae77 (127.0.177.1:55742)
I0823 00:29:52.027210 1300 tablet_copy_client.cc:192] T 6ad5e8871af144f5b846be2e9601de89 P b35e015d8b1c4ee481fa9ecb0f6a79b8: tablet copy: Beginning tablet copy session from remote peer at address 127.0.177.1:55742
I0823 00:29:52.028051 1401 tablet_copy_service.cc:130] P 4f51846d103c43d2936780f98a5eae77: Received BeginTabletCopySession request for tablet 6ad5e8871af144f5b846be2e9601de89 from peer b35e015d8b1c4ee481fa9ecb0f6a79b8 ({username='slave'} at 127.0.177.2:41448)
I0823 00:29:52.028177 1401 tablet_copy_service.cc:149] P 4f51846d103c43d2936780f98a5eae77: Beginning new tablet copy session on tablet 6ad5e8871af144f5b846be2e9601de89 from peer b35e015d8b1c4ee481fa9ecb0f6a79b8 at {username='slave'} at 127.0.177.2:41448: session id = b35e015d8b1c4ee481fa9ecb0f6a79b8-6ad5e8871af144f5b846be2e9601de89
W0823 00:29:52.028301 1401 tablet_copy_service.cc:413] P 4f51846d103c43d2936780f98a5eae77: Error handling TabletCopyService RPC request from {username='slave'} at 127.0.177.2:41448: Error beginning tablet copy session for tablet 6ad5e8871af144f5b846be2e9601de89: Illegal state: The tablet is not in a running state: BOOTSTRAPPING
I0823 00:29:52.031463 1303 ts_tablet_manager.cc:535] T 6ad5e8871af144f5b846be2e9601de89 P b35e015d8b1c4ee481fa9ecb0f6a79b8: Initiating tablet copy from peer 4f51846d103c43d2936780f98a5eae77 (127.0.177.1:55742)
I0823 00:29:52.031635 1303 tablet_copy_client.cc:192] T 6ad5e8871af144f5b846be2e9601de89 P b35e015d8b1c4ee481fa9ecb0f6a79b8: tablet copy: Beginning tablet copy session from remote peer at address 127.0.177.1:55742
I0823 00:29:52.032508 1401 tablet_copy_service.cc:130] P 4f51846d103c43d2936780f98a5eae77: Received BeginTabletCopySession request for tablet 6ad5e8871af144f5b846be2e9601de89 from peer b35e015d8b1c4ee481fa9ecb0f6a79b8 ({username='slave'} at 127.0.177.2:41448)
I0823 00:29:52.032613 1401 tablet_copy_service.cc:149] P 4f51846d103c43d2936780f98a5eae77: Beginning new tablet copy session on tablet 6ad5e8871af144f5b846be2e9601de89 from peer b35e015d8b1c4ee481fa9ecb0f6a79b8 at {username='slave'} at 127.0.177.2:41448: session id = b35e015d8b1c4ee481fa9ecb0f6a79b8-6ad5e8871af144f5b846be2e9601de89
W0823 00:29:52.032721 1401 tablet_copy_service.cc:413] P 4f51846d103c43d2936780f98a5eae77: Error handling TabletCopyService RPC request from {username='slave'} at 127.0.177.2:41448: Error beginning tablet copy session for tablet 6ad5e8871af144f5b846be2e9601de89: Illegal state: The tablet is not in a running state: BOOTSTRAPPING
I0823 00:29:52.034937 1301 ts_tablet_manager.cc:535] T 6ad5e8871af144f5b846be2e9601de89 P b35e015d8b1c4ee481fa9ecb0f6a79b8: Initiating tablet copy from peer 4f51846d103c43d2936780f98a5eae77 (127.0.177.1:55742)
I0823 00:29:52.035082 1301 tablet_copy_client.cc:192] T 6ad5e8871af144f5b846be2e9601de89 P b35e015d8b1c4ee481fa9ecb0f6a79b8: tablet copy: Beginning tablet copy session from remote peer at address 127.0.177.1:55742
I0823 00:29:52.037009 1401 tablet_copy_service.cc:130] P 4f51846d103c43d2936780f98a5eae77: Received BeginTabletCopySession request for tablet 6ad5e8871af144f5b846be2e9601de89 from peer b35e015d8b1c4ee481fa9ecb0f6a79b8 ({username='slave'} at 127.0.177.2:41448)
I0823 00:29:52.037173 1401 tablet_copy_service.cc:149] P 4f51846d103c43d2936780f98a5eae77: Beginning new tablet copy session on tablet 6ad5e8871af144f5b846be2e9601de89 from peer b35e015d8b1c4ee481fa9ecb0f6a79b8 at {username='slave'} at 127.0.177.2:41448: session id = b35e015d8b1c4ee481fa9ecb0f6a79b8-6ad5e8871af144f5b846be2e9601de89
W0823 00:29:52.037276 1401 tablet_copy_service.cc:413] P 4f51846d103c43d2936780f98a5eae77: Error handling TabletCopyService RPC request from {username='slave'} at 127.0.177.2:41448: Error beginning tablet copy session for tablet 6ad5e8871af144f5b846be2e9601de89: Illegal state: The tablet is not in a running state: BOOTSTRAPPING
I0823 00:29:52.044478 1302 ts_tablet_manager.cc:535] T 6ad5e8871af144f5b846be2e9601de89 P b35e015d8b1c4ee481fa9ecb0f6a79b8: Initiating tablet copy from peer 4f51846d103c43d2936780f98a5eae77 (127.0.177.1:55742)
I0823 00:29:52.044672 1302 tablet_copy_client.cc:192] T 6ad5e8871af144f5b846be2e9601de89 P b35e015d8b1c4ee481fa9ecb0f6a79b8: tablet copy: Beginning tablet copy session from remote peer at address 127.0.177.1:55742
I0823 00:29:52.045828 1401 tablet_copy_service.cc:130] P 4f51846d103c43d2936780f98a5eae77: Received BeginTabletCopySession request for tablet 6ad5e8871af144f5b846be2e9601de89 from peer b35e015d8b1c4ee481fa9ecb0f6a79b8 ({username='slave'} at 127.0.177.2:41448)
I0823 00:29:52.045943 1401 tablet_copy_service.cc:149] P 4f51846d103c43d2936780f98a5eae77: Beginning new tablet copy session on tablet 6ad5e8871af144f5b846be2e9601de89 from peer b35e015d8b1c4ee481fa9ecb0f6a79b8 at {username='slave'} at 127.0.177.2:41448: session id = b35e015d8b1c4ee481fa9ecb0f6a79b8-6ad5e8871af144f5b846be2e9601de89
W0823 00:29:52.046083 1401 tablet_copy_service.cc:413] P 4f51846d103c43d2936780f98a5eae77: Error handling TabletCopyService RPC request from {username='slave'} at 127.0.177.2:41448: Error beginning tablet copy session for tablet 6ad5e8871af144f5b846be2e9601de89: Illegal state: The tablet is not in a running state: BOOTSTRAPPING
I0823 00:29:52.048844 1301 ts_tablet_manager.cc:535] T 6ad5e8871af144f5b846be2e9601de89 P b35e015d8b1c4ee481fa9ecb0f6a79b8: Initiating tablet copy from peer 4f51846d103c43d2936780f98a5eae77 (127.0.177.1:55742)
I0823 00:29:52.048990 1301 tablet_copy_client.cc:192] T 6ad5e8871af144f5b846be2e9601de89 P b35e015d8b1c4ee481fa9ecb0f6a79b8: tablet copy: Beginning tablet copy session from remote peer at address 127.0.177.1:55742
I0823 00:29:52.049875 1401 tablet_copy_service.cc:130] P 4f51846d103c43d2936780f98a5eae77: Received BeginTabletCopySession request for tablet 6ad5e8871af144f5b846be2e9601de89 from peer b35e015d8b1c4ee481fa9ecb0f6a79b8 ({username='slave'} at 127.0.177.2:41448)
I0823 00:29:52.049993 1401 tablet_copy_service.cc:149] P 4f51846d103c43d2936780f98a5eae77: Beginning new tablet copy session on tablet 6ad5e8871af144f5b846be2e9601de89 from peer b35e015d8b1c4ee481fa9ecb0f6a79b8 at {username='slave'} at 127.0.177.2:41448: session id = b35e015d8b1c4ee481fa9ecb0f6a79b8-6ad5e8871af144f5b846be2e9601de89
W0823 00:29:52.050096 1401 tablet_copy_service.cc:413] P 4f51846d103c43d2936780f98a5eae77: Error handling TabletCopyService RPC request from {username='slave'} at 127.0.177.2:41448: Error beginning tablet copy session for tablet 6ad5e8871af144f5b846be2e9601de89: Illegal state: The tablet is not in a running state: BOOTSTRAPPING
I0823 00:29:52.057862 1300 ts_tablet_manager.cc:535] T 6ad5e8871af144f5b846be2e9601de89 P b35e015d8b1c4ee481fa9ecb0f6a79b8: Initiating tablet copy from peer 4f51846d103c43d2936780f98a5eae77 (127.0.177.1:55742)
I0823 00:29:52.058017 1300 tablet_copy_client.cc:192] T 6ad5e8871af144f5b846be2e9601de89 P b35e015d8b1c4ee481fa9ecb0f6a79b8: tablet copy: Beginning tablet copy session from remote peer at address 127.0.177.1:55742
I0823 00:29:52.058888 1401 tablet_copy_service.cc:130] P 4f51846d103c43d2936780f98a5eae77: Received BeginTabletCopySession request for tablet 6ad5e8871af144f5b846be2e9601de89 from peer b35e015d8b1c4ee481fa9ecb0f6a79b8 ({username='slave'} at 127.0.177.2:41448)
I0823 00:29:52.059046 1401 tablet_copy_service.cc:149] P 4f51846d103c43d2936780f98a5eae77: Beginning new tablet copy session on tablet 6ad5e8871af144f5b846be2e9601de89 from peer b35e015d8b1c4ee481fa9ecb0f6a79b8 at {username='slave'} at 127.0.177.2:41448: session id = b35e015d8b1c4ee481fa9ecb0f6a79b8-6ad5e8871af144f5b846be2e9601de89
W0823 00:29:52.059166 1401 tablet_copy_service.cc:413] P 4f51846d103c43d2936780f98a5eae77: Error handling TabletCopyService RPC request from {username='slave'} at 127.0.177.2:41448: Error beginning tablet copy session for tablet 6ad5e8871af144f5b846be2e9601de89: Illegal state: The tablet is not in a running state: BOOTSTRAPPING
I0823 00:29:52.061867 1303 ts_tablet_manager.cc:535] T 6ad5e8871af144f5b846be2e9601de89 P b35e015d8b1c4ee481fa9ecb0f6a79b8: Initiating tablet copy from peer 4f51846d103c43d2936780f98a5eae77 (127.0.177.1:55742)
I0823 00:29:52.061996 1303 tablet_copy_client.cc:192] T 6ad5e8871af144f5b846be2e9601de89 P b35e015d8b1c4ee481fa9ecb0f6a79b8: tablet copy: Beginning tablet copy session from remote peer at address 127.0.177.1:55742
I0823 00:29:52.062760 1401 tablet_copy_service.cc:130] P 4f51846d103c43d2936780f98a5eae77: Received BeginTabletCopySession request for tablet 6ad5e8871af144f5b846be2e9601de89 from peer b35e015d8b1c4ee481fa9ecb0f6a79b8 ({username='slave'} at 127.0.177.2:41448)
I0823 00:29:52.062875 1401 tablet_copy_service.cc:149] P 4f51846d103c43d2936780f98a5eae77: Beginning new tablet copy session on tablet 6ad5e8871af144f5b846be2e9601de89 from peer b35e015d8b1c4ee481fa9ecb0f6a79b8 at {username='slave'} at 127.0.177.2:41448: session id = b35e015d8b1c4ee481fa9ecb0f6a79b8-6ad5e8871af144f5b846be2e9601de89
W0823 00:29:52.062969 1401 tablet_copy_service.cc:413] P 4f51846d103c43d2936780f98a5eae77: Error handling TabletCopyService RPC request from {username='slave'} at 127.0.177.2:41448: Error beginning tablet copy session for tablet 6ad5e8871af144f5b846be2e9601de89: Illegal state: The tablet is not in a running state: BOOTSTRAPPING
I0823 00:29:52.085100 1302 ts_tablet_manager.cc:535] T 6ad5e8871af144f5b846be2e9601de89 P b35e015d8b1c4ee481fa9ecb0f6a79b8: Initiating tablet copy from peer 4f51846d103c43d2936780f98a5eae77 (127.0.177.1:55742)
I0823 00:29:52.085249 1302 tablet_copy_client.cc:192] T 6ad5e8871af144f5b846be2e9601de89 P b35e015d8b1c4ee481fa9ecb0f6a79b8: tablet copy: Beginning tablet copy session from remote peer at address 127.0.177.1:55742
I0823 00:29:52.086421 1401 tablet_copy_service.cc:130] P 4f51846d103c43d2936780f98a5eae77: Received BeginTabletCopySession request for tablet 6ad5e8871af144f5b846be2e9601de89 from peer b35e015d8b1c4ee481fa9ecb0f6a79b8 ({username='slave'} at 127.0.177.2:41448)
I0823 00:29:52.086596 1401 tablet_copy_service.cc:149] P 4f51846d103c43d2936780f98a5eae77: Beginning new tablet copy session on tablet 6ad5e8871af144f5b846be2e9601de89 from peer b35e015d8b1c4ee481fa9ecb0f6a79b8 at {username='slave'} at 127.0.177.2:41448: session id = b35e015d8b1c4ee481fa9ecb0f6a79b8-6ad5e8871af144f5b846be2e9601de89
W0823 00:29:52.086765 1401 tablet_copy_service.cc:413] P 4f51846d103c43d2936780f98a5eae77: Error handling TabletCopyService RPC request from {username='slave'} at 127.0.177.2:41448: Error beginning tablet copy session for tablet 6ad5e8871af144f5b846be2e9601de89: Illegal state: The tablet is not in a running state: BOOTSTRAPPING
I0823 00:29:52.092830 1300 ts_tablet_manager.cc:535] T 6ad5e8871af144f5b846be2e9601de89 P b35e015d8b1c4ee481fa9ecb0f6a79b8: Initiating tablet copy from peer 4f51846d103c43d2936780f98a5eae77 (127.0.177.1:55742)
I0823 00:29:52.092983 1300 tablet_copy_client.cc:192] T 6ad5e8871af144f5b846be2e9601de89 P b35e015d8b1c4ee481fa9ecb0f6a79b8: tablet copy: Beginning tablet copy session from remote peer at address 127.0.177.1:55742
I0823 00:29:52.094051 1401 tablet_copy_service.cc:130] P 4f51846d103c43d2936780f98a5eae77: Received BeginTabletCopySession request for tablet 6ad5e8871af144f5b846be2e9601de89 from peer b35e015d8b1c4ee481fa9ecb0f6a79b8 ({username='slave'} at 127.0.177.2:41448)
I0823 00:29:52.094230 1401 tablet_copy_service.cc:149] P 4f51846d103c43d2936780f98a5eae77: Beginning new tablet copy session on tablet 6ad5e8871af144f5b846be2e9601de89 from peer b35e015d8b1c4ee481fa9ecb0f6a79b8 at {username='slave'} at 127.0.177.2:41448: session id = b35e015d8b1c4ee481fa9ecb0f6a79b8-6ad5e8871af144f5b846be2e9601de89
W0823 00:29:52.094377 1401 tablet_copy_service.cc:413] P 4f51846d103c43d2936780f98a5eae77: Error handling TabletCopyService RPC request from {username='slave'} at 127.0.177.2:41448: Error beginning tablet copy session for tablet 6ad5e8871af144f5b846be2e9601de89: Illegal state: The tablet is not in a running state: BOOTSTRAPPING
I0823 00:29:52.096412 1303 ts_tablet_manager.cc:535] T 6ad5e8871af144f5b846be2e9601de89 P b35e015d8b1c4ee481fa9ecb0f6a79b8: Initiating tablet copy from peer 4f51846d103c43d2936780f98a5eae77 (127.0.177.1:55742)
I0823 00:29:52.096571 1303 tablet_copy_client.cc:192] T 6ad5e8871af144f5b846be2e9601de89 P b35e015d8b1c4ee481fa9ecb0f6a79b8: tablet copy: Beginning tablet copy session from remote peer at address 127.0.177.1:55742
I0823 00:29:52.097759 1401 tablet_copy_service.cc:130] P 4f51846d103c43d2936780f98a5eae77: Received BeginTabletCopySession request for tablet 6ad5e8871af144f5b846be2e9601de89 from peer b35e015d8b1c4ee481fa9ecb0f6a79b8 ({username='slave'} at 127.0.177.2:41448)
I0823 00:29:52.097909 1401 tablet_copy_service.cc:149] P 4f51846d103c43d2936780f98a5eae77: Beginning new tablet copy session on tablet 6ad5e8871af144f5b846be2e9601de89 from peer b35e015d8b1c4ee481fa9ecb0f6a79b8 at {username='slave'} at 127.0.177.2:41448: session id = b35e015d8b1c4ee481fa9ecb0f6a79b8-6ad5e8871af144f5b846be2e9601de89
W0823 00:29:52.098062 1401 tablet_copy_service.cc:413] P 4f51846d103c43d2936780f98a5eae77: Error handling TabletCopyService RPC request from {username='slave'} at 127.0.177.2:41448: Error beginning tablet copy session for tablet 6ad5e8871af144f5b846be2e9601de89: Illegal state: The tablet is not in a running state: BOOTSTRAPPING
I0823 00:29:52.103657 1301 ts_tablet_manager.cc:535] T 6ad5e8871af144f5b846be2e9601de89 P b35e015d8b1c4ee481fa9ecb0f6a79b8: Initiating tablet copy from peer 4f51846d103c43d2936780f98a5eae77 (127.0.177.1:55742)
I0823 00:29:52.103808 1301 tablet_copy_client.cc:192] T 6ad5e8871af144f5b846be2e9601de89 P b35e015d8b1c4ee481fa9ecb0f6a79b8: tablet copy: Beginning tablet copy session from remote peer at address 127.0.177.1:55742
I0823 00:29:52.104770 1401 tablet_copy_service.cc:130] P 4f51846d103c43d2936780f98a5eae77: Received BeginTabletCopySession request for tablet 6ad5e8871af144f5b846be2e9601de89 from peer b35e015d8b1c4ee481fa9ecb0f6a79b8 ({username='slave'} at 127.0.177.2:41448)
I0823 00:29:52.104893 1401 tablet_copy_service.cc:149] P 4f51846d103c43d2936780f98a5eae77: Beginning new tablet copy session on tablet 6ad5e8871af144f5b846be2e9601de89 from peer b35e015d8b1c4ee481fa9ecb0f6a79b8 at {username='slave'} at 127.0.177.2:41448: session id = b35e015d8b1c4ee481fa9ecb0f6a79b8-6ad5e8871af144f5b846be2e9601de89
W0823 00:29:52.105041 1401 tablet_copy_service.cc:413] P 4f51846d103c43d2936780f98a5eae77: Error handling TabletCopyService RPC request from {username='slave'} at 127.0.177.2:41448: Error beginning tablet copy session for tablet 6ad5e8871af144f5b846be2e9601de89: Illegal state: The tablet is not in a running state: BOOTSTRAPPING
I0823 00:29:52.111455 1302 ts_tablet_manager.cc:535] T 6ad5e8871af144f5b846be2e9601de89 P b35e015d8b1c4ee481fa9ecb0f6a79b8: Initiating tablet copy from peer 4f51846d103c43d2936780f98a5eae77 (127.0.177.1:55742)
I0823 00:29:52.111637 1302 tablet_copy_client.cc:192] T 6ad5e8871af144f5b846be2e9601de89 P b35e015d8b1c4ee481fa9ecb0f6a79b8: tablet copy: Beginning tablet copy session from remote peer at address 127.0.177.1:55742
I0823 00:29:52.113056 1401 tablet_copy_service.cc:130] P 4f51846d103c43d2936780f98a5eae77: Received BeginTabletCopySession request for tablet 6ad5e8871af144f5b846be2e9601de89 from peer b35e015d8b1c4ee481fa9ecb0f6a79b8 ({username='slave'} at 127.0.177.2:41448)
I0823 00:29:52.113190 1401 tablet_copy_service.cc:149] P 4f51846d103c43d2936780f98a5eae77: Beginning new tablet copy session on tablet 6ad5e8871af144f5b846be2e9601de89 from peer b35e015d8b1c4ee481fa9ecb0f6a79b8 at {username='slave'} at 127.0.177.2:41448: session id = b35e015d8b1c4ee481fa9ecb0f6a79b8-6ad5e8871af144f5b846be2e9601de89
W0823 00:29:52.113317 1401 tablet_copy_service.cc:413] P 4f51846d103c43d2936780f98a5eae77: Error handling TabletCopyService RPC request from {username='slave'} at 127.0.177.2:41448: Error beginning tablet copy session for tablet 6ad5e8871af144f5b846be2e9601de89: Illegal state: The tablet is not in a running state: BOOTSTRAPPING
I0823 00:29:52.115643 1300 ts_tablet_manager.cc:535] T 6ad5e8871af144f5b846be2e9601de89 P b35e015d8b1c4ee481fa9ecb0f6a79b8: Initiating tablet copy from peer 4f51846d103c43d2936780f98a5eae77 (127.0.177.1:55742)
I0823 00:29:52.115792 1300 tablet_copy_client.cc:192] T 6ad5e8871af144f5b846be2e9601de89 P b35e015d8b1c4ee481fa9ecb0f6a79b8: tablet copy: Beginning tablet copy session from remote peer at address 127.0.177.1:55742
I0823 00:29:52.116914 1401 tablet_copy_service.cc:130] P 4f51846d103c43d2936780f98a5eae77: Received BeginTabletCopySession request for tablet 6ad5e8871af144f5b846be2e9601de89 from peer b35e015d8b1c4ee481fa9ecb0f6a79b8 ({username='slave'} at 127.0.177.2:41448)
I0823 00:29:52.117038 1401 tablet_copy_service.cc:149] P 4f51846d103c43d2936780f98a5eae77: Beginning new tablet copy session on tablet 6ad5e8871af144f5b846be2e9601de89 from peer b35e015d8b1c4ee481fa9ecb0f6a79b8 at {username='slave'} at 127.0.177.2:41448: session id = b35e015d8b1c4ee481fa9ecb0f6a79b8-6ad5e8871af144f5b846be2e9601de89
W0823 00:29:52.117166 1401 tablet_copy_service.cc:413] P 4f51846d103c43d2936780f98a5eae77: Error handling TabletCopyService RPC request from {username='slave'} at 127.0.177.2:41448: Error beginning tablet copy session for tablet 6ad5e8871af144f5b846be2e9601de89: Illegal state: The tablet is not in a running state: BOOTSTRAPPING
I0823 00:29:52.134400 1287 heartbeater.cc:406] Master 127.0.177.254:55114 was elected leader, sending a full tablet report...
I0823 00:29:52.142251 1303 ts_tablet_manager.cc:535] T 6ad5e8871af144f5b846be2e9601de89 P b35e015d8b1c4ee481fa9ecb0f6a79b8: Initiating tablet copy from peer 4f51846d103c43d2936780f98a5eae77 (127.0.177.1:55742)
I0823 00:29:52.142400 1303 tablet_copy_client.cc:192] T 6ad5e8871af144f5b846be2e9601de89 P b35e015d8b1c4ee481fa9ecb0f6a79b8: tablet copy: Beginning tablet copy session from remote peer at address 127.0.177.1:55742
I0823 00:29:52.143322 1401 tablet_copy_service.cc:130] P 4f51846d103c43d2936780f98a5eae77: Received BeginTabletCopySession request for tablet 6ad5e8871af144f5b846be2e9601de89 from peer b35e015d8b1c4ee481fa9ecb0f6a79b8 ({username='slave'} at 127.0.177.2:41448)
I0823 00:29:52.143429 1401 tablet_copy_service.cc:149] P 4f51846d103c43d2936780f98a5eae77: Beginning new tablet copy session on tablet 6ad5e8871af144f5b846be2e9601de89 from peer b35e015d8b1c4ee481fa9ecb0f6a79b8 at {username='slave'} at 127.0.177.2:41448: session id = b35e015d8b1c4ee481fa9ecb0f6a79b8-6ad5e8871af144f5b846be2e9601de89
W0823 00:29:52.143548 1401 tablet_copy_service.cc:413] P 4f51846d103c43d2936780f98a5eae77: Error handling TabletCopyService RPC request from {username='slave'} at 127.0.177.2:41448: Error beginning tablet copy session for tablet 6ad5e8871af144f5b846be2e9601de89: Illegal state: The tablet is not in a running state: BOOTSTRAPPING
I0823 00:29:52.146648 1301 ts_tablet_manager.cc:535] T 6ad5e8871af144f5b846be2e9601de89 P b35e015d8b1c4ee481fa9ecb0f6a79b8: Initiating tablet copy from peer 4f51846d103c43d2936780f98a5eae77 (127.0.177.1:55742)
I0823 00:29:52.146776 1301 tablet_copy_client.cc:192] T 6ad5e8871af144f5b846be2e9601de89 P b35e015d8b1c4ee481fa9ecb0f6a79b8: tablet copy: Beginning tablet copy session from remote peer at address 127.0.177.1:55742
I0823 00:29:52.147562 1401 tablet_copy_service.cc:130] P 4f51846d103c43d2936780f98a5eae77: Received BeginTabletCopySession request for tablet 6ad5e8871af144f5b846be2e9601de89 from peer b35e015d8b1c4ee481fa9ecb0f6a79b8 ({username='slave'} at 127.0.177.2:41448)
I0823 00:29:52.147703 1401 tablet_copy_service.cc:149] P 4f51846d103c43d2936780f98a5eae77: Beginning new tablet copy session on tablet 6ad5e8871af144f5b846be2e9601de89 from peer b35e015d8b1c4ee481fa9ecb0f6a79b8 at {username='slave'} at 127.0.177.2:41448: session id = b35e015d8b1c4ee481fa9ecb0f6a79b8-6ad5e8871af144f5b846be2e9601de89
W0823 00:29:52.147814 1401 tablet_copy_service.cc:413] P 4f51846d103c43d2936780f98a5eae77: Error handling TabletCopyService RPC request from {username='slave'} at 127.0.177.2:41448: Error beginning tablet copy session for tablet 6ad5e8871af144f5b846be2e9601de89: Illegal state: The tablet is not in a running state: BOOTSTRAPPING
I0823 00:29:52.150192 1302 ts_tablet_manager.cc:535] T 6ad5e8871af144f5b846be2e9601de89 P b35e015d8b1c4ee481fa9ecb0f6a79b8: Initiating tablet copy from peer 4f51846d103c43d2936780f98a5eae77 (127.0.177.1:55742)
I0823 00:29:52.150332 1302 tablet_copy_client.cc:192] T 6ad5e8871af144f5b846be2e9601de89 P b35e015d8b1c4ee481fa9ecb0f6a79b8: tablet copy: Beginning tablet copy session from remote peer at address 127.0.177.1:55742
I0823 00:29:52.151250 1401 tablet_copy_service.cc:130] P 4f51846d103c43d2936780f98a5eae77: Received BeginTabletCopySession request for tablet 6ad5e8871af144f5b846be2e9601de89 from peer b35e015d8b1c4ee481fa9ecb0f6a79b8 ({username='slave'} at 127.0.177.2:41448)
I0823 00:29:52.151371 1401 tablet_copy_service.cc:149] P 4f51846d103c43d2936780f98a5eae77: Beginning new tablet copy session on tablet 6ad5e8871af144f5b846be2e9601de89 from peer b35e015d8b1c4ee481fa9ecb0f6a79b8 at {username='slave'} at 127.0.177.2:41448: session id = b35e015d8b1c4ee481fa9ecb0f6a79b8-6ad5e8871af144f5b846be2e9601de89
W0823 00:29:52.151481 1401 tablet_copy_service.cc:413] P 4f51846d103c43d2936780f98a5eae77: Error handling TabletCopyService RPC request from {username='slave'} at 127.0.177.2:41448: Error beginning tablet copy session for tablet 6ad5e8871af144f5b846be2e9601de89: Illegal state: The tablet is not in a running state: BOOTSTRAPPING
I0823 00:29:52.156837 1300 ts_tablet_manager.cc:535] T 6ad5e8871af144f5b846be2e9601de89 P b35e015d8b1c4ee481fa9ecb0f6a79b8: Initiating tablet copy from peer 4f51846d103c43d2936780f98a5eae77 (127.0.177.1:55742)
I0823 00:29:52.156978 1300 tablet_copy_client.cc:192] T 6ad5e8871af144f5b846be2e9601de89 P b35e015d8b1c4ee481fa9ecb0f6a79b8: tablet copy: Beginning tablet copy session from remote peer at address 127.0.177.1:55742
I0823 00:29:52.157881 1401 tablet_copy_service.cc:130] P 4f51846d103c43d2936780f98a5eae77: Received BeginTabletCopySession request for tablet 6ad5e8871af144f5b846be2e9601de89 from peer b35e015d8b1c4ee481fa9ecb0f6a79b8 ({username='slave'} at 127.0.177.2:41448)
I0823 00:29:52.158012 1401 tablet_copy_service.cc:149] P 4f51846d103c43d2936780f98a5eae77: Beginning new tablet copy session on tablet 6ad5e8871af144f5b846be2e9601de89 from peer b35e015d8b1c4ee481fa9ecb0f6a79b8 at {username='slave'} at 127.0.177.2:41448: session id = b35e015d8b1c4ee481fa9ecb0f6a79b8-6ad5e8871af144f5b846be2e9601de89
W0823 00:29:52.158139 1401 tablet_copy_service.cc:413] P 4f51846d103c43d2936780f98a5eae77: Error handling TabletCopyService RPC request from {username='slave'} at 127.0.177.2:41448: Error beginning tablet copy session for tablet 6ad5e8871af144f5b846be2e9601de89: Illegal state: The tablet is not in a running state: BOOTSTRAPPING
I0823 00:29:52.166981 1303 ts_tablet_manager.cc:535] T 6ad5e8871af144f5b846be2e9601de89 P b35e015d8b1c4ee481fa9ecb0f6a79b8: Initiating tablet copy from peer 4f51846d103c43d2936780f98a5eae77 (127.0.177.1:55742)
I0823 00:29:52.167161 1303 tablet_copy_client.cc:192] T 6ad5e8871af144f5b846be2e9601de89 P b35e015d8b1c4ee481fa9ecb0f6a79b8: tablet copy: Beginning tablet copy session from remote peer at address 127.0.177.1:55742
I0823 00:29:52.168136 1401 tablet_copy_service.cc:130] P 4f51846d103c43d2936780f98a5eae77: Received BeginTabletCopySession request for tablet 6ad5e8871af144f5b846be2e9601de89 from peer b35e015d8b1c4ee481fa9ecb0f6a79b8 ({username='slave'} at 127.0.177.2:41448)
I0823 00:29:52.168243 1401 tablet_copy_service.cc:149] P 4f51846d103c43d2936780f98a5eae77: Beginning new tablet copy session on tablet 6ad5e8871af144f5b846be2e9601de89 from peer b35e015d8b1c4ee481fa9ecb0f6a79b8 at {username='slave'} at 127.0.177.2:41448: session id = b35e015d8b1c4ee481fa9ecb0f6a79b8-6ad5e8871af144f5b846be2e9601de89
W0823 00:29:52.168365 1401 tablet_copy_service.cc:413] P 4f51846d103c43d2936780f98a5eae77: Error handling TabletCopyService RPC request from {username='slave'} at 127.0.177.2:41448: Error beginning tablet copy session for tablet 6ad5e8871af144f5b846be2e9601de89: Illegal state: The tablet is not in a running state: BOOTSTRAPPING
I0823 00:29:52.169173 1318 tablet_bootstrap.cc:433] T 6ad5e8871af144f5b846be2e9601de89 P 4f51846d103c43d2936780f98a5eae77: Bootstrap replayed 1/1 log segments. Stats: ops{read=215 overwritten=0 applied=215 ignored=0} inserts{seen=10600 ignored=0} mutations{seen=0 ignored=0} orphaned_commits=0. Pending: 0 replicates
I0823 00:29:52.169816 1318 tablet_bootstrap.cc:433] T 6ad5e8871af144f5b846be2e9601de89 P 4f51846d103c43d2936780f98a5eae77: Bootstrap complete.
I0823 00:29:52.170980 1318 ts_tablet_manager.cc:778] T 6ad5e8871af144f5b846be2e9601de89 P 4f51846d103c43d2936780f98a5eae77: Time spent bootstrapping tablet: real 0.698s user 0.672s sys 0.020s
I0823 00:29:52.173545 1301 ts_tablet_manager.cc:535] T 6ad5e8871af144f5b846be2e9601de89 P b35e015d8b1c4ee481fa9ecb0f6a79b8: Initiating tablet copy from peer 4f51846d103c43d2936780f98a5eae77 (127.0.177.1:55742)
I0823 00:29:52.173704 1301 tablet_copy_client.cc:192] T 6ad5e8871af144f5b846be2e9601de89 P b35e015d8b1c4ee481fa9ecb0f6a79b8: tablet copy: Beginning tablet copy session from remote peer at address 127.0.177.1:55742
I0823 00:29:52.174540 1401 tablet_copy_service.cc:130] P 4f51846d103c43d2936780f98a5eae77: Received BeginTabletCopySession request for tablet 6ad5e8871af144f5b846be2e9601de89 from peer b35e015d8b1c4ee481fa9ecb0f6a79b8 ({username='slave'} at 127.0.177.2:41448)
I0823 00:29:52.174685 1401 tablet_copy_service.cc:149] P 4f51846d103c43d2936780f98a5eae77: Beginning new tablet copy session on tablet 6ad5e8871af144f5b846be2e9601de89 from peer b35e015d8b1c4ee481fa9ecb0f6a79b8 at {username='slave'} at 127.0.177.2:41448: session id = b35e015d8b1c4ee481fa9ecb0f6a79b8-6ad5e8871af144f5b846be2e9601de89
W0823 00:29:52.174811 1401 tablet_copy_service.cc:413] P 4f51846d103c43d2936780f98a5eae77: Error handling TabletCopyService RPC request from {username='slave'} at 127.0.177.2:41448: Error beginning tablet copy session for tablet 6ad5e8871af144f5b846be2e9601de89: Illegal state: The tablet is not in a running state: BOOTSTRAPPING
I0823 00:29:52.173341 1318 raft_consensus.cc:316] T 6ad5e8871af144f5b846be2e9601de89 P 4f51846d103c43d2936780f98a5eae77 [term 3 FOLLOWER]: Replica starting. Triggering 0 pending transactions. Active config: opid_index: -1 OBSOLETE_local: true peers { permanent_uuid: "4f51846d103c43d2936780f98a5eae77" member_type: VOTER last_known_addr { host: "127.0.177.1" port: 55742 } }
I0823 00:29:52.175492 1318 raft_consensus.cc:598] T 6ad5e8871af144f5b846be2e9601de89 P 4f51846d103c43d2936780f98a5eae77 [term 3 FOLLOWER]: Becoming Follower/Learner. State: Replica: 4f51846d103c43d2936780f98a5eae77, State: Initialized, Role: FOLLOWER
I0823 00:29:52.175631 1318 consensus_queue.cc:191] T 6ad5e8871af144f5b846be2e9601de89 P 4f51846d103c43d2936780f98a5eae77 [NON_LEADER]: Queue going to NON_LEADER mode. State: All replicated index: 0, Majority replicated index: 0, Committed index: 215, Last appended: 3.215, Last appended by leader: 215, Current term: 0, Majority size: -1, State: 0, Mode: NON_LEADER
I0823 00:29:52.175739 1318 raft_consensus.cc:353] T 6ad5e8871af144f5b846be2e9601de89 P 4f51846d103c43d2936780f98a5eae77 [term 3 FOLLOWER]: Only one voter in the Raft config. Triggering election immediately
I0823 00:29:52.175801 1318 raft_consensus.cc:437] T 6ad5e8871af144f5b846be2e9601de89 P 4f51846d103c43d2936780f98a5eae77 [term 3 FOLLOWER]: Starting leader election (initial election of a single-replica configuration)
I0823 00:29:52.175876 1318 raft_consensus.cc:2429] T 6ad5e8871af144f5b846be2e9601de89 P 4f51846d103c43d2936780f98a5eae77: Snoozing failure detection for election timeout plus an additional 1.619s
I0823 00:29:52.175943 1318 raft_consensus.cc:2476] T 6ad5e8871af144f5b846be2e9601de89 P 4f51846d103c43d2936780f98a5eae77 [term 3 FOLLOWER]: Advancing to term 4
I0823 00:29:52.178683 1318 raft_consensus.cc:461] T 6ad5e8871af144f5b846be2e9601de89 P 4f51846d103c43d2936780f98a5eae77 [term 4 FOLLOWER]: Starting leader election with config: opid_index: -1 OBSOLETE_local: true peers { permanent_uuid: "4f51846d103c43d2936780f98a5eae77" member_type: VOTER last_known_addr { host: "127.0.177.1" port: 55742 } }
I0823 00:29:52.179152 1318 leader_election.cc:248] T 6ad5e8871af144f5b846be2e9601de89 P 4f51846d103c43d2936780f98a5eae77 [CANDIDATE]: Term 4 election: Election decided. Result: candidate won.
I0823 00:29:52.179865 1429 raft_consensus.cc:2429] T 6ad5e8871af144f5b846be2e9601de89 P 4f51846d103c43d2936780f98a5eae77: Snoozing failure detection for election timeout plus an additional 2.072s
I0823 00:29:52.180052 1429 raft_consensus.cc:2224] T 6ad5e8871af144f5b846be2e9601de89 P 4f51846d103c43d2936780f98a5eae77 [term 4 FOLLOWER]: Leader election won for term 4
I0823 00:29:52.180315 1302 ts_tablet_manager.cc:535] T 6ad5e8871af144f5b846be2e9601de89 P b35e015d8b1c4ee481fa9ecb0f6a79b8: Initiating tablet copy from peer 4f51846d103c43d2936780f98a5eae77 (127.0.177.1:55742)
I0823 00:29:52.180454 1302 tablet_copy_client.cc:192] T 6ad5e8871af144f5b846be2e9601de89 P b35e015d8b1c4ee481fa9ecb0f6a79b8: tablet copy: Beginning tablet copy session from remote peer at address 127.0.177.1:55742
I0823 00:29:52.180583 1424 heartbeater.cc:406] Master 127.0.177.254:55114 was elected leader, sending a full tablet report...
I0823 00:29:52.181046 1318 ts_tablet_manager.cc:807] T 6ad5e8871af144f5b846be2e9601de89 P 4f51846d103c43d2936780f98a5eae77: Time spent starting tablet: real 0.010s user 0.012s sys 0.000s
I0823 00:29:52.181166 1429 raft_consensus.cc:564] T 6ad5e8871af144f5b846be2e9601de89 P 4f51846d103c43d2936780f98a5eae77 [term 4 LEADER]: Becoming Leader. State: Replica: 4f51846d103c43d2936780f98a5eae77, State: Running, Role: LEADER
I0823 00:29:52.181352 1401 tablet_copy_service.cc:130] P 4f51846d103c43d2936780f98a5eae77: Received BeginTabletCopySession request for tablet 6ad5e8871af144f5b846be2e9601de89 from peer b35e015d8b1c4ee481fa9ecb0f6a79b8 ({username='slave'} at 127.0.177.2:41448)
I0823 00:29:52.181428 1429 consensus_queue.cc:170] T 6ad5e8871af144f5b846be2e9601de89 P 4f51846d103c43d2936780f98a5eae77 [LEADER]: Queue going to LEADER mode. State: All replicated index: 0, Majority replicated index: 215, Committed index: 215, Last appended: 3.215, Last appended by leader: 215, Current term: 4, Majority size: 1, State: 0, Mode: LEADER, active raft config: opid_index: -1 OBSOLETE_local: true peers { permanent_uuid: "4f51846d103c43d2936780f98a5eae77" member_type: VOTER last_known_addr { host: "127.0.177.1" port: 55742 } }
I0823 00:29:52.186502 1401 tablet_copy_service.cc:149] P 4f51846d103c43d2936780f98a5eae77: Beginning new tablet copy session on tablet 6ad5e8871af144f5b846be2e9601de89 from peer b35e015d8b1c4ee481fa9ecb0f6a79b8 at {username='slave'} at 127.0.177.2:41448: session id = b35e015d8b1c4ee481fa9ecb0f6a79b8-6ad5e8871af144f5b846be2e9601de89
I0823 00:29:52.187711 534 catalog_manager.cc:2583] T 6ad5e8871af144f5b846be2e9601de89 reported consensus state change: term changed from 3 to 4. New consensus state: current_term: 4 leader_uuid: "4f51846d103c43d2936780f98a5eae77" committed_config { opid_index: -1 OBSOLETE_local: true peers { permanent_uuid: "4f51846d103c43d2936780f98a5eae77" member_type: VOTER last_known_addr { host: "127.0.177.1" port: 55742 } } }
I0823 00:29:52.188747 1401 tablet_copy_source_session.cc:162] T 6ad5e8871af144f5b846be2e9601de89 P 4f51846d103c43d2936780f98a5eae77: Tablet Copy: opened 0 blocks and 1 log segments
I0823 00:29:52.198974 1302 ts_tablet_manager.cc:903] T 6ad5e8871af144f5b846be2e9601de89 P b35e015d8b1c4ee481fa9ecb0f6a79b8: Registered tablet (data state: TABLET_DATA_COPYING)
I0823 00:29:52.199146 1302 tablet_copy_client.cc:458] T 6ad5e8871af144f5b846be2e9601de89 P b35e015d8b1c4ee481fa9ecb0f6a79b8: tablet copy: Starting download of 0 data blocks...
I0823 00:29:52.199347 1302 tablet_copy_client.cc:421] T 6ad5e8871af144f5b846be2e9601de89 P b35e015d8b1c4ee481fa9ecb0f6a79b8: tablet copy: Starting download of 1 WAL segments...
I0823 00:29:52.205687 1302 tablet_copy_client.cc:327] T 6ad5e8871af144f5b846be2e9601de89 P b35e015d8b1c4ee481fa9ecb0f6a79b8: tablet copy: Tablet Copy complete. Replacing tablet superblock.
I0823 00:29:52.207720 1302 ts_tablet_manager.cc:766] T 6ad5e8871af144f5b846be2e9601de89 P b35e015d8b1c4ee481fa9ecb0f6a79b8: Bootstrapping tablet
I0823 00:29:52.207976 1302 tablet_bootstrap.cc:433] T 6ad5e8871af144f5b846be2e9601de89 P b35e015d8b1c4ee481fa9ecb0f6a79b8: Bootstrap starting.
I0823 00:29:52.251119 1302 log.cc:518] T 6ad5e8871af144f5b846be2e9601de89 P b35e015d8b1c4ee481fa9ecb0f6a79b8: Log is configured to *not* fsync() on all Append() calls
W0823 00:29:53.080004 1302 log.cc:660] Time spent T 6ad5e8871af144f5b846be2e9601de89 P b35e015d8b1c4ee481fa9ecb0f6a79b8: Append to log took a long time: real 0.401s user 0.000s sys 0.000s
I0823 00:29:53.236886 1302 tablet_bootstrap.cc:433] T 6ad5e8871af144f5b846be2e9601de89 P b35e015d8b1c4ee481fa9ecb0f6a79b8: Bootstrap replayed 1/1 log segments. Stats: ops{read=216 overwritten=0 applied=216 ignored=0} inserts{seen=10600 ignored=0} mutations{seen=0 ignored=0} orphaned_commits=0. Pending: 0 replicates
I0823 00:29:53.237357 1302 tablet_bootstrap.cc:433] T 6ad5e8871af144f5b846be2e9601de89 P b35e015d8b1c4ee481fa9ecb0f6a79b8: Bootstrap complete.
I0823 00:29:53.237715 1302 ts_tablet_manager.cc:778] T 6ad5e8871af144f5b846be2e9601de89 P b35e015d8b1c4ee481fa9ecb0f6a79b8: Time spent bootstrapping tablet: real 1.030s user 0.560s sys 0.060s
I0823 00:29:53.239778 1302 raft_consensus.cc:316] T 6ad5e8871af144f5b846be2e9601de89 P b35e015d8b1c4ee481fa9ecb0f6a79b8 [term 4 NON_PARTICIPANT]: Replica starting. Triggering 0 pending transactions. Active config: opid_index: -1 OBSOLETE_local: true peers { permanent_uuid: "4f51846d103c43d2936780f98a5eae77" member_type: VOTER last_known_addr { host: "127.0.177.1" port: 55742 } }
I0823 00:29:53.240049 1302 raft_consensus.cc:598] T 6ad5e8871af144f5b846be2e9601de89 P b35e015d8b1c4ee481fa9ecb0f6a79b8 [term 4 NON_PARTICIPANT]: Becoming Follower/Learner. State: Replica: b35e015d8b1c4ee481fa9ecb0f6a79b8, State: Initialized, Role: NON_PARTICIPANT
I0823 00:29:53.240206 1302 consensus_queue.cc:191] T 6ad5e8871af144f5b846be2e9601de89 P b35e015d8b1c4ee481fa9ecb0f6a79b8 [NON_LEADER]: Queue going to NON_LEADER mode. State: All replicated index: 0, Majority replicated index: 0, Committed index: 216, Last appended: 4.216, Last appended by leader: 216, Current term: 0, Majority size: -1, State: 0, Mode: NON_LEADER
I0823 00:29:53.241278 1302 ts_tablet_manager.cc:807] T 6ad5e8871af144f5b846be2e9601de89 P b35e015d8b1c4ee481fa9ecb0f6a79b8: Time spent starting tablet: real 0.003s user 0.004s sys 0.000s
I0823 00:29:53.242137 1401 tablet_copy_service.cc:284] P 4f51846d103c43d2936780f98a5eae77: Request end of tablet copy session b35e015d8b1c4ee481fa9ecb0f6a79b8-6ad5e8871af144f5b846be2e9601de89 received from {username='slave'} at 127.0.177.2:41448
I0823 00:29:53.242269 1401 tablet_copy_service.cc:372] P 4f51846d103c43d2936780f98a5eae77: Ending tablet copy session b35e015d8b1c4ee481fa9ecb0f6a79b8-6ad5e8871af144f5b846be2e9601de89 on tablet 6ad5e8871af144f5b846be2e9601de89 with peer b35e015d8b1c4ee481fa9ecb0f6a79b8
W0823 00:29:53.243537 1303 ts_tablet_manager.cc:320] T 6ad5e8871af144f5b846be2e9601de89 P b35e015d8b1c4ee481fa9ecb0f6a79b8: Tablet Copy: Invalid argument: Leader has replica of tablet 6ad5e8871af144f5b846be2e9601de89 with term 0, which is lower than last-logged term 4 on local replica. Rejecting tablet copy request
W0823 00:29:53.255416 1301 ts_tablet_manager.cc:320] T 6ad5e8871af144f5b846be2e9601de89 P b35e015d8b1c4ee481fa9ecb0f6a79b8: Tablet Copy: Invalid argument: Leader has replica of tablet 6ad5e8871af144f5b846be2e9601de89 with term 0, which is lower than last-logged term 4 on local replica. Rejecting tablet copy request
I0823 00:29:53.258505 1224 tablet_service.cc:758] Processing DeleteTablet for tablet 6ad5e8871af144f5b846be2e9601de89 with delete_type TABLET_DATA_DELETED from {username='slave'} at 127.0.0.1:60990
I0823 00:29:53.258714 1224 tablet_replica.cc:227] Initiating TabletReplica shutdown for tablet: 6ad5e8871af144f5b846be2e9601de89
I0823 00:29:53.258882 1224 maintenance_manager.cc:229] P b35e015d8b1c4ee481fa9ecb0f6a79b8: Unregistered op CompactRowSetsOp(6ad5e8871af144f5b846be2e9601de89)
I0823 00:29:53.258942 1224 maintenance_manager.cc:229] P b35e015d8b1c4ee481fa9ecb0f6a79b8: Unregistered op MinorDeltaCompactionOp(6ad5e8871af144f5b846be2e9601de89)
I0823 00:29:53.258985 1224 maintenance_manager.cc:229] P b35e015d8b1c4ee481fa9ecb0f6a79b8: Unregistered op MajorDeltaCompactionOp(6ad5e8871af144f5b846be2e9601de89)
I0823 00:29:53.259022 1224 maintenance_manager.cc:229] P b35e015d8b1c4ee481fa9ecb0f6a79b8: Unregistered op UndoDeltaBlockGCOp(6ad5e8871af144f5b846be2e9601de89)
I0823 00:29:53.259101 1224 maintenance_manager.cc:229] P b35e015d8b1c4ee481fa9ecb0f6a79b8: Unregistered op FlushMRSOp(6ad5e8871af144f5b846be2e9601de89)
I0823 00:29:53.259131 1224 maintenance_manager.cc:229] P b35e015d8b1c4ee481fa9ecb0f6a79b8: Unregistered op FlushDeltaMemStoresOp(6ad5e8871af144f5b846be2e9601de89)
I0823 00:29:53.259171 1224 maintenance_manager.cc:229] P b35e015d8b1c4ee481fa9ecb0f6a79b8: Unregistered op LogGCOp(6ad5e8871af144f5b846be2e9601de89)
I0823 00:29:53.259253 1224 raft_consensus.cc:1808] T 6ad5e8871af144f5b846be2e9601de89 P b35e015d8b1c4ee481fa9ecb0f6a79b8 [term 4 NON_PARTICIPANT]: Raft consensus shutting down.
I0823 00:29:53.259526 1224 raft_consensus.cc:1823] T 6ad5e8871af144f5b846be2e9601de89 P b35e015d8b1c4ee481fa9ecb0f6a79b8 [term 4 NON_PARTICIPANT]: Raft consensus is shut down!
I0823 00:29:53.261083 1224 ts_tablet_manager.cc:1062] T 6ad5e8871af144f5b846be2e9601de89 P b35e015d8b1c4ee481fa9ecb0f6a79b8: Deleting tablet data with delete state TABLET_DATA_DELETED
I0823 00:29:54.667785 1224 ts_tablet_manager.cc:1074] T 6ad5e8871af144f5b846be2e9601de89 P b35e015d8b1c4ee481fa9ecb0f6a79b8: tablet deleted: last-logged OpId: 4.216
I0823 00:29:54.667965 1224 log.cc:960] T 6ad5e8871af144f5b846be2e9601de89 P b35e015d8b1c4ee481fa9ecb0f6a79b8: Deleting WAL directory at /tmp/run_tha_testCbI8vj/test-tmp/tablet_copy_client_session-itest.TabletCopyClientSessionITest.TestStartTabletCopyWhileSourceBootstrapping.1503448182040843-177/minicluster-data/ts-1/wal/wals/6ad5e8871af144f5b846be2e9601de89
I0823 00:29:54.668423 1224 ts_tablet_manager.cc:1092] T 6ad5e8871af144f5b846be2e9601de89 P b35e015d8b1c4ee481fa9ecb0f6a79b8: Deleting consensus metadata
I0823 00:29:54.820727 1224 rpcz_store.cc:258] Call kudu.tserver.TabletServerAdminService.DeleteTablet from 127.0.0.1:60990 (request call id 674) took 1562ms. Request Metrics: {}
I0823 00:29:54.821739 177 external_mini_cluster.cc:1001] Attempting to check leaks for /tmp/run_tha_testCbI8vj/build/asan/bin/kudu-tserver pid 1168
I0823 00:29:54.822765 1284 generic_service.cc:133] Checking for leaks (request via RPC)
I0823 00:29:54.898663 177 external_mini_cluster.cc:960] Killing /tmp/run_tha_testCbI8vj/build/asan/bin/kudu-tserver with pid 1168
W0823 00:29:54.912827 182 connection.cc:549] client connection to 127.0.177.2:50471 recv error: Network error: failed to read from TLS socket: Connection reset by peer (error 104)
W0823 00:29:54.912859 518 connection.cc:549] server connection from 127.0.177.2:56596 recv error: Network error: failed to read from TLS socket: Connection reset by peer (error 104)
W0823 00:29:54.912919 1312 connection.cc:549] server connection from 127.0.177.2:41448 recv error: Network error: failed to read from TLS socket: Connection reset by peer (error 104)
