I0823 00:29:47.296625 1012 ts_tablet_manager.cc:535] T 6ad5e8871af144f5b846be2e9601de89 P b35e015d8b1c4ee481fa9ecb0f6a79b8: Initiating tablet copy from peer 4f51846d103c43d2936780f98a5eae77 (127.0.177.1:55742)
I0823 00:29:47.296762 1012 tablet_copy_client.cc:192] T 6ad5e8871af144f5b846be2e9601de89 P b35e015d8b1c4ee481fa9ecb0f6a79b8: tablet copy: Beginning tablet copy session from remote peer at address 127.0.177.1:55742
I0823 00:29:47.296967 1028 tablet_bootstrap.cc:433] T 6ad5e8871af144f5b846be2e9601de89 P 4f51846d103c43d2936780f98a5eae77: Bootstrap starting.
I0823 00:29:47.302024 1011 ts_tablet_manager.cc:535] T 6ad5e8871af144f5b846be2e9601de89 P b35e015d8b1c4ee481fa9ecb0f6a79b8: Initiating tablet copy from peer 4f51846d103c43d2936780f98a5eae77 (127.0.177.1:55742)
I0823 00:29:47.302166 1011 tablet_copy_client.cc:192] T 6ad5e8871af144f5b846be2e9601de89 P b35e015d8b1c4ee481fa9ecb0f6a79b8: tablet copy: Beginning tablet copy session from remote peer at address 127.0.177.1:55742
I0823 00:29:47.308797 1013 ts_tablet_manager.cc:535] T 6ad5e8871af144f5b846be2e9601de89 P b35e015d8b1c4ee481fa9ecb0f6a79b8: Initiating tablet copy from peer 4f51846d103c43d2936780f98a5eae77 (127.0.177.1:55742)
I0823 00:29:47.308948 1013 tablet_copy_client.cc:192] T 6ad5e8871af144f5b846be2e9601de89 P b35e015d8b1c4ee481fa9ecb0f6a79b8: tablet copy: Beginning tablet copy session from remote peer at address 127.0.177.1:55742
I0823 00:29:47.316537 1012 ts_tablet_manager.cc:535] T 6ad5e8871af144f5b846be2e9601de89 P b35e015d8b1c4ee481fa9ecb0f6a79b8: Initiating tablet copy from peer 4f51846d103c43d2936780f98a5eae77 (127.0.177.1:55742)
I0823 00:29:47.316665 1012 tablet_copy_client.cc:192] T 6ad5e8871af144f5b846be2e9601de89 P b35e015d8b1c4ee481fa9ecb0f6a79b8: tablet copy: Beginning tablet copy session from remote peer at address 127.0.177.1:55742
I0823 00:29:47.330549 1010 ts_tablet_manager.cc:535] T 6ad5e8871af144f5b846be2e9601de89 P b35e015d8b1c4ee481fa9ecb0f6a79b8: Initiating tablet copy from peer 4f51846d103c43d2936780f98a5eae77 (127.0.177.1:55742)
I0823 00:29:47.330680 1010 tablet_copy_client.cc:192] T 6ad5e8871af144f5b846be2e9601de89 P b35e015d8b1c4ee481fa9ecb0f6a79b8: tablet copy: Beginning tablet copy session from remote peer at address 127.0.177.1:55742
I0823 00:29:47.346702 1011 ts_tablet_manager.cc:535] T 6ad5e8871af144f5b846be2e9601de89 P b35e015d8b1c4ee481fa9ecb0f6a79b8: Initiating tablet copy from peer 4f51846d103c43d2936780f98a5eae77 (127.0.177.1:55742)
I0823 00:29:47.346832 1011 tablet_copy_client.cc:192] T 6ad5e8871af144f5b846be2e9601de89 P b35e015d8b1c4ee481fa9ecb0f6a79b8: tablet copy: Beginning tablet copy session from remote peer at address 127.0.177.1:55742
I0823 00:29:47.356226 1013 ts_tablet_manager.cc:535] T 6ad5e8871af144f5b846be2e9601de89 P b35e015d8b1c4ee481fa9ecb0f6a79b8: Initiating tablet copy from peer 4f51846d103c43d2936780f98a5eae77 (127.0.177.1:55742)
I0823 00:29:47.356354 1013 tablet_copy_client.cc:192] T 6ad5e8871af144f5b846be2e9601de89 P b35e015d8b1c4ee481fa9ecb0f6a79b8: tablet copy: Beginning tablet copy session from remote peer at address 127.0.177.1:55742
I0823 00:29:47.359858 1012 ts_tablet_manager.cc:535] T 6ad5e8871af144f5b846be2e9601de89 P b35e015d8b1c4ee481fa9ecb0f6a79b8: Initiating tablet copy from peer 4f51846d103c43d2936780f98a5eae77 (127.0.177.1:55742)
I0823 00:29:47.359966 1012 tablet_copy_client.cc:192] T 6ad5e8871af144f5b846be2e9601de89 P b35e015d8b1c4ee481fa9ecb0f6a79b8: tablet copy: Beginning tablet copy session from remote peer at address 127.0.177.1:55742
I0823 00:29:47.365864 1010 ts_tablet_manager.cc:535] T 6ad5e8871af144f5b846be2e9601de89 P b35e015d8b1c4ee481fa9ecb0f6a79b8: Initiating tablet copy from peer 4f51846d103c43d2936780f98a5eae77 (127.0.177.1:55742)
I0823 00:29:47.366004 1010 tablet_copy_client.cc:192] T 6ad5e8871af144f5b846be2e9601de89 P b35e015d8b1c4ee481fa9ecb0f6a79b8: tablet copy: Beginning tablet copy session from remote peer at address 127.0.177.1:55742
I0823 00:29:47.369118 1011 ts_tablet_manager.cc:535] T 6ad5e8871af144f5b846be2e9601de89 P b35e015d8b1c4ee481fa9ecb0f6a79b8: Initiating tablet copy from peer 4f51846d103c43d2936780f98a5eae77 (127.0.177.1:55742)
I0823 00:29:47.369230 1011 tablet_copy_client.cc:192] T 6ad5e8871af144f5b846be2e9601de89 P b35e015d8b1c4ee481fa9ecb0f6a79b8: tablet copy: Beginning tablet copy session from remote peer at address 127.0.177.1:55742
I0823 00:29:47.370962 1013 ts_tablet_manager.cc:535] T 6ad5e8871af144f5b846be2e9601de89 P b35e015d8b1c4ee481fa9ecb0f6a79b8: Initiating tablet copy from peer 4f51846d103c43d2936780f98a5eae77 (127.0.177.1:55742)
I0823 00:29:47.371112 1013 tablet_copy_client.cc:192] T 6ad5e8871af144f5b846be2e9601de89 P b35e015d8b1c4ee481fa9ecb0f6a79b8: tablet copy: Beginning tablet copy session from remote peer at address 127.0.177.1:55742
I0823 00:29:47.372651 1012 ts_tablet_manager.cc:535] T 6ad5e8871af144f5b846be2e9601de89 P b35e015d8b1c4ee481fa9ecb0f6a79b8: Initiating tablet copy from peer 4f51846d103c43d2936780f98a5eae77 (127.0.177.1:55742)
I0823 00:29:47.372747 1012 tablet_copy_client.cc:192] T 6ad5e8871af144f5b846be2e9601de89 P b35e015d8b1c4ee481fa9ecb0f6a79b8: tablet copy: Beginning tablet copy session from remote peer at address 127.0.177.1:55742
I0823 00:29:47.381141 1028 log.cc:518] T 6ad5e8871af144f5b846be2e9601de89 P 4f51846d103c43d2936780f98a5eae77: Log is configured to *not* fsync() on all Append() calls
I0823 00:29:47.385792 1010 ts_tablet_manager.cc:535] T 6ad5e8871af144f5b846be2e9601de89 P b35e015d8b1c4ee481fa9ecb0f6a79b8: Initiating tablet copy from peer 4f51846d103c43d2936780f98a5eae77 (127.0.177.1:55742)
I0823 00:29:47.385943 1010 tablet_copy_client.cc:192] T 6ad5e8871af144f5b846be2e9601de89 P b35e015d8b1c4ee481fa9ecb0f6a79b8: tablet copy: Beginning tablet copy session from remote peer at address 127.0.177.1:55742
I0823 00:29:47.401990 1011 ts_tablet_manager.cc:535] T 6ad5e8871af144f5b846be2e9601de89 P b35e015d8b1c4ee481fa9ecb0f6a79b8: Initiating tablet copy from peer 4f51846d103c43d2936780f98a5eae77 (127.0.177.1:55742)
I0823 00:29:47.402143 1011 tablet_copy_client.cc:192] T 6ad5e8871af144f5b846be2e9601de89 P b35e015d8b1c4ee481fa9ecb0f6a79b8: tablet copy: Beginning tablet copy session from remote peer at address 127.0.177.1:55742
I0823 00:29:47.408550 1013 ts_tablet_manager.cc:535] T 6ad5e8871af144f5b846be2e9601de89 P b35e015d8b1c4ee481fa9ecb0f6a79b8: Initiating tablet copy from peer 4f51846d103c43d2936780f98a5eae77 (127.0.177.1:55742)
I0823 00:29:47.408689 1013 tablet_copy_client.cc:192] T 6ad5e8871af144f5b846be2e9601de89 P b35e015d8b1c4ee481fa9ecb0f6a79b8: tablet copy: Beginning tablet copy session from remote peer at address 127.0.177.1:55742
I0823 00:29:47.410593 1012 ts_tablet_manager.cc:535] T 6ad5e8871af144f5b846be2e9601de89 P b35e015d8b1c4ee481fa9ecb0f6a79b8: Initiating tablet copy from peer 4f51846d103c43d2936780f98a5eae77 (127.0.177.1:55742)
I0823 00:29:47.410706 1012 tablet_copy_client.cc:192] T 6ad5e8871af144f5b846be2e9601de89 P b35e015d8b1c4ee481fa9ecb0f6a79b8: tablet copy: Beginning tablet copy session from remote peer at address 127.0.177.1:55742
I0823 00:29:47.420687 1010 ts_tablet_manager.cc:535] T 6ad5e8871af144f5b846be2e9601de89 P b35e015d8b1c4ee481fa9ecb0f6a79b8: Initiating tablet copy from peer 4f51846d103c43d2936780f98a5eae77 (127.0.177.1:55742)
I0823 00:29:47.420830 1010 tablet_copy_client.cc:192] T 6ad5e8871af144f5b846be2e9601de89 P b35e015d8b1c4ee481fa9ecb0f6a79b8: tablet copy: Beginning tablet copy session from remote peer at address 127.0.177.1:55742
I0823 00:29:47.425819 1013 ts_tablet_manager.cc:535] T 6ad5e8871af144f5b846be2e9601de89 P b35e015d8b1c4ee481fa9ecb0f6a79b8: Initiating tablet copy from peer 4f51846d103c43d2936780f98a5eae77 (127.0.177.1:55742)
I0823 00:29:47.425947 1013 tablet_copy_client.cc:192] T 6ad5e8871af144f5b846be2e9601de89 P b35e015d8b1c4ee481fa9ecb0f6a79b8: tablet copy: Beginning tablet copy session from remote peer at address 127.0.177.1:55742
I0823 00:29:47.436383 1012 ts_tablet_manager.cc:535] T 6ad5e8871af144f5b846be2e9601de89 P b35e015d8b1c4ee481fa9ecb0f6a79b8: Initiating tablet copy from peer 4f51846d103c43d2936780f98a5eae77 (127.0.177.1:55742)
I0823 00:29:47.436529 1012 tablet_copy_client.cc:192] T 6ad5e8871af144f5b846be2e9601de89 P b35e015d8b1c4ee481fa9ecb0f6a79b8: tablet copy: Beginning tablet copy session from remote peer at address 127.0.177.1:55742
I0823 00:29:47.448269 1011 ts_tablet_manager.cc:535] T 6ad5e8871af144f5b846be2e9601de89 P b35e015d8b1c4ee481fa9ecb0f6a79b8: Initiating tablet copy from peer 4f51846d103c43d2936780f98a5eae77 (127.0.177.1:55742)
I0823 00:29:47.448412 1011 tablet_copy_client.cc:192] T 6ad5e8871af144f5b846be2e9601de89 P b35e015d8b1c4ee481fa9ecb0f6a79b8: tablet copy: Beginning tablet copy session from remote peer at address 127.0.177.1:55742
I0823 00:29:47.454037 1010 ts_tablet_manager.cc:535] T 6ad5e8871af144f5b846be2e9601de89 P b35e015d8b1c4ee481fa9ecb0f6a79b8: Initiating tablet copy from peer 4f51846d103c43d2936780f98a5eae77 (127.0.177.1:55742)
I0823 00:29:47.454172 1010 tablet_copy_client.cc:192] T 6ad5e8871af144f5b846be2e9601de89 P b35e015d8b1c4ee481fa9ecb0f6a79b8: tablet copy: Beginning tablet copy session from remote peer at address 127.0.177.1:55742
I0823 00:29:47.458042 1013 ts_tablet_manager.cc:535] T 6ad5e8871af144f5b846be2e9601de89 P b35e015d8b1c4ee481fa9ecb0f6a79b8: Initiating tablet copy from peer 4f51846d103c43d2936780f98a5eae77 (127.0.177.1:55742)
I0823 00:29:47.458169 1013 tablet_copy_client.cc:192] T 6ad5e8871af144f5b846be2e9601de89 P b35e015d8b1c4ee481fa9ecb0f6a79b8: tablet copy: Beginning tablet copy session from remote peer at address 127.0.177.1:55742
I0823 00:29:47.464151 1012 ts_tablet_manager.cc:535] T 6ad5e8871af144f5b846be2e9601de89 P b35e015d8b1c4ee481fa9ecb0f6a79b8: Initiating tablet copy from peer 4f51846d103c43d2936780f98a5eae77 (127.0.177.1:55742)
I0823 00:29:47.464282 1012 tablet_copy_client.cc:192] T 6ad5e8871af144f5b846be2e9601de89 P b35e015d8b1c4ee481fa9ecb0f6a79b8: tablet copy: Beginning tablet copy session from remote peer at address 127.0.177.1:55742
I0823 00:29:47.470252 1011 ts_tablet_manager.cc:535] T 6ad5e8871af144f5b846be2e9601de89 P b35e015d8b1c4ee481fa9ecb0f6a79b8: Initiating tablet copy from peer 4f51846d103c43d2936780f98a5eae77 (127.0.177.1:55742)
I0823 00:29:47.470407 1011 tablet_copy_client.cc:192] T 6ad5e8871af144f5b846be2e9601de89 P b35e015d8b1c4ee481fa9ecb0f6a79b8: tablet copy: Beginning tablet copy session from remote peer at address 127.0.177.1:55742
I0823 00:29:47.480885 1009 rpc_server.cc:192] RPC server started. Bound to: 127.0.177.1:55742
I0823 00:29:47.481576 1009 webserver.cc:149] Starting webserver on 127.0.177.1:47288
I0823 00:29:47.481621 1009 webserver.cc:160] Document root disabled
I0823 00:29:47.482460 1009 webserver.cc:282] Webserver started. Bound to: http://127.0.177.1:47288/
I0823 00:29:47.483227 1009 server_base.cc:372] Dumped server information to /tmp/run_tha_testCbI8vj/test-tmp/tablet_copy_client_session-itest.TabletCopyClientSessionITest.TestStartTabletCopyWhileSourceBootstrapping.1503448182040843-177/minicluster-data/ts-0/data/info.pb
I0823 00:29:47.484236 1135 process_memory.cc:181] Process hard memory limit is 11.777661 GB
I0823 00:29:47.484386 1009 tablet_server_main.cc:87] Tablet server successfully started.
I0823 00:29:47.484450 1135 process_memory.cc:183] Process soft memory limit is 9.422129 GB
I0823 00:29:47.484529 1135 process_memory.cc:186] Process memory pressure threshold is 7.066597 GB
I0823 00:29:47.487263 1013 ts_tablet_manager.cc:535] T 6ad5e8871af144f5b846be2e9601de89 P b35e015d8b1c4ee481fa9ecb0f6a79b8: Initiating tablet copy from peer 4f51846d103c43d2936780f98a5eae77 (127.0.177.1:55742)
I0823 00:29:47.487382 1013 tablet_copy_client.cc:192] T 6ad5e8871af144f5b846be2e9601de89 P b35e015d8b1c4ee481fa9ecb0f6a79b8: tablet copy: Beginning tablet copy session from remote peer at address 127.0.177.1:55742
I0823 00:29:47.487848 177 external_mini_cluster.cc:830] Started /tmp/run_tha_testCbI8vj/build/asan/bin/kudu-tserver as pid 1009
I0823 00:29:47.504674 1111 tablet_copy_service.cc:130] P 4f51846d103c43d2936780f98a5eae77: Received BeginTabletCopySession request for tablet 6ad5e8871af144f5b846be2e9601de89 from peer b35e015d8b1c4ee481fa9ecb0f6a79b8 ({username='slave'} at 127.0.177.2:33241)
I0823 00:29:47.504880 1111 tablet_copy_service.cc:149] P 4f51846d103c43d2936780f98a5eae77: Beginning new tablet copy session on tablet 6ad5e8871af144f5b846be2e9601de89 from peer b35e015d8b1c4ee481fa9ecb0f6a79b8 at {username='slave'} at 127.0.177.2:33241: session id = b35e015d8b1c4ee481fa9ecb0f6a79b8-6ad5e8871af144f5b846be2e9601de89
W0823 00:29:47.505326 1111 tablet_copy_service.cc:413] P 4f51846d103c43d2936780f98a5eae77: Error handling TabletCopyService RPC request from {username='slave'} at 127.0.177.2:33241: Error beginning tablet copy session for tablet 6ad5e8871af144f5b846be2e9601de89: Illegal state: The tablet is not in a running state: BOOTSTRAPPING
I0823 00:29:47.506825 1134 heartbeater.cc:317] Connected to a master server at 127.0.177.254:55114
I0823 00:29:47.507025 1134 heartbeater.cc:387] Registering TS with master...
I0823 00:29:47.507526 1134 heartbeater.cc:414] Master 127.0.177.254:55114 requested a full tablet report, sending...
I0823 00:29:47.509485 534 ts_manager.cc:87] Re-registered known tserver with Master: 4f51846d103c43d2936780f98a5eae77 (127.0.177.1:55742)
I0823 00:29:47.510959 534 master_service.cc:203] Signed X509 certificate for tserver {username='slave'} at 127.0.177.1:34903
I0823 00:29:47.511538 1012 ts_tablet_manager.cc:535] T 6ad5e8871af144f5b846be2e9601de89 P b35e015d8b1c4ee481fa9ecb0f6a79b8: Initiating tablet copy from peer 4f51846d103c43d2936780f98a5eae77 (127.0.177.1:55742)
I0823 00:29:47.511665 1012 tablet_copy_client.cc:192] T 6ad5e8871af144f5b846be2e9601de89 P b35e015d8b1c4ee481fa9ecb0f6a79b8: tablet copy: Beginning tablet copy session from remote peer at address 127.0.177.1:55742
I0823 00:29:47.514041 1111 tablet_copy_service.cc:130] P 4f51846d103c43d2936780f98a5eae77: Received BeginTabletCopySession request for tablet 6ad5e8871af144f5b846be2e9601de89 from peer b35e015d8b1c4ee481fa9ecb0f6a79b8 ({username='slave'} at 127.0.177.2:33241)
I0823 00:29:47.514160 1111 tablet_copy_service.cc:149] P 4f51846d103c43d2936780f98a5eae77: Beginning new tablet copy session on tablet 6ad5e8871af144f5b846be2e9601de89 from peer b35e015d8b1c4ee481fa9ecb0f6a79b8 at {username='slave'} at 127.0.177.2:33241: session id = b35e015d8b1c4ee481fa9ecb0f6a79b8-6ad5e8871af144f5b846be2e9601de89
W0823 00:29:47.514281 1111 tablet_copy_service.cc:413] P 4f51846d103c43d2936780f98a5eae77: Error handling TabletCopyService RPC request from {username='slave'} at 127.0.177.2:33241: Error beginning tablet copy session for tablet 6ad5e8871af144f5b846be2e9601de89: Illegal state: The tablet is not in a running state: BOOTSTRAPPING
I0823 00:29:47.517556 1010 ts_tablet_manager.cc:535] T 6ad5e8871af144f5b846be2e9601de89 P b35e015d8b1c4ee481fa9ecb0f6a79b8: Initiating tablet copy from peer 4f51846d103c43d2936780f98a5eae77 (127.0.177.1:55742)
I0823 00:29:47.517683 1010 tablet_copy_client.cc:192] T 6ad5e8871af144f5b846be2e9601de89 P b35e015d8b1c4ee481fa9ecb0f6a79b8: tablet copy: Beginning tablet copy session from remote peer at address 127.0.177.1:55742
I0823 00:29:47.518506 1111 tablet_copy_service.cc:130] P 4f51846d103c43d2936780f98a5eae77: Received BeginTabletCopySession request for tablet 6ad5e8871af144f5b846be2e9601de89 from peer b35e015d8b1c4ee481fa9ecb0f6a79b8 ({username='slave'} at 127.0.177.2:33241)
I0823 00:29:47.518604 1111 tablet_copy_service.cc:149] P 4f51846d103c43d2936780f98a5eae77: Beginning new tablet copy session on tablet 6ad5e8871af144f5b846be2e9601de89 from peer b35e015d8b1c4ee481fa9ecb0f6a79b8 at {username='slave'} at 127.0.177.2:33241: session id = b35e015d8b1c4ee481fa9ecb0f6a79b8-6ad5e8871af144f5b846be2e9601de89
W0823 00:29:47.518718 1111 tablet_copy_service.cc:413] P 4f51846d103c43d2936780f98a5eae77: Error handling TabletCopyService RPC request from {username='slave'} at 127.0.177.2:33241: Error beginning tablet copy session for tablet 6ad5e8871af144f5b846be2e9601de89: Illegal state: The tablet is not in a running state: BOOTSTRAPPING
I0823 00:29:47.531177 1011 ts_tablet_manager.cc:535] T 6ad5e8871af144f5b846be2e9601de89 P b35e015d8b1c4ee481fa9ecb0f6a79b8: Initiating tablet copy from peer 4f51846d103c43d2936780f98a5eae77 (127.0.177.1:55742)
I0823 00:29:47.531317 1011 tablet_copy_client.cc:192] T 6ad5e8871af144f5b846be2e9601de89 P b35e015d8b1c4ee481fa9ecb0f6a79b8: tablet copy: Beginning tablet copy session from remote peer at address 127.0.177.1:55742
I0823 00:29:47.532299 1111 tablet_copy_service.cc:130] P 4f51846d103c43d2936780f98a5eae77: Received BeginTabletCopySession request for tablet 6ad5e8871af144f5b846be2e9601de89 from peer b35e015d8b1c4ee481fa9ecb0f6a79b8 ({username='slave'} at 127.0.177.2:33241)
I0823 00:29:47.532518 1111 tablet_copy_service.cc:149] P 4f51846d103c43d2936780f98a5eae77: Beginning new tablet copy session on tablet 6ad5e8871af144f5b846be2e9601de89 from peer b35e015d8b1c4ee481fa9ecb0f6a79b8 at {username='slave'} at 127.0.177.2:33241: session id = b35e015d8b1c4ee481fa9ecb0f6a79b8-6ad5e8871af144f5b846be2e9601de89
W0823 00:29:47.532678 1111 tablet_copy_service.cc:413] P 4f51846d103c43d2936780f98a5eae77: Error handling TabletCopyService RPC request from {username='slave'} at 127.0.177.2:33241: Error beginning tablet copy session for tablet 6ad5e8871af144f5b846be2e9601de89: Illegal state: The tablet is not in a running state: BOOTSTRAPPING
I0823 00:29:47.544106 1013 ts_tablet_manager.cc:535] T 6ad5e8871af144f5b846be2e9601de89 P b35e015d8b1c4ee481fa9ecb0f6a79b8: Initiating tablet copy from peer 4f51846d103c43d2936780f98a5eae77 (127.0.177.1:55742)
I0823 00:29:47.544239 1013 tablet_copy_client.cc:192] T 6ad5e8871af144f5b846be2e9601de89 P b35e015d8b1c4ee481fa9ecb0f6a79b8: tablet copy: Beginning tablet copy session from remote peer at address 127.0.177.1:55742
I0823 00:29:47.545233 1111 tablet_copy_service.cc:130] P 4f51846d103c43d2936780f98a5eae77: Received BeginTabletCopySession request for tablet 6ad5e8871af144f5b846be2e9601de89 from peer b35e015d8b1c4ee481fa9ecb0f6a79b8 ({username='slave'} at 127.0.177.2:33241)
I0823 00:29:47.545351 1111 tablet_copy_service.cc:149] P 4f51846d103c43d2936780f98a5eae77: Beginning new tablet copy session on tablet 6ad5e8871af144f5b846be2e9601de89 from peer b35e015d8b1c4ee481fa9ecb0f6a79b8 at {username='slave'} at 127.0.177.2:33241: session id = b35e015d8b1c4ee481fa9ecb0f6a79b8-6ad5e8871af144f5b846be2e9601de89
W0823 00:29:47.545487 1111 tablet_copy_service.cc:413] P 4f51846d103c43d2936780f98a5eae77: Error handling TabletCopyService RPC request from {username='slave'} at 127.0.177.2:33241: Error beginning tablet copy session for tablet 6ad5e8871af144f5b846be2e9601de89: Illegal state: The tablet is not in a running state: BOOTSTRAPPING
I0823 00:29:47.546421 1010 ts_tablet_manager.cc:535] T 6ad5e8871af144f5b846be2e9601de89 P b35e015d8b1c4ee481fa9ecb0f6a79b8: Initiating tablet copy from peer 4f51846d103c43d2936780f98a5eae77 (127.0.177.1:55742)
I0823 00:29:47.546547 1010 tablet_copy_client.cc:192] T 6ad5e8871af144f5b846be2e9601de89 P b35e015d8b1c4ee481fa9ecb0f6a79b8: tablet copy: Beginning tablet copy session from remote peer at address 127.0.177.1:55742
I0823 00:29:47.547271 1111 tablet_copy_service.cc:130] P 4f51846d103c43d2936780f98a5eae77: Received BeginTabletCopySession request for tablet 6ad5e8871af144f5b846be2e9601de89 from peer b35e015d8b1c4ee481fa9ecb0f6a79b8 ({username='slave'} at 127.0.177.2:33241)
I0823 00:29:47.547372 1111 tablet_copy_service.cc:149] P 4f51846d103c43d2936780f98a5eae77: Beginning new tablet copy session on tablet 6ad5e8871af144f5b846be2e9601de89 from peer b35e015d8b1c4ee481fa9ecb0f6a79b8 at {username='slave'} at 127.0.177.2:33241: session id = b35e015d8b1c4ee481fa9ecb0f6a79b8-6ad5e8871af144f5b846be2e9601de89
W0823 00:29:47.547466 1111 tablet_copy_service.cc:413] P 4f51846d103c43d2936780f98a5eae77: Error handling TabletCopyService RPC request from {username='slave'} at 127.0.177.2:33241: Error beginning tablet copy session for tablet 6ad5e8871af144f5b846be2e9601de89: Illegal state: The tablet is not in a running state: BOOTSTRAPPING
I0823 00:29:47.553266 1011 ts_tablet_manager.cc:535] T 6ad5e8871af144f5b846be2e9601de89 P b35e015d8b1c4ee481fa9ecb0f6a79b8: Initiating tablet copy from peer 4f51846d103c43d2936780f98a5eae77 (127.0.177.1:55742)
I0823 00:29:47.553416 1011 tablet_copy_client.cc:192] T 6ad5e8871af144f5b846be2e9601de89 P b35e015d8b1c4ee481fa9ecb0f6a79b8: tablet copy: Beginning tablet copy session from remote peer at address 127.0.177.1:55742
I0823 00:29:47.554280 1111 tablet_copy_service.cc:130] P 4f51846d103c43d2936780f98a5eae77: Received BeginTabletCopySession request for tablet 6ad5e8871af144f5b846be2e9601de89 from peer b35e015d8b1c4ee481fa9ecb0f6a79b8 ({username='slave'} at 127.0.177.2:33241)
I0823 00:29:47.554379 1111 tablet_copy_service.cc:149] P 4f51846d103c43d2936780f98a5eae77: Beginning new tablet copy session on tablet 6ad5e8871af144f5b846be2e9601de89 from peer b35e015d8b1c4ee481fa9ecb0f6a79b8 at {username='slave'} at 127.0.177.2:33241: session id = b35e015d8b1c4ee481fa9ecb0f6a79b8-6ad5e8871af144f5b846be2e9601de89
W0823 00:29:47.554505 1111 tablet_copy_service.cc:413] P 4f51846d103c43d2936780f98a5eae77: Error handling TabletCopyService RPC request from {username='slave'} at 127.0.177.2:33241: Error beginning tablet copy session for tablet 6ad5e8871af144f5b846be2e9601de89: Illegal state: The tablet is not in a running state: BOOTSTRAPPING
I0823 00:29:47.558634 1012 ts_tablet_manager.cc:535] T 6ad5e8871af144f5b846be2e9601de89 P b35e015d8b1c4ee481fa9ecb0f6a79b8: Initiating tablet copy from peer 4f51846d103c43d2936780f98a5eae77 (127.0.177.1:55742)
I0823 00:29:47.558763 1012 tablet_copy_client.cc:192] T 6ad5e8871af144f5b846be2e9601de89 P b35e015d8b1c4ee481fa9ecb0f6a79b8: tablet copy: Beginning tablet copy session from remote peer at address 127.0.177.1:55742
I0823 00:29:47.559526 1111 tablet_copy_service.cc:130] P 4f51846d103c43d2936780f98a5eae77: Received BeginTabletCopySession request for tablet 6ad5e8871af144f5b846be2e9601de89 from peer b35e015d8b1c4ee481fa9ecb0f6a79b8 ({username='slave'} at 127.0.177.2:33241)
I0823 00:29:47.559634 1111 tablet_copy_service.cc:149] P 4f51846d103c43d2936780f98a5eae77: Beginning new tablet copy session on tablet 6ad5e8871af144f5b846be2e9601de89 from peer b35e015d8b1c4ee481fa9ecb0f6a79b8 at {username='slave'} at 127.0.177.2:33241: session id = b35e015d8b1c4ee481fa9ecb0f6a79b8-6ad5e8871af144f5b846be2e9601de89
W0823 00:29:47.559732 1111 tablet_copy_service.cc:413] P 4f51846d103c43d2936780f98a5eae77: Error handling TabletCopyService RPC request from {username='slave'} at 127.0.177.2:33241: Error beginning tablet copy session for tablet 6ad5e8871af144f5b846be2e9601de89: Illegal state: The tablet is not in a running state: BOOTSTRAPPING
I0823 00:29:47.573525 1013 ts_tablet_manager.cc:535] T 6ad5e8871af144f5b846be2e9601de89 P b35e015d8b1c4ee481fa9ecb0f6a79b8: Initiating tablet copy from peer 4f51846d103c43d2936780f98a5eae77 (127.0.177.1:55742)
I0823 00:29:47.573678 1013 tablet_copy_client.cc:192] T 6ad5e8871af144f5b846be2e9601de89 P b35e015d8b1c4ee481fa9ecb0f6a79b8: tablet copy: Beginning tablet copy session from remote peer at address 127.0.177.1:55742
I0823 00:29:47.574604 1111 tablet_copy_service.cc:130] P 4f51846d103c43d2936780f98a5eae77: Received BeginTabletCopySession request for tablet 6ad5e8871af144f5b846be2e9601de89 from peer b35e015d8b1c4ee481fa9ecb0f6a79b8 ({username='slave'} at 127.0.177.2:33241)
I0823 00:29:47.574738 1111 tablet_copy_service.cc:149] P 4f51846d103c43d2936780f98a5eae77: Beginning new tablet copy session on tablet 6ad5e8871af144f5b846be2e9601de89 from peer b35e015d8b1c4ee481fa9ecb0f6a79b8 at {username='slave'} at 127.0.177.2:33241: session id = b35e015d8b1c4ee481fa9ecb0f6a79b8-6ad5e8871af144f5b846be2e9601de89
W0823 00:29:47.574863 1111 tablet_copy_service.cc:413] P 4f51846d103c43d2936780f98a5eae77: Error handling TabletCopyService RPC request from {username='slave'} at 127.0.177.2:33241: Error beginning tablet copy session for tablet 6ad5e8871af144f5b846be2e9601de89: Illegal state: The tablet is not in a running state: BOOTSTRAPPING
I0823 00:29:47.588430 1010 ts_tablet_manager.cc:535] T 6ad5e8871af144f5b846be2e9601de89 P b35e015d8b1c4ee481fa9ecb0f6a79b8: Initiating tablet copy from peer 4f51846d103c43d2936780f98a5eae77 (127.0.177.1:55742)
I0823 00:29:47.588585 1010 tablet_copy_client.cc:192] T 6ad5e8871af144f5b846be2e9601de89 P b35e015d8b1c4ee481fa9ecb0f6a79b8: tablet copy: Beginning tablet copy session from remote peer at address 127.0.177.1:55742
I0823 00:29:47.589602 1111 tablet_copy_service.cc:130] P 4f51846d103c43d2936780f98a5eae77: Received BeginTabletCopySession request for tablet 6ad5e8871af144f5b846be2e9601de89 from peer b35e015d8b1c4ee481fa9ecb0f6a79b8 ({username='slave'} at 127.0.177.2:33241)
I0823 00:29:47.589759 1111 tablet_copy_service.cc:149] P 4f51846d103c43d2936780f98a5eae77: Beginning new tablet copy session on tablet 6ad5e8871af144f5b846be2e9601de89 from peer b35e015d8b1c4ee481fa9ecb0f6a79b8 at {username='slave'} at 127.0.177.2:33241: session id = b35e015d8b1c4ee481fa9ecb0f6a79b8-6ad5e8871af144f5b846be2e9601de89
W0823 00:29:47.589900 1111 tablet_copy_service.cc:413] P 4f51846d103c43d2936780f98a5eae77: Error handling TabletCopyService RPC request from {username='slave'} at 127.0.177.2:33241: Error beginning tablet copy session for tablet 6ad5e8871af144f5b846be2e9601de89: Illegal state: The tablet is not in a running state: BOOTSTRAPPING
I0823 00:29:47.592782 1011 ts_tablet_manager.cc:535] T 6ad5e8871af144f5b846be2e9601de89 P b35e015d8b1c4ee481fa9ecb0f6a79b8: Initiating tablet copy from peer 4f51846d103c43d2936780f98a5eae77 (127.0.177.1:55742)
I0823 00:29:47.592906 1011 tablet_copy_client.cc:192] T 6ad5e8871af144f5b846be2e9601de89 P b35e015d8b1c4ee481fa9ecb0f6a79b8: tablet copy: Beginning tablet copy session from remote peer at address 127.0.177.1:55742
I0823 00:29:47.593747 1111 tablet_copy_service.cc:130] P 4f51846d103c43d2936780f98a5eae77: Received BeginTabletCopySession request for tablet 6ad5e8871af144f5b846be2e9601de89 from peer b35e015d8b1c4ee481fa9ecb0f6a79b8 ({username='slave'} at 127.0.177.2:33241)
I0823 00:29:47.593868 1111 tablet_copy_service.cc:149] P 4f51846d103c43d2936780f98a5eae77: Beginning new tablet copy session on tablet 6ad5e8871af144f5b846be2e9601de89 from peer b35e015d8b1c4ee481fa9ecb0f6a79b8 at {username='slave'} at 127.0.177.2:33241: session id = b35e015d8b1c4ee481fa9ecb0f6a79b8-6ad5e8871af144f5b846be2e9601de89
W0823 00:29:47.593991 1111 tablet_copy_service.cc:413] P 4f51846d103c43d2936780f98a5eae77: Error handling TabletCopyService RPC request from {username='slave'} at 127.0.177.2:33241: Error beginning tablet copy session for tablet 6ad5e8871af144f5b846be2e9601de89: Illegal state: The tablet is not in a running state: BOOTSTRAPPING
I0823 00:29:47.598716 1012 ts_tablet_manager.cc:535] T 6ad5e8871af144f5b846be2e9601de89 P b35e015d8b1c4ee481fa9ecb0f6a79b8: Initiating tablet copy from peer 4f51846d103c43d2936780f98a5eae77 (127.0.177.1:55742)
I0823 00:29:47.598853 1012 tablet_copy_client.cc:192] T 6ad5e8871af144f5b846be2e9601de89 P b35e015d8b1c4ee481fa9ecb0f6a79b8: tablet copy: Beginning tablet copy session from remote peer at address 127.0.177.1:55742
I0823 00:29:47.599650 1111 tablet_copy_service.cc:130] P 4f51846d103c43d2936780f98a5eae77: Received BeginTabletCopySession request for tablet 6ad5e8871af144f5b846be2e9601de89 from peer b35e015d8b1c4ee481fa9ecb0f6a79b8 ({username='slave'} at 127.0.177.2:33241)
I0823 00:29:47.599781 1111 tablet_copy_service.cc:149] P 4f51846d103c43d2936780f98a5eae77: Beginning new tablet copy session on tablet 6ad5e8871af144f5b846be2e9601de89 from peer b35e015d8b1c4ee481fa9ecb0f6a79b8 at {username='slave'} at 127.0.177.2:33241: session id = b35e015d8b1c4ee481fa9ecb0f6a79b8-6ad5e8871af144f5b846be2e9601de89
W0823 00:29:47.599993 1111 tablet_copy_service.cc:413] P 4f51846d103c43d2936780f98a5eae77: Error handling TabletCopyService RPC request from {username='slave'} at 127.0.177.2:33241: Error beginning tablet copy session for tablet 6ad5e8871af144f5b846be2e9601de89: Illegal state: The tablet is not in a running state: BOOTSTRAPPING
I0823 00:29:47.618453 1010 ts_tablet_manager.cc:535] T 6ad5e8871af144f5b846be2e9601de89 P b35e015d8b1c4ee481fa9ecb0f6a79b8: Initiating tablet copy from peer 4f51846d103c43d2936780f98a5eae77 (127.0.177.1:55742)
I0823 00:29:47.618602 1010 tablet_copy_client.cc:192] T 6ad5e8871af144f5b846be2e9601de89 P b35e015d8b1c4ee481fa9ecb0f6a79b8: tablet copy: Beginning tablet copy session from remote peer at address 127.0.177.1:55742
I0823 00:29:47.619575 1111 tablet_copy_service.cc:130] P 4f51846d103c43d2936780f98a5eae77: Received BeginTabletCopySession request for tablet 6ad5e8871af144f5b846be2e9601de89 from peer b35e015d8b1c4ee481fa9ecb0f6a79b8 ({username='slave'} at 127.0.177.2:33241)
I0823 00:29:47.619678 1111 tablet_copy_service.cc:149] P 4f51846d103c43d2936780f98a5eae77: Beginning new tablet copy session on tablet 6ad5e8871af144f5b846be2e9601de89 from peer b35e015d8b1c4ee481fa9ecb0f6a79b8 at {username='slave'} at 127.0.177.2:33241: session id = b35e015d8b1c4ee481fa9ecb0f6a79b8-6ad5e8871af144f5b846be2e9601de89
W0823 00:29:47.619828 1111 tablet_copy_service.cc:413] P 4f51846d103c43d2936780f98a5eae77: Error handling TabletCopyService RPC request from {username='slave'} at 127.0.177.2:33241: Error beginning tablet copy session for tablet 6ad5e8871af144f5b846be2e9601de89: Illegal state: The tablet is not in a running state: BOOTSTRAPPING
I0823 00:29:47.622416 1011 ts_tablet_manager.cc:535] T 6ad5e8871af144f5b846be2e9601de89 P b35e015d8b1c4ee481fa9ecb0f6a79b8: Initiating tablet copy from peer 4f51846d103c43d2936780f98a5eae77 (127.0.177.1:55742)
I0823 00:29:47.622539 1011 tablet_copy_client.cc:192] T 6ad5e8871af144f5b846be2e9601de89 P b35e015d8b1c4ee481fa9ecb0f6a79b8: tablet copy: Beginning tablet copy session from remote peer at address 127.0.177.1:55742
I0823 00:29:47.623350 1111 tablet_copy_service.cc:130] P 4f51846d103c43d2936780f98a5eae77: Received BeginTabletCopySession request for tablet 6ad5e8871af144f5b846be2e9601de89 from peer b35e015d8b1c4ee481fa9ecb0f6a79b8 ({username='slave'} at 127.0.177.2:33241)
I0823 00:29:47.623483 1111 tablet_copy_service.cc:149] P 4f51846d103c43d2936780f98a5eae77: Beginning new tablet copy session on tablet 6ad5e8871af144f5b846be2e9601de89 from peer b35e015d8b1c4ee481fa9ecb0f6a79b8 at {username='slave'} at 127.0.177.2:33241: session id = b35e015d8b1c4ee481fa9ecb0f6a79b8-6ad5e8871af144f5b846be2e9601de89
W0823 00:29:47.623598 1111 tablet_copy_service.cc:413] P 4f51846d103c43d2936780f98a5eae77: Error handling TabletCopyService RPC request from {username='slave'} at 127.0.177.2:33241: Error beginning tablet copy session for tablet 6ad5e8871af144f5b846be2e9601de89: Illegal state: The tablet is not in a running state: BOOTSTRAPPING
I0823 00:29:47.625289 1012 ts_tablet_manager.cc:535] T 6ad5e8871af144f5b846be2e9601de89 P b35e015d8b1c4ee481fa9ecb0f6a79b8: Initiating tablet copy from peer 4f51846d103c43d2936780f98a5eae77 (127.0.177.1:55742)
I0823 00:29:47.625406 1012 tablet_copy_client.cc:192] T 6ad5e8871af144f5b846be2e9601de89 P b35e015d8b1c4ee481fa9ecb0f6a79b8: tablet copy: Beginning tablet copy session from remote peer at address 127.0.177.1:55742
I0823 00:29:47.626148 1111 tablet_copy_service.cc:130] P 4f51846d103c43d2936780f98a5eae77: Received BeginTabletCopySession request for tablet 6ad5e8871af144f5b846be2e9601de89 from peer b35e015d8b1c4ee481fa9ecb0f6a79b8 ({username='slave'} at 127.0.177.2:33241)
I0823 00:29:47.626240 1111 tablet_copy_service.cc:149] P 4f51846d103c43d2936780f98a5eae77: Beginning new tablet copy session on tablet 6ad5e8871af144f5b846be2e9601de89 from peer b35e015d8b1c4ee481fa9ecb0f6a79b8 at {username='slave'} at 127.0.177.2:33241: session id = b35e015d8b1c4ee481fa9ecb0f6a79b8-6ad5e8871af144f5b846be2e9601de89
W0823 00:29:47.626343 1111 tablet_copy_service.cc:413] P 4f51846d103c43d2936780f98a5eae77: Error handling TabletCopyService RPC request from {username='slave'} at 127.0.177.2:33241: Error beginning tablet copy session for tablet 6ad5e8871af144f5b846be2e9601de89: Illegal state: The tablet is not in a running state: BOOTSTRAPPING
I0823 00:29:47.634897 1013 ts_tablet_manager.cc:535] T 6ad5e8871af144f5b846be2e9601de89 P b35e015d8b1c4ee481fa9ecb0f6a79b8: Initiating tablet copy from peer 4f51846d103c43d2936780f98a5eae77 (127.0.177.1:55742)
I0823 00:29:47.635082 1013 tablet_copy_client.cc:192] T 6ad5e8871af144f5b846be2e9601de89 P b35e015d8b1c4ee481fa9ecb0f6a79b8: tablet copy: Beginning tablet copy session from remote peer at address 127.0.177.1:55742
I0823 00:29:47.635993 1111 tablet_copy_service.cc:130] P 4f51846d103c43d2936780f98a5eae77: Received BeginTabletCopySession request for tablet 6ad5e8871af144f5b846be2e9601de89 from peer b35e015d8b1c4ee481fa9ecb0f6a79b8 ({username='slave'} at 127.0.177.2:33241)
I0823 00:29:47.636127 1111 tablet_copy_service.cc:149] P 4f51846d103c43d2936780f98a5eae77: Beginning new tablet copy session on tablet 6ad5e8871af144f5b846be2e9601de89 from peer b35e015d8b1c4ee481fa9ecb0f6a79b8 at {username='slave'} at 127.0.177.2:33241: session id = b35e015d8b1c4ee481fa9ecb0f6a79b8-6ad5e8871af144f5b846be2e9601de89
W0823 00:29:47.636236 1111 tablet_copy_service.cc:413] P 4f51846d103c43d2936780f98a5eae77: Error handling TabletCopyService RPC request from {username='slave'} at 127.0.177.2:33241: Error beginning tablet copy session for tablet 6ad5e8871af144f5b846be2e9601de89: Illegal state: The tablet is not in a running state: BOOTSTRAPPING
I0823 00:29:47.640071 1010 ts_tablet_manager.cc:535] T 6ad5e8871af144f5b846be2e9601de89 P b35e015d8b1c4ee481fa9ecb0f6a79b8: Initiating tablet copy from peer 4f51846d103c43d2936780f98a5eae77 (127.0.177.1:55742)
I0823 00:29:47.640204 1010 tablet_copy_client.cc:192] T 6ad5e8871af144f5b846be2e9601de89 P b35e015d8b1c4ee481fa9ecb0f6a79b8: tablet copy: Beginning tablet copy session from remote peer at address 127.0.177.1:55742
I0823 00:29:47.641027 1111 tablet_copy_service.cc:130] P 4f51846d103c43d2936780f98a5eae77: Received BeginTabletCopySession request for tablet 6ad5e8871af144f5b846be2e9601de89 from peer b35e015d8b1c4ee481fa9ecb0f6a79b8 ({username='slave'} at 127.0.177.2:33241)
I0823 00:29:47.641144 1111 tablet_copy_service.cc:149] P 4f51846d103c43d2936780f98a5eae77: Beginning new tablet copy session on tablet 6ad5e8871af144f5b846be2e9601de89 from peer b35e015d8b1c4ee481fa9ecb0f6a79b8 at {username='slave'} at 127.0.177.2:33241: session id = b35e015d8b1c4ee481fa9ecb0f6a79b8-6ad5e8871af144f5b846be2e9601de89
W0823 00:29:47.641268 1111 tablet_copy_service.cc:413] P 4f51846d103c43d2936780f98a5eae77: Error handling TabletCopyService RPC request from {username='slave'} at 127.0.177.2:33241: Error beginning tablet copy session for tablet 6ad5e8871af144f5b846be2e9601de89: Illegal state: The tablet is not in a running state: BOOTSTRAPPING
I0823 00:29:47.651999 1011 ts_tablet_manager.cc:535] T 6ad5e8871af144f5b846be2e9601de89 P b35e015d8b1c4ee481fa9ecb0f6a79b8: Initiating tablet copy from peer 4f51846d103c43d2936780f98a5eae77 (127.0.177.1:55742)
I0823 00:29:47.652129 1011 tablet_copy_client.cc:192] T 6ad5e8871af144f5b846be2e9601de89 P b35e015d8b1c4ee481fa9ecb0f6a79b8: tablet copy: Beginning tablet copy session from remote peer at address 127.0.177.1:55742
I0823 00:29:47.653049 1111 tablet_copy_service.cc:130] P 4f51846d103c43d2936780f98a5eae77: Received BeginTabletCopySession request for tablet 6ad5e8871af144f5b846be2e9601de89 from peer b35e015d8b1c4ee481fa9ecb0f6a79b8 ({username='slave'} at 127.0.177.2:33241)
I0823 00:29:47.653182 1111 tablet_copy_service.cc:149] P 4f51846d103c43d2936780f98a5eae77: Beginning new tablet copy session on tablet 6ad5e8871af144f5b846be2e9601de89 from peer b35e015d8b1c4ee481fa9ecb0f6a79b8 at {username='slave'} at 127.0.177.2:33241: session id = b35e015d8b1c4ee481fa9ecb0f6a79b8-6ad5e8871af144f5b846be2e9601de89
W0823 00:29:47.653286 1111 tablet_copy_service.cc:413] P 4f51846d103c43d2936780f98a5eae77: Error handling TabletCopyService RPC request from {username='slave'} at 127.0.177.2:33241: Error beginning tablet copy session for tablet 6ad5e8871af144f5b846be2e9601de89: Illegal state: The tablet is not in a running state: BOOTSTRAPPING
I0823 00:29:47.670333 1013 ts_tablet_manager.cc:535] T 6ad5e8871af144f5b846be2e9601de89 P b35e015d8b1c4ee481fa9ecb0f6a79b8: Initiating tablet copy from peer 4f51846d103c43d2936780f98a5eae77 (127.0.177.1:55742)
I0823 00:29:47.670483 1013 tablet_copy_client.cc:192] T 6ad5e8871af144f5b846be2e9601de89 P b35e015d8b1c4ee481fa9ecb0f6a79b8: tablet copy: Beginning tablet copy session from remote peer at address 127.0.177.1:55742
I0823 00:29:47.671422 1111 tablet_copy_service.cc:130] P 4f51846d103c43d2936780f98a5eae77: Received BeginTabletCopySession request for tablet 6ad5e8871af144f5b846be2e9601de89 from peer b35e015d8b1c4ee481fa9ecb0f6a79b8 ({username='slave'} at 127.0.177.2:33241)
I0823 00:29:47.671562 1111 tablet_copy_service.cc:149] P 4f51846d103c43d2936780f98a5eae77: Beginning new tablet copy session on tablet 6ad5e8871af144f5b846be2e9601de89 from peer b35e015d8b1c4ee481fa9ecb0f6a79b8 at {username='slave'} at 127.0.177.2:33241: session id = b35e015d8b1c4ee481fa9ecb0f6a79b8-6ad5e8871af144f5b846be2e9601de89
W0823 00:29:47.671695 1111 tablet_copy_service.cc:413] P 4f51846d103c43d2936780f98a5eae77: Error handling TabletCopyService RPC request from {username='slave'} at 127.0.177.2:33241: Error beginning tablet copy session for tablet 6ad5e8871af144f5b846be2e9601de89: Illegal state: The tablet is not in a running state: BOOTSTRAPPING
I0823 00:29:47.682811 1012 ts_tablet_manager.cc:535] T 6ad5e8871af144f5b846be2e9601de89 P b35e015d8b1c4ee481fa9ecb0f6a79b8: Initiating tablet copy from peer 4f51846d103c43d2936780f98a5eae77 (127.0.177.1:55742)
I0823 00:29:47.682945 1012 tablet_copy_client.cc:192] T 6ad5e8871af144f5b846be2e9601de89 P b35e015d8b1c4ee481fa9ecb0f6a79b8: tablet copy: Beginning tablet copy session from remote peer at address 127.0.177.1:55742
I0823 00:29:47.683871 1111 tablet_copy_service.cc:130] P 4f51846d103c43d2936780f98a5eae77: Received BeginTabletCopySession request for tablet 6ad5e8871af144f5b846be2e9601de89 from peer b35e015d8b1c4ee481fa9ecb0f6a79b8 ({username='slave'} at 127.0.177.2:33241)
I0823 00:29:47.683991 1111 tablet_copy_service.cc:149] P 4f51846d103c43d2936780f98a5eae77: Beginning new tablet copy session on tablet 6ad5e8871af144f5b846be2e9601de89 from peer b35e015d8b1c4ee481fa9ecb0f6a79b8 at {username='slave'} at 127.0.177.2:33241: session id = b35e015d8b1c4ee481fa9ecb0f6a79b8-6ad5e8871af144f5b846be2e9601de89
W0823 00:29:47.684093 1111 tablet_copy_service.cc:413] P 4f51846d103c43d2936780f98a5eae77: Error handling TabletCopyService RPC request from {username='slave'} at 127.0.177.2:33241: Error beginning tablet copy session for tablet 6ad5e8871af144f5b846be2e9601de89: Illegal state: The tablet is not in a running state: BOOTSTRAPPING
I0823 00:29:47.689813 1010 ts_tablet_manager.cc:535] T 6ad5e8871af144f5b846be2e9601de89 P b35e015d8b1c4ee481fa9ecb0f6a79b8: Initiating tablet copy from peer 4f51846d103c43d2936780f98a5eae77 (127.0.177.1:55742)
I0823 00:29:47.689952 1010 tablet_copy_client.cc:192] T 6ad5e8871af144f5b846be2e9601de89 P b35e015d8b1c4ee481fa9ecb0f6a79b8: tablet copy: Beginning tablet copy session from remote peer at address 127.0.177.1:55742
I0823 00:29:47.690764 1111 tablet_copy_service.cc:130] P 4f51846d103c43d2936780f98a5eae77: Received BeginTabletCopySession request for tablet 6ad5e8871af144f5b846be2e9601de89 from peer b35e015d8b1c4ee481fa9ecb0f6a79b8 ({username='slave'} at 127.0.177.2:33241)
I0823 00:29:47.690876 1111 tablet_copy_service.cc:149] P 4f51846d103c43d2936780f98a5eae77: Beginning new tablet copy session on tablet 6ad5e8871af144f5b846be2e9601de89 from peer b35e015d8b1c4ee481fa9ecb0f6a79b8 at {username='slave'} at 127.0.177.2:33241: session id = b35e015d8b1c4ee481fa9ecb0f6a79b8-6ad5e8871af144f5b846be2e9601de89
W0823 00:29:47.690975 1111 tablet_copy_service.cc:413] P 4f51846d103c43d2936780f98a5eae77: Error handling TabletCopyService RPC request from {username='slave'} at 127.0.177.2:33241: Error beginning tablet copy session for tablet 6ad5e8871af144f5b846be2e9601de89: Illegal state: The tablet is not in a running state: BOOTSTRAPPING
I0823 00:29:47.696156 1011 ts_tablet_manager.cc:535] T 6ad5e8871af144f5b846be2e9601de89 P b35e015d8b1c4ee481fa9ecb0f6a79b8: Initiating tablet copy from peer 4f51846d103c43d2936780f98a5eae77 (127.0.177.1:55742)
I0823 00:29:47.696287 1011 tablet_copy_client.cc:192] T 6ad5e8871af144f5b846be2e9601de89 P b35e015d8b1c4ee481fa9ecb0f6a79b8: tablet copy: Beginning tablet copy session from remote peer at address 127.0.177.1:55742
I0823 00:29:47.697151 1111 tablet_copy_service.cc:130] P 4f51846d103c43d2936780f98a5eae77: Received BeginTabletCopySession request for tablet 6ad5e8871af144f5b846be2e9601de89 from peer b35e015d8b1c4ee481fa9ecb0f6a79b8 ({username='slave'} at 127.0.177.2:33241)
I0823 00:29:47.697269 1111 tablet_copy_service.cc:149] P 4f51846d103c43d2936780f98a5eae77: Beginning new tablet copy session on tablet 6ad5e8871af144f5b846be2e9601de89 from peer b35e015d8b1c4ee481fa9ecb0f6a79b8 at {username='slave'} at 127.0.177.2:33241: session id = b35e015d8b1c4ee481fa9ecb0f6a79b8-6ad5e8871af144f5b846be2e9601de89
W0823 00:29:47.697381 1111 tablet_copy_service.cc:413] P 4f51846d103c43d2936780f98a5eae77: Error handling TabletCopyService RPC request from {username='slave'} at 127.0.177.2:33241: Error beginning tablet copy session for tablet 6ad5e8871af144f5b846be2e9601de89: Illegal state: The tablet is not in a running state: BOOTSTRAPPING
I0823 00:29:47.701146 1013 ts_tablet_manager.cc:535] T 6ad5e8871af144f5b846be2e9601de89 P b35e015d8b1c4ee481fa9ecb0f6a79b8: Initiating tablet copy from peer 4f51846d103c43d2936780f98a5eae77 (127.0.177.1:55742)
I0823 00:29:47.701269 1013 tablet_copy_client.cc:192] T 6ad5e8871af144f5b846be2e9601de89 P b35e015d8b1c4ee481fa9ecb0f6a79b8: tablet copy: Beginning tablet copy session from remote peer at address 127.0.177.1:55742
I0823 00:29:47.702162 1111 tablet_copy_service.cc:130] P 4f51846d103c43d2936780f98a5eae77: Received BeginTabletCopySession request for tablet 6ad5e8871af144f5b846be2e9601de89 from peer b35e015d8b1c4ee481fa9ecb0f6a79b8 ({username='slave'} at 127.0.177.2:33241)
I0823 00:29:47.702275 1111 tablet_copy_service.cc:149] P 4f51846d103c43d2936780f98a5eae77: Beginning new tablet copy session on tablet 6ad5e8871af144f5b846be2e9601de89 from peer b35e015d8b1c4ee481fa9ecb0f6a79b8 at {username='slave'} at 127.0.177.2:33241: session id = b35e015d8b1c4ee481fa9ecb0f6a79b8-6ad5e8871af144f5b846be2e9601de89
W0823 00:29:47.702381 1111 tablet_copy_service.cc:413] P 4f51846d103c43d2936780f98a5eae77: Error handling TabletCopyService RPC request from {username='slave'} at 127.0.177.2:33241: Error beginning tablet copy session for tablet 6ad5e8871af144f5b846be2e9601de89: Illegal state: The tablet is not in a running state: BOOTSTRAPPING
I0823 00:29:47.707355 1012 ts_tablet_manager.cc:535] T 6ad5e8871af144f5b846be2e9601de89 P b35e015d8b1c4ee481fa9ecb0f6a79b8: Initiating tablet copy from peer 4f51846d103c43d2936780f98a5eae77 (127.0.177.1:55742)
I0823 00:29:47.707505 1012 tablet_copy_client.cc:192] T 6ad5e8871af144f5b846be2e9601de89 P b35e015d8b1c4ee481fa9ecb0f6a79b8: tablet copy: Beginning tablet copy session from remote peer at address 127.0.177.1:55742
I0823 00:29:47.708556 1111 tablet_copy_service.cc:130] P 4f51846d103c43d2936780f98a5eae77: Received BeginTabletCopySession request for tablet 6ad5e8871af144f5b846be2e9601de89 from peer b35e015d8b1c4ee481fa9ecb0f6a79b8 ({username='slave'} at 127.0.177.2:33241)
I0823 00:29:47.708689 1111 tablet_copy_service.cc:149] P 4f51846d103c43d2936780f98a5eae77: Beginning new tablet copy session on tablet 6ad5e8871af144f5b846be2e9601de89 from peer b35e015d8b1c4ee481fa9ecb0f6a79b8 at {username='slave'} at 127.0.177.2:33241: session id = b35e015d8b1c4ee481fa9ecb0f6a79b8-6ad5e8871af144f5b846be2e9601de89
W0823 00:29:47.708792 1111 tablet_copy_service.cc:413] P 4f51846d103c43d2936780f98a5eae77: Error handling TabletCopyService RPC request from {username='slave'} at 127.0.177.2:33241: Error beginning tablet copy session for tablet 6ad5e8871af144f5b846be2e9601de89: Illegal state: The tablet is not in a running state: BOOTSTRAPPING
I0823 00:29:47.709877 1010 ts_tablet_manager.cc:535] T 6ad5e8871af144f5b846be2e9601de89 P b35e015d8b1c4ee481fa9ecb0f6a79b8: Initiating tablet copy from peer 4f51846d103c43d2936780f98a5eae77 (127.0.177.1:55742)
I0823 00:29:47.710005 1010 tablet_copy_client.cc:192] T 6ad5e8871af144f5b846be2e9601de89 P b35e015d8b1c4ee481fa9ecb0f6a79b8: tablet copy: Beginning tablet copy session from remote peer at address 127.0.177.1:55742
I0823 00:29:47.710767 1111 tablet_copy_service.cc:130] P 4f51846d103c43d2936780f98a5eae77: Received BeginTabletCopySession request for tablet 6ad5e8871af144f5b846be2e9601de89 from peer b35e015d8b1c4ee481fa9ecb0f6a79b8 ({username='slave'} at 127.0.177.2:33241)
I0823 00:29:47.710863 1111 tablet_copy_service.cc:149] P 4f51846d103c43d2936780f98a5eae77: Beginning new tablet copy session on tablet 6ad5e8871af144f5b846be2e9601de89 from peer b35e015d8b1c4ee481fa9ecb0f6a79b8 at {username='slave'} at 127.0.177.2:33241: session id = b35e015d8b1c4ee481fa9ecb0f6a79b8-6ad5e8871af144f5b846be2e9601de89
W0823 00:29:47.710973 1111 tablet_copy_service.cc:413] P 4f51846d103c43d2936780f98a5eae77: Error handling TabletCopyService RPC request from {username='slave'} at 127.0.177.2:33241: Error beginning tablet copy session for tablet 6ad5e8871af144f5b846be2e9601de89: Illegal state: The tablet is not in a running state: BOOTSTRAPPING
I0823 00:29:47.713126 1011 ts_tablet_manager.cc:535] T 6ad5e8871af144f5b846be2e9601de89 P b35e015d8b1c4ee481fa9ecb0f6a79b8: Initiating tablet copy from peer 4f51846d103c43d2936780f98a5eae77 (127.0.177.1:55742)
I0823 00:29:47.713222 1011 tablet_copy_client.cc:192] T 6ad5e8871af144f5b846be2e9601de89 P b35e015d8b1c4ee481fa9ecb0f6a79b8: tablet copy: Beginning tablet copy session from remote peer at address 127.0.177.1:55742
I0823 00:29:47.714020 1111 tablet_copy_service.cc:130] P 4f51846d103c43d2936780f98a5eae77: Received BeginTabletCopySession request for tablet 6ad5e8871af144f5b846be2e9601de89 from peer b35e015d8b1c4ee481fa9ecb0f6a79b8 ({username='slave'} at 127.0.177.2:33241)
I0823 00:29:47.714136 1111 tablet_copy_service.cc:149] P 4f51846d103c43d2936780f98a5eae77: Beginning new tablet copy session on tablet 6ad5e8871af144f5b846be2e9601de89 from peer b35e015d8b1c4ee481fa9ecb0f6a79b8 at {username='slave'} at 127.0.177.2:33241: session id = b35e015d8b1c4ee481fa9ecb0f6a79b8-6ad5e8871af144f5b846be2e9601de89
W0823 00:29:47.714236 1111 tablet_copy_service.cc:413] P 4f51846d103c43d2936780f98a5eae77: Error handling TabletCopyService RPC request from {username='slave'} at 127.0.177.2:33241: Error beginning tablet copy session for tablet 6ad5e8871af144f5b846be2e9601de89: Illegal state: The tablet is not in a running state: BOOTSTRAPPING
I0823 00:29:47.732779 1012 ts_tablet_manager.cc:535] T 6ad5e8871af144f5b846be2e9601de89 P b35e015d8b1c4ee481fa9ecb0f6a79b8: Initiating tablet copy from peer 4f51846d103c43d2936780f98a5eae77 (127.0.177.1:55742)
I0823 00:29:47.732898 1012 tablet_copy_client.cc:192] T 6ad5e8871af144f5b846be2e9601de89 P b35e015d8b1c4ee481fa9ecb0f6a79b8: tablet copy: Beginning tablet copy session from remote peer at address 127.0.177.1:55742
I0823 00:29:47.733846 1111 tablet_copy_service.cc:130] P 4f51846d103c43d2936780f98a5eae77: Received BeginTabletCopySession request for tablet 6ad5e8871af144f5b846be2e9601de89 from peer b35e015d8b1c4ee481fa9ecb0f6a79b8 ({username='slave'} at 127.0.177.2:33241)
I0823 00:29:47.733989 1111 tablet_copy_service.cc:149] P 4f51846d103c43d2936780f98a5eae77: Beginning new tablet copy session on tablet 6ad5e8871af144f5b846be2e9601de89 from peer b35e015d8b1c4ee481fa9ecb0f6a79b8 at {username='slave'} at 127.0.177.2:33241: session id = b35e015d8b1c4ee481fa9ecb0f6a79b8-6ad5e8871af144f5b846be2e9601de89
W0823 00:29:47.734105 1111 tablet_copy_service.cc:413] P 4f51846d103c43d2936780f98a5eae77: Error handling TabletCopyService RPC request from {username='slave'} at 127.0.177.2:33241: Error beginning tablet copy session for tablet 6ad5e8871af144f5b846be2e9601de89: Illegal state: The tablet is not in a running state: BOOTSTRAPPING
I0823 00:29:47.746353 1010 ts_tablet_manager.cc:535] T 6ad5e8871af144f5b846be2e9601de89 P b35e015d8b1c4ee481fa9ecb0f6a79b8: Initiating tablet copy from peer 4f51846d103c43d2936780f98a5eae77 (127.0.177.1:55742)
I0823 00:29:47.746497 1010 tablet_copy_client.cc:192] T 6ad5e8871af144f5b846be2e9601de89 P b35e015d8b1c4ee481fa9ecb0f6a79b8: tablet copy: Beginning tablet copy session from remote peer at address 127.0.177.1:55742
I0823 00:29:47.747500 1111 tablet_copy_service.cc:130] P 4f51846d103c43d2936780f98a5eae77: Received BeginTabletCopySession request for tablet 6ad5e8871af144f5b846be2e9601de89 from peer b35e015d8b1c4ee481fa9ecb0f6a79b8 ({username='slave'} at 127.0.177.2:33241)
I0823 00:29:47.747643 1111 tablet_copy_service.cc:149] P 4f51846d103c43d2936780f98a5eae77: Beginning new tablet copy session on tablet 6ad5e8871af144f5b846be2e9601de89 from peer b35e015d8b1c4ee481fa9ecb0f6a79b8 at {username='slave'} at 127.0.177.2:33241: session id = b35e015d8b1c4ee481fa9ecb0f6a79b8-6ad5e8871af144f5b846be2e9601de89
W0823 00:29:47.747756 1111 tablet_copy_service.cc:413] P 4f51846d103c43d2936780f98a5eae77: Error handling TabletCopyService RPC request from {username='slave'} at 127.0.177.2:33241: Error beginning tablet copy session for tablet 6ad5e8871af144f5b846be2e9601de89: Illegal state: The tablet is not in a running state: BOOTSTRAPPING
