W0823 00:29:48.407094 1111 tablet_copy_service.cc:413] P 4f51846d103c43d2936780f98a5eae77: Error handling TabletCopyService RPC request from {username='slave'} at 127.0.177.2:33241: Error beginning tablet copy session for tablet 6ad5e8871af144f5b846be2e9601de89: Illegal state: The tablet is not in a running state: BOOTSTRAPPING
I0823 00:29:48.412466 1010 ts_tablet_manager.cc:535] T 6ad5e8871af144f5b846be2e9601de89 P b35e015d8b1c4ee481fa9ecb0f6a79b8: Initiating tablet copy from peer 4f51846d103c43d2936780f98a5eae77 (127.0.177.1:55742)
I0823 00:29:48.412605 1010 tablet_copy_client.cc:192] T 6ad5e8871af144f5b846be2e9601de89 P b35e015d8b1c4ee481fa9ecb0f6a79b8: tablet copy: Beginning tablet copy session from remote peer at address 127.0.177.1:55742
I0823 00:29:48.413859 1111 tablet_copy_service.cc:130] P 4f51846d103c43d2936780f98a5eae77: Received BeginTabletCopySession request for tablet 6ad5e8871af144f5b846be2e9601de89 from peer b35e015d8b1c4ee481fa9ecb0f6a79b8 ({username='slave'} at 127.0.177.2:33241)
I0823 00:29:48.414018 1111 tablet_copy_service.cc:149] P 4f51846d103c43d2936780f98a5eae77: Beginning new tablet copy session on tablet 6ad5e8871af144f5b846be2e9601de89 from peer b35e015d8b1c4ee481fa9ecb0f6a79b8 at {username='slave'} at 127.0.177.2:33241: session id = b35e015d8b1c4ee481fa9ecb0f6a79b8-6ad5e8871af144f5b846be2e9601de89
W0823 00:29:48.414144 1111 tablet_copy_service.cc:413] P 4f51846d103c43d2936780f98a5eae77: Error handling TabletCopyService RPC request from {username='slave'} at 127.0.177.2:33241: Error beginning tablet copy session for tablet 6ad5e8871af144f5b846be2e9601de89: Illegal state: The tablet is not in a running state: BOOTSTRAPPING
I0823 00:29:48.438196 1011 ts_tablet_manager.cc:535] T 6ad5e8871af144f5b846be2e9601de89 P b35e015d8b1c4ee481fa9ecb0f6a79b8: Initiating tablet copy from peer 4f51846d103c43d2936780f98a5eae77 (127.0.177.1:55742)
I0823 00:29:48.438355 1011 tablet_copy_client.cc:192] T 6ad5e8871af144f5b846be2e9601de89 P b35e015d8b1c4ee481fa9ecb0f6a79b8: tablet copy: Beginning tablet copy session from remote peer at address 127.0.177.1:55742
I0823 00:29:48.439600 1111 tablet_copy_service.cc:130] P 4f51846d103c43d2936780f98a5eae77: Received BeginTabletCopySession request for tablet 6ad5e8871af144f5b846be2e9601de89 from peer b35e015d8b1c4ee481fa9ecb0f6a79b8 ({username='slave'} at 127.0.177.2:33241)
I0823 00:29:48.439728 1111 tablet_copy_service.cc:149] P 4f51846d103c43d2936780f98a5eae77: Beginning new tablet copy session on tablet 6ad5e8871af144f5b846be2e9601de89 from peer b35e015d8b1c4ee481fa9ecb0f6a79b8 at {username='slave'} at 127.0.177.2:33241: session id = b35e015d8b1c4ee481fa9ecb0f6a79b8-6ad5e8871af144f5b846be2e9601de89
W0823 00:29:48.439822 1111 tablet_copy_service.cc:413] P 4f51846d103c43d2936780f98a5eae77: Error handling TabletCopyService RPC request from {username='slave'} at 127.0.177.2:33241: Error beginning tablet copy session for tablet 6ad5e8871af144f5b846be2e9601de89: Illegal state: The tablet is not in a running state: BOOTSTRAPPING
I0823 00:29:48.444167 1013 ts_tablet_manager.cc:535] T 6ad5e8871af144f5b846be2e9601de89 P b35e015d8b1c4ee481fa9ecb0f6a79b8: Initiating tablet copy from peer 4f51846d103c43d2936780f98a5eae77 (127.0.177.1:55742)
I0823 00:29:48.444291 1013 tablet_copy_client.cc:192] T 6ad5e8871af144f5b846be2e9601de89 P b35e015d8b1c4ee481fa9ecb0f6a79b8: tablet copy: Beginning tablet copy session from remote peer at address 127.0.177.1:55742
I0823 00:29:48.445127 1111 tablet_copy_service.cc:130] P 4f51846d103c43d2936780f98a5eae77: Received BeginTabletCopySession request for tablet 6ad5e8871af144f5b846be2e9601de89 from peer b35e015d8b1c4ee481fa9ecb0f6a79b8 ({username='slave'} at 127.0.177.2:33241)
I0823 00:29:48.445231 1111 tablet_copy_service.cc:149] P 4f51846d103c43d2936780f98a5eae77: Beginning new tablet copy session on tablet 6ad5e8871af144f5b846be2e9601de89 from peer b35e015d8b1c4ee481fa9ecb0f6a79b8 at {username='slave'} at 127.0.177.2:33241: session id = b35e015d8b1c4ee481fa9ecb0f6a79b8-6ad5e8871af144f5b846be2e9601de89
W0823 00:29:48.445341 1111 tablet_copy_service.cc:413] P 4f51846d103c43d2936780f98a5eae77: Error handling TabletCopyService RPC request from {username='slave'} at 127.0.177.2:33241: Error beginning tablet copy session for tablet 6ad5e8871af144f5b846be2e9601de89: Illegal state: The tablet is not in a running state: BOOTSTRAPPING
I0823 00:29:48.457249 1010 ts_tablet_manager.cc:535] T 6ad5e8871af144f5b846be2e9601de89 P b35e015d8b1c4ee481fa9ecb0f6a79b8: Initiating tablet copy from peer 4f51846d103c43d2936780f98a5eae77 (127.0.177.1:55742)
I0823 00:29:48.457408 1010 tablet_copy_client.cc:192] T 6ad5e8871af144f5b846be2e9601de89 P b35e015d8b1c4ee481fa9ecb0f6a79b8: tablet copy: Beginning tablet copy session from remote peer at address 127.0.177.1:55742
I0823 00:29:48.458387 1111 tablet_copy_service.cc:130] P 4f51846d103c43d2936780f98a5eae77: Received BeginTabletCopySession request for tablet 6ad5e8871af144f5b846be2e9601de89 from peer b35e015d8b1c4ee481fa9ecb0f6a79b8 ({username='slave'} at 127.0.177.2:33241)
I0823 00:29:48.458516 1111 tablet_copy_service.cc:149] P 4f51846d103c43d2936780f98a5eae77: Beginning new tablet copy session on tablet 6ad5e8871af144f5b846be2e9601de89 from peer b35e015d8b1c4ee481fa9ecb0f6a79b8 at {username='slave'} at 127.0.177.2:33241: session id = b35e015d8b1c4ee481fa9ecb0f6a79b8-6ad5e8871af144f5b846be2e9601de89
W0823 00:29:48.458619 1111 tablet_copy_service.cc:413] P 4f51846d103c43d2936780f98a5eae77: Error handling TabletCopyService RPC request from {username='slave'} at 127.0.177.2:33241: Error beginning tablet copy session for tablet 6ad5e8871af144f5b846be2e9601de89: Illegal state: The tablet is not in a running state: BOOTSTRAPPING
I0823 00:29:48.474676 1012 ts_tablet_manager.cc:535] T 6ad5e8871af144f5b846be2e9601de89 P b35e015d8b1c4ee481fa9ecb0f6a79b8: Initiating tablet copy from peer 4f51846d103c43d2936780f98a5eae77 (127.0.177.1:55742)
I0823 00:29:48.474808 1012 tablet_copy_client.cc:192] T 6ad5e8871af144f5b846be2e9601de89 P b35e015d8b1c4ee481fa9ecb0f6a79b8: tablet copy: Beginning tablet copy session from remote peer at address 127.0.177.1:55742
I0823 00:29:48.475725 1111 tablet_copy_service.cc:130] P 4f51846d103c43d2936780f98a5eae77: Received BeginTabletCopySession request for tablet 6ad5e8871af144f5b846be2e9601de89 from peer b35e015d8b1c4ee481fa9ecb0f6a79b8 ({username='slave'} at 127.0.177.2:33241)
I0823 00:29:48.475834 1111 tablet_copy_service.cc:149] P 4f51846d103c43d2936780f98a5eae77: Beginning new tablet copy session on tablet 6ad5e8871af144f5b846be2e9601de89 from peer b35e015d8b1c4ee481fa9ecb0f6a79b8 at {username='slave'} at 127.0.177.2:33241: session id = b35e015d8b1c4ee481fa9ecb0f6a79b8-6ad5e8871af144f5b846be2e9601de89
W0823 00:29:48.475994 1111 tablet_copy_service.cc:413] P 4f51846d103c43d2936780f98a5eae77: Error handling TabletCopyService RPC request from {username='slave'} at 127.0.177.2:33241: Error beginning tablet copy session for tablet 6ad5e8871af144f5b846be2e9601de89: Illegal state: The tablet is not in a running state: BOOTSTRAPPING
I0823 00:29:48.482977 1013 ts_tablet_manager.cc:535] T 6ad5e8871af144f5b846be2e9601de89 P b35e015d8b1c4ee481fa9ecb0f6a79b8: Initiating tablet copy from peer 4f51846d103c43d2936780f98a5eae77 (127.0.177.1:55742)
I0823 00:29:48.483088 1013 tablet_copy_client.cc:192] T 6ad5e8871af144f5b846be2e9601de89 P b35e015d8b1c4ee481fa9ecb0f6a79b8: tablet copy: Beginning tablet copy session from remote peer at address 127.0.177.1:55742
I0823 00:29:48.483927 1111 tablet_copy_service.cc:130] P 4f51846d103c43d2936780f98a5eae77: Received BeginTabletCopySession request for tablet 6ad5e8871af144f5b846be2e9601de89 from peer b35e015d8b1c4ee481fa9ecb0f6a79b8 ({username='slave'} at 127.0.177.2:33241)
I0823 00:29:48.484041 1111 tablet_copy_service.cc:149] P 4f51846d103c43d2936780f98a5eae77: Beginning new tablet copy session on tablet 6ad5e8871af144f5b846be2e9601de89 from peer b35e015d8b1c4ee481fa9ecb0f6a79b8 at {username='slave'} at 127.0.177.2:33241: session id = b35e015d8b1c4ee481fa9ecb0f6a79b8-6ad5e8871af144f5b846be2e9601de89
W0823 00:29:48.484127 1111 tablet_copy_service.cc:413] P 4f51846d103c43d2936780f98a5eae77: Error handling TabletCopyService RPC request from {username='slave'} at 127.0.177.2:33241: Error beginning tablet copy session for tablet 6ad5e8871af144f5b846be2e9601de89: Illegal state: The tablet is not in a running state: BOOTSTRAPPING
I0823 00:29:48.486666 1010 ts_tablet_manager.cc:535] T 6ad5e8871af144f5b846be2e9601de89 P b35e015d8b1c4ee481fa9ecb0f6a79b8: Initiating tablet copy from peer 4f51846d103c43d2936780f98a5eae77 (127.0.177.1:55742)
I0823 00:29:48.486785 1010 tablet_copy_client.cc:192] T 6ad5e8871af144f5b846be2e9601de89 P b35e015d8b1c4ee481fa9ecb0f6a79b8: tablet copy: Beginning tablet copy session from remote peer at address 127.0.177.1:55742
I0823 00:29:48.487651 1111 tablet_copy_service.cc:130] P 4f51846d103c43d2936780f98a5eae77: Received BeginTabletCopySession request for tablet 6ad5e8871af144f5b846be2e9601de89 from peer b35e015d8b1c4ee481fa9ecb0f6a79b8 ({username='slave'} at 127.0.177.2:33241)
I0823 00:29:48.487766 1111 tablet_copy_service.cc:149] P 4f51846d103c43d2936780f98a5eae77: Beginning new tablet copy session on tablet 6ad5e8871af144f5b846be2e9601de89 from peer b35e015d8b1c4ee481fa9ecb0f6a79b8 at {username='slave'} at 127.0.177.2:33241: session id = b35e015d8b1c4ee481fa9ecb0f6a79b8-6ad5e8871af144f5b846be2e9601de89
W0823 00:29:48.487890 1111 tablet_copy_service.cc:413] P 4f51846d103c43d2936780f98a5eae77: Error handling TabletCopyService RPC request from {username='slave'} at 127.0.177.2:33241: Error beginning tablet copy session for tablet 6ad5e8871af144f5b846be2e9601de89: Illegal state: The tablet is not in a running state: BOOTSTRAPPING
I0823 00:29:48.491364 1011 ts_tablet_manager.cc:535] T 6ad5e8871af144f5b846be2e9601de89 P b35e015d8b1c4ee481fa9ecb0f6a79b8: Initiating tablet copy from peer 4f51846d103c43d2936780f98a5eae77 (127.0.177.1:55742)
I0823 00:29:48.491474 1011 tablet_copy_client.cc:192] T 6ad5e8871af144f5b846be2e9601de89 P b35e015d8b1c4ee481fa9ecb0f6a79b8: tablet copy: Beginning tablet copy session from remote peer at address 127.0.177.1:55742
I0823 00:29:48.492220 1111 tablet_copy_service.cc:130] P 4f51846d103c43d2936780f98a5eae77: Received BeginTabletCopySession request for tablet 6ad5e8871af144f5b846be2e9601de89 from peer b35e015d8b1c4ee481fa9ecb0f6a79b8 ({username='slave'} at 127.0.177.2:33241)
I0823 00:29:48.492326 1111 tablet_copy_service.cc:149] P 4f51846d103c43d2936780f98a5eae77: Beginning new tablet copy session on tablet 6ad5e8871af144f5b846be2e9601de89 from peer b35e015d8b1c4ee481fa9ecb0f6a79b8 at {username='slave'} at 127.0.177.2:33241: session id = b35e015d8b1c4ee481fa9ecb0f6a79b8-6ad5e8871af144f5b846be2e9601de89
W0823 00:29:48.492413 1111 tablet_copy_service.cc:413] P 4f51846d103c43d2936780f98a5eae77: Error handling TabletCopyService RPC request from {username='slave'} at 127.0.177.2:33241: Error beginning tablet copy session for tablet 6ad5e8871af144f5b846be2e9601de89: Illegal state: The tablet is not in a running state: BOOTSTRAPPING
I0823 00:29:48.496706 1012 ts_tablet_manager.cc:535] T 6ad5e8871af144f5b846be2e9601de89 P b35e015d8b1c4ee481fa9ecb0f6a79b8: Initiating tablet copy from peer 4f51846d103c43d2936780f98a5eae77 (127.0.177.1:55742)
I0823 00:29:48.496834 1012 tablet_copy_client.cc:192] T 6ad5e8871af144f5b846be2e9601de89 P b35e015d8b1c4ee481fa9ecb0f6a79b8: tablet copy: Beginning tablet copy session from remote peer at address 127.0.177.1:55742
I0823 00:29:48.497678 1111 tablet_copy_service.cc:130] P 4f51846d103c43d2936780f98a5eae77: Received BeginTabletCopySession request for tablet 6ad5e8871af144f5b846be2e9601de89 from peer b35e015d8b1c4ee481fa9ecb0f6a79b8 ({username='slave'} at 127.0.177.2:33241)
I0823 00:29:48.497787 1111 tablet_copy_service.cc:149] P 4f51846d103c43d2936780f98a5eae77: Beginning new tablet copy session on tablet 6ad5e8871af144f5b846be2e9601de89 from peer b35e015d8b1c4ee481fa9ecb0f6a79b8 at {username='slave'} at 127.0.177.2:33241: session id = b35e015d8b1c4ee481fa9ecb0f6a79b8-6ad5e8871af144f5b846be2e9601de89
W0823 00:29:48.497886 1111 tablet_copy_service.cc:413] P 4f51846d103c43d2936780f98a5eae77: Error handling TabletCopyService RPC request from {username='slave'} at 127.0.177.2:33241: Error beginning tablet copy session for tablet 6ad5e8871af144f5b846be2e9601de89: Illegal state: The tablet is not in a running state: BOOTSTRAPPING
I0823 00:29:48.501761 1013 ts_tablet_manager.cc:535] T 6ad5e8871af144f5b846be2e9601de89 P b35e015d8b1c4ee481fa9ecb0f6a79b8: Initiating tablet copy from peer 4f51846d103c43d2936780f98a5eae77 (127.0.177.1:55742)
I0823 00:29:48.501888 1013 tablet_copy_client.cc:192] T 6ad5e8871af144f5b846be2e9601de89 P b35e015d8b1c4ee481fa9ecb0f6a79b8: tablet copy: Beginning tablet copy session from remote peer at address 127.0.177.1:55742
I0823 00:29:48.502713 1111 tablet_copy_service.cc:130] P 4f51846d103c43d2936780f98a5eae77: Received BeginTabletCopySession request for tablet 6ad5e8871af144f5b846be2e9601de89 from peer b35e015d8b1c4ee481fa9ecb0f6a79b8 ({username='slave'} at 127.0.177.2:33241)
I0823 00:29:48.502820 1111 tablet_copy_service.cc:149] P 4f51846d103c43d2936780f98a5eae77: Beginning new tablet copy session on tablet 6ad5e8871af144f5b846be2e9601de89 from peer b35e015d8b1c4ee481fa9ecb0f6a79b8 at {username='slave'} at 127.0.177.2:33241: session id = b35e015d8b1c4ee481fa9ecb0f6a79b8-6ad5e8871af144f5b846be2e9601de89
W0823 00:29:48.502902 1111 tablet_copy_service.cc:413] P 4f51846d103c43d2936780f98a5eae77: Error handling TabletCopyService RPC request from {username='slave'} at 127.0.177.2:33241: Error beginning tablet copy session for tablet 6ad5e8871af144f5b846be2e9601de89: Illegal state: The tablet is not in a running state: BOOTSTRAPPING
I0823 00:29:48.510161 1010 ts_tablet_manager.cc:535] T 6ad5e8871af144f5b846be2e9601de89 P b35e015d8b1c4ee481fa9ecb0f6a79b8: Initiating tablet copy from peer 4f51846d103c43d2936780f98a5eae77 (127.0.177.1:55742)
I0823 00:29:48.510284 1010 tablet_copy_client.cc:192] T 6ad5e8871af144f5b846be2e9601de89 P b35e015d8b1c4ee481fa9ecb0f6a79b8: tablet copy: Beginning tablet copy session from remote peer at address 127.0.177.1:55742
I0823 00:29:48.511237 1111 tablet_copy_service.cc:130] P 4f51846d103c43d2936780f98a5eae77: Received BeginTabletCopySession request for tablet 6ad5e8871af144f5b846be2e9601de89 from peer b35e015d8b1c4ee481fa9ecb0f6a79b8 ({username='slave'} at 127.0.177.2:33241)
I0823 00:29:48.511351 1111 tablet_copy_service.cc:149] P 4f51846d103c43d2936780f98a5eae77: Beginning new tablet copy session on tablet 6ad5e8871af144f5b846be2e9601de89 from peer b35e015d8b1c4ee481fa9ecb0f6a79b8 at {username='slave'} at 127.0.177.2:33241: session id = b35e015d8b1c4ee481fa9ecb0f6a79b8-6ad5e8871af144f5b846be2e9601de89
W0823 00:29:48.511492 1111 tablet_copy_service.cc:413] P 4f51846d103c43d2936780f98a5eae77: Error handling TabletCopyService RPC request from {username='slave'} at 127.0.177.2:33241: Error beginning tablet copy session for tablet 6ad5e8871af144f5b846be2e9601de89: Illegal state: The tablet is not in a running state: BOOTSTRAPPING
I0823 00:29:48.513612 1134 heartbeater.cc:406] Master 127.0.177.254:55114 was elected leader, sending a full tablet report...
I0823 00:29:48.531199 1011 ts_tablet_manager.cc:535] T 6ad5e8871af144f5b846be2e9601de89 P b35e015d8b1c4ee481fa9ecb0f6a79b8: Initiating tablet copy from peer 4f51846d103c43d2936780f98a5eae77 (127.0.177.1:55742)
I0823 00:29:48.531308 1011 tablet_copy_client.cc:192] T 6ad5e8871af144f5b846be2e9601de89 P b35e015d8b1c4ee481fa9ecb0f6a79b8: tablet copy: Beginning tablet copy session from remote peer at address 127.0.177.1:55742
I0823 00:29:48.532160 1111 tablet_copy_service.cc:130] P 4f51846d103c43d2936780f98a5eae77: Received BeginTabletCopySession request for tablet 6ad5e8871af144f5b846be2e9601de89 from peer b35e015d8b1c4ee481fa9ecb0f6a79b8 ({username='slave'} at 127.0.177.2:33241)
I0823 00:29:48.532277 1111 tablet_copy_service.cc:149] P 4f51846d103c43d2936780f98a5eae77: Beginning new tablet copy session on tablet 6ad5e8871af144f5b846be2e9601de89 from peer b35e015d8b1c4ee481fa9ecb0f6a79b8 at {username='slave'} at 127.0.177.2:33241: session id = b35e015d8b1c4ee481fa9ecb0f6a79b8-6ad5e8871af144f5b846be2e9601de89
W0823 00:29:48.532382 1111 tablet_copy_service.cc:413] P 4f51846d103c43d2936780f98a5eae77: Error handling TabletCopyService RPC request from {username='slave'} at 127.0.177.2:33241: Error beginning tablet copy session for tablet 6ad5e8871af144f5b846be2e9601de89: Illegal state: The tablet is not in a running state: BOOTSTRAPPING
I0823 00:29:48.542349 1012 ts_tablet_manager.cc:535] T 6ad5e8871af144f5b846be2e9601de89 P b35e015d8b1c4ee481fa9ecb0f6a79b8: Initiating tablet copy from peer 4f51846d103c43d2936780f98a5eae77 (127.0.177.1:55742)
I0823 00:29:48.542506 1012 tablet_copy_client.cc:192] T 6ad5e8871af144f5b846be2e9601de89 P b35e015d8b1c4ee481fa9ecb0f6a79b8: tablet copy: Beginning tablet copy session from remote peer at address 127.0.177.1:55742
I0823 00:29:48.543428 1111 tablet_copy_service.cc:130] P 4f51846d103c43d2936780f98a5eae77: Received BeginTabletCopySession request for tablet 6ad5e8871af144f5b846be2e9601de89 from peer b35e015d8b1c4ee481fa9ecb0f6a79b8 ({username='slave'} at 127.0.177.2:33241)
I0823 00:29:48.543534 1111 tablet_copy_service.cc:149] P 4f51846d103c43d2936780f98a5eae77: Beginning new tablet copy session on tablet 6ad5e8871af144f5b846be2e9601de89 from peer b35e015d8b1c4ee481fa9ecb0f6a79b8 at {username='slave'} at 127.0.177.2:33241: session id = b35e015d8b1c4ee481fa9ecb0f6a79b8-6ad5e8871af144f5b846be2e9601de89
W0823 00:29:48.543639 1111 tablet_copy_service.cc:413] P 4f51846d103c43d2936780f98a5eae77: Error handling TabletCopyService RPC request from {username='slave'} at 127.0.177.2:33241: Error beginning tablet copy session for tablet 6ad5e8871af144f5b846be2e9601de89: Illegal state: The tablet is not in a running state: BOOTSTRAPPING
I0823 00:29:48.544759 1010 ts_tablet_manager.cc:535] T 6ad5e8871af144f5b846be2e9601de89 P b35e015d8b1c4ee481fa9ecb0f6a79b8: Initiating tablet copy from peer 4f51846d103c43d2936780f98a5eae77 (127.0.177.1:55742)
I0823 00:29:48.544862 1010 tablet_copy_client.cc:192] T 6ad5e8871af144f5b846be2e9601de89 P b35e015d8b1c4ee481fa9ecb0f6a79b8: tablet copy: Beginning tablet copy session from remote peer at address 127.0.177.1:55742
I0823 00:29:48.545866 1111 tablet_copy_service.cc:130] P 4f51846d103c43d2936780f98a5eae77: Received BeginTabletCopySession request for tablet 6ad5e8871af144f5b846be2e9601de89 from peer b35e015d8b1c4ee481fa9ecb0f6a79b8 ({username='slave'} at 127.0.177.2:33241)
I0823 00:29:48.545995 1111 tablet_copy_service.cc:149] P 4f51846d103c43d2936780f98a5eae77: Beginning new tablet copy session on tablet 6ad5e8871af144f5b846be2e9601de89 from peer b35e015d8b1c4ee481fa9ecb0f6a79b8 at {username='slave'} at 127.0.177.2:33241: session id = b35e015d8b1c4ee481fa9ecb0f6a79b8-6ad5e8871af144f5b846be2e9601de89
W0823 00:29:48.546092 1111 tablet_copy_service.cc:413] P 4f51846d103c43d2936780f98a5eae77: Error handling TabletCopyService RPC request from {username='slave'} at 127.0.177.2:33241: Error beginning tablet copy session for tablet 6ad5e8871af144f5b846be2e9601de89: Illegal state: The tablet is not in a running state: BOOTSTRAPPING
I0823 00:29:48.548133 1011 ts_tablet_manager.cc:535] T 6ad5e8871af144f5b846be2e9601de89 P b35e015d8b1c4ee481fa9ecb0f6a79b8: Initiating tablet copy from peer 4f51846d103c43d2936780f98a5eae77 (127.0.177.1:55742)
I0823 00:29:48.548233 1011 tablet_copy_client.cc:192] T 6ad5e8871af144f5b846be2e9601de89 P b35e015d8b1c4ee481fa9ecb0f6a79b8: tablet copy: Beginning tablet copy session from remote peer at address 127.0.177.1:55742
I0823 00:29:48.548868 1111 tablet_copy_service.cc:130] P 4f51846d103c43d2936780f98a5eae77: Received BeginTabletCopySession request for tablet 6ad5e8871af144f5b846be2e9601de89 from peer b35e015d8b1c4ee481fa9ecb0f6a79b8 ({username='slave'} at 127.0.177.2:33241)
I0823 00:29:48.548977 1111 tablet_copy_service.cc:149] P 4f51846d103c43d2936780f98a5eae77: Beginning new tablet copy session on tablet 6ad5e8871af144f5b846be2e9601de89 from peer b35e015d8b1c4ee481fa9ecb0f6a79b8 at {username='slave'} at 127.0.177.2:33241: session id = b35e015d8b1c4ee481fa9ecb0f6a79b8-6ad5e8871af144f5b846be2e9601de89
W0823 00:29:48.549085 1111 tablet_copy_service.cc:413] P 4f51846d103c43d2936780f98a5eae77: Error handling TabletCopyService RPC request from {username='slave'} at 127.0.177.2:33241: Error beginning tablet copy session for tablet 6ad5e8871af144f5b846be2e9601de89: Illegal state: The tablet is not in a running state: BOOTSTRAPPING
I0823 00:29:48.553062 1013 ts_tablet_manager.cc:535] T 6ad5e8871af144f5b846be2e9601de89 P b35e015d8b1c4ee481fa9ecb0f6a79b8: Initiating tablet copy from peer 4f51846d103c43d2936780f98a5eae77 (127.0.177.1:55742)
I0823 00:29:48.553169 1013 tablet_copy_client.cc:192] T 6ad5e8871af144f5b846be2e9601de89 P b35e015d8b1c4ee481fa9ecb0f6a79b8: tablet copy: Beginning tablet copy session from remote peer at address 127.0.177.1:55742
I0823 00:29:48.553825 1111 tablet_copy_service.cc:130] P 4f51846d103c43d2936780f98a5eae77: Received BeginTabletCopySession request for tablet 6ad5e8871af144f5b846be2e9601de89 from peer b35e015d8b1c4ee481fa9ecb0f6a79b8 ({username='slave'} at 127.0.177.2:33241)
I0823 00:29:48.553941 1111 tablet_copy_service.cc:149] P 4f51846d103c43d2936780f98a5eae77: Beginning new tablet copy session on tablet 6ad5e8871af144f5b846be2e9601de89 from peer b35e015d8b1c4ee481fa9ecb0f6a79b8 at {username='slave'} at 127.0.177.2:33241: session id = b35e015d8b1c4ee481fa9ecb0f6a79b8-6ad5e8871af144f5b846be2e9601de89
W0823 00:29:48.554039 1111 tablet_copy_service.cc:413] P 4f51846d103c43d2936780f98a5eae77: Error handling TabletCopyService RPC request from {username='slave'} at 127.0.177.2:33241: Error beginning tablet copy session for tablet 6ad5e8871af144f5b846be2e9601de89: Illegal state: The tablet is not in a running state: BOOTSTRAPPING
I0823 00:29:48.566954 1012 ts_tablet_manager.cc:535] T 6ad5e8871af144f5b846be2e9601de89 P b35e015d8b1c4ee481fa9ecb0f6a79b8: Initiating tablet copy from peer 4f51846d103c43d2936780f98a5eae77 (127.0.177.1:55742)
I0823 00:29:48.567091 1012 tablet_copy_client.cc:192] T 6ad5e8871af144f5b846be2e9601de89 P b35e015d8b1c4ee481fa9ecb0f6a79b8: tablet copy: Beginning tablet copy session from remote peer at address 127.0.177.1:55742
I0823 00:29:48.567948 1111 tablet_copy_service.cc:130] P 4f51846d103c43d2936780f98a5eae77: Received BeginTabletCopySession request for tablet 6ad5e8871af144f5b846be2e9601de89 from peer b35e015d8b1c4ee481fa9ecb0f6a79b8 ({username='slave'} at 127.0.177.2:33241)
I0823 00:29:48.568064 1111 tablet_copy_service.cc:149] P 4f51846d103c43d2936780f98a5eae77: Beginning new tablet copy session on tablet 6ad5e8871af144f5b846be2e9601de89 from peer b35e015d8b1c4ee481fa9ecb0f6a79b8 at {username='slave'} at 127.0.177.2:33241: session id = b35e015d8b1c4ee481fa9ecb0f6a79b8-6ad5e8871af144f5b846be2e9601de89
W0823 00:29:48.568199 1111 tablet_copy_service.cc:413] P 4f51846d103c43d2936780f98a5eae77: Error handling TabletCopyService RPC request from {username='slave'} at 127.0.177.2:33241: Error beginning tablet copy session for tablet 6ad5e8871af144f5b846be2e9601de89: Illegal state: The tablet is not in a running state: BOOTSTRAPPING
I0823 00:29:48.585750 1010 ts_tablet_manager.cc:535] T 6ad5e8871af144f5b846be2e9601de89 P b35e015d8b1c4ee481fa9ecb0f6a79b8: Initiating tablet copy from peer 4f51846d103c43d2936780f98a5eae77 (127.0.177.1:55742)
I0823 00:29:48.585901 1010 tablet_copy_client.cc:192] T 6ad5e8871af144f5b846be2e9601de89 P b35e015d8b1c4ee481fa9ecb0f6a79b8: tablet copy: Beginning tablet copy session from remote peer at address 127.0.177.1:55742
I0823 00:29:48.586758 1111 tablet_copy_service.cc:130] P 4f51846d103c43d2936780f98a5eae77: Received BeginTabletCopySession request for tablet 6ad5e8871af144f5b846be2e9601de89 from peer b35e015d8b1c4ee481fa9ecb0f6a79b8 ({username='slave'} at 127.0.177.2:33241)
I0823 00:29:48.586925 1111 tablet_copy_service.cc:149] P 4f51846d103c43d2936780f98a5eae77: Beginning new tablet copy session on tablet 6ad5e8871af144f5b846be2e9601de89 from peer b35e015d8b1c4ee481fa9ecb0f6a79b8 at {username='slave'} at 127.0.177.2:33241: session id = b35e015d8b1c4ee481fa9ecb0f6a79b8-6ad5e8871af144f5b846be2e9601de89
W0823 00:29:48.587034 1111 tablet_copy_service.cc:413] P 4f51846d103c43d2936780f98a5eae77: Error handling TabletCopyService RPC request from {username='slave'} at 127.0.177.2:33241: Error beginning tablet copy session for tablet 6ad5e8871af144f5b846be2e9601de89: Illegal state: The tablet is not in a running state: BOOTSTRAPPING
I0823 00:29:48.591797 1013 ts_tablet_manager.cc:535] T 6ad5e8871af144f5b846be2e9601de89 P b35e015d8b1c4ee481fa9ecb0f6a79b8: Initiating tablet copy from peer 4f51846d103c43d2936780f98a5eae77 (127.0.177.1:55742)
I0823 00:29:48.591949 1013 tablet_copy_client.cc:192] T 6ad5e8871af144f5b846be2e9601de89 P b35e015d8b1c4ee481fa9ecb0f6a79b8: tablet copy: Beginning tablet copy session from remote peer at address 127.0.177.1:55742
I0823 00:29:48.592783 1111 tablet_copy_service.cc:130] P 4f51846d103c43d2936780f98a5eae77: Received BeginTabletCopySession request for tablet 6ad5e8871af144f5b846be2e9601de89 from peer b35e015d8b1c4ee481fa9ecb0f6a79b8 ({username='slave'} at 127.0.177.2:33241)
I0823 00:29:48.592905 1111 tablet_copy_service.cc:149] P 4f51846d103c43d2936780f98a5eae77: Beginning new tablet copy session on tablet 6ad5e8871af144f5b846be2e9601de89 from peer b35e015d8b1c4ee481fa9ecb0f6a79b8 at {username='slave'} at 127.0.177.2:33241: session id = b35e015d8b1c4ee481fa9ecb0f6a79b8-6ad5e8871af144f5b846be2e9601de89
W0823 00:29:48.593026 1111 tablet_copy_service.cc:413] P 4f51846d103c43d2936780f98a5eae77: Error handling TabletCopyService RPC request from {username='slave'} at 127.0.177.2:33241: Error beginning tablet copy session for tablet 6ad5e8871af144f5b846be2e9601de89: Illegal state: The tablet is not in a running state: BOOTSTRAPPING
I0823 00:29:48.596978 1012 ts_tablet_manager.cc:535] T 6ad5e8871af144f5b846be2e9601de89 P b35e015d8b1c4ee481fa9ecb0f6a79b8: Initiating tablet copy from peer 4f51846d103c43d2936780f98a5eae77 (127.0.177.1:55742)
I0823 00:29:48.597127 1012 tablet_copy_client.cc:192] T 6ad5e8871af144f5b846be2e9601de89 P b35e015d8b1c4ee481fa9ecb0f6a79b8: tablet copy: Beginning tablet copy session from remote peer at address 127.0.177.1:55742
I0823 00:29:48.598021 1111 tablet_copy_service.cc:130] P 4f51846d103c43d2936780f98a5eae77: Received BeginTabletCopySession request for tablet 6ad5e8871af144f5b846be2e9601de89 from peer b35e015d8b1c4ee481fa9ecb0f6a79b8 ({username='slave'} at 127.0.177.2:33241)
I0823 00:29:48.598234 1111 tablet_copy_service.cc:149] P 4f51846d103c43d2936780f98a5eae77: Beginning new tablet copy session on tablet 6ad5e8871af144f5b846be2e9601de89 from peer b35e015d8b1c4ee481fa9ecb0f6a79b8 at {username='slave'} at 127.0.177.2:33241: session id = b35e015d8b1c4ee481fa9ecb0f6a79b8-6ad5e8871af144f5b846be2e9601de89
W0823 00:29:48.598383 1111 tablet_copy_service.cc:413] P 4f51846d103c43d2936780f98a5eae77: Error handling TabletCopyService RPC request from {username='slave'} at 127.0.177.2:33241: Error beginning tablet copy session for tablet 6ad5e8871af144f5b846be2e9601de89: Illegal state: The tablet is not in a running state: BOOTSTRAPPING
I0823 00:29:48.604425 1010 ts_tablet_manager.cc:535] T 6ad5e8871af144f5b846be2e9601de89 P b35e015d8b1c4ee481fa9ecb0f6a79b8: Initiating tablet copy from peer 4f51846d103c43d2936780f98a5eae77 (127.0.177.1:55742)
I0823 00:29:48.604562 1010 tablet_copy_client.cc:192] T 6ad5e8871af144f5b846be2e9601de89 P b35e015d8b1c4ee481fa9ecb0f6a79b8: tablet copy: Beginning tablet copy session from remote peer at address 127.0.177.1:55742
I0823 00:29:48.605425 1111 tablet_copy_service.cc:130] P 4f51846d103c43d2936780f98a5eae77: Received BeginTabletCopySession request for tablet 6ad5e8871af144f5b846be2e9601de89 from peer b35e015d8b1c4ee481fa9ecb0f6a79b8 ({username='slave'} at 127.0.177.2:33241)
I0823 00:29:48.605540 1111 tablet_copy_service.cc:149] P 4f51846d103c43d2936780f98a5eae77: Beginning new tablet copy session on tablet 6ad5e8871af144f5b846be2e9601de89 from peer b35e015d8b1c4ee481fa9ecb0f6a79b8 at {username='slave'} at 127.0.177.2:33241: session id = b35e015d8b1c4ee481fa9ecb0f6a79b8-6ad5e8871af144f5b846be2e9601de89
W0823 00:29:48.605675 1111 tablet_copy_service.cc:413] P 4f51846d103c43d2936780f98a5eae77: Error handling TabletCopyService RPC request from {username='slave'} at 127.0.177.2:33241: Error beginning tablet copy session for tablet 6ad5e8871af144f5b846be2e9601de89: Illegal state: The tablet is not in a running state: BOOTSTRAPPING
I0823 00:29:48.632177 1011 ts_tablet_manager.cc:535] T 6ad5e8871af144f5b846be2e9601de89 P b35e015d8b1c4ee481fa9ecb0f6a79b8: Initiating tablet copy from peer 4f51846d103c43d2936780f98a5eae77 (127.0.177.1:55742)
I0823 00:29:48.632316 1011 tablet_copy_client.cc:192] T 6ad5e8871af144f5b846be2e9601de89 P b35e015d8b1c4ee481fa9ecb0f6a79b8: tablet copy: Beginning tablet copy session from remote peer at address 127.0.177.1:55742
I0823 00:29:48.633325 1111 tablet_copy_service.cc:130] P 4f51846d103c43d2936780f98a5eae77: Received BeginTabletCopySession request for tablet 6ad5e8871af144f5b846be2e9601de89 from peer b35e015d8b1c4ee481fa9ecb0f6a79b8 ({username='slave'} at 127.0.177.2:33241)
I0823 00:29:48.633533 1111 tablet_copy_service.cc:149] P 4f51846d103c43d2936780f98a5eae77: Beginning new tablet copy session on tablet 6ad5e8871af144f5b846be2e9601de89 from peer b35e015d8b1c4ee481fa9ecb0f6a79b8 at {username='slave'} at 127.0.177.2:33241: session id = b35e015d8b1c4ee481fa9ecb0f6a79b8-6ad5e8871af144f5b846be2e9601de89
W0823 00:29:48.633668 1111 tablet_copy_service.cc:413] P 4f51846d103c43d2936780f98a5eae77: Error handling TabletCopyService RPC request from {username='slave'} at 127.0.177.2:33241: Error beginning tablet copy session for tablet 6ad5e8871af144f5b846be2e9601de89: Illegal state: The tablet is not in a running state: BOOTSTRAPPING
I0823 00:29:48.635715 1012 ts_tablet_manager.cc:535] T 6ad5e8871af144f5b846be2e9601de89 P b35e015d8b1c4ee481fa9ecb0f6a79b8: Initiating tablet copy from peer 4f51846d103c43d2936780f98a5eae77 (127.0.177.1:55742)
I0823 00:29:48.635839 1012 tablet_copy_client.cc:192] T 6ad5e8871af144f5b846be2e9601de89 P b35e015d8b1c4ee481fa9ecb0f6a79b8: tablet copy: Beginning tablet copy session from remote peer at address 127.0.177.1:55742
I0823 00:29:48.636849 1111 tablet_copy_service.cc:130] P 4f51846d103c43d2936780f98a5eae77: Received BeginTabletCopySession request for tablet 6ad5e8871af144f5b846be2e9601de89 from peer b35e015d8b1c4ee481fa9ecb0f6a79b8 ({username='slave'} at 127.0.177.2:33241)
I0823 00:29:48.637073 1111 tablet_copy_service.cc:149] P 4f51846d103c43d2936780f98a5eae77: Beginning new tablet copy session on tablet 6ad5e8871af144f5b846be2e9601de89 from peer b35e015d8b1c4ee481fa9ecb0f6a79b8 at {username='slave'} at 127.0.177.2:33241: session id = b35e015d8b1c4ee481fa9ecb0f6a79b8-6ad5e8871af144f5b846be2e9601de89
W0823 00:29:48.637244 1111 tablet_copy_service.cc:413] P 4f51846d103c43d2936780f98a5eae77: Error handling TabletCopyService RPC request from {username='slave'} at 127.0.177.2:33241: Error beginning tablet copy session for tablet 6ad5e8871af144f5b846be2e9601de89: Illegal state: The tablet is not in a running state: BOOTSTRAPPING
I0823 00:29:48.639796 1013 ts_tablet_manager.cc:535] T 6ad5e8871af144f5b846be2e9601de89 P b35e015d8b1c4ee481fa9ecb0f6a79b8: Initiating tablet copy from peer 4f51846d103c43d2936780f98a5eae77 (127.0.177.1:55742)
I0823 00:29:48.639914 1013 tablet_copy_client.cc:192] T 6ad5e8871af144f5b846be2e9601de89 P b35e015d8b1c4ee481fa9ecb0f6a79b8: tablet copy: Beginning tablet copy session from remote peer at address 127.0.177.1:55742
I0823 00:29:48.640609 1111 tablet_copy_service.cc:130] P 4f51846d103c43d2936780f98a5eae77: Received BeginTabletCopySession request for tablet 6ad5e8871af144f5b846be2e9601de89 from peer b35e015d8b1c4ee481fa9ecb0f6a79b8 ({username='slave'} at 127.0.177.2:33241)
I0823 00:29:48.640724 1111 tablet_copy_service.cc:149] P 4f51846d103c43d2936780f98a5eae77: Beginning new tablet copy session on tablet 6ad5e8871af144f5b846be2e9601de89 from peer b35e015d8b1c4ee481fa9ecb0f6a79b8 at {username='slave'} at 127.0.177.2:33241: session id = b35e015d8b1c4ee481fa9ecb0f6a79b8-6ad5e8871af144f5b846be2e9601de89
W0823 00:29:48.640821 1111 tablet_copy_service.cc:413] P 4f51846d103c43d2936780f98a5eae77: Error handling TabletCopyService RPC request from {username='slave'} at 127.0.177.2:33241: Error beginning tablet copy session for tablet 6ad5e8871af144f5b846be2e9601de89: Illegal state: The tablet is not in a running state: BOOTSTRAPPING
I0823 00:29:48.649169 1010 ts_tablet_manager.cc:535] T 6ad5e8871af144f5b846be2e9601de89 P b35e015d8b1c4ee481fa9ecb0f6a79b8: Initiating tablet copy from peer 4f51846d103c43d2936780f98a5eae77 (127.0.177.1:55742)
I0823 00:29:48.649294 1010 tablet_copy_client.cc:192] T 6ad5e8871af144f5b846be2e9601de89 P b35e015d8b1c4ee481fa9ecb0f6a79b8: tablet copy: Beginning tablet copy session from remote peer at address 127.0.177.1:55742
I0823 00:29:48.650117 1111 tablet_copy_service.cc:130] P 4f51846d103c43d2936780f98a5eae77: Received BeginTabletCopySession request for tablet 6ad5e8871af144f5b846be2e9601de89 from peer b35e015d8b1c4ee481fa9ecb0f6a79b8 ({username='slave'} at 127.0.177.2:33241)
I0823 00:29:48.650212 1111 tablet_copy_service.cc:149] P 4f51846d103c43d2936780f98a5eae77: Beginning new tablet copy session on tablet 6ad5e8871af144f5b846be2e9601de89 from peer b35e015d8b1c4ee481fa9ecb0f6a79b8 at {username='slave'} at 127.0.177.2:33241: session id = b35e015d8b1c4ee481fa9ecb0f6a79b8-6ad5e8871af144f5b846be2e9601de89
W0823 00:29:48.650324 1111 tablet_copy_service.cc:413] P 4f51846d103c43d2936780f98a5eae77: Error handling TabletCopyService RPC request from {username='slave'} at 127.0.177.2:33241: Error beginning tablet copy session for tablet 6ad5e8871af144f5b846be2e9601de89: Illegal state: The tablet is not in a running state: BOOTSTRAPPING
I0823 00:29:48.651907 1011 ts_tablet_manager.cc:535] T 6ad5e8871af144f5b846be2e9601de89 P b35e015d8b1c4ee481fa9ecb0f6a79b8: Initiating tablet copy from peer 4f51846d103c43d2936780f98a5eae77 (127.0.177.1:55742)
I0823 00:29:48.652024 1011 tablet_copy_client.cc:192] T 6ad5e8871af144f5b846be2e9601de89 P b35e015d8b1c4ee481fa9ecb0f6a79b8: tablet copy: Beginning tablet copy session from remote peer at address 127.0.177.1:55742
I0823 00:29:48.652693 1111 tablet_copy_service.cc:130] P 4f51846d103c43d2936780f98a5eae77: Received BeginTabletCopySession request for tablet 6ad5e8871af144f5b846be2e9601de89 from peer b35e015d8b1c4ee481fa9ecb0f6a79b8 ({username='slave'} at 127.0.177.2:33241)
I0823 00:29:48.652811 1111 tablet_copy_service.cc:149] P 4f51846d103c43d2936780f98a5eae77: Beginning new tablet copy session on tablet 6ad5e8871af144f5b846be2e9601de89 from peer b35e015d8b1c4ee481fa9ecb0f6a79b8 at {username='slave'} at 127.0.177.2:33241: session id = b35e015d8b1c4ee481fa9ecb0f6a79b8-6ad5e8871af144f5b846be2e9601de89
W0823 00:29:48.652925 1111 tablet_copy_service.cc:413] P 4f51846d103c43d2936780f98a5eae77: Error handling TabletCopyService RPC request from {username='slave'} at 127.0.177.2:33241: Error beginning tablet copy session for tablet 6ad5e8871af144f5b846be2e9601de89: Illegal state: The tablet is not in a running state: BOOTSTRAPPING
I0823 00:29:48.666718 1012 ts_tablet_manager.cc:535] T 6ad5e8871af144f5b846be2e9601de89 P b35e015d8b1c4ee481fa9ecb0f6a79b8: Initiating tablet copy from peer 4f51846d103c43d2936780f98a5eae77 (127.0.177.1:55742)
I0823 00:29:48.666857 1012 tablet_copy_client.cc:192] T 6ad5e8871af144f5b846be2e9601de89 P b35e015d8b1c4ee481fa9ecb0f6a79b8: tablet copy: Beginning tablet copy session from remote peer at address 127.0.177.1:55742
I0823 00:29:48.667850 1111 tablet_copy_service.cc:130] P 4f51846d103c43d2936780f98a5eae77: Received BeginTabletCopySession request for tablet 6ad5e8871af144f5b846be2e9601de89 from peer b35e015d8b1c4ee481fa9ecb0f6a79b8 ({username='slave'} at 127.0.177.2:33241)
I0823 00:29:48.667996 1111 tablet_copy_service.cc:149] P 4f51846d103c43d2936780f98a5eae77: Beginning new tablet copy session on tablet 6ad5e8871af144f5b846be2e9601de89 from peer b35e015d8b1c4ee481fa9ecb0f6a79b8 at {username='slave'} at 127.0.177.2:33241: session id = b35e015d8b1c4ee481fa9ecb0f6a79b8-6ad5e8871af144f5b846be2e9601de89
W0823 00:29:48.668123 1111 tablet_copy_service.cc:413] P 4f51846d103c43d2936780f98a5eae77: Error handling TabletCopyService RPC request from {username='slave'} at 127.0.177.2:33241: Error beginning tablet copy session for tablet 6ad5e8871af144f5b846be2e9601de89: Illegal state: The tablet is not in a running state: BOOTSTRAPPING
I0823 00:29:48.674069 1010 ts_tablet_manager.cc:535] T 6ad5e8871af144f5b846be2e9601de89 P b35e015d8b1c4ee481fa9ecb0f6a79b8: Initiating tablet copy from peer 4f51846d103c43d2936780f98a5eae77 (127.0.177.1:55742)
I0823 00:29:48.674201 1010 tablet_copy_client.cc:192] T 6ad5e8871af144f5b846be2e9601de89 P b35e015d8b1c4ee481fa9ecb0f6a79b8: tablet copy: Beginning tablet copy session from remote peer at address 127.0.177.1:55742
I0823 00:29:48.675185 1111 tablet_copy_service.cc:130] P 4f51846d103c43d2936780f98a5eae77: Received BeginTabletCopySession request for tablet 6ad5e8871af144f5b846be2e9601de89 from peer b35e015d8b1c4ee481fa9ecb0f6a79b8 ({username='slave'} at 127.0.177.2:33241)
I0823 00:29:48.675307 1111 tablet_copy_service.cc:149] P 4f51846d103c43d2936780f98a5eae77: Beginning new tablet copy session on tablet 6ad5e8871af144f5b846be2e9601de89 from peer b35e015d8b1c4ee481fa9ecb0f6a79b8 at {username='slave'} at 127.0.177.2:33241: session id = b35e015d8b1c4ee481fa9ecb0f6a79b8-6ad5e8871af144f5b846be2e9601de89
W0823 00:29:48.675431 1111 tablet_copy_service.cc:413] P 4f51846d103c43d2936780f98a5eae77: Error handling TabletCopyService RPC request from {username='slave'} at 127.0.177.2:33241: Error beginning tablet copy session for tablet 6ad5e8871af144f5b846be2e9601de89: Illegal state: The tablet is not in a running state: BOOTSTRAPPING
I0823 00:29:48.693639 1011 ts_tablet_manager.cc:535] T 6ad5e8871af144f5b846be2e9601de89 P b35e015d8b1c4ee481fa9ecb0f6a79b8: Initiating tablet copy from peer 4f51846d103c43d2936780f98a5eae77 (127.0.177.1:55742)
I0823 00:29:48.693789 1011 tablet_copy_client.cc:192] T 6ad5e8871af144f5b846be2e9601de89 P b35e015d8b1c4ee481fa9ecb0f6a79b8: tablet copy: Beginning tablet copy session from remote peer at address 127.0.177.1:55742
I0823 00:29:48.694787 1111 tablet_copy_service.cc:130] P 4f51846d103c43d2936780f98a5eae77: Received BeginTabletCopySession request for tablet 6ad5e8871af144f5b846be2e9601de89 from peer b35e015d8b1c4ee481fa9ecb0f6a79b8 ({username='slave'} at 127.0.177.2:33241)
I0823 00:29:48.694895 1111 tablet_copy_service.cc:149] P 4f51846d103c43d2936780f98a5eae77: Beginning new tablet copy session on tablet 6ad5e8871af144f5b846be2e9601de89 from peer b35e015d8b1c4ee481fa9ecb0f6a79b8 at {username='slave'} at 127.0.177.2:33241: session id = b35e015d8b1c4ee481fa9ecb0f6a79b8-6ad5e8871af144f5b846be2e9601de89
W0823 00:29:48.695039 1111 tablet_copy_service.cc:413] P 4f51846d103c43d2936780f98a5eae77: Error handling TabletCopyService RPC request from {username='slave'} at 127.0.177.2:33241: Error beginning tablet copy session for tablet 6ad5e8871af144f5b846be2e9601de89: Illegal state: The tablet is not in a running state: BOOTSTRAPPING
I0823 00:29:48.704558 1013 ts_tablet_manager.cc:535] T 6ad5e8871af144f5b846be2e9601de89 P b35e015d8b1c4ee481fa9ecb0f6a79b8: Initiating tablet copy from peer 4f51846d103c43d2936780f98a5eae77 (127.0.177.1:55742)
I0823 00:29:48.704699 1013 tablet_copy_client.cc:192] T 6ad5e8871af144f5b846be2e9601de89 P b35e015d8b1c4ee481fa9ecb0f6a79b8: tablet copy: Beginning tablet copy session from remote peer at address 127.0.177.1:55742
I0823 00:29:48.705678 1111 tablet_copy_service.cc:130] P 4f51846d103c43d2936780f98a5eae77: Received BeginTabletCopySession request for tablet 6ad5e8871af144f5b846be2e9601de89 from peer b35e015d8b1c4ee481fa9ecb0f6a79b8 ({username='slave'} at 127.0.177.2:33241)
I0823 00:29:48.705854 1111 tablet_copy_service.cc:149] P 4f51846d103c43d2936780f98a5eae77: Beginning new tablet copy session on tablet 6ad5e8871af144f5b846be2e9601de89 from peer b35e015d8b1c4ee481fa9ecb0f6a79b8 at {username='slave'} at 127.0.177.2:33241: session id = b35e015d8b1c4ee481fa9ecb0f6a79b8-6ad5e8871af144f5b846be2e9601de89
W0823 00:29:48.706002 1111 tablet_copy_service.cc:413] P 4f51846d103c43d2936780f98a5eae77: Error handling TabletCopyService RPC request from {username='slave'} at 127.0.177.2:33241: Error beginning tablet copy session for tablet 6ad5e8871af144f5b846be2e9601de89: Illegal state: The tablet is not in a running state: BOOTSTRAPPING
I0823 00:29:48.714982 1028 tablet_bootstrap.cc:433] T 6ad5e8871af144f5b846be2e9601de89 P 4f51846d103c43d2936780f98a5eae77: Bootstrap replayed 1/1 log segments. Stats: ops{read=214 overwritten=0 applied=214 ignored=0} inserts{seen=10600 ignored=0} mutations{seen=0 ignored=0} orphaned_commits=0. Pending: 0 replicates
I0823 00:29:48.715548 1028 tablet_bootstrap.cc:433] T 6ad5e8871af144f5b846be2e9601de89 P 4f51846d103c43d2936780f98a5eae77: Bootstrap complete.
I0823 00:29:48.716600 1028 ts_tablet_manager.cc:778] T 6ad5e8871af144f5b846be2e9601de89 P 4f51846d103c43d2936780f98a5eae77: Time spent bootstrapping tablet: real 1.420s user 0.648s sys 0.068s
I0823 00:29:48.718749 1028 raft_consensus.cc:316] T 6ad5e8871af144f5b846be2e9601de89 P 4f51846d103c43d2936780f98a5eae77 [term 2 FOLLOWER]: Replica starting. Triggering 0 pending transactions. Active config: opid_index: -1 OBSOLETE_local: true peers { permanent_uuid: "4f51846d103c43d2936780f98a5eae77" member_type: VOTER last_known_addr { host: "127.0.177.1" port: 55742 } }
I0823 00:29:48.720692 1028 raft_consensus.cc:598] T 6ad5e8871af144f5b846be2e9601de89 P 4f51846d103c43d2936780f98a5eae77 [term 2 FOLLOWER]: Becoming Follower/Learner. State: Replica: 4f51846d103c43d2936780f98a5eae77, State: Initialized, Role: FOLLOWER
I0823 00:29:48.720878 1028 consensus_queue.cc:191] T 6ad5e8871af144f5b846be2e9601de89 P 4f51846d103c43d2936780f98a5eae77 [NON_LEADER]: Queue going to NON_LEADER mode. State: All replicated index: 0, Majority replicated index: 0, Committed index: 214, Last appended: 2.214, Last appended by leader: 214, Current term: 0, Majority size: -1, State: 0, Mode: NON_LEADER
I0823 00:29:48.720979 1028 raft_consensus.cc:353] T 6ad5e8871af144f5b846be2e9601de89 P 4f51846d103c43d2936780f98a5eae77 [term 2 FOLLOWER]: Only one voter in the Raft config. Triggering election immediately
I0823 00:29:48.721056 1028 raft_consensus.cc:437] T 6ad5e8871af144f5b846be2e9601de89 P 4f51846d103c43d2936780f98a5eae77 [term 2 FOLLOWER]: Starting leader election (initial election of a single-replica configuration)
I0823 00:29:48.721137 1028 raft_consensus.cc:2429] T 6ad5e8871af144f5b846be2e9601de89 P 4f51846d103c43d2936780f98a5eae77: Snoozing failure detection for election timeout plus an additional 1.752s
I0823 00:29:48.721230 1028 raft_consensus.cc:2476] T 6ad5e8871af144f5b846be2e9601de89 P 4f51846d103c43d2936780f98a5eae77 [term 2 FOLLOWER]: Advancing to term 3
I0823 00:29:48.723440 1010 ts_tablet_manager.cc:535] T 6ad5e8871af144f5b846be2e9601de89 P b35e015d8b1c4ee481fa9ecb0f6a79b8: Initiating tablet copy from peer 4f51846d103c43d2936780f98a5eae77 (127.0.177.1:55742)
I0823 00:29:48.723562 1010 tablet_copy_client.cc:192] T 6ad5e8871af144f5b846be2e9601de89 P b35e015d8b1c4ee481fa9ecb0f6a79b8: tablet copy: Beginning tablet copy session from remote peer at address 127.0.177.1:55742
I0823 00:29:48.723779 1028 raft_consensus.cc:461] T 6ad5e8871af144f5b846be2e9601de89 P 4f51846d103c43d2936780f98a5eae77 [term 3 FOLLOWER]: Starting leader election with config: opid_index: -1 OBSOLETE_local: true peers { permanent_uuid: "4f51846d103c43d2936780f98a5eae77" member_type: VOTER last_known_addr { host: "127.0.177.1" port: 55742 } }
I0823 00:29:48.724323 1028 leader_election.cc:248] T 6ad5e8871af144f5b846be2e9601de89 P 4f51846d103c43d2936780f98a5eae77 [CANDIDATE]: Term 3 election: Election decided. Result: candidate won.
I0823 00:29:48.724644 1111 tablet_copy_service.cc:130] P 4f51846d103c43d2936780f98a5eae77: Received BeginTabletCopySession request for tablet 6ad5e8871af144f5b846be2e9601de89 from peer b35e015d8b1c4ee481fa9ecb0f6a79b8 ({username='slave'} at 127.0.177.2:33241)
I0823 00:29:48.724807 1111 tablet_copy_service.cc:149] P 4f51846d103c43d2936780f98a5eae77: Beginning new tablet copy session on tablet 6ad5e8871af144f5b846be2e9601de89 from peer b35e015d8b1c4ee481fa9ecb0f6a79b8 at {username='slave'} at 127.0.177.2:33241: session id = b35e015d8b1c4ee481fa9ecb0f6a79b8-6ad5e8871af144f5b846be2e9601de89
W0823 00:29:48.724939 1111 tablet_copy_service.cc:413] P 4f51846d103c43d2936780f98a5eae77: Error handling TabletCopyService RPC request from {username='slave'} at 127.0.177.2:33241: Error beginning tablet copy session for tablet 6ad5e8871af144f5b846be2e9601de89: Illegal state: The tablet is not in a running state: BOOTSTRAPPING
I0823 00:29:48.725044 1156 raft_consensus.cc:2429] T 6ad5e8871af144f5b846be2e9601de89 P 4f51846d103c43d2936780f98a5eae77: Snoozing failure detection for election timeout plus an additional 2.177s
I0823 00:29:48.725163 1156 raft_consensus.cc:2224] T 6ad5e8871af144f5b846be2e9601de89 P 4f51846d103c43d2936780f98a5eae77 [term 3 FOLLOWER]: Leader election won for term 3
I0823 00:29:48.726966 1028 ts_tablet_manager.cc:807] T 6ad5e8871af144f5b846be2e9601de89 P 4f51846d103c43d2936780f98a5eae77: Time spent starting tablet: real 0.010s user 0.008s sys 0.004s
I0823 00:29:48.727125 1156 raft_consensus.cc:564] T 6ad5e8871af144f5b846be2e9601de89 P 4f51846d103c43d2936780f98a5eae77 [term 3 LEADER]: Becoming Leader. State: Replica: 4f51846d103c43d2936780f98a5eae77, State: Running, Role: LEADER
I0823 00:29:48.727386 1156 consensus_queue.cc:170] T 6ad5e8871af144f5b846be2e9601de89 P 4f51846d103c43d2936780f98a5eae77 [LEADER]: Queue going to LEADER mode. State: All replicated index: 0, Majority replicated index: 214, Committed index: 214, Last appended: 2.214, Last appended by leader: 214, Current term: 3, Majority size: 1, State: 0, Mode: LEADER, active raft config: opid_index: -1 OBSOLETE_local: true peers { permanent_uuid: "4f51846d103c43d2936780f98a5eae77" member_type: VOTER last_known_addr { host: "127.0.177.1" port: 55742 } }
I0823 00:29:48.733115 534 catalog_manager.cc:2583] T 6ad5e8871af144f5b846be2e9601de89 reported consensus state change: term changed from 2 to 3. New consensus state: current_term: 3 leader_uuid: "4f51846d103c43d2936780f98a5eae77" committed_config { opid_index: -1 OBSOLETE_local: true peers { permanent_uuid: "4f51846d103c43d2936780f98a5eae77" member_type: VOTER last_known_addr { host: "127.0.177.1" port: 55742 } } }
I0823 00:29:48.735869 1012 ts_tablet_manager.cc:535] T 6ad5e8871af144f5b846be2e9601de89 P b35e015d8b1c4ee481fa9ecb0f6a79b8: Initiating tablet copy from peer 4f51846d103c43d2936780f98a5eae77 (127.0.177.1:55742)
I0823 00:29:48.736006 1012 tablet_copy_client.cc:192] T 6ad5e8871af144f5b846be2e9601de89 P b35e015d8b1c4ee481fa9ecb0f6a79b8: tablet copy: Beginning tablet copy session from remote peer at address 127.0.177.1:55742
I0823 00:29:48.736907 1111 tablet_copy_service.cc:130] P 4f51846d103c43d2936780f98a5eae77: Received BeginTabletCopySession request for tablet 6ad5e8871af144f5b846be2e9601de89 from peer b35e015d8b1c4ee481fa9ecb0f6a79b8 ({username='slave'} at 127.0.177.2:33241)
I0823 00:29:48.737036 1111 tablet_copy_service.cc:149] P 4f51846d103c43d2936780f98a5eae77: Beginning new tablet copy session on tablet 6ad5e8871af144f5b846be2e9601de89 from peer b35e015d8b1c4ee481fa9ecb0f6a79b8 at {username='slave'} at 127.0.177.2:33241: session id = b35e015d8b1c4ee481fa9ecb0f6a79b8-6ad5e8871af144f5b846be2e9601de89
I0823 00:29:48.738894 1111 tablet_copy_source_session.cc:162] T 6ad5e8871af144f5b846be2e9601de89 P 4f51846d103c43d2936780f98a5eae77: Tablet Copy: opened 0 blocks and 1 log segments
I0823 00:29:48.748486 1012 ts_tablet_manager.cc:903] T 6ad5e8871af144f5b846be2e9601de89 P b35e015d8b1c4ee481fa9ecb0f6a79b8: Registered tablet (data state: TABLET_DATA_COPYING)
I0823 00:29:48.748661 1012 tablet_copy_client.cc:458] T 6ad5e8871af144f5b846be2e9601de89 P b35e015d8b1c4ee481fa9ecb0f6a79b8: tablet copy: Starting download of 0 data blocks...
I0823 00:29:48.749071 1012 tablet_copy_client.cc:421] T 6ad5e8871af144f5b846be2e9601de89 P b35e015d8b1c4ee481fa9ecb0f6a79b8: tablet copy: Starting download of 1 WAL segments...
I0823 00:29:48.755719 1012 tablet_copy_client.cc:327] T 6ad5e8871af144f5b846be2e9601de89 P b35e015d8b1c4ee481fa9ecb0f6a79b8: tablet copy: Tablet Copy complete. Replacing tablet superblock.
I0823 00:29:48.758100 1012 ts_tablet_manager.cc:766] T 6ad5e8871af144f5b846be2e9601de89 P b35e015d8b1c4ee481fa9ecb0f6a79b8: Bootstrapping tablet
I0823 00:29:48.758460 1012 tablet_bootstrap.cc:433] T 6ad5e8871af144f5b846be2e9601de89 P b35e015d8b1c4ee481fa9ecb0f6a79b8: Bootstrap starting.
I0823 00:29:48.806951 1012 log.cc:518] T 6ad5e8871af144f5b846be2e9601de89 P b35e015d8b1c4ee481fa9ecb0f6a79b8: Log is configured to *not* fsync() on all Append() calls
I0823 00:29:49.361090 1012 tablet_bootstrap.cc:433] T 6ad5e8871af144f5b846be2e9601de89 P b35e015d8b1c4ee481fa9ecb0f6a79b8: Bootstrap replayed 1/1 log segments. Stats: ops{read=215 overwritten=0 applied=215 ignored=0} inserts{seen=10600 ignored=0} mutations{seen=0 ignored=0} orphaned_commits=0. Pending: 0 replicates
I0823 00:29:49.361512 1012 tablet_bootstrap.cc:433] T 6ad5e8871af144f5b846be2e9601de89 P b35e015d8b1c4ee481fa9ecb0f6a79b8: Bootstrap complete.
I0823 00:29:49.361838 1012 ts_tablet_manager.cc:778] T 6ad5e8871af144f5b846be2e9601de89 P b35e015d8b1c4ee481fa9ecb0f6a79b8: Time spent bootstrapping tablet: real 0.604s user 0.524s sys 0.064s
