I0819 06:34:41.003319 3486 log.cc:868] T baa240f65f74450e95664c3b5adb6da9 P b50ee9ceeb65458495ef77d5d2dccbbc: Deleting log segment in path: /tmp/run_tha_test479zHR/test-tmp/raft_consensus-itest.RaftConsensusITest.TestEvictAbandonedFollowers.1503124412820022-1150/raft_consensus-itest-cluster/ts-1/wal/wals/baa240f65f74450e95664c3b5adb6da9/wal-000000002 (ops 9-15)
I0819 06:34:41.003324 3611 multi_column_writer.cc:95] Opened CFile writers for 3 column(s)
I0819 06:34:41.003535 3486 log.cc:868] T baa240f65f74450e95664c3b5adb6da9 P b50ee9ceeb65458495ef77d5d2dccbbc: Deleting log segment in path: /tmp/run_tha_test479zHR/test-tmp/raft_consensus-itest.RaftConsensusITest.TestEvictAbandonedFollowers.1503124412820022-1150/raft_consensus-itest-cluster/ts-1/wal/wals/baa240f65f74450e95664c3b5adb6da9/wal-000000003 (ops 16-22)
I0819 06:34:41.004552 3486 maintenance_manager.cc:466] Time spent running LogGCOp(baa240f65f74450e95664c3b5adb6da9): real 0.002s user 0.000s sys 0.000s
I0819 06:34:41.004727 3486 maintenance_manager.cc:472] P b50ee9ceeb65458495ef77d5d2dccbbc: LogGCOp(baa240f65f74450e95664c3b5adb6da9) metrics: {}
I0819 06:34:41.005983 1150 raft_consensus-itest.cc:746] Log GC complete on b50ee9ceeb65458495ef77d5d2dccbbc
I0819 06:34:41.007292 3486 maintenance_manager.cc:466] Time spent running UndoDeltaBlockGCOp(baa240f65f74450e95664c3b5adb6da9): real 0.002s user 0.000s sys 0.000s
I0819 06:34:41.007473 3486 maintenance_manager.cc:472] P b50ee9ceeb65458495ef77d5d2dccbbc: UndoDeltaBlockGCOp(baa240f65f74450e95664c3b5adb6da9) metrics: {"cfile_init":2,"lbm_read_time_us":356,"lbm_reads_lt_1ms":8}
I0819 06:34:41.008780 3486 tablet.cc:1519] T baa240f65f74450e95664c3b5adb6da9 P b50ee9ceeb65458495ef77d5d2dccbbc: Compaction: stage 1 complete, picked 2 rowsets to compact
I0819 06:34:41.008977 3486 compaction.cc:884] Selected 2 rowsets to compact:
I0819 06:34:41.009120 3486 compaction.cc:887] RowSet(0)(current size on disk: ~136119 bytes)
I0819 06:34:41.009305 3486 compaction.cc:887] RowSet(1)(current size on disk: ~136093 bytes)
I0819 06:34:41.009483 3486 tablet.cc:1305] T baa240f65f74450e95664c3b5adb6da9 P b50ee9ceeb65458495ef77d5d2dccbbc: Compaction: entering phase 1 (flushing snapshot). Phase 1 snapshot: MvccSnapshot[committed={T|T < 6156797873492078592 or (T in {6156797873492078592})}]
I0819 06:34:41.011443 3486 multi_column_writer.cc:95] Opened CFile writers for 3 column(s)
W0819 06:34:41.156327 3490 consensus_peers.cc:396] T baa240f65f74450e95664c3b5adb6da9 P b50ee9ceeb65458495ef77d5d2dccbbc -> Peer cd3b50a0af2548c5b2b14337d8f9b265 (127.4.126.1:38321): Couldn't send request to peer cd3b50a0af2548c5b2b14337d8f9b265 for tablet baa240f65f74450e95664c3b5adb6da9. Status: Timed out: UpdateConsensus RPC to 127.4.126.1:38321 timed out after 1.000s (SENT). Retrying in the next heartbeat period. Already tried 1 times.
I0819 06:34:41.295554 3486 tablet.cc:1390] T baa240f65f74450e95664c3b5adb6da9 P b50ee9ceeb65458495ef77d5d2dccbbc: Compaction: entering phase 2 (starting to duplicate updates in new rowsets)
I0819 06:34:41.296064 3486 tablet.cc:1445] T baa240f65f74450e95664c3b5adb6da9 P b50ee9ceeb65458495ef77d5d2dccbbc: Compaction Phase 2: carrying over any updates which arrived during Phase 1
I0819 06:34:41.296257 3486 tablet.cc:1447] T baa240f65f74450e95664c3b5adb6da9 P b50ee9ceeb65458495ef77d5d2dccbbc: Phase 2 snapshot: MvccSnapshot[committed={T|T < 6156797873492078592 or (T in {6156797873492078592})}]
I0819 06:34:41.297255 3611 tablet.cc:1390] T baa240f65f74450e95664c3b5adb6da9 P a331dc44a9014f3caa72b13d0954dd6c: Compaction: entering phase 2 (starting to duplicate updates in new rowsets)
I0819 06:34:41.297672 3611 tablet.cc:1445] T baa240f65f74450e95664c3b5adb6da9 P a331dc44a9014f3caa72b13d0954dd6c: Compaction Phase 2: carrying over any updates which arrived during Phase 1
I0819 06:34:41.297850 3611 tablet.cc:1447] T baa240f65f74450e95664c3b5adb6da9 P a331dc44a9014f3caa72b13d0954dd6c: Phase 2 snapshot: MvccSnapshot[committed={T|T < 6156797873492078592 or (T in {6156797873492078592})}]
I0819 06:34:41.382055 3755 consensus_peers.cc:212] T baa240f65f74450e95664c3b5adb6da9 P b50ee9ceeb65458495ef77d5d2dccbbc -> Peer cd3b50a0af2548c5b2b14337d8f9b265 (127.4.126.1:38321): Could not obtain request from queue for peer: cd3b50a0af2548c5b2b14337d8f9b265. Status: Not found: Failed to read ops 3..29: Segment 1 which contained index 3 has been GCed
I0819 06:34:41.382980 3755 raft_consensus.cc:770] T baa240f65f74450e95664c3b5adb6da9 P b50ee9ceeb65458495ef77d5d2dccbbc: Attempting to remove follower cd3b50a0af2548c5b2b14337d8f9b265 from the Raft config. Reason: The logs necessary to catch up peer cd3b50a0af2548c5b2b14337d8f9b265 have been garbage collected. The follower will never be able to catch up (Not found: Failed to read ops 3..29: Segment 1 which contained index 3 has been GCed)
I0819 06:34:41.383705 3755 consensus_peers.cc:418] T baa240f65f74450e95664c3b5adb6da9 P b50ee9ceeb65458495ef77d5d2dccbbc -> Peer a331dc44a9014f3caa72b13d0954dd6c (127.4.126.3:50890): Closing peer: a331dc44a9014f3caa72b13d0954dd6c
I0819 06:34:41.383900 3755 consensus_peers.cc:418] T baa240f65f74450e95664c3b5adb6da9 P b50ee9ceeb65458495ef77d5d2dccbbc -> Peer cd3b50a0af2548c5b2b14337d8f9b265 (127.4.126.1:38321): Closing peer: cd3b50a0af2548c5b2b14337d8f9b265
I0819 06:34:41.384567 3755 consensus_queue.cc:169] T baa240f65f74450e95664c3b5adb6da9 P b50ee9ceeb65458495ef77d5d2dccbbc [LEADER]: Queue going to LEADER mode. State: All replicated index: 1, Majority replicated index: 37, Committed index: 37, Last appended: 1.37, Last appended by leader: 0, Current term: 1, Majority size: 2, State: 1, Mode: LEADER, active raft config: opid_index: 38 OBSOLETE_local: false peers { permanent_uuid: "b50ee9ceeb65458495ef77d5d2dccbbc" member_type: VOTER last_known_addr { host: "127.4.126.2" port: 51392 } } peers { permanent_uuid: "a331dc44a9014f3caa72b13d0954dd6c" member_type: VOTER last_known_addr { host: "127.4.126.3" port: 50890 } }
I0819 06:34:41.387442 3611 tablet.cc:1489] T baa240f65f74450e95664c3b5adb6da9 P a331dc44a9014f3caa72b13d0954dd6c: Compaction successful on 30 rows (135937 bytes)
I0819 06:34:41.389029 3611 maintenance_manager.cc:466] Time spent running CompactRowSetsOp(baa240f65f74450e95664c3b5adb6da9): real 0.389s user 0.336s sys 0.048s
I0819 06:34:41.389240 3611 maintenance_manager.cc:472] P a331dc44a9014f3caa72b13d0954dd6c: CompactRowSetsOp(baa240f65f74450e95664c3b5adb6da9) metrics: {"cfile_cache_hit":10,"cfile_cache_hit_bytes":262394,"cfile_cache_miss":26,"cfile_cache_miss_bytes":264040,"cfile_init":5,"data dir 0.queue_time_us":1637,"data dir 0.run_cpu_time_us":449,"data dir 0.run_wall_time_us":2392,"delta_iterators_relevant":4,"lbm_read_time_us":4137,"lbm_reads_1-10_ms":2,"lbm_reads_lt_1ms":44,"lbm_write_time_us":1698,"lbm_writes_lt_1ms":23,"mutex_wait_us":14}
I0819 06:34:41.391273 3611 maintenance_manager.cc:466] Time spent running UndoDeltaBlockGCOp(baa240f65f74450e95664c3b5adb6da9): real 0.001s user 0.000s sys 0.000s
I0819 06:34:41.391468 3683 raft_consensus.cc:961] T baa240f65f74450e95664c3b5adb6da9 P a331dc44a9014f3caa72b13d0954dd6c [term 1 FOLLOWER]: Refusing update from remote peer b50ee9ceeb65458495ef77d5d2dccbbc: Log matching property violated. Preceding OpId in replica: term: 1 index: 37. Preceding OpId from leader: term: 1 index: 38. (index mismatch)
I0819 06:34:41.391470 3611 maintenance_manager.cc:472] P a331dc44a9014f3caa72b13d0954dd6c: UndoDeltaBlockGCOp(baa240f65f74450e95664c3b5adb6da9) metrics: {"cfile_init":1,"lbm_read_time_us":170,"lbm_reads_lt_1ms":4}
I0819 06:34:41.393124 3765 consensus_queue.cc:726] T baa240f65f74450e95664c3b5adb6da9 P b50ee9ceeb65458495ef77d5d2dccbbc [LEADER]: Connected to new peer: Peer: a331dc44a9014f3caa72b13d0954dd6c, Is new: false, Last received: 1.37, Next index: 38, Last known committed idx: 37, Last exchange result: ERROR, Needs tablet copy: false
I0819 06:34:41.401433 3783 raft_consensus.cc:2339] T baa240f65f74450e95664c3b5adb6da9 P b50ee9ceeb65458495ef77d5d2dccbbc [term 1 LEADER]: Committing config change with OpId 1.38: config changed from index -1 to 38, VOTER cd3b50a0af2548c5b2b14337d8f9b265 (127.4.126.1) evicted. New config: { opid_index: 38 OBSOLETE_local: false peers { permanent_uuid: "b50ee9ceeb65458495ef77d5d2dccbbc" member_type: VOTER last_known_addr { host: "127.4.126.2" port: 51392 } } peers { permanent_uuid: "a331dc44a9014f3caa72b13d0954dd6c" member_type: VOTER last_known_addr { host: "127.4.126.3" port: 50890 } } }
I0819 06:34:41.402542 3683 raft_consensus.cc:2339] T baa240f65f74450e95664c3b5adb6da9 P a331dc44a9014f3caa72b13d0954dd6c [term 1 FOLLOWER]: Committing config change with OpId 1.38: config changed from index -1 to 38, VOTER cd3b50a0af2548c5b2b14337d8f9b265 (127.4.126.1) evicted. New config: { opid_index: 38 OBSOLETE_local: false peers { permanent_uuid: "b50ee9ceeb65458495ef77d5d2dccbbc" member_type: VOTER last_known_addr { host: "127.4.126.2" port: 51392 } } peers { permanent_uuid: "a331dc44a9014f3caa72b13d0954dd6c" member_type: VOTER last_known_addr { host: "127.4.126.3" port: 50890 } } }
I0819 06:34:41.409620 3308 catalog_manager.cc:2559] T baa240f65f74450e95664c3b5adb6da9 reported consensus state change: config changed from index -1 to 38, VOTER cd3b50a0af2548c5b2b14337d8f9b265 (127.4.126.1) evicted. New consensus state: current_term: 1 leader_uuid: "b50ee9ceeb65458495ef77d5d2dccbbc" committed_config { opid_index: 38 OBSOLETE_local: false peers { permanent_uuid: "b50ee9ceeb65458495ef77d5d2dccbbc" member_type: VOTER last_known_addr { host: "127.4.126.2" port: 51392 } } peers { permanent_uuid: "a331dc44a9014f3caa72b13d0954dd6c" member_type: VOTER last_known_addr { host: "127.4.126.3" port: 50890 } } }
I0819 06:34:41.410495 3308 catalog_manager.cc:3161] Sending DeleteTablet(TABLET_DATA_TOMBSTONED) for tablet baa240f65f74450e95664c3b5adb6da9 on cd3b50a0af2548c5b2b14337d8f9b265 (127.4.126.1:38321) (TS cd3b50a0af2548c5b2b14337d8f9b265 not found in new config with opid_index 38)
I0819 06:34:41.465457 3486 tablet.cc:1489] T baa240f65f74450e95664c3b5adb6da9 P b50ee9ceeb65458495ef77d5d2dccbbc: Compaction successful on 29 rows (135937 bytes)
I0819 06:34:41.466634 3486 maintenance_manager.cc:466] Time spent running CompactRowSetsOp(baa240f65f74450e95664c3b5adb6da9): real 0.458s user 0.320s sys 0.052s
I0819 06:34:41.466799 3486 maintenance_manager.cc:472] P b50ee9ceeb65458495ef77d5d2dccbbc: CompactRowSetsOp(baa240f65f74450e95664c3b5adb6da9) metrics: {"cfile_cache_hit":10,"cfile_cache_hit_bytes":262394,"cfile_cache_miss":26,"cfile_cache_miss_bytes":264022,"cfile_init":5,"data dir 0.queue_time_us":893,"data dir 0.run_cpu_time_us":362,"data dir 0.run_wall_time_us":2281,"delta_iterators_relevant":4,"lbm_read_time_us":4100,"lbm_reads_1-10_ms":1,"lbm_reads_lt_1ms":45,"lbm_write_time_us":1700,"lbm_writes_lt_1ms":23}
I0819 06:34:41.468325 3486 log_reader.cc:381] T baa240f65f74450e95664c3b5adb6da9: removed 1 log segments from log reader
I0819 06:34:41.468516 3486 log.cc:868] T baa240f65f74450e95664c3b5adb6da9 P b50ee9ceeb65458495ef77d5d2dccbbc: Deleting log segment in path: /tmp/run_tha_test479zHR/test-tmp/raft_consensus-itest.RaftConsensusITest.TestEvictAbandonedFollowers.1503124412820022-1150/raft_consensus-itest-cluster/ts-1/wal/wals/baa240f65f74450e95664c3b5adb6da9/wal-000000004 (ops 23-29)
I0819 06:34:41.468992 3486 maintenance_manager.cc:466] Time spent running LogGCOp(baa240f65f74450e95664c3b5adb6da9): real 0.001s user 0.000s sys 0.000s
I0819 06:34:41.469143 3486 maintenance_manager.cc:472] P b50ee9ceeb65458495ef77d5d2dccbbc: LogGCOp(baa240f65f74450e95664c3b5adb6da9) metrics: {}
I0819 06:34:41.470520 3486 maintenance_manager.cc:466] Time spent running UndoDeltaBlockGCOp(baa240f65f74450e95664c3b5adb6da9): real 0.001s user 0.000s sys 0.000s
I0819 06:34:41.470670 3486 maintenance_manager.cc:472] P b50ee9ceeb65458495ef77d5d2dccbbc: UndoDeltaBlockGCOp(baa240f65f74450e95664c3b5adb6da9) metrics: {"cfile_init":1,"lbm_read_time_us":191,"lbm_reads_lt_1ms":4}
I0819 06:34:41.492985 3611 log_reader.cc:381] T baa240f65f74450e95664c3b5adb6da9: removed 1 log segments from log reader
I0819 06:34:41.493207 3611 log.cc:868] T baa240f65f74450e95664c3b5adb6da9 P a331dc44a9014f3caa72b13d0954dd6c: Deleting log segment in path: /tmp/run_tha_test479zHR/test-tmp/raft_consensus-itest.RaftConsensusITest.TestEvictAbandonedFollowers.1503124412820022-1150/raft_consensus-itest-cluster/ts-2/wal/wals/baa240f65f74450e95664c3b5adb6da9/wal-000000004 (ops 23-29)
I0819 06:34:41.493737 3611 maintenance_manager.cc:466] Time spent running LogGCOp(baa240f65f74450e95664c3b5adb6da9): real 0.001s user 0.000s sys 0.000s
I0819 06:34:41.493892 3611 maintenance_manager.cc:472] P a331dc44a9014f3caa72b13d0954dd6c: LogGCOp(baa240f65f74450e95664c3b5adb6da9) metrics: {}
I0819 06:34:43.008363 1150 raft_consensus-itest.cc:762] Servers converged with original term 1
I0819 06:34:43.008522 1150 raft_consensus-itest.cc:766] Resuming cd3b50a0af2548c5b2b14337d8f9b265
I0819 06:34:43.011945 3413 tablet_service.cc:725] Processing DeleteTablet for tablet baa240f65f74450e95664c3b5adb6da9 with delete_type TABLET_DATA_TOMBSTONED (TS cd3b50a0af2548c5b2b14337d8f9b265 not found in new config with opid_index 38) from {username='slave'} at 127.0.0.1:58210
I0819 06:34:43.012403 3413 tablet_replica.cc:231] Initiating TabletReplica shutdown for tablet: baa240f65f74450e95664c3b5adb6da9
I0819 06:34:43.012629 3413 maintenance_manager.cc:209] P cd3b50a0af2548c5b2b14337d8f9b265: Unregistered op CompactRowSetsOp(baa240f65f74450e95664c3b5adb6da9)
I0819 06:34:43.012823 3413 maintenance_manager.cc:209] P cd3b50a0af2548c5b2b14337d8f9b265: Unregistered op MinorDeltaCompactionOp(baa240f65f74450e95664c3b5adb6da9)
I0819 06:34:43.012991 3413 maintenance_manager.cc:209] P cd3b50a0af2548c5b2b14337d8f9b265: Unregistered op MajorDeltaCompactionOp(baa240f65f74450e95664c3b5adb6da9)
I0819 06:34:43.013142 3413 maintenance_manager.cc:209] P cd3b50a0af2548c5b2b14337d8f9b265: Unregistered op UndoDeltaBlockGCOp(baa240f65f74450e95664c3b5adb6da9)
I0819 06:34:43.015836 1150 external_mini_cluster.cc:944] Killing /tmp/run_tha_test479zHR/build/tsan/bin/kudu-tserver with pid 3343
I0819 06:34:43.014060 3756 raft_consensus.cc:413] T baa240f65f74450e95664c3b5adb6da9 P cd3b50a0af2548c5b2b14337d8f9b265 [term 1 FOLLOWER]: Starting pre-election (detected failure of leader b50ee9ceeb65458495ef77d5d2dccbbc)
W0819 06:34:43.035923 3490 connection.cc:551] client connection to 127.4.126.1:38321 recv error: Network error: failed to read from TLS socket: Connection reset by peer (error 104)
W0819 06:34:43.036010 3294 connection.cc:551] server connection from 127.4.126.1:45288 recv error: Network error: failed to read from TLS socket: Connection reset by peer (error 104)
W0819 06:34:43.036006 3291 connection.cc:551] client connection to 127.4.126.1:38321 recv error: Network error: failed to read from TLS socket: Connection reset by peer (error 104)
W0819 06:34:43.036538 3291 catalog_manager.cc:2897] TS cd3b50a0af2548c5b2b14337d8f9b265 (127.4.126.1:38321): Delete Tablet RPC failed for tablet baa240f65f74450e95664c3b5adb6da9: Network error: failed to read from TLS socket: Connection reset by peer (error 104)
I0819 06:34:43.036746 3291 catalog_manager.cc:2932] Scheduling retry of baa240f65f74450e95664c3b5adb6da9 Delete Tablet RPC for TS=cd3b50a0af2548c5b2b14337d8f9b265 with a delay of 19ms (attempt = 1)...
W0819 06:34:43.036898 3280 connection.cc:551] client connection to 127.4.126.1:38321 recv error: Network error: failed to read from TLS socket: Connection reset by peer (error 104)
W0819 06:34:43.037619 3277 connection.cc:551] client connection to 127.4.126.1:38321 recv error: Network error: failed to read from TLS socket: Connection reset by peer (error 104)
I0819 06:34:43.038009 1150 external_mini_cluster.cc:944] Killing /tmp/run_tha_test479zHR/build/tsan/bin/kudu-tserver with pid 3480
I0819 06:34:43.057059 3291 catalog_manager.cc:3161] Sending DeleteTablet(TABLET_DATA_TOMBSTONED) for tablet baa240f65f74450e95664c3b5adb6da9 on cd3b50a0af2548c5b2b14337d8f9b265 (127.4.126.1:38321) (TS cd3b50a0af2548c5b2b14337d8f9b265 not found in new config with opid_index 38)
W0819 06:34:43.058854 3291 catalog_manager.cc:2897] TS cd3b50a0af2548c5b2b14337d8f9b265 (127.4.126.1:38321): Delete Tablet RPC failed for tablet baa240f65f74450e95664c3b5adb6da9: Network error: Client connection negotiation failed: client connection to 127.4.126.1:38321: connect: Connection refused (error 111)
I0819 06:34:43.059072 3291 catalog_manager.cc:2932] Scheduling retry of baa240f65f74450e95664c3b5adb6da9 Delete Tablet RPC for TS=cd3b50a0af2548c5b2b14337d8f9b265 with a delay of 48ms (attempt = 2)...
W0819 06:34:43.074852 3294 connection.cc:551] client connection to 127.4.126.2:51392 recv error: Network error: failed to read from TLS socket: Connection reset by peer (error 104)
W0819 06:34:43.074903 3280 connection.cc:551] client connection to 127.4.126.2:51392 recv error: Network error: failed to read from TLS socket: Connection reset by peer (error 104)
W0819 06:34:43.075711 3292 connection.cc:551] server connection from 127.4.126.2:45285 recv error: Network error: failed to read from TLS socket: Connection reset by peer (error 104)
W0819 06:34:43.075861 3616 connection.cc:551] server connection from 127.4.126.2:54981 recv error: Network error: failed to read from TLS socket: Connection reset by peer (error 104)
W0819 06:34:43.076782 3279 connection.cc:551] client connection to 127.4.126.2:51392 recv error: Network error: failed to read from TLS socket: Connection reset by peer (error 104)
I0819 06:34:43.077409 1150 external_mini_cluster.cc:944] Killing /tmp/run_tha_test479zHR/build/tsan/bin/kudu-tserver with pid 3605
I0819 06:34:43.107769 3291 catalog_manager.cc:3161] Sending DeleteTablet(TABLET_DATA_TOMBSTONED) for tablet baa240f65f74450e95664c3b5adb6da9 on cd3b50a0af2548c5b2b14337d8f9b265 (127.4.126.1:38321) (TS cd3b50a0af2548c5b2b14337d8f9b265 not found in new config with opid_index 38)
W0819 06:34:43.109189 3291 catalog_manager.cc:2897] TS cd3b50a0af2548c5b2b14337d8f9b265 (127.4.126.1:38321): Delete Tablet RPC failed for tablet baa240f65f74450e95664c3b5adb6da9: Network error: Client connection negotiation failed: client connection to 127.4.126.1:38321: connect: Connection refused (error 111)
I0819 06:34:43.109421 3291 catalog_manager.cc:2932] Scheduling retry of baa240f65f74450e95664c3b5adb6da9 Delete Tablet RPC for TS=cd3b50a0af2548c5b2b14337d8f9b265 with a delay of 111ms (attempt = 3)...
W0819 06:34:43.116828 3292 connection.cc:551] client connection to 127.4.126.3:50890 recv error: Network error: failed to read from TLS socket: Connection reset by peer (error 104)
W0819 06:34:43.116945 3280 connection.cc:551] client connection to 127.4.126.3:50890 recv error: Network error: failed to read from TLS socket: Connection reset by peer (error 104)
W0819 06:34:43.117740 3278 connection.cc:551] client connection to 127.4.126.3:50890 recv error: Network error: failed to read from TLS socket: Connection reset by peer (error 104)
W0819 06:34:43.117739 3294 connection.cc:551] server connection from 127.4.126.3:40807 recv error: Network error: failed to read from TLS socket: Connection reset by peer (error 104)
I0819 06:34:43.118732 1150 external_mini_cluster.cc:944] Killing /tmp/run_tha_test479zHR/build/tsan/bin/kudu-master with pid 3281
W0819 06:34:43.148046 3280 connection.cc:551] client connection to 127.4.126.254:34857 recv error: Network error: failed to read from TLS socket: Connection reset by peer (error 104) [ OK ] RaftConsensusITest.TestEvictAbandonedFollowers (6460 ms) [----------] 5 tests from RaftConsensusITest (70247 ms total) [----------] Global test environment tear-down [==========] 5 tests from 1 test case ran. (70248 ms total) [ PASSED ] 5 tests. ThreadSanitizer: reported 3 warnings