I0819 06:33:39.043975 1893 fs_report.cc:345] Block manager report -------------------- 1 data directories: /tmp/run_tha_test479zHR/test-tmp/raft_consensus-itest.RaftConsensusITest.TestChurnyElections_WithDuplicateKeys.1503124412820022-1150/raft_consensus-itest-cluster/ts-1/data/data Total live blocks: 0 Total live bytes: 0 Total live bytes (after alignment): 0 Total number of LBM containers: 0 (0 full) Did not check for missing blocks Did not check for orphaned blocks Total full LBM containers with extra space: 0 (0 repaired) Total full LBM container extra space in bytes: 0 (0 repaired) Total incomplete LBM containers: 0 (0 repaired) Total LBM partial records: 0 (0 repaired)
I0819 06:33:39.292639 1893 ts_tablet_manager.cc:190] Loaded tablet metadata (0 live tablets)
I0819 06:33:39.294134 1893 tablet_server_main.cc:76] Starting tablet server...
I0819 06:33:39.404497 1893 rpc_server.cc:186] RPC server started. Bound to: 127.4.126.2:53826
I0819 06:33:39.405398 1893 webserver.cc:145] Starting webserver on 127.4.126.2:0
I0819 06:33:39.405505 1893 webserver.cc:156] Document root disabled
I0819 06:33:39.406914 1893 webserver.cc:278] Webserver started. Bound to: http://127.4.126.2:40930/
I0819 06:33:39.407673 1893 server_base.cc:359] Dumped server information to /tmp/run_tha_test479zHR/test-tmp/raft_consensus-itest.RaftConsensusITest.TestChurnyElections_WithDuplicateKeys.1503124412820022-1150/raft_consensus-itest-cluster/ts-1/data/info.pb
I0819 06:33:39.416184 1150 external_mini_cluster.cc:814] Started /tmp/run_tha_test479zHR/build/tsan/bin/kudu-tserver as pid 1893
I0819 06:33:39.415961 2015 process_memory.cc:172] Process hard memory limit is 11.777661 GB
I0819 06:33:39.416494 2015 process_memory.cc:174] Process soft memory limit is 9.422129 GB
I0819 06:33:39.417031 2015 process_memory.cc:177] Process memory pressure threshold is 7.066597 GB
I0819 06:33:39.417469 1150 external_mini_cluster.cc:752] Running /tmp/run_tha_test479zHR/build/tsan/bin/kudu-tserver /tmp/run_tha_test479zHR/build/tsan/bin/kudu-tserver --fs_wal_dir=/tmp/run_tha_test479zHR/test-tmp/raft_consensus-itest.RaftConsensusITest.TestChurnyElections_WithDuplicateKeys.1503124412820022-1150/raft_consensus-itest-cluster/ts-2/wal --fs_data_dirs=/tmp/run_tha_test479zHR/test-tmp/raft_consensus-itest.RaftConsensusITest.TestChurnyElections_WithDuplicateKeys.1503124412820022-1150/raft_consensus-itest-cluster/ts-2/data --rpc_bind_addresses=127.4.126.3:0 --local_ip_for_outbound_sockets=127.4.126.3 --webserver_interface=127.4.126.3 --webserver_port=0 --tserver_master_addrs=127.4.126.254:32833 --never_fsync --ipki_server_key_size=1024 --enable_minidumps=false --redact=flag --metrics_log_interval_ms=1000 --logtostderr --logbuflevel=-1 --log_dir=/tmp/run_tha_test479zHR/test-tmp/raft_consensus-itest.RaftConsensusITest.TestChurnyElections_WithDuplicateKeys.1503124412820022-1150/raft_consensus-itest-cluster/ts-2/logs --server_dump_info_path=/tmp/run_tha_test479zHR/test-tmp/raft_consensus-itest.RaftConsensusITest.TestChurnyElections_WithDuplicateKeys.1503124412820022-1150/raft_consensus-itest-cluster/ts-2/data/info.pb --server_dump_info_format=pb --rpc_server_allow_ephemeral_ports --unlock_experimental_flags --unlock_unsafe_flags --raft_heartbeat_interval_ms=5 --leader_failure_monitor_check_mean_ms=1 --leader_failure_monitor_check_stddev_ms=1 with env {}
I0819 06:33:39.440958 2014 heartbeater.cc:295] Connected to a master server at 127.4.126.254:32833
I0819 06:33:39.441292 2014 heartbeater.cc:365] Registering TS with master...
I0819 06:33:39.441864 2014 heartbeater.cc:392] Master 127.4.126.254:32833 requested a full tablet report, sending...
I0819 06:33:39.443778 1723 ts_manager.cc:79] Registered new tserver with Master: 6d6a239df0a0404cb3455e68efcb792b (127.4.126.2:53826)
I0819 06:33:39.445365 1723 master_service.cc:197] Signed X509 certificate for tserver {username='slave'} at 127.4.126.2:34672
I0819 06:33:39.416256 1893 tablet_server_main.cc:79] Tablet server successfully started. WARNING: Logging before InitGoogleLogging() is written to STDERR
W0819 06:33:39.552606 2018 flags.cc:384] Enabled unsafe flag: --rpc_server_allow_ephemeral_ports=true
W0819 06:33:39.553004 2018 flags.cc:384] Enabled unsafe flag: --never_fsync=true
W0819 06:33:39.568061 2018 flags.cc:384] Enabled experimental flag: --leader_failure_monitor_check_mean_ms=1
W0819 06:33:39.568220 2018 flags.cc:384] Enabled experimental flag: --leader_failure_monitor_check_stddev_ms=1
W0819 06:33:39.568361 2018 flags.cc:384] Enabled experimental flag: --ipki_server_key_size=1024
W0819 06:33:39.568681 2018 flags.cc:384] Enabled experimental flag: --local_ip_for_outbound_sockets=127.4.126.3
I0819 06:33:39.588980 2018 tablet_server_main.cc:64] Tablet server non-default flags: --leader_failure_monitor_check_mean_ms=1 --leader_failure_monitor_check_stddev_ms=1 --raft_heartbeat_interval_ms=5 --fs_data_dirs=/tmp/run_tha_test479zHR/test-tmp/raft_consensus-itest.RaftConsensusITest.TestChurnyElections_WithDuplicateKeys.1503124412820022-1150/raft_consensus-itest-cluster/ts-2/data --fs_wal_dir=/tmp/run_tha_test479zHR/test-tmp/raft_consensus-itest.RaftConsensusITest.TestChurnyElections_WithDuplicateKeys.1503124412820022-1150/raft_consensus-itest-cluster/ts-2/wal --ipki_server_key_size=1024 --rpc_bind_addresses=127.4.126.3:0 --rpc_server_allow_ephemeral_ports=true --metrics_log_interval_ms=1000 --server_dump_info_format=pb --server_dump_info_path=/tmp/run_tha_test479zHR/test-tmp/raft_consensus-itest.RaftConsensusITest.TestChurnyElections_WithDuplicateKeys.1503124412820022-1150/raft_consensus-itest-cluster/ts-2/data/info.pb --webserver_interface=127.4.126.3 --webserver_port=0 --tserver_master_addrs=127.4.126.254:32833 --never_fsync=true --heap_profile_path=/tmp/kudu-tserver.2018 --redact=flag --unlock_experimental_flags=true --unlock_unsafe_flags=true --enable_minidumps=false --local_ip_for_outbound_sockets=127.4.126.3 --log_dir=/tmp/run_tha_test479zHR/test-tmp/raft_consensus-itest.RaftConsensusITest.TestChurnyElections_WithDuplicateKeys.1503124412820022-1150/raft_consensus-itest-cluster/ts-2/logs --logbuflevel=-1 --logtostderr=true Tablet server version: kudu 1.5.0-SNAPSHOT revision ba0f21e2316b78f167bbaba44cab392558d97b6f build type FASTDEBUG built by None at 19 Aug 2017 06:31:02 UTC on jenkins-slave-c3oe build id 9422 TSAN enabled
I0819 06:33:39.599553 2018 tablet_server_main.cc:71] Initializing tablet server...
I0819 06:33:39.601388 2018 system_ntp.cc:96] NTP initialized. Resolution in nanos?: 1 Skew PPM: 500 Current error: 1283905
I0819 06:33:39.602072 2018 env_posix.cc:1586] Not raising process file limit of 65536; it is already as high as it can go
I0819 06:33:39.602347 2018 file_cache.cc:464] Constructed file cache lbm with capacity 26214
I0819 06:33:39.607395 2018 server_base.cc:215] Could not load existing FS layout: Not found: /tmp/run_tha_test479zHR/test-tmp/raft_consensus-itest.RaftConsensusITest.TestChurnyElections_WithDuplicateKeys.1503124412820022-1150/raft_consensus-itest-cluster/ts-2/data/instance: No such file or directory (error 2)
I0819 06:33:39.607549 2018 server_base.cc:216] Creating new FS layout
I0819 06:33:39.615154 2018 fs_manager.cc:394] Generated new instance metadata in path /tmp/run_tha_test479zHR/test-tmp/raft_consensus-itest.RaftConsensusITest.TestChurnyElections_WithDuplicateKeys.1503124412820022-1150/raft_consensus-itest-cluster/ts-2/data/instance: uuid: "6f8e517e75d440519fb9d468724d7798" format_stamp: "Formatted at 2017-08-19 06:33:39 on dist-test-slave-dist-test-slave-j33z"
I0819 06:33:39.615939 2018 fs_manager.cc:394] Generated new instance metadata in path /tmp/run_tha_test479zHR/test-tmp/raft_consensus-itest.RaftConsensusITest.TestChurnyElections_WithDuplicateKeys.1503124412820022-1150/raft_consensus-itest-cluster/ts-2/wal/instance: uuid: "6f8e517e75d440519fb9d468724d7798" format_stamp: "Formatted at 2017-08-19 06:33:39 on dist-test-slave-dist-test-slave-j33z"
I0819 06:33:39.627413 2018 fs_manager.cc:280] Time spent opening block manager: real 0.004s user 0.000s sys 0.008s
I0819 06:33:39.627576 2018 fs_manager.cc:283] Opened local filesystem: /tmp/run_tha_test479zHR/test-tmp/raft_consensus-itest.RaftConsensusITest.TestChurnyElections_WithDuplicateKeys.1503124412820022-1150/raft_consensus-itest-cluster/ts-2/data,/tmp/run_tha_test479zHR/test-tmp/raft_consensus-itest.RaftConsensusITest.TestChurnyElections_WithDuplicateKeys.1503124412820022-1150/raft_consensus-itest-cluster/ts-2/wal uuid: "6f8e517e75d440519fb9d468724d7798" format_stamp: "Formatted at 2017-08-19 06:33:39 on dist-test-slave-dist-test-slave-j33z"
I0819 06:33:39.627779 2018 fs_report.cc:345] Block manager report -------------------- 1 data directories: /tmp/run_tha_test479zHR/test-tmp/raft_consensus-itest.RaftConsensusITest.TestChurnyElections_WithDuplicateKeys.1503124412820022-1150/raft_consensus-itest-cluster/ts-2/data/data Total live blocks: 0 Total live bytes: 0 Total live bytes (after alignment): 0 Total number of LBM containers: 0 (0 full) Did not check for missing blocks Did not check for orphaned blocks Total full LBM containers with extra space: 0 (0 repaired) Total full LBM container extra space in bytes: 0 (0 repaired) Total incomplete LBM containers: 0 (0 repaired) Total LBM partial records: 0 (0 repaired)
I0819 06:33:39.817190 2018 ts_tablet_manager.cc:190] Loaded tablet metadata (0 live tablets)
I0819 06:33:39.818346 2018 tablet_server_main.cc:76] Starting tablet server...
I0819 06:33:39.873183 1889 heartbeater.cc:384] Master 127.4.126.254:32833 was elected leader, sending a full tablet report...
I0819 06:33:39.912345 2018 rpc_server.cc:186] RPC server started. Bound to: 127.4.126.3:53370
I0819 06:33:39.913292 2018 webserver.cc:145] Starting webserver on 127.4.126.3:0
I0819 06:33:39.913406 2018 webserver.cc:156] Document root disabled
I0819 06:33:39.914674 2018 webserver.cc:278] Webserver started. Bound to: http://127.4.126.3:48504/
I0819 06:33:39.915473 2018 server_base.cc:359] Dumped server information to /tmp/run_tha_test479zHR/test-tmp/raft_consensus-itest.RaftConsensusITest.TestChurnyElections_WithDuplicateKeys.1503124412820022-1150/raft_consensus-itest-cluster/ts-2/data/info.pb
I0819 06:33:39.917414 1150 external_mini_cluster.cc:814] Started /tmp/run_tha_test479zHR/build/tsan/bin/kudu-tserver as pid 2018
I0819 06:33:39.918208 2140 process_memory.cc:172] Process hard memory limit is 11.777661 GB
I0819 06:33:39.918380 2140 process_memory.cc:174] Process soft memory limit is 9.422129 GB
I0819 06:33:39.918500 2140 process_memory.cc:177] Process memory pressure threshold is 7.066597 GB
I0819 06:33:39.921123 2018 tablet_server_main.cc:79] Tablet server successfully started.
I0819 06:33:39.940032 2139 heartbeater.cc:295] Connected to a master server at 127.4.126.254:32833
I0819 06:33:39.940300 2139 heartbeater.cc:365] Registering TS with master...
I0819 06:33:39.940799 2139 heartbeater.cc:392] Master 127.4.126.254:32833 requested a full tablet report, sending...
I0819 06:33:39.942298 1723 ts_manager.cc:79] Registered new tserver with Master: 6f8e517e75d440519fb9d468724d7798 (127.4.126.3:53370)
I0819 06:33:39.943450 1723 master_service.cc:197] Signed X509 certificate for tserver {username='slave'} at 127.4.126.3:38994
I0819 06:33:39.945097 1150 external_mini_cluster.cc:454] 3 TS(s) registered with all masters
I0819 06:33:39.947597 1150 test_util.cc:185] Using random seed: 1830464564
I0819 06:33:39.965322 1723 catalog_manager.cc:1281] CreateTable from {username='slave'} at 127.0.0.1:41910: name: "test-workload" schema { columns { name: "key" type: INT32 is_key: true is_nullable: false encoding: AUTO_ENCODING compression: DEFAULT_COMPRESSION cfile_block_size: 0 } columns { name: "int_val" type: INT32 is_key: false is_nullable: false encoding: AUTO_ENCODING compression: DEFAULT_COMPRESSION cfile_block_size: 0 } columns { name: "string_val" type: STRING is_key: false is_nullable: true encoding: AUTO_ENCODING compression: DEFAULT_COMPRESSION cfile_block_size: 0 } } num_replicas: 3 split_rows_range_bounds { } partition_schema { range_schema { columns { name: "key" } } }
I0819 06:33:40.012456 1951 tablet_service.cc:684] Processing CreateTablet for tablet 8b79633d21dc49868650b1a34ca1c8ea (table=test-workload [id=85ad8f64c0634f04a3ee6dc1b577b941]), partition=RANGE (key) PARTITION UNBOUNDED
I0819 06:33:40.013151 2076 tablet_service.cc:684] Processing CreateTablet for tablet 8b79633d21dc49868650b1a34ca1c8ea (table=test-workload [id=85ad8f64c0634f04a3ee6dc1b577b941]), partition=RANGE (key) PARTITION UNBOUNDED
I0819 06:33:40.013947 1826 tablet_service.cc:684] Processing CreateTablet for tablet 8b79633d21dc49868650b1a34ca1c8ea (table=test-workload [id=85ad8f64c0634f04a3ee6dc1b577b941]), partition=RANGE (key) PARTITION UNBOUNDED
I0819 06:33:40.025023 1826 ts_tablet_manager.cc:877] T 8b79633d21dc49868650b1a34ca1c8ea P 54716c80d5de4d238c121acf92f30ec1: Registered tablet (data state: TABLET_DATA_READY)
I0819 06:33:40.026692 2159 ts_tablet_manager.cc:740] T 8b79633d21dc49868650b1a34ca1c8ea P 54716c80d5de4d238c121acf92f30ec1: Bootstrapping tablet
I0819 06:33:40.027215 2159 tablet_bootstrap.cc:402] T 8b79633d21dc49868650b1a34ca1c8ea P 54716c80d5de4d238c121acf92f30ec1: Bootstrap starting.
I0819 06:33:40.028934 1951 ts_tablet_manager.cc:877] T 8b79633d21dc49868650b1a34ca1c8ea P 6d6a239df0a0404cb3455e68efcb792b: Registered tablet (data state: TABLET_DATA_READY)
I0819 06:33:40.029938 2159 tablet_bootstrap.cc:537] T 8b79633d21dc49868650b1a34ca1c8ea P 54716c80d5de4d238c121acf92f30ec1: No blocks or log segments found. Creating new log.
I0819 06:33:40.030833 2160 ts_tablet_manager.cc:740] T 8b79633d21dc49868650b1a34ca1c8ea P 6d6a239df0a0404cb3455e68efcb792b: Bootstrapping tablet
I0819 06:33:40.031361 2160 tablet_bootstrap.cc:402] T 8b79633d21dc49868650b1a34ca1c8ea P 6d6a239df0a0404cb3455e68efcb792b: Bootstrap starting.
I0819 06:33:40.031561 2159 log.cc:511] T 8b79633d21dc49868650b1a34ca1c8ea P 54716c80d5de4d238c121acf92f30ec1: Log is configured to *not* fsync() on all Append() calls
I0819 06:33:40.034524 2160 tablet_bootstrap.cc:537] T 8b79633d21dc49868650b1a34ca1c8ea P 6d6a239df0a0404cb3455e68efcb792b: No blocks or log segments found. Creating new log.
I0819 06:33:40.034540 2076 ts_tablet_manager.cc:877] T 8b79633d21dc49868650b1a34ca1c8ea P 6f8e517e75d440519fb9d468724d7798: Registered tablet (data state: TABLET_DATA_READY)
I0819 06:33:40.034940 2159 tablet_bootstrap.cc:402] T 8b79633d21dc49868650b1a34ca1c8ea P 54716c80d5de4d238c121acf92f30ec1: No bootstrap required, opened a new log
I0819 06:33:40.035382 2159 ts_tablet_manager.cc:752] T 8b79633d21dc49868650b1a34ca1c8ea P 54716c80d5de4d238c121acf92f30ec1: Time spent bootstrapping tablet: real 0.008s user 0.008s sys 0.000s
I0819 06:33:40.036283 2160 log.cc:511] T 8b79633d21dc49868650b1a34ca1c8ea P 6d6a239df0a0404cb3455e68efcb792b: Log is configured to *not* fsync() on all Append() calls
I0819 06:33:40.038774 2162 ts_tablet_manager.cc:740] T 8b79633d21dc49868650b1a34ca1c8ea P 6f8e517e75d440519fb9d468724d7798: Bootstrapping tablet
I0819 06:33:40.038650 2159 raft_consensus.cc:286] T 8b79633d21dc49868650b1a34ca1c8ea P 54716c80d5de4d238c121acf92f30ec1 [term 0 FOLLOWER]: Replica starting. Triggering 0 pending transactions. Active config: opid_index: -1 OBSOLETE_local: false peers { permanent_uuid: "6d6a239df0a0404cb3455e68efcb792b" member_type: VOTER last_known_addr { host: "127.4.126.2" port: 53826 } } peers { permanent_uuid: "54716c80d5de4d238c121acf92f30ec1" member_type: VOTER last_known_addr { host: "127.4.126.1" port: 33172 } } peers { permanent_uuid: "6f8e517e75d440519fb9d468724d7798" member_type: VOTER last_known_addr { host: "127.4.126.3" port: 53370 } }
I0819 06:33:40.039280 2162 tablet_bootstrap.cc:402] T 8b79633d21dc49868650b1a34ca1c8ea P 6f8e517e75d440519fb9d468724d7798: Bootstrap starting.
I0819 06:33:40.039881 2160 tablet_bootstrap.cc:402] T 8b79633d21dc49868650b1a34ca1c8ea P 6d6a239df0a0404cb3455e68efcb792b: No bootstrap required, opened a new log
I0819 06:33:40.039876 2159 raft_consensus.cc:318] T 8b79633d21dc49868650b1a34ca1c8ea P 54716c80d5de4d238c121acf92f30ec1 [term 0 FOLLOWER]: Consensus starting up: Expiring failure detector timer to make a prompt election more likely
I0819 06:33:40.040112 2159 raft_consensus.cc:574] T 8b79633d21dc49868650b1a34ca1c8ea P 54716c80d5de4d238c121acf92f30ec1 [term 0 FOLLOWER]: Becoming Follower/Learner. State: Replica: 54716c80d5de4d238c121acf92f30ec1, State: Running, Role: FOLLOWER
I0819 06:33:40.040304 2160 ts_tablet_manager.cc:752] T 8b79633d21dc49868650b1a34ca1c8ea P 6d6a239df0a0404cb3455e68efcb792b: Time spent bootstrapping tablet: real 0.009s user 0.008s sys 0.000s
I0819 06:33:40.040482 2159 consensus_queue.cc:190] T 8b79633d21dc49868650b1a34ca1c8ea P 54716c80d5de4d238c121acf92f30ec1 [NON_LEADER]: Queue going to NON_LEADER mode. State: All replicated index: 0, Majority replicated index: 0, Committed index: 0, Last appended: 0.0, Last appended by leader: 0, Current term: 0, Majority size: -1, State: 1, Mode: NON_LEADER
I0819 06:33:40.042049 2162 tablet_bootstrap.cc:537] T 8b79633d21dc49868650b1a34ca1c8ea P 6f8e517e75d440519fb9d468724d7798: No blocks or log segments found. Creating new log.
I0819 06:33:40.043402 2162 log.cc:511] T 8b79633d21dc49868650b1a34ca1c8ea P 6f8e517e75d440519fb9d468724d7798: Log is configured to *not* fsync() on all Append() calls
I0819 06:33:40.044687 2160 raft_consensus.cc:286] T 8b79633d21dc49868650b1a34ca1c8ea P 6d6a239df0a0404cb3455e68efcb792b [term 0 FOLLOWER]: Replica starting. Triggering 0 pending transactions. Active config: opid_index: -1 OBSOLETE_local: false peers { permanent_uuid: "6d6a239df0a0404cb3455e68efcb792b" member_type: VOTER last_known_addr { host: "127.4.126.2" port: 53826 } } peers { permanent_uuid: "54716c80d5de4d238c121acf92f30ec1" member_type: VOTER last_known_addr { host: "127.4.126.1" port: 33172 } } peers { permanent_uuid: "6f8e517e75d440519fb9d468724d7798" member_type: VOTER last_known_addr { host: "127.4.126.3" port: 53370 } }
I0819 06:33:40.045756 2160 raft_consensus.cc:318] T 8b79633d21dc49868650b1a34ca1c8ea P 6d6a239df0a0404cb3455e68efcb792b [term 0 FOLLOWER]: Consensus starting up: Expiring failure detector timer to make a prompt election more likely
I0819 06:33:40.045941 2160 raft_consensus.cc:574] T 8b79633d21dc49868650b1a34ca1c8ea P 6d6a239df0a0404cb3455e68efcb792b [term 0 FOLLOWER]: Becoming Follower/Learner. State: Replica: 6d6a239df0a0404cb3455e68efcb792b, State: Running, Role: FOLLOWER
I0819 06:33:40.046221 2160 consensus_queue.cc:190] T 8b79633d21dc49868650b1a34ca1c8ea P 6d6a239df0a0404cb3455e68efcb792b [NON_LEADER]: Queue going to NON_LEADER mode. State: All replicated index: 0, Majority replicated index: 0, Committed index: 0, Last appended: 0.0, Last appended by leader: 0, Current term: 0, Majority size: -1, State: 1, Mode: NON_LEADER
I0819 06:33:40.048369 2014 heartbeater.cc:384] Master 127.4.126.254:32833 was elected leader, sending a full tablet report...
I0819 06:33:40.048964 2164 raft_consensus.cc:413] T 8b79633d21dc49868650b1a34ca1c8ea P 54716c80d5de4d238c121acf92f30ec1 [term 0 FOLLOWER]: Starting pre-election (no leader contacted us within the election timeout)
I0819 06:33:40.049226 2164 raft_consensus.cc:2401] T 8b79633d21dc49868650b1a34ca1c8ea P 54716c80d5de4d238c121acf92f30ec1: Snoozing failure detection for election timeout plus an additional 0.015s
I0819 06:33:40.049384 2164 raft_consensus.cc:437] T 8b79633d21dc49868650b1a34ca1c8ea P 54716c80d5de4d238c121acf92f30ec1 [term 0 FOLLOWER]: Starting pre-election with config: opid_index: -1 OBSOLETE_local: false peers { permanent_uuid: "6d6a239df0a0404cb3455e68efcb792b" member_type: VOTER last_known_addr { host: "127.4.126.2" port: 53826 } } peers { permanent_uuid: "54716c80d5de4d238c121acf92f30ec1" member_type: VOTER last_known_addr { host: "127.4.126.1" port: 33172 } } peers { permanent_uuid: "6f8e517e75d440519fb9d468724d7798" member_type: VOTER last_known_addr { host: "127.4.126.3" port: 53370 } }
I0819 06:33:40.050160 2160 ts_tablet_manager.cc:781] T 8b79633d21dc49868650b1a34ca1c8ea P 6d6a239df0a0404cb3455e68efcb792b: Time spent starting tablet: real 0.010s user 0.008s sys 0.000s
I0819 06:33:40.050781 2164 leader_election.cc:217] T 8b79633d21dc49868650b1a34ca1c8ea P 54716c80d5de4d238c121acf92f30ec1 [CANDIDATE]: Term 1 pre-election: Requesting pre-vote from peer 6d6a239df0a0404cb3455e68efcb792b
I0819 06:33:40.051403 2164 leader_election.cc:217] T 8b79633d21dc49868650b1a34ca1c8ea P 54716c80d5de4d238c121acf92f30ec1 [CANDIDATE]: Term 1 pre-election: Requesting pre-vote from peer 6f8e517e75d440519fb9d468724d7798
I0819 06:33:40.055284 2166 raft_consensus.cc:413] T 8b79633d21dc49868650b1a34ca1c8ea P 6d6a239df0a0404cb3455e68efcb792b [term 0 FOLLOWER]: Starting pre-election (no leader contacted us within the election timeout)
I0819 06:33:40.055685 2166 raft_consensus.cc:2401] T 8b79633d21dc49868650b1a34ca1c8ea P 6d6a239df0a0404cb3455e68efcb792b: Snoozing failure detection for election timeout plus an additional 0.019s
I0819 06:33:40.055934 2166 raft_consensus.cc:437] T 8b79633d21dc49868650b1a34ca1c8ea P 6d6a239df0a0404cb3455e68efcb792b [term 0 FOLLOWER]: Starting pre-election with config: opid_index: -1 OBSOLETE_local: false peers { permanent_uuid: "6d6a239df0a0404cb3455e68efcb792b" member_type: VOTER last_known_addr { host: "127.4.126.2" port: 53826 } } peers { permanent_uuid: "54716c80d5de4d238c121acf92f30ec1" member_type: VOTER last_known_addr { host: "127.4.126.1" port: 33172 } } peers { permanent_uuid: "6f8e517e75d440519fb9d468724d7798" member_type: VOTER last_known_addr { host: "127.4.126.3" port: 53370 } }
I0819 06:33:40.057472 2162 tablet_bootstrap.cc:402] T 8b79633d21dc49868650b1a34ca1c8ea P 6f8e517e75d440519fb9d468724d7798: No bootstrap required, opened a new log
I0819 06:33:40.057920 2162 ts_tablet_manager.cc:752] T 8b79633d21dc49868650b1a34ca1c8ea P 6f8e517e75d440519fb9d468724d7798: Time spent bootstrapping tablet: real 0.019s user 0.000s sys 0.012s
I0819 06:33:40.061362 2166 leader_election.cc:217] T 8b79633d21dc49868650b1a34ca1c8ea P 6d6a239df0a0404cb3455e68efcb792b [CANDIDATE]: Term 1 pre-election: Requesting pre-vote from peer 54716c80d5de4d238c121acf92f30ec1
I0819 06:33:40.061982 2166 leader_election.cc:217] T 8b79633d21dc49868650b1a34ca1c8ea P 6d6a239df0a0404cb3455e68efcb792b [CANDIDATE]: Term 1 pre-election: Requesting pre-vote from peer 6f8e517e75d440519fb9d468724d7798
W0819 06:33:40.068055 1779 leader_election.cc:273] T 8b79633d21dc49868650b1a34ca1c8ea P 54716c80d5de4d238c121acf92f30ec1 [CANDIDATE]: Term 1 pre-election: RPC error from VoteRequest() call to peer 6f8e517e75d440519fb9d468724d7798: Timed out: connection negotiation to 127.4.126.3:53370 for RPC RequestConsensusVote timed out after 0.015s (ON_OUTBOUND_QUEUE)
I0819 06:33:40.067461 2162 raft_consensus.cc:286] T 8b79633d21dc49868650b1a34ca1c8ea P 6f8e517e75d440519fb9d468724d7798 [term 0 FOLLOWER]: Replica starting. Triggering 0 pending transactions. Active config: opid_index: -1 OBSOLETE_local: false peers { permanent_uuid: "6d6a239df0a0404cb3455e68efcb792b" member_type: VOTER last_known_addr { host: "127.4.126.2" port: 53826 } } peers { permanent_uuid: "54716c80d5de4d238c121acf92f30ec1" member_type: VOTER last_known_addr { host: "127.4.126.1" port: 33172 } } peers { permanent_uuid: "6f8e517e75d440519fb9d468724d7798" member_type: VOTER last_known_addr { host: "127.4.126.3" port: 53370 } }
I0819 06:33:40.069406 2162 raft_consensus.cc:318] T 8b79633d21dc49868650b1a34ca1c8ea P 6f8e517e75d440519fb9d468724d7798 [term 0 FOLLOWER]: Consensus starting up: Expiring failure detector timer to make a prompt election more likely
I0819 06:33:40.069660 2162 raft_consensus.cc:574] T 8b79633d21dc49868650b1a34ca1c8ea P 6f8e517e75d440519fb9d468724d7798 [term 0 FOLLOWER]: Becoming Follower/Learner. State: Replica: 6f8e517e75d440519fb9d468724d7798, State: Running, Role: FOLLOWER
I0819 06:33:40.070036 2162 consensus_queue.cc:190] T 8b79633d21dc49868650b1a34ca1c8ea P 6f8e517e75d440519fb9d468724d7798 [NON_LEADER]: Queue going to NON_LEADER mode. State: All replicated index: 0, Majority replicated index: 0, Committed index: 0, Last appended: 0.0, Last appended by leader: 0, Current term: 0, Majority size: -1, State: 1, Mode: NON_LEADER
W0819 06:33:40.072240 1781 leader_election.cc:273] T 8b79633d21dc49868650b1a34ca1c8ea P 54716c80d5de4d238c121acf92f30ec1 [CANDIDATE]: Term 1 pre-election: RPC error from VoteRequest() call to peer 6d6a239df0a0404cb3455e68efcb792b: Timed out: connection negotiation to 127.4.126.2:53826 for RPC RequestConsensusVote timed out after 0.015s (ON_OUTBOUND_QUEUE)
I0819 06:33:40.072563 1781 leader_election.cc:244] T 8b79633d21dc49868650b1a34ca1c8ea P 54716c80d5de4d238c121acf92f30ec1 [CANDIDATE]: Term 1 pre-election: Election decided. Result: candidate lost.
I0819 06:33:40.074283 2159 ts_tablet_manager.cc:781] T 8b79633d21dc49868650b1a34ca1c8ea P 54716c80d5de4d238c121acf92f30ec1: Time spent starting tablet: real 0.039s user 0.012s sys 0.012s
I0819 06:33:40.079532 2171 raft_consensus.cc:413] T 8b79633d21dc49868650b1a34ca1c8ea P 6f8e517e75d440519fb9d468724d7798 [term 0 FOLLOWER]: Starting pre-election (no leader contacted us within the election timeout)
I0819 06:33:40.079772 2171 raft_consensus.cc:2401] T 8b79633d21dc49868650b1a34ca1c8ea P 6f8e517e75d440519fb9d468724d7798: Snoozing failure detection for election timeout plus an additional 0.021s
I0819 06:33:40.079946 2171 raft_consensus.cc:437] T 8b79633d21dc49868650b1a34ca1c8ea P 6f8e517e75d440519fb9d468724d7798 [term 0 FOLLOWER]: Starting pre-election with config: opid_index: -1 OBSOLETE_local: false peers { permanent_uuid: "6d6a239df0a0404cb3455e68efcb792b" member_type: VOTER last_known_addr { host: "127.4.126.2" port: 53826 } } peers { permanent_uuid: "54716c80d5de4d238c121acf92f30ec1" member_type: VOTER last_known_addr { host: "127.4.126.1" port: 33172 } } peers { permanent_uuid: "6f8e517e75d440519fb9d468724d7798" member_type: VOTER last_known_addr { host: "127.4.126.3" port: 53370 } }
I0819 06:33:40.081035 2171 leader_election.cc:217] T 8b79633d21dc49868650b1a34ca1c8ea P 6f8e517e75d440519fb9d468724d7798 [CANDIDATE]: Term 1 pre-election: Requesting pre-vote from peer 6d6a239df0a0404cb3455e68efcb792b
I0819 06:33:40.081483 2171 leader_election.cc:217] T 8b79633d21dc49868650b1a34ca1c8ea P 6f8e517e75d440519fb9d468724d7798 [CANDIDATE]: Term 1 pre-election: Requesting pre-vote from peer 54716c80d5de4d238c121acf92f30ec1
W0819 06:33:40.083209 1903 leader_election.cc:273] T 8b79633d21dc49868650b1a34ca1c8ea P 6d6a239df0a0404cb3455e68efcb792b [CANDIDATE]: Term 1 pre-election: RPC error from VoteRequest() call to peer 54716c80d5de4d238c121acf92f30ec1: Timed out: connection negotiation to 127.4.126.1:33172 for RPC RequestConsensusVote timed out after 0.019s (ON_OUTBOUND_QUEUE)
W0819 06:33:40.083818 1904 leader_election.cc:273] T 8b79633d21dc49868650b1a34ca1c8ea P 6d6a239df0a0404cb3455e68efcb792b [CANDIDATE]: Term 1 pre-election: RPC error from VoteRequest() call to peer 6f8e517e75d440519fb9d468724d7798: Timed out: connection negotiation to 127.4.126.3:53370 for RPC RequestConsensusVote timed out after 0.019s (ON_OUTBOUND_QUEUE)
I0819 06:33:40.084050 1904 leader_election.cc:244] T 8b79633d21dc49868650b1a34ca1c8ea P 6d6a239df0a0404cb3455e68efcb792b [CANDIDATE]: Term 1 pre-election: Election decided. Result: candidate lost.
I0819 06:33:40.084640 2168 raft_consensus.cc:2401] T 8b79633d21dc49868650b1a34ca1c8ea P 6d6a239df0a0404cb3455e68efcb792b: Snoozing failure detection for election timeout plus an additional 0.021s
I0819 06:33:40.084895 2168 raft_consensus.cc:2141] T 8b79633d21dc49868650b1a34ca1c8ea P 6d6a239df0a0404cb3455e68efcb792b [term 0 FOLLOWER]: Leader pre-election lost for term 1. Reason: could not achieve majority
I0819 06:33:40.088994 2164 raft_consensus.cc:413] T 8b79633d21dc49868650b1a34ca1c8ea P 54716c80d5de4d238c121acf92f30ec1 [term 0 FOLLOWER]: Starting pre-election (no leader contacted us within the election timeout)
I0819 06:33:40.089175 2139 heartbeater.cc:384] Master 127.4.126.254:32833 was elected leader, sending a full tablet report...
I0819 06:33:40.089279 2164 raft_consensus.cc:2401] T 8b79633d21dc49868650b1a34ca1c8ea P 54716c80d5de4d238c121acf92f30ec1: Snoozing failure detection for election timeout plus an additional 0.016s
I0819 06:33:40.089496 2164 raft_consensus.cc:437] T 8b79633d21dc49868650b1a34ca1c8ea P 54716c80d5de4d238c121acf92f30ec1 [term 0 FOLLOWER]: Starting pre-election with config: opid_index: -1 OBSOLETE_local: false peers { permanent_uuid: "6d6a239df0a0404cb3455e68efcb792b" member_type: VOTER last_known_addr { host: "127.4.126.2" port: 53826 } } peers { permanent_uuid: "54716c80d5de4d238c121acf92f30ec1" member_type: VOTER last_known_addr { host: "127.4.126.1" port: 33172 } } peers { permanent_uuid: "6f8e517e75d440519fb9d468724d7798" member_type: VOTER last_known_addr { host: "127.4.126.3" port: 53370 } }
I0819 06:33:40.090486 2164 leader_election.cc:217] T 8b79633d21dc49868650b1a34ca1c8ea P 54716c80d5de4d238c121acf92f30ec1 [CANDIDATE]: Term 1 pre-election: Requesting pre-vote from peer 6d6a239df0a0404cb3455e68efcb792b
I0819 06:33:40.090886 2164 leader_election.cc:217] T 8b79633d21dc49868650b1a34ca1c8ea P 54716c80d5de4d238c121acf92f30ec1 [CANDIDATE]: Term 1 pre-election: Requesting pre-vote from peer 6f8e517e75d440519fb9d468724d7798
I0819 06:33:40.092774 2096 raft_consensus.cc:2401] T 8b79633d21dc49868650b1a34ca1c8ea P 6f8e517e75d440519fb9d468724d7798: Snoozing failure detection for election timeout plus an additional 0.017s
I0819 06:33:40.093008 2096 raft_consensus.cc:1967] T 8b79633d21dc49868650b1a34ca1c8ea P 6f8e517e75d440519fb9d468724d7798 [term 0 FOLLOWER]: Leader pre-election vote request: Granting yes vote for candidate 54716c80d5de4d238c121acf92f30ec1 in term 0.
I0819 06:33:40.094457 1971 raft_consensus.cc:2401] T 8b79633d21dc49868650b1a34ca1c8ea P 6d6a239df0a0404cb3455e68efcb792b: Snoozing failure detection for election timeout plus an additional 0.027s
I0819 06:33:40.094707 1971 raft_consensus.cc:1967] T 8b79633d21dc49868650b1a34ca1c8ea P 6d6a239df0a0404cb3455e68efcb792b [term 0 FOLLOWER]: Leader pre-election vote request: Granting yes vote for candidate 6f8e517e75d440519fb9d468724d7798 in term 0.
I0819 06:33:40.095824 1779 leader_election.cc:349] T 8b79633d21dc49868650b1a34ca1c8ea P 54716c80d5de4d238c121acf92f30ec1 [CANDIDATE]: Term 1 pre-election: Vote granted by peer 6f8e517e75d440519fb9d468724d7798
I0819 06:33:40.096016 1779 leader_election.cc:244] T 8b79633d21dc49868650b1a34ca1c8ea P 54716c80d5de4d238c121acf92f30ec1 [CANDIDATE]: Term 1 pre-election: Election decided. Result: candidate won.
I0819 06:33:40.096624 2031 leader_election.cc:349] T 8b79633d21dc49868650b1a34ca1c8ea P 6f8e517e75d440519fb9d468724d7798 [CANDIDATE]: Term 1 pre-election: Vote granted by peer 6d6a239df0a0404cb3455e68efcb792b
I0819 06:33:40.096845 2031 leader_election.cc:244] T 8b79633d21dc49868650b1a34ca1c8ea P 6f8e517e75d440519fb9d468724d7798 [CANDIDATE]: Term 1 pre-election: Election decided. Result: candidate won.
I0819 06:33:40.098731 2178 raft_consensus.cc:2401] T 8b79633d21dc49868650b1a34ca1c8ea P 6f8e517e75d440519fb9d468724d7798: Snoozing failure detection for election timeout plus an additional 0.016s
I0819 06:33:40.099112 2178 raft_consensus.cc:2205] T 8b79633d21dc49868650b1a34ca1c8ea P 6f8e517e75d440519fb9d468724d7798 [term 0 FOLLOWER]: Leader pre-election won for term 1
I0819 06:33:40.099360 2178 raft_consensus.cc:413] T 8b79633d21dc49868650b1a34ca1c8ea P 6f8e517e75d440519fb9d468724d7798 [term 0 FOLLOWER]: Starting leader election (no leader contacted us within the election timeout)
I0819 06:33:40.099596 2178 raft_consensus.cc:2401] T 8b79633d21dc49868650b1a34ca1c8ea P 6f8e517e75d440519fb9d468724d7798: Snoozing failure detection for election timeout plus an additional 0.018s
I0819 06:33:40.099822 2178 raft_consensus.cc:2448] T 8b79633d21dc49868650b1a34ca1c8ea P 6f8e517e75d440519fb9d468724d7798 [term 0 FOLLOWER]: Advancing to term 1
I0819 06:33:40.103235 2178 raft_consensus.cc:437] T 8b79633d21dc49868650b1a34ca1c8ea P 6f8e517e75d440519fb9d468724d7798 [term 1 FOLLOWER]: Starting leader election with config: opid_index: -1 OBSOLETE_local: false peers { permanent_uuid: "6d6a239df0a0404cb3455e68efcb792b" member_type: VOTER last_known_addr { host: "127.4.126.2" port: 53826 } } peers { permanent_uuid: "54716c80d5de4d238c121acf92f30ec1" member_type: VOTER last_known_addr { host: "127.4.126.1" port: 33172 } } peers { permanent_uuid: "6f8e517e75d440519fb9d468724d7798" member_type: VOTER last_known_addr { host: "127.4.126.3" port: 53370 } }
I0819 06:33:40.104251 2178 leader_election.cc:217] T 8b79633d21dc49868650b1a34ca1c8ea P 6f8e517e75d440519fb9d468724d7798 [CANDIDATE]: Term 1 election: Requesting vote from peer 6d6a239df0a0404cb3455e68efcb792b
I0819 06:33:40.105700 2178 leader_election.cc:217] T 8b79633d21dc49868650b1a34ca1c8ea P 6f8e517e75d440519fb9d468724d7798 [CANDIDATE]: Term 1 election: Requesting vote from peer 54716c80d5de4d238c121acf92f30ec1
I0819 06:33:40.105942 1971 raft_consensus.cc:2448] T 8b79633d21dc49868650b1a34ca1c8ea P 6d6a239df0a0404cb3455e68efcb792b [term 0 FOLLOWER]: Advancing to term 1
I0819 06:33:40.106343 1971 raft_consensus.cc:2401] T 8b79633d21dc49868650b1a34ca1c8ea P 6d6a239df0a0404cb3455e68efcb792b: Snoozing failure detection for election timeout plus an additional 0.033s
W0819 06:33:40.106495 2028 leader_election.cc:273] T 8b79633d21dc49868650b1a34ca1c8ea P 6f8e517e75d440519fb9d468724d7798 [CANDIDATE]: Term 1 pre-election: RPC error from VoteRequest() call to peer 54716c80d5de4d238c121acf92f30ec1: Timed out: connection negotiation to 127.4.126.1:33172 for RPC RequestConsensusVote timed out after 0.021s (ON_OUTBOUND_QUEUE)
I0819 06:33:40.109267 1971 raft_consensus.cc:1967] T 8b79633d21dc49868650b1a34ca1c8ea P 6d6a239df0a0404cb3455e68efcb792b [term 1 FOLLOWER]: Leader election vote request: Granting yes vote for candidate 6f8e517e75d440519fb9d468724d7798 in term 1.
I0819 06:33:40.121840 2164 raft_consensus.cc:413] T 8b79633d21dc49868650b1a34ca1c8ea P 54716c80d5de4d238c121acf92f30ec1 [term 0 FOLLOWER]: Starting pre-election (no leader contacted us within the election timeout)
I0819 06:33:40.122066 2164 raft_consensus.cc:2401] T 8b79633d21dc49868650b1a34ca1c8ea P 54716c80d5de4d238c121acf92f30ec1: Snoozing failure detection for election timeout plus an additional 0.016s
I0819 06:33:40.122246 2164 raft_consensus.cc:437] T 8b79633d21dc49868650b1a34ca1c8ea P 54716c80d5de4d238c121acf92f30ec1 [term 0 FOLLOWER]: Starting pre-election with config: opid_index: -1 OBSOLETE_local: false peers { permanent_uuid: "6d6a239df0a0404cb3455e68efcb792b" member_type: VOTER last_known_addr { host: "127.4.126.2" port: 53826 } } peers { permanent_uuid: "54716c80d5de4d238c121acf92f30ec1" member_type: VOTER last_known_addr { host: "127.4.126.1" port: 33172 } } peers { permanent_uuid: "6f8e517e75d440519fb9d468724d7798" member_type: VOTER last_known_addr { host: "127.4.126.3" port: 53370 } }
I0819 06:33:40.122987 2164 leader_election.cc:217] T 8b79633d21dc49868650b1a34ca1c8ea P 54716c80d5de4d238c121acf92f30ec1 [CANDIDATE]: Term 1 pre-election: Requesting pre-vote from peer 6d6a239df0a0404cb3455e68efcb792b
I0819 06:33:40.123298 2164 leader_election.cc:217] T 8b79633d21dc49868650b1a34ca1c8ea P 54716c80d5de4d238c121acf92f30ec1 [CANDIDATE]: Term 1 pre-election: Requesting pre-vote from peer 6f8e517e75d440519fb9d468724d7798
W0819 06:33:40.129793 1781 outbound_call.cc:308] RPC callback for RPC call kudu.consensus.ConsensusService.RequestConsensusVote -> {remote=127.4.126.2:53826, user_credentials={real_user=slave}} blocked reactor thread for 57760.7us
I0819 06:33:40.132019 1971 raft_consensus.cc:1897] T 8b79633d21dc49868650b1a34ca1c8ea P 6d6a239df0a0404cb3455e68efcb792b [term 1 FOLLOWER]: Leader pre-election vote request: Denying vote to candidate 54716c80d5de4d238c121acf92f30ec1 in current term 1: Already voted for candidate 6f8e517e75d440519fb9d468724d7798 in this term.
I0819 06:33:40.133919 1971 raft_consensus.cc:1897] T 8b79633d21dc49868650b1a34ca1c8ea P 6d6a239df0a0404cb3455e68efcb792b [term 1 FOLLOWER]: Leader pre-election vote request: Denying vote to candidate 54716c80d5de4d238c121acf92f30ec1 in current term 1: Already voted for candidate 6f8e517e75d440519fb9d468724d7798 in this term.
I0819 06:33:40.137689 1781 leader_election.cc:363] T 8b79633d21dc49868650b1a34ca1c8ea P 54716c80d5de4d238c121acf92f30ec1 [CANDIDATE]: Term 1 pre-election: Vote denied by peer 6d6a239df0a0404cb3455e68efcb792b. Message: Invalid argument: T 8b79633d21dc49868650b1a34ca1c8ea P 6d6a239df0a0404cb3455e68efcb792b [term 1 FOLLOWER]: Leader pre-election vote request: Denying vote to candidate 54716c80d5de4d238c121acf92f30ec1 in current term 1: Already voted for candidate 6f8e517e75d440519fb9d468724d7798 in this term.
I0819 06:33:40.138849 1781 leader_election.cc:363] T 8b79633d21dc49868650b1a34ca1c8ea P 54716c80d5de4d238c121acf92f30ec1 [CANDIDATE]: Term 1 pre-election: Vote denied by peer 6d6a239df0a0404cb3455e68efcb792b. Message: Invalid argument: T 8b79633d21dc49868650b1a34ca1c8ea P 6d6a239df0a0404cb3455e68efcb792b [term 1 FOLLOWER]: Leader pre-election vote request: Denying vote to candidate 54716c80d5de4d238c121acf92f30ec1 in current term 1: Already voted for candidate 6f8e517e75d440519fb9d468724d7798 in this term.
I0819 06:33:40.142688 2176 raft_consensus.cc:2401] T 8b79633d21dc49868650b1a34ca1c8ea P 54716c80d5de4d238c121acf92f30ec1: Snoozing failure detection for election timeout plus an additional 0.019s
W0819 06:33:40.142776 1779 outbound_call.cc:308] RPC callback for RPC call kudu.consensus.ConsensusService.RequestConsensusVote -> {remote=127.4.126.3:53370, user_credentials={real_user=slave}} blocked reactor thread for 46975.3us
I0819 06:33:40.142973 2176 raft_consensus.cc:2141] T 8b79633d21dc49868650b1a34ca1c8ea P 54716c80d5de4d238c121acf92f30ec1 [term 0 FOLLOWER]: Leader pre-election lost for term 1. Reason: could not achieve majority
I0819 06:33:40.143237 2176 raft_consensus.cc:2401] T 8b79633d21dc49868650b1a34ca1c8ea P 54716c80d5de4d238c121acf92f30ec1: Snoozing failure detection for election timeout plus an additional 0.020s
I0819 06:33:40.143426 2176 raft_consensus.cc:2205] T 8b79633d21dc49868650b1a34ca1c8ea P 54716c80d5de4d238c121acf92f30ec1 [term 0 FOLLOWER]: Leader pre-election won for term 1
I0819 06:33:40.143575 2176 raft_consensus.cc:413] T 8b79633d21dc49868650b1a34ca1c8ea P 54716c80d5de4d238c121acf92f30ec1 [term 0 FOLLOWER]: Starting leader election (no leader contacted us within the election timeout)
I0819 06:33:40.143697 2176 raft_consensus.cc:2401] T 8b79633d21dc49868650b1a34ca1c8ea P 54716c80d5de4d238c121acf92f30ec1: Snoozing failure detection for election timeout plus an additional 0.029s
I0819 06:33:40.143803 2176 raft_consensus.cc:2448] T 8b79633d21dc49868650b1a34ca1c8ea P 54716c80d5de4d238c121acf92f30ec1 [term 0 FOLLOWER]: Advancing to term 1
I0819 06:33:40.146841 2176 raft_consensus.cc:437] T 8b79633d21dc49868650b1a34ca1c8ea P 54716c80d5de4d238c121acf92f30ec1 [term 1 FOLLOWER]: Starting leader election with config: opid_index: -1 OBSOLETE_local: false peers { permanent_uuid: "6d6a239df0a0404cb3455e68efcb792b" member_type: VOTER last_known_addr { host: "127.4.126.2" port: 53826 } } peers { permanent_uuid: "54716c80d5de4d238c121acf92f30ec1" member_type: VOTER last_known_addr { host: "127.4.126.1" port: 33172 } } peers { permanent_uuid: "6f8e517e75d440519fb9d468724d7798" member_type: VOTER last_known_addr { host: "127.4.126.3" port: 53370 } }
I0819 06:33:40.147678 2176 leader_election.cc:217] T 8b79633d21dc49868650b1a34ca1c8ea P 54716c80d5de4d238c121acf92f30ec1 [CANDIDATE]: Term 1 election: Requesting vote from peer 6d6a239df0a0404cb3455e68efcb792b
I0819 06:33:40.148010 2176 leader_election.cc:217] T 8b79633d21dc49868650b1a34ca1c8ea P 54716c80d5de4d238c121acf92f30ec1 [CANDIDATE]: Term 1 election: Requesting vote from peer 6f8e517e75d440519fb9d468724d7798
W0819 06:33:40.160019 1779 leader_election.cc:273] T 8b79633d21dc49868650b1a34ca1c8ea P 54716c80d5de4d238c121acf92f30ec1 [CANDIDATE]: Term 1 pre-election: RPC error from VoteRequest() call to peer 6f8e517e75d440519fb9d468724d7798: Timed out: RequestConsensusVote RPC to 127.4.126.3:53370 timed out after 0.016s (SENT)
I0819 06:33:40.160214 1779 leader_election.cc:244] T 8b79633d21dc49868650b1a34ca1c8ea P 54716c80d5de4d238c121acf92f30ec1 [CANDIDATE]: Term 1 pre-election: Election decided. Result: candidate lost.
I0819 06:33:40.160712 2165 raft_consensus.cc:2401] T 8b79633d21dc49868650b1a34ca1c8ea P 54716c80d5de4d238c121acf92f30ec1: Snoozing failure detection for election timeout plus an additional 0.033s
I0819 06:33:40.160928 2165 raft_consensus.cc:2141] T 8b79633d21dc49868650b1a34ca1c8ea P 54716c80d5de4d238c121acf92f30ec1 [term 1 FOLLOWER]: Leader pre-election lost for term 1. Reason: could not achieve majority
I0819 06:33:40.161415 1971 raft_consensus.cc:1897] T 8b79633d21dc49868650b1a34ca1c8ea P 6d6a239df0a0404cb3455e68efcb792b [term 1 FOLLOWER]: Leader election vote request: Denying vote to candidate 54716c80d5de4d238c121acf92f30ec1 in current term 1: Already voted for candidate 6f8e517e75d440519fb9d468724d7798 in this term.
I0819 06:33:40.162286 1781 leader_election.cc:363] T 8b79633d21dc49868650b1a34ca1c8ea P 54716c80d5de4d238c121acf92f30ec1 [CANDIDATE]: Term 1 election: Vote denied by peer 6d6a239df0a0404cb3455e68efcb792b. Message: Invalid argument: T 8b79633d21dc49868650b1a34ca1c8ea P 6d6a239df0a0404cb3455e68efcb792b [term 1 FOLLOWER]: Leader election vote request: Denying vote to candidate 54716c80d5de4d238c121acf92f30ec1 in current term 1: Already voted for candidate 6f8e517e75d440519fb9d468724d7798 in this term.
I0819 06:33:40.166607 2166 raft_consensus.cc:413] T 8b79633d21dc49868650b1a34ca1c8ea P 6d6a239df0a0404cb3455e68efcb792b [term 1 FOLLOWER]: Starting pre-election (no leader contacted us within the election timeout)
I0819 06:33:40.166898 2166 raft_consensus.cc:2401] T 8b79633d21dc49868650b1a34ca1c8ea P 6d6a239df0a0404cb3455e68efcb792b: Snoozing failure detection for election timeout plus an additional 0.019s
I0819 06:33:40.167075 2166 raft_consensus.cc:437] T 8b79633d21dc49868650b1a34ca1c8ea P 6d6a239df0a0404cb3455e68efcb792b [term 1 FOLLOWER]: Starting pre-election with config: opid_index: -1 OBSOLETE_local: false peers { permanent_uuid: "6d6a239df0a0404cb3455e68efcb792b" member_type: VOTER last_known_addr { host: "127.4.126.2" port: 53826 } } peers { permanent_uuid: "54716c80d5de4d238c121acf92f30ec1" member_type: VOTER last_known_addr { host: "127.4.126.1" port: 33172 } } peers { permanent_uuid: "6f8e517e75d440519fb9d468724d7798" member_type: VOTER last_known_addr { host: "127.4.126.3" port: 53370 } }
I0819 06:33:40.167907 2166 leader_election.cc:217] T 8b79633d21dc49868650b1a34ca1c8ea P 6d6a239df0a0404cb3455e68efcb792b [CANDIDATE]: Term 2 pre-election: Requesting pre-vote from peer 54716c80d5de4d238c121acf92f30ec1
I0819 06:33:40.168282 2166 leader_election.cc:217] T 8b79633d21dc49868650b1a34ca1c8ea P 6d6a239df0a0404cb3455e68efcb792b [CANDIDATE]: Term 2 pre-election: Requesting pre-vote from peer 6f8e517e75d440519fb9d468724d7798
I0819 06:33:40.169832 1846 raft_consensus.cc:2401] T 8b79633d21dc49868650b1a34ca1c8ea P 54716c80d5de4d238c121acf92f30ec1: Snoozing failure detection for election timeout plus an additional 0.049s
I0819 06:33:40.170085 1846 raft_consensus.cc:1967] T 8b79633d21dc49868650b1a34ca1c8ea P 54716c80d5de4d238c121acf92f30ec1 [term 1 FOLLOWER]: Leader pre-election vote request: Granting yes vote for candidate 6d6a239df0a0404cb3455e68efcb792b in term 1.
I0819 06:33:40.171073 1903 leader_election.cc:349] T 8b79633d21dc49868650b1a34ca1c8ea P 6d6a239df0a0404cb3455e68efcb792b [CANDIDATE]: Term 2 pre-election: Vote granted by peer 54716c80d5de4d238c121acf92f30ec1
I0819 06:33:40.171228 1903 leader_election.cc:244] T 8b79633d21dc49868650b1a34ca1c8ea P 6d6a239df0a0404cb3455e68efcb792b [CANDIDATE]: Term 2 pre-election: Election decided. Result: candidate won.
I0819 06:33:40.171587 2168 raft_consensus.cc:2401] T 8b79633d21dc49868650b1a34ca1c8ea P 6d6a239df0a0404cb3455e68efcb792b: Snoozing failure detection for election timeout plus an additional 0.024s
I0819 06:33:40.171768 2168 raft_consensus.cc:2205] T 8b79633d21dc49868650b1a34ca1c8ea P 6d6a239df0a0404cb3455e68efcb792b [term 1 FOLLOWER]: Leader pre-election won for term 2
I0819 06:33:40.171907 2168 raft_consensus.cc:413] T 8b79633d21dc49868650b1a34ca1c8ea P 6d6a239df0a0404cb3455e68efcb792b [term 1 FOLLOWER]: Starting leader election (no leader contacted us within the election timeout)
I0819 06:33:40.172065 2168 raft_consensus.cc:2401] T 8b79633d21dc49868650b1a34ca1c8ea P 6d6a239df0a0404cb3455e68efcb792b: Snoozing failure detection for election timeout plus an additional 0.018s
I0819 06:33:40.172199 2168 raft_consensus.cc:2448] T 8b79633d21dc49868650b1a34ca1c8ea P 6d6a239df0a0404cb3455e68efcb792b [term 1 FOLLOWER]: Advancing to term 2
I0819 06:33:40.175213 2168 raft_consensus.cc:437] T 8b79633d21dc49868650b1a34ca1c8ea P 6d6a239df0a0404cb3455e68efcb792b [term 2 FOLLOWER]: Starting leader election with config: opid_index: -1 OBSOLETE_local: false peers { permanent_uuid: "6d6a239df0a0404cb3455e68efcb792b" member_type: VOTER last_known_addr { host: "127.4.126.2" port: 53826 } } peers { permanent_uuid: "54716c80d5de4d238c121acf92f30ec1" member_type: VOTER last_known_addr { host: "127.4.126.1" port: 33172 } } peers { permanent_uuid: "6f8e517e75d440519fb9d468724d7798" member_type: VOTER last_known_addr { host: "127.4.126.3" port: 53370 } }
I0819 06:33:40.176015 2168 leader_election.cc:217] T 8b79633d21dc49868650b1a34ca1c8ea P 6d6a239df0a0404cb3455e68efcb792b [CANDIDATE]: Term 2 election: Requesting vote from peer 54716c80d5de4d238c121acf92f30ec1
I0819 06:33:40.176367 2168 leader_election.cc:217] T 8b79633d21dc49868650b1a34ca1c8ea P 6d6a239df0a0404cb3455e68efcb792b [CANDIDATE]: Term 2 election: Requesting vote from peer 6f8e517e75d440519fb9d468724d7798
W0819 06:33:40.177386 1779 leader_election.cc:273] T 8b79633d21dc49868650b1a34ca1c8ea P 54716c80d5de4d238c121acf92f30ec1 [CANDIDATE]: Term 1 election: RPC error from VoteRequest() call to peer 6f8e517e75d440519fb9d468724d7798: Timed out: RequestConsensusVote RPC to 127.4.126.3:53370 timed out after 0.029s (SENT)
I0819 06:33:40.177594 1846 raft_consensus.cc:2448] T 8b79633d21dc49868650b1a34ca1c8ea P 54716c80d5de4d238c121acf92f30ec1 [term 1 FOLLOWER]: Advancing to term 2
I0819 06:33:40.177666 1779 leader_election.cc:244] T 8b79633d21dc49868650b1a34ca1c8ea P 54716c80d5de4d238c121acf92f30ec1 [CANDIDATE]: Term 1 election: Election decided. Result: candidate lost.
I0819 06:33:40.177958 1846 raft_consensus.cc:2401] T 8b79633d21dc49868650b1a34ca1c8ea P 54716c80d5de4d238c121acf92f30ec1: Snoozing failure detection for election timeout plus an additional 0.023s
I0819 06:33:40.182098 1846 raft_consensus.cc:1967] T 8b79633d21dc49868650b1a34ca1c8ea P 54716c80d5de4d238c121acf92f30ec1 [term 2 FOLLOWER]: Leader election vote request: Granting yes vote for candidate 6d6a239df0a0404cb3455e68efcb792b in term 2.
I0819 06:33:40.182494 2179 raft_consensus.cc:2401] T 8b79633d21dc49868650b1a34ca1c8ea P 54716c80d5de4d238c121acf92f30ec1: Snoozing failure detection for election timeout plus an additional 0.027s
I0819 06:33:40.182749 2179 raft_consensus.cc:2141] T 8b79633d21dc49868650b1a34ca1c8ea P 54716c80d5de4d238c121acf92f30ec1 [term 2 FOLLOWER]: Leader election lost for term 1. Reason: could not achieve majority
I0819 06:33:40.183269 1903 leader_election.cc:349] T 8b79633d21dc49868650b1a34ca1c8ea P 6d6a239df0a0404cb3455e68efcb792b [CANDIDATE]: Term 2 election: Vote granted by peer 54716c80d5de4d238c121acf92f30ec1
I0819 06:33:40.183503 1903 leader_election.cc:244] T 8b79633d21dc49868650b1a34ca1c8ea P 6d6a239df0a0404cb3455e68efcb792b [CANDIDATE]: Term 2 election: Election decided. Result: candidate won.
I0819 06:33:40.183871 2168 raft_consensus.cc:2401] T 8b79633d21dc49868650b1a34ca1c8ea P 6d6a239df0a0404cb3455e68efcb792b: Snoozing failure detection for election timeout plus an additional 0.016s
I0819 06:33:40.184062 2168 raft_consensus.cc:2205] T 8b79633d21dc49868650b1a34ca1c8ea P 6d6a239df0a0404cb3455e68efcb792b [term 2 FOLLOWER]: Leader election won for term 2
W0819 06:33:40.188594 1904 leader_election.cc:273] T 8b79633d21dc49868650b1a34ca1c8ea P 6d6a239df0a0404cb3455e68efcb792b [CANDIDATE]: Term 2 pre-election: RPC error from VoteRequest() call to peer 6f8e517e75d440519fb9d468724d7798: Timed out: RequestConsensusVote RPC to 127.4.126.3:53370 timed out after 0.019s (SENT)
W0819 06:33:40.195448 1904 leader_election.cc:273] T 8b79633d21dc49868650b1a34ca1c8ea P 6d6a239df0a0404cb3455e68efcb792b [CANDIDATE]: Term 2 election: RPC error from VoteRequest() call to peer 6f8e517e75d440519fb9d468724d7798: Timed out: RequestConsensusVote RPC to 127.4.126.3:53370 timed out after 0.018s (SENT)
I0819 06:33:40.199770 2168 raft_consensus.cc:540] T 8b79633d21dc49868650b1a34ca1c8ea P 6d6a239df0a0404cb3455e68efcb792b [term 2 LEADER]: Becoming Leader. State: Replica: 6d6a239df0a0404cb3455e68efcb792b, State: Running, Role: LEADER
I0819 06:33:40.200235 2168 consensus_queue.cc:169] T 8b79633d21dc49868650b1a34ca1c8ea P 6d6a239df0a0404cb3455e68efcb792b [LEADER]: Queue going to LEADER mode. State: All replicated index: 0, Majority replicated index: 0, Committed index: 0, Last appended: 0.0, Last appended by leader: 0, Current term: 2, Majority size: 2, State: 1, Mode: LEADER, active raft config: opid_index: -1 OBSOLETE_local: false peers { permanent_uuid: "6d6a239df0a0404cb3455e68efcb792b" member_type: VOTER last_known_addr { host: "127.4.126.2" port: 53826 } } peers { permanent_uuid: "54716c80d5de4d238c121acf92f30ec1" member_type: VOTER last_known_addr { host: "127.4.126.1" port: 33172 } } peers { permanent_uuid: "6f8e517e75d440519fb9d468724d7798" member_type: VOTER last_known_addr { host: "127.4.126.3" port: 53370 } }
