I0819 06:34:20.587144 2851 sys_catalog.cc:287] T 00000000000000000000000000000000 P 280edc58eb9248bf99bb8e42b4eae2b6 [sys.catalog]: SysCatalogTable state changed. Reason: RaftConsensus started. Latest consensus state: current_term: 1 leader_uuid: "280edc58eb9248bf99bb8e42b4eae2b6" committed_config { opid_index: -1 OBSOLETE_local: true peers { permanent_uuid: "280edc58eb9248bf99bb8e42b4eae2b6" member_type: VOTER } }
I0819 06:34:20.587927 2851 sys_catalog.cc:290] T 00000000000000000000000000000000 P 280edc58eb9248bf99bb8e42b4eae2b6 [sys.catalog]: This master's current role is: LEADER
I0819 06:34:20.588965 2852 sys_catalog.cc:287] T 00000000000000000000000000000000 P 280edc58eb9248bf99bb8e42b4eae2b6 [sys.catalog]: SysCatalogTable state changed. Reason: New leader 280edc58eb9248bf99bb8e42b4eae2b6. Latest consensus state: current_term: 1 leader_uuid: "280edc58eb9248bf99bb8e42b4eae2b6" committed_config { opid_index: -1 OBSOLETE_local: true peers { permanent_uuid: "280edc58eb9248bf99bb8e42b4eae2b6" member_type: VOTER } }
I0819 06:34:20.589373 2852 sys_catalog.cc:290] T 00000000000000000000000000000000 P 280edc58eb9248bf99bb8e42b4eae2b6 [sys.catalog]: This master's current role is: LEADER
I0819 06:34:20.590950 2846 sys_catalog.cc:369] T 00000000000000000000000000000000 P 280edc58eb9248bf99bb8e42b4eae2b6 [sys.catalog]: configured and running, proceeding with master startup.
I0819 06:34:20.591248 2854 catalog_manager.cc:1018] Loading table and tablet metadata into memory...
I0819 06:34:20.592833 2785 master_main.cc:73] Master server successfully started.
I0819 06:34:20.596346 2854 catalog_manager.cc:1029] Initializing Kudu internal certificate authority...
I0819 06:34:20.650072 2854 catalog_manager.cc:914] Generated new certificate authority record
I0819 06:34:20.652637 2854 catalog_manager.cc:1038] Loading token signing keys...
I0819 06:34:20.661751 2854 catalog_manager.cc:3605] T 00000000000000000000000000000000 P 280edc58eb9248bf99bb8e42b4eae2b6: Generated new TSK 0 WARNING: Logging before InitGoogleLogging() is written to STDERR
W0819 06:34:20.692256 2847 flags.cc:384] Enabled unsafe flag: --enable_leader_failure_detection=false
W0819 06:34:20.692656 2847 flags.cc:384] Enabled unsafe flag: --rpc_server_allow_ephemeral_ports=true
W0819 06:34:20.692855 2847 flags.cc:384] Enabled unsafe flag: --never_fsync=true
W0819 06:34:20.706976 2847 flags.cc:384] Enabled experimental flag: --ipki_server_key_size=1024
W0819 06:34:20.707321 2847 flags.cc:384] Enabled experimental flag: --local_ip_for_outbound_sockets=127.4.126.1
I0819 06:34:20.727236 2847 tablet_server_main.cc:64] Tablet server non-default flags: --enable_leader_failure_detection=false --fs_data_dirs=/tmp/run_tha_test479zHR/test-tmp/raft_consensus-itest.RaftConsensusITest.TestEarlyCommitDespiteMemoryPressure.1503124412820022-1150/raft_consensus-itest-cluster/ts-0/data --fs_wal_dir=/tmp/run_tha_test479zHR/test-tmp/raft_consensus-itest.RaftConsensusITest.TestEarlyCommitDespiteMemoryPressure.1503124412820022-1150/raft_consensus-itest-cluster/ts-0/wal --ipki_server_key_size=1024 --rpc_bind_addresses=127.4.126.1:0 --rpc_server_allow_ephemeral_ports=true --metrics_log_interval_ms=1000 --server_dump_info_format=pb --server_dump_info_path=/tmp/run_tha_test479zHR/test-tmp/raft_consensus-itest.RaftConsensusITest.TestEarlyCommitDespiteMemoryPressure.1503124412820022-1150/raft_consensus-itest-cluster/ts-0/data/info.pb --webserver_interface=127.4.126.1 --webserver_port=0 --tablet_transaction_memory_limit_mb=-1 --tserver_master_addrs=127.4.126.254:39962 --never_fsync=true --heap_profile_path=/tmp/kudu-tserver.2847 --redact=flag --unlock_experimental_flags=true --unlock_unsafe_flags=true --enable_minidumps=false --local_ip_for_outbound_sockets=127.4.126.1 --memory_limit_hard_bytes=4194304 --log_dir=/tmp/run_tha_test479zHR/test-tmp/raft_consensus-itest.RaftConsensusITest.TestEarlyCommitDespiteMemoryPressure.1503124412820022-1150/raft_consensus-itest-cluster/ts-0/logs --logbuflevel=-1 --logtostderr=true Tablet server version: kudu 1.5.0-SNAPSHOT revision ba0f21e2316b78f167bbaba44cab392558d97b6f build type FASTDEBUG built by None at 19 Aug 2017 06:31:02 UTC on jenkins-slave-c3oe build id 9422 TSAN enabled
I0819 06:34:20.737596 2847 tablet_server_main.cc:71] Initializing tablet server...
I0819 06:34:20.739419 2847 system_ntp.cc:96] NTP initialized. Resolution in nanos?: 1 Skew PPM: 500 Current error: 1304405
I0819 06:34:20.740033 2847 env_posix.cc:1586] Not raising process file limit of 65536; it is already as high as it can go
I0819 06:34:20.740293 2847 file_cache.cc:464] Constructed file cache lbm with capacity 26214
I0819 06:34:20.745332 2847 server_base.cc:215] Could not load existing FS layout: Not found: /tmp/run_tha_test479zHR/test-tmp/raft_consensus-itest.RaftConsensusITest.TestEarlyCommitDespiteMemoryPressure.1503124412820022-1150/raft_consensus-itest-cluster/ts-0/data/instance: No such file or directory (error 2)
I0819 06:34:20.745481 2847 server_base.cc:216] Creating new FS layout
I0819 06:34:20.753084 2847 fs_manager.cc:394] Generated new instance metadata in path /tmp/run_tha_test479zHR/test-tmp/raft_consensus-itest.RaftConsensusITest.TestEarlyCommitDespiteMemoryPressure.1503124412820022-1150/raft_consensus-itest-cluster/ts-0/data/instance: uuid: "4c94be5808b34fc3bb2d82e3988c20f1" format_stamp: "Formatted at 2017-08-19 06:34:20 on dist-test-slave-dist-test-slave-j33z"
I0819 06:34:20.753818 2847 fs_manager.cc:394] Generated new instance metadata in path /tmp/run_tha_test479zHR/test-tmp/raft_consensus-itest.RaftConsensusITest.TestEarlyCommitDespiteMemoryPressure.1503124412820022-1150/raft_consensus-itest-cluster/ts-0/wal/instance: uuid: "4c94be5808b34fc3bb2d82e3988c20f1" format_stamp: "Formatted at 2017-08-19 06:34:20 on dist-test-slave-dist-test-slave-j33z"
I0819 06:34:20.764747 2847 fs_manager.cc:280] Time spent opening block manager: real 0.004s user 0.004s sys 0.000s
I0819 06:34:20.764899 2847 fs_manager.cc:283] Opened local filesystem: /tmp/run_tha_test479zHR/test-tmp/raft_consensus-itest.RaftConsensusITest.TestEarlyCommitDespiteMemoryPressure.1503124412820022-1150/raft_consensus-itest-cluster/ts-0/data,/tmp/run_tha_test479zHR/test-tmp/raft_consensus-itest.RaftConsensusITest.TestEarlyCommitDespiteMemoryPressure.1503124412820022-1150/raft_consensus-itest-cluster/ts-0/wal uuid: "4c94be5808b34fc3bb2d82e3988c20f1" format_stamp: "Formatted at 2017-08-19 06:34:20 on dist-test-slave-dist-test-slave-j33z"
I0819 06:34:20.765084 2847 fs_report.cc:345] Block manager report -------------------- 1 data directories: /tmp/run_tha_test479zHR/test-tmp/raft_consensus-itest.RaftConsensusITest.TestEarlyCommitDespiteMemoryPressure.1503124412820022-1150/raft_consensus-itest-cluster/ts-0/data/data Total live blocks: 0 Total live bytes: 0 Total live bytes (after alignment): 0 Total number of LBM containers: 0 (0 full) Did not check for missing blocks Did not check for orphaned blocks Total full LBM containers with extra space: 0 (0 repaired) Total full LBM container extra space in bytes: 0 (0 repaired) Total incomplete LBM containers: 0 (0 repaired) Total LBM partial records: 0 (0 repaired)
I0819 06:34:20.988761 2847 ts_tablet_manager.cc:190] Loaded tablet metadata (0 live tablets)
I0819 06:34:20.990149 2847 tablet_server_main.cc:76] Starting tablet server...
I0819 06:34:21.099529 2847 rpc_server.cc:186] RPC server started. Bound to: 127.4.126.1:40980
I0819 06:34:21.100464 2847 webserver.cc:145] Starting webserver on 127.4.126.1:0
I0819 06:34:21.100572 2847 webserver.cc:156] Document root disabled
I0819 06:34:21.101963 2847 webserver.cc:278] Webserver started. Bound to: http://127.4.126.1:34635/
I0819 06:34:21.102723 2847 server_base.cc:359] Dumped server information to /tmp/run_tha_test479zHR/test-tmp/raft_consensus-itest.RaftConsensusITest.TestEarlyCommitDespiteMemoryPressure.1503124412820022-1150/raft_consensus-itest-cluster/ts-0/data/info.pb
I0819 06:34:21.109978 1150 external_mini_cluster.cc:814] Started /tmp/run_tha_test479zHR/build/tsan/bin/kudu-tserver as pid 2847
I0819 06:34:21.111246 2980 process_memory.cc:172] Process hard memory limit is 0.003906 GB
I0819 06:34:21.111263 1150 external_mini_cluster.cc:752] Running /tmp/run_tha_test479zHR/build/tsan/bin/kudu-tserver /tmp/run_tha_test479zHR/build/tsan/bin/kudu-tserver --fs_wal_dir=/tmp/run_tha_test479zHR/test-tmp/raft_consensus-itest.RaftConsensusITest.TestEarlyCommitDespiteMemoryPressure.1503124412820022-1150/raft_consensus-itest-cluster/ts-1/wal --fs_data_dirs=/tmp/run_tha_test479zHR/test-tmp/raft_consensus-itest.RaftConsensusITest.TestEarlyCommitDespiteMemoryPressure.1503124412820022-1150/raft_consensus-itest-cluster/ts-1/data --rpc_bind_addresses=127.4.126.2:0 --local_ip_for_outbound_sockets=127.4.126.2 --webserver_interface=127.4.126.2 --webserver_port=0 --tserver_master_addrs=127.4.126.254:39962 --never_fsync --ipki_server_key_size=1024 --enable_minidumps=false --redact=flag --metrics_log_interval_ms=1000 --logtostderr --logbuflevel=-1 --log_dir=/tmp/run_tha_test479zHR/test-tmp/raft_consensus-itest.RaftConsensusITest.TestEarlyCommitDespiteMemoryPressure.1503124412820022-1150/raft_consensus-itest-cluster/ts-1/logs --server_dump_info_path=/tmp/run_tha_test479zHR/test-tmp/raft_consensus-itest.RaftConsensusITest.TestEarlyCommitDespiteMemoryPressure.1503124412820022-1150/raft_consensus-itest-cluster/ts-1/data/info.pb --server_dump_info_format=pb --rpc_server_allow_ephemeral_ports --unlock_experimental_flags --unlock_unsafe_flags --memory_limit_hard_bytes=4194304 --enable_leader_failure_detection=false --tablet_transaction_memory_limit_mb=-1 with env {}
I0819 06:34:21.111567 2980 process_memory.cc:174] Process soft memory limit is 0.003125 GB
I0819 06:34:21.111709 2980 process_memory.cc:177] Process memory pressure threshold is 0.002344 GB
I0819 06:34:21.111343 2847 tablet_server_main.cc:79] Tablet server successfully started.
I0819 06:34:21.141036 2979 heartbeater.cc:295] Connected to a master server at 127.4.126.254:39962
I0819 06:34:21.141343 2979 heartbeater.cc:365] Registering TS with master...
I0819 06:34:21.141784 2979 heartbeater.cc:392] Master 127.4.126.254:39962 requested a full tablet report, sending...
I0819 06:34:21.143374 2813 ts_manager.cc:79] Registered new tserver with Master: 4c94be5808b34fc3bb2d82e3988c20f1 (127.4.126.1:40980)
I0819 06:34:21.145021 2813 master_service.cc:197] Signed X509 certificate for tserver {username='slave'} at 127.4.126.1:55824 WARNING: Logging before InitGoogleLogging() is written to STDERR
W0819 06:34:21.314486 2983 flags.cc:384] Enabled unsafe flag: --enable_leader_failure_detection=false
W0819 06:34:21.315011 2983 flags.cc:384] Enabled unsafe flag: --rpc_server_allow_ephemeral_ports=true
W0819 06:34:21.315340 2983 flags.cc:384] Enabled unsafe flag: --never_fsync=true
W0819 06:34:21.339694 2983 flags.cc:384] Enabled experimental flag: --ipki_server_key_size=1024
W0819 06:34:21.340245 2983 flags.cc:384] Enabled experimental flag: --local_ip_for_outbound_sockets=127.4.126.2
I0819 06:34:21.369971 2983 tablet_server_main.cc:64] Tablet server non-default flags: --enable_leader_failure_detection=false --fs_data_dirs=/tmp/run_tha_test479zHR/test-tmp/raft_consensus-itest.RaftConsensusITest.TestEarlyCommitDespiteMemoryPressure.1503124412820022-1150/raft_consensus-itest-cluster/ts-1/data --fs_wal_dir=/tmp/run_tha_test479zHR/test-tmp/raft_consensus-itest.RaftConsensusITest.TestEarlyCommitDespiteMemoryPressure.1503124412820022-1150/raft_consensus-itest-cluster/ts-1/wal --ipki_server_key_size=1024 --rpc_bind_addresses=127.4.126.2:0 --rpc_server_allow_ephemeral_ports=true --metrics_log_interval_ms=1000 --server_dump_info_format=pb --server_dump_info_path=/tmp/run_tha_test479zHR/test-tmp/raft_consensus-itest.RaftConsensusITest.TestEarlyCommitDespiteMemoryPressure.1503124412820022-1150/raft_consensus-itest-cluster/ts-1/data/info.pb --webserver_interface=127.4.126.2 --webserver_port=0 --tablet_transaction_memory_limit_mb=-1 --tserver_master_addrs=127.4.126.254:39962 --never_fsync=true --heap_profile_path=/tmp/kudu-tserver.2983 --redact=flag --unlock_experimental_flags=true --unlock_unsafe_flags=true --enable_minidumps=false --local_ip_for_outbound_sockets=127.4.126.2 --memory_limit_hard_bytes=4194304 --log_dir=/tmp/run_tha_test479zHR/test-tmp/raft_consensus-itest.RaftConsensusITest.TestEarlyCommitDespiteMemoryPressure.1503124412820022-1150/raft_consensus-itest-cluster/ts-1/logs --logbuflevel=-1 --logtostderr=true Tablet server version: kudu 1.5.0-SNAPSHOT revision ba0f21e2316b78f167bbaba44cab392558d97b6f build type FASTDEBUG built by None at 19 Aug 2017 06:31:02 UTC on jenkins-slave-c3oe build id 9422 TSAN enabled
I0819 06:34:21.385112 2983 tablet_server_main.cc:71] Initializing tablet server...
I0819 06:34:21.387715 2983 system_ntp.cc:96] NTP initialized. Resolution in nanos?: 1 Skew PPM: 500 Current error: 1304905
I0819 06:34:21.388586 2983 env_posix.cc:1586] Not raising process file limit of 65536; it is already as high as it can go
I0819 06:34:21.388993 2983 file_cache.cc:464] Constructed file cache lbm with capacity 26214
I0819 06:34:21.397720 2983 server_base.cc:215] Could not load existing FS layout: Not found: /tmp/run_tha_test479zHR/test-tmp/raft_consensus-itest.RaftConsensusITest.TestEarlyCommitDespiteMemoryPressure.1503124412820022-1150/raft_consensus-itest-cluster/ts-1/data/instance: No such file or directory (error 2)
I0819 06:34:21.397938 2983 server_base.cc:216] Creating new FS layout
I0819 06:34:21.410368 2983 fs_manager.cc:394] Generated new instance metadata in path /tmp/run_tha_test479zHR/test-tmp/raft_consensus-itest.RaftConsensusITest.TestEarlyCommitDespiteMemoryPressure.1503124412820022-1150/raft_consensus-itest-cluster/ts-1/data/instance: uuid: "a889c384430446d48d45e519afbee13c" format_stamp: "Formatted at 2017-08-19 06:34:21 on dist-test-slave-dist-test-slave-j33z"
I0819 06:34:21.411471 2983 fs_manager.cc:394] Generated new instance metadata in path /tmp/run_tha_test479zHR/test-tmp/raft_consensus-itest.RaftConsensusITest.TestEarlyCommitDespiteMemoryPressure.1503124412820022-1150/raft_consensus-itest-cluster/ts-1/wal/instance: uuid: "a889c384430446d48d45e519afbee13c" format_stamp: "Formatted at 2017-08-19 06:34:21 on dist-test-slave-dist-test-slave-j33z"
I0819 06:34:21.427790 2983 fs_manager.cc:280] Time spent opening block manager: real 0.005s user 0.000s sys 0.004s
I0819 06:34:21.428005 2983 fs_manager.cc:283] Opened local filesystem: /tmp/run_tha_test479zHR/test-tmp/raft_consensus-itest.RaftConsensusITest.TestEarlyCommitDespiteMemoryPressure.1503124412820022-1150/raft_consensus-itest-cluster/ts-1/data,/tmp/run_tha_test479zHR/test-tmp/raft_consensus-itest.RaftConsensusITest.TestEarlyCommitDespiteMemoryPressure.1503124412820022-1150/raft_consensus-itest-cluster/ts-1/wal uuid: "a889c384430446d48d45e519afbee13c" format_stamp: "Formatted at 2017-08-19 06:34:21 on dist-test-slave-dist-test-slave-j33z"
I0819 06:34:21.428275 2983 fs_report.cc:345] Block manager report -------------------- 1 data directories: /tmp/run_tha_test479zHR/test-tmp/raft_consensus-itest.RaftConsensusITest.TestEarlyCommitDespiteMemoryPressure.1503124412820022-1150/raft_consensus-itest-cluster/ts-1/data/data Total live blocks: 0 Total live bytes: 0 Total live bytes (after alignment): 0 Total number of LBM containers: 0 (0 full) Did not check for missing blocks Did not check for orphaned blocks Total full LBM containers with extra space: 0 (0 repaired) Total full LBM container extra space in bytes: 0 (0 repaired) Total incomplete LBM containers: 0 (0 repaired) Total LBM partial records: 0 (0 repaired)
I0819 06:34:21.654320 2983 ts_tablet_manager.cc:190] Loaded tablet metadata (0 live tablets)
I0819 06:34:21.655565 2983 tablet_server_main.cc:76] Starting tablet server...
I0819 06:34:21.763267 2983 rpc_server.cc:186] RPC server started. Bound to: 127.4.126.2:45929
I0819 06:34:21.764190 2983 webserver.cc:145] Starting webserver on 127.4.126.2:0
I0819 06:34:21.764308 2983 webserver.cc:156] Document root disabled
I0819 06:34:21.765728 2983 webserver.cc:278] Webserver started. Bound to: http://127.4.126.2:57163/
I0819 06:34:21.766502 2983 server_base.cc:359] Dumped server information to /tmp/run_tha_test479zHR/test-tmp/raft_consensus-itest.RaftConsensusITest.TestEarlyCommitDespiteMemoryPressure.1503124412820022-1150/raft_consensus-itest-cluster/ts-1/data/info.pb
I0819 06:34:21.773919 3105 process_memory.cc:172] Process hard memory limit is 0.003906 GB
I0819 06:34:21.774152 3105 process_memory.cc:174] Process soft memory limit is 0.003125 GB
I0819 06:34:21.774289 3105 process_memory.cc:177] Process memory pressure threshold is 0.002344 GB
I0819 06:34:21.775955 1150 external_mini_cluster.cc:814] Started /tmp/run_tha_test479zHR/build/tsan/bin/kudu-tserver as pid 2983
I0819 06:34:21.777231 1150 external_mini_cluster.cc:752] Running /tmp/run_tha_test479zHR/build/tsan/bin/kudu-tserver /tmp/run_tha_test479zHR/build/tsan/bin/kudu-tserver --fs_wal_dir=/tmp/run_tha_test479zHR/test-tmp/raft_consensus-itest.RaftConsensusITest.TestEarlyCommitDespiteMemoryPressure.1503124412820022-1150/raft_consensus-itest-cluster/ts-2/wal --fs_data_dirs=/tmp/run_tha_test479zHR/test-tmp/raft_consensus-itest.RaftConsensusITest.TestEarlyCommitDespiteMemoryPressure.1503124412820022-1150/raft_consensus-itest-cluster/ts-2/data --rpc_bind_addresses=127.4.126.3:0 --local_ip_for_outbound_sockets=127.4.126.3 --webserver_interface=127.4.126.3 --webserver_port=0 --tserver_master_addrs=127.4.126.254:39962 --never_fsync --ipki_server_key_size=1024 --enable_minidumps=false --redact=flag --metrics_log_interval_ms=1000 --logtostderr --logbuflevel=-1 --log_dir=/tmp/run_tha_test479zHR/test-tmp/raft_consensus-itest.RaftConsensusITest.TestEarlyCommitDespiteMemoryPressure.1503124412820022-1150/raft_consensus-itest-cluster/ts-2/logs --server_dump_info_path=/tmp/run_tha_test479zHR/test-tmp/raft_consensus-itest.RaftConsensusITest.TestEarlyCommitDespiteMemoryPressure.1503124412820022-1150/raft_consensus-itest-cluster/ts-2/data/info.pb --server_dump_info_format=pb --rpc_server_allow_ephemeral_ports --unlock_experimental_flags --unlock_unsafe_flags --memory_limit_hard_bytes=4194304 --enable_leader_failure_detection=false --tablet_transaction_memory_limit_mb=-1 with env {}
I0819 06:34:21.796875 3104 heartbeater.cc:295] Connected to a master server at 127.4.126.254:39962
I0819 06:34:21.797222 3104 heartbeater.cc:365] Registering TS with master...
I0819 06:34:21.797811 3104 heartbeater.cc:392] Master 127.4.126.254:39962 requested a full tablet report, sending...
I0819 06:34:21.799533 2813 ts_manager.cc:79] Registered new tserver with Master: a889c384430446d48d45e519afbee13c (127.4.126.2:45929)
I0819 06:34:21.801100 2813 master_service.cc:197] Signed X509 certificate for tserver {username='slave'} at 127.4.126.2:57749
I0819 06:34:21.774013 2983 tablet_server_main.cc:79] Tablet server successfully started. WARNING: Logging before InitGoogleLogging() is written to STDERR
W0819 06:34:21.911875 3108 flags.cc:384] Enabled unsafe flag: --enable_leader_failure_detection=false
W0819 06:34:21.912271 3108 flags.cc:384] Enabled unsafe flag: --rpc_server_allow_ephemeral_ports=true
W0819 06:34:21.912511 3108 flags.cc:384] Enabled unsafe flag: --never_fsync=true
W0819 06:34:21.926944 3108 flags.cc:384] Enabled experimental flag: --ipki_server_key_size=1024
W0819 06:34:21.927320 3108 flags.cc:384] Enabled experimental flag: --local_ip_for_outbound_sockets=127.4.126.3
I0819 06:34:21.947860 3108 tablet_server_main.cc:64] Tablet server non-default flags: --enable_leader_failure_detection=false --fs_data_dirs=/tmp/run_tha_test479zHR/test-tmp/raft_consensus-itest.RaftConsensusITest.TestEarlyCommitDespiteMemoryPressure.1503124412820022-1150/raft_consensus-itest-cluster/ts-2/data --fs_wal_dir=/tmp/run_tha_test479zHR/test-tmp/raft_consensus-itest.RaftConsensusITest.TestEarlyCommitDespiteMemoryPressure.1503124412820022-1150/raft_consensus-itest-cluster/ts-2/wal --ipki_server_key_size=1024 --rpc_bind_addresses=127.4.126.3:0 --rpc_server_allow_ephemeral_ports=true --metrics_log_interval_ms=1000 --server_dump_info_format=pb --server_dump_info_path=/tmp/run_tha_test479zHR/test-tmp/raft_consensus-itest.RaftConsensusITest.TestEarlyCommitDespiteMemoryPressure.1503124412820022-1150/raft_consensus-itest-cluster/ts-2/data/info.pb --webserver_interface=127.4.126.3 --webserver_port=0 --tablet_transaction_memory_limit_mb=-1 --tserver_master_addrs=127.4.126.254:39962 --never_fsync=true --heap_profile_path=/tmp/kudu-tserver.3108 --redact=flag --unlock_experimental_flags=true --unlock_unsafe_flags=true --enable_minidumps=false --local_ip_for_outbound_sockets=127.4.126.3 --memory_limit_hard_bytes=4194304 --log_dir=/tmp/run_tha_test479zHR/test-tmp/raft_consensus-itest.RaftConsensusITest.TestEarlyCommitDespiteMemoryPressure.1503124412820022-1150/raft_consensus-itest-cluster/ts-2/logs --logbuflevel=-1 --logtostderr=true Tablet server version: kudu 1.5.0-SNAPSHOT revision ba0f21e2316b78f167bbaba44cab392558d97b6f build type FASTDEBUG built by None at 19 Aug 2017 06:31:02 UTC on jenkins-slave-c3oe build id 9422 TSAN enabled
I0819 06:34:21.958688 3108 tablet_server_main.cc:71] Initializing tablet server...
I0819 06:34:21.960631 3108 system_ntp.cc:96] NTP initialized. Resolution in nanos?: 1 Skew PPM: 500 Current error: 1304905
I0819 06:34:21.961242 3108 env_posix.cc:1586] Not raising process file limit of 65536; it is already as high as it can go
I0819 06:34:21.961531 3108 file_cache.cc:464] Constructed file cache lbm with capacity 26214
I0819 06:34:21.966567 3108 server_base.cc:215] Could not load existing FS layout: Not found: /tmp/run_tha_test479zHR/test-tmp/raft_consensus-itest.RaftConsensusITest.TestEarlyCommitDespiteMemoryPressure.1503124412820022-1150/raft_consensus-itest-cluster/ts-2/data/instance: No such file or directory (error 2)
I0819 06:34:21.966713 3108 server_base.cc:216] Creating new FS layout
I0819 06:34:21.974393 3108 fs_manager.cc:394] Generated new instance metadata in path /tmp/run_tha_test479zHR/test-tmp/raft_consensus-itest.RaftConsensusITest.TestEarlyCommitDespiteMemoryPressure.1503124412820022-1150/raft_consensus-itest-cluster/ts-2/data/instance: uuid: "8f9cb341a5104891b3f821da4adf01a4" format_stamp: "Formatted at 2017-08-19 06:34:21 on dist-test-slave-dist-test-slave-j33z"
I0819 06:34:21.975152 3108 fs_manager.cc:394] Generated new instance metadata in path /tmp/run_tha_test479zHR/test-tmp/raft_consensus-itest.RaftConsensusITest.TestEarlyCommitDespiteMemoryPressure.1503124412820022-1150/raft_consensus-itest-cluster/ts-2/wal/instance: uuid: "8f9cb341a5104891b3f821da4adf01a4" format_stamp: "Formatted at 2017-08-19 06:34:21 on dist-test-slave-dist-test-slave-j33z"
I0819 06:34:21.986933 3108 fs_manager.cc:280] Time spent opening block manager: real 0.005s user 0.000s sys 0.004s
I0819 06:34:21.987179 3108 fs_manager.cc:283] Opened local filesystem: /tmp/run_tha_test479zHR/test-tmp/raft_consensus-itest.RaftConsensusITest.TestEarlyCommitDespiteMemoryPressure.1503124412820022-1150/raft_consensus-itest-cluster/ts-2/data,/tmp/run_tha_test479zHR/test-tmp/raft_consensus-itest.RaftConsensusITest.TestEarlyCommitDespiteMemoryPressure.1503124412820022-1150/raft_consensus-itest-cluster/ts-2/wal uuid: "8f9cb341a5104891b3f821da4adf01a4" format_stamp: "Formatted at 2017-08-19 06:34:21 on dist-test-slave-dist-test-slave-j33z"
I0819 06:34:21.987525 3108 fs_report.cc:345] Block manager report -------------------- 1 data directories: /tmp/run_tha_test479zHR/test-tmp/raft_consensus-itest.RaftConsensusITest.TestEarlyCommitDespiteMemoryPressure.1503124412820022-1150/raft_consensus-itest-cluster/ts-2/data/data Total live blocks: 0 Total live bytes: 0 Total live bytes (after alignment): 0 Total number of LBM containers: 0 (0 full) Did not check for missing blocks Did not check for orphaned blocks Total full LBM containers with extra space: 0 (0 repaired) Total full LBM container extra space in bytes: 0 (0 repaired) Total incomplete LBM containers: 0 (0 repaired) Total LBM partial records: 0 (0 repaired)
I0819 06:34:22.147454 2979 heartbeater.cc:384] Master 127.4.126.254:39962 was elected leader, sending a full tablet report...
I0819 06:34:22.164096 3108 ts_tablet_manager.cc:190] Loaded tablet metadata (0 live tablets)
I0819 06:34:22.165225 3108 tablet_server_main.cc:76] Starting tablet server...
I0819 06:34:22.257033 3108 rpc_server.cc:186] RPC server started. Bound to: 127.4.126.3:38257
I0819 06:34:22.257912 3108 webserver.cc:145] Starting webserver on 127.4.126.3:0
I0819 06:34:22.258013 3108 webserver.cc:156] Document root disabled
I0819 06:34:22.259202 3108 webserver.cc:278] Webserver started. Bound to: http://127.4.126.3:50294/
I0819 06:34:22.260020 3108 server_base.cc:359] Dumped server information to /tmp/run_tha_test479zHR/test-tmp/raft_consensus-itest.RaftConsensusITest.TestEarlyCommitDespiteMemoryPressure.1503124412820022-1150/raft_consensus-itest-cluster/ts-2/data/info.pb
I0819 06:34:22.262945 3230 process_memory.cc:172] Process hard memory limit is 0.003906 GB
I0819 06:34:22.263499 3230 process_memory.cc:174] Process soft memory limit is 0.003125 GB
I0819 06:34:22.263629 3230 process_memory.cc:177] Process memory pressure threshold is 0.002344 GB
I0819 06:34:22.267308 1150 external_mini_cluster.cc:814] Started /tmp/run_tha_test479zHR/build/tsan/bin/kudu-tserver as pid 3108
I0819 06:34:22.263447 3108 tablet_server_main.cc:79] Tablet server successfully started.
I0819 06:34:22.308485 3229 heartbeater.cc:295] Connected to a master server at 127.4.126.254:39962
I0819 06:34:22.308759 3229 heartbeater.cc:365] Registering TS with master...
I0819 06:34:22.309196 3229 heartbeater.cc:392] Master 127.4.126.254:39962 requested a full tablet report, sending...
I0819 06:34:22.310469 2813 ts_manager.cc:79] Registered new tserver with Master: 8f9cb341a5104891b3f821da4adf01a4 (127.4.126.3:38257)
I0819 06:34:22.311771 2813 master_service.cc:197] Signed X509 certificate for tserver {username='slave'} at 127.4.126.3:48002
I0819 06:34:22.312984 1150 external_mini_cluster.cc:454] 3 TS(s) registered with all masters
I0819 06:34:22.331372 2812 catalog_manager.cc:1281] CreateTable from {username='slave'} at 127.0.0.1:58432: name: "TestTable" schema { columns { name: "key" type: INT32 is_key: true is_nullable: false encoding: AUTO_ENCODING compression: DEFAULT_COMPRESSION cfile_block_size: 0 } columns { name: "int_val" type: INT32 is_key: false is_nullable: false encoding: AUTO_ENCODING compression: DEFAULT_COMPRESSION cfile_block_size: 0 } columns { name: "string_val" type: STRING is_key: false is_nullable: true encoding: AUTO_ENCODING compression: DEFAULT_COMPRESSION cfile_block_size: 0 } } num_replicas: 3 split_rows_range_bounds { } partition_schema { range_schema { columns { name: "key" } } }
I0819 06:34:22.370795 3166 tablet_service.cc:684] Processing CreateTablet for tablet 31d2fe4307b848379aea3d36390148e4 (table=TestTable [id=1847cb67198a4de9b80681d881eac0ec]), partition=RANGE (key) PARTITION UNBOUNDED
I0819 06:34:22.373167 3041 tablet_service.cc:684] Processing CreateTablet for tablet 31d2fe4307b848379aea3d36390148e4 (table=TestTable [id=1847cb67198a4de9b80681d881eac0ec]), partition=RANGE (key) PARTITION UNBOUNDED
I0819 06:34:22.376530 2916 tablet_service.cc:684] Processing CreateTablet for tablet 31d2fe4307b848379aea3d36390148e4 (table=TestTable [id=1847cb67198a4de9b80681d881eac0ec]), partition=RANGE (key) PARTITION UNBOUNDED
I0819 06:34:22.385582 3041 ts_tablet_manager.cc:877] T 31d2fe4307b848379aea3d36390148e4 P a889c384430446d48d45e519afbee13c: Registered tablet (data state: TABLET_DATA_READY)
I0819 06:34:22.387243 3166 ts_tablet_manager.cc:877] T 31d2fe4307b848379aea3d36390148e4 P 8f9cb341a5104891b3f821da4adf01a4: Registered tablet (data state: TABLET_DATA_READY)
I0819 06:34:22.392791 2916 ts_tablet_manager.cc:877] T 31d2fe4307b848379aea3d36390148e4 P 4c94be5808b34fc3bb2d82e3988c20f1: Registered tablet (data state: TABLET_DATA_READY)
I0819 06:34:22.395138 3250 ts_tablet_manager.cc:740] T 31d2fe4307b848379aea3d36390148e4 P 8f9cb341a5104891b3f821da4adf01a4: Bootstrapping tablet
I0819 06:34:22.395668 3250 tablet_bootstrap.cc:402] T 31d2fe4307b848379aea3d36390148e4 P 8f9cb341a5104891b3f821da4adf01a4: Bootstrap starting.
I0819 06:34:22.395248 3249 ts_tablet_manager.cc:740] T 31d2fe4307b848379aea3d36390148e4 P a889c384430446d48d45e519afbee13c: Bootstrapping tablet
I0819 06:34:22.396440 3249 tablet_bootstrap.cc:402] T 31d2fe4307b848379aea3d36390148e4 P a889c384430446d48d45e519afbee13c: Bootstrap starting.
I0819 06:34:22.397202 3251 ts_tablet_manager.cc:740] T 31d2fe4307b848379aea3d36390148e4 P 4c94be5808b34fc3bb2d82e3988c20f1: Bootstrapping tablet
I0819 06:34:22.397675 3251 tablet_bootstrap.cc:402] T 31d2fe4307b848379aea3d36390148e4 P 4c94be5808b34fc3bb2d82e3988c20f1: Bootstrap starting.
I0819 06:34:22.398980 3250 tablet_bootstrap.cc:537] T 31d2fe4307b848379aea3d36390148e4 P 8f9cb341a5104891b3f821da4adf01a4: No blocks or log segments found. Creating new log.
I0819 06:34:22.399101 3249 tablet_bootstrap.cc:537] T 31d2fe4307b848379aea3d36390148e4 P a889c384430446d48d45e519afbee13c: No blocks or log segments found. Creating new log.
I0819 06:34:22.400344 3249 log.cc:511] T 31d2fe4307b848379aea3d36390148e4 P a889c384430446d48d45e519afbee13c: Log is configured to *not* fsync() on all Append() calls
I0819 06:34:22.400689 3250 log.cc:511] T 31d2fe4307b848379aea3d36390148e4 P 8f9cb341a5104891b3f821da4adf01a4: Log is configured to *not* fsync() on all Append() calls
I0819 06:34:22.400946 3251 tablet_bootstrap.cc:537] T 31d2fe4307b848379aea3d36390148e4 P 4c94be5808b34fc3bb2d82e3988c20f1: No blocks or log segments found. Creating new log.
I0819 06:34:22.402493 3251 log.cc:511] T 31d2fe4307b848379aea3d36390148e4 P 4c94be5808b34fc3bb2d82e3988c20f1: Log is configured to *not* fsync() on all Append() calls
I0819 06:34:22.403735 3250 tablet_bootstrap.cc:402] T 31d2fe4307b848379aea3d36390148e4 P 8f9cb341a5104891b3f821da4adf01a4: No bootstrap required, opened a new log
I0819 06:34:22.404132 3250 ts_tablet_manager.cc:752] T 31d2fe4307b848379aea3d36390148e4 P 8f9cb341a5104891b3f821da4adf01a4: Time spent bootstrapping tablet: real 0.009s user 0.000s sys 0.008s
I0819 06:34:22.405748 3251 tablet_bootstrap.cc:402] T 31d2fe4307b848379aea3d36390148e4 P 4c94be5808b34fc3bb2d82e3988c20f1: No bootstrap required, opened a new log
I0819 06:34:22.406196 3251 ts_tablet_manager.cc:752] T 31d2fe4307b848379aea3d36390148e4 P 4c94be5808b34fc3bb2d82e3988c20f1: Time spent bootstrapping tablet: real 0.009s user 0.008s sys 0.000s
I0819 06:34:22.406311 3249 tablet_bootstrap.cc:402] T 31d2fe4307b848379aea3d36390148e4 P a889c384430446d48d45e519afbee13c: No bootstrap required, opened a new log
I0819 06:34:22.405932 3250 raft_consensus.cc:286] T 31d2fe4307b848379aea3d36390148e4 P 8f9cb341a5104891b3f821da4adf01a4 [term 0 FOLLOWER]: Replica starting. Triggering 0 pending transactions. Active config: opid_index: -1 OBSOLETE_local: false peers { permanent_uuid: "4c94be5808b34fc3bb2d82e3988c20f1" member_type: VOTER last_known_addr { host: "127.4.126.1" port: 40980 } } peers { permanent_uuid: "a889c384430446d48d45e519afbee13c" member_type: VOTER last_known_addr { host: "127.4.126.2" port: 45929 } } peers { permanent_uuid: "8f9cb341a5104891b3f821da4adf01a4" member_type: VOTER last_known_addr { host: "127.4.126.3" port: 38257 } }
I0819 06:34:22.406728 3249 ts_tablet_manager.cc:752] T 31d2fe4307b848379aea3d36390148e4 P a889c384430446d48d45e519afbee13c: Time spent bootstrapping tablet: real 0.010s user 0.008s sys 0.000s
I0819 06:34:22.406891 3250 raft_consensus.cc:574] T 31d2fe4307b848379aea3d36390148e4 P 8f9cb341a5104891b3f821da4adf01a4 [term 0 FOLLOWER]: Becoming Follower/Learner. State: Replica: 8f9cb341a5104891b3f821da4adf01a4, State: Running, Role: FOLLOWER
I0819 06:34:22.407258 3250 consensus_queue.cc:190] T 31d2fe4307b848379aea3d36390148e4 P 8f9cb341a5104891b3f821da4adf01a4 [NON_LEADER]: Queue going to NON_LEADER mode. State: All replicated index: 0, Majority replicated index: 0, Committed index: 0, Last appended: 0.0, Last appended by leader: 0, Current term: 0, Majority size: -1, State: 1, Mode: NON_LEADER
I0819 06:34:22.407795 3251 raft_consensus.cc:286] T 31d2fe4307b848379aea3d36390148e4 P 4c94be5808b34fc3bb2d82e3988c20f1 [term 0 FOLLOWER]: Replica starting. Triggering 0 pending transactions. Active config: opid_index: -1 OBSOLETE_local: false peers { permanent_uuid: "4c94be5808b34fc3bb2d82e3988c20f1" member_type: VOTER last_known_addr { host: "127.4.126.1" port: 40980 } } peers { permanent_uuid: "a889c384430446d48d45e519afbee13c" member_type: VOTER last_known_addr { host: "127.4.126.2" port: 45929 } } peers { permanent_uuid: "8f9cb341a5104891b3f821da4adf01a4" member_type: VOTER last_known_addr { host: "127.4.126.3" port: 38257 } }
I0819 06:34:22.408411 3251 raft_consensus.cc:574] T 31d2fe4307b848379aea3d36390148e4 P 4c94be5808b34fc3bb2d82e3988c20f1 [term 0 FOLLOWER]: Becoming Follower/Learner. State: Replica: 4c94be5808b34fc3bb2d82e3988c20f1, State: Running, Role: FOLLOWER
I0819 06:34:22.408643 3251 consensus_queue.cc:190] T 31d2fe4307b848379aea3d36390148e4 P 4c94be5808b34fc3bb2d82e3988c20f1 [NON_LEADER]: Queue going to NON_LEADER mode. State: All replicated index: 0, Majority replicated index: 0, Committed index: 0, Last appended: 0.0, Last appended by leader: 0, Current term: 0, Majority size: -1, State: 1, Mode: NON_LEADER
I0819 06:34:22.408493 3249 raft_consensus.cc:286] T 31d2fe4307b848379aea3d36390148e4 P a889c384430446d48d45e519afbee13c [term 0 FOLLOWER]: Replica starting. Triggering 0 pending transactions. Active config: opid_index: -1 OBSOLETE_local: false peers { permanent_uuid: "4c94be5808b34fc3bb2d82e3988c20f1" member_type: VOTER last_known_addr { host: "127.4.126.1" port: 40980 } } peers { permanent_uuid: "a889c384430446d48d45e519afbee13c" member_type: VOTER last_known_addr { host: "127.4.126.2" port: 45929 } } peers { permanent_uuid: "8f9cb341a5104891b3f821da4adf01a4" member_type: VOTER last_known_addr { host: "127.4.126.3" port: 38257 } }
I0819 06:34:22.409286 3249 raft_consensus.cc:574] T 31d2fe4307b848379aea3d36390148e4 P a889c384430446d48d45e519afbee13c [term 0 FOLLOWER]: Becoming Follower/Learner. State: Replica: a889c384430446d48d45e519afbee13c, State: Running, Role: FOLLOWER
I0819 06:34:22.409565 3249 consensus_queue.cc:190] T 31d2fe4307b848379aea3d36390148e4 P a889c384430446d48d45e519afbee13c [NON_LEADER]: Queue going to NON_LEADER mode. State: All replicated index: 0, Majority replicated index: 0, Committed index: 0, Last appended: 0.0, Last appended by leader: 0, Current term: 0, Majority size: -1, State: 1, Mode: NON_LEADER
I0819 06:34:22.411924 3229 heartbeater.cc:384] Master 127.4.126.254:39962 was elected leader, sending a full tablet report...
I0819 06:34:22.412334 3250 ts_tablet_manager.cc:781] T 31d2fe4307b848379aea3d36390148e4 P 8f9cb341a5104891b3f821da4adf01a4: Time spent starting tablet: real 0.008s user 0.008s sys 0.000s
I0819 06:34:22.412843 3251 ts_tablet_manager.cc:781] T 31d2fe4307b848379aea3d36390148e4 P 4c94be5808b34fc3bb2d82e3988c20f1: Time spent starting tablet: real 0.006s user 0.004s sys 0.000s
I0819 06:34:22.413753 3104 heartbeater.cc:384] Master 127.4.126.254:39962 was elected leader, sending a full tablet report...
I0819 06:34:22.414816 3249 ts_tablet_manager.cc:781] T 31d2fe4307b848379aea3d36390148e4 P a889c384430446d48d45e519afbee13c: Time spent starting tablet: real 0.008s user 0.004s sys 0.000s
I0819 06:34:22.424657 1150 external_mini_cluster.cc:454] 3 TS(s) registered with all masters
I0819 06:34:22.426683 1150 ts_itest-base.h:198] Waiting for 1 tablets on tserver 4c94be5808b34fc3bb2d82e3988c20f1 to finish bootstrapping
I0819 06:34:22.435641 1150 ts_itest-base.h:198] Waiting for 1 tablets on tserver a889c384430446d48d45e519afbee13c to finish bootstrapping
I0819 06:34:22.444875 1150 ts_itest-base.h:198] Waiting for 1 tablets on tserver 8f9cb341a5104891b3f821da4adf01a4 to finish bootstrapping
I0819 06:34:22.481040 3186 raft_consensus.cc:413] T 31d2fe4307b848379aea3d36390148e4 P 8f9cb341a5104891b3f821da4adf01a4 [term 0 FOLLOWER]: Starting forced leader election (received explicit request)
I0819 06:34:22.481266 3186 raft_consensus.cc:2448] T 31d2fe4307b848379aea3d36390148e4 P 8f9cb341a5104891b3f821da4adf01a4 [term 0 FOLLOWER]: Advancing to term 1
I0819 06:34:22.484148 3186 raft_consensus.cc:437] T 31d2fe4307b848379aea3d36390148e4 P 8f9cb341a5104891b3f821da4adf01a4 [term 1 FOLLOWER]: Starting forced leader election with config: opid_index: -1 OBSOLETE_local: false peers { permanent_uuid: "4c94be5808b34fc3bb2d82e3988c20f1" member_type: VOTER last_known_addr { host: "127.4.126.1" port: 40980 } } peers { permanent_uuid: "a889c384430446d48d45e519afbee13c" member_type: VOTER last_known_addr { host: "127.4.126.2" port: 45929 } } peers { permanent_uuid: "8f9cb341a5104891b3f821da4adf01a4" member_type: VOTER last_known_addr { host: "127.4.126.3" port: 38257 } }
I0819 06:34:22.485240 3186 leader_election.cc:217] T 31d2fe4307b848379aea3d36390148e4 P 8f9cb341a5104891b3f821da4adf01a4 [CANDIDATE]: Term 1 election: Requesting vote from peer 4c94be5808b34fc3bb2d82e3988c20f1
I0819 06:34:22.485711 3186 leader_election.cc:217] T 31d2fe4307b848379aea3d36390148e4 P 8f9cb341a5104891b3f821da4adf01a4 [CANDIDATE]: Term 1 election: Requesting vote from peer a889c384430446d48d45e519afbee13c
I0819 06:34:22.497421 2936 raft_consensus.cc:2448] T 31d2fe4307b848379aea3d36390148e4 P 4c94be5808b34fc3bb2d82e3988c20f1 [term 0 FOLLOWER]: Advancing to term 1
I0819 06:34:22.500448 2936 raft_consensus.cc:1967] T 31d2fe4307b848379aea3d36390148e4 P 4c94be5808b34fc3bb2d82e3988c20f1 [term 1 FOLLOWER]: Leader election vote request: Granting yes vote for candidate 8f9cb341a5104891b3f821da4adf01a4 in term 1.
I0819 06:34:22.501493 3121 leader_election.cc:349] T 31d2fe4307b848379aea3d36390148e4 P 8f9cb341a5104891b3f821da4adf01a4 [CANDIDATE]: Term 1 election: Vote granted by peer 4c94be5808b34fc3bb2d82e3988c20f1
I0819 06:34:22.501677 3121 leader_election.cc:244] T 31d2fe4307b848379aea3d36390148e4 P 8f9cb341a5104891b3f821da4adf01a4 [CANDIDATE]: Term 1 election: Election decided. Result: candidate won.
I0819 06:34:22.502357 3255 raft_consensus.cc:2205] T 31d2fe4307b848379aea3d36390148e4 P 8f9cb341a5104891b3f821da4adf01a4 [term 1 FOLLOWER]: Leader election won for term 1
I0819 06:34:22.502862 3061 raft_consensus.cc:2448] T 31d2fe4307b848379aea3d36390148e4 P a889c384430446d48d45e519afbee13c [term 0 FOLLOWER]: Advancing to term 1
I0819 06:34:22.506224 3061 raft_consensus.cc:1967] T 31d2fe4307b848379aea3d36390148e4 P a889c384430446d48d45e519afbee13c [term 1 FOLLOWER]: Leader election vote request: Granting yes vote for candidate 8f9cb341a5104891b3f821da4adf01a4 in term 1.
I0819 06:34:22.507299 3119 leader_election.cc:349] T 31d2fe4307b848379aea3d36390148e4 P 8f9cb341a5104891b3f821da4adf01a4 [CANDIDATE]: Term 1 election: Vote granted by peer a889c384430446d48d45e519afbee13c
I0819 06:34:22.508108 3255 raft_consensus.cc:540] T 31d2fe4307b848379aea3d36390148e4 P 8f9cb341a5104891b3f821da4adf01a4 [term 1 LEADER]: Becoming Leader. State: Replica: 8f9cb341a5104891b3f821da4adf01a4, State: Running, Role: LEADER
I0819 06:34:22.508594 3255 consensus_queue.cc:169] T 31d2fe4307b848379aea3d36390148e4 P 8f9cb341a5104891b3f821da4adf01a4 [LEADER]: Queue going to LEADER mode. State: All replicated index: 0, Majority replicated index: 0, Committed index: 0, Last appended: 0.0, Last appended by leader: 0, Current term: 1, Majority size: 2, State: 1, Mode: LEADER, active raft config: opid_index: -1 OBSOLETE_local: false peers { permanent_uuid: "4c94be5808b34fc3bb2d82e3988c20f1" member_type: VOTER last_known_addr { host: "127.4.126.1" port: 40980 } } peers { permanent_uuid: "a889c384430446d48d45e519afbee13c" member_type: VOTER last_known_addr { host: "127.4.126.2" port: 45929 } } peers { permanent_uuid: "8f9cb341a5104891b3f821da4adf01a4" member_type: VOTER last_known_addr { host: "127.4.126.3" port: 38257 } }
I0819 06:34:22.523097 1150 cluster_itest_util.cc:220] Not converged past 1 yet: 0.0 0.0 1.1
I0819 06:34:22.524255 2813 catalog_manager.cc:2559] T 31d2fe4307b848379aea3d36390148e4 reported consensus state change: term changed from 0 to 1, leader changed from to 8f9cb341a5104891b3f821da4adf01a4 (127.4.126.3). New consensus state: current_term: 1 leader_uuid: "8f9cb341a5104891b3f821da4adf01a4" committed_config { opid_index: -1 OBSOLETE_local: false peers { permanent_uuid: "4c94be5808b34fc3bb2d82e3988c20f1" member_type: VOTER last_known_addr { host: "127.4.126.1" port: 40980 } } peers { permanent_uuid: "a889c384430446d48d45e519afbee13c" member_type: VOTER last_known_addr { host: "127.4.126.2" port: 45929 } } peers { permanent_uuid: "8f9cb341a5104891b3f821da4adf01a4" member_type: VOTER last_known_addr { host: "127.4.126.3" port: 38257 } } }
I0819 06:34:22.628089 1150 cluster_itest_util.cc:220] Not converged past 1 yet: 0.0 0.0 1.1
I0819 06:34:22.832985 1150 cluster_itest_util.cc:220] Not converged past 1 yet: 0.0 0.0 1.1
I0819 06:34:22.922474 2936 raft_consensus.cc:961] T 31d2fe4307b848379aea3d36390148e4 P 4c94be5808b34fc3bb2d82e3988c20f1 [term 1 FOLLOWER]: Refusing update from remote peer 8f9cb341a5104891b3f821da4adf01a4: Log matching property violated. Preceding OpId in replica: term: 0 index: 0. Preceding OpId from leader: term: 1 index: 1. (index mismatch)
I0819 06:34:22.923779 3255 consensus_queue.cc:726] T 31d2fe4307b848379aea3d36390148e4 P 8f9cb341a5104891b3f821da4adf01a4 [LEADER]: Connected to new peer: Peer: 4c94be5808b34fc3bb2d82e3988c20f1, Is new: false, Last received: 0.0, Next index: 1, Last known committed idx: 0, Last exchange result: ERROR, Needs tablet copy: false
I0819 06:34:22.941783 3061 raft_consensus.cc:961] T 31d2fe4307b848379aea3d36390148e4 P a889c384430446d48d45e519afbee13c [term 1 FOLLOWER]: Refusing update from remote peer 8f9cb341a5104891b3f821da4adf01a4: Log matching property violated. Preceding OpId in replica: term: 0 index: 0. Preceding OpId from leader: term: 1 index: 1. (index mismatch)
I0819 06:34:22.942854 3261 consensus_queue.cc:726] T 31d2fe4307b848379aea3d36390148e4 P 8f9cb341a5104891b3f821da4adf01a4 [LEADER]: Connected to new peer: Peer: a889c384430446d48d45e519afbee13c, Is new: false, Last received: 0.0, Next index: 1, Last known committed idx: 0, Last exchange result: ERROR, Needs tablet copy: false
I0819 06:34:23.138031 1150 external_mini_cluster.cc:944] Killing /tmp/run_tha_test479zHR/build/tsan/bin/kudu-tserver with pid 2983
W0819 06:34:23.155908 2784 connection.cc:551] client connection to 127.4.126.2:45929 recv error: Network error: failed to read from TLS socket: Connection reset by peer (error 104)
W0819 06:34:23.155972 2796 connection.cc:551] client connection to 127.4.126.2:45929 recv error: Network error: failed to read from TLS socket: Connection reset by peer (error 104)
W0819 06:34:23.155971 2798 connection.cc:551] server connection from 127.4.126.2:57749 recv error: Network error: failed to read from TLS socket: Connection reset by peer (error 104)
W0819 06:34:23.157076 2782 connection.cc:551] client connection to 127.4.126.2:45929 recv error: Network error: failed to read from TLS socket: Connection reset by peer (error 104)
W0819 06:34:23.157125 3119 connection.cc:551] client connection to 127.4.126.2:45929 recv error: Network error: failed to read from TLS socket: Connection reset by peer (error 104)
I0819 06:34:23.158179 1150 external_mini_cluster.cc:944] Killing /tmp/run_tha_test479zHR/build/tsan/bin/kudu-tserver with pid 3108
W0819 06:34:23.175839 2795 connection.cc:551] client connection to 127.4.126.3:38257 recv error: Network error: failed to read from TLS socket: Connection reset by peer (error 104)
W0819 06:34:23.175896 2784 connection.cc:551] client connection to 127.4.126.3:38257 recv error: Network error: failed to read from TLS socket: Connection reset by peer (error 104)
W0819 06:34:23.176807 2796 connection.cc:551] server connection from 127.4.126.3:48002 recv error: Network error: failed to read from TLS socket: Connection reset by peer (error 104)
W0819 06:34:23.176795 2781 connection.cc:551] client connection to 127.4.126.3:38257 recv error: Network error: failed to read from TLS socket: Connection reset by peer (error 104)
W0819 06:34:23.176842 2869 connection.cc:551] server connection from 127.4.126.3:60217 recv error: Network error: failed to read from TLS socket: Connection reset by peer (error 104)
I0819 06:34:27.584004 2980 maintenance_manager.cc:391] P 4c94be5808b34fc3bb2d82e3988c20f1: we have exceeded our soft memory limit (current capacity is 184.55%). However, there are no ops currently runnable which would free memory.
I0819 06:34:27.898823 2980 maintenance_manager.cc:391] P 4c94be5808b34fc3bb2d82e3988c20f1: we have exceeded our soft memory limit (current capacity is 184.55%). However, there are no ops currently runnable which would free memory.
I0819 06:34:28.210038 2980 maintenance_manager.cc:391] P 4c94be5808b34fc3bb2d82e3988c20f1: we have exceeded our soft memory limit (current capacity is 184.55%). However, there are no ops currently runnable which would free memory.
W0819 06:34:28.219013 3269 log.cc:665] Time spent T 31d2fe4307b848379aea3d36390148e4 P 4c94be5808b34fc3bb2d82e3988c20f1: Append to log took a long time: real 0.096s user 0.092s sys 0.000s
I0819 06:34:28.559247 2980 maintenance_manager.cc:391] P 4c94be5808b34fc3bb2d82e3988c20f1: we have exceeded our soft memory limit (current capacity is 184.55%). However, there are no ops currently runnable which would free memory.
I0819 06:34:28.906147 2980 maintenance_manager.cc:391] P 4c94be5808b34fc3bb2d82e3988c20f1: we have exceeded our soft memory limit (current capacity is 184.55%). However, there are no ops currently runnable which would free memory.
