I0819 06:34:38.459466 1150 external_mini_cluster.cc:752] Running /tmp/run_tha_test479zHR/build/tsan/bin/kudu-tserver /tmp/run_tha_test479zHR/build/tsan/bin/kudu-tserver --fs_wal_dir=/tmp/run_tha_test479zHR/test-tmp/raft_consensus-itest.RaftConsensusITest.TestEvictAbandonedFollowers.1503124412820022-1150/raft_consensus-itest-cluster/ts-2/wal --fs_data_dirs=/tmp/run_tha_test479zHR/test-tmp/raft_consensus-itest.RaftConsensusITest.TestEvictAbandonedFollowers.1503124412820022-1150/raft_consensus-itest-cluster/ts-2/data --rpc_bind_addresses=127.4.126.3:0 --local_ip_for_outbound_sockets=127.4.126.3 --webserver_interface=127.4.126.3 --webserver_port=0 --tserver_master_addrs=127.4.126.254:34857 --never_fsync --ipki_server_key_size=1024 --enable_minidumps=false --redact=flag --metrics_log_interval_ms=1000 --logtostderr --logbuflevel=-1 --log_dir=/tmp/run_tha_test479zHR/test-tmp/raft_consensus-itest.RaftConsensusITest.TestEvictAbandonedFollowers.1503124412820022-1150/raft_consensus-itest-cluster/ts-2/logs --server_dump_info_path=/tmp/run_tha_test479zHR/test-tmp/raft_consensus-itest.RaftConsensusITest.TestEvictAbandonedFollowers.1503124412820022-1150/raft_consensus-itest-cluster/ts-2/data/info.pb --server_dump_info_format=pb --rpc_server_allow_ephemeral_ports --unlock_experimental_flags --unlock_unsafe_flags --max_cell_size_bytes=1000000 --log_compression_codec=none --log_cache_size_limit_mb=1 --log_segment_size_mb=1 --log_async_preallocate_segments=false --log_min_segments_to_retain=1 --log_max_segments_to_retain=3 --maintenance_manager_polling_interval_ms=100 --log_target_replay_size_mb=1 with env {}
I0819 06:34:38.462641 3602 process_memory.cc:172] Process hard memory limit is 11.777661 GB
I0819 06:34:38.462823 3602 process_memory.cc:174] Process soft memory limit is 9.422129 GB
I0819 06:34:38.462923 3602 process_memory.cc:177] Process memory pressure threshold is 7.066597 GB
I0819 06:34:38.464025 3480 tablet_server_main.cc:79] Tablet server successfully started.
I0819 06:34:38.494125 3601 heartbeater.cc:295] Connected to a master server at 127.4.126.254:34857
I0819 06:34:38.494478 3601 heartbeater.cc:365] Registering TS with master...
I0819 06:34:38.495061 3601 heartbeater.cc:392] Master 127.4.126.254:34857 requested a full tablet report, sending...
I0819 06:34:38.496848 3309 ts_manager.cc:79] Registered new tserver with Master: b50ee9ceeb65458495ef77d5d2dccbbc (127.4.126.2:51392)
I0819 06:34:38.498433 3309 master_service.cc:197] Signed X509 certificate for tserver {username='slave'} at 127.4.126.2:45285 WARNING: Logging before InitGoogleLogging() is written to STDERR
W0819 06:34:38.596071 3605 flags.cc:384] Enabled unsafe flag: --rpc_server_allow_ephemeral_ports=true
W0819 06:34:38.596493 3605 flags.cc:384] Enabled unsafe flag: --max_cell_size_bytes=1000000
W0819 06:34:38.596624 3605 flags.cc:384] Enabled unsafe flag: --never_fsync=true
W0819 06:34:38.611130 3605 flags.cc:384] Enabled experimental flag: --log_compression_codec=none
W0819 06:34:38.611306 3605 flags.cc:384] Enabled experimental flag: --log_max_segments_to_retain=3
W0819 06:34:38.611497 3605 flags.cc:384] Enabled experimental flag: --ipki_server_key_size=1024
W0819 06:34:38.611799 3605 flags.cc:384] Enabled experimental flag: --log_target_replay_size_mb=1
W0819 06:34:38.611929 3605 flags.cc:384] Enabled experimental flag: --local_ip_for_outbound_sockets=127.4.126.3
I0819 06:34:38.631773 3605 tablet_server_main.cc:64] Tablet server non-default flags: --log_compression_codec=none --log_max_segments_to_retain=3 --log_cache_size_limit_mb=1 --log_async_preallocate_segments=false --log_segment_size_mb=1 --fs_data_dirs=/tmp/run_tha_test479zHR/test-tmp/raft_consensus-itest.RaftConsensusITest.TestEvictAbandonedFollowers.1503124412820022-1150/raft_consensus-itest-cluster/ts-2/data --fs_wal_dir=/tmp/run_tha_test479zHR/test-tmp/raft_consensus-itest.RaftConsensusITest.TestEvictAbandonedFollowers.1503124412820022-1150/raft_consensus-itest-cluster/ts-2/wal --ipki_server_key_size=1024 --rpc_bind_addresses=127.4.126.3:0 --rpc_server_allow_ephemeral_ports=true --metrics_log_interval_ms=1000 --server_dump_info_format=pb --server_dump_info_path=/tmp/run_tha_test479zHR/test-tmp/raft_consensus-itest.RaftConsensusITest.TestEvictAbandonedFollowers.1503124412820022-1150/raft_consensus-itest-cluster/ts-2/data/info.pb --webserver_interface=127.4.126.3 --webserver_port=0 --max_cell_size_bytes=1000000 --tserver_master_addrs=127.4.126.254:34857 --never_fsync=true --heap_profile_path=/tmp/kudu-tserver.3605 --redact=flag --unlock_experimental_flags=true --unlock_unsafe_flags=true --log_target_replay_size_mb=1 --maintenance_manager_polling_interval_ms=100 --enable_minidumps=false --local_ip_for_outbound_sockets=127.4.126.3 --log_dir=/tmp/run_tha_test479zHR/test-tmp/raft_consensus-itest.RaftConsensusITest.TestEvictAbandonedFollowers.1503124412820022-1150/raft_consensus-itest-cluster/ts-2/logs --logbuflevel=-1 --logtostderr=true Tablet server version: kudu 1.5.0-SNAPSHOT revision ba0f21e2316b78f167bbaba44cab392558d97b6f build type FASTDEBUG built by None at 19 Aug 2017 06:31:02 UTC on jenkins-slave-c3oe build id 9422 TSAN enabled
I0819 06:34:38.641809 3605 tablet_server_main.cc:71] Initializing tablet server...
I0819 06:34:38.643666 3605 system_ntp.cc:96] NTP initialized. Resolution in nanos?: 1 Skew PPM: 500 Current error: 1313405
I0819 06:34:38.644311 3605 env_posix.cc:1586] Not raising process file limit of 65536; it is already as high as it can go
I0819 06:34:38.644603 3605 file_cache.cc:464] Constructed file cache lbm with capacity 26214
I0819 06:34:38.649715 3605 server_base.cc:215] Could not load existing FS layout: Not found: /tmp/run_tha_test479zHR/test-tmp/raft_consensus-itest.RaftConsensusITest.TestEvictAbandonedFollowers.1503124412820022-1150/raft_consensus-itest-cluster/ts-2/data/instance: No such file or directory (error 2)
I0819 06:34:38.649857 3605 server_base.cc:216] Creating new FS layout
I0819 06:34:38.657289 3605 fs_manager.cc:394] Generated new instance metadata in path /tmp/run_tha_test479zHR/test-tmp/raft_consensus-itest.RaftConsensusITest.TestEvictAbandonedFollowers.1503124412820022-1150/raft_consensus-itest-cluster/ts-2/data/instance: uuid: "a331dc44a9014f3caa72b13d0954dd6c" format_stamp: "Formatted at 2017-08-19 06:34:38 on dist-test-slave-dist-test-slave-j33z"
I0819 06:34:38.658012 3605 fs_manager.cc:394] Generated new instance metadata in path /tmp/run_tha_test479zHR/test-tmp/raft_consensus-itest.RaftConsensusITest.TestEvictAbandonedFollowers.1503124412820022-1150/raft_consensus-itest-cluster/ts-2/wal/instance: uuid: "a331dc44a9014f3caa72b13d0954dd6c" format_stamp: "Formatted at 2017-08-19 06:34:38 on dist-test-slave-dist-test-slave-j33z"
I0819 06:34:38.668597 3605 fs_manager.cc:280] Time spent opening block manager: real 0.004s user 0.000s sys 0.004s
I0819 06:34:38.668740 3605 fs_manager.cc:283] Opened local filesystem: /tmp/run_tha_test479zHR/test-tmp/raft_consensus-itest.RaftConsensusITest.TestEvictAbandonedFollowers.1503124412820022-1150/raft_consensus-itest-cluster/ts-2/data,/tmp/run_tha_test479zHR/test-tmp/raft_consensus-itest.RaftConsensusITest.TestEvictAbandonedFollowers.1503124412820022-1150/raft_consensus-itest-cluster/ts-2/wal uuid: "a331dc44a9014f3caa72b13d0954dd6c" format_stamp: "Formatted at 2017-08-19 06:34:38 on dist-test-slave-dist-test-slave-j33z"
I0819 06:34:38.668922 3605 fs_report.cc:345] Block manager report -------------------- 1 data directories: /tmp/run_tha_test479zHR/test-tmp/raft_consensus-itest.RaftConsensusITest.TestEvictAbandonedFollowers.1503124412820022-1150/raft_consensus-itest-cluster/ts-2/data/data Total live blocks: 0 Total live bytes: 0 Total live bytes (after alignment): 0 Total number of LBM containers: 0 (0 full) Did not check for missing blocks Did not check for orphaned blocks Total full LBM containers with extra space: 0 (0 repaired) Total full LBM container extra space in bytes: 0 (0 repaired) Total incomplete LBM containers: 0 (0 repaired) Total LBM partial records: 0 (0 repaired)
I0819 06:34:38.847188 3476 heartbeater.cc:384] Master 127.4.126.254:34857 was elected leader, sending a full tablet report...
I0819 06:34:38.883749 3605 ts_tablet_manager.cc:190] Loaded tablet metadata (0 live tablets)
I0819 06:34:38.884825 3605 tablet_server_main.cc:76] Starting tablet server...
I0819 06:34:38.976019 3605 rpc_server.cc:186] RPC server started. Bound to: 127.4.126.3:50890
I0819 06:34:38.976927 3605 webserver.cc:145] Starting webserver on 127.4.126.3:0
I0819 06:34:38.977030 3605 webserver.cc:156] Document root disabled
I0819 06:34:38.978389 3605 webserver.cc:278] Webserver started. Bound to: http://127.4.126.3:55741/
I0819 06:34:38.979104 3605 server_base.cc:359] Dumped server information to /tmp/run_tha_test479zHR/test-tmp/raft_consensus-itest.RaftConsensusITest.TestEvictAbandonedFollowers.1503124412820022-1150/raft_consensus-itest-cluster/ts-2/data/info.pb
I0819 06:34:38.982609 3727 process_memory.cc:172] Process hard memory limit is 11.777661 GB
I0819 06:34:38.983042 1150 external_mini_cluster.cc:814] Started /tmp/run_tha_test479zHR/build/tsan/bin/kudu-tserver as pid 3605
I0819 06:34:38.983196 3727 process_memory.cc:174] Process soft memory limit is 9.422129 GB
I0819 06:34:38.983346 3727 process_memory.cc:177] Process memory pressure threshold is 7.066597 GB
I0819 06:34:38.983120 3605 tablet_server_main.cc:79] Tablet server successfully started.
I0819 06:34:39.032258 3726 heartbeater.cc:295] Connected to a master server at 127.4.126.254:34857
I0819 06:34:39.032527 3726 heartbeater.cc:365] Registering TS with master...
I0819 06:34:39.033038 3726 heartbeater.cc:392] Master 127.4.126.254:34857 requested a full tablet report, sending...
I0819 06:34:39.034474 3309 ts_manager.cc:79] Registered new tserver with Master: a331dc44a9014f3caa72b13d0954dd6c (127.4.126.3:50890)
I0819 06:34:39.035689 3309 master_service.cc:197] Signed X509 certificate for tserver {username='slave'} at 127.4.126.3:40807
I0819 06:34:39.035809 1150 external_mini_cluster.cc:454] 3 TS(s) registered with all masters
I0819 06:34:39.054087 3309 catalog_manager.cc:1281] CreateTable from {username='slave'} at 127.0.0.1:41593: name: "TestTable" schema { columns { name: "key" type: INT32 is_key: true is_nullable: false encoding: AUTO_ENCODING compression: DEFAULT_COMPRESSION cfile_block_size: 0 } columns { name: "int_val" type: INT32 is_key: false is_nullable: false encoding: AUTO_ENCODING compression: DEFAULT_COMPRESSION cfile_block_size: 0 } columns { name: "string_val" type: STRING is_key: false is_nullable: true encoding: AUTO_ENCODING compression: DEFAULT_COMPRESSION cfile_block_size: 0 } } num_replicas: 3 split_rows_range_bounds { } partition_schema { range_schema { columns { name: "key" } } }
I0819 06:34:39.096565 3538 tablet_service.cc:684] Processing CreateTablet for tablet baa240f65f74450e95664c3b5adb6da9 (table=TestTable [id=ea5aa20913aa4e8197eb17aef1cb6962]), partition=RANGE (key) PARTITION UNBOUNDED
I0819 06:34:39.103400 3663 tablet_service.cc:684] Processing CreateTablet for tablet baa240f65f74450e95664c3b5adb6da9 (table=TestTable [id=ea5aa20913aa4e8197eb17aef1cb6962]), partition=RANGE (key) PARTITION UNBOUNDED
I0819 06:34:39.108988 3538 ts_tablet_manager.cc:877] T baa240f65f74450e95664c3b5adb6da9 P b50ee9ceeb65458495ef77d5d2dccbbc: Registered tablet (data state: TABLET_DATA_READY)
I0819 06:34:39.117431 3413 tablet_service.cc:684] Processing CreateTablet for tablet baa240f65f74450e95664c3b5adb6da9 (table=TestTable [id=ea5aa20913aa4e8197eb17aef1cb6962]), partition=RANGE (key) PARTITION UNBOUNDED
I0819 06:34:39.123419 3663 ts_tablet_manager.cc:877] T baa240f65f74450e95664c3b5adb6da9 P a331dc44a9014f3caa72b13d0954dd6c: Registered tablet (data state: TABLET_DATA_READY)
I0819 06:34:39.123556 3746 ts_tablet_manager.cc:740] T baa240f65f74450e95664c3b5adb6da9 P b50ee9ceeb65458495ef77d5d2dccbbc: Bootstrapping tablet
I0819 06:34:39.124195 3746 tablet_bootstrap.cc:402] T baa240f65f74450e95664c3b5adb6da9 P b50ee9ceeb65458495ef77d5d2dccbbc: Bootstrap starting.
I0819 06:34:39.127254 3746 tablet_bootstrap.cc:537] T baa240f65f74450e95664c3b5adb6da9 P b50ee9ceeb65458495ef77d5d2dccbbc: No blocks or log segments found. Creating new log.
I0819 06:34:39.129891 3413 ts_tablet_manager.cc:877] T baa240f65f74450e95664c3b5adb6da9 P cd3b50a0af2548c5b2b14337d8f9b265: Registered tablet (data state: TABLET_DATA_READY)
I0819 06:34:39.133244 3747 ts_tablet_manager.cc:740] T baa240f65f74450e95664c3b5adb6da9 P a331dc44a9014f3caa72b13d0954dd6c: Bootstrapping tablet
I0819 06:34:39.133747 3747 tablet_bootstrap.cc:402] T baa240f65f74450e95664c3b5adb6da9 P a331dc44a9014f3caa72b13d0954dd6c: Bootstrap starting.
I0819 06:34:39.137040 3747 tablet_bootstrap.cc:537] T baa240f65f74450e95664c3b5adb6da9 P a331dc44a9014f3caa72b13d0954dd6c: No blocks or log segments found. Creating new log.
I0819 06:34:39.138098 3746 log.cc:511] T baa240f65f74450e95664c3b5adb6da9 P b50ee9ceeb65458495ef77d5d2dccbbc: Log is configured to *not* fsync() on all Append() calls
I0819 06:34:39.138646 3747 log.cc:511] T baa240f65f74450e95664c3b5adb6da9 P a331dc44a9014f3caa72b13d0954dd6c: Log is configured to *not* fsync() on all Append() calls
I0819 06:34:39.141705 3748 ts_tablet_manager.cc:740] T baa240f65f74450e95664c3b5adb6da9 P cd3b50a0af2548c5b2b14337d8f9b265: Bootstrapping tablet
I0819 06:34:39.141841 3747 tablet_bootstrap.cc:402] T baa240f65f74450e95664c3b5adb6da9 P a331dc44a9014f3caa72b13d0954dd6c: No bootstrap required, opened a new log
I0819 06:34:39.142159 3747 ts_tablet_manager.cc:752] T baa240f65f74450e95664c3b5adb6da9 P a331dc44a9014f3caa72b13d0954dd6c: Time spent bootstrapping tablet: real 0.009s user 0.004s sys 0.000s
I0819 06:34:39.142179 3748 tablet_bootstrap.cc:402] T baa240f65f74450e95664c3b5adb6da9 P cd3b50a0af2548c5b2b14337d8f9b265: Bootstrap starting.
I0819 06:34:39.144708 3748 tablet_bootstrap.cc:537] T baa240f65f74450e95664c3b5adb6da9 P cd3b50a0af2548c5b2b14337d8f9b265: No blocks or log segments found. Creating new log.
I0819 06:34:39.146004 3748 log.cc:511] T baa240f65f74450e95664c3b5adb6da9 P cd3b50a0af2548c5b2b14337d8f9b265: Log is configured to *not* fsync() on all Append() calls
I0819 06:34:39.149502 3746 tablet_bootstrap.cc:402] T baa240f65f74450e95664c3b5adb6da9 P b50ee9ceeb65458495ef77d5d2dccbbc: No bootstrap required, opened a new log
I0819 06:34:39.149931 3746 ts_tablet_manager.cc:752] T baa240f65f74450e95664c3b5adb6da9 P b50ee9ceeb65458495ef77d5d2dccbbc: Time spent bootstrapping tablet: real 0.026s user 0.004s sys 0.000s
I0819 06:34:39.153475 3747 raft_consensus.cc:286] T baa240f65f74450e95664c3b5adb6da9 P a331dc44a9014f3caa72b13d0954dd6c [term 0 FOLLOWER]: Replica starting. Triggering 0 pending transactions. Active config: opid_index: -1 OBSOLETE_local: false peers { permanent_uuid: "cd3b50a0af2548c5b2b14337d8f9b265" member_type: VOTER last_known_addr { host: "127.4.126.1" port: 38321 } } peers { permanent_uuid: "b50ee9ceeb65458495ef77d5d2dccbbc" member_type: VOTER last_known_addr { host: "127.4.126.2" port: 51392 } } peers { permanent_uuid: "a331dc44a9014f3caa72b13d0954dd6c" member_type: VOTER last_known_addr { host: "127.4.126.3" port: 50890 } }
I0819 06:34:39.154613 3747 raft_consensus.cc:318] T baa240f65f74450e95664c3b5adb6da9 P a331dc44a9014f3caa72b13d0954dd6c [term 0 FOLLOWER]: Consensus starting up: Expiring failure detector timer to make a prompt election more likely
I0819 06:34:39.152899 3746 raft_consensus.cc:286] T baa240f65f74450e95664c3b5adb6da9 P b50ee9ceeb65458495ef77d5d2dccbbc [term 0 FOLLOWER]: Replica starting. Triggering 0 pending transactions. Active config: opid_index: -1 OBSOLETE_local: false peers { permanent_uuid: "cd3b50a0af2548c5b2b14337d8f9b265" member_type: VOTER last_known_addr { host: "127.4.126.1" port: 38321 } } peers { permanent_uuid: "b50ee9ceeb65458495ef77d5d2dccbbc" member_type: VOTER last_known_addr { host: "127.4.126.2" port: 51392 } } peers { permanent_uuid: "a331dc44a9014f3caa72b13d0954dd6c" member_type: VOTER last_known_addr { host: "127.4.126.3" port: 50890 } }
I0819 06:34:39.154899 3747 raft_consensus.cc:574] T baa240f65f74450e95664c3b5adb6da9 P a331dc44a9014f3caa72b13d0954dd6c [term 0 FOLLOWER]: Becoming Follower/Learner. State: Replica: a331dc44a9014f3caa72b13d0954dd6c, State: Running, Role: FOLLOWER
I0819 06:34:39.155037 3746 raft_consensus.cc:318] T baa240f65f74450e95664c3b5adb6da9 P b50ee9ceeb65458495ef77d5d2dccbbc [term 0 FOLLOWER]: Consensus starting up: Expiring failure detector timer to make a prompt election more likely
I0819 06:34:39.155231 3746 raft_consensus.cc:574] T baa240f65f74450e95664c3b5adb6da9 P b50ee9ceeb65458495ef77d5d2dccbbc [term 0 FOLLOWER]: Becoming Follower/Learner. State: Replica: b50ee9ceeb65458495ef77d5d2dccbbc, State: Running, Role: FOLLOWER
I0819 06:34:39.155231 3747 consensus_queue.cc:190] T baa240f65f74450e95664c3b5adb6da9 P a331dc44a9014f3caa72b13d0954dd6c [NON_LEADER]: Queue going to NON_LEADER mode. State: All replicated index: 0, Majority replicated index: 0, Committed index: 0, Last appended: 0.0, Last appended by leader: 0, Current term: 0, Majority size: -1, State: 1, Mode: NON_LEADER
I0819 06:34:39.155504 3746 consensus_queue.cc:190] T baa240f65f74450e95664c3b5adb6da9 P b50ee9ceeb65458495ef77d5d2dccbbc [NON_LEADER]: Queue going to NON_LEADER mode. State: All replicated index: 0, Majority replicated index: 0, Committed index: 0, Last appended: 0.0, Last appended by leader: 0, Current term: 0, Majority size: -1, State: 1, Mode: NON_LEADER
I0819 06:34:39.162273 3726 heartbeater.cc:384] Master 127.4.126.254:34857 was elected leader, sending a full tablet report...
I0819 06:34:39.162395 3601 heartbeater.cc:384] Master 127.4.126.254:34857 was elected leader, sending a full tablet report...
I0819 06:34:39.163591 3748 tablet_bootstrap.cc:402] T baa240f65f74450e95664c3b5adb6da9 P cd3b50a0af2548c5b2b14337d8f9b265: No bootstrap required, opened a new log
I0819 06:34:39.164999 3748 ts_tablet_manager.cc:752] T baa240f65f74450e95664c3b5adb6da9 P cd3b50a0af2548c5b2b14337d8f9b265: Time spent bootstrapping tablet: real 0.023s user 0.008s sys 0.012s
I0819 06:34:39.172432 3747 ts_tablet_manager.cc:781] T baa240f65f74450e95664c3b5adb6da9 P a331dc44a9014f3caa72b13d0954dd6c: Time spent starting tablet: real 0.030s user 0.000s sys 0.020s
I0819 06:34:39.189380 3748 raft_consensus.cc:286] T baa240f65f74450e95664c3b5adb6da9 P cd3b50a0af2548c5b2b14337d8f9b265 [term 0 FOLLOWER]: Replica starting. Triggering 0 pending transactions. Active config: opid_index: -1 OBSOLETE_local: false peers { permanent_uuid: "cd3b50a0af2548c5b2b14337d8f9b265" member_type: VOTER last_known_addr { host: "127.4.126.1" port: 38321 } } peers { permanent_uuid: "b50ee9ceeb65458495ef77d5d2dccbbc" member_type: VOTER last_known_addr { host: "127.4.126.2" port: 51392 } } peers { permanent_uuid: "a331dc44a9014f3caa72b13d0954dd6c" member_type: VOTER last_known_addr { host: "127.4.126.3" port: 50890 } }
I0819 06:34:39.190207 3748 raft_consensus.cc:318] T baa240f65f74450e95664c3b5adb6da9 P cd3b50a0af2548c5b2b14337d8f9b265 [term 0 FOLLOWER]: Consensus starting up: Expiring failure detector timer to make a prompt election more likely
I0819 06:34:39.190374 3748 raft_consensus.cc:574] T baa240f65f74450e95664c3b5adb6da9 P cd3b50a0af2548c5b2b14337d8f9b265 [term 0 FOLLOWER]: Becoming Follower/Learner. State: Replica: cd3b50a0af2548c5b2b14337d8f9b265, State: Running, Role: FOLLOWER
I0819 06:34:39.190603 3748 consensus_queue.cc:190] T baa240f65f74450e95664c3b5adb6da9 P cd3b50a0af2548c5b2b14337d8f9b265 [NON_LEADER]: Queue going to NON_LEADER mode. State: All replicated index: 0, Majority replicated index: 0, Committed index: 0, Last appended: 0.0, Last appended by leader: 0, Current term: 0, Majority size: -1, State: 1, Mode: NON_LEADER
I0819 06:34:39.198694 3748 ts_tablet_manager.cc:781] T baa240f65f74450e95664c3b5adb6da9 P cd3b50a0af2548c5b2b14337d8f9b265: Time spent starting tablet: real 0.033s user 0.000s sys 0.032s
I0819 06:34:39.162834 3746 ts_tablet_manager.cc:781] T baa240f65f74450e95664c3b5adb6da9 P b50ee9ceeb65458495ef77d5d2dccbbc: Time spent starting tablet: real 0.013s user 0.004s sys 0.008s
I0819 06:34:39.324609 3753 raft_consensus.cc:413] T baa240f65f74450e95664c3b5adb6da9 P b50ee9ceeb65458495ef77d5d2dccbbc [term 0 FOLLOWER]: Starting pre-election (no leader contacted us within the election timeout)
I0819 06:34:39.324875 3753 raft_consensus.cc:2401] T baa240f65f74450e95664c3b5adb6da9 P b50ee9ceeb65458495ef77d5d2dccbbc: Snoozing failure detection for election timeout plus an additional 1.727s
I0819 06:34:39.325059 3753 raft_consensus.cc:437] T baa240f65f74450e95664c3b5adb6da9 P b50ee9ceeb65458495ef77d5d2dccbbc [term 0 FOLLOWER]: Starting pre-election with config: opid_index: -1 OBSOLETE_local: false peers { permanent_uuid: "cd3b50a0af2548c5b2b14337d8f9b265" member_type: VOTER last_known_addr { host: "127.4.126.1" port: 38321 } } peers { permanent_uuid: "b50ee9ceeb65458495ef77d5d2dccbbc" member_type: VOTER last_known_addr { host: "127.4.126.2" port: 51392 } } peers { permanent_uuid: "a331dc44a9014f3caa72b13d0954dd6c" member_type: VOTER last_known_addr { host: "127.4.126.3" port: 50890 } }
I0819 06:34:39.326189 3753 leader_election.cc:217] T baa240f65f74450e95664c3b5adb6da9 P b50ee9ceeb65458495ef77d5d2dccbbc [CANDIDATE]: Term 1 pre-election: Requesting pre-vote from peer cd3b50a0af2548c5b2b14337d8f9b265
I0819 06:34:39.326670 3753 leader_election.cc:217] T baa240f65f74450e95664c3b5adb6da9 P b50ee9ceeb65458495ef77d5d2dccbbc [CANDIDATE]: Term 1 pre-election: Requesting pre-vote from peer a331dc44a9014f3caa72b13d0954dd6c
I0819 06:34:39.351791 3433 raft_consensus.cc:2401] T baa240f65f74450e95664c3b5adb6da9 P cd3b50a0af2548c5b2b14337d8f9b265: Snoozing failure detection for election timeout plus an additional 1.558s
I0819 06:34:39.352037 3433 raft_consensus.cc:1967] T baa240f65f74450e95664c3b5adb6da9 P cd3b50a0af2548c5b2b14337d8f9b265 [term 0 FOLLOWER]: Leader pre-election vote request: Granting yes vote for candidate b50ee9ceeb65458495ef77d5d2dccbbc in term 0.
I0819 06:34:39.353065 3490 leader_election.cc:349] T baa240f65f74450e95664c3b5adb6da9 P b50ee9ceeb65458495ef77d5d2dccbbc [CANDIDATE]: Term 1 pre-election: Vote granted by peer cd3b50a0af2548c5b2b14337d8f9b265
I0819 06:34:39.353301 3490 leader_election.cc:244] T baa240f65f74450e95664c3b5adb6da9 P b50ee9ceeb65458495ef77d5d2dccbbc [CANDIDATE]: Term 1 pre-election: Election decided. Result: candidate won.
I0819 06:34:39.353786 3755 raft_consensus.cc:2401] T baa240f65f74450e95664c3b5adb6da9 P b50ee9ceeb65458495ef77d5d2dccbbc: Snoozing failure detection for election timeout plus an additional 2.124s
I0819 06:34:39.354007 3755 raft_consensus.cc:2205] T baa240f65f74450e95664c3b5adb6da9 P b50ee9ceeb65458495ef77d5d2dccbbc [term 0 FOLLOWER]: Leader pre-election won for term 1
I0819 06:34:39.354149 3755 raft_consensus.cc:413] T baa240f65f74450e95664c3b5adb6da9 P b50ee9ceeb65458495ef77d5d2dccbbc [term 0 FOLLOWER]: Starting leader election (no leader contacted us within the election timeout)
I0819 06:34:39.354326 3755 raft_consensus.cc:2401] T baa240f65f74450e95664c3b5adb6da9 P b50ee9ceeb65458495ef77d5d2dccbbc: Snoozing failure detection for election timeout plus an additional 2.000s
I0819 06:34:39.354293 3683 raft_consensus.cc:2401] T baa240f65f74450e95664c3b5adb6da9 P a331dc44a9014f3caa72b13d0954dd6c: Snoozing failure detection for election timeout plus an additional 1.883s
I0819 06:34:39.354480 3755 raft_consensus.cc:2448] T baa240f65f74450e95664c3b5adb6da9 P b50ee9ceeb65458495ef77d5d2dccbbc [term 0 FOLLOWER]: Advancing to term 1
I0819 06:34:39.354544 3683 raft_consensus.cc:1967] T baa240f65f74450e95664c3b5adb6da9 P a331dc44a9014f3caa72b13d0954dd6c [term 0 FOLLOWER]: Leader pre-election vote request: Granting yes vote for candidate b50ee9ceeb65458495ef77d5d2dccbbc in term 0.
I0819 06:34:39.355677 3491 leader_election.cc:349] T baa240f65f74450e95664c3b5adb6da9 P b50ee9ceeb65458495ef77d5d2dccbbc [CANDIDATE]: Term 1 pre-election: Vote granted by peer a331dc44a9014f3caa72b13d0954dd6c
I0819 06:34:39.357777 3755 raft_consensus.cc:437] T baa240f65f74450e95664c3b5adb6da9 P b50ee9ceeb65458495ef77d5d2dccbbc [term 1 FOLLOWER]: Starting leader election with config: opid_index: -1 OBSOLETE_local: false peers { permanent_uuid: "cd3b50a0af2548c5b2b14337d8f9b265" member_type: VOTER last_known_addr { host: "127.4.126.1" port: 38321 } } peers { permanent_uuid: "b50ee9ceeb65458495ef77d5d2dccbbc" member_type: VOTER last_known_addr { host: "127.4.126.2" port: 51392 } } peers { permanent_uuid: "a331dc44a9014f3caa72b13d0954dd6c" member_type: VOTER last_known_addr { host: "127.4.126.3" port: 50890 } }
I0819 06:34:39.358639 3755 leader_election.cc:217] T baa240f65f74450e95664c3b5adb6da9 P b50ee9ceeb65458495ef77d5d2dccbbc [CANDIDATE]: Term 1 election: Requesting vote from peer cd3b50a0af2548c5b2b14337d8f9b265
I0819 06:34:39.358968 3755 leader_election.cc:217] T baa240f65f74450e95664c3b5adb6da9 P b50ee9ceeb65458495ef77d5d2dccbbc [CANDIDATE]: Term 1 election: Requesting vote from peer a331dc44a9014f3caa72b13d0954dd6c
I0819 06:34:39.359992 3433 raft_consensus.cc:2448] T baa240f65f74450e95664c3b5adb6da9 P cd3b50a0af2548c5b2b14337d8f9b265 [term 0 FOLLOWER]: Advancing to term 1
I0819 06:34:39.360285 3433 raft_consensus.cc:2401] T baa240f65f74450e95664c3b5adb6da9 P cd3b50a0af2548c5b2b14337d8f9b265: Snoozing failure detection for election timeout plus an additional 2.174s
I0819 06:34:39.360329 3683 raft_consensus.cc:2448] T baa240f65f74450e95664c3b5adb6da9 P a331dc44a9014f3caa72b13d0954dd6c [term 0 FOLLOWER]: Advancing to term 1
I0819 06:34:39.360738 3683 raft_consensus.cc:2401] T baa240f65f74450e95664c3b5adb6da9 P a331dc44a9014f3caa72b13d0954dd6c: Snoozing failure detection for election timeout plus an additional 1.527s
I0819 06:34:39.363011 3433 raft_consensus.cc:1967] T baa240f65f74450e95664c3b5adb6da9 P cd3b50a0af2548c5b2b14337d8f9b265 [term 1 FOLLOWER]: Leader election vote request: Granting yes vote for candidate b50ee9ceeb65458495ef77d5d2dccbbc in term 1.
I0819 06:34:39.363759 3490 leader_election.cc:349] T baa240f65f74450e95664c3b5adb6da9 P b50ee9ceeb65458495ef77d5d2dccbbc [CANDIDATE]: Term 1 election: Vote granted by peer cd3b50a0af2548c5b2b14337d8f9b265
I0819 06:34:39.363919 3490 leader_election.cc:244] T baa240f65f74450e95664c3b5adb6da9 P b50ee9ceeb65458495ef77d5d2dccbbc [CANDIDATE]: Term 1 election: Election decided. Result: candidate won.
I0819 06:34:39.364225 3755 raft_consensus.cc:2401] T baa240f65f74450e95664c3b5adb6da9 P b50ee9ceeb65458495ef77d5d2dccbbc: Snoozing failure detection for election timeout plus an additional 1.665s
I0819 06:34:39.364411 3755 raft_consensus.cc:2205] T baa240f65f74450e95664c3b5adb6da9 P b50ee9ceeb65458495ef77d5d2dccbbc [term 1 FOLLOWER]: Leader election won for term 1
I0819 06:34:39.364765 3683 raft_consensus.cc:1967] T baa240f65f74450e95664c3b5adb6da9 P a331dc44a9014f3caa72b13d0954dd6c [term 1 FOLLOWER]: Leader election vote request: Granting yes vote for candidate b50ee9ceeb65458495ef77d5d2dccbbc in term 1.
I0819 06:34:39.365654 3491 leader_election.cc:349] T baa240f65f74450e95664c3b5adb6da9 P b50ee9ceeb65458495ef77d5d2dccbbc [CANDIDATE]: Term 1 election: Vote granted by peer a331dc44a9014f3caa72b13d0954dd6c
I0819 06:34:39.366520 3755 raft_consensus.cc:540] T baa240f65f74450e95664c3b5adb6da9 P b50ee9ceeb65458495ef77d5d2dccbbc [term 1 LEADER]: Becoming Leader. State: Replica: b50ee9ceeb65458495ef77d5d2dccbbc, State: Running, Role: LEADER
I0819 06:34:39.366993 3755 consensus_queue.cc:169] T baa240f65f74450e95664c3b5adb6da9 P b50ee9ceeb65458495ef77d5d2dccbbc [LEADER]: Queue going to LEADER mode. State: All replicated index: 0, Majority replicated index: 0, Committed index: 0, Last appended: 0.0, Last appended by leader: 0, Current term: 1, Majority size: 2, State: 1, Mode: LEADER, active raft config: opid_index: -1 OBSOLETE_local: false peers { permanent_uuid: "cd3b50a0af2548c5b2b14337d8f9b265" member_type: VOTER last_known_addr { host: "127.4.126.1" port: 38321 } } peers { permanent_uuid: "b50ee9ceeb65458495ef77d5d2dccbbc" member_type: VOTER last_known_addr { host: "127.4.126.2" port: 51392 } } peers { permanent_uuid: "a331dc44a9014f3caa72b13d0954dd6c" member_type: VOTER last_known_addr { host: "127.4.126.3" port: 50890 } }
I0819 06:34:39.380292 3309 catalog_manager.cc:2559] T baa240f65f74450e95664c3b5adb6da9 reported consensus state change: term changed from 0 to 1, leader changed from to b50ee9ceeb65458495ef77d5d2dccbbc (127.4.126.2). New consensus state: current_term: 1 leader_uuid: "b50ee9ceeb65458495ef77d5d2dccbbc" committed_config { opid_index: -1 OBSOLETE_local: false peers { permanent_uuid: "cd3b50a0af2548c5b2b14337d8f9b265" member_type: VOTER last_known_addr { host: "127.4.126.1" port: 38321 } } peers { permanent_uuid: "b50ee9ceeb65458495ef77d5d2dccbbc" member_type: VOTER last_known_addr { host: "127.4.126.2" port: 51392 } } peers { permanent_uuid: "a331dc44a9014f3caa72b13d0954dd6c" member_type: VOTER last_known_addr { host: "127.4.126.3" port: 50890 } } }
I0819 06:34:39.392124 1150 external_mini_cluster.cc:454] 3 TS(s) registered with all masters
I0819 06:34:39.394351 1150 ts_itest-base.h:198] Waiting for 1 tablets on tserver cd3b50a0af2548c5b2b14337d8f9b265 to finish bootstrapping
I0819 06:34:39.403554 1150 ts_itest-base.h:198] Waiting for 1 tablets on tserver b50ee9ceeb65458495ef77d5d2dccbbc to finish bootstrapping
I0819 06:34:39.412793 1150 ts_itest-base.h:198] Waiting for 1 tablets on tserver a331dc44a9014f3caa72b13d0954dd6c to finish bootstrapping
I0819 06:34:39.447540 1150 cluster_itest_util.cc:220] Not converged past 1 yet: 0.0 1.1 0.0
I0819 06:34:39.552603 1150 cluster_itest_util.cc:220] Not converged past 1 yet: 0.0 1.1 0.0
I0819 06:34:39.754643 3683 raft_consensus.cc:961] T baa240f65f74450e95664c3b5adb6da9 P a331dc44a9014f3caa72b13d0954dd6c [term 1 FOLLOWER]: Refusing update from remote peer b50ee9ceeb65458495ef77d5d2dccbbc: Log matching property violated. Preceding OpId in replica: term: 0 index: 0. Preceding OpId from leader: term: 1 index: 1. (index mismatch)
I0819 06:34:39.755961 3755 consensus_queue.cc:726] T baa240f65f74450e95664c3b5adb6da9 P b50ee9ceeb65458495ef77d5d2dccbbc [LEADER]: Connected to new peer: Peer: a331dc44a9014f3caa72b13d0954dd6c, Is new: false, Last received: 0.0, Next index: 1, Last known committed idx: 0, Last exchange result: ERROR, Needs tablet copy: false
I0819 06:34:39.770557 1150 cluster_itest_util.cc:220] Not converged past 1 yet: 0.0 1.1 1.1
I0819 06:34:39.775156 3433 raft_consensus.cc:961] T baa240f65f74450e95664c3b5adb6da9 P cd3b50a0af2548c5b2b14337d8f9b265 [term 1 FOLLOWER]: Refusing update from remote peer b50ee9ceeb65458495ef77d5d2dccbbc: Log matching property violated. Preceding OpId in replica: term: 0 index: 0. Preceding OpId from leader: term: 1 index: 1. (index mismatch)
I0819 06:34:39.776226 3765 consensus_queue.cc:726] T baa240f65f74450e95664c3b5adb6da9 P b50ee9ceeb65458495ef77d5d2dccbbc [LEADER]: Connected to new peer: Peer: cd3b50a0af2548c5b2b14337d8f9b265, Is new: false, Last received: 0.0, Next index: 1, Last known committed idx: 0, Last exchange result: ERROR, Needs tablet copy: false
I0819 06:34:40.079699 1150 test_util.cc:185] Using random seed: 1890596663
I0819 06:34:40.098412 1150 test_workload.cc:273] TestWorkload: Skipping table creation because table TestTable already exists
I0819 06:34:40.102862 1150 raft_consensus-itest.cc:735] Waiting until we've written at least 4MB...
I0819 06:34:40.237881 3761 log.cc:647] T baa240f65f74450e95664c3b5adb6da9 P b50ee9ceeb65458495ef77d5d2dccbbc: Max segment size reached. Starting new segment allocation
I0819 06:34:40.248245 3761 log.cc:562] T baa240f65f74450e95664c3b5adb6da9 P b50ee9ceeb65458495ef77d5d2dccbbc: Rolled over to a new log segment at /tmp/run_tha_test479zHR/test-tmp/raft_consensus-itest.RaftConsensusITest.TestEvictAbandonedFollowers.1503124412820022-1150/raft_consensus-itest-cluster/ts-1/wal/wals/baa240f65f74450e95664c3b5adb6da9/wal-000000002
I0819 06:34:40.249209 3764 log.cc:647] T baa240f65f74450e95664c3b5adb6da9 P a331dc44a9014f3caa72b13d0954dd6c: Max segment size reached. Starting new segment allocation
I0819 06:34:40.258594 3764 log.cc:562] T baa240f65f74450e95664c3b5adb6da9 P a331dc44a9014f3caa72b13d0954dd6c: Rolled over to a new log segment at /tmp/run_tha_test479zHR/test-tmp/raft_consensus-itest.RaftConsensusITest.TestEvictAbandonedFollowers.1503124412820022-1150/raft_consensus-itest-cluster/ts-2/wal/wals/baa240f65f74450e95664c3b5adb6da9/wal-000000002
I0819 06:34:40.317908 3761 log.cc:647] T baa240f65f74450e95664c3b5adb6da9 P b50ee9ceeb65458495ef77d5d2dccbbc: Max segment size reached. Starting new segment allocation
I0819 06:34:40.319141 3761 log.cc:562] T baa240f65f74450e95664c3b5adb6da9 P b50ee9ceeb65458495ef77d5d2dccbbc: Rolled over to a new log segment at /tmp/run_tha_test479zHR/test-tmp/raft_consensus-itest.RaftConsensusITest.TestEvictAbandonedFollowers.1503124412820022-1150/raft_consensus-itest-cluster/ts-1/wal/wals/baa240f65f74450e95664c3b5adb6da9/wal-000000003
I0819 06:34:40.345590 3764 log.cc:647] T baa240f65f74450e95664c3b5adb6da9 P a331dc44a9014f3caa72b13d0954dd6c: Max segment size reached. Starting new segment allocation
I0819 06:34:40.347121 3764 log.cc:562] T baa240f65f74450e95664c3b5adb6da9 P a331dc44a9014f3caa72b13d0954dd6c: Rolled over to a new log segment at /tmp/run_tha_test479zHR/test-tmp/raft_consensus-itest.RaftConsensusITest.TestEvictAbandonedFollowers.1503124412820022-1150/raft_consensus-itest-cluster/ts-2/wal/wals/baa240f65f74450e95664c3b5adb6da9/wal-000000003
I0819 06:34:40.369781 3486 tablet.cc:1040] T baa240f65f74450e95664c3b5adb6da9 P b50ee9ceeb65458495ef77d5d2dccbbc: Flush: entering stage 1 (old memrowset already frozen for inserts)
I0819 06:34:40.369983 3486 compaction.cc:884] Selected 1 rowsets to compact:
I0819 06:34:40.370136 3486 compaction.cc:887] memrowset(current size on disk: ~0 bytes)
I0819 06:34:40.370252 3486 tablet.cc:1042] T baa240f65f74450e95664c3b5adb6da9 P b50ee9ceeb65458495ef77d5d2dccbbc: Memstore in-memory size: 4063497 bytes
I0819 06:34:40.370415 3486 tablet.cc:1305] T baa240f65f74450e95664c3b5adb6da9 P b50ee9ceeb65458495ef77d5d2dccbbc: Flush: entering phase 1 (flushing snapshot). Phase 1 snapshot: MvccSnapshot[committed={T|T < 6156797871392997376 or (T in {6156797871392997376})}]
I0819 06:34:40.390326 3611 tablet.cc:1040] T baa240f65f74450e95664c3b5adb6da9 P a331dc44a9014f3caa72b13d0954dd6c: Flush: entering stage 1 (old memrowset already frozen for inserts)
I0819 06:34:40.390522 3611 compaction.cc:884] Selected 1 rowsets to compact:
I0819 06:34:40.390656 3611 compaction.cc:887] memrowset(current size on disk: ~0 bytes)
I0819 06:34:40.390770 3611 tablet.cc:1042] T baa240f65f74450e95664c3b5adb6da9 P a331dc44a9014f3caa72b13d0954dd6c: Memstore in-memory size: 4063497 bytes
I0819 06:34:40.390936 3611 tablet.cc:1305] T baa240f65f74450e95664c3b5adb6da9 P a331dc44a9014f3caa72b13d0954dd6c: Flush: entering phase 1 (flushing snapshot). Phase 1 snapshot: MvccSnapshot[committed={T|T < 6156797871392997376 or (T in {6156797871392997376})}]
I0819 06:34:40.416716 3611 multi_column_writer.cc:95] Opened CFile writers for 3 column(s)
I0819 06:34:40.429525 3486 multi_column_writer.cc:95] Opened CFile writers for 3 column(s)
I0819 06:34:40.534543 3761 log.cc:647] T baa240f65f74450e95664c3b5adb6da9 P b50ee9ceeb65458495ef77d5d2dccbbc: Max segment size reached. Starting new segment allocation
I0819 06:34:40.536202 3761 log.cc:562] T baa240f65f74450e95664c3b5adb6da9 P b50ee9ceeb65458495ef77d5d2dccbbc: Rolled over to a new log segment at /tmp/run_tha_test479zHR/test-tmp/raft_consensus-itest.RaftConsensusITest.TestEvictAbandonedFollowers.1503124412820022-1150/raft_consensus-itest-cluster/ts-1/wal/wals/baa240f65f74450e95664c3b5adb6da9/wal-000000004
I0819 06:34:40.544945 3764 log.cc:647] T baa240f65f74450e95664c3b5adb6da9 P a331dc44a9014f3caa72b13d0954dd6c: Max segment size reached. Starting new segment allocation
I0819 06:34:40.546469 3764 log.cc:562] T baa240f65f74450e95664c3b5adb6da9 P a331dc44a9014f3caa72b13d0954dd6c: Rolled over to a new log segment at /tmp/run_tha_test479zHR/test-tmp/raft_consensus-itest.RaftConsensusITest.TestEvictAbandonedFollowers.1503124412820022-1150/raft_consensus-itest-cluster/ts-2/wal/wals/baa240f65f74450e95664c3b5adb6da9/wal-000000004
I0819 06:34:40.619683 3611 tablet.cc:1390] T baa240f65f74450e95664c3b5adb6da9 P a331dc44a9014f3caa72b13d0954dd6c: Flush: entering phase 2 (starting to duplicate updates in new rowsets)
I0819 06:34:40.620184 3611 tablet.cc:1445] T baa240f65f74450e95664c3b5adb6da9 P a331dc44a9014f3caa72b13d0954dd6c: Flush Phase 2: carrying over any updates which arrived during Phase 1
I0819 06:34:40.620369 3611 tablet.cc:1447] T baa240f65f74450e95664c3b5adb6da9 P a331dc44a9014f3caa72b13d0954dd6c: Phase 2 snapshot: MvccSnapshot[committed={T|T < 6156797872424992768 or (T in {6156797872424992768})}]
I0819 06:34:40.629986 3611 tablet.cc:1489] T baa240f65f74450e95664c3b5adb6da9 P a331dc44a9014f3caa72b13d0954dd6c: Flush successful on 16 rows (135803 bytes)
I0819 06:34:40.673895 3611 maintenance_manager.cc:466] Time spent running FlushMRSOp(baa240f65f74450e95664c3b5adb6da9): real 0.284s user 0.160s sys 0.020s
I0819 06:34:40.674146 3611 maintenance_manager.cc:472] P a331dc44a9014f3caa72b13d0954dd6c: FlushMRSOp(baa240f65f74450e95664c3b5adb6da9) metrics: {"cfile_init":1,"compiler_manager_pool.queue_time_us":10254,"data dir 0.queue_time_us":19952,"data dir 0.run_cpu_time_us":393,"data dir 0.run_wall_time_us":1105,"lbm_read_time_us":186,"lbm_reads_lt_1ms":4,"lbm_write_time_us":1723,"lbm_writes_lt_1ms":23,"thread_start_us":27179,"threads_started":2}
I0819 06:34:40.676127 3611 log_reader.cc:381] T baa240f65f74450e95664c3b5adb6da9: removed 1 log segments from log reader
I0819 06:34:40.676442 3611 log.cc:868] T baa240f65f74450e95664c3b5adb6da9 P a331dc44a9014f3caa72b13d0954dd6c: Deleting log segment in path: /tmp/run_tha_test479zHR/test-tmp/raft_consensus-itest.RaftConsensusITest.TestEvictAbandonedFollowers.1503124412820022-1150/raft_consensus-itest-cluster/ts-2/wal/wals/baa240f65f74450e95664c3b5adb6da9/wal-000000001 (ops 1-8)
I0819 06:34:40.677145 3611 maintenance_manager.cc:466] Time spent running LogGCOp(baa240f65f74450e95664c3b5adb6da9): real 0.001s user 0.000s sys 0.000s
I0819 06:34:40.677340 3611 maintenance_manager.cc:472] P a331dc44a9014f3caa72b13d0954dd6c: LogGCOp(baa240f65f74450e95664c3b5adb6da9) metrics: {}
I0819 06:34:40.680534 3611 maintenance_manager.cc:466] Time spent running UndoDeltaBlockGCOp(baa240f65f74450e95664c3b5adb6da9): real 0.001s user 0.000s sys 0.000s
I0819 06:34:40.682462 3611 maintenance_manager.cc:472] P a331dc44a9014f3caa72b13d0954dd6c: UndoDeltaBlockGCOp(baa240f65f74450e95664c3b5adb6da9) metrics: {"cfile_init":1,"lbm_read_time_us":192,"lbm_reads_lt_1ms":4}
I0819 06:34:40.696159 3761 log.cc:647] T baa240f65f74450e95664c3b5adb6da9 P b50ee9ceeb65458495ef77d5d2dccbbc: Max segment size reached. Starting new segment allocation
I0819 06:34:40.697562 3761 log.cc:562] T baa240f65f74450e95664c3b5adb6da9 P b50ee9ceeb65458495ef77d5d2dccbbc: Rolled over to a new log segment at /tmp/run_tha_test479zHR/test-tmp/raft_consensus-itest.RaftConsensusITest.TestEvictAbandonedFollowers.1503124412820022-1150/raft_consensus-itest-cluster/ts-1/wal/wals/baa240f65f74450e95664c3b5adb6da9/wal-000000005
I0819 06:34:40.707186 3486 tablet.cc:1390] T baa240f65f74450e95664c3b5adb6da9 P b50ee9ceeb65458495ef77d5d2dccbbc: Flush: entering phase 2 (starting to duplicate updates in new rowsets)
I0819 06:34:40.707751 3486 tablet.cc:1445] T baa240f65f74450e95664c3b5adb6da9 P b50ee9ceeb65458495ef77d5d2dccbbc: Flush Phase 2: carrying over any updates which arrived during Phase 1
I0819 06:34:40.707929 3486 tablet.cc:1447] T baa240f65f74450e95664c3b5adb6da9 P b50ee9ceeb65458495ef77d5d2dccbbc: Phase 2 snapshot: MvccSnapshot[committed={T|T < 6156797872810946560 or (T in {6156797872810946560})}]
I0819 06:34:40.709640 3764 log.cc:647] T baa240f65f74450e95664c3b5adb6da9 P a331dc44a9014f3caa72b13d0954dd6c: Max segment size reached. Starting new segment allocation
I0819 06:34:40.711293 3764 log.cc:562] T baa240f65f74450e95664c3b5adb6da9 P a331dc44a9014f3caa72b13d0954dd6c: Rolled over to a new log segment at /tmp/run_tha_test479zHR/test-tmp/raft_consensus-itest.RaftConsensusITest.TestEvictAbandonedFollowers.1503124412820022-1150/raft_consensus-itest-cluster/ts-2/wal/wals/baa240f65f74450e95664c3b5adb6da9/wal-000000005
I0819 06:34:40.715203 3486 tablet.cc:1489] T baa240f65f74450e95664c3b5adb6da9 P b50ee9ceeb65458495ef77d5d2dccbbc: Flush successful on 16 rows (135803 bytes)
I0819 06:34:40.715857 3486 maintenance_manager.cc:466] Time spent running FlushMRSOp(baa240f65f74450e95664c3b5adb6da9): real 0.347s user 0.112s sys 0.036s
I0819 06:34:40.716063 3486 maintenance_manager.cc:472] P b50ee9ceeb65458495ef77d5d2dccbbc: FlushMRSOp(baa240f65f74450e95664c3b5adb6da9) metrics: {"cfile_init":1,"compiler_manager_pool.queue_time_us":16989,"data dir 0.queue_time_us":18398,"data dir 0.run_cpu_time_us":397,"data dir 0.run_wall_time_us":1102,"lbm_read_time_us":229,"lbm_reads_lt_1ms":4,"lbm_write_time_us":1545,"lbm_writes_lt_1ms":23,"thread_start_us":35062,"threads_started":2}
I0819 06:34:40.756500 3486 tablet.cc:1040] T baa240f65f74450e95664c3b5adb6da9 P b50ee9ceeb65458495ef77d5d2dccbbc: Flush: entering stage 1 (old memrowset already frozen for inserts)
I0819 06:34:40.756685 3486 compaction.cc:884] Selected 1 rowsets to compact:
I0819 06:34:40.756824 3486 compaction.cc:887] memrowset(current size on disk: ~0 bytes)
I0819 06:34:40.756988 3486 tablet.cc:1042] T baa240f65f74450e95664c3b5adb6da9 P b50ee9ceeb65458495ef77d5d2dccbbc: Memstore in-memory size: 4063497 bytes
I0819 06:34:40.757464 3486 tablet.cc:1305] T baa240f65f74450e95664c3b5adb6da9 P b50ee9ceeb65458495ef77d5d2dccbbc: Flush: entering phase 1 (flushing snapshot). Phase 1 snapshot: MvccSnapshot[committed={T|T < 6156797872921325568 or (T in {6156797872921325568})}]
I0819 06:34:40.759397 3486 multi_column_writer.cc:95] Opened CFile writers for 3 column(s)
I0819 06:34:40.785769 3611 log_reader.cc:381] T baa240f65f74450e95664c3b5adb6da9: removed 1 log segments from log reader
I0819 06:34:40.785965 3611 log.cc:868] T baa240f65f74450e95664c3b5adb6da9 P a331dc44a9014f3caa72b13d0954dd6c: Deleting log segment in path: /tmp/run_tha_test479zHR/test-tmp/raft_consensus-itest.RaftConsensusITest.TestEvictAbandonedFollowers.1503124412820022-1150/raft_consensus-itest-cluster/ts-2/wal/wals/baa240f65f74450e95664c3b5adb6da9/wal-000000002 (ops 9-15)
I0819 06:34:40.786497 3611 maintenance_manager.cc:466] Time spent running LogGCOp(baa240f65f74450e95664c3b5adb6da9): real 0.001s user 0.000s sys 0.000s
I0819 06:34:40.786664 3611 maintenance_manager.cc:472] P a331dc44a9014f3caa72b13d0954dd6c: LogGCOp(baa240f65f74450e95664c3b5adb6da9) metrics: {}
I0819 06:34:40.788003 3611 tablet.cc:1040] T baa240f65f74450e95664c3b5adb6da9 P a331dc44a9014f3caa72b13d0954dd6c: Flush: entering stage 1 (old memrowset already frozen for inserts)
I0819 06:34:40.788157 3611 compaction.cc:884] Selected 1 rowsets to compact:
I0819 06:34:40.788271 3611 compaction.cc:887] memrowset(current size on disk: ~0 bytes)
I0819 06:34:40.788383 3611 tablet.cc:1042] T baa240f65f74450e95664c3b5adb6da9 P a331dc44a9014f3caa72b13d0954dd6c: Memstore in-memory size: 4063497 bytes
I0819 06:34:40.788633 3611 tablet.cc:1305] T baa240f65f74450e95664c3b5adb6da9 P a331dc44a9014f3caa72b13d0954dd6c: Flush: entering phase 1 (flushing snapshot). Phase 1 snapshot: MvccSnapshot[committed={T|T < 6156797872963424256 or (T in {6156797872963424256})}]
I0819 06:34:40.790132 3611 multi_column_writer.cc:95] Opened CFile writers for 3 column(s)
I0819 06:34:40.835623 3761 log.cc:647] T baa240f65f74450e95664c3b5adb6da9 P b50ee9ceeb65458495ef77d5d2dccbbc: Max segment size reached. Starting new segment allocation
I0819 06:34:40.837106 3761 log.cc:562] T baa240f65f74450e95664c3b5adb6da9 P b50ee9ceeb65458495ef77d5d2dccbbc: Rolled over to a new log segment at /tmp/run_tha_test479zHR/test-tmp/raft_consensus-itest.RaftConsensusITest.TestEvictAbandonedFollowers.1503124412820022-1150/raft_consensus-itest-cluster/ts-1/wal/wals/baa240f65f74450e95664c3b5adb6da9/wal-000000006
I0819 06:34:40.868734 3764 log.cc:647] T baa240f65f74450e95664c3b5adb6da9 P a331dc44a9014f3caa72b13d0954dd6c: Max segment size reached. Starting new segment allocation
I0819 06:34:40.870239 3764 log.cc:562] T baa240f65f74450e95664c3b5adb6da9 P a331dc44a9014f3caa72b13d0954dd6c: Rolled over to a new log segment at /tmp/run_tha_test479zHR/test-tmp/raft_consensus-itest.RaftConsensusITest.TestEvictAbandonedFollowers.1503124412820022-1150/raft_consensus-itest-cluster/ts-2/wal/wals/baa240f65f74450e95664c3b5adb6da9/wal-000000006
I0819 06:34:40.922935 1150 raft_consensus-itest.cc:741] Waiting for log GC on b50ee9ceeb65458495ef77d5d2dccbbc
I0819 06:34:40.931762 3486 tablet.cc:1390] T baa240f65f74450e95664c3b5adb6da9 P b50ee9ceeb65458495ef77d5d2dccbbc: Flush: entering phase 2 (starting to duplicate updates in new rowsets)
I0819 06:34:40.932288 3486 tablet.cc:1445] T baa240f65f74450e95664c3b5adb6da9 P b50ee9ceeb65458495ef77d5d2dccbbc: Flush Phase 2: carrying over any updates which arrived during Phase 1
I0819 06:34:40.933949 3486 tablet.cc:1447] T baa240f65f74450e95664c3b5adb6da9 P b50ee9ceeb65458495ef77d5d2dccbbc: Phase 2 snapshot: MvccSnapshot[committed={T|T < 6156797873492078592 or (T in {6156797873492078592})}]
I0819 06:34:40.947547 3486 tablet.cc:1489] T baa240f65f74450e95664c3b5adb6da9 P b50ee9ceeb65458495ef77d5d2dccbbc: Flush successful on 13 rows (135803 bytes)
I0819 06:34:40.957151 3611 tablet.cc:1390] T baa240f65f74450e95664c3b5adb6da9 P a331dc44a9014f3caa72b13d0954dd6c: Flush: entering phase 2 (starting to duplicate updates in new rowsets)
I0819 06:34:40.957506 3611 tablet.cc:1445] T baa240f65f74450e95664c3b5adb6da9 P a331dc44a9014f3caa72b13d0954dd6c: Flush Phase 2: carrying over any updates which arrived during Phase 1
I0819 06:34:40.957612 3611 tablet.cc:1447] T baa240f65f74450e95664c3b5adb6da9 P a331dc44a9014f3caa72b13d0954dd6c: Phase 2 snapshot: MvccSnapshot[committed={T|T < 6156797873492078592 or (T in {6156797873492078592})}]
I0819 06:34:40.963577 3611 tablet.cc:1489] T baa240f65f74450e95664c3b5adb6da9 P a331dc44a9014f3caa72b13d0954dd6c: Flush successful on 14 rows (135803 bytes)
I0819 06:34:40.994660 3611 maintenance_manager.cc:466] Time spent running FlushMRSOp(baa240f65f74450e95664c3b5adb6da9): real 0.207s user 0.124s sys 0.000s
I0819 06:34:40.994926 3611 maintenance_manager.cc:472] P a331dc44a9014f3caa72b13d0954dd6c: FlushMRSOp(baa240f65f74450e95664c3b5adb6da9) metrics: {"cfile_init":1,"data dir 0.queue_time_us":80,"data dir 0.run_cpu_time_us":199,"data dir 0.run_wall_time_us":1352,"lbm_read_time_us":107,"lbm_reads_lt_1ms":4,"lbm_write_time_us":13305,"lbm_writes_10-100_ms":1,"lbm_writes_lt_1ms":22}
I0819 06:34:40.996819 3611 log_reader.cc:381] T baa240f65f74450e95664c3b5adb6da9: removed 1 log segments from log reader
I0819 06:34:40.997035 3611 log.cc:868] T baa240f65f74450e95664c3b5adb6da9 P a331dc44a9014f3caa72b13d0954dd6c: Deleting log segment in path: /tmp/run_tha_test479zHR/test-tmp/raft_consensus-itest.RaftConsensusITest.TestEvictAbandonedFollowers.1503124412820022-1150/raft_consensus-itest-cluster/ts-2/wal/wals/baa240f65f74450e95664c3b5adb6da9/wal-000000003 (ops 16-22)
I0819 06:34:40.997613 3611 maintenance_manager.cc:466] Time spent running LogGCOp(baa240f65f74450e95664c3b5adb6da9): real 0.001s user 0.000s sys 0.000s
I0819 06:34:40.997778 3611 maintenance_manager.cc:472] P a331dc44a9014f3caa72b13d0954dd6c: LogGCOp(baa240f65f74450e95664c3b5adb6da9) metrics: {}
I0819 06:34:40.999236 3611 maintenance_manager.cc:466] Time spent running UndoDeltaBlockGCOp(baa240f65f74450e95664c3b5adb6da9): real 0.001s user 0.000s sys 0.000s
I0819 06:34:40.999410 3611 maintenance_manager.cc:472] P a331dc44a9014f3caa72b13d0954dd6c: UndoDeltaBlockGCOp(baa240f65f74450e95664c3b5adb6da9) metrics: {"cfile_init":1,"lbm_read_time_us":191,"lbm_reads_lt_1ms":4}
I0819 06:34:41.000655 3611 tablet.cc:1519] T baa240f65f74450e95664c3b5adb6da9 P a331dc44a9014f3caa72b13d0954dd6c: Compaction: stage 1 complete, picked 2 rowsets to compact
I0819 06:34:41.000792 3486 maintenance_manager.cc:466] Time spent running FlushMRSOp(baa240f65f74450e95664c3b5adb6da9): real 0.256s user 0.116s sys 0.008s
I0819 06:34:41.000849 3611 compaction.cc:884] Selected 2 rowsets to compact:
I0819 06:34:41.000982 3611 compaction.cc:887] RowSet(0)(current size on disk: ~136119 bytes)
I0819 06:34:41.001137 3611 compaction.cc:887] RowSet(1)(current size on disk: ~136102 bytes)
I0819 06:34:41.000926 3486 maintenance_manager.cc:472] P b50ee9ceeb65458495ef77d5d2dccbbc: FlushMRSOp(baa240f65f74450e95664c3b5adb6da9) metrics: {"cfile_init":1,"data dir 0.queue_time_us":61,"data dir 0.run_cpu_time_us":240,"data dir 0.run_wall_time_us":1405,"lbm_read_time_us":162,"lbm_reads_lt_1ms":4,"lbm_write_time_us":1763,"lbm_writes_lt_1ms":23,"spinlock_wait_cycles":512896}
I0819 06:34:41.001291 3611 tablet.cc:1305] T baa240f65f74450e95664c3b5adb6da9 P a331dc44a9014f3caa72b13d0954dd6c: Compaction: entering phase 1 (flushing snapshot). Phase 1 snapshot: MvccSnapshot[committed={T|T < 6156797873492078592 or (T in {6156797873492078592})}]
I0819 06:34:41.002745 3486 log_reader.cc:381] T baa240f65f74450e95664c3b5adb6da9: removed 3 log segments from log reader
I0819 06:34:41.003023 3486 log.cc:868] T baa240f65f74450e95664c3b5adb6da9 P b50ee9ceeb65458495ef77d5d2dccbbc: Deleting log segment in path: /tmp/run_tha_test479zHR/test-tmp/raft_consensus-itest.RaftConsensusITest.TestEvictAbandonedFollowers.1503124412820022-1150/raft_consensus-itest-cluster/ts-1/wal/wals/baa240f65f74450e95664c3b5adb6da9/wal-000000001 (ops 1-8)
