I0819 06:33:57.339629 1781 leader_election.cc:363] T 8b79633d21dc49868650b1a34ca1c8ea P 54716c80d5de4d238c121acf92f30ec1 [CANDIDATE]: Term 3 pre-election: Vote denied by peer 6d6a239df0a0404cb3455e68efcb792b. Message: Invalid argument: T 8b79633d21dc49868650b1a34ca1c8ea P 6d6a239df0a0404cb3455e68efcb792b [term 2 LEADER]: Leader pre-election vote request: Denying vote to candidate 54716c80d5de4d238c121acf92f30ec1 for term 3 because replica is either leader or believes a valid leader to be alive.
I0819 06:33:57.346243 2091 raft_consensus.cc:1928] T 8b79633d21dc49868650b1a34ca1c8ea P 6f8e517e75d440519fb9d468724d7798 [term 2 FOLLOWER]: Leader pre-election vote request: Denying vote to candidate 54716c80d5de4d238c121acf92f30ec1 for term 3 because replica is either leader or believes a valid leader to be alive.
I0819 06:33:57.347306 1779 leader_election.cc:363] T 8b79633d21dc49868650b1a34ca1c8ea P 54716c80d5de4d238c121acf92f30ec1 [CANDIDATE]: Term 3 pre-election: Vote denied by peer 6f8e517e75d440519fb9d468724d7798. Message: Invalid argument: T 8b79633d21dc49868650b1a34ca1c8ea P 6f8e517e75d440519fb9d468724d7798 [term 2 FOLLOWER]: Leader pre-election vote request: Denying vote to candidate 54716c80d5de4d238c121acf92f30ec1 for term 3 because replica is either leader or believes a valid leader to be alive.
I0819 06:33:57.347587 1779 leader_election.cc:244] T 8b79633d21dc49868650b1a34ca1c8ea P 54716c80d5de4d238c121acf92f30ec1 [CANDIDATE]: Term 3 pre-election: Election decided. Result: candidate lost.
I0819 06:33:57.350056 2220 raft_consensus.cc:2401] T 8b79633d21dc49868650b1a34ca1c8ea P 54716c80d5de4d238c121acf92f30ec1: Snoozing failure detection for election timeout plus an additional 0.714s
I0819 06:33:57.350320 2220 raft_consensus.cc:2141] T 8b79633d21dc49868650b1a34ca1c8ea P 54716c80d5de4d238c121acf92f30ec1 [term 2 FOLLOWER]: Leader pre-election lost for term 3. Reason: could not achieve majority
I0819 06:33:57.829043 2164 raft_consensus.cc:413] T 8b79633d21dc49868650b1a34ca1c8ea P 54716c80d5de4d238c121acf92f30ec1 [term 2 FOLLOWER]: Starting pre-election (detected failure of leader 6d6a239df0a0404cb3455e68efcb792b)
I0819 06:33:57.829322 2164 raft_consensus.cc:2401] T 8b79633d21dc49868650b1a34ca1c8ea P 54716c80d5de4d238c121acf92f30ec1: Snoozing failure detection for election timeout plus an additional 1.725s
I0819 06:33:57.829509 2164 raft_consensus.cc:437] T 8b79633d21dc49868650b1a34ca1c8ea P 54716c80d5de4d238c121acf92f30ec1 [term 2 FOLLOWER]: Starting pre-election with config: opid_index: -1 OBSOLETE_local: false peers { permanent_uuid: "6d6a239df0a0404cb3455e68efcb792b" member_type: VOTER last_known_addr { host: "127.4.126.2" port: 53826 } } peers { permanent_uuid: "54716c80d5de4d238c121acf92f30ec1" member_type: VOTER last_known_addr { host: "127.4.126.1" port: 33172 } } peers { permanent_uuid: "6f8e517e75d440519fb9d468724d7798" member_type: VOTER last_known_addr { host: "127.4.126.3" port: 53370 } }
I0819 06:33:57.830257 2164 leader_election.cc:217] T 8b79633d21dc49868650b1a34ca1c8ea P 54716c80d5de4d238c121acf92f30ec1 [CANDIDATE]: Term 3 pre-election: Requesting pre-vote from peer 6d6a239df0a0404cb3455e68efcb792b
I0819 06:33:57.831447 2164 leader_election.cc:217] T 8b79633d21dc49868650b1a34ca1c8ea P 54716c80d5de4d238c121acf92f30ec1 [CANDIDATE]: Term 3 pre-election: Requesting pre-vote from peer 6f8e517e75d440519fb9d468724d7798
I0819 06:33:57.834915 1971 raft_consensus.cc:1928] T 8b79633d21dc49868650b1a34ca1c8ea P 6d6a239df0a0404cb3455e68efcb792b [term 2 LEADER]: Leader pre-election vote request: Denying vote to candidate 54716c80d5de4d238c121acf92f30ec1 for term 3 because replica is either leader or believes a valid leader to be alive.
I0819 06:33:57.836751 1781 leader_election.cc:363] T 8b79633d21dc49868650b1a34ca1c8ea P 54716c80d5de4d238c121acf92f30ec1 [CANDIDATE]: Term 3 pre-election: Vote denied by peer 6d6a239df0a0404cb3455e68efcb792b. Message: Invalid argument: T 8b79633d21dc49868650b1a34ca1c8ea P 6d6a239df0a0404cb3455e68efcb792b [term 2 LEADER]: Leader pre-election vote request: Denying vote to candidate 54716c80d5de4d238c121acf92f30ec1 for term 3 because replica is either leader or believes a valid leader to be alive.
I0819 06:33:57.839571 2091 raft_consensus.cc:1928] T 8b79633d21dc49868650b1a34ca1c8ea P 6f8e517e75d440519fb9d468724d7798 [term 2 FOLLOWER]: Leader pre-election vote request: Denying vote to candidate 54716c80d5de4d238c121acf92f30ec1 for term 3 because replica is either leader or believes a valid leader to be alive.
I0819 06:33:57.840544 1779 leader_election.cc:363] T 8b79633d21dc49868650b1a34ca1c8ea P 54716c80d5de4d238c121acf92f30ec1 [CANDIDATE]: Term 3 pre-election: Vote denied by peer 6f8e517e75d440519fb9d468724d7798. Message: Invalid argument: T 8b79633d21dc49868650b1a34ca1c8ea P 6f8e517e75d440519fb9d468724d7798 [term 2 FOLLOWER]: Leader pre-election vote request: Denying vote to candidate 54716c80d5de4d238c121acf92f30ec1 for term 3 because replica is either leader or believes a valid leader to be alive.
I0819 06:33:57.840729 1779 leader_election.cc:244] T 8b79633d21dc49868650b1a34ca1c8ea P 54716c80d5de4d238c121acf92f30ec1 [CANDIDATE]: Term 3 pre-election: Election decided. Result: candidate lost.
I0819 06:33:57.841295 2220 raft_consensus.cc:2401] T 8b79633d21dc49868650b1a34ca1c8ea P 54716c80d5de4d238c121acf92f30ec1: Snoozing failure detection for election timeout plus an additional 0.253s
I0819 06:33:57.841495 2220 raft_consensus.cc:2141] T 8b79633d21dc49868650b1a34ca1c8ea P 54716c80d5de4d238c121acf92f30ec1 [term 2 FOLLOWER]: Leader pre-election lost for term 3. Reason: could not achieve majority
I0819 06:33:58.168998 2171 raft_consensus.cc:413] T 8b79633d21dc49868650b1a34ca1c8ea P 6f8e517e75d440519fb9d468724d7798 [term 2 FOLLOWER]: Starting pre-election (detected failure of leader 6d6a239df0a0404cb3455e68efcb792b)
I0819 06:33:58.169286 2171 raft_consensus.cc:2401] T 8b79633d21dc49868650b1a34ca1c8ea P 6f8e517e75d440519fb9d468724d7798: Snoozing failure detection for election timeout plus an additional 4.446s
I0819 06:33:58.169530 2171 raft_consensus.cc:437] T 8b79633d21dc49868650b1a34ca1c8ea P 6f8e517e75d440519fb9d468724d7798 [term 2 FOLLOWER]: Starting pre-election with config: opid_index: -1 OBSOLETE_local: false peers { permanent_uuid: "6d6a239df0a0404cb3455e68efcb792b" member_type: VOTER last_known_addr { host: "127.4.126.2" port: 53826 } } peers { permanent_uuid: "54716c80d5de4d238c121acf92f30ec1" member_type: VOTER last_known_addr { host: "127.4.126.1" port: 33172 } } peers { permanent_uuid: "6f8e517e75d440519fb9d468724d7798" member_type: VOTER last_known_addr { host: "127.4.126.3" port: 53370 } }
I0819 06:33:58.170523 2171 leader_election.cc:217] T 8b79633d21dc49868650b1a34ca1c8ea P 6f8e517e75d440519fb9d468724d7798 [CANDIDATE]: Term 3 pre-election: Requesting pre-vote from peer 6d6a239df0a0404cb3455e68efcb792b
I0819 06:33:58.170909 2171 leader_election.cc:217] T 8b79633d21dc49868650b1a34ca1c8ea P 6f8e517e75d440519fb9d468724d7798 [CANDIDATE]: Term 3 pre-election: Requesting pre-vote from peer 54716c80d5de4d238c121acf92f30ec1
I0819 06:33:58.175910 1971 raft_consensus.cc:1928] T 8b79633d21dc49868650b1a34ca1c8ea P 6d6a239df0a0404cb3455e68efcb792b [term 2 LEADER]: Leader pre-election vote request: Denying vote to candidate 6f8e517e75d440519fb9d468724d7798 for term 3 because replica is either leader or believes a valid leader to be alive.
I0819 06:33:58.176795 1845 raft_consensus.cc:1942] T 8b79633d21dc49868650b1a34ca1c8ea P 54716c80d5de4d238c121acf92f30ec1 [term 2 FOLLOWER]: Leader pre-election vote request: Denying vote to candidate 6f8e517e75d440519fb9d468724d7798 for term 3 because replica is already servicing an update from a current leader or another vote.
I0819 06:33:58.177448 2031 leader_election.cc:363] T 8b79633d21dc49868650b1a34ca1c8ea P 6f8e517e75d440519fb9d468724d7798 [CANDIDATE]: Term 3 pre-election: Vote denied by peer 6d6a239df0a0404cb3455e68efcb792b. Message: Invalid argument: T 8b79633d21dc49868650b1a34ca1c8ea P 6d6a239df0a0404cb3455e68efcb792b [term 2 LEADER]: Leader pre-election vote request: Denying vote to candidate 6f8e517e75d440519fb9d468724d7798 for term 3 because replica is either leader or believes a valid leader to be alive.
I0819 06:33:58.177745 2028 leader_election.cc:363] T 8b79633d21dc49868650b1a34ca1c8ea P 6f8e517e75d440519fb9d468724d7798 [CANDIDATE]: Term 3 pre-election: Vote denied by peer 54716c80d5de4d238c121acf92f30ec1. Message: Service unavailable: T 8b79633d21dc49868650b1a34ca1c8ea P 54716c80d5de4d238c121acf92f30ec1 [term 2 FOLLOWER]: Leader pre-election vote request: Denying vote to candidate 6f8e517e75d440519fb9d468724d7798 for term 3 because replica is already servicing an update from a current leader or another vote.
I0819 06:33:58.177985 2028 leader_election.cc:244] T 8b79633d21dc49868650b1a34ca1c8ea P 6f8e517e75d440519fb9d468724d7798 [CANDIDATE]: Term 3 pre-election: Election decided. Result: candidate lost.
I0819 06:33:58.179250 2221 raft_consensus.cc:2401] T 8b79633d21dc49868650b1a34ca1c8ea P 6f8e517e75d440519fb9d468724d7798: Snoozing failure detection for election timeout plus an additional 0.892s
I0819 06:33:58.179497 2221 raft_consensus.cc:2141] T 8b79633d21dc49868650b1a34ca1c8ea P 6f8e517e75d440519fb9d468724d7798 [term 2 FOLLOWER]: Leader pre-election lost for term 3. Reason: could not achieve majority
I0819 06:33:58.805793 2164 raft_consensus.cc:413] T 8b79633d21dc49868650b1a34ca1c8ea P 54716c80d5de4d238c121acf92f30ec1 [term 2 FOLLOWER]: Starting pre-election (detected failure of leader 6d6a239df0a0404cb3455e68efcb792b)
I0819 06:33:58.806021 2164 raft_consensus.cc:2401] T 8b79633d21dc49868650b1a34ca1c8ea P 54716c80d5de4d238c121acf92f30ec1: Snoozing failure detection for election timeout plus an additional 1.748s
I0819 06:33:58.806198 2164 raft_consensus.cc:437] T 8b79633d21dc49868650b1a34ca1c8ea P 54716c80d5de4d238c121acf92f30ec1 [term 2 FOLLOWER]: Starting pre-election with config: opid_index: -1 OBSOLETE_local: false peers { permanent_uuid: "6d6a239df0a0404cb3455e68efcb792b" member_type: VOTER last_known_addr { host: "127.4.126.2" port: 53826 } } peers { permanent_uuid: "54716c80d5de4d238c121acf92f30ec1" member_type: VOTER last_known_addr { host: "127.4.126.1" port: 33172 } } peers { permanent_uuid: "6f8e517e75d440519fb9d468724d7798" member_type: VOTER last_known_addr { host: "127.4.126.3" port: 53370 } }
I0819 06:33:58.807114 2164 leader_election.cc:217] T 8b79633d21dc49868650b1a34ca1c8ea P 54716c80d5de4d238c121acf92f30ec1 [CANDIDATE]: Term 3 pre-election: Requesting pre-vote from peer 6d6a239df0a0404cb3455e68efcb792b
I0819 06:33:58.807425 2164 leader_election.cc:217] T 8b79633d21dc49868650b1a34ca1c8ea P 54716c80d5de4d238c121acf92f30ec1 [CANDIDATE]: Term 3 pre-election: Requesting pre-vote from peer 6f8e517e75d440519fb9d468724d7798
I0819 06:33:58.808657 1971 raft_consensus.cc:1928] T 8b79633d21dc49868650b1a34ca1c8ea P 6d6a239df0a0404cb3455e68efcb792b [term 2 LEADER]: Leader pre-election vote request: Denying vote to candidate 54716c80d5de4d238c121acf92f30ec1 for term 3 because replica is either leader or believes a valid leader to be alive.
I0819 06:33:58.809211 2094 raft_consensus.cc:1928] T 8b79633d21dc49868650b1a34ca1c8ea P 6f8e517e75d440519fb9d468724d7798 [term 2 FOLLOWER]: Leader pre-election vote request: Denying vote to candidate 54716c80d5de4d238c121acf92f30ec1 for term 3 because replica is either leader or believes a valid leader to be alive.
I0819 06:33:58.810329 1779 leader_election.cc:363] T 8b79633d21dc49868650b1a34ca1c8ea P 54716c80d5de4d238c121acf92f30ec1 [CANDIDATE]: Term 3 pre-election: Vote denied by peer 6f8e517e75d440519fb9d468724d7798. Message: Invalid argument: T 8b79633d21dc49868650b1a34ca1c8ea P 6f8e517e75d440519fb9d468724d7798 [term 2 FOLLOWER]: Leader pre-election vote request: Denying vote to candidate 54716c80d5de4d238c121acf92f30ec1 for term 3 because replica is either leader or believes a valid leader to be alive.
I0819 06:33:58.812149 1781 leader_election.cc:363] T 8b79633d21dc49868650b1a34ca1c8ea P 54716c80d5de4d238c121acf92f30ec1 [CANDIDATE]: Term 3 pre-election: Vote denied by peer 6d6a239df0a0404cb3455e68efcb792b. Message: Invalid argument: T 8b79633d21dc49868650b1a34ca1c8ea P 6d6a239df0a0404cb3455e68efcb792b [term 2 LEADER]: Leader pre-election vote request: Denying vote to candidate 54716c80d5de4d238c121acf92f30ec1 for term 3 because replica is either leader or believes a valid leader to be alive.
I0819 06:33:58.813158 1781 leader_election.cc:244] T 8b79633d21dc49868650b1a34ca1c8ea P 54716c80d5de4d238c121acf92f30ec1 [CANDIDATE]: Term 3 pre-election: Election decided. Result: candidate lost.
I0819 06:33:58.838999 2222 raft_consensus.cc:2401] T 8b79633d21dc49868650b1a34ca1c8ea P 54716c80d5de4d238c121acf92f30ec1: Snoozing failure detection for election timeout plus an additional 1.622s
I0819 06:33:58.839308 2222 raft_consensus.cc:2141] T 8b79633d21dc49868650b1a34ca1c8ea P 54716c80d5de4d238c121acf92f30ec1 [term 2 FOLLOWER]: Leader pre-election lost for term 3. Reason: could not achieve majority
I0819 06:33:59.305791 2171 raft_consensus.cc:413] T 8b79633d21dc49868650b1a34ca1c8ea P 6f8e517e75d440519fb9d468724d7798 [term 2 FOLLOWER]: Starting pre-election (detected failure of leader 6d6a239df0a0404cb3455e68efcb792b)
I0819 06:33:59.306010 2171 raft_consensus.cc:2401] T 8b79633d21dc49868650b1a34ca1c8ea P 6f8e517e75d440519fb9d468724d7798: Snoozing failure detection for election timeout plus an additional 3.803s
I0819 06:33:59.306183 2171 raft_consensus.cc:437] T 8b79633d21dc49868650b1a34ca1c8ea P 6f8e517e75d440519fb9d468724d7798 [term 2 FOLLOWER]: Starting pre-election with config: opid_index: -1 OBSOLETE_local: false peers { permanent_uuid: "6d6a239df0a0404cb3455e68efcb792b" member_type: VOTER last_known_addr { host: "127.4.126.2" port: 53826 } } peers { permanent_uuid: "54716c80d5de4d238c121acf92f30ec1" member_type: VOTER last_known_addr { host: "127.4.126.1" port: 33172 } } peers { permanent_uuid: "6f8e517e75d440519fb9d468724d7798" member_type: VOTER last_known_addr { host: "127.4.126.3" port: 53370 } }
I0819 06:33:59.306928 2171 leader_election.cc:217] T 8b79633d21dc49868650b1a34ca1c8ea P 6f8e517e75d440519fb9d468724d7798 [CANDIDATE]: Term 3 pre-election: Requesting pre-vote from peer 6d6a239df0a0404cb3455e68efcb792b
I0819 06:33:59.307245 2171 leader_election.cc:217] T 8b79633d21dc49868650b1a34ca1c8ea P 6f8e517e75d440519fb9d468724d7798 [CANDIDATE]: Term 3 pre-election: Requesting pre-vote from peer 54716c80d5de4d238c121acf92f30ec1
I0819 06:33:59.308733 1971 raft_consensus.cc:1928] T 8b79633d21dc49868650b1a34ca1c8ea P 6d6a239df0a0404cb3455e68efcb792b [term 2 LEADER]: Leader pre-election vote request: Denying vote to candidate 6f8e517e75d440519fb9d468724d7798 for term 3 because replica is either leader or believes a valid leader to be alive.
I0819 06:33:59.309039 1845 raft_consensus.cc:1928] T 8b79633d21dc49868650b1a34ca1c8ea P 54716c80d5de4d238c121acf92f30ec1 [term 2 FOLLOWER]: Leader pre-election vote request: Denying vote to candidate 6f8e517e75d440519fb9d468724d7798 for term 3 because replica is either leader or believes a valid leader to be alive.
I0819 06:33:59.311645 2028 leader_election.cc:363] T 8b79633d21dc49868650b1a34ca1c8ea P 6f8e517e75d440519fb9d468724d7798 [CANDIDATE]: Term 3 pre-election: Vote denied by peer 54716c80d5de4d238c121acf92f30ec1. Message: Invalid argument: T 8b79633d21dc49868650b1a34ca1c8ea P 54716c80d5de4d238c121acf92f30ec1 [term 2 FOLLOWER]: Leader pre-election vote request: Denying vote to candidate 6f8e517e75d440519fb9d468724d7798 for term 3 because replica is either leader or believes a valid leader to be alive.
I0819 06:33:59.312011 2031 leader_election.cc:363] T 8b79633d21dc49868650b1a34ca1c8ea P 6f8e517e75d440519fb9d468724d7798 [CANDIDATE]: Term 3 pre-election: Vote denied by peer 6d6a239df0a0404cb3455e68efcb792b. Message: Invalid argument: T 8b79633d21dc49868650b1a34ca1c8ea P 6d6a239df0a0404cb3455e68efcb792b [term 2 LEADER]: Leader pre-election vote request: Denying vote to candidate 6f8e517e75d440519fb9d468724d7798 for term 3 because replica is either leader or believes a valid leader to be alive.
I0819 06:33:59.312242 2031 leader_election.cc:244] T 8b79633d21dc49868650b1a34ca1c8ea P 6f8e517e75d440519fb9d468724d7798 [CANDIDATE]: Term 3 pre-election: Election decided. Result: candidate lost.
I0819 06:33:59.325202 2223 raft_consensus.cc:2401] T 8b79633d21dc49868650b1a34ca1c8ea P 6f8e517e75d440519fb9d468724d7798: Snoozing failure detection for election timeout plus an additional 2.788s
I0819 06:33:59.325428 2223 raft_consensus.cc:2141] T 8b79633d21dc49868650b1a34ca1c8ea P 6f8e517e75d440519fb9d468724d7798 [term 2 FOLLOWER]: Leader pre-election lost for term 3. Reason: could not achieve majority
I0819 06:34:00.172833 2171 raft_consensus.cc:413] T 8b79633d21dc49868650b1a34ca1c8ea P 6f8e517e75d440519fb9d468724d7798 [term 2 FOLLOWER]: Starting pre-election (detected failure of leader 6d6a239df0a0404cb3455e68efcb792b)
I0819 06:34:00.173421 2171 raft_consensus.cc:2401] T 8b79633d21dc49868650b1a34ca1c8ea P 6f8e517e75d440519fb9d468724d7798: Snoozing failure detection for election timeout plus an additional 5.226s
I0819 06:34:00.173643 2171 raft_consensus.cc:437] T 8b79633d21dc49868650b1a34ca1c8ea P 6f8e517e75d440519fb9d468724d7798 [term 2 FOLLOWER]: Starting pre-election with config: opid_index: -1 OBSOLETE_local: false peers { permanent_uuid: "6d6a239df0a0404cb3455e68efcb792b" member_type: VOTER last_known_addr { host: "127.4.126.2" port: 53826 } } peers { permanent_uuid: "54716c80d5de4d238c121acf92f30ec1" member_type: VOTER last_known_addr { host: "127.4.126.1" port: 33172 } } peers { permanent_uuid: "6f8e517e75d440519fb9d468724d7798" member_type: VOTER last_known_addr { host: "127.4.126.3" port: 53370 } }
I0819 06:34:00.174623 2171 leader_election.cc:217] T 8b79633d21dc49868650b1a34ca1c8ea P 6f8e517e75d440519fb9d468724d7798 [CANDIDATE]: Term 3 pre-election: Requesting pre-vote from peer 6d6a239df0a0404cb3455e68efcb792b
I0819 06:34:00.175020 2171 leader_election.cc:217] T 8b79633d21dc49868650b1a34ca1c8ea P 6f8e517e75d440519fb9d468724d7798 [CANDIDATE]: Term 3 pre-election: Requesting pre-vote from peer 54716c80d5de4d238c121acf92f30ec1
I0819 06:34:00.178165 1971 raft_consensus.cc:1928] T 8b79633d21dc49868650b1a34ca1c8ea P 6d6a239df0a0404cb3455e68efcb792b [term 2 LEADER]: Leader pre-election vote request: Denying vote to candidate 6f8e517e75d440519fb9d468724d7798 for term 3 because replica is either leader or believes a valid leader to be alive.
I0819 06:34:00.185245 2031 leader_election.cc:363] T 8b79633d21dc49868650b1a34ca1c8ea P 6f8e517e75d440519fb9d468724d7798 [CANDIDATE]: Term 3 pre-election: Vote denied by peer 6d6a239df0a0404cb3455e68efcb792b. Message: Invalid argument: T 8b79633d21dc49868650b1a34ca1c8ea P 6d6a239df0a0404cb3455e68efcb792b [term 2 LEADER]: Leader pre-election vote request: Denying vote to candidate 6f8e517e75d440519fb9d468724d7798 for term 3 because replica is either leader or believes a valid leader to be alive.
I0819 06:34:00.185420 1844 raft_consensus.cc:1942] T 8b79633d21dc49868650b1a34ca1c8ea P 54716c80d5de4d238c121acf92f30ec1 [term 2 FOLLOWER]: Leader pre-election vote request: Denying vote to candidate 6f8e517e75d440519fb9d468724d7798 for term 3 because replica is already servicing an update from a current leader or another vote.
I0819 06:34:00.186625 2028 leader_election.cc:363] T 8b79633d21dc49868650b1a34ca1c8ea P 6f8e517e75d440519fb9d468724d7798 [CANDIDATE]: Term 3 pre-election: Vote denied by peer 54716c80d5de4d238c121acf92f30ec1. Message: Service unavailable: T 8b79633d21dc49868650b1a34ca1c8ea P 54716c80d5de4d238c121acf92f30ec1 [term 2 FOLLOWER]: Leader pre-election vote request: Denying vote to candidate 6f8e517e75d440519fb9d468724d7798 for term 3 because replica is already servicing an update from a current leader or another vote.
I0819 06:34:00.186862 2028 leader_election.cc:244] T 8b79633d21dc49868650b1a34ca1c8ea P 6f8e517e75d440519fb9d468724d7798 [CANDIDATE]: Term 3 pre-election: Election decided. Result: candidate lost.
I0819 06:34:00.201203 2224 raft_consensus.cc:2401] T 8b79633d21dc49868650b1a34ca1c8ea P 6f8e517e75d440519fb9d468724d7798: Snoozing failure detection for election timeout plus an additional 12.068s
I0819 06:34:00.202064 2224 raft_consensus.cc:2141] T 8b79633d21dc49868650b1a34ca1c8ea P 6f8e517e75d440519fb9d468724d7798 [term 2 FOLLOWER]: Leader pre-election lost for term 3. Reason: could not achieve majority
I0819 06:34:00.310590 2164 raft_consensus.cc:413] T 8b79633d21dc49868650b1a34ca1c8ea P 54716c80d5de4d238c121acf92f30ec1 [term 2 FOLLOWER]: Starting pre-election (detected failure of leader 6d6a239df0a0404cb3455e68efcb792b)
I0819 06:34:00.310878 2164 raft_consensus.cc:2401] T 8b79633d21dc49868650b1a34ca1c8ea P 54716c80d5de4d238c121acf92f30ec1: Snoozing failure detection for election timeout plus an additional 3.760s
I0819 06:34:00.311095 2164 raft_consensus.cc:437] T 8b79633d21dc49868650b1a34ca1c8ea P 54716c80d5de4d238c121acf92f30ec1 [term 2 FOLLOWER]: Starting pre-election with config: opid_index: -1 OBSOLETE_local: false peers { permanent_uuid: "6d6a239df0a0404cb3455e68efcb792b" member_type: VOTER last_known_addr { host: "127.4.126.2" port: 53826 } } peers { permanent_uuid: "54716c80d5de4d238c121acf92f30ec1" member_type: VOTER last_known_addr { host: "127.4.126.1" port: 33172 } } peers { permanent_uuid: "6f8e517e75d440519fb9d468724d7798" member_type: VOTER last_known_addr { host: "127.4.126.3" port: 53370 } }
I0819 06:34:00.312103 2164 leader_election.cc:217] T 8b79633d21dc49868650b1a34ca1c8ea P 54716c80d5de4d238c121acf92f30ec1 [CANDIDATE]: Term 3 pre-election: Requesting pre-vote from peer 6d6a239df0a0404cb3455e68efcb792b
I0819 06:34:00.312490 2164 leader_election.cc:217] T 8b79633d21dc49868650b1a34ca1c8ea P 54716c80d5de4d238c121acf92f30ec1 [CANDIDATE]: Term 3 pre-election: Requesting pre-vote from peer 6f8e517e75d440519fb9d468724d7798
I0819 06:34:00.313652 1971 raft_consensus.cc:1928] T 8b79633d21dc49868650b1a34ca1c8ea P 6d6a239df0a0404cb3455e68efcb792b [term 2 LEADER]: Leader pre-election vote request: Denying vote to candidate 54716c80d5de4d238c121acf92f30ec1 for term 3 because replica is either leader or believes a valid leader to be alive.
I0819 06:34:00.313987 2094 raft_consensus.cc:1942] T 8b79633d21dc49868650b1a34ca1c8ea P 6f8e517e75d440519fb9d468724d7798 [term 2 FOLLOWER]: Leader pre-election vote request: Denying vote to candidate 54716c80d5de4d238c121acf92f30ec1 for term 3 because replica is already servicing an update from a current leader or another vote.
I0819 06:34:00.314726 1781 leader_election.cc:363] T 8b79633d21dc49868650b1a34ca1c8ea P 54716c80d5de4d238c121acf92f30ec1 [CANDIDATE]: Term 3 pre-election: Vote denied by peer 6d6a239df0a0404cb3455e68efcb792b. Message: Invalid argument: T 8b79633d21dc49868650b1a34ca1c8ea P 6d6a239df0a0404cb3455e68efcb792b [term 2 LEADER]: Leader pre-election vote request: Denying vote to candidate 54716c80d5de4d238c121acf92f30ec1 for term 3 because replica is either leader or believes a valid leader to be alive.
I0819 06:34:00.315752 1779 leader_election.cc:363] T 8b79633d21dc49868650b1a34ca1c8ea P 54716c80d5de4d238c121acf92f30ec1 [CANDIDATE]: Term 3 pre-election: Vote denied by peer 6f8e517e75d440519fb9d468724d7798. Message: Service unavailable: T 8b79633d21dc49868650b1a34ca1c8ea P 6f8e517e75d440519fb9d468724d7798 [term 2 FOLLOWER]: Leader pre-election vote request: Denying vote to candidate 54716c80d5de4d238c121acf92f30ec1 for term 3 because replica is already servicing an update from a current leader or another vote.
I0819 06:34:00.315970 1779 leader_election.cc:244] T 8b79633d21dc49868650b1a34ca1c8ea P 54716c80d5de4d238c121acf92f30ec1 [CANDIDATE]: Term 3 pre-election: Election decided. Result: candidate lost.
I0819 06:34:00.334712 2225 raft_consensus.cc:2401] T 8b79633d21dc49868650b1a34ca1c8ea P 54716c80d5de4d238c121acf92f30ec1: Snoozing failure detection for election timeout plus an additional 1.155s
I0819 06:34:00.335050 2225 raft_consensus.cc:2141] T 8b79633d21dc49868650b1a34ca1c8ea P 54716c80d5de4d238c121acf92f30ec1 [term 2 FOLLOWER]: Leader pre-election lost for term 3. Reason: could not achieve majority
I0819 06:34:00.716842 2171 raft_consensus.cc:413] T 8b79633d21dc49868650b1a34ca1c8ea P 6f8e517e75d440519fb9d468724d7798 [term 2 FOLLOWER]: Starting pre-election (detected failure of leader 6d6a239df0a0404cb3455e68efcb792b)
I0819 06:34:00.717084 2171 raft_consensus.cc:2401] T 8b79633d21dc49868650b1a34ca1c8ea P 6f8e517e75d440519fb9d468724d7798: Snoozing failure detection for election timeout plus an additional 10.028s
I0819 06:34:00.717285 2171 raft_consensus.cc:437] T 8b79633d21dc49868650b1a34ca1c8ea P 6f8e517e75d440519fb9d468724d7798 [term 2 FOLLOWER]: Starting pre-election with config: opid_index: -1 OBSOLETE_local: false peers { permanent_uuid: "6d6a239df0a0404cb3455e68efcb792b" member_type: VOTER last_known_addr { host: "127.4.126.2" port: 53826 } } peers { permanent_uuid: "54716c80d5de4d238c121acf92f30ec1" member_type: VOTER last_known_addr { host: "127.4.126.1" port: 33172 } } peers { permanent_uuid: "6f8e517e75d440519fb9d468724d7798" member_type: VOTER last_known_addr { host: "127.4.126.3" port: 53370 } }
I0819 06:34:00.718031 2171 leader_election.cc:217] T 8b79633d21dc49868650b1a34ca1c8ea P 6f8e517e75d440519fb9d468724d7798 [CANDIDATE]: Term 3 pre-election: Requesting pre-vote from peer 6d6a239df0a0404cb3455e68efcb792b
I0819 06:34:00.718387 2171 leader_election.cc:217] T 8b79633d21dc49868650b1a34ca1c8ea P 6f8e517e75d440519fb9d468724d7798 [CANDIDATE]: Term 3 pre-election: Requesting pre-vote from peer 54716c80d5de4d238c121acf92f30ec1
I0819 06:34:00.719748 1845 raft_consensus.cc:2401] T 8b79633d21dc49868650b1a34ca1c8ea P 54716c80d5de4d238c121acf92f30ec1: Snoozing failure detection for election timeout plus an additional 6.498s
I0819 06:34:00.719931 1845 raft_consensus.cc:1967] T 8b79633d21dc49868650b1a34ca1c8ea P 54716c80d5de4d238c121acf92f30ec1 [term 2 FOLLOWER]: Leader pre-election vote request: Granting yes vote for candidate 6f8e517e75d440519fb9d468724d7798 in term 2.
I0819 06:34:00.720319 1971 raft_consensus.cc:1942] T 8b79633d21dc49868650b1a34ca1c8ea P 6d6a239df0a0404cb3455e68efcb792b [term 2 LEADER]: Leader pre-election vote request: Denying vote to candidate 6f8e517e75d440519fb9d468724d7798 for term 3 because replica is already servicing an update from a current leader or another vote.
I0819 06:34:00.721071 2028 leader_election.cc:349] T 8b79633d21dc49868650b1a34ca1c8ea P 6f8e517e75d440519fb9d468724d7798 [CANDIDATE]: Term 3 pre-election: Vote granted by peer 54716c80d5de4d238c121acf92f30ec1
I0819 06:34:00.721276 2028 leader_election.cc:244] T 8b79633d21dc49868650b1a34ca1c8ea P 6f8e517e75d440519fb9d468724d7798 [CANDIDATE]: Term 3 pre-election: Election decided. Result: candidate won.
I0819 06:34:00.723551 2226 raft_consensus.cc:2401] T 8b79633d21dc49868650b1a34ca1c8ea P 6f8e517e75d440519fb9d468724d7798: Snoozing failure detection for election timeout plus an additional 17.642s
I0819 06:34:00.723752 2226 raft_consensus.cc:2205] T 8b79633d21dc49868650b1a34ca1c8ea P 6f8e517e75d440519fb9d468724d7798 [term 2 FOLLOWER]: Leader pre-election won for term 3
I0819 06:34:00.723887 2226 raft_consensus.cc:413] T 8b79633d21dc49868650b1a34ca1c8ea P 6f8e517e75d440519fb9d468724d7798 [term 2 FOLLOWER]: Starting leader election (detected failure of leader 6d6a239df0a0404cb3455e68efcb792b)
I0819 06:34:00.724038 2226 raft_consensus.cc:2401] T 8b79633d21dc49868650b1a34ca1c8ea P 6f8e517e75d440519fb9d468724d7798: Snoozing failure detection for election timeout plus an additional 9.380s
I0819 06:34:00.724190 2226 raft_consensus.cc:2448] T 8b79633d21dc49868650b1a34ca1c8ea P 6f8e517e75d440519fb9d468724d7798 [term 2 FOLLOWER]: Advancing to term 3
I0819 06:34:00.724772 2031 leader_election.cc:363] T 8b79633d21dc49868650b1a34ca1c8ea P 6f8e517e75d440519fb9d468724d7798 [CANDIDATE]: Term 3 pre-election: Vote denied by peer 6d6a239df0a0404cb3455e68efcb792b. Message: Service unavailable: T 8b79633d21dc49868650b1a34ca1c8ea P 6d6a239df0a0404cb3455e68efcb792b [term 2 LEADER]: Leader pre-election vote request: Denying vote to candidate 6f8e517e75d440519fb9d468724d7798 for term 3 because replica is already servicing an update from a current leader or another vote.
I0819 06:34:00.728884 2226 raft_consensus.cc:437] T 8b79633d21dc49868650b1a34ca1c8ea P 6f8e517e75d440519fb9d468724d7798 [term 3 FOLLOWER]: Starting leader election with config: opid_index: -1 OBSOLETE_local: false peers { permanent_uuid: "6d6a239df0a0404cb3455e68efcb792b" member_type: VOTER last_known_addr { host: "127.4.126.2" port: 53826 } } peers { permanent_uuid: "54716c80d5de4d238c121acf92f30ec1" member_type: VOTER last_known_addr { host: "127.4.126.1" port: 33172 } } peers { permanent_uuid: "6f8e517e75d440519fb9d468724d7798" member_type: VOTER last_known_addr { host: "127.4.126.3" port: 53370 } }
I0819 06:34:00.729787 2226 leader_election.cc:217] T 8b79633d21dc49868650b1a34ca1c8ea P 6f8e517e75d440519fb9d468724d7798 [CANDIDATE]: Term 3 election: Requesting vote from peer 6d6a239df0a0404cb3455e68efcb792b
I0819 06:34:00.729928 2094 raft_consensus.cc:929] T 8b79633d21dc49868650b1a34ca1c8ea P 6f8e517e75d440519fb9d468724d7798 [term 3 FOLLOWER]: Rejecting Update request from peer 6d6a239df0a0404cb3455e68efcb792b for earlier term 2. Current term is 3. Ops: []
I0819 06:34:00.730206 2226 leader_election.cc:217] T 8b79633d21dc49868650b1a34ca1c8ea P 6f8e517e75d440519fb9d468724d7798 [CANDIDATE]: Term 3 election: Requesting vote from peer 54716c80d5de4d238c121acf92f30ec1
I0819 06:34:00.731541 2181 consensus_queue.cc:736] T 8b79633d21dc49868650b1a34ca1c8ea P 6d6a239df0a0404cb3455e68efcb792b [LEADER]: Peer responded invalid term: Peer: 6f8e517e75d440519fb9d468724d7798, Is new: false, Last received: 2.2706, Next index: 2707, Last known committed idx: 2705, Last exchange result: ERROR, Needs tablet copy: false
I0819 06:34:00.731853 2181 raft_consensus.cc:2443] T 8b79633d21dc49868650b1a34ca1c8ea P 6d6a239df0a0404cb3455e68efcb792b [term 2 LEADER]: Stepping down as leader of term 2
I0819 06:34:00.731993 2181 raft_consensus.cc:574] T 8b79633d21dc49868650b1a34ca1c8ea P 6d6a239df0a0404cb3455e68efcb792b [term 2 LEADER]: Becoming Follower/Learner. State: Replica: 6d6a239df0a0404cb3455e68efcb792b, State: Running, Role: LEADER
I0819 06:34:00.732286 2181 consensus_queue.cc:190] T 8b79633d21dc49868650b1a34ca1c8ea P 6d6a239df0a0404cb3455e68efcb792b [NON_LEADER]: Queue going to NON_LEADER mode. State: All replicated index: 2706, Majority replicated index: 2707, Committed index: 2707, Last appended: 2.2708, Last appended by leader: 2708, Current term: 2, Majority size: -1, State: 1, Mode: NON_LEADER
I0819 06:34:00.732517 2181 consensus_peers.cc:418] T 8b79633d21dc49868650b1a34ca1c8ea P 6d6a239df0a0404cb3455e68efcb792b -> Peer 6f8e517e75d440519fb9d468724d7798 (127.4.126.3:53370): Closing peer: 6f8e517e75d440519fb9d468724d7798
I0819 06:34:00.732671 2181 consensus_peers.cc:418] T 8b79633d21dc49868650b1a34ca1c8ea P 6d6a239df0a0404cb3455e68efcb792b -> Peer 54716c80d5de4d238c121acf92f30ec1 (127.4.126.1:33172): Closing peer: 54716c80d5de4d238c121acf92f30ec1
I0819 06:34:00.732973 2181 raft_consensus.cc:2448] T 8b79633d21dc49868650b1a34ca1c8ea P 6d6a239df0a0404cb3455e68efcb792b [term 2 FOLLOWER]: Advancing to term 3
I0819 06:34:00.734427 1844 raft_consensus.cc:1942] T 8b79633d21dc49868650b1a34ca1c8ea P 54716c80d5de4d238c121acf92f30ec1 [term 2 FOLLOWER]: Leader election vote request: Denying vote to candidate 6f8e517e75d440519fb9d468724d7798 for term 3 because replica is already servicing an update from a current leader or another vote.
I0819 06:34:00.735482 2028 leader_election.cc:363] T 8b79633d21dc49868650b1a34ca1c8ea P 6f8e517e75d440519fb9d468724d7798 [CANDIDATE]: Term 3 election: Vote denied by peer 54716c80d5de4d238c121acf92f30ec1. Message: Service unavailable: T 8b79633d21dc49868650b1a34ca1c8ea P 54716c80d5de4d238c121acf92f30ec1 [term 2 FOLLOWER]: Leader election vote request: Denying vote to candidate 6f8e517e75d440519fb9d468724d7798 for term 3 because replica is already servicing an update from a current leader or another vote.
I0819 06:34:00.736325 1971 raft_consensus.cc:1914] T 8b79633d21dc49868650b1a34ca1c8ea P 6d6a239df0a0404cb3455e68efcb792b [term 3 FOLLOWER]: Leader election vote request: Denying vote to candidate 6f8e517e75d440519fb9d468724d7798 for term 3 because replica has last-logged OpId of term: 2 index: 2708, which is greater than that of the candidate, which has last-logged OpId of term: 2 index: 2706.
I0819 06:34:00.737439 2031 leader_election.cc:363] T 8b79633d21dc49868650b1a34ca1c8ea P 6f8e517e75d440519fb9d468724d7798 [CANDIDATE]: Term 3 election: Vote denied by peer 6d6a239df0a0404cb3455e68efcb792b. Message: Invalid argument: T 8b79633d21dc49868650b1a34ca1c8ea P 6d6a239df0a0404cb3455e68efcb792b [term 3 FOLLOWER]: Leader election vote request: Denying vote to candidate 6f8e517e75d440519fb9d468724d7798 for term 3 because replica has last-logged OpId of term: 2 index: 2708, which is greater than that of the candidate, which has last-logged OpId of term: 2 index: 2706.
I0819 06:34:00.737709 2031 leader_election.cc:244] T 8b79633d21dc49868650b1a34ca1c8ea P 6f8e517e75d440519fb9d468724d7798 [CANDIDATE]: Term 3 election: Election decided. Result: candidate lost.
I0819 06:34:00.738143 2226 raft_consensus.cc:2401] T 8b79633d21dc49868650b1a34ca1c8ea P 6f8e517e75d440519fb9d468724d7798: Snoozing failure detection for election timeout plus an additional 11.266s
I0819 06:34:00.738310 2226 raft_consensus.cc:2141] T 8b79633d21dc49868650b1a34ca1c8ea P 6f8e517e75d440519fb9d468724d7798 [term 3 FOLLOWER]: Leader election lost for term 3. Reason: could not achieve majority
I0819 06:34:00.753764 2164 raft_consensus.cc:413] T 8b79633d21dc49868650b1a34ca1c8ea P 54716c80d5de4d238c121acf92f30ec1 [term 2 FOLLOWER]: Starting pre-election (detected failure of leader 6d6a239df0a0404cb3455e68efcb792b)
I0819 06:34:00.754037 2164 raft_consensus.cc:2401] T 8b79633d21dc49868650b1a34ca1c8ea P 54716c80d5de4d238c121acf92f30ec1: Snoozing failure detection for election timeout plus an additional 1.728s
I0819 06:34:00.754215 2164 raft_consensus.cc:437] T 8b79633d21dc49868650b1a34ca1c8ea P 54716c80d5de4d238c121acf92f30ec1 [term 2 FOLLOWER]: Starting pre-election with config: opid_index: -1 OBSOLETE_local: false peers { permanent_uuid: "6d6a239df0a0404cb3455e68efcb792b" member_type: VOTER last_known_addr { host: "127.4.126.2" port: 53826 } } peers { permanent_uuid: "54716c80d5de4d238c121acf92f30ec1" member_type: VOTER last_known_addr { host: "127.4.126.1" port: 33172 } } peers { permanent_uuid: "6f8e517e75d440519fb9d468724d7798" member_type: VOTER last_known_addr { host: "127.4.126.3" port: 53370 } }
I0819 06:34:00.756207 2164 leader_election.cc:217] T 8b79633d21dc49868650b1a34ca1c8ea P 54716c80d5de4d238c121acf92f30ec1 [CANDIDATE]: Term 3 pre-election: Requesting pre-vote from peer 6d6a239df0a0404cb3455e68efcb792b
I0819 06:34:00.756616 2164 leader_election.cc:217] T 8b79633d21dc49868650b1a34ca1c8ea P 54716c80d5de4d238c121acf92f30ec1 [CANDIDATE]: Term 3 pre-election: Requesting pre-vote from peer 6f8e517e75d440519fb9d468724d7798
I0819 06:34:00.758050 1971 raft_consensus.cc:1914] T 8b79633d21dc49868650b1a34ca1c8ea P 6d6a239df0a0404cb3455e68efcb792b [term 3 FOLLOWER]: Leader pre-election vote request: Denying vote to candidate 54716c80d5de4d238c121acf92f30ec1 for term 3 because replica has last-logged OpId of term: 2 index: 2708, which is greater than that of the candidate, which has last-logged OpId of term: 2 index: 2707.
I0819 06:34:00.758630 2094 raft_consensus.cc:1897] T 8b79633d21dc49868650b1a34ca1c8ea P 6f8e517e75d440519fb9d468724d7798 [term 3 FOLLOWER]: Leader pre-election vote request: Denying vote to candidate 54716c80d5de4d238c121acf92f30ec1 in current term 3: Already voted for candidate 6f8e517e75d440519fb9d468724d7798 in this term.
I0819 06:34:00.758554 2166 raft_consensus.cc:413] T 8b79633d21dc49868650b1a34ca1c8ea P 6d6a239df0a0404cb3455e68efcb792b [term 3 FOLLOWER]: Starting pre-election (no leader contacted us within the election timeout)
I0819 06:34:00.758800 2166 raft_consensus.cc:2401] T 8b79633d21dc49868650b1a34ca1c8ea P 6d6a239df0a0404cb3455e68efcb792b: Snoozing failure detection for election timeout plus an additional 0.017s
I0819 06:34:00.758999 2166 raft_consensus.cc:437] T 8b79633d21dc49868650b1a34ca1c8ea P 6d6a239df0a0404cb3455e68efcb792b [term 3 FOLLOWER]: Starting pre-election with config: opid_index: -1 OBSOLETE_local: false peers { permanent_uuid: "6d6a239df0a0404cb3455e68efcb792b" member_type: VOTER last_known_addr { host: "127.4.126.2" port: 53826 } } peers { permanent_uuid: "54716c80d5de4d238c121acf92f30ec1" member_type: VOTER last_known_addr { host: "127.4.126.1" port: 33172 } } peers { permanent_uuid: "6f8e517e75d440519fb9d468724d7798" member_type: VOTER last_known_addr { host: "127.4.126.3" port: 53370 } }
I0819 06:34:00.759727 1779 leader_election.cc:363] T 8b79633d21dc49868650b1a34ca1c8ea P 54716c80d5de4d238c121acf92f30ec1 [CANDIDATE]: Term 3 pre-election: Vote denied by peer 6f8e517e75d440519fb9d468724d7798. Message: Invalid argument: T 8b79633d21dc49868650b1a34ca1c8ea P 6f8e517e75d440519fb9d468724d7798 [term 3 FOLLOWER]: Leader pre-election vote request: Denying vote to candidate 54716c80d5de4d238c121acf92f30ec1 in current term 3: Already voted for candidate 6f8e517e75d440519fb9d468724d7798 in this term.
I0819 06:34:00.759943 2166 leader_election.cc:217] T 8b79633d21dc49868650b1a34ca1c8ea P 6d6a239df0a0404cb3455e68efcb792b [CANDIDATE]: Term 4 pre-election: Requesting pre-vote from peer 54716c80d5de4d238c121acf92f30ec1
I0819 06:34:00.760288 2166 leader_election.cc:217] T 8b79633d21dc49868650b1a34ca1c8ea P 6d6a239df0a0404cb3455e68efcb792b [CANDIDATE]: Term 4 pre-election: Requesting pre-vote from peer 6f8e517e75d440519fb9d468724d7798
I0819 06:34:00.761255 1781 leader_election.cc:363] T 8b79633d21dc49868650b1a34ca1c8ea P 54716c80d5de4d238c121acf92f30ec1 [CANDIDATE]: Term 3 pre-election: Vote denied by peer 6d6a239df0a0404cb3455e68efcb792b. Message: Invalid argument: T 8b79633d21dc49868650b1a34ca1c8ea P 6d6a239df0a0404cb3455e68efcb792b [term 3 FOLLOWER]: Leader pre-election vote request: Denying vote to candidate 54716c80d5de4d238c121acf92f30ec1 for term 3 because replica has last-logged OpId of term: 2 index: 2708, which is greater than that of the candidate, which has last-logged OpId of term: 2 index: 2707.
I0819 06:34:00.761368 1845 raft_consensus.cc:2401] T 8b79633d21dc49868650b1a34ca1c8ea P 54716c80d5de4d238c121acf92f30ec1: Snoozing failure detection for election timeout plus an additional 5.638s
I0819 06:34:00.761484 1781 leader_election.cc:244] T 8b79633d21dc49868650b1a34ca1c8ea P 54716c80d5de4d238c121acf92f30ec1 [CANDIDATE]: Term 3 pre-election: Election decided. Result: candidate lost.
I0819 06:34:00.761597 1845 raft_consensus.cc:1967] T 8b79633d21dc49868650b1a34ca1c8ea P 54716c80d5de4d238c121acf92f30ec1 [term 2 FOLLOWER]: Leader pre-election vote request: Granting yes vote for candidate 6d6a239df0a0404cb3455e68efcb792b in term 2.
I0819 06:34:00.761672 2094 raft_consensus.cc:2401] T 8b79633d21dc49868650b1a34ca1c8ea P 6f8e517e75d440519fb9d468724d7798: Snoozing failure detection for election timeout plus an additional 18.181s
I0819 06:34:00.761875 2094 raft_consensus.cc:1967] T 8b79633d21dc49868650b1a34ca1c8ea P 6f8e517e75d440519fb9d468724d7798 [term 3 FOLLOWER]: Leader pre-election vote request: Granting yes vote for candidate 6d6a239df0a0404cb3455e68efcb792b in term 3.
I0819 06:34:00.762140 2225 raft_consensus.cc:2401] T 8b79633d21dc49868650b1a34ca1c8ea P 54716c80d5de4d238c121acf92f30ec1: Snoozing failure detection for election timeout plus an additional 1.793s
I0819 06:34:00.762336 2225 raft_consensus.cc:2448] T 8b79633d21dc49868650b1a34ca1c8ea P 54716c80d5de4d238c121acf92f30ec1 [term 2 FOLLOWER]: Advancing to term 3
I0819 06:34:00.762512 1903 leader_election.cc:349] T 8b79633d21dc49868650b1a34ca1c8ea P 6d6a239df0a0404cb3455e68efcb792b [CANDIDATE]: Term 4 pre-election: Vote granted by peer 54716c80d5de4d238c121acf92f30ec1
I0819 06:34:00.762717 1903 leader_election.cc:244] T 8b79633d21dc49868650b1a34ca1c8ea P 6d6a239df0a0404cb3455e68efcb792b [CANDIDATE]: Term 4 pre-election: Election decided. Result: candidate won.
I0819 06:34:00.762930 1904 leader_election.cc:349] T 8b79633d21dc49868650b1a34ca1c8ea P 6d6a239df0a0404cb3455e68efcb792b [CANDIDATE]: Term 4 pre-election: Vote granted by peer 6f8e517e75d440519fb9d468724d7798
I0819 06:34:00.763252 2180 raft_consensus.cc:2401] T 8b79633d21dc49868650b1a34ca1c8ea P 6d6a239df0a0404cb3455e68efcb792b: Snoozing failure detection for election timeout plus an additional 0.017s
I0819 06:34:00.763491 2180 raft_consensus.cc:2205] T 8b79633d21dc49868650b1a34ca1c8ea P 6d6a239df0a0404cb3455e68efcb792b [term 3 FOLLOWER]: Leader pre-election won for term 4
I0819 06:34:00.763674 2180 raft_consensus.cc:413] T 8b79633d21dc49868650b1a34ca1c8ea P 6d6a239df0a0404cb3455e68efcb792b [term 3 FOLLOWER]: Starting leader election (no leader contacted us within the election timeout)
I0819 06:34:00.763844 2180 raft_consensus.cc:2401] T 8b79633d21dc49868650b1a34ca1c8ea P 6d6a239df0a0404cb3455e68efcb792b: Snoozing failure detection for election timeout plus an additional 0.015s
I0819 06:34:00.763994 2180 raft_consensus.cc:2448] T 8b79633d21dc49868650b1a34ca1c8ea P 6d6a239df0a0404cb3455e68efcb792b [term 3 FOLLOWER]: Advancing to term 4
I0819 06:34:00.765544 2225 raft_consensus.cc:2141] T 8b79633d21dc49868650b1a34ca1c8ea P 54716c80d5de4d238c121acf92f30ec1 [term 3 FOLLOWER]: Leader pre-election lost for term 3. Reason: could not achieve majority
I0819 06:34:00.768254 2180 raft_consensus.cc:437] T 8b79633d21dc49868650b1a34ca1c8ea P 6d6a239df0a0404cb3455e68efcb792b [term 4 FOLLOWER]: Starting leader election with config: opid_index: -1 OBSOLETE_local: false peers { permanent_uuid: "6d6a239df0a0404cb3455e68efcb792b" member_type: VOTER last_known_addr { host: "127.4.126.2" port: 53826 } } peers { permanent_uuid: "54716c80d5de4d238c121acf92f30ec1" member_type: VOTER last_known_addr { host: "127.4.126.1" port: 33172 } } peers { permanent_uuid: "6f8e517e75d440519fb9d468724d7798" member_type: VOTER last_known_addr { host: "127.4.126.3" port: 53370 } }
I0819 06:34:00.769255 2180 leader_election.cc:217] T 8b79633d21dc49868650b1a34ca1c8ea P 6d6a239df0a0404cb3455e68efcb792b [CANDIDATE]: Term 4 election: Requesting vote from peer 54716c80d5de4d238c121acf92f30ec1
I0819 06:34:00.769660 2180 leader_election.cc:217] T 8b79633d21dc49868650b1a34ca1c8ea P 6d6a239df0a0404cb3455e68efcb792b [CANDIDATE]: Term 4 election: Requesting vote from peer 6f8e517e75d440519fb9d468724d7798
I0819 06:34:00.770619 1845 raft_consensus.cc:2448] T 8b79633d21dc49868650b1a34ca1c8ea P 54716c80d5de4d238c121acf92f30ec1 [term 3 FOLLOWER]: Advancing to term 4
I0819 06:34:00.770979 1845 raft_consensus.cc:2401] T 8b79633d21dc49868650b1a34ca1c8ea P 54716c80d5de4d238c121acf92f30ec1: Snoozing failure detection for election timeout plus an additional 5.966s
I0819 06:34:00.770995 2094 raft_consensus.cc:2448] T 8b79633d21dc49868650b1a34ca1c8ea P 6f8e517e75d440519fb9d468724d7798 [term 3 FOLLOWER]: Advancing to term 4
I0819 06:34:00.771344 2094 raft_consensus.cc:2401] T 8b79633d21dc49868650b1a34ca1c8ea P 6f8e517e75d440519fb9d468724d7798: Snoozing failure detection for election timeout plus an additional 18.490s
I0819 06:34:00.775080 1845 raft_consensus.cc:1967] T 8b79633d21dc49868650b1a34ca1c8ea P 54716c80d5de4d238c121acf92f30ec1 [term 4 FOLLOWER]: Leader election vote request: Granting yes vote for candidate 6d6a239df0a0404cb3455e68efcb792b in term 4.
I0819 06:34:00.776051 1903 leader_election.cc:349] T 8b79633d21dc49868650b1a34ca1c8ea P 6d6a239df0a0404cb3455e68efcb792b [CANDIDATE]: Term 4 election: Vote granted by peer 54716c80d5de4d238c121acf92f30ec1
I0819 06:34:00.776262 1903 leader_election.cc:244] T 8b79633d21dc49868650b1a34ca1c8ea P 6d6a239df0a0404cb3455e68efcb792b [CANDIDATE]: Term 4 election: Election decided. Result: candidate won.
I0819 06:34:00.776773 2211 raft_consensus.cc:2401] T 8b79633d21dc49868650b1a34ca1c8ea P 6d6a239df0a0404cb3455e68efcb792b: Snoozing failure detection for election timeout plus an additional 0.016s
I0819 06:34:00.776980 2211 raft_consensus.cc:2205] T 8b79633d21dc49868650b1a34ca1c8ea P 6d6a239df0a0404cb3455e68efcb792b [term 4 FOLLOWER]: Leader election won for term 4
I0819 06:34:00.777328 2211 raft_consensus.cc:540] T 8b79633d21dc49868650b1a34ca1c8ea P 6d6a239df0a0404cb3455e68efcb792b [term 4 LEADER]: Becoming Leader. State: Replica: 6d6a239df0a0404cb3455e68efcb792b, State: Running, Role: LEADER
I0819 06:34:00.777637 2211 consensus_queue.cc:169] T 8b79633d21dc49868650b1a34ca1c8ea P 6d6a239df0a0404cb3455e68efcb792b [LEADER]: Queue going to LEADER mode. State: All replicated index: 2706, Majority replicated index: 2707, Committed index: 2707, Last appended: 2.2708, Last appended by leader: 2708, Current term: 4, Majority size: 2, State: 1, Mode: LEADER, active raft config: opid_index: -1 OBSOLETE_local: false peers { permanent_uuid: "6d6a239df0a0404cb3455e68efcb792b" member_type: VOTER last_known_addr { host: "127.4.126.2" port: 53826 } } peers { permanent_uuid: "54716c80d5de4d238c121acf92f30ec1" member_type: VOTER last_known_addr { host: "127.4.126.1" port: 33172 } } peers { permanent_uuid: "6f8e517e75d440519fb9d468724d7798" member_type: VOTER last_known_addr { host: "127.4.126.3" port: 53370 } }
I0819 06:34:00.781482 2094 raft_consensus.cc:1967] T 8b79633d21dc49868650b1a34ca1c8ea P 6f8e517e75d440519fb9d468724d7798 [term 4 FOLLOWER]: Leader election vote request: Granting yes vote for candidate 6d6a239df0a0404cb3455e68efcb792b in term 4.
I0819 06:34:00.781811 1723 catalog_manager.cc:2559] T 8b79633d21dc49868650b1a34ca1c8ea reported consensus state change: term changed from 2 to 4. New consensus state: current_term: 4 leader_uuid: "6d6a239df0a0404cb3455e68efcb792b" committed_config { opid_index: -1 OBSOLETE_local: false peers { permanent_uuid: "6d6a239df0a0404cb3455e68efcb792b" member_type: VOTER last_known_addr { host: "127.4.126.2" port: 53826 } } peers { permanent_uuid: "54716c80d5de4d238c121acf92f30ec1" member_type: VOTER last_known_addr { host: "127.4.126.1" port: 33172 } } peers { permanent_uuid: "6f8e517e75d440519fb9d468724d7798" member_type: VOTER last_known_addr { host: "127.4.126.3" port: 53370 } } }
I0819 06:34:00.782598 1904 leader_election.cc:349] T 8b79633d21dc49868650b1a34ca1c8ea P 6d6a239df0a0404cb3455e68efcb792b [CANDIDATE]: Term 4 election: Vote granted by peer 6f8e517e75d440519fb9d468724d7798
I0819 06:34:00.785109 2094 raft_consensus.cc:961] T 8b79633d21dc49868650b1a34ca1c8ea P 6f8e517e75d440519fb9d468724d7798 [term 4 FOLLOWER]: Refusing update from remote peer 6d6a239df0a0404cb3455e68efcb792b: Log matching property violated. Preceding OpId in replica: term: 2 index: 2706. Preceding OpId from leader: term: 4 index: 2709. (index mismatch)
I0819 06:34:00.785650 1845 raft_consensus.cc:961] T 8b79633d21dc49868650b1a34ca1c8ea P 54716c80d5de4d238c121acf92f30ec1 [term 4 FOLLOWER]: Refusing update from remote peer 6d6a239df0a0404cb3455e68efcb792b: Log matching property violated. Preceding OpId in replica: term: 2 index: 2707. Preceding OpId from leader: term: 4 index: 2709. (index mismatch)
I0819 06:34:00.787436 2194 consensus_queue.cc:726] T 8b79633d21dc49868650b1a34ca1c8ea P 6d6a239df0a0404cb3455e68efcb792b [LEADER]: Connected to new peer: Peer: 6f8e517e75d440519fb9d468724d7798, Is new: false, Last received: 2.2706, Next index: 2707, Last known committed idx: 2705, Last exchange result: ERROR, Needs tablet copy: false
I0819 06:34:00.788307 2194 consensus_queue.cc:726] T 8b79633d21dc49868650b1a34ca1c8ea P 6d6a239df0a0404cb3455e68efcb792b [LEADER]: Connected to new peer: Peer: 54716c80d5de4d238c121acf92f30ec1, Is new: false, Last received: 2.2707, Next index: 2708, Last known committed idx: 2707, Last exchange result: ERROR, Needs tablet copy: false
I0819 06:34:01.310586 2164 raft_consensus.cc:413] T 8b79633d21dc49868650b1a34ca1c8ea P 54716c80d5de4d238c121acf92f30ec1 [term 4 FOLLOWER]: Starting pre-election (detected failure of leader 6d6a239df0a0404cb3455e68efcb792b)
I0819 06:34:01.310873 2164 raft_consensus.cc:2401] T 8b79633d21dc49868650b1a34ca1c8ea P 54716c80d5de4d238c121acf92f30ec1: Snoozing failure detection for election timeout plus an additional 0.015s
I0819 06:34:01.311089 2164 raft_consensus.cc:437] T 8b79633d21dc49868650b1a34ca1c8ea P 54716c80d5de4d238c121acf92f30ec1 [term 4 FOLLOWER]: Starting pre-election with config: opid_index: -1 OBSOLETE_local: false peers { permanent_uuid: "6d6a239df0a0404cb3455e68efcb792b" member_type: VOTER last_known_addr { host: "127.4.126.2" port: 53826 } } peers { permanent_uuid: "54716c80d5de4d238c121acf92f30ec1" member_type: VOTER last_known_addr { host: "127.4.126.1" port: 33172 } } peers { permanent_uuid: "6f8e517e75d440519fb9d468724d7798" member_type: VOTER last_known_addr { host: "127.4.126.3" port: 53370 } }
I0819 06:34:01.312095 2164 leader_election.cc:217] T 8b79633d21dc49868650b1a34ca1c8ea P 54716c80d5de4d238c121acf92f30ec1 [CANDIDATE]: Term 5 pre-election: Requesting pre-vote from peer 6d6a239df0a0404cb3455e68efcb792b
I0819 06:34:01.312866 2164 leader_election.cc:217] T 8b79633d21dc49868650b1a34ca1c8ea P 54716c80d5de4d238c121acf92f30ec1 [CANDIDATE]: Term 5 pre-election: Requesting pre-vote from peer 6f8e517e75d440519fb9d468724d7798
I0819 06:34:01.313501 1971 raft_consensus.cc:1942] T 8b79633d21dc49868650b1a34ca1c8ea P 6d6a239df0a0404cb3455e68efcb792b [term 4 LEADER]: Leader pre-election vote request: Denying vote to candidate 54716c80d5de4d238c121acf92f30ec1 for term 5 because replica is already servicing an update from a current leader or another vote.
