I0819 06:33:36.041725 1635 leader_election.cc:217] T 46b81f03fcaa4a0093a062ad958e8a35 P a4f09dfa55a941379c23044b0fad5ab3 [CANDIDATE]: Term 1 pre-election: Requesting pre-vote from peer 1aaa61f0808e4d84877f034e1b68a402
I0819 06:33:36.042222 1635 leader_election.cc:217] T 46b81f03fcaa4a0093a062ad958e8a35 P a4f09dfa55a941379c23044b0fad5ab3 [CANDIDATE]: Term 1 pre-election: Requesting pre-vote from peer 4c4e3833f6f34196b0a438f2bb35e27a
I0819 06:33:36.058984 1438 raft_consensus.cc:2401] T 46b81f03fcaa4a0093a062ad958e8a35 P 1aaa61f0808e4d84877f034e1b68a402: Snoozing failure detection for election timeout plus an additional 1.753s
I0819 06:33:36.059108 1313 raft_consensus.cc:2401] T 46b81f03fcaa4a0093a062ad958e8a35 P 4c4e3833f6f34196b0a438f2bb35e27a: Snoozing failure detection for election timeout plus an additional 2.198s
I0819 06:33:36.059223 1438 raft_consensus.cc:1967] T 46b81f03fcaa4a0093a062ad958e8a35 P 1aaa61f0808e4d84877f034e1b68a402 [term 0 FOLLOWER]: Leader pre-election vote request: Granting yes vote for candidate a4f09dfa55a941379c23044b0fad5ab3 in term 0.
I0819 06:33:36.059345 1313 raft_consensus.cc:1967] T 46b81f03fcaa4a0093a062ad958e8a35 P 4c4e3833f6f34196b0a438f2bb35e27a [term 0 FOLLOWER]: Leader pre-election vote request: Granting yes vote for candidate a4f09dfa55a941379c23044b0fad5ab3 in term 0.
I0819 06:33:36.060191 1495 leader_election.cc:349] T 46b81f03fcaa4a0093a062ad958e8a35 P a4f09dfa55a941379c23044b0fad5ab3 [CANDIDATE]: Term 1 pre-election: Vote granted by peer 1aaa61f0808e4d84877f034e1b68a402
I0819 06:33:36.060384 1495 leader_election.cc:244] T 46b81f03fcaa4a0093a062ad958e8a35 P a4f09dfa55a941379c23044b0fad5ab3 [CANDIDATE]: Term 1 pre-election: Election decided. Result: candidate won.
I0819 06:33:36.061280 1496 leader_election.cc:349] T 46b81f03fcaa4a0093a062ad958e8a35 P a4f09dfa55a941379c23044b0fad5ab3 [CANDIDATE]: Term 1 pre-election: Vote granted by peer 4c4e3833f6f34196b0a438f2bb35e27a
I0819 06:33:36.061529 1637 raft_consensus.cc:2401] T 46b81f03fcaa4a0093a062ad958e8a35 P a4f09dfa55a941379c23044b0fad5ab3: Snoozing failure detection for election timeout plus an additional 1.813s
I0819 06:33:36.061743 1637 raft_consensus.cc:2205] T 46b81f03fcaa4a0093a062ad958e8a35 P a4f09dfa55a941379c23044b0fad5ab3 [term 0 FOLLOWER]: Leader pre-election won for term 1
I0819 06:33:36.061889 1637 raft_consensus.cc:413] T 46b81f03fcaa4a0093a062ad958e8a35 P a4f09dfa55a941379c23044b0fad5ab3 [term 0 FOLLOWER]: Starting leader election (no leader contacted us within the election timeout)
I0819 06:33:36.062017 1637 raft_consensus.cc:2401] T 46b81f03fcaa4a0093a062ad958e8a35 P a4f09dfa55a941379c23044b0fad5ab3: Snoozing failure detection for election timeout plus an additional 1.785s
I0819 06:33:36.062124 1637 raft_consensus.cc:2448] T 46b81f03fcaa4a0093a062ad958e8a35 P a4f09dfa55a941379c23044b0fad5ab3 [term 0 FOLLOWER]: Advancing to term 1
I0819 06:33:36.064874 1637 raft_consensus.cc:437] T 46b81f03fcaa4a0093a062ad958e8a35 P a4f09dfa55a941379c23044b0fad5ab3 [term 1 FOLLOWER]: Starting leader election with config: opid_index: -1 OBSOLETE_local: false peers { permanent_uuid: "a4f09dfa55a941379c23044b0fad5ab3" member_type: VOTER last_known_addr { host: "127.4.126.3" port: 56715 } } peers { permanent_uuid: "1aaa61f0808e4d84877f034e1b68a402" member_type: VOTER last_known_addr { host: "127.4.126.2" port: 50325 } } peers { permanent_uuid: "4c4e3833f6f34196b0a438f2bb35e27a" member_type: VOTER last_known_addr { host: "127.4.126.1" port: 51099 } }
I0819 06:33:36.065629 1637 leader_election.cc:217] T 46b81f03fcaa4a0093a062ad958e8a35 P a4f09dfa55a941379c23044b0fad5ab3 [CANDIDATE]: Term 1 election: Requesting vote from peer 1aaa61f0808e4d84877f034e1b68a402
I0819 06:33:36.065954 1637 leader_election.cc:217] T 46b81f03fcaa4a0093a062ad958e8a35 P a4f09dfa55a941379c23044b0fad5ab3 [CANDIDATE]: Term 1 election: Requesting vote from peer 4c4e3833f6f34196b0a438f2bb35e27a
I0819 06:33:36.067009 1438 raft_consensus.cc:2448] T 46b81f03fcaa4a0093a062ad958e8a35 P 1aaa61f0808e4d84877f034e1b68a402 [term 0 FOLLOWER]: Advancing to term 1
I0819 06:33:36.067319 1438 raft_consensus.cc:2401] T 46b81f03fcaa4a0093a062ad958e8a35 P 1aaa61f0808e4d84877f034e1b68a402: Snoozing failure detection for election timeout plus an additional 2.232s
I0819 06:33:36.067836 1313 raft_consensus.cc:2448] T 46b81f03fcaa4a0093a062ad958e8a35 P 4c4e3833f6f34196b0a438f2bb35e27a [term 0 FOLLOWER]: Advancing to term 1
I0819 06:33:36.068132 1313 raft_consensus.cc:2401] T 46b81f03fcaa4a0093a062ad958e8a35 P 4c4e3833f6f34196b0a438f2bb35e27a: Snoozing failure detection for election timeout plus an additional 1.753s
I0819 06:33:36.069946 1438 raft_consensus.cc:1967] T 46b81f03fcaa4a0093a062ad958e8a35 P 1aaa61f0808e4d84877f034e1b68a402 [term 1 FOLLOWER]: Leader election vote request: Granting yes vote for candidate a4f09dfa55a941379c23044b0fad5ab3 in term 1.
I0819 06:33:36.070801 1313 raft_consensus.cc:1967] T 46b81f03fcaa4a0093a062ad958e8a35 P 4c4e3833f6f34196b0a438f2bb35e27a [term 1 FOLLOWER]: Leader election vote request: Granting yes vote for candidate a4f09dfa55a941379c23044b0fad5ab3 in term 1.
I0819 06:33:36.071367 1495 leader_election.cc:349] T 46b81f03fcaa4a0093a062ad958e8a35 P a4f09dfa55a941379c23044b0fad5ab3 [CANDIDATE]: Term 1 election: Vote granted by peer 1aaa61f0808e4d84877f034e1b68a402
I0819 06:33:36.071528 1495 leader_election.cc:244] T 46b81f03fcaa4a0093a062ad958e8a35 P a4f09dfa55a941379c23044b0fad5ab3 [CANDIDATE]: Term 1 election: Election decided. Result: candidate won.
I0819 06:33:36.071701 1496 leader_election.cc:349] T 46b81f03fcaa4a0093a062ad958e8a35 P a4f09dfa55a941379c23044b0fad5ab3 [CANDIDATE]: Term 1 election: Vote granted by peer 4c4e3833f6f34196b0a438f2bb35e27a
I0819 06:33:36.071857 1637 raft_consensus.cc:2401] T 46b81f03fcaa4a0093a062ad958e8a35 P a4f09dfa55a941379c23044b0fad5ab3: Snoozing failure detection for election timeout plus an additional 1.633s
I0819 06:33:36.072027 1637 raft_consensus.cc:2205] T 46b81f03fcaa4a0093a062ad958e8a35 P a4f09dfa55a941379c23044b0fad5ab3 [term 1 FOLLOWER]: Leader election won for term 1
I0819 06:33:36.073923 1637 raft_consensus.cc:540] T 46b81f03fcaa4a0093a062ad958e8a35 P a4f09dfa55a941379c23044b0fad5ab3 [term 1 LEADER]: Becoming Leader. State: Replica: a4f09dfa55a941379c23044b0fad5ab3, State: Running, Role: LEADER
I0819 06:33:36.074259 1637 consensus_queue.cc:169] T 46b81f03fcaa4a0093a062ad958e8a35 P a4f09dfa55a941379c23044b0fad5ab3 [LEADER]: Queue going to LEADER mode. State: All replicated index: 0, Majority replicated index: 0, Committed index: 0, Last appended: 0.0, Last appended by leader: 0, Current term: 1, Majority size: 2, State: 1, Mode: LEADER, active raft config: opid_index: -1 OBSOLETE_local: false peers { permanent_uuid: "a4f09dfa55a941379c23044b0fad5ab3" member_type: VOTER last_known_addr { host: "127.4.126.3" port: 56715 } } peers { permanent_uuid: "1aaa61f0808e4d84877f034e1b68a402" member_type: VOTER last_known_addr { host: "127.4.126.2" port: 50325 } } peers { permanent_uuid: "4c4e3833f6f34196b0a438f2bb35e27a" member_type: VOTER last_known_addr { host: "127.4.126.1" port: 51099 } }
I0819 06:33:36.089084 1190 catalog_manager.cc:2559] T 46b81f03fcaa4a0093a062ad958e8a35 reported consensus state change: term changed from 0 to 1, leader changed from to a4f09dfa55a941379c23044b0fad5ab3 (127.4.126.3). New consensus state: current_term: 1 leader_uuid: "a4f09dfa55a941379c23044b0fad5ab3" committed_config { opid_index: -1 OBSOLETE_local: false peers { permanent_uuid: "a4f09dfa55a941379c23044b0fad5ab3" member_type: VOTER last_known_addr { host: "127.4.126.3" port: 56715 } } peers { permanent_uuid: "1aaa61f0808e4d84877f034e1b68a402" member_type: VOTER last_known_addr { host: "127.4.126.2" port: 50325 } } peers { permanent_uuid: "4c4e3833f6f34196b0a438f2bb35e27a" member_type: VOTER last_known_addr { host: "127.4.126.1" port: 51099 } } }
I0819 06:33:36.128278 1150 external_mini_cluster.cc:454] 3 TS(s) registered with all masters
I0819 06:33:36.131374 1150 ts_itest-base.h:198] Waiting for 1 tablets on tserver 4c4e3833f6f34196b0a438f2bb35e27a to finish bootstrapping
I0819 06:33:36.140811 1150 ts_itest-base.h:198] Waiting for 1 tablets on tserver 1aaa61f0808e4d84877f034e1b68a402 to finish bootstrapping
I0819 06:33:36.150609 1150 ts_itest-base.h:198] Waiting for 1 tablets on tserver a4f09dfa55a941379c23044b0fad5ab3 to finish bootstrapping
I0819 06:33:36.188405 1150 cluster_itest_util.cc:220] Not converged past 1 yet: 0.0 0.0 1.1
I0819 06:33:36.293213 1150 cluster_itest_util.cc:220] Not converged past 1 yet: 0.0 0.0 1.1
I0819 06:33:36.498545 1150 cluster_itest_util.cc:220] Not converged past 1 yet: 0.0 0.0 1.1
I0819 06:33:36.649181 1313 raft_consensus.cc:961] T 46b81f03fcaa4a0093a062ad958e8a35 P 4c4e3833f6f34196b0a438f2bb35e27a [term 1 FOLLOWER]: Refusing update from remote peer a4f09dfa55a941379c23044b0fad5ab3: Log matching property violated. Preceding OpId in replica: term: 0 index: 0. Preceding OpId from leader: term: 1 index: 1. (index mismatch)
I0819 06:33:36.651108 1643 consensus_queue.cc:726] T 46b81f03fcaa4a0093a062ad958e8a35 P a4f09dfa55a941379c23044b0fad5ab3 [LEADER]: Connected to new peer: Peer: 4c4e3833f6f34196b0a438f2bb35e27a, Is new: false, Last received: 0.0, Next index: 1, Last known committed idx: 0, Last exchange result: ERROR, Needs tablet copy: false
I0819 06:33:36.667109 1438 raft_consensus.cc:961] T 46b81f03fcaa4a0093a062ad958e8a35 P 1aaa61f0808e4d84877f034e1b68a402 [term 1 FOLLOWER]: Refusing update from remote peer a4f09dfa55a941379c23044b0fad5ab3: Log matching property violated. Preceding OpId in replica: term: 0 index: 0. Preceding OpId from leader: term: 1 index: 1. (index mismatch)
I0819 06:33:36.670864 1646 consensus_queue.cc:726] T 46b81f03fcaa4a0093a062ad958e8a35 P a4f09dfa55a941379c23044b0fad5ab3 [LEADER]: Connected to new peer: Peer: 1aaa61f0808e4d84877f034e1b68a402, Is new: false, Last received: 0.0, Next index: 1, Last known committed idx: 0, Last exchange result: ERROR, Needs tablet copy: false Connected to the Master Fetched info from all 3 Tablet Servers Table TestTable is HEALTHY (1 tablet(s) checked) The metadata for 1 table(s) is HEALTHY Checksum finished in 0s: 0/3 replicas remaining (0B from disk, 0 rows summed) ----------------------- TestTable ----------------------- T 46b81f03fcaa4a0093a062ad958e8a35 P 4c4e3833f6f34196b0a438f2bb35e27a (127.4.126.1:51099): Checksum: 0 T 46b81f03fcaa4a0093a062ad958e8a35 P a4f09dfa55a941379c23044b0fad5ab3 (127.4.126.3:56715): Checksum: 0 T 46b81f03fcaa4a0093a062ad958e8a35 P 1aaa61f0808e4d84877f034e1b68a402 (127.4.126.2:50325): Checksum: 0
I0819 06:33:36.932994 1150 log_verifier.cc:125] Checking tablet 46b81f03fcaa4a0093a062ad958e8a35
I0819 06:33:36.936906 1150 env_posix.cc:1586] Not raising process file limit of 65536; it is already as high as it can go
I0819 06:33:36.941130 1150 file_cache.cc:464] Constructed file cache lbm with capacity 26214
W0819 06:33:36.955348 1150 data_dirs.cc:364] IO error: Could not lock /tmp/run_tha_test479zHR/test-tmp/raft_consensus-itest.RaftConsensusITest.TestInsertOnNonLeader.1503124412820022-1150/raft_consensus-itest-cluster/ts-0/data/data/block_manager_instance: Could not lock /tmp/run_tha_test479zHR/test-tmp/raft_consensus-itest.RaftConsensusITest.TestInsertOnNonLeader.1503124412820022-1150/raft_consensus-itest-cluster/ts-0/data/data/block_manager_instance: lock /tmp/run_tha_test479zHR/test-tmp/raft_consensus-itest.RaftConsensusITest.TestInsertOnNonLeader.1503124412820022-1150/raft_consensus-itest-cluster/ts-0/data/data/block_manager_instance: Resource temporarily unavailable (error 11)
W0819 06:33:36.955703 1150 data_dirs.cc:365] Proceeding without lock
I0819 06:33:36.985652 1678 log_block_manager.cc:2195] Read-only block manager, skipping repair
I0819 06:33:36.987486 1150 fs_report.cc:345] Block manager report -------------------- 1 data directories: /tmp/run_tha_test479zHR/test-tmp/raft_consensus-itest.RaftConsensusITest.TestInsertOnNonLeader.1503124412820022-1150/raft_consensus-itest-cluster/ts-0/data/data Total live blocks: 0 Total live bytes: 0 Total live bytes (after alignment): 0 Total number of LBM containers: 0 (0 full) Did not check for missing blocks Did not check for orphaned blocks Total full LBM containers with extra space: 0 (0 repaired) Total full LBM container extra space in bytes: 0 (0 repaired) Total incomplete LBM containers: 0 (0 repaired) Total LBM partial records: 0 (0 repaired)
I0819 06:33:36.988178 1150 fs_manager.cc:280] Time spent opening block manager: real 0.034s user 0.012s sys 0.020s
I0819 06:33:36.988422 1150 fs_manager.cc:283] Opened local filesystem: /tmp/run_tha_test479zHR/test-tmp/raft_consensus-itest.RaftConsensusITest.TestInsertOnNonLeader.1503124412820022-1150/raft_consensus-itest-cluster/ts-0/data,/tmp/run_tha_test479zHR/test-tmp/raft_consensus-itest.RaftConsensusITest.TestInsertOnNonLeader.1503124412820022-1150/raft_consensus-itest-cluster/ts-0/wal uuid: "4c4e3833f6f34196b0a438f2bb35e27a" format_stamp: "Formatted at 2017-08-19 06:33:33 on dist-test-slave-dist-test-slave-j33z"
I0819 06:33:37.032548 1150 file_cache.cc:464] Constructed file cache lbm with capacity 26214
W0819 06:33:37.043709 1150 data_dirs.cc:364] IO error: Could not lock /tmp/run_tha_test479zHR/test-tmp/raft_consensus-itest.RaftConsensusITest.TestInsertOnNonLeader.1503124412820022-1150/raft_consensus-itest-cluster/ts-1/data/data/block_manager_instance: Could not lock /tmp/run_tha_test479zHR/test-tmp/raft_consensus-itest.RaftConsensusITest.TestInsertOnNonLeader.1503124412820022-1150/raft_consensus-itest-cluster/ts-1/data/data/block_manager_instance: lock /tmp/run_tha_test479zHR/test-tmp/raft_consensus-itest.RaftConsensusITest.TestInsertOnNonLeader.1503124412820022-1150/raft_consensus-itest-cluster/ts-1/data/data/block_manager_instance: Resource temporarily unavailable (error 11)
W0819 06:33:37.044006 1150 data_dirs.cc:365] Proceeding without lock
I0819 06:33:37.089283 1680 log_block_manager.cc:2195] Read-only block manager, skipping repair
I0819 06:33:37.089674 1150 fs_report.cc:345] Block manager report -------------------- 1 data directories: /tmp/run_tha_test479zHR/test-tmp/raft_consensus-itest.RaftConsensusITest.TestInsertOnNonLeader.1503124412820022-1150/raft_consensus-itest-cluster/ts-1/data/data Total live blocks: 0 Total live bytes: 0 Total live bytes (after alignment): 0 Total number of LBM containers: 0 (0 full) Did not check for missing blocks Did not check for orphaned blocks Total full LBM containers with extra space: 0 (0 repaired) Total full LBM container extra space in bytes: 0 (0 repaired) Total incomplete LBM containers: 0 (0 repaired) Total LBM partial records: 0 (0 repaired)
I0819 06:33:37.090188 1150 fs_manager.cc:280] Time spent opening block manager: real 0.047s user 0.016s sys 0.028s
I0819 06:33:37.090374 1150 fs_manager.cc:283] Opened local filesystem: /tmp/run_tha_test479zHR/test-tmp/raft_consensus-itest.RaftConsensusITest.TestInsertOnNonLeader.1503124412820022-1150/raft_consensus-itest-cluster/ts-1/data,/tmp/run_tha_test479zHR/test-tmp/raft_consensus-itest.RaftConsensusITest.TestInsertOnNonLeader.1503124412820022-1150/raft_consensus-itest-cluster/ts-1/wal uuid: "1aaa61f0808e4d84877f034e1b68a402" format_stamp: "Formatted at 2017-08-19 06:33:34 on dist-test-slave-dist-test-slave-j33z"
I0819 06:33:37.131515 1150 file_cache.cc:464] Constructed file cache lbm with capacity 26214
W0819 06:33:37.147100 1150 data_dirs.cc:364] IO error: Could not lock /tmp/run_tha_test479zHR/test-tmp/raft_consensus-itest.RaftConsensusITest.TestInsertOnNonLeader.1503124412820022-1150/raft_consensus-itest-cluster/ts-2/data/data/block_manager_instance: Could not lock /tmp/run_tha_test479zHR/test-tmp/raft_consensus-itest.RaftConsensusITest.TestInsertOnNonLeader.1503124412820022-1150/raft_consensus-itest-cluster/ts-2/data/data/block_manager_instance: lock /tmp/run_tha_test479zHR/test-tmp/raft_consensus-itest.RaftConsensusITest.TestInsertOnNonLeader.1503124412820022-1150/raft_consensus-itest-cluster/ts-2/data/data/block_manager_instance: Resource temporarily unavailable (error 11)
W0819 06:33:37.147393 1150 data_dirs.cc:365] Proceeding without lock
I0819 06:33:37.168177 1682 log_block_manager.cc:2195] Read-only block manager, skipping repair
I0819 06:33:37.168591 1150 fs_report.cc:345] Block manager report -------------------- 1 data directories: /tmp/run_tha_test479zHR/test-tmp/raft_consensus-itest.RaftConsensusITest.TestInsertOnNonLeader.1503124412820022-1150/raft_consensus-itest-cluster/ts-2/data/data Total live blocks: 0 Total live bytes: 0 Total live bytes (after alignment): 0 Total number of LBM containers: 0 (0 full) Did not check for missing blocks Did not check for orphaned blocks Total full LBM containers with extra space: 0 (0 repaired) Total full LBM container extra space in bytes: 0 (0 repaired) Total incomplete LBM containers: 0 (0 repaired) Total LBM partial records: 0 (0 repaired)
I0819 06:33:37.169090 1150 fs_manager.cc:280] Time spent opening block manager: real 0.023s user 0.000s sys 0.020s
I0819 06:33:37.169277 1150 fs_manager.cc:283] Opened local filesystem: /tmp/run_tha_test479zHR/test-tmp/raft_consensus-itest.RaftConsensusITest.TestInsertOnNonLeader.1503124412820022-1150/raft_consensus-itest-cluster/ts-2/data,/tmp/run_tha_test479zHR/test-tmp/raft_consensus-itest.RaftConsensusITest.TestInsertOnNonLeader.1503124412820022-1150/raft_consensus-itest-cluster/ts-2/wal uuid: "a4f09dfa55a941379c23044b0fad5ab3" format_stamp: "Formatted at 2017-08-19 06:33:35 on dist-test-slave-dist-test-slave-j33z"
I0819 06:33:37.237205 1150 log_verifier.cc:178] Verified matching terms for 1 ops in tablet 46b81f03fcaa4a0093a062ad958e8a35
I0819 06:33:37.591472 1150 external_mini_cluster.cc:944] Killing /tmp/run_tha_test479zHR/build/tsan/bin/kudu-tserver with pid 1224
W0819 06:33:37.640751 1496 connection.cc:551] client connection to 127.4.126.1:51099 recv error: Network error: failed to read from TLS socket: Connection reset by peer (error 104)
W0819 06:33:37.640724 1173 connection.cc:551] client connection to 127.4.126.1:51099 recv error: Network error: failed to read from TLS socket: Connection reset by peer (error 104)
W0819 06:33:37.641676 1171 connection.cc:551] server connection from 127.4.126.1:57983 recv error: Network error: failed to read from TLS socket: Connection reset by peer (error 104)
I0819 06:33:37.642096 1150 external_mini_cluster.cc:944] Killing /tmp/run_tha_test479zHR/build/tsan/bin/kudu-tserver with pid 1360
W0819 06:33:37.666096 1172 connection.cc:551] client connection to 127.4.126.2:50325 recv error: Network error: failed to read from TLS socket: Connection reset by peer (error 104)
W0819 06:33:37.667089 1173 connection.cc:551] server connection from 127.4.126.2:50730 recv error: Network error: failed to read from TLS socket: Connection reset by peer (error 104)
W0819 06:33:37.667783 1495 connection.cc:551] client connection to 127.4.126.2:50325 recv error: Network error: failed to read from TLS socket: Connection reset by peer (error 104)
I0819 06:33:37.669301 1150 external_mini_cluster.cc:944] Killing /tmp/run_tha_test479zHR/build/tsan/bin/kudu-tserver with pid 1483
W0819 06:33:37.642544 1158 connection.cc:551] client connection to 127.4.126.1:51099 recv error: Network error: failed to read from TLS socket: Connection reset by peer (error 104)
W0819 06:33:37.699905 1175 connection.cc:551] client connection to 127.4.126.3:56715 recv error: Network error: failed to read from TLS socket: Connection reset by peer (error 104)
W0819 06:33:37.700892 1171 connection.cc:551] server connection from 127.4.126.3:36722 recv error: Network error: failed to read from TLS socket: Connection reset by peer (error 104)
W0819 06:33:37.701648 1160 connection.cc:551] client connection to 127.4.126.3:56715 recv error: Network error: failed to read from TLS socket: Connection reset by peer (error 104)
I0819 06:33:37.702695 1150 external_mini_cluster.cc:944] Killing /tmp/run_tha_test479zHR/build/tsan/bin/kudu-master with pid 1162
W0819 06:33:37.643133 1161 connection.cc:551] client connection to 127.4.126.1:51099 recv error: Network error: failed to read from TLS socket: Connection reset by peer (error 104) [ OK ] RaftConsensusITest.TestInsertOnNonLeader (4830 ms) [ RUN ] RaftConsensusITest.TestChurnyElections_WithDuplicateKeys
I0819 06:33:37.742028 1150 test_util.cc:185] Using random seed: 1828258993
W0819 06:33:37.668774 1157 connection.cc:551] client connection to 127.4.126.2:50325 recv error: Network error: failed to read from TLS socket: Connection reset by peer (error 104)
I0819 06:33:37.776819 1150 ts_itest-base.h:81] Starting cluster with:
I0819 06:33:37.776933 1150 ts_itest-base.h:82] --------------
I0819 06:33:37.777009 1150 ts_itest-base.h:83] 3 tablet servers
I0819 06:33:37.777081 1150 ts_itest-base.h:84] 3 replicas per TS
I0819 06:33:37.777153 1150 ts_itest-base.h:85] --------------
I0819 06:33:37.779307 1150 external_mini_cluster.cc:752] Running /tmp/run_tha_test479zHR/build/tsan/bin/kudu-master /tmp/run_tha_test479zHR/build/tsan/bin/kudu-master --fs_wal_dir=/tmp/run_tha_test479zHR/test-tmp/raft_consensus-itest.RaftConsensusITest.TestChurnyElections_WithDuplicateKeys.1503124412820022-1150/raft_consensus-itest-cluster/master-0/wal --fs_data_dirs=/tmp/run_tha_test479zHR/test-tmp/raft_consensus-itest.RaftConsensusITest.TestChurnyElections_WithDuplicateKeys.1503124412820022-1150/raft_consensus-itest-cluster/master-0/data --webserver_interface=localhost --ipki_ca_key_size=1024 --tsk_num_rsa_bits=512 --rpc_bind_addresses=127.4.126.254:0 --webserver_interface=127.4.126.254 --webserver_port=0 --never_fsync --ipki_server_key_size=1024 --enable_minidumps=false --redact=flag --metrics_log_interval_ms=1000 --logtostderr --logbuflevel=-1 --log_dir=/tmp/run_tha_test479zHR/test-tmp/raft_consensus-itest.RaftConsensusITest.TestChurnyElections_WithDuplicateKeys.1503124412820022-1150/raft_consensus-itest-cluster/master-0/logs --server_dump_info_path=/tmp/run_tha_test479zHR/test-tmp/raft_consensus-itest.RaftConsensusITest.TestChurnyElections_WithDuplicateKeys.1503124412820022-1150/raft_consensus-itest-cluster/master-0/data/info.pb --server_dump_info_format=pb --rpc_server_allow_ephemeral_ports --unlock_experimental_flags --unlock_unsafe_flags with env {} WARNING: Logging before InitGoogleLogging() is written to STDERR
W0819 06:33:37.907282 1695 flags.cc:384] Enabled unsafe flag: --rpc_server_allow_ephemeral_ports=true
W0819 06:33:37.907670 1695 flags.cc:384] Enabled unsafe flag: --never_fsync=true
W0819 06:33:37.923357 1695 flags.cc:384] Enabled experimental flag: --ipki_ca_key_size=1024
W0819 06:33:37.923509 1695 flags.cc:384] Enabled experimental flag: --ipki_server_key_size=1024
W0819 06:33:37.923607 1695 flags.cc:384] Enabled experimental flag: --tsk_num_rsa_bits=512
I0819 06:33:37.944835 1695 master_main.cc:60] Master server non-default flags: --fs_data_dirs=/tmp/run_tha_test479zHR/test-tmp/raft_consensus-itest.RaftConsensusITest.TestChurnyElections_WithDuplicateKeys.1503124412820022-1150/raft_consensus-itest-cluster/master-0/data --fs_wal_dir=/tmp/run_tha_test479zHR/test-tmp/raft_consensus-itest.RaftConsensusITest.TestChurnyElections_WithDuplicateKeys.1503124412820022-1150/raft_consensus-itest-cluster/master-0/wal --ipki_ca_key_size=1024 --ipki_server_key_size=1024 --tsk_num_rsa_bits=512 --rpc_bind_addresses=127.4.126.254:0 --rpc_server_allow_ephemeral_ports=true --metrics_log_interval_ms=1000 --server_dump_info_format=pb --server_dump_info_path=/tmp/run_tha_test479zHR/test-tmp/raft_consensus-itest.RaftConsensusITest.TestChurnyElections_WithDuplicateKeys.1503124412820022-1150/raft_consensus-itest-cluster/master-0/data/info.pb --webserver_interface=127.4.126.254 --webserver_port=0 --never_fsync=true --heap_profile_path=/tmp/kudu-master.1695 --redact=flag --unlock_experimental_flags=true --unlock_unsafe_flags=true --enable_minidumps=false --log_dir=/tmp/run_tha_test479zHR/test-tmp/raft_consensus-itest.RaftConsensusITest.TestChurnyElections_WithDuplicateKeys.1503124412820022-1150/raft_consensus-itest-cluster/master-0/logs --logbuflevel=-1 --logtostderr=true Master server version: kudu 1.5.0-SNAPSHOT revision ba0f21e2316b78f167bbaba44cab392558d97b6f build type FASTDEBUG built by None at 19 Aug 2017 06:31:02 UTC on jenkins-slave-c3oe build id 9422 TSAN enabled
I0819 06:33:37.954565 1695 master_main.cc:67] Initializing master server...
I0819 06:33:37.956181 1695 system_ntp.cc:96] NTP initialized. Resolution in nanos?: 1 Skew PPM: 500 Current error: 1282905
I0819 06:33:37.957137 1695 env_posix.cc:1586] Not raising process file limit of 65536; it is already as high as it can go
I0819 06:33:37.957413 1695 file_cache.cc:464] Constructed file cache lbm with capacity 26214
I0819 06:33:37.962373 1695 server_base.cc:215] Could not load existing FS layout: Not found: /tmp/run_tha_test479zHR/test-tmp/raft_consensus-itest.RaftConsensusITest.TestChurnyElections_WithDuplicateKeys.1503124412820022-1150/raft_consensus-itest-cluster/master-0/data/instance: No such file or directory (error 2)
I0819 06:33:37.962520 1695 server_base.cc:216] Creating new FS layout
I0819 06:33:37.970037 1695 fs_manager.cc:394] Generated new instance metadata in path /tmp/run_tha_test479zHR/test-tmp/raft_consensus-itest.RaftConsensusITest.TestChurnyElections_WithDuplicateKeys.1503124412820022-1150/raft_consensus-itest-cluster/master-0/data/instance: uuid: "4d439876eac04b058bc1946edf883aa4" format_stamp: "Formatted at 2017-08-19 06:33:37 on dist-test-slave-dist-test-slave-j33z"
I0819 06:33:37.970837 1695 fs_manager.cc:394] Generated new instance metadata in path /tmp/run_tha_test479zHR/test-tmp/raft_consensus-itest.RaftConsensusITest.TestChurnyElections_WithDuplicateKeys.1503124412820022-1150/raft_consensus-itest-cluster/master-0/wal/instance: uuid: "4d439876eac04b058bc1946edf883aa4" format_stamp: "Formatted at 2017-08-19 06:33:37 on dist-test-slave-dist-test-slave-j33z"
I0819 06:33:37.982014 1695 fs_manager.cc:280] Time spent opening block manager: real 0.004s user 0.000s sys 0.004s
I0819 06:33:37.982162 1695 fs_manager.cc:283] Opened local filesystem: /tmp/run_tha_test479zHR/test-tmp/raft_consensus-itest.RaftConsensusITest.TestChurnyElections_WithDuplicateKeys.1503124412820022-1150/raft_consensus-itest-cluster/master-0/data,/tmp/run_tha_test479zHR/test-tmp/raft_consensus-itest.RaftConsensusITest.TestChurnyElections_WithDuplicateKeys.1503124412820022-1150/raft_consensus-itest-cluster/master-0/wal uuid: "4d439876eac04b058bc1946edf883aa4" format_stamp: "Formatted at 2017-08-19 06:33:37 on dist-test-slave-dist-test-slave-j33z"
I0819 06:33:37.982364 1695 fs_report.cc:345] Block manager report -------------------- 1 data directories: /tmp/run_tha_test479zHR/test-tmp/raft_consensus-itest.RaftConsensusITest.TestChurnyElections_WithDuplicateKeys.1503124412820022-1150/raft_consensus-itest-cluster/master-0/data/data Total live blocks: 0 Total live bytes: 0 Total live bytes (after alignment): 0 Total number of LBM containers: 0 (0 full) Did not check for missing blocks Did not check for orphaned blocks Total full LBM containers with extra space: 0 (0 repaired) Total full LBM container extra space in bytes: 0 (0 repaired) Total incomplete LBM containers: 0 (0 repaired) Total LBM partial records: 0 (0 repaired)
I0819 06:33:38.151929 1695 master_main.cc:70] Starting Master server...
I0819 06:33:38.153149 1712 process_memory.cc:172] Process hard memory limit is 11.777661 GB
I0819 06:33:38.153306 1712 process_memory.cc:174] Process soft memory limit is 9.422129 GB
I0819 06:33:38.153425 1712 process_memory.cc:177] Process memory pressure threshold is 7.066597 GB
I0819 06:33:38.194342 1695 rpc_server.cc:186] RPC server started. Bound to: 127.4.126.254:32833
I0819 06:33:38.234127 1695 webserver.cc:145] Starting webserver on 127.4.126.254:0
I0819 06:33:38.234232 1695 webserver.cc:156] Document root disabled
I0819 06:33:38.235517 1695 webserver.cc:278] Webserver started. Bound to: http://127.4.126.254:40062/
I0819 06:33:38.236310 1695 server_base.cc:359] Dumped server information to /tmp/run_tha_test479zHR/test-tmp/raft_consensus-itest.RaftConsensusITest.TestChurnyElections_WithDuplicateKeys.1503124412820022-1150/raft_consensus-itest-cluster/master-0/data/info.pb
I0819 06:33:38.244444 1150 external_mini_cluster.cc:814] Started /tmp/run_tha_test479zHR/build/tsan/bin/kudu-master as pid 1695
I0819 06:33:38.246098 1150 external_mini_cluster.cc:752] Running /tmp/run_tha_test479zHR/build/tsan/bin/kudu-tserver /tmp/run_tha_test479zHR/build/tsan/bin/kudu-tserver --fs_wal_dir=/tmp/run_tha_test479zHR/test-tmp/raft_consensus-itest.RaftConsensusITest.TestChurnyElections_WithDuplicateKeys.1503124412820022-1150/raft_consensus-itest-cluster/ts-0/wal --fs_data_dirs=/tmp/run_tha_test479zHR/test-tmp/raft_consensus-itest.RaftConsensusITest.TestChurnyElections_WithDuplicateKeys.1503124412820022-1150/raft_consensus-itest-cluster/ts-0/data --rpc_bind_addresses=127.4.126.1:0 --local_ip_for_outbound_sockets=127.4.126.1 --webserver_interface=127.4.126.1 --webserver_port=0 --tserver_master_addrs=127.4.126.254:32833 --never_fsync --ipki_server_key_size=1024 --enable_minidumps=false --redact=flag --metrics_log_interval_ms=1000 --logtostderr --logbuflevel=-1 --log_dir=/tmp/run_tha_test479zHR/test-tmp/raft_consensus-itest.RaftConsensusITest.TestChurnyElections_WithDuplicateKeys.1503124412820022-1150/raft_consensus-itest-cluster/ts-0/logs --server_dump_info_path=/tmp/run_tha_test479zHR/test-tmp/raft_consensus-itest.RaftConsensusITest.TestChurnyElections_WithDuplicateKeys.1503124412820022-1150/raft_consensus-itest-cluster/ts-0/data/info.pb --server_dump_info_format=pb --rpc_server_allow_ephemeral_ports --unlock_experimental_flags --unlock_unsafe_flags --raft_heartbeat_interval_ms=5 --leader_failure_monitor_check_mean_ms=1 --leader_failure_monitor_check_stddev_ms=1 with env {}
I0819 06:33:38.256763 1756 tablet_bootstrap.cc:402] T 00000000000000000000000000000000 P 4d439876eac04b058bc1946edf883aa4: Bootstrap starting.
I0819 06:33:38.259274 1756 tablet_bootstrap.cc:537] T 00000000000000000000000000000000 P 4d439876eac04b058bc1946edf883aa4: No blocks or log segments found. Creating new log.
I0819 06:33:38.260576 1756 log.cc:511] T 00000000000000000000000000000000 P 4d439876eac04b058bc1946edf883aa4: Log is configured to *not* fsync() on all Append() calls
I0819 06:33:38.263216 1756 tablet_bootstrap.cc:402] T 00000000000000000000000000000000 P 4d439876eac04b058bc1946edf883aa4: No bootstrap required, opened a new log
I0819 06:33:38.269863 1756 raft_consensus.cc:286] T 00000000000000000000000000000000 P 4d439876eac04b058bc1946edf883aa4 [term 0 FOLLOWER]: Replica starting. Triggering 0 pending transactions. Active config: opid_index: -1 OBSOLETE_local: true peers { permanent_uuid: "4d439876eac04b058bc1946edf883aa4" member_type: VOTER }
I0819 06:33:38.270431 1756 raft_consensus.cc:318] T 00000000000000000000000000000000 P 4d439876eac04b058bc1946edf883aa4 [term 0 FOLLOWER]: Consensus starting up: Expiring failure detector timer to make a prompt election more likely
I0819 06:33:38.270581 1756 raft_consensus.cc:574] T 00000000000000000000000000000000 P 4d439876eac04b058bc1946edf883aa4 [term 0 FOLLOWER]: Becoming Follower/Learner. State: Replica: 4d439876eac04b058bc1946edf883aa4, State: Running, Role: FOLLOWER
I0819 06:33:38.270823 1756 consensus_queue.cc:190] T 00000000000000000000000000000000 P 4d439876eac04b058bc1946edf883aa4 [NON_LEADER]: Queue going to NON_LEADER mode. State: All replicated index: 0, Majority replicated index: 0, Committed index: 0, Last appended: 0.0, Last appended by leader: 0, Current term: 0, Majority size: -1, State: 1, Mode: NON_LEADER
I0819 06:33:38.271072 1756 raft_consensus.cc:329] T 00000000000000000000000000000000 P 4d439876eac04b058bc1946edf883aa4 [term 0 FOLLOWER]: Only one voter in the Raft config. Triggering election immediately
I0819 06:33:38.271242 1756 raft_consensus.cc:413] T 00000000000000000000000000000000 P 4d439876eac04b058bc1946edf883aa4 [term 0 FOLLOWER]: Starting leader election (initial election of a single-replica configuration)
I0819 06:33:38.271411 1756 raft_consensus.cc:2401] T 00000000000000000000000000000000 P 4d439876eac04b058bc1946edf883aa4: Snoozing failure detection for election timeout plus an additional 1.851s
I0819 06:33:38.271549 1756 raft_consensus.cc:2448] T 00000000000000000000000000000000 P 4d439876eac04b058bc1946edf883aa4 [term 0 FOLLOWER]: Advancing to term 1
I0819 06:33:38.274263 1756 raft_consensus.cc:437] T 00000000000000000000000000000000 P 4d439876eac04b058bc1946edf883aa4 [term 1 FOLLOWER]: Starting leader election with config: opid_index: -1 OBSOLETE_local: true peers { permanent_uuid: "4d439876eac04b058bc1946edf883aa4" member_type: VOTER }
I0819 06:33:38.274755 1756 leader_election.cc:244] T 00000000000000000000000000000000 P 4d439876eac04b058bc1946edf883aa4 [CANDIDATE]: Term 1 election: Election decided. Result: candidate won.
I0819 06:33:38.276451 1760 raft_consensus.cc:2401] T 00000000000000000000000000000000 P 4d439876eac04b058bc1946edf883aa4: Snoozing failure detection for election timeout plus an additional 1.965s
I0819 06:33:38.276724 1760 raft_consensus.cc:2205] T 00000000000000000000000000000000 P 4d439876eac04b058bc1946edf883aa4 [term 1 FOLLOWER]: Leader election won for term 1
I0819 06:33:38.278733 1760 raft_consensus.cc:540] T 00000000000000000000000000000000 P 4d439876eac04b058bc1946edf883aa4 [term 1 LEADER]: Becoming Leader. State: Replica: 4d439876eac04b058bc1946edf883aa4, State: Running, Role: LEADER
I0819 06:33:38.279131 1760 consensus_queue.cc:169] T 00000000000000000000000000000000 P 4d439876eac04b058bc1946edf883aa4 [LEADER]: Queue going to LEADER mode. State: All replicated index: 0, Majority replicated index: 0, Committed index: 0, Last appended: 0.0, Last appended by leader: 0, Current term: 1, Majority size: 1, State: 1, Mode: LEADER, active raft config: opid_index: -1 OBSOLETE_local: true peers { permanent_uuid: "4d439876eac04b058bc1946edf883aa4" member_type: VOTER }
I0819 06:33:38.298665 1756 sys_catalog.cc:287] T 00000000000000000000000000000000 P 4d439876eac04b058bc1946edf883aa4 [sys.catalog]: SysCatalogTable state changed. Reason: Started TabletReplica. Latest consensus state: current_term: 1 leader_uuid: "4d439876eac04b058bc1946edf883aa4" committed_config { opid_index: -1 OBSOLETE_local: true peers { permanent_uuid: "4d439876eac04b058bc1946edf883aa4" member_type: VOTER } }
I0819 06:33:38.299084 1756 sys_catalog.cc:290] T 00000000000000000000000000000000 P 4d439876eac04b058bc1946edf883aa4 [sys.catalog]: This master's current role is: LEADER
I0819 06:33:38.300125 1762 sys_catalog.cc:287] T 00000000000000000000000000000000 P 4d439876eac04b058bc1946edf883aa4 [sys.catalog]: SysCatalogTable state changed. Reason: New leader 4d439876eac04b058bc1946edf883aa4. Latest consensus state: current_term: 1 leader_uuid: "4d439876eac04b058bc1946edf883aa4" committed_config { opid_index: -1 OBSOLETE_local: true peers { permanent_uuid: "4d439876eac04b058bc1946edf883aa4" member_type: VOTER } }
I0819 06:33:38.300581 1762 sys_catalog.cc:290] T 00000000000000000000000000000000 P 4d439876eac04b058bc1946edf883aa4 [sys.catalog]: This master's current role is: LEADER
I0819 06:33:38.300951 1761 sys_catalog.cc:287] T 00000000000000000000000000000000 P 4d439876eac04b058bc1946edf883aa4 [sys.catalog]: SysCatalogTable state changed. Reason: RaftConsensus started. Latest consensus state: current_term: 1 leader_uuid: "4d439876eac04b058bc1946edf883aa4" committed_config { opid_index: -1 OBSOLETE_local: true peers { permanent_uuid: "4d439876eac04b058bc1946edf883aa4" member_type: VOTER } }
I0819 06:33:38.301327 1761 sys_catalog.cc:290] T 00000000000000000000000000000000 P 4d439876eac04b058bc1946edf883aa4 [sys.catalog]: This master's current role is: LEADER
I0819 06:33:38.303194 1756 sys_catalog.cc:369] T 00000000000000000000000000000000 P 4d439876eac04b058bc1946edf883aa4 [sys.catalog]: configured and running, proceeding with master startup.
I0819 06:33:38.303491 1764 catalog_manager.cc:1018] Loading table and tablet metadata into memory...
I0819 06:33:38.305069 1695 master_main.cc:73] Master server successfully started.
I0819 06:33:38.309445 1764 catalog_manager.cc:1029] Initializing Kudu internal certificate authority...
I0819 06:33:38.359534 1764 catalog_manager.cc:914] Generated new certificate authority record
I0819 06:33:38.362025 1764 catalog_manager.cc:1038] Loading token signing keys...
I0819 06:33:38.371325 1764 catalog_manager.cc:3605] T 00000000000000000000000000000000 P 4d439876eac04b058bc1946edf883aa4: Generated new TSK 0 WARNING: Logging before InitGoogleLogging() is written to STDERR
W0819 06:33:38.388057 1757 flags.cc:384] Enabled unsafe flag: --rpc_server_allow_ephemeral_ports=true
W0819 06:33:38.388483 1757 flags.cc:384] Enabled unsafe flag: --never_fsync=true
W0819 06:33:38.403280 1757 flags.cc:384] Enabled experimental flag: --leader_failure_monitor_check_mean_ms=1
W0819 06:33:38.403430 1757 flags.cc:384] Enabled experimental flag: --leader_failure_monitor_check_stddev_ms=1
W0819 06:33:38.403573 1757 flags.cc:384] Enabled experimental flag: --ipki_server_key_size=1024
W0819 06:33:38.403899 1757 flags.cc:384] Enabled experimental flag: --local_ip_for_outbound_sockets=127.4.126.1
I0819 06:33:38.424831 1757 tablet_server_main.cc:64] Tablet server non-default flags: --leader_failure_monitor_check_mean_ms=1 --leader_failure_monitor_check_stddev_ms=1 --raft_heartbeat_interval_ms=5 --fs_data_dirs=/tmp/run_tha_test479zHR/test-tmp/raft_consensus-itest.RaftConsensusITest.TestChurnyElections_WithDuplicateKeys.1503124412820022-1150/raft_consensus-itest-cluster/ts-0/data --fs_wal_dir=/tmp/run_tha_test479zHR/test-tmp/raft_consensus-itest.RaftConsensusITest.TestChurnyElections_WithDuplicateKeys.1503124412820022-1150/raft_consensus-itest-cluster/ts-0/wal --ipki_server_key_size=1024 --rpc_bind_addresses=127.4.126.1:0 --rpc_server_allow_ephemeral_ports=true --metrics_log_interval_ms=1000 --server_dump_info_format=pb --server_dump_info_path=/tmp/run_tha_test479zHR/test-tmp/raft_consensus-itest.RaftConsensusITest.TestChurnyElections_WithDuplicateKeys.1503124412820022-1150/raft_consensus-itest-cluster/ts-0/data/info.pb --webserver_interface=127.4.126.1 --webserver_port=0 --tserver_master_addrs=127.4.126.254:32833 --never_fsync=true --heap_profile_path=/tmp/kudu-tserver.1757 --redact=flag --unlock_experimental_flags=true --unlock_unsafe_flags=true --enable_minidumps=false --local_ip_for_outbound_sockets=127.4.126.1 --log_dir=/tmp/run_tha_test479zHR/test-tmp/raft_consensus-itest.RaftConsensusITest.TestChurnyElections_WithDuplicateKeys.1503124412820022-1150/raft_consensus-itest-cluster/ts-0/logs --logbuflevel=-1 --logtostderr=true Tablet server version: kudu 1.5.0-SNAPSHOT revision ba0f21e2316b78f167bbaba44cab392558d97b6f build type FASTDEBUG built by None at 19 Aug 2017 06:31:02 UTC on jenkins-slave-c3oe build id 9422 TSAN enabled
I0819 06:33:38.435490 1757 tablet_server_main.cc:71] Initializing tablet server...
I0819 06:33:38.437350 1757 system_ntp.cc:96] NTP initialized. Resolution in nanos?: 1 Skew PPM: 500 Current error: 1283405
I0819 06:33:38.437970 1757 env_posix.cc:1586] Not raising process file limit of 65536; it is already as high as it can go
I0819 06:33:38.438246 1757 file_cache.cc:464] Constructed file cache lbm with capacity 26214
I0819 06:33:38.443370 1757 server_base.cc:215] Could not load existing FS layout: Not found: /tmp/run_tha_test479zHR/test-tmp/raft_consensus-itest.RaftConsensusITest.TestChurnyElections_WithDuplicateKeys.1503124412820022-1150/raft_consensus-itest-cluster/ts-0/data/instance: No such file or directory (error 2)
I0819 06:33:38.443516 1757 server_base.cc:216] Creating new FS layout
I0819 06:33:38.451539 1757 fs_manager.cc:394] Generated new instance metadata in path /tmp/run_tha_test479zHR/test-tmp/raft_consensus-itest.RaftConsensusITest.TestChurnyElections_WithDuplicateKeys.1503124412820022-1150/raft_consensus-itest-cluster/ts-0/data/instance: uuid: "54716c80d5de4d238c121acf92f30ec1" format_stamp: "Formatted at 2017-08-19 06:33:38 on dist-test-slave-dist-test-slave-j33z"
I0819 06:33:38.452289 1757 fs_manager.cc:394] Generated new instance metadata in path /tmp/run_tha_test479zHR/test-tmp/raft_consensus-itest.RaftConsensusITest.TestChurnyElections_WithDuplicateKeys.1503124412820022-1150/raft_consensus-itest-cluster/ts-0/wal/instance: uuid: "54716c80d5de4d238c121acf92f30ec1" format_stamp: "Formatted at 2017-08-19 06:33:38 on dist-test-slave-dist-test-slave-j33z"
I0819 06:33:38.463788 1757 fs_manager.cc:280] Time spent opening block manager: real 0.005s user 0.000s sys 0.004s
I0819 06:33:38.463937 1757 fs_manager.cc:283] Opened local filesystem: /tmp/run_tha_test479zHR/test-tmp/raft_consensus-itest.RaftConsensusITest.TestChurnyElections_WithDuplicateKeys.1503124412820022-1150/raft_consensus-itest-cluster/ts-0/data,/tmp/run_tha_test479zHR/test-tmp/raft_consensus-itest.RaftConsensusITest.TestChurnyElections_WithDuplicateKeys.1503124412820022-1150/raft_consensus-itest-cluster/ts-0/wal uuid: "54716c80d5de4d238c121acf92f30ec1" format_stamp: "Formatted at 2017-08-19 06:33:38 on dist-test-slave-dist-test-slave-j33z"
I0819 06:33:38.464135 1757 fs_report.cc:345] Block manager report -------------------- 1 data directories: /tmp/run_tha_test479zHR/test-tmp/raft_consensus-itest.RaftConsensusITest.TestChurnyElections_WithDuplicateKeys.1503124412820022-1150/raft_consensus-itest-cluster/ts-0/data/data Total live blocks: 0 Total live bytes: 0 Total live bytes (after alignment): 0 Total number of LBM containers: 0 (0 full) Did not check for missing blocks Did not check for orphaned blocks Total full LBM containers with extra space: 0 (0 repaired) Total full LBM container extra space in bytes: 0 (0 repaired) Total incomplete LBM containers: 0 (0 repaired) Total LBM partial records: 0 (0 repaired)
I0819 06:33:38.704340 1757 ts_tablet_manager.cc:190] Loaded tablet metadata (0 live tablets)
I0819 06:33:38.705869 1757 tablet_server_main.cc:76] Starting tablet server...
I0819 06:33:38.816838 1757 rpc_server.cc:186] RPC server started. Bound to: 127.4.126.1:33172
I0819 06:33:38.817742 1757 webserver.cc:145] Starting webserver on 127.4.126.1:0
I0819 06:33:38.817847 1757 webserver.cc:156] Document root disabled
I0819 06:33:38.819313 1757 webserver.cc:278] Webserver started. Bound to: http://127.4.126.1:55822/
I0819 06:33:38.820060 1757 server_base.cc:359] Dumped server information to /tmp/run_tha_test479zHR/test-tmp/raft_consensus-itest.RaftConsensusITest.TestChurnyElections_WithDuplicateKeys.1503124412820022-1150/raft_consensus-itest-cluster/ts-0/data/info.pb
I0819 06:33:38.824761 1150 external_mini_cluster.cc:814] Started /tmp/run_tha_test479zHR/build/tsan/bin/kudu-tserver as pid 1757
I0819 06:33:38.825965 1150 external_mini_cluster.cc:752] Running /tmp/run_tha_test479zHR/build/tsan/bin/kudu-tserver /tmp/run_tha_test479zHR/build/tsan/bin/kudu-tserver --fs_wal_dir=/tmp/run_tha_test479zHR/test-tmp/raft_consensus-itest.RaftConsensusITest.TestChurnyElections_WithDuplicateKeys.1503124412820022-1150/raft_consensus-itest-cluster/ts-1/wal --fs_data_dirs=/tmp/run_tha_test479zHR/test-tmp/raft_consensus-itest.RaftConsensusITest.TestChurnyElections_WithDuplicateKeys.1503124412820022-1150/raft_consensus-itest-cluster/ts-1/data --rpc_bind_addresses=127.4.126.2:0 --local_ip_for_outbound_sockets=127.4.126.2 --webserver_interface=127.4.126.2 --webserver_port=0 --tserver_master_addrs=127.4.126.254:32833 --never_fsync --ipki_server_key_size=1024 --enable_minidumps=false --redact=flag --metrics_log_interval_ms=1000 --logtostderr --logbuflevel=-1 --log_dir=/tmp/run_tha_test479zHR/test-tmp/raft_consensus-itest.RaftConsensusITest.TestChurnyElections_WithDuplicateKeys.1503124412820022-1150/raft_consensus-itest-cluster/ts-1/logs --server_dump_info_path=/tmp/run_tha_test479zHR/test-tmp/raft_consensus-itest.RaftConsensusITest.TestChurnyElections_WithDuplicateKeys.1503124412820022-1150/raft_consensus-itest-cluster/ts-1/data/info.pb --server_dump_info_format=pb --rpc_server_allow_ephemeral_ports --unlock_experimental_flags --unlock_unsafe_flags --raft_heartbeat_interval_ms=5 --leader_failure_monitor_check_mean_ms=1 --leader_failure_monitor_check_stddev_ms=1 with env {}
I0819 06:33:38.830917 1757 tablet_server_main.cc:79] Tablet server successfully started.
I0819 06:33:38.863692 1889 heartbeater.cc:295] Connected to a master server at 127.4.126.254:32833
I0819 06:33:38.864009 1889 heartbeater.cc:365] Registering TS with master...
I0819 06:33:38.864619 1889 heartbeater.cc:392] Master 127.4.126.254:32833 requested a full tablet report, sending...
I0819 06:33:38.866734 1723 ts_manager.cc:79] Registered new tserver with Master: 54716c80d5de4d238c121acf92f30ec1 (127.4.126.1:33172)
I0819 06:33:38.869151 1723 master_service.cc:197] Signed X509 certificate for tserver {username='slave'} at 127.4.126.1:46477
I0819 06:33:38.831768 1890 process_memory.cc:172] Process hard memory limit is 11.777661 GB
I0819 06:33:38.872335 1890 process_memory.cc:174] Process soft memory limit is 9.422129 GB
I0819 06:33:38.872550 1890 process_memory.cc:177] Process memory pressure threshold is 7.066597 GB WARNING: Logging before InitGoogleLogging() is written to STDERR
W0819 06:33:38.965217 1893 flags.cc:384] Enabled unsafe flag: --rpc_server_allow_ephemeral_ports=true
W0819 06:33:38.965659 1893 flags.cc:384] Enabled unsafe flag: --never_fsync=true
W0819 06:33:38.983461 1893 flags.cc:384] Enabled experimental flag: --leader_failure_monitor_check_mean_ms=1
W0819 06:33:38.983636 1893 flags.cc:384] Enabled experimental flag: --leader_failure_monitor_check_stddev_ms=1
W0819 06:33:38.983798 1893 flags.cc:384] Enabled experimental flag: --ipki_server_key_size=1024
W0819 06:33:38.984102 1893 flags.cc:384] Enabled experimental flag: --local_ip_for_outbound_sockets=127.4.126.2
I0819 06:33:39.004864 1893 tablet_server_main.cc:64] Tablet server non-default flags: --leader_failure_monitor_check_mean_ms=1 --leader_failure_monitor_check_stddev_ms=1 --raft_heartbeat_interval_ms=5 --fs_data_dirs=/tmp/run_tha_test479zHR/test-tmp/raft_consensus-itest.RaftConsensusITest.TestChurnyElections_WithDuplicateKeys.1503124412820022-1150/raft_consensus-itest-cluster/ts-1/data --fs_wal_dir=/tmp/run_tha_test479zHR/test-tmp/raft_consensus-itest.RaftConsensusITest.TestChurnyElections_WithDuplicateKeys.1503124412820022-1150/raft_consensus-itest-cluster/ts-1/wal --ipki_server_key_size=1024 --rpc_bind_addresses=127.4.126.2:0 --rpc_server_allow_ephemeral_ports=true --metrics_log_interval_ms=1000 --server_dump_info_format=pb --server_dump_info_path=/tmp/run_tha_test479zHR/test-tmp/raft_consensus-itest.RaftConsensusITest.TestChurnyElections_WithDuplicateKeys.1503124412820022-1150/raft_consensus-itest-cluster/ts-1/data/info.pb --webserver_interface=127.4.126.2 --webserver_port=0 --tserver_master_addrs=127.4.126.254:32833 --never_fsync=true --heap_profile_path=/tmp/kudu-tserver.1893 --redact=flag --unlock_experimental_flags=true --unlock_unsafe_flags=true --enable_minidumps=false --local_ip_for_outbound_sockets=127.4.126.2 --log_dir=/tmp/run_tha_test479zHR/test-tmp/raft_consensus-itest.RaftConsensusITest.TestChurnyElections_WithDuplicateKeys.1503124412820022-1150/raft_consensus-itest-cluster/ts-1/logs --logbuflevel=-1 --logtostderr=true Tablet server version: kudu 1.5.0-SNAPSHOT revision ba0f21e2316b78f167bbaba44cab392558d97b6f build type FASTDEBUG built by None at 19 Aug 2017 06:31:02 UTC on jenkins-slave-c3oe build id 9422 TSAN enabled
I0819 06:33:39.015565 1893 tablet_server_main.cc:71] Initializing tablet server...
I0819 06:33:39.017441 1893 system_ntp.cc:96] NTP initialized. Resolution in nanos?: 1 Skew PPM: 500 Current error: 1283905
I0819 06:33:39.018098 1893 env_posix.cc:1586] Not raising process file limit of 65536; it is already as high as it can go
I0819 06:33:39.018421 1893 file_cache.cc:464] Constructed file cache lbm with capacity 26214
I0819 06:33:39.023581 1893 server_base.cc:215] Could not load existing FS layout: Not found: /tmp/run_tha_test479zHR/test-tmp/raft_consensus-itest.RaftConsensusITest.TestChurnyElections_WithDuplicateKeys.1503124412820022-1150/raft_consensus-itest-cluster/ts-1/data/instance: No such file or directory (error 2)
I0819 06:33:39.023733 1893 server_base.cc:216] Creating new FS layout
I0819 06:33:39.031294 1893 fs_manager.cc:394] Generated new instance metadata in path /tmp/run_tha_test479zHR/test-tmp/raft_consensus-itest.RaftConsensusITest.TestChurnyElections_WithDuplicateKeys.1503124412820022-1150/raft_consensus-itest-cluster/ts-1/data/instance: uuid: "6d6a239df0a0404cb3455e68efcb792b" format_stamp: "Formatted at 2017-08-19 06:33:39 on dist-test-slave-dist-test-slave-j33z"
I0819 06:33:39.032083 1893 fs_manager.cc:394] Generated new instance metadata in path /tmp/run_tha_test479zHR/test-tmp/raft_consensus-itest.RaftConsensusITest.TestChurnyElections_WithDuplicateKeys.1503124412820022-1150/raft_consensus-itest-cluster/ts-1/wal/instance: uuid: "6d6a239df0a0404cb3455e68efcb792b" format_stamp: "Formatted at 2017-08-19 06:33:39 on dist-test-slave-dist-test-slave-j33z"
I0819 06:33:39.043619 1893 fs_manager.cc:280] Time spent opening block manager: real 0.005s user 0.000s sys 0.004s
I0819 06:33:39.043776 1893 fs_manager.cc:283] Opened local filesystem: /tmp/run_tha_test479zHR/test-tmp/raft_consensus-itest.RaftConsensusITest.TestChurnyElections_WithDuplicateKeys.1503124412820022-1150/raft_consensus-itest-cluster/ts-1/data,/tmp/run_tha_test479zHR/test-tmp/raft_consensus-itest.RaftConsensusITest.TestChurnyElections_WithDuplicateKeys.1503124412820022-1150/raft_consensus-itest-cluster/ts-1/wal uuid: "6d6a239df0a0404cb3455e68efcb792b" format_stamp: "Formatted at 2017-08-19 06:33:39 on dist-test-slave-dist-test-slave-j33z"
