I0819 06:34:01.314483 2094 raft_consensus.cc:1928] T 8b79633d21dc49868650b1a34ca1c8ea P 6f8e517e75d440519fb9d468724d7798 [term 4 FOLLOWER]: Leader pre-election vote request: Denying vote to candidate 54716c80d5de4d238c121acf92f30ec1 for term 5 because replica is either leader or believes a valid leader to be alive.
I0819 06:34:01.314646 1781 leader_election.cc:363] T 8b79633d21dc49868650b1a34ca1c8ea P 54716c80d5de4d238c121acf92f30ec1 [CANDIDATE]: Term 5 pre-election: Vote denied by peer 6d6a239df0a0404cb3455e68efcb792b. Message: Service unavailable: T 8b79633d21dc49868650b1a34ca1c8ea P 6d6a239df0a0404cb3455e68efcb792b [term 4 LEADER]: Leader pre-election vote request: Denying vote to candidate 54716c80d5de4d238c121acf92f30ec1 for term 5 because replica is already servicing an update from a current leader or another vote.
I0819 06:34:01.316356 1779 leader_election.cc:363] T 8b79633d21dc49868650b1a34ca1c8ea P 54716c80d5de4d238c121acf92f30ec1 [CANDIDATE]: Term 5 pre-election: Vote denied by peer 6f8e517e75d440519fb9d468724d7798. Message: Invalid argument: T 8b79633d21dc49868650b1a34ca1c8ea P 6f8e517e75d440519fb9d468724d7798 [term 4 FOLLOWER]: Leader pre-election vote request: Denying vote to candidate 54716c80d5de4d238c121acf92f30ec1 for term 5 because replica is either leader or believes a valid leader to be alive.
I0819 06:34:01.316598 1779 leader_election.cc:244] T 8b79633d21dc49868650b1a34ca1c8ea P 54716c80d5de4d238c121acf92f30ec1 [CANDIDATE]: Term 5 pre-election: Election decided. Result: candidate lost.
I0819 06:34:01.326349 2235 raft_consensus.cc:2401] T 8b79633d21dc49868650b1a34ca1c8ea P 54716c80d5de4d238c121acf92f30ec1: Snoozing failure detection for election timeout plus an additional 0.015s
I0819 06:34:01.326647 2235 raft_consensus.cc:2141] T 8b79633d21dc49868650b1a34ca1c8ea P 54716c80d5de4d238c121acf92f30ec1 [term 4 FOLLOWER]: Leader pre-election lost for term 5. Reason: could not achieve majority
I0819 06:34:02.313223 2164 raft_consensus.cc:413] T 8b79633d21dc49868650b1a34ca1c8ea P 54716c80d5de4d238c121acf92f30ec1 [term 4 FOLLOWER]: Starting pre-election (detected failure of leader 6d6a239df0a0404cb3455e68efcb792b)
I0819 06:34:02.313508 2164 raft_consensus.cc:2401] T 8b79633d21dc49868650b1a34ca1c8ea P 54716c80d5de4d238c121acf92f30ec1: Snoozing failure detection for election timeout plus an additional 0.027s
I0819 06:34:02.313720 2164 raft_consensus.cc:437] T 8b79633d21dc49868650b1a34ca1c8ea P 54716c80d5de4d238c121acf92f30ec1 [term 4 FOLLOWER]: Starting pre-election with config: opid_index: -1 OBSOLETE_local: false peers { permanent_uuid: "6d6a239df0a0404cb3455e68efcb792b" member_type: VOTER last_known_addr { host: "127.4.126.2" port: 53826 } } peers { permanent_uuid: "54716c80d5de4d238c121acf92f30ec1" member_type: VOTER last_known_addr { host: "127.4.126.1" port: 33172 } } peers { permanent_uuid: "6f8e517e75d440519fb9d468724d7798" member_type: VOTER last_known_addr { host: "127.4.126.3" port: 53370 } }
I0819 06:34:02.314733 2164 leader_election.cc:217] T 8b79633d21dc49868650b1a34ca1c8ea P 54716c80d5de4d238c121acf92f30ec1 [CANDIDATE]: Term 5 pre-election: Requesting pre-vote from peer 6d6a239df0a0404cb3455e68efcb792b
I0819 06:34:02.315138 2164 leader_election.cc:217] T 8b79633d21dc49868650b1a34ca1c8ea P 54716c80d5de4d238c121acf92f30ec1 [CANDIDATE]: Term 5 pre-election: Requesting pre-vote from peer 6f8e517e75d440519fb9d468724d7798
I0819 06:34:02.316315 1971 raft_consensus.cc:1928] T 8b79633d21dc49868650b1a34ca1c8ea P 6d6a239df0a0404cb3455e68efcb792b [term 4 LEADER]: Leader pre-election vote request: Denying vote to candidate 54716c80d5de4d238c121acf92f30ec1 for term 5 because replica is either leader or believes a valid leader to be alive.
I0819 06:34:02.316407 2091 raft_consensus.cc:1928] T 8b79633d21dc49868650b1a34ca1c8ea P 6f8e517e75d440519fb9d468724d7798 [term 4 FOLLOWER]: Leader pre-election vote request: Denying vote to candidate 54716c80d5de4d238c121acf92f30ec1 for term 5 because replica is either leader or believes a valid leader to be alive.
I0819 06:34:02.317291 1779 leader_election.cc:363] T 8b79633d21dc49868650b1a34ca1c8ea P 54716c80d5de4d238c121acf92f30ec1 [CANDIDATE]: Term 5 pre-election: Vote denied by peer 6f8e517e75d440519fb9d468724d7798. Message: Invalid argument: T 8b79633d21dc49868650b1a34ca1c8ea P 6f8e517e75d440519fb9d468724d7798 [term 4 FOLLOWER]: Leader pre-election vote request: Denying vote to candidate 54716c80d5de4d238c121acf92f30ec1 for term 5 because replica is either leader or believes a valid leader to be alive.
I0819 06:34:02.318794 1781 leader_election.cc:363] T 8b79633d21dc49868650b1a34ca1c8ea P 54716c80d5de4d238c121acf92f30ec1 [CANDIDATE]: Term 5 pre-election: Vote denied by peer 6d6a239df0a0404cb3455e68efcb792b. Message: Invalid argument: T 8b79633d21dc49868650b1a34ca1c8ea P 6d6a239df0a0404cb3455e68efcb792b [term 4 LEADER]: Leader pre-election vote request: Denying vote to candidate 54716c80d5de4d238c121acf92f30ec1 for term 5 because replica is either leader or believes a valid leader to be alive.
I0819 06:34:02.319008 1781 leader_election.cc:244] T 8b79633d21dc49868650b1a34ca1c8ea P 54716c80d5de4d238c121acf92f30ec1 [CANDIDATE]: Term 5 pre-election: Election decided. Result: candidate lost.
I0819 06:34:02.327847 2236 raft_consensus.cc:2401] T 8b79633d21dc49868650b1a34ca1c8ea P 54716c80d5de4d238c121acf92f30ec1: Snoozing failure detection for election timeout plus an additional 0.024s
I0819 06:34:02.328140 2236 raft_consensus.cc:2141] T 8b79633d21dc49868650b1a34ca1c8ea P 54716c80d5de4d238c121acf92f30ec1 [term 4 FOLLOWER]: Leader pre-election lost for term 5. Reason: could not achieve majority
I0819 06:34:04.310173 2164 raft_consensus.cc:413] T 8b79633d21dc49868650b1a34ca1c8ea P 54716c80d5de4d238c121acf92f30ec1 [term 4 FOLLOWER]: Starting pre-election (detected failure of leader 6d6a239df0a0404cb3455e68efcb792b)
I0819 06:34:04.310456 2164 raft_consensus.cc:2401] T 8b79633d21dc49868650b1a34ca1c8ea P 54716c80d5de4d238c121acf92f30ec1: Snoozing failure detection for election timeout plus an additional 0.031s
I0819 06:34:04.310667 2164 raft_consensus.cc:437] T 8b79633d21dc49868650b1a34ca1c8ea P 54716c80d5de4d238c121acf92f30ec1 [term 4 FOLLOWER]: Starting pre-election with config: opid_index: -1 OBSOLETE_local: false peers { permanent_uuid: "6d6a239df0a0404cb3455e68efcb792b" member_type: VOTER last_known_addr { host: "127.4.126.2" port: 53826 } } peers { permanent_uuid: "54716c80d5de4d238c121acf92f30ec1" member_type: VOTER last_known_addr { host: "127.4.126.1" port: 33172 } } peers { permanent_uuid: "6f8e517e75d440519fb9d468724d7798" member_type: VOTER last_known_addr { host: "127.4.126.3" port: 53370 } }
I0819 06:34:04.311667 2164 leader_election.cc:217] T 8b79633d21dc49868650b1a34ca1c8ea P 54716c80d5de4d238c121acf92f30ec1 [CANDIDATE]: Term 5 pre-election: Requesting pre-vote from peer 6d6a239df0a0404cb3455e68efcb792b
I0819 06:34:04.312067 2164 leader_election.cc:217] T 8b79633d21dc49868650b1a34ca1c8ea P 54716c80d5de4d238c121acf92f30ec1 [CANDIDATE]: Term 5 pre-election: Requesting pre-vote from peer 6f8e517e75d440519fb9d468724d7798
I0819 06:34:04.317090 1971 raft_consensus.cc:1928] T 8b79633d21dc49868650b1a34ca1c8ea P 6d6a239df0a0404cb3455e68efcb792b [term 4 LEADER]: Leader pre-election vote request: Denying vote to candidate 54716c80d5de4d238c121acf92f30ec1 for term 5 because replica is either leader or believes a valid leader to be alive.
I0819 06:34:04.318150 1781 leader_election.cc:363] T 8b79633d21dc49868650b1a34ca1c8ea P 54716c80d5de4d238c121acf92f30ec1 [CANDIDATE]: Term 5 pre-election: Vote denied by peer 6d6a239df0a0404cb3455e68efcb792b. Message: Invalid argument: T 8b79633d21dc49868650b1a34ca1c8ea P 6d6a239df0a0404cb3455e68efcb792b [term 4 LEADER]: Leader pre-election vote request: Denying vote to candidate 54716c80d5de4d238c121acf92f30ec1 for term 5 because replica is either leader or believes a valid leader to be alive.
I0819 06:34:04.318352 2094 raft_consensus.cc:1942] T 8b79633d21dc49868650b1a34ca1c8ea P 6f8e517e75d440519fb9d468724d7798 [term 4 FOLLOWER]: Leader pre-election vote request: Denying vote to candidate 54716c80d5de4d238c121acf92f30ec1 for term 5 because replica is already servicing an update from a current leader or another vote.
I0819 06:34:04.319496 1779 leader_election.cc:363] T 8b79633d21dc49868650b1a34ca1c8ea P 54716c80d5de4d238c121acf92f30ec1 [CANDIDATE]: Term 5 pre-election: Vote denied by peer 6f8e517e75d440519fb9d468724d7798. Message: Service unavailable: T 8b79633d21dc49868650b1a34ca1c8ea P 6f8e517e75d440519fb9d468724d7798 [term 4 FOLLOWER]: Leader pre-election vote request: Denying vote to candidate 54716c80d5de4d238c121acf92f30ec1 for term 5 because replica is already servicing an update from a current leader or another vote.
I0819 06:34:04.319741 1779 leader_election.cc:244] T 8b79633d21dc49868650b1a34ca1c8ea P 54716c80d5de4d238c121acf92f30ec1 [CANDIDATE]: Term 5 pre-election: Election decided. Result: candidate lost.
I0819 06:34:04.333271 2237 raft_consensus.cc:2401] T 8b79633d21dc49868650b1a34ca1c8ea P 54716c80d5de4d238c121acf92f30ec1: Snoozing failure detection for election timeout plus an additional 0.022s
I0819 06:34:04.334354 2237 raft_consensus.cc:2141] T 8b79633d21dc49868650b1a34ca1c8ea P 54716c80d5de4d238c121acf92f30ec1 [term 4 FOLLOWER]: Leader pre-election lost for term 5. Reason: could not achieve majority
I0819 06:34:07.830746 2164 raft_consensus.cc:413] T 8b79633d21dc49868650b1a34ca1c8ea P 54716c80d5de4d238c121acf92f30ec1 [term 4 FOLLOWER]: Starting pre-election (detected failure of leader 6d6a239df0a0404cb3455e68efcb792b)
I0819 06:34:07.831027 2164 raft_consensus.cc:2401] T 8b79633d21dc49868650b1a34ca1c8ea P 54716c80d5de4d238c121acf92f30ec1: Snoozing failure detection for election timeout plus an additional 0.058s
I0819 06:34:07.831240 2164 raft_consensus.cc:437] T 8b79633d21dc49868650b1a34ca1c8ea P 54716c80d5de4d238c121acf92f30ec1 [term 4 FOLLOWER]: Starting pre-election with config: opid_index: -1 OBSOLETE_local: false peers { permanent_uuid: "6d6a239df0a0404cb3455e68efcb792b" member_type: VOTER last_known_addr { host: "127.4.126.2" port: 53826 } } peers { permanent_uuid: "54716c80d5de4d238c121acf92f30ec1" member_type: VOTER last_known_addr { host: "127.4.126.1" port: 33172 } } peers { permanent_uuid: "6f8e517e75d440519fb9d468724d7798" member_type: VOTER last_known_addr { host: "127.4.126.3" port: 53370 } }
I0819 06:34:07.832206 2164 leader_election.cc:217] T 8b79633d21dc49868650b1a34ca1c8ea P 54716c80d5de4d238c121acf92f30ec1 [CANDIDATE]: Term 5 pre-election: Requesting pre-vote from peer 6d6a239df0a0404cb3455e68efcb792b
I0819 06:34:07.832741 2164 leader_election.cc:217] T 8b79633d21dc49868650b1a34ca1c8ea P 54716c80d5de4d238c121acf92f30ec1 [CANDIDATE]: Term 5 pre-election: Requesting pre-vote from peer 6f8e517e75d440519fb9d468724d7798
I0819 06:34:07.835062 1971 raft_consensus.cc:1928] T 8b79633d21dc49868650b1a34ca1c8ea P 6d6a239df0a0404cb3455e68efcb792b [term 4 LEADER]: Leader pre-election vote request: Denying vote to candidate 54716c80d5de4d238c121acf92f30ec1 for term 5 because replica is either leader or believes a valid leader to be alive.
I0819 06:34:07.835968 1781 leader_election.cc:363] T 8b79633d21dc49868650b1a34ca1c8ea P 54716c80d5de4d238c121acf92f30ec1 [CANDIDATE]: Term 5 pre-election: Vote denied by peer 6d6a239df0a0404cb3455e68efcb792b. Message: Invalid argument: T 8b79633d21dc49868650b1a34ca1c8ea P 6d6a239df0a0404cb3455e68efcb792b [term 4 LEADER]: Leader pre-election vote request: Denying vote to candidate 54716c80d5de4d238c121acf92f30ec1 for term 5 because replica is either leader or believes a valid leader to be alive.
I0819 06:34:07.836616 2091 raft_consensus.cc:1928] T 8b79633d21dc49868650b1a34ca1c8ea P 6f8e517e75d440519fb9d468724d7798 [term 4 FOLLOWER]: Leader pre-election vote request: Denying vote to candidate 54716c80d5de4d238c121acf92f30ec1 for term 5 because replica is either leader or believes a valid leader to be alive.
I0819 06:34:07.837625 1779 leader_election.cc:363] T 8b79633d21dc49868650b1a34ca1c8ea P 54716c80d5de4d238c121acf92f30ec1 [CANDIDATE]: Term 5 pre-election: Vote denied by peer 6f8e517e75d440519fb9d468724d7798. Message: Invalid argument: T 8b79633d21dc49868650b1a34ca1c8ea P 6f8e517e75d440519fb9d468724d7798 [term 4 FOLLOWER]: Leader pre-election vote request: Denying vote to candidate 54716c80d5de4d238c121acf92f30ec1 for term 5 because replica is either leader or believes a valid leader to be alive.
I0819 06:34:07.837863 1779 leader_election.cc:244] T 8b79633d21dc49868650b1a34ca1c8ea P 54716c80d5de4d238c121acf92f30ec1 [CANDIDATE]: Term 5 pre-election: Election decided. Result: candidate lost.
I0819 06:34:07.845165 2238 raft_consensus.cc:2401] T 8b79633d21dc49868650b1a34ca1c8ea P 54716c80d5de4d238c121acf92f30ec1: Snoozing failure detection for election timeout plus an additional 0.062s
I0819 06:34:07.845494 2238 raft_consensus.cc:2141] T 8b79633d21dc49868650b1a34ca1c8ea P 54716c80d5de4d238c121acf92f30ec1 [term 4 FOLLOWER]: Leader pre-election lost for term 5. Reason: could not achieve majority
I0819 06:34:08.838306 2164 raft_consensus.cc:413] T 8b79633d21dc49868650b1a34ca1c8ea P 54716c80d5de4d238c121acf92f30ec1 [term 4 FOLLOWER]: Starting pre-election (detected failure of leader 6d6a239df0a0404cb3455e68efcb792b)
I0819 06:34:08.838587 2164 raft_consensus.cc:2401] T 8b79633d21dc49868650b1a34ca1c8ea P 54716c80d5de4d238c121acf92f30ec1: Snoozing failure detection for election timeout plus an additional 0.027s
I0819 06:34:08.838801 2164 raft_consensus.cc:437] T 8b79633d21dc49868650b1a34ca1c8ea P 54716c80d5de4d238c121acf92f30ec1 [term 4 FOLLOWER]: Starting pre-election with config: opid_index: -1 OBSOLETE_local: false peers { permanent_uuid: "6d6a239df0a0404cb3455e68efcb792b" member_type: VOTER last_known_addr { host: "127.4.126.2" port: 53826 } } peers { permanent_uuid: "54716c80d5de4d238c121acf92f30ec1" member_type: VOTER last_known_addr { host: "127.4.126.1" port: 33172 } } peers { permanent_uuid: "6f8e517e75d440519fb9d468724d7798" member_type: VOTER last_known_addr { host: "127.4.126.3" port: 53370 } }
I0819 06:34:08.839752 2164 leader_election.cc:217] T 8b79633d21dc49868650b1a34ca1c8ea P 54716c80d5de4d238c121acf92f30ec1 [CANDIDATE]: Term 5 pre-election: Requesting pre-vote from peer 6d6a239df0a0404cb3455e68efcb792b
I0819 06:34:08.840124 2164 leader_election.cc:217] T 8b79633d21dc49868650b1a34ca1c8ea P 54716c80d5de4d238c121acf92f30ec1 [CANDIDATE]: Term 5 pre-election: Requesting pre-vote from peer 6f8e517e75d440519fb9d468724d7798
I0819 06:34:08.841863 1971 raft_consensus.cc:1928] T 8b79633d21dc49868650b1a34ca1c8ea P 6d6a239df0a0404cb3455e68efcb792b [term 4 LEADER]: Leader pre-election vote request: Denying vote to candidate 54716c80d5de4d238c121acf92f30ec1 for term 5 because replica is either leader or believes a valid leader to be alive.
I0819 06:34:08.845643 1781 leader_election.cc:363] T 8b79633d21dc49868650b1a34ca1c8ea P 54716c80d5de4d238c121acf92f30ec1 [CANDIDATE]: Term 5 pre-election: Vote denied by peer 6d6a239df0a0404cb3455e68efcb792b. Message: Invalid argument: T 8b79633d21dc49868650b1a34ca1c8ea P 6d6a239df0a0404cb3455e68efcb792b [term 4 LEADER]: Leader pre-election vote request: Denying vote to candidate 54716c80d5de4d238c121acf92f30ec1 for term 5 because replica is either leader or believes a valid leader to be alive.
I0819 06:34:08.850843 2091 raft_consensus.cc:1942] T 8b79633d21dc49868650b1a34ca1c8ea P 6f8e517e75d440519fb9d468724d7798 [term 4 FOLLOWER]: Leader pre-election vote request: Denying vote to candidate 54716c80d5de4d238c121acf92f30ec1 for term 5 because replica is already servicing an update from a current leader or another vote.
I0819 06:34:08.852718 1779 leader_election.cc:363] T 8b79633d21dc49868650b1a34ca1c8ea P 54716c80d5de4d238c121acf92f30ec1 [CANDIDATE]: Term 5 pre-election: Vote denied by peer 6f8e517e75d440519fb9d468724d7798. Message: Service unavailable: T 8b79633d21dc49868650b1a34ca1c8ea P 6f8e517e75d440519fb9d468724d7798 [term 4 FOLLOWER]: Leader pre-election vote request: Denying vote to candidate 54716c80d5de4d238c121acf92f30ec1 for term 5 because replica is already servicing an update from a current leader or another vote.
I0819 06:34:08.852990 1779 leader_election.cc:244] T 8b79633d21dc49868650b1a34ca1c8ea P 54716c80d5de4d238c121acf92f30ec1 [CANDIDATE]: Term 5 pre-election: Election decided. Result: candidate lost.
I0819 06:34:08.857350 2164 raft_consensus.cc:413] T 8b79633d21dc49868650b1a34ca1c8ea P 54716c80d5de4d238c121acf92f30ec1 [term 4 FOLLOWER]: Starting pre-election (detected failure of leader 6d6a239df0a0404cb3455e68efcb792b)
I0819 06:34:08.857645 2164 raft_consensus.cc:2401] T 8b79633d21dc49868650b1a34ca1c8ea P 54716c80d5de4d238c121acf92f30ec1: Snoozing failure detection for election timeout plus an additional 0.038s
I0819 06:34:08.857844 2164 raft_consensus.cc:437] T 8b79633d21dc49868650b1a34ca1c8ea P 54716c80d5de4d238c121acf92f30ec1 [term 4 FOLLOWER]: Starting pre-election with config: opid_index: -1 OBSOLETE_local: false peers { permanent_uuid: "6d6a239df0a0404cb3455e68efcb792b" member_type: VOTER last_known_addr { host: "127.4.126.2" port: 53826 } } peers { permanent_uuid: "54716c80d5de4d238c121acf92f30ec1" member_type: VOTER last_known_addr { host: "127.4.126.1" port: 33172 } } peers { permanent_uuid: "6f8e517e75d440519fb9d468724d7798" member_type: VOTER last_known_addr { host: "127.4.126.3" port: 53370 } }
I0819 06:34:08.858808 2164 leader_election.cc:217] T 8b79633d21dc49868650b1a34ca1c8ea P 54716c80d5de4d238c121acf92f30ec1 [CANDIDATE]: Term 5 pre-election: Requesting pre-vote from peer 6d6a239df0a0404cb3455e68efcb792b
I0819 06:34:08.859206 2164 leader_election.cc:217] T 8b79633d21dc49868650b1a34ca1c8ea P 54716c80d5de4d238c121acf92f30ec1 [CANDIDATE]: Term 5 pre-election: Requesting pre-vote from peer 6f8e517e75d440519fb9d468724d7798
I0819 06:34:08.861197 2091 raft_consensus.cc:1928] T 8b79633d21dc49868650b1a34ca1c8ea P 6f8e517e75d440519fb9d468724d7798 [term 4 FOLLOWER]: Leader pre-election vote request: Denying vote to candidate 54716c80d5de4d238c121acf92f30ec1 for term 5 because replica is either leader or believes a valid leader to be alive.
I0819 06:34:08.861310 1971 raft_consensus.cc:1928] T 8b79633d21dc49868650b1a34ca1c8ea P 6d6a239df0a0404cb3455e68efcb792b [term 4 LEADER]: Leader pre-election vote request: Denying vote to candidate 54716c80d5de4d238c121acf92f30ec1 for term 5 because replica is either leader or believes a valid leader to be alive.
I0819 06:34:08.862401 1781 leader_election.cc:363] T 8b79633d21dc49868650b1a34ca1c8ea P 54716c80d5de4d238c121acf92f30ec1 [CANDIDATE]: Term 5 pre-election: Vote denied by peer 6d6a239df0a0404cb3455e68efcb792b. Message: Invalid argument: T 8b79633d21dc49868650b1a34ca1c8ea P 6d6a239df0a0404cb3455e68efcb792b [term 4 LEADER]: Leader pre-election vote request: Denying vote to candidate 54716c80d5de4d238c121acf92f30ec1 for term 5 because replica is either leader or believes a valid leader to be alive.
I0819 06:34:08.862732 1779 leader_election.cc:363] T 8b79633d21dc49868650b1a34ca1c8ea P 54716c80d5de4d238c121acf92f30ec1 [CANDIDATE]: Term 5 pre-election: Vote denied by peer 6f8e517e75d440519fb9d468724d7798. Message: Invalid argument: T 8b79633d21dc49868650b1a34ca1c8ea P 6f8e517e75d440519fb9d468724d7798 [term 4 FOLLOWER]: Leader pre-election vote request: Denying vote to candidate 54716c80d5de4d238c121acf92f30ec1 for term 5 because replica is either leader or believes a valid leader to be alive.
I0819 06:34:08.862885 1779 leader_election.cc:244] T 8b79633d21dc49868650b1a34ca1c8ea P 54716c80d5de4d238c121acf92f30ec1 [CANDIDATE]: Term 5 pre-election: Election decided. Result: candidate lost.
I0819 06:34:08.872637 2239 raft_consensus.cc:2401] T 8b79633d21dc49868650b1a34ca1c8ea P 54716c80d5de4d238c121acf92f30ec1: Snoozing failure detection for election timeout plus an additional 0.111s
I0819 06:34:08.873543 2239 raft_consensus.cc:2141] T 8b79633d21dc49868650b1a34ca1c8ea P 54716c80d5de4d238c121acf92f30ec1 [term 4 FOLLOWER]: Leader pre-election lost for term 5. Reason: could not achieve majority
I0819 06:34:08.873950 2240 raft_consensus.cc:2401] T 8b79633d21dc49868650b1a34ca1c8ea P 54716c80d5de4d238c121acf92f30ec1: Snoozing failure detection for election timeout plus an additional 0.017s
I0819 06:34:08.874207 2240 raft_consensus.cc:2141] T 8b79633d21dc49868650b1a34ca1c8ea P 54716c80d5de4d238c121acf92f30ec1 [term 4 FOLLOWER]: Leader pre-election lost for term 5. Reason: could not achieve majority
I0819 06:34:09.190999 2164 raft_consensus.cc:413] T 8b79633d21dc49868650b1a34ca1c8ea P 54716c80d5de4d238c121acf92f30ec1 [term 4 FOLLOWER]: Starting pre-election (detected failure of leader 6d6a239df0a0404cb3455e68efcb792b)
I0819 06:34:09.191220 2164 raft_consensus.cc:2401] T 8b79633d21dc49868650b1a34ca1c8ea P 54716c80d5de4d238c121acf92f30ec1: Snoozing failure detection for election timeout plus an additional 0.254s
I0819 06:34:09.191406 2164 raft_consensus.cc:437] T 8b79633d21dc49868650b1a34ca1c8ea P 54716c80d5de4d238c121acf92f30ec1 [term 4 FOLLOWER]: Starting pre-election with config: opid_index: -1 OBSOLETE_local: false peers { permanent_uuid: "6d6a239df0a0404cb3455e68efcb792b" member_type: VOTER last_known_addr { host: "127.4.126.2" port: 53826 } } peers { permanent_uuid: "54716c80d5de4d238c121acf92f30ec1" member_type: VOTER last_known_addr { host: "127.4.126.1" port: 33172 } } peers { permanent_uuid: "6f8e517e75d440519fb9d468724d7798" member_type: VOTER last_known_addr { host: "127.4.126.3" port: 53370 } }
I0819 06:34:09.192229 2164 leader_election.cc:217] T 8b79633d21dc49868650b1a34ca1c8ea P 54716c80d5de4d238c121acf92f30ec1 [CANDIDATE]: Term 5 pre-election: Requesting pre-vote from peer 6d6a239df0a0404cb3455e68efcb792b
I0819 06:34:09.192575 2164 leader_election.cc:217] T 8b79633d21dc49868650b1a34ca1c8ea P 54716c80d5de4d238c121acf92f30ec1 [CANDIDATE]: Term 5 pre-election: Requesting pre-vote from peer 6f8e517e75d440519fb9d468724d7798
I0819 06:34:09.193912 2091 raft_consensus.cc:1928] T 8b79633d21dc49868650b1a34ca1c8ea P 6f8e517e75d440519fb9d468724d7798 [term 4 FOLLOWER]: Leader pre-election vote request: Denying vote to candidate 54716c80d5de4d238c121acf92f30ec1 for term 5 because replica is either leader or believes a valid leader to be alive.
I0819 06:34:09.194679 1779 leader_election.cc:363] T 8b79633d21dc49868650b1a34ca1c8ea P 54716c80d5de4d238c121acf92f30ec1 [CANDIDATE]: Term 5 pre-election: Vote denied by peer 6f8e517e75d440519fb9d468724d7798. Message: Invalid argument: T 8b79633d21dc49868650b1a34ca1c8ea P 6f8e517e75d440519fb9d468724d7798 [term 4 FOLLOWER]: Leader pre-election vote request: Denying vote to candidate 54716c80d5de4d238c121acf92f30ec1 for term 5 because replica is either leader or believes a valid leader to be alive.
I0819 06:34:09.202455 1971 raft_consensus.cc:1942] T 8b79633d21dc49868650b1a34ca1c8ea P 6d6a239df0a0404cb3455e68efcb792b [term 4 LEADER]: Leader pre-election vote request: Denying vote to candidate 54716c80d5de4d238c121acf92f30ec1 for term 5 because replica is already servicing an update from a current leader or another vote.
I0819 06:34:09.203447 1781 leader_election.cc:363] T 8b79633d21dc49868650b1a34ca1c8ea P 54716c80d5de4d238c121acf92f30ec1 [CANDIDATE]: Term 5 pre-election: Vote denied by peer 6d6a239df0a0404cb3455e68efcb792b. Message: Service unavailable: T 8b79633d21dc49868650b1a34ca1c8ea P 6d6a239df0a0404cb3455e68efcb792b [term 4 LEADER]: Leader pre-election vote request: Denying vote to candidate 54716c80d5de4d238c121acf92f30ec1 for term 5 because replica is already servicing an update from a current leader or another vote.
I0819 06:34:09.203685 1781 leader_election.cc:244] T 8b79633d21dc49868650b1a34ca1c8ea P 54716c80d5de4d238c121acf92f30ec1 [CANDIDATE]: Term 5 pre-election: Election decided. Result: candidate lost.
I0819 06:34:09.204346 2239 raft_consensus.cc:2401] T 8b79633d21dc49868650b1a34ca1c8ea P 54716c80d5de4d238c121acf92f30ec1: Snoozing failure detection for election timeout plus an additional 0.089s
I0819 06:34:09.204566 2239 raft_consensus.cc:2141] T 8b79633d21dc49868650b1a34ca1c8ea P 54716c80d5de4d238c121acf92f30ec1 [term 4 FOLLOWER]: Leader pre-election lost for term 5. Reason: could not achieve majority
I0819 06:34:09.315235 2164 raft_consensus.cc:413] T 8b79633d21dc49868650b1a34ca1c8ea P 54716c80d5de4d238c121acf92f30ec1 [term 4 FOLLOWER]: Starting pre-election (detected failure of leader 6d6a239df0a0404cb3455e68efcb792b)
I0819 06:34:09.315544 2164 raft_consensus.cc:2401] T 8b79633d21dc49868650b1a34ca1c8ea P 54716c80d5de4d238c121acf92f30ec1: Snoozing failure detection for election timeout plus an additional 0.224s
I0819 06:34:09.315744 2164 raft_consensus.cc:437] T 8b79633d21dc49868650b1a34ca1c8ea P 54716c80d5de4d238c121acf92f30ec1 [term 4 FOLLOWER]: Starting pre-election with config: opid_index: -1 OBSOLETE_local: false peers { permanent_uuid: "6d6a239df0a0404cb3455e68efcb792b" member_type: VOTER last_known_addr { host: "127.4.126.2" port: 53826 } } peers { permanent_uuid: "54716c80d5de4d238c121acf92f30ec1" member_type: VOTER last_known_addr { host: "127.4.126.1" port: 33172 } } peers { permanent_uuid: "6f8e517e75d440519fb9d468724d7798" member_type: VOTER last_known_addr { host: "127.4.126.3" port: 53370 } }
I0819 06:34:09.316754 2164 leader_election.cc:217] T 8b79633d21dc49868650b1a34ca1c8ea P 54716c80d5de4d238c121acf92f30ec1 [CANDIDATE]: Term 5 pre-election: Requesting pre-vote from peer 6d6a239df0a0404cb3455e68efcb792b
I0819 06:34:09.317148 2164 leader_election.cc:217] T 8b79633d21dc49868650b1a34ca1c8ea P 54716c80d5de4d238c121acf92f30ec1 [CANDIDATE]: Term 5 pre-election: Requesting pre-vote from peer 6f8e517e75d440519fb9d468724d7798
I0819 06:34:09.318410 2094 raft_consensus.cc:1928] T 8b79633d21dc49868650b1a34ca1c8ea P 6f8e517e75d440519fb9d468724d7798 [term 4 FOLLOWER]: Leader pre-election vote request: Denying vote to candidate 54716c80d5de4d238c121acf92f30ec1 for term 5 because replica is either leader or believes a valid leader to be alive.
I0819 06:34:09.319140 1779 leader_election.cc:363] T 8b79633d21dc49868650b1a34ca1c8ea P 54716c80d5de4d238c121acf92f30ec1 [CANDIDATE]: Term 5 pre-election: Vote denied by peer 6f8e517e75d440519fb9d468724d7798. Message: Invalid argument: T 8b79633d21dc49868650b1a34ca1c8ea P 6f8e517e75d440519fb9d468724d7798 [term 4 FOLLOWER]: Leader pre-election vote request: Denying vote to candidate 54716c80d5de4d238c121acf92f30ec1 for term 5 because replica is either leader or believes a valid leader to be alive.
I0819 06:34:09.319779 1971 raft_consensus.cc:1928] T 8b79633d21dc49868650b1a34ca1c8ea P 6d6a239df0a0404cb3455e68efcb792b [term 4 LEADER]: Leader pre-election vote request: Denying vote to candidate 54716c80d5de4d238c121acf92f30ec1 for term 5 because replica is either leader or believes a valid leader to be alive.
I0819 06:34:09.320670 1781 leader_election.cc:363] T 8b79633d21dc49868650b1a34ca1c8ea P 54716c80d5de4d238c121acf92f30ec1 [CANDIDATE]: Term 5 pre-election: Vote denied by peer 6d6a239df0a0404cb3455e68efcb792b. Message: Invalid argument: T 8b79633d21dc49868650b1a34ca1c8ea P 6d6a239df0a0404cb3455e68efcb792b [term 4 LEADER]: Leader pre-election vote request: Denying vote to candidate 54716c80d5de4d238c121acf92f30ec1 for term 5 because replica is either leader or believes a valid leader to be alive.
I0819 06:34:09.320894 1781 leader_election.cc:244] T 8b79633d21dc49868650b1a34ca1c8ea P 54716c80d5de4d238c121acf92f30ec1 [CANDIDATE]: Term 5 pre-election: Election decided. Result: candidate lost.
I0819 06:34:09.324225 2240 raft_consensus.cc:2401] T 8b79633d21dc49868650b1a34ca1c8ea P 54716c80d5de4d238c121acf92f30ec1: Snoozing failure detection for election timeout plus an additional 0.119s
I0819 06:34:09.324446 2240 raft_consensus.cc:2141] T 8b79633d21dc49868650b1a34ca1c8ea P 54716c80d5de4d238c121acf92f30ec1 [term 4 FOLLOWER]: Leader pre-election lost for term 5. Reason: could not achieve majority
I0819 06:34:09.721729 2164 raft_consensus.cc:413] T 8b79633d21dc49868650b1a34ca1c8ea P 54716c80d5de4d238c121acf92f30ec1 [term 4 FOLLOWER]: Starting pre-election (detected failure of leader 6d6a239df0a0404cb3455e68efcb792b)
I0819 06:34:09.722004 2164 raft_consensus.cc:2401] T 8b79633d21dc49868650b1a34ca1c8ea P 54716c80d5de4d238c121acf92f30ec1: Snoozing failure detection for election timeout plus an additional 0.422s
I0819 06:34:09.722239 2164 raft_consensus.cc:437] T 8b79633d21dc49868650b1a34ca1c8ea P 54716c80d5de4d238c121acf92f30ec1 [term 4 FOLLOWER]: Starting pre-election with config: opid_index: -1 OBSOLETE_local: false peers { permanent_uuid: "6d6a239df0a0404cb3455e68efcb792b" member_type: VOTER last_known_addr { host: "127.4.126.2" port: 53826 } } peers { permanent_uuid: "54716c80d5de4d238c121acf92f30ec1" member_type: VOTER last_known_addr { host: "127.4.126.1" port: 33172 } } peers { permanent_uuid: "6f8e517e75d440519fb9d468724d7798" member_type: VOTER last_known_addr { host: "127.4.126.3" port: 53370 } }
I0819 06:34:09.722929 2164 leader_election.cc:217] T 8b79633d21dc49868650b1a34ca1c8ea P 54716c80d5de4d238c121acf92f30ec1 [CANDIDATE]: Term 5 pre-election: Requesting pre-vote from peer 6d6a239df0a0404cb3455e68efcb792b
I0819 06:34:09.723246 2164 leader_election.cc:217] T 8b79633d21dc49868650b1a34ca1c8ea P 54716c80d5de4d238c121acf92f30ec1 [CANDIDATE]: Term 5 pre-election: Requesting pre-vote from peer 6f8e517e75d440519fb9d468724d7798
I0819 06:34:09.725356 1971 raft_consensus.cc:1928] T 8b79633d21dc49868650b1a34ca1c8ea P 6d6a239df0a0404cb3455e68efcb792b [term 4 LEADER]: Leader pre-election vote request: Denying vote to candidate 54716c80d5de4d238c121acf92f30ec1 for term 5 because replica is either leader or believes a valid leader to be alive.
I0819 06:34:09.725392 2091 raft_consensus.cc:1928] T 8b79633d21dc49868650b1a34ca1c8ea P 6f8e517e75d440519fb9d468724d7798 [term 4 FOLLOWER]: Leader pre-election vote request: Denying vote to candidate 54716c80d5de4d238c121acf92f30ec1 for term 5 because replica is either leader or believes a valid leader to be alive.
I0819 06:34:09.726347 1781 leader_election.cc:363] T 8b79633d21dc49868650b1a34ca1c8ea P 54716c80d5de4d238c121acf92f30ec1 [CANDIDATE]: Term 5 pre-election: Vote denied by peer 6d6a239df0a0404cb3455e68efcb792b. Message: Invalid argument: T 8b79633d21dc49868650b1a34ca1c8ea P 6d6a239df0a0404cb3455e68efcb792b [term 4 LEADER]: Leader pre-election vote request: Denying vote to candidate 54716c80d5de4d238c121acf92f30ec1 for term 5 because replica is either leader or believes a valid leader to be alive.
I0819 06:34:09.727252 1779 leader_election.cc:363] T 8b79633d21dc49868650b1a34ca1c8ea P 54716c80d5de4d238c121acf92f30ec1 [CANDIDATE]: Term 5 pre-election: Vote denied by peer 6f8e517e75d440519fb9d468724d7798. Message: Invalid argument: T 8b79633d21dc49868650b1a34ca1c8ea P 6f8e517e75d440519fb9d468724d7798 [term 4 FOLLOWER]: Leader pre-election vote request: Denying vote to candidate 54716c80d5de4d238c121acf92f30ec1 for term 5 because replica is either leader or believes a valid leader to be alive.
I0819 06:34:09.727469 1779 leader_election.cc:244] T 8b79633d21dc49868650b1a34ca1c8ea P 54716c80d5de4d238c121acf92f30ec1 [CANDIDATE]: Term 5 pre-election: Election decided. Result: candidate lost.
I0819 06:34:09.728097 2240 raft_consensus.cc:2401] T 8b79633d21dc49868650b1a34ca1c8ea P 54716c80d5de4d238c121acf92f30ec1: Snoozing failure detection for election timeout plus an additional 0.239s
I0819 06:34:09.728289 2240 raft_consensus.cc:2141] T 8b79633d21dc49868650b1a34ca1c8ea P 54716c80d5de4d238c121acf92f30ec1 [term 4 FOLLOWER]: Leader pre-election lost for term 5. Reason: could not achieve majority Connected to the Master Fetched info from all 3 Tablet Servers Table test-workload is HEALTHY (1 tablet(s) checked) The metadata for 1 table(s) is HEALTHY Checksum finished in 0s: 0/3 replicas remaining (0B from disk, 60 rows summed) ----------------------- test-workload ----------------------- T 8b79633d21dc49868650b1a34ca1c8ea P 54716c80d5de4d238c121acf92f30ec1 (127.4.126.1:33172): Checksum: 38787228187 T 8b79633d21dc49868650b1a34ca1c8ea P 6d6a239df0a0404cb3455e68efcb792b (127.4.126.2:53826): Checksum: 38787228187 T 8b79633d21dc49868650b1a34ca1c8ea P 6f8e517e75d440519fb9d468724d7798 (127.4.126.3:53370): Checksum: 38787228187
I0819 06:34:10.426301 1150 log_verifier.cc:125] Checking tablet 8b79633d21dc49868650b1a34ca1c8ea
I0819 06:34:10.427115 1150 file_cache.cc:464] Constructed file cache lbm with capacity 26214
W0819 06:34:10.446362 1150 data_dirs.cc:364] IO error: Could not lock /tmp/run_tha_test479zHR/test-tmp/raft_consensus-itest.RaftConsensusITest.TestChurnyElections_WithDuplicateKeys.1503124412820022-1150/raft_consensus-itest-cluster/ts-0/data/data/block_manager_instance: Could not lock /tmp/run_tha_test479zHR/test-tmp/raft_consensus-itest.RaftConsensusITest.TestChurnyElections_WithDuplicateKeys.1503124412820022-1150/raft_consensus-itest-cluster/ts-0/data/data/block_manager_instance: lock /tmp/run_tha_test479zHR/test-tmp/raft_consensus-itest.RaftConsensusITest.TestChurnyElections_WithDuplicateKeys.1503124412820022-1150/raft_consensus-itest-cluster/ts-0/data/data/block_manager_instance: Resource temporarily unavailable (error 11)
W0819 06:34:10.452281 1150 data_dirs.cc:365] Proceeding without lock
I0819 06:34:10.495481 2268 log_block_manager.cc:2195] Read-only block manager, skipping repair
I0819 06:34:10.509055 1150 fs_report.cc:345] Block manager report -------------------- 1 data directories: /tmp/run_tha_test479zHR/test-tmp/raft_consensus-itest.RaftConsensusITest.TestChurnyElections_WithDuplicateKeys.1503124412820022-1150/raft_consensus-itest-cluster/ts-0/data/data Total live blocks: 0 Total live bytes: 0 Total live bytes (after alignment): 0 Total number of LBM containers: 0 (0 full) Did not check for missing blocks Did not check for orphaned blocks Total full LBM containers with extra space: 0 (0 repaired) Total full LBM container extra space in bytes: 0 (0 repaired) Total incomplete LBM containers: 0 (0 repaired) Total LBM partial records: 0 (0 repaired)
I0819 06:34:10.509861 1150 fs_manager.cc:280] Time spent opening block manager: real 0.064s user 0.008s sys 0.000s
I0819 06:34:10.517158 1150 fs_manager.cc:283] Opened local filesystem: /tmp/run_tha_test479zHR/test-tmp/raft_consensus-itest.RaftConsensusITest.TestChurnyElections_WithDuplicateKeys.1503124412820022-1150/raft_consensus-itest-cluster/ts-0/data,/tmp/run_tha_test479zHR/test-tmp/raft_consensus-itest.RaftConsensusITest.TestChurnyElections_WithDuplicateKeys.1503124412820022-1150/raft_consensus-itest-cluster/ts-0/wal uuid: "54716c80d5de4d238c121acf92f30ec1" format_stamp: "Formatted at 2017-08-19 06:33:38 on dist-test-slave-dist-test-slave-j33z"
I0819 06:34:10.720073 2164 raft_consensus.cc:413] T 8b79633d21dc49868650b1a34ca1c8ea P 54716c80d5de4d238c121acf92f30ec1 [term 4 FOLLOWER]: Starting pre-election (detected failure of leader 6d6a239df0a0404cb3455e68efcb792b)
I0819 06:34:10.720381 2164 raft_consensus.cc:2401] T 8b79633d21dc49868650b1a34ca1c8ea P 54716c80d5de4d238c121acf92f30ec1: Snoozing failure detection for election timeout plus an additional 0.323s
I0819 06:34:10.720618 2164 raft_consensus.cc:437] T 8b79633d21dc49868650b1a34ca1c8ea P 54716c80d5de4d238c121acf92f30ec1 [term 4 FOLLOWER]: Starting pre-election with config: opid_index: -1 OBSOLETE_local: false peers { permanent_uuid: "6d6a239df0a0404cb3455e68efcb792b" member_type: VOTER last_known_addr { host: "127.4.126.2" port: 53826 } } peers { permanent_uuid: "54716c80d5de4d238c121acf92f30ec1" member_type: VOTER last_known_addr { host: "127.4.126.1" port: 33172 } } peers { permanent_uuid: "6f8e517e75d440519fb9d468724d7798" member_type: VOTER last_known_addr { host: "127.4.126.3" port: 53370 } }
I0819 06:34:10.721616 2164 leader_election.cc:217] T 8b79633d21dc49868650b1a34ca1c8ea P 54716c80d5de4d238c121acf92f30ec1 [CANDIDATE]: Term 5 pre-election: Requesting pre-vote from peer 6d6a239df0a0404cb3455e68efcb792b
I0819 06:34:10.722036 2164 leader_election.cc:217] T 8b79633d21dc49868650b1a34ca1c8ea P 54716c80d5de4d238c121acf92f30ec1 [CANDIDATE]: Term 5 pre-election: Requesting pre-vote from peer 6f8e517e75d440519fb9d468724d7798
I0819 06:34:10.725322 1971 raft_consensus.cc:1928] T 8b79633d21dc49868650b1a34ca1c8ea P 6d6a239df0a0404cb3455e68efcb792b [term 4 LEADER]: Leader pre-election vote request: Denying vote to candidate 54716c80d5de4d238c121acf92f30ec1 for term 5 because replica is either leader or believes a valid leader to be alive.
I0819 06:34:10.726378 1781 leader_election.cc:363] T 8b79633d21dc49868650b1a34ca1c8ea P 54716c80d5de4d238c121acf92f30ec1 [CANDIDATE]: Term 5 pre-election: Vote denied by peer 6d6a239df0a0404cb3455e68efcb792b. Message: Invalid argument: T 8b79633d21dc49868650b1a34ca1c8ea P 6d6a239df0a0404cb3455e68efcb792b [term 4 LEADER]: Leader pre-election vote request: Denying vote to candidate 54716c80d5de4d238c121acf92f30ec1 for term 5 because replica is either leader or believes a valid leader to be alive.
I0819 06:34:10.726995 2094 raft_consensus.cc:1928] T 8b79633d21dc49868650b1a34ca1c8ea P 6f8e517e75d440519fb9d468724d7798 [term 4 FOLLOWER]: Leader pre-election vote request: Denying vote to candidate 54716c80d5de4d238c121acf92f30ec1 for term 5 because replica is either leader or believes a valid leader to be alive.
I0819 06:34:10.728070 1779 leader_election.cc:363] T 8b79633d21dc49868650b1a34ca1c8ea P 54716c80d5de4d238c121acf92f30ec1 [CANDIDATE]: Term 5 pre-election: Vote denied by peer 6f8e517e75d440519fb9d468724d7798. Message: Invalid argument: T 8b79633d21dc49868650b1a34ca1c8ea P 6f8e517e75d440519fb9d468724d7798 [term 4 FOLLOWER]: Leader pre-election vote request: Denying vote to candidate 54716c80d5de4d238c121acf92f30ec1 for term 5 because replica is either leader or believes a valid leader to be alive.
I0819 06:34:10.728303 1779 leader_election.cc:244] T 8b79633d21dc49868650b1a34ca1c8ea P 54716c80d5de4d238c121acf92f30ec1 [CANDIDATE]: Term 5 pre-election: Election decided. Result: candidate lost.
I0819 06:34:10.734473 2270 raft_consensus.cc:2401] T 8b79633d21dc49868650b1a34ca1c8ea P 54716c80d5de4d238c121acf92f30ec1: Snoozing failure detection for election timeout plus an additional 0.607s
I0819 06:34:10.734771 2270 raft_consensus.cc:2141] T 8b79633d21dc49868650b1a34ca1c8ea P 54716c80d5de4d238c121acf92f30ec1 [term 4 FOLLOWER]: Leader pre-election lost for term 5. Reason: could not achieve majority
I0819 06:34:13.401530 1150 file_cache.cc:464] Constructed file cache lbm with capacity 26214
W0819 06:34:13.411734 1150 data_dirs.cc:364] IO error: Could not lock /tmp/run_tha_test479zHR/test-tmp/raft_consensus-itest.RaftConsensusITest.TestChurnyElections_WithDuplicateKeys.1503124412820022-1150/raft_consensus-itest-cluster/ts-1/data/data/block_manager_instance: Could not lock /tmp/run_tha_test479zHR/test-tmp/raft_consensus-itest.RaftConsensusITest.TestChurnyElections_WithDuplicateKeys.1503124412820022-1150/raft_consensus-itest-cluster/ts-1/data/data/block_manager_instance: lock /tmp/run_tha_test479zHR/test-tmp/raft_consensus-itest.RaftConsensusITest.TestChurnyElections_WithDuplicateKeys.1503124412820022-1150/raft_consensus-itest-cluster/ts-1/data/data/block_manager_instance: Resource temporarily unavailable (error 11)
W0819 06:34:13.412045 1150 data_dirs.cc:365] Proceeding without lock
I0819 06:34:13.419273 2271 log_block_manager.cc:2195] Read-only block manager, skipping repair
I0819 06:34:13.419622 1150 fs_report.cc:345] Block manager report -------------------- 1 data directories: /tmp/run_tha_test479zHR/test-tmp/raft_consensus-itest.RaftConsensusITest.TestChurnyElections_WithDuplicateKeys.1503124412820022-1150/raft_consensus-itest-cluster/ts-1/data/data Total live blocks: 0 Total live bytes: 0 Total live bytes (after alignment): 0 Total number of LBM containers: 0 (0 full) Did not check for missing blocks Did not check for orphaned blocks Total full LBM containers with extra space: 0 (0 repaired) Total full LBM container extra space in bytes: 0 (0 repaired) Total incomplete LBM containers: 0 (0 repaired) Total LBM partial records: 0 (0 repaired)
I0819 06:34:13.420100 1150 fs_manager.cc:280] Time spent opening block manager: real 0.009s user 0.004s sys 0.008s
I0819 06:34:13.420271 1150 fs_manager.cc:283] Opened local filesystem: /tmp/run_tha_test479zHR/test-tmp/raft_consensus-itest.RaftConsensusITest.TestChurnyElections_WithDuplicateKeys.1503124412820022-1150/raft_consensus-itest-cluster/ts-1/data,/tmp/run_tha_test479zHR/test-tmp/raft_consensus-itest.RaftConsensusITest.TestChurnyElections_WithDuplicateKeys.1503124412820022-1150/raft_consensus-itest-cluster/ts-1/wal uuid: "6d6a239df0a0404cb3455e68efcb792b" format_stamp: "Formatted at 2017-08-19 06:33:39 on dist-test-slave-dist-test-slave-j33z"
I0819 06:34:14.836050 2164 raft_consensus.cc:413] T 8b79633d21dc49868650b1a34ca1c8ea P 54716c80d5de4d238c121acf92f30ec1 [term 4 FOLLOWER]: Starting pre-election (detected failure of leader 6d6a239df0a0404cb3455e68efcb792b)
I0819 06:34:14.836307 2164 raft_consensus.cc:2401] T 8b79633d21dc49868650b1a34ca1c8ea P 54716c80d5de4d238c121acf92f30ec1: Snoozing failure detection for election timeout plus an additional 0.167s
I0819 06:34:14.836529 2164 raft_consensus.cc:437] T 8b79633d21dc49868650b1a34ca1c8ea P 54716c80d5de4d238c121acf92f30ec1 [term 4 FOLLOWER]: Starting pre-election with config: opid_index: -1 OBSOLETE_local: false peers { permanent_uuid: "6d6a239df0a0404cb3455e68efcb792b" member_type: VOTER last_known_addr { host: "127.4.126.2" port: 53826 } } peers { permanent_uuid: "54716c80d5de4d238c121acf92f30ec1" member_type: VOTER last_known_addr { host: "127.4.126.1" port: 33172 } } peers { permanent_uuid: "6f8e517e75d440519fb9d468724d7798" member_type: VOTER last_known_addr { host: "127.4.126.3" port: 53370 } }
I0819 06:34:14.837438 2164 leader_election.cc:217] T 8b79633d21dc49868650b1a34ca1c8ea P 54716c80d5de4d238c121acf92f30ec1 [CANDIDATE]: Term 5 pre-election: Requesting pre-vote from peer 6d6a239df0a0404cb3455e68efcb792b
I0819 06:34:14.837749 2164 leader_election.cc:217] T 8b79633d21dc49868650b1a34ca1c8ea P 54716c80d5de4d238c121acf92f30ec1 [CANDIDATE]: Term 5 pre-election: Requesting pre-vote from peer 6f8e517e75d440519fb9d468724d7798
I0819 06:34:14.839059 1971 raft_consensus.cc:1928] T 8b79633d21dc49868650b1a34ca1c8ea P 6d6a239df0a0404cb3455e68efcb792b [term 4 LEADER]: Leader pre-election vote request: Denying vote to candidate 54716c80d5de4d238c121acf92f30ec1 for term 5 because replica is either leader or believes a valid leader to be alive.
I0819 06:34:14.839283 2094 raft_consensus.cc:1928] T 8b79633d21dc49868650b1a34ca1c8ea P 6f8e517e75d440519fb9d468724d7798 [term 4 FOLLOWER]: Leader pre-election vote request: Denying vote to candidate 54716c80d5de4d238c121acf92f30ec1 for term 5 because replica is either leader or believes a valid leader to be alive.
I0819 06:34:14.840283 1779 leader_election.cc:363] T 8b79633d21dc49868650b1a34ca1c8ea P 54716c80d5de4d238c121acf92f30ec1 [CANDIDATE]: Term 5 pre-election: Vote denied by peer 6f8e517e75d440519fb9d468724d7798. Message: Invalid argument: T 8b79633d21dc49868650b1a34ca1c8ea P 6f8e517e75d440519fb9d468724d7798 [term 4 FOLLOWER]: Leader pre-election vote request: Denying vote to candidate 54716c80d5de4d238c121acf92f30ec1 for term 5 because replica is either leader or believes a valid leader to be alive.
I0819 06:34:14.840684 1781 leader_election.cc:363] T 8b79633d21dc49868650b1a34ca1c8ea P 54716c80d5de4d238c121acf92f30ec1 [CANDIDATE]: Term 5 pre-election: Vote denied by peer 6d6a239df0a0404cb3455e68efcb792b. Message: Invalid argument: T 8b79633d21dc49868650b1a34ca1c8ea P 6d6a239df0a0404cb3455e68efcb792b [term 4 LEADER]: Leader pre-election vote request: Denying vote to candidate 54716c80d5de4d238c121acf92f30ec1 for term 5 because replica is either leader or believes a valid leader to be alive.
I0819 06:34:14.840925 1781 leader_election.cc:244] T 8b79633d21dc49868650b1a34ca1c8ea P 54716c80d5de4d238c121acf92f30ec1 [CANDIDATE]: Term 5 pre-election: Election decided. Result: candidate lost.
I0819 06:34:14.857447 2273 raft_consensus.cc:2401] T 8b79633d21dc49868650b1a34ca1c8ea P 54716c80d5de4d238c121acf92f30ec1: Snoozing failure detection for election timeout plus an additional 0.891s
I0819 06:34:14.857796 2273 raft_consensus.cc:2141] T 8b79633d21dc49868650b1a34ca1c8ea P 54716c80d5de4d238c121acf92f30ec1 [term 4 FOLLOWER]: Leader pre-election lost for term 5. Reason: could not achieve majority
I0819 06:34:15.237258 1150 file_cache.cc:464] Constructed file cache lbm with capacity 26214
W0819 06:34:15.244510 1150 data_dirs.cc:364] IO error: Could not lock /tmp/run_tha_test479zHR/test-tmp/raft_consensus-itest.RaftConsensusITest.TestChurnyElections_WithDuplicateKeys.1503124412820022-1150/raft_consensus-itest-cluster/ts-2/data/data/block_manager_instance: Could not lock /tmp/run_tha_test479zHR/test-tmp/raft_consensus-itest.RaftConsensusITest.TestChurnyElections_WithDuplicateKeys.1503124412820022-1150/raft_consensus-itest-cluster/ts-2/data/data/block_manager_instance: lock /tmp/run_tha_test479zHR/test-tmp/raft_consensus-itest.RaftConsensusITest.TestChurnyElections_WithDuplicateKeys.1503124412820022-1150/raft_consensus-itest-cluster/ts-2/data/data/block_manager_instance: Resource temporarily unavailable (error 11)
W0819 06:34:15.244683 1150 data_dirs.cc:365] Proceeding without lock
I0819 06:34:15.247613 2274 log_block_manager.cc:2195] Read-only block manager, skipping repair
I0819 06:34:15.247891 1150 fs_report.cc:345] Block manager report -------------------- 1 data directories: /tmp/run_tha_test479zHR/test-tmp/raft_consensus-itest.RaftConsensusITest.TestChurnyElections_WithDuplicateKeys.1503124412820022-1150/raft_consensus-itest-cluster/ts-2/data/data Total live blocks: 0 Total live bytes: 0 Total live bytes (after alignment): 0 Total number of LBM containers: 0 (0 full) Did not check for missing blocks Did not check for orphaned blocks Total full LBM containers with extra space: 0 (0 repaired) Total full LBM container extra space in bytes: 0 (0 repaired) Total incomplete LBM containers: 0 (0 repaired) Total LBM partial records: 0 (0 repaired)
I0819 06:34:15.248176 1150 fs_manager.cc:280] Time spent opening block manager: real 0.004s user 0.004s sys 0.000s
I0819 06:34:15.248355 1150 fs_manager.cc:283] Opened local filesystem: /tmp/run_tha_test479zHR/test-tmp/raft_consensus-itest.RaftConsensusITest.TestChurnyElections_WithDuplicateKeys.1503124412820022-1150/raft_consensus-itest-cluster/ts-2/data,/tmp/run_tha_test479zHR/test-tmp/raft_consensus-itest.RaftConsensusITest.TestChurnyElections_WithDuplicateKeys.1503124412820022-1150/raft_consensus-itest-cluster/ts-2/wal uuid: "6f8e517e75d440519fb9d468724d7798" format_stamp: "Formatted at 2017-08-19 06:33:39 on dist-test-slave-dist-test-slave-j33z"
