I0819 06:34:18.507031 2486 heartbeater.cc:365] Registering TS with master...
I0819 06:34:18.507627 2486 heartbeater.cc:392] Master 127.4.126.254:58831 requested a full tablet report, sending...
I0819 06:34:18.509402 2320 ts_manager.cc:79] Registered new tserver with Master: 2587296a7d144332aeff280fdf54b90f (127.4.126.1:56226)
I0819 06:34:18.510953 2320 master_service.cc:197] Signed X509 certificate for tserver {username='slave'} at 127.4.126.1:52333 WARNING: Logging before InitGoogleLogging() is written to STDERR
W0819 06:34:18.661490 2490 flags.cc:384] Enabled unsafe flag: --enable_leader_failure_detection=false
W0819 06:34:18.661887 2490 flags.cc:384] Enabled unsafe flag: --rpc_server_allow_ephemeral_ports=true
W0819 06:34:18.662088 2490 flags.cc:384] Enabled unsafe flag: --never_fsync=true
W0819 06:34:18.676558 2490 flags.cc:384] Enabled experimental flag: --ipki_server_key_size=1024
W0819 06:34:18.676905 2490 flags.cc:384] Enabled experimental flag: --local_ip_for_outbound_sockets=127.4.126.2
I0819 06:34:18.699056 2490 tablet_server_main.cc:64] Tablet server non-default flags: --enable_leader_failure_detection=false --fs_data_dirs=/tmp/run_tha_test479zHR/test-tmp/raft_consensus-itest.RaftConsensusITest.TestLeaderStepDown.1503124412820022-1150/raft_consensus-itest-cluster/ts-1/data --fs_wal_dir=/tmp/run_tha_test479zHR/test-tmp/raft_consensus-itest.RaftConsensusITest.TestLeaderStepDown.1503124412820022-1150/raft_consensus-itest-cluster/ts-1/wal --ipki_server_key_size=1024 --rpc_bind_addresses=127.4.126.2:0 --rpc_server_allow_ephemeral_ports=true --metrics_log_interval_ms=1000 --server_dump_info_format=pb --server_dump_info_path=/tmp/run_tha_test479zHR/test-tmp/raft_consensus-itest.RaftConsensusITest.TestLeaderStepDown.1503124412820022-1150/raft_consensus-itest-cluster/ts-1/data/info.pb --webserver_interface=127.4.126.2 --webserver_port=0 --tserver_master_addrs=127.4.126.254:58831 --never_fsync=true --heap_profile_path=/tmp/kudu-tserver.2490 --redact=flag --unlock_experimental_flags=true --unlock_unsafe_flags=true --enable_minidumps=false --local_ip_for_outbound_sockets=127.4.126.2 --log_dir=/tmp/run_tha_test479zHR/test-tmp/raft_consensus-itest.RaftConsensusITest.TestLeaderStepDown.1503124412820022-1150/raft_consensus-itest-cluster/ts-1/logs --logbuflevel=-1 --logtostderr=true Tablet server version: kudu 1.5.0-SNAPSHOT revision ba0f21e2316b78f167bbaba44cab392558d97b6f build type FASTDEBUG built by None at 19 Aug 2017 06:31:02 UTC on jenkins-slave-c3oe build id 9422 TSAN enabled
I0819 06:34:18.728952 2490 tablet_server_main.cc:71] Initializing tablet server...
I0819 06:34:18.730821 2490 system_ntp.cc:96] NTP initialized. Resolution in nanos?: 1 Skew PPM: 500 Current error: 1303405
I0819 06:34:18.731462 2490 env_posix.cc:1586] Not raising process file limit of 65536; it is already as high as it can go
I0819 06:34:18.731748 2490 file_cache.cc:464] Constructed file cache lbm with capacity 26214
I0819 06:34:18.736709 2490 server_base.cc:215] Could not load existing FS layout: Not found: /tmp/run_tha_test479zHR/test-tmp/raft_consensus-itest.RaftConsensusITest.TestLeaderStepDown.1503124412820022-1150/raft_consensus-itest-cluster/ts-1/data/instance: No such file or directory (error 2)
I0819 06:34:18.736855 2490 server_base.cc:216] Creating new FS layout
I0819 06:34:18.744292 2490 fs_manager.cc:394] Generated new instance metadata in path /tmp/run_tha_test479zHR/test-tmp/raft_consensus-itest.RaftConsensusITest.TestLeaderStepDown.1503124412820022-1150/raft_consensus-itest-cluster/ts-1/data/instance: uuid: "df90b3557def4c5db6b75f8e6ee27af5" format_stamp: "Formatted at 2017-08-19 06:34:18 on dist-test-slave-dist-test-slave-j33z"
I0819 06:34:18.745031 2490 fs_manager.cc:394] Generated new instance metadata in path /tmp/run_tha_test479zHR/test-tmp/raft_consensus-itest.RaftConsensusITest.TestLeaderStepDown.1503124412820022-1150/raft_consensus-itest-cluster/ts-1/wal/instance: uuid: "df90b3557def4c5db6b75f8e6ee27af5" format_stamp: "Formatted at 2017-08-19 06:34:18 on dist-test-slave-dist-test-slave-j33z"
I0819 06:34:18.777571 2490 fs_manager.cc:280] Time spent opening block manager: real 0.025s user 0.008s sys 0.020s
I0819 06:34:18.777727 2490 fs_manager.cc:283] Opened local filesystem: /tmp/run_tha_test479zHR/test-tmp/raft_consensus-itest.RaftConsensusITest.TestLeaderStepDown.1503124412820022-1150/raft_consensus-itest-cluster/ts-1/data,/tmp/run_tha_test479zHR/test-tmp/raft_consensus-itest.RaftConsensusITest.TestLeaderStepDown.1503124412820022-1150/raft_consensus-itest-cluster/ts-1/wal uuid: "df90b3557def4c5db6b75f8e6ee27af5" format_stamp: "Formatted at 2017-08-19 06:34:18 on dist-test-slave-dist-test-slave-j33z"
I0819 06:34:18.777943 2490 fs_report.cc:345] Block manager report -------------------- 1 data directories: /tmp/run_tha_test479zHR/test-tmp/raft_consensus-itest.RaftConsensusITest.TestLeaderStepDown.1503124412820022-1150/raft_consensus-itest-cluster/ts-1/data/data Total live blocks: 0 Total live bytes: 0 Total live bytes (after alignment): 0 Total number of LBM containers: 0 (0 full) Did not check for missing blocks Did not check for orphaned blocks Total full LBM containers with extra space: 0 (0 repaired) Total full LBM container extra space in bytes: 0 (0 repaired) Total incomplete LBM containers: 0 (0 repaired) Total LBM partial records: 0 (0 repaired)
I0819 06:34:19.038483 2490 ts_tablet_manager.cc:190] Loaded tablet metadata (0 live tablets)
I0819 06:34:19.039827 2490 tablet_server_main.cc:76] Starting tablet server...
I0819 06:34:19.134654 2490 rpc_server.cc:186] RPC server started. Bound to: 127.4.126.2:35352
I0819 06:34:19.135538 2490 webserver.cc:145] Starting webserver on 127.4.126.2:0
I0819 06:34:19.135640 2490 webserver.cc:156] Document root disabled
I0819 06:34:19.136863 2490 webserver.cc:278] Webserver started. Bound to: http://127.4.126.2:48305/
I0819 06:34:19.137573 2490 server_base.cc:359] Dumped server information to /tmp/run_tha_test479zHR/test-tmp/raft_consensus-itest.RaftConsensusITest.TestLeaderStepDown.1503124412820022-1150/raft_consensus-itest-cluster/ts-1/data/info.pb
I0819 06:34:19.139351 1150 external_mini_cluster.cc:814] Started /tmp/run_tha_test479zHR/build/tsan/bin/kudu-tserver as pid 2490
I0819 06:34:19.140326 1150 external_mini_cluster.cc:752] Running /tmp/run_tha_test479zHR/build/tsan/bin/kudu-tserver /tmp/run_tha_test479zHR/build/tsan/bin/kudu-tserver --fs_wal_dir=/tmp/run_tha_test479zHR/test-tmp/raft_consensus-itest.RaftConsensusITest.TestLeaderStepDown.1503124412820022-1150/raft_consensus-itest-cluster/ts-2/wal --fs_data_dirs=/tmp/run_tha_test479zHR/test-tmp/raft_consensus-itest.RaftConsensusITest.TestLeaderStepDown.1503124412820022-1150/raft_consensus-itest-cluster/ts-2/data --rpc_bind_addresses=127.4.126.3:0 --local_ip_for_outbound_sockets=127.4.126.3 --webserver_interface=127.4.126.3 --webserver_port=0 --tserver_master_addrs=127.4.126.254:58831 --never_fsync --ipki_server_key_size=1024 --enable_minidumps=false --redact=flag --metrics_log_interval_ms=1000 --logtostderr --logbuflevel=-1 --log_dir=/tmp/run_tha_test479zHR/test-tmp/raft_consensus-itest.RaftConsensusITest.TestLeaderStepDown.1503124412820022-1150/raft_consensus-itest-cluster/ts-2/logs --server_dump_info_path=/tmp/run_tha_test479zHR/test-tmp/raft_consensus-itest.RaftConsensusITest.TestLeaderStepDown.1503124412820022-1150/raft_consensus-itest-cluster/ts-2/data/info.pb --server_dump_info_format=pb --rpc_server_allow_ephemeral_ports --unlock_experimental_flags --unlock_unsafe_flags --enable_leader_failure_detection=false with env {}
I0819 06:34:19.153780 2490 tablet_server_main.cc:79] Tablet server successfully started.
I0819 06:34:19.172271 2611 heartbeater.cc:295] Connected to a master server at 127.4.126.254:58831
I0819 06:34:19.172626 2611 heartbeater.cc:365] Registering TS with master...
I0819 06:34:19.173162 2611 heartbeater.cc:392] Master 127.4.126.254:58831 requested a full tablet report, sending...
I0819 06:34:19.175019 2320 ts_manager.cc:79] Registered new tserver with Master: df90b3557def4c5db6b75f8e6ee27af5 (127.4.126.2:35352)
I0819 06:34:19.176666 2320 master_service.cc:197] Signed X509 certificate for tserver {username='slave'} at 127.4.126.2:52920
I0819 06:34:19.154250 2612 process_memory.cc:172] Process hard memory limit is 11.777661 GB
I0819 06:34:19.180662 2612 process_memory.cc:174] Process soft memory limit is 9.422129 GB
I0819 06:34:19.180757 2612 process_memory.cc:177] Process memory pressure threshold is 7.066597 GB WARNING: Logging before InitGoogleLogging() is written to STDERR
W0819 06:34:19.272526 2615 flags.cc:384] Enabled unsafe flag: --enable_leader_failure_detection=false
W0819 06:34:19.272900 2615 flags.cc:384] Enabled unsafe flag: --rpc_server_allow_ephemeral_ports=true
W0819 06:34:19.273092 2615 flags.cc:384] Enabled unsafe flag: --never_fsync=true
W0819 06:34:19.287437 2615 flags.cc:384] Enabled experimental flag: --ipki_server_key_size=1024
W0819 06:34:19.287781 2615 flags.cc:384] Enabled experimental flag: --local_ip_for_outbound_sockets=127.4.126.3
I0819 06:34:19.307174 2615 tablet_server_main.cc:64] Tablet server non-default flags: --enable_leader_failure_detection=false --fs_data_dirs=/tmp/run_tha_test479zHR/test-tmp/raft_consensus-itest.RaftConsensusITest.TestLeaderStepDown.1503124412820022-1150/raft_consensus-itest-cluster/ts-2/data --fs_wal_dir=/tmp/run_tha_test479zHR/test-tmp/raft_consensus-itest.RaftConsensusITest.TestLeaderStepDown.1503124412820022-1150/raft_consensus-itest-cluster/ts-2/wal --ipki_server_key_size=1024 --rpc_bind_addresses=127.4.126.3:0 --rpc_server_allow_ephemeral_ports=true --metrics_log_interval_ms=1000 --server_dump_info_format=pb --server_dump_info_path=/tmp/run_tha_test479zHR/test-tmp/raft_consensus-itest.RaftConsensusITest.TestLeaderStepDown.1503124412820022-1150/raft_consensus-itest-cluster/ts-2/data/info.pb --webserver_interface=127.4.126.3 --webserver_port=0 --tserver_master_addrs=127.4.126.254:58831 --never_fsync=true --heap_profile_path=/tmp/kudu-tserver.2615 --redact=flag --unlock_experimental_flags=true --unlock_unsafe_flags=true --enable_minidumps=false --local_ip_for_outbound_sockets=127.4.126.3 --log_dir=/tmp/run_tha_test479zHR/test-tmp/raft_consensus-itest.RaftConsensusITest.TestLeaderStepDown.1503124412820022-1150/raft_consensus-itest-cluster/ts-2/logs --logbuflevel=-1 --logtostderr=true Tablet server version: kudu 1.5.0-SNAPSHOT revision ba0f21e2316b78f167bbaba44cab392558d97b6f build type FASTDEBUG built by None at 19 Aug 2017 06:31:02 UTC on jenkins-slave-c3oe build id 9422 TSAN enabled
I0819 06:34:19.317493 2615 tablet_server_main.cc:71] Initializing tablet server...
I0819 06:34:19.319263 2615 system_ntp.cc:96] NTP initialized. Resolution in nanos?: 1 Skew PPM: 500 Current error: 1303905
I0819 06:34:19.319850 2615 env_posix.cc:1586] Not raising process file limit of 65536; it is already as high as it can go
I0819 06:34:19.320125 2615 file_cache.cc:464] Constructed file cache lbm with capacity 26214
I0819 06:34:19.325107 2615 server_base.cc:215] Could not load existing FS layout: Not found: /tmp/run_tha_test479zHR/test-tmp/raft_consensus-itest.RaftConsensusITest.TestLeaderStepDown.1503124412820022-1150/raft_consensus-itest-cluster/ts-2/data/instance: No such file or directory (error 2)
I0819 06:34:19.325243 2615 server_base.cc:216] Creating new FS layout
I0819 06:34:19.332767 2615 fs_manager.cc:394] Generated new instance metadata in path /tmp/run_tha_test479zHR/test-tmp/raft_consensus-itest.RaftConsensusITest.TestLeaderStepDown.1503124412820022-1150/raft_consensus-itest-cluster/ts-2/data/instance: uuid: "d870d0b156694601ace827bffc47e332" format_stamp: "Formatted at 2017-08-19 06:34:19 on dist-test-slave-dist-test-slave-j33z"
I0819 06:34:19.333528 2615 fs_manager.cc:394] Generated new instance metadata in path /tmp/run_tha_test479zHR/test-tmp/raft_consensus-itest.RaftConsensusITest.TestLeaderStepDown.1503124412820022-1150/raft_consensus-itest-cluster/ts-2/wal/instance: uuid: "d870d0b156694601ace827bffc47e332" format_stamp: "Formatted at 2017-08-19 06:34:19 on dist-test-slave-dist-test-slave-j33z"
I0819 06:34:19.344204 2615 fs_manager.cc:280] Time spent opening block manager: real 0.004s user 0.004s sys 0.000s
I0819 06:34:19.344347 2615 fs_manager.cc:283] Opened local filesystem: /tmp/run_tha_test479zHR/test-tmp/raft_consensus-itest.RaftConsensusITest.TestLeaderStepDown.1503124412820022-1150/raft_consensus-itest-cluster/ts-2/data,/tmp/run_tha_test479zHR/test-tmp/raft_consensus-itest.RaftConsensusITest.TestLeaderStepDown.1503124412820022-1150/raft_consensus-itest-cluster/ts-2/wal uuid: "d870d0b156694601ace827bffc47e332" format_stamp: "Formatted at 2017-08-19 06:34:19 on dist-test-slave-dist-test-slave-j33z"
I0819 06:34:19.344554 2615 fs_report.cc:345] Block manager report -------------------- 1 data directories: /tmp/run_tha_test479zHR/test-tmp/raft_consensus-itest.RaftConsensusITest.TestLeaderStepDown.1503124412820022-1150/raft_consensus-itest-cluster/ts-2/data/data Total live blocks: 0 Total live bytes: 0 Total live bytes (after alignment): 0 Total number of LBM containers: 0 (0 full) Did not check for missing blocks Did not check for orphaned blocks Total full LBM containers with extra space: 0 (0 repaired) Total full LBM container extra space in bytes: 0 (0 repaired) Total incomplete LBM containers: 0 (0 repaired) Total LBM partial records: 0 (0 repaired)
I0819 06:34:19.514161 2486 heartbeater.cc:384] Master 127.4.126.254:58831 was elected leader, sending a full tablet report...
I0819 06:34:19.537271 2615 ts_tablet_manager.cc:190] Loaded tablet metadata (0 live tablets)
I0819 06:34:19.538395 2615 tablet_server_main.cc:76] Starting tablet server...
I0819 06:34:19.629261 2615 rpc_server.cc:186] RPC server started. Bound to: 127.4.126.3:40253
I0819 06:34:19.630139 2615 webserver.cc:145] Starting webserver on 127.4.126.3:0
I0819 06:34:19.630240 2615 webserver.cc:156] Document root disabled
I0819 06:34:19.631441 2615 webserver.cc:278] Webserver started. Bound to: http://127.4.126.3:40073/
I0819 06:34:19.632179 2615 server_base.cc:359] Dumped server information to /tmp/run_tha_test479zHR/test-tmp/raft_consensus-itest.RaftConsensusITest.TestLeaderStepDown.1503124412820022-1150/raft_consensus-itest-cluster/ts-2/data/info.pb
I0819 06:34:19.634652 1150 external_mini_cluster.cc:814] Started /tmp/run_tha_test479zHR/build/tsan/bin/kudu-tserver as pid 2615
I0819 06:34:19.635177 2615 tablet_server_main.cc:79] Tablet server successfully started.
I0819 06:34:19.658737 2736 heartbeater.cc:295] Connected to a master server at 127.4.126.254:58831
I0819 06:34:19.659029 2736 heartbeater.cc:365] Registering TS with master...
I0819 06:34:19.659826 2736 heartbeater.cc:392] Master 127.4.126.254:58831 requested a full tablet report, sending...
I0819 06:34:19.661532 2320 ts_manager.cc:79] Registered new tserver with Master: d870d0b156694601ace827bffc47e332 (127.4.126.3:40253)
I0819 06:34:19.662587 2320 master_service.cc:197] Signed X509 certificate for tserver {username='slave'} at 127.4.126.3:55138
I0819 06:34:19.637061 2737 process_memory.cc:172] Process hard memory limit is 11.777661 GB
I0819 06:34:19.677166 2737 process_memory.cc:174] Process soft memory limit is 9.422129 GB
I0819 06:34:19.677284 2737 process_memory.cc:177] Process memory pressure threshold is 7.066597 GB
I0819 06:34:19.680553 1150 external_mini_cluster.cc:454] 3 TS(s) registered with all masters
I0819 06:34:19.700472 2320 catalog_manager.cc:1281] CreateTable from {username='slave'} at 127.0.0.1:37302: name: "TestTable" schema { columns { name: "key" type: INT32 is_key: true is_nullable: false encoding: AUTO_ENCODING compression: DEFAULT_COMPRESSION cfile_block_size: 0 } columns { name: "int_val" type: INT32 is_key: false is_nullable: false encoding: AUTO_ENCODING compression: DEFAULT_COMPRESSION cfile_block_size: 0 } columns { name: "string_val" type: STRING is_key: false is_nullable: true encoding: AUTO_ENCODING compression: DEFAULT_COMPRESSION cfile_block_size: 0 } } num_replicas: 3 split_rows_range_bounds { } partition_schema { range_schema { columns { name: "key" } } }
I0819 06:34:19.749433 2423 tablet_service.cc:684] Processing CreateTablet for tablet 60b28a975fb04ca2a1c0c8151ee3765b (table=TestTable [id=349b61d778e84ed9be15c83727173c9d]), partition=RANGE (key) PARTITION UNBOUNDED
I0819 06:34:19.750133 2548 tablet_service.cc:684] Processing CreateTablet for tablet 60b28a975fb04ca2a1c0c8151ee3765b (table=TestTable [id=349b61d778e84ed9be15c83727173c9d]), partition=RANGE (key) PARTITION UNBOUNDED
I0819 06:34:19.757385 2673 tablet_service.cc:684] Processing CreateTablet for tablet 60b28a975fb04ca2a1c0c8151ee3765b (table=TestTable [id=349b61d778e84ed9be15c83727173c9d]), partition=RANGE (key) PARTITION UNBOUNDED
I0819 06:34:19.760624 2423 ts_tablet_manager.cc:877] T 60b28a975fb04ca2a1c0c8151ee3765b P 2587296a7d144332aeff280fdf54b90f: Registered tablet (data state: TABLET_DATA_READY)
I0819 06:34:19.763537 2756 ts_tablet_manager.cc:740] T 60b28a975fb04ca2a1c0c8151ee3765b P 2587296a7d144332aeff280fdf54b90f: Bootstrapping tablet
I0819 06:34:19.764077 2756 tablet_bootstrap.cc:402] T 60b28a975fb04ca2a1c0c8151ee3765b P 2587296a7d144332aeff280fdf54b90f: Bootstrap starting.
I0819 06:34:19.765714 2548 ts_tablet_manager.cc:877] T 60b28a975fb04ca2a1c0c8151ee3765b P df90b3557def4c5db6b75f8e6ee27af5: Registered tablet (data state: TABLET_DATA_READY)
I0819 06:34:19.767822 2756 tablet_bootstrap.cc:537] T 60b28a975fb04ca2a1c0c8151ee3765b P 2587296a7d144332aeff280fdf54b90f: No blocks or log segments found. Creating new log.
I0819 06:34:19.769546 2756 log.cc:511] T 60b28a975fb04ca2a1c0c8151ee3765b P 2587296a7d144332aeff280fdf54b90f: Log is configured to *not* fsync() on all Append() calls
I0819 06:34:19.773190 2757 ts_tablet_manager.cc:740] T 60b28a975fb04ca2a1c0c8151ee3765b P df90b3557def4c5db6b75f8e6ee27af5: Bootstrapping tablet
I0819 06:34:19.774081 2757 tablet_bootstrap.cc:402] T 60b28a975fb04ca2a1c0c8151ee3765b P df90b3557def4c5db6b75f8e6ee27af5: Bootstrap starting.
I0819 06:34:19.775192 2673 ts_tablet_manager.cc:877] T 60b28a975fb04ca2a1c0c8151ee3765b P d870d0b156694601ace827bffc47e332: Registered tablet (data state: TABLET_DATA_READY)
I0819 06:34:19.778139 2759 ts_tablet_manager.cc:740] T 60b28a975fb04ca2a1c0c8151ee3765b P d870d0b156694601ace827bffc47e332: Bootstrapping tablet
I0819 06:34:19.778437 2757 tablet_bootstrap.cc:537] T 60b28a975fb04ca2a1c0c8151ee3765b P df90b3557def4c5db6b75f8e6ee27af5: No blocks or log segments found. Creating new log.
I0819 06:34:19.778606 2759 tablet_bootstrap.cc:402] T 60b28a975fb04ca2a1c0c8151ee3765b P d870d0b156694601ace827bffc47e332: Bootstrap starting.
I0819 06:34:19.780144 2757 log.cc:511] T 60b28a975fb04ca2a1c0c8151ee3765b P df90b3557def4c5db6b75f8e6ee27af5: Log is configured to *not* fsync() on all Append() calls
I0819 06:34:19.782030 2756 tablet_bootstrap.cc:402] T 60b28a975fb04ca2a1c0c8151ee3765b P 2587296a7d144332aeff280fdf54b90f: No bootstrap required, opened a new log
I0819 06:34:19.782389 2759 tablet_bootstrap.cc:537] T 60b28a975fb04ca2a1c0c8151ee3765b P d870d0b156694601ace827bffc47e332: No blocks or log segments found. Creating new log.
I0819 06:34:19.782479 2756 ts_tablet_manager.cc:752] T 60b28a975fb04ca2a1c0c8151ee3765b P 2587296a7d144332aeff280fdf54b90f: Time spent bootstrapping tablet: real 0.019s user 0.008s sys 0.004s
I0819 06:34:19.783149 2757 tablet_bootstrap.cc:402] T 60b28a975fb04ca2a1c0c8151ee3765b P df90b3557def4c5db6b75f8e6ee27af5: No bootstrap required, opened a new log
I0819 06:34:19.783517 2757 ts_tablet_manager.cc:752] T 60b28a975fb04ca2a1c0c8151ee3765b P df90b3557def4c5db6b75f8e6ee27af5: Time spent bootstrapping tablet: real 0.010s user 0.004s sys 0.000s
I0819 06:34:19.783787 2759 log.cc:511] T 60b28a975fb04ca2a1c0c8151ee3765b P d870d0b156694601ace827bffc47e332: Log is configured to *not* fsync() on all Append() calls
I0819 06:34:19.784436 2756 raft_consensus.cc:286] T 60b28a975fb04ca2a1c0c8151ee3765b P 2587296a7d144332aeff280fdf54b90f [term 0 FOLLOWER]: Replica starting. Triggering 0 pending transactions. Active config: opid_index: -1 OBSOLETE_local: false peers { permanent_uuid: "df90b3557def4c5db6b75f8e6ee27af5" member_type: VOTER last_known_addr { host: "127.4.126.2" port: 35352 } } peers { permanent_uuid: "2587296a7d144332aeff280fdf54b90f" member_type: VOTER last_known_addr { host: "127.4.126.1" port: 56226 } } peers { permanent_uuid: "d870d0b156694601ace827bffc47e332" member_type: VOTER last_known_addr { host: "127.4.126.3" port: 40253 } }
I0819 06:34:19.785358 2756 raft_consensus.cc:574] T 60b28a975fb04ca2a1c0c8151ee3765b P 2587296a7d144332aeff280fdf54b90f [term 0 FOLLOWER]: Becoming Follower/Learner. State: Replica: 2587296a7d144332aeff280fdf54b90f, State: Running, Role: FOLLOWER
I0819 06:34:19.785670 2756 consensus_queue.cc:190] T 60b28a975fb04ca2a1c0c8151ee3765b P 2587296a7d144332aeff280fdf54b90f [NON_LEADER]: Queue going to NON_LEADER mode. State: All replicated index: 0, Majority replicated index: 0, Committed index: 0, Last appended: 0.0, Last appended by leader: 0, Current term: 0, Majority size: -1, State: 1, Mode: NON_LEADER
I0819 06:34:19.786587 2759 tablet_bootstrap.cc:402] T 60b28a975fb04ca2a1c0c8151ee3765b P d870d0b156694601ace827bffc47e332: No bootstrap required, opened a new log
I0819 06:34:19.786973 2759 ts_tablet_manager.cc:752] T 60b28a975fb04ca2a1c0c8151ee3765b P d870d0b156694601ace827bffc47e332: Time spent bootstrapping tablet: real 0.009s user 0.008s sys 0.004s
I0819 06:34:19.788172 2756 ts_tablet_manager.cc:781] T 60b28a975fb04ca2a1c0c8151ee3765b P 2587296a7d144332aeff280fdf54b90f: Time spent starting tablet: real 0.006s user 0.004s sys 0.000s
I0819 06:34:19.788583 2759 raft_consensus.cc:286] T 60b28a975fb04ca2a1c0c8151ee3765b P d870d0b156694601ace827bffc47e332 [term 0 FOLLOWER]: Replica starting. Triggering 0 pending transactions. Active config: opid_index: -1 OBSOLETE_local: false peers { permanent_uuid: "df90b3557def4c5db6b75f8e6ee27af5" member_type: VOTER last_known_addr { host: "127.4.126.2" port: 35352 } } peers { permanent_uuid: "2587296a7d144332aeff280fdf54b90f" member_type: VOTER last_known_addr { host: "127.4.126.1" port: 56226 } } peers { permanent_uuid: "d870d0b156694601ace827bffc47e332" member_type: VOTER last_known_addr { host: "127.4.126.3" port: 40253 } }
I0819 06:34:19.789212 2759 raft_consensus.cc:574] T 60b28a975fb04ca2a1c0c8151ee3765b P d870d0b156694601ace827bffc47e332 [term 0 FOLLOWER]: Becoming Follower/Learner. State: Replica: d870d0b156694601ace827bffc47e332, State: Running, Role: FOLLOWER
I0819 06:34:19.789496 2759 consensus_queue.cc:190] T 60b28a975fb04ca2a1c0c8151ee3765b P d870d0b156694601ace827bffc47e332 [NON_LEADER]: Queue going to NON_LEADER mode. State: All replicated index: 0, Majority replicated index: 0, Committed index: 0, Last appended: 0.0, Last appended by leader: 0, Current term: 0, Majority size: -1, State: 1, Mode: NON_LEADER
I0819 06:34:19.788806 2757 raft_consensus.cc:286] T 60b28a975fb04ca2a1c0c8151ee3765b P df90b3557def4c5db6b75f8e6ee27af5 [term 0 FOLLOWER]: Replica starting. Triggering 0 pending transactions. Active config: opid_index: -1 OBSOLETE_local: false peers { permanent_uuid: "df90b3557def4c5db6b75f8e6ee27af5" member_type: VOTER last_known_addr { host: "127.4.126.2" port: 35352 } } peers { permanent_uuid: "2587296a7d144332aeff280fdf54b90f" member_type: VOTER last_known_addr { host: "127.4.126.1" port: 56226 } } peers { permanent_uuid: "d870d0b156694601ace827bffc47e332" member_type: VOTER last_known_addr { host: "127.4.126.3" port: 40253 } }
I0819 06:34:19.791193 2757 raft_consensus.cc:574] T 60b28a975fb04ca2a1c0c8151ee3765b P df90b3557def4c5db6b75f8e6ee27af5 [term 0 FOLLOWER]: Becoming Follower/Learner. State: Replica: df90b3557def4c5db6b75f8e6ee27af5, State: Running, Role: FOLLOWER
I0819 06:34:19.791492 2757 consensus_queue.cc:190] T 60b28a975fb04ca2a1c0c8151ee3765b P df90b3557def4c5db6b75f8e6ee27af5 [NON_LEADER]: Queue going to NON_LEADER mode. State: All replicated index: 0, Majority replicated index: 0, Committed index: 0, Last appended: 0.0, Last appended by leader: 0, Current term: 0, Majority size: -1, State: 1, Mode: NON_LEADER
I0819 06:34:19.794713 2611 heartbeater.cc:384] Master 127.4.126.254:58831 was elected leader, sending a full tablet report...
I0819 06:34:19.802048 2757 ts_tablet_manager.cc:781] T 60b28a975fb04ca2a1c0c8151ee3765b P df90b3557def4c5db6b75f8e6ee27af5: Time spent starting tablet: real 0.018s user 0.008s sys 0.000s
I0819 06:34:19.803573 2736 heartbeater.cc:384] Master 127.4.126.254:58831 was elected leader, sending a full tablet report...
I0819 06:34:19.804000 2759 ts_tablet_manager.cc:781] T 60b28a975fb04ca2a1c0c8151ee3765b P d870d0b156694601ace827bffc47e332: Time spent starting tablet: real 0.017s user 0.004s sys 0.008s
I0819 06:34:19.805227 1150 external_mini_cluster.cc:454] 3 TS(s) registered with all masters
I0819 06:34:19.807314 1150 ts_itest-base.h:198] Waiting for 1 tablets on tserver 2587296a7d144332aeff280fdf54b90f to finish bootstrapping
I0819 06:34:19.817879 1150 ts_itest-base.h:198] Waiting for 1 tablets on tserver df90b3557def4c5db6b75f8e6ee27af5 to finish bootstrapping
I0819 06:34:19.827038 1150 ts_itest-base.h:198] Waiting for 1 tablets on tserver d870d0b156694601ace827bffc47e332 to finish bootstrapping
I0819 06:34:19.846720 2443 raft_consensus.cc:413] T 60b28a975fb04ca2a1c0c8151ee3765b P 2587296a7d144332aeff280fdf54b90f [term 0 FOLLOWER]: Starting forced leader election (received explicit request)
I0819 06:34:19.846930 2443 raft_consensus.cc:2448] T 60b28a975fb04ca2a1c0c8151ee3765b P 2587296a7d144332aeff280fdf54b90f [term 0 FOLLOWER]: Advancing to term 1
I0819 06:34:19.849731 2443 raft_consensus.cc:437] T 60b28a975fb04ca2a1c0c8151ee3765b P 2587296a7d144332aeff280fdf54b90f [term 1 FOLLOWER]: Starting forced leader election with config: opid_index: -1 OBSOLETE_local: false peers { permanent_uuid: "df90b3557def4c5db6b75f8e6ee27af5" member_type: VOTER last_known_addr { host: "127.4.126.2" port: 35352 } } peers { permanent_uuid: "2587296a7d144332aeff280fdf54b90f" member_type: VOTER last_known_addr { host: "127.4.126.1" port: 56226 } } peers { permanent_uuid: "d870d0b156694601ace827bffc47e332" member_type: VOTER last_known_addr { host: "127.4.126.3" port: 40253 } }
I0819 06:34:19.850739 2443 leader_election.cc:217] T 60b28a975fb04ca2a1c0c8151ee3765b P 2587296a7d144332aeff280fdf54b90f [CANDIDATE]: Term 1 election: Requesting vote from peer df90b3557def4c5db6b75f8e6ee27af5
I0819 06:34:19.851184 2443 leader_election.cc:217] T 60b28a975fb04ca2a1c0c8151ee3765b P 2587296a7d144332aeff280fdf54b90f [CANDIDATE]: Term 1 election: Requesting vote from peer d870d0b156694601ace827bffc47e332
I0819 06:34:19.866642 2693 raft_consensus.cc:2448] T 60b28a975fb04ca2a1c0c8151ee3765b P d870d0b156694601ace827bffc47e332 [term 0 FOLLOWER]: Advancing to term 1
I0819 06:34:19.867091 2568 raft_consensus.cc:2448] T 60b28a975fb04ca2a1c0c8151ee3765b P df90b3557def4c5db6b75f8e6ee27af5 [term 0 FOLLOWER]: Advancing to term 1
I0819 06:34:19.869753 2693 raft_consensus.cc:1967] T 60b28a975fb04ca2a1c0c8151ee3765b P d870d0b156694601ace827bffc47e332 [term 1 FOLLOWER]: Leader election vote request: Granting yes vote for candidate 2587296a7d144332aeff280fdf54b90f in term 1.
I0819 06:34:19.869886 2568 raft_consensus.cc:1967] T 60b28a975fb04ca2a1c0c8151ee3765b P df90b3557def4c5db6b75f8e6ee27af5 [term 1 FOLLOWER]: Leader election vote request: Granting yes vote for candidate 2587296a7d144332aeff280fdf54b90f in term 1.
I0819 06:34:19.870739 2374 leader_election.cc:349] T 60b28a975fb04ca2a1c0c8151ee3765b P 2587296a7d144332aeff280fdf54b90f [CANDIDATE]: Term 1 election: Vote granted by peer d870d0b156694601ace827bffc47e332
I0819 06:34:19.871032 2376 leader_election.cc:349] T 60b28a975fb04ca2a1c0c8151ee3765b P 2587296a7d144332aeff280fdf54b90f [CANDIDATE]: Term 1 election: Vote granted by peer df90b3557def4c5db6b75f8e6ee27af5
I0819 06:34:19.871217 2376 leader_election.cc:244] T 60b28a975fb04ca2a1c0c8151ee3765b P 2587296a7d144332aeff280fdf54b90f [CANDIDATE]: Term 1 election: Election decided. Result: candidate won.
I0819 06:34:19.871758 2762 raft_consensus.cc:2205] T 60b28a975fb04ca2a1c0c8151ee3765b P 2587296a7d144332aeff280fdf54b90f [term 1 FOLLOWER]: Leader election won for term 1
I0819 06:34:19.873165 2762 raft_consensus.cc:540] T 60b28a975fb04ca2a1c0c8151ee3765b P 2587296a7d144332aeff280fdf54b90f [term 1 LEADER]: Becoming Leader. State: Replica: 2587296a7d144332aeff280fdf54b90f, State: Running, Role: LEADER
I0819 06:34:19.873497 2762 consensus_queue.cc:169] T 60b28a975fb04ca2a1c0c8151ee3765b P 2587296a7d144332aeff280fdf54b90f [LEADER]: Queue going to LEADER mode. State: All replicated index: 0, Majority replicated index: 0, Committed index: 0, Last appended: 0.0, Last appended by leader: 0, Current term: 1, Majority size: 2, State: 1, Mode: LEADER, active raft config: opid_index: -1 OBSOLETE_local: false peers { permanent_uuid: "df90b3557def4c5db6b75f8e6ee27af5" member_type: VOTER last_known_addr { host: "127.4.126.2" port: 35352 } } peers { permanent_uuid: "2587296a7d144332aeff280fdf54b90f" member_type: VOTER last_known_addr { host: "127.4.126.1" port: 56226 } } peers { permanent_uuid: "d870d0b156694601ace827bffc47e332" member_type: VOTER last_known_addr { host: "127.4.126.3" port: 40253 } }
I0819 06:34:19.887326 2319 catalog_manager.cc:2559] T 60b28a975fb04ca2a1c0c8151ee3765b reported consensus state change: term changed from 0 to 1, leader changed from to 2587296a7d144332aeff280fdf54b90f (127.4.126.1). New consensus state: current_term: 1 leader_uuid: "2587296a7d144332aeff280fdf54b90f" committed_config { opid_index: -1 OBSOLETE_local: false peers { permanent_uuid: "df90b3557def4c5db6b75f8e6ee27af5" member_type: VOTER last_known_addr { host: "127.4.126.2" port: 35352 } } peers { permanent_uuid: "2587296a7d144332aeff280fdf54b90f" member_type: VOTER last_known_addr { host: "127.4.126.1" port: 56226 } } peers { permanent_uuid: "d870d0b156694601ace827bffc47e332" member_type: VOTER last_known_addr { host: "127.4.126.3" port: 40253 } } }
I0819 06:34:19.896715 2693 raft_consensus.cc:961] T 60b28a975fb04ca2a1c0c8151ee3765b P d870d0b156694601ace827bffc47e332 [term 1 FOLLOWER]: Refusing update from remote peer 2587296a7d144332aeff280fdf54b90f: Log matching property violated. Preceding OpId in replica: term: 0 index: 0. Preceding OpId from leader: term: 1 index: 2. (index mismatch)
I0819 06:34:19.896715 2568 raft_consensus.cc:961] T 60b28a975fb04ca2a1c0c8151ee3765b P df90b3557def4c5db6b75f8e6ee27af5 [term 1 FOLLOWER]: Refusing update from remote peer 2587296a7d144332aeff280fdf54b90f: Log matching property violated. Preceding OpId in replica: term: 0 index: 0. Preceding OpId from leader: term: 1 index: 2. (index mismatch)
I0819 06:34:19.898002 2768 consensus_queue.cc:726] T 60b28a975fb04ca2a1c0c8151ee3765b P 2587296a7d144332aeff280fdf54b90f [LEADER]: Connected to new peer: Peer: df90b3557def4c5db6b75f8e6ee27af5, Is new: false, Last received: 0.0, Next index: 1, Last known committed idx: 0, Last exchange result: ERROR, Needs tablet copy: false
I0819 06:34:19.898305 2762 consensus_queue.cc:726] T 60b28a975fb04ca2a1c0c8151ee3765b P 2587296a7d144332aeff280fdf54b90f [LEADER]: Connected to new peer: Peer: d870d0b156694601ace827bffc47e332, Is new: false, Last received: 0.0, Next index: 1, Last known committed idx: 0, Last exchange result: ERROR, Needs tablet copy: false
I0819 06:34:19.949053 2443 raft_consensus.cc:574] T 60b28a975fb04ca2a1c0c8151ee3765b P 2587296a7d144332aeff280fdf54b90f [term 1 LEADER]: Becoming Follower/Learner. State: Replica: 2587296a7d144332aeff280fdf54b90f, State: Running, Role: LEADER
I0819 06:34:19.949350 2443 consensus_queue.cc:190] T 60b28a975fb04ca2a1c0c8151ee3765b P 2587296a7d144332aeff280fdf54b90f [NON_LEADER]: Queue going to NON_LEADER mode. State: All replicated index: 2, Majority replicated index: 2, Committed index: 2, Last appended: 1.2, Last appended by leader: 2, Current term: 1, Majority size: -1, State: 1, Mode: NON_LEADER
I0819 06:34:19.949530 2443 consensus_peers.cc:418] T 60b28a975fb04ca2a1c0c8151ee3765b P 2587296a7d144332aeff280fdf54b90f -> Peer d870d0b156694601ace827bffc47e332 (127.4.126.3:40253): Closing peer: d870d0b156694601ace827bffc47e332
I0819 06:34:19.949679 2443 consensus_peers.cc:418] T 60b28a975fb04ca2a1c0c8151ee3765b P 2587296a7d144332aeff280fdf54b90f -> Peer df90b3557def4c5db6b75f8e6ee27af5 (127.4.126.2:35352): Closing peer: df90b3557def4c5db6b75f8e6ee27af5
I0819 06:34:19.955108 1150 external_mini_cluster.cc:944] Killing /tmp/run_tha_test479zHR/build/tsan/bin/kudu-tserver with pid 2354
W0819 06:34:19.975978 2305 connection.cc:551] client connection to 127.4.126.1:56226 recv error: Network error: failed to read from TLS socket: Connection reset by peer (error 104)
W0819 06:34:19.976017 2291 connection.cc:551] client connection to 127.4.126.1:56226 recv error: Network error: failed to read from TLS socket: Connection reset by peer (error 104)
W0819 06:34:19.976932 2290 connection.cc:551] client connection to 127.4.126.1:56226 recv error: Network error: failed to read from TLS socket: Connection reset by peer (error 104)
W0819 06:34:19.976966 2303 connection.cc:551] server connection from 127.4.126.1:52333 recv error: Network error: failed to read from TLS socket: Connection reset by peer (error 104)
W0819 06:34:19.977906 2503 connection.cc:551] server connection from 127.4.126.1:56132 recv error: Network error: failed to read from TLS socket: Connection reset by peer (error 104)
I0819 06:34:19.978946 1150 external_mini_cluster.cc:944] Killing /tmp/run_tha_test479zHR/build/tsan/bin/kudu-tserver with pid 2490
W0819 06:34:19.978888 2626 connection.cc:551] server connection from 127.4.126.1:35743 recv error: Network error: failed to read from TLS socket: Connection reset by peer (error 104)
W0819 06:34:19.997531 2303 connection.cc:551] client connection to 127.4.126.2:35352 recv error: Network error: failed to read from TLS socket: Connection reset by peer (error 104)
W0819 06:34:19.997581 2291 connection.cc:551] client connection to 127.4.126.2:35352 recv error: Network error: failed to read from TLS socket: Connection reset by peer (error 104)
W0819 06:34:19.998374 2301 connection.cc:551] server connection from 127.4.126.2:52920 recv error: Network error: failed to read from TLS socket: Connection reset by peer (error 104)
W0819 06:34:19.998450 2289 connection.cc:551] client connection to 127.4.126.2:35352 recv error: Network error: failed to read from TLS socket: Connection reset by peer (error 104)
I0819 06:34:19.999367 1150 external_mini_cluster.cc:944] Killing /tmp/run_tha_test479zHR/build/tsan/bin/kudu-tserver with pid 2615
W0819 06:34:20.017334 2301 connection.cc:551] client connection to 127.4.126.3:40253 recv error: Network error: failed to read from TLS socket: Connection reset by peer (error 104)
I0819 06:34:20.017616 1150 external_mini_cluster.cc:944] Killing /tmp/run_tha_test479zHR/build/tsan/bin/kudu-master with pid 2292
W0819 06:34:20.018087 2287 connection.cc:551] client connection to 127.4.126.3:40253 recv error: Network error: failed to read from TLS socket: Connection reset by peer (error 104)
W0819 06:34:20.020702 2291 connection.cc:551] client connection to 127.4.126.3:40253 recv error: Network error: failed to read from TLS socket: Connection reset by peer (error 104)
W0819 06:34:20.041790 2291 connection.cc:551] client connection to 127.4.126.254:58831 recv error: Network error: failed to read from TLS socket: Connection reset by peer (error 104) [ OK ] RaftConsensusITest.TestLeaderStepDown (2785 ms) [ RUN ] RaftConsensusITest.TestEarlyCommitDespiteMemoryPressure
I0819 06:34:20.059366 1150 test_util.cc:185] Using random seed: 1870576332
I0819 06:34:20.062479 1150 ts_itest-base.h:81] Starting cluster with:
I0819 06:34:20.062585 1150 ts_itest-base.h:82] --------------
I0819 06:34:20.062661 1150 ts_itest-base.h:83] 3 tablet servers
I0819 06:34:20.062739 1150 ts_itest-base.h:84] 3 replicas per TS
I0819 06:34:20.062813 1150 ts_itest-base.h:85] --------------
I0819 06:34:20.065373 1150 external_mini_cluster.cc:752] Running /tmp/run_tha_test479zHR/build/tsan/bin/kudu-master /tmp/run_tha_test479zHR/build/tsan/bin/kudu-master --fs_wal_dir=/tmp/run_tha_test479zHR/test-tmp/raft_consensus-itest.RaftConsensusITest.TestEarlyCommitDespiteMemoryPressure.1503124412820022-1150/raft_consensus-itest-cluster/master-0/wal --fs_data_dirs=/tmp/run_tha_test479zHR/test-tmp/raft_consensus-itest.RaftConsensusITest.TestEarlyCommitDespiteMemoryPressure.1503124412820022-1150/raft_consensus-itest-cluster/master-0/data --webserver_interface=localhost --ipki_ca_key_size=1024 --tsk_num_rsa_bits=512 --rpc_bind_addresses=127.4.126.254:0 --webserver_interface=127.4.126.254 --webserver_port=0 --never_fsync --ipki_server_key_size=1024 --enable_minidumps=false --redact=flag --metrics_log_interval_ms=1000 --logtostderr --logbuflevel=-1 --log_dir=/tmp/run_tha_test479zHR/test-tmp/raft_consensus-itest.RaftConsensusITest.TestEarlyCommitDespiteMemoryPressure.1503124412820022-1150/raft_consensus-itest-cluster/master-0/logs --server_dump_info_path=/tmp/run_tha_test479zHR/test-tmp/raft_consensus-itest.RaftConsensusITest.TestEarlyCommitDespiteMemoryPressure.1503124412820022-1150/raft_consensus-itest-cluster/master-0/data/info.pb --server_dump_info_format=pb --rpc_server_allow_ephemeral_ports --unlock_experimental_flags --unlock_unsafe_flags --catalog_manager_wait_for_new_tablets_to_elect_leader=false with env {} WARNING: Logging before InitGoogleLogging() is written to STDERR
W0819 06:34:20.192050 2785 flags.cc:384] Enabled unsafe flag: --rpc_server_allow_ephemeral_ports=true
W0819 06:34:20.192442 2785 flags.cc:384] Enabled unsafe flag: --never_fsync=true
W0819 06:34:20.208030 2785 flags.cc:384] Enabled experimental flag: --ipki_ca_key_size=1024
W0819 06:34:20.208178 2785 flags.cc:384] Enabled experimental flag: --ipki_server_key_size=1024
W0819 06:34:20.208276 2785 flags.cc:384] Enabled experimental flag: --tsk_num_rsa_bits=512
I0819 06:34:20.229120 2785 master_main.cc:60] Master server non-default flags: --fs_data_dirs=/tmp/run_tha_test479zHR/test-tmp/raft_consensus-itest.RaftConsensusITest.TestEarlyCommitDespiteMemoryPressure.1503124412820022-1150/raft_consensus-itest-cluster/master-0/data --fs_wal_dir=/tmp/run_tha_test479zHR/test-tmp/raft_consensus-itest.RaftConsensusITest.TestEarlyCommitDespiteMemoryPressure.1503124412820022-1150/raft_consensus-itest-cluster/master-0/wal --catalog_manager_wait_for_new_tablets_to_elect_leader=false --ipki_ca_key_size=1024 --ipki_server_key_size=1024 --tsk_num_rsa_bits=512 --rpc_bind_addresses=127.4.126.254:0 --rpc_server_allow_ephemeral_ports=true --metrics_log_interval_ms=1000 --server_dump_info_format=pb --server_dump_info_path=/tmp/run_tha_test479zHR/test-tmp/raft_consensus-itest.RaftConsensusITest.TestEarlyCommitDespiteMemoryPressure.1503124412820022-1150/raft_consensus-itest-cluster/master-0/data/info.pb --webserver_interface=127.4.126.254 --webserver_port=0 --never_fsync=true --heap_profile_path=/tmp/kudu-master.2785 --redact=flag --unlock_experimental_flags=true --unlock_unsafe_flags=true --enable_minidumps=false --log_dir=/tmp/run_tha_test479zHR/test-tmp/raft_consensus-itest.RaftConsensusITest.TestEarlyCommitDespiteMemoryPressure.1503124412820022-1150/raft_consensus-itest-cluster/master-0/logs --logbuflevel=-1 --logtostderr=true Master server version: kudu 1.5.0-SNAPSHOT revision ba0f21e2316b78f167bbaba44cab392558d97b6f build type FASTDEBUG built by None at 19 Aug 2017 06:31:02 UTC on jenkins-slave-c3oe build id 9422 TSAN enabled
I0819 06:34:20.247714 2785 master_main.cc:67] Initializing master server...
I0819 06:34:20.249387 2785 system_ntp.cc:96] NTP initialized. Resolution in nanos?: 1 Skew PPM: 500 Current error: 1304405
I0819 06:34:20.250340 2785 env_posix.cc:1586] Not raising process file limit of 65536; it is already as high as it can go
I0819 06:34:20.250623 2785 file_cache.cc:464] Constructed file cache lbm with capacity 26214
I0819 06:34:20.255635 2785 server_base.cc:215] Could not load existing FS layout: Not found: /tmp/run_tha_test479zHR/test-tmp/raft_consensus-itest.RaftConsensusITest.TestEarlyCommitDespiteMemoryPressure.1503124412820022-1150/raft_consensus-itest-cluster/master-0/data/instance: No such file or directory (error 2)
I0819 06:34:20.255790 2785 server_base.cc:216] Creating new FS layout
I0819 06:34:20.263267 2785 fs_manager.cc:394] Generated new instance metadata in path /tmp/run_tha_test479zHR/test-tmp/raft_consensus-itest.RaftConsensusITest.TestEarlyCommitDespiteMemoryPressure.1503124412820022-1150/raft_consensus-itest-cluster/master-0/data/instance: uuid: "280edc58eb9248bf99bb8e42b4eae2b6" format_stamp: "Formatted at 2017-08-19 06:34:20 on dist-test-slave-dist-test-slave-j33z"
I0819 06:34:20.263988 2785 fs_manager.cc:394] Generated new instance metadata in path /tmp/run_tha_test479zHR/test-tmp/raft_consensus-itest.RaftConsensusITest.TestEarlyCommitDespiteMemoryPressure.1503124412820022-1150/raft_consensus-itest-cluster/master-0/wal/instance: uuid: "280edc58eb9248bf99bb8e42b4eae2b6" format_stamp: "Formatted at 2017-08-19 06:34:20 on dist-test-slave-dist-test-slave-j33z"
I0819 06:34:20.274546 2785 fs_manager.cc:280] Time spent opening block manager: real 0.004s user 0.000s sys 0.004s
I0819 06:34:20.274686 2785 fs_manager.cc:283] Opened local filesystem: /tmp/run_tha_test479zHR/test-tmp/raft_consensus-itest.RaftConsensusITest.TestEarlyCommitDespiteMemoryPressure.1503124412820022-1150/raft_consensus-itest-cluster/master-0/data,/tmp/run_tha_test479zHR/test-tmp/raft_consensus-itest.RaftConsensusITest.TestEarlyCommitDespiteMemoryPressure.1503124412820022-1150/raft_consensus-itest-cluster/master-0/wal uuid: "280edc58eb9248bf99bb8e42b4eae2b6" format_stamp: "Formatted at 2017-08-19 06:34:20 on dist-test-slave-dist-test-slave-j33z"
I0819 06:34:20.274870 2785 fs_report.cc:345] Block manager report -------------------- 1 data directories: /tmp/run_tha_test479zHR/test-tmp/raft_consensus-itest.RaftConsensusITest.TestEarlyCommitDespiteMemoryPressure.1503124412820022-1150/raft_consensus-itest-cluster/master-0/data/data Total live blocks: 0 Total live bytes: 0 Total live bytes (after alignment): 0 Total number of LBM containers: 0 (0 full) Did not check for missing blocks Did not check for orphaned blocks Total full LBM containers with extra space: 0 (0 repaired) Total full LBM container extra space in bytes: 0 (0 repaired) Total incomplete LBM containers: 0 (0 repaired) Total LBM partial records: 0 (0 repaired)
I0819 06:34:20.449306 2785 master_main.cc:70] Starting Master server...
I0819 06:34:20.450523 2802 process_memory.cc:172] Process hard memory limit is 11.777661 GB
I0819 06:34:20.450681 2802 process_memory.cc:174] Process soft memory limit is 9.422129 GB
I0819 06:34:20.450778 2802 process_memory.cc:177] Process memory pressure threshold is 7.066597 GB
I0819 06:34:20.491711 2785 rpc_server.cc:186] RPC server started. Bound to: 127.4.126.254:39962
I0819 06:34:20.530879 2785 webserver.cc:145] Starting webserver on 127.4.126.254:0
I0819 06:34:20.531013 2785 webserver.cc:156] Document root disabled
I0819 06:34:20.532263 2785 webserver.cc:278] Webserver started. Bound to: http://127.4.126.254:36180/
I0819 06:34:20.533068 2785 server_base.cc:359] Dumped server information to /tmp/run_tha_test479zHR/test-tmp/raft_consensus-itest.RaftConsensusITest.TestEarlyCommitDespiteMemoryPressure.1503124412820022-1150/raft_consensus-itest-cluster/master-0/data/info.pb
I0819 06:34:20.541280 1150 external_mini_cluster.cc:814] Started /tmp/run_tha_test479zHR/build/tsan/bin/kudu-master as pid 2785
I0819 06:34:20.542268 1150 external_mini_cluster.cc:752] Running /tmp/run_tha_test479zHR/build/tsan/bin/kudu-tserver /tmp/run_tha_test479zHR/build/tsan/bin/kudu-tserver --fs_wal_dir=/tmp/run_tha_test479zHR/test-tmp/raft_consensus-itest.RaftConsensusITest.TestEarlyCommitDespiteMemoryPressure.1503124412820022-1150/raft_consensus-itest-cluster/ts-0/wal --fs_data_dirs=/tmp/run_tha_test479zHR/test-tmp/raft_consensus-itest.RaftConsensusITest.TestEarlyCommitDespiteMemoryPressure.1503124412820022-1150/raft_consensus-itest-cluster/ts-0/data --rpc_bind_addresses=127.4.126.1:0 --local_ip_for_outbound_sockets=127.4.126.1 --webserver_interface=127.4.126.1 --webserver_port=0 --tserver_master_addrs=127.4.126.254:39962 --never_fsync --ipki_server_key_size=1024 --enable_minidumps=false --redact=flag --metrics_log_interval_ms=1000 --logtostderr --logbuflevel=-1 --log_dir=/tmp/run_tha_test479zHR/test-tmp/raft_consensus-itest.RaftConsensusITest.TestEarlyCommitDespiteMemoryPressure.1503124412820022-1150/raft_consensus-itest-cluster/ts-0/logs --server_dump_info_path=/tmp/run_tha_test479zHR/test-tmp/raft_consensus-itest.RaftConsensusITest.TestEarlyCommitDespiteMemoryPressure.1503124412820022-1150/raft_consensus-itest-cluster/ts-0/data/info.pb --server_dump_info_format=pb --rpc_server_allow_ephemeral_ports --unlock_experimental_flags --unlock_unsafe_flags --memory_limit_hard_bytes=4194304 --enable_leader_failure_detection=false --tablet_transaction_memory_limit_mb=-1 with env {}
I0819 06:34:20.548866 2846 tablet_bootstrap.cc:402] T 00000000000000000000000000000000 P 280edc58eb9248bf99bb8e42b4eae2b6: Bootstrap starting.
I0819 06:34:20.551403 2846 tablet_bootstrap.cc:537] T 00000000000000000000000000000000 P 280edc58eb9248bf99bb8e42b4eae2b6: No blocks or log segments found. Creating new log.
I0819 06:34:20.552736 2846 log.cc:511] T 00000000000000000000000000000000 P 280edc58eb9248bf99bb8e42b4eae2b6: Log is configured to *not* fsync() on all Append() calls
I0819 06:34:20.555414 2846 tablet_bootstrap.cc:402] T 00000000000000000000000000000000 P 280edc58eb9248bf99bb8e42b4eae2b6: No bootstrap required, opened a new log
I0819 06:34:20.557991 2846 raft_consensus.cc:286] T 00000000000000000000000000000000 P 280edc58eb9248bf99bb8e42b4eae2b6 [term 0 FOLLOWER]: Replica starting. Triggering 0 pending transactions. Active config: opid_index: -1 OBSOLETE_local: true peers { permanent_uuid: "280edc58eb9248bf99bb8e42b4eae2b6" member_type: VOTER }
I0819 06:34:20.558488 2846 raft_consensus.cc:318] T 00000000000000000000000000000000 P 280edc58eb9248bf99bb8e42b4eae2b6 [term 0 FOLLOWER]: Consensus starting up: Expiring failure detector timer to make a prompt election more likely
I0819 06:34:20.558636 2846 raft_consensus.cc:574] T 00000000000000000000000000000000 P 280edc58eb9248bf99bb8e42b4eae2b6 [term 0 FOLLOWER]: Becoming Follower/Learner. State: Replica: 280edc58eb9248bf99bb8e42b4eae2b6, State: Running, Role: FOLLOWER
I0819 06:34:20.558848 2846 consensus_queue.cc:190] T 00000000000000000000000000000000 P 280edc58eb9248bf99bb8e42b4eae2b6 [NON_LEADER]: Queue going to NON_LEADER mode. State: All replicated index: 0, Majority replicated index: 0, Committed index: 0, Last appended: 0.0, Last appended by leader: 0, Current term: 0, Majority size: -1, State: 1, Mode: NON_LEADER
I0819 06:34:20.559109 2846 raft_consensus.cc:329] T 00000000000000000000000000000000 P 280edc58eb9248bf99bb8e42b4eae2b6 [term 0 FOLLOWER]: Only one voter in the Raft config. Triggering election immediately
I0819 06:34:20.559272 2846 raft_consensus.cc:413] T 00000000000000000000000000000000 P 280edc58eb9248bf99bb8e42b4eae2b6 [term 0 FOLLOWER]: Starting leader election (initial election of a single-replica configuration)
I0819 06:34:20.559469 2846 raft_consensus.cc:2401] T 00000000000000000000000000000000 P 280edc58eb9248bf99bb8e42b4eae2b6: Snoozing failure detection for election timeout plus an additional 1.684s
I0819 06:34:20.559625 2846 raft_consensus.cc:2448] T 00000000000000000000000000000000 P 280edc58eb9248bf99bb8e42b4eae2b6 [term 0 FOLLOWER]: Advancing to term 1
I0819 06:34:20.562348 2846 raft_consensus.cc:437] T 00000000000000000000000000000000 P 280edc58eb9248bf99bb8e42b4eae2b6 [term 1 FOLLOWER]: Starting leader election with config: opid_index: -1 OBSOLETE_local: true peers { permanent_uuid: "280edc58eb9248bf99bb8e42b4eae2b6" member_type: VOTER }
I0819 06:34:20.562819 2846 leader_election.cc:244] T 00000000000000000000000000000000 P 280edc58eb9248bf99bb8e42b4eae2b6 [CANDIDATE]: Term 1 election: Election decided. Result: candidate won.
I0819 06:34:20.564481 2850 raft_consensus.cc:2401] T 00000000000000000000000000000000 P 280edc58eb9248bf99bb8e42b4eae2b6: Snoozing failure detection for election timeout plus an additional 2.097s
I0819 06:34:20.564725 2850 raft_consensus.cc:2205] T 00000000000000000000000000000000 P 280edc58eb9248bf99bb8e42b4eae2b6 [term 1 FOLLOWER]: Leader election won for term 1
I0819 06:34:20.566720 2850 raft_consensus.cc:540] T 00000000000000000000000000000000 P 280edc58eb9248bf99bb8e42b4eae2b6 [term 1 LEADER]: Becoming Leader. State: Replica: 280edc58eb9248bf99bb8e42b4eae2b6, State: Running, Role: LEADER
I0819 06:34:20.567085 2850 consensus_queue.cc:169] T 00000000000000000000000000000000 P 280edc58eb9248bf99bb8e42b4eae2b6 [LEADER]: Queue going to LEADER mode. State: All replicated index: 0, Majority replicated index: 0, Committed index: 0, Last appended: 0.0, Last appended by leader: 0, Current term: 1, Majority size: 1, State: 1, Mode: LEADER, active raft config: opid_index: -1 OBSOLETE_local: true peers { permanent_uuid: "280edc58eb9248bf99bb8e42b4eae2b6" member_type: VOTER }
I0819 06:34:20.586067 2846 sys_catalog.cc:287] T 00000000000000000000000000000000 P 280edc58eb9248bf99bb8e42b4eae2b6 [sys.catalog]: SysCatalogTable state changed. Reason: Started TabletReplica. Latest consensus state: current_term: 1 leader_uuid: "280edc58eb9248bf99bb8e42b4eae2b6" committed_config { opid_index: -1 OBSOLETE_local: true peers { permanent_uuid: "280edc58eb9248bf99bb8e42b4eae2b6" member_type: VOTER } }
I0819 06:34:20.586557 2846 sys_catalog.cc:290] T 00000000000000000000000000000000 P 280edc58eb9248bf99bb8e42b4eae2b6 [sys.catalog]: This master's current role is: LEADER
