W0727 06:16:39.783530 20837 catalog_manager.cc:2950] Async tablet task 53d93003c2d34c9082cc158c42e37dc5 (table impala::test_kudu_alter_table_66229779.tbl_to_alter [id=524108f853d14bff87f1c2bd8f91f57f]) Alter Table RPC failed: Not found: Failed to reset TS proxy: No leader found: Tablet 53d93003c2d34c9082cc158c42e37dc5 consensus state has no leader
I0727 06:16:39.798918 20837 catalog_manager.cc:2929] Scheduling retry of 53d93003c2d34c9082cc158c42e37dc5 (table impala::test_kudu_alter_table_66229779.tbl_to_alter [id=524108f853d14bff87f1c2bd8f91f57f]) Alter Table RPC with a delay of 29ms (attempt = 0)...
W0727 06:16:39.798926 20837 catalog_manager.cc:2950] Async tablet task 53d93003c2d34c9082cc158c42e37dc5 (table impala::test_kudu_alter_table_66229779.tbl_to_alter [id=524108f853d14bff87f1c2bd8f91f57f]) Alter Table RPC failed: Not found: Failed to reset TS proxy: No leader found: Tablet 53d93003c2d34c9082cc158c42e37dc5 consensus state has no leader
I0727 06:16:39.828193 20837 catalog_manager.cc:2929] Scheduling retry of 53d93003c2d34c9082cc158c42e37dc5 (table impala::test_kudu_alter_table_66229779.tbl_to_alter [id=524108f853d14bff87f1c2bd8f91f57f]) Alter Table RPC with a delay of 39ms (attempt = 0)...
W0727 06:16:39.828203 20837 catalog_manager.cc:2950] Async tablet task 53d93003c2d34c9082cc158c42e37dc5 (table impala::test_kudu_alter_table_66229779.tbl_to_alter [id=524108f853d14bff87f1c2bd8f91f57f]) Alter Table RPC failed: Not found: Failed to reset TS proxy: No leader found: Tablet 53d93003c2d34c9082cc158c42e37dc5 consensus state has no leader
I0727 06:16:39.867395 20837 catalog_manager.cc:2929] Scheduling retry of 53d93003c2d34c9082cc158c42e37dc5 (table impala::test_kudu_alter_table_66229779.tbl_to_alter [id=524108f853d14bff87f1c2bd8f91f57f]) Alter Table RPC with a delay of 50ms (attempt = 0)...
W0727 06:16:39.867409 20837 catalog_manager.cc:2950] Async tablet task 53d93003c2d34c9082cc158c42e37dc5 (table impala::test_kudu_alter_table_66229779.tbl_to_alter [id=524108f853d14bff87f1c2bd8f91f57f]) Alter Table RPC failed: Not found: Failed to reset TS proxy: No leader found: Tablet 53d93003c2d34c9082cc158c42e37dc5 consensus state has no leader
I0727 06:16:39.917770 20837 catalog_manager.cc:2929] Scheduling retry of 53d93003c2d34c9082cc158c42e37dc5 (table impala::test_kudu_alter_table_66229779.tbl_to_alter [id=524108f853d14bff87f1c2bd8f91f57f]) Alter Table RPC with a delay of 16ms (attempt = 0)...
W0727 06:16:39.917783 20837 catalog_manager.cc:2950] Async tablet task 53d93003c2d34c9082cc158c42e37dc5 (table impala::test_kudu_alter_table_66229779.tbl_to_alter [id=524108f853d14bff87f1c2bd8f91f57f]) Alter Table RPC failed: Not found: Failed to reset TS proxy: No leader found: Tablet 53d93003c2d34c9082cc158c42e37dc5 consensus state has no leader
I0727 06:16:39.934039 20837 catalog_manager.cc:2929] Scheduling retry of 53d93003c2d34c9082cc158c42e37dc5 (table impala::test_kudu_alter_table_66229779.tbl_to_alter [id=524108f853d14bff87f1c2bd8f91f57f]) Alter Table RPC with a delay of 11ms (attempt = 0)...
W0727 06:16:39.934051 20837 catalog_manager.cc:2950] Async tablet task 53d93003c2d34c9082cc158c42e37dc5 (table impala::test_kudu_alter_table_66229779.tbl_to_alter [id=524108f853d14bff87f1c2bd8f91f57f]) Alter Table RPC failed: Not found: Failed to reset TS proxy: No leader found: Tablet 53d93003c2d34c9082cc158c42e37dc5 consensus state has no leader
I0727 06:16:39.945292 20837 catalog_manager.cc:2929] Scheduling retry of 53d93003c2d34c9082cc158c42e37dc5 (table impala::test_kudu_alter_table_66229779.tbl_to_alter [id=524108f853d14bff87f1c2bd8f91f57f]) Alter Table RPC with a delay of 34ms (attempt = 0)...
W0727 06:16:39.945302 20837 catalog_manager.cc:2950] Async tablet task 53d93003c2d34c9082cc158c42e37dc5 (table impala::test_kudu_alter_table_66229779.tbl_to_alter [id=524108f853d14bff87f1c2bd8f91f57f]) Alter Table RPC failed: Not found: Failed to reset TS proxy: No leader found: Tablet 53d93003c2d34c9082cc158c42e37dc5 consensus state has no leader
I0727 06:16:39.979555 20837 catalog_manager.cc:2929] Scheduling retry of 53d93003c2d34c9082cc158c42e37dc5 (table impala::test_kudu_alter_table_66229779.tbl_to_alter [id=524108f853d14bff87f1c2bd8f91f57f]) Alter Table RPC with a delay of 46ms (attempt = 0)...
W0727 06:16:39.979568 20837 catalog_manager.cc:2950] Async tablet task 53d93003c2d34c9082cc158c42e37dc5 (table impala::test_kudu_alter_table_66229779.tbl_to_alter [id=524108f853d14bff87f1c2bd8f91f57f]) Alter Table RPC failed: Not found: Failed to reset TS proxy: No leader found: Tablet 53d93003c2d34c9082cc158c42e37dc5 consensus state has no leader
I0727 06:16:40.026063 20837 catalog_manager.cc:2929] Scheduling retry of 53d93003c2d34c9082cc158c42e37dc5 (table impala::test_kudu_alter_table_66229779.tbl_to_alter [id=524108f853d14bff87f1c2bd8f91f57f]) Alter Table RPC with a delay of 54ms (attempt = 0)...
W0727 06:16:40.026075 20837 catalog_manager.cc:2950] Async tablet task 53d93003c2d34c9082cc158c42e37dc5 (table impala::test_kudu_alter_table_66229779.tbl_to_alter [id=524108f853d14bff87f1c2bd8f91f57f]) Alter Table RPC failed: Not found: Failed to reset TS proxy: No leader found: Tablet 53d93003c2d34c9082cc158c42e37dc5 consensus state has no leader
I0727 06:16:40.028980 21066 catalog_manager.cc:2556] T 53d93003c2d34c9082cc158c42e37dc5 reported consensus state change: term changed from 0 to 1, leader changed from <none> to 3a3c735705964e1badb66c37a66a9096 (ip-172-31-12-168). New consensus state: current_term: 1 leader_uuid: "3a3c735705964e1badb66c37a66a9096" committed_config { opid_index: -1 OBSOLETE_local: false peers { permanent_uuid: "6f1af300e1d549d6b1cdd8bf3b9aeb9c" member_type: VOTER last_known_addr { host: "ip-172-31-12-168" port: 31201 } } peers { permanent_uuid: "b497dbd6bd1a4c998891b00d2493a1bb" member_type: VOTER last_known_addr { host: "ip-172-31-12-168" port: 31202 } } peers { permanent_uuid: "3a3c735705964e1badb66c37a66a9096" member_type: VOTER last_known_addr { host: "ip-172-31-12-168" port: 31200 } } }
I0727 06:16:40.131042 21066 catalog_manager.cc:1921] Servicing AlterTable request from {username='ubuntu'} at 127.0.0.1:57189: table { table_name: "impala::test_kudu_alter_table_66229779.tbl_to_alter" } alter_schema_steps { type: ADD_COLUMN add_column { schema { name: "new_col1" type: INT32 is_key: false is_nullable: false read_default_value: "\n\000\000\000" cfile_block_size: 0 } } } alter_schema_steps { type: ADD_COLUMN add_column { schema { name: "new_col2" type: INT64 is_key: false is_nullable: false read_default_value: "\350\003\000\000\000\000\000\000" cfile_block_size: 0 } } }
I0727 06:16:40.138646 21066 catalog_manager.cc:2447] TS 6f1af300e1d549d6b1cdd8bf3b9aeb9c (ip-172-31-12-168:31201) does not have the latest schema for tablet 53d93003c2d34c9082cc158c42e37dc5 (table impala::test_kudu_alter_table_66229779.tbl_to_alter [id=524108f853d14bff87f1c2bd8f91f57f]). Expected version 1 got 0
I0727 06:16:40.138720 21067 catalog_manager.cc:2447] TS b497dbd6bd1a4c998891b00d2493a1bb (ip-172-31-12-168:31202) does not have the latest schema for tablet 53d93003c2d34c9082cc158c42e37dc5 (table impala::test_kudu_alter_table_66229779.tbl_to_alter [id=524108f853d14bff87f1c2bd8f91f57f]). Expected version 1 got 0
I0727 06:16:40.139190 21067 catalog_manager.cc:2447] TS 6f1af300e1d549d6b1cdd8bf3b9aeb9c (ip-172-31-12-168:31201) does not have the latest schema for tablet 53d93003c2d34c9082cc158c42e37dc5 (table impala::test_kudu_alter_table_66229779.tbl_to_alter [id=524108f853d14bff87f1c2bd8f91f57f]). Expected version 1 got 0
I0727 06:16:40.139235 21066 catalog_manager.cc:2447] TS b497dbd6bd1a4c998891b00d2493a1bb (ip-172-31-12-168:31202) does not have the latest schema for tablet 53d93003c2d34c9082cc158c42e37dc5 (table impala::test_kudu_alter_table_66229779.tbl_to_alter [id=524108f853d14bff87f1c2bd8f91f57f]). Expected version 1 got 0
I0727 06:16:40.144387 21066 catalog_manager.cc:3725] T 00000000000000000000000000000000 P 6ba46398cfa14199ac3a517269d197ad: impala::test_kudu_alter_table_66229779.tbl_to_alter [id=524108f853d14bff87f1c2bd8f91f57f] - Alter table completed version=1
I0727 06:16:41.365458 21067 catalog_manager.cc:1921] Servicing AlterTable request from {username='ubuntu'} at 127.0.0.1:57189: table { table_name: "impala::test_kudu_alter_table_66229779.tbl_to_alter" } alter_schema_steps { type: ADD_COLUMN add_column { schema { name: "new_col3" type: STRING is_key: false is_nullable: true cfile_block_size: 0 } } } alter_schema_steps { type: ADD_COLUMN add_column { schema { name: "new_col4" type: INT32 is_key: false is_nullable: true read_default_value: "\377\377\377\377" cfile_block_size: 0 } } }
I0727 06:16:41.370263 21067 catalog_manager.cc:3725] T 00000000000000000000000000000000 P 6ba46398cfa14199ac3a517269d197ad: impala::test_kudu_alter_table_66229779.tbl_to_alter [id=524108f853d14bff87f1c2bd8f91f57f] - Alter table completed version=2
I0727 06:16:42.438490 21067 catalog_manager.cc:1921] Servicing AlterTable request from {username='ubuntu'} at 127.0.0.1:57189: table { table_name: "impala::test_kudu_alter_table_66229779.tbl_to_alter" } alter_schema_steps { type: DROP_COLUMN drop_column { name: "vali" } }
I0727 06:16:42.442922 21067 catalog_manager.cc:3725] T 00000000000000000000000000000000 P 6ba46398cfa14199ac3a517269d197ad: impala::test_kudu_alter_table_66229779.tbl_to_alter [id=524108f853d14bff87f1c2bd8f91f57f] - Alter table completed version=3
I0727 06:16:43.117512 21067 catalog_manager.cc:1921] Servicing AlterTable request from {username='ubuntu'} at 127.0.0.1:57189: table { table_name: "impala::test_kudu_alter_table_66229779.tbl_to_alter" } alter_schema_steps { type: DROP_COLUMN drop_column { name: "id" } }
I0727 06:16:43.161067 21067 catalog_manager.cc:1921] Servicing AlterTable request from {username='ubuntu'} at 127.0.0.1:57189: table { table_name: "impala::test_kudu_alter_table_66229779.tbl_to_alter" } alter_schema_steps { type: RENAME_COLUMN rename_column { old_name: "new_col3" new_name: "last_name" } }
I0727 06:16:43.164043 21067 catalog_manager.cc:3725] T 00000000000000000000000000000000 P 6ba46398cfa14199ac3a517269d197ad: impala::test_kudu_alter_table_66229779.tbl_to_alter [id=524108f853d14bff87f1c2bd8f91f57f] - Alter table completed version=4
I0727 06:16:43.838141 21067 catalog_manager.cc:1921] Servicing AlterTable request from {username='ubuntu'} at 127.0.0.1:57189: table { table_name: "impala::test_kudu_alter_table_66229779.tbl_to_alter" } new_table_name: "kudu_tbl_to_alter"
I0727 06:16:43.841161 21067 catalog_manager.cc:3725] T 00000000000000000000000000000000 P 6ba46398cfa14199ac3a517269d197ad: kudu_tbl_to_alter [id=524108f853d14bff87f1c2bd8f91f57f] - Alter table completed version=5
I0727 06:16:44.445936 21067 catalog_manager.cc:1278] CreateTable from {username='ubuntu'} at 127.0.0.1:57189:
name: "copy_of_tbl"
schema {
  columns {
    name: "a"
    type: INT32
    is_key: true
    is_nullable: false
    cfile_block_size: 0
  }
}
partition_schema {
  hash_bucket_schemas {
    columns {
      name: "a"
    }
    num_buckets: 3
    seed: 0
  }
  range_schema {
  }
}
I0727 06:16:44.739094 21066 catalog_manager.cc:2556] T 2c4de86283cd44f7bd3f1bcbc3055509 reported consensus state change: term changed from 0 to 1, leader changed from <none> to b497dbd6bd1a4c998891b00d2493a1bb (ip-172-31-12-168). New consensus state: current_term: 1 leader_uuid: "b497dbd6bd1a4c998891b00d2493a1bb" committed_config { opid_index: -1 OBSOLETE_local: false peers { permanent_uuid: "b497dbd6bd1a4c998891b00d2493a1bb" member_type: VOTER last_known_addr { host: "ip-172-31-12-168" port: 31202 } } peers { permanent_uuid: "6f1af300e1d549d6b1cdd8bf3b9aeb9c" member_type: VOTER last_known_addr { host: "ip-172-31-12-168" port: 31201 } } peers { permanent_uuid: "3a3c735705964e1badb66c37a66a9096" member_type: VOTER last_known_addr { host: "ip-172-31-12-168" port: 31200 } } }
I0727 06:16:44.763685 21066 catalog_manager.cc:2556] T 47f295812fcb448eb261bf281109bbdd reported consensus state change: term changed from 0 to 1, leader changed from <none> to 6f1af300e1d549d6b1cdd8bf3b9aeb9c (ip-172-31-12-168). New consensus state: current_term: 1 leader_uuid: "6f1af300e1d549d6b1cdd8bf3b9aeb9c" committed_config { opid_index: -1 OBSOLETE_local: false peers { permanent_uuid: "b497dbd6bd1a4c998891b00d2493a1bb" member_type: VOTER last_known_addr { host: "ip-172-31-12-168" port: 31202 } } peers { permanent_uuid: "6f1af300e1d549d6b1cdd8bf3b9aeb9c" member_type: VOTER last_known_addr { host: "ip-172-31-12-168" port: 31201 } } peers { permanent_uuid: "3a3c735705964e1badb66c37a66a9096" member_type: VOTER last_known_addr { host: "ip-172-31-12-168" port: 31200 } } }
I0727 06:16:45.022462 21066 catalog_manager.cc:2556] T 1b03dee112f042c9a2e2369c029b7b1c reported consensus state change: term changed from 0 to 1, leader changed from <none> to 6f1af300e1d549d6b1cdd8bf3b9aeb9c (ip-172-31-12-168). New consensus state: current_term: 1 leader_uuid: "6f1af300e1d549d6b1cdd8bf3b9aeb9c" committed_config { opid_index: -1 OBSOLETE_local: false peers { permanent_uuid: "b497dbd6bd1a4c998891b00d2493a1bb" member_type: VOTER last_known_addr { host: "ip-172-31-12-168" port: 31202 } } peers { permanent_uuid: "6f1af300e1d549d6b1cdd8bf3b9aeb9c" member_type: VOTER last_known_addr { host: "ip-172-31-12-168" port: 31201 } } peers { permanent_uuid: "3a3c735705964e1badb66c37a66a9096" member_type: VOTER last_known_addr { host: "ip-172-31-12-168" port: 31200 } } }
I0727 06:16:49.652206 21066 catalog_manager.cc:1921] Servicing AlterTable request from {username='ubuntu'} at 127.0.0.1:57189: table { table_name: "copy_of_tbl" } new_table_name: "kudu_tbl_to_alter"
I0727 06:16:53.738358 21066 catalog_manager.cc:1921] Servicing AlterTable request from {username='ubuntu'} at 127.0.0.1:57189: table { table_name: "copy_of_tbl" } new_table_name: "shared_kudu_tbl"
I0727 06:16:53.742218 21070 catalog_manager.cc:3725] T 00000000000000000000000000000000 P 6ba46398cfa14199ac3a517269d197ad: shared_kudu_tbl [id=7bcc91eb99d5408dbfc3b84a02e1dec0] - Alter table completed version=1
I0727 06:16:57.940774 21067 catalog_manager.cc:1278] CreateTable from {username='ubuntu'} at 127.0.0.1:57189:
name: "impala::test_kudu_alter_table_66229779.ts_ranges"
schema {
  columns {
    name: "ts"
    type: UNIXTIME_MICROS
    is_key: true
    is_nullable: false
    cfile_block_size: 0
  }
  columns {
    name: "i"
    type: INT32
    is_key: false
    is_nullable: true
    cfile_block_size: 0
  }
}
split_rows_range_bounds {
  rows: <redacted>
}
partition_schema {
  range_schema {
    columns {
      name: "ts"
    }
  }
}
I0727 06:16:58.313963 21070 catalog_manager.cc:2556] T 4fceed5fd0f44309933fa5510ecdab6f reported consensus state change: term changed from 0 to 1, leader changed from <none> to 3a3c735705964e1badb66c37a66a9096 (ip-172-31-12-168). New consensus state: current_term: 1 leader_uuid: "3a3c735705964e1badb66c37a66a9096" committed_config { opid_index: -1 OBSOLETE_local: false peers { permanent_uuid: "6f1af300e1d549d6b1cdd8bf3b9aeb9c" member_type: VOTER last_known_addr { host: "ip-172-31-12-168" port: 31201 } } peers { permanent_uuid: "b497dbd6bd1a4c998891b00d2493a1bb" member_type: VOTER last_known_addr { host: "ip-172-31-12-168" port: 31202 } } peers { permanent_uuid: "3a3c735705964e1badb66c37a66a9096" member_type: VOTER last_known_addr { host: "ip-172-31-12-168" port: 31200 } } }
I0727 06:17:01.717207 21070 catalog_manager.cc:1921] Servicing AlterTable request from {username='ubuntu'} at 127.0.0.1:57189: table { table_name: "impala::test_kudu_alter_table_66229779.ts_ranges" } alter_schema_steps { type: ADD_RANGE_PARTITION add_range_partition { range_bounds { rows: <redacted> } } } schema { columns { name: "ts" type: UNIXTIME_MICROS is_key: true is_nullable: false encoding: AUTO_ENCODING compression: DEFAULT_COMPRESSION cfile_block_size: 0 } columns { name: "i" type: INT32 is_key: false is_nullable: true encoding: AUTO_ENCODING compression: DEFAULT_COMPRESSION cfile_block_size: 0 } }
I0727 06:17:01.718372 21070 catalog_manager.cc:2929] Scheduling retry of eb20c7ba07564de4ade68cf1925ea85e (table impala::test_kudu_alter_table_66229779.ts_ranges [id=6edbf6ddbe9c46e582ae708ca31ca61e]) Alter Table RPC with a delay of 49ms (attempt = 0)...
W0727 06:17:01.718389 21070 catalog_manager.cc:3480] Failed to send alter table request: Not found: Failed to reset TS proxy: No leader found: Tablet eb20c7ba07564de4ade68cf1925ea85e has no consensus state
I0727 06:17:01.720875 21070 catalog_manager.cc:3725] T 00000000000000000000000000000000 P 6ba46398cfa14199ac3a517269d197ad: impala::test_kudu_alter_table_66229779.ts_ranges [id=6edbf6ddbe9c46e582ae708ca31ca61e] - Alter table completed version=0
I0727 06:17:01.768157 20835 catalog_manager.cc:2929] Scheduling retry of eb20c7ba07564de4ade68cf1925ea85e (table impala::test_kudu_alter_table_66229779.ts_ranges [id=6edbf6ddbe9c46e582ae708ca31ca61e]) Alter Table RPC with a delay of 25ms (attempt = 0)...
W0727 06:17:01.768175 20835 catalog_manager.cc:2950] Async tablet task eb20c7ba07564de4ade68cf1925ea85e (table impala::test_kudu_alter_table_66229779.ts_ranges [id=6edbf6ddbe9c46e582ae708ca31ca61e]) Alter Table RPC failed: Not found: Failed to reset TS proxy: No leader found: Tablet eb20c7ba07564de4ade68cf1925ea85e consensus state has no leader
I0727 06:17:01.793434 20835 catalog_manager.cc:2929] Scheduling retry of eb20c7ba07564de4ade68cf1925ea85e (table impala::test_kudu_alter_table_66229779.ts_ranges [id=6edbf6ddbe9c46e582ae708ca31ca61e]) Alter Table RPC with a delay of 17ms (attempt = 0)...
W0727 06:17:01.793447 20835 catalog_manager.cc:2950] Async tablet task eb20c7ba07564de4ade68cf1925ea85e (table impala::test_kudu_alter_table_66229779.ts_ranges [id=6edbf6ddbe9c46e582ae708ca31ca61e]) Alter Table RPC failed: Not found: Failed to reset TS proxy: No leader found: Tablet eb20c7ba07564de4ade68cf1925ea85e consensus state has no leader
I0727 06:17:01.810830 20835 catalog_manager.cc:2929] Scheduling retry of eb20c7ba07564de4ade68cf1925ea85e (table impala::test_kudu_alter_table_66229779.ts_ranges [id=6edbf6ddbe9c46e582ae708ca31ca61e]) Alter Table RPC with a delay of 43ms (attempt = 0)...
W0727 06:17:01.810864 20835 catalog_manager.cc:2950] Async tablet task eb20c7ba07564de4ade68cf1925ea85e (table impala::test_kudu_alter_table_66229779.ts_ranges [id=6edbf6ddbe9c46e582ae708ca31ca61e]) Alter Table RPC failed: Not found: Failed to reset TS proxy: No leader found: Tablet eb20c7ba07564de4ade68cf1925ea85e consensus state has no leader
I0727 06:17:01.854146 20835 catalog_manager.cc:2929] Scheduling retry of eb20c7ba07564de4ade68cf1925ea85e (table impala::test_kudu_alter_table_66229779.ts_ranges [id=6edbf6ddbe9c46e582ae708ca31ca61e]) Alter Table RPC with a delay of 45ms (attempt = 0)...
W0727 06:17:01.854171 20835 catalog_manager.cc:2950] Async tablet task eb20c7ba07564de4ade68cf1925ea85e (table impala::test_kudu_alter_table_66229779.ts_ranges [id=6edbf6ddbe9c46e582ae708ca31ca61e]) Alter Table RPC failed: Not found: Failed to reset TS proxy: No leader found: Tablet eb20c7ba07564de4ade68cf1925ea85e consensus state has no leader
I0727 06:17:01.899598 20835 catalog_manager.cc:2929] Scheduling retry of eb20c7ba07564de4ade68cf1925ea85e (table impala::test_kudu_alter_table_66229779.ts_ranges [id=6edbf6ddbe9c46e582ae708ca31ca61e]) Alter Table RPC with a delay of 43ms (attempt = 0)...
W0727 06:17:01.899624 20835 catalog_manager.cc:2950] Async tablet task eb20c7ba07564de4ade68cf1925ea85e (table impala::test_kudu_alter_table_66229779.ts_ranges [id=6edbf6ddbe9c46e582ae708ca31ca61e]) Alter Table RPC failed: Not found: Failed to reset TS proxy: No leader found: Tablet eb20c7ba07564de4ade68cf1925ea85e consensus state has no leader
I0727 06:17:01.942874 20835 catalog_manager.cc:2929] Scheduling retry of eb20c7ba07564de4ade68cf1925ea85e (table impala::test_kudu_alter_table_66229779.ts_ranges [id=6edbf6ddbe9c46e582ae708ca31ca61e]) Alter Table RPC with a delay of 15ms (attempt = 0)...
W0727 06:17:01.942885 20835 catalog_manager.cc:2950] Async tablet task eb20c7ba07564de4ade68cf1925ea85e (table impala::test_kudu_alter_table_66229779.ts_ranges [id=6edbf6ddbe9c46e582ae708ca31ca61e]) Alter Table RPC failed: Not found: Failed to reset TS proxy: No leader found: Tablet eb20c7ba07564de4ade68cf1925ea85e consensus state has no leader
I0727 06:17:01.958132 20835 catalog_manager.cc:2929] Scheduling retry of eb20c7ba07564de4ade68cf1925ea85e (table impala::test_kudu_alter_table_66229779.ts_ranges [id=6edbf6ddbe9c46e582ae708ca31ca61e]) Alter Table RPC with a delay of 42ms (attempt = 0)...
W0727 06:17:01.958142 20835 catalog_manager.cc:2950] Async tablet task eb20c7ba07564de4ade68cf1925ea85e (table impala::test_kudu_alter_table_66229779.ts_ranges [id=6edbf6ddbe9c46e582ae708ca31ca61e]) Alter Table RPC failed: Not found: Failed to reset TS proxy: No leader found: Tablet eb20c7ba07564de4ade68cf1925ea85e consensus state has no leader
I0727 06:17:02.000557 20835 catalog_manager.cc:2929] Scheduling retry of eb20c7ba07564de4ade68cf1925ea85e (table impala::test_kudu_alter_table_66229779.ts_ranges [id=6edbf6ddbe9c46e582ae708ca31ca61e]) Alter Table RPC with a delay of 34ms (attempt = 0)...
W0727 06:17:02.000569 20835 catalog_manager.cc:2950] Async tablet task eb20c7ba07564de4ade68cf1925ea85e (table impala::test_kudu_alter_table_66229779.ts_ranges [id=6edbf6ddbe9c46e582ae708ca31ca61e]) Alter Table RPC failed: Not found: Failed to reset TS proxy: No leader found: Tablet eb20c7ba07564de4ade68cf1925ea85e consensus state has no leader
I0727 06:17:02.034750 20835 catalog_manager.cc:2929] Scheduling retry of eb20c7ba07564de4ade68cf1925ea85e (table impala::test_kudu_alter_table_66229779.ts_ranges [id=6edbf6ddbe9c46e582ae708ca31ca61e]) Alter Table RPC with a delay of 34ms (attempt = 0)...
W0727 06:17:02.034762 20835 catalog_manager.cc:2950] Async tablet task eb20c7ba07564de4ade68cf1925ea85e (table impala::test_kudu_alter_table_66229779.ts_ranges [id=6edbf6ddbe9c46e582ae708ca31ca61e]) Alter Table RPC failed: Not found: Failed to reset TS proxy: No leader found: Tablet eb20c7ba07564de4ade68cf1925ea85e consensus state has no leader
I0727 06:17:02.068528 21067 catalog_manager.cc:2556] T eb20c7ba07564de4ade68cf1925ea85e reported consensus state change: term changed from 0 to 1, leader changed from <none> to 3a3c735705964e1badb66c37a66a9096 (ip-172-31-12-168). New consensus state: current_term: 1 leader_uuid: "3a3c735705964e1badb66c37a66a9096" committed_config { opid_index: -1 OBSOLETE_local: false peers { permanent_uuid: "6f1af300e1d549d6b1cdd8bf3b9aeb9c" member_type: VOTER last_known_addr { host: "ip-172-31-12-168" port: 31201 } } peers { permanent_uuid: "b497dbd6bd1a4c998891b00d2493a1bb" member_type: VOTER last_known_addr { host: "ip-172-31-12-168" port: 31202 } } peers { permanent_uuid: "3a3c735705964e1badb66c37a66a9096" member_type: VOTER last_known_addr { host: "ip-172-31-12-168" port: 31200 } } }
I0727 06:17:02.357817 21067 catalog_manager.cc:1921] Servicing AlterTable request from {username='ubuntu'} at 127.0.0.1:57189: table { table_name: "impala::test_kudu_alter_table_66229779.ts_ranges" } alter_schema_steps { type: DROP_RANGE_PARTITION drop_range_partition { range_bounds { rows: <redacted> } } } schema { columns { name: "ts" type: UNIXTIME_MICROS is_key: true is_nullable: false encoding: AUTO_ENCODING compression: DEFAULT_COMPRESSION cfile_block_size: 0 } columns { name: "i" type: INT32 is_key: false is_nullable: true encoding: AUTO_ENCODING compression: DEFAULT_COMPRESSION cfile_block_size: 0 } }
I0727 06:17:02.358187 21067 catalog_manager.cc:3506] T 00000000000000000000000000000000 P 6ba46398cfa14199ac3a517269d197ad: Sending DeleteTablet for 3 replicas of tablet eb20c7ba07564de4ade68cf1925ea85e
I0727 06:17:02.358203 21067 catalog_manager.cc:3158] Sending DeleteTablet(TABLET_DATA_DELETED) for tablet eb20c7ba07564de4ade68cf1925ea85e on 6f1af300e1d549d6b1cdd8bf3b9aeb9c (ip-172-31-12-168:31201) (Partition dropped at 2017-07-27 06:17:02 UTC)
I0727 06:17:02.358219 21067 catalog_manager.cc:3158] Sending DeleteTablet(TABLET_DATA_DELETED) for tablet eb20c7ba07564de4ade68cf1925ea85e on b497dbd6bd1a4c998891b00d2493a1bb (ip-172-31-12-168:31202) (Partition dropped at 2017-07-27 06:17:02 UTC)
I0727 06:17:02.358237 21067 catalog_manager.cc:3158] Sending DeleteTablet(TABLET_DATA_DELETED) for tablet eb20c7ba07564de4ade68cf1925ea85e on 3a3c735705964e1badb66c37a66a9096 (ip-172-31-12-168:31200) (Partition dropped at 2017-07-27 06:17:02 UTC)
I0727 06:17:02.360175 20837 catalog_manager.cc:3134] TS b497dbd6bd1a4c998891b00d2493a1bb (ip-172-31-12-168:31202): tablet eb20c7ba07564de4ade68cf1925ea85e (table impala::test_kudu_alter_table_66229779.ts_ranges [id=6edbf6ddbe9c46e582ae708ca31ca61e]) successfully deleted
I0727 06:17:02.360193 20839 catalog_manager.cc:3134] TS 6f1af300e1d549d6b1cdd8bf3b9aeb9c (ip-172-31-12-168:31201): tablet eb20c7ba07564de4ade68cf1925ea85e (table impala::test_kudu_alter_table_66229779.ts_ranges [id=6edbf6ddbe9c46e582ae708ca31ca61e]) successfully deleted
I0727 06:17:02.361570 20839 catalog_manager.cc:3134] TS 3a3c735705964e1badb66c37a66a9096 (ip-172-31-12-168:31200): tablet eb20c7ba07564de4ade68cf1925ea85e (table impala::test_kudu_alter_table_66229779.ts_ranges [id=6edbf6ddbe9c46e582ae708ca31ca61e]) successfully deleted
I0727 06:17:02.504199 21067 catalog_manager.cc:1921] Servicing AlterTable request from {username='ubuntu'} at 127.0.0.1:57189: table { table_name: "kudu_tbl_to_alter" } alter_schema_steps { type: ALTER_COLUMN alter_column { delta { name: "name" default_value: "name_default" } } }
I0727 06:17:02.506928 21067 catalog_manager.cc:3725] T 00000000000000000000000000000000 P 6ba46398cfa14199ac3a517269d197ad: kudu_tbl_to_alter [id=524108f853d14bff87f1c2bd8f91f57f] - Alter table completed version=6
I0727 06:17:03.104795 21067 catalog_manager.cc:1921] Servicing AlterTable request from {username='ubuntu'} at 127.0.0.1:57189: table { table_name: "kudu_tbl_to_alter" } alter_schema_steps { type: ALTER_COLUMN alter_column { delta { name: "new_col1" default_value: "\017\000\000\000" } } }
I0727 06:17:03.107844 21067 catalog_manager.cc:3725] T 00000000000000000000000000000000 P 6ba46398cfa14199ac3a517269d197ad: kudu_tbl_to_alter [id=524108f853d14bff87f1c2bd8f91f57f] - Alter table completed version=7
I0727 06:17:03.890064 21066 catalog_manager.cc:1921] Servicing AlterTable request from {username='ubuntu'} at 127.0.0.1:57189: table { table_name: "kudu_tbl_to_alter" } alter_schema_steps { type: ALTER_COLUMN alter_column { delta { name: "new_col2" remove_default: true } } }
I0727 06:17:03.893694 21066 catalog_manager.cc:3725] T 00000000000000000000000000000000 P 6ba46398cfa14199ac3a517269d197ad: kudu_tbl_to_alter [id=524108f853d14bff87f1c2bd8f91f57f] - Alter table completed version=8
I0727 06:17:04.534651 21070 catalog_manager.cc:1921] Servicing AlterTable request from {username='ubuntu'} at 127.0.0.1:57189: table { table_name: "kudu_tbl_to_alter" } alter_schema_steps { type: ALTER_COLUMN alter_column { delta { name: "new_col1" remove_default: true } } }
I0727 06:17:04.537667 21066 catalog_manager.cc:3725] T 00000000000000000000000000000000 P 6ba46398cfa14199ac3a517269d197ad: kudu_tbl_to_alter [id=524108f853d14bff87f1c2bd8f91f57f] - Alter table completed version=9
I0727 06:17:05.177487 21067 catalog_manager.cc:1921] Servicing AlterTable request from {username='ubuntu'} at 127.0.0.1:57189: table { table_name: "kudu_tbl_to_alter" } alter_schema_steps { type: ALTER_COLUMN alter_column { delta { name: "id" block_size: 100 } } } alter_schema_steps { type: ALTER_COLUMN alter_column { delta { name: "id" encoding: RLE } } } alter_schema_steps { type: ALTER_COLUMN alter_column { delta { name: "id" compression: SNAPPY } } }
I0727 06:17:05.180436 21067 catalog_manager.cc:3725] T 00000000000000000000000000000000 P 6ba46398cfa14199ac3a517269d197ad: kudu_tbl_to_alter [id=524108f853d14bff87f1c2bd8f91f57f] - Alter table completed version=10
I0727 06:17:05.774817 21066 catalog_manager.cc:1921] Servicing AlterTable request from {username='ubuntu'} at 127.0.0.1:57189: table { table_name: "kudu_tbl_to_alter" } alter_schema_steps { type: ALTER_COLUMN alter_column { delta { name: "new_col4" block_size: 1000 } } } alter_schema_steps { type: ALTER_COLUMN alter_column { delta { name: "new_col4" encoding: PLAIN_ENCODING } } } alter_schema_steps { type: ALTER_COLUMN alter_column { delta { name: "new_col4" compression: LZ4 } } }
I0727 06:17:05.777869 21066 catalog_manager.cc:3725] T 00000000000000000000000000000000 P 6ba46398cfa14199ac3a517269d197ad: kudu_tbl_to_alter [id=524108f853d14bff87f1c2bd8f91f57f] - Alter table completed version=11
I0727 06:17:06.664074 21067 catalog_manager.cc:1584] Servicing DeleteTable request from {username='ubuntu'} at 127.0.0.1:57189: table { table_name: "impala::test_kudu_alter_table_66229779.ts_ranges" }
I0727 06:17:06.665004 21067 catalog_manager.cc:3506] T 00000000000000000000000000000000 P 6ba46398cfa14199ac3a517269d197ad: Sending DeleteTablet for 3 replicas of tablet 4fceed5fd0f44309933fa5510ecdab6f
I0727 06:17:06.665024 21067 catalog_manager.cc:3158] Sending DeleteTablet(TABLET_DATA_DELETED) for tablet 4fceed5fd0f44309933fa5510ecdab6f on 6f1af300e1d549d6b1cdd8bf3b9aeb9c (ip-172-31-12-168:31201) (Table deleted at 2017-07-27 06:17:06 UTC)
I0727 06:17:06.665041 21067 catalog_manager.cc:3158] Sending DeleteTablet(TABLET_DATA_DELETED) for tablet 4fceed5fd0f44309933fa5510ecdab6f on b497dbd6bd1a4c998891b00d2493a1bb (ip-172-31-12-168:31202) (Table deleted at 2017-07-27 06:17:06 UTC)
I0727 06:17:06.665055 21067 catalog_manager.cc:3158] Sending DeleteTablet(TABLET_DATA_DELETED) for tablet 4fceed5fd0f44309933fa5510ecdab6f on 3a3c735705964e1badb66c37a66a9096 (ip-172-31-12-168:31200) (Table deleted at 2017-07-27 06:17:06 UTC)
I0727 06:17:06.665067 21067 catalog_manager.cc:1665] Successfully deleted table impala::test_kudu_alter_table_66229779.ts_ranges [id=6edbf6ddbe9c46e582ae708ca31ca61e] per request from {username='ubuntu'} at 127.0.0.1:57189
I0727 06:17:06.666838 20839 catalog_manager.cc:3134] TS 3a3c735705964e1badb66c37a66a9096 (ip-172-31-12-168:31200): tablet 4fceed5fd0f44309933fa5510ecdab6f (table impala::test_kudu_alter_table_66229779.ts_ranges [id=6edbf6ddbe9c46e582ae708ca31ca61e]) successfully deleted
I0727 06:17:06.666860 20839 catalog_manager.cc:3134] TS 6f1af300e1d549d6b1cdd8bf3b9aeb9c (ip-172-31-12-168:31201): tablet 4fceed5fd0f44309933fa5510ecdab6f (table impala::test_kudu_alter_table_66229779.ts_ranges [id=6edbf6ddbe9c46e582ae708ca31ca61e]) successfully deleted
I0727 06:17:06.667223 20837 catalog_manager.cc:3134] TS b497dbd6bd1a4c998891b00d2493a1bb (ip-172-31-12-168:31202): tablet 4fceed5fd0f44309933fa5510ecdab6f (table impala::test_kudu_alter_table_66229779.ts_ranges [id=6edbf6ddbe9c46e582ae708ca31ca61e]) successfully deleted
I0727 06:17:06.668944 21067 catalog_manager.cc:1584] Servicing DeleteTable request from {username='ubuntu'} at 127.0.0.1:57189: table { table_name: "kudu_tbl_to_alter" }
I0727 06:17:06.669193 21067 catalog_manager.cc:3506] T 00000000000000000000000000000000 P 6ba46398cfa14199ac3a517269d197ad: Sending DeleteTablet for 3 replicas of tablet 53d93003c2d34c9082cc158c42e37dc5
I0727 06:17:06.669208 21067 catalog_manager.cc:3158] Sending DeleteTablet(TABLET_DATA_DELETED) for tablet 53d93003c2d34c9082cc158c42e37dc5 on 6f1af300e1d549d6b1cdd8bf3b9aeb9c (ip-172-31-12-168:31201) (Table deleted at 2017-07-27 06:17:06 UTC)
I0727 06:17:06.669222 21067 catalog_manager.cc:3158] Sending DeleteTablet(TABLET_DATA_DELETED) for tablet 53d93003c2d34c9082cc158c42e37dc5 on b497dbd6bd1a4c998891b00d2493a1bb (ip-172-31-12-168:31202) (Table deleted at 2017-07-27 06:17:06 UTC)
I0727 06:17:06.669234 21067 catalog_manager.cc:3158] Sending DeleteTablet(TABLET_DATA_DELETED) for tablet 53d93003c2d34c9082cc158c42e37dc5 on 3a3c735705964e1badb66c37a66a9096 (ip-172-31-12-168:31200) (Table deleted at 2017-07-27 06:17:06 UTC)
I0727 06:17:06.669245 21067 catalog_manager.cc:1665] Successfully deleted table kudu_tbl_to_alter [id=524108f853d14bff87f1c2bd8f91f57f] per request from {username='ubuntu'} at 127.0.0.1:57189
I0727 06:17:06.670292 21067 catalog_manager.cc:1584] Servicing DeleteTable request from {username='ubuntu'} at 127.0.0.1:57189: table { table_name: "shared_kudu_tbl" }
I0727 06:17:06.670604 21067 catalog_manager.cc:3506] T 00000000000000000000000000000000 P 6ba46398cfa14199ac3a517269d197ad: Sending DeleteTablet for 3 replicas of tablet 47f295812fcb448eb261bf281109bbdd
I0727 06:17:06.670619 21067 catalog_manager.cc:3158] Sending DeleteTablet(TABLET_DATA_DELETED) for tablet 47f295812fcb448eb261bf281109bbdd on b497dbd6bd1a4c998891b00d2493a1bb (ip-172-31-12-168:31202) (Table deleted at 2017-07-27 06:17:06 UTC)
I0727 06:17:06.670635 21067 catalog_manager.cc:3158] Sending DeleteTablet(TABLET_DATA_DELETED) for tablet 47f295812fcb448eb261bf281109bbdd on 6f1af300e1d549d6b1cdd8bf3b9aeb9c (ip-172-31-12-168:31201) (Table deleted at 2017-07-27 06:17:06 UTC)
I0727 06:17:06.670651 21067 catalog_manager.cc:3158] Sending DeleteTablet(TABLET_DATA_DELETED) for tablet 47f295812fcb448eb261bf281109bbdd on 3a3c735705964e1badb66c37a66a9096 (ip-172-31-12-168:31200) (Table deleted at 2017-07-27 06:17:06 UTC)
I0727 06:17:06.670660 21067 catalog_manager.cc:3506] T 00000000000000000000000000000000 P 6ba46398cfa14199ac3a517269d197ad: Sending DeleteTablet for 3 replicas of tablet 2c4de86283cd44f7bd3f1bcbc3055509
I0727 06:17:06.670663 21067 catalog_manager.cc:3158] Sending DeleteTablet(TABLET_DATA_DELETED) for tablet 2c4de86283cd44f7bd3f1bcbc3055509 on b497dbd6bd1a4c998891b00d2493a1bb (ip-172-31-12-168:31202) (Table deleted at 2017-07-27 06:17:06 UTC)
I0727 06:17:06.670671 21067 catalog_manager.cc:3158] Sending DeleteTablet(TABLET_DATA_DELETED) for tablet 2c4de86283cd44f7bd3f1bcbc3055509 on 6f1af300e1d549d6b1cdd8bf3b9aeb9c (ip-172-31-12-168:31201) (Table deleted at 2017-07-27 06:17:06 UTC)
I0727 06:17:06.670680 21067 catalog_manager.cc:3158] Sending DeleteTablet(TABLET_DATA_DELETED) for tablet 2c4de86283cd44f7bd3f1bcbc3055509 on 3a3c735705964e1badb66c37a66a9096 (ip-172-31-12-168:31200) (Table deleted at 2017-07-27 06:17:06 UTC)
I0727 06:17:06.670686 21067 catalog_manager.cc:3506] T 00000000000000000000000000000000 P 6ba46398cfa14199ac3a517269d197ad: Sending DeleteTablet for 3 replicas of tablet 1b03dee112f042c9a2e2369c029b7b1c
I0727 06:17:06.670691 21067 catalog_manager.cc:3158] Sending DeleteTablet(TABLET_DATA_DELETED) for tablet 1b03dee112f042c9a2e2369c029b7b1c on b497dbd6bd1a4c998891b00d2493a1bb (ip-172-31-12-168:31202) (Table deleted at 2017-07-27 06:17:06 UTC)
I0727 06:17:06.670701 21067 catalog_manager.cc:3158] Sending DeleteTablet(TABLET_DATA_DELETED) for tablet 1b03dee112f042c9a2e2369c029b7b1c on 6f1af300e1d549d6b1cdd8bf3b9aeb9c (ip-172-31-12-168:31201) (Table deleted at 2017-07-27 06:17:06 UTC)
I0727 06:17:06.670708 21067 catalog_manager.cc:3158] Sending DeleteTablet(TABLET_DATA_DELETED) for tablet 1b03dee112f042c9a2e2369c029b7b1c on 3a3c735705964e1badb66c37a66a9096 (ip-172-31-12-168:31200) (Table deleted at 2017-07-27 06:17:06 UTC)
I0727 06:17:06.670722 21067 catalog_manager.cc:1665] Successfully deleted table shared_kudu_tbl [id=7bcc91eb99d5408dbfc3b84a02e1dec0] per request from {username='ubuntu'} at 127.0.0.1:57189
I0727 06:17:06.671474 20839 catalog_manager.cc:3134] TS 6f1af300e1d549d6b1cdd8bf3b9aeb9c (ip-172-31-12-168:31201): tablet 53d93003c2d34c9082cc158c42e37dc5 (table kudu_tbl_to_alter [id=524108f853d14bff87f1c2bd8f91f57f]) successfully deleted
I0727 06:17:06.671491 20839 catalog_manager.cc:3134] TS 3a3c735705964e1badb66c37a66a9096 (ip-172-31-12-168:31200): tablet 53d93003c2d34c9082cc158c42e37dc5 (table kudu_tbl_to_alter [id=524108f853d14bff87f1c2bd8f91f57f]) successfully deleted
I0727 06:17:06.671568 20837 catalog_manager.cc:3134] TS b497dbd6bd1a4c998891b00d2493a1bb (ip-172-31-12-168:31202): tablet 53d93003c2d34c9082cc158c42e37dc5 (table kudu_tbl_to_alter [id=524108f853d14bff87f1c2bd8f91f57f]) successfully deleted
I0727 06:17:06.671974 21067 catalog_manager.cc:1584] Servicing DeleteTable request from {username='ubuntu'} at 127.0.0.1:57189: table { table_name: "impala::test_kudu_alter_table_66229779.simple" }
I0727 06:17:06.672304 21067 catalog_manager.cc:3506] T 00000000000000000000000000000000 P 6ba46398cfa14199ac3a517269d197ad: Sending DeleteTablet for 3 replicas of tablet 19ec32725bca4ee9b1356d6fb2fe4c0b
I0727 06:17:06.672319 21067 catalog_manager.cc:3158] Sending DeleteTablet(TABLET_DATA_DELETED) for tablet 19ec32725bca4ee9b1356d6fb2fe4c0b on 6f1af300e1d549d6b1cdd8bf3b9aeb9c (ip-172-31-12-168:31201) (Table deleted at 2017-07-27 06:17:06 UTC)
I0727 06:17:06.672358 21067 catalog_manager.cc:3158] Sending DeleteTablet(TABLET_DATA_DELETED) for tablet 19ec32725bca4ee9b1356d6fb2fe4c0b on 3a3c735705964e1badb66c37a66a9096 (ip-172-31-12-168:31200) (Table deleted at 2017-07-27 06:17:06 UTC)
I0727 06:17:06.672375 21067 catalog_manager.cc:3158] Sending DeleteTablet(TABLET_DATA_DELETED) for tablet 19ec32725bca4ee9b1356d6fb2fe4c0b on b497dbd6bd1a4c998891b00d2493a1bb (ip-172-31-12-168:31202) (Table deleted at 2017-07-27 06:17:06 UTC)
I0727 06:17:06.672386 21067 catalog_manager.cc:3506] T 00000000000000000000000000000000 P 6ba46398cfa14199ac3a517269d197ad: Sending DeleteTablet for 3 replicas of tablet 9bfcf775073844d0aa6251e7ee486375
I0727 06:17:06.672394 21067 catalog_manager.cc:3158] Sending DeleteTablet(TABLET_DATA_DELETED) for tablet 9bfcf775073844d0aa6251e7ee486375 on 6f1af300e1d549d6b1cdd8bf3b9aeb9c (ip-172-31-12-168:31201) (Table deleted at 2017-07-27 06:17:06 UTC)
I0727 06:17:06.672410 21067 catalog_manager.cc:3158] Sending DeleteTablet(TABLET_DATA_DELETED) for tablet 9bfcf775073844d0aa6251e7ee486375 on 3a3c735705964e1badb66c37a66a9096 (ip-172-31-12-168:31200) (Table deleted at 2017-07-27 06:17:06 UTC)
I0727 06:17:06.672422 21067 catalog_manager.cc:3158] Sending DeleteTablet(TABLET_DATA_DELETED) for tablet 9bfcf775073844d0aa6251e7ee486375 on b497dbd6bd1a4c998891b00d2493a1bb (ip-172-31-12-168:31202) (Table deleted at 2017-07-27 06:17:06 UTC)
I0727 06:17:06.672428 21067 catalog_manager.cc:3506] T 00000000000000000000000000000000 P 6ba46398cfa14199ac3a517269d197ad: Sending DeleteTablet for 3 replicas of tablet bbdd11b90f804c5a94a3242a27bbe2c7
I0727 06:17:06.672436 21067 catalog_manager.cc:3158] Sending DeleteTablet(TABLET_DATA_DELETED) for tablet bbdd11b90f804c5a94a3242a27bbe2c7 on 6f1af300e1d549d6b1cdd8bf3b9aeb9c (ip-172-31-12-168:31201) (Table deleted at 2017-07-27 06:17:06 UTC)
I0727 06:17:06.672447 21067 catalog_manager.cc:3158] Sending DeleteTablet(TABLET_DATA_DELETED) for tablet bbdd11b90f804c5a94a3242a27bbe2c7 on 3a3c735705964e1badb66c37a66a9096 (ip-172-31-12-168:31200) (Table deleted at 2017-07-27 06:17:06 UTC)
I0727 06:17:06.672454 21067 catalog_manager.cc:3158] Sending DeleteTablet(TABLET_DATA_DELETED) for tablet bbdd11b90f804c5a94a3242a27bbe2c7 on b497dbd6bd1a4c998891b00d2493a1bb (ip-172-31-12-168:31202) (Table deleted at 2017-07-27 06:17:06 UTC)
I0727 06:17:06.672472 21067 catalog_manager.cc:1665] Successfully deleted table impala::test_kudu_alter_table_66229779.simple [id=1a7c13d706594122967cfccd0623fb3e] per request from {username='ubuntu'} at 127.0.0.1:57189
I0727 06:17:06.672855 20839 catalog_manager.cc:3134] TS 3a3c735705964e1badb66c37a66a9096 (ip-172-31-12-168:31200): tablet 2c4de86283cd44f7bd3f1bcbc3055509 (table shared_kudu_tbl [id=7bcc91eb99d5408dbfc3b84a02e1dec0]) successfully deleted
I0727 06:17:06.672890 20837 catalog_manager.cc:3134] TS b497dbd6bd1a4c998891b00d2493a1bb (ip-172-31-12-168:31202): tablet 47f295812fcb448eb261bf281109bbdd (table shared_kudu_tbl [id=7bcc91eb99d5408dbfc3b84a02e1dec0]) successfully deleted
I0727 06:17:06.673233 20839 catalog_manager.cc:3134] TS 6f1af300e1d549d6b1cdd8bf3b9aeb9c (ip-172-31-12-168:31201): tablet 1b03dee112f042c9a2e2369c029b7b1c (table shared_kudu_tbl [id=7bcc91eb99d5408dbfc3b84a02e1dec0]) successfully deleted
I0727 06:17:06.673334 20839 catalog_manager.cc:3134] TS 6f1af300e1d549d6b1cdd8bf3b9aeb9c (ip-172-31-12-168:31201): tablet 47f295812fcb448eb261bf281109bbdd (table shared_kudu_tbl [id=7bcc91eb99d5408dbfc3b84a02e1dec0]) successfully deleted
I0727 06:17:06.673846 20839 catalog_manager.cc:3134] TS 3a3c735705964e1badb66c37a66a9096 (ip-172-31-12-168:31200): tablet 47f295812fcb448eb261bf281109bbdd (table shared_kudu_tbl [id=7bcc91eb99d5408dbfc3b84a02e1dec0]) successfully deleted
I0727 06:17:06.673962 20839 catalog_manager.cc:3134] TS 6f1af300e1d549d6b1cdd8bf3b9aeb9c (ip-172-31-12-168:31201): tablet 2c4de86283cd44f7bd3f1bcbc3055509 (table shared_kudu_tbl [id=7bcc91eb99d5408dbfc3b84a02e1dec0]) successfully deleted
I0727 06:17:06.674278 20837 catalog_manager.cc:3134] TS b497dbd6bd1a4c998891b00d2493a1bb (ip-172-31-12-168:31202): tablet 2c4de86283cd44f7bd3f1bcbc3055509 (table shared_kudu_tbl [id=7bcc91eb99d5408dbfc3b84a02e1dec0]) successfully deleted
I0727 06:17:06.674311 20837 catalog_manager.cc:3134] TS b497dbd6bd1a4c998891b00d2493a1bb (ip-172-31-12-168:31202): tablet 1b03dee112f042c9a2e2369c029b7b1c (table shared_kudu_tbl [id=7bcc91eb99d5408dbfc3b84a02e1dec0]) successfully deleted
I0727 06:17:06.674419 20839 catalog_manager.cc:3134] TS 3a3c735705964e1badb66c37a66a9096 (ip-172-31-12-168:31200): tablet 1b03dee112f042c9a2e2369c029b7b1c (table shared_kudu_tbl [id=7bcc91eb99d5408dbfc3b84a02e1dec0]) successfully deleted
I0727 06:17:06.674793 20839 catalog_manager.cc:3134] TS 6f1af300e1d549d6b1cdd8bf3b9aeb9c (ip-172-31-12-168:31201): tablet 9bfcf775073844d0aa6251e7ee486375 (table impala::test_kudu_alter_table_66229779.simple [id=1a7c13d706594122967cfccd0623fb3e]) successfully deleted
I0727 06:17:06.674953 20837 catalog_manager.cc:3134] TS b497dbd6bd1a4c998891b00d2493a1bb (ip-172-31-12-168:31202): tablet 19ec32725bca4ee9b1356d6fb2fe4c0b (table impala::test_kudu_alter_table_66229779.simple [id=1a7c13d706594122967cfccd0623fb3e]) successfully deleted
I0727 06:17:06.675446 20839 catalog_manager.cc:3134] TS 3a3c735705964e1badb66c37a66a9096 (ip-172-31-12-168:31200): tablet 9bfcf775073844d0aa6251e7ee486375 (table impala::test_kudu_alter_table_66229779.simple [id=1a7c13d706594122967cfccd0623fb3e]) successfully deleted
I0727 06:17:06.675520 20839 catalog_manager.cc:3134] TS 6f1af300e1d549d6b1cdd8bf3b9aeb9c (ip-172-31-12-168:31201): tablet 19ec32725bca4ee9b1356d6fb2fe4c0b (table impala::test_kudu_alter_table_66229779.simple [id=1a7c13d706594122967cfccd0623fb3e]) successfully deleted
I0727 06:17:06.675597 20839 catalog_manager.cc:3134] TS 6f1af300e1d549d6b1cdd8bf3b9aeb9c (ip-172-31-12-168:31201): tablet bbdd11b90f804c5a94a3242a27bbe2c7 (table impala::test_kudu_alter_table_66229779.simple [id=1a7c13d706594122967cfccd0623fb3e]) successfully deleted
I0727 06:17:06.675951 20837 catalog_manager.cc:3134] TS b497dbd6bd1a4c998891b00d2493a1bb (ip-172-31-12-168:31202): tablet 9bfcf775073844d0aa6251e7ee486375 (table impala::test_kudu_alter_table_66229779.simple [id=1a7c13d706594122967cfccd0623fb3e]) successfully deleted
I0727 06:17:06.675969 20837 catalog_manager.cc:3134] TS b497dbd6bd1a4c998891b00d2493a1bb (ip-172-31-12-168:31202): tablet bbdd11b90f804c5a94a3242a27bbe2c7 (table impala::test_kudu_alter_table_66229779.simple [id=1a7c13d706594122967cfccd0623fb3e]) successfully deleted
I0727 06:17:06.676147 20839 catalog_manager.cc:3134] TS 3a3c735705964e1badb66c37a66a9096 (ip-172-31-12-168:31200): tablet bbdd11b90f804c5a94a3242a27bbe2c7 (table impala::test_kudu_alter_table_66229779.simple [id=1a7c13d706594122967cfccd0623fb3e]) successfully deleted
I0727 06:17:06.676466 20839 catalog_manager.cc:3134] TS 3a3c735705964e1badb66c37a66a9096 (ip-172-31-12-168:31200): tablet 19ec32725bca4ee9b1356d6fb2fe4c0b (table impala::test_kudu_alter_table_66229779.simple [id=1a7c13d706594122967cfccd0623fb3e]) successfully deleted
I0727 06:18:24.087375 20812 tablet.cc:1039] T 00000000000000000000000000000000 P 6ba46398cfa14199ac3a517269d197ad: Flush: entering stage 1 (old memrowset already frozen for inserts)
I0727 06:18:24.087400 20812 compaction.cc:881] Selected 1 rowsets to compact:
I0727 06:18:24.087404 20812 compaction.cc:884] memrowset(current size on disk: ~0 bytes)
I0727 06:18:24.087406 20812 tablet.cc:1041] T 00000000000000000000000000000000 P 6ba46398cfa14199ac3a517269d197ad: Memstore in-memory size: 31639 bytes
I0727 06:18:24.087412 20812 tablet.cc:1304] T 00000000000000000000000000000000 P 6ba46398cfa14199ac3a517269d197ad: Flush: entering phase 1 (flushing snapshot). Phase 1 snapshot: MvccSnapshot[committed={T|T < 6148653984448987136 or (T in {6148653984448987136})}]
I0727 06:18:24.087628 20812 multi_column_writer.cc:95] Opened CFile writers for 3 column(s)
I0727 06:18:24.088194 20812 tablet.cc:1389] T 00000000000000000000000000000000 P 6ba46398cfa14199ac3a517269d197ad: Flush: entering phase 2 (starting to duplicate updates in new rowsets)
I0727 06:18:24.088217 20812 tablet.cc:1444] T 00000000000000000000000000000000 P 6ba46398cfa14199ac3a517269d197ad: Flush Phase 2: carrying over any updates which arrived during Phase 1
I0727 06:18:24.088225 20812 tablet.cc:1446] T 00000000000000000000000000000000 P 6ba46398cfa14199ac3a517269d197ad: Phase 2 snapshot: MvccSnapshot[committed={T|T < 6148653984448987136 or (T in {6148653984448987136})}]
I0727 06:18:24.088891 20812 tablet.cc:1488] T 00000000000000000000000000000000 P 6ba46398cfa14199ac3a517269d197ad: Flush successful on 13 rows (9581 bytes)
I0727 06:18:24.088929 20812 maintenance_manager.cc:435] Time spent running FlushMRSOp(00000000000000000000000000000000): real 0.002s	user 0.000s	sys 0.000s
I0727 06:18:24.088948 20812 maintenance_manager.cc:441] P 6ba46398cfa14199ac3a517269d197ad: FlushMRSOp(00000000000000000000000000000000) metrics: {"cfile_init":1,"thread_start_us":199,"threads_started":1,"wal-append.queue_time_us":216}
I0727 06:18:24.089040 20812 maintenance_manager.cc:435] Time spent running UndoDeltaBlockGCOp(00000000000000000000000000000000): real 0.000s	user 0.000s	sys 0.000s
I0727 06:18:24.089051 20812 maintenance_manager.cc:441] P 6ba46398cfa14199ac3a517269d197ad: UndoDeltaBlockGCOp(00000000000000000000000000000000) metrics: {"cfile_init":1}
I0727 06:18:24.089093 20812 tablet.cc:1518] T 00000000000000000000000000000000 P 6ba46398cfa14199ac3a517269d197ad: Compaction: stage 1 complete, picked 2 rowsets to compact
I0727 06:18:24.089102 20812 compaction.cc:881] Selected 2 rowsets to compact:
I0727 06:18:24.089103 20812 compaction.cc:884] RowSet(11)(current size on disk: ~84432 bytes)
I0727 06:18:24.089105 20812 compaction.cc:884] RowSet(12)(current size on disk: ~12680 bytes)
I0727 06:18:24.089113 20812 tablet.cc:1304] T 00000000000000000000000000000000 P 6ba46398cfa14199ac3a517269d197ad: Compaction: entering phase 1 (flushing snapshot). Phase 1 snapshot: MvccSnapshot[committed={T|T < 6148653984448987136 or (T in {6148653984448987136})}]
I0727 06:18:24.089236 20812 multi_column_writer.cc:95] Opened CFile writers for 3 column(s)
I0727 06:18:24.091081 20812 tablet.cc:1389] T 00000000000000000000000000000000 P 6ba46398cfa14199ac3a517269d197ad: Compaction: entering phase 2 (starting to duplicate updates in new rowsets)
I0727 06:18:24.091102 20812 tablet.cc:1444] T 00000000000000000000000000000000 P 6ba46398cfa14199ac3a517269d197ad: Compaction Phase 2: carrying over any updates which arrived during Phase 1
I0727 06:18:24.091110 20812 tablet.cc:1446] T 00000000000000000000000000000000 P 6ba46398cfa14199ac3a517269d197ad: Phase 2 snapshot: MvccSnapshot[committed={T|T < 6148653984448987136 or (T in {6148653984448987136})}]
I0727 06:18:24.091595 20812 tablet.cc:1488] T 00000000000000000000000000000000 P 6ba46398cfa14199ac3a517269d197ad: Compaction successful on 215 rows (88366 bytes)
I0727 06:18:24.091826 20812 maintenance_manager.cc:435] Time spent running CompactRowSetsOp(00000000000000000000000000000000): real 0.003s	user 0.001s	sys 0.000s
I0727 06:18:24.091851 20812 maintenance_manager.cc:441] P 6ba46398cfa14199ac3a517269d197ad: CompactRowSetsOp(00000000000000000000000000000000) metrics: {"cfile_cache_hit":13,"cfile_cache_hit_bytes":76886,"cfile_cache_miss":31,"cfile_cache_miss_bytes":84178,"cfile_init":7,"delta_iterators_relevant":6}
I0727 06:18:24.091929 20812 maintenance_manager.cc:435] Time spent running UndoDeltaBlockGCOp(00000000000000000000000000000000): real 0.000s	user 0.000s	sys 0.000s
I0727 06:18:24.091941 20812 maintenance_manager.cc:441] P 6ba46398cfa14199ac3a517269d197ad: UndoDeltaBlockGCOp(00000000000000000000000000000000) metrics: {"cfile_init":1}
I0727 06:27:55.296000 21070 catalog_manager.cc:1278] CreateTable from {username='ubuntu'} at 127.0.0.1:59234:
name: "impala::test_create_kudu_a8253f48.t"
schema {
  columns {
    name: "id"
    type: INT32
    is_key: true
    is_nullable: false
    cfile_block_size: 0
  }
  columns {
    name: "int_col"
    type: INT32
    is_key: false
    is_nullable: true
    cfile_block_size: 0
  }
}
partition_schema {
  hash_bucket_schemas {
    columns {
      name: "id"
    }
    num_buckets: 3
    seed: 0
  }
  range_schema {
  }
}
I0727 06:29:01.531002 21070 catalog_manager.cc:1278] CreateTable from {username='ubuntu'} at 127.0.0.1:59528:
name: "impala::test_kudu_partition_ddl_7e04e8f9.simple_hash"
schema {
  columns {
    name: "id"
    type: INT32
    is_key: true
    is_nullable: false
    cfile_block_size: 0
  }
  columns {
    name: "name"
    type: STRING
    is_key: true
    is_nullable: false
    cfile_block_size: 0
  }
  columns {
    name: "valf"
    type: FLOAT
    is_key: false
    is_nullable: true
    cfile_block_size: 0
  }
  columns {
    name: "vali"
    type: INT64
    is_key: false
    is_nullable: true
    cfile_block_size: 0
  }
}
partition_schema {
  hash_bucket_schemas {
    columns {
      name: "id"
    }
    num_buckets: 4
    seed: 0
  }
  hash_bucket_schemas {
    columns {
      name: "name"
    }
    num_buckets: 2
    seed: 0
  }
  range_schema {
  }
}
I0727 06:29:05.414937 21070 catalog_manager.cc:1278] CreateTable from {username='ubuntu'} at 127.0.0.1:59528:
name: "impala::test_kudu_stats_8ac38f3e.simple"
schema {
  columns {
    name: "id"
    type: INT32
