I0727 05:20:22.322516 115354 log.cc:647] T e99cd71d7ecf43749f75e398c62ec477 P 6f1af300e1d549d6b1cdd8bf3b9aeb9c: Max segment size reached. Starting new segment allocation
I0727 05:20:22.398380 115354 log.cc:562] T e99cd71d7ecf43749f75e398c62ec477 P 6f1af300e1d549d6b1cdd8bf3b9aeb9c: Rolled over to a new log segment at /home/ubuntu/Impala/testdata/cluster/cdh5/node-2/var/lib/kudu/ts/wal/wals/e99cd71d7ecf43749f75e398c62ec477/wal-000000011
I0727 05:20:22.463830 115362 log.cc:647] T 99dddb081d294300a6b1d5dd18e95d6e P 6f1af300e1d549d6b1cdd8bf3b9aeb9c: Max segment size reached. Starting new segment allocation
I0727 05:20:22.563067 115362 log.cc:562] T 99dddb081d294300a6b1d5dd18e95d6e P 6f1af300e1d549d6b1cdd8bf3b9aeb9c: Rolled over to a new log segment at /home/ubuntu/Impala/testdata/cluster/cdh5/node-2/var/lib/kudu/ts/wal/wals/99dddb081d294300a6b1d5dd18e95d6e/wal-000000011
I0727 05:20:22.579082 115370 log.cc:647] T 834e814840e049aeb7ff9a76ca4a2989 P 6f1af300e1d549d6b1cdd8bf3b9aeb9c: Max segment size reached. Starting new segment allocation
I0727 05:20:22.652235 115370 log.cc:562] T 834e814840e049aeb7ff9a76ca4a2989 P 6f1af300e1d549d6b1cdd8bf3b9aeb9c: Rolled over to a new log segment at /home/ubuntu/Impala/testdata/cluster/cdh5/node-2/var/lib/kudu/ts/wal/wals/834e814840e049aeb7ff9a76ca4a2989/wal-000000011
I0727 05:20:23.258018 115354 log.cc:647] T e99cd71d7ecf43749f75e398c62ec477 P 6f1af300e1d549d6b1cdd8bf3b9aeb9c: Max segment size reached. Starting new segment allocation
I0727 05:20:23.343322 115354 log.cc:562] T e99cd71d7ecf43749f75e398c62ec477 P 6f1af300e1d549d6b1cdd8bf3b9aeb9c: Rolled over to a new log segment at /home/ubuntu/Impala/testdata/cluster/cdh5/node-2/var/lib/kudu/ts/wal/wals/e99cd71d7ecf43749f75e398c62ec477/wal-000000012
I0727 05:20:23.412504 115362 log.cc:647] T 99dddb081d294300a6b1d5dd18e95d6e P 6f1af300e1d549d6b1cdd8bf3b9aeb9c: Max segment size reached. Starting new segment allocation
I0727 05:20:23.480590 115362 log.cc:562] T 99dddb081d294300a6b1d5dd18e95d6e P 6f1af300e1d549d6b1cdd8bf3b9aeb9c: Rolled over to a new log segment at /home/ubuntu/Impala/testdata/cluster/cdh5/node-2/var/lib/kudu/ts/wal/wals/99dddb081d294300a6b1d5dd18e95d6e/wal-000000012
I0727 05:20:23.520624 115370 log.cc:647] T 834e814840e049aeb7ff9a76ca4a2989 P 6f1af300e1d549d6b1cdd8bf3b9aeb9c: Max segment size reached. Starting new segment allocation
I0727 05:20:23.597111 115370 log.cc:562] T 834e814840e049aeb7ff9a76ca4a2989 P 6f1af300e1d549d6b1cdd8bf3b9aeb9c: Rolled over to a new log segment at /home/ubuntu/Impala/testdata/cluster/cdh5/node-2/var/lib/kudu/ts/wal/wals/834e814840e049aeb7ff9a76ca4a2989/wal-000000012
I0727 05:20:24.198937 115354 log.cc:647] T e99cd71d7ecf43749f75e398c62ec477 P 6f1af300e1d549d6b1cdd8bf3b9aeb9c: Max segment size reached. Starting new segment allocation
I0727 05:20:24.296015 115354 log.cc:562] T e99cd71d7ecf43749f75e398c62ec477 P 6f1af300e1d549d6b1cdd8bf3b9aeb9c: Rolled over to a new log segment at /home/ubuntu/Impala/testdata/cluster/cdh5/node-2/var/lib/kudu/ts/wal/wals/e99cd71d7ecf43749f75e398c62ec477/wal-000000013
I0727 05:20:24.348250 115362 log.cc:647] T 99dddb081d294300a6b1d5dd18e95d6e P 6f1af300e1d549d6b1cdd8bf3b9aeb9c: Max segment size reached. Starting new segment allocation
I0727 05:20:24.435535 115362 log.cc:562] T 99dddb081d294300a6b1d5dd18e95d6e P 6f1af300e1d549d6b1cdd8bf3b9aeb9c: Rolled over to a new log segment at /home/ubuntu/Impala/testdata/cluster/cdh5/node-2/var/lib/kudu/ts/wal/wals/99dddb081d294300a6b1d5dd18e95d6e/wal-000000013
I0727 05:20:24.473598 115370 log.cc:647] T 834e814840e049aeb7ff9a76ca4a2989 P 6f1af300e1d549d6b1cdd8bf3b9aeb9c: Max segment size reached. Starting new segment allocation
I0727 05:20:24.547714 115370 log.cc:562] T 834e814840e049aeb7ff9a76ca4a2989 P 6f1af300e1d549d6b1cdd8bf3b9aeb9c: Rolled over to a new log segment at /home/ubuntu/Impala/testdata/cluster/cdh5/node-2/var/lib/kudu/ts/wal/wals/834e814840e049aeb7ff9a76ca4a2989/wal-000000013
I0727 05:20:25.142817 115354 log.cc:647] T e99cd71d7ecf43749f75e398c62ec477 P 6f1af300e1d549d6b1cdd8bf3b9aeb9c: Max segment size reached. Starting new segment allocation
I0727 05:20:25.220629 115354 log.cc:562] T e99cd71d7ecf43749f75e398c62ec477 P 6f1af300e1d549d6b1cdd8bf3b9aeb9c: Rolled over to a new log segment at /home/ubuntu/Impala/testdata/cluster/cdh5/node-2/var/lib/kudu/ts/wal/wals/e99cd71d7ecf43749f75e398c62ec477/wal-000000014
I0727 05:20:25.286664 115362 log.cc:647] T 99dddb081d294300a6b1d5dd18e95d6e P 6f1af300e1d549d6b1cdd8bf3b9aeb9c: Max segment size reached. Starting new segment allocation
I0727 05:20:25.361518 115362 log.cc:562] T 99dddb081d294300a6b1d5dd18e95d6e P 6f1af300e1d549d6b1cdd8bf3b9aeb9c: Rolled over to a new log segment at /home/ubuntu/Impala/testdata/cluster/cdh5/node-2/var/lib/kudu/ts/wal/wals/99dddb081d294300a6b1d5dd18e95d6e/wal-000000014
I0727 05:20:25.396010 115370 log.cc:647] T 834e814840e049aeb7ff9a76ca4a2989 P 6f1af300e1d549d6b1cdd8bf3b9aeb9c: Max segment size reached. Starting new segment allocation
I0727 05:20:25.466423 115370 log.cc:562] T 834e814840e049aeb7ff9a76ca4a2989 P 6f1af300e1d549d6b1cdd8bf3b9aeb9c: Rolled over to a new log segment at /home/ubuntu/Impala/testdata/cluster/cdh5/node-2/var/lib/kudu/ts/wal/wals/834e814840e049aeb7ff9a76ca4a2989/wal-000000014
I0727 05:20:26.117386 115354 log.cc:647] T e99cd71d7ecf43749f75e398c62ec477 P 6f1af300e1d549d6b1cdd8bf3b9aeb9c: Max segment size reached. Starting new segment allocation
I0727 05:20:26.193617 115354 log.cc:562] T e99cd71d7ecf43749f75e398c62ec477 P 6f1af300e1d549d6b1cdd8bf3b9aeb9c: Rolled over to a new log segment at /home/ubuntu/Impala/testdata/cluster/cdh5/node-2/var/lib/kudu/ts/wal/wals/e99cd71d7ecf43749f75e398c62ec477/wal-000000015
I0727 05:20:26.230459 115362 log.cc:647] T 99dddb081d294300a6b1d5dd18e95d6e P 6f1af300e1d549d6b1cdd8bf3b9aeb9c: Max segment size reached. Starting new segment allocation
I0727 05:20:26.311645 115362 log.cc:562] T 99dddb081d294300a6b1d5dd18e95d6e P 6f1af300e1d549d6b1cdd8bf3b9aeb9c: Rolled over to a new log segment at /home/ubuntu/Impala/testdata/cluster/cdh5/node-2/var/lib/kudu/ts/wal/wals/99dddb081d294300a6b1d5dd18e95d6e/wal-000000015
I0727 05:20:26.371299 115370 log.cc:647] T 834e814840e049aeb7ff9a76ca4a2989 P 6f1af300e1d549d6b1cdd8bf3b9aeb9c: Max segment size reached. Starting new segment allocation
I0727 05:20:26.439399 115370 log.cc:562] T 834e814840e049aeb7ff9a76ca4a2989 P 6f1af300e1d549d6b1cdd8bf3b9aeb9c: Rolled over to a new log segment at /home/ubuntu/Impala/testdata/cluster/cdh5/node-2/var/lib/kudu/ts/wal/wals/834e814840e049aeb7ff9a76ca4a2989/wal-000000015
I0727 05:20:27.096020 115354 log.cc:647] T e99cd71d7ecf43749f75e398c62ec477 P 6f1af300e1d549d6b1cdd8bf3b9aeb9c: Max segment size reached. Starting new segment allocation
I0727 05:20:27.178747 115354 log.cc:562] T e99cd71d7ecf43749f75e398c62ec477 P 6f1af300e1d549d6b1cdd8bf3b9aeb9c: Rolled over to a new log segment at /home/ubuntu/Impala/testdata/cluster/cdh5/node-2/var/lib/kudu/ts/wal/wals/e99cd71d7ecf43749f75e398c62ec477/wal-000000016
I0727 05:20:27.194782 115362 log.cc:647] T 99dddb081d294300a6b1d5dd18e95d6e P 6f1af300e1d549d6b1cdd8bf3b9aeb9c: Max segment size reached. Starting new segment allocation
I0727 05:20:27.320585 115362 log.cc:562] T 99dddb081d294300a6b1d5dd18e95d6e P 6f1af300e1d549d6b1cdd8bf3b9aeb9c: Rolled over to a new log segment at /home/ubuntu/Impala/testdata/cluster/cdh5/node-2/var/lib/kudu/ts/wal/wals/99dddb081d294300a6b1d5dd18e95d6e/wal-000000016
I0727 05:20:27.392989 115370 log.cc:647] T 834e814840e049aeb7ff9a76ca4a2989 P 6f1af300e1d549d6b1cdd8bf3b9aeb9c: Max segment size reached. Starting new segment allocation
I0727 05:20:27.461542 115370 log.cc:562] T 834e814840e049aeb7ff9a76ca4a2989 P 6f1af300e1d549d6b1cdd8bf3b9aeb9c: Rolled over to a new log segment at /home/ubuntu/Impala/testdata/cluster/cdh5/node-2/var/lib/kudu/ts/wal/wals/834e814840e049aeb7ff9a76ca4a2989/wal-000000016
I0727 05:20:28.092808 115354 log.cc:647] T e99cd71d7ecf43749f75e398c62ec477 P 6f1af300e1d549d6b1cdd8bf3b9aeb9c: Max segment size reached. Starting new segment allocation
I0727 05:20:28.216657 115362 log.cc:647] T 99dddb081d294300a6b1d5dd18e95d6e P 6f1af300e1d549d6b1cdd8bf3b9aeb9c: Max segment size reached. Starting new segment allocation
I0727 05:20:28.242600 115354 log.cc:562] T e99cd71d7ecf43749f75e398c62ec477 P 6f1af300e1d549d6b1cdd8bf3b9aeb9c: Rolled over to a new log segment at /home/ubuntu/Impala/testdata/cluster/cdh5/node-2/var/lib/kudu/ts/wal/wals/e99cd71d7ecf43749f75e398c62ec477/wal-000000017
I0727 05:20:28.293546 115362 log.cc:562] T 99dddb081d294300a6b1d5dd18e95d6e P 6f1af300e1d549d6b1cdd8bf3b9aeb9c: Rolled over to a new log segment at /home/ubuntu/Impala/testdata/cluster/cdh5/node-2/var/lib/kudu/ts/wal/wals/99dddb081d294300a6b1d5dd18e95d6e/wal-000000017
I0727 05:20:28.522220 115681 log.cc:647] T 834e814840e049aeb7ff9a76ca4a2989 P 6f1af300e1d549d6b1cdd8bf3b9aeb9c: Max segment size reached. Starting new segment allocation
I0727 05:20:28.586381 115681 log.cc:562] T 834e814840e049aeb7ff9a76ca4a2989 P 6f1af300e1d549d6b1cdd8bf3b9aeb9c: Rolled over to a new log segment at /home/ubuntu/Impala/testdata/cluster/cdh5/node-2/var/lib/kudu/ts/wal/wals/834e814840e049aeb7ff9a76ca4a2989/wal-000000017
I0727 05:20:29.167004 115354 log.cc:647] T e99cd71d7ecf43749f75e398c62ec477 P 6f1af300e1d549d6b1cdd8bf3b9aeb9c: Max segment size reached. Starting new segment allocation
I0727 05:20:29.173492 115362 log.cc:647] T 99dddb081d294300a6b1d5dd18e95d6e P 6f1af300e1d549d6b1cdd8bf3b9aeb9c: Max segment size reached. Starting new segment allocation
I0727 05:20:29.257367 115362 log.cc:562] T 99dddb081d294300a6b1d5dd18e95d6e P 6f1af300e1d549d6b1cdd8bf3b9aeb9c: Rolled over to a new log segment at /home/ubuntu/Impala/testdata/cluster/cdh5/node-2/var/lib/kudu/ts/wal/wals/99dddb081d294300a6b1d5dd18e95d6e/wal-000000018
I0727 05:20:29.291805 115354 log.cc:562] T e99cd71d7ecf43749f75e398c62ec477 P 6f1af300e1d549d6b1cdd8bf3b9aeb9c: Rolled over to a new log segment at /home/ubuntu/Impala/testdata/cluster/cdh5/node-2/var/lib/kudu/ts/wal/wals/e99cd71d7ecf43749f75e398c62ec477/wal-000000018
I0727 05:20:29.550765 115681 log.cc:647] T 834e814840e049aeb7ff9a76ca4a2989 P 6f1af300e1d549d6b1cdd8bf3b9aeb9c: Max segment size reached. Starting new segment allocation
I0727 05:20:29.680292 115681 log.cc:562] T 834e814840e049aeb7ff9a76ca4a2989 P 6f1af300e1d549d6b1cdd8bf3b9aeb9c: Rolled over to a new log segment at /home/ubuntu/Impala/testdata/cluster/cdh5/node-2/var/lib/kudu/ts/wal/wals/834e814840e049aeb7ff9a76ca4a2989/wal-000000018
I0727 05:20:30.166358 115710 log.cc:647] T dca01cf35daa4b6e8c4cfe3f7c383123 P 6f1af300e1d549d6b1cdd8bf3b9aeb9c: Max segment size reached. Starting new segment allocation
I0727 05:20:30.197515 115718 log.cc:647] T 991bceb3ecd643048b2612ea06d7f6f6 P 6f1af300e1d549d6b1cdd8bf3b9aeb9c: Max segment size reached. Starting new segment allocation
I0727 05:20:30.249260 115710 log.cc:562] T dca01cf35daa4b6e8c4cfe3f7c383123 P 6f1af300e1d549d6b1cdd8bf3b9aeb9c: Rolled over to a new log segment at /home/ubuntu/Impala/testdata/cluster/cdh5/node-2/var/lib/kudu/ts/wal/wals/dca01cf35daa4b6e8c4cfe3f7c383123/wal-000000002
I0727 05:20:30.285349 115718 log.cc:562] T 991bceb3ecd643048b2612ea06d7f6f6 P 6f1af300e1d549d6b1cdd8bf3b9aeb9c: Rolled over to a new log segment at /home/ubuntu/Impala/testdata/cluster/cdh5/node-2/var/lib/kudu/ts/wal/wals/991bceb3ecd643048b2612ea06d7f6f6/wal-000000002
I0727 05:20:30.483276 115727 log.cc:647] T e75ae7eab0ea498095572f8f92f9da35 P 6f1af300e1d549d6b1cdd8bf3b9aeb9c: Max segment size reached. Starting new segment allocation
I0727 05:20:30.552747 115727 log.cc:562] T e75ae7eab0ea498095572f8f92f9da35 P 6f1af300e1d549d6b1cdd8bf3b9aeb9c: Rolled over to a new log segment at /home/ubuntu/Impala/testdata/cluster/cdh5/node-2/var/lib/kudu/ts/wal/wals/e75ae7eab0ea498095572f8f92f9da35/wal-000000002
I0727 05:20:31.093286 115710 log.cc:647] T dca01cf35daa4b6e8c4cfe3f7c383123 P 6f1af300e1d549d6b1cdd8bf3b9aeb9c: Max segment size reached. Starting new segment allocation
I0727 05:20:31.195945 115718 log.cc:647] T 991bceb3ecd643048b2612ea06d7f6f6 P 6f1af300e1d549d6b1cdd8bf3b9aeb9c: Max segment size reached. Starting new segment allocation
I0727 05:20:31.222106 115710 log.cc:562] T dca01cf35daa4b6e8c4cfe3f7c383123 P 6f1af300e1d549d6b1cdd8bf3b9aeb9c: Rolled over to a new log segment at /home/ubuntu/Impala/testdata/cluster/cdh5/node-2/var/lib/kudu/ts/wal/wals/dca01cf35daa4b6e8c4cfe3f7c383123/wal-000000003
I0727 05:20:31.263267 115718 log.cc:562] T 991bceb3ecd643048b2612ea06d7f6f6 P 6f1af300e1d549d6b1cdd8bf3b9aeb9c: Rolled over to a new log segment at /home/ubuntu/Impala/testdata/cluster/cdh5/node-2/var/lib/kudu/ts/wal/wals/991bceb3ecd643048b2612ea06d7f6f6/wal-000000003
I0727 05:20:31.482635 115727 log.cc:647] T e75ae7eab0ea498095572f8f92f9da35 P 6f1af300e1d549d6b1cdd8bf3b9aeb9c: Max segment size reached. Starting new segment allocation
I0727 05:20:31.569142 115727 log.cc:562] T e75ae7eab0ea498095572f8f92f9da35 P 6f1af300e1d549d6b1cdd8bf3b9aeb9c: Rolled over to a new log segment at /home/ubuntu/Impala/testdata/cluster/cdh5/node-2/var/lib/kudu/ts/wal/wals/e75ae7eab0ea498095572f8f92f9da35/wal-000000003
I0727 05:20:32.111449 115710 log.cc:647] T dca01cf35daa4b6e8c4cfe3f7c383123 P 6f1af300e1d549d6b1cdd8bf3b9aeb9c: Max segment size reached. Starting new segment allocation
I0727 05:20:32.148895 115718 log.cc:647] T 991bceb3ecd643048b2612ea06d7f6f6 P 6f1af300e1d549d6b1cdd8bf3b9aeb9c: Max segment size reached. Starting new segment allocation
I0727 05:20:32.190076 115710 log.cc:562] T dca01cf35daa4b6e8c4cfe3f7c383123 P 6f1af300e1d549d6b1cdd8bf3b9aeb9c: Rolled over to a new log segment at /home/ubuntu/Impala/testdata/cluster/cdh5/node-2/var/lib/kudu/ts/wal/wals/dca01cf35daa4b6e8c4cfe3f7c383123/wal-000000004
I0727 05:20:32.223353 115718 log.cc:562] T 991bceb3ecd643048b2612ea06d7f6f6 P 6f1af300e1d549d6b1cdd8bf3b9aeb9c: Rolled over to a new log segment at /home/ubuntu/Impala/testdata/cluster/cdh5/node-2/var/lib/kudu/ts/wal/wals/991bceb3ecd643048b2612ea06d7f6f6/wal-000000004
I0727 05:20:32.517204 115727 log.cc:647] T e75ae7eab0ea498095572f8f92f9da35 P 6f1af300e1d549d6b1cdd8bf3b9aeb9c: Max segment size reached. Starting new segment allocation
I0727 05:20:32.612958 115727 log.cc:562] T e75ae7eab0ea498095572f8f92f9da35 P 6f1af300e1d549d6b1cdd8bf3b9aeb9c: Rolled over to a new log segment at /home/ubuntu/Impala/testdata/cluster/cdh5/node-2/var/lib/kudu/ts/wal/wals/e75ae7eab0ea498095572f8f92f9da35/wal-000000004
I0727 05:20:33.069217 115718 log.cc:647] T 991bceb3ecd643048b2612ea06d7f6f6 P 6f1af300e1d549d6b1cdd8bf3b9aeb9c: Max segment size reached. Starting new segment allocation
I0727 05:20:33.118574 115710 log.cc:647] T dca01cf35daa4b6e8c4cfe3f7c383123 P 6f1af300e1d549d6b1cdd8bf3b9aeb9c: Max segment size reached. Starting new segment allocation
I0727 05:20:33.172343 115718 log.cc:562] T 991bceb3ecd643048b2612ea06d7f6f6 P 6f1af300e1d549d6b1cdd8bf3b9aeb9c: Rolled over to a new log segment at /home/ubuntu/Impala/testdata/cluster/cdh5/node-2/var/lib/kudu/ts/wal/wals/991bceb3ecd643048b2612ea06d7f6f6/wal-000000005
I0727 05:20:33.194023 115710 log.cc:562] T dca01cf35daa4b6e8c4cfe3f7c383123 P 6f1af300e1d549d6b1cdd8bf3b9aeb9c: Rolled over to a new log segment at /home/ubuntu/Impala/testdata/cluster/cdh5/node-2/var/lib/kudu/ts/wal/wals/dca01cf35daa4b6e8c4cfe3f7c383123/wal-000000005
I0727 05:20:33.551146 115727 log.cc:647] T e75ae7eab0ea498095572f8f92f9da35 P 6f1af300e1d549d6b1cdd8bf3b9aeb9c: Max segment size reached. Starting new segment allocation
I0727 05:20:33.644840 115727 log.cc:562] T e75ae7eab0ea498095572f8f92f9da35 P 6f1af300e1d549d6b1cdd8bf3b9aeb9c: Rolled over to a new log segment at /home/ubuntu/Impala/testdata/cluster/cdh5/node-2/var/lib/kudu/ts/wal/wals/e75ae7eab0ea498095572f8f92f9da35/wal-000000005
I0727 05:20:34.063782 115718 log.cc:647] T 991bceb3ecd643048b2612ea06d7f6f6 P 6f1af300e1d549d6b1cdd8bf3b9aeb9c: Max segment size reached. Starting new segment allocation
I0727 05:20:34.155524 115710 log.cc:647] T dca01cf35daa4b6e8c4cfe3f7c383123 P 6f1af300e1d549d6b1cdd8bf3b9aeb9c: Max segment size reached. Starting new segment allocation
I0727 05:20:34.176523 115718 log.cc:562] T 991bceb3ecd643048b2612ea06d7f6f6 P 6f1af300e1d549d6b1cdd8bf3b9aeb9c: Rolled over to a new log segment at /home/ubuntu/Impala/testdata/cluster/cdh5/node-2/var/lib/kudu/ts/wal/wals/991bceb3ecd643048b2612ea06d7f6f6/wal-000000006
I0727 05:20:34.253731 115710 log.cc:562] T dca01cf35daa4b6e8c4cfe3f7c383123 P 6f1af300e1d549d6b1cdd8bf3b9aeb9c: Rolled over to a new log segment at /home/ubuntu/Impala/testdata/cluster/cdh5/node-2/var/lib/kudu/ts/wal/wals/dca01cf35daa4b6e8c4cfe3f7c383123/wal-000000006
I0727 05:20:34.664413 115801 log.cc:647] T e75ae7eab0ea498095572f8f92f9da35 P 6f1af300e1d549d6b1cdd8bf3b9aeb9c: Max segment size reached. Starting new segment allocation
I0727 05:20:34.740718 115801 log.cc:562] T e75ae7eab0ea498095572f8f92f9da35 P 6f1af300e1d549d6b1cdd8bf3b9aeb9c: Rolled over to a new log segment at /home/ubuntu/Impala/testdata/cluster/cdh5/node-2/var/lib/kudu/ts/wal/wals/e75ae7eab0ea498095572f8f92f9da35/wal-000000006
I0727 05:20:35.026626 115718 log.cc:647] T 991bceb3ecd643048b2612ea06d7f6f6 P 6f1af300e1d549d6b1cdd8bf3b9aeb9c: Max segment size reached. Starting new segment allocation
I0727 05:20:35.103169 115718 log.cc:562] T 991bceb3ecd643048b2612ea06d7f6f6 P 6f1af300e1d549d6b1cdd8bf3b9aeb9c: Rolled over to a new log segment at /home/ubuntu/Impala/testdata/cluster/cdh5/node-2/var/lib/kudu/ts/wal/wals/991bceb3ecd643048b2612ea06d7f6f6/wal-000000007
I0727 05:20:35.113193 115710 log.cc:647] T dca01cf35daa4b6e8c4cfe3f7c383123 P 6f1af300e1d549d6b1cdd8bf3b9aeb9c: Max segment size reached. Starting new segment allocation
I0727 05:20:35.203800 115710 log.cc:562] T dca01cf35daa4b6e8c4cfe3f7c383123 P 6f1af300e1d549d6b1cdd8bf3b9aeb9c: Rolled over to a new log segment at /home/ubuntu/Impala/testdata/cluster/cdh5/node-2/var/lib/kudu/ts/wal/wals/dca01cf35daa4b6e8c4cfe3f7c383123/wal-000000007
I0727 05:20:35.697062 115801 log.cc:647] T e75ae7eab0ea498095572f8f92f9da35 P 6f1af300e1d549d6b1cdd8bf3b9aeb9c: Max segment size reached. Starting new segment allocation
I0727 05:20:35.768949 115801 log.cc:562] T e75ae7eab0ea498095572f8f92f9da35 P 6f1af300e1d549d6b1cdd8bf3b9aeb9c: Rolled over to a new log segment at /home/ubuntu/Impala/testdata/cluster/cdh5/node-2/var/lib/kudu/ts/wal/wals/e75ae7eab0ea498095572f8f92f9da35/wal-000000007
I0727 05:20:36.056498 115718 log.cc:647] T 991bceb3ecd643048b2612ea06d7f6f6 P 6f1af300e1d549d6b1cdd8bf3b9aeb9c: Max segment size reached. Starting new segment allocation
I0727 05:20:36.062507 115710 log.cc:647] T dca01cf35daa4b6e8c4cfe3f7c383123 P 6f1af300e1d549d6b1cdd8bf3b9aeb9c: Max segment size reached. Starting new segment allocation
I0727 05:20:36.151002 115718 log.cc:562] T 991bceb3ecd643048b2612ea06d7f6f6 P 6f1af300e1d549d6b1cdd8bf3b9aeb9c: Rolled over to a new log segment at /home/ubuntu/Impala/testdata/cluster/cdh5/node-2/var/lib/kudu/ts/wal/wals/991bceb3ecd643048b2612ea06d7f6f6/wal-000000008
I0727 05:20:36.164599 115710 log.cc:562] T dca01cf35daa4b6e8c4cfe3f7c383123 P 6f1af300e1d549d6b1cdd8bf3b9aeb9c: Rolled over to a new log segment at /home/ubuntu/Impala/testdata/cluster/cdh5/node-2/var/lib/kudu/ts/wal/wals/dca01cf35daa4b6e8c4cfe3f7c383123/wal-000000008
I0727 05:20:36.737520 115801 log.cc:647] T e75ae7eab0ea498095572f8f92f9da35 P 6f1af300e1d549d6b1cdd8bf3b9aeb9c: Max segment size reached. Starting new segment allocation
I0727 05:20:36.810344 115801 log.cc:562] T e75ae7eab0ea498095572f8f92f9da35 P 6f1af300e1d549d6b1cdd8bf3b9aeb9c: Rolled over to a new log segment at /home/ubuntu/Impala/testdata/cluster/cdh5/node-2/var/lib/kudu/ts/wal/wals/e75ae7eab0ea498095572f8f92f9da35/wal-000000008
I0727 05:20:36.980906 115718 log.cc:647] T 991bceb3ecd643048b2612ea06d7f6f6 P 6f1af300e1d549d6b1cdd8bf3b9aeb9c: Max segment size reached. Starting new segment allocation
W0727 05:20:37.063323 115718 log.cc:665] Time spent T 991bceb3ecd643048b2612ea06d7f6f6 P 6f1af300e1d549d6b1cdd8bf3b9aeb9c: Append to log took a long time: real 0.082s	user 0.028s	sys 0.051s
I0727 05:20:37.069434 115710 log.cc:647] T dca01cf35daa4b6e8c4cfe3f7c383123 P 6f1af300e1d549d6b1cdd8bf3b9aeb9c: Max segment size reached. Starting new segment allocation
W0727 05:20:37.164855 115710 log.cc:665] Time spent T dca01cf35daa4b6e8c4cfe3f7c383123 P 6f1af300e1d549d6b1cdd8bf3b9aeb9c: Append to log took a long time: real 0.095s	user 0.029s	sys 0.065s
I0727 05:20:37.164943 115718 log.cc:562] T 991bceb3ecd643048b2612ea06d7f6f6 P 6f1af300e1d549d6b1cdd8bf3b9aeb9c: Rolled over to a new log segment at /home/ubuntu/Impala/testdata/cluster/cdh5/node-2/var/lib/kudu/ts/wal/wals/991bceb3ecd643048b2612ea06d7f6f6/wal-000000009
I0727 05:20:37.202782 115710 log.cc:562] T dca01cf35daa4b6e8c4cfe3f7c383123 P 6f1af300e1d549d6b1cdd8bf3b9aeb9c: Rolled over to a new log segment at /home/ubuntu/Impala/testdata/cluster/cdh5/node-2/var/lib/kudu/ts/wal/wals/dca01cf35daa4b6e8c4cfe3f7c383123/wal-000000009
I0727 05:20:37.714133 115801 log.cc:647] T e75ae7eab0ea498095572f8f92f9da35 P 6f1af300e1d549d6b1cdd8bf3b9aeb9c: Max segment size reached. Starting new segment allocation
I0727 05:20:37.788513 115801 log.cc:562] T e75ae7eab0ea498095572f8f92f9da35 P 6f1af300e1d549d6b1cdd8bf3b9aeb9c: Rolled over to a new log segment at /home/ubuntu/Impala/testdata/cluster/cdh5/node-2/var/lib/kudu/ts/wal/wals/e75ae7eab0ea498095572f8f92f9da35/wal-000000009
I0727 05:20:37.943461 115718 log.cc:647] T 991bceb3ecd643048b2612ea06d7f6f6 P 6f1af300e1d549d6b1cdd8bf3b9aeb9c: Max segment size reached. Starting new segment allocation
I0727 05:20:38.014634 115710 log.cc:647] T dca01cf35daa4b6e8c4cfe3f7c383123 P 6f1af300e1d549d6b1cdd8bf3b9aeb9c: Max segment size reached. Starting new segment allocation
I0727 05:20:38.071187 115718 log.cc:562] T 991bceb3ecd643048b2612ea06d7f6f6 P 6f1af300e1d549d6b1cdd8bf3b9aeb9c: Rolled over to a new log segment at /home/ubuntu/Impala/testdata/cluster/cdh5/node-2/var/lib/kudu/ts/wal/wals/991bceb3ecd643048b2612ea06d7f6f6/wal-000000010
I0727 05:20:38.115620 115710 log.cc:562] T dca01cf35daa4b6e8c4cfe3f7c383123 P 6f1af300e1d549d6b1cdd8bf3b9aeb9c: Rolled over to a new log segment at /home/ubuntu/Impala/testdata/cluster/cdh5/node-2/var/lib/kudu/ts/wal/wals/dca01cf35daa4b6e8c4cfe3f7c383123/wal-000000010
I0727 05:20:38.795006 115870 log.cc:647] T e75ae7eab0ea498095572f8f92f9da35 P 6f1af300e1d549d6b1cdd8bf3b9aeb9c: Max segment size reached. Starting new segment allocation
I0727 05:20:38.872164 115870 log.cc:562] T e75ae7eab0ea498095572f8f92f9da35 P 6f1af300e1d549d6b1cdd8bf3b9aeb9c: Rolled over to a new log segment at /home/ubuntu/Impala/testdata/cluster/cdh5/node-2/var/lib/kudu/ts/wal/wals/e75ae7eab0ea498095572f8f92f9da35/wal-000000010
I0727 05:20:38.952505 115718 log.cc:647] T 991bceb3ecd643048b2612ea06d7f6f6 P 6f1af300e1d549d6b1cdd8bf3b9aeb9c: Max segment size reached. Starting new segment allocation
I0727 05:20:38.972159 20815 tablet.cc:1039] T 834e814840e049aeb7ff9a76ca4a2989 P 6f1af300e1d549d6b1cdd8bf3b9aeb9c: Flush: entering stage 1 (old memrowset already frozen for inserts)
I0727 05:20:38.972182 20815 compaction.cc:881] Selected 1 rowsets to compact:
I0727 05:20:38.972193 20815 compaction.cc:884] memrowset(current size on disk: ~0 bytes)
I0727 05:20:38.972203 20815 tablet.cc:1041] T 834e814840e049aeb7ff9a76ca4a2989 P 6f1af300e1d549d6b1cdd8bf3b9aeb9c: Memstore in-memory size: 251199255 bytes
I0727 05:20:38.972208 20815 tablet.cc:1304] T 834e814840e049aeb7ff9a76ca4a2989 P 6f1af300e1d549d6b1cdd8bf3b9aeb9c: Flush: entering phase 1 (flushing snapshot). Phase 1 snapshot: MvccSnapshot[committed={T|T < 6148640073454743552 or (T in {6148640073454743552})}]
I0727 05:20:38.973487 20815 multi_column_writer.cc:95] Opened CFile writers for 16 column(s)
I0727 05:20:39.003883 115710 log.cc:647] T dca01cf35daa4b6e8c4cfe3f7c383123 P 6f1af300e1d549d6b1cdd8bf3b9aeb9c: Max segment size reached. Starting new segment allocation
W0727 05:20:39.126433 115710 log.cc:665] Time spent T dca01cf35daa4b6e8c4cfe3f7c383123 P 6f1af300e1d549d6b1cdd8bf3b9aeb9c: Append to log took a long time: real 0.122s	user 0.028s	sys 0.091s
I0727 05:20:39.131328 115718 log.cc:562] T 991bceb3ecd643048b2612ea06d7f6f6 P 6f1af300e1d549d6b1cdd8bf3b9aeb9c: Rolled over to a new log segment at /home/ubuntu/Impala/testdata/cluster/cdh5/node-2/var/lib/kudu/ts/wal/wals/991bceb3ecd643048b2612ea06d7f6f6/wal-000000011
I0727 05:20:39.187500 115710 log.cc:562] T dca01cf35daa4b6e8c4cfe3f7c383123 P 6f1af300e1d549d6b1cdd8bf3b9aeb9c: Rolled over to a new log segment at /home/ubuntu/Impala/testdata/cluster/cdh5/node-2/var/lib/kudu/ts/wal/wals/dca01cf35daa4b6e8c4cfe3f7c383123/wal-000000011
I0727 05:20:39.820650 115870 log.cc:647] T e75ae7eab0ea498095572f8f92f9da35 P 6f1af300e1d549d6b1cdd8bf3b9aeb9c: Max segment size reached. Starting new segment allocation
I0727 05:20:39.896334 115870 log.cc:562] T e75ae7eab0ea498095572f8f92f9da35 P 6f1af300e1d549d6b1cdd8bf3b9aeb9c: Rolled over to a new log segment at /home/ubuntu/Impala/testdata/cluster/cdh5/node-2/var/lib/kudu/ts/wal/wals/e75ae7eab0ea498095572f8f92f9da35/wal-000000011
I0727 05:20:39.914276 20815 multi_column_writer.cc:95] Opened CFile writers for 16 column(s)
I0727 05:20:40.025146 115718 log.cc:647] T 991bceb3ecd643048b2612ea06d7f6f6 P 6f1af300e1d549d6b1cdd8bf3b9aeb9c: Max segment size reached. Starting new segment allocation
I0727 05:20:40.062208 115710 log.cc:647] T dca01cf35daa4b6e8c4cfe3f7c383123 P 6f1af300e1d549d6b1cdd8bf3b9aeb9c: Max segment size reached. Starting new segment allocation
I0727 05:20:40.129139 20815 tablet.cc:1389] T 834e814840e049aeb7ff9a76ca4a2989 P 6f1af300e1d549d6b1cdd8bf3b9aeb9c: Flush: entering phase 2 (starting to duplicate updates in new rowsets)
I0727 05:20:40.129173 20815 tablet.cc:1444] T 834e814840e049aeb7ff9a76ca4a2989 P 6f1af300e1d549d6b1cdd8bf3b9aeb9c: Flush Phase 2: carrying over any updates which arrived during Phase 1
I0727 05:20:40.129189 20815 tablet.cc:1446] T 834e814840e049aeb7ff9a76ca4a2989 P 6f1af300e1d549d6b1cdd8bf3b9aeb9c: Phase 2 snapshot: MvccSnapshot[committed={T|T < 6148640073454743552 or (T in {6148640073454743552})}]
I0727 05:20:40.129580 115718 log.cc:562] T 991bceb3ecd643048b2612ea06d7f6f6 P 6f1af300e1d549d6b1cdd8bf3b9aeb9c: Rolled over to a new log segment at /home/ubuntu/Impala/testdata/cluster/cdh5/node-2/var/lib/kudu/ts/wal/wals/991bceb3ecd643048b2612ea06d7f6f6/wal-000000012
I0727 05:20:40.155920 115710 log.cc:562] T dca01cf35daa4b6e8c4cfe3f7c383123 P 6f1af300e1d549d6b1cdd8bf3b9aeb9c: Rolled over to a new log segment at /home/ubuntu/Impala/testdata/cluster/cdh5/node-2/var/lib/kudu/ts/wal/wals/dca01cf35daa4b6e8c4cfe3f7c383123/wal-000000012
I0727 05:20:40.191135 20815 tablet.cc:1488] T 834e814840e049aeb7ff9a76ca4a2989 P 6f1af300e1d549d6b1cdd8bf3b9aeb9c: Flush successful on 666958 rows (44738539 bytes)
I0727 05:20:40.192931 20815 maintenance_manager.cc:435] Time spent running FlushMRSOp(834e814840e049aeb7ff9a76ca4a2989): real 1.221s	user 1.015s	sys 0.045s
I0727 05:20:40.192960 20815 maintenance_manager.cc:441] P 6f1af300e1d549d6b1cdd8bf3b9aeb9c: FlushMRSOp(834e814840e049aeb7ff9a76ca4a2989) metrics: {"cfile_init":2,"compiler_manager_pool.queue_time_us":223,"compiler_manager_pool.run_cpu_time_us":177278,"compiler_manager_pool.run_wall_time_us":204051,"tcmalloc_contention_cycles":54341760,"thread_start_us":426,"threads_started":2,"wal-append.queue_time_us":234}
I0727 05:20:40.193760 20815 log_reader.cc:377] T 834e814840e049aeb7ff9a76ca4a2989: removed 17 log segments from log reader
I0727 05:20:40.193770 20815 log.cc:868] T 834e814840e049aeb7ff9a76ca4a2989 P 6f1af300e1d549d6b1cdd8bf3b9aeb9c: Deleting log segment in path: /home/ubuntu/Impala/testdata/cluster/cdh5/node-2/var/lib/kudu/ts/wal/wals/834e814840e049aeb7ff9a76ca4a2989/wal-000000001 (ops 1-2)
I0727 05:20:40.193786 20815 log.cc:868] T 834e814840e049aeb7ff9a76ca4a2989 P 6f1af300e1d549d6b1cdd8bf3b9aeb9c: Deleting log segment in path: /home/ubuntu/Impala/testdata/cluster/cdh5/node-2/var/lib/kudu/ts/wal/wals/834e814840e049aeb7ff9a76ca4a2989/wal-000000002 (ops 3-3)
I0727 05:20:40.193801 20815 log.cc:868] T 834e814840e049aeb7ff9a76ca4a2989 P 6f1af300e1d549d6b1cdd8bf3b9aeb9c: Deleting log segment in path: /home/ubuntu/Impala/testdata/cluster/cdh5/node-2/var/lib/kudu/ts/wal/wals/834e814840e049aeb7ff9a76ca4a2989/wal-000000003 (ops 4-4)
I0727 05:20:40.193811 20815 log.cc:868] T 834e814840e049aeb7ff9a76ca4a2989 P 6f1af300e1d549d6b1cdd8bf3b9aeb9c: Deleting log segment in path: /home/ubuntu/Impala/testdata/cluster/cdh5/node-2/var/lib/kudu/ts/wal/wals/834e814840e049aeb7ff9a76ca4a2989/wal-000000004 (ops 5-5)
I0727 05:20:40.193822 20815 log.cc:868] T 834e814840e049aeb7ff9a76ca4a2989 P 6f1af300e1d549d6b1cdd8bf3b9aeb9c: Deleting log segment in path: /home/ubuntu/Impala/testdata/cluster/cdh5/node-2/var/lib/kudu/ts/wal/wals/834e814840e049aeb7ff9a76ca4a2989/wal-000000005 (ops 6-6)
I0727 05:20:40.193832 20815 log.cc:868] T 834e814840e049aeb7ff9a76ca4a2989 P 6f1af300e1d549d6b1cdd8bf3b9aeb9c: Deleting log segment in path: /home/ubuntu/Impala/testdata/cluster/cdh5/node-2/var/lib/kudu/ts/wal/wals/834e814840e049aeb7ff9a76ca4a2989/wal-000000006 (ops 7-7)
I0727 05:20:40.193838 20815 log.cc:868] T 834e814840e049aeb7ff9a76ca4a2989 P 6f1af300e1d549d6b1cdd8bf3b9aeb9c: Deleting log segment in path: /home/ubuntu/Impala/testdata/cluster/cdh5/node-2/var/lib/kudu/ts/wal/wals/834e814840e049aeb7ff9a76ca4a2989/wal-000000007 (ops 8-8)
I0727 05:20:40.193845 20815 log.cc:868] T 834e814840e049aeb7ff9a76ca4a2989 P 6f1af300e1d549d6b1cdd8bf3b9aeb9c: Deleting log segment in path: /home/ubuntu/Impala/testdata/cluster/cdh5/node-2/var/lib/kudu/ts/wal/wals/834e814840e049aeb7ff9a76ca4a2989/wal-000000008 (ops 9-9)
I0727 05:20:40.193851 20815 log.cc:868] T 834e814840e049aeb7ff9a76ca4a2989 P 6f1af300e1d549d6b1cdd8bf3b9aeb9c: Deleting log segment in path: /home/ubuntu/Impala/testdata/cluster/cdh5/node-2/var/lib/kudu/ts/wal/wals/834e814840e049aeb7ff9a76ca4a2989/wal-000000009 (ops 10-10)
I0727 05:20:40.193861 20815 log.cc:868] T 834e814840e049aeb7ff9a76ca4a2989 P 6f1af300e1d549d6b1cdd8bf3b9aeb9c: Deleting log segment in path: /home/ubuntu/Impala/testdata/cluster/cdh5/node-2/var/lib/kudu/ts/wal/wals/834e814840e049aeb7ff9a76ca4a2989/wal-000000010 (ops 11-11)
I0727 05:20:40.193867 20815 log.cc:868] T 834e814840e049aeb7ff9a76ca4a2989 P 6f1af300e1d549d6b1cdd8bf3b9aeb9c: Deleting log segment in path: /home/ubuntu/Impala/testdata/cluster/cdh5/node-2/var/lib/kudu/ts/wal/wals/834e814840e049aeb7ff9a76ca4a2989/wal-000000011 (ops 12-12)
I0727 05:20:40.193877 20815 log.cc:868] T 834e814840e049aeb7ff9a76ca4a2989 P 6f1af300e1d549d6b1cdd8bf3b9aeb9c: Deleting log segment in path: /home/ubuntu/Impala/testdata/cluster/cdh5/node-2/var/lib/kudu/ts/wal/wals/834e814840e049aeb7ff9a76ca4a2989/wal-000000012 (ops 13-13)
I0727 05:20:40.193886 20815 log.cc:868] T 834e814840e049aeb7ff9a76ca4a2989 P 6f1af300e1d549d6b1cdd8bf3b9aeb9c: Deleting log segment in path: /home/ubuntu/Impala/testdata/cluster/cdh5/node-2/var/lib/kudu/ts/wal/wals/834e814840e049aeb7ff9a76ca4a2989/wal-000000013 (ops 14-14)
I0727 05:20:40.193897 20815 log.cc:868] T 834e814840e049aeb7ff9a76ca4a2989 P 6f1af300e1d549d6b1cdd8bf3b9aeb9c: Deleting log segment in path: /home/ubuntu/Impala/testdata/cluster/cdh5/node-2/var/lib/kudu/ts/wal/wals/834e814840e049aeb7ff9a76ca4a2989/wal-000000014 (ops 15-15)
I0727 05:20:40.193905 20815 log.cc:868] T 834e814840e049aeb7ff9a76ca4a2989 P 6f1af300e1d549d6b1cdd8bf3b9aeb9c: Deleting log segment in path: /home/ubuntu/Impala/testdata/cluster/cdh5/node-2/var/lib/kudu/ts/wal/wals/834e814840e049aeb7ff9a76ca4a2989/wal-000000015 (ops 16-16)
I0727 05:20:40.193915 20815 log.cc:868] T 834e814840e049aeb7ff9a76ca4a2989 P 6f1af300e1d549d6b1cdd8bf3b9aeb9c: Deleting log segment in path: /home/ubuntu/Impala/testdata/cluster/cdh5/node-2/var/lib/kudu/ts/wal/wals/834e814840e049aeb7ff9a76ca4a2989/wal-000000016 (ops 17-17)
I0727 05:20:40.193925 20815 log.cc:868] T 834e814840e049aeb7ff9a76ca4a2989 P 6f1af300e1d549d6b1cdd8bf3b9aeb9c: Deleting log segment in path: /home/ubuntu/Impala/testdata/cluster/cdh5/node-2/var/lib/kudu/ts/wal/wals/834e814840e049aeb7ff9a76ca4a2989/wal-000000017 (ops 18-18)
I0727 05:20:40.206157 20815 maintenance_manager.cc:435] Time spent running LogGCOp(834e814840e049aeb7ff9a76ca4a2989): real 0.012s	user 0.000s	sys 0.012s
I0727 05:20:40.206173 20815 maintenance_manager.cc:441] P 6f1af300e1d549d6b1cdd8bf3b9aeb9c: LogGCOp(834e814840e049aeb7ff9a76ca4a2989) metrics: {}
I0727 05:20:40.206727 20815 maintenance_manager.cc:435] Time spent running UndoDeltaBlockGCOp(834e814840e049aeb7ff9a76ca4a2989): real 0.000s	user 0.000s	sys 0.000s
I0727 05:20:40.206738 20815 maintenance_manager.cc:441] P 6f1af300e1d549d6b1cdd8bf3b9aeb9c: UndoDeltaBlockGCOp(834e814840e049aeb7ff9a76ca4a2989) metrics: {"cfile_init":2}
I0727 05:20:40.793134 115870 log.cc:647] T e75ae7eab0ea498095572f8f92f9da35 P 6f1af300e1d549d6b1cdd8bf3b9aeb9c: Max segment size reached. Starting new segment allocation
I0727 05:20:40.870635 115870 log.cc:562] T e75ae7eab0ea498095572f8f92f9da35 P 6f1af300e1d549d6b1cdd8bf3b9aeb9c: Rolled over to a new log segment at /home/ubuntu/Impala/testdata/cluster/cdh5/node-2/var/lib/kudu/ts/wal/wals/e75ae7eab0ea498095572f8f92f9da35/wal-000000012
I0727 05:20:40.978893 115718 log.cc:647] T 991bceb3ecd643048b2612ea06d7f6f6 P 6f1af300e1d549d6b1cdd8bf3b9aeb9c: Max segment size reached. Starting new segment allocation
I0727 05:20:40.989707 115710 log.cc:647] T dca01cf35daa4b6e8c4cfe3f7c383123 P 6f1af300e1d549d6b1cdd8bf3b9aeb9c: Max segment size reached. Starting new segment allocation
I0727 05:20:41.067602 115710 log.cc:562] T dca01cf35daa4b6e8c4cfe3f7c383123 P 6f1af300e1d549d6b1cdd8bf3b9aeb9c: Rolled over to a new log segment at /home/ubuntu/Impala/testdata/cluster/cdh5/node-2/var/lib/kudu/ts/wal/wals/dca01cf35daa4b6e8c4cfe3f7c383123/wal-000000013
I0727 05:20:41.078577 115718 log.cc:562] T 991bceb3ecd643048b2612ea06d7f6f6 P 6f1af300e1d549d6b1cdd8bf3b9aeb9c: Rolled over to a new log segment at /home/ubuntu/Impala/testdata/cluster/cdh5/node-2/var/lib/kudu/ts/wal/wals/991bceb3ecd643048b2612ea06d7f6f6/wal-000000013
I0727 05:20:41.760848 115870 log.cc:647] T e75ae7eab0ea498095572f8f92f9da35 P 6f1af300e1d549d6b1cdd8bf3b9aeb9c: Max segment size reached. Starting new segment allocation
I0727 05:20:41.836230 115870 log.cc:562] T e75ae7eab0ea498095572f8f92f9da35 P 6f1af300e1d549d6b1cdd8bf3b9aeb9c: Rolled over to a new log segment at /home/ubuntu/Impala/testdata/cluster/cdh5/node-2/var/lib/kudu/ts/wal/wals/e75ae7eab0ea498095572f8f92f9da35/wal-000000013
I0727 05:20:41.934509 115718 log.cc:647] T 991bceb3ecd643048b2612ea06d7f6f6 P 6f1af300e1d549d6b1cdd8bf3b9aeb9c: Max segment size reached. Starting new segment allocation
I0727 05:20:41.957253 115710 log.cc:647] T dca01cf35daa4b6e8c4cfe3f7c383123 P 6f1af300e1d549d6b1cdd8bf3b9aeb9c: Max segment size reached. Starting new segment allocation
I0727 05:20:42.036088 115710 log.cc:562] T dca01cf35daa4b6e8c4cfe3f7c383123 P 6f1af300e1d549d6b1cdd8bf3b9aeb9c: Rolled over to a new log segment at /home/ubuntu/Impala/testdata/cluster/cdh5/node-2/var/lib/kudu/ts/wal/wals/dca01cf35daa4b6e8c4cfe3f7c383123/wal-000000014
I0727 05:20:42.039886 115718 log.cc:562] T 991bceb3ecd643048b2612ea06d7f6f6 P 6f1af300e1d549d6b1cdd8bf3b9aeb9c: Rolled over to a new log segment at /home/ubuntu/Impala/testdata/cluster/cdh5/node-2/var/lib/kudu/ts/wal/wals/991bceb3ecd643048b2612ea06d7f6f6/wal-000000014
I0727 05:20:42.869385 115718 log.cc:647] T 991bceb3ecd643048b2612ea06d7f6f6 P 6f1af300e1d549d6b1cdd8bf3b9aeb9c: Max segment size reached. Starting new segment allocation
I0727 05:20:42.878000 115710 log.cc:647] T dca01cf35daa4b6e8c4cfe3f7c383123 P 6f1af300e1d549d6b1cdd8bf3b9aeb9c: Max segment size reached. Starting new segment allocation
I0727 05:20:42.954499 115718 log.cc:562] T 991bceb3ecd643048b2612ea06d7f6f6 P 6f1af300e1d549d6b1cdd8bf3b9aeb9c: Rolled over to a new log segment at /home/ubuntu/Impala/testdata/cluster/cdh5/node-2/var/lib/kudu/ts/wal/wals/991bceb3ecd643048b2612ea06d7f6f6/wal-000000015
I0727 05:20:42.996104 115710 log.cc:562] T dca01cf35daa4b6e8c4cfe3f7c383123 P 6f1af300e1d549d6b1cdd8bf3b9aeb9c: Rolled over to a new log segment at /home/ubuntu/Impala/testdata/cluster/cdh5/node-2/var/lib/kudu/ts/wal/wals/dca01cf35daa4b6e8c4cfe3f7c383123/wal-000000015
I0727 05:20:43.099787 115982 log.cc:647] T e75ae7eab0ea498095572f8f92f9da35 P 6f1af300e1d549d6b1cdd8bf3b9aeb9c: Max segment size reached. Starting new segment allocation
I0727 05:20:43.220085 115982 log.cc:562] T e75ae7eab0ea498095572f8f92f9da35 P 6f1af300e1d549d6b1cdd8bf3b9aeb9c: Rolled over to a new log segment at /home/ubuntu/Impala/testdata/cluster/cdh5/node-2/var/lib/kudu/ts/wal/wals/e75ae7eab0ea498095572f8f92f9da35/wal-000000014
I0727 05:20:43.804960 115718 log.cc:647] T 991bceb3ecd643048b2612ea06d7f6f6 P 6f1af300e1d549d6b1cdd8bf3b9aeb9c: Max segment size reached. Starting new segment allocation
I0727 05:20:43.846441 115710 log.cc:647] T dca01cf35daa4b6e8c4cfe3f7c383123 P 6f1af300e1d549d6b1cdd8bf3b9aeb9c: Max segment size reached. Starting new segment allocation
I0727 05:20:43.895735 115718 log.cc:562] T 991bceb3ecd643048b2612ea06d7f6f6 P 6f1af300e1d549d6b1cdd8bf3b9aeb9c: Rolled over to a new log segment at /home/ubuntu/Impala/testdata/cluster/cdh5/node-2/var/lib/kudu/ts/wal/wals/991bceb3ecd643048b2612ea06d7f6f6/wal-000000016
I0727 05:20:43.924399 115710 log.cc:562] T dca01cf35daa4b6e8c4cfe3f7c383123 P 6f1af300e1d549d6b1cdd8bf3b9aeb9c: Rolled over to a new log segment at /home/ubuntu/Impala/testdata/cluster/cdh5/node-2/var/lib/kudu/ts/wal/wals/dca01cf35daa4b6e8c4cfe3f7c383123/wal-000000016
I0727 05:20:44.001852 115982 log.cc:647] T e75ae7eab0ea498095572f8f92f9da35 P 6f1af300e1d549d6b1cdd8bf3b9aeb9c: Max segment size reached. Starting new segment allocation
I0727 05:20:44.083263 115982 log.cc:562] T e75ae7eab0ea498095572f8f92f9da35 P 6f1af300e1d549d6b1cdd8bf3b9aeb9c: Rolled over to a new log segment at /home/ubuntu/Impala/testdata/cluster/cdh5/node-2/var/lib/kudu/ts/wal/wals/e75ae7eab0ea498095572f8f92f9da35/wal-000000015
I0727 05:20:44.761780 115710 log.cc:647] T dca01cf35daa4b6e8c4cfe3f7c383123 P 6f1af300e1d549d6b1cdd8bf3b9aeb9c: Max segment size reached. Starting new segment allocation
I0727 05:20:44.766891 115718 log.cc:647] T 991bceb3ecd643048b2612ea06d7f6f6 P 6f1af300e1d549d6b1cdd8bf3b9aeb9c: Max segment size reached. Starting new segment allocation
I0727 05:20:44.850339 115710 log.cc:562] T dca01cf35daa4b6e8c4cfe3f7c383123 P 6f1af300e1d549d6b1cdd8bf3b9aeb9c: Rolled over to a new log segment at /home/ubuntu/Impala/testdata/cluster/cdh5/node-2/var/lib/kudu/ts/wal/wals/dca01cf35daa4b6e8c4cfe3f7c383123/wal-000000017
I0727 05:20:44.854754 115718 log.cc:562] T 991bceb3ecd643048b2612ea06d7f6f6 P 6f1af300e1d549d6b1cdd8bf3b9aeb9c: Rolled over to a new log segment at /home/ubuntu/Impala/testdata/cluster/cdh5/node-2/var/lib/kudu/ts/wal/wals/991bceb3ecd643048b2612ea06d7f6f6/wal-000000017
I0727 05:20:44.930101 115982 log.cc:647] T e75ae7eab0ea498095572f8f92f9da35 P 6f1af300e1d549d6b1cdd8bf3b9aeb9c: Max segment size reached. Starting new segment allocation
I0727 05:20:44.970290 20815 tablet.cc:1039] T 99dddb081d294300a6b1d5dd18e95d6e P 6f1af300e1d549d6b1cdd8bf3b9aeb9c: Flush: entering stage 1 (old memrowset already frozen for inserts)
I0727 05:20:44.970314 20815 compaction.cc:881] Selected 1 rowsets to compact:
I0727 05:20:44.970316 20815 compaction.cc:884] memrowset(current size on disk: ~0 bytes)
I0727 05:20:44.970319 20815 tablet.cc:1041] T 99dddb081d294300a6b1d5dd18e95d6e P 6f1af300e1d549d6b1cdd8bf3b9aeb9c: Memstore in-memory size: 251199255 bytes
I0727 05:20:44.970324 20815 tablet.cc:1304] T 99dddb081d294300a6b1d5dd18e95d6e P 6f1af300e1d549d6b1cdd8bf3b9aeb9c: Flush: entering phase 1 (flushing snapshot). Phase 1 snapshot: MvccSnapshot[committed={T|T < 6148640072184619008 or (T in {6148640072184619008})}]
I0727 05:20:44.970942 20815 multi_column_writer.cc:95] Opened CFile writers for 16 column(s)
I0727 05:20:45.016893 115982 log.cc:562] T e75ae7eab0ea498095572f8f92f9da35 P 6f1af300e1d549d6b1cdd8bf3b9aeb9c: Rolled over to a new log segment at /home/ubuntu/Impala/testdata/cluster/cdh5/node-2/var/lib/kudu/ts/wal/wals/e75ae7eab0ea498095572f8f92f9da35/wal-000000016
I0727 05:20:45.677366 20815 multi_column_writer.cc:95] Opened CFile writers for 16 column(s)
I0727 05:20:45.688215 115710 log.cc:647] T dca01cf35daa4b6e8c4cfe3f7c383123 P 6f1af300e1d549d6b1cdd8bf3b9aeb9c: Max segment size reached. Starting new segment allocation
I0727 05:20:45.743487 115718 log.cc:647] T 991bceb3ecd643048b2612ea06d7f6f6 P 6f1af300e1d549d6b1cdd8bf3b9aeb9c: Max segment size reached. Starting new segment allocation
I0727 05:20:45.779697 115710 log.cc:562] T dca01cf35daa4b6e8c4cfe3f7c383123 P 6f1af300e1d549d6b1cdd8bf3b9aeb9c: Rolled over to a new log segment at /home/ubuntu/Impala/testdata/cluster/cdh5/node-2/var/lib/kudu/ts/wal/wals/dca01cf35daa4b6e8c4cfe3f7c383123/wal-000000018
I0727 05:20:45.831594 115718 log.cc:562] T 991bceb3ecd643048b2612ea06d7f6f6 P 6f1af300e1d549d6b1cdd8bf3b9aeb9c: Rolled over to a new log segment at /home/ubuntu/Impala/testdata/cluster/cdh5/node-2/var/lib/kudu/ts/wal/wals/991bceb3ecd643048b2612ea06d7f6f6/wal-000000018
I0727 05:20:45.886523 20815 tablet.cc:1389] T 99dddb081d294300a6b1d5dd18e95d6e P 6f1af300e1d549d6b1cdd8bf3b9aeb9c: Flush: entering phase 2 (starting to duplicate updates in new rowsets)
I0727 05:20:45.886554 20815 tablet.cc:1444] T 99dddb081d294300a6b1d5dd18e95d6e P 6f1af300e1d549d6b1cdd8bf3b9aeb9c: Flush Phase 2: carrying over any updates which arrived during Phase 1
I0727 05:20:45.886564 20815 tablet.cc:1446] T 99dddb081d294300a6b1d5dd18e95d6e P 6f1af300e1d549d6b1cdd8bf3b9aeb9c: Phase 2 snapshot: MvccSnapshot[committed={T|T < 6148640072184619008 or (T in {6148640072184619008})}]
I0727 05:20:45.901077 115982 log.cc:647] T e75ae7eab0ea498095572f8f92f9da35 P 6f1af300e1d549d6b1cdd8bf3b9aeb9c: Max segment size reached. Starting new segment allocation
I0727 05:20:45.973305 20815 tablet.cc:1488] T 99dddb081d294300a6b1d5dd18e95d6e P 6f1af300e1d549d6b1cdd8bf3b9aeb9c: Flush successful on 666976 rows (44748925 bytes)
I0727 05:20:45.975206 20815 maintenance_manager.cc:435] Time spent running FlushMRSOp(99dddb081d294300a6b1d5dd18e95d6e): real 1.005s	user 0.851s	sys 0.059s
I0727 05:20:45.975227 20815 maintenance_manager.cc:441] P 6f1af300e1d549d6b1cdd8bf3b9aeb9c: FlushMRSOp(99dddb081d294300a6b1d5dd18e95d6e) metrics: {"cfile_init":2,"tcmalloc_contention_cycles":384,"thread_start_us":229,"threads_started":1,"wal-append.queue_time_us":248}
I0727 05:20:45.975854 20815 log_reader.cc:377] T 99dddb081d294300a6b1d5dd18e95d6e: removed 17 log segments from log reader
I0727 05:20:45.975863 20815 log.cc:868] T 99dddb081d294300a6b1d5dd18e95d6e P 6f1af300e1d549d6b1cdd8bf3b9aeb9c: Deleting log segment in path: /home/ubuntu/Impala/testdata/cluster/cdh5/node-2/var/lib/kudu/ts/wal/wals/99dddb081d294300a6b1d5dd18e95d6e/wal-000000001 (ops 1-2)
I0727 05:20:45.975884 20815 log.cc:868] T 99dddb081d294300a6b1d5dd18e95d6e P 6f1af300e1d549d6b1cdd8bf3b9aeb9c: Deleting log segment in path: /home/ubuntu/Impala/testdata/cluster/cdh5/node-2/var/lib/kudu/ts/wal/wals/99dddb081d294300a6b1d5dd18e95d6e/wal-000000002 (ops 3-3)
I0727 05:20:45.975898 20815 log.cc:868] T 99dddb081d294300a6b1d5dd18e95d6e P 6f1af300e1d549d6b1cdd8bf3b9aeb9c: Deleting log segment in path: /home/ubuntu/Impala/testdata/cluster/cdh5/node-2/var/lib/kudu/ts/wal/wals/99dddb081d294300a6b1d5dd18e95d6e/wal-000000003 (ops 4-4)
I0727 05:20:45.975908 20815 log.cc:868] T 99dddb081d294300a6b1d5dd18e95d6e P 6f1af300e1d549d6b1cdd8bf3b9aeb9c: Deleting log segment in path: /home/ubuntu/Impala/testdata/cluster/cdh5/node-2/var/lib/kudu/ts/wal/wals/99dddb081d294300a6b1d5dd18e95d6e/wal-000000004 (ops 5-5)
I0727 05:20:45.975919 20815 log.cc:868] T 99dddb081d294300a6b1d5dd18e95d6e P 6f1af300e1d549d6b1cdd8bf3b9aeb9c: Deleting log segment in path: /home/ubuntu/Impala/testdata/cluster/cdh5/node-2/var/lib/kudu/ts/wal/wals/99dddb081d294300a6b1d5dd18e95d6e/wal-000000005 (ops 6-6)
I0727 05:20:45.975927 20815 log.cc:868] T 99dddb081d294300a6b1d5dd18e95d6e P 6f1af300e1d549d6b1cdd8bf3b9aeb9c: Deleting log segment in path: /home/ubuntu/Impala/testdata/cluster/cdh5/node-2/var/lib/kudu/ts/wal/wals/99dddb081d294300a6b1d5dd18e95d6e/wal-000000006 (ops 7-7)
I0727 05:20:45.975934 20815 log.cc:868] T 99dddb081d294300a6b1d5dd18e95d6e P 6f1af300e1d549d6b1cdd8bf3b9aeb9c: Deleting log segment in path: /home/ubuntu/Impala/testdata/cluster/cdh5/node-2/var/lib/kudu/ts/wal/wals/99dddb081d294300a6b1d5dd18e95d6e/wal-000000007 (ops 8-8)
I0727 05:20:45.975942 20815 log.cc:868] T 99dddb081d294300a6b1d5dd18e95d6e P 6f1af300e1d549d6b1cdd8bf3b9aeb9c: Deleting log segment in path: /home/ubuntu/Impala/testdata/cluster/cdh5/node-2/var/lib/kudu/ts/wal/wals/99dddb081d294300a6b1d5dd18e95d6e/wal-000000008 (ops 9-9)
I0727 05:20:45.975950 20815 log.cc:868] T 99dddb081d294300a6b1d5dd18e95d6e P 6f1af300e1d549d6b1cdd8bf3b9aeb9c: Deleting log segment in path: /home/ubuntu/Impala/testdata/cluster/cdh5/node-2/var/lib/kudu/ts/wal/wals/99dddb081d294300a6b1d5dd18e95d6e/wal-000000009 (ops 10-10)
I0727 05:20:45.975955 20815 log.cc:868] T 99dddb081d294300a6b1d5dd18e95d6e P 6f1af300e1d549d6b1cdd8bf3b9aeb9c: Deleting log segment in path: /home/ubuntu/Impala/testdata/cluster/cdh5/node-2/var/lib/kudu/ts/wal/wals/99dddb081d294300a6b1d5dd18e95d6e/wal-000000010 (ops 11-11)
I0727 05:20:45.975966 20815 log.cc:868] T 99dddb081d294300a6b1d5dd18e95d6e P 6f1af300e1d549d6b1cdd8bf3b9aeb9c: Deleting log segment in path: /home/ubuntu/Impala/testdata/cluster/cdh5/node-2/var/lib/kudu/ts/wal/wals/99dddb081d294300a6b1d5dd18e95d6e/wal-000000011 (ops 12-12)
I0727 05:20:45.975972 20815 log.cc:868] T 99dddb081d294300a6b1d5dd18e95d6e P 6f1af300e1d549d6b1cdd8bf3b9aeb9c: Deleting log segment in path: /home/ubuntu/Impala/testdata/cluster/cdh5/node-2/var/lib/kudu/ts/wal/wals/99dddb081d294300a6b1d5dd18e95d6e/wal-000000012 (ops 13-13)
I0727 05:20:45.975983 20815 log.cc:868] T 99dddb081d294300a6b1d5dd18e95d6e P 6f1af300e1d549d6b1cdd8bf3b9aeb9c: Deleting log segment in path: /home/ubuntu/Impala/testdata/cluster/cdh5/node-2/var/lib/kudu/ts/wal/wals/99dddb081d294300a6b1d5dd18e95d6e/wal-000000013 (ops 14-14)
I0727 05:20:45.975991 20815 log.cc:868] T 99dddb081d294300a6b1d5dd18e95d6e P 6f1af300e1d549d6b1cdd8bf3b9aeb9c: Deleting log segment in path: /home/ubuntu/Impala/testdata/cluster/cdh5/node-2/var/lib/kudu/ts/wal/wals/99dddb081d294300a6b1d5dd18e95d6e/wal-000000014 (ops 15-15)
I0727 05:20:45.975998 20815 log.cc:868] T 99dddb081d294300a6b1d5dd18e95d6e P 6f1af300e1d549d6b1cdd8bf3b9aeb9c: Deleting log segment in path: /home/ubuntu/Impala/testdata/cluster/cdh5/node-2/var/lib/kudu/ts/wal/wals/99dddb081d294300a6b1d5dd18e95d6e/wal-000000015 (ops 16-16)
I0727 05:20:45.976011 20815 log.cc:868] T 99dddb081d294300a6b1d5dd18e95d6e P 6f1af300e1d549d6b1cdd8bf3b9aeb9c: Deleting log segment in path: /home/ubuntu/Impala/testdata/cluster/cdh5/node-2/var/lib/kudu/ts/wal/wals/99dddb081d294300a6b1d5dd18e95d6e/wal-000000016 (ops 17-17)
I0727 05:20:45.976017 20815 log.cc:868] T 99dddb081d294300a6b1d5dd18e95d6e P 6f1af300e1d549d6b1cdd8bf3b9aeb9c: Deleting log segment in path: /home/ubuntu/Impala/testdata/cluster/cdh5/node-2/var/lib/kudu/ts/wal/wals/99dddb081d294300a6b1d5dd18e95d6e/wal-000000017 (ops 18-18)
I0727 05:20:45.988461 20815 maintenance_manager.cc:435] Time spent running LogGCOp(99dddb081d294300a6b1d5dd18e95d6e): real 0.013s	user 0.000s	sys 0.016s
I0727 05:20:45.988484 20815 maintenance_manager.cc:441] P 6f1af300e1d549d6b1cdd8bf3b9aeb9c: LogGCOp(99dddb081d294300a6b1d5dd18e95d6e) metrics: {}
I0727 05:20:45.989164 20815 maintenance_manager.cc:435] Time spent running UndoDeltaBlockGCOp(99dddb081d294300a6b1d5dd18e95d6e): real 0.000s	user 0.000s	sys 0.000s
I0727 05:20:45.989177 20815 maintenance_manager.cc:441] P 6f1af300e1d549d6b1cdd8bf3b9aeb9c: UndoDeltaBlockGCOp(99dddb081d294300a6b1d5dd18e95d6e) metrics: {"cfile_init":2}
I0727 05:20:46.001106 115982 log.cc:562] T e75ae7eab0ea498095572f8f92f9da35 P 6f1af300e1d549d6b1cdd8bf3b9aeb9c: Rolled over to a new log segment at /home/ubuntu/Impala/testdata/cluster/cdh5/node-2/var/lib/kudu/ts/wal/wals/e75ae7eab0ea498095572f8f92f9da35/wal-000000017
I0727 05:20:46.647017 116056 log.cc:647] T 31cafc285b5c4b6ca4c0dcae1060a1fa P 6f1af300e1d549d6b1cdd8bf3b9aeb9c: Max segment size reached. Starting new segment allocation
I0727 05:20:46.713230 116068 log.cc:647] T 61d92cfa20734741aabbbe06dbbd87ac P 6f1af300e1d549d6b1cdd8bf3b9aeb9c: Max segment size reached. Starting new segment allocation
I0727 05:20:46.723810 116056 log.cc:562] T 31cafc285b5c4b6ca4c0dcae1060a1fa P 6f1af300e1d549d6b1cdd8bf3b9aeb9c: Rolled over to a new log segment at /home/ubuntu/Impala/testdata/cluster/cdh5/node-2/var/lib/kudu/ts/wal/wals/31cafc285b5c4b6ca4c0dcae1060a1fa/wal-000000002
I0727 05:20:46.792538 116068 log.cc:562] T 61d92cfa20734741aabbbe06dbbd87ac P 6f1af300e1d549d6b1cdd8bf3b9aeb9c: Rolled over to a new log segment at /home/ubuntu/Impala/testdata/cluster/cdh5/node-2/var/lib/kudu/ts/wal/wals/61d92cfa20734741aabbbe06dbbd87ac/wal-000000002
I0727 05:20:46.869958 115982 log.cc:647] T e75ae7eab0ea498095572f8f92f9da35 P 6f1af300e1d549d6b1cdd8bf3b9aeb9c: Max segment size reached. Starting new segment allocation
I0727 05:20:46.945765 115982 log.cc:562] T e75ae7eab0ea498095572f8f92f9da35 P 6f1af300e1d549d6b1cdd8bf3b9aeb9c: Rolled over to a new log segment at /home/ubuntu/Impala/testdata/cluster/cdh5/node-2/var/lib/kudu/ts/wal/wals/e75ae7eab0ea498095572f8f92f9da35/wal-000000018
I0727 05:20:47.583305 116056 log.cc:647] T 31cafc285b5c4b6ca4c0dcae1060a1fa P 6f1af300e1d549d6b1cdd8bf3b9aeb9c: Max segment size reached. Starting new segment allocation
