I0727 04:13:53.531927 50038 raft_consensus.cc:435] T 3b4b9c40ec1e40639b260d5dbd2964c2 P 6f1af300e1d549d6b1cdd8bf3b9aeb9c [term 1 FOLLOWER]: Starting leader election with config: opid_index: -1 OBSOLETE_local: false peers { permanent_uuid: "b497dbd6bd1a4c998891b00d2493a1bb" member_type: VOTER last_known_addr { host: "ip-172-31-12-168" port: 31202 } } peers { permanent_uuid: "3a3c735705964e1badb66c37a66a9096" member_type: VOTER last_known_addr { host: "ip-172-31-12-168" port: 31200 } } peers { permanent_uuid: "6f1af300e1d549d6b1cdd8bf3b9aeb9c" member_type: VOTER last_known_addr { host: "ip-172-31-12-168" port: 31201 } }
I0727 04:13:53.532032 50038 leader_election.cc:217] T 3b4b9c40ec1e40639b260d5dbd2964c2 P 6f1af300e1d549d6b1cdd8bf3b9aeb9c [CANDIDATE]: Term 1 election: Requesting vote from peer b497dbd6bd1a4c998891b00d2493a1bb
I0727 04:13:53.532052 50038 leader_election.cc:217] T 3b4b9c40ec1e40639b260d5dbd2964c2 P 6f1af300e1d549d6b1cdd8bf3b9aeb9c [CANDIDATE]: Term 1 election: Requesting vote from peer 3a3c735705964e1badb66c37a66a9096
I0727 04:13:53.532562 20829 leader_election.cc:349] T 3b4b9c40ec1e40639b260d5dbd2964c2 P 6f1af300e1d549d6b1cdd8bf3b9aeb9c [CANDIDATE]: Term 1 election: Vote granted by peer b497dbd6bd1a4c998891b00d2493a1bb
I0727 04:13:53.532573 20829 leader_election.cc:244] T 3b4b9c40ec1e40639b260d5dbd2964c2 P 6f1af300e1d549d6b1cdd8bf3b9aeb9c [CANDIDATE]: Term 1 election: Election decided. Result: candidate won.
I0727 04:13:53.532601 50051 raft_consensus.cc:2372] T 3b4b9c40ec1e40639b260d5dbd2964c2 P 6f1af300e1d549d6b1cdd8bf3b9aeb9c: Snoozing failure detection for election timeout plus an additional 1.904s
I0727 04:13:53.532614 50051 raft_consensus.cc:2176] T 3b4b9c40ec1e40639b260d5dbd2964c2 P 6f1af300e1d549d6b1cdd8bf3b9aeb9c [term 1 FOLLOWER]: Leader election won for term 1
I0727 04:13:53.532614 20833 leader_election.cc:349] T 3b4b9c40ec1e40639b260d5dbd2964c2 P 6f1af300e1d549d6b1cdd8bf3b9aeb9c [CANDIDATE]: Term 1 election: Vote granted by peer 3a3c735705964e1badb66c37a66a9096
I0727 04:13:53.532634 50051 raft_consensus.cc:528] T 3b4b9c40ec1e40639b260d5dbd2964c2 P 6f1af300e1d549d6b1cdd8bf3b9aeb9c [term 1 LEADER]: Becoming Leader. State: Replica: 6f1af300e1d549d6b1cdd8bf3b9aeb9c, State: Running, Role: LEADER
I0727 04:13:53.532670 50051 consensus_queue.cc:165] T 3b4b9c40ec1e40639b260d5dbd2964c2 P 6f1af300e1d549d6b1cdd8bf3b9aeb9c [LEADER]: Queue going to LEADER mode. State: All replicated index: 0, Majority replicated index: 0, Committed index: 0, Last appended: 0.0, Last appended by leader: 0, Current term: 1, Majority size: 2, State: 1, Mode: LEADER, active raft config: opid_index: -1 OBSOLETE_local: false peers { permanent_uuid: "b497dbd6bd1a4c998891b00d2493a1bb" member_type: VOTER last_known_addr { host: "ip-172-31-12-168" port: 31202 } } peers { permanent_uuid: "3a3c735705964e1badb66c37a66a9096" member_type: VOTER last_known_addr { host: "ip-172-31-12-168" port: 31200 } } peers { permanent_uuid: "6f1af300e1d549d6b1cdd8bf3b9aeb9c" member_type: VOTER last_known_addr { host: "ip-172-31-12-168" port: 31201 } }
I0727 04:13:53.652288 50009 consensus_queue.cc:722] T a8e914f58b434691b64c6df7f1b7bfe8 P 6f1af300e1d549d6b1cdd8bf3b9aeb9c [LEADER]: Connected to new peer: Peer: b497dbd6bd1a4c998891b00d2493a1bb, Is new: false, Last received: 0.0, Next index: 1, Last known committed idx: 0, Last exchange result: ERROR, Needs tablet copy: false
I0727 04:13:53.653007 50051 consensus_queue.cc:722] T a8e914f58b434691b64c6df7f1b7bfe8 P 6f1af300e1d549d6b1cdd8bf3b9aeb9c [LEADER]: Connected to new peer: Peer: 3a3c735705964e1badb66c37a66a9096, Is new: false, Last received: 0.0, Next index: 1, Last known committed idx: 0, Last exchange result: ERROR, Needs tablet copy: false
I0727 04:13:53.774423 21010 raft_consensus.cc:2372] T 7ee54e893cce4e749cad362104302e81 P 6f1af300e1d549d6b1cdd8bf3b9aeb9c: Snoozing failure detection for election timeout plus an additional 1.584s
I0727 04:13:53.774438 21010 raft_consensus.cc:1943] T 7ee54e893cce4e749cad362104302e81 P 6f1af300e1d549d6b1cdd8bf3b9aeb9c [term 0 FOLLOWER]: Leader pre-election vote request: Granting yes vote for candidate b497dbd6bd1a4c998891b00d2493a1bb in term 0.
I0727 04:13:53.774986 21010 raft_consensus.cc:2419] T 7ee54e893cce4e749cad362104302e81 P 6f1af300e1d549d6b1cdd8bf3b9aeb9c [term 0 FOLLOWER]: Advancing to term 1
I0727 04:13:53.774997 21010 raft_consensus.cc:2372] T 7ee54e893cce4e749cad362104302e81 P 6f1af300e1d549d6b1cdd8bf3b9aeb9c: Snoozing failure detection for election timeout plus an additional 1.941s
I0727 04:13:53.775230 21010 raft_consensus.cc:1943] T 7ee54e893cce4e749cad362104302e81 P 6f1af300e1d549d6b1cdd8bf3b9aeb9c [term 1 FOLLOWER]: Leader election vote request: Granting yes vote for candidate b497dbd6bd1a4c998891b00d2493a1bb in term 1.
I0727 04:13:53.850023 50009 consensus_queue.cc:722] T 3b4b9c40ec1e40639b260d5dbd2964c2 P 6f1af300e1d549d6b1cdd8bf3b9aeb9c [LEADER]: Connected to new peer: Peer: 3a3c735705964e1badb66c37a66a9096, Is new: false, Last received: 0.0, Next index: 1, Last known committed idx: 0, Last exchange result: ERROR, Needs tablet copy: false
I0727 04:13:53.850708 50038 consensus_queue.cc:722] T 3b4b9c40ec1e40639b260d5dbd2964c2 P 6f1af300e1d549d6b1cdd8bf3b9aeb9c [LEADER]: Connected to new peer: Peer: b497dbd6bd1a4c998891b00d2493a1bb, Is new: false, Last received: 0.0, Next index: 1, Last known committed idx: 0, Last exchange result: ERROR, Needs tablet copy: false
I0727 04:13:54.039603 21010 raft_consensus.cc:944] T 7ee54e893cce4e749cad362104302e81 P 6f1af300e1d549d6b1cdd8bf3b9aeb9c [term 1 FOLLOWER]: Refusing update from remote peer b497dbd6bd1a4c998891b00d2493a1bb: Log matching property violated. Preceding OpId in replica: term: 0 index: 0. Preceding OpId from leader: term: 1 index: 1. (index mismatch)
I0727 04:13:59.443989 20973 tablet_service.cc:672] Processing CreateTablet for tablet 3115375834a4432db48c360b67bcc35b (table=impala::functional_kudu.dimtbl [id=3d8a11e45f1c4b28b9af808f799cb6ac]), partition=RANGE (id) PARTITION VALUES < 1004
I0727 04:13:59.444006 20969 tablet_service.cc:672] Processing CreateTablet for tablet 1476ebdecfeb44edb9a3f6f2f1a7c78e (table=impala::functional_kudu.dimtbl [id=3d8a11e45f1c4b28b9af808f799cb6ac]), partition=RANGE (id) PARTITION 1004 <= VALUES < 1008
I0727 04:13:59.444026 20971 tablet_service.cc:672] Processing CreateTablet for tablet 74957ed3f99a473da12b1ed943ebf9ce (table=impala::functional_kudu.dimtbl [id=3d8a11e45f1c4b28b9af808f799cb6ac]), partition=RANGE (id) PARTITION VALUES >= 1008
I0727 04:13:59.445041 20971 ts_tablet_manager.cc:871] T 74957ed3f99a473da12b1ed943ebf9ce P 6f1af300e1d549d6b1cdd8bf3b9aeb9c: Registered tablet (data state: TABLET_DATA_READY)
I0727 04:13:59.445061 20969 ts_tablet_manager.cc:871] T 1476ebdecfeb44edb9a3f6f2f1a7c78e P 6f1af300e1d549d6b1cdd8bf3b9aeb9c: Registered tablet (data state: TABLET_DATA_READY)
I0727 04:13:59.445235 20973 ts_tablet_manager.cc:871] T 3115375834a4432db48c360b67bcc35b P 6f1af300e1d549d6b1cdd8bf3b9aeb9c: Registered tablet (data state: TABLET_DATA_READY)
I0727 04:13:59.447356 51125 ts_tablet_manager.cc:741] T 74957ed3f99a473da12b1ed943ebf9ce P 6f1af300e1d549d6b1cdd8bf3b9aeb9c: Bootstrapping tablet
I0727 04:13:59.447376 51125 tablet_bootstrap.cc:406] T 74957ed3f99a473da12b1ed943ebf9ce P 6f1af300e1d549d6b1cdd8bf3b9aeb9c: Bootstrap starting.
I0727 04:13:59.447604 51125 tablet_bootstrap.cc:547] T 74957ed3f99a473da12b1ed943ebf9ce P 6f1af300e1d549d6b1cdd8bf3b9aeb9c: No blocks or log segments found. Creating new log.
I0727 04:13:59.448982 51125 tablet_bootstrap.cc:406] T 74957ed3f99a473da12b1ed943ebf9ce P 6f1af300e1d549d6b1cdd8bf3b9aeb9c: No bootstrap required, opened a new log
I0727 04:13:59.449012 51125 ts_tablet_manager.cc:746] T 74957ed3f99a473da12b1ed943ebf9ce P 6f1af300e1d549d6b1cdd8bf3b9aeb9c: Time spent bootstrapping tablet: real 0.002s	user 0.000s	sys 0.000s
I0727 04:13:59.449323 51125 raft_consensus.cc:284] T 74957ed3f99a473da12b1ed943ebf9ce P 6f1af300e1d549d6b1cdd8bf3b9aeb9c [term 0 FOLLOWER]: Replica starting. Triggering 0 pending transactions. Active config: opid_index: -1 OBSOLETE_local: false peers { permanent_uuid: "3a3c735705964e1badb66c37a66a9096" member_type: VOTER last_known_addr { host: "ip-172-31-12-168" port: 31200 } } peers { permanent_uuid: "b497dbd6bd1a4c998891b00d2493a1bb" member_type: VOTER last_known_addr { host: "ip-172-31-12-168" port: 31202 } } peers { permanent_uuid: "6f1af300e1d549d6b1cdd8bf3b9aeb9c" member_type: VOTER last_known_addr { host: "ip-172-31-12-168" port: 31201 } }
I0727 04:13:59.449347 51125 raft_consensus.cc:316] T 74957ed3f99a473da12b1ed943ebf9ce P 6f1af300e1d549d6b1cdd8bf3b9aeb9c [term 0 FOLLOWER]: Consensus starting up: Expiring failure detector timer to make a prompt election more likely
I0727 04:13:59.449358 51125 raft_consensus.cc:560] T 74957ed3f99a473da12b1ed943ebf9ce P 6f1af300e1d549d6b1cdd8bf3b9aeb9c [term 0 FOLLOWER]: Becoming Follower/Learner. State: Replica: 6f1af300e1d549d6b1cdd8bf3b9aeb9c, State: Running, Role: FOLLOWER
I0727 04:13:59.449374 51125 consensus_queue.cc:186] T 74957ed3f99a473da12b1ed943ebf9ce P 6f1af300e1d549d6b1cdd8bf3b9aeb9c [NON_LEADER]: Queue going to NON_LEADER mode. State: All replicated index: 0, Majority replicated index: 0, Committed index: 0, Last appended: 0.0, Last appended by leader: 0, Current term: 0, Majority size: -1, State: 1, Mode: NON_LEADER
I0727 04:13:59.449440 51125 ts_tablet_manager.cc:775] T 74957ed3f99a473da12b1ed943ebf9ce P 6f1af300e1d549d6b1cdd8bf3b9aeb9c: Time spent starting tablet: real 0.000s	user 0.000s	sys 0.000s
I0727 04:13:59.449456 51125 ts_tablet_manager.cc:741] T 1476ebdecfeb44edb9a3f6f2f1a7c78e P 6f1af300e1d549d6b1cdd8bf3b9aeb9c: Bootstrapping tablet
I0727 04:13:59.449471 51125 tablet_bootstrap.cc:406] T 1476ebdecfeb44edb9a3f6f2f1a7c78e P 6f1af300e1d549d6b1cdd8bf3b9aeb9c: Bootstrap starting.
I0727 04:13:59.449667 51125 tablet_bootstrap.cc:547] T 1476ebdecfeb44edb9a3f6f2f1a7c78e P 6f1af300e1d549d6b1cdd8bf3b9aeb9c: No blocks or log segments found. Creating new log.
I0727 04:13:59.450073 51125 tablet_bootstrap.cc:406] T 1476ebdecfeb44edb9a3f6f2f1a7c78e P 6f1af300e1d549d6b1cdd8bf3b9aeb9c: No bootstrap required, opened a new log
I0727 04:13:59.450098 51125 ts_tablet_manager.cc:746] T 1476ebdecfeb44edb9a3f6f2f1a7c78e P 6f1af300e1d549d6b1cdd8bf3b9aeb9c: Time spent bootstrapping tablet: real 0.001s	user 0.000s	sys 0.001s
I0727 04:13:59.450419 51125 raft_consensus.cc:284] T 1476ebdecfeb44edb9a3f6f2f1a7c78e P 6f1af300e1d549d6b1cdd8bf3b9aeb9c [term 0 FOLLOWER]: Replica starting. Triggering 0 pending transactions. Active config: opid_index: -1 OBSOLETE_local: false peers { permanent_uuid: "3a3c735705964e1badb66c37a66a9096" member_type: VOTER last_known_addr { host: "ip-172-31-12-168" port: 31200 } } peers { permanent_uuid: "b497dbd6bd1a4c998891b00d2493a1bb" member_type: VOTER last_known_addr { host: "ip-172-31-12-168" port: 31202 } } peers { permanent_uuid: "6f1af300e1d549d6b1cdd8bf3b9aeb9c" member_type: VOTER last_known_addr { host: "ip-172-31-12-168" port: 31201 } }
I0727 04:13:59.450439 51125 raft_consensus.cc:316] T 1476ebdecfeb44edb9a3f6f2f1a7c78e P 6f1af300e1d549d6b1cdd8bf3b9aeb9c [term 0 FOLLOWER]: Consensus starting up: Expiring failure detector timer to make a prompt election more likely
I0727 04:13:59.450444 51125 raft_consensus.cc:560] T 1476ebdecfeb44edb9a3f6f2f1a7c78e P 6f1af300e1d549d6b1cdd8bf3b9aeb9c [term 0 FOLLOWER]: Becoming Follower/Learner. State: Replica: 6f1af300e1d549d6b1cdd8bf3b9aeb9c, State: Running, Role: FOLLOWER
I0727 04:13:59.450453 51125 consensus_queue.cc:186] T 1476ebdecfeb44edb9a3f6f2f1a7c78e P 6f1af300e1d549d6b1cdd8bf3b9aeb9c [NON_LEADER]: Queue going to NON_LEADER mode. State: All replicated index: 0, Majority replicated index: 0, Committed index: 0, Last appended: 0.0, Last appended by leader: 0, Current term: 0, Majority size: -1, State: 1, Mode: NON_LEADER
I0727 04:13:59.450502 51125 ts_tablet_manager.cc:775] T 1476ebdecfeb44edb9a3f6f2f1a7c78e P 6f1af300e1d549d6b1cdd8bf3b9aeb9c: Time spent starting tablet: real 0.000s	user 0.000s	sys 0.000s
I0727 04:13:59.450521 51125 ts_tablet_manager.cc:741] T 3115375834a4432db48c360b67bcc35b P 6f1af300e1d549d6b1cdd8bf3b9aeb9c: Bootstrapping tablet
I0727 04:13:59.450528 51125 tablet_bootstrap.cc:406] T 3115375834a4432db48c360b67bcc35b P 6f1af300e1d549d6b1cdd8bf3b9aeb9c: Bootstrap starting.
I0727 04:13:59.450721 51125 tablet_bootstrap.cc:547] T 3115375834a4432db48c360b67bcc35b P 6f1af300e1d549d6b1cdd8bf3b9aeb9c: No blocks or log segments found. Creating new log.
I0727 04:13:59.451231 51125 tablet_bootstrap.cc:406] T 3115375834a4432db48c360b67bcc35b P 6f1af300e1d549d6b1cdd8bf3b9aeb9c: No bootstrap required, opened a new log
I0727 04:13:59.451254 51125 ts_tablet_manager.cc:746] T 3115375834a4432db48c360b67bcc35b P 6f1af300e1d549d6b1cdd8bf3b9aeb9c: Time spent bootstrapping tablet: real 0.001s	user 0.000s	sys 0.001s
I0727 04:13:59.451560 51125 raft_consensus.cc:284] T 3115375834a4432db48c360b67bcc35b P 6f1af300e1d549d6b1cdd8bf3b9aeb9c [term 0 FOLLOWER]: Replica starting. Triggering 0 pending transactions. Active config: opid_index: -1 OBSOLETE_local: false peers { permanent_uuid: "3a3c735705964e1badb66c37a66a9096" member_type: VOTER last_known_addr { host: "ip-172-31-12-168" port: 31200 } } peers { permanent_uuid: "b497dbd6bd1a4c998891b00d2493a1bb" member_type: VOTER last_known_addr { host: "ip-172-31-12-168" port: 31202 } } peers { permanent_uuid: "6f1af300e1d549d6b1cdd8bf3b9aeb9c" member_type: VOTER last_known_addr { host: "ip-172-31-12-168" port: 31201 } }
I0727 04:13:59.451576 51125 raft_consensus.cc:316] T 3115375834a4432db48c360b67bcc35b P 6f1af300e1d549d6b1cdd8bf3b9aeb9c [term 0 FOLLOWER]: Consensus starting up: Expiring failure detector timer to make a prompt election more likely
I0727 04:13:59.451581 51125 raft_consensus.cc:560] T 3115375834a4432db48c360b67bcc35b P 6f1af300e1d549d6b1cdd8bf3b9aeb9c [term 0 FOLLOWER]: Becoming Follower/Learner. State: Replica: 6f1af300e1d549d6b1cdd8bf3b9aeb9c, State: Running, Role: FOLLOWER
I0727 04:13:59.451589 51125 consensus_queue.cc:186] T 3115375834a4432db48c360b67bcc35b P 6f1af300e1d549d6b1cdd8bf3b9aeb9c [NON_LEADER]: Queue going to NON_LEADER mode. State: All replicated index: 0, Majority replicated index: 0, Committed index: 0, Last appended: 0.0, Last appended by leader: 0, Current term: 0, Majority size: -1, State: 1, Mode: NON_LEADER
I0727 04:13:59.451629 51125 ts_tablet_manager.cc:775] T 3115375834a4432db48c360b67bcc35b P 6f1af300e1d549d6b1cdd8bf3b9aeb9c: Time spent starting tablet: real 0.000s	user 0.000s	sys 0.000s
I0727 04:13:59.529523 21010 raft_consensus.cc:2372] T 1476ebdecfeb44edb9a3f6f2f1a7c78e P 6f1af300e1d549d6b1cdd8bf3b9aeb9c: Snoozing failure detection for election timeout plus an additional 1.628s
I0727 04:13:59.529551 21010 raft_consensus.cc:1943] T 1476ebdecfeb44edb9a3f6f2f1a7c78e P 6f1af300e1d549d6b1cdd8bf3b9aeb9c [term 0 FOLLOWER]: Leader pre-election vote request: Granting yes vote for candidate 3a3c735705964e1badb66c37a66a9096 in term 0.
I0727 04:13:59.530249 21010 raft_consensus.cc:2419] T 1476ebdecfeb44edb9a3f6f2f1a7c78e P 6f1af300e1d549d6b1cdd8bf3b9aeb9c [term 0 FOLLOWER]: Advancing to term 1
I0727 04:13:59.530269 21010 raft_consensus.cc:2372] T 1476ebdecfeb44edb9a3f6f2f1a7c78e P 6f1af300e1d549d6b1cdd8bf3b9aeb9c: Snoozing failure detection for election timeout plus an additional 2.122s
I0727 04:13:59.530738 21010 raft_consensus.cc:1943] T 1476ebdecfeb44edb9a3f6f2f1a7c78e P 6f1af300e1d549d6b1cdd8bf3b9aeb9c [term 1 FOLLOWER]: Leader election vote request: Granting yes vote for candidate 3a3c735705964e1badb66c37a66a9096 in term 1.
I0727 04:13:59.806877 21010 raft_consensus.cc:944] T 1476ebdecfeb44edb9a3f6f2f1a7c78e P 6f1af300e1d549d6b1cdd8bf3b9aeb9c [term 1 FOLLOWER]: Refusing update from remote peer 3a3c735705964e1badb66c37a66a9096: Log matching property violated. Preceding OpId in replica: term: 0 index: 0. Preceding OpId from leader: term: 1 index: 1. (index mismatch)
I0727 04:13:59.920279 51142 raft_consensus.cc:411] T 74957ed3f99a473da12b1ed943ebf9ce P 6f1af300e1d549d6b1cdd8bf3b9aeb9c [term 0 FOLLOWER]: Starting pre-election (no leader contacted us within the election timeout)
I0727 04:13:59.920305 51142 raft_consensus.cc:2372] T 74957ed3f99a473da12b1ed943ebf9ce P 6f1af300e1d549d6b1cdd8bf3b9aeb9c: Snoozing failure detection for election timeout plus an additional 2.149s
I0727 04:13:59.920344 51142 raft_consensus.cc:435] T 74957ed3f99a473da12b1ed943ebf9ce P 6f1af300e1d549d6b1cdd8bf3b9aeb9c [term 0 FOLLOWER]: Starting pre-election with config: opid_index: -1 OBSOLETE_local: false peers { permanent_uuid: "3a3c735705964e1badb66c37a66a9096" member_type: VOTER last_known_addr { host: "ip-172-31-12-168" port: 31200 } } peers { permanent_uuid: "b497dbd6bd1a4c998891b00d2493a1bb" member_type: VOTER last_known_addr { host: "ip-172-31-12-168" port: 31202 } } peers { permanent_uuid: "6f1af300e1d549d6b1cdd8bf3b9aeb9c" member_type: VOTER last_known_addr { host: "ip-172-31-12-168" port: 31201 } }
I0727 04:13:59.920521 51142 leader_election.cc:217] T 74957ed3f99a473da12b1ed943ebf9ce P 6f1af300e1d549d6b1cdd8bf3b9aeb9c [CANDIDATE]: Term 1 pre-election: Requesting pre-vote from peer 3a3c735705964e1badb66c37a66a9096
I0727 04:13:59.920548 51142 leader_election.cc:217] T 74957ed3f99a473da12b1ed943ebf9ce P 6f1af300e1d549d6b1cdd8bf3b9aeb9c [CANDIDATE]: Term 1 pre-election: Requesting pre-vote from peer b497dbd6bd1a4c998891b00d2493a1bb
I0727 04:13:59.920734 20833 leader_election.cc:349] T 74957ed3f99a473da12b1ed943ebf9ce P 6f1af300e1d549d6b1cdd8bf3b9aeb9c [CANDIDATE]: Term 1 pre-election: Vote granted by peer 3a3c735705964e1badb66c37a66a9096
I0727 04:13:59.920753 20833 leader_election.cc:244] T 74957ed3f99a473da12b1ed943ebf9ce P 6f1af300e1d549d6b1cdd8bf3b9aeb9c [CANDIDATE]: Term 1 pre-election: Election decided. Result: candidate won.
I0727 04:13:59.920763 20829 leader_election.cc:349] T 74957ed3f99a473da12b1ed943ebf9ce P 6f1af300e1d549d6b1cdd8bf3b9aeb9c [CANDIDATE]: Term 1 pre-election: Vote granted by peer b497dbd6bd1a4c998891b00d2493a1bb
I0727 04:13:59.920784 50009 raft_consensus.cc:2372] T 74957ed3f99a473da12b1ed943ebf9ce P 6f1af300e1d549d6b1cdd8bf3b9aeb9c: Snoozing failure detection for election timeout plus an additional 1.963s
I0727 04:13:59.920801 50009 raft_consensus.cc:2176] T 74957ed3f99a473da12b1ed943ebf9ce P 6f1af300e1d549d6b1cdd8bf3b9aeb9c [term 0 FOLLOWER]: Leader pre-election won for term 1
I0727 04:13:59.920806 50009 raft_consensus.cc:411] T 74957ed3f99a473da12b1ed943ebf9ce P 6f1af300e1d549d6b1cdd8bf3b9aeb9c [term 0 FOLLOWER]: Starting leader election (no leader contacted us within the election timeout)
I0727 04:13:59.920810 50009 raft_consensus.cc:2372] T 74957ed3f99a473da12b1ed943ebf9ce P 6f1af300e1d549d6b1cdd8bf3b9aeb9c: Snoozing failure detection for election timeout plus an additional 1.923s
I0727 04:13:59.920812 50009 raft_consensus.cc:2419] T 74957ed3f99a473da12b1ed943ebf9ce P 6f1af300e1d549d6b1cdd8bf3b9aeb9c [term 0 FOLLOWER]: Advancing to term 1
I0727 04:13:59.921191 50009 raft_consensus.cc:435] T 74957ed3f99a473da12b1ed943ebf9ce P 6f1af300e1d549d6b1cdd8bf3b9aeb9c [term 1 FOLLOWER]: Starting leader election with config: opid_index: -1 OBSOLETE_local: false peers { permanent_uuid: "3a3c735705964e1badb66c37a66a9096" member_type: VOTER last_known_addr { host: "ip-172-31-12-168" port: 31200 } } peers { permanent_uuid: "b497dbd6bd1a4c998891b00d2493a1bb" member_type: VOTER last_known_addr { host: "ip-172-31-12-168" port: 31202 } } peers { permanent_uuid: "6f1af300e1d549d6b1cdd8bf3b9aeb9c" member_type: VOTER last_known_addr { host: "ip-172-31-12-168" port: 31201 } }
I0727 04:13:59.921303 50009 leader_election.cc:217] T 74957ed3f99a473da12b1ed943ebf9ce P 6f1af300e1d549d6b1cdd8bf3b9aeb9c [CANDIDATE]: Term 1 election: Requesting vote from peer 3a3c735705964e1badb66c37a66a9096
I0727 04:13:59.921324 50009 leader_election.cc:217] T 74957ed3f99a473da12b1ed943ebf9ce P 6f1af300e1d549d6b1cdd8bf3b9aeb9c [CANDIDATE]: Term 1 election: Requesting vote from peer b497dbd6bd1a4c998891b00d2493a1bb
I0727 04:13:59.921759 20833 leader_election.cc:349] T 74957ed3f99a473da12b1ed943ebf9ce P 6f1af300e1d549d6b1cdd8bf3b9aeb9c [CANDIDATE]: Term 1 election: Vote granted by peer 3a3c735705964e1badb66c37a66a9096
I0727 04:13:59.921771 20833 leader_election.cc:244] T 74957ed3f99a473da12b1ed943ebf9ce P 6f1af300e1d549d6b1cdd8bf3b9aeb9c [CANDIDATE]: Term 1 election: Election decided. Result: candidate won.
I0727 04:13:59.921777 20829 leader_election.cc:349] T 74957ed3f99a473da12b1ed943ebf9ce P 6f1af300e1d549d6b1cdd8bf3b9aeb9c [CANDIDATE]: Term 1 election: Vote granted by peer b497dbd6bd1a4c998891b00d2493a1bb
I0727 04:13:59.921797 50051 raft_consensus.cc:2372] T 74957ed3f99a473da12b1ed943ebf9ce P 6f1af300e1d549d6b1cdd8bf3b9aeb9c: Snoozing failure detection for election timeout plus an additional 1.735s
I0727 04:13:59.921814 50051 raft_consensus.cc:2176] T 74957ed3f99a473da12b1ed943ebf9ce P 6f1af300e1d549d6b1cdd8bf3b9aeb9c [term 1 FOLLOWER]: Leader election won for term 1
I0727 04:13:59.921828 50051 raft_consensus.cc:528] T 74957ed3f99a473da12b1ed943ebf9ce P 6f1af300e1d549d6b1cdd8bf3b9aeb9c [term 1 LEADER]: Becoming Leader. State: Replica: 6f1af300e1d549d6b1cdd8bf3b9aeb9c, State: Running, Role: LEADER
I0727 04:13:59.921856 50051 consensus_queue.cc:165] T 74957ed3f99a473da12b1ed943ebf9ce P 6f1af300e1d549d6b1cdd8bf3b9aeb9c [LEADER]: Queue going to LEADER mode. State: All replicated index: 0, Majority replicated index: 0, Committed index: 0, Last appended: 0.0, Last appended by leader: 0, Current term: 1, Majority size: 2, State: 1, Mode: LEADER, active raft config: opid_index: -1 OBSOLETE_local: false peers { permanent_uuid: "3a3c735705964e1badb66c37a66a9096" member_type: VOTER last_known_addr { host: "ip-172-31-12-168" port: 31200 } } peers { permanent_uuid: "b497dbd6bd1a4c998891b00d2493a1bb" member_type: VOTER last_known_addr { host: "ip-172-31-12-168" port: 31202 } } peers { permanent_uuid: "6f1af300e1d549d6b1cdd8bf3b9aeb9c" member_type: VOTER last_known_addr { host: "ip-172-31-12-168" port: 31201 } }
I0727 04:13:59.937067 21010 raft_consensus.cc:2372] T 3115375834a4432db48c360b67bcc35b P 6f1af300e1d549d6b1cdd8bf3b9aeb9c: Snoozing failure detection for election timeout plus an additional 2.100s
I0727 04:13:59.937083 21010 raft_consensus.cc:1943] T 3115375834a4432db48c360b67bcc35b P 6f1af300e1d549d6b1cdd8bf3b9aeb9c [term 0 FOLLOWER]: Leader pre-election vote request: Granting yes vote for candidate b497dbd6bd1a4c998891b00d2493a1bb in term 0.
I0727 04:13:59.937680 21010 raft_consensus.cc:2419] T 3115375834a4432db48c360b67bcc35b P 6f1af300e1d549d6b1cdd8bf3b9aeb9c [term 0 FOLLOWER]: Advancing to term 1
I0727 04:13:59.937697 21010 raft_consensus.cc:2372] T 3115375834a4432db48c360b67bcc35b P 6f1af300e1d549d6b1cdd8bf3b9aeb9c: Snoozing failure detection for election timeout plus an additional 1.749s
I0727 04:13:59.937954 21010 raft_consensus.cc:1943] T 3115375834a4432db48c360b67bcc35b P 6f1af300e1d549d6b1cdd8bf3b9aeb9c [term 1 FOLLOWER]: Leader election vote request: Granting yes vote for candidate b497dbd6bd1a4c998891b00d2493a1bb in term 1.
I0727 04:14:00.251590 50051 consensus_queue.cc:722] T 74957ed3f99a473da12b1ed943ebf9ce P 6f1af300e1d549d6b1cdd8bf3b9aeb9c [LEADER]: Connected to new peer: Peer: 3a3c735705964e1badb66c37a66a9096, Is new: false, Last received: 0.0, Next index: 1, Last known committed idx: 0, Last exchange result: ERROR, Needs tablet copy: false
I0727 04:14:00.252372 50009 consensus_queue.cc:722] T 74957ed3f99a473da12b1ed943ebf9ce P 6f1af300e1d549d6b1cdd8bf3b9aeb9c [LEADER]: Connected to new peer: Peer: b497dbd6bd1a4c998891b00d2493a1bb, Is new: false, Last received: 0.0, Next index: 1, Last known committed idx: 0, Last exchange result: ERROR, Needs tablet copy: false
I0727 04:14:00.256745 21010 raft_consensus.cc:944] T 3115375834a4432db48c360b67bcc35b P 6f1af300e1d549d6b1cdd8bf3b9aeb9c [term 1 FOLLOWER]: Refusing update from remote peer b497dbd6bd1a4c998891b00d2493a1bb: Log matching property violated. Preceding OpId in replica: term: 0 index: 0. Preceding OpId from leader: term: 1 index: 1. (index mismatch)
I0727 04:14:03.411728 20973 tablet_service.cc:672] Processing CreateTablet for tablet 84c0e499f58047638b5c1056283c27f7 (table=impala::functional_kudu.jointbl [id=75544cdcb12240bdba28bf1ab3d1b1b0]), partition=RANGE (test_id) PARTITION VALUES < 1004
I0727 04:14:03.412230 20971 tablet_service.cc:672] Processing CreateTablet for tablet 511743a273b44368a0ef3ff1441ab81a (table=impala::functional_kudu.jointbl [id=75544cdcb12240bdba28bf1ab3d1b1b0]), partition=RANGE (test_id) PARTITION VALUES >= 1008
I0727 04:14:03.412483 20969 tablet_service.cc:672] Processing CreateTablet for tablet c841c520cb804a7b98921ff7b62f3dd2 (table=impala::functional_kudu.jointbl [id=75544cdcb12240bdba28bf1ab3d1b1b0]), partition=RANGE (test_id) PARTITION 1004 <= VALUES < 1008
I0727 04:14:03.412511 20973 ts_tablet_manager.cc:871] T 84c0e499f58047638b5c1056283c27f7 P 6f1af300e1d549d6b1cdd8bf3b9aeb9c: Registered tablet (data state: TABLET_DATA_READY)
I0727 04:14:03.412930 20971 ts_tablet_manager.cc:871] T 511743a273b44368a0ef3ff1441ab81a P 6f1af300e1d549d6b1cdd8bf3b9aeb9c: Registered tablet (data state: TABLET_DATA_READY)
I0727 04:14:03.413096 20969 ts_tablet_manager.cc:871] T c841c520cb804a7b98921ff7b62f3dd2 P 6f1af300e1d549d6b1cdd8bf3b9aeb9c: Registered tablet (data state: TABLET_DATA_READY)
I0727 04:14:03.415001 51239 ts_tablet_manager.cc:741] T 84c0e499f58047638b5c1056283c27f7 P 6f1af300e1d549d6b1cdd8bf3b9aeb9c: Bootstrapping tablet
I0727 04:14:03.415297 51239 tablet_bootstrap.cc:406] T 84c0e499f58047638b5c1056283c27f7 P 6f1af300e1d549d6b1cdd8bf3b9aeb9c: Bootstrap starting.
I0727 04:14:03.415596 51239 tablet_bootstrap.cc:547] T 84c0e499f58047638b5c1056283c27f7 P 6f1af300e1d549d6b1cdd8bf3b9aeb9c: No blocks or log segments found. Creating new log.
I0727 04:14:03.416371 51239 tablet_bootstrap.cc:406] T 84c0e499f58047638b5c1056283c27f7 P 6f1af300e1d549d6b1cdd8bf3b9aeb9c: No bootstrap required, opened a new log
I0727 04:14:03.416414 51239 ts_tablet_manager.cc:746] T 84c0e499f58047638b5c1056283c27f7 P 6f1af300e1d549d6b1cdd8bf3b9aeb9c: Time spent bootstrapping tablet: real 0.001s	user 0.000s	sys 0.000s
I0727 04:14:03.421025 51239 raft_consensus.cc:284] T 84c0e499f58047638b5c1056283c27f7 P 6f1af300e1d549d6b1cdd8bf3b9aeb9c [term 0 FOLLOWER]: Replica starting. Triggering 0 pending transactions. Active config: opid_index: -1 OBSOLETE_local: false peers { permanent_uuid: "3a3c735705964e1badb66c37a66a9096" member_type: VOTER last_known_addr { host: "ip-172-31-12-168" port: 31200 } } peers { permanent_uuid: "b497dbd6bd1a4c998891b00d2493a1bb" member_type: VOTER last_known_addr { host: "ip-172-31-12-168" port: 31202 } } peers { permanent_uuid: "6f1af300e1d549d6b1cdd8bf3b9aeb9c" member_type: VOTER last_known_addr { host: "ip-172-31-12-168" port: 31201 } }
I0727 04:14:03.421070 51239 raft_consensus.cc:316] T 84c0e499f58047638b5c1056283c27f7 P 6f1af300e1d549d6b1cdd8bf3b9aeb9c [term 0 FOLLOWER]: Consensus starting up: Expiring failure detector timer to make a prompt election more likely
I0727 04:14:03.421087 51239 raft_consensus.cc:560] T 84c0e499f58047638b5c1056283c27f7 P 6f1af300e1d549d6b1cdd8bf3b9aeb9c [term 0 FOLLOWER]: Becoming Follower/Learner. State: Replica: 6f1af300e1d549d6b1cdd8bf3b9aeb9c, State: Running, Role: FOLLOWER
I0727 04:14:03.421105 51239 consensus_queue.cc:186] T 84c0e499f58047638b5c1056283c27f7 P 6f1af300e1d549d6b1cdd8bf3b9aeb9c [NON_LEADER]: Queue going to NON_LEADER mode. State: All replicated index: 0, Majority replicated index: 0, Committed index: 0, Last appended: 0.0, Last appended by leader: 0, Current term: 0, Majority size: -1, State: 1, Mode: NON_LEADER
I0727 04:14:03.421178 51239 ts_tablet_manager.cc:775] T 84c0e499f58047638b5c1056283c27f7 P 6f1af300e1d549d6b1cdd8bf3b9aeb9c: Time spent starting tablet: real 0.005s	user 0.000s	sys 0.000s
I0727 04:14:03.421200 51239 ts_tablet_manager.cc:741] T 511743a273b44368a0ef3ff1441ab81a P 6f1af300e1d549d6b1cdd8bf3b9aeb9c: Bootstrapping tablet
I0727 04:14:03.421214 51239 tablet_bootstrap.cc:406] T 511743a273b44368a0ef3ff1441ab81a P 6f1af300e1d549d6b1cdd8bf3b9aeb9c: Bootstrap starting.
I0727 04:14:03.421425 51239 tablet_bootstrap.cc:547] T 511743a273b44368a0ef3ff1441ab81a P 6f1af300e1d549d6b1cdd8bf3b9aeb9c: No blocks or log segments found. Creating new log.
I0727 04:14:03.421907 51239 tablet_bootstrap.cc:406] T 511743a273b44368a0ef3ff1441ab81a P 6f1af300e1d549d6b1cdd8bf3b9aeb9c: No bootstrap required, opened a new log
I0727 04:14:03.421926 51239 ts_tablet_manager.cc:746] T 511743a273b44368a0ef3ff1441ab81a P 6f1af300e1d549d6b1cdd8bf3b9aeb9c: Time spent bootstrapping tablet: real 0.001s	user 0.000s	sys 0.000s
I0727 04:14:03.423288 51239 raft_consensus.cc:284] T 511743a273b44368a0ef3ff1441ab81a P 6f1af300e1d549d6b1cdd8bf3b9aeb9c [term 0 FOLLOWER]: Replica starting. Triggering 0 pending transactions. Active config: opid_index: -1 OBSOLETE_local: false peers { permanent_uuid: "3a3c735705964e1badb66c37a66a9096" member_type: VOTER last_known_addr { host: "ip-172-31-12-168" port: 31200 } } peers { permanent_uuid: "b497dbd6bd1a4c998891b00d2493a1bb" member_type: VOTER last_known_addr { host: "ip-172-31-12-168" port: 31202 } } peers { permanent_uuid: "6f1af300e1d549d6b1cdd8bf3b9aeb9c" member_type: VOTER last_known_addr { host: "ip-172-31-12-168" port: 31201 } }
I0727 04:14:03.423311 51239 raft_consensus.cc:316] T 511743a273b44368a0ef3ff1441ab81a P 6f1af300e1d549d6b1cdd8bf3b9aeb9c [term 0 FOLLOWER]: Consensus starting up: Expiring failure detector timer to make a prompt election more likely
I0727 04:14:03.423316 51239 raft_consensus.cc:560] T 511743a273b44368a0ef3ff1441ab81a P 6f1af300e1d549d6b1cdd8bf3b9aeb9c [term 0 FOLLOWER]: Becoming Follower/Learner. State: Replica: 6f1af300e1d549d6b1cdd8bf3b9aeb9c, State: Running, Role: FOLLOWER
I0727 04:14:03.423326 51239 consensus_queue.cc:186] T 511743a273b44368a0ef3ff1441ab81a P 6f1af300e1d549d6b1cdd8bf3b9aeb9c [NON_LEADER]: Queue going to NON_LEADER mode. State: All replicated index: 0, Majority replicated index: 0, Committed index: 0, Last appended: 0.0, Last appended by leader: 0, Current term: 0, Majority size: -1, State: 1, Mode: NON_LEADER
I0727 04:14:03.423388 51239 ts_tablet_manager.cc:775] T 511743a273b44368a0ef3ff1441ab81a P 6f1af300e1d549d6b1cdd8bf3b9aeb9c: Time spent starting tablet: real 0.001s	user 0.000s	sys 0.000s
I0727 04:14:03.423401 51239 ts_tablet_manager.cc:741] T c841c520cb804a7b98921ff7b62f3dd2 P 6f1af300e1d549d6b1cdd8bf3b9aeb9c: Bootstrapping tablet
I0727 04:14:03.423408 51239 tablet_bootstrap.cc:406] T c841c520cb804a7b98921ff7b62f3dd2 P 6f1af300e1d549d6b1cdd8bf3b9aeb9c: Bootstrap starting.
I0727 04:14:03.423588 51239 tablet_bootstrap.cc:547] T c841c520cb804a7b98921ff7b62f3dd2 P 6f1af300e1d549d6b1cdd8bf3b9aeb9c: No blocks or log segments found. Creating new log.
I0727 04:14:03.423897 51239 tablet_bootstrap.cc:406] T c841c520cb804a7b98921ff7b62f3dd2 P 6f1af300e1d549d6b1cdd8bf3b9aeb9c: No bootstrap required, opened a new log
I0727 04:14:03.423918 51239 ts_tablet_manager.cc:746] T c841c520cb804a7b98921ff7b62f3dd2 P 6f1af300e1d549d6b1cdd8bf3b9aeb9c: Time spent bootstrapping tablet: real 0.001s	user 0.000s	sys 0.001s
I0727 04:14:03.424244 51239 raft_consensus.cc:284] T c841c520cb804a7b98921ff7b62f3dd2 P 6f1af300e1d549d6b1cdd8bf3b9aeb9c [term 0 FOLLOWER]: Replica starting. Triggering 0 pending transactions. Active config: opid_index: -1 OBSOLETE_local: false peers { permanent_uuid: "3a3c735705964e1badb66c37a66a9096" member_type: VOTER last_known_addr { host: "ip-172-31-12-168" port: 31200 } } peers { permanent_uuid: "b497dbd6bd1a4c998891b00d2493a1bb" member_type: VOTER last_known_addr { host: "ip-172-31-12-168" port: 31202 } } peers { permanent_uuid: "6f1af300e1d549d6b1cdd8bf3b9aeb9c" member_type: VOTER last_known_addr { host: "ip-172-31-12-168" port: 31201 } }
I0727 04:14:03.424259 51239 raft_consensus.cc:316] T c841c520cb804a7b98921ff7b62f3dd2 P 6f1af300e1d549d6b1cdd8bf3b9aeb9c [term 0 FOLLOWER]: Consensus starting up: Expiring failure detector timer to make a prompt election more likely
I0727 04:14:03.424263 51239 raft_consensus.cc:560] T c841c520cb804a7b98921ff7b62f3dd2 P 6f1af300e1d549d6b1cdd8bf3b9aeb9c [term 0 FOLLOWER]: Becoming Follower/Learner. State: Replica: 6f1af300e1d549d6b1cdd8bf3b9aeb9c, State: Running, Role: FOLLOWER
I0727 04:14:03.424271 51239 consensus_queue.cc:186] T c841c520cb804a7b98921ff7b62f3dd2 P 6f1af300e1d549d6b1cdd8bf3b9aeb9c [NON_LEADER]: Queue going to NON_LEADER mode. State: All replicated index: 0, Majority replicated index: 0, Committed index: 0, Last appended: 0.0, Last appended by leader: 0, Current term: 0, Majority size: -1, State: 1, Mode: NON_LEADER
I0727 04:14:03.424319 51239 ts_tablet_manager.cc:775] T c841c520cb804a7b98921ff7b62f3dd2 P 6f1af300e1d549d6b1cdd8bf3b9aeb9c: Time spent starting tablet: real 0.000s	user 0.000s	sys 0.000s
I0727 04:14:03.451948 21011 raft_consensus.cc:2372] T c841c520cb804a7b98921ff7b62f3dd2 P 6f1af300e1d549d6b1cdd8bf3b9aeb9c: Snoozing failure detection for election timeout plus an additional 2.085s
I0727 04:14:03.451972 21011 raft_consensus.cc:1943] T c841c520cb804a7b98921ff7b62f3dd2 P 6f1af300e1d549d6b1cdd8bf3b9aeb9c [term 0 FOLLOWER]: Leader pre-election vote request: Granting yes vote for candidate b497dbd6bd1a4c998891b00d2493a1bb in term 0.
I0727 04:14:03.452878 21011 raft_consensus.cc:2419] T c841c520cb804a7b98921ff7b62f3dd2 P 6f1af300e1d549d6b1cdd8bf3b9aeb9c [term 0 FOLLOWER]: Advancing to term 1
I0727 04:14:03.452899 21011 raft_consensus.cc:2372] T c841c520cb804a7b98921ff7b62f3dd2 P 6f1af300e1d549d6b1cdd8bf3b9aeb9c: Snoozing failure detection for election timeout plus an additional 2.233s
I0727 04:14:03.453320 21011 raft_consensus.cc:1943] T c841c520cb804a7b98921ff7b62f3dd2 P 6f1af300e1d549d6b1cdd8bf3b9aeb9c [term 1 FOLLOWER]: Leader election vote request: Granting yes vote for candidate b497dbd6bd1a4c998891b00d2493a1bb in term 1.
I0727 04:14:03.766557 21011 raft_consensus.cc:944] T c841c520cb804a7b98921ff7b62f3dd2 P 6f1af300e1d549d6b1cdd8bf3b9aeb9c [term 1 FOLLOWER]: Refusing update from remote peer b497dbd6bd1a4c998891b00d2493a1bb: Log matching property violated. Preceding OpId in replica: term: 0 index: 0. Preceding OpId from leader: term: 1 index: 1. (index mismatch)
I0727 04:14:03.807029 21011 raft_consensus.cc:2372] T 511743a273b44368a0ef3ff1441ab81a P 6f1af300e1d549d6b1cdd8bf3b9aeb9c: Snoozing failure detection for election timeout plus an additional 1.582s
I0727 04:14:03.807056 21011 raft_consensus.cc:1943] T 511743a273b44368a0ef3ff1441ab81a P 6f1af300e1d549d6b1cdd8bf3b9aeb9c [term 0 FOLLOWER]: Leader pre-election vote request: Granting yes vote for candidate b497dbd6bd1a4c998891b00d2493a1bb in term 0.
I0727 04:14:03.808048 21011 raft_consensus.cc:2419] T 511743a273b44368a0ef3ff1441ab81a P 6f1af300e1d549d6b1cdd8bf3b9aeb9c [term 0 FOLLOWER]: Advancing to term 1
I0727 04:14:03.808073 21011 raft_consensus.cc:2372] T 511743a273b44368a0ef3ff1441ab81a P 6f1af300e1d549d6b1cdd8bf3b9aeb9c: Snoozing failure detection for election timeout plus an additional 2.213s
I0727 04:14:03.808377 21011 raft_consensus.cc:1943] T 511743a273b44368a0ef3ff1441ab81a P 6f1af300e1d549d6b1cdd8bf3b9aeb9c [term 1 FOLLOWER]: Leader election vote request: Granting yes vote for candidate b497dbd6bd1a4c998891b00d2493a1bb in term 1.
I0727 04:14:03.850754 51243 raft_consensus.cc:411] T 84c0e499f58047638b5c1056283c27f7 P 6f1af300e1d549d6b1cdd8bf3b9aeb9c [term 0 FOLLOWER]: Starting pre-election (no leader contacted us within the election timeout)
I0727 04:14:03.850788 51243 raft_consensus.cc:2372] T 84c0e499f58047638b5c1056283c27f7 P 6f1af300e1d549d6b1cdd8bf3b9aeb9c: Snoozing failure detection for election timeout plus an additional 1.962s
I0727 04:14:03.850849 51243 raft_consensus.cc:435] T 84c0e499f58047638b5c1056283c27f7 P 6f1af300e1d549d6b1cdd8bf3b9aeb9c [term 0 FOLLOWER]: Starting pre-election with config: opid_index: -1 OBSOLETE_local: false peers { permanent_uuid: "3a3c735705964e1badb66c37a66a9096" member_type: VOTER last_known_addr { host: "ip-172-31-12-168" port: 31200 } } peers { permanent_uuid: "b497dbd6bd1a4c998891b00d2493a1bb" member_type: VOTER last_known_addr { host: "ip-172-31-12-168" port: 31202 } } peers { permanent_uuid: "6f1af300e1d549d6b1cdd8bf3b9aeb9c" member_type: VOTER last_known_addr { host: "ip-172-31-12-168" port: 31201 } }
I0727 04:14:03.851054 51243 leader_election.cc:217] T 84c0e499f58047638b5c1056283c27f7 P 6f1af300e1d549d6b1cdd8bf3b9aeb9c [CANDIDATE]: Term 1 pre-election: Requesting pre-vote from peer 3a3c735705964e1badb66c37a66a9096
I0727 04:14:03.851084 51243 leader_election.cc:217] T 84c0e499f58047638b5c1056283c27f7 P 6f1af300e1d549d6b1cdd8bf3b9aeb9c [CANDIDATE]: Term 1 pre-election: Requesting pre-vote from peer b497dbd6bd1a4c998891b00d2493a1bb
I0727 04:14:03.851388 20829 leader_election.cc:349] T 84c0e499f58047638b5c1056283c27f7 P 6f1af300e1d549d6b1cdd8bf3b9aeb9c [CANDIDATE]: Term 1 pre-election: Vote granted by peer b497dbd6bd1a4c998891b00d2493a1bb
I0727 04:14:03.851408 20829 leader_election.cc:244] T 84c0e499f58047638b5c1056283c27f7 P 6f1af300e1d549d6b1cdd8bf3b9aeb9c [CANDIDATE]: Term 1 pre-election: Election decided. Result: candidate won.
I0727 04:14:03.851505 20833 leader_election.cc:349] T 84c0e499f58047638b5c1056283c27f7 P 6f1af300e1d549d6b1cdd8bf3b9aeb9c [CANDIDATE]: Term 1 pre-election: Vote granted by peer 3a3c735705964e1badb66c37a66a9096
I0727 04:14:03.851557 50038 raft_consensus.cc:2372] T 84c0e499f58047638b5c1056283c27f7 P 6f1af300e1d549d6b1cdd8bf3b9aeb9c: Snoozing failure detection for election timeout plus an additional 2.199s
I0727 04:14:03.851569 50038 raft_consensus.cc:2176] T 84c0e499f58047638b5c1056283c27f7 P 6f1af300e1d549d6b1cdd8bf3b9aeb9c [term 0 FOLLOWER]: Leader pre-election won for term 1
I0727 04:14:03.851572 50038 raft_consensus.cc:411] T 84c0e499f58047638b5c1056283c27f7 P 6f1af300e1d549d6b1cdd8bf3b9aeb9c [term 0 FOLLOWER]: Starting leader election (no leader contacted us within the election timeout)
I0727 04:14:03.851577 50038 raft_consensus.cc:2372] T 84c0e499f58047638b5c1056283c27f7 P 6f1af300e1d549d6b1cdd8bf3b9aeb9c: Snoozing failure detection for election timeout plus an additional 1.752s
I0727 04:14:03.851579 50038 raft_consensus.cc:2419] T 84c0e499f58047638b5c1056283c27f7 P 6f1af300e1d549d6b1cdd8bf3b9aeb9c [term 0 FOLLOWER]: Advancing to term 1
I0727 04:14:03.852138 50038 raft_consensus.cc:435] T 84c0e499f58047638b5c1056283c27f7 P 6f1af300e1d549d6b1cdd8bf3b9aeb9c [term 1 FOLLOWER]: Starting leader election with config: opid_index: -1 OBSOLETE_local: false peers { permanent_uuid: "3a3c735705964e1badb66c37a66a9096" member_type: VOTER last_known_addr { host: "ip-172-31-12-168" port: 31200 } } peers { permanent_uuid: "b497dbd6bd1a4c998891b00d2493a1bb" member_type: VOTER last_known_addr { host: "ip-172-31-12-168" port: 31202 } } peers { permanent_uuid: "6f1af300e1d549d6b1cdd8bf3b9aeb9c" member_type: VOTER last_known_addr { host: "ip-172-31-12-168" port: 31201 } }
I0727 04:14:03.852295 50038 leader_election.cc:217] T 84c0e499f58047638b5c1056283c27f7 P 6f1af300e1d549d6b1cdd8bf3b9aeb9c [CANDIDATE]: Term 1 election: Requesting vote from peer 3a3c735705964e1badb66c37a66a9096
I0727 04:14:03.852319 50038 leader_election.cc:217] T 84c0e499f58047638b5c1056283c27f7 P 6f1af300e1d549d6b1cdd8bf3b9aeb9c [CANDIDATE]: Term 1 election: Requesting vote from peer b497dbd6bd1a4c998891b00d2493a1bb
I0727 04:14:03.852903 20833 leader_election.cc:349] T 84c0e499f58047638b5c1056283c27f7 P 6f1af300e1d549d6b1cdd8bf3b9aeb9c [CANDIDATE]: Term 1 election: Vote granted by peer 3a3c735705964e1badb66c37a66a9096
I0727 04:14:03.852916 20833 leader_election.cc:244] T 84c0e499f58047638b5c1056283c27f7 P 6f1af300e1d549d6b1cdd8bf3b9aeb9c [CANDIDATE]: Term 1 election: Election decided. Result: candidate won.
I0727 04:14:03.852949 50009 raft_consensus.cc:2372] T 84c0e499f58047638b5c1056283c27f7 P 6f1af300e1d549d6b1cdd8bf3b9aeb9c: Snoozing failure detection for election timeout plus an additional 1.687s
I0727 04:14:03.852960 20829 leader_election.cc:349] T 84c0e499f58047638b5c1056283c27f7 P 6f1af300e1d549d6b1cdd8bf3b9aeb9c [CANDIDATE]: Term 1 election: Vote granted by peer b497dbd6bd1a4c998891b00d2493a1bb
I0727 04:14:03.852970 50009 raft_consensus.cc:2176] T 84c0e499f58047638b5c1056283c27f7 P 6f1af300e1d549d6b1cdd8bf3b9aeb9c [term 1 FOLLOWER]: Leader election won for term 1
I0727 04:14:03.852987 50009 raft_consensus.cc:528] T 84c0e499f58047638b5c1056283c27f7 P 6f1af300e1d549d6b1cdd8bf3b9aeb9c [term 1 LEADER]: Becoming Leader. State: Replica: 6f1af300e1d549d6b1cdd8bf3b9aeb9c, State: Running, Role: LEADER
I0727 04:14:03.853029 50009 consensus_queue.cc:165] T 84c0e499f58047638b5c1056283c27f7 P 6f1af300e1d549d6b1cdd8bf3b9aeb9c [LEADER]: Queue going to LEADER mode. State: All replicated index: 0, Majority replicated index: 0, Committed index: 0, Last appended: 0.0, Last appended by leader: 0, Current term: 1, Majority size: 2, State: 1, Mode: LEADER, active raft config: opid_index: -1 OBSOLETE_local: false peers { permanent_uuid: "3a3c735705964e1badb66c37a66a9096" member_type: VOTER last_known_addr { host: "ip-172-31-12-168" port: 31200 } } peers { permanent_uuid: "b497dbd6bd1a4c998891b00d2493a1bb" member_type: VOTER last_known_addr { host: "ip-172-31-12-168" port: 31202 } } peers { permanent_uuid: "6f1af300e1d549d6b1cdd8bf3b9aeb9c" member_type: VOTER last_known_addr { host: "ip-172-31-12-168" port: 31201 } }
I0727 04:14:04.135457 21011 raft_consensus.cc:944] T 511743a273b44368a0ef3ff1441ab81a P 6f1af300e1d549d6b1cdd8bf3b9aeb9c [term 1 FOLLOWER]: Refusing update from remote peer b497dbd6bd1a4c998891b00d2493a1bb: Log matching property violated. Preceding OpId in replica: term: 0 index: 0. Preceding OpId from leader: term: 1 index: 1. (index mismatch)
I0727 04:14:04.269491 50009 consensus_queue.cc:722] T 84c0e499f58047638b5c1056283c27f7 P 6f1af300e1d549d6b1cdd8bf3b9aeb9c [LEADER]: Connected to new peer: Peer: 3a3c735705964e1badb66c37a66a9096, Is new: false, Last received: 0.0, Next index: 1, Last known committed idx: 0, Last exchange result: ERROR, Needs tablet copy: false
I0727 04:14:04.270351 50051 consensus_queue.cc:722] T 84c0e499f58047638b5c1056283c27f7 P 6f1af300e1d549d6b1cdd8bf3b9aeb9c [LEADER]: Connected to new peer: Peer: b497dbd6bd1a4c998891b00d2493a1bb, Is new: false, Last received: 0.0, Next index: 1, Last known committed idx: 0, Last exchange result: ERROR, Needs tablet copy: false
I0727 04:14:09.381893 20969 tablet_service.cc:672] Processing CreateTablet for tablet 38dd5558e43a4cc9a7f2fce41ae145c8 (table=impala::functional_kudu.emptytable [id=9c5318daf1654b8ea73b1143369eb317]), partition=HASH (field) PARTITION 0
I0727 04:14:09.381933 20971 tablet_service.cc:672] Processing CreateTablet for tablet b5a9dd0d9f264acc9cbf55596ef9fe68 (table=impala::functional_kudu.emptytable [id=9c5318daf1654b8ea73b1143369eb317]), partition=HASH (field) PARTITION 1
I0727 04:14:09.381938 20973 tablet_service.cc:672] Processing CreateTablet for tablet fb63e650a8d0496786c32252dc667fa0 (table=impala::functional_kudu.emptytable [id=9c5318daf1654b8ea73b1143369eb317]), partition=HASH (field) PARTITION 2
I0727 04:14:09.383062 20971 ts_tablet_manager.cc:871] T b5a9dd0d9f264acc9cbf55596ef9fe68 P 6f1af300e1d549d6b1cdd8bf3b9aeb9c: Registered tablet (data state: TABLET_DATA_READY)
I0727 04:14:09.383091 20969 ts_tablet_manager.cc:871] T 38dd5558e43a4cc9a7f2fce41ae145c8 P 6f1af300e1d549d6b1cdd8bf3b9aeb9c: Registered tablet (data state: TABLET_DATA_READY)
I0727 04:14:09.383296 20973 ts_tablet_manager.cc:871] T fb63e650a8d0496786c32252dc667fa0 P 6f1af300e1d549d6b1cdd8bf3b9aeb9c: Registered tablet (data state: TABLET_DATA_READY)
I0727 04:14:09.383334 51411 ts_tablet_manager.cc:741] T b5a9dd0d9f264acc9cbf55596ef9fe68 P 6f1af300e1d549d6b1cdd8bf3b9aeb9c: Bootstrapping tablet
I0727 04:14:09.383352 51411 tablet_bootstrap.cc:406] T b5a9dd0d9f264acc9cbf55596ef9fe68 P 6f1af300e1d549d6b1cdd8bf3b9aeb9c: Bootstrap starting.
I0727 04:14:09.383532 51411 tablet_bootstrap.cc:547] T b5a9dd0d9f264acc9cbf55596ef9fe68 P 6f1af300e1d549d6b1cdd8bf3b9aeb9c: No blocks or log segments found. Creating new log.
I0727 04:14:09.383935 51411 tablet_bootstrap.cc:406] T b5a9dd0d9f264acc9cbf55596ef9fe68 P 6f1af300e1d549d6b1cdd8bf3b9aeb9c: No bootstrap required, opened a new log
I0727 04:14:09.383954 51411 ts_tablet_manager.cc:746] T b5a9dd0d9f264acc9cbf55596ef9fe68 P 6f1af300e1d549d6b1cdd8bf3b9aeb9c: Time spent bootstrapping tablet: real 0.001s	user 0.000s	sys 0.000s
I0727 04:14:09.384232 51411 raft_consensus.cc:284] T b5a9dd0d9f264acc9cbf55596ef9fe68 P 6f1af300e1d549d6b1cdd8bf3b9aeb9c [term 0 FOLLOWER]: Replica starting. Triggering 0 pending transactions. Active config: opid_index: -1 OBSOLETE_local: false peers { permanent_uuid: "3a3c735705964e1badb66c37a66a9096" member_type: VOTER last_known_addr { host: "ip-172-31-12-168" port: 31200 } } peers { permanent_uuid: "b497dbd6bd1a4c998891b00d2493a1bb" member_type: VOTER last_known_addr { host: "ip-172-31-12-168" port: 31202 } } peers { permanent_uuid: "6f1af300e1d549d6b1cdd8bf3b9aeb9c" member_type: VOTER last_known_addr { host: "ip-172-31-12-168" port: 31201 } }
I0727 04:14:09.384248 51411 raft_consensus.cc:316] T b5a9dd0d9f264acc9cbf55596ef9fe68 P 6f1af300e1d549d6b1cdd8bf3b9aeb9c [term 0 FOLLOWER]: Consensus starting up: Expiring failure detector timer to make a prompt election more likely
I0727 04:14:09.384253 51411 raft_consensus.cc:560] T b5a9dd0d9f264acc9cbf55596ef9fe68 P 6f1af300e1d549d6b1cdd8bf3b9aeb9c [term 0 FOLLOWER]: Becoming Follower/Learner. State: Replica: 6f1af300e1d549d6b1cdd8bf3b9aeb9c, State: Running, Role: FOLLOWER
I0727 04:14:09.384263 51411 consensus_queue.cc:186] T b5a9dd0d9f264acc9cbf55596ef9fe68 P 6f1af300e1d549d6b1cdd8bf3b9aeb9c [NON_LEADER]: Queue going to NON_LEADER mode. State: All replicated index: 0, Majority replicated index: 0, Committed index: 0, Last appended: 0.0, Last appended by leader: 0, Current term: 0, Majority size: -1, State: 1, Mode: NON_LEADER
I0727 04:14:09.384340 51411 ts_tablet_manager.cc:775] T b5a9dd0d9f264acc9cbf55596ef9fe68 P 6f1af300e1d549d6b1cdd8bf3b9aeb9c: Time spent starting tablet: real 0.000s	user 0.000s	sys 0.000s
I0727 04:14:09.384352 51411 ts_tablet_manager.cc:741] T 38dd5558e43a4cc9a7f2fce41ae145c8 P 6f1af300e1d549d6b1cdd8bf3b9aeb9c: Bootstrapping tablet
I0727 04:14:09.384358 51411 tablet_bootstrap.cc:406] T 38dd5558e43a4cc9a7f2fce41ae145c8 P 6f1af300e1d549d6b1cdd8bf3b9aeb9c: Bootstrap starting.
I0727 04:14:09.384541 51411 tablet_bootstrap.cc:547] T 38dd5558e43a4cc9a7f2fce41ae145c8 P 6f1af300e1d549d6b1cdd8bf3b9aeb9c: No blocks or log segments found. Creating new log.
I0727 04:14:09.384933 51411 tablet_bootstrap.cc:406] T 38dd5558e43a4cc9a7f2fce41ae145c8 P 6f1af300e1d549d6b1cdd8bf3b9aeb9c: No bootstrap required, opened a new log
I0727 04:14:09.384951 51411 ts_tablet_manager.cc:746] T 38dd5558e43a4cc9a7f2fce41ae145c8 P 6f1af300e1d549d6b1cdd8bf3b9aeb9c: Time spent bootstrapping tablet: real 0.001s	user 0.000s	sys 0.000s
I0727 04:14:09.385238 51411 raft_consensus.cc:284] T 38dd5558e43a4cc9a7f2fce41ae145c8 P 6f1af300e1d549d6b1cdd8bf3b9aeb9c [term 0 FOLLOWER]: Replica starting. Triggering 0 pending transactions. Active config: opid_index: -1 OBSOLETE_local: false peers { permanent_uuid: "b497dbd6bd1a4c998891b00d2493a1bb" member_type: VOTER last_known_addr { host: "ip-172-31-12-168" port: 31202 } } peers { permanent_uuid: "3a3c735705964e1badb66c37a66a9096" member_type: VOTER last_known_addr { host: "ip-172-31-12-168" port: 31200 } } peers { permanent_uuid: "6f1af300e1d549d6b1cdd8bf3b9aeb9c" member_type: VOTER last_known_addr { host: "ip-172-31-12-168" port: 31201 } }
I0727 04:14:09.385258 51411 raft_consensus.cc:316] T 38dd5558e43a4cc9a7f2fce41ae145c8 P 6f1af300e1d549d6b1cdd8bf3b9aeb9c [term 0 FOLLOWER]: Consensus starting up: Expiring failure detector timer to make a prompt election more likely
I0727 04:14:09.385268 51411 raft_consensus.cc:560] T 38dd5558e43a4cc9a7f2fce41ae145c8 P 6f1af300e1d549d6b1cdd8bf3b9aeb9c [term 0 FOLLOWER]: Becoming Follower/Learner. State: Replica: 6f1af300e1d549d6b1cdd8bf3b9aeb9c, State: Running, Role: FOLLOWER
I0727 04:14:09.385277 51411 consensus_queue.cc:186] T 38dd5558e43a4cc9a7f2fce41ae145c8 P 6f1af300e1d549d6b1cdd8bf3b9aeb9c [NON_LEADER]: Queue going to NON_LEADER mode. State: All replicated index: 0, Majority replicated index: 0, Committed index: 0, Last appended: 0.0, Last appended by leader: 0, Current term: 0, Majority size: -1, State: 1, Mode: NON_LEADER
I0727 04:14:09.385324 51411 ts_tablet_manager.cc:775] T 38dd5558e43a4cc9a7f2fce41ae145c8 P 6f1af300e1d549d6b1cdd8bf3b9aeb9c: Time spent starting tablet: real 0.000s	user 0.000s	sys 0.000s
I0727 04:14:09.385339 51411 ts_tablet_manager.cc:741] T fb63e650a8d0496786c32252dc667fa0 P 6f1af300e1d549d6b1cdd8bf3b9aeb9c: Bootstrapping tablet
I0727 04:14:09.385344 51411 tablet_bootstrap.cc:406] T fb63e650a8d0496786c32252dc667fa0 P 6f1af300e1d549d6b1cdd8bf3b9aeb9c: Bootstrap starting.
I0727 04:14:09.385479 51411 tablet_bootstrap.cc:547] T fb63e650a8d0496786c32252dc667fa0 P 6f1af300e1d549d6b1cdd8bf3b9aeb9c: No blocks or log segments found. Creating new log.
I0727 04:14:09.385876 51411 tablet_bootstrap.cc:406] T fb63e650a8d0496786c32252dc667fa0 P 6f1af300e1d549d6b1cdd8bf3b9aeb9c: No bootstrap required, opened a new log
I0727 04:14:09.385900 51411 ts_tablet_manager.cc:746] T fb63e650a8d0496786c32252dc667fa0 P 6f1af300e1d549d6b1cdd8bf3b9aeb9c: Time spent bootstrapping tablet: real 0.001s	user 0.000s	sys 0.000s
