I0727 05:16:44.851944 20967 raft_consensus.cc:1763] T 74957ed3f99a473da12b1ed943ebf9ce P 6f1af300e1d549d6b1cdd8bf3b9aeb9c [term 1 LEADER]: Raft consensus shutting down.
I0727 05:16:44.851948 20967 consensus_peers.cc:400] T 74957ed3f99a473da12b1ed943ebf9ce P 6f1af300e1d549d6b1cdd8bf3b9aeb9c -> Peer b497dbd6bd1a4c998891b00d2493a1bb (ip-172-31-12-168:31202): Closing peer: b497dbd6bd1a4c998891b00d2493a1bb
I0727 05:16:44.851951 20969 maintenance_manager.cc:206] P 6f1af300e1d549d6b1cdd8bf3b9aeb9c: Unregistered op LogGCOp(1476ebdecfeb44edb9a3f6f2f1a7c78e)
I0727 05:16:44.851960 20969 raft_consensus.cc:1763] T 1476ebdecfeb44edb9a3f6f2f1a7c78e P 6f1af300e1d549d6b1cdd8bf3b9aeb9c [term 1 FOLLOWER]: Raft consensus shutting down.
I0727 05:16:44.851964 20969 raft_consensus.cc:1778] T 1476ebdecfeb44edb9a3f6f2f1a7c78e P 6f1af300e1d549d6b1cdd8bf3b9aeb9c [term 1 FOLLOWER]: Raft consensus is shut down!
I0727 05:16:44.851953 20967 consensus_peers.cc:400] T 74957ed3f99a473da12b1ed943ebf9ce P 6f1af300e1d549d6b1cdd8bf3b9aeb9c -> Peer 3a3c735705964e1badb66c37a66a9096 (ip-172-31-12-168:31200): Closing peer: 3a3c735705964e1badb66c37a66a9096
I0727 05:16:44.851972 20967 raft_consensus.cc:1778] T 74957ed3f99a473da12b1ed943ebf9ce P 6f1af300e1d549d6b1cdd8bf3b9aeb9c [term 1 LEADER]: Raft consensus is shut down!
I0727 05:16:44.852164 20965 ts_tablet_manager.cc:1030] T 3115375834a4432db48c360b67bcc35b P 6f1af300e1d549d6b1cdd8bf3b9aeb9c: Deleting tablet data with delete state TABLET_DATA_DELETED
I0727 05:16:44.852278 20967 ts_tablet_manager.cc:1030] T 74957ed3f99a473da12b1ed943ebf9ce P 6f1af300e1d549d6b1cdd8bf3b9aeb9c: Deleting tablet data with delete state TABLET_DATA_DELETED
I0727 05:16:44.852289 20969 ts_tablet_manager.cc:1030] T 1476ebdecfeb44edb9a3f6f2f1a7c78e P 6f1af300e1d549d6b1cdd8bf3b9aeb9c: Deleting tablet data with delete state TABLET_DATA_DELETED
I0727 05:16:44.853417 20969 ts_tablet_manager.cc:1042] T 1476ebdecfeb44edb9a3f6f2f1a7c78e P 6f1af300e1d549d6b1cdd8bf3b9aeb9c: Tablet deleted. Last logged OpId: 1.2
I0727 05:16:44.853432 20969 log.cc:974] T 1476ebdecfeb44edb9a3f6f2f1a7c78e P 6f1af300e1d549d6b1cdd8bf3b9aeb9c: Deleting WAL directory at /home/ubuntu/Impala/testdata/cluster/cdh5/node-2/var/lib/kudu/ts/wal/wals/1476ebdecfeb44edb9a3f6f2f1a7c78e
I0727 05:16:44.853498 20969 ts_tablet_manager.cc:1060] T 1476ebdecfeb44edb9a3f6f2f1a7c78e P 6f1af300e1d549d6b1cdd8bf3b9aeb9c: Deleting consensus metadata
I0727 05:16:44.853751 20967 ts_tablet_manager.cc:1042] T 74957ed3f99a473da12b1ed943ebf9ce P 6f1af300e1d549d6b1cdd8bf3b9aeb9c: Tablet deleted. Last logged OpId: 1.2
I0727 05:16:44.853772 20967 log.cc:974] T 74957ed3f99a473da12b1ed943ebf9ce P 6f1af300e1d549d6b1cdd8bf3b9aeb9c: Deleting WAL directory at /home/ubuntu/Impala/testdata/cluster/cdh5/node-2/var/lib/kudu/ts/wal/wals/74957ed3f99a473da12b1ed943ebf9ce
I0727 05:16:44.853821 20965 ts_tablet_manager.cc:1042] T 3115375834a4432db48c360b67bcc35b P 6f1af300e1d549d6b1cdd8bf3b9aeb9c: Tablet deleted. Last logged OpId: 1.2
I0727 05:16:44.853834 20965 log.cc:974] T 3115375834a4432db48c360b67bcc35b P 6f1af300e1d549d6b1cdd8bf3b9aeb9c: Deleting WAL directory at /home/ubuntu/Impala/testdata/cluster/cdh5/node-2/var/lib/kudu/ts/wal/wals/3115375834a4432db48c360b67bcc35b
I0727 05:16:44.855141 20967 ts_tablet_manager.cc:1060] T 74957ed3f99a473da12b1ed943ebf9ce P 6f1af300e1d549d6b1cdd8bf3b9aeb9c: Deleting consensus metadata
I0727 05:16:44.855341 20965 ts_tablet_manager.cc:1060] T 3115375834a4432db48c360b67bcc35b P 6f1af300e1d549d6b1cdd8bf3b9aeb9c: Deleting consensus metadata
I0727 05:16:44.979113 20965 tablet_service.cc:672] Processing CreateTablet for tablet b0814780546a45308e0c5a10a004d44a (table=impala::functional_kudu.dimtbl [id=8fe0656a02d344ad988e2242d8e796f2]), partition=RANGE (id) PARTITION VALUES < 1004
I0727 05:16:44.979122 20967 tablet_service.cc:672] Processing CreateTablet for tablet b9ec8006a9cd49fc8e3bd0e09baac13a (table=impala::functional_kudu.dimtbl [id=8fe0656a02d344ad988e2242d8e796f2]), partition=RANGE (id) PARTITION 1004 <= VALUES < 1008
I0727 05:16:44.979152 20969 tablet_service.cc:672] Processing CreateTablet for tablet 90714e4a775d4f54900d41b7e166ea39 (table=impala::functional_kudu.dimtbl [id=8fe0656a02d344ad988e2242d8e796f2]), partition=RANGE (id) PARTITION VALUES >= 1008
I0727 05:16:44.979696 20965 ts_tablet_manager.cc:871] T b0814780546a45308e0c5a10a004d44a P 6f1af300e1d549d6b1cdd8bf3b9aeb9c: Registered tablet (data state: TABLET_DATA_READY)
I0727 05:16:44.979758 20969 ts_tablet_manager.cc:871] T 90714e4a775d4f54900d41b7e166ea39 P 6f1af300e1d549d6b1cdd8bf3b9aeb9c: Registered tablet (data state: TABLET_DATA_READY)
I0727 05:16:44.979929 20967 ts_tablet_manager.cc:871] T b9ec8006a9cd49fc8e3bd0e09baac13a P 6f1af300e1d549d6b1cdd8bf3b9aeb9c: Registered tablet (data state: TABLET_DATA_READY)
I0727 05:16:44.979940 112117 ts_tablet_manager.cc:741] T b0814780546a45308e0c5a10a004d44a P 6f1af300e1d549d6b1cdd8bf3b9aeb9c: Bootstrapping tablet
I0727 05:16:44.979986 112117 tablet_bootstrap.cc:406] T b0814780546a45308e0c5a10a004d44a P 6f1af300e1d549d6b1cdd8bf3b9aeb9c: Bootstrap starting.
I0727 05:16:44.980177 112117 tablet_bootstrap.cc:547] T b0814780546a45308e0c5a10a004d44a P 6f1af300e1d549d6b1cdd8bf3b9aeb9c: No blocks or log segments found. Creating new log.
I0727 05:16:44.980608 112117 tablet_bootstrap.cc:406] T b0814780546a45308e0c5a10a004d44a P 6f1af300e1d549d6b1cdd8bf3b9aeb9c: No bootstrap required, opened a new log
I0727 05:16:44.980630 112117 ts_tablet_manager.cc:746] T b0814780546a45308e0c5a10a004d44a P 6f1af300e1d549d6b1cdd8bf3b9aeb9c: Time spent bootstrapping tablet: real 0.001s	user 0.000s	sys 0.000s
I0727 05:16:44.980927 112117 raft_consensus.cc:284] T b0814780546a45308e0c5a10a004d44a P 6f1af300e1d549d6b1cdd8bf3b9aeb9c [term 0 FOLLOWER]: Replica starting. Triggering 0 pending transactions. Active config: opid_index: -1 OBSOLETE_local: false peers { permanent_uuid: "3a3c735705964e1badb66c37a66a9096" member_type: VOTER last_known_addr { host: "ip-172-31-12-168" port: 31200 } } peers { permanent_uuid: "b497dbd6bd1a4c998891b00d2493a1bb" member_type: VOTER last_known_addr { host: "ip-172-31-12-168" port: 31202 } } peers { permanent_uuid: "6f1af300e1d549d6b1cdd8bf3b9aeb9c" member_type: VOTER last_known_addr { host: "ip-172-31-12-168" port: 31201 } }
I0727 05:16:44.980948 112117 raft_consensus.cc:316] T b0814780546a45308e0c5a10a004d44a P 6f1af300e1d549d6b1cdd8bf3b9aeb9c [term 0 FOLLOWER]: Consensus starting up: Expiring failure detector timer to make a prompt election more likely
I0727 05:16:44.980953 112117 raft_consensus.cc:560] T b0814780546a45308e0c5a10a004d44a P 6f1af300e1d549d6b1cdd8bf3b9aeb9c [term 0 FOLLOWER]: Becoming Follower/Learner. State: Replica: 6f1af300e1d549d6b1cdd8bf3b9aeb9c, State: Running, Role: FOLLOWER
I0727 05:16:44.980968 112117 consensus_queue.cc:186] T b0814780546a45308e0c5a10a004d44a P 6f1af300e1d549d6b1cdd8bf3b9aeb9c [NON_LEADER]: Queue going to NON_LEADER mode. State: All replicated index: 0, Majority replicated index: 0, Committed index: 0, Last appended: 0.0, Last appended by leader: 0, Current term: 0, Majority size: -1, State: 1, Mode: NON_LEADER
I0727 05:16:44.981029 112117 ts_tablet_manager.cc:775] T b0814780546a45308e0c5a10a004d44a P 6f1af300e1d549d6b1cdd8bf3b9aeb9c: Time spent starting tablet: real 0.000s	user 0.000s	sys 0.000s
I0727 05:16:44.981047 112117 ts_tablet_manager.cc:741] T 90714e4a775d4f54900d41b7e166ea39 P 6f1af300e1d549d6b1cdd8bf3b9aeb9c: Bootstrapping tablet
I0727 05:16:44.981061 112117 tablet_bootstrap.cc:406] T 90714e4a775d4f54900d41b7e166ea39 P 6f1af300e1d549d6b1cdd8bf3b9aeb9c: Bootstrap starting.
I0727 05:16:44.981196 112117 tablet_bootstrap.cc:547] T 90714e4a775d4f54900d41b7e166ea39 P 6f1af300e1d549d6b1cdd8bf3b9aeb9c: No blocks or log segments found. Creating new log.
I0727 05:16:44.981601 112117 tablet_bootstrap.cc:406] T 90714e4a775d4f54900d41b7e166ea39 P 6f1af300e1d549d6b1cdd8bf3b9aeb9c: No bootstrap required, opened a new log
I0727 05:16:44.981622 112117 ts_tablet_manager.cc:746] T 90714e4a775d4f54900d41b7e166ea39 P 6f1af300e1d549d6b1cdd8bf3b9aeb9c: Time spent bootstrapping tablet: real 0.001s	user 0.000s	sys 0.000s
I0727 05:16:44.981904 112117 raft_consensus.cc:284] T 90714e4a775d4f54900d41b7e166ea39 P 6f1af300e1d549d6b1cdd8bf3b9aeb9c [term 0 FOLLOWER]: Replica starting. Triggering 0 pending transactions. Active config: opid_index: -1 OBSOLETE_local: false peers { permanent_uuid: "b497dbd6bd1a4c998891b00d2493a1bb" member_type: VOTER last_known_addr { host: "ip-172-31-12-168" port: 31202 } } peers { permanent_uuid: "6f1af300e1d549d6b1cdd8bf3b9aeb9c" member_type: VOTER last_known_addr { host: "ip-172-31-12-168" port: 31201 } } peers { permanent_uuid: "3a3c735705964e1badb66c37a66a9096" member_type: VOTER last_known_addr { host: "ip-172-31-12-168" port: 31200 } }
I0727 05:16:44.981922 112117 raft_consensus.cc:316] T 90714e4a775d4f54900d41b7e166ea39 P 6f1af300e1d549d6b1cdd8bf3b9aeb9c [term 0 FOLLOWER]: Consensus starting up: Expiring failure detector timer to make a prompt election more likely
I0727 05:16:44.981927 112117 raft_consensus.cc:560] T 90714e4a775d4f54900d41b7e166ea39 P 6f1af300e1d549d6b1cdd8bf3b9aeb9c [term 0 FOLLOWER]: Becoming Follower/Learner. State: Replica: 6f1af300e1d549d6b1cdd8bf3b9aeb9c, State: Running, Role: FOLLOWER
I0727 05:16:44.981935 112117 consensus_queue.cc:186] T 90714e4a775d4f54900d41b7e166ea39 P 6f1af300e1d549d6b1cdd8bf3b9aeb9c [NON_LEADER]: Queue going to NON_LEADER mode. State: All replicated index: 0, Majority replicated index: 0, Committed index: 0, Last appended: 0.0, Last appended by leader: 0, Current term: 0, Majority size: -1, State: 1, Mode: NON_LEADER
I0727 05:16:44.981989 112117 ts_tablet_manager.cc:775] T 90714e4a775d4f54900d41b7e166ea39 P 6f1af300e1d549d6b1cdd8bf3b9aeb9c: Time spent starting tablet: real 0.000s	user 0.000s	sys 0.000s
I0727 05:16:44.982010 112117 ts_tablet_manager.cc:741] T b9ec8006a9cd49fc8e3bd0e09baac13a P 6f1af300e1d549d6b1cdd8bf3b9aeb9c: Bootstrapping tablet
I0727 05:16:44.982018 112117 tablet_bootstrap.cc:406] T b9ec8006a9cd49fc8e3bd0e09baac13a P 6f1af300e1d549d6b1cdd8bf3b9aeb9c: Bootstrap starting.
I0727 05:16:44.982142 112117 tablet_bootstrap.cc:547] T b9ec8006a9cd49fc8e3bd0e09baac13a P 6f1af300e1d549d6b1cdd8bf3b9aeb9c: No blocks or log segments found. Creating new log.
I0727 05:16:44.982537 112117 tablet_bootstrap.cc:406] T b9ec8006a9cd49fc8e3bd0e09baac13a P 6f1af300e1d549d6b1cdd8bf3b9aeb9c: No bootstrap required, opened a new log
I0727 05:16:44.982555 112117 ts_tablet_manager.cc:746] T b9ec8006a9cd49fc8e3bd0e09baac13a P 6f1af300e1d549d6b1cdd8bf3b9aeb9c: Time spent bootstrapping tablet: real 0.001s	user 0.000s	sys 0.000s
I0727 05:16:44.982816 112117 raft_consensus.cc:284] T b9ec8006a9cd49fc8e3bd0e09baac13a P 6f1af300e1d549d6b1cdd8bf3b9aeb9c [term 0 FOLLOWER]: Replica starting. Triggering 0 pending transactions. Active config: opid_index: -1 OBSOLETE_local: false peers { permanent_uuid: "b497dbd6bd1a4c998891b00d2493a1bb" member_type: VOTER last_known_addr { host: "ip-172-31-12-168" port: 31202 } } peers { permanent_uuid: "6f1af300e1d549d6b1cdd8bf3b9aeb9c" member_type: VOTER last_known_addr { host: "ip-172-31-12-168" port: 31201 } } peers { permanent_uuid: "3a3c735705964e1badb66c37a66a9096" member_type: VOTER last_known_addr { host: "ip-172-31-12-168" port: 31200 } }
I0727 05:16:44.982830 112117 raft_consensus.cc:316] T b9ec8006a9cd49fc8e3bd0e09baac13a P 6f1af300e1d549d6b1cdd8bf3b9aeb9c [term 0 FOLLOWER]: Consensus starting up: Expiring failure detector timer to make a prompt election more likely
I0727 05:16:44.982832 112117 raft_consensus.cc:560] T b9ec8006a9cd49fc8e3bd0e09baac13a P 6f1af300e1d549d6b1cdd8bf3b9aeb9c [term 0 FOLLOWER]: Becoming Follower/Learner. State: Replica: 6f1af300e1d549d6b1cdd8bf3b9aeb9c, State: Running, Role: FOLLOWER
I0727 05:16:44.982838 112117 consensus_queue.cc:186] T b9ec8006a9cd49fc8e3bd0e09baac13a P 6f1af300e1d549d6b1cdd8bf3b9aeb9c [NON_LEADER]: Queue going to NON_LEADER mode. State: All replicated index: 0, Majority replicated index: 0, Committed index: 0, Last appended: 0.0, Last appended by leader: 0, Current term: 0, Majority size: -1, State: 1, Mode: NON_LEADER
I0727 05:16:44.982869 112117 ts_tablet_manager.cc:775] T b9ec8006a9cd49fc8e3bd0e09baac13a P 6f1af300e1d549d6b1cdd8bf3b9aeb9c: Time spent starting tablet: real 0.000s	user 0.000s	sys 0.000s
I0727 05:16:44.992854 21008 raft_consensus.cc:2372] T b0814780546a45308e0c5a10a004d44a P 6f1af300e1d549d6b1cdd8bf3b9aeb9c: Snoozing failure detection for election timeout plus an additional 2.209s
I0727 05:16:44.992869 21008 raft_consensus.cc:1943] T b0814780546a45308e0c5a10a004d44a P 6f1af300e1d549d6b1cdd8bf3b9aeb9c [term 0 FOLLOWER]: Leader pre-election vote request: Granting yes vote for candidate b497dbd6bd1a4c998891b00d2493a1bb in term 0.
I0727 05:16:44.993463 21008 raft_consensus.cc:2419] T b0814780546a45308e0c5a10a004d44a P 6f1af300e1d549d6b1cdd8bf3b9aeb9c [term 0 FOLLOWER]: Advancing to term 1
I0727 05:16:44.993479 21008 raft_consensus.cc:2372] T b0814780546a45308e0c5a10a004d44a P 6f1af300e1d549d6b1cdd8bf3b9aeb9c: Snoozing failure detection for election timeout plus an additional 1.586s
I0727 05:16:44.993757 21008 raft_consensus.cc:1943] T b0814780546a45308e0c5a10a004d44a P 6f1af300e1d549d6b1cdd8bf3b9aeb9c [term 1 FOLLOWER]: Leader election vote request: Granting yes vote for candidate b497dbd6bd1a4c998891b00d2493a1bb in term 1.
I0727 05:16:45.273921 21008 raft_consensus.cc:2372] T 90714e4a775d4f54900d41b7e166ea39 P 6f1af300e1d549d6b1cdd8bf3b9aeb9c: Snoozing failure detection for election timeout plus an additional 2.068s
I0727 05:16:45.273936 21008 raft_consensus.cc:1943] T 90714e4a775d4f54900d41b7e166ea39 P 6f1af300e1d549d6b1cdd8bf3b9aeb9c [term 0 FOLLOWER]: Leader pre-election vote request: Granting yes vote for candidate b497dbd6bd1a4c998891b00d2493a1bb in term 0.
I0727 05:16:45.274574 21008 raft_consensus.cc:2419] T 90714e4a775d4f54900d41b7e166ea39 P 6f1af300e1d549d6b1cdd8bf3b9aeb9c [term 0 FOLLOWER]: Advancing to term 1
I0727 05:16:45.274587 21008 raft_consensus.cc:2372] T 90714e4a775d4f54900d41b7e166ea39 P 6f1af300e1d549d6b1cdd8bf3b9aeb9c: Snoozing failure detection for election timeout plus an additional 2.024s
I0727 05:16:45.274837 21008 raft_consensus.cc:1943] T 90714e4a775d4f54900d41b7e166ea39 P 6f1af300e1d549d6b1cdd8bf3b9aeb9c [term 1 FOLLOWER]: Leader election vote request: Granting yes vote for candidate b497dbd6bd1a4c998891b00d2493a1bb in term 1.
I0727 05:16:45.314565 21008 raft_consensus.cc:944] T b0814780546a45308e0c5a10a004d44a P 6f1af300e1d549d6b1cdd8bf3b9aeb9c [term 1 FOLLOWER]: Refusing update from remote peer b497dbd6bd1a4c998891b00d2493a1bb: Log matching property violated. Preceding OpId in replica: term: 0 index: 0. Preceding OpId from leader: term: 1 index: 1. (index mismatch)
I0727 05:16:45.375764 112135 raft_consensus.cc:411] T b9ec8006a9cd49fc8e3bd0e09baac13a P 6f1af300e1d549d6b1cdd8bf3b9aeb9c [term 0 FOLLOWER]: Starting pre-election (no leader contacted us within the election timeout)
I0727 05:16:45.375782 112135 raft_consensus.cc:2372] T b9ec8006a9cd49fc8e3bd0e09baac13a P 6f1af300e1d549d6b1cdd8bf3b9aeb9c: Snoozing failure detection for election timeout plus an additional 1.607s
I0727 05:16:45.375804 112135 raft_consensus.cc:435] T b9ec8006a9cd49fc8e3bd0e09baac13a P 6f1af300e1d549d6b1cdd8bf3b9aeb9c [term 0 FOLLOWER]: Starting pre-election with config: opid_index: -1 OBSOLETE_local: false peers { permanent_uuid: "b497dbd6bd1a4c998891b00d2493a1bb" member_type: VOTER last_known_addr { host: "ip-172-31-12-168" port: 31202 } } peers { permanent_uuid: "6f1af300e1d549d6b1cdd8bf3b9aeb9c" member_type: VOTER last_known_addr { host: "ip-172-31-12-168" port: 31201 } } peers { permanent_uuid: "3a3c735705964e1badb66c37a66a9096" member_type: VOTER last_known_addr { host: "ip-172-31-12-168" port: 31200 } }
I0727 05:16:45.375933 112135 leader_election.cc:217] T b9ec8006a9cd49fc8e3bd0e09baac13a P 6f1af300e1d549d6b1cdd8bf3b9aeb9c [CANDIDATE]: Term 1 pre-election: Requesting pre-vote from peer b497dbd6bd1a4c998891b00d2493a1bb
I0727 05:16:45.375954 112135 leader_election.cc:217] T b9ec8006a9cd49fc8e3bd0e09baac13a P 6f1af300e1d549d6b1cdd8bf3b9aeb9c [CANDIDATE]: Term 1 pre-election: Requesting pre-vote from peer 3a3c735705964e1badb66c37a66a9096
I0727 05:16:45.376093 20829 leader_election.cc:349] T b9ec8006a9cd49fc8e3bd0e09baac13a P 6f1af300e1d549d6b1cdd8bf3b9aeb9c [CANDIDATE]: Term 1 pre-election: Vote granted by peer b497dbd6bd1a4c998891b00d2493a1bb
I0727 05:16:45.376107 20829 leader_election.cc:244] T b9ec8006a9cd49fc8e3bd0e09baac13a P 6f1af300e1d549d6b1cdd8bf3b9aeb9c [CANDIDATE]: Term 1 pre-election: Election decided. Result: candidate won.
I0727 05:16:45.376116 20833 leader_election.cc:349] T b9ec8006a9cd49fc8e3bd0e09baac13a P 6f1af300e1d549d6b1cdd8bf3b9aeb9c [CANDIDATE]: Term 1 pre-election: Vote granted by peer 3a3c735705964e1badb66c37a66a9096
I0727 05:16:45.376132 50009 raft_consensus.cc:2372] T b9ec8006a9cd49fc8e3bd0e09baac13a P 6f1af300e1d549d6b1cdd8bf3b9aeb9c: Snoozing failure detection for election timeout plus an additional 1.999s
I0727 05:16:45.376148 50009 raft_consensus.cc:2176] T b9ec8006a9cd49fc8e3bd0e09baac13a P 6f1af300e1d549d6b1cdd8bf3b9aeb9c [term 0 FOLLOWER]: Leader pre-election won for term 1
I0727 05:16:45.376152 50009 raft_consensus.cc:411] T b9ec8006a9cd49fc8e3bd0e09baac13a P 6f1af300e1d549d6b1cdd8bf3b9aeb9c [term 0 FOLLOWER]: Starting leader election (no leader contacted us within the election timeout)
I0727 05:16:45.376155 50009 raft_consensus.cc:2372] T b9ec8006a9cd49fc8e3bd0e09baac13a P 6f1af300e1d549d6b1cdd8bf3b9aeb9c: Snoozing failure detection for election timeout plus an additional 1.614s
I0727 05:16:45.376163 50009 raft_consensus.cc:2419] T b9ec8006a9cd49fc8e3bd0e09baac13a P 6f1af300e1d549d6b1cdd8bf3b9aeb9c [term 0 FOLLOWER]: Advancing to term 1
I0727 05:16:45.376458 50009 raft_consensus.cc:435] T b9ec8006a9cd49fc8e3bd0e09baac13a P 6f1af300e1d549d6b1cdd8bf3b9aeb9c [term 1 FOLLOWER]: Starting leader election with config: opid_index: -1 OBSOLETE_local: false peers { permanent_uuid: "b497dbd6bd1a4c998891b00d2493a1bb" member_type: VOTER last_known_addr { host: "ip-172-31-12-168" port: 31202 } } peers { permanent_uuid: "6f1af300e1d549d6b1cdd8bf3b9aeb9c" member_type: VOTER last_known_addr { host: "ip-172-31-12-168" port: 31201 } } peers { permanent_uuid: "3a3c735705964e1badb66c37a66a9096" member_type: VOTER last_known_addr { host: "ip-172-31-12-168" port: 31200 } }
I0727 05:16:45.376569 50009 leader_election.cc:217] T b9ec8006a9cd49fc8e3bd0e09baac13a P 6f1af300e1d549d6b1cdd8bf3b9aeb9c [CANDIDATE]: Term 1 election: Requesting vote from peer b497dbd6bd1a4c998891b00d2493a1bb
I0727 05:16:45.376588 50009 leader_election.cc:217] T b9ec8006a9cd49fc8e3bd0e09baac13a P 6f1af300e1d549d6b1cdd8bf3b9aeb9c [CANDIDATE]: Term 1 election: Requesting vote from peer 3a3c735705964e1badb66c37a66a9096
I0727 05:16:45.376942 20833 leader_election.cc:349] T b9ec8006a9cd49fc8e3bd0e09baac13a P 6f1af300e1d549d6b1cdd8bf3b9aeb9c [CANDIDATE]: Term 1 election: Vote granted by peer 3a3c735705964e1badb66c37a66a9096
I0727 05:16:45.376952 20833 leader_election.cc:244] T b9ec8006a9cd49fc8e3bd0e09baac13a P 6f1af300e1d549d6b1cdd8bf3b9aeb9c [CANDIDATE]: Term 1 election: Election decided. Result: candidate won.
I0727 05:16:45.376977 20829 leader_election.cc:349] T b9ec8006a9cd49fc8e3bd0e09baac13a P 6f1af300e1d549d6b1cdd8bf3b9aeb9c [CANDIDATE]: Term 1 election: Vote granted by peer b497dbd6bd1a4c998891b00d2493a1bb
I0727 05:16:45.376982 52237 raft_consensus.cc:2372] T b9ec8006a9cd49fc8e3bd0e09baac13a P 6f1af300e1d549d6b1cdd8bf3b9aeb9c: Snoozing failure detection for election timeout plus an additional 2.050s
I0727 05:16:45.377004 52237 raft_consensus.cc:2176] T b9ec8006a9cd49fc8e3bd0e09baac13a P 6f1af300e1d549d6b1cdd8bf3b9aeb9c [term 1 FOLLOWER]: Leader election won for term 1
I0727 05:16:45.377017 52237 raft_consensus.cc:528] T b9ec8006a9cd49fc8e3bd0e09baac13a P 6f1af300e1d549d6b1cdd8bf3b9aeb9c [term 1 LEADER]: Becoming Leader. State: Replica: 6f1af300e1d549d6b1cdd8bf3b9aeb9c, State: Running, Role: LEADER
I0727 05:16:45.377043 52237 consensus_queue.cc:165] T b9ec8006a9cd49fc8e3bd0e09baac13a P 6f1af300e1d549d6b1cdd8bf3b9aeb9c [LEADER]: Queue going to LEADER mode. State: All replicated index: 0, Majority replicated index: 0, Committed index: 0, Last appended: 0.0, Last appended by leader: 0, Current term: 1, Majority size: 2, State: 1, Mode: LEADER, active raft config: opid_index: -1 OBSOLETE_local: false peers { permanent_uuid: "b497dbd6bd1a4c998891b00d2493a1bb" member_type: VOTER last_known_addr { host: "ip-172-31-12-168" port: 31202 } } peers { permanent_uuid: "6f1af300e1d549d6b1cdd8bf3b9aeb9c" member_type: VOTER last_known_addr { host: "ip-172-31-12-168" port: 31201 } } peers { permanent_uuid: "3a3c735705964e1badb66c37a66a9096" member_type: VOTER last_known_addr { host: "ip-172-31-12-168" port: 31200 } }
I0727 05:16:45.617281 21011 raft_consensus.cc:944] T 90714e4a775d4f54900d41b7e166ea39 P 6f1af300e1d549d6b1cdd8bf3b9aeb9c [term 1 FOLLOWER]: Refusing update from remote peer b497dbd6bd1a4c998891b00d2493a1bb: Log matching property violated. Preceding OpId in replica: term: 0 index: 0. Preceding OpId from leader: term: 1 index: 1. (index mismatch)
I0727 05:16:45.718762 50009 consensus_queue.cc:722] T b9ec8006a9cd49fc8e3bd0e09baac13a P 6f1af300e1d549d6b1cdd8bf3b9aeb9c [LEADER]: Connected to new peer: Peer: 3a3c735705964e1badb66c37a66a9096, Is new: false, Last received: 0.0, Next index: 1, Last known committed idx: 0, Last exchange result: ERROR, Needs tablet copy: false
I0727 05:16:45.719527 50038 consensus_queue.cc:722] T b9ec8006a9cd49fc8e3bd0e09baac13a P 6f1af300e1d549d6b1cdd8bf3b9aeb9c [LEADER]: Connected to new peer: Peer: b497dbd6bd1a4c998891b00d2493a1bb, Is new: false, Last received: 0.0, Next index: 1, Last known committed idx: 0, Last exchange result: ERROR, Needs tablet copy: false
I0727 05:16:52.855326 20967 tablet_service.cc:713] Processing DeleteTablet for tablet 84c0e499f58047638b5c1056283c27f7 with delete_type TABLET_DATA_DELETED (Table deleted at 2017-07-27 05:16:52 UTC) from {username='ubuntu'} at 127.0.0.1:51271
I0727 05:16:52.855337 20969 tablet_service.cc:713] Processing DeleteTablet for tablet c841c520cb804a7b98921ff7b62f3dd2 with delete_type TABLET_DATA_DELETED (Table deleted at 2017-07-27 05:16:52 UTC) from {username='ubuntu'} at 127.0.0.1:51271
I0727 05:16:52.855350 20967 tablet_replica.cc:225] Initiating TabletReplica shutdown for tablet: 84c0e499f58047638b5c1056283c27f7
I0727 05:16:52.855353 20969 tablet_replica.cc:225] Initiating TabletReplica shutdown for tablet: c841c520cb804a7b98921ff7b62f3dd2
I0727 05:16:52.855360 20967 maintenance_manager.cc:206] P 6f1af300e1d549d6b1cdd8bf3b9aeb9c: Unregistered op CompactRowSetsOp(84c0e499f58047638b5c1056283c27f7)
I0727 05:16:52.855365 20969 maintenance_manager.cc:206] P 6f1af300e1d549d6b1cdd8bf3b9aeb9c: Unregistered op CompactRowSetsOp(c841c520cb804a7b98921ff7b62f3dd2)
I0727 05:16:52.855391 20969 maintenance_manager.cc:206] P 6f1af300e1d549d6b1cdd8bf3b9aeb9c: Unregistered op MinorDeltaCompactionOp(c841c520cb804a7b98921ff7b62f3dd2)
I0727 05:16:52.855401 20969 maintenance_manager.cc:206] P 6f1af300e1d549d6b1cdd8bf3b9aeb9c: Unregistered op MajorDeltaCompactionOp(c841c520cb804a7b98921ff7b62f3dd2)
I0727 05:16:52.855412 20969 maintenance_manager.cc:206] P 6f1af300e1d549d6b1cdd8bf3b9aeb9c: Unregistered op UndoDeltaBlockGCOp(c841c520cb804a7b98921ff7b62f3dd2)
I0727 05:16:52.855366 20967 maintenance_manager.cc:206] P 6f1af300e1d549d6b1cdd8bf3b9aeb9c: Unregistered op MinorDeltaCompactionOp(84c0e499f58047638b5c1056283c27f7)
I0727 05:16:52.855417 20969 maintenance_manager.cc:206] P 6f1af300e1d549d6b1cdd8bf3b9aeb9c: Unregistered op FlushMRSOp(c841c520cb804a7b98921ff7b62f3dd2)
I0727 05:16:52.855422 20967 maintenance_manager.cc:206] P 6f1af300e1d549d6b1cdd8bf3b9aeb9c: Unregistered op MajorDeltaCompactionOp(84c0e499f58047638b5c1056283c27f7)
I0727 05:16:52.855432 20967 maintenance_manager.cc:206] P 6f1af300e1d549d6b1cdd8bf3b9aeb9c: Unregistered op UndoDeltaBlockGCOp(84c0e499f58047638b5c1056283c27f7)
I0727 05:16:52.855422 20969 maintenance_manager.cc:206] P 6f1af300e1d549d6b1cdd8bf3b9aeb9c: Unregistered op FlushDeltaMemStoresOp(c841c520cb804a7b98921ff7b62f3dd2)
I0727 05:16:52.855437 20967 maintenance_manager.cc:206] P 6f1af300e1d549d6b1cdd8bf3b9aeb9c: Unregistered op FlushMRSOp(84c0e499f58047638b5c1056283c27f7)
I0727 05:16:52.855437 20965 tablet_service.cc:713] Processing DeleteTablet for tablet 511743a273b44368a0ef3ff1441ab81a with delete_type TABLET_DATA_DELETED (Table deleted at 2017-07-27 05:16:52 UTC) from {username='ubuntu'} at 127.0.0.1:51271
I0727 05:16:52.855445 20969 maintenance_manager.cc:206] P 6f1af300e1d549d6b1cdd8bf3b9aeb9c: Unregistered op LogGCOp(c841c520cb804a7b98921ff7b62f3dd2)
I0727 05:16:52.855451 20965 tablet_replica.cc:225] Initiating TabletReplica shutdown for tablet: 511743a273b44368a0ef3ff1441ab81a
I0727 05:16:52.855458 20967 maintenance_manager.cc:206] P 6f1af300e1d549d6b1cdd8bf3b9aeb9c: Unregistered op FlushDeltaMemStoresOp(84c0e499f58047638b5c1056283c27f7)
I0727 05:16:52.855454 20969 raft_consensus.cc:1763] T c841c520cb804a7b98921ff7b62f3dd2 P 6f1af300e1d549d6b1cdd8bf3b9aeb9c [term 1 FOLLOWER]: Raft consensus shutting down.
I0727 05:16:52.855473 20967 maintenance_manager.cc:206] P 6f1af300e1d549d6b1cdd8bf3b9aeb9c: Unregistered op LogGCOp(84c0e499f58047638b5c1056283c27f7)
I0727 05:16:52.855476 20969 raft_consensus.cc:1778] T c841c520cb804a7b98921ff7b62f3dd2 P 6f1af300e1d549d6b1cdd8bf3b9aeb9c [term 1 FOLLOWER]: Raft consensus is shut down!
I0727 05:16:52.855480 20967 raft_consensus.cc:1763] T 84c0e499f58047638b5c1056283c27f7 P 6f1af300e1d549d6b1cdd8bf3b9aeb9c [term 1 LEADER]: Raft consensus shutting down.
I0727 05:16:52.855485 20967 consensus_peers.cc:400] T 84c0e499f58047638b5c1056283c27f7 P 6f1af300e1d549d6b1cdd8bf3b9aeb9c -> Peer b497dbd6bd1a4c998891b00d2493a1bb (ip-172-31-12-168:31202): Closing peer: b497dbd6bd1a4c998891b00d2493a1bb
I0727 05:16:52.855489 20967 consensus_peers.cc:400] T 84c0e499f58047638b5c1056283c27f7 P 6f1af300e1d549d6b1cdd8bf3b9aeb9c -> Peer 3a3c735705964e1badb66c37a66a9096 (ip-172-31-12-168:31200): Closing peer: 3a3c735705964e1badb66c37a66a9096
I0727 05:16:52.855495 20967 raft_consensus.cc:1778] T 84c0e499f58047638b5c1056283c27f7 P 6f1af300e1d549d6b1cdd8bf3b9aeb9c [term 1 LEADER]: Raft consensus is shut down!
I0727 05:16:52.855495 20965 maintenance_manager.cc:206] P 6f1af300e1d549d6b1cdd8bf3b9aeb9c: Unregistered op CompactRowSetsOp(511743a273b44368a0ef3ff1441ab81a)
I0727 05:16:52.855506 20965 maintenance_manager.cc:206] P 6f1af300e1d549d6b1cdd8bf3b9aeb9c: Unregistered op MinorDeltaCompactionOp(511743a273b44368a0ef3ff1441ab81a)
I0727 05:16:52.855515 20965 maintenance_manager.cc:206] P 6f1af300e1d549d6b1cdd8bf3b9aeb9c: Unregistered op MajorDeltaCompactionOp(511743a273b44368a0ef3ff1441ab81a)
I0727 05:16:52.855520 20965 maintenance_manager.cc:206] P 6f1af300e1d549d6b1cdd8bf3b9aeb9c: Unregistered op UndoDeltaBlockGCOp(511743a273b44368a0ef3ff1441ab81a)
I0727 05:16:52.855528 20965 maintenance_manager.cc:206] P 6f1af300e1d549d6b1cdd8bf3b9aeb9c: Unregistered op FlushMRSOp(511743a273b44368a0ef3ff1441ab81a)
I0727 05:16:52.855532 20965 maintenance_manager.cc:206] P 6f1af300e1d549d6b1cdd8bf3b9aeb9c: Unregistered op FlushDeltaMemStoresOp(511743a273b44368a0ef3ff1441ab81a)
I0727 05:16:52.855537 20965 maintenance_manager.cc:206] P 6f1af300e1d549d6b1cdd8bf3b9aeb9c: Unregistered op LogGCOp(511743a273b44368a0ef3ff1441ab81a)
I0727 05:16:52.855545 20965 raft_consensus.cc:1763] T 511743a273b44368a0ef3ff1441ab81a P 6f1af300e1d549d6b1cdd8bf3b9aeb9c [term 1 FOLLOWER]: Raft consensus shutting down.
I0727 05:16:52.855556 20965 raft_consensus.cc:1778] T 511743a273b44368a0ef3ff1441ab81a P 6f1af300e1d549d6b1cdd8bf3b9aeb9c [term 1 FOLLOWER]: Raft consensus is shut down!
I0727 05:16:52.855741 20969 ts_tablet_manager.cc:1030] T c841c520cb804a7b98921ff7b62f3dd2 P 6f1af300e1d549d6b1cdd8bf3b9aeb9c: Deleting tablet data with delete state TABLET_DATA_DELETED
I0727 05:16:52.855785 20967 ts_tablet_manager.cc:1030] T 84c0e499f58047638b5c1056283c27f7 P 6f1af300e1d549d6b1cdd8bf3b9aeb9c: Deleting tablet data with delete state TABLET_DATA_DELETED
I0727 05:16:52.855829 20965 ts_tablet_manager.cc:1030] T 511743a273b44368a0ef3ff1441ab81a P 6f1af300e1d549d6b1cdd8bf3b9aeb9c: Deleting tablet data with delete state TABLET_DATA_DELETED
I0727 05:16:52.857033 20969 ts_tablet_manager.cc:1042] T c841c520cb804a7b98921ff7b62f3dd2 P 6f1af300e1d549d6b1cdd8bf3b9aeb9c: Tablet deleted. Last logged OpId: 1.2
I0727 05:16:52.857049 20969 log.cc:974] T c841c520cb804a7b98921ff7b62f3dd2 P 6f1af300e1d549d6b1cdd8bf3b9aeb9c: Deleting WAL directory at /home/ubuntu/Impala/testdata/cluster/cdh5/node-2/var/lib/kudu/ts/wal/wals/c841c520cb804a7b98921ff7b62f3dd2
I0727 05:16:52.857194 20965 ts_tablet_manager.cc:1042] T 511743a273b44368a0ef3ff1441ab81a P 6f1af300e1d549d6b1cdd8bf3b9aeb9c: Tablet deleted. Last logged OpId: 1.2
I0727 05:16:52.857210 20965 log.cc:974] T 511743a273b44368a0ef3ff1441ab81a P 6f1af300e1d549d6b1cdd8bf3b9aeb9c: Deleting WAL directory at /home/ubuntu/Impala/testdata/cluster/cdh5/node-2/var/lib/kudu/ts/wal/wals/511743a273b44368a0ef3ff1441ab81a
I0727 05:16:52.857285 20965 ts_tablet_manager.cc:1060] T 511743a273b44368a0ef3ff1441ab81a P 6f1af300e1d549d6b1cdd8bf3b9aeb9c: Deleting consensus metadata
I0727 05:16:52.857702 20967 ts_tablet_manager.cc:1042] T 84c0e499f58047638b5c1056283c27f7 P 6f1af300e1d549d6b1cdd8bf3b9aeb9c: Tablet deleted. Last logged OpId: 1.2
I0727 05:16:52.857717 20967 log.cc:974] T 84c0e499f58047638b5c1056283c27f7 P 6f1af300e1d549d6b1cdd8bf3b9aeb9c: Deleting WAL directory at /home/ubuntu/Impala/testdata/cluster/cdh5/node-2/var/lib/kudu/ts/wal/wals/84c0e499f58047638b5c1056283c27f7
I0727 05:16:52.857781 20967 ts_tablet_manager.cc:1060] T 84c0e499f58047638b5c1056283c27f7 P 6f1af300e1d549d6b1cdd8bf3b9aeb9c: Deleting consensus metadata
I0727 05:16:52.858382 20969 ts_tablet_manager.cc:1060] T c841c520cb804a7b98921ff7b62f3dd2 P 6f1af300e1d549d6b1cdd8bf3b9aeb9c: Deleting consensus metadata
I0727 05:16:52.984441 20965 tablet_service.cc:672] Processing CreateTablet for tablet f038d46bf3e34e8c879089719e8cf16c (table=impala::functional_kudu.jointbl [id=a4429659e98f44c3b3b75cda66433dd0]), partition=RANGE (test_id) PARTITION 1004 <= VALUES < 1008
I0727 05:16:52.984458 20969 tablet_service.cc:672] Processing CreateTablet for tablet 56bddfd7123d47a6a0842b4c7a9f01db (table=impala::functional_kudu.jointbl [id=a4429659e98f44c3b3b75cda66433dd0]), partition=RANGE (test_id) PARTITION VALUES >= 1008
I0727 05:16:52.984447 20967 tablet_service.cc:672] Processing CreateTablet for tablet 71417e923e1e46d199a94903ec361efa (table=impala::functional_kudu.jointbl [id=a4429659e98f44c3b3b75cda66433dd0]), partition=RANGE (test_id) PARTITION VALUES < 1004
I0727 05:16:52.985028 20969 ts_tablet_manager.cc:871] T 56bddfd7123d47a6a0842b4c7a9f01db P 6f1af300e1d549d6b1cdd8bf3b9aeb9c: Registered tablet (data state: TABLET_DATA_READY)
I0727 05:16:52.985044 20965 ts_tablet_manager.cc:871] T f038d46bf3e34e8c879089719e8cf16c P 6f1af300e1d549d6b1cdd8bf3b9aeb9c: Registered tablet (data state: TABLET_DATA_READY)
I0727 05:16:52.985242 20967 ts_tablet_manager.cc:871] T 71417e923e1e46d199a94903ec361efa P 6f1af300e1d549d6b1cdd8bf3b9aeb9c: Registered tablet (data state: TABLET_DATA_READY)
I0727 05:16:52.985276 112160 ts_tablet_manager.cc:741] T 56bddfd7123d47a6a0842b4c7a9f01db P 6f1af300e1d549d6b1cdd8bf3b9aeb9c: Bootstrapping tablet
I0727 05:16:52.985299 112160 tablet_bootstrap.cc:406] T 56bddfd7123d47a6a0842b4c7a9f01db P 6f1af300e1d549d6b1cdd8bf3b9aeb9c: Bootstrap starting.
I0727 05:16:52.985448 112160 tablet_bootstrap.cc:547] T 56bddfd7123d47a6a0842b4c7a9f01db P 6f1af300e1d549d6b1cdd8bf3b9aeb9c: No blocks or log segments found. Creating new log.
I0727 05:16:52.985831 112160 tablet_bootstrap.cc:406] T 56bddfd7123d47a6a0842b4c7a9f01db P 6f1af300e1d549d6b1cdd8bf3b9aeb9c: No bootstrap required, opened a new log
I0727 05:16:52.985851 112160 ts_tablet_manager.cc:746] T 56bddfd7123d47a6a0842b4c7a9f01db P 6f1af300e1d549d6b1cdd8bf3b9aeb9c: Time spent bootstrapping tablet: real 0.001s	user 0.000s	sys 0.000s
I0727 05:16:52.986037 112160 raft_consensus.cc:284] T 56bddfd7123d47a6a0842b4c7a9f01db P 6f1af300e1d549d6b1cdd8bf3b9aeb9c [term 0 FOLLOWER]: Replica starting. Triggering 0 pending transactions. Active config: opid_index: -1 OBSOLETE_local: false peers { permanent_uuid: "b497dbd6bd1a4c998891b00d2493a1bb" member_type: VOTER last_known_addr { host: "ip-172-31-12-168" port: 31202 } } peers { permanent_uuid: "3a3c735705964e1badb66c37a66a9096" member_type: VOTER last_known_addr { host: "ip-172-31-12-168" port: 31200 } } peers { permanent_uuid: "6f1af300e1d549d6b1cdd8bf3b9aeb9c" member_type: VOTER last_known_addr { host: "ip-172-31-12-168" port: 31201 } }
I0727 05:16:52.986055 112160 raft_consensus.cc:316] T 56bddfd7123d47a6a0842b4c7a9f01db P 6f1af300e1d549d6b1cdd8bf3b9aeb9c [term 0 FOLLOWER]: Consensus starting up: Expiring failure detector timer to make a prompt election more likely
I0727 05:16:52.986063 112160 raft_consensus.cc:560] T 56bddfd7123d47a6a0842b4c7a9f01db P 6f1af300e1d549d6b1cdd8bf3b9aeb9c [term 0 FOLLOWER]: Becoming Follower/Learner. State: Replica: 6f1af300e1d549d6b1cdd8bf3b9aeb9c, State: Running, Role: FOLLOWER
I0727 05:16:52.986070 112160 consensus_queue.cc:186] T 56bddfd7123d47a6a0842b4c7a9f01db P 6f1af300e1d549d6b1cdd8bf3b9aeb9c [NON_LEADER]: Queue going to NON_LEADER mode. State: All replicated index: 0, Majority replicated index: 0, Committed index: 0, Last appended: 0.0, Last appended by leader: 0, Current term: 0, Majority size: -1, State: 1, Mode: NON_LEADER
I0727 05:16:52.986124 112160 ts_tablet_manager.cc:775] T 56bddfd7123d47a6a0842b4c7a9f01db P 6f1af300e1d549d6b1cdd8bf3b9aeb9c: Time spent starting tablet: real 0.000s	user 0.000s	sys 0.000s
I0727 05:16:52.986135 112160 ts_tablet_manager.cc:741] T f038d46bf3e34e8c879089719e8cf16c P 6f1af300e1d549d6b1cdd8bf3b9aeb9c: Bootstrapping tablet
I0727 05:16:52.986140 112160 tablet_bootstrap.cc:406] T f038d46bf3e34e8c879089719e8cf16c P 6f1af300e1d549d6b1cdd8bf3b9aeb9c: Bootstrap starting.
I0727 05:16:52.986253 112160 tablet_bootstrap.cc:547] T f038d46bf3e34e8c879089719e8cf16c P 6f1af300e1d549d6b1cdd8bf3b9aeb9c: No blocks or log segments found. Creating new log.
I0727 05:16:52.986614 112160 tablet_bootstrap.cc:406] T f038d46bf3e34e8c879089719e8cf16c P 6f1af300e1d549d6b1cdd8bf3b9aeb9c: No bootstrap required, opened a new log
I0727 05:16:52.986630 112160 ts_tablet_manager.cc:746] T f038d46bf3e34e8c879089719e8cf16c P 6f1af300e1d549d6b1cdd8bf3b9aeb9c: Time spent bootstrapping tablet: real 0.000s	user 0.000s	sys 0.000s
I0727 05:16:52.986902 112160 raft_consensus.cc:284] T f038d46bf3e34e8c879089719e8cf16c P 6f1af300e1d549d6b1cdd8bf3b9aeb9c [term 0 FOLLOWER]: Replica starting. Triggering 0 pending transactions. Active config: opid_index: -1 OBSOLETE_local: false peers { permanent_uuid: "b497dbd6bd1a4c998891b00d2493a1bb" member_type: VOTER last_known_addr { host: "ip-172-31-12-168" port: 31202 } } peers { permanent_uuid: "3a3c735705964e1badb66c37a66a9096" member_type: VOTER last_known_addr { host: "ip-172-31-12-168" port: 31200 } } peers { permanent_uuid: "6f1af300e1d549d6b1cdd8bf3b9aeb9c" member_type: VOTER last_known_addr { host: "ip-172-31-12-168" port: 31201 } }
I0727 05:16:52.986915 112160 raft_consensus.cc:316] T f038d46bf3e34e8c879089719e8cf16c P 6f1af300e1d549d6b1cdd8bf3b9aeb9c [term 0 FOLLOWER]: Consensus starting up: Expiring failure detector timer to make a prompt election more likely
I0727 05:16:52.986918 112160 raft_consensus.cc:560] T f038d46bf3e34e8c879089719e8cf16c P 6f1af300e1d549d6b1cdd8bf3b9aeb9c [term 0 FOLLOWER]: Becoming Follower/Learner. State: Replica: 6f1af300e1d549d6b1cdd8bf3b9aeb9c, State: Running, Role: FOLLOWER
I0727 05:16:52.986928 112160 consensus_queue.cc:186] T f038d46bf3e34e8c879089719e8cf16c P 6f1af300e1d549d6b1cdd8bf3b9aeb9c [NON_LEADER]: Queue going to NON_LEADER mode. State: All replicated index: 0, Majority replicated index: 0, Committed index: 0, Last appended: 0.0, Last appended by leader: 0, Current term: 0, Majority size: -1, State: 1, Mode: NON_LEADER
I0727 05:16:52.986970 112160 ts_tablet_manager.cc:775] T f038d46bf3e34e8c879089719e8cf16c P 6f1af300e1d549d6b1cdd8bf3b9aeb9c: Time spent starting tablet: real 0.000s	user 0.000s	sys 0.000s
I0727 05:16:52.986984 112160 ts_tablet_manager.cc:741] T 71417e923e1e46d199a94903ec361efa P 6f1af300e1d549d6b1cdd8bf3b9aeb9c: Bootstrapping tablet
I0727 05:16:52.986987 112160 tablet_bootstrap.cc:406] T 71417e923e1e46d199a94903ec361efa P 6f1af300e1d549d6b1cdd8bf3b9aeb9c: Bootstrap starting.
I0727 05:16:52.987118 112160 tablet_bootstrap.cc:547] T 71417e923e1e46d199a94903ec361efa P 6f1af300e1d549d6b1cdd8bf3b9aeb9c: No blocks or log segments found. Creating new log.
I0727 05:16:52.987501 112160 tablet_bootstrap.cc:406] T 71417e923e1e46d199a94903ec361efa P 6f1af300e1d549d6b1cdd8bf3b9aeb9c: No bootstrap required, opened a new log
I0727 05:16:52.987517 112160 ts_tablet_manager.cc:746] T 71417e923e1e46d199a94903ec361efa P 6f1af300e1d549d6b1cdd8bf3b9aeb9c: Time spent bootstrapping tablet: real 0.001s	user 0.000s	sys 0.000s
I0727 05:16:52.987764 112160 raft_consensus.cc:284] T 71417e923e1e46d199a94903ec361efa P 6f1af300e1d549d6b1cdd8bf3b9aeb9c [term 0 FOLLOWER]: Replica starting. Triggering 0 pending transactions. Active config: opid_index: -1 OBSOLETE_local: false peers { permanent_uuid: "3a3c735705964e1badb66c37a66a9096" member_type: VOTER last_known_addr { host: "ip-172-31-12-168" port: 31200 } } peers { permanent_uuid: "b497dbd6bd1a4c998891b00d2493a1bb" member_type: VOTER last_known_addr { host: "ip-172-31-12-168" port: 31202 } } peers { permanent_uuid: "6f1af300e1d549d6b1cdd8bf3b9aeb9c" member_type: VOTER last_known_addr { host: "ip-172-31-12-168" port: 31201 } }
I0727 05:16:52.987777 112160 raft_consensus.cc:316] T 71417e923e1e46d199a94903ec361efa P 6f1af300e1d549d6b1cdd8bf3b9aeb9c [term 0 FOLLOWER]: Consensus starting up: Expiring failure detector timer to make a prompt election more likely
I0727 05:16:52.987781 112160 raft_consensus.cc:560] T 71417e923e1e46d199a94903ec361efa P 6f1af300e1d549d6b1cdd8bf3b9aeb9c [term 0 FOLLOWER]: Becoming Follower/Learner. State: Replica: 6f1af300e1d549d6b1cdd8bf3b9aeb9c, State: Running, Role: FOLLOWER
I0727 05:16:52.987785 112160 consensus_queue.cc:186] T 71417e923e1e46d199a94903ec361efa P 6f1af300e1d549d6b1cdd8bf3b9aeb9c [NON_LEADER]: Queue going to NON_LEADER mode. State: All replicated index: 0, Majority replicated index: 0, Committed index: 0, Last appended: 0.0, Last appended by leader: 0, Current term: 0, Majority size: -1, State: 1, Mode: NON_LEADER
I0727 05:16:52.987818 112160 ts_tablet_manager.cc:775] T 71417e923e1e46d199a94903ec361efa P 6f1af300e1d549d6b1cdd8bf3b9aeb9c: Time spent starting tablet: real 0.000s	user 0.000s	sys 0.000s
I0727 05:16:53.012275 21008 raft_consensus.cc:2372] T 71417e923e1e46d199a94903ec361efa P 6f1af300e1d549d6b1cdd8bf3b9aeb9c: Snoozing failure detection for election timeout plus an additional 2.036s
I0727 05:16:53.012290 21008 raft_consensus.cc:1943] T 71417e923e1e46d199a94903ec361efa P 6f1af300e1d549d6b1cdd8bf3b9aeb9c [term 0 FOLLOWER]: Leader pre-election vote request: Granting yes vote for candidate b497dbd6bd1a4c998891b00d2493a1bb in term 0.
I0727 05:16:53.012892 21008 raft_consensus.cc:2419] T 71417e923e1e46d199a94903ec361efa P 6f1af300e1d549d6b1cdd8bf3b9aeb9c [term 0 FOLLOWER]: Advancing to term 1
I0727 05:16:53.012905 21008 raft_consensus.cc:2372] T 71417e923e1e46d199a94903ec361efa P 6f1af300e1d549d6b1cdd8bf3b9aeb9c: Snoozing failure detection for election timeout plus an additional 1.616s
I0727 05:16:53.013170 21008 raft_consensus.cc:1943] T 71417e923e1e46d199a94903ec361efa P 6f1af300e1d549d6b1cdd8bf3b9aeb9c [term 1 FOLLOWER]: Leader election vote request: Granting yes vote for candidate b497dbd6bd1a4c998891b00d2493a1bb in term 1.
I0727 05:16:53.137114 21008 raft_consensus.cc:2372] T f038d46bf3e34e8c879089719e8cf16c P 6f1af300e1d549d6b1cdd8bf3b9aeb9c: Snoozing failure detection for election timeout plus an additional 1.669s
I0727 05:16:53.137126 21008 raft_consensus.cc:1943] T f038d46bf3e34e8c879089719e8cf16c P 6f1af300e1d549d6b1cdd8bf3b9aeb9c [term 0 FOLLOWER]: Leader pre-election vote request: Granting yes vote for candidate 3a3c735705964e1badb66c37a66a9096 in term 0.
I0727 05:16:53.137677 21008 raft_consensus.cc:2419] T f038d46bf3e34e8c879089719e8cf16c P 6f1af300e1d549d6b1cdd8bf3b9aeb9c [term 0 FOLLOWER]: Advancing to term 1
I0727 05:16:53.137689 21008 raft_consensus.cc:2372] T f038d46bf3e34e8c879089719e8cf16c P 6f1af300e1d549d6b1cdd8bf3b9aeb9c: Snoozing failure detection for election timeout plus an additional 2.147s
I0727 05:16:53.137907 21008 raft_consensus.cc:1943] T f038d46bf3e34e8c879089719e8cf16c P 6f1af300e1d549d6b1cdd8bf3b9aeb9c [term 1 FOLLOWER]: Leader election vote request: Granting yes vote for candidate 3a3c735705964e1badb66c37a66a9096 in term 1.
I0727 05:16:53.336592 21008 raft_consensus.cc:944] T 71417e923e1e46d199a94903ec361efa P 6f1af300e1d549d6b1cdd8bf3b9aeb9c [term 1 FOLLOWER]: Refusing update from remote peer b497dbd6bd1a4c998891b00d2493a1bb: Log matching property violated. Preceding OpId in replica: term: 0 index: 0. Preceding OpId from leader: term: 1 index: 1. (index mismatch)
I0727 05:16:53.346062 112164 raft_consensus.cc:411] T 56bddfd7123d47a6a0842b4c7a9f01db P 6f1af300e1d549d6b1cdd8bf3b9aeb9c [term 0 FOLLOWER]: Starting pre-election (no leader contacted us within the election timeout)
I0727 05:16:53.346081 112164 raft_consensus.cc:2372] T 56bddfd7123d47a6a0842b4c7a9f01db P 6f1af300e1d549d6b1cdd8bf3b9aeb9c: Snoozing failure detection for election timeout plus an additional 1.794s
I0727 05:16:53.346107 112164 raft_consensus.cc:435] T 56bddfd7123d47a6a0842b4c7a9f01db P 6f1af300e1d549d6b1cdd8bf3b9aeb9c [term 0 FOLLOWER]: Starting pre-election with config: opid_index: -1 OBSOLETE_local: false peers { permanent_uuid: "b497dbd6bd1a4c998891b00d2493a1bb" member_type: VOTER last_known_addr { host: "ip-172-31-12-168" port: 31202 } } peers { permanent_uuid: "3a3c735705964e1badb66c37a66a9096" member_type: VOTER last_known_addr { host: "ip-172-31-12-168" port: 31200 } } peers { permanent_uuid: "6f1af300e1d549d6b1cdd8bf3b9aeb9c" member_type: VOTER last_known_addr { host: "ip-172-31-12-168" port: 31201 } }
I0727 05:16:53.346237 112164 leader_election.cc:217] T 56bddfd7123d47a6a0842b4c7a9f01db P 6f1af300e1d549d6b1cdd8bf3b9aeb9c [CANDIDATE]: Term 1 pre-election: Requesting pre-vote from peer b497dbd6bd1a4c998891b00d2493a1bb
I0727 05:16:53.346259 112164 leader_election.cc:217] T 56bddfd7123d47a6a0842b4c7a9f01db P 6f1af300e1d549d6b1cdd8bf3b9aeb9c [CANDIDATE]: Term 1 pre-election: Requesting pre-vote from peer 3a3c735705964e1badb66c37a66a9096
I0727 05:16:53.346390 20829 leader_election.cc:349] T 56bddfd7123d47a6a0842b4c7a9f01db P 6f1af300e1d549d6b1cdd8bf3b9aeb9c [CANDIDATE]: Term 1 pre-election: Vote granted by peer b497dbd6bd1a4c998891b00d2493a1bb
I0727 05:16:53.346407 20829 leader_election.cc:244] T 56bddfd7123d47a6a0842b4c7a9f01db P 6f1af300e1d549d6b1cdd8bf3b9aeb9c [CANDIDATE]: Term 1 pre-election: Election decided. Result: candidate won.
I0727 05:16:53.346415 20833 leader_election.cc:349] T 56bddfd7123d47a6a0842b4c7a9f01db P 6f1af300e1d549d6b1cdd8bf3b9aeb9c [CANDIDATE]: Term 1 pre-election: Vote granted by peer 3a3c735705964e1badb66c37a66a9096
I0727 05:16:53.346432 50051 raft_consensus.cc:2372] T 56bddfd7123d47a6a0842b4c7a9f01db P 6f1af300e1d549d6b1cdd8bf3b9aeb9c: Snoozing failure detection for election timeout plus an additional 1.763s
I0727 05:16:53.346446 50051 raft_consensus.cc:2176] T 56bddfd7123d47a6a0842b4c7a9f01db P 6f1af300e1d549d6b1cdd8bf3b9aeb9c [term 0 FOLLOWER]: Leader pre-election won for term 1
I0727 05:16:53.346449 50051 raft_consensus.cc:411] T 56bddfd7123d47a6a0842b4c7a9f01db P 6f1af300e1d549d6b1cdd8bf3b9aeb9c [term 0 FOLLOWER]: Starting leader election (no leader contacted us within the election timeout)
I0727 05:16:53.346457 50051 raft_consensus.cc:2372] T 56bddfd7123d47a6a0842b4c7a9f01db P 6f1af300e1d549d6b1cdd8bf3b9aeb9c: Snoozing failure detection for election timeout plus an additional 1.866s
I0727 05:16:53.346459 50051 raft_consensus.cc:2419] T 56bddfd7123d47a6a0842b4c7a9f01db P 6f1af300e1d549d6b1cdd8bf3b9aeb9c [term 0 FOLLOWER]: Advancing to term 1
I0727 05:16:53.346731 50051 raft_consensus.cc:435] T 56bddfd7123d47a6a0842b4c7a9f01db P 6f1af300e1d549d6b1cdd8bf3b9aeb9c [term 1 FOLLOWER]: Starting leader election with config: opid_index: -1 OBSOLETE_local: false peers { permanent_uuid: "b497dbd6bd1a4c998891b00d2493a1bb" member_type: VOTER last_known_addr { host: "ip-172-31-12-168" port: 31202 } } peers { permanent_uuid: "3a3c735705964e1badb66c37a66a9096" member_type: VOTER last_known_addr { host: "ip-172-31-12-168" port: 31200 } } peers { permanent_uuid: "6f1af300e1d549d6b1cdd8bf3b9aeb9c" member_type: VOTER last_known_addr { host: "ip-172-31-12-168" port: 31201 } }
I0727 05:16:53.346839 50051 leader_election.cc:217] T 56bddfd7123d47a6a0842b4c7a9f01db P 6f1af300e1d549d6b1cdd8bf3b9aeb9c [CANDIDATE]: Term 1 election: Requesting vote from peer b497dbd6bd1a4c998891b00d2493a1bb
I0727 05:16:53.346858 50051 leader_election.cc:217] T 56bddfd7123d47a6a0842b4c7a9f01db P 6f1af300e1d549d6b1cdd8bf3b9aeb9c [CANDIDATE]: Term 1 election: Requesting vote from peer 3a3c735705964e1badb66c37a66a9096
I0727 05:16:53.347218 20829 leader_election.cc:349] T 56bddfd7123d47a6a0842b4c7a9f01db P 6f1af300e1d549d6b1cdd8bf3b9aeb9c [CANDIDATE]: Term 1 election: Vote granted by peer b497dbd6bd1a4c998891b00d2493a1bb
I0727 05:16:53.347229 20829 leader_election.cc:244] T 56bddfd7123d47a6a0842b4c7a9f01db P 6f1af300e1d549d6b1cdd8bf3b9aeb9c [CANDIDATE]: Term 1 election: Election decided. Result: candidate won.
I0727 05:16:53.347239 20833 leader_election.cc:349] T 56bddfd7123d47a6a0842b4c7a9f01db P 6f1af300e1d549d6b1cdd8bf3b9aeb9c [CANDIDATE]: Term 1 election: Vote granted by peer 3a3c735705964e1badb66c37a66a9096
I0727 05:16:53.347254 52237 raft_consensus.cc:2372] T 56bddfd7123d47a6a0842b4c7a9f01db P 6f1af300e1d549d6b1cdd8bf3b9aeb9c: Snoozing failure detection for election timeout plus an additional 1.539s
I0727 05:16:53.347267 52237 raft_consensus.cc:2176] T 56bddfd7123d47a6a0842b4c7a9f01db P 6f1af300e1d549d6b1cdd8bf3b9aeb9c [term 1 FOLLOWER]: Leader election won for term 1
I0727 05:16:53.347280 52237 raft_consensus.cc:528] T 56bddfd7123d47a6a0842b4c7a9f01db P 6f1af300e1d549d6b1cdd8bf3b9aeb9c [term 1 LEADER]: Becoming Leader. State: Replica: 6f1af300e1d549d6b1cdd8bf3b9aeb9c, State: Running, Role: LEADER
I0727 05:16:53.347306 52237 consensus_queue.cc:165] T 56bddfd7123d47a6a0842b4c7a9f01db P 6f1af300e1d549d6b1cdd8bf3b9aeb9c [LEADER]: Queue going to LEADER mode. State: All replicated index: 0, Majority replicated index: 0, Committed index: 0, Last appended: 0.0, Last appended by leader: 0, Current term: 1, Majority size: 2, State: 1, Mode: LEADER, active raft config: opid_index: -1 OBSOLETE_local: false peers { permanent_uuid: "b497dbd6bd1a4c998891b00d2493a1bb" member_type: VOTER last_known_addr { host: "ip-172-31-12-168" port: 31202 } } peers { permanent_uuid: "3a3c735705964e1badb66c37a66a9096" member_type: VOTER last_known_addr { host: "ip-172-31-12-168" port: 31200 } } peers { permanent_uuid: "6f1af300e1d549d6b1cdd8bf3b9aeb9c" member_type: VOTER last_known_addr { host: "ip-172-31-12-168" port: 31201 } }
I0727 05:16:53.398195 21008 raft_consensus.cc:944] T f038d46bf3e34e8c879089719e8cf16c P 6f1af300e1d549d6b1cdd8bf3b9aeb9c [term 1 FOLLOWER]: Refusing update from remote peer 3a3c735705964e1badb66c37a66a9096: Log matching property violated. Preceding OpId in replica: term: 0 index: 0. Preceding OpId from leader: term: 1 index: 1. (index mismatch)
I0727 05:16:53.665637 50051 consensus_queue.cc:722] T 56bddfd7123d47a6a0842b4c7a9f01db P 6f1af300e1d549d6b1cdd8bf3b9aeb9c [LEADER]: Connected to new peer: Peer: b497dbd6bd1a4c998891b00d2493a1bb, Is new: false, Last received: 0.0, Next index: 1, Last known committed idx: 0, Last exchange result: ERROR, Needs tablet copy: false
I0727 05:16:53.666424 50038 consensus_queue.cc:722] T 56bddfd7123d47a6a0842b4c7a9f01db P 6f1af300e1d549d6b1cdd8bf3b9aeb9c [LEADER]: Connected to new peer: Peer: 3a3c735705964e1badb66c37a66a9096, Is new: false, Last received: 0.0, Next index: 1, Last known committed idx: 0, Last exchange result: ERROR, Needs tablet copy: false
I0727 05:17:00.859482 20967 tablet_service.cc:713] Processing DeleteTablet for tablet 38dd5558e43a4cc9a7f2fce41ae145c8 with delete_type TABLET_DATA_DELETED (Table deleted at 2017-07-27 05:17:00 UTC) from {username='ubuntu'} at 127.0.0.1:51271
I0727 05:17:00.859503 20965 tablet_service.cc:713] Processing DeleteTablet for tablet b5a9dd0d9f264acc9cbf55596ef9fe68 with delete_type TABLET_DATA_DELETED (Table deleted at 2017-07-27 05:17:00 UTC) from {username='ubuntu'} at 127.0.0.1:51271
I0727 05:17:00.859508 20967 tablet_replica.cc:225] Initiating TabletReplica shutdown for tablet: 38dd5558e43a4cc9a7f2fce41ae145c8
I0727 05:17:00.859514 20965 tablet_replica.cc:225] Initiating TabletReplica shutdown for tablet: b5a9dd0d9f264acc9cbf55596ef9fe68
I0727 05:17:00.859534 20967 maintenance_manager.cc:206] P 6f1af300e1d549d6b1cdd8bf3b9aeb9c: Unregistered op CompactRowSetsOp(38dd5558e43a4cc9a7f2fce41ae145c8)
I0727 05:17:00.859535 20965 maintenance_manager.cc:206] P 6f1af300e1d549d6b1cdd8bf3b9aeb9c: Unregistered op CompactRowSetsOp(b5a9dd0d9f264acc9cbf55596ef9fe68)
I0727 05:17:00.859551 20967 maintenance_manager.cc:206] P 6f1af300e1d549d6b1cdd8bf3b9aeb9c: Unregistered op MinorDeltaCompactionOp(38dd5558e43a4cc9a7f2fce41ae145c8)
I0727 05:17:00.859562 20965 maintenance_manager.cc:206] P 6f1af300e1d549d6b1cdd8bf3b9aeb9c: Unregistered op MinorDeltaCompactionOp(b5a9dd0d9f264acc9cbf55596ef9fe68)
