I0727 04:39:21.967706 20815 maintenance_manager.cc:435] Time spent running FlushMRSOp(816ca4638119479982af99a501389d05): real 0.002s	user 0.001s	sys 0.000s
I0727 04:39:21.967721 20815 maintenance_manager.cc:441] P 6f1af300e1d549d6b1cdd8bf3b9aeb9c: FlushMRSOp(816ca4638119479982af99a501389d05) metrics: {"cfile_init":1,"compiler_manager_pool.queue_time_us":222,"thread_start_us":208,"threads_started":1}
I0727 04:39:21.967900 20815 maintenance_manager.cc:435] Time spent running UndoDeltaBlockGCOp(816ca4638119479982af99a501389d05): real 0.000s	user 0.000s	sys 0.000s
I0727 04:39:21.967911 20815 maintenance_manager.cc:441] P 6f1af300e1d549d6b1cdd8bf3b9aeb9c: UndoDeltaBlockGCOp(816ca4638119479982af99a501389d05) metrics: {"cfile_init":1}
I0727 04:39:25.972280 20815 tablet.cc:1039] T 9d0262b54ec643239de1d529fe97bff3 P 6f1af300e1d549d6b1cdd8bf3b9aeb9c: Flush: entering stage 1 (old memrowset already frozen for inserts)
I0727 04:39:25.972297 20815 compaction.cc:881] Selected 1 rowsets to compact:
I0727 04:39:25.972299 20815 compaction.cc:884] memrowset(current size on disk: ~0 bytes)
I0727 04:39:25.972301 20815 tablet.cc:1041] T 9d0262b54ec643239de1d529fe97bff3 P 6f1af300e1d549d6b1cdd8bf3b9aeb9c: Memstore in-memory size: 763 bytes
I0727 04:39:25.972306 20815 tablet.cc:1304] T 9d0262b54ec643239de1d529fe97bff3 P 6f1af300e1d549d6b1cdd8bf3b9aeb9c: Flush: entering phase 1 (flushing snapshot). Phase 1 snapshot: MvccSnapshot[committed={T|T < 6148629978532253696 or (T in {6148629978532253696})}]
I0727 04:39:25.972646 20815 multi_column_writer.cc:95] Opened CFile writers for 7 column(s)
I0727 04:39:25.973191 20815 tablet.cc:1389] T 9d0262b54ec643239de1d529fe97bff3 P 6f1af300e1d549d6b1cdd8bf3b9aeb9c: Flush: entering phase 2 (starting to duplicate updates in new rowsets)
I0727 04:39:25.973209 20815 tablet.cc:1444] T 9d0262b54ec643239de1d529fe97bff3 P 6f1af300e1d549d6b1cdd8bf3b9aeb9c: Flush Phase 2: carrying over any updates which arrived during Phase 1
I0727 04:39:25.973213 20815 tablet.cc:1446] T 9d0262b54ec643239de1d529fe97bff3 P 6f1af300e1d549d6b1cdd8bf3b9aeb9c: Phase 2 snapshot: MvccSnapshot[committed={T|T < 6148629978532253696 or (T in {6148629978532253696})}]
I0727 04:39:25.973642 20815 tablet.cc:1488] T 9d0262b54ec643239de1d529fe97bff3 P 6f1af300e1d549d6b1cdd8bf3b9aeb9c: Flush successful on 1 rows (5160 bytes)
I0727 04:39:25.973666 20815 maintenance_manager.cc:435] Time spent running FlushMRSOp(9d0262b54ec643239de1d529fe97bff3): real 0.001s	user 0.000s	sys 0.004s
I0727 04:39:25.973678 20815 maintenance_manager.cc:441] P 6f1af300e1d549d6b1cdd8bf3b9aeb9c: FlushMRSOp(9d0262b54ec643239de1d529fe97bff3) metrics: {"cfile_init":1,"mutex_wait_us":14}
I0727 04:39:25.973832 20815 maintenance_manager.cc:435] Time spent running UndoDeltaBlockGCOp(9d0262b54ec643239de1d529fe97bff3): real 0.000s	user 0.000s	sys 0.000s
I0727 04:39:25.973843 20815 maintenance_manager.cc:441] P 6f1af300e1d549d6b1cdd8bf3b9aeb9c: UndoDeltaBlockGCOp(9d0262b54ec643239de1d529fe97bff3) metrics: {"cfile_init":1}
I0727 04:39:30.478996 20815 tablet.cc:1039] T 9b196d71f9ef4f74800fd3d3104360f5 P 6f1af300e1d549d6b1cdd8bf3b9aeb9c: Flush: entering stage 1 (old memrowset already frozen for inserts)
I0727 04:39:30.479012 20815 compaction.cc:881] Selected 1 rowsets to compact:
I0727 04:39:30.479014 20815 compaction.cc:884] memrowset(current size on disk: ~0 bytes)
I0727 04:39:30.479017 20815 tablet.cc:1041] T 9b196d71f9ef4f74800fd3d3104360f5 P 6f1af300e1d549d6b1cdd8bf3b9aeb9c: Memstore in-memory size: 1019671 bytes
I0727 04:39:30.479022 20815 tablet.cc:1304] T 9b196d71f9ef4f74800fd3d3104360f5 P 6f1af300e1d549d6b1cdd8bf3b9aeb9c: Flush: entering phase 1 (flushing snapshot). Phase 1 snapshot: MvccSnapshot[committed={T|T < 6148629996705476608 or (T in {6148629996705476608})}]
I0727 04:39:30.479578 20815 multi_column_writer.cc:95] Opened CFile writers for 5 column(s)
I0727 04:39:30.486850 20815 tablet.cc:1389] T 9b196d71f9ef4f74800fd3d3104360f5 P 6f1af300e1d549d6b1cdd8bf3b9aeb9c: Flush: entering phase 2 (starting to duplicate updates in new rowsets)
I0727 04:39:30.486876 20815 tablet.cc:1444] T 9b196d71f9ef4f74800fd3d3104360f5 P 6f1af300e1d549d6b1cdd8bf3b9aeb9c: Flush Phase 2: carrying over any updates which arrived during Phase 1
I0727 04:39:30.486889 20815 tablet.cc:1446] T 9b196d71f9ef4f74800fd3d3104360f5 P 6f1af300e1d549d6b1cdd8bf3b9aeb9c: Phase 2 snapshot: MvccSnapshot[committed={T|T < 6148629996705476608 or (T in {6148629996705476608})}]
I0727 04:39:30.487942 20815 tablet.cc:1488] T 9b196d71f9ef4f74800fd3d3104360f5 P 6f1af300e1d549d6b1cdd8bf3b9aeb9c: Flush successful on 4065 rows (209257 bytes)
I0727 04:39:30.487982 20815 maintenance_manager.cc:435] Time spent running FlushMRSOp(9b196d71f9ef4f74800fd3d3104360f5): real 0.009s	user 0.006s	sys 0.000s
I0727 04:39:30.488005 20815 maintenance_manager.cc:441] P 6f1af300e1d549d6b1cdd8bf3b9aeb9c: FlushMRSOp(9b196d71f9ef4f74800fd3d3104360f5) metrics: {"cfile_init":1,"compiler_manager_pool.queue_time_us":234,"tcmalloc_contention_cycles":1280,"thread_start_us":217,"threads_started":1}
I0727 04:39:30.488250 20815 maintenance_manager.cc:435] Time spent running UndoDeltaBlockGCOp(9b196d71f9ef4f74800fd3d3104360f5): real 0.000s	user 0.000s	sys 0.000s
I0727 04:39:30.488268 20815 maintenance_manager.cc:441] P 6f1af300e1d549d6b1cdd8bf3b9aeb9c: UndoDeltaBlockGCOp(9b196d71f9ef4f74800fd3d3104360f5) metrics: {"cfile_init":1}
I0727 04:39:30.488401 20815 tablet.cc:1039] T e4c69bec998e4ad192d30fe28d2eae7c P 6f1af300e1d549d6b1cdd8bf3b9aeb9c: Flush: entering stage 1 (old memrowset already frozen for inserts)
I0727 04:39:30.488414 20815 compaction.cc:881] Selected 1 rowsets to compact:
I0727 04:39:30.488418 20815 compaction.cc:884] memrowset(current size on disk: ~0 bytes)
I0727 04:39:30.488426 20815 tablet.cc:1041] T e4c69bec998e4ad192d30fe28d2eae7c P 6f1af300e1d549d6b1cdd8bf3b9aeb9c: Memstore in-memory size: 2039575 bytes
I0727 04:39:30.488431 20815 tablet.cc:1304] T e4c69bec998e4ad192d30fe28d2eae7c P 6f1af300e1d549d6b1cdd8bf3b9aeb9c: Flush: entering phase 1 (flushing snapshot). Phase 1 snapshot: MvccSnapshot[committed={T|T < 6148629996763074560 or (T in {6148629996763074560})}]
I0727 04:39:30.488739 20815 multi_column_writer.cc:95] Opened CFile writers for 5 column(s)
I0727 04:39:30.500815 20815 tablet.cc:1389] T e4c69bec998e4ad192d30fe28d2eae7c P 6f1af300e1d549d6b1cdd8bf3b9aeb9c: Flush: entering phase 2 (starting to duplicate updates in new rowsets)
I0727 04:39:30.500845 20815 tablet.cc:1444] T e4c69bec998e4ad192d30fe28d2eae7c P 6f1af300e1d549d6b1cdd8bf3b9aeb9c: Flush Phase 2: carrying over any updates which arrived during Phase 1
I0727 04:39:30.500857 20815 tablet.cc:1446] T e4c69bec998e4ad192d30fe28d2eae7c P 6f1af300e1d549d6b1cdd8bf3b9aeb9c: Phase 2 snapshot: MvccSnapshot[committed={T|T < 6148629996763074560 or (T in {6148629996763074560})}]
I0727 04:39:30.502341 20815 tablet.cc:1488] T e4c69bec998e4ad192d30fe28d2eae7c P 6f1af300e1d549d6b1cdd8bf3b9aeb9c: Flush successful on 7235 rows (374357 bytes)
I0727 04:39:30.502388 20815 maintenance_manager.cc:435] Time spent running FlushMRSOp(e4c69bec998e4ad192d30fe28d2eae7c): real 0.014s	user 0.009s	sys 0.005s
I0727 04:39:30.502405 20815 maintenance_manager.cc:441] P 6f1af300e1d549d6b1cdd8bf3b9aeb9c: FlushMRSOp(e4c69bec998e4ad192d30fe28d2eae7c) metrics: {"cfile_init":1}
I0727 04:39:30.502660 20815 maintenance_manager.cc:435] Time spent running UndoDeltaBlockGCOp(e4c69bec998e4ad192d30fe28d2eae7c): real 0.000s	user 0.000s	sys 0.000s
I0727 04:39:30.502679 20815 maintenance_manager.cc:441] P 6f1af300e1d549d6b1cdd8bf3b9aeb9c: UndoDeltaBlockGCOp(e4c69bec998e4ad192d30fe28d2eae7c) metrics: {"cfile_init":1}
I0727 04:39:30.502812 20815 tablet.cc:1039] T 617ae0d6c4a1487a900ea97b75c75acf P 6f1af300e1d549d6b1cdd8bf3b9aeb9c: Flush: entering stage 1 (old memrowset already frozen for inserts)
I0727 04:39:30.502825 20815 compaction.cc:881] Selected 1 rowsets to compact:
I0727 04:39:30.502827 20815 compaction.cc:884] memrowset(current size on disk: ~0 bytes)
I0727 04:39:30.502830 20815 tablet.cc:1041] T 617ae0d6c4a1487a900ea97b75c75acf P 6f1af300e1d549d6b1cdd8bf3b9aeb9c: Memstore in-memory size: 8158999 bytes
I0727 04:39:30.502841 20815 tablet.cc:1304] T 617ae0d6c4a1487a900ea97b75c75acf P 6f1af300e1d549d6b1cdd8bf3b9aeb9c: Flush: entering phase 1 (flushing snapshot). Phase 1 snapshot: MvccSnapshot[committed={T|T < 6148629996968906752 or (T in {6148629996968906752})}]
I0727 04:39:30.503141 20815 multi_column_writer.cc:95] Opened CFile writers for 5 column(s)
I0727 04:39:30.535509 20815 tablet.cc:1389] T 617ae0d6c4a1487a900ea97b75c75acf P 6f1af300e1d549d6b1cdd8bf3b9aeb9c: Flush: entering phase 2 (starting to duplicate updates in new rowsets)
I0727 04:39:30.535540 20815 tablet.cc:1444] T 617ae0d6c4a1487a900ea97b75c75acf P 6f1af300e1d549d6b1cdd8bf3b9aeb9c: Flush Phase 2: carrying over any updates which arrived during Phase 1
I0727 04:39:30.535547 20815 tablet.cc:1446] T 617ae0d6c4a1487a900ea97b75c75acf P 6f1af300e1d549d6b1cdd8bf3b9aeb9c: Phase 2 snapshot: MvccSnapshot[committed={T|T < 6148629996968906752 or (T in {6148629996968906752})}]
I0727 04:39:30.539046 20815 tablet.cc:1488] T 617ae0d6c4a1487a900ea97b75c75acf P 6f1af300e1d549d6b1cdd8bf3b9aeb9c: Flush successful on 21604 rows (1124825 bytes)
I0727 04:39:30.539122 20815 maintenance_manager.cc:435] Time spent running FlushMRSOp(617ae0d6c4a1487a900ea97b75c75acf): real 0.036s	user 0.037s	sys 0.000s
I0727 04:39:30.539141 20815 maintenance_manager.cc:441] P 6f1af300e1d549d6b1cdd8bf3b9aeb9c: FlushMRSOp(617ae0d6c4a1487a900ea97b75c75acf) metrics: {"cfile_init":1}
I0727 04:39:30.539455 20815 maintenance_manager.cc:435] Time spent running UndoDeltaBlockGCOp(617ae0d6c4a1487a900ea97b75c75acf): real 0.000s	user 0.000s	sys 0.000s
I0727 04:39:30.539474 20815 maintenance_manager.cc:441] P 6f1af300e1d549d6b1cdd8bf3b9aeb9c: UndoDeltaBlockGCOp(617ae0d6c4a1487a900ea97b75c75acf) metrics: {"cfile_init":1}
I0727 04:39:30.539602 20815 tablet.cc:1039] T e0031f8664294f61b6c184c192330960 P 6f1af300e1d549d6b1cdd8bf3b9aeb9c: Flush: entering stage 1 (old memrowset already frozen for inserts)
I0727 04:39:30.539613 20815 compaction.cc:881] Selected 1 rowsets to compact:
I0727 04:39:30.539615 20815 compaction.cc:884] memrowset(current size on disk: ~0 bytes)
I0727 04:39:30.539618 20815 tablet.cc:1041] T e0031f8664294f61b6c184c192330960 P 6f1af300e1d549d6b1cdd8bf3b9aeb9c: Memstore in-memory size: 63511 bytes
I0727 04:39:30.539625 20815 tablet.cc:1304] T e0031f8664294f61b6c184c192330960 P 6f1af300e1d549d6b1cdd8bf3b9aeb9c: Flush: entering phase 1 (flushing snapshot). Phase 1 snapshot: MvccSnapshot[committed={T|T < 6148629996906835968 or (T in {6148629996906835968})}]
I0727 04:39:30.539908 20815 multi_column_writer.cc:95] Opened CFile writers for 5 column(s)
I0727 04:39:30.541033 20815 tablet.cc:1389] T e0031f8664294f61b6c184c192330960 P 6f1af300e1d549d6b1cdd8bf3b9aeb9c: Flush: entering phase 2 (starting to duplicate updates in new rowsets)
I0727 04:39:30.541057 20815 tablet.cc:1444] T e0031f8664294f61b6c184c192330960 P 6f1af300e1d549d6b1cdd8bf3b9aeb9c: Flush Phase 2: carrying over any updates which arrived during Phase 1
I0727 04:39:30.541069 20815 tablet.cc:1446] T e0031f8664294f61b6c184c192330960 P 6f1af300e1d549d6b1cdd8bf3b9aeb9c: Phase 2 snapshot: MvccSnapshot[committed={T|T < 6148629996906835968 or (T in {6148629996906835968})}]
I0727 04:39:30.541584 20815 tablet.cc:1488] T e0031f8664294f61b6c184c192330960 P 6f1af300e1d549d6b1cdd8bf3b9aeb9c: Flush successful on 274 rows (18272 bytes)
I0727 04:39:30.541618 20815 maintenance_manager.cc:435] Time spent running FlushMRSOp(e0031f8664294f61b6c184c192330960): real 0.002s	user 0.002s	sys 0.000s
I0727 04:39:30.541637 20815 maintenance_manager.cc:441] P 6f1af300e1d549d6b1cdd8bf3b9aeb9c: FlushMRSOp(e0031f8664294f61b6c184c192330960) metrics: {"cfile_init":1,"tcmalloc_contention_cycles":1152}
I0727 04:39:30.541805 20815 maintenance_manager.cc:435] Time spent running UndoDeltaBlockGCOp(e0031f8664294f61b6c184c192330960): real 0.000s	user 0.000s	sys 0.000s
I0727 04:39:30.541822 20815 maintenance_manager.cc:441] P 6f1af300e1d549d6b1cdd8bf3b9aeb9c: UndoDeltaBlockGCOp(e0031f8664294f61b6c184c192330960) metrics: {"cfile_init":1}
I0727 04:53:46.170842 20815 maintenance_manager.cc:435] Time spent running UndoDeltaBlockGCOp(931932129eb54fa78c24510953c33c9f): real 0.001s	user 0.001s	sys 0.000s
I0727 04:53:46.170866 20815 maintenance_manager.cc:441] P 6f1af300e1d549d6b1cdd8bf3b9aeb9c: UndoDeltaBlockGCOp(931932129eb54fa78c24510953c33c9f) metrics: {"thread_start_us":193,"threads_started":1,"wal-append.queue_time_us":208}
I0727 04:53:46.171480 20815 maintenance_manager.cc:435] Time spent running UndoDeltaBlockGCOp(52c30aa55acd4591bf12af03be25375a): real 0.000s	user 0.000s	sys 0.000s
I0727 04:53:46.171504 20815 maintenance_manager.cc:441] P 6f1af300e1d549d6b1cdd8bf3b9aeb9c: UndoDeltaBlockGCOp(52c30aa55acd4591bf12af03be25375a) metrics: {"thread_start_us":187,"threads_started":1,"wal-append.queue_time_us":201}
I0727 04:53:46.172083 20815 maintenance_manager.cc:435] Time spent running UndoDeltaBlockGCOp(9622d8ddb3364c4886dd836776cb771d): real 0.000s	user 0.000s	sys 0.000s
I0727 04:53:46.172099 20815 maintenance_manager.cc:441] P 6f1af300e1d549d6b1cdd8bf3b9aeb9c: UndoDeltaBlockGCOp(9622d8ddb3364c4886dd836776cb771d) metrics: {"thread_start_us":187,"threads_started":1,"wal-append.queue_time_us":201}
I0727 04:53:49.926703 20815 maintenance_manager.cc:435] Time spent running UndoDeltaBlockGCOp(899c81b2b53446e58c5dcdd5bf72ac7c): real 0.001s	user 0.000s	sys 0.000s
I0727 04:53:49.926723 20815 maintenance_manager.cc:441] P 6f1af300e1d549d6b1cdd8bf3b9aeb9c: UndoDeltaBlockGCOp(899c81b2b53446e58c5dcdd5bf72ac7c) metrics: {"thread_start_us":192,"threads_started":1,"wal-append.queue_time_us":207}
I0727 04:53:49.930725 20815 maintenance_manager.cc:435] Time spent running UndoDeltaBlockGCOp(e9ab0e6c66ee4ceb968f7bdeee721e3e): real 0.004s	user 0.000s	sys 0.000s
I0727 04:53:49.930742 20815 maintenance_manager.cc:441] P 6f1af300e1d549d6b1cdd8bf3b9aeb9c: UndoDeltaBlockGCOp(e9ab0e6c66ee4ceb968f7bdeee721e3e) metrics: {"thread_start_us":188,"threads_started":1,"wal-append.queue_time_us":202}
I0727 04:53:49.931335 20815 maintenance_manager.cc:435] Time spent running UndoDeltaBlockGCOp(728bc3b3ad4343088d2c1908ad1fe640): real 0.000s	user 0.001s	sys 0.000s
I0727 04:53:49.931366 20815 maintenance_manager.cc:441] P 6f1af300e1d549d6b1cdd8bf3b9aeb9c: UndoDeltaBlockGCOp(728bc3b3ad4343088d2c1908ad1fe640) metrics: {"thread_start_us":186,"threads_started":1,"wal-append.queue_time_us":201}
I0727 04:53:53.936417 20815 maintenance_manager.cc:435] Time spent running UndoDeltaBlockGCOp(c51d534b33b647f5912d7fed8db5089c): real 0.001s	user 0.000s	sys 0.000s
I0727 04:53:53.936455 20815 maintenance_manager.cc:441] P 6f1af300e1d549d6b1cdd8bf3b9aeb9c: UndoDeltaBlockGCOp(c51d534b33b647f5912d7fed8db5089c) metrics: {"thread_start_us":190,"threads_started":1,"wal-append.queue_time_us":205}
I0727 04:53:53.937048 20815 maintenance_manager.cc:435] Time spent running UndoDeltaBlockGCOp(094cb9f6644d409b97ef2198d461b7f6): real 0.000s	user 0.001s	sys 0.000s
I0727 04:53:53.937064 20815 maintenance_manager.cc:441] P 6f1af300e1d549d6b1cdd8bf3b9aeb9c: UndoDeltaBlockGCOp(094cb9f6644d409b97ef2198d461b7f6) metrics: {"thread_start_us":186,"threads_started":1,"wal-append.queue_time_us":200}
I0727 04:53:53.937643 20815 maintenance_manager.cc:435] Time spent running UndoDeltaBlockGCOp(aec4a02f0cc84b6c9c25787969b67568): real 0.000s	user 0.000s	sys 0.000s
I0727 04:53:53.937659 20815 maintenance_manager.cc:441] P 6f1af300e1d549d6b1cdd8bf3b9aeb9c: UndoDeltaBlockGCOp(aec4a02f0cc84b6c9c25787969b67568) metrics: {"thread_start_us":186,"threads_started":1,"wal-append.queue_time_us":200}
I0727 04:53:58.193220 20815 maintenance_manager.cc:435] Time spent running UndoDeltaBlockGCOp(e14c8f729b4a41fa8134fa1ebaafc3f5): real 0.001s	user 0.000s	sys 0.000s
I0727 04:53:58.193254 20815 maintenance_manager.cc:441] P 6f1af300e1d549d6b1cdd8bf3b9aeb9c: UndoDeltaBlockGCOp(e14c8f729b4a41fa8134fa1ebaafc3f5) metrics: {"thread_start_us":228,"threads_started":1,"wal-append.queue_time_us":251}
I0727 04:53:58.193994 20815 maintenance_manager.cc:435] Time spent running UndoDeltaBlockGCOp(90dbdffd32f042d38aa460318f85bba7): real 0.001s	user 0.000s	sys 0.000s
I0727 04:53:58.194015 20815 maintenance_manager.cc:441] P 6f1af300e1d549d6b1cdd8bf3b9aeb9c: UndoDeltaBlockGCOp(90dbdffd32f042d38aa460318f85bba7) metrics: {"thread_start_us":195,"threads_started":1,"wal-append.queue_time_us":219}
I0727 04:53:58.194854 20815 maintenance_manager.cc:435] Time spent running UndoDeltaBlockGCOp(4c6ae83cb5b74b858a62b4ae0ebed273): real 0.001s	user 0.000s	sys 0.000s
I0727 04:53:58.194880 20815 maintenance_manager.cc:441] P 6f1af300e1d549d6b1cdd8bf3b9aeb9c: UndoDeltaBlockGCOp(4c6ae83cb5b74b858a62b4ae0ebed273) metrics: {"thread_start_us":209,"threads_started":1,"wal-append.queue_time_us":219}
I0727 04:54:01.951788 20815 maintenance_manager.cc:435] Time spent running UndoDeltaBlockGCOp(fc48c1c3567d4e6b83714f1cac215c94): real 0.001s	user 0.001s	sys 0.000s
I0727 04:54:01.951814 20815 maintenance_manager.cc:441] P 6f1af300e1d549d6b1cdd8bf3b9aeb9c: UndoDeltaBlockGCOp(fc48c1c3567d4e6b83714f1cac215c94) metrics: {"thread_start_us":216,"threads_started":1,"wal-append.queue_time_us":239}
I0727 04:54:01.952606 20815 maintenance_manager.cc:435] Time spent running UndoDeltaBlockGCOp(610c38b258c046a58eca1490029a8eaf): real 0.001s	user 0.000s	sys 0.000s
I0727 04:54:01.952625 20815 maintenance_manager.cc:441] P 6f1af300e1d549d6b1cdd8bf3b9aeb9c: UndoDeltaBlockGCOp(610c38b258c046a58eca1490029a8eaf) metrics: {"thread_start_us":200,"threads_started":1,"wal-append.queue_time_us":224}
I0727 04:54:01.953371 20815 maintenance_manager.cc:435] Time spent running UndoDeltaBlockGCOp(bf867b8b6e6e453cab9ce9b7e5171c53): real 0.001s	user 0.001s	sys 0.000s
I0727 04:54:01.953392 20815 maintenance_manager.cc:441] P 6f1af300e1d549d6b1cdd8bf3b9aeb9c: UndoDeltaBlockGCOp(bf867b8b6e6e453cab9ce9b7e5171c53) metrics: {"thread_start_us":200,"threads_started":1,"wal-append.queue_time_us":226}
I0727 04:54:05.960402 20815 maintenance_manager.cc:435] Time spent running UndoDeltaBlockGCOp(1476ebdecfeb44edb9a3f6f2f1a7c78e): real 0.001s	user 0.000s	sys 0.000s
I0727 04:54:05.960441 20815 maintenance_manager.cc:441] P 6f1af300e1d549d6b1cdd8bf3b9aeb9c: UndoDeltaBlockGCOp(1476ebdecfeb44edb9a3f6f2f1a7c78e) metrics: {"thread_start_us":194,"threads_started":1,"wal-append.queue_time_us":207}
I0727 04:54:05.961062 20815 maintenance_manager.cc:435] Time spent running UndoDeltaBlockGCOp(3115375834a4432db48c360b67bcc35b): real 0.000s	user 0.000s	sys 0.000s
I0727 04:54:05.961079 20815 maintenance_manager.cc:441] P 6f1af300e1d549d6b1cdd8bf3b9aeb9c: UndoDeltaBlockGCOp(3115375834a4432db48c360b67bcc35b) metrics: {"thread_start_us":186,"threads_started":1,"wal-append.queue_time_us":200}
I0727 04:54:05.961755 20815 maintenance_manager.cc:435] Time spent running UndoDeltaBlockGCOp(74957ed3f99a473da12b1ed943ebf9ce): real 0.001s	user 0.000s	sys 0.000s
I0727 04:54:05.961772 20815 maintenance_manager.cc:441] P 6f1af300e1d549d6b1cdd8bf3b9aeb9c: UndoDeltaBlockGCOp(74957ed3f99a473da12b1ed943ebf9ce) metrics: {"thread_start_us":188,"threads_started":1,"wal-append.queue_time_us":207}
I0727 04:54:09.968943 20815 maintenance_manager.cc:435] Time spent running UndoDeltaBlockGCOp(511743a273b44368a0ef3ff1441ab81a): real 0.001s	user 0.000s	sys 0.000s
I0727 04:54:09.968968 20815 maintenance_manager.cc:441] P 6f1af300e1d549d6b1cdd8bf3b9aeb9c: UndoDeltaBlockGCOp(511743a273b44368a0ef3ff1441ab81a) metrics: {"thread_start_us":194,"threads_started":1,"wal-append.queue_time_us":210}
I0727 04:54:09.969579 20815 maintenance_manager.cc:435] Time spent running UndoDeltaBlockGCOp(c841c520cb804a7b98921ff7b62f3dd2): real 0.000s	user 0.000s	sys 0.000s
I0727 04:54:09.969597 20815 maintenance_manager.cc:441] P 6f1af300e1d549d6b1cdd8bf3b9aeb9c: UndoDeltaBlockGCOp(c841c520cb804a7b98921ff7b62f3dd2) metrics: {"thread_start_us":191,"threads_started":1,"wal-append.queue_time_us":211}
I0727 04:54:09.970183 20815 maintenance_manager.cc:435] Time spent running UndoDeltaBlockGCOp(84c0e499f58047638b5c1056283c27f7): real 0.000s	user 0.000s	sys 0.000s
I0727 04:54:09.970201 20815 maintenance_manager.cc:441] P 6f1af300e1d549d6b1cdd8bf3b9aeb9c: UndoDeltaBlockGCOp(84c0e499f58047638b5c1056283c27f7) metrics: {"thread_start_us":187,"threads_started":1,"wal-append.queue_time_us":202}
I0727 04:54:13.976768 20815 maintenance_manager.cc:435] Time spent running UndoDeltaBlockGCOp(0c67c5f2899441b39a1e760276612854): real 0.001s	user 0.000s	sys 0.000s
I0727 04:54:13.976795 20815 maintenance_manager.cc:441] P 6f1af300e1d549d6b1cdd8bf3b9aeb9c: UndoDeltaBlockGCOp(0c67c5f2899441b39a1e760276612854) metrics: {"thread_start_us":199,"threads_started":1,"wal-append.queue_time_us":215}
I0727 04:54:13.977404 20815 maintenance_manager.cc:435] Time spent running UndoDeltaBlockGCOp(886a32e4a06a44248b278ff0bdb98509): real 0.000s	user 0.000s	sys 0.000s
I0727 04:54:13.977421 20815 maintenance_manager.cc:441] P 6f1af300e1d549d6b1cdd8bf3b9aeb9c: UndoDeltaBlockGCOp(886a32e4a06a44248b278ff0bdb98509) metrics: {"thread_start_us":188,"threads_started":1,"wal-append.queue_time_us":201}
I0727 04:54:13.978096 20815 maintenance_manager.cc:435] Time spent running UndoDeltaBlockGCOp(f2c9f342aab745f69b7ca7ff294f9a65): real 0.001s	user 0.000s	sys 0.000s
I0727 04:54:13.978113 20815 maintenance_manager.cc:441] P 6f1af300e1d549d6b1cdd8bf3b9aeb9c: UndoDeltaBlockGCOp(f2c9f342aab745f69b7ca7ff294f9a65) metrics: {"thread_start_us":193,"threads_started":1,"wal-append.queue_time_us":209}
I0727 04:54:17.984596 20815 maintenance_manager.cc:435] Time spent running UndoDeltaBlockGCOp(898284ff17af46cd81519d0205e6be79): real 0.001s	user 0.000s	sys 0.000s
I0727 04:54:17.984619 20815 maintenance_manager.cc:441] P 6f1af300e1d549d6b1cdd8bf3b9aeb9c: UndoDeltaBlockGCOp(898284ff17af46cd81519d0205e6be79) metrics: {"thread_start_us":193,"threads_started":1,"wal-append.queue_time_us":210}
I0727 04:54:17.985216 20815 maintenance_manager.cc:435] Time spent running UndoDeltaBlockGCOp(11c1d1569ff640f29edb25102a4acede): real 0.000s	user 0.000s	sys 0.000s
I0727 04:54:17.985232 20815 maintenance_manager.cc:441] P 6f1af300e1d549d6b1cdd8bf3b9aeb9c: UndoDeltaBlockGCOp(11c1d1569ff640f29edb25102a4acede) metrics: {"thread_start_us":186,"threads_started":1,"wal-append.queue_time_us":199}
I0727 04:54:17.985810 20815 maintenance_manager.cc:435] Time spent running UndoDeltaBlockGCOp(2e218299a7544189abcd9528822da88f): real 0.000s	user 0.000s	sys 0.000s
I0727 04:54:17.985826 20815 maintenance_manager.cc:441] P 6f1af300e1d549d6b1cdd8bf3b9aeb9c: UndoDeltaBlockGCOp(2e218299a7544189abcd9528822da88f) metrics: {"thread_start_us":189,"threads_started":1,"wal-append.queue_time_us":207}
I0727 04:54:17.986409 20815 maintenance_manager.cc:435] Time spent running UndoDeltaBlockGCOp(623c6519a7454112b5c9162c3cffd481): real 0.000s	user 0.000s	sys 0.002s
I0727 04:54:17.986425 20815 maintenance_manager.cc:441] P 6f1af300e1d549d6b1cdd8bf3b9aeb9c: UndoDeltaBlockGCOp(623c6519a7454112b5c9162c3cffd481) metrics: {"thread_start_us":186,"threads_started":1,"wal-append.queue_time_us":207}
I0727 04:54:17.987038 20815 maintenance_manager.cc:435] Time spent running UndoDeltaBlockGCOp(359b49dfe7c049c1ad7c5c5ac349950b): real 0.000s	user 0.000s	sys 0.000s
I0727 04:54:17.987053 20815 maintenance_manager.cc:441] P 6f1af300e1d549d6b1cdd8bf3b9aeb9c: UndoDeltaBlockGCOp(359b49dfe7c049c1ad7c5c5ac349950b) metrics: {"thread_start_us":197,"threads_started":1,"wal-append.queue_time_us":213}
I0727 04:54:21.993618 20815 maintenance_manager.cc:435] Time spent running UndoDeltaBlockGCOp(816ca4638119479982af99a501389d05): real 0.001s	user 0.000s	sys 0.000s
I0727 04:54:21.993644 20815 maintenance_manager.cc:441] P 6f1af300e1d549d6b1cdd8bf3b9aeb9c: UndoDeltaBlockGCOp(816ca4638119479982af99a501389d05) metrics: {"thread_start_us":199,"threads_started":1,"wal-append.queue_time_us":213}
I0727 04:54:26.041554 20815 maintenance_manager.cc:435] Time spent running UndoDeltaBlockGCOp(9d0262b54ec643239de1d529fe97bff3): real 0.042s	user 0.000s	sys 0.000s
I0727 04:54:26.041584 20815 maintenance_manager.cc:441] P 6f1af300e1d549d6b1cdd8bf3b9aeb9c: UndoDeltaBlockGCOp(9d0262b54ec643239de1d529fe97bff3) metrics: {"thread_start_us":201,"threads_started":1,"wal-append.queue_time_us":215}
I0727 04:54:30.339556 20815 maintenance_manager.cc:435] Time spent running UndoDeltaBlockGCOp(9b196d71f9ef4f74800fd3d3104360f5): real 0.042s	user 0.000s	sys 0.000s
I0727 04:54:30.339583 20815 maintenance_manager.cc:441] P 6f1af300e1d549d6b1cdd8bf3b9aeb9c: UndoDeltaBlockGCOp(9b196d71f9ef4f74800fd3d3104360f5) metrics: {"thread_start_us":198,"threads_started":1,"wal-append.queue_time_us":214}
I0727 04:54:30.340224 20815 maintenance_manager.cc:435] Time spent running UndoDeltaBlockGCOp(e4c69bec998e4ad192d30fe28d2eae7c): real 0.001s	user 0.000s	sys 0.000s
I0727 04:54:30.340240 20815 maintenance_manager.cc:441] P 6f1af300e1d549d6b1cdd8bf3b9aeb9c: UndoDeltaBlockGCOp(e4c69bec998e4ad192d30fe28d2eae7c) metrics: {"thread_start_us":189,"threads_started":1,"wal-append.queue_time_us":203}
I0727 04:54:30.340821 20815 maintenance_manager.cc:435] Time spent running UndoDeltaBlockGCOp(e0031f8664294f61b6c184c192330960): real 0.000s	user 0.000s	sys 0.000s
I0727 04:54:30.340837 20815 maintenance_manager.cc:441] P 6f1af300e1d549d6b1cdd8bf3b9aeb9c: UndoDeltaBlockGCOp(e0031f8664294f61b6c184c192330960) metrics: {"thread_start_us":184,"threads_started":1,"wal-append.queue_time_us":198}
I0727 04:54:30.591893 20815 maintenance_manager.cc:435] Time spent running UndoDeltaBlockGCOp(617ae0d6c4a1487a900ea97b75c75acf): real 0.001s	user 0.000s	sys 0.000s
I0727 04:54:30.591915 20815 maintenance_manager.cc:441] P 6f1af300e1d549d6b1cdd8bf3b9aeb9c: UndoDeltaBlockGCOp(617ae0d6c4a1487a900ea97b75c75acf) metrics: {"thread_start_us":190,"threads_started":1,"wal-append.queue_time_us":206}
I0727 05:15:48.837512 20965 tablet_service.cc:713] Processing DeleteTablet for tablet 52c30aa55acd4591bf12af03be25375a with delete_type TABLET_DATA_DELETED (Table deleted at 2017-07-27 05:15:48 UTC) from {username='ubuntu'} at 127.0.0.1:51271
I0727 05:15:48.837512 20969 tablet_service.cc:713] Processing DeleteTablet for tablet 9622d8ddb3364c4886dd836776cb771d with delete_type TABLET_DATA_DELETED (Table deleted at 2017-07-27 05:15:48 UTC) from {username='ubuntu'} at 127.0.0.1:51271
I0727 05:15:48.837510 20967 tablet_service.cc:713] Processing DeleteTablet for tablet 931932129eb54fa78c24510953c33c9f with delete_type TABLET_DATA_DELETED (Table deleted at 2017-07-27 05:15:48 UTC) from {username='ubuntu'} at 127.0.0.1:51271
I0727 05:15:48.837543 20965 tablet_replica.cc:225] Initiating TabletReplica shutdown for tablet: 52c30aa55acd4591bf12af03be25375a
I0727 05:15:48.837546 20969 tablet_replica.cc:225] Initiating TabletReplica shutdown for tablet: 9622d8ddb3364c4886dd836776cb771d
I0727 05:15:48.837548 20967 tablet_replica.cc:225] Initiating TabletReplica shutdown for tablet: 931932129eb54fa78c24510953c33c9f
I0727 05:15:48.837551 20965 maintenance_manager.cc:206] P 6f1af300e1d549d6b1cdd8bf3b9aeb9c: Unregistered op CompactRowSetsOp(52c30aa55acd4591bf12af03be25375a)
I0727 05:15:48.837597 20965 maintenance_manager.cc:206] P 6f1af300e1d549d6b1cdd8bf3b9aeb9c: Unregistered op MinorDeltaCompactionOp(52c30aa55acd4591bf12af03be25375a)
I0727 05:15:48.837612 20965 maintenance_manager.cc:206] P 6f1af300e1d549d6b1cdd8bf3b9aeb9c: Unregistered op MajorDeltaCompactionOp(52c30aa55acd4591bf12af03be25375a)
I0727 05:15:48.837584 20967 maintenance_manager.cc:206] P 6f1af300e1d549d6b1cdd8bf3b9aeb9c: Unregistered op CompactRowSetsOp(931932129eb54fa78c24510953c33c9f)
I0727 05:15:48.837568 20969 maintenance_manager.cc:206] P 6f1af300e1d549d6b1cdd8bf3b9aeb9c: Unregistered op CompactRowSetsOp(9622d8ddb3364c4886dd836776cb771d)
I0727 05:15:48.837635 20967 maintenance_manager.cc:206] P 6f1af300e1d549d6b1cdd8bf3b9aeb9c: Unregistered op MinorDeltaCompactionOp(931932129eb54fa78c24510953c33c9f)
I0727 05:15:48.837627 20965 maintenance_manager.cc:206] P 6f1af300e1d549d6b1cdd8bf3b9aeb9c: Unregistered op UndoDeltaBlockGCOp(52c30aa55acd4591bf12af03be25375a)
I0727 05:15:48.837651 20969 maintenance_manager.cc:206] P 6f1af300e1d549d6b1cdd8bf3b9aeb9c: Unregistered op MinorDeltaCompactionOp(9622d8ddb3364c4886dd836776cb771d)
I0727 05:15:48.837656 20967 maintenance_manager.cc:206] P 6f1af300e1d549d6b1cdd8bf3b9aeb9c: Unregistered op MajorDeltaCompactionOp(931932129eb54fa78c24510953c33c9f)
I0727 05:15:48.837661 20967 maintenance_manager.cc:206] P 6f1af300e1d549d6b1cdd8bf3b9aeb9c: Unregistered op UndoDeltaBlockGCOp(931932129eb54fa78c24510953c33c9f)
I0727 05:15:48.837669 20969 maintenance_manager.cc:206] P 6f1af300e1d549d6b1cdd8bf3b9aeb9c: Unregistered op MajorDeltaCompactionOp(9622d8ddb3364c4886dd836776cb771d)
I0727 05:15:48.837671 20967 maintenance_manager.cc:206] P 6f1af300e1d549d6b1cdd8bf3b9aeb9c: Unregistered op FlushMRSOp(931932129eb54fa78c24510953c33c9f)
I0727 05:15:48.837678 20969 maintenance_manager.cc:206] P 6f1af300e1d549d6b1cdd8bf3b9aeb9c: Unregistered op UndoDeltaBlockGCOp(9622d8ddb3364c4886dd836776cb771d)
I0727 05:15:48.837687 20967 maintenance_manager.cc:206] P 6f1af300e1d549d6b1cdd8bf3b9aeb9c: Unregistered op FlushDeltaMemStoresOp(931932129eb54fa78c24510953c33c9f)
I0727 05:15:48.837692 20969 maintenance_manager.cc:206] P 6f1af300e1d549d6b1cdd8bf3b9aeb9c: Unregistered op FlushMRSOp(9622d8ddb3364c4886dd836776cb771d)
I0727 05:15:48.837709 20969 maintenance_manager.cc:206] P 6f1af300e1d549d6b1cdd8bf3b9aeb9c: Unregistered op FlushDeltaMemStoresOp(9622d8ddb3364c4886dd836776cb771d)
I0727 05:15:48.837726 20969 maintenance_manager.cc:206] P 6f1af300e1d549d6b1cdd8bf3b9aeb9c: Unregistered op LogGCOp(9622d8ddb3364c4886dd836776cb771d)
I0727 05:15:48.837694 20965 maintenance_manager.cc:206] P 6f1af300e1d549d6b1cdd8bf3b9aeb9c: Unregistered op FlushMRSOp(52c30aa55acd4591bf12af03be25375a)
I0727 05:15:48.837756 20965 maintenance_manager.cc:206] P 6f1af300e1d549d6b1cdd8bf3b9aeb9c: Unregistered op FlushDeltaMemStoresOp(52c30aa55acd4591bf12af03be25375a)
I0727 05:15:48.837769 20965 maintenance_manager.cc:206] P 6f1af300e1d549d6b1cdd8bf3b9aeb9c: Unregistered op LogGCOp(52c30aa55acd4591bf12af03be25375a)
I0727 05:15:48.837746 20969 raft_consensus.cc:1763] T 9622d8ddb3364c4886dd836776cb771d P 6f1af300e1d549d6b1cdd8bf3b9aeb9c [term 1 FOLLOWER]: Raft consensus shutting down.
I0727 05:15:48.837777 20965 raft_consensus.cc:1763] T 52c30aa55acd4591bf12af03be25375a P 6f1af300e1d549d6b1cdd8bf3b9aeb9c [term 1 FOLLOWER]: Raft consensus shutting down.
I0727 05:15:48.837697 20967 maintenance_manager.cc:206] P 6f1af300e1d549d6b1cdd8bf3b9aeb9c: Unregistered op LogGCOp(931932129eb54fa78c24510953c33c9f)
I0727 05:15:48.837788 20967 raft_consensus.cc:1763] T 931932129eb54fa78c24510953c33c9f P 6f1af300e1d549d6b1cdd8bf3b9aeb9c [term 1 FOLLOWER]: Raft consensus shutting down.
I0727 05:15:48.838207 20969 raft_consensus.cc:1778] T 9622d8ddb3364c4886dd836776cb771d P 6f1af300e1d549d6b1cdd8bf3b9aeb9c [term 1 FOLLOWER]: Raft consensus is shut down!
I0727 05:15:48.838208 20965 raft_consensus.cc:1778] T 52c30aa55acd4591bf12af03be25375a P 6f1af300e1d549d6b1cdd8bf3b9aeb9c [term 1 FOLLOWER]: Raft consensus is shut down!
I0727 05:15:48.838207 20967 raft_consensus.cc:1778] T 931932129eb54fa78c24510953c33c9f P 6f1af300e1d549d6b1cdd8bf3b9aeb9c [term 1 FOLLOWER]: Raft consensus is shut down!
I0727 05:15:48.842496 20969 ts_tablet_manager.cc:1030] T 9622d8ddb3364c4886dd836776cb771d P 6f1af300e1d549d6b1cdd8bf3b9aeb9c: Deleting tablet data with delete state TABLET_DATA_DELETED
I0727 05:15:48.842496 20967 ts_tablet_manager.cc:1030] T 931932129eb54fa78c24510953c33c9f P 6f1af300e1d549d6b1cdd8bf3b9aeb9c: Deleting tablet data with delete state TABLET_DATA_DELETED
I0727 05:15:48.842499 20965 ts_tablet_manager.cc:1030] T 52c30aa55acd4591bf12af03be25375a P 6f1af300e1d549d6b1cdd8bf3b9aeb9c: Deleting tablet data with delete state TABLET_DATA_DELETED
I0727 05:15:48.844552 20969 ts_tablet_manager.cc:1042] T 9622d8ddb3364c4886dd836776cb771d P 6f1af300e1d549d6b1cdd8bf3b9aeb9c: Tablet deleted. Last logged OpId: 1.2
I0727 05:15:48.844570 20969 log.cc:974] T 9622d8ddb3364c4886dd836776cb771d P 6f1af300e1d549d6b1cdd8bf3b9aeb9c: Deleting WAL directory at /home/ubuntu/Impala/testdata/cluster/cdh5/node-2/var/lib/kudu/ts/wal/wals/9622d8ddb3364c4886dd836776cb771d
I0727 05:15:48.844921 20967 ts_tablet_manager.cc:1042] T 931932129eb54fa78c24510953c33c9f P 6f1af300e1d549d6b1cdd8bf3b9aeb9c: Tablet deleted. Last logged OpId: 1.2
I0727 05:15:48.844943 20967 log.cc:974] T 931932129eb54fa78c24510953c33c9f P 6f1af300e1d549d6b1cdd8bf3b9aeb9c: Deleting WAL directory at /home/ubuntu/Impala/testdata/cluster/cdh5/node-2/var/lib/kudu/ts/wal/wals/931932129eb54fa78c24510953c33c9f
I0727 05:15:48.845129 20969 ts_tablet_manager.cc:1060] T 9622d8ddb3364c4886dd836776cb771d P 6f1af300e1d549d6b1cdd8bf3b9aeb9c: Deleting consensus metadata
I0727 05:15:48.845203 20965 ts_tablet_manager.cc:1042] T 52c30aa55acd4591bf12af03be25375a P 6f1af300e1d549d6b1cdd8bf3b9aeb9c: Tablet deleted. Last logged OpId: 1.2
I0727 05:15:48.845219 20965 log.cc:974] T 52c30aa55acd4591bf12af03be25375a P 6f1af300e1d549d6b1cdd8bf3b9aeb9c: Deleting WAL directory at /home/ubuntu/Impala/testdata/cluster/cdh5/node-2/var/lib/kudu/ts/wal/wals/52c30aa55acd4591bf12af03be25375a
I0727 05:15:48.846945 20965 ts_tablet_manager.cc:1060] T 52c30aa55acd4591bf12af03be25375a P 6f1af300e1d549d6b1cdd8bf3b9aeb9c: Deleting consensus metadata
I0727 05:15:48.847334 20967 ts_tablet_manager.cc:1060] T 931932129eb54fa78c24510953c33c9f P 6f1af300e1d549d6b1cdd8bf3b9aeb9c: Deleting consensus metadata
I0727 05:15:48.973774 20967 tablet_service.cc:672] Processing CreateTablet for tablet 16dd4b7edac640e689d4796409e70820 (table=impala::functional_kudu.alltypes [id=093b6acf1663479a9cd969e8b0b1e6ea]), partition=HASH (id) PARTITION 0
I0727 05:15:48.973786 20969 tablet_service.cc:672] Processing CreateTablet for tablet 38b1d6676d7e4418aab5fb22a1847900 (table=impala::functional_kudu.alltypes [id=093b6acf1663479a9cd969e8b0b1e6ea]), partition=HASH (id) PARTITION 1
I0727 05:15:48.973812 20965 tablet_service.cc:672] Processing CreateTablet for tablet 201067a9cba1421d8852e08fd0bcd8ce (table=impala::functional_kudu.alltypes [id=093b6acf1663479a9cd969e8b0b1e6ea]), partition=HASH (id) PARTITION 2
I0727 05:15:48.974376 20969 ts_tablet_manager.cc:871] T 38b1d6676d7e4418aab5fb22a1847900 P 6f1af300e1d549d6b1cdd8bf3b9aeb9c: Registered tablet (data state: TABLET_DATA_READY)
I0727 05:15:48.974592 20967 ts_tablet_manager.cc:871] T 16dd4b7edac640e689d4796409e70820 P 6f1af300e1d549d6b1cdd8bf3b9aeb9c: Registered tablet (data state: TABLET_DATA_READY)
I0727 05:15:48.974611 111849 ts_tablet_manager.cc:741] T 38b1d6676d7e4418aab5fb22a1847900 P 6f1af300e1d549d6b1cdd8bf3b9aeb9c: Bootstrapping tablet
I0727 05:15:48.974622 20965 ts_tablet_manager.cc:871] T 201067a9cba1421d8852e08fd0bcd8ce P 6f1af300e1d549d6b1cdd8bf3b9aeb9c: Registered tablet (data state: TABLET_DATA_READY)
I0727 05:15:48.974632 111849 tablet_bootstrap.cc:406] T 38b1d6676d7e4418aab5fb22a1847900 P 6f1af300e1d549d6b1cdd8bf3b9aeb9c: Bootstrap starting.
I0727 05:15:48.974817 111849 tablet_bootstrap.cc:547] T 38b1d6676d7e4418aab5fb22a1847900 P 6f1af300e1d549d6b1cdd8bf3b9aeb9c: No blocks or log segments found. Creating new log.
I0727 05:15:48.975805 111849 tablet_bootstrap.cc:406] T 38b1d6676d7e4418aab5fb22a1847900 P 6f1af300e1d549d6b1cdd8bf3b9aeb9c: No bootstrap required, opened a new log
I0727 05:15:48.975832 111849 ts_tablet_manager.cc:746] T 38b1d6676d7e4418aab5fb22a1847900 P 6f1af300e1d549d6b1cdd8bf3b9aeb9c: Time spent bootstrapping tablet: real 0.001s	user 0.000s	sys 0.000s
I0727 05:15:48.976116 111849 raft_consensus.cc:284] T 38b1d6676d7e4418aab5fb22a1847900 P 6f1af300e1d549d6b1cdd8bf3b9aeb9c [term 0 FOLLOWER]: Replica starting. Triggering 0 pending transactions. Active config: opid_index: -1 OBSOLETE_local: false peers { permanent_uuid: "6f1af300e1d549d6b1cdd8bf3b9aeb9c" member_type: VOTER last_known_addr { host: "ip-172-31-12-168" port: 31201 } } peers { permanent_uuid: "3a3c735705964e1badb66c37a66a9096" member_type: VOTER last_known_addr { host: "ip-172-31-12-168" port: 31200 } } peers { permanent_uuid: "b497dbd6bd1a4c998891b00d2493a1bb" member_type: VOTER last_known_addr { host: "ip-172-31-12-168" port: 31202 } }
I0727 05:15:48.976135 111849 raft_consensus.cc:316] T 38b1d6676d7e4418aab5fb22a1847900 P 6f1af300e1d549d6b1cdd8bf3b9aeb9c [term 0 FOLLOWER]: Consensus starting up: Expiring failure detector timer to make a prompt election more likely
I0727 05:15:48.976140 111849 raft_consensus.cc:560] T 38b1d6676d7e4418aab5fb22a1847900 P 6f1af300e1d549d6b1cdd8bf3b9aeb9c [term 0 FOLLOWER]: Becoming Follower/Learner. State: Replica: 6f1af300e1d549d6b1cdd8bf3b9aeb9c, State: Running, Role: FOLLOWER
I0727 05:15:48.976150 111849 consensus_queue.cc:186] T 38b1d6676d7e4418aab5fb22a1847900 P 6f1af300e1d549d6b1cdd8bf3b9aeb9c [NON_LEADER]: Queue going to NON_LEADER mode. State: All replicated index: 0, Majority replicated index: 0, Committed index: 0, Last appended: 0.0, Last appended by leader: 0, Current term: 0, Majority size: -1, State: 1, Mode: NON_LEADER
I0727 05:15:48.976214 111849 ts_tablet_manager.cc:775] T 38b1d6676d7e4418aab5fb22a1847900 P 6f1af300e1d549d6b1cdd8bf3b9aeb9c: Time spent starting tablet: real 0.000s	user 0.000s	sys 0.000s
I0727 05:15:48.976231 111849 ts_tablet_manager.cc:741] T 16dd4b7edac640e689d4796409e70820 P 6f1af300e1d549d6b1cdd8bf3b9aeb9c: Bootstrapping tablet
I0727 05:15:48.976238 111849 tablet_bootstrap.cc:406] T 16dd4b7edac640e689d4796409e70820 P 6f1af300e1d549d6b1cdd8bf3b9aeb9c: Bootstrap starting.
I0727 05:15:48.976368 111849 tablet_bootstrap.cc:547] T 16dd4b7edac640e689d4796409e70820 P 6f1af300e1d549d6b1cdd8bf3b9aeb9c: No blocks or log segments found. Creating new log.
I0727 05:15:48.976805 111849 tablet_bootstrap.cc:406] T 16dd4b7edac640e689d4796409e70820 P 6f1af300e1d549d6b1cdd8bf3b9aeb9c: No bootstrap required, opened a new log
I0727 05:15:48.976827 111849 ts_tablet_manager.cc:746] T 16dd4b7edac640e689d4796409e70820 P 6f1af300e1d549d6b1cdd8bf3b9aeb9c: Time spent bootstrapping tablet: real 0.001s	user 0.001s	sys 0.000s
I0727 05:15:48.977113 111849 raft_consensus.cc:284] T 16dd4b7edac640e689d4796409e70820 P 6f1af300e1d549d6b1cdd8bf3b9aeb9c [term 0 FOLLOWER]: Replica starting. Triggering 0 pending transactions. Active config: opid_index: -1 OBSOLETE_local: false peers { permanent_uuid: "6f1af300e1d549d6b1cdd8bf3b9aeb9c" member_type: VOTER last_known_addr { host: "ip-172-31-12-168" port: 31201 } } peers { permanent_uuid: "b497dbd6bd1a4c998891b00d2493a1bb" member_type: VOTER last_known_addr { host: "ip-172-31-12-168" port: 31202 } } peers { permanent_uuid: "3a3c735705964e1badb66c37a66a9096" member_type: VOTER last_known_addr { host: "ip-172-31-12-168" port: 31200 } }
I0727 05:15:48.977128 111849 raft_consensus.cc:316] T 16dd4b7edac640e689d4796409e70820 P 6f1af300e1d549d6b1cdd8bf3b9aeb9c [term 0 FOLLOWER]: Consensus starting up: Expiring failure detector timer to make a prompt election more likely
I0727 05:15:48.977133 111849 raft_consensus.cc:560] T 16dd4b7edac640e689d4796409e70820 P 6f1af300e1d549d6b1cdd8bf3b9aeb9c [term 0 FOLLOWER]: Becoming Follower/Learner. State: Replica: 6f1af300e1d549d6b1cdd8bf3b9aeb9c, State: Running, Role: FOLLOWER
I0727 05:15:48.977138 111849 consensus_queue.cc:186] T 16dd4b7edac640e689d4796409e70820 P 6f1af300e1d549d6b1cdd8bf3b9aeb9c [NON_LEADER]: Queue going to NON_LEADER mode. State: All replicated index: 0, Majority replicated index: 0, Committed index: 0, Last appended: 0.0, Last appended by leader: 0, Current term: 0, Majority size: -1, State: 1, Mode: NON_LEADER
I0727 05:15:48.977181 111849 ts_tablet_manager.cc:775] T 16dd4b7edac640e689d4796409e70820 P 6f1af300e1d549d6b1cdd8bf3b9aeb9c: Time spent starting tablet: real 0.000s	user 0.000s	sys 0.000s
I0727 05:15:48.977193 111849 ts_tablet_manager.cc:741] T 201067a9cba1421d8852e08fd0bcd8ce P 6f1af300e1d549d6b1cdd8bf3b9aeb9c: Bootstrapping tablet
I0727 05:15:48.977197 111849 tablet_bootstrap.cc:406] T 201067a9cba1421d8852e08fd0bcd8ce P 6f1af300e1d549d6b1cdd8bf3b9aeb9c: Bootstrap starting.
I0727 05:15:48.977303 111849 tablet_bootstrap.cc:547] T 201067a9cba1421d8852e08fd0bcd8ce P 6f1af300e1d549d6b1cdd8bf3b9aeb9c: No blocks or log segments found. Creating new log.
I0727 05:15:48.977660 111849 tablet_bootstrap.cc:406] T 201067a9cba1421d8852e08fd0bcd8ce P 6f1af300e1d549d6b1cdd8bf3b9aeb9c: No bootstrap required, opened a new log
I0727 05:15:48.977675 111849 ts_tablet_manager.cc:746] T 201067a9cba1421d8852e08fd0bcd8ce P 6f1af300e1d549d6b1cdd8bf3b9aeb9c: Time spent bootstrapping tablet: real 0.000s	user 0.000s	sys 0.000s
I0727 05:15:48.977931 111849 raft_consensus.cc:284] T 201067a9cba1421d8852e08fd0bcd8ce P 6f1af300e1d549d6b1cdd8bf3b9aeb9c [term 0 FOLLOWER]: Replica starting. Triggering 0 pending transactions. Active config: opid_index: -1 OBSOLETE_local: false peers { permanent_uuid: "3a3c735705964e1badb66c37a66a9096" member_type: VOTER last_known_addr { host: "ip-172-31-12-168" port: 31200 } } peers { permanent_uuid: "6f1af300e1d549d6b1cdd8bf3b9aeb9c" member_type: VOTER last_known_addr { host: "ip-172-31-12-168" port: 31201 } } peers { permanent_uuid: "b497dbd6bd1a4c998891b00d2493a1bb" member_type: VOTER last_known_addr { host: "ip-172-31-12-168" port: 31202 } }
I0727 05:15:48.977946 111849 raft_consensus.cc:316] T 201067a9cba1421d8852e08fd0bcd8ce P 6f1af300e1d549d6b1cdd8bf3b9aeb9c [term 0 FOLLOWER]: Consensus starting up: Expiring failure detector timer to make a prompt election more likely
I0727 05:15:48.977948 111849 raft_consensus.cc:560] T 201067a9cba1421d8852e08fd0bcd8ce P 6f1af300e1d549d6b1cdd8bf3b9aeb9c [term 0 FOLLOWER]: Becoming Follower/Learner. State: Replica: 6f1af300e1d549d6b1cdd8bf3b9aeb9c, State: Running, Role: FOLLOWER
I0727 05:15:48.977954 111849 consensus_queue.cc:186] T 201067a9cba1421d8852e08fd0bcd8ce P 6f1af300e1d549d6b1cdd8bf3b9aeb9c [NON_LEADER]: Queue going to NON_LEADER mode. State: All replicated index: 0, Majority replicated index: 0, Committed index: 0, Last appended: 0.0, Last appended by leader: 0, Current term: 0, Majority size: -1, State: 1, Mode: NON_LEADER
I0727 05:15:48.977998 111849 ts_tablet_manager.cc:775] T 201067a9cba1421d8852e08fd0bcd8ce P 6f1af300e1d549d6b1cdd8bf3b9aeb9c: Time spent starting tablet: real 0.000s	user 0.001s	sys 0.000s
I0727 05:15:49.140393 21010 raft_consensus.cc:2372] T 38b1d6676d7e4418aab5fb22a1847900 P 6f1af300e1d549d6b1cdd8bf3b9aeb9c: Snoozing failure detection for election timeout plus an additional 1.639s
I0727 05:15:49.140408 21010 raft_consensus.cc:1943] T 38b1d6676d7e4418aab5fb22a1847900 P 6f1af300e1d549d6b1cdd8bf3b9aeb9c [term 0 FOLLOWER]: Leader pre-election vote request: Granting yes vote for candidate b497dbd6bd1a4c998891b00d2493a1bb in term 0.
I0727 05:15:49.141072 21010 raft_consensus.cc:2419] T 38b1d6676d7e4418aab5fb22a1847900 P 6f1af300e1d549d6b1cdd8bf3b9aeb9c [term 0 FOLLOWER]: Advancing to term 1
I0727 05:15:49.141088 21010 raft_consensus.cc:2372] T 38b1d6676d7e4418aab5fb22a1847900 P 6f1af300e1d549d6b1cdd8bf3b9aeb9c: Snoozing failure detection for election timeout plus an additional 1.851s
I0727 05:15:49.141374 21010 raft_consensus.cc:1943] T 38b1d6676d7e4418aab5fb22a1847900 P 6f1af300e1d549d6b1cdd8bf3b9aeb9c [term 1 FOLLOWER]: Leader election vote request: Granting yes vote for candidate b497dbd6bd1a4c998891b00d2493a1bb in term 1.
I0727 05:15:49.341187 21010 raft_consensus.cc:2372] T 16dd4b7edac640e689d4796409e70820 P 6f1af300e1d549d6b1cdd8bf3b9aeb9c: Snoozing failure detection for election timeout plus an additional 1.506s
I0727 05:15:49.341202 21010 raft_consensus.cc:1943] T 16dd4b7edac640e689d4796409e70820 P 6f1af300e1d549d6b1cdd8bf3b9aeb9c [term 0 FOLLOWER]: Leader pre-election vote request: Granting yes vote for candidate b497dbd6bd1a4c998891b00d2493a1bb in term 0.
I0727 05:15:49.341795 21010 raft_consensus.cc:2419] T 16dd4b7edac640e689d4796409e70820 P 6f1af300e1d549d6b1cdd8bf3b9aeb9c [term 0 FOLLOWER]: Advancing to term 1
I0727 05:15:49.341810 21010 raft_consensus.cc:2372] T 16dd4b7edac640e689d4796409e70820 P 6f1af300e1d549d6b1cdd8bf3b9aeb9c: Snoozing failure detection for election timeout plus an additional 1.601s
I0727 05:15:49.342062 21010 raft_consensus.cc:1943] T 16dd4b7edac640e689d4796409e70820 P 6f1af300e1d549d6b1cdd8bf3b9aeb9c [term 1 FOLLOWER]: Leader election vote request: Granting yes vote for candidate b497dbd6bd1a4c998891b00d2493a1bb in term 1.
I0727 05:15:49.376287 21010 raft_consensus.cc:2372] T 201067a9cba1421d8852e08fd0bcd8ce P 6f1af300e1d549d6b1cdd8bf3b9aeb9c: Snoozing failure detection for election timeout plus an additional 1.532s
I0727 05:15:49.376302 21010 raft_consensus.cc:1943] T 201067a9cba1421d8852e08fd0bcd8ce P 6f1af300e1d549d6b1cdd8bf3b9aeb9c [term 0 FOLLOWER]: Leader pre-election vote request: Granting yes vote for candidate b497dbd6bd1a4c998891b00d2493a1bb in term 0.
I0727 05:15:49.376905 21010 raft_consensus.cc:2419] T 201067a9cba1421d8852e08fd0bcd8ce P 6f1af300e1d549d6b1cdd8bf3b9aeb9c [term 0 FOLLOWER]: Advancing to term 1
I0727 05:15:49.376920 21010 raft_consensus.cc:2372] T 201067a9cba1421d8852e08fd0bcd8ce P 6f1af300e1d549d6b1cdd8bf3b9aeb9c: Snoozing failure detection for election timeout plus an additional 1.965s
I0727 05:15:49.377125 21010 raft_consensus.cc:1943] T 201067a9cba1421d8852e08fd0bcd8ce P 6f1af300e1d549d6b1cdd8bf3b9aeb9c [term 1 FOLLOWER]: Leader election vote request: Granting yes vote for candidate b497dbd6bd1a4c998891b00d2493a1bb in term 1.
I0727 05:15:49.498538 21010 raft_consensus.cc:944] T 38b1d6676d7e4418aab5fb22a1847900 P 6f1af300e1d549d6b1cdd8bf3b9aeb9c [term 1 FOLLOWER]: Refusing update from remote peer b497dbd6bd1a4c998891b00d2493a1bb: Log matching property violated. Preceding OpId in replica: term: 0 index: 0. Preceding OpId from leader: term: 1 index: 1. (index mismatch)
I0727 05:15:49.604813 21010 raft_consensus.cc:944] T 16dd4b7edac640e689d4796409e70820 P 6f1af300e1d549d6b1cdd8bf3b9aeb9c [term 1 FOLLOWER]: Refusing update from remote peer b497dbd6bd1a4c998891b00d2493a1bb: Log matching property violated. Preceding OpId in replica: term: 0 index: 0. Preceding OpId from leader: term: 1 index: 1. (index mismatch)
I0727 05:15:49.649595 21010 raft_consensus.cc:944] T 201067a9cba1421d8852e08fd0bcd8ce P 6f1af300e1d549d6b1cdd8bf3b9aeb9c [term 1 FOLLOWER]: Refusing update from remote peer b497dbd6bd1a4c998891b00d2493a1bb: Log matching property violated. Preceding OpId in replica: term: 0 index: 0. Preceding OpId from leader: term: 1 index: 1. (index mismatch)
I0727 05:15:56.829167 20965 tablet_service.cc:713] Processing DeleteTablet for tablet e9ab0e6c66ee4ceb968f7bdeee721e3e with delete_type TABLET_DATA_DELETED (Table deleted at 2017-07-27 05:15:56 UTC) from {username='ubuntu'} at 127.0.0.1:51271
I0727 05:15:56.829188 20965 tablet_replica.cc:225] Initiating TabletReplica shutdown for tablet: e9ab0e6c66ee4ceb968f7bdeee721e3e
I0727 05:15:56.829200 20965 maintenance_manager.cc:206] P 6f1af300e1d549d6b1cdd8bf3b9aeb9c: Unregistered op CompactRowSetsOp(e9ab0e6c66ee4ceb968f7bdeee721e3e)
I0727 05:15:56.829213 20965 maintenance_manager.cc:206] P 6f1af300e1d549d6b1cdd8bf3b9aeb9c: Unregistered op MinorDeltaCompactionOp(e9ab0e6c66ee4ceb968f7bdeee721e3e)
I0727 05:15:56.829221 20965 maintenance_manager.cc:206] P 6f1af300e1d549d6b1cdd8bf3b9aeb9c: Unregistered op MajorDeltaCompactionOp(e9ab0e6c66ee4ceb968f7bdeee721e3e)
I0727 05:15:56.829221 20967 tablet_service.cc:713] Processing DeleteTablet for tablet 899c81b2b53446e58c5dcdd5bf72ac7c with delete_type TABLET_DATA_DELETED (Table deleted at 2017-07-27 05:15:56 UTC) from {username='ubuntu'} at 127.0.0.1:51271
I0727 05:15:56.829239 20967 tablet_replica.cc:225] Initiating TabletReplica shutdown for tablet: 899c81b2b53446e58c5dcdd5bf72ac7c
I0727 05:15:56.829226 20965 maintenance_manager.cc:206] P 6f1af300e1d549d6b1cdd8bf3b9aeb9c: Unregistered op UndoDeltaBlockGCOp(e9ab0e6c66ee4ceb968f7bdeee721e3e)
I0727 05:15:56.829248 20967 maintenance_manager.cc:206] P 6f1af300e1d549d6b1cdd8bf3b9aeb9c: Unregistered op CompactRowSetsOp(899c81b2b53446e58c5dcdd5bf72ac7c)
I0727 05:15:56.829259 20965 maintenance_manager.cc:206] P 6f1af300e1d549d6b1cdd8bf3b9aeb9c: Unregistered op FlushMRSOp(e9ab0e6c66ee4ceb968f7bdeee721e3e)
I0727 05:15:56.829267 20965 maintenance_manager.cc:206] P 6f1af300e1d549d6b1cdd8bf3b9aeb9c: Unregistered op FlushDeltaMemStoresOp(e9ab0e6c66ee4ceb968f7bdeee721e3e)
I0727 05:15:56.829277 20967 maintenance_manager.cc:206] P 6f1af300e1d549d6b1cdd8bf3b9aeb9c: Unregistered op MinorDeltaCompactionOp(899c81b2b53446e58c5dcdd5bf72ac7c)
I0727 05:15:56.829300 20967 maintenance_manager.cc:206] P 6f1af300e1d549d6b1cdd8bf3b9aeb9c: Unregistered op MajorDeltaCompactionOp(899c81b2b53446e58c5dcdd5bf72ac7c)
I0727 05:15:56.829321 20967 maintenance_manager.cc:206] P 6f1af300e1d549d6b1cdd8bf3b9aeb9c: Unregistered op UndoDeltaBlockGCOp(899c81b2b53446e58c5dcdd5bf72ac7c)
I0727 05:15:56.829339 20967 maintenance_manager.cc:206] P 6f1af300e1d549d6b1cdd8bf3b9aeb9c: Unregistered op FlushMRSOp(899c81b2b53446e58c5dcdd5bf72ac7c)
I0727 05:15:56.829360 20967 maintenance_manager.cc:206] P 6f1af300e1d549d6b1cdd8bf3b9aeb9c: Unregistered op FlushDeltaMemStoresOp(899c81b2b53446e58c5dcdd5bf72ac7c)
I0727 05:15:56.829301 20969 tablet_service.cc:713] Processing DeleteTablet for tablet 728bc3b3ad4343088d2c1908ad1fe640 with delete_type TABLET_DATA_DELETED (Table deleted at 2017-07-27 05:15:56 UTC) from {username='ubuntu'} at 127.0.0.1:51271
I0727 05:15:56.829278 20965 maintenance_manager.cc:206] P 6f1af300e1d549d6b1cdd8bf3b9aeb9c: Unregistered op LogGCOp(e9ab0e6c66ee4ceb968f7bdeee721e3e)
I0727 05:15:56.829383 20965 raft_consensus.cc:1763] T e9ab0e6c66ee4ceb968f7bdeee721e3e P 6f1af300e1d549d6b1cdd8bf3b9aeb9c [term 1 FOLLOWER]: Raft consensus shutting down.
