I0727 05:16:04.989064 20833 leader_election.cc:244] T 933789af856747f2b080179091890956 P 6f1af300e1d549d6b1cdd8bf3b9aeb9c [CANDIDATE]: Term 1 election: Election decided. Result: candidate won.
I0727 05:16:04.989089 52237 raft_consensus.cc:2372] T 933789af856747f2b080179091890956 P 6f1af300e1d549d6b1cdd8bf3b9aeb9c: Snoozing failure detection for election timeout plus an additional 1.775s
I0727 05:16:04.989104 52237 raft_consensus.cc:2176] T 933789af856747f2b080179091890956 P 6f1af300e1d549d6b1cdd8bf3b9aeb9c [term 1 FOLLOWER]: Leader election won for term 1
I0727 05:16:04.989102 20829 leader_election.cc:349] T 933789af856747f2b080179091890956 P 6f1af300e1d549d6b1cdd8bf3b9aeb9c [CANDIDATE]: Term 1 election: Vote granted by peer b497dbd6bd1a4c998891b00d2493a1bb
I0727 05:16:04.989123 52237 raft_consensus.cc:528] T 933789af856747f2b080179091890956 P 6f1af300e1d549d6b1cdd8bf3b9aeb9c [term 1 LEADER]: Becoming Leader. State: Replica: 6f1af300e1d549d6b1cdd8bf3b9aeb9c, State: Running, Role: LEADER
I0727 05:16:04.989146 52237 consensus_queue.cc:165] T 933789af856747f2b080179091890956 P 6f1af300e1d549d6b1cdd8bf3b9aeb9c [LEADER]: Queue going to LEADER mode. State: All replicated index: 0, Majority replicated index: 0, Committed index: 0, Last appended: 0.0, Last appended by leader: 0, Current term: 1, Majority size: 2, State: 1, Mode: LEADER, active raft config: opid_index: -1 OBSOLETE_local: false peers { permanent_uuid: "3a3c735705964e1badb66c37a66a9096" member_type: VOTER last_known_addr { host: "ip-172-31-12-168" port: 31200 } } peers { permanent_uuid: "b497dbd6bd1a4c998891b00d2493a1bb" member_type: VOTER last_known_addr { host: "ip-172-31-12-168" port: 31202 } } peers { permanent_uuid: "6f1af300e1d549d6b1cdd8bf3b9aeb9c" member_type: VOTER last_known_addr { host: "ip-172-31-12-168" port: 31201 } }
I0727 05:16:05.124316 21011 raft_consensus.cc:2372] T 07f356b7460d4263bb413f8f78309f43 P 6f1af300e1d549d6b1cdd8bf3b9aeb9c: Snoozing failure detection for election timeout plus an additional 2.230s
I0727 05:16:05.124330 21011 raft_consensus.cc:1943] T 07f356b7460d4263bb413f8f78309f43 P 6f1af300e1d549d6b1cdd8bf3b9aeb9c [term 0 FOLLOWER]: Leader pre-election vote request: Granting yes vote for candidate 3a3c735705964e1badb66c37a66a9096 in term 0.
I0727 05:16:05.124928 21011 raft_consensus.cc:2419] T 07f356b7460d4263bb413f8f78309f43 P 6f1af300e1d549d6b1cdd8bf3b9aeb9c [term 0 FOLLOWER]: Advancing to term 1
I0727 05:16:05.124944 21011 raft_consensus.cc:2372] T 07f356b7460d4263bb413f8f78309f43 P 6f1af300e1d549d6b1cdd8bf3b9aeb9c: Snoozing failure detection for election timeout plus an additional 2.184s
I0727 05:16:05.125201 21011 raft_consensus.cc:1943] T 07f356b7460d4263bb413f8f78309f43 P 6f1af300e1d549d6b1cdd8bf3b9aeb9c [term 1 FOLLOWER]: Leader election vote request: Granting yes vote for candidate 3a3c735705964e1badb66c37a66a9096 in term 1.
I0727 05:16:05.372346 52237 consensus_queue.cc:722] T 933789af856747f2b080179091890956 P 6f1af300e1d549d6b1cdd8bf3b9aeb9c [LEADER]: Connected to new peer: Peer: 3a3c735705964e1badb66c37a66a9096, Is new: false, Last received: 0.0, Next index: 1, Last known committed idx: 0, Last exchange result: ERROR, Needs tablet copy: false
I0727 05:16:05.373136 50009 consensus_queue.cc:722] T 933789af856747f2b080179091890956 P 6f1af300e1d549d6b1cdd8bf3b9aeb9c [LEADER]: Connected to new peer: Peer: b497dbd6bd1a4c998891b00d2493a1bb, Is new: false, Last received: 0.0, Next index: 1, Last known committed idx: 0, Last exchange result: ERROR, Needs tablet copy: false
I0727 05:16:05.373152 21011 raft_consensus.cc:2372] T 540acbc9d1834865b5e3aaa467f58206 P 6f1af300e1d549d6b1cdd8bf3b9aeb9c: Snoozing failure detection for election timeout plus an additional 1.577s
I0727 05:16:05.373162 21011 raft_consensus.cc:1943] T 540acbc9d1834865b5e3aaa467f58206 P 6f1af300e1d549d6b1cdd8bf3b9aeb9c [term 0 FOLLOWER]: Leader pre-election vote request: Granting yes vote for candidate b497dbd6bd1a4c998891b00d2493a1bb in term 0.
I0727 05:16:05.373821 21011 raft_consensus.cc:2419] T 540acbc9d1834865b5e3aaa467f58206 P 6f1af300e1d549d6b1cdd8bf3b9aeb9c [term 0 FOLLOWER]: Advancing to term 1
I0727 05:16:05.373836 21011 raft_consensus.cc:2372] T 540acbc9d1834865b5e3aaa467f58206 P 6f1af300e1d549d6b1cdd8bf3b9aeb9c: Snoozing failure detection for election timeout plus an additional 1.740s
I0727 05:16:05.374101 21011 raft_consensus.cc:1943] T 540acbc9d1834865b5e3aaa467f58206 P 6f1af300e1d549d6b1cdd8bf3b9aeb9c [term 1 FOLLOWER]: Leader election vote request: Granting yes vote for candidate b497dbd6bd1a4c998891b00d2493a1bb in term 1.
I0727 05:16:05.534143 21011 raft_consensus.cc:944] T 07f356b7460d4263bb413f8f78309f43 P 6f1af300e1d549d6b1cdd8bf3b9aeb9c [term 1 FOLLOWER]: Refusing update from remote peer 3a3c735705964e1badb66c37a66a9096: Log matching property violated. Preceding OpId in replica: term: 0 index: 0. Preceding OpId from leader: term: 1 index: 1. (index mismatch)
I0727 05:16:05.733516 21011 raft_consensus.cc:944] T 540acbc9d1834865b5e3aaa467f58206 P 6f1af300e1d549d6b1cdd8bf3b9aeb9c [term 1 FOLLOWER]: Refusing update from remote peer b497dbd6bd1a4c998891b00d2493a1bb: Log matching property violated. Preceding OpId in replica: term: 0 index: 0. Preceding OpId from leader: term: 1 index: 1. (index mismatch)
I0727 05:16:16.839366 20967 tablet_service.cc:713] Processing DeleteTablet for tablet 90dbdffd32f042d38aa460318f85bba7 with delete_type TABLET_DATA_DELETED (Table deleted at 2017-07-27 05:16:16 UTC) from {username='ubuntu'} at 127.0.0.1:51271
I0727 05:16:16.839383 20965 tablet_service.cc:713] Processing DeleteTablet for tablet 4c6ae83cb5b74b858a62b4ae0ebed273 with delete_type TABLET_DATA_DELETED (Table deleted at 2017-07-27 05:16:16 UTC) from {username='ubuntu'} at 127.0.0.1:51271
I0727 05:16:16.839387 20967 tablet_replica.cc:225] Initiating TabletReplica shutdown for tablet: 90dbdffd32f042d38aa460318f85bba7
I0727 05:16:16.839393 20965 tablet_replica.cc:225] Initiating TabletReplica shutdown for tablet: 4c6ae83cb5b74b858a62b4ae0ebed273
I0727 05:16:16.839397 20967 maintenance_manager.cc:206] P 6f1af300e1d549d6b1cdd8bf3b9aeb9c: Unregistered op CompactRowSetsOp(90dbdffd32f042d38aa460318f85bba7)
I0727 05:16:16.839427 20967 maintenance_manager.cc:206] P 6f1af300e1d549d6b1cdd8bf3b9aeb9c: Unregistered op MinorDeltaCompactionOp(90dbdffd32f042d38aa460318f85bba7)
I0727 05:16:16.839408 20965 maintenance_manager.cc:206] P 6f1af300e1d549d6b1cdd8bf3b9aeb9c: Unregistered op CompactRowSetsOp(4c6ae83cb5b74b858a62b4ae0ebed273)
I0727 05:16:16.839440 20969 tablet_service.cc:713] Processing DeleteTablet for tablet e14c8f729b4a41fa8134fa1ebaafc3f5 with delete_type TABLET_DATA_DELETED (Table deleted at 2017-07-27 05:16:16 UTC) from {username='ubuntu'} at 127.0.0.1:51271
I0727 05:16:16.839455 20969 tablet_replica.cc:225] Initiating TabletReplica shutdown for tablet: e14c8f729b4a41fa8134fa1ebaafc3f5
I0727 05:16:16.839435 20967 maintenance_manager.cc:206] P 6f1af300e1d549d6b1cdd8bf3b9aeb9c: Unregistered op MajorDeltaCompactionOp(90dbdffd32f042d38aa460318f85bba7)
I0727 05:16:16.839498 20967 maintenance_manager.cc:206] P 6f1af300e1d549d6b1cdd8bf3b9aeb9c: Unregistered op UndoDeltaBlockGCOp(90dbdffd32f042d38aa460318f85bba7)
I0727 05:16:16.839522 20967 maintenance_manager.cc:206] P 6f1af300e1d549d6b1cdd8bf3b9aeb9c: Unregistered op FlushMRSOp(90dbdffd32f042d38aa460318f85bba7)
I0727 05:16:16.839480 20969 maintenance_manager.cc:206] P 6f1af300e1d549d6b1cdd8bf3b9aeb9c: Unregistered op CompactRowSetsOp(e14c8f729b4a41fa8134fa1ebaafc3f5)
I0727 05:16:16.839457 20965 maintenance_manager.cc:206] P 6f1af300e1d549d6b1cdd8bf3b9aeb9c: Unregistered op MinorDeltaCompactionOp(4c6ae83cb5b74b858a62b4ae0ebed273)
I0727 05:16:16.839541 20967 maintenance_manager.cc:206] P 6f1af300e1d549d6b1cdd8bf3b9aeb9c: Unregistered op FlushDeltaMemStoresOp(90dbdffd32f042d38aa460318f85bba7)
I0727 05:16:16.839557 20965 maintenance_manager.cc:206] P 6f1af300e1d549d6b1cdd8bf3b9aeb9c: Unregistered op MajorDeltaCompactionOp(4c6ae83cb5b74b858a62b4ae0ebed273)
I0727 05:16:16.839571 20969 maintenance_manager.cc:206] P 6f1af300e1d549d6b1cdd8bf3b9aeb9c: Unregistered op MinorDeltaCompactionOp(e14c8f729b4a41fa8134fa1ebaafc3f5)
I0727 05:16:16.839576 20965 maintenance_manager.cc:206] P 6f1af300e1d549d6b1cdd8bf3b9aeb9c: Unregistered op UndoDeltaBlockGCOp(4c6ae83cb5b74b858a62b4ae0ebed273)
I0727 05:16:16.839581 20969 maintenance_manager.cc:206] P 6f1af300e1d549d6b1cdd8bf3b9aeb9c: Unregistered op MajorDeltaCompactionOp(e14c8f729b4a41fa8134fa1ebaafc3f5)
I0727 05:16:16.839589 20969 maintenance_manager.cc:206] P 6f1af300e1d549d6b1cdd8bf3b9aeb9c: Unregistered op UndoDeltaBlockGCOp(e14c8f729b4a41fa8134fa1ebaafc3f5)
I0727 05:16:16.839604 20969 maintenance_manager.cc:206] P 6f1af300e1d549d6b1cdd8bf3b9aeb9c: Unregistered op FlushMRSOp(e14c8f729b4a41fa8134fa1ebaafc3f5)
I0727 05:16:16.839604 20967 maintenance_manager.cc:206] P 6f1af300e1d549d6b1cdd8bf3b9aeb9c: Unregistered op LogGCOp(90dbdffd32f042d38aa460318f85bba7)
I0727 05:16:16.839608 20969 maintenance_manager.cc:206] P 6f1af300e1d549d6b1cdd8bf3b9aeb9c: Unregistered op FlushDeltaMemStoresOp(e14c8f729b4a41fa8134fa1ebaafc3f5)
I0727 05:16:16.839615 20967 raft_consensus.cc:1763] T 90dbdffd32f042d38aa460318f85bba7 P 6f1af300e1d549d6b1cdd8bf3b9aeb9c [term 1 FOLLOWER]: Raft consensus shutting down.
I0727 05:16:16.839620 20969 maintenance_manager.cc:206] P 6f1af300e1d549d6b1cdd8bf3b9aeb9c: Unregistered op LogGCOp(e14c8f729b4a41fa8134fa1ebaafc3f5)
I0727 05:16:16.839620 20965 maintenance_manager.cc:206] P 6f1af300e1d549d6b1cdd8bf3b9aeb9c: Unregistered op FlushMRSOp(4c6ae83cb5b74b858a62b4ae0ebed273)
I0727 05:16:16.839629 20965 maintenance_manager.cc:206] P 6f1af300e1d549d6b1cdd8bf3b9aeb9c: Unregistered op FlushDeltaMemStoresOp(4c6ae83cb5b74b858a62b4ae0ebed273)
I0727 05:16:16.839632 20969 raft_consensus.cc:1763] T e14c8f729b4a41fa8134fa1ebaafc3f5 P 6f1af300e1d549d6b1cdd8bf3b9aeb9c [term 1 FOLLOWER]: Raft consensus shutting down.
I0727 05:16:16.839635 20965 maintenance_manager.cc:206] P 6f1af300e1d549d6b1cdd8bf3b9aeb9c: Unregistered op LogGCOp(4c6ae83cb5b74b858a62b4ae0ebed273)
I0727 05:16:16.839640 20969 raft_consensus.cc:1778] T e14c8f729b4a41fa8134fa1ebaafc3f5 P 6f1af300e1d549d6b1cdd8bf3b9aeb9c [term 1 FOLLOWER]: Raft consensus is shut down!
I0727 05:16:16.839643 20967 raft_consensus.cc:1778] T 90dbdffd32f042d38aa460318f85bba7 P 6f1af300e1d549d6b1cdd8bf3b9aeb9c [term 1 FOLLOWER]: Raft consensus is shut down!
I0727 05:16:16.839643 20965 raft_consensus.cc:1763] T 4c6ae83cb5b74b858a62b4ae0ebed273 P 6f1af300e1d549d6b1cdd8bf3b9aeb9c [term 1 FOLLOWER]: Raft consensus shutting down.
I0727 05:16:16.839673 20965 raft_consensus.cc:1778] T 4c6ae83cb5b74b858a62b4ae0ebed273 P 6f1af300e1d549d6b1cdd8bf3b9aeb9c [term 1 FOLLOWER]: Raft consensus is shut down!
I0727 05:16:16.839889 20969 ts_tablet_manager.cc:1030] T e14c8f729b4a41fa8134fa1ebaafc3f5 P 6f1af300e1d549d6b1cdd8bf3b9aeb9c: Deleting tablet data with delete state TABLET_DATA_DELETED
I0727 05:16:16.839896 20967 ts_tablet_manager.cc:1030] T 90dbdffd32f042d38aa460318f85bba7 P 6f1af300e1d549d6b1cdd8bf3b9aeb9c: Deleting tablet data with delete state TABLET_DATA_DELETED
I0727 05:16:16.840314 20965 ts_tablet_manager.cc:1030] T 4c6ae83cb5b74b858a62b4ae0ebed273 P 6f1af300e1d549d6b1cdd8bf3b9aeb9c: Deleting tablet data with delete state TABLET_DATA_DELETED
I0727 05:16:16.841001 20969 ts_tablet_manager.cc:1042] T e14c8f729b4a41fa8134fa1ebaafc3f5 P 6f1af300e1d549d6b1cdd8bf3b9aeb9c: Tablet deleted. Last logged OpId: 1.2
I0727 05:16:16.841017 20969 log.cc:974] T e14c8f729b4a41fa8134fa1ebaafc3f5 P 6f1af300e1d549d6b1cdd8bf3b9aeb9c: Deleting WAL directory at /home/ubuntu/Impala/testdata/cluster/cdh5/node-2/var/lib/kudu/ts/wal/wals/e14c8f729b4a41fa8134fa1ebaafc3f5
I0727 05:16:16.841101 20969 ts_tablet_manager.cc:1060] T e14c8f729b4a41fa8134fa1ebaafc3f5 P 6f1af300e1d549d6b1cdd8bf3b9aeb9c: Deleting consensus metadata
I0727 05:16:16.841596 20967 ts_tablet_manager.cc:1042] T 90dbdffd32f042d38aa460318f85bba7 P 6f1af300e1d549d6b1cdd8bf3b9aeb9c: Tablet deleted. Last logged OpId: 1.2
I0727 05:16:16.841616 20967 log.cc:974] T 90dbdffd32f042d38aa460318f85bba7 P 6f1af300e1d549d6b1cdd8bf3b9aeb9c: Deleting WAL directory at /home/ubuntu/Impala/testdata/cluster/cdh5/node-2/var/lib/kudu/ts/wal/wals/90dbdffd32f042d38aa460318f85bba7
I0727 05:16:16.841642 20965 ts_tablet_manager.cc:1042] T 4c6ae83cb5b74b858a62b4ae0ebed273 P 6f1af300e1d549d6b1cdd8bf3b9aeb9c: Tablet deleted. Last logged OpId: 1.2
I0727 05:16:16.841660 20965 log.cc:974] T 4c6ae83cb5b74b858a62b4ae0ebed273 P 6f1af300e1d549d6b1cdd8bf3b9aeb9c: Deleting WAL directory at /home/ubuntu/Impala/testdata/cluster/cdh5/node-2/var/lib/kudu/ts/wal/wals/4c6ae83cb5b74b858a62b4ae0ebed273
I0727 05:16:16.841701 20967 ts_tablet_manager.cc:1060] T 90dbdffd32f042d38aa460318f85bba7 P 6f1af300e1d549d6b1cdd8bf3b9aeb9c: Deleting consensus metadata
I0727 05:16:16.843114 20965 ts_tablet_manager.cc:1060] T 4c6ae83cb5b74b858a62b4ae0ebed273 P 6f1af300e1d549d6b1cdd8bf3b9aeb9c: Deleting consensus metadata
I0727 05:16:16.925906 20965 tablet_service.cc:672] Processing CreateTablet for tablet 20dd5b961d6c4a5cb718d747524d3697 (table=impala::functional_kudu.alltypesagg_idx [id=1165d339bb714ff4b39519038c0d157e]), partition=HASH (kudu_idx) PARTITION 0
I0727 05:16:16.925927 20969 tablet_service.cc:672] Processing CreateTablet for tablet d785263627524767b434d3ab4fbcb148 (table=impala::functional_kudu.alltypesagg_idx [id=1165d339bb714ff4b39519038c0d157e]), partition=HASH (kudu_idx) PARTITION 2
I0727 05:16:16.925914 20967 tablet_service.cc:672] Processing CreateTablet for tablet 3092a2a1be4e47c3aa26e260c1eea55b (table=impala::functional_kudu.alltypesagg_idx [id=1165d339bb714ff4b39519038c0d157e]), partition=HASH (kudu_idx) PARTITION 1
I0727 05:16:16.926729 20967 ts_tablet_manager.cc:871] T 3092a2a1be4e47c3aa26e260c1eea55b P 6f1af300e1d549d6b1cdd8bf3b9aeb9c: Registered tablet (data state: TABLET_DATA_READY)
I0727 05:16:16.926753 20969 ts_tablet_manager.cc:871] T d785263627524767b434d3ab4fbcb148 P 6f1af300e1d549d6b1cdd8bf3b9aeb9c: Registered tablet (data state: TABLET_DATA_READY)
I0727 05:16:16.926771 20965 ts_tablet_manager.cc:871] T 20dd5b961d6c4a5cb718d747524d3697 P 6f1af300e1d549d6b1cdd8bf3b9aeb9c: Registered tablet (data state: TABLET_DATA_READY)
I0727 05:16:16.926996 111984 ts_tablet_manager.cc:741] T 3092a2a1be4e47c3aa26e260c1eea55b P 6f1af300e1d549d6b1cdd8bf3b9aeb9c: Bootstrapping tablet
I0727 05:16:16.927014 111984 tablet_bootstrap.cc:406] T 3092a2a1be4e47c3aa26e260c1eea55b P 6f1af300e1d549d6b1cdd8bf3b9aeb9c: Bootstrap starting.
I0727 05:16:16.927147 111984 tablet_bootstrap.cc:547] T 3092a2a1be4e47c3aa26e260c1eea55b P 6f1af300e1d549d6b1cdd8bf3b9aeb9c: No blocks or log segments found. Creating new log.
I0727 05:16:16.927574 111984 tablet_bootstrap.cc:406] T 3092a2a1be4e47c3aa26e260c1eea55b P 6f1af300e1d549d6b1cdd8bf3b9aeb9c: No bootstrap required, opened a new log
I0727 05:16:16.927593 111984 ts_tablet_manager.cc:746] T 3092a2a1be4e47c3aa26e260c1eea55b P 6f1af300e1d549d6b1cdd8bf3b9aeb9c: Time spent bootstrapping tablet: real 0.001s	user 0.000s	sys 0.000s
I0727 05:16:16.927881 111984 raft_consensus.cc:284] T 3092a2a1be4e47c3aa26e260c1eea55b P 6f1af300e1d549d6b1cdd8bf3b9aeb9c [term 0 FOLLOWER]: Replica starting. Triggering 0 pending transactions. Active config: opid_index: -1 OBSOLETE_local: false peers { permanent_uuid: "6f1af300e1d549d6b1cdd8bf3b9aeb9c" member_type: VOTER last_known_addr { host: "ip-172-31-12-168" port: 31201 } } peers { permanent_uuid: "3a3c735705964e1badb66c37a66a9096" member_type: VOTER last_known_addr { host: "ip-172-31-12-168" port: 31200 } } peers { permanent_uuid: "b497dbd6bd1a4c998891b00d2493a1bb" member_type: VOTER last_known_addr { host: "ip-172-31-12-168" port: 31202 } }
I0727 05:16:16.927897 111984 raft_consensus.cc:316] T 3092a2a1be4e47c3aa26e260c1eea55b P 6f1af300e1d549d6b1cdd8bf3b9aeb9c [term 0 FOLLOWER]: Consensus starting up: Expiring failure detector timer to make a prompt election more likely
I0727 05:16:16.927902 111984 raft_consensus.cc:560] T 3092a2a1be4e47c3aa26e260c1eea55b P 6f1af300e1d549d6b1cdd8bf3b9aeb9c [term 0 FOLLOWER]: Becoming Follower/Learner. State: Replica: 6f1af300e1d549d6b1cdd8bf3b9aeb9c, State: Running, Role: FOLLOWER
I0727 05:16:16.927913 111984 consensus_queue.cc:186] T 3092a2a1be4e47c3aa26e260c1eea55b P 6f1af300e1d549d6b1cdd8bf3b9aeb9c [NON_LEADER]: Queue going to NON_LEADER mode. State: All replicated index: 0, Majority replicated index: 0, Committed index: 0, Last appended: 0.0, Last appended by leader: 0, Current term: 0, Majority size: -1, State: 1, Mode: NON_LEADER
I0727 05:16:16.927968 111984 ts_tablet_manager.cc:775] T 3092a2a1be4e47c3aa26e260c1eea55b P 6f1af300e1d549d6b1cdd8bf3b9aeb9c: Time spent starting tablet: real 0.000s	user 0.000s	sys 0.000s
I0727 05:16:16.927981 111984 ts_tablet_manager.cc:741] T d785263627524767b434d3ab4fbcb148 P 6f1af300e1d549d6b1cdd8bf3b9aeb9c: Bootstrapping tablet
I0727 05:16:16.927987 111984 tablet_bootstrap.cc:406] T d785263627524767b434d3ab4fbcb148 P 6f1af300e1d549d6b1cdd8bf3b9aeb9c: Bootstrap starting.
I0727 05:16:16.928118 111984 tablet_bootstrap.cc:547] T d785263627524767b434d3ab4fbcb148 P 6f1af300e1d549d6b1cdd8bf3b9aeb9c: No blocks or log segments found. Creating new log.
I0727 05:16:16.928494 111984 tablet_bootstrap.cc:406] T d785263627524767b434d3ab4fbcb148 P 6f1af300e1d549d6b1cdd8bf3b9aeb9c: No bootstrap required, opened a new log
I0727 05:16:16.928513 111984 ts_tablet_manager.cc:746] T d785263627524767b434d3ab4fbcb148 P 6f1af300e1d549d6b1cdd8bf3b9aeb9c: Time spent bootstrapping tablet: real 0.001s	user 0.000s	sys 0.000s
I0727 05:16:16.928794 111984 raft_consensus.cc:284] T d785263627524767b434d3ab4fbcb148 P 6f1af300e1d549d6b1cdd8bf3b9aeb9c [term 0 FOLLOWER]: Replica starting. Triggering 0 pending transactions. Active config: opid_index: -1 OBSOLETE_local: false peers { permanent_uuid: "6f1af300e1d549d6b1cdd8bf3b9aeb9c" member_type: VOTER last_known_addr { host: "ip-172-31-12-168" port: 31201 } } peers { permanent_uuid: "3a3c735705964e1badb66c37a66a9096" member_type: VOTER last_known_addr { host: "ip-172-31-12-168" port: 31200 } } peers { permanent_uuid: "b497dbd6bd1a4c998891b00d2493a1bb" member_type: VOTER last_known_addr { host: "ip-172-31-12-168" port: 31202 } }
I0727 05:16:16.928812 111984 raft_consensus.cc:316] T d785263627524767b434d3ab4fbcb148 P 6f1af300e1d549d6b1cdd8bf3b9aeb9c [term 0 FOLLOWER]: Consensus starting up: Expiring failure detector timer to make a prompt election more likely
I0727 05:16:16.928815 111984 raft_consensus.cc:560] T d785263627524767b434d3ab4fbcb148 P 6f1af300e1d549d6b1cdd8bf3b9aeb9c [term 0 FOLLOWER]: Becoming Follower/Learner. State: Replica: 6f1af300e1d549d6b1cdd8bf3b9aeb9c, State: Running, Role: FOLLOWER
I0727 05:16:16.928831 111984 consensus_queue.cc:186] T d785263627524767b434d3ab4fbcb148 P 6f1af300e1d549d6b1cdd8bf3b9aeb9c [NON_LEADER]: Queue going to NON_LEADER mode. State: All replicated index: 0, Majority replicated index: 0, Committed index: 0, Last appended: 0.0, Last appended by leader: 0, Current term: 0, Majority size: -1, State: 1, Mode: NON_LEADER
I0727 05:16:16.928877 111984 ts_tablet_manager.cc:775] T d785263627524767b434d3ab4fbcb148 P 6f1af300e1d549d6b1cdd8bf3b9aeb9c: Time spent starting tablet: real 0.000s	user 0.000s	sys 0.000s
I0727 05:16:16.928894 111984 ts_tablet_manager.cc:741] T 20dd5b961d6c4a5cb718d747524d3697 P 6f1af300e1d549d6b1cdd8bf3b9aeb9c: Bootstrapping tablet
I0727 05:16:16.928905 111984 tablet_bootstrap.cc:406] T 20dd5b961d6c4a5cb718d747524d3697 P 6f1af300e1d549d6b1cdd8bf3b9aeb9c: Bootstrap starting.
I0727 05:16:16.929041 111984 tablet_bootstrap.cc:547] T 20dd5b961d6c4a5cb718d747524d3697 P 6f1af300e1d549d6b1cdd8bf3b9aeb9c: No blocks or log segments found. Creating new log.
I0727 05:16:16.929431 111984 tablet_bootstrap.cc:406] T 20dd5b961d6c4a5cb718d747524d3697 P 6f1af300e1d549d6b1cdd8bf3b9aeb9c: No bootstrap required, opened a new log
I0727 05:16:16.929451 111984 ts_tablet_manager.cc:746] T 20dd5b961d6c4a5cb718d747524d3697 P 6f1af300e1d549d6b1cdd8bf3b9aeb9c: Time spent bootstrapping tablet: real 0.001s	user 0.000s	sys 0.000s
I0727 05:16:16.929725 111984 raft_consensus.cc:284] T 20dd5b961d6c4a5cb718d747524d3697 P 6f1af300e1d549d6b1cdd8bf3b9aeb9c [term 0 FOLLOWER]: Replica starting. Triggering 0 pending transactions. Active config: opid_index: -1 OBSOLETE_local: false peers { permanent_uuid: "b497dbd6bd1a4c998891b00d2493a1bb" member_type: VOTER last_known_addr { host: "ip-172-31-12-168" port: 31202 } } peers { permanent_uuid: "6f1af300e1d549d6b1cdd8bf3b9aeb9c" member_type: VOTER last_known_addr { host: "ip-172-31-12-168" port: 31201 } } peers { permanent_uuid: "3a3c735705964e1badb66c37a66a9096" member_type: VOTER last_known_addr { host: "ip-172-31-12-168" port: 31200 } }
I0727 05:16:16.929739 111984 raft_consensus.cc:316] T 20dd5b961d6c4a5cb718d747524d3697 P 6f1af300e1d549d6b1cdd8bf3b9aeb9c [term 0 FOLLOWER]: Consensus starting up: Expiring failure detector timer to make a prompt election more likely
I0727 05:16:16.929742 111984 raft_consensus.cc:560] T 20dd5b961d6c4a5cb718d747524d3697 P 6f1af300e1d549d6b1cdd8bf3b9aeb9c [term 0 FOLLOWER]: Becoming Follower/Learner. State: Replica: 6f1af300e1d549d6b1cdd8bf3b9aeb9c, State: Running, Role: FOLLOWER
I0727 05:16:16.929752 111984 consensus_queue.cc:186] T 20dd5b961d6c4a5cb718d747524d3697 P 6f1af300e1d549d6b1cdd8bf3b9aeb9c [NON_LEADER]: Queue going to NON_LEADER mode. State: All replicated index: 0, Majority replicated index: 0, Committed index: 0, Last appended: 0.0, Last appended by leader: 0, Current term: 0, Majority size: -1, State: 1, Mode: NON_LEADER
I0727 05:16:16.929800 111984 ts_tablet_manager.cc:775] T 20dd5b961d6c4a5cb718d747524d3697 P 6f1af300e1d549d6b1cdd8bf3b9aeb9c: Time spent starting tablet: real 0.000s	user 0.000s	sys 0.000s
I0727 05:16:17.006551 21010 raft_consensus.cc:2372] T 3092a2a1be4e47c3aa26e260c1eea55b P 6f1af300e1d549d6b1cdd8bf3b9aeb9c: Snoozing failure detection for election timeout plus an additional 2.176s
I0727 05:16:17.006564 21010 raft_consensus.cc:1943] T 3092a2a1be4e47c3aa26e260c1eea55b P 6f1af300e1d549d6b1cdd8bf3b9aeb9c [term 0 FOLLOWER]: Leader pre-election vote request: Granting yes vote for candidate 3a3c735705964e1badb66c37a66a9096 in term 0.
I0727 05:16:17.007221 21010 raft_consensus.cc:2419] T 3092a2a1be4e47c3aa26e260c1eea55b P 6f1af300e1d549d6b1cdd8bf3b9aeb9c [term 0 FOLLOWER]: Advancing to term 1
I0727 05:16:17.007237 21010 raft_consensus.cc:2372] T 3092a2a1be4e47c3aa26e260c1eea55b P 6f1af300e1d549d6b1cdd8bf3b9aeb9c: Snoozing failure detection for election timeout plus an additional 1.502s
I0727 05:16:17.007509 21010 raft_consensus.cc:1943] T 3092a2a1be4e47c3aa26e260c1eea55b P 6f1af300e1d549d6b1cdd8bf3b9aeb9c [term 1 FOLLOWER]: Leader election vote request: Granting yes vote for candidate 3a3c735705964e1badb66c37a66a9096 in term 1.
I0727 05:16:17.058740 111996 raft_consensus.cc:411] T d785263627524767b434d3ab4fbcb148 P 6f1af300e1d549d6b1cdd8bf3b9aeb9c [term 0 FOLLOWER]: Starting pre-election (no leader contacted us within the election timeout)
I0727 05:16:17.058759 111996 raft_consensus.cc:2372] T d785263627524767b434d3ab4fbcb148 P 6f1af300e1d549d6b1cdd8bf3b9aeb9c: Snoozing failure detection for election timeout plus an additional 1.620s
I0727 05:16:17.058795 111996 raft_consensus.cc:435] T d785263627524767b434d3ab4fbcb148 P 6f1af300e1d549d6b1cdd8bf3b9aeb9c [term 0 FOLLOWER]: Starting pre-election with config: opid_index: -1 OBSOLETE_local: false peers { permanent_uuid: "6f1af300e1d549d6b1cdd8bf3b9aeb9c" member_type: VOTER last_known_addr { host: "ip-172-31-12-168" port: 31201 } } peers { permanent_uuid: "3a3c735705964e1badb66c37a66a9096" member_type: VOTER last_known_addr { host: "ip-172-31-12-168" port: 31200 } } peers { permanent_uuid: "b497dbd6bd1a4c998891b00d2493a1bb" member_type: VOTER last_known_addr { host: "ip-172-31-12-168" port: 31202 } }
I0727 05:16:17.058926 111996 leader_election.cc:217] T d785263627524767b434d3ab4fbcb148 P 6f1af300e1d549d6b1cdd8bf3b9aeb9c [CANDIDATE]: Term 1 pre-election: Requesting pre-vote from peer 3a3c735705964e1badb66c37a66a9096
I0727 05:16:17.058953 111996 leader_election.cc:217] T d785263627524767b434d3ab4fbcb148 P 6f1af300e1d549d6b1cdd8bf3b9aeb9c [CANDIDATE]: Term 1 pre-election: Requesting pre-vote from peer b497dbd6bd1a4c998891b00d2493a1bb
I0727 05:16:17.059087 20833 leader_election.cc:349] T d785263627524767b434d3ab4fbcb148 P 6f1af300e1d549d6b1cdd8bf3b9aeb9c [CANDIDATE]: Term 1 pre-election: Vote granted by peer 3a3c735705964e1badb66c37a66a9096
I0727 05:16:17.059103 20833 leader_election.cc:244] T d785263627524767b434d3ab4fbcb148 P 6f1af300e1d549d6b1cdd8bf3b9aeb9c [CANDIDATE]: Term 1 pre-election: Election decided. Result: candidate won.
I0727 05:16:17.059115 20829 leader_election.cc:349] T d785263627524767b434d3ab4fbcb148 P 6f1af300e1d549d6b1cdd8bf3b9aeb9c [CANDIDATE]: Term 1 pre-election: Vote granted by peer b497dbd6bd1a4c998891b00d2493a1bb
I0727 05:16:17.059134 50038 raft_consensus.cc:2372] T d785263627524767b434d3ab4fbcb148 P 6f1af300e1d549d6b1cdd8bf3b9aeb9c: Snoozing failure detection for election timeout plus an additional 1.953s
I0727 05:16:17.059147 50038 raft_consensus.cc:2176] T d785263627524767b434d3ab4fbcb148 P 6f1af300e1d549d6b1cdd8bf3b9aeb9c [term 0 FOLLOWER]: Leader pre-election won for term 1
I0727 05:16:17.059154 50038 raft_consensus.cc:411] T d785263627524767b434d3ab4fbcb148 P 6f1af300e1d549d6b1cdd8bf3b9aeb9c [term 0 FOLLOWER]: Starting leader election (no leader contacted us within the election timeout)
I0727 05:16:17.059159 50038 raft_consensus.cc:2372] T d785263627524767b434d3ab4fbcb148 P 6f1af300e1d549d6b1cdd8bf3b9aeb9c: Snoozing failure detection for election timeout plus an additional 1.532s
I0727 05:16:17.059165 50038 raft_consensus.cc:2419] T d785263627524767b434d3ab4fbcb148 P 6f1af300e1d549d6b1cdd8bf3b9aeb9c [term 0 FOLLOWER]: Advancing to term 1
I0727 05:16:17.059437 50038 raft_consensus.cc:435] T d785263627524767b434d3ab4fbcb148 P 6f1af300e1d549d6b1cdd8bf3b9aeb9c [term 1 FOLLOWER]: Starting leader election with config: opid_index: -1 OBSOLETE_local: false peers { permanent_uuid: "6f1af300e1d549d6b1cdd8bf3b9aeb9c" member_type: VOTER last_known_addr { host: "ip-172-31-12-168" port: 31201 } } peers { permanent_uuid: "3a3c735705964e1badb66c37a66a9096" member_type: VOTER last_known_addr { host: "ip-172-31-12-168" port: 31200 } } peers { permanent_uuid: "b497dbd6bd1a4c998891b00d2493a1bb" member_type: VOTER last_known_addr { host: "ip-172-31-12-168" port: 31202 } }
I0727 05:16:17.059551 50038 leader_election.cc:217] T d785263627524767b434d3ab4fbcb148 P 6f1af300e1d549d6b1cdd8bf3b9aeb9c [CANDIDATE]: Term 1 election: Requesting vote from peer 3a3c735705964e1badb66c37a66a9096
I0727 05:16:17.059569 50038 leader_election.cc:217] T d785263627524767b434d3ab4fbcb148 P 6f1af300e1d549d6b1cdd8bf3b9aeb9c [CANDIDATE]: Term 1 election: Requesting vote from peer b497dbd6bd1a4c998891b00d2493a1bb
I0727 05:16:17.059918 20829 leader_election.cc:349] T d785263627524767b434d3ab4fbcb148 P 6f1af300e1d549d6b1cdd8bf3b9aeb9c [CANDIDATE]: Term 1 election: Vote granted by peer b497dbd6bd1a4c998891b00d2493a1bb
I0727 05:16:17.059929 20829 leader_election.cc:244] T d785263627524767b434d3ab4fbcb148 P 6f1af300e1d549d6b1cdd8bf3b9aeb9c [CANDIDATE]: Term 1 election: Election decided. Result: candidate won.
I0727 05:16:17.059962 50051 raft_consensus.cc:2372] T d785263627524767b434d3ab4fbcb148 P 6f1af300e1d549d6b1cdd8bf3b9aeb9c: Snoozing failure detection for election timeout plus an additional 2.148s
I0727 05:16:17.059967 20833 leader_election.cc:349] T d785263627524767b434d3ab4fbcb148 P 6f1af300e1d549d6b1cdd8bf3b9aeb9c [CANDIDATE]: Term 1 election: Vote granted by peer 3a3c735705964e1badb66c37a66a9096
I0727 05:16:17.059981 50051 raft_consensus.cc:2176] T d785263627524767b434d3ab4fbcb148 P 6f1af300e1d549d6b1cdd8bf3b9aeb9c [term 1 FOLLOWER]: Leader election won for term 1
I0727 05:16:17.060012 50051 raft_consensus.cc:528] T d785263627524767b434d3ab4fbcb148 P 6f1af300e1d549d6b1cdd8bf3b9aeb9c [term 1 LEADER]: Becoming Leader. State: Replica: 6f1af300e1d549d6b1cdd8bf3b9aeb9c, State: Running, Role: LEADER
I0727 05:16:17.060039 50051 consensus_queue.cc:165] T d785263627524767b434d3ab4fbcb148 P 6f1af300e1d549d6b1cdd8bf3b9aeb9c [LEADER]: Queue going to LEADER mode. State: All replicated index: 0, Majority replicated index: 0, Committed index: 0, Last appended: 0.0, Last appended by leader: 0, Current term: 1, Majority size: 2, State: 1, Mode: LEADER, active raft config: opid_index: -1 OBSOLETE_local: false peers { permanent_uuid: "6f1af300e1d549d6b1cdd8bf3b9aeb9c" member_type: VOTER last_known_addr { host: "ip-172-31-12-168" port: 31201 } } peers { permanent_uuid: "3a3c735705964e1badb66c37a66a9096" member_type: VOTER last_known_addr { host: "ip-172-31-12-168" port: 31200 } } peers { permanent_uuid: "b497dbd6bd1a4c998891b00d2493a1bb" member_type: VOTER last_known_addr { host: "ip-172-31-12-168" port: 31202 } }
I0727 05:16:17.321125 21010 raft_consensus.cc:944] T 3092a2a1be4e47c3aa26e260c1eea55b P 6f1af300e1d549d6b1cdd8bf3b9aeb9c [term 1 FOLLOWER]: Refusing update from remote peer 3a3c735705964e1badb66c37a66a9096: Log matching property violated. Preceding OpId in replica: term: 0 index: 0. Preceding OpId from leader: term: 1 index: 1. (index mismatch)
I0727 05:16:17.384675 112002 raft_consensus.cc:411] T 20dd5b961d6c4a5cb718d747524d3697 P 6f1af300e1d549d6b1cdd8bf3b9aeb9c [term 0 FOLLOWER]: Starting pre-election (no leader contacted us within the election timeout)
I0727 05:16:17.384694 112002 raft_consensus.cc:2372] T 20dd5b961d6c4a5cb718d747524d3697 P 6f1af300e1d549d6b1cdd8bf3b9aeb9c: Snoozing failure detection for election timeout plus an additional 1.891s
I0727 05:16:17.384729 112002 raft_consensus.cc:435] T 20dd5b961d6c4a5cb718d747524d3697 P 6f1af300e1d549d6b1cdd8bf3b9aeb9c [term 0 FOLLOWER]: Starting pre-election with config: opid_index: -1 OBSOLETE_local: false peers { permanent_uuid: "b497dbd6bd1a4c998891b00d2493a1bb" member_type: VOTER last_known_addr { host: "ip-172-31-12-168" port: 31202 } } peers { permanent_uuid: "6f1af300e1d549d6b1cdd8bf3b9aeb9c" member_type: VOTER last_known_addr { host: "ip-172-31-12-168" port: 31201 } } peers { permanent_uuid: "3a3c735705964e1badb66c37a66a9096" member_type: VOTER last_known_addr { host: "ip-172-31-12-168" port: 31200 } }
I0727 05:16:17.384876 112002 leader_election.cc:217] T 20dd5b961d6c4a5cb718d747524d3697 P 6f1af300e1d549d6b1cdd8bf3b9aeb9c [CANDIDATE]: Term 1 pre-election: Requesting pre-vote from peer b497dbd6bd1a4c998891b00d2493a1bb
I0727 05:16:17.384898 112002 leader_election.cc:217] T 20dd5b961d6c4a5cb718d747524d3697 P 6f1af300e1d549d6b1cdd8bf3b9aeb9c [CANDIDATE]: Term 1 pre-election: Requesting pre-vote from peer 3a3c735705964e1badb66c37a66a9096
I0727 05:16:17.385016 20829 leader_election.cc:349] T 20dd5b961d6c4a5cb718d747524d3697 P 6f1af300e1d549d6b1cdd8bf3b9aeb9c [CANDIDATE]: Term 1 pre-election: Vote granted by peer b497dbd6bd1a4c998891b00d2493a1bb
I0727 05:16:17.385027 20829 leader_election.cc:244] T 20dd5b961d6c4a5cb718d747524d3697 P 6f1af300e1d549d6b1cdd8bf3b9aeb9c [CANDIDATE]: Term 1 pre-election: Election decided. Result: candidate won.
I0727 05:16:17.385053 52237 raft_consensus.cc:2372] T 20dd5b961d6c4a5cb718d747524d3697 P 6f1af300e1d549d6b1cdd8bf3b9aeb9c: Snoozing failure detection for election timeout plus an additional 1.899s
I0727 05:16:17.385062 20833 leader_election.cc:349] T 20dd5b961d6c4a5cb718d747524d3697 P 6f1af300e1d549d6b1cdd8bf3b9aeb9c [CANDIDATE]: Term 1 pre-election: Vote granted by peer 3a3c735705964e1badb66c37a66a9096
I0727 05:16:17.385067 52237 raft_consensus.cc:2176] T 20dd5b961d6c4a5cb718d747524d3697 P 6f1af300e1d549d6b1cdd8bf3b9aeb9c [term 0 FOLLOWER]: Leader pre-election won for term 1
I0727 05:16:17.385071 52237 raft_consensus.cc:411] T 20dd5b961d6c4a5cb718d747524d3697 P 6f1af300e1d549d6b1cdd8bf3b9aeb9c [term 0 FOLLOWER]: Starting leader election (no leader contacted us within the election timeout)
I0727 05:16:17.385080 52237 raft_consensus.cc:2372] T 20dd5b961d6c4a5cb718d747524d3697 P 6f1af300e1d549d6b1cdd8bf3b9aeb9c: Snoozing failure detection for election timeout plus an additional 2.022s
I0727 05:16:17.385082 52237 raft_consensus.cc:2419] T 20dd5b961d6c4a5cb718d747524d3697 P 6f1af300e1d549d6b1cdd8bf3b9aeb9c [term 0 FOLLOWER]: Advancing to term 1
I0727 05:16:17.385385 52237 raft_consensus.cc:435] T 20dd5b961d6c4a5cb718d747524d3697 P 6f1af300e1d549d6b1cdd8bf3b9aeb9c [term 1 FOLLOWER]: Starting leader election with config: opid_index: -1 OBSOLETE_local: false peers { permanent_uuid: "b497dbd6bd1a4c998891b00d2493a1bb" member_type: VOTER last_known_addr { host: "ip-172-31-12-168" port: 31202 } } peers { permanent_uuid: "6f1af300e1d549d6b1cdd8bf3b9aeb9c" member_type: VOTER last_known_addr { host: "ip-172-31-12-168" port: 31201 } } peers { permanent_uuid: "3a3c735705964e1badb66c37a66a9096" member_type: VOTER last_known_addr { host: "ip-172-31-12-168" port: 31200 } }
I0727 05:16:17.385493 52237 leader_election.cc:217] T 20dd5b961d6c4a5cb718d747524d3697 P 6f1af300e1d549d6b1cdd8bf3b9aeb9c [CANDIDATE]: Term 1 election: Requesting vote from peer b497dbd6bd1a4c998891b00d2493a1bb
I0727 05:16:17.385512 52237 leader_election.cc:217] T 20dd5b961d6c4a5cb718d747524d3697 P 6f1af300e1d549d6b1cdd8bf3b9aeb9c [CANDIDATE]: Term 1 election: Requesting vote from peer 3a3c735705964e1badb66c37a66a9096
I0727 05:16:17.385869 20829 leader_election.cc:349] T 20dd5b961d6c4a5cb718d747524d3697 P 6f1af300e1d549d6b1cdd8bf3b9aeb9c [CANDIDATE]: Term 1 election: Vote granted by peer b497dbd6bd1a4c998891b00d2493a1bb
I0727 05:16:17.385877 20829 leader_election.cc:244] T 20dd5b961d6c4a5cb718d747524d3697 P 6f1af300e1d549d6b1cdd8bf3b9aeb9c [CANDIDATE]: Term 1 election: Election decided. Result: candidate won.
I0727 05:16:17.385900 50051 raft_consensus.cc:2372] T 20dd5b961d6c4a5cb718d747524d3697 P 6f1af300e1d549d6b1cdd8bf3b9aeb9c: Snoozing failure detection for election timeout plus an additional 1.614s
I0727 05:16:17.385913 50051 raft_consensus.cc:2176] T 20dd5b961d6c4a5cb718d747524d3697 P 6f1af300e1d549d6b1cdd8bf3b9aeb9c [term 1 FOLLOWER]: Leader election won for term 1
I0727 05:16:17.385926 50051 raft_consensus.cc:528] T 20dd5b961d6c4a5cb718d747524d3697 P 6f1af300e1d549d6b1cdd8bf3b9aeb9c [term 1 LEADER]: Becoming Leader. State: Replica: 6f1af300e1d549d6b1cdd8bf3b9aeb9c, State: Running, Role: LEADER
I0727 05:16:17.385931 20833 leader_election.cc:349] T 20dd5b961d6c4a5cb718d747524d3697 P 6f1af300e1d549d6b1cdd8bf3b9aeb9c [CANDIDATE]: Term 1 election: Vote granted by peer 3a3c735705964e1badb66c37a66a9096
I0727 05:16:17.385948 50051 consensus_queue.cc:165] T 20dd5b961d6c4a5cb718d747524d3697 P 6f1af300e1d549d6b1cdd8bf3b9aeb9c [LEADER]: Queue going to LEADER mode. State: All replicated index: 0, Majority replicated index: 0, Committed index: 0, Last appended: 0.0, Last appended by leader: 0, Current term: 1, Majority size: 2, State: 1, Mode: LEADER, active raft config: opid_index: -1 OBSOLETE_local: false peers { permanent_uuid: "b497dbd6bd1a4c998891b00d2493a1bb" member_type: VOTER last_known_addr { host: "ip-172-31-12-168" port: 31202 } } peers { permanent_uuid: "6f1af300e1d549d6b1cdd8bf3b9aeb9c" member_type: VOTER last_known_addr { host: "ip-172-31-12-168" port: 31201 } } peers { permanent_uuid: "3a3c735705964e1badb66c37a66a9096" member_type: VOTER last_known_addr { host: "ip-172-31-12-168" port: 31200 } }
I0727 05:16:17.462015 52237 consensus_queue.cc:722] T d785263627524767b434d3ab4fbcb148 P 6f1af300e1d549d6b1cdd8bf3b9aeb9c [LEADER]: Connected to new peer: Peer: b497dbd6bd1a4c998891b00d2493a1bb, Is new: false, Last received: 0.0, Next index: 1, Last known committed idx: 0, Last exchange result: ERROR, Needs tablet copy: false
I0727 05:16:17.462741 50051 consensus_queue.cc:722] T d785263627524767b434d3ab4fbcb148 P 6f1af300e1d549d6b1cdd8bf3b9aeb9c [LEADER]: Connected to new peer: Peer: 3a3c735705964e1badb66c37a66a9096, Is new: false, Last received: 0.0, Next index: 1, Last known committed idx: 0, Last exchange result: ERROR, Needs tablet copy: false
I0727 05:16:17.668462 52237 consensus_queue.cc:722] T 20dd5b961d6c4a5cb718d747524d3697 P 6f1af300e1d549d6b1cdd8bf3b9aeb9c [LEADER]: Connected to new peer: Peer: 3a3c735705964e1badb66c37a66a9096, Is new: false, Last received: 0.0, Next index: 1, Last known committed idx: 0, Last exchange result: ERROR, Needs tablet copy: false
I0727 05:16:17.669157 50009 consensus_queue.cc:722] T 20dd5b961d6c4a5cb718d747524d3697 P 6f1af300e1d549d6b1cdd8bf3b9aeb9c [LEADER]: Connected to new peer: Peer: b497dbd6bd1a4c998891b00d2493a1bb, Is new: false, Last received: 0.0, Next index: 1, Last known committed idx: 0, Last exchange result: ERROR, Needs tablet copy: false
I0727 05:16:28.844668 20965 tablet_service.cc:713] Processing DeleteTablet for tablet 610c38b258c046a58eca1490029a8eaf with delete_type TABLET_DATA_DELETED (Table deleted at 2017-07-27 05:16:28 UTC) from {username='ubuntu'} at 127.0.0.1:51271
I0727 05:16:28.844676 20969 tablet_service.cc:713] Processing DeleteTablet for tablet bf867b8b6e6e453cab9ce9b7e5171c53 with delete_type TABLET_DATA_DELETED (Table deleted at 2017-07-27 05:16:28 UTC) from {username='ubuntu'} at 127.0.0.1:51271
I0727 05:16:28.844693 20965 tablet_replica.cc:225] Initiating TabletReplica shutdown for tablet: 610c38b258c046a58eca1490029a8eaf
I0727 05:16:28.844710 20969 tablet_replica.cc:225] Initiating TabletReplica shutdown for tablet: bf867b8b6e6e453cab9ce9b7e5171c53
I0727 05:16:28.844727 20965 maintenance_manager.cc:206] P 6f1af300e1d549d6b1cdd8bf3b9aeb9c: Unregistered op CompactRowSetsOp(610c38b258c046a58eca1490029a8eaf)
I0727 05:16:28.844756 20965 maintenance_manager.cc:206] P 6f1af300e1d549d6b1cdd8bf3b9aeb9c: Unregistered op MinorDeltaCompactionOp(610c38b258c046a58eca1490029a8eaf)
I0727 05:16:28.844746 20969 maintenance_manager.cc:206] P 6f1af300e1d549d6b1cdd8bf3b9aeb9c: Unregistered op CompactRowSetsOp(bf867b8b6e6e453cab9ce9b7e5171c53)
I0727 05:16:28.844775 20969 maintenance_manager.cc:206] P 6f1af300e1d549d6b1cdd8bf3b9aeb9c: Unregistered op MinorDeltaCompactionOp(bf867b8b6e6e453cab9ce9b7e5171c53)
I0727 05:16:28.844784 20969 maintenance_manager.cc:206] P 6f1af300e1d549d6b1cdd8bf3b9aeb9c: Unregistered op MajorDeltaCompactionOp(bf867b8b6e6e453cab9ce9b7e5171c53)
I0727 05:16:28.844789 20969 maintenance_manager.cc:206] P 6f1af300e1d549d6b1cdd8bf3b9aeb9c: Unregistered op UndoDeltaBlockGCOp(bf867b8b6e6e453cab9ce9b7e5171c53)
I0727 05:16:28.844761 20965 maintenance_manager.cc:206] P 6f1af300e1d549d6b1cdd8bf3b9aeb9c: Unregistered op MajorDeltaCompactionOp(610c38b258c046a58eca1490029a8eaf)
I0727 05:16:28.844792 20969 maintenance_manager.cc:206] P 6f1af300e1d549d6b1cdd8bf3b9aeb9c: Unregistered op FlushMRSOp(bf867b8b6e6e453cab9ce9b7e5171c53)
I0727 05:16:28.844800 20965 maintenance_manager.cc:206] P 6f1af300e1d549d6b1cdd8bf3b9aeb9c: Unregistered op UndoDeltaBlockGCOp(610c38b258c046a58eca1490029a8eaf)
I0727 05:16:28.844812 20965 maintenance_manager.cc:206] P 6f1af300e1d549d6b1cdd8bf3b9aeb9c: Unregistered op FlushMRSOp(610c38b258c046a58eca1490029a8eaf)
I0727 05:16:28.844820 20965 maintenance_manager.cc:206] P 6f1af300e1d549d6b1cdd8bf3b9aeb9c: Unregistered op FlushDeltaMemStoresOp(610c38b258c046a58eca1490029a8eaf)
I0727 05:16:28.844826 20965 maintenance_manager.cc:206] P 6f1af300e1d549d6b1cdd8bf3b9aeb9c: Unregistered op LogGCOp(610c38b258c046a58eca1490029a8eaf)
I0727 05:16:28.844811 20969 maintenance_manager.cc:206] P 6f1af300e1d549d6b1cdd8bf3b9aeb9c: Unregistered op FlushDeltaMemStoresOp(bf867b8b6e6e453cab9ce9b7e5171c53)
I0727 05:16:28.844831 20969 maintenance_manager.cc:206] P 6f1af300e1d549d6b1cdd8bf3b9aeb9c: Unregistered op LogGCOp(bf867b8b6e6e453cab9ce9b7e5171c53)
I0727 05:16:28.844835 20965 raft_consensus.cc:1763] T 610c38b258c046a58eca1490029a8eaf P 6f1af300e1d549d6b1cdd8bf3b9aeb9c [term 1 FOLLOWER]: Raft consensus shutting down.
I0727 05:16:28.844836 20969 raft_consensus.cc:1763] T bf867b8b6e6e453cab9ce9b7e5171c53 P 6f1af300e1d549d6b1cdd8bf3b9aeb9c [term 1 FOLLOWER]: Raft consensus shutting down.
I0727 05:16:28.844840 20965 raft_consensus.cc:1778] T 610c38b258c046a58eca1490029a8eaf P 6f1af300e1d549d6b1cdd8bf3b9aeb9c [term 1 FOLLOWER]: Raft consensus is shut down!
I0727 05:16:28.844841 20969 raft_consensus.cc:1778] T bf867b8b6e6e453cab9ce9b7e5171c53 P 6f1af300e1d549d6b1cdd8bf3b9aeb9c [term 1 FOLLOWER]: Raft consensus is shut down!
I0727 05:16:28.844938 20967 tablet_service.cc:713] Processing DeleteTablet for tablet fc48c1c3567d4e6b83714f1cac215c94 with delete_type TABLET_DATA_DELETED (Table deleted at 2017-07-27 05:16:28 UTC) from {username='ubuntu'} at 127.0.0.1:51271
I0727 05:16:28.844954 20967 tablet_replica.cc:225] Initiating TabletReplica shutdown for tablet: fc48c1c3567d4e6b83714f1cac215c94
I0727 05:16:28.844961 20967 maintenance_manager.cc:206] P 6f1af300e1d549d6b1cdd8bf3b9aeb9c: Unregistered op CompactRowSetsOp(fc48c1c3567d4e6b83714f1cac215c94)
I0727 05:16:28.844967 20967 maintenance_manager.cc:206] P 6f1af300e1d549d6b1cdd8bf3b9aeb9c: Unregistered op MinorDeltaCompactionOp(fc48c1c3567d4e6b83714f1cac215c94)
I0727 05:16:28.844972 20967 maintenance_manager.cc:206] P 6f1af300e1d549d6b1cdd8bf3b9aeb9c: Unregistered op MajorDeltaCompactionOp(fc48c1c3567d4e6b83714f1cac215c94)
I0727 05:16:28.844979 20967 maintenance_manager.cc:206] P 6f1af300e1d549d6b1cdd8bf3b9aeb9c: Unregistered op UndoDeltaBlockGCOp(fc48c1c3567d4e6b83714f1cac215c94)
I0727 05:16:28.844983 20967 maintenance_manager.cc:206] P 6f1af300e1d549d6b1cdd8bf3b9aeb9c: Unregistered op FlushMRSOp(fc48c1c3567d4e6b83714f1cac215c94)
I0727 05:16:28.844993 20967 maintenance_manager.cc:206] P 6f1af300e1d549d6b1cdd8bf3b9aeb9c: Unregistered op FlushDeltaMemStoresOp(fc48c1c3567d4e6b83714f1cac215c94)
I0727 05:16:28.844997 20967 maintenance_manager.cc:206] P 6f1af300e1d549d6b1cdd8bf3b9aeb9c: Unregistered op LogGCOp(fc48c1c3567d4e6b83714f1cac215c94)
I0727 05:16:28.845005 20967 raft_consensus.cc:1763] T fc48c1c3567d4e6b83714f1cac215c94 P 6f1af300e1d549d6b1cdd8bf3b9aeb9c [term 1 FOLLOWER]: Raft consensus shutting down.
I0727 05:16:28.845016 20967 raft_consensus.cc:1778] T fc48c1c3567d4e6b83714f1cac215c94 P 6f1af300e1d549d6b1cdd8bf3b9aeb9c [term 1 FOLLOWER]: Raft consensus is shut down!
I0727 05:16:28.845165 20965 ts_tablet_manager.cc:1030] T 610c38b258c046a58eca1490029a8eaf P 6f1af300e1d549d6b1cdd8bf3b9aeb9c: Deleting tablet data with delete state TABLET_DATA_DELETED
I0727 05:16:28.845201 20969 ts_tablet_manager.cc:1030] T bf867b8b6e6e453cab9ce9b7e5171c53 P 6f1af300e1d549d6b1cdd8bf3b9aeb9c: Deleting tablet data with delete state TABLET_DATA_DELETED
I0727 05:16:28.845316 20967 ts_tablet_manager.cc:1030] T fc48c1c3567d4e6b83714f1cac215c94 P 6f1af300e1d549d6b1cdd8bf3b9aeb9c: Deleting tablet data with delete state TABLET_DATA_DELETED
I0727 05:16:28.846694 20965 ts_tablet_manager.cc:1042] T 610c38b258c046a58eca1490029a8eaf P 6f1af300e1d549d6b1cdd8bf3b9aeb9c: Tablet deleted. Last logged OpId: 1.2
I0727 05:16:28.846715 20965 log.cc:974] T 610c38b258c046a58eca1490029a8eaf P 6f1af300e1d549d6b1cdd8bf3b9aeb9c: Deleting WAL directory at /home/ubuntu/Impala/testdata/cluster/cdh5/node-2/var/lib/kudu/ts/wal/wals/610c38b258c046a58eca1490029a8eaf
I0727 05:16:28.846760 20967 ts_tablet_manager.cc:1042] T fc48c1c3567d4e6b83714f1cac215c94 P 6f1af300e1d549d6b1cdd8bf3b9aeb9c: Tablet deleted. Last logged OpId: 1.2
I0727 05:16:28.846776 20967 log.cc:974] T fc48c1c3567d4e6b83714f1cac215c94 P 6f1af300e1d549d6b1cdd8bf3b9aeb9c: Deleting WAL directory at /home/ubuntu/Impala/testdata/cluster/cdh5/node-2/var/lib/kudu/ts/wal/wals/fc48c1c3567d4e6b83714f1cac215c94
I0727 05:16:28.846828 20965 ts_tablet_manager.cc:1060] T 610c38b258c046a58eca1490029a8eaf P 6f1af300e1d549d6b1cdd8bf3b9aeb9c: Deleting consensus metadata
I0727 05:16:28.846859 20967 ts_tablet_manager.cc:1060] T fc48c1c3567d4e6b83714f1cac215c94 P 6f1af300e1d549d6b1cdd8bf3b9aeb9c: Deleting consensus metadata
I0727 05:16:28.846995 20969 ts_tablet_manager.cc:1042] T bf867b8b6e6e453cab9ce9b7e5171c53 P 6f1af300e1d549d6b1cdd8bf3b9aeb9c: Tablet deleted. Last logged OpId: 1.2
I0727 05:16:28.847014 20969 log.cc:974] T bf867b8b6e6e453cab9ce9b7e5171c53 P 6f1af300e1d549d6b1cdd8bf3b9aeb9c: Deleting WAL directory at /home/ubuntu/Impala/testdata/cluster/cdh5/node-2/var/lib/kudu/ts/wal/wals/bf867b8b6e6e453cab9ce9b7e5171c53
I0727 05:16:28.847120 20969 ts_tablet_manager.cc:1060] T bf867b8b6e6e453cab9ce9b7e5171c53 P 6f1af300e1d549d6b1cdd8bf3b9aeb9c: Deleting consensus metadata
I0727 05:16:28.977859 20969 tablet_service.cc:672] Processing CreateTablet for tablet 959dd06cf03846e2b41a5260d6c51908 (table=impala::functional_kudu.alltypesaggnonulls [id=d52c671b3a8c4dfb9157f3bf18663f64]), partition=HASH (id) PARTITION 0
I0727 05:16:28.977871 20967 tablet_service.cc:672] Processing CreateTablet for tablet 7c456491f02e4c0bbd4a2d06106a00a1 (table=impala::functional_kudu.alltypesaggnonulls [id=d52c671b3a8c4dfb9157f3bf18663f64]), partition=HASH (id) PARTITION 1
I0727 05:16:28.977941 20965 tablet_service.cc:672] Processing CreateTablet for tablet a554a629ae22401b83628151c7807ba4 (table=impala::functional_kudu.alltypesaggnonulls [id=d52c671b3a8c4dfb9157f3bf18663f64]), partition=HASH (id) PARTITION 2
I0727 05:16:28.978468 20965 ts_tablet_manager.cc:871] T a554a629ae22401b83628151c7807ba4 P 6f1af300e1d549d6b1cdd8bf3b9aeb9c: Registered tablet (data state: TABLET_DATA_READY)
I0727 05:16:28.978672 20967 ts_tablet_manager.cc:871] T 7c456491f02e4c0bbd4a2d06106a00a1 P 6f1af300e1d549d6b1cdd8bf3b9aeb9c: Registered tablet (data state: TABLET_DATA_READY)
I0727 05:16:28.978694 20969 ts_tablet_manager.cc:871] T 959dd06cf03846e2b41a5260d6c51908 P 6f1af300e1d549d6b1cdd8bf3b9aeb9c: Registered tablet (data state: TABLET_DATA_READY)
I0727 05:16:28.978705 112027 ts_tablet_manager.cc:741] T a554a629ae22401b83628151c7807ba4 P 6f1af300e1d549d6b1cdd8bf3b9aeb9c: Bootstrapping tablet
I0727 05:16:28.978725 112027 tablet_bootstrap.cc:406] T a554a629ae22401b83628151c7807ba4 P 6f1af300e1d549d6b1cdd8bf3b9aeb9c: Bootstrap starting.
I0727 05:16:28.978878 112027 tablet_bootstrap.cc:547] T a554a629ae22401b83628151c7807ba4 P 6f1af300e1d549d6b1cdd8bf3b9aeb9c: No blocks or log segments found. Creating new log.
I0727 05:16:28.979262 112027 tablet_bootstrap.cc:406] T a554a629ae22401b83628151c7807ba4 P 6f1af300e1d549d6b1cdd8bf3b9aeb9c: No bootstrap required, opened a new log
I0727 05:16:28.979280 112027 ts_tablet_manager.cc:746] T a554a629ae22401b83628151c7807ba4 P 6f1af300e1d549d6b1cdd8bf3b9aeb9c: Time spent bootstrapping tablet: real 0.001s	user 0.000s	sys 0.000s
I0727 05:16:28.979533 112027 raft_consensus.cc:284] T a554a629ae22401b83628151c7807ba4 P 6f1af300e1d549d6b1cdd8bf3b9aeb9c [term 0 FOLLOWER]: Replica starting. Triggering 0 pending transactions. Active config: opid_index: -1 OBSOLETE_local: false peers { permanent_uuid: "b497dbd6bd1a4c998891b00d2493a1bb" member_type: VOTER last_known_addr { host: "ip-172-31-12-168" port: 31202 } } peers { permanent_uuid: "6f1af300e1d549d6b1cdd8bf3b9aeb9c" member_type: VOTER last_known_addr { host: "ip-172-31-12-168" port: 31201 } } peers { permanent_uuid: "3a3c735705964e1badb66c37a66a9096" member_type: VOTER last_known_addr { host: "ip-172-31-12-168" port: 31200 } }
I0727 05:16:28.979547 112027 raft_consensus.cc:316] T a554a629ae22401b83628151c7807ba4 P 6f1af300e1d549d6b1cdd8bf3b9aeb9c [term 0 FOLLOWER]: Consensus starting up: Expiring failure detector timer to make a prompt election more likely
I0727 05:16:28.979550 112027 raft_consensus.cc:560] T a554a629ae22401b83628151c7807ba4 P 6f1af300e1d549d6b1cdd8bf3b9aeb9c [term 0 FOLLOWER]: Becoming Follower/Learner. State: Replica: 6f1af300e1d549d6b1cdd8bf3b9aeb9c, State: Running, Role: FOLLOWER
I0727 05:16:28.979558 112027 consensus_queue.cc:186] T a554a629ae22401b83628151c7807ba4 P 6f1af300e1d549d6b1cdd8bf3b9aeb9c [NON_LEADER]: Queue going to NON_LEADER mode. State: All replicated index: 0, Majority replicated index: 0, Committed index: 0, Last appended: 0.0, Last appended by leader: 0, Current term: 0, Majority size: -1, State: 1, Mode: NON_LEADER
I0727 05:16:28.979610 112027 ts_tablet_manager.cc:775] T a554a629ae22401b83628151c7807ba4 P 6f1af300e1d549d6b1cdd8bf3b9aeb9c: Time spent starting tablet: real 0.000s	user 0.000s	sys 0.000s
I0727 05:16:28.979629 112027 ts_tablet_manager.cc:741] T 7c456491f02e4c0bbd4a2d06106a00a1 P 6f1af300e1d549d6b1cdd8bf3b9aeb9c: Bootstrapping tablet
I0727 05:16:28.979635 112027 tablet_bootstrap.cc:406] T 7c456491f02e4c0bbd4a2d06106a00a1 P 6f1af300e1d549d6b1cdd8bf3b9aeb9c: Bootstrap starting.
I0727 05:16:28.979748 112027 tablet_bootstrap.cc:547] T 7c456491f02e4c0bbd4a2d06106a00a1 P 6f1af300e1d549d6b1cdd8bf3b9aeb9c: No blocks or log segments found. Creating new log.
I0727 05:16:28.980123 112027 tablet_bootstrap.cc:406] T 7c456491f02e4c0bbd4a2d06106a00a1 P 6f1af300e1d549d6b1cdd8bf3b9aeb9c: No bootstrap required, opened a new log
I0727 05:16:28.980139 112027 ts_tablet_manager.cc:746] T 7c456491f02e4c0bbd4a2d06106a00a1 P 6f1af300e1d549d6b1cdd8bf3b9aeb9c: Time spent bootstrapping tablet: real 0.001s	user 0.000s	sys 0.000s
I0727 05:16:28.980408 112027 raft_consensus.cc:284] T 7c456491f02e4c0bbd4a2d06106a00a1 P 6f1af300e1d549d6b1cdd8bf3b9aeb9c [term 0 FOLLOWER]: Replica starting. Triggering 0 pending transactions. Active config: opid_index: -1 OBSOLETE_local: false peers { permanent_uuid: "6f1af300e1d549d6b1cdd8bf3b9aeb9c" member_type: VOTER last_known_addr { host: "ip-172-31-12-168" port: 31201 } } peers { permanent_uuid: "3a3c735705964e1badb66c37a66a9096" member_type: VOTER last_known_addr { host: "ip-172-31-12-168" port: 31200 } } peers { permanent_uuid: "b497dbd6bd1a4c998891b00d2493a1bb" member_type: VOTER last_known_addr { host: "ip-172-31-12-168" port: 31202 } }
I0727 05:16:28.980422 112027 raft_consensus.cc:316] T 7c456491f02e4c0bbd4a2d06106a00a1 P 6f1af300e1d549d6b1cdd8bf3b9aeb9c [term 0 FOLLOWER]: Consensus starting up: Expiring failure detector timer to make a prompt election more likely
