I0727 05:17:09.453630 21010 raft_consensus.cc:1943] T 796f4aa741ff4d61b7d43b762d885930 P 6f1af300e1d549d6b1cdd8bf3b9aeb9c [term 1 FOLLOWER]: Leader election vote request: Granting yes vote for candidate b497dbd6bd1a4c998891b00d2493a1bb in term 1.
I0727 05:17:09.550776 21010 raft_consensus.cc:2372] T 43337a931caf45c2a8429563774a08c9 P 6f1af300e1d549d6b1cdd8bf3b9aeb9c: Snoozing failure detection for election timeout plus an additional 1.759s
I0727 05:17:09.550791 21010 raft_consensus.cc:1943] T 43337a931caf45c2a8429563774a08c9 P 6f1af300e1d549d6b1cdd8bf3b9aeb9c [term 0 FOLLOWER]: Leader pre-election vote request: Granting yes vote for candidate 3a3c735705964e1badb66c37a66a9096 in term 0.
I0727 05:17:09.551393 21010 raft_consensus.cc:2419] T 43337a931caf45c2a8429563774a08c9 P 6f1af300e1d549d6b1cdd8bf3b9aeb9c [term 0 FOLLOWER]: Advancing to term 1
I0727 05:17:09.551409 21010 raft_consensus.cc:2372] T 43337a931caf45c2a8429563774a08c9 P 6f1af300e1d549d6b1cdd8bf3b9aeb9c: Snoozing failure detection for election timeout plus an additional 2.046s
I0727 05:17:09.551647 21010 raft_consensus.cc:1943] T 43337a931caf45c2a8429563774a08c9 P 6f1af300e1d549d6b1cdd8bf3b9aeb9c [term 1 FOLLOWER]: Leader election vote request: Granting yes vote for candidate 3a3c735705964e1badb66c37a66a9096 in term 1.
I0727 05:17:09.719121 21010 raft_consensus.cc:944] T 796f4aa741ff4d61b7d43b762d885930 P 6f1af300e1d549d6b1cdd8bf3b9aeb9c [term 1 FOLLOWER]: Refusing update from remote peer b497dbd6bd1a4c998891b00d2493a1bb: Log matching property violated. Preceding OpId in replica: term: 0 index: 0. Preceding OpId from leader: term: 1 index: 1. (index mismatch)
I0727 05:17:09.769443 21010 raft_consensus.cc:944] T bac7cef66ac844dba523321d5dca7973 P 6f1af300e1d549d6b1cdd8bf3b9aeb9c [term 1 FOLLOWER]: Refusing update from remote peer 3a3c735705964e1badb66c37a66a9096: Log matching property violated. Preceding OpId in replica: term: 0 index: 0. Preceding OpId from leader: term: 1 index: 1. (index mismatch)
I0727 05:17:09.848561 21010 raft_consensus.cc:944] T 43337a931caf45c2a8429563774a08c9 P 6f1af300e1d549d6b1cdd8bf3b9aeb9c [term 1 FOLLOWER]: Refusing update from remote peer 3a3c735705964e1badb66c37a66a9096: Log matching property violated. Preceding OpId in replica: term: 0 index: 0. Preceding OpId from leader: term: 1 index: 1. (index mismatch)
I0727 05:17:16.866976 20967 tablet_service.cc:713] Processing DeleteTablet for tablet 898284ff17af46cd81519d0205e6be79 with delete_type TABLET_DATA_DELETED (Table deleted at 2017-07-27 05:17:16 UTC) from {username='ubuntu'} at 127.0.0.1:51271
I0727 05:17:16.866997 20967 tablet_replica.cc:225] Initiating TabletReplica shutdown for tablet: 898284ff17af46cd81519d0205e6be79
I0727 05:17:16.866997 20965 tablet_service.cc:713] Processing DeleteTablet for tablet 2e218299a7544189abcd9528822da88f with delete_type TABLET_DATA_DELETED (Table deleted at 2017-07-27 05:17:16 UTC) from {username='ubuntu'} at 127.0.0.1:51271
I0727 05:17:16.867007 20967 maintenance_manager.cc:206] P 6f1af300e1d549d6b1cdd8bf3b9aeb9c: Unregistered op CompactRowSetsOp(898284ff17af46cd81519d0205e6be79)
I0727 05:17:16.867018 20967 maintenance_manager.cc:206] P 6f1af300e1d549d6b1cdd8bf3b9aeb9c: Unregistered op MinorDeltaCompactionOp(898284ff17af46cd81519d0205e6be79)
I0727 05:17:16.867033 20967 maintenance_manager.cc:206] P 6f1af300e1d549d6b1cdd8bf3b9aeb9c: Unregistered op MajorDeltaCompactionOp(898284ff17af46cd81519d0205e6be79)
I0727 05:17:16.867018 20965 tablet_replica.cc:225] Initiating TabletReplica shutdown for tablet: 2e218299a7544189abcd9528822da88f
I0727 05:17:16.867053 20967 maintenance_manager.cc:206] P 6f1af300e1d549d6b1cdd8bf3b9aeb9c: Unregistered op UndoDeltaBlockGCOp(898284ff17af46cd81519d0205e6be79)
I0727 05:17:16.867053 20971 tablet_service.cc:713] Processing DeleteTablet for tablet 623c6519a7454112b5c9162c3cffd481 with delete_type TABLET_DATA_DELETED (Table deleted at 2017-07-27 05:17:16 UTC) from {username='ubuntu'} at 127.0.0.1:51271
I0727 05:17:16.867059 20967 maintenance_manager.cc:206] P 6f1af300e1d549d6b1cdd8bf3b9aeb9c: Unregistered op FlushMRSOp(898284ff17af46cd81519d0205e6be79)
I0727 05:17:16.867064 20967 maintenance_manager.cc:206] P 6f1af300e1d549d6b1cdd8bf3b9aeb9c: Unregistered op FlushDeltaMemStoresOp(898284ff17af46cd81519d0205e6be79)
I0727 05:17:16.867064 20971 tablet_replica.cc:225] Initiating TabletReplica shutdown for tablet: 623c6519a7454112b5c9162c3cffd481
I0727 05:17:16.867066 20973 tablet_service.cc:713] Processing DeleteTablet for tablet 359b49dfe7c049c1ad7c5c5ac349950b with delete_type TABLET_DATA_DELETED (Table deleted at 2017-07-27 05:17:16 UTC) from {username='ubuntu'} at 127.0.0.1:51271
I0727 05:17:16.867094 20973 tablet_replica.cc:225] Initiating TabletReplica shutdown for tablet: 359b49dfe7c049c1ad7c5c5ac349950b
I0727 05:17:16.867101 20967 maintenance_manager.cc:206] P 6f1af300e1d549d6b1cdd8bf3b9aeb9c: Unregistered op LogGCOp(898284ff17af46cd81519d0205e6be79)
I0727 05:17:16.867111 20971 maintenance_manager.cc:206] P 6f1af300e1d549d6b1cdd8bf3b9aeb9c: Unregistered op CompactRowSetsOp(623c6519a7454112b5c9162c3cffd481)
I0727 05:17:16.867079 20965 maintenance_manager.cc:206] P 6f1af300e1d549d6b1cdd8bf3b9aeb9c: Unregistered op CompactRowSetsOp(2e218299a7544189abcd9528822da88f)
I0727 05:17:16.867118 20967 raft_consensus.cc:1763] T 898284ff17af46cd81519d0205e6be79 P 6f1af300e1d549d6b1cdd8bf3b9aeb9c [term 1 FOLLOWER]: Raft consensus shutting down.
I0727 05:17:16.867120 20971 maintenance_manager.cc:206] P 6f1af300e1d549d6b1cdd8bf3b9aeb9c: Unregistered op MinorDeltaCompactionOp(623c6519a7454112b5c9162c3cffd481)
I0727 05:17:16.867125 20967 raft_consensus.cc:1778] T 898284ff17af46cd81519d0205e6be79 P 6f1af300e1d549d6b1cdd8bf3b9aeb9c [term 1 FOLLOWER]: Raft consensus is shut down!
I0727 05:17:16.867127 20965 maintenance_manager.cc:206] P 6f1af300e1d549d6b1cdd8bf3b9aeb9c: Unregistered op MinorDeltaCompactionOp(2e218299a7544189abcd9528822da88f)
I0727 05:17:16.867143 20973 maintenance_manager.cc:206] P 6f1af300e1d549d6b1cdd8bf3b9aeb9c: Unregistered op CompactRowSetsOp(359b49dfe7c049c1ad7c5c5ac349950b)
I0727 05:17:16.867148 20965 maintenance_manager.cc:206] P 6f1af300e1d549d6b1cdd8bf3b9aeb9c: Unregistered op MajorDeltaCompactionOp(2e218299a7544189abcd9528822da88f)
I0727 05:17:16.867152 20973 maintenance_manager.cc:206] P 6f1af300e1d549d6b1cdd8bf3b9aeb9c: Unregistered op MinorDeltaCompactionOp(359b49dfe7c049c1ad7c5c5ac349950b)
I0727 05:17:16.867154 20965 maintenance_manager.cc:206] P 6f1af300e1d549d6b1cdd8bf3b9aeb9c: Unregistered op UndoDeltaBlockGCOp(2e218299a7544189abcd9528822da88f)
I0727 05:17:16.866998 20969 tablet_service.cc:713] Processing DeleteTablet for tablet 11c1d1569ff640f29edb25102a4acede with delete_type TABLET_DATA_DELETED (Table deleted at 2017-07-27 05:17:16 UTC) from {username='ubuntu'} at 127.0.0.1:51271
I0727 05:17:16.867177 20969 tablet_replica.cc:225] Initiating TabletReplica shutdown for tablet: 11c1d1569ff640f29edb25102a4acede
I0727 05:17:16.867158 20973 maintenance_manager.cc:206] P 6f1af300e1d549d6b1cdd8bf3b9aeb9c: Unregistered op MajorDeltaCompactionOp(359b49dfe7c049c1ad7c5c5ac349950b)
I0727 05:17:16.867192 20969 maintenance_manager.cc:206] P 6f1af300e1d549d6b1cdd8bf3b9aeb9c: Unregistered op CompactRowSetsOp(11c1d1569ff640f29edb25102a4acede)
I0727 05:17:16.867159 20965 maintenance_manager.cc:206] P 6f1af300e1d549d6b1cdd8bf3b9aeb9c: Unregistered op FlushMRSOp(2e218299a7544189abcd9528822da88f)
I0727 05:17:16.867208 20969 maintenance_manager.cc:206] P 6f1af300e1d549d6b1cdd8bf3b9aeb9c: Unregistered op MinorDeltaCompactionOp(11c1d1569ff640f29edb25102a4acede)
I0727 05:17:16.867133 20971 maintenance_manager.cc:206] P 6f1af300e1d549d6b1cdd8bf3b9aeb9c: Unregistered op MajorDeltaCompactionOp(623c6519a7454112b5c9162c3cffd481)
I0727 05:17:16.867221 20971 maintenance_manager.cc:206] P 6f1af300e1d549d6b1cdd8bf3b9aeb9c: Unregistered op UndoDeltaBlockGCOp(623c6519a7454112b5c9162c3cffd481)
I0727 05:17:16.867223 20965 maintenance_manager.cc:206] P 6f1af300e1d549d6b1cdd8bf3b9aeb9c: Unregistered op FlushDeltaMemStoresOp(2e218299a7544189abcd9528822da88f)
I0727 05:17:16.867242 20965 maintenance_manager.cc:206] P 6f1af300e1d549d6b1cdd8bf3b9aeb9c: Unregistered op LogGCOp(2e218299a7544189abcd9528822da88f)
I0727 05:17:16.867228 20971 maintenance_manager.cc:206] P 6f1af300e1d549d6b1cdd8bf3b9aeb9c: Unregistered op FlushMRSOp(623c6519a7454112b5c9162c3cffd481)
I0727 05:17:16.867249 20965 raft_consensus.cc:1763] T 2e218299a7544189abcd9528822da88f P 6f1af300e1d549d6b1cdd8bf3b9aeb9c [term 1 LEADER]: Raft consensus shutting down.
I0727 05:17:16.867250 20971 maintenance_manager.cc:206] P 6f1af300e1d549d6b1cdd8bf3b9aeb9c: Unregistered op FlushDeltaMemStoresOp(623c6519a7454112b5c9162c3cffd481)
I0727 05:17:16.867254 20965 consensus_peers.cc:400] T 2e218299a7544189abcd9528822da88f P 6f1af300e1d549d6b1cdd8bf3b9aeb9c -> Peer b497dbd6bd1a4c998891b00d2493a1bb (ip-172-31-12-168:31202): Closing peer: b497dbd6bd1a4c998891b00d2493a1bb
I0727 05:17:16.867255 20973 maintenance_manager.cc:206] P 6f1af300e1d549d6b1cdd8bf3b9aeb9c: Unregistered op UndoDeltaBlockGCOp(359b49dfe7c049c1ad7c5c5ac349950b)
I0727 05:17:16.867259 20965 consensus_peers.cc:400] T 2e218299a7544189abcd9528822da88f P 6f1af300e1d549d6b1cdd8bf3b9aeb9c -> Peer 3a3c735705964e1badb66c37a66a9096 (ip-172-31-12-168:31200): Closing peer: 3a3c735705964e1badb66c37a66a9096
I0727 05:17:16.867265 20965 raft_consensus.cc:1778] T 2e218299a7544189abcd9528822da88f P 6f1af300e1d549d6b1cdd8bf3b9aeb9c [term 1 LEADER]: Raft consensus is shut down!
I0727 05:17:16.867256 20971 maintenance_manager.cc:206] P 6f1af300e1d549d6b1cdd8bf3b9aeb9c: Unregistered op LogGCOp(623c6519a7454112b5c9162c3cffd481)
I0727 05:17:16.867265 20973 maintenance_manager.cc:206] P 6f1af300e1d549d6b1cdd8bf3b9aeb9c: Unregistered op FlushMRSOp(359b49dfe7c049c1ad7c5c5ac349950b)
I0727 05:17:16.867288 20971 raft_consensus.cc:1763] T 623c6519a7454112b5c9162c3cffd481 P 6f1af300e1d549d6b1cdd8bf3b9aeb9c [term 1 FOLLOWER]: Raft consensus shutting down.
I0727 05:17:16.867292 20973 maintenance_manager.cc:206] P 6f1af300e1d549d6b1cdd8bf3b9aeb9c: Unregistered op FlushDeltaMemStoresOp(359b49dfe7c049c1ad7c5c5ac349950b)
I0727 05:17:16.867300 20971 raft_consensus.cc:1778] T 623c6519a7454112b5c9162c3cffd481 P 6f1af300e1d549d6b1cdd8bf3b9aeb9c [term 1 FOLLOWER]: Raft consensus is shut down!
I0727 05:17:16.867306 20973 maintenance_manager.cc:206] P 6f1af300e1d549d6b1cdd8bf3b9aeb9c: Unregistered op LogGCOp(359b49dfe7c049c1ad7c5c5ac349950b)
I0727 05:17:16.867278 20969 maintenance_manager.cc:206] P 6f1af300e1d549d6b1cdd8bf3b9aeb9c: Unregistered op MajorDeltaCompactionOp(11c1d1569ff640f29edb25102a4acede)
I0727 05:17:16.867312 20973 raft_consensus.cc:1763] T 359b49dfe7c049c1ad7c5c5ac349950b P 6f1af300e1d549d6b1cdd8bf3b9aeb9c [term 1 LEADER]: Raft consensus shutting down.
I0727 05:17:16.867316 20973 consensus_peers.cc:400] T 359b49dfe7c049c1ad7c5c5ac349950b P 6f1af300e1d549d6b1cdd8bf3b9aeb9c -> Peer b497dbd6bd1a4c998891b00d2493a1bb (ip-172-31-12-168:31202): Closing peer: b497dbd6bd1a4c998891b00d2493a1bb
I0727 05:17:16.867318 20969 maintenance_manager.cc:206] P 6f1af300e1d549d6b1cdd8bf3b9aeb9c: Unregistered op UndoDeltaBlockGCOp(11c1d1569ff640f29edb25102a4acede)
I0727 05:17:16.867323 20973 consensus_peers.cc:400] T 359b49dfe7c049c1ad7c5c5ac349950b P 6f1af300e1d549d6b1cdd8bf3b9aeb9c -> Peer 3a3c735705964e1badb66c37a66a9096 (ip-172-31-12-168:31200): Closing peer: 3a3c735705964e1badb66c37a66a9096
I0727 05:17:16.867328 20973 raft_consensus.cc:1778] T 359b49dfe7c049c1ad7c5c5ac349950b P 6f1af300e1d549d6b1cdd8bf3b9aeb9c [term 1 LEADER]: Raft consensus is shut down!
I0727 05:17:16.867328 20969 maintenance_manager.cc:206] P 6f1af300e1d549d6b1cdd8bf3b9aeb9c: Unregistered op FlushMRSOp(11c1d1569ff640f29edb25102a4acede)
I0727 05:17:16.867334 20969 maintenance_manager.cc:206] P 6f1af300e1d549d6b1cdd8bf3b9aeb9c: Unregistered op FlushDeltaMemStoresOp(11c1d1569ff640f29edb25102a4acede)
I0727 05:17:16.867338 20969 maintenance_manager.cc:206] P 6f1af300e1d549d6b1cdd8bf3b9aeb9c: Unregistered op LogGCOp(11c1d1569ff640f29edb25102a4acede)
I0727 05:17:16.867344 20969 raft_consensus.cc:1763] T 11c1d1569ff640f29edb25102a4acede P 6f1af300e1d549d6b1cdd8bf3b9aeb9c [term 1 FOLLOWER]: Raft consensus shutting down.
I0727 05:17:16.867350 20969 raft_consensus.cc:1778] T 11c1d1569ff640f29edb25102a4acede P 6f1af300e1d549d6b1cdd8bf3b9aeb9c [term 1 FOLLOWER]: Raft consensus is shut down!
I0727 05:17:16.867499 20967 ts_tablet_manager.cc:1030] T 898284ff17af46cd81519d0205e6be79 P 6f1af300e1d549d6b1cdd8bf3b9aeb9c: Deleting tablet data with delete state TABLET_DATA_DELETED
I0727 05:17:16.867743 20971 ts_tablet_manager.cc:1030] T 623c6519a7454112b5c9162c3cffd481 P 6f1af300e1d549d6b1cdd8bf3b9aeb9c: Deleting tablet data with delete state TABLET_DATA_DELETED
I0727 05:17:16.867785 20965 ts_tablet_manager.cc:1030] T 2e218299a7544189abcd9528822da88f P 6f1af300e1d549d6b1cdd8bf3b9aeb9c: Deleting tablet data with delete state TABLET_DATA_DELETED
I0727 05:17:16.867815 20973 ts_tablet_manager.cc:1030] T 359b49dfe7c049c1ad7c5c5ac349950b P 6f1af300e1d549d6b1cdd8bf3b9aeb9c: Deleting tablet data with delete state TABLET_DATA_DELETED
I0727 05:17:16.868355 20969 ts_tablet_manager.cc:1030] T 11c1d1569ff640f29edb25102a4acede P 6f1af300e1d549d6b1cdd8bf3b9aeb9c: Deleting tablet data with delete state TABLET_DATA_DELETED
I0727 05:17:16.868693 20967 ts_tablet_manager.cc:1042] T 898284ff17af46cd81519d0205e6be79 P 6f1af300e1d549d6b1cdd8bf3b9aeb9c: Tablet deleted. Last logged OpId: 1.2
I0727 05:17:16.868708 20967 log.cc:974] T 898284ff17af46cd81519d0205e6be79 P 6f1af300e1d549d6b1cdd8bf3b9aeb9c: Deleting WAL directory at /home/ubuntu/Impala/testdata/cluster/cdh5/node-2/var/lib/kudu/ts/wal/wals/898284ff17af46cd81519d0205e6be79
I0727 05:17:16.868785 20967 ts_tablet_manager.cc:1060] T 898284ff17af46cd81519d0205e6be79 P 6f1af300e1d549d6b1cdd8bf3b9aeb9c: Deleting consensus metadata
I0727 05:17:16.869201 20971 ts_tablet_manager.cc:1042] T 623c6519a7454112b5c9162c3cffd481 P 6f1af300e1d549d6b1cdd8bf3b9aeb9c: Tablet deleted. Last logged OpId: 1.2
I0727 05:17:16.869217 20971 log.cc:974] T 623c6519a7454112b5c9162c3cffd481 P 6f1af300e1d549d6b1cdd8bf3b9aeb9c: Deleting WAL directory at /home/ubuntu/Impala/testdata/cluster/cdh5/node-2/var/lib/kudu/ts/wal/wals/623c6519a7454112b5c9162c3cffd481
I0727 05:17:16.869282 20965 ts_tablet_manager.cc:1042] T 2e218299a7544189abcd9528822da88f P 6f1af300e1d549d6b1cdd8bf3b9aeb9c: Tablet deleted. Last logged OpId: 1.2
I0727 05:17:16.869293 20971 ts_tablet_manager.cc:1060] T 623c6519a7454112b5c9162c3cffd481 P 6f1af300e1d549d6b1cdd8bf3b9aeb9c: Deleting consensus metadata
I0727 05:17:16.869307 20965 log.cc:974] T 2e218299a7544189abcd9528822da88f P 6f1af300e1d549d6b1cdd8bf3b9aeb9c: Deleting WAL directory at /home/ubuntu/Impala/testdata/cluster/cdh5/node-2/var/lib/kudu/ts/wal/wals/2e218299a7544189abcd9528822da88f
I0727 05:17:16.869416 20965 ts_tablet_manager.cc:1060] T 2e218299a7544189abcd9528822da88f P 6f1af300e1d549d6b1cdd8bf3b9aeb9c: Deleting consensus metadata
I0727 05:17:16.869837 20973 ts_tablet_manager.cc:1042] T 359b49dfe7c049c1ad7c5c5ac349950b P 6f1af300e1d549d6b1cdd8bf3b9aeb9c: Tablet deleted. Last logged OpId: 1.2
I0727 05:17:16.869853 20973 log.cc:974] T 359b49dfe7c049c1ad7c5c5ac349950b P 6f1af300e1d549d6b1cdd8bf3b9aeb9c: Deleting WAL directory at /home/ubuntu/Impala/testdata/cluster/cdh5/node-2/var/lib/kudu/ts/wal/wals/359b49dfe7c049c1ad7c5c5ac349950b
I0727 05:17:16.869928 20973 ts_tablet_manager.cc:1060] T 359b49dfe7c049c1ad7c5c5ac349950b P 6f1af300e1d549d6b1cdd8bf3b9aeb9c: Deleting consensus metadata
I0727 05:17:16.871520 20969 ts_tablet_manager.cc:1042] T 11c1d1569ff640f29edb25102a4acede P 6f1af300e1d549d6b1cdd8bf3b9aeb9c: Tablet deleted. Last logged OpId: 1.2
I0727 05:17:16.871536 20969 log.cc:974] T 11c1d1569ff640f29edb25102a4acede P 6f1af300e1d549d6b1cdd8bf3b9aeb9c: Deleting WAL directory at /home/ubuntu/Impala/testdata/cluster/cdh5/node-2/var/lib/kudu/ts/wal/wals/11c1d1569ff640f29edb25102a4acede
I0727 05:17:16.871603 20969 ts_tablet_manager.cc:1060] T 11c1d1569ff640f29edb25102a4acede P 6f1af300e1d549d6b1cdd8bf3b9aeb9c: Deleting consensus metadata
I0727 05:17:16.999681 20969 tablet_service.cc:672] Processing CreateTablet for tablet ed1d30dbf9a6484eb4627f1380703c28 (table=impala::functional_kudu.tinyinttable [id=fff6858527b34823a07e7c5ea9c63590]), partition=RANGE (int_col) PARTITION VALUES < 3
I0727 05:17:16.999707 20973 tablet_service.cc:672] Processing CreateTablet for tablet e4a5fa8995af467495e902551300c673 (table=impala::functional_kudu.tinyinttable [id=fff6858527b34823a07e7c5ea9c63590]), partition=RANGE (int_col) PARTITION 3 <= VALUES < 5
I0727 05:17:16.999719 20965 tablet_service.cc:672] Processing CreateTablet for tablet 68b05f0ce2604af7b31f89b57290d31a (table=impala::functional_kudu.tinyinttable [id=fff6858527b34823a07e7c5ea9c63590]), partition=RANGE (int_col) PARTITION 5 <= VALUES < 7
I0727 05:17:16.999749 20971 tablet_service.cc:672] Processing CreateTablet for tablet e75e1e58e24040a98f2f9c5f24fec8f9 (table=impala::functional_kudu.tinyinttable [id=fff6858527b34823a07e7c5ea9c63590]), partition=RANGE (int_col) PARTITION 7 <= VALUES < 9
I0727 05:17:16.999752 20967 tablet_service.cc:672] Processing CreateTablet for tablet 0f960e74b64941cabed49ea8a3aa8140 (table=impala::functional_kudu.tinyinttable [id=fff6858527b34823a07e7c5ea9c63590]), partition=RANGE (int_col) PARTITION VALUES >= 9
I0727 05:17:17.000294 20967 ts_tablet_manager.cc:871] T 0f960e74b64941cabed49ea8a3aa8140 P 6f1af300e1d549d6b1cdd8bf3b9aeb9c: Registered tablet (data state: TABLET_DATA_READY)
I0727 05:17:17.000475 20965 ts_tablet_manager.cc:871] T 68b05f0ce2604af7b31f89b57290d31a P 6f1af300e1d549d6b1cdd8bf3b9aeb9c: Registered tablet (data state: TABLET_DATA_READY)
I0727 05:17:17.000540 112291 ts_tablet_manager.cc:741] T 0f960e74b64941cabed49ea8a3aa8140 P 6f1af300e1d549d6b1cdd8bf3b9aeb9c: Bootstrapping tablet
I0727 05:17:17.000573 112291 tablet_bootstrap.cc:406] T 0f960e74b64941cabed49ea8a3aa8140 P 6f1af300e1d549d6b1cdd8bf3b9aeb9c: Bootstrap starting.
I0727 05:17:17.000732 112291 tablet_bootstrap.cc:547] T 0f960e74b64941cabed49ea8a3aa8140 P 6f1af300e1d549d6b1cdd8bf3b9aeb9c: No blocks or log segments found. Creating new log.
I0727 05:17:17.001117 112291 tablet_bootstrap.cc:406] T 0f960e74b64941cabed49ea8a3aa8140 P 6f1af300e1d549d6b1cdd8bf3b9aeb9c: No bootstrap required, opened a new log
I0727 05:17:17.001134 112291 ts_tablet_manager.cc:746] T 0f960e74b64941cabed49ea8a3aa8140 P 6f1af300e1d549d6b1cdd8bf3b9aeb9c: Time spent bootstrapping tablet: real 0.001s	user 0.000s	sys 0.000s
I0727 05:17:17.000545 20969 ts_tablet_manager.cc:871] T ed1d30dbf9a6484eb4627f1380703c28 P 6f1af300e1d549d6b1cdd8bf3b9aeb9c: Registered tablet (data state: TABLET_DATA_READY)
I0727 05:17:17.001389 20973 ts_tablet_manager.cc:871] T e4a5fa8995af467495e902551300c673 P 6f1af300e1d549d6b1cdd8bf3b9aeb9c: Registered tablet (data state: TABLET_DATA_READY)
I0727 05:17:17.001399 112291 raft_consensus.cc:284] T 0f960e74b64941cabed49ea8a3aa8140 P 6f1af300e1d549d6b1cdd8bf3b9aeb9c [term 0 FOLLOWER]: Replica starting. Triggering 0 pending transactions. Active config: opid_index: -1 OBSOLETE_local: false peers { permanent_uuid: "3a3c735705964e1badb66c37a66a9096" member_type: VOTER last_known_addr { host: "ip-172-31-12-168" port: 31200 } } peers { permanent_uuid: "b497dbd6bd1a4c998891b00d2493a1bb" member_type: VOTER last_known_addr { host: "ip-172-31-12-168" port: 31202 } } peers { permanent_uuid: "6f1af300e1d549d6b1cdd8bf3b9aeb9c" member_type: VOTER last_known_addr { host: "ip-172-31-12-168" port: 31201 } }
I0727 05:17:17.001408 112291 raft_consensus.cc:316] T 0f960e74b64941cabed49ea8a3aa8140 P 6f1af300e1d549d6b1cdd8bf3b9aeb9c [term 0 FOLLOWER]: Consensus starting up: Expiring failure detector timer to make a prompt election more likely
I0727 05:17:17.001427 112291 raft_consensus.cc:560] T 0f960e74b64941cabed49ea8a3aa8140 P 6f1af300e1d549d6b1cdd8bf3b9aeb9c [term 0 FOLLOWER]: Becoming Follower/Learner. State: Replica: 6f1af300e1d549d6b1cdd8bf3b9aeb9c, State: Running, Role: FOLLOWER
I0727 05:17:17.001412 20971 ts_tablet_manager.cc:871] T e75e1e58e24040a98f2f9c5f24fec8f9 P 6f1af300e1d549d6b1cdd8bf3b9aeb9c: Registered tablet (data state: TABLET_DATA_READY)
I0727 05:17:17.001449 112291 consensus_queue.cc:186] T 0f960e74b64941cabed49ea8a3aa8140 P 6f1af300e1d549d6b1cdd8bf3b9aeb9c [NON_LEADER]: Queue going to NON_LEADER mode. State: All replicated index: 0, Majority replicated index: 0, Committed index: 0, Last appended: 0.0, Last appended by leader: 0, Current term: 0, Majority size: -1, State: 1, Mode: NON_LEADER
I0727 05:17:17.001525 112291 ts_tablet_manager.cc:775] T 0f960e74b64941cabed49ea8a3aa8140 P 6f1af300e1d549d6b1cdd8bf3b9aeb9c: Time spent starting tablet: real 0.000s	user 0.000s	sys 0.000s
I0727 05:17:17.001539 112291 ts_tablet_manager.cc:741] T 68b05f0ce2604af7b31f89b57290d31a P 6f1af300e1d549d6b1cdd8bf3b9aeb9c: Bootstrapping tablet
I0727 05:17:17.001545 112291 tablet_bootstrap.cc:406] T 68b05f0ce2604af7b31f89b57290d31a P 6f1af300e1d549d6b1cdd8bf3b9aeb9c: Bootstrap starting.
I0727 05:17:17.001669 112291 tablet_bootstrap.cc:547] T 68b05f0ce2604af7b31f89b57290d31a P 6f1af300e1d549d6b1cdd8bf3b9aeb9c: No blocks or log segments found. Creating new log.
I0727 05:17:17.002043 112291 tablet_bootstrap.cc:406] T 68b05f0ce2604af7b31f89b57290d31a P 6f1af300e1d549d6b1cdd8bf3b9aeb9c: No bootstrap required, opened a new log
I0727 05:17:17.002061 112291 ts_tablet_manager.cc:746] T 68b05f0ce2604af7b31f89b57290d31a P 6f1af300e1d549d6b1cdd8bf3b9aeb9c: Time spent bootstrapping tablet: real 0.001s	user 0.000s	sys 0.000s
I0727 05:17:17.002334 112291 raft_consensus.cc:284] T 68b05f0ce2604af7b31f89b57290d31a P 6f1af300e1d549d6b1cdd8bf3b9aeb9c [term 0 FOLLOWER]: Replica starting. Triggering 0 pending transactions. Active config: opid_index: -1 OBSOLETE_local: false peers { permanent_uuid: "b497dbd6bd1a4c998891b00d2493a1bb" member_type: VOTER last_known_addr { host: "ip-172-31-12-168" port: 31202 } } peers { permanent_uuid: "3a3c735705964e1badb66c37a66a9096" member_type: VOTER last_known_addr { host: "ip-172-31-12-168" port: 31200 } } peers { permanent_uuid: "6f1af300e1d549d6b1cdd8bf3b9aeb9c" member_type: VOTER last_known_addr { host: "ip-172-31-12-168" port: 31201 } }
I0727 05:17:17.002348 112291 raft_consensus.cc:316] T 68b05f0ce2604af7b31f89b57290d31a P 6f1af300e1d549d6b1cdd8bf3b9aeb9c [term 0 FOLLOWER]: Consensus starting up: Expiring failure detector timer to make a prompt election more likely
I0727 05:17:17.002351 112291 raft_consensus.cc:560] T 68b05f0ce2604af7b31f89b57290d31a P 6f1af300e1d549d6b1cdd8bf3b9aeb9c [term 0 FOLLOWER]: Becoming Follower/Learner. State: Replica: 6f1af300e1d549d6b1cdd8bf3b9aeb9c, State: Running, Role: FOLLOWER
I0727 05:17:17.002362 112291 consensus_queue.cc:186] T 68b05f0ce2604af7b31f89b57290d31a P 6f1af300e1d549d6b1cdd8bf3b9aeb9c [NON_LEADER]: Queue going to NON_LEADER mode. State: All replicated index: 0, Majority replicated index: 0, Committed index: 0, Last appended: 0.0, Last appended by leader: 0, Current term: 0, Majority size: -1, State: 1, Mode: NON_LEADER
I0727 05:17:17.002408 112291 ts_tablet_manager.cc:775] T 68b05f0ce2604af7b31f89b57290d31a P 6f1af300e1d549d6b1cdd8bf3b9aeb9c: Time spent starting tablet: real 0.000s	user 0.000s	sys 0.000s
I0727 05:17:17.002424 112291 ts_tablet_manager.cc:741] T ed1d30dbf9a6484eb4627f1380703c28 P 6f1af300e1d549d6b1cdd8bf3b9aeb9c: Bootstrapping tablet
I0727 05:17:17.002432 112291 tablet_bootstrap.cc:406] T ed1d30dbf9a6484eb4627f1380703c28 P 6f1af300e1d549d6b1cdd8bf3b9aeb9c: Bootstrap starting.
I0727 05:17:17.002534 112291 tablet_bootstrap.cc:547] T ed1d30dbf9a6484eb4627f1380703c28 P 6f1af300e1d549d6b1cdd8bf3b9aeb9c: No blocks or log segments found. Creating new log.
I0727 05:17:17.002905 112291 tablet_bootstrap.cc:406] T ed1d30dbf9a6484eb4627f1380703c28 P 6f1af300e1d549d6b1cdd8bf3b9aeb9c: No bootstrap required, opened a new log
I0727 05:17:17.002921 112291 ts_tablet_manager.cc:746] T ed1d30dbf9a6484eb4627f1380703c28 P 6f1af300e1d549d6b1cdd8bf3b9aeb9c: Time spent bootstrapping tablet: real 0.000s	user 0.000s	sys 0.000s
I0727 05:17:17.003187 112291 raft_consensus.cc:284] T ed1d30dbf9a6484eb4627f1380703c28 P 6f1af300e1d549d6b1cdd8bf3b9aeb9c [term 0 FOLLOWER]: Replica starting. Triggering 0 pending transactions. Active config: opid_index: -1 OBSOLETE_local: false peers { permanent_uuid: "b497dbd6bd1a4c998891b00d2493a1bb" member_type: VOTER last_known_addr { host: "ip-172-31-12-168" port: 31202 } } peers { permanent_uuid: "3a3c735705964e1badb66c37a66a9096" member_type: VOTER last_known_addr { host: "ip-172-31-12-168" port: 31200 } } peers { permanent_uuid: "6f1af300e1d549d6b1cdd8bf3b9aeb9c" member_type: VOTER last_known_addr { host: "ip-172-31-12-168" port: 31201 } }
I0727 05:17:17.003201 112291 raft_consensus.cc:316] T ed1d30dbf9a6484eb4627f1380703c28 P 6f1af300e1d549d6b1cdd8bf3b9aeb9c [term 0 FOLLOWER]: Consensus starting up: Expiring failure detector timer to make a prompt election more likely
I0727 05:17:17.003203 112291 raft_consensus.cc:560] T ed1d30dbf9a6484eb4627f1380703c28 P 6f1af300e1d549d6b1cdd8bf3b9aeb9c [term 0 FOLLOWER]: Becoming Follower/Learner. State: Replica: 6f1af300e1d549d6b1cdd8bf3b9aeb9c, State: Running, Role: FOLLOWER
I0727 05:17:17.003212 112291 consensus_queue.cc:186] T ed1d30dbf9a6484eb4627f1380703c28 P 6f1af300e1d549d6b1cdd8bf3b9aeb9c [NON_LEADER]: Queue going to NON_LEADER mode. State: All replicated index: 0, Majority replicated index: 0, Committed index: 0, Last appended: 0.0, Last appended by leader: 0, Current term: 0, Majority size: -1, State: 1, Mode: NON_LEADER
I0727 05:17:17.003254 112291 ts_tablet_manager.cc:775] T ed1d30dbf9a6484eb4627f1380703c28 P 6f1af300e1d549d6b1cdd8bf3b9aeb9c: Time spent starting tablet: real 0.000s	user 0.000s	sys 0.000s
I0727 05:17:17.003268 112291 ts_tablet_manager.cc:741] T e4a5fa8995af467495e902551300c673 P 6f1af300e1d549d6b1cdd8bf3b9aeb9c: Bootstrapping tablet
I0727 05:17:17.003276 112291 tablet_bootstrap.cc:406] T e4a5fa8995af467495e902551300c673 P 6f1af300e1d549d6b1cdd8bf3b9aeb9c: Bootstrap starting.
I0727 05:17:17.003371 112291 tablet_bootstrap.cc:547] T e4a5fa8995af467495e902551300c673 P 6f1af300e1d549d6b1cdd8bf3b9aeb9c: No blocks or log segments found. Creating new log.
I0727 05:17:17.003736 112291 tablet_bootstrap.cc:406] T e4a5fa8995af467495e902551300c673 P 6f1af300e1d549d6b1cdd8bf3b9aeb9c: No bootstrap required, opened a new log
I0727 05:17:17.003751 112291 ts_tablet_manager.cc:746] T e4a5fa8995af467495e902551300c673 P 6f1af300e1d549d6b1cdd8bf3b9aeb9c: Time spent bootstrapping tablet: real 0.000s	user 0.000s	sys 0.000s
I0727 05:17:17.004006 112291 raft_consensus.cc:284] T e4a5fa8995af467495e902551300c673 P 6f1af300e1d549d6b1cdd8bf3b9aeb9c [term 0 FOLLOWER]: Replica starting. Triggering 0 pending transactions. Active config: opid_index: -1 OBSOLETE_local: false peers { permanent_uuid: "3a3c735705964e1badb66c37a66a9096" member_type: VOTER last_known_addr { host: "ip-172-31-12-168" port: 31200 } } peers { permanent_uuid: "b497dbd6bd1a4c998891b00d2493a1bb" member_type: VOTER last_known_addr { host: "ip-172-31-12-168" port: 31202 } } peers { permanent_uuid: "6f1af300e1d549d6b1cdd8bf3b9aeb9c" member_type: VOTER last_known_addr { host: "ip-172-31-12-168" port: 31201 } }
I0727 05:17:17.004020 112291 raft_consensus.cc:316] T e4a5fa8995af467495e902551300c673 P 6f1af300e1d549d6b1cdd8bf3b9aeb9c [term 0 FOLLOWER]: Consensus starting up: Expiring failure detector timer to make a prompt election more likely
I0727 05:17:17.004024 112291 raft_consensus.cc:560] T e4a5fa8995af467495e902551300c673 P 6f1af300e1d549d6b1cdd8bf3b9aeb9c [term 0 FOLLOWER]: Becoming Follower/Learner. State: Replica: 6f1af300e1d549d6b1cdd8bf3b9aeb9c, State: Running, Role: FOLLOWER
I0727 05:17:17.004029 112291 consensus_queue.cc:186] T e4a5fa8995af467495e902551300c673 P 6f1af300e1d549d6b1cdd8bf3b9aeb9c [NON_LEADER]: Queue going to NON_LEADER mode. State: All replicated index: 0, Majority replicated index: 0, Committed index: 0, Last appended: 0.0, Last appended by leader: 0, Current term: 0, Majority size: -1, State: 1, Mode: NON_LEADER
I0727 05:17:17.004062 112291 ts_tablet_manager.cc:775] T e4a5fa8995af467495e902551300c673 P 6f1af300e1d549d6b1cdd8bf3b9aeb9c: Time spent starting tablet: real 0.000s	user 0.000s	sys 0.000s
I0727 05:17:17.004075 112291 ts_tablet_manager.cc:741] T e75e1e58e24040a98f2f9c5f24fec8f9 P 6f1af300e1d549d6b1cdd8bf3b9aeb9c: Bootstrapping tablet
I0727 05:17:17.004082 112291 tablet_bootstrap.cc:406] T e75e1e58e24040a98f2f9c5f24fec8f9 P 6f1af300e1d549d6b1cdd8bf3b9aeb9c: Bootstrap starting.
I0727 05:17:17.004182 112291 tablet_bootstrap.cc:547] T e75e1e58e24040a98f2f9c5f24fec8f9 P 6f1af300e1d549d6b1cdd8bf3b9aeb9c: No blocks or log segments found. Creating new log.
I0727 05:17:17.004555 112291 tablet_bootstrap.cc:406] T e75e1e58e24040a98f2f9c5f24fec8f9 P 6f1af300e1d549d6b1cdd8bf3b9aeb9c: No bootstrap required, opened a new log
I0727 05:17:17.004571 112291 ts_tablet_manager.cc:746] T e75e1e58e24040a98f2f9c5f24fec8f9 P 6f1af300e1d549d6b1cdd8bf3b9aeb9c: Time spent bootstrapping tablet: real 0.000s	user 0.000s	sys 0.000s
I0727 05:17:17.004838 112291 raft_consensus.cc:284] T e75e1e58e24040a98f2f9c5f24fec8f9 P 6f1af300e1d549d6b1cdd8bf3b9aeb9c [term 0 FOLLOWER]: Replica starting. Triggering 0 pending transactions. Active config: opid_index: -1 OBSOLETE_local: false peers { permanent_uuid: "3a3c735705964e1badb66c37a66a9096" member_type: VOTER last_known_addr { host: "ip-172-31-12-168" port: 31200 } } peers { permanent_uuid: "b497dbd6bd1a4c998891b00d2493a1bb" member_type: VOTER last_known_addr { host: "ip-172-31-12-168" port: 31202 } } peers { permanent_uuid: "6f1af300e1d549d6b1cdd8bf3b9aeb9c" member_type: VOTER last_known_addr { host: "ip-172-31-12-168" port: 31201 } }
I0727 05:17:17.004855 112291 raft_consensus.cc:316] T e75e1e58e24040a98f2f9c5f24fec8f9 P 6f1af300e1d549d6b1cdd8bf3b9aeb9c [term 0 FOLLOWER]: Consensus starting up: Expiring failure detector timer to make a prompt election more likely
I0727 05:17:17.004859 112291 raft_consensus.cc:560] T e75e1e58e24040a98f2f9c5f24fec8f9 P 6f1af300e1d549d6b1cdd8bf3b9aeb9c [term 0 FOLLOWER]: Becoming Follower/Learner. State: Replica: 6f1af300e1d549d6b1cdd8bf3b9aeb9c, State: Running, Role: FOLLOWER
I0727 05:17:17.004870 112291 consensus_queue.cc:186] T e75e1e58e24040a98f2f9c5f24fec8f9 P 6f1af300e1d549d6b1cdd8bf3b9aeb9c [NON_LEADER]: Queue going to NON_LEADER mode. State: All replicated index: 0, Majority replicated index: 0, Committed index: 0, Last appended: 0.0, Last appended by leader: 0, Current term: 0, Majority size: -1, State: 1, Mode: NON_LEADER
I0727 05:17:17.004916 112291 ts_tablet_manager.cc:775] T e75e1e58e24040a98f2f9c5f24fec8f9 P 6f1af300e1d549d6b1cdd8bf3b9aeb9c: Time spent starting tablet: real 0.000s	user 0.000s	sys 0.000s
I0727 05:17:17.040136 112309 raft_consensus.cc:411] T ed1d30dbf9a6484eb4627f1380703c28 P 6f1af300e1d549d6b1cdd8bf3b9aeb9c [term 0 FOLLOWER]: Starting pre-election (no leader contacted us within the election timeout)
I0727 05:17:17.040156 112309 raft_consensus.cc:2372] T ed1d30dbf9a6484eb4627f1380703c28 P 6f1af300e1d549d6b1cdd8bf3b9aeb9c: Snoozing failure detection for election timeout plus an additional 1.704s
I0727 05:17:17.040177 112309 raft_consensus.cc:435] T ed1d30dbf9a6484eb4627f1380703c28 P 6f1af300e1d549d6b1cdd8bf3b9aeb9c [term 0 FOLLOWER]: Starting pre-election with config: opid_index: -1 OBSOLETE_local: false peers { permanent_uuid: "b497dbd6bd1a4c998891b00d2493a1bb" member_type: VOTER last_known_addr { host: "ip-172-31-12-168" port: 31202 } } peers { permanent_uuid: "3a3c735705964e1badb66c37a66a9096" member_type: VOTER last_known_addr { host: "ip-172-31-12-168" port: 31200 } } peers { permanent_uuid: "6f1af300e1d549d6b1cdd8bf3b9aeb9c" member_type: VOTER last_known_addr { host: "ip-172-31-12-168" port: 31201 } }
I0727 05:17:17.040349 112309 leader_election.cc:217] T ed1d30dbf9a6484eb4627f1380703c28 P 6f1af300e1d549d6b1cdd8bf3b9aeb9c [CANDIDATE]: Term 1 pre-election: Requesting pre-vote from peer b497dbd6bd1a4c998891b00d2493a1bb
I0727 05:17:17.040370 112309 leader_election.cc:217] T ed1d30dbf9a6484eb4627f1380703c28 P 6f1af300e1d549d6b1cdd8bf3b9aeb9c [CANDIDATE]: Term 1 pre-election: Requesting pre-vote from peer 3a3c735705964e1badb66c37a66a9096
I0727 05:17:17.040503 20829 leader_election.cc:349] T ed1d30dbf9a6484eb4627f1380703c28 P 6f1af300e1d549d6b1cdd8bf3b9aeb9c [CANDIDATE]: Term 1 pre-election: Vote granted by peer b497dbd6bd1a4c998891b00d2493a1bb
I0727 05:17:17.040516 20829 leader_election.cc:244] T ed1d30dbf9a6484eb4627f1380703c28 P 6f1af300e1d549d6b1cdd8bf3b9aeb9c [CANDIDATE]: Term 1 pre-election: Election decided. Result: candidate won.
I0727 05:17:17.040535 20833 leader_election.cc:349] T ed1d30dbf9a6484eb4627f1380703c28 P 6f1af300e1d549d6b1cdd8bf3b9aeb9c [CANDIDATE]: Term 1 pre-election: Vote granted by peer 3a3c735705964e1badb66c37a66a9096
I0727 05:17:17.040540 50038 raft_consensus.cc:2372] T ed1d30dbf9a6484eb4627f1380703c28 P 6f1af300e1d549d6b1cdd8bf3b9aeb9c: Snoozing failure detection for election timeout plus an additional 1.973s
I0727 05:17:17.040560 50038 raft_consensus.cc:2176] T ed1d30dbf9a6484eb4627f1380703c28 P 6f1af300e1d549d6b1cdd8bf3b9aeb9c [term 0 FOLLOWER]: Leader pre-election won for term 1
I0727 05:17:17.040567 50038 raft_consensus.cc:411] T ed1d30dbf9a6484eb4627f1380703c28 P 6f1af300e1d549d6b1cdd8bf3b9aeb9c [term 0 FOLLOWER]: Starting leader election (no leader contacted us within the election timeout)
I0727 05:17:17.040571 50038 raft_consensus.cc:2372] T ed1d30dbf9a6484eb4627f1380703c28 P 6f1af300e1d549d6b1cdd8bf3b9aeb9c: Snoozing failure detection for election timeout plus an additional 1.944s
I0727 05:17:17.040578 50038 raft_consensus.cc:2419] T ed1d30dbf9a6484eb4627f1380703c28 P 6f1af300e1d549d6b1cdd8bf3b9aeb9c [term 0 FOLLOWER]: Advancing to term 1
I0727 05:17:17.040864 50038 raft_consensus.cc:435] T ed1d30dbf9a6484eb4627f1380703c28 P 6f1af300e1d549d6b1cdd8bf3b9aeb9c [term 1 FOLLOWER]: Starting leader election with config: opid_index: -1 OBSOLETE_local: false peers { permanent_uuid: "b497dbd6bd1a4c998891b00d2493a1bb" member_type: VOTER last_known_addr { host: "ip-172-31-12-168" port: 31202 } } peers { permanent_uuid: "3a3c735705964e1badb66c37a66a9096" member_type: VOTER last_known_addr { host: "ip-172-31-12-168" port: 31200 } } peers { permanent_uuid: "6f1af300e1d549d6b1cdd8bf3b9aeb9c" member_type: VOTER last_known_addr { host: "ip-172-31-12-168" port: 31201 } }
I0727 05:17:17.040984 50038 leader_election.cc:217] T ed1d30dbf9a6484eb4627f1380703c28 P 6f1af300e1d549d6b1cdd8bf3b9aeb9c [CANDIDATE]: Term 1 election: Requesting vote from peer b497dbd6bd1a4c998891b00d2493a1bb
I0727 05:17:17.041003 50038 leader_election.cc:217] T ed1d30dbf9a6484eb4627f1380703c28 P 6f1af300e1d549d6b1cdd8bf3b9aeb9c [CANDIDATE]: Term 1 election: Requesting vote from peer 3a3c735705964e1badb66c37a66a9096
I0727 05:17:17.041407 20829 leader_election.cc:349] T ed1d30dbf9a6484eb4627f1380703c28 P 6f1af300e1d549d6b1cdd8bf3b9aeb9c [CANDIDATE]: Term 1 election: Vote granted by peer b497dbd6bd1a4c998891b00d2493a1bb
I0727 05:17:17.041416 20829 leader_election.cc:244] T ed1d30dbf9a6484eb4627f1380703c28 P 6f1af300e1d549d6b1cdd8bf3b9aeb9c [CANDIDATE]: Term 1 election: Election decided. Result: candidate won.
I0727 05:17:17.041422 20833 leader_election.cc:349] T ed1d30dbf9a6484eb4627f1380703c28 P 6f1af300e1d549d6b1cdd8bf3b9aeb9c [CANDIDATE]: Term 1 election: Vote granted by peer 3a3c735705964e1badb66c37a66a9096
I0727 05:17:17.041442 52237 raft_consensus.cc:2372] T ed1d30dbf9a6484eb4627f1380703c28 P 6f1af300e1d549d6b1cdd8bf3b9aeb9c: Snoozing failure detection for election timeout plus an additional 2.225s
I0727 05:17:17.041458 52237 raft_consensus.cc:2176] T ed1d30dbf9a6484eb4627f1380703c28 P 6f1af300e1d549d6b1cdd8bf3b9aeb9c [term 1 FOLLOWER]: Leader election won for term 1
I0727 05:17:17.041478 52237 raft_consensus.cc:528] T ed1d30dbf9a6484eb4627f1380703c28 P 6f1af300e1d549d6b1cdd8bf3b9aeb9c [term 1 LEADER]: Becoming Leader. State: Replica: 6f1af300e1d549d6b1cdd8bf3b9aeb9c, State: Running, Role: LEADER
I0727 05:17:17.041510 52237 consensus_queue.cc:165] T ed1d30dbf9a6484eb4627f1380703c28 P 6f1af300e1d549d6b1cdd8bf3b9aeb9c [LEADER]: Queue going to LEADER mode. State: All replicated index: 0, Majority replicated index: 0, Committed index: 0, Last appended: 0.0, Last appended by leader: 0, Current term: 1, Majority size: 2, State: 1, Mode: LEADER, active raft config: opid_index: -1 OBSOLETE_local: false peers { permanent_uuid: "b497dbd6bd1a4c998891b00d2493a1bb" member_type: VOTER last_known_addr { host: "ip-172-31-12-168" port: 31202 } } peers { permanent_uuid: "3a3c735705964e1badb66c37a66a9096" member_type: VOTER last_known_addr { host: "ip-172-31-12-168" port: 31200 } } peers { permanent_uuid: "6f1af300e1d549d6b1cdd8bf3b9aeb9c" member_type: VOTER last_known_addr { host: "ip-172-31-12-168" port: 31201 } }
I0727 05:17:17.073158 21010 raft_consensus.cc:2372] T e75e1e58e24040a98f2f9c5f24fec8f9 P 6f1af300e1d549d6b1cdd8bf3b9aeb9c: Snoozing failure detection for election timeout plus an additional 2.099s
I0727 05:17:17.073171 21010 raft_consensus.cc:1943] T e75e1e58e24040a98f2f9c5f24fec8f9 P 6f1af300e1d549d6b1cdd8bf3b9aeb9c [term 0 FOLLOWER]: Leader pre-election vote request: Granting yes vote for candidate b497dbd6bd1a4c998891b00d2493a1bb in term 0.
I0727 05:17:17.073768 21010 raft_consensus.cc:2419] T e75e1e58e24040a98f2f9c5f24fec8f9 P 6f1af300e1d549d6b1cdd8bf3b9aeb9c [term 0 FOLLOWER]: Advancing to term 1
I0727 05:17:17.073782 21010 raft_consensus.cc:2372] T e75e1e58e24040a98f2f9c5f24fec8f9 P 6f1af300e1d549d6b1cdd8bf3b9aeb9c: Snoozing failure detection for election timeout plus an additional 1.599s
I0727 05:17:17.074059 21010 raft_consensus.cc:1943] T e75e1e58e24040a98f2f9c5f24fec8f9 P 6f1af300e1d549d6b1cdd8bf3b9aeb9c [term 1 FOLLOWER]: Leader election vote request: Granting yes vote for candidate b497dbd6bd1a4c998891b00d2493a1bb in term 1.
I0727 05:17:17.112244 21010 raft_consensus.cc:2372] T 68b05f0ce2604af7b31f89b57290d31a P 6f1af300e1d549d6b1cdd8bf3b9aeb9c: Snoozing failure detection for election timeout plus an additional 2.025s
I0727 05:17:17.112257 21010 raft_consensus.cc:1943] T 68b05f0ce2604af7b31f89b57290d31a P 6f1af300e1d549d6b1cdd8bf3b9aeb9c [term 0 FOLLOWER]: Leader pre-election vote request: Granting yes vote for candidate 3a3c735705964e1badb66c37a66a9096 in term 0.
I0727 05:17:17.112890 21010 raft_consensus.cc:2419] T 68b05f0ce2604af7b31f89b57290d31a P 6f1af300e1d549d6b1cdd8bf3b9aeb9c [term 0 FOLLOWER]: Advancing to term 1
I0727 05:17:17.112905 21010 raft_consensus.cc:2372] T 68b05f0ce2604af7b31f89b57290d31a P 6f1af300e1d549d6b1cdd8bf3b9aeb9c: Snoozing failure detection for election timeout plus an additional 1.958s
I0727 05:17:17.113122 21010 raft_consensus.cc:1943] T 68b05f0ce2604af7b31f89b57290d31a P 6f1af300e1d549d6b1cdd8bf3b9aeb9c [term 1 FOLLOWER]: Leader election vote request: Granting yes vote for candidate 3a3c735705964e1badb66c37a66a9096 in term 1.
I0727 05:17:17.380304 21010 raft_consensus.cc:944] T e75e1e58e24040a98f2f9c5f24fec8f9 P 6f1af300e1d549d6b1cdd8bf3b9aeb9c [term 1 FOLLOWER]: Refusing update from remote peer b497dbd6bd1a4c998891b00d2493a1bb: Log matching property violated. Preceding OpId in replica: term: 0 index: 0. Preceding OpId from leader: term: 1 index: 1. (index mismatch)
I0727 05:17:17.381253 21010 raft_consensus.cc:944] T 68b05f0ce2604af7b31f89b57290d31a P 6f1af300e1d549d6b1cdd8bf3b9aeb9c [term 1 FOLLOWER]: Refusing update from remote peer 3a3c735705964e1badb66c37a66a9096: Log matching property violated. Preceding OpId in replica: term: 0 index: 0. Preceding OpId from leader: term: 1 index: 1. (index mismatch)
I0727 05:17:17.396764 21010 raft_consensus.cc:2372] T e4a5fa8995af467495e902551300c673 P 6f1af300e1d549d6b1cdd8bf3b9aeb9c: Snoozing failure detection for election timeout plus an additional 1.564s
I0727 05:17:17.396777 21010 raft_consensus.cc:1943] T e4a5fa8995af467495e902551300c673 P 6f1af300e1d549d6b1cdd8bf3b9aeb9c [term 0 FOLLOWER]: Leader pre-election vote request: Granting yes vote for candidate 3a3c735705964e1badb66c37a66a9096 in term 0.
I0727 05:17:17.397385 21010 raft_consensus.cc:2419] T e4a5fa8995af467495e902551300c673 P 6f1af300e1d549d6b1cdd8bf3b9aeb9c [term 0 FOLLOWER]: Advancing to term 1
I0727 05:17:17.397400 21010 raft_consensus.cc:2372] T e4a5fa8995af467495e902551300c673 P 6f1af300e1d549d6b1cdd8bf3b9aeb9c: Snoozing failure detection for election timeout plus an additional 1.660s
I0727 05:17:17.397641 21010 raft_consensus.cc:1943] T e4a5fa8995af467495e902551300c673 P 6f1af300e1d549d6b1cdd8bf3b9aeb9c [term 1 FOLLOWER]: Leader election vote request: Granting yes vote for candidate 3a3c735705964e1badb66c37a66a9096 in term 1.
I0727 05:17:17.431541 52237 consensus_queue.cc:722] T ed1d30dbf9a6484eb4627f1380703c28 P 6f1af300e1d549d6b1cdd8bf3b9aeb9c [LEADER]: Connected to new peer: Peer: 3a3c735705964e1badb66c37a66a9096, Is new: false, Last received: 0.0, Next index: 1, Last known committed idx: 0, Last exchange result: ERROR, Needs tablet copy: false
I0727 05:17:17.432235 50038 consensus_queue.cc:722] T ed1d30dbf9a6484eb4627f1380703c28 P 6f1af300e1d549d6b1cdd8bf3b9aeb9c [LEADER]: Connected to new peer: Peer: b497dbd6bd1a4c998891b00d2493a1bb, Is new: false, Last received: 0.0, Next index: 1, Last known committed idx: 0, Last exchange result: ERROR, Needs tablet copy: false
I0727 05:17:17.507776 21010 raft_consensus.cc:2372] T 0f960e74b64941cabed49ea8a3aa8140 P 6f1af300e1d549d6b1cdd8bf3b9aeb9c: Snoozing failure detection for election timeout plus an additional 1.885s
I0727 05:17:17.507789 21010 raft_consensus.cc:1943] T 0f960e74b64941cabed49ea8a3aa8140 P 6f1af300e1d549d6b1cdd8bf3b9aeb9c [term 0 FOLLOWER]: Leader pre-election vote request: Granting yes vote for candidate b497dbd6bd1a4c998891b00d2493a1bb in term 0.
I0727 05:17:17.508359 21010 raft_consensus.cc:2419] T 0f960e74b64941cabed49ea8a3aa8140 P 6f1af300e1d549d6b1cdd8bf3b9aeb9c [term 0 FOLLOWER]: Advancing to term 1
I0727 05:17:17.508373 21010 raft_consensus.cc:2372] T 0f960e74b64941cabed49ea8a3aa8140 P 6f1af300e1d549d6b1cdd8bf3b9aeb9c: Snoozing failure detection for election timeout plus an additional 1.992s
I0727 05:17:17.508611 21010 raft_consensus.cc:1943] T 0f960e74b64941cabed49ea8a3aa8140 P 6f1af300e1d549d6b1cdd8bf3b9aeb9c [term 1 FOLLOWER]: Leader election vote request: Granting yes vote for candidate b497dbd6bd1a4c998891b00d2493a1bb in term 1.
I0727 05:17:17.672374 21010 raft_consensus.cc:944] T e4a5fa8995af467495e902551300c673 P 6f1af300e1d549d6b1cdd8bf3b9aeb9c [term 1 FOLLOWER]: Refusing update from remote peer 3a3c735705964e1badb66c37a66a9096: Log matching property violated. Preceding OpId in replica: term: 0 index: 0. Preceding OpId from leader: term: 1 index: 1. (index mismatch)
I0727 05:17:17.783682 21010 raft_consensus.cc:944] T 0f960e74b64941cabed49ea8a3aa8140 P 6f1af300e1d549d6b1cdd8bf3b9aeb9c [term 1 FOLLOWER]: Refusing update from remote peer b497dbd6bd1a4c998891b00d2493a1bb: Log matching property violated. Preceding OpId in replica: term: 0 index: 0. Preceding OpId from leader: term: 1 index: 1. (index mismatch)
I0727 05:17:24.870589 20971 tablet_service.cc:713] Processing DeleteTablet for tablet 816ca4638119479982af99a501389d05 with delete_type TABLET_DATA_DELETED (Table deleted at 2017-07-27 05:17:24 UTC) from {username='ubuntu'} at 127.0.0.1:51271
I0727 05:17:24.870611 20971 tablet_replica.cc:225] Initiating TabletReplica shutdown for tablet: 816ca4638119479982af99a501389d05
I0727 05:17:24.870621 20971 maintenance_manager.cc:206] P 6f1af300e1d549d6b1cdd8bf3b9aeb9c: Unregistered op CompactRowSetsOp(816ca4638119479982af99a501389d05)
I0727 05:17:24.870627 20971 maintenance_manager.cc:206] P 6f1af300e1d549d6b1cdd8bf3b9aeb9c: Unregistered op MinorDeltaCompactionOp(816ca4638119479982af99a501389d05)
I0727 05:17:24.870632 20971 maintenance_manager.cc:206] P 6f1af300e1d549d6b1cdd8bf3b9aeb9c: Unregistered op MajorDeltaCompactionOp(816ca4638119479982af99a501389d05)
I0727 05:17:24.870645 20971 maintenance_manager.cc:206] P 6f1af300e1d549d6b1cdd8bf3b9aeb9c: Unregistered op UndoDeltaBlockGCOp(816ca4638119479982af99a501389d05)
I0727 05:17:24.870652 20971 maintenance_manager.cc:206] P 6f1af300e1d549d6b1cdd8bf3b9aeb9c: Unregistered op FlushMRSOp(816ca4638119479982af99a501389d05)
I0727 05:17:24.870654 20969 tablet_service.cc:713] Processing DeleteTablet for tablet 66449f84c40b42b09232dda2ff2dbfb6 with delete_type TABLET_DATA_DELETED (Table deleted at 2017-07-27 05:17:24 UTC) from {username='ubuntu'} at 127.0.0.1:51271
I0727 05:17:24.870664 20971 maintenance_manager.cc:206] P 6f1af300e1d549d6b1cdd8bf3b9aeb9c: Unregistered op FlushDeltaMemStoresOp(816ca4638119479982af99a501389d05)
I0727 05:17:24.870666 20969 tablet_replica.cc:225] Initiating TabletReplica shutdown for tablet: 66449f84c40b42b09232dda2ff2dbfb6
I0727 05:17:24.870676 20971 maintenance_manager.cc:206] P 6f1af300e1d549d6b1cdd8bf3b9aeb9c: Unregistered op LogGCOp(816ca4638119479982af99a501389d05)
I0727 05:17:24.870678 20969 maintenance_manager.cc:206] P 6f1af300e1d549d6b1cdd8bf3b9aeb9c: Unregistered op CompactRowSetsOp(66449f84c40b42b09232dda2ff2dbfb6)
I0727 05:17:24.870687 20971 raft_consensus.cc:1763] T 816ca4638119479982af99a501389d05 P 6f1af300e1d549d6b1cdd8bf3b9aeb9c [term 1 FOLLOWER]: Raft consensus shutting down.
I0727 05:17:24.870651 20973 tablet_service.cc:713] Processing DeleteTablet for tablet 694406c5b7c84eb4ad91a73f8f37590e with delete_type TABLET_DATA_DELETED (Table deleted at 2017-07-27 05:17:24 UTC) from {username='ubuntu'} at 127.0.0.1:51271
I0727 05:17:24.870710 20973 tablet_replica.cc:225] Initiating TabletReplica shutdown for tablet: 694406c5b7c84eb4ad91a73f8f37590e
I0727 05:17:24.870697 20971 raft_consensus.cc:1778] T 816ca4638119479982af99a501389d05 P 6f1af300e1d549d6b1cdd8bf3b9aeb9c [term 1 FOLLOWER]: Raft consensus is shut down!
I0727 05:17:24.870724 20973 maintenance_manager.cc:206] P 6f1af300e1d549d6b1cdd8bf3b9aeb9c: Unregistered op CompactRowSetsOp(694406c5b7c84eb4ad91a73f8f37590e)
I0727 05:17:24.870734 20973 maintenance_manager.cc:206] P 6f1af300e1d549d6b1cdd8bf3b9aeb9c: Unregistered op MinorDeltaCompactionOp(694406c5b7c84eb4ad91a73f8f37590e)
I0727 05:17:24.870743 20973 maintenance_manager.cc:206] P 6f1af300e1d549d6b1cdd8bf3b9aeb9c: Unregistered op MajorDeltaCompactionOp(694406c5b7c84eb4ad91a73f8f37590e)
I0727 05:17:24.870753 20973 maintenance_manager.cc:206] P 6f1af300e1d549d6b1cdd8bf3b9aeb9c: Unregistered op UndoDeltaBlockGCOp(694406c5b7c84eb4ad91a73f8f37590e)
I0727 05:17:24.870757 20973 maintenance_manager.cc:206] P 6f1af300e1d549d6b1cdd8bf3b9aeb9c: Unregistered op FlushMRSOp(694406c5b7c84eb4ad91a73f8f37590e)
I0727 05:17:24.870761 20973 maintenance_manager.cc:206] P 6f1af300e1d549d6b1cdd8bf3b9aeb9c: Unregistered op FlushDeltaMemStoresOp(694406c5b7c84eb4ad91a73f8f37590e)
I0727 05:17:24.870771 20973 maintenance_manager.cc:206] P 6f1af300e1d549d6b1cdd8bf3b9aeb9c: Unregistered op LogGCOp(694406c5b7c84eb4ad91a73f8f37590e)
I0727 05:17:24.870790 20973 raft_consensus.cc:1763] T 694406c5b7c84eb4ad91a73f8f37590e P 6f1af300e1d549d6b1cdd8bf3b9aeb9c [term 1 FOLLOWER]: Raft consensus shutting down.
I0727 05:17:24.870800 20973 raft_consensus.cc:1778] T 694406c5b7c84eb4ad91a73f8f37590e P 6f1af300e1d549d6b1cdd8bf3b9aeb9c [term 1 FOLLOWER]: Raft consensus is shut down!
I0727 05:17:24.870697 20969 maintenance_manager.cc:206] P 6f1af300e1d549d6b1cdd8bf3b9aeb9c: Unregistered op MinorDeltaCompactionOp(66449f84c40b42b09232dda2ff2dbfb6)
I0727 05:17:24.870832 20969 maintenance_manager.cc:206] P 6f1af300e1d549d6b1cdd8bf3b9aeb9c: Unregistered op MajorDeltaCompactionOp(66449f84c40b42b09232dda2ff2dbfb6)
I0727 05:17:24.870838 20969 maintenance_manager.cc:206] P 6f1af300e1d549d6b1cdd8bf3b9aeb9c: Unregistered op UndoDeltaBlockGCOp(66449f84c40b42b09232dda2ff2dbfb6)
I0727 05:17:24.870856 20969 maintenance_manager.cc:206] P 6f1af300e1d549d6b1cdd8bf3b9aeb9c: Unregistered op FlushMRSOp(66449f84c40b42b09232dda2ff2dbfb6)
I0727 05:17:24.870867 20969 maintenance_manager.cc:206] P 6f1af300e1d549d6b1cdd8bf3b9aeb9c: Unregistered op FlushDeltaMemStoresOp(66449f84c40b42b09232dda2ff2dbfb6)
I0727 05:17:24.870870 20969 maintenance_manager.cc:206] P 6f1af300e1d549d6b1cdd8bf3b9aeb9c: Unregistered op LogGCOp(66449f84c40b42b09232dda2ff2dbfb6)
I0727 05:17:24.870875 20969 raft_consensus.cc:1763] T 66449f84c40b42b09232dda2ff2dbfb6 P 6f1af300e1d549d6b1cdd8bf3b9aeb9c [term 1 LEADER]: Raft consensus shutting down.
I0727 05:17:24.870882 20969 consensus_peers.cc:400] T 66449f84c40b42b09232dda2ff2dbfb6 P 6f1af300e1d549d6b1cdd8bf3b9aeb9c -> Peer b497dbd6bd1a4c998891b00d2493a1bb (ip-172-31-12-168:31202): Closing peer: b497dbd6bd1a4c998891b00d2493a1bb
I0727 05:17:24.870887 20969 consensus_peers.cc:400] T 66449f84c40b42b09232dda2ff2dbfb6 P 6f1af300e1d549d6b1cdd8bf3b9aeb9c -> Peer 3a3c735705964e1badb66c37a66a9096 (ip-172-31-12-168:31200): Closing peer: 3a3c735705964e1badb66c37a66a9096
I0727 05:17:24.870894 20969 raft_consensus.cc:1778] T 66449f84c40b42b09232dda2ff2dbfb6 P 6f1af300e1d549d6b1cdd8bf3b9aeb9c [term 1 LEADER]: Raft consensus is shut down!
I0727 05:17:24.870987 20971 ts_tablet_manager.cc:1030] T 816ca4638119479982af99a501389d05 P 6f1af300e1d549d6b1cdd8bf3b9aeb9c: Deleting tablet data with delete state TABLET_DATA_DELETED
I0727 05:17:24.871062 20973 ts_tablet_manager.cc:1030] T 694406c5b7c84eb4ad91a73f8f37590e P 6f1af300e1d549d6b1cdd8bf3b9aeb9c: Deleting tablet data with delete state TABLET_DATA_DELETED
I0727 05:17:24.871112 20969 ts_tablet_manager.cc:1030] T 66449f84c40b42b09232dda2ff2dbfb6 P 6f1af300e1d549d6b1cdd8bf3b9aeb9c: Deleting tablet data with delete state TABLET_DATA_DELETED
I0727 05:17:24.875586 20973 ts_tablet_manager.cc:1042] T 694406c5b7c84eb4ad91a73f8f37590e P 6f1af300e1d549d6b1cdd8bf3b9aeb9c: Tablet deleted. Last logged OpId: 1.1
