I0727 05:19:31.365885 20833 leader_election.cc:349] T 3c9bdf10f92548e9a2a6d09d2cb74380 P 6f1af300e1d549d6b1cdd8bf3b9aeb9c [CANDIDATE]: Term 1 pre-election: Vote granted by peer 3a3c735705964e1badb66c37a66a9096
I0727 05:19:31.365897 50051 raft_consensus.cc:2372] T 3c9bdf10f92548e9a2a6d09d2cb74380 P 6f1af300e1d549d6b1cdd8bf3b9aeb9c: Snoozing failure detection for election timeout plus an additional 1.741s
I0727 05:19:31.365911 50051 raft_consensus.cc:2176] T 3c9bdf10f92548e9a2a6d09d2cb74380 P 6f1af300e1d549d6b1cdd8bf3b9aeb9c [term 0 FOLLOWER]: Leader pre-election won for term 1
I0727 05:19:31.365914 50051 raft_consensus.cc:411] T 3c9bdf10f92548e9a2a6d09d2cb74380 P 6f1af300e1d549d6b1cdd8bf3b9aeb9c [term 0 FOLLOWER]: Starting leader election (no leader contacted us within the election timeout)
I0727 05:19:31.365919 50051 raft_consensus.cc:2372] T 3c9bdf10f92548e9a2a6d09d2cb74380 P 6f1af300e1d549d6b1cdd8bf3b9aeb9c: Snoozing failure detection for election timeout plus an additional 1.540s
I0727 05:19:31.365922 50051 raft_consensus.cc:2419] T 3c9bdf10f92548e9a2a6d09d2cb74380 P 6f1af300e1d549d6b1cdd8bf3b9aeb9c [term 0 FOLLOWER]: Advancing to term 1
I0727 05:19:31.366214 50051 raft_consensus.cc:435] T 3c9bdf10f92548e9a2a6d09d2cb74380 P 6f1af300e1d549d6b1cdd8bf3b9aeb9c [term 1 FOLLOWER]: Starting leader election with config: opid_index: -1 OBSOLETE_local: false peers { permanent_uuid: "b497dbd6bd1a4c998891b00d2493a1bb" member_type: VOTER last_known_addr { host: "ip-172-31-12-168" port: 31202 } } peers { permanent_uuid: "3a3c735705964e1badb66c37a66a9096" member_type: VOTER last_known_addr { host: "ip-172-31-12-168" port: 31200 } } peers { permanent_uuid: "6f1af300e1d549d6b1cdd8bf3b9aeb9c" member_type: VOTER last_known_addr { host: "ip-172-31-12-168" port: 31201 } }
I0727 05:19:31.366322 50051 leader_election.cc:217] T 3c9bdf10f92548e9a2a6d09d2cb74380 P 6f1af300e1d549d6b1cdd8bf3b9aeb9c [CANDIDATE]: Term 1 election: Requesting vote from peer b497dbd6bd1a4c998891b00d2493a1bb
I0727 05:19:31.366340 50051 leader_election.cc:217] T 3c9bdf10f92548e9a2a6d09d2cb74380 P 6f1af300e1d549d6b1cdd8bf3b9aeb9c [CANDIDATE]: Term 1 election: Requesting vote from peer 3a3c735705964e1badb66c37a66a9096
I0727 05:19:31.366729 20829 leader_election.cc:349] T 3c9bdf10f92548e9a2a6d09d2cb74380 P 6f1af300e1d549d6b1cdd8bf3b9aeb9c [CANDIDATE]: Term 1 election: Vote granted by peer b497dbd6bd1a4c998891b00d2493a1bb
I0727 05:19:31.366739 20829 leader_election.cc:244] T 3c9bdf10f92548e9a2a6d09d2cb74380 P 6f1af300e1d549d6b1cdd8bf3b9aeb9c [CANDIDATE]: Term 1 election: Election decided. Result: candidate won.
I0727 05:19:31.366756 20833 leader_election.cc:349] T 3c9bdf10f92548e9a2a6d09d2cb74380 P 6f1af300e1d549d6b1cdd8bf3b9aeb9c [CANDIDATE]: Term 1 election: Vote granted by peer 3a3c735705964e1badb66c37a66a9096
I0727 05:19:31.366765 50009 raft_consensus.cc:2372] T 3c9bdf10f92548e9a2a6d09d2cb74380 P 6f1af300e1d549d6b1cdd8bf3b9aeb9c: Snoozing failure detection for election timeout plus an additional 1.849s
I0727 05:19:31.366772 50009 raft_consensus.cc:2176] T 3c9bdf10f92548e9a2a6d09d2cb74380 P 6f1af300e1d549d6b1cdd8bf3b9aeb9c [term 1 FOLLOWER]: Leader election won for term 1
I0727 05:19:31.366789 50009 raft_consensus.cc:528] T 3c9bdf10f92548e9a2a6d09d2cb74380 P 6f1af300e1d549d6b1cdd8bf3b9aeb9c [term 1 LEADER]: Becoming Leader. State: Replica: 6f1af300e1d549d6b1cdd8bf3b9aeb9c, State: Running, Role: LEADER
I0727 05:19:31.366817 50009 consensus_queue.cc:165] T 3c9bdf10f92548e9a2a6d09d2cb74380 P 6f1af300e1d549d6b1cdd8bf3b9aeb9c [LEADER]: Queue going to LEADER mode. State: All replicated index: 0, Majority replicated index: 0, Committed index: 0, Last appended: 0.0, Last appended by leader: 0, Current term: 1, Majority size: 2, State: 1, Mode: LEADER, active raft config: opid_index: -1 OBSOLETE_local: false peers { permanent_uuid: "b497dbd6bd1a4c998891b00d2493a1bb" member_type: VOTER last_known_addr { host: "ip-172-31-12-168" port: 31202 } } peers { permanent_uuid: "3a3c735705964e1badb66c37a66a9096" member_type: VOTER last_known_addr { host: "ip-172-31-12-168" port: 31200 } } peers { permanent_uuid: "6f1af300e1d549d6b1cdd8bf3b9aeb9c" member_type: VOTER last_known_addr { host: "ip-172-31-12-168" port: 31201 } }
I0727 05:19:31.369132 21008 raft_consensus.cc:2372] T ca7f683a46994e978dd932557a633d2b P 6f1af300e1d549d6b1cdd8bf3b9aeb9c: Snoozing failure detection for election timeout plus an additional 1.783s
I0727 05:19:31.369144 21008 raft_consensus.cc:1943] T ca7f683a46994e978dd932557a633d2b P 6f1af300e1d549d6b1cdd8bf3b9aeb9c [term 0 FOLLOWER]: Leader pre-election vote request: Granting yes vote for candidate b497dbd6bd1a4c998891b00d2493a1bb in term 0.
I0727 05:19:31.369724 21008 raft_consensus.cc:2419] T ca7f683a46994e978dd932557a633d2b P 6f1af300e1d549d6b1cdd8bf3b9aeb9c [term 0 FOLLOWER]: Advancing to term 1
I0727 05:19:31.369740 21008 raft_consensus.cc:2372] T ca7f683a46994e978dd932557a633d2b P 6f1af300e1d549d6b1cdd8bf3b9aeb9c: Snoozing failure detection for election timeout plus an additional 1.650s
I0727 05:19:31.370005 21008 raft_consensus.cc:1943] T ca7f683a46994e978dd932557a633d2b P 6f1af300e1d549d6b1cdd8bf3b9aeb9c [term 1 FOLLOWER]: Leader election vote request: Granting yes vote for candidate b497dbd6bd1a4c998891b00d2493a1bb in term 1.
I0727 05:19:31.407006 21008 raft_consensus.cc:2372] T 78b56317a5ec4040bd225c3fcdc53c9c P 6f1af300e1d549d6b1cdd8bf3b9aeb9c: Snoozing failure detection for election timeout plus an additional 2.048s
I0727 05:19:31.407018 21008 raft_consensus.cc:1943] T 78b56317a5ec4040bd225c3fcdc53c9c P 6f1af300e1d549d6b1cdd8bf3b9aeb9c [term 0 FOLLOWER]: Leader pre-election vote request: Granting yes vote for candidate b497dbd6bd1a4c998891b00d2493a1bb in term 0.
I0727 05:19:31.407552 21008 raft_consensus.cc:2419] T 78b56317a5ec4040bd225c3fcdc53c9c P 6f1af300e1d549d6b1cdd8bf3b9aeb9c [term 0 FOLLOWER]: Advancing to term 1
I0727 05:19:31.407567 21008 raft_consensus.cc:2372] T 78b56317a5ec4040bd225c3fcdc53c9c P 6f1af300e1d549d6b1cdd8bf3b9aeb9c: Snoozing failure detection for election timeout plus an additional 1.988s
I0727 05:19:31.407786 21008 raft_consensus.cc:1943] T 78b56317a5ec4040bd225c3fcdc53c9c P 6f1af300e1d549d6b1cdd8bf3b9aeb9c [term 1 FOLLOWER]: Leader election vote request: Granting yes vote for candidate b497dbd6bd1a4c998891b00d2493a1bb in term 1.
I0727 05:19:31.413074 21008 raft_consensus.cc:2372] T 8dbbd5f1d8f944c49e94797ceb3dea4c P 6f1af300e1d549d6b1cdd8bf3b9aeb9c: Snoozing failure detection for election timeout plus an additional 2.225s
I0727 05:19:31.413089 21008 raft_consensus.cc:1943] T 8dbbd5f1d8f944c49e94797ceb3dea4c P 6f1af300e1d549d6b1cdd8bf3b9aeb9c [term 0 FOLLOWER]: Leader pre-election vote request: Granting yes vote for candidate 3a3c735705964e1badb66c37a66a9096 in term 0.
I0727 05:19:31.413697 21008 raft_consensus.cc:2419] T 8dbbd5f1d8f944c49e94797ceb3dea4c P 6f1af300e1d549d6b1cdd8bf3b9aeb9c [term 0 FOLLOWER]: Advancing to term 1
I0727 05:19:31.413712 21008 raft_consensus.cc:2372] T 8dbbd5f1d8f944c49e94797ceb3dea4c P 6f1af300e1d549d6b1cdd8bf3b9aeb9c: Snoozing failure detection for election timeout plus an additional 2.034s
I0727 05:19:31.413926 21008 raft_consensus.cc:1943] T 8dbbd5f1d8f944c49e94797ceb3dea4c P 6f1af300e1d549d6b1cdd8bf3b9aeb9c [term 1 FOLLOWER]: Leader election vote request: Granting yes vote for candidate 3a3c735705964e1badb66c37a66a9096 in term 1.
I0727 05:19:31.456606 114750 raft_consensus.cc:411] T ff9cc3a0ced944ba83aaf84e5fcab876 P 6f1af300e1d549d6b1cdd8bf3b9aeb9c [term 0 FOLLOWER]: Starting pre-election (no leader contacted us within the election timeout)
I0727 05:19:31.456621 114750 raft_consensus.cc:2372] T ff9cc3a0ced944ba83aaf84e5fcab876 P 6f1af300e1d549d6b1cdd8bf3b9aeb9c: Snoozing failure detection for election timeout plus an additional 2.198s
I0727 05:19:31.456652 114750 raft_consensus.cc:435] T ff9cc3a0ced944ba83aaf84e5fcab876 P 6f1af300e1d549d6b1cdd8bf3b9aeb9c [term 0 FOLLOWER]: Starting pre-election with config: opid_index: -1 OBSOLETE_local: false peers { permanent_uuid: "b497dbd6bd1a4c998891b00d2493a1bb" member_type: VOTER last_known_addr { host: "ip-172-31-12-168" port: 31202 } } peers { permanent_uuid: "3a3c735705964e1badb66c37a66a9096" member_type: VOTER last_known_addr { host: "ip-172-31-12-168" port: 31200 } } peers { permanent_uuid: "6f1af300e1d549d6b1cdd8bf3b9aeb9c" member_type: VOTER last_known_addr { host: "ip-172-31-12-168" port: 31201 } }
I0727 05:19:31.456761 114750 leader_election.cc:217] T ff9cc3a0ced944ba83aaf84e5fcab876 P 6f1af300e1d549d6b1cdd8bf3b9aeb9c [CANDIDATE]: Term 1 pre-election: Requesting pre-vote from peer b497dbd6bd1a4c998891b00d2493a1bb
I0727 05:19:31.456786 114750 leader_election.cc:217] T ff9cc3a0ced944ba83aaf84e5fcab876 P 6f1af300e1d549d6b1cdd8bf3b9aeb9c [CANDIDATE]: Term 1 pre-election: Requesting pre-vote from peer 3a3c735705964e1badb66c37a66a9096
I0727 05:19:31.456912 20829 leader_election.cc:349] T ff9cc3a0ced944ba83aaf84e5fcab876 P 6f1af300e1d549d6b1cdd8bf3b9aeb9c [CANDIDATE]: Term 1 pre-election: Vote granted by peer b497dbd6bd1a4c998891b00d2493a1bb
I0727 05:19:31.456923 20829 leader_election.cc:244] T ff9cc3a0ced944ba83aaf84e5fcab876 P 6f1af300e1d549d6b1cdd8bf3b9aeb9c [CANDIDATE]: Term 1 pre-election: Election decided. Result: candidate won.
I0727 05:19:31.456930 20833 leader_election.cc:349] T ff9cc3a0ced944ba83aaf84e5fcab876 P 6f1af300e1d549d6b1cdd8bf3b9aeb9c [CANDIDATE]: Term 1 pre-election: Vote granted by peer 3a3c735705964e1badb66c37a66a9096
I0727 05:19:31.456946 112902 raft_consensus.cc:2372] T ff9cc3a0ced944ba83aaf84e5fcab876 P 6f1af300e1d549d6b1cdd8bf3b9aeb9c: Snoozing failure detection for election timeout plus an additional 2.072s
I0727 05:19:31.456960 112902 raft_consensus.cc:2176] T ff9cc3a0ced944ba83aaf84e5fcab876 P 6f1af300e1d549d6b1cdd8bf3b9aeb9c [term 0 FOLLOWER]: Leader pre-election won for term 1
I0727 05:19:31.456967 112902 raft_consensus.cc:411] T ff9cc3a0ced944ba83aaf84e5fcab876 P 6f1af300e1d549d6b1cdd8bf3b9aeb9c [term 0 FOLLOWER]: Starting leader election (no leader contacted us within the election timeout)
I0727 05:19:31.456971 112902 raft_consensus.cc:2372] T ff9cc3a0ced944ba83aaf84e5fcab876 P 6f1af300e1d549d6b1cdd8bf3b9aeb9c: Snoozing failure detection for election timeout plus an additional 1.939s
I0727 05:19:31.456977 112902 raft_consensus.cc:2419] T ff9cc3a0ced944ba83aaf84e5fcab876 P 6f1af300e1d549d6b1cdd8bf3b9aeb9c [term 0 FOLLOWER]: Advancing to term 1
I0727 05:19:31.457262 112902 raft_consensus.cc:435] T ff9cc3a0ced944ba83aaf84e5fcab876 P 6f1af300e1d549d6b1cdd8bf3b9aeb9c [term 1 FOLLOWER]: Starting leader election with config: opid_index: -1 OBSOLETE_local: false peers { permanent_uuid: "b497dbd6bd1a4c998891b00d2493a1bb" member_type: VOTER last_known_addr { host: "ip-172-31-12-168" port: 31202 } } peers { permanent_uuid: "3a3c735705964e1badb66c37a66a9096" member_type: VOTER last_known_addr { host: "ip-172-31-12-168" port: 31200 } } peers { permanent_uuid: "6f1af300e1d549d6b1cdd8bf3b9aeb9c" member_type: VOTER last_known_addr { host: "ip-172-31-12-168" port: 31201 } }
I0727 05:19:31.457365 112902 leader_election.cc:217] T ff9cc3a0ced944ba83aaf84e5fcab876 P 6f1af300e1d549d6b1cdd8bf3b9aeb9c [CANDIDATE]: Term 1 election: Requesting vote from peer b497dbd6bd1a4c998891b00d2493a1bb
I0727 05:19:31.457386 112902 leader_election.cc:217] T ff9cc3a0ced944ba83aaf84e5fcab876 P 6f1af300e1d549d6b1cdd8bf3b9aeb9c [CANDIDATE]: Term 1 election: Requesting vote from peer 3a3c735705964e1badb66c37a66a9096
I0727 05:19:31.457722 20829 leader_election.cc:349] T ff9cc3a0ced944ba83aaf84e5fcab876 P 6f1af300e1d549d6b1cdd8bf3b9aeb9c [CANDIDATE]: Term 1 election: Vote granted by peer b497dbd6bd1a4c998891b00d2493a1bb
I0727 05:19:31.457733 20829 leader_election.cc:244] T ff9cc3a0ced944ba83aaf84e5fcab876 P 6f1af300e1d549d6b1cdd8bf3b9aeb9c [CANDIDATE]: Term 1 election: Election decided. Result: candidate won.
I0727 05:19:31.457754 20833 leader_election.cc:349] T ff9cc3a0ced944ba83aaf84e5fcab876 P 6f1af300e1d549d6b1cdd8bf3b9aeb9c [CANDIDATE]: Term 1 election: Vote granted by peer 3a3c735705964e1badb66c37a66a9096
I0727 05:19:31.457765 50051 raft_consensus.cc:2372] T ff9cc3a0ced944ba83aaf84e5fcab876 P 6f1af300e1d549d6b1cdd8bf3b9aeb9c: Snoozing failure detection for election timeout plus an additional 1.582s
I0727 05:19:31.457773 50051 raft_consensus.cc:2176] T ff9cc3a0ced944ba83aaf84e5fcab876 P 6f1af300e1d549d6b1cdd8bf3b9aeb9c [term 1 FOLLOWER]: Leader election won for term 1
I0727 05:19:31.457790 50051 raft_consensus.cc:528] T ff9cc3a0ced944ba83aaf84e5fcab876 P 6f1af300e1d549d6b1cdd8bf3b9aeb9c [term 1 LEADER]: Becoming Leader. State: Replica: 6f1af300e1d549d6b1cdd8bf3b9aeb9c, State: Running, Role: LEADER
I0727 05:19:31.457813 50051 consensus_queue.cc:165] T ff9cc3a0ced944ba83aaf84e5fcab876 P 6f1af300e1d549d6b1cdd8bf3b9aeb9c [LEADER]: Queue going to LEADER mode. State: All replicated index: 0, Majority replicated index: 0, Committed index: 0, Last appended: 0.0, Last appended by leader: 0, Current term: 1, Majority size: 2, State: 1, Mode: LEADER, active raft config: opid_index: -1 OBSOLETE_local: false peers { permanent_uuid: "b497dbd6bd1a4c998891b00d2493a1bb" member_type: VOTER last_known_addr { host: "ip-172-31-12-168" port: 31202 } } peers { permanent_uuid: "3a3c735705964e1badb66c37a66a9096" member_type: VOTER last_known_addr { host: "ip-172-31-12-168" port: 31200 } } peers { permanent_uuid: "6f1af300e1d549d6b1cdd8bf3b9aeb9c" member_type: VOTER last_known_addr { host: "ip-172-31-12-168" port: 31201 } }
I0727 05:19:31.466228 114768 raft_consensus.cc:411] T 252708c40cff4a18a4c41415a4615883 P 6f1af300e1d549d6b1cdd8bf3b9aeb9c [term 0 FOLLOWER]: Starting pre-election (no leader contacted us within the election timeout)
I0727 05:19:31.466244 114768 raft_consensus.cc:2372] T 252708c40cff4a18a4c41415a4615883 P 6f1af300e1d549d6b1cdd8bf3b9aeb9c: Snoozing failure detection for election timeout plus an additional 1.612s
I0727 05:19:31.466275 114768 raft_consensus.cc:435] T 252708c40cff4a18a4c41415a4615883 P 6f1af300e1d549d6b1cdd8bf3b9aeb9c [term 0 FOLLOWER]: Starting pre-election with config: opid_index: -1 OBSOLETE_local: false peers { permanent_uuid: "3a3c735705964e1badb66c37a66a9096" member_type: VOTER last_known_addr { host: "ip-172-31-12-168" port: 31200 } } peers { permanent_uuid: "b497dbd6bd1a4c998891b00d2493a1bb" member_type: VOTER last_known_addr { host: "ip-172-31-12-168" port: 31202 } } peers { permanent_uuid: "6f1af300e1d549d6b1cdd8bf3b9aeb9c" member_type: VOTER last_known_addr { host: "ip-172-31-12-168" port: 31201 } }
I0727 05:19:31.466408 114768 leader_election.cc:217] T 252708c40cff4a18a4c41415a4615883 P 6f1af300e1d549d6b1cdd8bf3b9aeb9c [CANDIDATE]: Term 1 pre-election: Requesting pre-vote from peer 3a3c735705964e1badb66c37a66a9096
I0727 05:19:31.466429 114768 leader_election.cc:217] T 252708c40cff4a18a4c41415a4615883 P 6f1af300e1d549d6b1cdd8bf3b9aeb9c [CANDIDATE]: Term 1 pre-election: Requesting pre-vote from peer b497dbd6bd1a4c998891b00d2493a1bb
I0727 05:19:31.466563 20833 leader_election.cc:349] T 252708c40cff4a18a4c41415a4615883 P 6f1af300e1d549d6b1cdd8bf3b9aeb9c [CANDIDATE]: Term 1 pre-election: Vote granted by peer 3a3c735705964e1badb66c37a66a9096
I0727 05:19:31.466574 20833 leader_election.cc:244] T 252708c40cff4a18a4c41415a4615883 P 6f1af300e1d549d6b1cdd8bf3b9aeb9c [CANDIDATE]: Term 1 pre-election: Election decided. Result: candidate won.
I0727 05:19:31.466579 20829 leader_election.cc:349] T 252708c40cff4a18a4c41415a4615883 P 6f1af300e1d549d6b1cdd8bf3b9aeb9c [CANDIDATE]: Term 1 pre-election: Vote granted by peer b497dbd6bd1a4c998891b00d2493a1bb
I0727 05:19:31.466596 52237 raft_consensus.cc:2372] T 252708c40cff4a18a4c41415a4615883 P 6f1af300e1d549d6b1cdd8bf3b9aeb9c: Snoozing failure detection for election timeout plus an additional 1.750s
I0727 05:19:31.466609 52237 raft_consensus.cc:2176] T 252708c40cff4a18a4c41415a4615883 P 6f1af300e1d549d6b1cdd8bf3b9aeb9c [term 0 FOLLOWER]: Leader pre-election won for term 1
I0727 05:19:31.466616 52237 raft_consensus.cc:411] T 252708c40cff4a18a4c41415a4615883 P 6f1af300e1d549d6b1cdd8bf3b9aeb9c [term 0 FOLLOWER]: Starting leader election (no leader contacted us within the election timeout)
I0727 05:19:31.466619 52237 raft_consensus.cc:2372] T 252708c40cff4a18a4c41415a4615883 P 6f1af300e1d549d6b1cdd8bf3b9aeb9c: Snoozing failure detection for election timeout plus an additional 1.887s
I0727 05:19:31.466621 52237 raft_consensus.cc:2419] T 252708c40cff4a18a4c41415a4615883 P 6f1af300e1d549d6b1cdd8bf3b9aeb9c [term 0 FOLLOWER]: Advancing to term 1
I0727 05:19:31.466895 52237 raft_consensus.cc:435] T 252708c40cff4a18a4c41415a4615883 P 6f1af300e1d549d6b1cdd8bf3b9aeb9c [term 1 FOLLOWER]: Starting leader election with config: opid_index: -1 OBSOLETE_local: false peers { permanent_uuid: "3a3c735705964e1badb66c37a66a9096" member_type: VOTER last_known_addr { host: "ip-172-31-12-168" port: 31200 } } peers { permanent_uuid: "b497dbd6bd1a4c998891b00d2493a1bb" member_type: VOTER last_known_addr { host: "ip-172-31-12-168" port: 31202 } } peers { permanent_uuid: "6f1af300e1d549d6b1cdd8bf3b9aeb9c" member_type: VOTER last_known_addr { host: "ip-172-31-12-168" port: 31201 } }
I0727 05:19:31.466997 52237 leader_election.cc:217] T 252708c40cff4a18a4c41415a4615883 P 6f1af300e1d549d6b1cdd8bf3b9aeb9c [CANDIDATE]: Term 1 election: Requesting vote from peer 3a3c735705964e1badb66c37a66a9096
I0727 05:19:31.467017 52237 leader_election.cc:217] T 252708c40cff4a18a4c41415a4615883 P 6f1af300e1d549d6b1cdd8bf3b9aeb9c [CANDIDATE]: Term 1 election: Requesting vote from peer b497dbd6bd1a4c998891b00d2493a1bb
I0727 05:19:31.467340 20833 leader_election.cc:349] T 252708c40cff4a18a4c41415a4615883 P 6f1af300e1d549d6b1cdd8bf3b9aeb9c [CANDIDATE]: Term 1 election: Vote granted by peer 3a3c735705964e1badb66c37a66a9096
I0727 05:19:31.467351 20833 leader_election.cc:244] T 252708c40cff4a18a4c41415a4615883 P 6f1af300e1d549d6b1cdd8bf3b9aeb9c [CANDIDATE]: Term 1 election: Election decided. Result: candidate won.
I0727 05:19:31.467363 20829 leader_election.cc:349] T 252708c40cff4a18a4c41415a4615883 P 6f1af300e1d549d6b1cdd8bf3b9aeb9c [CANDIDATE]: Term 1 election: Vote granted by peer b497dbd6bd1a4c998891b00d2493a1bb
I0727 05:19:31.467377 50038 raft_consensus.cc:2372] T 252708c40cff4a18a4c41415a4615883 P 6f1af300e1d549d6b1cdd8bf3b9aeb9c: Snoozing failure detection for election timeout plus an additional 1.545s
I0727 05:19:31.467391 50038 raft_consensus.cc:2176] T 252708c40cff4a18a4c41415a4615883 P 6f1af300e1d549d6b1cdd8bf3b9aeb9c [term 1 FOLLOWER]: Leader election won for term 1
I0727 05:19:31.467406 50038 raft_consensus.cc:528] T 252708c40cff4a18a4c41415a4615883 P 6f1af300e1d549d6b1cdd8bf3b9aeb9c [term 1 LEADER]: Becoming Leader. State: Replica: 6f1af300e1d549d6b1cdd8bf3b9aeb9c, State: Running, Role: LEADER
I0727 05:19:31.467438 50038 consensus_queue.cc:165] T 252708c40cff4a18a4c41415a4615883 P 6f1af300e1d549d6b1cdd8bf3b9aeb9c [LEADER]: Queue going to LEADER mode. State: All replicated index: 0, Majority replicated index: 0, Committed index: 0, Last appended: 0.0, Last appended by leader: 0, Current term: 1, Majority size: 2, State: 1, Mode: LEADER, active raft config: opid_index: -1 OBSOLETE_local: false peers { permanent_uuid: "3a3c735705964e1badb66c37a66a9096" member_type: VOTER last_known_addr { host: "ip-172-31-12-168" port: 31200 } } peers { permanent_uuid: "b497dbd6bd1a4c998891b00d2493a1bb" member_type: VOTER last_known_addr { host: "ip-172-31-12-168" port: 31202 } } peers { permanent_uuid: "6f1af300e1d549d6b1cdd8bf3b9aeb9c" member_type: VOTER last_known_addr { host: "ip-172-31-12-168" port: 31201 } }
I0727 05:19:31.534226 21008 raft_consensus.cc:2372] T 0014b8fe17c24e64bf993ab2d1074fc7 P 6f1af300e1d549d6b1cdd8bf3b9aeb9c: Snoozing failure detection for election timeout plus an additional 1.593s
I0727 05:19:31.534240 21008 raft_consensus.cc:1943] T 0014b8fe17c24e64bf993ab2d1074fc7 P 6f1af300e1d549d6b1cdd8bf3b9aeb9c [term 0 FOLLOWER]: Leader pre-election vote request: Granting yes vote for candidate b497dbd6bd1a4c998891b00d2493a1bb in term 0.
I0727 05:19:31.534785 21008 raft_consensus.cc:2419] T 0014b8fe17c24e64bf993ab2d1074fc7 P 6f1af300e1d549d6b1cdd8bf3b9aeb9c [term 0 FOLLOWER]: Advancing to term 1
I0727 05:19:31.534801 21008 raft_consensus.cc:2372] T 0014b8fe17c24e64bf993ab2d1074fc7 P 6f1af300e1d549d6b1cdd8bf3b9aeb9c: Snoozing failure detection for election timeout plus an additional 1.691s
I0727 05:19:31.535027 21008 raft_consensus.cc:1943] T 0014b8fe17c24e64bf993ab2d1074fc7 P 6f1af300e1d549d6b1cdd8bf3b9aeb9c [term 1 FOLLOWER]: Leader election vote request: Granting yes vote for candidate b497dbd6bd1a4c998891b00d2493a1bb in term 1.
I0727 05:19:31.546965 21008 raft_consensus.cc:944] T d226fb6fca5c418f9e7e495137e84f25 P 6f1af300e1d549d6b1cdd8bf3b9aeb9c [term 1 FOLLOWER]: Refusing update from remote peer b497dbd6bd1a4c998891b00d2493a1bb: Log matching property violated. Preceding OpId in replica: term: 0 index: 0. Preceding OpId from leader: term: 1 index: 1. (index mismatch)
I0727 05:19:31.558676 21008 raft_consensus.cc:2372] T b4c6f01dbb31487e940a189c0ba2483a P 6f1af300e1d549d6b1cdd8bf3b9aeb9c: Snoozing failure detection for election timeout plus an additional 1.514s
I0727 05:19:31.558691 21008 raft_consensus.cc:1943] T b4c6f01dbb31487e940a189c0ba2483a P 6f1af300e1d549d6b1cdd8bf3b9aeb9c [term 0 FOLLOWER]: Leader pre-election vote request: Granting yes vote for candidate 3a3c735705964e1badb66c37a66a9096 in term 0.
I0727 05:19:31.559262 21008 raft_consensus.cc:2419] T b4c6f01dbb31487e940a189c0ba2483a P 6f1af300e1d549d6b1cdd8bf3b9aeb9c [term 0 FOLLOWER]: Advancing to term 1
I0727 05:19:31.559275 21008 raft_consensus.cc:2372] T b4c6f01dbb31487e940a189c0ba2483a P 6f1af300e1d549d6b1cdd8bf3b9aeb9c: Snoozing failure detection for election timeout plus an additional 1.539s
I0727 05:19:31.559491 21008 raft_consensus.cc:1943] T b4c6f01dbb31487e940a189c0ba2483a P 6f1af300e1d549d6b1cdd8bf3b9aeb9c [term 1 FOLLOWER]: Leader election vote request: Granting yes vote for candidate 3a3c735705964e1badb66c37a66a9096 in term 1.
I0727 05:19:31.695873 21008 raft_consensus.cc:944] T 8dbbd5f1d8f944c49e94797ceb3dea4c P 6f1af300e1d549d6b1cdd8bf3b9aeb9c [term 1 FOLLOWER]: Refusing update from remote peer 3a3c735705964e1badb66c37a66a9096: Log matching property violated. Preceding OpId in replica: term: 0 index: 0. Preceding OpId from leader: term: 1 index: 1. (index mismatch)
I0727 05:19:31.727412 50038 consensus_queue.cc:722] T 3c9bdf10f92548e9a2a6d09d2cb74380 P 6f1af300e1d549d6b1cdd8bf3b9aeb9c [LEADER]: Connected to new peer: Peer: b497dbd6bd1a4c998891b00d2493a1bb, Is new: false, Last received: 0.0, Next index: 1, Last known committed idx: 0, Last exchange result: ERROR, Needs tablet copy: false
I0727 05:19:31.728132 50038 consensus_queue.cc:722] T 3c9bdf10f92548e9a2a6d09d2cb74380 P 6f1af300e1d549d6b1cdd8bf3b9aeb9c [LEADER]: Connected to new peer: Peer: 3a3c735705964e1badb66c37a66a9096, Is new: false, Last received: 0.0, Next index: 1, Last known committed idx: 0, Last exchange result: ERROR, Needs tablet copy: false
I0727 05:19:31.784143 21005 raft_consensus.cc:944] T 78b56317a5ec4040bd225c3fcdc53c9c P 6f1af300e1d549d6b1cdd8bf3b9aeb9c [term 1 FOLLOWER]: Refusing update from remote peer b497dbd6bd1a4c998891b00d2493a1bb: Log matching property violated. Preceding OpId in replica: term: 0 index: 0. Preceding OpId from leader: term: 1 index: 1. (index mismatch)
I0727 05:19:31.803402 21005 raft_consensus.cc:944] T ca7f683a46994e978dd932557a633d2b P 6f1af300e1d549d6b1cdd8bf3b9aeb9c [term 1 FOLLOWER]: Refusing update from remote peer b497dbd6bd1a4c998891b00d2493a1bb: Log matching property violated. Preceding OpId in replica: term: 0 index: 0. Preceding OpId from leader: term: 1 index: 1. (index mismatch)
I0727 05:19:31.806223 21008 raft_consensus.cc:944] T 0014b8fe17c24e64bf993ab2d1074fc7 P 6f1af300e1d549d6b1cdd8bf3b9aeb9c [term 1 FOLLOWER]: Refusing update from remote peer b497dbd6bd1a4c998891b00d2493a1bb: Log matching property violated. Preceding OpId in replica: term: 0 index: 0. Preceding OpId from leader: term: 1 index: 1. (index mismatch)
I0727 05:19:31.829932 50009 consensus_queue.cc:722] T ff9cc3a0ced944ba83aaf84e5fcab876 P 6f1af300e1d549d6b1cdd8bf3b9aeb9c [LEADER]: Connected to new peer: Peer: 3a3c735705964e1badb66c37a66a9096, Is new: false, Last received: 0.0, Next index: 1, Last known committed idx: 0, Last exchange result: ERROR, Needs tablet copy: false
I0727 05:19:31.830606 50009 consensus_queue.cc:722] T ff9cc3a0ced944ba83aaf84e5fcab876 P 6f1af300e1d549d6b1cdd8bf3b9aeb9c [LEADER]: Connected to new peer: Peer: b497dbd6bd1a4c998891b00d2493a1bb, Is new: false, Last received: 0.0, Next index: 1, Last known committed idx: 0, Last exchange result: ERROR, Needs tablet copy: false
I0727 05:19:31.847563 112902 consensus_queue.cc:722] T 252708c40cff4a18a4c41415a4615883 P 6f1af300e1d549d6b1cdd8bf3b9aeb9c [LEADER]: Connected to new peer: Peer: 3a3c735705964e1badb66c37a66a9096, Is new: false, Last received: 0.0, Next index: 1, Last known committed idx: 0, Last exchange result: ERROR, Needs tablet copy: false
I0727 05:19:31.848268 112902 consensus_queue.cc:722] T 252708c40cff4a18a4c41415a4615883 P 6f1af300e1d549d6b1cdd8bf3b9aeb9c [LEADER]: Connected to new peer: Peer: b497dbd6bd1a4c998891b00d2493a1bb, Is new: false, Last received: 0.0, Next index: 1, Last known committed idx: 0, Last exchange result: ERROR, Needs tablet copy: false
I0727 05:19:31.872318 21005 raft_consensus.cc:944] T b4c6f01dbb31487e940a189c0ba2483a P 6f1af300e1d549d6b1cdd8bf3b9aeb9c [term 1 FOLLOWER]: Refusing update from remote peer 3a3c735705964e1badb66c37a66a9096: Log matching property violated. Preceding OpId in replica: term: 0 index: 0. Preceding OpId from leader: term: 1 index: 1. (index mismatch)
I0727 05:19:33.251317 20815 tablet.cc:1039] T 4ffa10cd8f3a4c2bab76b6d3d6721249 P 6f1af300e1d549d6b1cdd8bf3b9aeb9c: Flush: entering stage 1 (old memrowset already frozen for inserts)
I0727 05:19:33.251330 20815 compaction.cc:881] Selected 1 rowsets to compact:
I0727 05:19:33.251332 20815 compaction.cc:884] memrowset(current size on disk: ~0 bytes)
I0727 05:19:33.251334 20815 tablet.cc:1041] T 4ffa10cd8f3a4c2bab76b6d3d6721249 P 6f1af300e1d549d6b1cdd8bf3b9aeb9c: Memstore in-memory size: 763 bytes
I0727 05:19:33.251339 20815 tablet.cc:1304] T 4ffa10cd8f3a4c2bab76b6d3d6721249 P 6f1af300e1d549d6b1cdd8bf3b9aeb9c: Flush: entering phase 1 (flushing snapshot). Phase 1 snapshot: MvccSnapshot[committed={T|T < 6148639609074135040 or (T in {6148639609074135040})}]
I0727 05:19:33.251588 20815 multi_column_writer.cc:95] Opened CFile writers for 7 column(s)
I0727 05:19:33.252069 20815 tablet.cc:1389] T 4ffa10cd8f3a4c2bab76b6d3d6721249 P 6f1af300e1d549d6b1cdd8bf3b9aeb9c: Flush: entering phase 2 (starting to duplicate updates in new rowsets)
I0727 05:19:33.252085 20815 tablet.cc:1444] T 4ffa10cd8f3a4c2bab76b6d3d6721249 P 6f1af300e1d549d6b1cdd8bf3b9aeb9c: Flush Phase 2: carrying over any updates which arrived during Phase 1
I0727 05:19:33.252092 20815 tablet.cc:1446] T 4ffa10cd8f3a4c2bab76b6d3d6721249 P 6f1af300e1d549d6b1cdd8bf3b9aeb9c: Phase 2 snapshot: MvccSnapshot[committed={T|T < 6148639609074135040 or (T in {6148639609074135040})}]
I0727 05:19:33.252687 20815 tablet.cc:1488] T 4ffa10cd8f3a4c2bab76b6d3d6721249 P 6f1af300e1d549d6b1cdd8bf3b9aeb9c: Flush successful on 1 rows (5160 bytes)
I0727 05:19:33.252712 20815 maintenance_manager.cc:435] Time spent running FlushMRSOp(4ffa10cd8f3a4c2bab76b6d3d6721249): real 0.001s	user 0.002s	sys 0.000s
I0727 05:19:33.252724 20815 maintenance_manager.cc:441] P 6f1af300e1d549d6b1cdd8bf3b9aeb9c: FlushMRSOp(4ffa10cd8f3a4c2bab76b6d3d6721249) metrics: {"cfile_init":1,"thread_start_us":189,"threads_started":1,"wal-append.queue_time_us":206}
I0727 05:19:33.252972 20815 maintenance_manager.cc:435] Time spent running UndoDeltaBlockGCOp(4ffa10cd8f3a4c2bab76b6d3d6721249): real 0.000s	user 0.000s	sys 0.000s
I0727 05:19:33.252985 20815 maintenance_manager.cc:441] P 6f1af300e1d549d6b1cdd8bf3b9aeb9c: UndoDeltaBlockGCOp(4ffa10cd8f3a4c2bab76b6d3d6721249) metrics: {"cfile_init":1}
I0727 05:19:35.089205 20971 tablet_service.cc:672] Processing CreateTablet for tablet 1657dedf839d46b6a6e9e0d598134c4d (table=impala::tpch_kudu.orders [id=635825fc1db8452a9569d5a309831257]), partition=HASH (o_orderkey) PARTITION 0
I0727 05:19:35.089239 20973 tablet_service.cc:672] Processing CreateTablet for tablet 949896e44426498285da2c8220c550fb (table=impala::tpch_kudu.orders [id=635825fc1db8452a9569d5a309831257]), partition=HASH (o_orderkey) PARTITION 1
I0727 05:19:35.089256 20958 tablet_service.cc:672] Processing CreateTablet for tablet b382020a5c7d4f2a862ed850c12460b6 (table=impala::tpch_kudu.orders [id=635825fc1db8452a9569d5a309831257]), partition=HASH (o_orderkey) PARTITION 2
I0727 05:19:35.089303 20969 tablet_service.cc:672] Processing CreateTablet for tablet ef3044c9b2cf4ce9ae6efddecb59e355 (table=impala::tpch_kudu.orders [id=635825fc1db8452a9569d5a309831257]), partition=HASH (o_orderkey) PARTITION 3
I0727 05:19:35.089840 20958 ts_tablet_manager.cc:871] T b382020a5c7d4f2a862ed850c12460b6 P 6f1af300e1d549d6b1cdd8bf3b9aeb9c: Registered tablet (data state: TABLET_DATA_READY)
I0727 05:19:35.090032 20973 ts_tablet_manager.cc:871] T 949896e44426498285da2c8220c550fb P 6f1af300e1d549d6b1cdd8bf3b9aeb9c: Registered tablet (data state: TABLET_DATA_READY)
I0727 05:19:35.090042 20971 ts_tablet_manager.cc:871] T 1657dedf839d46b6a6e9e0d598134c4d P 6f1af300e1d549d6b1cdd8bf3b9aeb9c: Registered tablet (data state: TABLET_DATA_READY)
I0727 05:19:35.090085 20969 ts_tablet_manager.cc:871] T ef3044c9b2cf4ce9ae6efddecb59e355 P 6f1af300e1d549d6b1cdd8bf3b9aeb9c: Registered tablet (data state: TABLET_DATA_READY)
I0727 05:19:35.090131 114842 ts_tablet_manager.cc:741] T b382020a5c7d4f2a862ed850c12460b6 P 6f1af300e1d549d6b1cdd8bf3b9aeb9c: Bootstrapping tablet
I0727 05:19:35.090157 114842 tablet_bootstrap.cc:406] T b382020a5c7d4f2a862ed850c12460b6 P 6f1af300e1d549d6b1cdd8bf3b9aeb9c: Bootstrap starting.
I0727 05:19:35.090193 20973 tablet_service.cc:672] Processing CreateTablet for tablet 0b704cc0a6f244118b60becf6169c4cf (table=impala::tpch_kudu.orders [id=635825fc1db8452a9569d5a309831257]), partition=HASH (o_orderkey) PARTITION 4
I0727 05:19:35.090204 20969 tablet_service.cc:672] Processing CreateTablet for tablet 7219edb290184e43bbf11f2640fb954c (table=impala::tpch_kudu.orders [id=635825fc1db8452a9569d5a309831257]), partition=HASH (o_orderkey) PARTITION 5
I0727 05:19:35.090255 20971 tablet_service.cc:672] Processing CreateTablet for tablet 11d9393debcf480989db6d55853ffd90 (table=impala::tpch_kudu.orders [id=635825fc1db8452a9569d5a309831257]), partition=HASH (o_orderkey) PARTITION 6
I0727 05:19:35.090282 20958 tablet_service.cc:672] Processing CreateTablet for tablet 1c510e0d964a4698ae860452cec4e61e (table=impala::tpch_kudu.orders [id=635825fc1db8452a9569d5a309831257]), partition=HASH (o_orderkey) PARTITION 7
I0727 05:19:35.090378 114842 tablet_bootstrap.cc:547] T b382020a5c7d4f2a862ed850c12460b6 P 6f1af300e1d549d6b1cdd8bf3b9aeb9c: No blocks or log segments found. Creating new log.
I0727 05:19:35.090612 20973 ts_tablet_manager.cc:871] T 0b704cc0a6f244118b60becf6169c4cf P 6f1af300e1d549d6b1cdd8bf3b9aeb9c: Registered tablet (data state: TABLET_DATA_READY)
I0727 05:19:35.090822 114842 tablet_bootstrap.cc:406] T b382020a5c7d4f2a862ed850c12460b6 P 6f1af300e1d549d6b1cdd8bf3b9aeb9c: No bootstrap required, opened a new log
I0727 05:19:35.090840 114842 ts_tablet_manager.cc:746] T b382020a5c7d4f2a862ed850c12460b6 P 6f1af300e1d549d6b1cdd8bf3b9aeb9c: Time spent bootstrapping tablet: real 0.001s	user 0.000s	sys 0.000s
I0727 05:19:35.090884 20969 ts_tablet_manager.cc:871] T 7219edb290184e43bbf11f2640fb954c P 6f1af300e1d549d6b1cdd8bf3b9aeb9c: Registered tablet (data state: TABLET_DATA_READY)
I0727 05:19:35.090919 20958 ts_tablet_manager.cc:871] T 1c510e0d964a4698ae860452cec4e61e P 6f1af300e1d549d6b1cdd8bf3b9aeb9c: Registered tablet (data state: TABLET_DATA_READY)
I0727 05:19:35.091002 20960 tablet_service.cc:672] Processing CreateTablet for tablet 020eb3c208fc4b37b2abc15f8cebb504 (table=impala::tpch_kudu.orders [id=635825fc1db8452a9569d5a309831257]), partition=HASH (o_orderkey) PARTITION 8
I0727 05:19:35.091145 114842 raft_consensus.cc:284] T b382020a5c7d4f2a862ed850c12460b6 P 6f1af300e1d549d6b1cdd8bf3b9aeb9c [term 0 FOLLOWER]: Replica starting. Triggering 0 pending transactions. Active config: opid_index: -1 OBSOLETE_local: false peers { permanent_uuid: "b497dbd6bd1a4c998891b00d2493a1bb" member_type: VOTER last_known_addr { host: "ip-172-31-12-168" port: 31202 } } peers { permanent_uuid: "3a3c735705964e1badb66c37a66a9096" member_type: VOTER last_known_addr { host: "ip-172-31-12-168" port: 31200 } } peers { permanent_uuid: "6f1af300e1d549d6b1cdd8bf3b9aeb9c" member_type: VOTER last_known_addr { host: "ip-172-31-12-168" port: 31201 } }
I0727 05:19:35.091163 114842 raft_consensus.cc:316] T b382020a5c7d4f2a862ed850c12460b6 P 6f1af300e1d549d6b1cdd8bf3b9aeb9c [term 0 FOLLOWER]: Consensus starting up: Expiring failure detector timer to make a prompt election more likely
I0727 05:19:35.091169 114842 raft_consensus.cc:560] T b382020a5c7d4f2a862ed850c12460b6 P 6f1af300e1d549d6b1cdd8bf3b9aeb9c [term 0 FOLLOWER]: Becoming Follower/Learner. State: Replica: 6f1af300e1d549d6b1cdd8bf3b9aeb9c, State: Running, Role: FOLLOWER
I0727 05:19:35.091178 114842 consensus_queue.cc:186] T b382020a5c7d4f2a862ed850c12460b6 P 6f1af300e1d549d6b1cdd8bf3b9aeb9c [NON_LEADER]: Queue going to NON_LEADER mode. State: All replicated index: 0, Majority replicated index: 0, Committed index: 0, Last appended: 0.0, Last appended by leader: 0, Current term: 0, Majority size: -1, State: 1, Mode: NON_LEADER
I0727 05:19:35.091239 114842 ts_tablet_manager.cc:775] T b382020a5c7d4f2a862ed850c12460b6 P 6f1af300e1d549d6b1cdd8bf3b9aeb9c: Time spent starting tablet: real 0.000s	user 0.000s	sys 0.000s
I0727 05:19:35.091256 114842 ts_tablet_manager.cc:741] T 1657dedf839d46b6a6e9e0d598134c4d P 6f1af300e1d549d6b1cdd8bf3b9aeb9c: Bootstrapping tablet
I0727 05:19:35.091261 114842 tablet_bootstrap.cc:406] T 1657dedf839d46b6a6e9e0d598134c4d P 6f1af300e1d549d6b1cdd8bf3b9aeb9c: Bootstrap starting.
I0727 05:19:35.091415 114842 tablet_bootstrap.cc:547] T 1657dedf839d46b6a6e9e0d598134c4d P 6f1af300e1d549d6b1cdd8bf3b9aeb9c: No blocks or log segments found. Creating new log.
I0727 05:19:35.091459 20971 ts_tablet_manager.cc:871] T 11d9393debcf480989db6d55853ffd90 P 6f1af300e1d549d6b1cdd8bf3b9aeb9c: Registered tablet (data state: TABLET_DATA_READY)
I0727 05:19:35.091709 20960 ts_tablet_manager.cc:871] T 020eb3c208fc4b37b2abc15f8cebb504 P 6f1af300e1d549d6b1cdd8bf3b9aeb9c: Registered tablet (data state: TABLET_DATA_READY)
I0727 05:19:35.091856 114842 tablet_bootstrap.cc:406] T 1657dedf839d46b6a6e9e0d598134c4d P 6f1af300e1d549d6b1cdd8bf3b9aeb9c: No bootstrap required, opened a new log
I0727 05:19:35.091878 114842 ts_tablet_manager.cc:746] T 1657dedf839d46b6a6e9e0d598134c4d P 6f1af300e1d549d6b1cdd8bf3b9aeb9c: Time spent bootstrapping tablet: real 0.001s	user 0.000s	sys 0.000s
I0727 05:19:35.092202 114842 raft_consensus.cc:284] T 1657dedf839d46b6a6e9e0d598134c4d P 6f1af300e1d549d6b1cdd8bf3b9aeb9c [term 0 FOLLOWER]: Replica starting. Triggering 0 pending transactions. Active config: opid_index: -1 OBSOLETE_local: false peers { permanent_uuid: "3a3c735705964e1badb66c37a66a9096" member_type: VOTER last_known_addr { host: "ip-172-31-12-168" port: 31200 } } peers { permanent_uuid: "b497dbd6bd1a4c998891b00d2493a1bb" member_type: VOTER last_known_addr { host: "ip-172-31-12-168" port: 31202 } } peers { permanent_uuid: "6f1af300e1d549d6b1cdd8bf3b9aeb9c" member_type: VOTER last_known_addr { host: "ip-172-31-12-168" port: 31201 } }
I0727 05:19:35.092217 114842 raft_consensus.cc:316] T 1657dedf839d46b6a6e9e0d598134c4d P 6f1af300e1d549d6b1cdd8bf3b9aeb9c [term 0 FOLLOWER]: Consensus starting up: Expiring failure detector timer to make a prompt election more likely
I0727 05:19:35.092221 114842 raft_consensus.cc:560] T 1657dedf839d46b6a6e9e0d598134c4d P 6f1af300e1d549d6b1cdd8bf3b9aeb9c [term 0 FOLLOWER]: Becoming Follower/Learner. State: Replica: 6f1af300e1d549d6b1cdd8bf3b9aeb9c, State: Running, Role: FOLLOWER
I0727 05:19:35.092226 114842 consensus_queue.cc:186] T 1657dedf839d46b6a6e9e0d598134c4d P 6f1af300e1d549d6b1cdd8bf3b9aeb9c [NON_LEADER]: Queue going to NON_LEADER mode. State: All replicated index: 0, Majority replicated index: 0, Committed index: 0, Last appended: 0.0, Last appended by leader: 0, Current term: 0, Majority size: -1, State: 1, Mode: NON_LEADER
I0727 05:19:35.092294 114842 ts_tablet_manager.cc:775] T 1657dedf839d46b6a6e9e0d598134c4d P 6f1af300e1d549d6b1cdd8bf3b9aeb9c: Time spent starting tablet: real 0.000s	user 0.000s	sys 0.000s
I0727 05:19:35.092311 114842 ts_tablet_manager.cc:741] T ef3044c9b2cf4ce9ae6efddecb59e355 P 6f1af300e1d549d6b1cdd8bf3b9aeb9c: Bootstrapping tablet
I0727 05:19:35.092324 114842 tablet_bootstrap.cc:406] T ef3044c9b2cf4ce9ae6efddecb59e355 P 6f1af300e1d549d6b1cdd8bf3b9aeb9c: Bootstrap starting.
I0727 05:19:35.092538 114842 tablet_bootstrap.cc:547] T ef3044c9b2cf4ce9ae6efddecb59e355 P 6f1af300e1d549d6b1cdd8bf3b9aeb9c: No blocks or log segments found. Creating new log.
I0727 05:19:35.092953 114842 tablet_bootstrap.cc:406] T ef3044c9b2cf4ce9ae6efddecb59e355 P 6f1af300e1d549d6b1cdd8bf3b9aeb9c: No bootstrap required, opened a new log
I0727 05:19:35.092969 114842 ts_tablet_manager.cc:746] T ef3044c9b2cf4ce9ae6efddecb59e355 P 6f1af300e1d549d6b1cdd8bf3b9aeb9c: Time spent bootstrapping tablet: real 0.001s	user 0.000s	sys 0.001s
I0727 05:19:35.093241 114842 raft_consensus.cc:284] T ef3044c9b2cf4ce9ae6efddecb59e355 P 6f1af300e1d549d6b1cdd8bf3b9aeb9c [term 0 FOLLOWER]: Replica starting. Triggering 0 pending transactions. Active config: opid_index: -1 OBSOLETE_local: false peers { permanent_uuid: "b497dbd6bd1a4c998891b00d2493a1bb" member_type: VOTER last_known_addr { host: "ip-172-31-12-168" port: 31202 } } peers { permanent_uuid: "3a3c735705964e1badb66c37a66a9096" member_type: VOTER last_known_addr { host: "ip-172-31-12-168" port: 31200 } } peers { permanent_uuid: "6f1af300e1d549d6b1cdd8bf3b9aeb9c" member_type: VOTER last_known_addr { host: "ip-172-31-12-168" port: 31201 } }
I0727 05:19:35.093255 114842 raft_consensus.cc:316] T ef3044c9b2cf4ce9ae6efddecb59e355 P 6f1af300e1d549d6b1cdd8bf3b9aeb9c [term 0 FOLLOWER]: Consensus starting up: Expiring failure detector timer to make a prompt election more likely
I0727 05:19:35.093257 114842 raft_consensus.cc:560] T ef3044c9b2cf4ce9ae6efddecb59e355 P 6f1af300e1d549d6b1cdd8bf3b9aeb9c [term 0 FOLLOWER]: Becoming Follower/Learner. State: Replica: 6f1af300e1d549d6b1cdd8bf3b9aeb9c, State: Running, Role: FOLLOWER
I0727 05:19:35.093263 114842 consensus_queue.cc:186] T ef3044c9b2cf4ce9ae6efddecb59e355 P 6f1af300e1d549d6b1cdd8bf3b9aeb9c [NON_LEADER]: Queue going to NON_LEADER mode. State: All replicated index: 0, Majority replicated index: 0, Committed index: 0, Last appended: 0.0, Last appended by leader: 0, Current term: 0, Majority size: -1, State: 1, Mode: NON_LEADER
I0727 05:19:35.093314 114842 ts_tablet_manager.cc:775] T ef3044c9b2cf4ce9ae6efddecb59e355 P 6f1af300e1d549d6b1cdd8bf3b9aeb9c: Time spent starting tablet: real 0.000s	user 0.000s	sys 0.000s
I0727 05:19:35.093328 114842 ts_tablet_manager.cc:741] T 949896e44426498285da2c8220c550fb P 6f1af300e1d549d6b1cdd8bf3b9aeb9c: Bootstrapping tablet
I0727 05:19:35.093336 114842 tablet_bootstrap.cc:406] T 949896e44426498285da2c8220c550fb P 6f1af300e1d549d6b1cdd8bf3b9aeb9c: Bootstrap starting.
I0727 05:19:35.093468 114842 tablet_bootstrap.cc:547] T 949896e44426498285da2c8220c550fb P 6f1af300e1d549d6b1cdd8bf3b9aeb9c: No blocks or log segments found. Creating new log.
I0727 05:19:35.093904 114842 tablet_bootstrap.cc:406] T 949896e44426498285da2c8220c550fb P 6f1af300e1d549d6b1cdd8bf3b9aeb9c: No bootstrap required, opened a new log
I0727 05:19:35.093919 114842 ts_tablet_manager.cc:746] T 949896e44426498285da2c8220c550fb P 6f1af300e1d549d6b1cdd8bf3b9aeb9c: Time spent bootstrapping tablet: real 0.001s	user 0.000s	sys 0.000s
I0727 05:19:35.094190 114842 raft_consensus.cc:284] T 949896e44426498285da2c8220c550fb P 6f1af300e1d549d6b1cdd8bf3b9aeb9c [term 0 FOLLOWER]: Replica starting. Triggering 0 pending transactions. Active config: opid_index: -1 OBSOLETE_local: false peers { permanent_uuid: "3a3c735705964e1badb66c37a66a9096" member_type: VOTER last_known_addr { host: "ip-172-31-12-168" port: 31200 } } peers { permanent_uuid: "b497dbd6bd1a4c998891b00d2493a1bb" member_type: VOTER last_known_addr { host: "ip-172-31-12-168" port: 31202 } } peers { permanent_uuid: "6f1af300e1d549d6b1cdd8bf3b9aeb9c" member_type: VOTER last_known_addr { host: "ip-172-31-12-168" port: 31201 } }
I0727 05:19:35.094205 114842 raft_consensus.cc:316] T 949896e44426498285da2c8220c550fb P 6f1af300e1d549d6b1cdd8bf3b9aeb9c [term 0 FOLLOWER]: Consensus starting up: Expiring failure detector timer to make a prompt election more likely
I0727 05:19:35.094208 114842 raft_consensus.cc:560] T 949896e44426498285da2c8220c550fb P 6f1af300e1d549d6b1cdd8bf3b9aeb9c [term 0 FOLLOWER]: Becoming Follower/Learner. State: Replica: 6f1af300e1d549d6b1cdd8bf3b9aeb9c, State: Running, Role: FOLLOWER
I0727 05:19:35.094213 114842 consensus_queue.cc:186] T 949896e44426498285da2c8220c550fb P 6f1af300e1d549d6b1cdd8bf3b9aeb9c [NON_LEADER]: Queue going to NON_LEADER mode. State: All replicated index: 0, Majority replicated index: 0, Committed index: 0, Last appended: 0.0, Last appended by leader: 0, Current term: 0, Majority size: -1, State: 1, Mode: NON_LEADER
I0727 05:19:35.094264 114842 ts_tablet_manager.cc:775] T 949896e44426498285da2c8220c550fb P 6f1af300e1d549d6b1cdd8bf3b9aeb9c: Time spent starting tablet: real 0.000s	user 0.000s	sys 0.000s
I0727 05:19:35.094281 114842 ts_tablet_manager.cc:741] T 0b704cc0a6f244118b60becf6169c4cf P 6f1af300e1d549d6b1cdd8bf3b9aeb9c: Bootstrapping tablet
I0727 05:19:35.094295 114842 tablet_bootstrap.cc:406] T 0b704cc0a6f244118b60becf6169c4cf P 6f1af300e1d549d6b1cdd8bf3b9aeb9c: Bootstrap starting.
I0727 05:19:35.094488 114842 tablet_bootstrap.cc:547] T 0b704cc0a6f244118b60becf6169c4cf P 6f1af300e1d549d6b1cdd8bf3b9aeb9c: No blocks or log segments found. Creating new log.
I0727 05:19:35.094902 114842 tablet_bootstrap.cc:406] T 0b704cc0a6f244118b60becf6169c4cf P 6f1af300e1d549d6b1cdd8bf3b9aeb9c: No bootstrap required, opened a new log
I0727 05:19:35.094918 114842 ts_tablet_manager.cc:746] T 0b704cc0a6f244118b60becf6169c4cf P 6f1af300e1d549d6b1cdd8bf3b9aeb9c: Time spent bootstrapping tablet: real 0.001s	user 0.000s	sys 0.000s
I0727 05:19:35.095188 114842 raft_consensus.cc:284] T 0b704cc0a6f244118b60becf6169c4cf P 6f1af300e1d549d6b1cdd8bf3b9aeb9c [term 0 FOLLOWER]: Replica starting. Triggering 0 pending transactions. Active config: opid_index: -1 OBSOLETE_local: false peers { permanent_uuid: "b497dbd6bd1a4c998891b00d2493a1bb" member_type: VOTER last_known_addr { host: "ip-172-31-12-168" port: 31202 } } peers { permanent_uuid: "3a3c735705964e1badb66c37a66a9096" member_type: VOTER last_known_addr { host: "ip-172-31-12-168" port: 31200 } } peers { permanent_uuid: "6f1af300e1d549d6b1cdd8bf3b9aeb9c" member_type: VOTER last_known_addr { host: "ip-172-31-12-168" port: 31201 } }
I0727 05:19:35.095204 114842 raft_consensus.cc:316] T 0b704cc0a6f244118b60becf6169c4cf P 6f1af300e1d549d6b1cdd8bf3b9aeb9c [term 0 FOLLOWER]: Consensus starting up: Expiring failure detector timer to make a prompt election more likely
I0727 05:19:35.095207 114842 raft_consensus.cc:560] T 0b704cc0a6f244118b60becf6169c4cf P 6f1af300e1d549d6b1cdd8bf3b9aeb9c [term 0 FOLLOWER]: Becoming Follower/Learner. State: Replica: 6f1af300e1d549d6b1cdd8bf3b9aeb9c, State: Running, Role: FOLLOWER
I0727 05:19:35.095217 114842 consensus_queue.cc:186] T 0b704cc0a6f244118b60becf6169c4cf P 6f1af300e1d549d6b1cdd8bf3b9aeb9c [NON_LEADER]: Queue going to NON_LEADER mode. State: All replicated index: 0, Majority replicated index: 0, Committed index: 0, Last appended: 0.0, Last appended by leader: 0, Current term: 0, Majority size: -1, State: 1, Mode: NON_LEADER
I0727 05:19:35.095274 114842 ts_tablet_manager.cc:775] T 0b704cc0a6f244118b60becf6169c4cf P 6f1af300e1d549d6b1cdd8bf3b9aeb9c: Time spent starting tablet: real 0.000s	user 0.000s	sys 0.000s
I0727 05:19:35.095293 114842 ts_tablet_manager.cc:741] T 7219edb290184e43bbf11f2640fb954c P 6f1af300e1d549d6b1cdd8bf3b9aeb9c: Bootstrapping tablet
I0727 05:19:35.095306 114842 tablet_bootstrap.cc:406] T 7219edb290184e43bbf11f2640fb954c P 6f1af300e1d549d6b1cdd8bf3b9aeb9c: Bootstrap starting.
I0727 05:19:35.095465 114842 tablet_bootstrap.cc:547] T 7219edb290184e43bbf11f2640fb954c P 6f1af300e1d549d6b1cdd8bf3b9aeb9c: No blocks or log segments found. Creating new log.
I0727 05:19:35.095873 114842 tablet_bootstrap.cc:406] T 7219edb290184e43bbf11f2640fb954c P 6f1af300e1d549d6b1cdd8bf3b9aeb9c: No bootstrap required, opened a new log
I0727 05:19:35.095890 114842 ts_tablet_manager.cc:746] T 7219edb290184e43bbf11f2640fb954c P 6f1af300e1d549d6b1cdd8bf3b9aeb9c: Time spent bootstrapping tablet: real 0.001s	user 0.000s	sys 0.000s
I0727 05:19:35.096168 114842 raft_consensus.cc:284] T 7219edb290184e43bbf11f2640fb954c P 6f1af300e1d549d6b1cdd8bf3b9aeb9c [term 0 FOLLOWER]: Replica starting. Triggering 0 pending transactions. Active config: opid_index: -1 OBSOLETE_local: false peers { permanent_uuid: "3a3c735705964e1badb66c37a66a9096" member_type: VOTER last_known_addr { host: "ip-172-31-12-168" port: 31200 } } peers { permanent_uuid: "b497dbd6bd1a4c998891b00d2493a1bb" member_type: VOTER last_known_addr { host: "ip-172-31-12-168" port: 31202 } } peers { permanent_uuid: "6f1af300e1d549d6b1cdd8bf3b9aeb9c" member_type: VOTER last_known_addr { host: "ip-172-31-12-168" port: 31201 } }
I0727 05:19:35.096180 114842 raft_consensus.cc:316] T 7219edb290184e43bbf11f2640fb954c P 6f1af300e1d549d6b1cdd8bf3b9aeb9c [term 0 FOLLOWER]: Consensus starting up: Expiring failure detector timer to make a prompt election more likely
I0727 05:19:35.096184 114842 raft_consensus.cc:560] T 7219edb290184e43bbf11f2640fb954c P 6f1af300e1d549d6b1cdd8bf3b9aeb9c [term 0 FOLLOWER]: Becoming Follower/Learner. State: Replica: 6f1af300e1d549d6b1cdd8bf3b9aeb9c, State: Running, Role: FOLLOWER
I0727 05:19:35.096195 114842 consensus_queue.cc:186] T 7219edb290184e43bbf11f2640fb954c P 6f1af300e1d549d6b1cdd8bf3b9aeb9c [NON_LEADER]: Queue going to NON_LEADER mode. State: All replicated index: 0, Majority replicated index: 0, Committed index: 0, Last appended: 0.0, Last appended by leader: 0, Current term: 0, Majority size: -1, State: 1, Mode: NON_LEADER
I0727 05:19:35.096249 114842 ts_tablet_manager.cc:775] T 7219edb290184e43bbf11f2640fb954c P 6f1af300e1d549d6b1cdd8bf3b9aeb9c: Time spent starting tablet: real 0.000s	user 0.000s	sys 0.000s
I0727 05:19:35.096263 114842 ts_tablet_manager.cc:741] T 1c510e0d964a4698ae860452cec4e61e P 6f1af300e1d549d6b1cdd8bf3b9aeb9c: Bootstrapping tablet
I0727 05:19:35.096271 114842 tablet_bootstrap.cc:406] T 1c510e0d964a4698ae860452cec4e61e P 6f1af300e1d549d6b1cdd8bf3b9aeb9c: Bootstrap starting.
I0727 05:19:35.096406 114842 tablet_bootstrap.cc:547] T 1c510e0d964a4698ae860452cec4e61e P 6f1af300e1d549d6b1cdd8bf3b9aeb9c: No blocks or log segments found. Creating new log.
I0727 05:19:35.096822 114842 tablet_bootstrap.cc:406] T 1c510e0d964a4698ae860452cec4e61e P 6f1af300e1d549d6b1cdd8bf3b9aeb9c: No bootstrap required, opened a new log
I0727 05:19:35.096835 114842 ts_tablet_manager.cc:746] T 1c510e0d964a4698ae860452cec4e61e P 6f1af300e1d549d6b1cdd8bf3b9aeb9c: Time spent bootstrapping tablet: real 0.001s	user 0.002s	sys 0.000s
I0727 05:19:35.097100 114842 raft_consensus.cc:284] T 1c510e0d964a4698ae860452cec4e61e P 6f1af300e1d549d6b1cdd8bf3b9aeb9c [term 0 FOLLOWER]: Replica starting. Triggering 0 pending transactions. Active config: opid_index: -1 OBSOLETE_local: false peers { permanent_uuid: "b497dbd6bd1a4c998891b00d2493a1bb" member_type: VOTER last_known_addr { host: "ip-172-31-12-168" port: 31202 } } peers { permanent_uuid: "3a3c735705964e1badb66c37a66a9096" member_type: VOTER last_known_addr { host: "ip-172-31-12-168" port: 31200 } } peers { permanent_uuid: "6f1af300e1d549d6b1cdd8bf3b9aeb9c" member_type: VOTER last_known_addr { host: "ip-172-31-12-168" port: 31201 } }
I0727 05:19:35.097112 114842 raft_consensus.cc:316] T 1c510e0d964a4698ae860452cec4e61e P 6f1af300e1d549d6b1cdd8bf3b9aeb9c [term 0 FOLLOWER]: Consensus starting up: Expiring failure detector timer to make a prompt election more likely
I0727 05:19:35.097115 114842 raft_consensus.cc:560] T 1c510e0d964a4698ae860452cec4e61e P 6f1af300e1d549d6b1cdd8bf3b9aeb9c [term 0 FOLLOWER]: Becoming Follower/Learner. State: Replica: 6f1af300e1d549d6b1cdd8bf3b9aeb9c, State: Running, Role: FOLLOWER
I0727 05:19:35.097128 114842 consensus_queue.cc:186] T 1c510e0d964a4698ae860452cec4e61e P 6f1af300e1d549d6b1cdd8bf3b9aeb9c [NON_LEADER]: Queue going to NON_LEADER mode. State: All replicated index: 0, Majority replicated index: 0, Committed index: 0, Last appended: 0.0, Last appended by leader: 0, Current term: 0, Majority size: -1, State: 1, Mode: NON_LEADER
I0727 05:19:35.097167 114842 ts_tablet_manager.cc:775] T 1c510e0d964a4698ae860452cec4e61e P 6f1af300e1d549d6b1cdd8bf3b9aeb9c: Time spent starting tablet: real 0.000s	user 0.000s	sys 0.000s
I0727 05:19:35.097179 114842 ts_tablet_manager.cc:741] T 11d9393debcf480989db6d55853ffd90 P 6f1af300e1d549d6b1cdd8bf3b9aeb9c: Bootstrapping tablet
I0727 05:19:35.097187 114842 tablet_bootstrap.cc:406] T 11d9393debcf480989db6d55853ffd90 P 6f1af300e1d549d6b1cdd8bf3b9aeb9c: Bootstrap starting.
I0727 05:19:35.097322 114842 tablet_bootstrap.cc:547] T 11d9393debcf480989db6d55853ffd90 P 6f1af300e1d549d6b1cdd8bf3b9aeb9c: No blocks or log segments found. Creating new log.
