I0727 05:16:28.980425 112027 raft_consensus.cc:560] T 7c456491f02e4c0bbd4a2d06106a00a1 P 6f1af300e1d549d6b1cdd8bf3b9aeb9c [term 0 FOLLOWER]: Becoming Follower/Learner. State: Replica: 6f1af300e1d549d6b1cdd8bf3b9aeb9c, State: Running, Role: FOLLOWER
I0727 05:16:28.980433 112027 consensus_queue.cc:186] T 7c456491f02e4c0bbd4a2d06106a00a1 P 6f1af300e1d549d6b1cdd8bf3b9aeb9c [NON_LEADER]: Queue going to NON_LEADER mode. State: All replicated index: 0, Majority replicated index: 0, Committed index: 0, Last appended: 0.0, Last appended by leader: 0, Current term: 0, Majority size: -1, State: 1, Mode: NON_LEADER
I0727 05:16:28.980474 112027 ts_tablet_manager.cc:775] T 7c456491f02e4c0bbd4a2d06106a00a1 P 6f1af300e1d549d6b1cdd8bf3b9aeb9c: Time spent starting tablet: real 0.000s	user 0.000s	sys 0.000s
I0727 05:16:28.980487 112027 ts_tablet_manager.cc:741] T 959dd06cf03846e2b41a5260d6c51908 P 6f1af300e1d549d6b1cdd8bf3b9aeb9c: Bootstrapping tablet
I0727 05:16:28.980491 112027 tablet_bootstrap.cc:406] T 959dd06cf03846e2b41a5260d6c51908 P 6f1af300e1d549d6b1cdd8bf3b9aeb9c: Bootstrap starting.
I0727 05:16:28.980594 112027 tablet_bootstrap.cc:547] T 959dd06cf03846e2b41a5260d6c51908 P 6f1af300e1d549d6b1cdd8bf3b9aeb9c: No blocks or log segments found. Creating new log.
I0727 05:16:28.980952 112027 tablet_bootstrap.cc:406] T 959dd06cf03846e2b41a5260d6c51908 P 6f1af300e1d549d6b1cdd8bf3b9aeb9c: No bootstrap required, opened a new log
I0727 05:16:28.980967 112027 ts_tablet_manager.cc:746] T 959dd06cf03846e2b41a5260d6c51908 P 6f1af300e1d549d6b1cdd8bf3b9aeb9c: Time spent bootstrapping tablet: real 0.000s	user 0.000s	sys 0.000s
I0727 05:16:28.981211 112027 raft_consensus.cc:284] T 959dd06cf03846e2b41a5260d6c51908 P 6f1af300e1d549d6b1cdd8bf3b9aeb9c [term 0 FOLLOWER]: Replica starting. Triggering 0 pending transactions. Active config: opid_index: -1 OBSOLETE_local: false peers { permanent_uuid: "b497dbd6bd1a4c998891b00d2493a1bb" member_type: VOTER last_known_addr { host: "ip-172-31-12-168" port: 31202 } } peers { permanent_uuid: "6f1af300e1d549d6b1cdd8bf3b9aeb9c" member_type: VOTER last_known_addr { host: "ip-172-31-12-168" port: 31201 } } peers { permanent_uuid: "3a3c735705964e1badb66c37a66a9096" member_type: VOTER last_known_addr { host: "ip-172-31-12-168" port: 31200 } }
I0727 05:16:28.981223 112027 raft_consensus.cc:316] T 959dd06cf03846e2b41a5260d6c51908 P 6f1af300e1d549d6b1cdd8bf3b9aeb9c [term 0 FOLLOWER]: Consensus starting up: Expiring failure detector timer to make a prompt election more likely
I0727 05:16:28.981226 112027 raft_consensus.cc:560] T 959dd06cf03846e2b41a5260d6c51908 P 6f1af300e1d549d6b1cdd8bf3b9aeb9c [term 0 FOLLOWER]: Becoming Follower/Learner. State: Replica: 6f1af300e1d549d6b1cdd8bf3b9aeb9c, State: Running, Role: FOLLOWER
I0727 05:16:28.981233 112027 consensus_queue.cc:186] T 959dd06cf03846e2b41a5260d6c51908 P 6f1af300e1d549d6b1cdd8bf3b9aeb9c [NON_LEADER]: Queue going to NON_LEADER mode. State: All replicated index: 0, Majority replicated index: 0, Committed index: 0, Last appended: 0.0, Last appended by leader: 0, Current term: 0, Majority size: -1, State: 1, Mode: NON_LEADER
I0727 05:16:28.981264 112027 ts_tablet_manager.cc:775] T 959dd06cf03846e2b41a5260d6c51908 P 6f1af300e1d549d6b1cdd8bf3b9aeb9c: Time spent starting tablet: real 0.000s	user 0.000s	sys 0.000s
I0727 05:16:29.050804 21010 raft_consensus.cc:2372] T 959dd06cf03846e2b41a5260d6c51908 P 6f1af300e1d549d6b1cdd8bf3b9aeb9c: Snoozing failure detection for election timeout plus an additional 1.748s
I0727 05:16:29.050819 21010 raft_consensus.cc:1943] T 959dd06cf03846e2b41a5260d6c51908 P 6f1af300e1d549d6b1cdd8bf3b9aeb9c [term 0 FOLLOWER]: Leader pre-election vote request: Granting yes vote for candidate 3a3c735705964e1badb66c37a66a9096 in term 0.
I0727 05:16:29.051437 21010 raft_consensus.cc:2419] T 959dd06cf03846e2b41a5260d6c51908 P 6f1af300e1d549d6b1cdd8bf3b9aeb9c [term 0 FOLLOWER]: Advancing to term 1
I0727 05:16:29.051452 21010 raft_consensus.cc:2372] T 959dd06cf03846e2b41a5260d6c51908 P 6f1af300e1d549d6b1cdd8bf3b9aeb9c: Snoozing failure detection for election timeout plus an additional 1.865s
I0727 05:16:29.051723 21010 raft_consensus.cc:1943] T 959dd06cf03846e2b41a5260d6c51908 P 6f1af300e1d549d6b1cdd8bf3b9aeb9c [term 1 FOLLOWER]: Leader election vote request: Granting yes vote for candidate 3a3c735705964e1badb66c37a66a9096 in term 1.
I0727 05:16:29.190642 21011 raft_consensus.cc:2372] T a554a629ae22401b83628151c7807ba4 P 6f1af300e1d549d6b1cdd8bf3b9aeb9c: Snoozing failure detection for election timeout plus an additional 1.890s
I0727 05:16:29.190657 21011 raft_consensus.cc:1943] T a554a629ae22401b83628151c7807ba4 P 6f1af300e1d549d6b1cdd8bf3b9aeb9c [term 0 FOLLOWER]: Leader pre-election vote request: Granting yes vote for candidate b497dbd6bd1a4c998891b00d2493a1bb in term 0.
I0727 05:16:29.191246 21011 raft_consensus.cc:2419] T a554a629ae22401b83628151c7807ba4 P 6f1af300e1d549d6b1cdd8bf3b9aeb9c [term 0 FOLLOWER]: Advancing to term 1
I0727 05:16:29.191259 21011 raft_consensus.cc:2372] T a554a629ae22401b83628151c7807ba4 P 6f1af300e1d549d6b1cdd8bf3b9aeb9c: Snoozing failure detection for election timeout plus an additional 1.953s
I0727 05:16:29.191550 21011 raft_consensus.cc:1943] T a554a629ae22401b83628151c7807ba4 P 6f1af300e1d549d6b1cdd8bf3b9aeb9c [term 1 FOLLOWER]: Leader election vote request: Granting yes vote for candidate b497dbd6bd1a4c998891b00d2493a1bb in term 1.
I0727 05:16:29.302469 21011 raft_consensus.cc:2372] T 7c456491f02e4c0bbd4a2d06106a00a1 P 6f1af300e1d549d6b1cdd8bf3b9aeb9c: Snoozing failure detection for election timeout plus an additional 1.710s
I0727 05:16:29.302481 21011 raft_consensus.cc:1943] T 7c456491f02e4c0bbd4a2d06106a00a1 P 6f1af300e1d549d6b1cdd8bf3b9aeb9c [term 0 FOLLOWER]: Leader pre-election vote request: Granting yes vote for candidate 3a3c735705964e1badb66c37a66a9096 in term 0.
I0727 05:16:29.303098 21011 raft_consensus.cc:2419] T 7c456491f02e4c0bbd4a2d06106a00a1 P 6f1af300e1d549d6b1cdd8bf3b9aeb9c [term 0 FOLLOWER]: Advancing to term 1
I0727 05:16:29.303113 21011 raft_consensus.cc:2372] T 7c456491f02e4c0bbd4a2d06106a00a1 P 6f1af300e1d549d6b1cdd8bf3b9aeb9c: Snoozing failure detection for election timeout plus an additional 1.965s
I0727 05:16:29.303326 21011 raft_consensus.cc:1943] T 7c456491f02e4c0bbd4a2d06106a00a1 P 6f1af300e1d549d6b1cdd8bf3b9aeb9c [term 1 FOLLOWER]: Leader election vote request: Granting yes vote for candidate 3a3c735705964e1badb66c37a66a9096 in term 1.
I0727 05:16:29.407200 21011 raft_consensus.cc:944] T 959dd06cf03846e2b41a5260d6c51908 P 6f1af300e1d549d6b1cdd8bf3b9aeb9c [term 1 FOLLOWER]: Refusing update from remote peer 3a3c735705964e1badb66c37a66a9096: Log matching property violated. Preceding OpId in replica: term: 0 index: 0. Preceding OpId from leader: term: 1 index: 1. (index mismatch)
I0727 05:16:29.526345 21011 raft_consensus.cc:944] T a554a629ae22401b83628151c7807ba4 P 6f1af300e1d549d6b1cdd8bf3b9aeb9c [term 1 FOLLOWER]: Refusing update from remote peer b497dbd6bd1a4c998891b00d2493a1bb: Log matching property violated. Preceding OpId in replica: term: 0 index: 0. Preceding OpId from leader: term: 1 index: 1. (index mismatch)
I0727 05:16:29.602594 21011 raft_consensus.cc:944] T 7c456491f02e4c0bbd4a2d06106a00a1 P 6f1af300e1d549d6b1cdd8bf3b9aeb9c [term 1 FOLLOWER]: Refusing update from remote peer 3a3c735705964e1badb66c37a66a9096: Log matching property violated. Preceding OpId in replica: term: 0 index: 0. Preceding OpId from leader: term: 1 index: 1. (index mismatch)
I0727 05:16:36.847801 20969 tablet_service.cc:713] Processing DeleteTablet for tablet 3b4b9c40ec1e40639b260d5dbd2964c2 with delete_type TABLET_DATA_DELETED (Table deleted at 2017-07-27 05:16:36 UTC) from {username='ubuntu'} at 127.0.0.1:51271
I0727 05:16:36.847810 20967 tablet_service.cc:713] Processing DeleteTablet for tablet a8e914f58b434691b64c6df7f1b7bfe8 with delete_type TABLET_DATA_DELETED (Table deleted at 2017-07-27 05:16:36 UTC) from {username='ubuntu'} at 127.0.0.1:51271
I0727 05:16:36.847820 20969 tablet_replica.cc:225] Initiating TabletReplica shutdown for tablet: 3b4b9c40ec1e40639b260d5dbd2964c2
I0727 05:16:36.847821 20967 tablet_replica.cc:225] Initiating TabletReplica shutdown for tablet: a8e914f58b434691b64c6df7f1b7bfe8
I0727 05:16:36.847837 20969 maintenance_manager.cc:206] P 6f1af300e1d549d6b1cdd8bf3b9aeb9c: Unregistered op CompactRowSetsOp(3b4b9c40ec1e40639b260d5dbd2964c2)
I0727 05:16:36.847844 20969 maintenance_manager.cc:206] P 6f1af300e1d549d6b1cdd8bf3b9aeb9c: Unregistered op MinorDeltaCompactionOp(3b4b9c40ec1e40639b260d5dbd2964c2)
I0727 05:16:36.847851 20969 maintenance_manager.cc:206] P 6f1af300e1d549d6b1cdd8bf3b9aeb9c: Unregistered op MajorDeltaCompactionOp(3b4b9c40ec1e40639b260d5dbd2964c2)
I0727 05:16:36.847856 20969 maintenance_manager.cc:206] P 6f1af300e1d549d6b1cdd8bf3b9aeb9c: Unregistered op UndoDeltaBlockGCOp(3b4b9c40ec1e40639b260d5dbd2964c2)
I0727 05:16:36.847867 20969 maintenance_manager.cc:206] P 6f1af300e1d549d6b1cdd8bf3b9aeb9c: Unregistered op FlushMRSOp(3b4b9c40ec1e40639b260d5dbd2964c2)
I0727 05:16:36.847872 20969 maintenance_manager.cc:206] P 6f1af300e1d549d6b1cdd8bf3b9aeb9c: Unregistered op FlushDeltaMemStoresOp(3b4b9c40ec1e40639b260d5dbd2964c2)
I0727 05:16:36.847877 20969 maintenance_manager.cc:206] P 6f1af300e1d549d6b1cdd8bf3b9aeb9c: Unregistered op LogGCOp(3b4b9c40ec1e40639b260d5dbd2964c2)
I0727 05:16:36.847885 20969 raft_consensus.cc:1763] T 3b4b9c40ec1e40639b260d5dbd2964c2 P 6f1af300e1d549d6b1cdd8bf3b9aeb9c [term 1 LEADER]: Raft consensus shutting down.
I0727 05:16:36.847887 20965 tablet_service.cc:713] Processing DeleteTablet for tablet 7ee54e893cce4e749cad362104302e81 with delete_type TABLET_DATA_DELETED (Table deleted at 2017-07-27 05:16:36 UTC) from {username='ubuntu'} at 127.0.0.1:51271
I0727 05:16:36.847906 20965 tablet_replica.cc:225] Initiating TabletReplica shutdown for tablet: 7ee54e893cce4e749cad362104302e81
I0727 05:16:36.847890 20969 consensus_peers.cc:400] T 3b4b9c40ec1e40639b260d5dbd2964c2 P 6f1af300e1d549d6b1cdd8bf3b9aeb9c -> Peer 3a3c735705964e1badb66c37a66a9096 (ip-172-31-12-168:31200): Closing peer: 3a3c735705964e1badb66c37a66a9096
I0727 05:16:36.847916 20965 maintenance_manager.cc:206] P 6f1af300e1d549d6b1cdd8bf3b9aeb9c: Unregistered op CompactRowSetsOp(7ee54e893cce4e749cad362104302e81)
I0727 05:16:36.847919 20969 consensus_peers.cc:400] T 3b4b9c40ec1e40639b260d5dbd2964c2 P 6f1af300e1d549d6b1cdd8bf3b9aeb9c -> Peer b497dbd6bd1a4c998891b00d2493a1bb (ip-172-31-12-168:31202): Closing peer: b497dbd6bd1a4c998891b00d2493a1bb
I0727 05:16:36.847924 20965 maintenance_manager.cc:206] P 6f1af300e1d549d6b1cdd8bf3b9aeb9c: Unregistered op MinorDeltaCompactionOp(7ee54e893cce4e749cad362104302e81)
I0727 05:16:36.847945 20967 maintenance_manager.cc:206] P 6f1af300e1d549d6b1cdd8bf3b9aeb9c: Unregistered op CompactRowSetsOp(a8e914f58b434691b64c6df7f1b7bfe8)
I0727 05:16:36.847972 20967 maintenance_manager.cc:206] P 6f1af300e1d549d6b1cdd8bf3b9aeb9c: Unregistered op MinorDeltaCompactionOp(a8e914f58b434691b64c6df7f1b7bfe8)
I0727 05:16:36.847990 20967 maintenance_manager.cc:206] P 6f1af300e1d549d6b1cdd8bf3b9aeb9c: Unregistered op MajorDeltaCompactionOp(a8e914f58b434691b64c6df7f1b7bfe8)
I0727 05:16:36.847954 20965 maintenance_manager.cc:206] P 6f1af300e1d549d6b1cdd8bf3b9aeb9c: Unregistered op MajorDeltaCompactionOp(7ee54e893cce4e749cad362104302e81)
I0727 05:16:36.848002 20967 maintenance_manager.cc:206] P 6f1af300e1d549d6b1cdd8bf3b9aeb9c: Unregistered op UndoDeltaBlockGCOp(a8e914f58b434691b64c6df7f1b7bfe8)
I0727 05:16:36.847928 20969 raft_consensus.cc:1778] T 3b4b9c40ec1e40639b260d5dbd2964c2 P 6f1af300e1d549d6b1cdd8bf3b9aeb9c [term 1 LEADER]: Raft consensus is shut down!
I0727 05:16:36.848014 20967 maintenance_manager.cc:206] P 6f1af300e1d549d6b1cdd8bf3b9aeb9c: Unregistered op FlushMRSOp(a8e914f58b434691b64c6df7f1b7bfe8)
I0727 05:16:36.848019 20967 maintenance_manager.cc:206] P 6f1af300e1d549d6b1cdd8bf3b9aeb9c: Unregistered op FlushDeltaMemStoresOp(a8e914f58b434691b64c6df7f1b7bfe8)
I0727 05:16:36.848008 20965 maintenance_manager.cc:206] P 6f1af300e1d549d6b1cdd8bf3b9aeb9c: Unregistered op UndoDeltaBlockGCOp(7ee54e893cce4e749cad362104302e81)
I0727 05:16:36.848024 20967 maintenance_manager.cc:206] P 6f1af300e1d549d6b1cdd8bf3b9aeb9c: Unregistered op LogGCOp(a8e914f58b434691b64c6df7f1b7bfe8)
I0727 05:16:36.848053 20967 raft_consensus.cc:1763] T a8e914f58b434691b64c6df7f1b7bfe8 P 6f1af300e1d549d6b1cdd8bf3b9aeb9c [term 1 LEADER]: Raft consensus shutting down.
I0727 05:16:36.848042 20965 maintenance_manager.cc:206] P 6f1af300e1d549d6b1cdd8bf3b9aeb9c: Unregistered op FlushMRSOp(7ee54e893cce4e749cad362104302e81)
I0727 05:16:36.848071 20965 maintenance_manager.cc:206] P 6f1af300e1d549d6b1cdd8bf3b9aeb9c: Unregistered op FlushDeltaMemStoresOp(7ee54e893cce4e749cad362104302e81)
I0727 05:16:36.848091 20965 maintenance_manager.cc:206] P 6f1af300e1d549d6b1cdd8bf3b9aeb9c: Unregistered op LogGCOp(7ee54e893cce4e749cad362104302e81)
I0727 05:16:36.848062 20967 consensus_peers.cc:400] T a8e914f58b434691b64c6df7f1b7bfe8 P 6f1af300e1d549d6b1cdd8bf3b9aeb9c -> Peer 3a3c735705964e1badb66c37a66a9096 (ip-172-31-12-168:31200): Closing peer: 3a3c735705964e1badb66c37a66a9096
I0727 05:16:36.848109 20967 consensus_peers.cc:400] T a8e914f58b434691b64c6df7f1b7bfe8 P 6f1af300e1d549d6b1cdd8bf3b9aeb9c -> Peer b497dbd6bd1a4c998891b00d2493a1bb (ip-172-31-12-168:31202): Closing peer: b497dbd6bd1a4c998891b00d2493a1bb
I0727 05:16:36.848098 20965 raft_consensus.cc:1763] T 7ee54e893cce4e749cad362104302e81 P 6f1af300e1d549d6b1cdd8bf3b9aeb9c [term 1 FOLLOWER]: Raft consensus shutting down.
I0727 05:16:36.848121 20967 raft_consensus.cc:1778] T a8e914f58b434691b64c6df7f1b7bfe8 P 6f1af300e1d549d6b1cdd8bf3b9aeb9c [term 1 LEADER]: Raft consensus is shut down!
I0727 05:16:36.848126 20965 raft_consensus.cc:1778] T 7ee54e893cce4e749cad362104302e81 P 6f1af300e1d549d6b1cdd8bf3b9aeb9c [term 1 FOLLOWER]: Raft consensus is shut down!
I0727 05:16:36.848268 20969 ts_tablet_manager.cc:1030] T 3b4b9c40ec1e40639b260d5dbd2964c2 P 6f1af300e1d549d6b1cdd8bf3b9aeb9c: Deleting tablet data with delete state TABLET_DATA_DELETED
I0727 05:16:36.848343 20965 ts_tablet_manager.cc:1030] T 7ee54e893cce4e749cad362104302e81 P 6f1af300e1d549d6b1cdd8bf3b9aeb9c: Deleting tablet data with delete state TABLET_DATA_DELETED
I0727 05:16:36.849035 20967 ts_tablet_manager.cc:1030] T a8e914f58b434691b64c6df7f1b7bfe8 P 6f1af300e1d549d6b1cdd8bf3b9aeb9c: Deleting tablet data with delete state TABLET_DATA_DELETED
I0727 05:16:36.849814 20969 ts_tablet_manager.cc:1042] T 3b4b9c40ec1e40639b260d5dbd2964c2 P 6f1af300e1d549d6b1cdd8bf3b9aeb9c: Tablet deleted. Last logged OpId: 1.1
I0727 05:16:36.849831 20969 log.cc:974] T 3b4b9c40ec1e40639b260d5dbd2964c2 P 6f1af300e1d549d6b1cdd8bf3b9aeb9c: Deleting WAL directory at /home/ubuntu/Impala/testdata/cluster/cdh5/node-2/var/lib/kudu/ts/wal/wals/3b4b9c40ec1e40639b260d5dbd2964c2
I0727 05:16:36.849941 20965 ts_tablet_manager.cc:1042] T 7ee54e893cce4e749cad362104302e81 P 6f1af300e1d549d6b1cdd8bf3b9aeb9c: Tablet deleted. Last logged OpId: 1.1
I0727 05:16:36.849946 20969 ts_tablet_manager.cc:1060] T 3b4b9c40ec1e40639b260d5dbd2964c2 P 6f1af300e1d549d6b1cdd8bf3b9aeb9c: Deleting consensus metadata
I0727 05:16:36.849957 20965 log.cc:974] T 7ee54e893cce4e749cad362104302e81 P 6f1af300e1d549d6b1cdd8bf3b9aeb9c: Deleting WAL directory at /home/ubuntu/Impala/testdata/cluster/cdh5/node-2/var/lib/kudu/ts/wal/wals/7ee54e893cce4e749cad362104302e81
I0727 05:16:36.850024 20965 ts_tablet_manager.cc:1060] T 7ee54e893cce4e749cad362104302e81 P 6f1af300e1d549d6b1cdd8bf3b9aeb9c: Deleting consensus metadata
I0727 05:16:36.852190 20967 ts_tablet_manager.cc:1042] T a8e914f58b434691b64c6df7f1b7bfe8 P 6f1af300e1d549d6b1cdd8bf3b9aeb9c: Tablet deleted. Last logged OpId: 1.1
I0727 05:16:36.852206 20967 log.cc:974] T a8e914f58b434691b64c6df7f1b7bfe8 P 6f1af300e1d549d6b1cdd8bf3b9aeb9c: Deleting WAL directory at /home/ubuntu/Impala/testdata/cluster/cdh5/node-2/var/lib/kudu/ts/wal/wals/a8e914f58b434691b64c6df7f1b7bfe8
I0727 05:16:36.852283 20967 ts_tablet_manager.cc:1060] T a8e914f58b434691b64c6df7f1b7bfe8 P 6f1af300e1d549d6b1cdd8bf3b9aeb9c: Deleting consensus metadata
I0727 05:16:36.972714 20965 tablet_service.cc:672] Processing CreateTablet for tablet cda6fdae46394e928fcbf60687842993 (table=impala::functional_kudu.testtbl [id=50ec701d19d9423d90918fc4bef85b2b]), partition=RANGE (id) PARTITION 1004 <= VALUES < 1008
I0727 05:16:36.972712 20969 tablet_service.cc:672] Processing CreateTablet for tablet a48dec82544c44368e90f3268592bd56 (table=impala::functional_kudu.testtbl [id=50ec701d19d9423d90918fc4bef85b2b]), partition=RANGE (id) PARTITION VALUES >= 1008
I0727 05:16:36.972712 20967 tablet_service.cc:672] Processing CreateTablet for tablet 904259aacdee4b52902b54cf4a48422a (table=impala::functional_kudu.testtbl [id=50ec701d19d9423d90918fc4bef85b2b]), partition=RANGE (id) PARTITION VALUES < 1004
I0727 05:16:36.973273 20967 ts_tablet_manager.cc:871] T 904259aacdee4b52902b54cf4a48422a P 6f1af300e1d549d6b1cdd8bf3b9aeb9c: Registered tablet (data state: TABLET_DATA_READY)
I0727 05:16:36.973291 20969 ts_tablet_manager.cc:871] T a48dec82544c44368e90f3268592bd56 P 6f1af300e1d549d6b1cdd8bf3b9aeb9c: Registered tablet (data state: TABLET_DATA_READY)
I0727 05:16:36.973493 20965 ts_tablet_manager.cc:871] T cda6fdae46394e928fcbf60687842993 P 6f1af300e1d549d6b1cdd8bf3b9aeb9c: Registered tablet (data state: TABLET_DATA_READY)
I0727 05:16:36.973539 112071 ts_tablet_manager.cc:741] T 904259aacdee4b52902b54cf4a48422a P 6f1af300e1d549d6b1cdd8bf3b9aeb9c: Bootstrapping tablet
I0727 05:16:36.973561 112071 tablet_bootstrap.cc:406] T 904259aacdee4b52902b54cf4a48422a P 6f1af300e1d549d6b1cdd8bf3b9aeb9c: Bootstrap starting.
I0727 05:16:36.973713 112071 tablet_bootstrap.cc:547] T 904259aacdee4b52902b54cf4a48422a P 6f1af300e1d549d6b1cdd8bf3b9aeb9c: No blocks or log segments found. Creating new log.
I0727 05:16:36.974097 112071 tablet_bootstrap.cc:406] T 904259aacdee4b52902b54cf4a48422a P 6f1af300e1d549d6b1cdd8bf3b9aeb9c: No bootstrap required, opened a new log
I0727 05:16:36.974117 112071 ts_tablet_manager.cc:746] T 904259aacdee4b52902b54cf4a48422a P 6f1af300e1d549d6b1cdd8bf3b9aeb9c: Time spent bootstrapping tablet: real 0.001s	user 0.000s	sys 0.000s
I0727 05:16:36.974380 112071 raft_consensus.cc:284] T 904259aacdee4b52902b54cf4a48422a P 6f1af300e1d549d6b1cdd8bf3b9aeb9c [term 0 FOLLOWER]: Replica starting. Triggering 0 pending transactions. Active config: opid_index: -1 OBSOLETE_local: false peers { permanent_uuid: "b497dbd6bd1a4c998891b00d2493a1bb" member_type: VOTER last_known_addr { host: "ip-172-31-12-168" port: 31202 } } peers { permanent_uuid: "6f1af300e1d549d6b1cdd8bf3b9aeb9c" member_type: VOTER last_known_addr { host: "ip-172-31-12-168" port: 31201 } } peers { permanent_uuid: "3a3c735705964e1badb66c37a66a9096" member_type: VOTER last_known_addr { host: "ip-172-31-12-168" port: 31200 } }
I0727 05:16:36.974398 112071 raft_consensus.cc:316] T 904259aacdee4b52902b54cf4a48422a P 6f1af300e1d549d6b1cdd8bf3b9aeb9c [term 0 FOLLOWER]: Consensus starting up: Expiring failure detector timer to make a prompt election more likely
I0727 05:16:36.974411 112071 raft_consensus.cc:560] T 904259aacdee4b52902b54cf4a48422a P 6f1af300e1d549d6b1cdd8bf3b9aeb9c [term 0 FOLLOWER]: Becoming Follower/Learner. State: Replica: 6f1af300e1d549d6b1cdd8bf3b9aeb9c, State: Running, Role: FOLLOWER
I0727 05:16:36.974423 112071 consensus_queue.cc:186] T 904259aacdee4b52902b54cf4a48422a P 6f1af300e1d549d6b1cdd8bf3b9aeb9c [NON_LEADER]: Queue going to NON_LEADER mode. State: All replicated index: 0, Majority replicated index: 0, Committed index: 0, Last appended: 0.0, Last appended by leader: 0, Current term: 0, Majority size: -1, State: 1, Mode: NON_LEADER
I0727 05:16:36.974478 112071 ts_tablet_manager.cc:775] T 904259aacdee4b52902b54cf4a48422a P 6f1af300e1d549d6b1cdd8bf3b9aeb9c: Time spent starting tablet: real 0.000s	user 0.000s	sys 0.000s
I0727 05:16:36.974490 112071 ts_tablet_manager.cc:741] T a48dec82544c44368e90f3268592bd56 P 6f1af300e1d549d6b1cdd8bf3b9aeb9c: Bootstrapping tablet
I0727 05:16:36.974494 112071 tablet_bootstrap.cc:406] T a48dec82544c44368e90f3268592bd56 P 6f1af300e1d549d6b1cdd8bf3b9aeb9c: Bootstrap starting.
I0727 05:16:36.974598 112071 tablet_bootstrap.cc:547] T a48dec82544c44368e90f3268592bd56 P 6f1af300e1d549d6b1cdd8bf3b9aeb9c: No blocks or log segments found. Creating new log.
I0727 05:16:36.974958 112071 tablet_bootstrap.cc:406] T a48dec82544c44368e90f3268592bd56 P 6f1af300e1d549d6b1cdd8bf3b9aeb9c: No bootstrap required, opened a new log
I0727 05:16:36.974974 112071 ts_tablet_manager.cc:746] T a48dec82544c44368e90f3268592bd56 P 6f1af300e1d549d6b1cdd8bf3b9aeb9c: Time spent bootstrapping tablet: real 0.000s	user 0.000s	sys 0.000s
I0727 05:16:36.975131 112071 raft_consensus.cc:284] T a48dec82544c44368e90f3268592bd56 P 6f1af300e1d549d6b1cdd8bf3b9aeb9c [term 0 FOLLOWER]: Replica starting. Triggering 0 pending transactions. Active config: opid_index: -1 OBSOLETE_local: false peers { permanent_uuid: "b497dbd6bd1a4c998891b00d2493a1bb" member_type: VOTER last_known_addr { host: "ip-172-31-12-168" port: 31202 } } peers { permanent_uuid: "6f1af300e1d549d6b1cdd8bf3b9aeb9c" member_type: VOTER last_known_addr { host: "ip-172-31-12-168" port: 31201 } } peers { permanent_uuid: "3a3c735705964e1badb66c37a66a9096" member_type: VOTER last_known_addr { host: "ip-172-31-12-168" port: 31200 } }
I0727 05:16:36.975147 112071 raft_consensus.cc:316] T a48dec82544c44368e90f3268592bd56 P 6f1af300e1d549d6b1cdd8bf3b9aeb9c [term 0 FOLLOWER]: Consensus starting up: Expiring failure detector timer to make a prompt election more likely
I0727 05:16:36.975149 112071 raft_consensus.cc:560] T a48dec82544c44368e90f3268592bd56 P 6f1af300e1d549d6b1cdd8bf3b9aeb9c [term 0 FOLLOWER]: Becoming Follower/Learner. State: Replica: 6f1af300e1d549d6b1cdd8bf3b9aeb9c, State: Running, Role: FOLLOWER
I0727 05:16:36.975159 112071 consensus_queue.cc:186] T a48dec82544c44368e90f3268592bd56 P 6f1af300e1d549d6b1cdd8bf3b9aeb9c [NON_LEADER]: Queue going to NON_LEADER mode. State: All replicated index: 0, Majority replicated index: 0, Committed index: 0, Last appended: 0.0, Last appended by leader: 0, Current term: 0, Majority size: -1, State: 1, Mode: NON_LEADER
I0727 05:16:36.975204 112071 ts_tablet_manager.cc:775] T a48dec82544c44368e90f3268592bd56 P 6f1af300e1d549d6b1cdd8bf3b9aeb9c: Time spent starting tablet: real 0.000s	user 0.000s	sys 0.000s
I0727 05:16:36.975239 112071 ts_tablet_manager.cc:741] T cda6fdae46394e928fcbf60687842993 P 6f1af300e1d549d6b1cdd8bf3b9aeb9c: Bootstrapping tablet
I0727 05:16:36.975255 112071 tablet_bootstrap.cc:406] T cda6fdae46394e928fcbf60687842993 P 6f1af300e1d549d6b1cdd8bf3b9aeb9c: Bootstrap starting.
I0727 05:16:36.975353 112071 tablet_bootstrap.cc:547] T cda6fdae46394e928fcbf60687842993 P 6f1af300e1d549d6b1cdd8bf3b9aeb9c: No blocks or log segments found. Creating new log.
I0727 05:16:36.975719 112071 tablet_bootstrap.cc:406] T cda6fdae46394e928fcbf60687842993 P 6f1af300e1d549d6b1cdd8bf3b9aeb9c: No bootstrap required, opened a new log
I0727 05:16:36.975735 112071 ts_tablet_manager.cc:746] T cda6fdae46394e928fcbf60687842993 P 6f1af300e1d549d6b1cdd8bf3b9aeb9c: Time spent bootstrapping tablet: real 0.000s	user 0.000s	sys 0.000s
I0727 05:16:36.975986 112071 raft_consensus.cc:284] T cda6fdae46394e928fcbf60687842993 P 6f1af300e1d549d6b1cdd8bf3b9aeb9c [term 0 FOLLOWER]: Replica starting. Triggering 0 pending transactions. Active config: opid_index: -1 OBSOLETE_local: false peers { permanent_uuid: "b497dbd6bd1a4c998891b00d2493a1bb" member_type: VOTER last_known_addr { host: "ip-172-31-12-168" port: 31202 } } peers { permanent_uuid: "6f1af300e1d549d6b1cdd8bf3b9aeb9c" member_type: VOTER last_known_addr { host: "ip-172-31-12-168" port: 31201 } } peers { permanent_uuid: "3a3c735705964e1badb66c37a66a9096" member_type: VOTER last_known_addr { host: "ip-172-31-12-168" port: 31200 } }
I0727 05:16:36.975998 112071 raft_consensus.cc:316] T cda6fdae46394e928fcbf60687842993 P 6f1af300e1d549d6b1cdd8bf3b9aeb9c [term 0 FOLLOWER]: Consensus starting up: Expiring failure detector timer to make a prompt election more likely
I0727 05:16:36.976002 112071 raft_consensus.cc:560] T cda6fdae46394e928fcbf60687842993 P 6f1af300e1d549d6b1cdd8bf3b9aeb9c [term 0 FOLLOWER]: Becoming Follower/Learner. State: Replica: 6f1af300e1d549d6b1cdd8bf3b9aeb9c, State: Running, Role: FOLLOWER
I0727 05:16:36.976007 112071 consensus_queue.cc:186] T cda6fdae46394e928fcbf60687842993 P 6f1af300e1d549d6b1cdd8bf3b9aeb9c [NON_LEADER]: Queue going to NON_LEADER mode. State: All replicated index: 0, Majority replicated index: 0, Committed index: 0, Last appended: 0.0, Last appended by leader: 0, Current term: 0, Majority size: -1, State: 1, Mode: NON_LEADER
I0727 05:16:36.976042 112071 ts_tablet_manager.cc:775] T cda6fdae46394e928fcbf60687842993 P 6f1af300e1d549d6b1cdd8bf3b9aeb9c: Time spent starting tablet: real 0.000s	user 0.000s	sys 0.000s
I0727 05:16:37.094188 112081 raft_consensus.cc:411] T a48dec82544c44368e90f3268592bd56 P 6f1af300e1d549d6b1cdd8bf3b9aeb9c [term 0 FOLLOWER]: Starting pre-election (no leader contacted us within the election timeout)
I0727 05:16:37.094208 112081 raft_consensus.cc:2372] T a48dec82544c44368e90f3268592bd56 P 6f1af300e1d549d6b1cdd8bf3b9aeb9c: Snoozing failure detection for election timeout plus an additional 1.781s
I0727 05:16:37.094229 112081 raft_consensus.cc:435] T a48dec82544c44368e90f3268592bd56 P 6f1af300e1d549d6b1cdd8bf3b9aeb9c [term 0 FOLLOWER]: Starting pre-election with config: opid_index: -1 OBSOLETE_local: false peers { permanent_uuid: "b497dbd6bd1a4c998891b00d2493a1bb" member_type: VOTER last_known_addr { host: "ip-172-31-12-168" port: 31202 } } peers { permanent_uuid: "6f1af300e1d549d6b1cdd8bf3b9aeb9c" member_type: VOTER last_known_addr { host: "ip-172-31-12-168" port: 31201 } } peers { permanent_uuid: "3a3c735705964e1badb66c37a66a9096" member_type: VOTER last_known_addr { host: "ip-172-31-12-168" port: 31200 } }
I0727 05:16:37.094374 112081 leader_election.cc:217] T a48dec82544c44368e90f3268592bd56 P 6f1af300e1d549d6b1cdd8bf3b9aeb9c [CANDIDATE]: Term 1 pre-election: Requesting pre-vote from peer b497dbd6bd1a4c998891b00d2493a1bb
I0727 05:16:37.094395 112081 leader_election.cc:217] T a48dec82544c44368e90f3268592bd56 P 6f1af300e1d549d6b1cdd8bf3b9aeb9c [CANDIDATE]: Term 1 pre-election: Requesting pre-vote from peer 3a3c735705964e1badb66c37a66a9096
I0727 05:16:37.094537 20829 leader_election.cc:349] T a48dec82544c44368e90f3268592bd56 P 6f1af300e1d549d6b1cdd8bf3b9aeb9c [CANDIDATE]: Term 1 pre-election: Vote granted by peer b497dbd6bd1a4c998891b00d2493a1bb
I0727 05:16:37.094552 20829 leader_election.cc:244] T a48dec82544c44368e90f3268592bd56 P 6f1af300e1d549d6b1cdd8bf3b9aeb9c [CANDIDATE]: Term 1 pre-election: Election decided. Result: candidate won.
I0727 05:16:37.094560 20833 leader_election.cc:349] T a48dec82544c44368e90f3268592bd56 P 6f1af300e1d549d6b1cdd8bf3b9aeb9c [CANDIDATE]: Term 1 pre-election: Vote granted by peer 3a3c735705964e1badb66c37a66a9096
I0727 05:16:37.094578 50038 raft_consensus.cc:2372] T a48dec82544c44368e90f3268592bd56 P 6f1af300e1d549d6b1cdd8bf3b9aeb9c: Snoozing failure detection for election timeout plus an additional 2.166s
I0727 05:16:37.094594 50038 raft_consensus.cc:2176] T a48dec82544c44368e90f3268592bd56 P 6f1af300e1d549d6b1cdd8bf3b9aeb9c [term 0 FOLLOWER]: Leader pre-election won for term 1
I0727 05:16:37.094596 50038 raft_consensus.cc:411] T a48dec82544c44368e90f3268592bd56 P 6f1af300e1d549d6b1cdd8bf3b9aeb9c [term 0 FOLLOWER]: Starting leader election (no leader contacted us within the election timeout)
I0727 05:16:37.094600 50038 raft_consensus.cc:2372] T a48dec82544c44368e90f3268592bd56 P 6f1af300e1d549d6b1cdd8bf3b9aeb9c: Snoozing failure detection for election timeout plus an additional 1.645s
I0727 05:16:37.094604 50038 raft_consensus.cc:2419] T a48dec82544c44368e90f3268592bd56 P 6f1af300e1d549d6b1cdd8bf3b9aeb9c [term 0 FOLLOWER]: Advancing to term 1
I0727 05:16:37.094892 50038 raft_consensus.cc:435] T a48dec82544c44368e90f3268592bd56 P 6f1af300e1d549d6b1cdd8bf3b9aeb9c [term 1 FOLLOWER]: Starting leader election with config: opid_index: -1 OBSOLETE_local: false peers { permanent_uuid: "b497dbd6bd1a4c998891b00d2493a1bb" member_type: VOTER last_known_addr { host: "ip-172-31-12-168" port: 31202 } } peers { permanent_uuid: "6f1af300e1d549d6b1cdd8bf3b9aeb9c" member_type: VOTER last_known_addr { host: "ip-172-31-12-168" port: 31201 } } peers { permanent_uuid: "3a3c735705964e1badb66c37a66a9096" member_type: VOTER last_known_addr { host: "ip-172-31-12-168" port: 31200 } }
I0727 05:16:37.095000 50038 leader_election.cc:217] T a48dec82544c44368e90f3268592bd56 P 6f1af300e1d549d6b1cdd8bf3b9aeb9c [CANDIDATE]: Term 1 election: Requesting vote from peer b497dbd6bd1a4c998891b00d2493a1bb
I0727 05:16:37.095019 50038 leader_election.cc:217] T a48dec82544c44368e90f3268592bd56 P 6f1af300e1d549d6b1cdd8bf3b9aeb9c [CANDIDATE]: Term 1 election: Requesting vote from peer 3a3c735705964e1badb66c37a66a9096
I0727 05:16:37.095432 20829 leader_election.cc:349] T a48dec82544c44368e90f3268592bd56 P 6f1af300e1d549d6b1cdd8bf3b9aeb9c [CANDIDATE]: Term 1 election: Vote granted by peer b497dbd6bd1a4c998891b00d2493a1bb
I0727 05:16:37.095446 20829 leader_election.cc:244] T a48dec82544c44368e90f3268592bd56 P 6f1af300e1d549d6b1cdd8bf3b9aeb9c [CANDIDATE]: Term 1 election: Election decided. Result: candidate won.
I0727 05:16:37.095455 20833 leader_election.cc:349] T a48dec82544c44368e90f3268592bd56 P 6f1af300e1d549d6b1cdd8bf3b9aeb9c [CANDIDATE]: Term 1 election: Vote granted by peer 3a3c735705964e1badb66c37a66a9096
I0727 05:16:37.095475 52237 raft_consensus.cc:2372] T a48dec82544c44368e90f3268592bd56 P 6f1af300e1d549d6b1cdd8bf3b9aeb9c: Snoozing failure detection for election timeout plus an additional 2.112s
I0727 05:16:37.095489 52237 raft_consensus.cc:2176] T a48dec82544c44368e90f3268592bd56 P 6f1af300e1d549d6b1cdd8bf3b9aeb9c [term 1 FOLLOWER]: Leader election won for term 1
I0727 05:16:37.095500 52237 raft_consensus.cc:528] T a48dec82544c44368e90f3268592bd56 P 6f1af300e1d549d6b1cdd8bf3b9aeb9c [term 1 LEADER]: Becoming Leader. State: Replica: 6f1af300e1d549d6b1cdd8bf3b9aeb9c, State: Running, Role: LEADER
I0727 05:16:37.095526 52237 consensus_queue.cc:165] T a48dec82544c44368e90f3268592bd56 P 6f1af300e1d549d6b1cdd8bf3b9aeb9c [LEADER]: Queue going to LEADER mode. State: All replicated index: 0, Majority replicated index: 0, Committed index: 0, Last appended: 0.0, Last appended by leader: 0, Current term: 1, Majority size: 2, State: 1, Mode: LEADER, active raft config: opid_index: -1 OBSOLETE_local: false peers { permanent_uuid: "b497dbd6bd1a4c998891b00d2493a1bb" member_type: VOTER last_known_addr { host: "ip-172-31-12-168" port: 31202 } } peers { permanent_uuid: "6f1af300e1d549d6b1cdd8bf3b9aeb9c" member_type: VOTER last_known_addr { host: "ip-172-31-12-168" port: 31201 } } peers { permanent_uuid: "3a3c735705964e1badb66c37a66a9096" member_type: VOTER last_known_addr { host: "ip-172-31-12-168" port: 31200 } }
I0727 05:16:37.114337 112076 raft_consensus.cc:411] T 904259aacdee4b52902b54cf4a48422a P 6f1af300e1d549d6b1cdd8bf3b9aeb9c [term 0 FOLLOWER]: Starting pre-election (no leader contacted us within the election timeout)
I0727 05:16:37.114351 112076 raft_consensus.cc:2372] T 904259aacdee4b52902b54cf4a48422a P 6f1af300e1d549d6b1cdd8bf3b9aeb9c: Snoozing failure detection for election timeout plus an additional 2.165s
I0727 05:16:37.114372 112076 raft_consensus.cc:435] T 904259aacdee4b52902b54cf4a48422a P 6f1af300e1d549d6b1cdd8bf3b9aeb9c [term 0 FOLLOWER]: Starting pre-election with config: opid_index: -1 OBSOLETE_local: false peers { permanent_uuid: "b497dbd6bd1a4c998891b00d2493a1bb" member_type: VOTER last_known_addr { host: "ip-172-31-12-168" port: 31202 } } peers { permanent_uuid: "6f1af300e1d549d6b1cdd8bf3b9aeb9c" member_type: VOTER last_known_addr { host: "ip-172-31-12-168" port: 31201 } } peers { permanent_uuid: "3a3c735705964e1badb66c37a66a9096" member_type: VOTER last_known_addr { host: "ip-172-31-12-168" port: 31200 } }
I0727 05:16:37.114509 112076 leader_election.cc:217] T 904259aacdee4b52902b54cf4a48422a P 6f1af300e1d549d6b1cdd8bf3b9aeb9c [CANDIDATE]: Term 1 pre-election: Requesting pre-vote from peer b497dbd6bd1a4c998891b00d2493a1bb
I0727 05:16:37.114531 112076 leader_election.cc:217] T 904259aacdee4b52902b54cf4a48422a P 6f1af300e1d549d6b1cdd8bf3b9aeb9c [CANDIDATE]: Term 1 pre-election: Requesting pre-vote from peer 3a3c735705964e1badb66c37a66a9096
I0727 05:16:37.114667 20829 leader_election.cc:349] T 904259aacdee4b52902b54cf4a48422a P 6f1af300e1d549d6b1cdd8bf3b9aeb9c [CANDIDATE]: Term 1 pre-election: Vote granted by peer b497dbd6bd1a4c998891b00d2493a1bb
I0727 05:16:37.114678 20829 leader_election.cc:244] T 904259aacdee4b52902b54cf4a48422a P 6f1af300e1d549d6b1cdd8bf3b9aeb9c [CANDIDATE]: Term 1 pre-election: Election decided. Result: candidate won.
I0727 05:16:37.114699 20833 leader_election.cc:349] T 904259aacdee4b52902b54cf4a48422a P 6f1af300e1d549d6b1cdd8bf3b9aeb9c [CANDIDATE]: Term 1 pre-election: Vote granted by peer 3a3c735705964e1badb66c37a66a9096
I0727 05:16:37.114711 50051 raft_consensus.cc:2372] T 904259aacdee4b52902b54cf4a48422a P 6f1af300e1d549d6b1cdd8bf3b9aeb9c: Snoozing failure detection for election timeout plus an additional 1.564s
I0727 05:16:37.114720 50051 raft_consensus.cc:2176] T 904259aacdee4b52902b54cf4a48422a P 6f1af300e1d549d6b1cdd8bf3b9aeb9c [term 0 FOLLOWER]: Leader pre-election won for term 1
I0727 05:16:37.114727 50051 raft_consensus.cc:411] T 904259aacdee4b52902b54cf4a48422a P 6f1af300e1d549d6b1cdd8bf3b9aeb9c [term 0 FOLLOWER]: Starting leader election (no leader contacted us within the election timeout)
I0727 05:16:37.114730 50051 raft_consensus.cc:2372] T 904259aacdee4b52902b54cf4a48422a P 6f1af300e1d549d6b1cdd8bf3b9aeb9c: Snoozing failure detection for election timeout plus an additional 1.969s
I0727 05:16:37.114732 50051 raft_consensus.cc:2419] T 904259aacdee4b52902b54cf4a48422a P 6f1af300e1d549d6b1cdd8bf3b9aeb9c [term 0 FOLLOWER]: Advancing to term 1
I0727 05:16:37.115000 50051 raft_consensus.cc:435] T 904259aacdee4b52902b54cf4a48422a P 6f1af300e1d549d6b1cdd8bf3b9aeb9c [term 1 FOLLOWER]: Starting leader election with config: opid_index: -1 OBSOLETE_local: false peers { permanent_uuid: "b497dbd6bd1a4c998891b00d2493a1bb" member_type: VOTER last_known_addr { host: "ip-172-31-12-168" port: 31202 } } peers { permanent_uuid: "6f1af300e1d549d6b1cdd8bf3b9aeb9c" member_type: VOTER last_known_addr { host: "ip-172-31-12-168" port: 31201 } } peers { permanent_uuid: "3a3c735705964e1badb66c37a66a9096" member_type: VOTER last_known_addr { host: "ip-172-31-12-168" port: 31200 } }
I0727 05:16:37.115110 50051 leader_election.cc:217] T 904259aacdee4b52902b54cf4a48422a P 6f1af300e1d549d6b1cdd8bf3b9aeb9c [CANDIDATE]: Term 1 election: Requesting vote from peer b497dbd6bd1a4c998891b00d2493a1bb
I0727 05:16:37.115130 50051 leader_election.cc:217] T 904259aacdee4b52902b54cf4a48422a P 6f1af300e1d549d6b1cdd8bf3b9aeb9c [CANDIDATE]: Term 1 election: Requesting vote from peer 3a3c735705964e1badb66c37a66a9096
I0727 05:16:37.115485 20829 leader_election.cc:349] T 904259aacdee4b52902b54cf4a48422a P 6f1af300e1d549d6b1cdd8bf3b9aeb9c [CANDIDATE]: Term 1 election: Vote granted by peer b497dbd6bd1a4c998891b00d2493a1bb
I0727 05:16:37.115501 20829 leader_election.cc:244] T 904259aacdee4b52902b54cf4a48422a P 6f1af300e1d549d6b1cdd8bf3b9aeb9c [CANDIDATE]: Term 1 election: Election decided. Result: candidate won.
I0727 05:16:37.115509 20833 leader_election.cc:349] T 904259aacdee4b52902b54cf4a48422a P 6f1af300e1d549d6b1cdd8bf3b9aeb9c [CANDIDATE]: Term 1 election: Vote granted by peer 3a3c735705964e1badb66c37a66a9096
I0727 05:16:37.115528 52237 raft_consensus.cc:2372] T 904259aacdee4b52902b54cf4a48422a P 6f1af300e1d549d6b1cdd8bf3b9aeb9c: Snoozing failure detection for election timeout plus an additional 1.912s
I0727 05:16:37.115540 52237 raft_consensus.cc:2176] T 904259aacdee4b52902b54cf4a48422a P 6f1af300e1d549d6b1cdd8bf3b9aeb9c [term 1 FOLLOWER]: Leader election won for term 1
I0727 05:16:37.115550 52237 raft_consensus.cc:528] T 904259aacdee4b52902b54cf4a48422a P 6f1af300e1d549d6b1cdd8bf3b9aeb9c [term 1 LEADER]: Becoming Leader. State: Replica: 6f1af300e1d549d6b1cdd8bf3b9aeb9c, State: Running, Role: LEADER
I0727 05:16:37.115577 52237 consensus_queue.cc:165] T 904259aacdee4b52902b54cf4a48422a P 6f1af300e1d549d6b1cdd8bf3b9aeb9c [LEADER]: Queue going to LEADER mode. State: All replicated index: 0, Majority replicated index: 0, Committed index: 0, Last appended: 0.0, Last appended by leader: 0, Current term: 1, Majority size: 2, State: 1, Mode: LEADER, active raft config: opid_index: -1 OBSOLETE_local: false peers { permanent_uuid: "b497dbd6bd1a4c998891b00d2493a1bb" member_type: VOTER last_known_addr { host: "ip-172-31-12-168" port: 31202 } } peers { permanent_uuid: "6f1af300e1d549d6b1cdd8bf3b9aeb9c" member_type: VOTER last_known_addr { host: "ip-172-31-12-168" port: 31201 } } peers { permanent_uuid: "3a3c735705964e1badb66c37a66a9096" member_type: VOTER last_known_addr { host: "ip-172-31-12-168" port: 31200 } }
I0727 05:16:37.416940 112087 raft_consensus.cc:411] T cda6fdae46394e928fcbf60687842993 P 6f1af300e1d549d6b1cdd8bf3b9aeb9c [term 0 FOLLOWER]: Starting pre-election (no leader contacted us within the election timeout)
I0727 05:16:37.416960 112087 raft_consensus.cc:2372] T cda6fdae46394e928fcbf60687842993 P 6f1af300e1d549d6b1cdd8bf3b9aeb9c: Snoozing failure detection for election timeout plus an additional 1.968s
I0727 05:16:37.416983 112087 raft_consensus.cc:435] T cda6fdae46394e928fcbf60687842993 P 6f1af300e1d549d6b1cdd8bf3b9aeb9c [term 0 FOLLOWER]: Starting pre-election with config: opid_index: -1 OBSOLETE_local: false peers { permanent_uuid: "b497dbd6bd1a4c998891b00d2493a1bb" member_type: VOTER last_known_addr { host: "ip-172-31-12-168" port: 31202 } } peers { permanent_uuid: "6f1af300e1d549d6b1cdd8bf3b9aeb9c" member_type: VOTER last_known_addr { host: "ip-172-31-12-168" port: 31201 } } peers { permanent_uuid: "3a3c735705964e1badb66c37a66a9096" member_type: VOTER last_known_addr { host: "ip-172-31-12-168" port: 31200 } }
I0727 05:16:37.417119 112087 leader_election.cc:217] T cda6fdae46394e928fcbf60687842993 P 6f1af300e1d549d6b1cdd8bf3b9aeb9c [CANDIDATE]: Term 1 pre-election: Requesting pre-vote from peer b497dbd6bd1a4c998891b00d2493a1bb
I0727 05:16:37.417141 112087 leader_election.cc:217] T cda6fdae46394e928fcbf60687842993 P 6f1af300e1d549d6b1cdd8bf3b9aeb9c [CANDIDATE]: Term 1 pre-election: Requesting pre-vote from peer 3a3c735705964e1badb66c37a66a9096
I0727 05:16:37.417286 20829 leader_election.cc:349] T cda6fdae46394e928fcbf60687842993 P 6f1af300e1d549d6b1cdd8bf3b9aeb9c [CANDIDATE]: Term 1 pre-election: Vote granted by peer b497dbd6bd1a4c998891b00d2493a1bb
I0727 05:16:37.417305 20829 leader_election.cc:244] T cda6fdae46394e928fcbf60687842993 P 6f1af300e1d549d6b1cdd8bf3b9aeb9c [CANDIDATE]: Term 1 pre-election: Election decided. Result: candidate won.
I0727 05:16:37.417320 20833 leader_election.cc:349] T cda6fdae46394e928fcbf60687842993 P 6f1af300e1d549d6b1cdd8bf3b9aeb9c [CANDIDATE]: Term 1 pre-election: Vote granted by peer 3a3c735705964e1badb66c37a66a9096
I0727 05:16:37.417341 50051 raft_consensus.cc:2372] T cda6fdae46394e928fcbf60687842993 P 6f1af300e1d549d6b1cdd8bf3b9aeb9c: Snoozing failure detection for election timeout plus an additional 1.820s
I0727 05:16:37.417356 50051 raft_consensus.cc:2176] T cda6fdae46394e928fcbf60687842993 P 6f1af300e1d549d6b1cdd8bf3b9aeb9c [term 0 FOLLOWER]: Leader pre-election won for term 1
I0727 05:16:37.417361 50051 raft_consensus.cc:411] T cda6fdae46394e928fcbf60687842993 P 6f1af300e1d549d6b1cdd8bf3b9aeb9c [term 0 FOLLOWER]: Starting leader election (no leader contacted us within the election timeout)
I0727 05:16:37.417367 50051 raft_consensus.cc:2372] T cda6fdae46394e928fcbf60687842993 P 6f1af300e1d549d6b1cdd8bf3b9aeb9c: Snoozing failure detection for election timeout plus an additional 1.850s
I0727 05:16:37.417373 50051 raft_consensus.cc:2419] T cda6fdae46394e928fcbf60687842993 P 6f1af300e1d549d6b1cdd8bf3b9aeb9c [term 0 FOLLOWER]: Advancing to term 1
I0727 05:16:37.417619 50051 raft_consensus.cc:435] T cda6fdae46394e928fcbf60687842993 P 6f1af300e1d549d6b1cdd8bf3b9aeb9c [term 1 FOLLOWER]: Starting leader election with config: opid_index: -1 OBSOLETE_local: false peers { permanent_uuid: "b497dbd6bd1a4c998891b00d2493a1bb" member_type: VOTER last_known_addr { host: "ip-172-31-12-168" port: 31202 } } peers { permanent_uuid: "6f1af300e1d549d6b1cdd8bf3b9aeb9c" member_type: VOTER last_known_addr { host: "ip-172-31-12-168" port: 31201 } } peers { permanent_uuid: "3a3c735705964e1badb66c37a66a9096" member_type: VOTER last_known_addr { host: "ip-172-31-12-168" port: 31200 } }
I0727 05:16:37.417747 50051 leader_election.cc:217] T cda6fdae46394e928fcbf60687842993 P 6f1af300e1d549d6b1cdd8bf3b9aeb9c [CANDIDATE]: Term 1 election: Requesting vote from peer b497dbd6bd1a4c998891b00d2493a1bb
I0727 05:16:37.417770 50051 leader_election.cc:217] T cda6fdae46394e928fcbf60687842993 P 6f1af300e1d549d6b1cdd8bf3b9aeb9c [CANDIDATE]: Term 1 election: Requesting vote from peer 3a3c735705964e1badb66c37a66a9096
I0727 05:16:37.418138 20829 leader_election.cc:349] T cda6fdae46394e928fcbf60687842993 P 6f1af300e1d549d6b1cdd8bf3b9aeb9c [CANDIDATE]: Term 1 election: Vote granted by peer b497dbd6bd1a4c998891b00d2493a1bb
I0727 05:16:37.418148 20829 leader_election.cc:244] T cda6fdae46394e928fcbf60687842993 P 6f1af300e1d549d6b1cdd8bf3b9aeb9c [CANDIDATE]: Term 1 election: Election decided. Result: candidate won.
I0727 05:16:37.418172 52237 raft_consensus.cc:2372] T cda6fdae46394e928fcbf60687842993 P 6f1af300e1d549d6b1cdd8bf3b9aeb9c: Snoozing failure detection for election timeout plus an additional 1.967s
I0727 05:16:37.418179 20833 leader_election.cc:349] T cda6fdae46394e928fcbf60687842993 P 6f1af300e1d549d6b1cdd8bf3b9aeb9c [CANDIDATE]: Term 1 election: Vote granted by peer 3a3c735705964e1badb66c37a66a9096
I0727 05:16:37.418190 52237 raft_consensus.cc:2176] T cda6fdae46394e928fcbf60687842993 P 6f1af300e1d549d6b1cdd8bf3b9aeb9c [term 1 FOLLOWER]: Leader election won for term 1
I0727 05:16:37.418222 52237 raft_consensus.cc:528] T cda6fdae46394e928fcbf60687842993 P 6f1af300e1d549d6b1cdd8bf3b9aeb9c [term 1 LEADER]: Becoming Leader. State: Replica: 6f1af300e1d549d6b1cdd8bf3b9aeb9c, State: Running, Role: LEADER
I0727 05:16:37.418248 52237 consensus_queue.cc:165] T cda6fdae46394e928fcbf60687842993 P 6f1af300e1d549d6b1cdd8bf3b9aeb9c [LEADER]: Queue going to LEADER mode. State: All replicated index: 0, Majority replicated index: 0, Committed index: 0, Last appended: 0.0, Last appended by leader: 0, Current term: 1, Majority size: 2, State: 1, Mode: LEADER, active raft config: opid_index: -1 OBSOLETE_local: false peers { permanent_uuid: "b497dbd6bd1a4c998891b00d2493a1bb" member_type: VOTER last_known_addr { host: "ip-172-31-12-168" port: 31202 } } peers { permanent_uuid: "6f1af300e1d549d6b1cdd8bf3b9aeb9c" member_type: VOTER last_known_addr { host: "ip-172-31-12-168" port: 31201 } } peers { permanent_uuid: "3a3c735705964e1badb66c37a66a9096" member_type: VOTER last_known_addr { host: "ip-172-31-12-168" port: 31200 } }
I0727 05:16:37.420301 50051 consensus_queue.cc:722] T 904259aacdee4b52902b54cf4a48422a P 6f1af300e1d549d6b1cdd8bf3b9aeb9c [LEADER]: Connected to new peer: Peer: 3a3c735705964e1badb66c37a66a9096, Is new: false, Last received: 0.0, Next index: 1, Last known committed idx: 0, Last exchange result: ERROR, Needs tablet copy: false
I0727 05:16:37.421015 52237 consensus_queue.cc:722] T 904259aacdee4b52902b54cf4a48422a P 6f1af300e1d549d6b1cdd8bf3b9aeb9c [LEADER]: Connected to new peer: Peer: b497dbd6bd1a4c998891b00d2493a1bb, Is new: false, Last received: 0.0, Next index: 1, Last known committed idx: 0, Last exchange result: ERROR, Needs tablet copy: false
I0727 05:16:37.423914 50038 consensus_queue.cc:722] T a48dec82544c44368e90f3268592bd56 P 6f1af300e1d549d6b1cdd8bf3b9aeb9c [LEADER]: Connected to new peer: Peer: 3a3c735705964e1badb66c37a66a9096, Is new: false, Last received: 0.0, Next index: 1, Last known committed idx: 0, Last exchange result: ERROR, Needs tablet copy: false
I0727 05:16:37.424585 50009 consensus_queue.cc:722] T a48dec82544c44368e90f3268592bd56 P 6f1af300e1d549d6b1cdd8bf3b9aeb9c [LEADER]: Connected to new peer: Peer: b497dbd6bd1a4c998891b00d2493a1bb, Is new: false, Last received: 0.0, Next index: 1, Last known committed idx: 0, Last exchange result: ERROR, Needs tablet copy: false
I0727 05:16:37.811381 52237 consensus_queue.cc:722] T cda6fdae46394e928fcbf60687842993 P 6f1af300e1d549d6b1cdd8bf3b9aeb9c [LEADER]: Connected to new peer: Peer: b497dbd6bd1a4c998891b00d2493a1bb, Is new: false, Last received: 0.0, Next index: 1, Last known committed idx: 0, Last exchange result: ERROR, Needs tablet copy: false
I0727 05:16:37.812114 50051 consensus_queue.cc:722] T cda6fdae46394e928fcbf60687842993 P 6f1af300e1d549d6b1cdd8bf3b9aeb9c [LEADER]: Connected to new peer: Peer: 3a3c735705964e1badb66c37a66a9096, Is new: false, Last received: 0.0, Next index: 1, Last known committed idx: 0, Last exchange result: ERROR, Needs tablet copy: false
I0727 05:16:44.851665 20965 tablet_service.cc:713] Processing DeleteTablet for tablet 3115375834a4432db48c360b67bcc35b with delete_type TABLET_DATA_DELETED (Table deleted at 2017-07-27 05:16:44 UTC) from {username='ubuntu'} at 127.0.0.1:51271
I0727 05:16:44.851689 20965 tablet_replica.cc:225] Initiating TabletReplica shutdown for tablet: 3115375834a4432db48c360b67bcc35b
I0727 05:16:44.851691 20969 tablet_service.cc:713] Processing DeleteTablet for tablet 1476ebdecfeb44edb9a3f6f2f1a7c78e with delete_type TABLET_DATA_DELETED (Table deleted at 2017-07-27 05:16:44 UTC) from {username='ubuntu'} at 127.0.0.1:51271
I0727 05:16:44.851722 20969 tablet_replica.cc:225] Initiating TabletReplica shutdown for tablet: 1476ebdecfeb44edb9a3f6f2f1a7c78e
I0727 05:16:44.851733 20967 tablet_service.cc:713] Processing DeleteTablet for tablet 74957ed3f99a473da12b1ed943ebf9ce with delete_type TABLET_DATA_DELETED (Table deleted at 2017-07-27 05:16:44 UTC) from {username='ubuntu'} at 127.0.0.1:51271
I0727 05:16:44.851744 20969 maintenance_manager.cc:206] P 6f1af300e1d549d6b1cdd8bf3b9aeb9c: Unregistered op CompactRowSetsOp(1476ebdecfeb44edb9a3f6f2f1a7c78e)
I0727 05:16:44.851769 20969 maintenance_manager.cc:206] P 6f1af300e1d549d6b1cdd8bf3b9aeb9c: Unregistered op MinorDeltaCompactionOp(1476ebdecfeb44edb9a3f6f2f1a7c78e)
I0727 05:16:44.851745 20967 tablet_replica.cc:225] Initiating TabletReplica shutdown for tablet: 74957ed3f99a473da12b1ed943ebf9ce
I0727 05:16:44.851790 20969 maintenance_manager.cc:206] P 6f1af300e1d549d6b1cdd8bf3b9aeb9c: Unregistered op MajorDeltaCompactionOp(1476ebdecfeb44edb9a3f6f2f1a7c78e)
I0727 05:16:44.851804 20967 maintenance_manager.cc:206] P 6f1af300e1d549d6b1cdd8bf3b9aeb9c: Unregistered op CompactRowSetsOp(74957ed3f99a473da12b1ed943ebf9ce)
I0727 05:16:44.851696 20965 maintenance_manager.cc:206] P 6f1af300e1d549d6b1cdd8bf3b9aeb9c: Unregistered op CompactRowSetsOp(3115375834a4432db48c360b67bcc35b)
I0727 05:16:44.851825 20967 maintenance_manager.cc:206] P 6f1af300e1d549d6b1cdd8bf3b9aeb9c: Unregistered op MinorDeltaCompactionOp(74957ed3f99a473da12b1ed943ebf9ce)
I0727 05:16:44.851830 20965 maintenance_manager.cc:206] P 6f1af300e1d549d6b1cdd8bf3b9aeb9c: Unregistered op MinorDeltaCompactionOp(3115375834a4432db48c360b67bcc35b)
I0727 05:16:44.851835 20967 maintenance_manager.cc:206] P 6f1af300e1d549d6b1cdd8bf3b9aeb9c: Unregistered op MajorDeltaCompactionOp(74957ed3f99a473da12b1ed943ebf9ce)
I0727 05:16:44.851838 20965 maintenance_manager.cc:206] P 6f1af300e1d549d6b1cdd8bf3b9aeb9c: Unregistered op MajorDeltaCompactionOp(3115375834a4432db48c360b67bcc35b)
I0727 05:16:44.851812 20969 maintenance_manager.cc:206] P 6f1af300e1d549d6b1cdd8bf3b9aeb9c: Unregistered op UndoDeltaBlockGCOp(1476ebdecfeb44edb9a3f6f2f1a7c78e)
I0727 05:16:44.851848 20967 maintenance_manager.cc:206] P 6f1af300e1d549d6b1cdd8bf3b9aeb9c: Unregistered op UndoDeltaBlockGCOp(74957ed3f99a473da12b1ed943ebf9ce)
I0727 05:16:44.851860 20965 maintenance_manager.cc:206] P 6f1af300e1d549d6b1cdd8bf3b9aeb9c: Unregistered op UndoDeltaBlockGCOp(3115375834a4432db48c360b67bcc35b)
I0727 05:16:44.851868 20965 maintenance_manager.cc:206] P 6f1af300e1d549d6b1cdd8bf3b9aeb9c: Unregistered op FlushMRSOp(3115375834a4432db48c360b67bcc35b)
I0727 05:16:44.851881 20965 maintenance_manager.cc:206] P 6f1af300e1d549d6b1cdd8bf3b9aeb9c: Unregistered op FlushDeltaMemStoresOp(3115375834a4432db48c360b67bcc35b)
I0727 05:16:44.851893 20965 maintenance_manager.cc:206] P 6f1af300e1d549d6b1cdd8bf3b9aeb9c: Unregistered op LogGCOp(3115375834a4432db48c360b67bcc35b)
I0727 05:16:44.851900 20965 raft_consensus.cc:1763] T 3115375834a4432db48c360b67bcc35b P 6f1af300e1d549d6b1cdd8bf3b9aeb9c [term 1 FOLLOWER]: Raft consensus shutting down.
I0727 05:16:44.851904 20967 maintenance_manager.cc:206] P 6f1af300e1d549d6b1cdd8bf3b9aeb9c: Unregistered op FlushMRSOp(74957ed3f99a473da12b1ed943ebf9ce)
I0727 05:16:44.851905 20965 raft_consensus.cc:1778] T 3115375834a4432db48c360b67bcc35b P 6f1af300e1d549d6b1cdd8bf3b9aeb9c [term 1 FOLLOWER]: Raft consensus is shut down!
I0727 05:16:44.851910 20967 maintenance_manager.cc:206] P 6f1af300e1d549d6b1cdd8bf3b9aeb9c: Unregistered op FlushDeltaMemStoresOp(74957ed3f99a473da12b1ed943ebf9ce)
I0727 05:16:44.851925 20969 maintenance_manager.cc:206] P 6f1af300e1d549d6b1cdd8bf3b9aeb9c: Unregistered op FlushMRSOp(1476ebdecfeb44edb9a3f6f2f1a7c78e)
I0727 05:16:44.851933 20969 maintenance_manager.cc:206] P 6f1af300e1d549d6b1cdd8bf3b9aeb9c: Unregistered op FlushDeltaMemStoresOp(1476ebdecfeb44edb9a3f6f2f1a7c78e)
I0727 05:16:44.851940 20967 maintenance_manager.cc:206] P 6f1af300e1d549d6b1cdd8bf3b9aeb9c: Unregistered op LogGCOp(74957ed3f99a473da12b1ed943ebf9ce)
