I0727 05:17:00.859566 20965 maintenance_manager.cc:206] P 6f1af300e1d549d6b1cdd8bf3b9aeb9c: Unregistered op MajorDeltaCompactionOp(b5a9dd0d9f264acc9cbf55596ef9fe68)
I0727 05:17:00.859580 20965 maintenance_manager.cc:206] P 6f1af300e1d549d6b1cdd8bf3b9aeb9c: Unregistered op UndoDeltaBlockGCOp(b5a9dd0d9f264acc9cbf55596ef9fe68)
I0727 05:17:00.859565 20969 tablet_service.cc:713] Processing DeleteTablet for tablet fb63e650a8d0496786c32252dc667fa0 with delete_type TABLET_DATA_DELETED (Table deleted at 2017-07-27 05:17:00 UTC) from {username='ubuntu'} at 127.0.0.1:51271
I0727 05:17:00.859591 20969 tablet_replica.cc:225] Initiating TabletReplica shutdown for tablet: fb63e650a8d0496786c32252dc667fa0
I0727 05:17:00.859570 20967 maintenance_manager.cc:206] P 6f1af300e1d549d6b1cdd8bf3b9aeb9c: Unregistered op MajorDeltaCompactionOp(38dd5558e43a4cc9a7f2fce41ae145c8)
I0727 05:17:00.859603 20969 maintenance_manager.cc:206] P 6f1af300e1d549d6b1cdd8bf3b9aeb9c: Unregistered op CompactRowSetsOp(fb63e650a8d0496786c32252dc667fa0)
I0727 05:17:00.859594 20965 maintenance_manager.cc:206] P 6f1af300e1d549d6b1cdd8bf3b9aeb9c: Unregistered op FlushMRSOp(b5a9dd0d9f264acc9cbf55596ef9fe68)
I0727 05:17:00.859614 20967 maintenance_manager.cc:206] P 6f1af300e1d549d6b1cdd8bf3b9aeb9c: Unregistered op UndoDeltaBlockGCOp(38dd5558e43a4cc9a7f2fce41ae145c8)
I0727 05:17:00.859628 20969 maintenance_manager.cc:206] P 6f1af300e1d549d6b1cdd8bf3b9aeb9c: Unregistered op MinorDeltaCompactionOp(fb63e650a8d0496786c32252dc667fa0)
I0727 05:17:00.859632 20967 maintenance_manager.cc:206] P 6f1af300e1d549d6b1cdd8bf3b9aeb9c: Unregistered op FlushMRSOp(38dd5558e43a4cc9a7f2fce41ae145c8)
I0727 05:17:00.859640 20965 maintenance_manager.cc:206] P 6f1af300e1d549d6b1cdd8bf3b9aeb9c: Unregistered op FlushDeltaMemStoresOp(b5a9dd0d9f264acc9cbf55596ef9fe68)
I0727 05:17:00.859632 20969 maintenance_manager.cc:206] P 6f1af300e1d549d6b1cdd8bf3b9aeb9c: Unregistered op MajorDeltaCompactionOp(fb63e650a8d0496786c32252dc667fa0)
I0727 05:17:00.859642 20967 maintenance_manager.cc:206] P 6f1af300e1d549d6b1cdd8bf3b9aeb9c: Unregistered op FlushDeltaMemStoresOp(38dd5558e43a4cc9a7f2fce41ae145c8)
I0727 05:17:00.859657 20967 maintenance_manager.cc:206] P 6f1af300e1d549d6b1cdd8bf3b9aeb9c: Unregistered op LogGCOp(38dd5558e43a4cc9a7f2fce41ae145c8)
I0727 05:17:00.859645 20965 maintenance_manager.cc:206] P 6f1af300e1d549d6b1cdd8bf3b9aeb9c: Unregistered op LogGCOp(b5a9dd0d9f264acc9cbf55596ef9fe68)
I0727 05:17:00.859673 20967 raft_consensus.cc:1763] T 38dd5558e43a4cc9a7f2fce41ae145c8 P 6f1af300e1d549d6b1cdd8bf3b9aeb9c [term 1 FOLLOWER]: Raft consensus shutting down.
I0727 05:17:00.859674 20965 raft_consensus.cc:1763] T b5a9dd0d9f264acc9cbf55596ef9fe68 P 6f1af300e1d549d6b1cdd8bf3b9aeb9c [term 1 LEADER]: Raft consensus shutting down.
I0727 05:17:00.859679 20965 consensus_peers.cc:400] T b5a9dd0d9f264acc9cbf55596ef9fe68 P 6f1af300e1d549d6b1cdd8bf3b9aeb9c -> Peer b497dbd6bd1a4c998891b00d2493a1bb (ip-172-31-12-168:31202): Closing peer: b497dbd6bd1a4c998891b00d2493a1bb
I0727 05:17:00.859683 20967 raft_consensus.cc:1778] T 38dd5558e43a4cc9a7f2fce41ae145c8 P 6f1af300e1d549d6b1cdd8bf3b9aeb9c [term 1 FOLLOWER]: Raft consensus is shut down!
I0727 05:17:00.859648 20969 maintenance_manager.cc:206] P 6f1af300e1d549d6b1cdd8bf3b9aeb9c: Unregistered op UndoDeltaBlockGCOp(fb63e650a8d0496786c32252dc667fa0)
I0727 05:17:00.859685 20965 consensus_peers.cc:400] T b5a9dd0d9f264acc9cbf55596ef9fe68 P 6f1af300e1d549d6b1cdd8bf3b9aeb9c -> Peer 3a3c735705964e1badb66c37a66a9096 (ip-172-31-12-168:31200): Closing peer: 3a3c735705964e1badb66c37a66a9096
I0727 05:17:00.859689 20969 maintenance_manager.cc:206] P 6f1af300e1d549d6b1cdd8bf3b9aeb9c: Unregistered op FlushMRSOp(fb63e650a8d0496786c32252dc667fa0)
I0727 05:17:00.859691 20965 raft_consensus.cc:1778] T b5a9dd0d9f264acc9cbf55596ef9fe68 P 6f1af300e1d549d6b1cdd8bf3b9aeb9c [term 1 LEADER]: Raft consensus is shut down!
I0727 05:17:00.859693 20969 maintenance_manager.cc:206] P 6f1af300e1d549d6b1cdd8bf3b9aeb9c: Unregistered op FlushDeltaMemStoresOp(fb63e650a8d0496786c32252dc667fa0)
I0727 05:17:00.859696 20969 maintenance_manager.cc:206] P 6f1af300e1d549d6b1cdd8bf3b9aeb9c: Unregistered op LogGCOp(fb63e650a8d0496786c32252dc667fa0)
I0727 05:17:00.859700 20969 raft_consensus.cc:1763] T fb63e650a8d0496786c32252dc667fa0 P 6f1af300e1d549d6b1cdd8bf3b9aeb9c [term 1 FOLLOWER]: Raft consensus shutting down.
I0727 05:17:00.859704 20969 raft_consensus.cc:1778] T fb63e650a8d0496786c32252dc667fa0 P 6f1af300e1d549d6b1cdd8bf3b9aeb9c [term 1 FOLLOWER]: Raft consensus is shut down!
I0727 05:17:00.859942 20965 ts_tablet_manager.cc:1030] T b5a9dd0d9f264acc9cbf55596ef9fe68 P 6f1af300e1d549d6b1cdd8bf3b9aeb9c: Deleting tablet data with delete state TABLET_DATA_DELETED
I0727 05:17:00.859943 20967 ts_tablet_manager.cc:1030] T 38dd5558e43a4cc9a7f2fce41ae145c8 P 6f1af300e1d549d6b1cdd8bf3b9aeb9c: Deleting tablet data with delete state TABLET_DATA_DELETED
I0727 05:17:00.859985 20969 ts_tablet_manager.cc:1030] T fb63e650a8d0496786c32252dc667fa0 P 6f1af300e1d549d6b1cdd8bf3b9aeb9c: Deleting tablet data with delete state TABLET_DATA_DELETED
I0727 05:17:00.861145 20965 ts_tablet_manager.cc:1042] T b5a9dd0d9f264acc9cbf55596ef9fe68 P 6f1af300e1d549d6b1cdd8bf3b9aeb9c: Tablet deleted. Last logged OpId: 1.1
I0727 05:17:00.861160 20965 log.cc:974] T b5a9dd0d9f264acc9cbf55596ef9fe68 P 6f1af300e1d549d6b1cdd8bf3b9aeb9c: Deleting WAL directory at /home/ubuntu/Impala/testdata/cluster/cdh5/node-2/var/lib/kudu/ts/wal/wals/b5a9dd0d9f264acc9cbf55596ef9fe68
I0727 05:17:00.861234 20965 ts_tablet_manager.cc:1060] T b5a9dd0d9f264acc9cbf55596ef9fe68 P 6f1af300e1d549d6b1cdd8bf3b9aeb9c: Deleting consensus metadata
I0727 05:17:00.861366 20967 ts_tablet_manager.cc:1042] T 38dd5558e43a4cc9a7f2fce41ae145c8 P 6f1af300e1d549d6b1cdd8bf3b9aeb9c: Tablet deleted. Last logged OpId: 1.1
I0727 05:17:00.861383 20967 log.cc:974] T 38dd5558e43a4cc9a7f2fce41ae145c8 P 6f1af300e1d549d6b1cdd8bf3b9aeb9c: Deleting WAL directory at /home/ubuntu/Impala/testdata/cluster/cdh5/node-2/var/lib/kudu/ts/wal/wals/38dd5558e43a4cc9a7f2fce41ae145c8
I0727 05:17:00.861484 20967 ts_tablet_manager.cc:1060] T 38dd5558e43a4cc9a7f2fce41ae145c8 P 6f1af300e1d549d6b1cdd8bf3b9aeb9c: Deleting consensus metadata
I0727 05:17:00.861791 20969 ts_tablet_manager.cc:1042] T fb63e650a8d0496786c32252dc667fa0 P 6f1af300e1d549d6b1cdd8bf3b9aeb9c: Tablet deleted. Last logged OpId: 1.1
I0727 05:17:00.861812 20969 log.cc:974] T fb63e650a8d0496786c32252dc667fa0 P 6f1af300e1d549d6b1cdd8bf3b9aeb9c: Deleting WAL directory at /home/ubuntu/Impala/testdata/cluster/cdh5/node-2/var/lib/kudu/ts/wal/wals/fb63e650a8d0496786c32252dc667fa0
I0727 05:17:00.861907 20969 ts_tablet_manager.cc:1060] T fb63e650a8d0496786c32252dc667fa0 P 6f1af300e1d549d6b1cdd8bf3b9aeb9c: Deleting consensus metadata
I0727 05:17:00.982364 20969 tablet_service.cc:672] Processing CreateTablet for tablet 2d9503271f994575aecf7d7c5e24b2d3 (table=impala::functional_kudu.emptytable [id=c9d92d4dfc8747ff8453171a06b9e4a5]), partition=HASH (field) PARTITION 0
I0727 05:17:00.982403 20967 tablet_service.cc:672] Processing CreateTablet for tablet 4ee4c3f4e64e4016897f1a0f51893986 (table=impala::functional_kudu.emptytable [id=c9d92d4dfc8747ff8453171a06b9e4a5]), partition=HASH (field) PARTITION 1
I0727 05:17:00.982414 20965 tablet_service.cc:672] Processing CreateTablet for tablet 2c719b1e29f44226b3bb118c3cc45ad5 (table=impala::functional_kudu.emptytable [id=c9d92d4dfc8747ff8453171a06b9e4a5]), partition=HASH (field) PARTITION 2
I0727 05:17:00.982930 20969 ts_tablet_manager.cc:871] T 2d9503271f994575aecf7d7c5e24b2d3 P 6f1af300e1d549d6b1cdd8bf3b9aeb9c: Registered tablet (data state: TABLET_DATA_READY)
I0727 05:17:00.982960 20965 ts_tablet_manager.cc:871] T 2c719b1e29f44226b3bb118c3cc45ad5 P 6f1af300e1d549d6b1cdd8bf3b9aeb9c: Registered tablet (data state: TABLET_DATA_READY)
I0727 05:17:00.983184 112200 ts_tablet_manager.cc:741] T 2d9503271f994575aecf7d7c5e24b2d3 P 6f1af300e1d549d6b1cdd8bf3b9aeb9c: Bootstrapping tablet
I0727 05:17:00.983213 112200 tablet_bootstrap.cc:406] T 2d9503271f994575aecf7d7c5e24b2d3 P 6f1af300e1d549d6b1cdd8bf3b9aeb9c: Bootstrap starting.
I0727 05:17:00.983186 20967 ts_tablet_manager.cc:871] T 4ee4c3f4e64e4016897f1a0f51893986 P 6f1af300e1d549d6b1cdd8bf3b9aeb9c: Registered tablet (data state: TABLET_DATA_READY)
I0727 05:17:00.983402 112200 tablet_bootstrap.cc:547] T 2d9503271f994575aecf7d7c5e24b2d3 P 6f1af300e1d549d6b1cdd8bf3b9aeb9c: No blocks or log segments found. Creating new log.
I0727 05:17:00.983865 112200 tablet_bootstrap.cc:406] T 2d9503271f994575aecf7d7c5e24b2d3 P 6f1af300e1d549d6b1cdd8bf3b9aeb9c: No bootstrap required, opened a new log
I0727 05:17:00.983881 112200 ts_tablet_manager.cc:746] T 2d9503271f994575aecf7d7c5e24b2d3 P 6f1af300e1d549d6b1cdd8bf3b9aeb9c: Time spent bootstrapping tablet: real 0.001s	user 0.000s	sys 0.000s
I0727 05:17:00.984145 112200 raft_consensus.cc:284] T 2d9503271f994575aecf7d7c5e24b2d3 P 6f1af300e1d549d6b1cdd8bf3b9aeb9c [term 0 FOLLOWER]: Replica starting. Triggering 0 pending transactions. Active config: opid_index: -1 OBSOLETE_local: false peers { permanent_uuid: "3a3c735705964e1badb66c37a66a9096" member_type: VOTER last_known_addr { host: "ip-172-31-12-168" port: 31200 } } peers { permanent_uuid: "b497dbd6bd1a4c998891b00d2493a1bb" member_type: VOTER last_known_addr { host: "ip-172-31-12-168" port: 31202 } } peers { permanent_uuid: "6f1af300e1d549d6b1cdd8bf3b9aeb9c" member_type: VOTER last_known_addr { host: "ip-172-31-12-168" port: 31201 } }
I0727 05:17:00.984161 112200 raft_consensus.cc:316] T 2d9503271f994575aecf7d7c5e24b2d3 P 6f1af300e1d549d6b1cdd8bf3b9aeb9c [term 0 FOLLOWER]: Consensus starting up: Expiring failure detector timer to make a prompt election more likely
I0727 05:17:00.984164 112200 raft_consensus.cc:560] T 2d9503271f994575aecf7d7c5e24b2d3 P 6f1af300e1d549d6b1cdd8bf3b9aeb9c [term 0 FOLLOWER]: Becoming Follower/Learner. State: Replica: 6f1af300e1d549d6b1cdd8bf3b9aeb9c, State: Running, Role: FOLLOWER
I0727 05:17:00.984170 112200 consensus_queue.cc:186] T 2d9503271f994575aecf7d7c5e24b2d3 P 6f1af300e1d549d6b1cdd8bf3b9aeb9c [NON_LEADER]: Queue going to NON_LEADER mode. State: All replicated index: 0, Majority replicated index: 0, Committed index: 0, Last appended: 0.0, Last appended by leader: 0, Current term: 0, Majority size: -1, State: 1, Mode: NON_LEADER
I0727 05:17:00.984222 112200 ts_tablet_manager.cc:775] T 2d9503271f994575aecf7d7c5e24b2d3 P 6f1af300e1d549d6b1cdd8bf3b9aeb9c: Time spent starting tablet: real 0.000s	user 0.000s	sys 0.000s
I0727 05:17:00.984235 112200 ts_tablet_manager.cc:741] T 2c719b1e29f44226b3bb118c3cc45ad5 P 6f1af300e1d549d6b1cdd8bf3b9aeb9c: Bootstrapping tablet
I0727 05:17:00.984239 112200 tablet_bootstrap.cc:406] T 2c719b1e29f44226b3bb118c3cc45ad5 P 6f1af300e1d549d6b1cdd8bf3b9aeb9c: Bootstrap starting.
I0727 05:17:00.984350 112200 tablet_bootstrap.cc:547] T 2c719b1e29f44226b3bb118c3cc45ad5 P 6f1af300e1d549d6b1cdd8bf3b9aeb9c: No blocks or log segments found. Creating new log.
I0727 05:17:00.984730 112200 tablet_bootstrap.cc:406] T 2c719b1e29f44226b3bb118c3cc45ad5 P 6f1af300e1d549d6b1cdd8bf3b9aeb9c: No bootstrap required, opened a new log
I0727 05:17:00.984750 112200 ts_tablet_manager.cc:746] T 2c719b1e29f44226b3bb118c3cc45ad5 P 6f1af300e1d549d6b1cdd8bf3b9aeb9c: Time spent bootstrapping tablet: real 0.001s	user 0.000s	sys 0.000s
I0727 05:17:00.985011 112200 raft_consensus.cc:284] T 2c719b1e29f44226b3bb118c3cc45ad5 P 6f1af300e1d549d6b1cdd8bf3b9aeb9c [term 0 FOLLOWER]: Replica starting. Triggering 0 pending transactions. Active config: opid_index: -1 OBSOLETE_local: false peers { permanent_uuid: "3a3c735705964e1badb66c37a66a9096" member_type: VOTER last_known_addr { host: "ip-172-31-12-168" port: 31200 } } peers { permanent_uuid: "b497dbd6bd1a4c998891b00d2493a1bb" member_type: VOTER last_known_addr { host: "ip-172-31-12-168" port: 31202 } } peers { permanent_uuid: "6f1af300e1d549d6b1cdd8bf3b9aeb9c" member_type: VOTER last_known_addr { host: "ip-172-31-12-168" port: 31201 } }
I0727 05:17:00.985029 112200 raft_consensus.cc:316] T 2c719b1e29f44226b3bb118c3cc45ad5 P 6f1af300e1d549d6b1cdd8bf3b9aeb9c [term 0 FOLLOWER]: Consensus starting up: Expiring failure detector timer to make a prompt election more likely
I0727 05:17:00.985033 112200 raft_consensus.cc:560] T 2c719b1e29f44226b3bb118c3cc45ad5 P 6f1af300e1d549d6b1cdd8bf3b9aeb9c [term 0 FOLLOWER]: Becoming Follower/Learner. State: Replica: 6f1af300e1d549d6b1cdd8bf3b9aeb9c, State: Running, Role: FOLLOWER
I0727 05:17:00.985038 112200 consensus_queue.cc:186] T 2c719b1e29f44226b3bb118c3cc45ad5 P 6f1af300e1d549d6b1cdd8bf3b9aeb9c [NON_LEADER]: Queue going to NON_LEADER mode. State: All replicated index: 0, Majority replicated index: 0, Committed index: 0, Last appended: 0.0, Last appended by leader: 0, Current term: 0, Majority size: -1, State: 1, Mode: NON_LEADER
I0727 05:17:00.985082 112200 ts_tablet_manager.cc:775] T 2c719b1e29f44226b3bb118c3cc45ad5 P 6f1af300e1d549d6b1cdd8bf3b9aeb9c: Time spent starting tablet: real 0.000s	user 0.000s	sys 0.000s
I0727 05:17:00.985097 112200 ts_tablet_manager.cc:741] T 4ee4c3f4e64e4016897f1a0f51893986 P 6f1af300e1d549d6b1cdd8bf3b9aeb9c: Bootstrapping tablet
I0727 05:17:00.985102 112200 tablet_bootstrap.cc:406] T 4ee4c3f4e64e4016897f1a0f51893986 P 6f1af300e1d549d6b1cdd8bf3b9aeb9c: Bootstrap starting.
I0727 05:17:00.985229 112200 tablet_bootstrap.cc:547] T 4ee4c3f4e64e4016897f1a0f51893986 P 6f1af300e1d549d6b1cdd8bf3b9aeb9c: No blocks or log segments found. Creating new log.
I0727 05:17:00.985604 112200 tablet_bootstrap.cc:406] T 4ee4c3f4e64e4016897f1a0f51893986 P 6f1af300e1d549d6b1cdd8bf3b9aeb9c: No bootstrap required, opened a new log
I0727 05:17:00.985620 112200 ts_tablet_manager.cc:746] T 4ee4c3f4e64e4016897f1a0f51893986 P 6f1af300e1d549d6b1cdd8bf3b9aeb9c: Time spent bootstrapping tablet: real 0.001s	user 0.000s	sys 0.000s
I0727 05:17:00.985877 112200 raft_consensus.cc:284] T 4ee4c3f4e64e4016897f1a0f51893986 P 6f1af300e1d549d6b1cdd8bf3b9aeb9c [term 0 FOLLOWER]: Replica starting. Triggering 0 pending transactions. Active config: opid_index: -1 OBSOLETE_local: false peers { permanent_uuid: "b497dbd6bd1a4c998891b00d2493a1bb" member_type: VOTER last_known_addr { host: "ip-172-31-12-168" port: 31202 } } peers { permanent_uuid: "3a3c735705964e1badb66c37a66a9096" member_type: VOTER last_known_addr { host: "ip-172-31-12-168" port: 31200 } } peers { permanent_uuid: "6f1af300e1d549d6b1cdd8bf3b9aeb9c" member_type: VOTER last_known_addr { host: "ip-172-31-12-168" port: 31201 } }
I0727 05:17:00.985889 112200 raft_consensus.cc:316] T 4ee4c3f4e64e4016897f1a0f51893986 P 6f1af300e1d549d6b1cdd8bf3b9aeb9c [term 0 FOLLOWER]: Consensus starting up: Expiring failure detector timer to make a prompt election more likely
I0727 05:17:00.985893 112200 raft_consensus.cc:560] T 4ee4c3f4e64e4016897f1a0f51893986 P 6f1af300e1d549d6b1cdd8bf3b9aeb9c [term 0 FOLLOWER]: Becoming Follower/Learner. State: Replica: 6f1af300e1d549d6b1cdd8bf3b9aeb9c, State: Running, Role: FOLLOWER
I0727 05:17:00.985904 112200 consensus_queue.cc:186] T 4ee4c3f4e64e4016897f1a0f51893986 P 6f1af300e1d549d6b1cdd8bf3b9aeb9c [NON_LEADER]: Queue going to NON_LEADER mode. State: All replicated index: 0, Majority replicated index: 0, Committed index: 0, Last appended: 0.0, Last appended by leader: 0, Current term: 0, Majority size: -1, State: 1, Mode: NON_LEADER
I0727 05:17:00.985942 112200 ts_tablet_manager.cc:775] T 4ee4c3f4e64e4016897f1a0f51893986 P 6f1af300e1d549d6b1cdd8bf3b9aeb9c: Time spent starting tablet: real 0.000s	user 0.000s	sys 0.000s
I0727 05:17:01.211230 21008 raft_consensus.cc:2372] T 2c719b1e29f44226b3bb118c3cc45ad5 P 6f1af300e1d549d6b1cdd8bf3b9aeb9c: Snoozing failure detection for election timeout plus an additional 2.086s
I0727 05:17:01.211246 21008 raft_consensus.cc:1943] T 2c719b1e29f44226b3bb118c3cc45ad5 P 6f1af300e1d549d6b1cdd8bf3b9aeb9c [term 0 FOLLOWER]: Leader pre-election vote request: Granting yes vote for candidate b497dbd6bd1a4c998891b00d2493a1bb in term 0.
I0727 05:17:01.211845 21008 raft_consensus.cc:2419] T 2c719b1e29f44226b3bb118c3cc45ad5 P 6f1af300e1d549d6b1cdd8bf3b9aeb9c [term 0 FOLLOWER]: Advancing to term 1
I0727 05:17:01.211861 21008 raft_consensus.cc:2372] T 2c719b1e29f44226b3bb118c3cc45ad5 P 6f1af300e1d549d6b1cdd8bf3b9aeb9c: Snoozing failure detection for election timeout plus an additional 2.165s
I0727 05:17:01.212154 21008 raft_consensus.cc:1943] T 2c719b1e29f44226b3bb118c3cc45ad5 P 6f1af300e1d549d6b1cdd8bf3b9aeb9c [term 1 FOLLOWER]: Leader election vote request: Granting yes vote for candidate b497dbd6bd1a4c998891b00d2493a1bb in term 1.
I0727 05:17:01.357823 112219 raft_consensus.cc:411] T 4ee4c3f4e64e4016897f1a0f51893986 P 6f1af300e1d549d6b1cdd8bf3b9aeb9c [term 0 FOLLOWER]: Starting pre-election (no leader contacted us within the election timeout)
I0727 05:17:01.357841 112219 raft_consensus.cc:2372] T 4ee4c3f4e64e4016897f1a0f51893986 P 6f1af300e1d549d6b1cdd8bf3b9aeb9c: Snoozing failure detection for election timeout plus an additional 2.136s
I0727 05:17:01.357869 112219 raft_consensus.cc:435] T 4ee4c3f4e64e4016897f1a0f51893986 P 6f1af300e1d549d6b1cdd8bf3b9aeb9c [term 0 FOLLOWER]: Starting pre-election with config: opid_index: -1 OBSOLETE_local: false peers { permanent_uuid: "b497dbd6bd1a4c998891b00d2493a1bb" member_type: VOTER last_known_addr { host: "ip-172-31-12-168" port: 31202 } } peers { permanent_uuid: "3a3c735705964e1badb66c37a66a9096" member_type: VOTER last_known_addr { host: "ip-172-31-12-168" port: 31200 } } peers { permanent_uuid: "6f1af300e1d549d6b1cdd8bf3b9aeb9c" member_type: VOTER last_known_addr { host: "ip-172-31-12-168" port: 31201 } }
I0727 05:17:01.358005 112219 leader_election.cc:217] T 4ee4c3f4e64e4016897f1a0f51893986 P 6f1af300e1d549d6b1cdd8bf3b9aeb9c [CANDIDATE]: Term 1 pre-election: Requesting pre-vote from peer b497dbd6bd1a4c998891b00d2493a1bb
I0727 05:17:01.358026 112219 leader_election.cc:217] T 4ee4c3f4e64e4016897f1a0f51893986 P 6f1af300e1d549d6b1cdd8bf3b9aeb9c [CANDIDATE]: Term 1 pre-election: Requesting pre-vote from peer 3a3c735705964e1badb66c37a66a9096
I0727 05:17:01.358152 20829 leader_election.cc:349] T 4ee4c3f4e64e4016897f1a0f51893986 P 6f1af300e1d549d6b1cdd8bf3b9aeb9c [CANDIDATE]: Term 1 pre-election: Vote granted by peer b497dbd6bd1a4c998891b00d2493a1bb
I0727 05:17:01.358165 20829 leader_election.cc:244] T 4ee4c3f4e64e4016897f1a0f51893986 P 6f1af300e1d549d6b1cdd8bf3b9aeb9c [CANDIDATE]: Term 1 pre-election: Election decided. Result: candidate won.
I0727 05:17:01.358172 20833 leader_election.cc:349] T 4ee4c3f4e64e4016897f1a0f51893986 P 6f1af300e1d549d6b1cdd8bf3b9aeb9c [CANDIDATE]: Term 1 pre-election: Vote granted by peer 3a3c735705964e1badb66c37a66a9096
I0727 05:17:01.358187 50009 raft_consensus.cc:2372] T 4ee4c3f4e64e4016897f1a0f51893986 P 6f1af300e1d549d6b1cdd8bf3b9aeb9c: Snoozing failure detection for election timeout plus an additional 1.537s
I0727 05:17:01.358201 50009 raft_consensus.cc:2176] T 4ee4c3f4e64e4016897f1a0f51893986 P 6f1af300e1d549d6b1cdd8bf3b9aeb9c [term 0 FOLLOWER]: Leader pre-election won for term 1
I0727 05:17:01.358209 50009 raft_consensus.cc:411] T 4ee4c3f4e64e4016897f1a0f51893986 P 6f1af300e1d549d6b1cdd8bf3b9aeb9c [term 0 FOLLOWER]: Starting leader election (no leader contacted us within the election timeout)
I0727 05:17:01.358213 50009 raft_consensus.cc:2372] T 4ee4c3f4e64e4016897f1a0f51893986 P 6f1af300e1d549d6b1cdd8bf3b9aeb9c: Snoozing failure detection for election timeout plus an additional 1.814s
I0727 05:17:01.358217 50009 raft_consensus.cc:2419] T 4ee4c3f4e64e4016897f1a0f51893986 P 6f1af300e1d549d6b1cdd8bf3b9aeb9c [term 0 FOLLOWER]: Advancing to term 1
I0727 05:17:01.358496 50009 raft_consensus.cc:435] T 4ee4c3f4e64e4016897f1a0f51893986 P 6f1af300e1d549d6b1cdd8bf3b9aeb9c [term 1 FOLLOWER]: Starting leader election with config: opid_index: -1 OBSOLETE_local: false peers { permanent_uuid: "b497dbd6bd1a4c998891b00d2493a1bb" member_type: VOTER last_known_addr { host: "ip-172-31-12-168" port: 31202 } } peers { permanent_uuid: "3a3c735705964e1badb66c37a66a9096" member_type: VOTER last_known_addr { host: "ip-172-31-12-168" port: 31200 } } peers { permanent_uuid: "6f1af300e1d549d6b1cdd8bf3b9aeb9c" member_type: VOTER last_known_addr { host: "ip-172-31-12-168" port: 31201 } }
I0727 05:17:01.358603 50009 leader_election.cc:217] T 4ee4c3f4e64e4016897f1a0f51893986 P 6f1af300e1d549d6b1cdd8bf3b9aeb9c [CANDIDATE]: Term 1 election: Requesting vote from peer b497dbd6bd1a4c998891b00d2493a1bb
I0727 05:17:01.358623 50009 leader_election.cc:217] T 4ee4c3f4e64e4016897f1a0f51893986 P 6f1af300e1d549d6b1cdd8bf3b9aeb9c [CANDIDATE]: Term 1 election: Requesting vote from peer 3a3c735705964e1badb66c37a66a9096
I0727 05:17:01.358989 20833 leader_election.cc:349] T 4ee4c3f4e64e4016897f1a0f51893986 P 6f1af300e1d549d6b1cdd8bf3b9aeb9c [CANDIDATE]: Term 1 election: Vote granted by peer 3a3c735705964e1badb66c37a66a9096
I0727 05:17:01.359000 20833 leader_election.cc:244] T 4ee4c3f4e64e4016897f1a0f51893986 P 6f1af300e1d549d6b1cdd8bf3b9aeb9c [CANDIDATE]: Term 1 election: Election decided. Result: candidate won.
I0727 05:17:01.359014 20829 leader_election.cc:349] T 4ee4c3f4e64e4016897f1a0f51893986 P 6f1af300e1d549d6b1cdd8bf3b9aeb9c [CANDIDATE]: Term 1 election: Vote granted by peer b497dbd6bd1a4c998891b00d2493a1bb
I0727 05:17:01.359024 50051 raft_consensus.cc:2372] T 4ee4c3f4e64e4016897f1a0f51893986 P 6f1af300e1d549d6b1cdd8bf3b9aeb9c: Snoozing failure detection for election timeout plus an additional 1.643s
I0727 05:17:01.359037 50051 raft_consensus.cc:2176] T 4ee4c3f4e64e4016897f1a0f51893986 P 6f1af300e1d549d6b1cdd8bf3b9aeb9c [term 1 FOLLOWER]: Leader election won for term 1
I0727 05:17:01.359053 50051 raft_consensus.cc:528] T 4ee4c3f4e64e4016897f1a0f51893986 P 6f1af300e1d549d6b1cdd8bf3b9aeb9c [term 1 LEADER]: Becoming Leader. State: Replica: 6f1af300e1d549d6b1cdd8bf3b9aeb9c, State: Running, Role: LEADER
I0727 05:17:01.359081 50051 consensus_queue.cc:165] T 4ee4c3f4e64e4016897f1a0f51893986 P 6f1af300e1d549d6b1cdd8bf3b9aeb9c [LEADER]: Queue going to LEADER mode. State: All replicated index: 0, Majority replicated index: 0, Committed index: 0, Last appended: 0.0, Last appended by leader: 0, Current term: 1, Majority size: 2, State: 1, Mode: LEADER, active raft config: opid_index: -1 OBSOLETE_local: false peers { permanent_uuid: "b497dbd6bd1a4c998891b00d2493a1bb" member_type: VOTER last_known_addr { host: "ip-172-31-12-168" port: 31202 } } peers { permanent_uuid: "3a3c735705964e1badb66c37a66a9096" member_type: VOTER last_known_addr { host: "ip-172-31-12-168" port: 31200 } } peers { permanent_uuid: "6f1af300e1d549d6b1cdd8bf3b9aeb9c" member_type: VOTER last_known_addr { host: "ip-172-31-12-168" port: 31201 } }
I0727 05:17:01.359098 112207 raft_consensus.cc:411] T 2d9503271f994575aecf7d7c5e24b2d3 P 6f1af300e1d549d6b1cdd8bf3b9aeb9c [term 0 FOLLOWER]: Starting pre-election (no leader contacted us within the election timeout)
I0727 05:17:01.359115 112207 raft_consensus.cc:2372] T 2d9503271f994575aecf7d7c5e24b2d3 P 6f1af300e1d549d6b1cdd8bf3b9aeb9c: Snoozing failure detection for election timeout plus an additional 1.626s
I0727 05:17:01.359146 112207 raft_consensus.cc:435] T 2d9503271f994575aecf7d7c5e24b2d3 P 6f1af300e1d549d6b1cdd8bf3b9aeb9c [term 0 FOLLOWER]: Starting pre-election with config: opid_index: -1 OBSOLETE_local: false peers { permanent_uuid: "3a3c735705964e1badb66c37a66a9096" member_type: VOTER last_known_addr { host: "ip-172-31-12-168" port: 31200 } } peers { permanent_uuid: "b497dbd6bd1a4c998891b00d2493a1bb" member_type: VOTER last_known_addr { host: "ip-172-31-12-168" port: 31202 } } peers { permanent_uuid: "6f1af300e1d549d6b1cdd8bf3b9aeb9c" member_type: VOTER last_known_addr { host: "ip-172-31-12-168" port: 31201 } }
I0727 05:17:01.359405 112207 leader_election.cc:217] T 2d9503271f994575aecf7d7c5e24b2d3 P 6f1af300e1d549d6b1cdd8bf3b9aeb9c [CANDIDATE]: Term 1 pre-election: Requesting pre-vote from peer 3a3c735705964e1badb66c37a66a9096
I0727 05:17:01.359424 112207 leader_election.cc:217] T 2d9503271f994575aecf7d7c5e24b2d3 P 6f1af300e1d549d6b1cdd8bf3b9aeb9c [CANDIDATE]: Term 1 pre-election: Requesting pre-vote from peer b497dbd6bd1a4c998891b00d2493a1bb
I0727 05:17:01.359549 20829 leader_election.cc:349] T 2d9503271f994575aecf7d7c5e24b2d3 P 6f1af300e1d549d6b1cdd8bf3b9aeb9c [CANDIDATE]: Term 1 pre-election: Vote granted by peer b497dbd6bd1a4c998891b00d2493a1bb
I0727 05:17:01.359560 20829 leader_election.cc:244] T 2d9503271f994575aecf7d7c5e24b2d3 P 6f1af300e1d549d6b1cdd8bf3b9aeb9c [CANDIDATE]: Term 1 pre-election: Election decided. Result: candidate won.
I0727 05:17:01.359566 20833 leader_election.cc:349] T 2d9503271f994575aecf7d7c5e24b2d3 P 6f1af300e1d549d6b1cdd8bf3b9aeb9c [CANDIDATE]: Term 1 pre-election: Vote granted by peer 3a3c735705964e1badb66c37a66a9096
I0727 05:17:01.359583 50038 raft_consensus.cc:2372] T 2d9503271f994575aecf7d7c5e24b2d3 P 6f1af300e1d549d6b1cdd8bf3b9aeb9c: Snoozing failure detection for election timeout plus an additional 1.976s
I0727 05:17:01.359596 50038 raft_consensus.cc:2176] T 2d9503271f994575aecf7d7c5e24b2d3 P 6f1af300e1d549d6b1cdd8bf3b9aeb9c [term 0 FOLLOWER]: Leader pre-election won for term 1
I0727 05:17:01.359606 50038 raft_consensus.cc:411] T 2d9503271f994575aecf7d7c5e24b2d3 P 6f1af300e1d549d6b1cdd8bf3b9aeb9c [term 0 FOLLOWER]: Starting leader election (no leader contacted us within the election timeout)
I0727 05:17:01.359609 50038 raft_consensus.cc:2372] T 2d9503271f994575aecf7d7c5e24b2d3 P 6f1af300e1d549d6b1cdd8bf3b9aeb9c: Snoozing failure detection for election timeout plus an additional 1.920s
I0727 05:17:01.359616 50038 raft_consensus.cc:2419] T 2d9503271f994575aecf7d7c5e24b2d3 P 6f1af300e1d549d6b1cdd8bf3b9aeb9c [term 0 FOLLOWER]: Advancing to term 1
I0727 05:17:01.359957 50038 raft_consensus.cc:435] T 2d9503271f994575aecf7d7c5e24b2d3 P 6f1af300e1d549d6b1cdd8bf3b9aeb9c [term 1 FOLLOWER]: Starting leader election with config: opid_index: -1 OBSOLETE_local: false peers { permanent_uuid: "3a3c735705964e1badb66c37a66a9096" member_type: VOTER last_known_addr { host: "ip-172-31-12-168" port: 31200 } } peers { permanent_uuid: "b497dbd6bd1a4c998891b00d2493a1bb" member_type: VOTER last_known_addr { host: "ip-172-31-12-168" port: 31202 } } peers { permanent_uuid: "6f1af300e1d549d6b1cdd8bf3b9aeb9c" member_type: VOTER last_known_addr { host: "ip-172-31-12-168" port: 31201 } }
I0727 05:17:01.360072 50038 leader_election.cc:217] T 2d9503271f994575aecf7d7c5e24b2d3 P 6f1af300e1d549d6b1cdd8bf3b9aeb9c [CANDIDATE]: Term 1 election: Requesting vote from peer 3a3c735705964e1badb66c37a66a9096
I0727 05:17:01.360092 50038 leader_election.cc:217] T 2d9503271f994575aecf7d7c5e24b2d3 P 6f1af300e1d549d6b1cdd8bf3b9aeb9c [CANDIDATE]: Term 1 election: Requesting vote from peer b497dbd6bd1a4c998891b00d2493a1bb
I0727 05:17:01.360441 20829 leader_election.cc:349] T 2d9503271f994575aecf7d7c5e24b2d3 P 6f1af300e1d549d6b1cdd8bf3b9aeb9c [CANDIDATE]: Term 1 election: Vote granted by peer b497dbd6bd1a4c998891b00d2493a1bb
I0727 05:17:01.360457 20829 leader_election.cc:244] T 2d9503271f994575aecf7d7c5e24b2d3 P 6f1af300e1d549d6b1cdd8bf3b9aeb9c [CANDIDATE]: Term 1 election: Election decided. Result: candidate won.
I0727 05:17:01.360466 20833 leader_election.cc:349] T 2d9503271f994575aecf7d7c5e24b2d3 P 6f1af300e1d549d6b1cdd8bf3b9aeb9c [CANDIDATE]: Term 1 election: Vote granted by peer 3a3c735705964e1badb66c37a66a9096
I0727 05:17:01.360479 50009 raft_consensus.cc:2372] T 2d9503271f994575aecf7d7c5e24b2d3 P 6f1af300e1d549d6b1cdd8bf3b9aeb9c: Snoozing failure detection for election timeout plus an additional 2.052s
I0727 05:17:01.360487 50009 raft_consensus.cc:2176] T 2d9503271f994575aecf7d7c5e24b2d3 P 6f1af300e1d549d6b1cdd8bf3b9aeb9c [term 1 FOLLOWER]: Leader election won for term 1
I0727 05:17:01.360498 50009 raft_consensus.cc:528] T 2d9503271f994575aecf7d7c5e24b2d3 P 6f1af300e1d549d6b1cdd8bf3b9aeb9c [term 1 LEADER]: Becoming Leader. State: Replica: 6f1af300e1d549d6b1cdd8bf3b9aeb9c, State: Running, Role: LEADER
I0727 05:17:01.360522 50009 consensus_queue.cc:165] T 2d9503271f994575aecf7d7c5e24b2d3 P 6f1af300e1d549d6b1cdd8bf3b9aeb9c [LEADER]: Queue going to LEADER mode. State: All replicated index: 0, Majority replicated index: 0, Committed index: 0, Last appended: 0.0, Last appended by leader: 0, Current term: 1, Majority size: 2, State: 1, Mode: LEADER, active raft config: opid_index: -1 OBSOLETE_local: false peers { permanent_uuid: "3a3c735705964e1badb66c37a66a9096" member_type: VOTER last_known_addr { host: "ip-172-31-12-168" port: 31200 } } peers { permanent_uuid: "b497dbd6bd1a4c998891b00d2493a1bb" member_type: VOTER last_known_addr { host: "ip-172-31-12-168" port: 31202 } } peers { permanent_uuid: "6f1af300e1d549d6b1cdd8bf3b9aeb9c" member_type: VOTER last_known_addr { host: "ip-172-31-12-168" port: 31201 } }
I0727 05:17:01.479176 21010 raft_consensus.cc:944] T 2c719b1e29f44226b3bb118c3cc45ad5 P 6f1af300e1d549d6b1cdd8bf3b9aeb9c [term 1 FOLLOWER]: Refusing update from remote peer b497dbd6bd1a4c998891b00d2493a1bb: Log matching property violated. Preceding OpId in replica: term: 0 index: 0. Preceding OpId from leader: term: 1 index: 1. (index mismatch)
I0727 05:17:01.621251 50009 consensus_queue.cc:722] T 2d9503271f994575aecf7d7c5e24b2d3 P 6f1af300e1d549d6b1cdd8bf3b9aeb9c [LEADER]: Connected to new peer: Peer: 3a3c735705964e1badb66c37a66a9096, Is new: false, Last received: 0.0, Next index: 1, Last known committed idx: 0, Last exchange result: ERROR, Needs tablet copy: false
I0727 05:17:01.621951 52237 consensus_queue.cc:722] T 2d9503271f994575aecf7d7c5e24b2d3 P 6f1af300e1d549d6b1cdd8bf3b9aeb9c [LEADER]: Connected to new peer: Peer: b497dbd6bd1a4c998891b00d2493a1bb, Is new: false, Last received: 0.0, Next index: 1, Last known committed idx: 0, Last exchange result: ERROR, Needs tablet copy: false
I0727 05:17:01.725389 50009 consensus_queue.cc:722] T 4ee4c3f4e64e4016897f1a0f51893986 P 6f1af300e1d549d6b1cdd8bf3b9aeb9c [LEADER]: Connected to new peer: Peer: b497dbd6bd1a4c998891b00d2493a1bb, Is new: false, Last received: 0.0, Next index: 1, Last known committed idx: 0, Last exchange result: ERROR, Needs tablet copy: false
I0727 05:17:01.726063 50051 consensus_queue.cc:722] T 4ee4c3f4e64e4016897f1a0f51893986 P 6f1af300e1d549d6b1cdd8bf3b9aeb9c [LEADER]: Connected to new peer: Peer: 3a3c735705964e1badb66c37a66a9096, Is new: false, Last received: 0.0, Next index: 1, Last known committed idx: 0, Last exchange result: ERROR, Needs tablet copy: false
I0727 05:17:08.863318 20967 tablet_service.cc:713] Processing DeleteTablet for tablet 0c67c5f2899441b39a1e760276612854 with delete_type TABLET_DATA_DELETED (Table deleted at 2017-07-27 05:17:08 UTC) from {username='ubuntu'} at 127.0.0.1:51271
I0727 05:17:08.863334 20967 tablet_replica.cc:225] Initiating TabletReplica shutdown for tablet: 0c67c5f2899441b39a1e760276612854
I0727 05:17:08.863342 20967 maintenance_manager.cc:206] P 6f1af300e1d549d6b1cdd8bf3b9aeb9c: Unregistered op CompactRowSetsOp(0c67c5f2899441b39a1e760276612854)
I0727 05:17:08.863346 20967 maintenance_manager.cc:206] P 6f1af300e1d549d6b1cdd8bf3b9aeb9c: Unregistered op MinorDeltaCompactionOp(0c67c5f2899441b39a1e760276612854)
I0727 05:17:08.863353 20967 maintenance_manager.cc:206] P 6f1af300e1d549d6b1cdd8bf3b9aeb9c: Unregistered op MajorDeltaCompactionOp(0c67c5f2899441b39a1e760276612854)
I0727 05:17:08.863358 20967 maintenance_manager.cc:206] P 6f1af300e1d549d6b1cdd8bf3b9aeb9c: Unregistered op UndoDeltaBlockGCOp(0c67c5f2899441b39a1e760276612854)
I0727 05:17:08.863363 20967 maintenance_manager.cc:206] P 6f1af300e1d549d6b1cdd8bf3b9aeb9c: Unregistered op FlushMRSOp(0c67c5f2899441b39a1e760276612854)
I0727 05:17:08.863365 20967 maintenance_manager.cc:206] P 6f1af300e1d549d6b1cdd8bf3b9aeb9c: Unregistered op FlushDeltaMemStoresOp(0c67c5f2899441b39a1e760276612854)
I0727 05:17:08.863369 20967 maintenance_manager.cc:206] P 6f1af300e1d549d6b1cdd8bf3b9aeb9c: Unregistered op LogGCOp(0c67c5f2899441b39a1e760276612854)
I0727 05:17:08.863378 20967 raft_consensus.cc:1763] T 0c67c5f2899441b39a1e760276612854 P 6f1af300e1d549d6b1cdd8bf3b9aeb9c [term 1 FOLLOWER]: Raft consensus shutting down.
I0727 05:17:08.863381 20967 raft_consensus.cc:1778] T 0c67c5f2899441b39a1e760276612854 P 6f1af300e1d549d6b1cdd8bf3b9aeb9c [term 1 FOLLOWER]: Raft consensus is shut down!
I0727 05:17:08.863430 20965 tablet_service.cc:713] Processing DeleteTablet for tablet f2c9f342aab745f69b7ca7ff294f9a65 with delete_type TABLET_DATA_DELETED (Table deleted at 2017-07-27 05:17:08 UTC) from {username='ubuntu'} at 127.0.0.1:51271
I0727 05:17:08.863450 20965 tablet_replica.cc:225] Initiating TabletReplica shutdown for tablet: f2c9f342aab745f69b7ca7ff294f9a65
I0727 05:17:08.863462 20969 tablet_service.cc:713] Processing DeleteTablet for tablet 886a32e4a06a44248b278ff0bdb98509 with delete_type TABLET_DATA_DELETED (Table deleted at 2017-07-27 05:17:08 UTC) from {username='ubuntu'} at 127.0.0.1:51271
I0727 05:17:08.863468 20965 maintenance_manager.cc:206] P 6f1af300e1d549d6b1cdd8bf3b9aeb9c: Unregistered op CompactRowSetsOp(f2c9f342aab745f69b7ca7ff294f9a65)
I0727 05:17:08.863490 20969 tablet_replica.cc:225] Initiating TabletReplica shutdown for tablet: 886a32e4a06a44248b278ff0bdb98509
I0727 05:17:08.863507 20965 maintenance_manager.cc:206] P 6f1af300e1d549d6b1cdd8bf3b9aeb9c: Unregistered op MinorDeltaCompactionOp(f2c9f342aab745f69b7ca7ff294f9a65)
I0727 05:17:08.863538 20965 maintenance_manager.cc:206] P 6f1af300e1d549d6b1cdd8bf3b9aeb9c: Unregistered op MajorDeltaCompactionOp(f2c9f342aab745f69b7ca7ff294f9a65)
I0727 05:17:08.863554 20965 maintenance_manager.cc:206] P 6f1af300e1d549d6b1cdd8bf3b9aeb9c: Unregistered op UndoDeltaBlockGCOp(f2c9f342aab745f69b7ca7ff294f9a65)
I0727 05:17:08.863571 20965 maintenance_manager.cc:206] P 6f1af300e1d549d6b1cdd8bf3b9aeb9c: Unregistered op FlushMRSOp(f2c9f342aab745f69b7ca7ff294f9a65)
I0727 05:17:08.863579 20965 maintenance_manager.cc:206] P 6f1af300e1d549d6b1cdd8bf3b9aeb9c: Unregistered op FlushDeltaMemStoresOp(f2c9f342aab745f69b7ca7ff294f9a65)
I0727 05:17:08.863526 20969 maintenance_manager.cc:206] P 6f1af300e1d549d6b1cdd8bf3b9aeb9c: Unregistered op CompactRowSetsOp(886a32e4a06a44248b278ff0bdb98509)
I0727 05:17:08.863584 20965 maintenance_manager.cc:206] P 6f1af300e1d549d6b1cdd8bf3b9aeb9c: Unregistered op LogGCOp(f2c9f342aab745f69b7ca7ff294f9a65)
I0727 05:17:08.863589 20965 raft_consensus.cc:1763] T f2c9f342aab745f69b7ca7ff294f9a65 P 6f1af300e1d549d6b1cdd8bf3b9aeb9c [term 1 LEADER]: Raft consensus shutting down.
I0727 05:17:08.863605 20965 consensus_peers.cc:400] T f2c9f342aab745f69b7ca7ff294f9a65 P 6f1af300e1d549d6b1cdd8bf3b9aeb9c -> Peer b497dbd6bd1a4c998891b00d2493a1bb (ip-172-31-12-168:31202): Closing peer: b497dbd6bd1a4c998891b00d2493a1bb
I0727 05:17:08.863590 20969 maintenance_manager.cc:206] P 6f1af300e1d549d6b1cdd8bf3b9aeb9c: Unregistered op MinorDeltaCompactionOp(886a32e4a06a44248b278ff0bdb98509)
I0727 05:17:08.863617 20965 consensus_peers.cc:400] T f2c9f342aab745f69b7ca7ff294f9a65 P 6f1af300e1d549d6b1cdd8bf3b9aeb9c -> Peer 3a3c735705964e1badb66c37a66a9096 (ip-172-31-12-168:31200): Closing peer: 3a3c735705964e1badb66c37a66a9096
I0727 05:17:08.863621 20969 maintenance_manager.cc:206] P 6f1af300e1d549d6b1cdd8bf3b9aeb9c: Unregistered op MajorDeltaCompactionOp(886a32e4a06a44248b278ff0bdb98509)
I0727 05:17:08.863625 20965 raft_consensus.cc:1778] T f2c9f342aab745f69b7ca7ff294f9a65 P 6f1af300e1d549d6b1cdd8bf3b9aeb9c [term 1 LEADER]: Raft consensus is shut down!
I0727 05:17:08.863626 20967 ts_tablet_manager.cc:1030] T 0c67c5f2899441b39a1e760276612854 P 6f1af300e1d549d6b1cdd8bf3b9aeb9c: Deleting tablet data with delete state TABLET_DATA_DELETED
I0727 05:17:08.863627 20969 maintenance_manager.cc:206] P 6f1af300e1d549d6b1cdd8bf3b9aeb9c: Unregistered op UndoDeltaBlockGCOp(886a32e4a06a44248b278ff0bdb98509)
I0727 05:17:08.863644 20969 maintenance_manager.cc:206] P 6f1af300e1d549d6b1cdd8bf3b9aeb9c: Unregistered op FlushMRSOp(886a32e4a06a44248b278ff0bdb98509)
I0727 05:17:08.863658 20969 maintenance_manager.cc:206] P 6f1af300e1d549d6b1cdd8bf3b9aeb9c: Unregistered op FlushDeltaMemStoresOp(886a32e4a06a44248b278ff0bdb98509)
I0727 05:17:08.863663 20969 maintenance_manager.cc:206] P 6f1af300e1d549d6b1cdd8bf3b9aeb9c: Unregistered op LogGCOp(886a32e4a06a44248b278ff0bdb98509)
I0727 05:17:08.863668 20969 raft_consensus.cc:1763] T 886a32e4a06a44248b278ff0bdb98509 P 6f1af300e1d549d6b1cdd8bf3b9aeb9c [term 1 LEADER]: Raft consensus shutting down.
I0727 05:17:08.863679 20969 consensus_peers.cc:400] T 886a32e4a06a44248b278ff0bdb98509 P 6f1af300e1d549d6b1cdd8bf3b9aeb9c -> Peer 3a3c735705964e1badb66c37a66a9096 (ip-172-31-12-168:31200): Closing peer: 3a3c735705964e1badb66c37a66a9096
I0727 05:17:08.863685 20969 consensus_peers.cc:400] T 886a32e4a06a44248b278ff0bdb98509 P 6f1af300e1d549d6b1cdd8bf3b9aeb9c -> Peer b497dbd6bd1a4c998891b00d2493a1bb (ip-172-31-12-168:31202): Closing peer: b497dbd6bd1a4c998891b00d2493a1bb
I0727 05:17:08.863696 20969 raft_consensus.cc:1778] T 886a32e4a06a44248b278ff0bdb98509 P 6f1af300e1d549d6b1cdd8bf3b9aeb9c [term 1 LEADER]: Raft consensus is shut down!
I0727 05:17:08.863831 20965 ts_tablet_manager.cc:1030] T f2c9f342aab745f69b7ca7ff294f9a65 P 6f1af300e1d549d6b1cdd8bf3b9aeb9c: Deleting tablet data with delete state TABLET_DATA_DELETED
I0727 05:17:08.863885 20969 ts_tablet_manager.cc:1030] T 886a32e4a06a44248b278ff0bdb98509 P 6f1af300e1d549d6b1cdd8bf3b9aeb9c: Deleting tablet data with delete state TABLET_DATA_DELETED
I0727 05:17:08.865058 20965 ts_tablet_manager.cc:1042] T f2c9f342aab745f69b7ca7ff294f9a65 P 6f1af300e1d549d6b1cdd8bf3b9aeb9c: Tablet deleted. Last logged OpId: 1.2
I0727 05:17:08.865074 20965 log.cc:974] T f2c9f342aab745f69b7ca7ff294f9a65 P 6f1af300e1d549d6b1cdd8bf3b9aeb9c: Deleting WAL directory at /home/ubuntu/Impala/testdata/cluster/cdh5/node-2/var/lib/kudu/ts/wal/wals/f2c9f342aab745f69b7ca7ff294f9a65
I0727 05:17:08.865139 20965 ts_tablet_manager.cc:1060] T f2c9f342aab745f69b7ca7ff294f9a65 P 6f1af300e1d549d6b1cdd8bf3b9aeb9c: Deleting consensus metadata
I0727 05:17:08.865171 20967 ts_tablet_manager.cc:1042] T 0c67c5f2899441b39a1e760276612854 P 6f1af300e1d549d6b1cdd8bf3b9aeb9c: Tablet deleted. Last logged OpId: 1.2
I0727 05:17:08.865193 20967 log.cc:974] T 0c67c5f2899441b39a1e760276612854 P 6f1af300e1d549d6b1cdd8bf3b9aeb9c: Deleting WAL directory at /home/ubuntu/Impala/testdata/cluster/cdh5/node-2/var/lib/kudu/ts/wal/wals/0c67c5f2899441b39a1e760276612854
I0727 05:17:08.865309 20967 ts_tablet_manager.cc:1060] T 0c67c5f2899441b39a1e760276612854 P 6f1af300e1d549d6b1cdd8bf3b9aeb9c: Deleting consensus metadata
I0727 05:17:08.865584 20969 ts_tablet_manager.cc:1042] T 886a32e4a06a44248b278ff0bdb98509 P 6f1af300e1d549d6b1cdd8bf3b9aeb9c: Tablet deleted. Last logged OpId: 1.2
I0727 05:17:08.865604 20969 log.cc:974] T 886a32e4a06a44248b278ff0bdb98509 P 6f1af300e1d549d6b1cdd8bf3b9aeb9c: Deleting WAL directory at /home/ubuntu/Impala/testdata/cluster/cdh5/node-2/var/lib/kudu/ts/wal/wals/886a32e4a06a44248b278ff0bdb98509
I0727 05:17:08.865702 20969 ts_tablet_manager.cc:1060] T 886a32e4a06a44248b278ff0bdb98509 P 6f1af300e1d549d6b1cdd8bf3b9aeb9c: Deleting consensus metadata
I0727 05:17:08.991832 20969 tablet_service.cc:672] Processing CreateTablet for tablet 796f4aa741ff4d61b7d43b762d885930 (table=impala::functional_kudu.tinytable [id=0516ca13db0640e5828c7b1ecef7f5da]), partition=RANGE (a) PARTITION VALUES < "b\000"
I0727 05:17:08.991852 20965 tablet_service.cc:672] Processing CreateTablet for tablet 43337a931caf45c2a8429563774a08c9 (table=impala::functional_kudu.tinytable [id=0516ca13db0640e5828c7b1ecef7f5da]), partition=RANGE (a) PARTITION VALUES >= "d\000"
I0727 05:17:08.991839 20967 tablet_service.cc:672] Processing CreateTablet for tablet bac7cef66ac844dba523321d5dca7973 (table=impala::functional_kudu.tinytable [id=0516ca13db0640e5828c7b1ecef7f5da]), partition=RANGE (a) PARTITION "b\000" <= VALUES < "d\000"
I0727 05:17:08.992413 20969 ts_tablet_manager.cc:871] T 796f4aa741ff4d61b7d43b762d885930 P 6f1af300e1d549d6b1cdd8bf3b9aeb9c: Registered tablet (data state: TABLET_DATA_READY)
I0727 05:17:08.992480 20965 ts_tablet_manager.cc:871] T 43337a931caf45c2a8429563774a08c9 P 6f1af300e1d549d6b1cdd8bf3b9aeb9c: Registered tablet (data state: TABLET_DATA_READY)
I0727 05:17:08.992656 20967 ts_tablet_manager.cc:871] T bac7cef66ac844dba523321d5dca7973 P 6f1af300e1d549d6b1cdd8bf3b9aeb9c: Registered tablet (data state: TABLET_DATA_READY)
I0727 05:17:08.992683 112249 ts_tablet_manager.cc:741] T 796f4aa741ff4d61b7d43b762d885930 P 6f1af300e1d549d6b1cdd8bf3b9aeb9c: Bootstrapping tablet
I0727 05:17:08.992703 112249 tablet_bootstrap.cc:406] T 796f4aa741ff4d61b7d43b762d885930 P 6f1af300e1d549d6b1cdd8bf3b9aeb9c: Bootstrap starting.
I0727 05:17:08.992862 112249 tablet_bootstrap.cc:547] T 796f4aa741ff4d61b7d43b762d885930 P 6f1af300e1d549d6b1cdd8bf3b9aeb9c: No blocks or log segments found. Creating new log.
I0727 05:17:08.993238 112249 tablet_bootstrap.cc:406] T 796f4aa741ff4d61b7d43b762d885930 P 6f1af300e1d549d6b1cdd8bf3b9aeb9c: No bootstrap required, opened a new log
I0727 05:17:08.993261 112249 ts_tablet_manager.cc:746] T 796f4aa741ff4d61b7d43b762d885930 P 6f1af300e1d549d6b1cdd8bf3b9aeb9c: Time spent bootstrapping tablet: real 0.001s	user 0.000s	sys 0.000s
I0727 05:17:08.993526 112249 raft_consensus.cc:284] T 796f4aa741ff4d61b7d43b762d885930 P 6f1af300e1d549d6b1cdd8bf3b9aeb9c [term 0 FOLLOWER]: Replica starting. Triggering 0 pending transactions. Active config: opid_index: -1 OBSOLETE_local: false peers { permanent_uuid: "b497dbd6bd1a4c998891b00d2493a1bb" member_type: VOTER last_known_addr { host: "ip-172-31-12-168" port: 31202 } } peers { permanent_uuid: "3a3c735705964e1badb66c37a66a9096" member_type: VOTER last_known_addr { host: "ip-172-31-12-168" port: 31200 } } peers { permanent_uuid: "6f1af300e1d549d6b1cdd8bf3b9aeb9c" member_type: VOTER last_known_addr { host: "ip-172-31-12-168" port: 31201 } }
I0727 05:17:08.993540 112249 raft_consensus.cc:316] T 796f4aa741ff4d61b7d43b762d885930 P 6f1af300e1d549d6b1cdd8bf3b9aeb9c [term 0 FOLLOWER]: Consensus starting up: Expiring failure detector timer to make a prompt election more likely
I0727 05:17:08.993543 112249 raft_consensus.cc:560] T 796f4aa741ff4d61b7d43b762d885930 P 6f1af300e1d549d6b1cdd8bf3b9aeb9c [term 0 FOLLOWER]: Becoming Follower/Learner. State: Replica: 6f1af300e1d549d6b1cdd8bf3b9aeb9c, State: Running, Role: FOLLOWER
I0727 05:17:08.993551 112249 consensus_queue.cc:186] T 796f4aa741ff4d61b7d43b762d885930 P 6f1af300e1d549d6b1cdd8bf3b9aeb9c [NON_LEADER]: Queue going to NON_LEADER mode. State: All replicated index: 0, Majority replicated index: 0, Committed index: 0, Last appended: 0.0, Last appended by leader: 0, Current term: 0, Majority size: -1, State: 1, Mode: NON_LEADER
I0727 05:17:08.993603 112249 ts_tablet_manager.cc:775] T 796f4aa741ff4d61b7d43b762d885930 P 6f1af300e1d549d6b1cdd8bf3b9aeb9c: Time spent starting tablet: real 0.000s	user 0.000s	sys 0.000s
I0727 05:17:08.993614 112249 ts_tablet_manager.cc:741] T 43337a931caf45c2a8429563774a08c9 P 6f1af300e1d549d6b1cdd8bf3b9aeb9c: Bootstrapping tablet
I0727 05:17:08.993618 112249 tablet_bootstrap.cc:406] T 43337a931caf45c2a8429563774a08c9 P 6f1af300e1d549d6b1cdd8bf3b9aeb9c: Bootstrap starting.
I0727 05:17:08.993721 112249 tablet_bootstrap.cc:547] T 43337a931caf45c2a8429563774a08c9 P 6f1af300e1d549d6b1cdd8bf3b9aeb9c: No blocks or log segments found. Creating new log.
I0727 05:17:08.994079 112249 tablet_bootstrap.cc:406] T 43337a931caf45c2a8429563774a08c9 P 6f1af300e1d549d6b1cdd8bf3b9aeb9c: No bootstrap required, opened a new log
I0727 05:17:08.994098 112249 ts_tablet_manager.cc:746] T 43337a931caf45c2a8429563774a08c9 P 6f1af300e1d549d6b1cdd8bf3b9aeb9c: Time spent bootstrapping tablet: real 0.000s	user 0.000s	sys 0.000s
I0727 05:17:08.994365 112249 raft_consensus.cc:284] T 43337a931caf45c2a8429563774a08c9 P 6f1af300e1d549d6b1cdd8bf3b9aeb9c [term 0 FOLLOWER]: Replica starting. Triggering 0 pending transactions. Active config: opid_index: -1 OBSOLETE_local: false peers { permanent_uuid: "b497dbd6bd1a4c998891b00d2493a1bb" member_type: VOTER last_known_addr { host: "ip-172-31-12-168" port: 31202 } } peers { permanent_uuid: "3a3c735705964e1badb66c37a66a9096" member_type: VOTER last_known_addr { host: "ip-172-31-12-168" port: 31200 } } peers { permanent_uuid: "6f1af300e1d549d6b1cdd8bf3b9aeb9c" member_type: VOTER last_known_addr { host: "ip-172-31-12-168" port: 31201 } }
I0727 05:17:08.994379 112249 raft_consensus.cc:316] T 43337a931caf45c2a8429563774a08c9 P 6f1af300e1d549d6b1cdd8bf3b9aeb9c [term 0 FOLLOWER]: Consensus starting up: Expiring failure detector timer to make a prompt election more likely
I0727 05:17:08.994381 112249 raft_consensus.cc:560] T 43337a931caf45c2a8429563774a08c9 P 6f1af300e1d549d6b1cdd8bf3b9aeb9c [term 0 FOLLOWER]: Becoming Follower/Learner. State: Replica: 6f1af300e1d549d6b1cdd8bf3b9aeb9c, State: Running, Role: FOLLOWER
I0727 05:17:08.994386 112249 consensus_queue.cc:186] T 43337a931caf45c2a8429563774a08c9 P 6f1af300e1d549d6b1cdd8bf3b9aeb9c [NON_LEADER]: Queue going to NON_LEADER mode. State: All replicated index: 0, Majority replicated index: 0, Committed index: 0, Last appended: 0.0, Last appended by leader: 0, Current term: 0, Majority size: -1, State: 1, Mode: NON_LEADER
I0727 05:17:08.994427 112249 ts_tablet_manager.cc:775] T 43337a931caf45c2a8429563774a08c9 P 6f1af300e1d549d6b1cdd8bf3b9aeb9c: Time spent starting tablet: real 0.000s	user 0.000s	sys 0.000s
I0727 05:17:08.994441 112249 ts_tablet_manager.cc:741] T bac7cef66ac844dba523321d5dca7973 P 6f1af300e1d549d6b1cdd8bf3b9aeb9c: Bootstrapping tablet
I0727 05:17:08.994444 112249 tablet_bootstrap.cc:406] T bac7cef66ac844dba523321d5dca7973 P 6f1af300e1d549d6b1cdd8bf3b9aeb9c: Bootstrap starting.
I0727 05:17:08.994542 112249 tablet_bootstrap.cc:547] T bac7cef66ac844dba523321d5dca7973 P 6f1af300e1d549d6b1cdd8bf3b9aeb9c: No blocks or log segments found. Creating new log.
I0727 05:17:08.994909 112249 tablet_bootstrap.cc:406] T bac7cef66ac844dba523321d5dca7973 P 6f1af300e1d549d6b1cdd8bf3b9aeb9c: No bootstrap required, opened a new log
I0727 05:17:08.994923 112249 ts_tablet_manager.cc:746] T bac7cef66ac844dba523321d5dca7973 P 6f1af300e1d549d6b1cdd8bf3b9aeb9c: Time spent bootstrapping tablet: real 0.000s	user 0.000s	sys 0.000s
I0727 05:17:08.995190 112249 raft_consensus.cc:284] T bac7cef66ac844dba523321d5dca7973 P 6f1af300e1d549d6b1cdd8bf3b9aeb9c [term 0 FOLLOWER]: Replica starting. Triggering 0 pending transactions. Active config: opid_index: -1 OBSOLETE_local: false peers { permanent_uuid: "b497dbd6bd1a4c998891b00d2493a1bb" member_type: VOTER last_known_addr { host: "ip-172-31-12-168" port: 31202 } } peers { permanent_uuid: "3a3c735705964e1badb66c37a66a9096" member_type: VOTER last_known_addr { host: "ip-172-31-12-168" port: 31200 } } peers { permanent_uuid: "6f1af300e1d549d6b1cdd8bf3b9aeb9c" member_type: VOTER last_known_addr { host: "ip-172-31-12-168" port: 31201 } }
I0727 05:17:08.995204 112249 raft_consensus.cc:316] T bac7cef66ac844dba523321d5dca7973 P 6f1af300e1d549d6b1cdd8bf3b9aeb9c [term 0 FOLLOWER]: Consensus starting up: Expiring failure detector timer to make a prompt election more likely
I0727 05:17:08.995208 112249 raft_consensus.cc:560] T bac7cef66ac844dba523321d5dca7973 P 6f1af300e1d549d6b1cdd8bf3b9aeb9c [term 0 FOLLOWER]: Becoming Follower/Learner. State: Replica: 6f1af300e1d549d6b1cdd8bf3b9aeb9c, State: Running, Role: FOLLOWER
I0727 05:17:08.995215 112249 consensus_queue.cc:186] T bac7cef66ac844dba523321d5dca7973 P 6f1af300e1d549d6b1cdd8bf3b9aeb9c [NON_LEADER]: Queue going to NON_LEADER mode. State: All replicated index: 0, Majority replicated index: 0, Committed index: 0, Last appended: 0.0, Last appended by leader: 0, Current term: 0, Majority size: -1, State: 1, Mode: NON_LEADER
I0727 05:17:08.995254 112249 ts_tablet_manager.cc:775] T bac7cef66ac844dba523321d5dca7973 P 6f1af300e1d549d6b1cdd8bf3b9aeb9c: Time spent starting tablet: real 0.000s	user 0.000s	sys 0.000s
I0727 05:17:09.362458 21010 raft_consensus.cc:2372] T bac7cef66ac844dba523321d5dca7973 P 6f1af300e1d549d6b1cdd8bf3b9aeb9c: Snoozing failure detection for election timeout plus an additional 1.865s
I0727 05:17:09.362474 21010 raft_consensus.cc:1943] T bac7cef66ac844dba523321d5dca7973 P 6f1af300e1d549d6b1cdd8bf3b9aeb9c [term 0 FOLLOWER]: Leader pre-election vote request: Granting yes vote for candidate 3a3c735705964e1badb66c37a66a9096 in term 0.
I0727 05:17:09.363144 21010 raft_consensus.cc:2419] T bac7cef66ac844dba523321d5dca7973 P 6f1af300e1d549d6b1cdd8bf3b9aeb9c [term 0 FOLLOWER]: Advancing to term 1
I0727 05:17:09.363159 21010 raft_consensus.cc:2372] T bac7cef66ac844dba523321d5dca7973 P 6f1af300e1d549d6b1cdd8bf3b9aeb9c: Snoozing failure detection for election timeout plus an additional 1.888s
I0727 05:17:09.363454 21010 raft_consensus.cc:1943] T bac7cef66ac844dba523321d5dca7973 P 6f1af300e1d549d6b1cdd8bf3b9aeb9c [term 1 FOLLOWER]: Leader election vote request: Granting yes vote for candidate 3a3c735705964e1badb66c37a66a9096 in term 1.
I0727 05:17:09.452817 21010 raft_consensus.cc:2372] T 796f4aa741ff4d61b7d43b762d885930 P 6f1af300e1d549d6b1cdd8bf3b9aeb9c: Snoozing failure detection for election timeout plus an additional 1.804s
I0727 05:17:09.452831 21010 raft_consensus.cc:1943] T 796f4aa741ff4d61b7d43b762d885930 P 6f1af300e1d549d6b1cdd8bf3b9aeb9c [term 0 FOLLOWER]: Leader pre-election vote request: Granting yes vote for candidate b497dbd6bd1a4c998891b00d2493a1bb in term 0.
I0727 05:17:09.453380 21010 raft_consensus.cc:2419] T 796f4aa741ff4d61b7d43b762d885930 P 6f1af300e1d549d6b1cdd8bf3b9aeb9c [term 0 FOLLOWER]: Advancing to term 1
I0727 05:17:09.453393 21010 raft_consensus.cc:2372] T 796f4aa741ff4d61b7d43b762d885930 P 6f1af300e1d549d6b1cdd8bf3b9aeb9c: Snoozing failure detection for election timeout plus an additional 1.766s
