I0727 05:19:39.109257 114986 raft_consensus.cc:411] T 9e6ed7b958d744bc8124ce8c2598566e P 6f1af300e1d549d6b1cdd8bf3b9aeb9c [term 0 FOLLOWER]: Starting pre-election (no leader contacted us within the election timeout)
I0727 05:19:39.109274 114986 raft_consensus.cc:2372] T 9e6ed7b958d744bc8124ce8c2598566e P 6f1af300e1d549d6b1cdd8bf3b9aeb9c: Snoozing failure detection for election timeout plus an additional 2.072s
I0727 05:19:39.109299 114986 raft_consensus.cc:435] T 9e6ed7b958d744bc8124ce8c2598566e P 6f1af300e1d549d6b1cdd8bf3b9aeb9c [term 0 FOLLOWER]: Starting pre-election with config: opid_index: -1 OBSOLETE_local: false peers { permanent_uuid: "b497dbd6bd1a4c998891b00d2493a1bb" member_type: VOTER last_known_addr { host: "ip-172-31-12-168" port: 31202 } } peers { permanent_uuid: "3a3c735705964e1badb66c37a66a9096" member_type: VOTER last_known_addr { host: "ip-172-31-12-168" port: 31200 } } peers { permanent_uuid: "6f1af300e1d549d6b1cdd8bf3b9aeb9c" member_type: VOTER last_known_addr { host: "ip-172-31-12-168" port: 31201 } }
I0727 05:19:39.109446 114986 leader_election.cc:217] T 9e6ed7b958d744bc8124ce8c2598566e P 6f1af300e1d549d6b1cdd8bf3b9aeb9c [CANDIDATE]: Term 1 pre-election: Requesting pre-vote from peer b497dbd6bd1a4c998891b00d2493a1bb
I0727 05:19:39.109467 114986 leader_election.cc:217] T 9e6ed7b958d744bc8124ce8c2598566e P 6f1af300e1d549d6b1cdd8bf3b9aeb9c [CANDIDATE]: Term 1 pre-election: Requesting pre-vote from peer 3a3c735705964e1badb66c37a66a9096
I0727 05:19:39.109596 20829 leader_election.cc:349] T 9e6ed7b958d744bc8124ce8c2598566e P 6f1af300e1d549d6b1cdd8bf3b9aeb9c [CANDIDATE]: Term 1 pre-election: Vote granted by peer b497dbd6bd1a4c998891b00d2493a1bb
I0727 05:19:39.109611 20829 leader_election.cc:244] T 9e6ed7b958d744bc8124ce8c2598566e P 6f1af300e1d549d6b1cdd8bf3b9aeb9c [CANDIDATE]: Term 1 pre-election: Election decided. Result: candidate won.
I0727 05:19:39.109622 20833 leader_election.cc:349] T 9e6ed7b958d744bc8124ce8c2598566e P 6f1af300e1d549d6b1cdd8bf3b9aeb9c [CANDIDATE]: Term 1 pre-election: Vote granted by peer 3a3c735705964e1badb66c37a66a9096
I0727 05:19:39.109639 50009 raft_consensus.cc:2372] T 9e6ed7b958d744bc8124ce8c2598566e P 6f1af300e1d549d6b1cdd8bf3b9aeb9c: Snoozing failure detection for election timeout plus an additional 1.751s
I0727 05:19:39.109652 50009 raft_consensus.cc:2176] T 9e6ed7b958d744bc8124ce8c2598566e P 6f1af300e1d549d6b1cdd8bf3b9aeb9c [term 0 FOLLOWER]: Leader pre-election won for term 1
I0727 05:19:39.109659 50009 raft_consensus.cc:411] T 9e6ed7b958d744bc8124ce8c2598566e P 6f1af300e1d549d6b1cdd8bf3b9aeb9c [term 0 FOLLOWER]: Starting leader election (no leader contacted us within the election timeout)
I0727 05:19:39.109663 50009 raft_consensus.cc:2372] T 9e6ed7b958d744bc8124ce8c2598566e P 6f1af300e1d549d6b1cdd8bf3b9aeb9c: Snoozing failure detection for election timeout plus an additional 1.985s
I0727 05:19:39.109669 50009 raft_consensus.cc:2419] T 9e6ed7b958d744bc8124ce8c2598566e P 6f1af300e1d549d6b1cdd8bf3b9aeb9c [term 0 FOLLOWER]: Advancing to term 1
I0727 05:19:39.109956 50009 raft_consensus.cc:435] T 9e6ed7b958d744bc8124ce8c2598566e P 6f1af300e1d549d6b1cdd8bf3b9aeb9c [term 1 FOLLOWER]: Starting leader election with config: opid_index: -1 OBSOLETE_local: false peers { permanent_uuid: "b497dbd6bd1a4c998891b00d2493a1bb" member_type: VOTER last_known_addr { host: "ip-172-31-12-168" port: 31202 } } peers { permanent_uuid: "3a3c735705964e1badb66c37a66a9096" member_type: VOTER last_known_addr { host: "ip-172-31-12-168" port: 31200 } } peers { permanent_uuid: "6f1af300e1d549d6b1cdd8bf3b9aeb9c" member_type: VOTER last_known_addr { host: "ip-172-31-12-168" port: 31201 } }
I0727 05:19:39.110062 50009 leader_election.cc:217] T 9e6ed7b958d744bc8124ce8c2598566e P 6f1af300e1d549d6b1cdd8bf3b9aeb9c [CANDIDATE]: Term 1 election: Requesting vote from peer b497dbd6bd1a4c998891b00d2493a1bb
I0727 05:19:39.110082 50009 leader_election.cc:217] T 9e6ed7b958d744bc8124ce8c2598566e P 6f1af300e1d549d6b1cdd8bf3b9aeb9c [CANDIDATE]: Term 1 election: Requesting vote from peer 3a3c735705964e1badb66c37a66a9096
I0727 05:19:39.110400 20829 leader_election.cc:349] T 9e6ed7b958d744bc8124ce8c2598566e P 6f1af300e1d549d6b1cdd8bf3b9aeb9c [CANDIDATE]: Term 1 election: Vote granted by peer b497dbd6bd1a4c998891b00d2493a1bb
I0727 05:19:39.110410 20829 leader_election.cc:244] T 9e6ed7b958d744bc8124ce8c2598566e P 6f1af300e1d549d6b1cdd8bf3b9aeb9c [CANDIDATE]: Term 1 election: Election decided. Result: candidate won.
I0727 05:19:39.110437 112902 raft_consensus.cc:2372] T 9e6ed7b958d744bc8124ce8c2598566e P 6f1af300e1d549d6b1cdd8bf3b9aeb9c: Snoozing failure detection for election timeout plus an additional 2.189s
I0727 05:19:39.110452 112902 raft_consensus.cc:2176] T 9e6ed7b958d744bc8124ce8c2598566e P 6f1af300e1d549d6b1cdd8bf3b9aeb9c [term 1 FOLLOWER]: Leader election won for term 1
I0727 05:19:39.110468 112902 raft_consensus.cc:528] T 9e6ed7b958d744bc8124ce8c2598566e P 6f1af300e1d549d6b1cdd8bf3b9aeb9c [term 1 LEADER]: Becoming Leader. State: Replica: 6f1af300e1d549d6b1cdd8bf3b9aeb9c, State: Running, Role: LEADER
I0727 05:19:39.110486 20833 leader_election.cc:349] T 9e6ed7b958d744bc8124ce8c2598566e P 6f1af300e1d549d6b1cdd8bf3b9aeb9c [CANDIDATE]: Term 1 election: Vote granted by peer 3a3c735705964e1badb66c37a66a9096
I0727 05:19:39.110496 112902 consensus_queue.cc:165] T 9e6ed7b958d744bc8124ce8c2598566e P 6f1af300e1d549d6b1cdd8bf3b9aeb9c [LEADER]: Queue going to LEADER mode. State: All replicated index: 0, Majority replicated index: 0, Committed index: 0, Last appended: 0.0, Last appended by leader: 0, Current term: 1, Majority size: 2, State: 1, Mode: LEADER, active raft config: opid_index: -1 OBSOLETE_local: false peers { permanent_uuid: "b497dbd6bd1a4c998891b00d2493a1bb" member_type: VOTER last_known_addr { host: "ip-172-31-12-168" port: 31202 } } peers { permanent_uuid: "3a3c735705964e1badb66c37a66a9096" member_type: VOTER last_known_addr { host: "ip-172-31-12-168" port: 31200 } } peers { permanent_uuid: "6f1af300e1d549d6b1cdd8bf3b9aeb9c" member_type: VOTER last_known_addr { host: "ip-172-31-12-168" port: 31201 } }
I0727 05:19:39.110852 21010 raft_consensus.cc:2372] T 87683d05eb28433ea34685721696c514 P 6f1af300e1d549d6b1cdd8bf3b9aeb9c: Snoozing failure detection for election timeout plus an additional 1.916s
I0727 05:19:39.110864 21010 raft_consensus.cc:1943] T 87683d05eb28433ea34685721696c514 P 6f1af300e1d549d6b1cdd8bf3b9aeb9c [term 0 FOLLOWER]: Leader pre-election vote request: Granting yes vote for candidate 3a3c735705964e1badb66c37a66a9096 in term 0.
I0727 05:19:39.111421 21010 raft_consensus.cc:2419] T 87683d05eb28433ea34685721696c514 P 6f1af300e1d549d6b1cdd8bf3b9aeb9c [term 0 FOLLOWER]: Advancing to term 1
I0727 05:19:39.111436 21010 raft_consensus.cc:2372] T 87683d05eb28433ea34685721696c514 P 6f1af300e1d549d6b1cdd8bf3b9aeb9c: Snoozing failure detection for election timeout plus an additional 1.810s
I0727 05:19:39.111641 21010 raft_consensus.cc:1943] T 87683d05eb28433ea34685721696c514 P 6f1af300e1d549d6b1cdd8bf3b9aeb9c [term 1 FOLLOWER]: Leader election vote request: Granting yes vote for candidate 3a3c735705964e1badb66c37a66a9096 in term 1.
I0727 05:19:39.305150 114993 raft_consensus.cc:411] T 8a8310ac4ee8407084fc03f93142f160 P 6f1af300e1d549d6b1cdd8bf3b9aeb9c [term 0 FOLLOWER]: Starting pre-election (no leader contacted us within the election timeout)
I0727 05:19:39.305173 114993 raft_consensus.cc:2372] T 8a8310ac4ee8407084fc03f93142f160 P 6f1af300e1d549d6b1cdd8bf3b9aeb9c: Snoozing failure detection for election timeout plus an additional 1.921s
I0727 05:19:39.305205 114993 raft_consensus.cc:435] T 8a8310ac4ee8407084fc03f93142f160 P 6f1af300e1d549d6b1cdd8bf3b9aeb9c [term 0 FOLLOWER]: Starting pre-election with config: opid_index: -1 OBSOLETE_local: false peers { permanent_uuid: "b497dbd6bd1a4c998891b00d2493a1bb" member_type: VOTER last_known_addr { host: "ip-172-31-12-168" port: 31202 } } peers { permanent_uuid: "3a3c735705964e1badb66c37a66a9096" member_type: VOTER last_known_addr { host: "ip-172-31-12-168" port: 31200 } } peers { permanent_uuid: "6f1af300e1d549d6b1cdd8bf3b9aeb9c" member_type: VOTER last_known_addr { host: "ip-172-31-12-168" port: 31201 } }
I0727 05:19:39.305341 114993 leader_election.cc:217] T 8a8310ac4ee8407084fc03f93142f160 P 6f1af300e1d549d6b1cdd8bf3b9aeb9c [CANDIDATE]: Term 1 pre-election: Requesting pre-vote from peer b497dbd6bd1a4c998891b00d2493a1bb
I0727 05:19:39.305361 114993 leader_election.cc:217] T 8a8310ac4ee8407084fc03f93142f160 P 6f1af300e1d549d6b1cdd8bf3b9aeb9c [CANDIDATE]: Term 1 pre-election: Requesting pre-vote from peer 3a3c735705964e1badb66c37a66a9096
I0727 05:19:39.305497 20829 leader_election.cc:349] T 8a8310ac4ee8407084fc03f93142f160 P 6f1af300e1d549d6b1cdd8bf3b9aeb9c [CANDIDATE]: Term 1 pre-election: Vote granted by peer b497dbd6bd1a4c998891b00d2493a1bb
I0727 05:19:39.305513 20829 leader_election.cc:244] T 8a8310ac4ee8407084fc03f93142f160 P 6f1af300e1d549d6b1cdd8bf3b9aeb9c [CANDIDATE]: Term 1 pre-election: Election decided. Result: candidate won.
I0727 05:19:39.305524 20833 leader_election.cc:349] T 8a8310ac4ee8407084fc03f93142f160 P 6f1af300e1d549d6b1cdd8bf3b9aeb9c [CANDIDATE]: Term 1 pre-election: Vote granted by peer 3a3c735705964e1badb66c37a66a9096
I0727 05:19:39.305541 112899 raft_consensus.cc:2372] T 8a8310ac4ee8407084fc03f93142f160 P 6f1af300e1d549d6b1cdd8bf3b9aeb9c: Snoozing failure detection for election timeout plus an additional 1.669s
I0727 05:19:39.305554 112899 raft_consensus.cc:2176] T 8a8310ac4ee8407084fc03f93142f160 P 6f1af300e1d549d6b1cdd8bf3b9aeb9c [term 0 FOLLOWER]: Leader pre-election won for term 1
I0727 05:19:39.305562 112899 raft_consensus.cc:411] T 8a8310ac4ee8407084fc03f93142f160 P 6f1af300e1d549d6b1cdd8bf3b9aeb9c [term 0 FOLLOWER]: Starting leader election (no leader contacted us within the election timeout)
I0727 05:19:39.305567 112899 raft_consensus.cc:2372] T 8a8310ac4ee8407084fc03f93142f160 P 6f1af300e1d549d6b1cdd8bf3b9aeb9c: Snoozing failure detection for election timeout plus an additional 1.540s
I0727 05:19:39.305568 112899 raft_consensus.cc:2419] T 8a8310ac4ee8407084fc03f93142f160 P 6f1af300e1d549d6b1cdd8bf3b9aeb9c [term 0 FOLLOWER]: Advancing to term 1
I0727 05:19:39.305881 112899 raft_consensus.cc:435] T 8a8310ac4ee8407084fc03f93142f160 P 6f1af300e1d549d6b1cdd8bf3b9aeb9c [term 1 FOLLOWER]: Starting leader election with config: opid_index: -1 OBSOLETE_local: false peers { permanent_uuid: "b497dbd6bd1a4c998891b00d2493a1bb" member_type: VOTER last_known_addr { host: "ip-172-31-12-168" port: 31202 } } peers { permanent_uuid: "3a3c735705964e1badb66c37a66a9096" member_type: VOTER last_known_addr { host: "ip-172-31-12-168" port: 31200 } } peers { permanent_uuid: "6f1af300e1d549d6b1cdd8bf3b9aeb9c" member_type: VOTER last_known_addr { host: "ip-172-31-12-168" port: 31201 } }
I0727 05:19:39.305995 112899 leader_election.cc:217] T 8a8310ac4ee8407084fc03f93142f160 P 6f1af300e1d549d6b1cdd8bf3b9aeb9c [CANDIDATE]: Term 1 election: Requesting vote from peer b497dbd6bd1a4c998891b00d2493a1bb
I0727 05:19:39.306015 112899 leader_election.cc:217] T 8a8310ac4ee8407084fc03f93142f160 P 6f1af300e1d549d6b1cdd8bf3b9aeb9c [CANDIDATE]: Term 1 election: Requesting vote from peer 3a3c735705964e1badb66c37a66a9096
I0727 05:19:39.306423 20833 leader_election.cc:349] T 8a8310ac4ee8407084fc03f93142f160 P 6f1af300e1d549d6b1cdd8bf3b9aeb9c [CANDIDATE]: Term 1 election: Vote granted by peer 3a3c735705964e1badb66c37a66a9096
I0727 05:19:39.306437 20833 leader_election.cc:244] T 8a8310ac4ee8407084fc03f93142f160 P 6f1af300e1d549d6b1cdd8bf3b9aeb9c [CANDIDATE]: Term 1 election: Election decided. Result: candidate won.
I0727 05:19:39.306459 20829 leader_election.cc:349] T 8a8310ac4ee8407084fc03f93142f160 P 6f1af300e1d549d6b1cdd8bf3b9aeb9c [CANDIDATE]: Term 1 election: Vote granted by peer b497dbd6bd1a4c998891b00d2493a1bb
I0727 05:19:39.306462 50009 raft_consensus.cc:2372] T 8a8310ac4ee8407084fc03f93142f160 P 6f1af300e1d549d6b1cdd8bf3b9aeb9c: Snoozing failure detection for election timeout plus an additional 1.584s
I0727 05:19:39.306486 50009 raft_consensus.cc:2176] T 8a8310ac4ee8407084fc03f93142f160 P 6f1af300e1d549d6b1cdd8bf3b9aeb9c [term 1 FOLLOWER]: Leader election won for term 1
I0727 05:19:39.306501 50009 raft_consensus.cc:528] T 8a8310ac4ee8407084fc03f93142f160 P 6f1af300e1d549d6b1cdd8bf3b9aeb9c [term 1 LEADER]: Becoming Leader. State: Replica: 6f1af300e1d549d6b1cdd8bf3b9aeb9c, State: Running, Role: LEADER
I0727 05:19:39.306526 50009 consensus_queue.cc:165] T 8a8310ac4ee8407084fc03f93142f160 P 6f1af300e1d549d6b1cdd8bf3b9aeb9c [LEADER]: Queue going to LEADER mode. State: All replicated index: 0, Majority replicated index: 0, Committed index: 0, Last appended: 0.0, Last appended by leader: 0, Current term: 1, Majority size: 2, State: 1, Mode: LEADER, active raft config: opid_index: -1 OBSOLETE_local: false peers { permanent_uuid: "b497dbd6bd1a4c998891b00d2493a1bb" member_type: VOTER last_known_addr { host: "ip-172-31-12-168" port: 31202 } } peers { permanent_uuid: "3a3c735705964e1badb66c37a66a9096" member_type: VOTER last_known_addr { host: "ip-172-31-12-168" port: 31200 } } peers { permanent_uuid: "6f1af300e1d549d6b1cdd8bf3b9aeb9c" member_type: VOTER last_known_addr { host: "ip-172-31-12-168" port: 31201 } }
I0727 05:19:39.335168 21005 raft_consensus.cc:2372] T 1b3e76dbf2af4466b479aee23d5c5771 P 6f1af300e1d549d6b1cdd8bf3b9aeb9c: Snoozing failure detection for election timeout plus an additional 2.243s
I0727 05:19:39.335183 21005 raft_consensus.cc:1943] T 1b3e76dbf2af4466b479aee23d5c5771 P 6f1af300e1d549d6b1cdd8bf3b9aeb9c [term 0 FOLLOWER]: Leader pre-election vote request: Granting yes vote for candidate 3a3c735705964e1badb66c37a66a9096 in term 0.
I0727 05:19:39.335788 21005 raft_consensus.cc:2419] T 1b3e76dbf2af4466b479aee23d5c5771 P 6f1af300e1d549d6b1cdd8bf3b9aeb9c [term 0 FOLLOWER]: Advancing to term 1
I0727 05:19:39.335801 21005 raft_consensus.cc:2372] T 1b3e76dbf2af4466b479aee23d5c5771 P 6f1af300e1d549d6b1cdd8bf3b9aeb9c: Snoozing failure detection for election timeout plus an additional 2.226s
I0727 05:19:39.336069 21005 raft_consensus.cc:1943] T 1b3e76dbf2af4466b479aee23d5c5771 P 6f1af300e1d549d6b1cdd8bf3b9aeb9c [term 1 FOLLOWER]: Leader election vote request: Granting yes vote for candidate 3a3c735705964e1badb66c37a66a9096 in term 1.
I0727 05:19:39.342782 21005 raft_consensus.cc:2372] T 77cf034c03eb4eddb529227c2b20d290 P 6f1af300e1d549d6b1cdd8bf3b9aeb9c: Snoozing failure detection for election timeout plus an additional 1.557s
I0727 05:19:39.342794 21005 raft_consensus.cc:1943] T 77cf034c03eb4eddb529227c2b20d290 P 6f1af300e1d549d6b1cdd8bf3b9aeb9c [term 0 FOLLOWER]: Leader pre-election vote request: Granting yes vote for candidate b497dbd6bd1a4c998891b00d2493a1bb in term 0.
I0727 05:19:39.343376 21005 raft_consensus.cc:2419] T 77cf034c03eb4eddb529227c2b20d290 P 6f1af300e1d549d6b1cdd8bf3b9aeb9c [term 0 FOLLOWER]: Advancing to term 1
I0727 05:19:39.343390 21005 raft_consensus.cc:2372] T 77cf034c03eb4eddb529227c2b20d290 P 6f1af300e1d549d6b1cdd8bf3b9aeb9c: Snoozing failure detection for election timeout plus an additional 2.232s
I0727 05:19:39.343600 21005 raft_consensus.cc:1943] T 77cf034c03eb4eddb529227c2b20d290 P 6f1af300e1d549d6b1cdd8bf3b9aeb9c [term 1 FOLLOWER]: Leader election vote request: Granting yes vote for candidate b497dbd6bd1a4c998891b00d2493a1bb in term 1.
I0727 05:19:39.370797 21005 raft_consensus.cc:944] T 87683d05eb28433ea34685721696c514 P 6f1af300e1d549d6b1cdd8bf3b9aeb9c [term 1 FOLLOWER]: Refusing update from remote peer 3a3c735705964e1badb66c37a66a9096: Log matching property violated. Preceding OpId in replica: term: 0 index: 0. Preceding OpId from leader: term: 1 index: 1. (index mismatch)
I0727 05:19:39.397891 21005 raft_consensus.cc:2372] T fcd58aa23721482080a7e081f5a3ba82 P 6f1af300e1d549d6b1cdd8bf3b9aeb9c: Snoozing failure detection for election timeout plus an additional 2.226s
I0727 05:19:39.397905 21005 raft_consensus.cc:1943] T fcd58aa23721482080a7e081f5a3ba82 P 6f1af300e1d549d6b1cdd8bf3b9aeb9c [term 0 FOLLOWER]: Leader pre-election vote request: Granting yes vote for candidate b497dbd6bd1a4c998891b00d2493a1bb in term 0.
I0727 05:19:39.398485 21005 raft_consensus.cc:2419] T fcd58aa23721482080a7e081f5a3ba82 P 6f1af300e1d549d6b1cdd8bf3b9aeb9c [term 0 FOLLOWER]: Advancing to term 1
I0727 05:19:39.398499 21005 raft_consensus.cc:2372] T fcd58aa23721482080a7e081f5a3ba82 P 6f1af300e1d549d6b1cdd8bf3b9aeb9c: Snoozing failure detection for election timeout plus an additional 1.728s
I0727 05:19:39.398733 21005 raft_consensus.cc:1943] T fcd58aa23721482080a7e081f5a3ba82 P 6f1af300e1d549d6b1cdd8bf3b9aeb9c [term 1 FOLLOWER]: Leader election vote request: Granting yes vote for candidate b497dbd6bd1a4c998891b00d2493a1bb in term 1.
I0727 05:19:39.406440 114959 raft_consensus.cc:411] T b7f22598900d483984eba5952aea5f08 P 6f1af300e1d549d6b1cdd8bf3b9aeb9c [term 0 FOLLOWER]: Starting pre-election (no leader contacted us within the election timeout)
I0727 05:19:39.406457 114959 raft_consensus.cc:2372] T b7f22598900d483984eba5952aea5f08 P 6f1af300e1d549d6b1cdd8bf3b9aeb9c: Snoozing failure detection for election timeout plus an additional 1.508s
I0727 05:19:39.406479 114959 raft_consensus.cc:435] T b7f22598900d483984eba5952aea5f08 P 6f1af300e1d549d6b1cdd8bf3b9aeb9c [term 0 FOLLOWER]: Starting pre-election with config: opid_index: -1 OBSOLETE_local: false peers { permanent_uuid: "3a3c735705964e1badb66c37a66a9096" member_type: VOTER last_known_addr { host: "ip-172-31-12-168" port: 31200 } } peers { permanent_uuid: "b497dbd6bd1a4c998891b00d2493a1bb" member_type: VOTER last_known_addr { host: "ip-172-31-12-168" port: 31202 } } peers { permanent_uuid: "6f1af300e1d549d6b1cdd8bf3b9aeb9c" member_type: VOTER last_known_addr { host: "ip-172-31-12-168" port: 31201 } }
I0727 05:19:39.406592 114959 leader_election.cc:217] T b7f22598900d483984eba5952aea5f08 P 6f1af300e1d549d6b1cdd8bf3b9aeb9c [CANDIDATE]: Term 1 pre-election: Requesting pre-vote from peer 3a3c735705964e1badb66c37a66a9096
I0727 05:19:39.406613 114959 leader_election.cc:217] T b7f22598900d483984eba5952aea5f08 P 6f1af300e1d549d6b1cdd8bf3b9aeb9c [CANDIDATE]: Term 1 pre-election: Requesting pre-vote from peer b497dbd6bd1a4c998891b00d2493a1bb
I0727 05:19:39.406729 20833 leader_election.cc:349] T b7f22598900d483984eba5952aea5f08 P 6f1af300e1d549d6b1cdd8bf3b9aeb9c [CANDIDATE]: Term 1 pre-election: Vote granted by peer 3a3c735705964e1badb66c37a66a9096
I0727 05:19:39.406741 20833 leader_election.cc:244] T b7f22598900d483984eba5952aea5f08 P 6f1af300e1d549d6b1cdd8bf3b9aeb9c [CANDIDATE]: Term 1 pre-election: Election decided. Result: candidate won.
I0727 05:19:39.406764 20829 leader_election.cc:349] T b7f22598900d483984eba5952aea5f08 P 6f1af300e1d549d6b1cdd8bf3b9aeb9c [CANDIDATE]: Term 1 pre-election: Vote granted by peer b497dbd6bd1a4c998891b00d2493a1bb
I0727 05:19:39.406766 50009 raft_consensus.cc:2372] T b7f22598900d483984eba5952aea5f08 P 6f1af300e1d549d6b1cdd8bf3b9aeb9c: Snoozing failure detection for election timeout plus an additional 1.812s
I0727 05:19:39.406793 50009 raft_consensus.cc:2176] T b7f22598900d483984eba5952aea5f08 P 6f1af300e1d549d6b1cdd8bf3b9aeb9c [term 0 FOLLOWER]: Leader pre-election won for term 1
I0727 05:19:39.406796 50009 raft_consensus.cc:411] T b7f22598900d483984eba5952aea5f08 P 6f1af300e1d549d6b1cdd8bf3b9aeb9c [term 0 FOLLOWER]: Starting leader election (no leader contacted us within the election timeout)
I0727 05:19:39.406805 50009 raft_consensus.cc:2372] T b7f22598900d483984eba5952aea5f08 P 6f1af300e1d549d6b1cdd8bf3b9aeb9c: Snoozing failure detection for election timeout plus an additional 2.056s
I0727 05:19:39.406807 50009 raft_consensus.cc:2419] T b7f22598900d483984eba5952aea5f08 P 6f1af300e1d549d6b1cdd8bf3b9aeb9c [term 0 FOLLOWER]: Advancing to term 1
I0727 05:19:39.407078 50009 raft_consensus.cc:435] T b7f22598900d483984eba5952aea5f08 P 6f1af300e1d549d6b1cdd8bf3b9aeb9c [term 1 FOLLOWER]: Starting leader election with config: opid_index: -1 OBSOLETE_local: false peers { permanent_uuid: "3a3c735705964e1badb66c37a66a9096" member_type: VOTER last_known_addr { host: "ip-172-31-12-168" port: 31200 } } peers { permanent_uuid: "b497dbd6bd1a4c998891b00d2493a1bb" member_type: VOTER last_known_addr { host: "ip-172-31-12-168" port: 31202 } } peers { permanent_uuid: "6f1af300e1d549d6b1cdd8bf3b9aeb9c" member_type: VOTER last_known_addr { host: "ip-172-31-12-168" port: 31201 } }
I0727 05:19:39.407184 50009 leader_election.cc:217] T b7f22598900d483984eba5952aea5f08 P 6f1af300e1d549d6b1cdd8bf3b9aeb9c [CANDIDATE]: Term 1 election: Requesting vote from peer 3a3c735705964e1badb66c37a66a9096
I0727 05:19:39.407204 50009 leader_election.cc:217] T b7f22598900d483984eba5952aea5f08 P 6f1af300e1d549d6b1cdd8bf3b9aeb9c [CANDIDATE]: Term 1 election: Requesting vote from peer b497dbd6bd1a4c998891b00d2493a1bb
I0727 05:19:39.407560 20833 leader_election.cc:349] T b7f22598900d483984eba5952aea5f08 P 6f1af300e1d549d6b1cdd8bf3b9aeb9c [CANDIDATE]: Term 1 election: Vote granted by peer 3a3c735705964e1badb66c37a66a9096
I0727 05:19:39.407574 20833 leader_election.cc:244] T b7f22598900d483984eba5952aea5f08 P 6f1af300e1d549d6b1cdd8bf3b9aeb9c [CANDIDATE]: Term 1 election: Election decided. Result: candidate won.
I0727 05:19:39.407583 20829 leader_election.cc:349] T b7f22598900d483984eba5952aea5f08 P 6f1af300e1d549d6b1cdd8bf3b9aeb9c [CANDIDATE]: Term 1 election: Vote granted by peer b497dbd6bd1a4c998891b00d2493a1bb
I0727 05:19:39.407599 50038 raft_consensus.cc:2372] T b7f22598900d483984eba5952aea5f08 P 6f1af300e1d549d6b1cdd8bf3b9aeb9c: Snoozing failure detection for election timeout plus an additional 2.181s
I0727 05:19:39.407613 50038 raft_consensus.cc:2176] T b7f22598900d483984eba5952aea5f08 P 6f1af300e1d549d6b1cdd8bf3b9aeb9c [term 1 FOLLOWER]: Leader election won for term 1
I0727 05:19:39.407627 50038 raft_consensus.cc:528] T b7f22598900d483984eba5952aea5f08 P 6f1af300e1d549d6b1cdd8bf3b9aeb9c [term 1 LEADER]: Becoming Leader. State: Replica: 6f1af300e1d549d6b1cdd8bf3b9aeb9c, State: Running, Role: LEADER
I0727 05:19:39.407650 50038 consensus_queue.cc:165] T b7f22598900d483984eba5952aea5f08 P 6f1af300e1d549d6b1cdd8bf3b9aeb9c [LEADER]: Queue going to LEADER mode. State: All replicated index: 0, Majority replicated index: 0, Committed index: 0, Last appended: 0.0, Last appended by leader: 0, Current term: 1, Majority size: 2, State: 1, Mode: LEADER, active raft config: opid_index: -1 OBSOLETE_local: false peers { permanent_uuid: "3a3c735705964e1badb66c37a66a9096" member_type: VOTER last_known_addr { host: "ip-172-31-12-168" port: 31200 } } peers { permanent_uuid: "b497dbd6bd1a4c998891b00d2493a1bb" member_type: VOTER last_known_addr { host: "ip-172-31-12-168" port: 31202 } } peers { permanent_uuid: "6f1af300e1d549d6b1cdd8bf3b9aeb9c" member_type: VOTER last_known_addr { host: "ip-172-31-12-168" port: 31201 } }
I0727 05:19:39.410686 50051 consensus_queue.cc:722] T 9e6ed7b958d744bc8124ce8c2598566e P 6f1af300e1d549d6b1cdd8bf3b9aeb9c [LEADER]: Connected to new peer: Peer: 3a3c735705964e1badb66c37a66a9096, Is new: false, Last received: 0.0, Next index: 1, Last known committed idx: 0, Last exchange result: ERROR, Needs tablet copy: false
I0727 05:19:39.411415 50051 consensus_queue.cc:722] T 9e6ed7b958d744bc8124ce8c2598566e P 6f1af300e1d549d6b1cdd8bf3b9aeb9c [LEADER]: Connected to new peer: Peer: b497dbd6bd1a4c998891b00d2493a1bb, Is new: false, Last received: 0.0, Next index: 1, Last known committed idx: 0, Last exchange result: ERROR, Needs tablet copy: false
I0727 05:19:39.540719 21005 raft_consensus.cc:944] T b527d368019249599a210c7bbf525db5 P 6f1af300e1d549d6b1cdd8bf3b9aeb9c [term 1 FOLLOWER]: Refusing update from remote peer 3a3c735705964e1badb66c37a66a9096: Log matching property violated. Preceding OpId in replica: term: 0 index: 0. Preceding OpId from leader: term: 1 index: 1. (index mismatch)
I0727 05:19:39.593837 50038 consensus_queue.cc:722] T 8a8310ac4ee8407084fc03f93142f160 P 6f1af300e1d549d6b1cdd8bf3b9aeb9c [LEADER]: Connected to new peer: Peer: 3a3c735705964e1badb66c37a66a9096, Is new: false, Last received: 0.0, Next index: 1, Last known committed idx: 0, Last exchange result: ERROR, Needs tablet copy: false
I0727 05:19:39.594322 21005 raft_consensus.cc:2372] T c92def59ea674dee8fad5c451af37680 P 6f1af300e1d549d6b1cdd8bf3b9aeb9c: Snoozing failure detection for election timeout plus an additional 1.566s
I0727 05:19:39.594337 21005 raft_consensus.cc:1943] T c92def59ea674dee8fad5c451af37680 P 6f1af300e1d549d6b1cdd8bf3b9aeb9c [term 0 FOLLOWER]: Leader pre-election vote request: Granting yes vote for candidate b497dbd6bd1a4c998891b00d2493a1bb in term 0.
I0727 05:19:39.594605 50038 consensus_queue.cc:722] T 8a8310ac4ee8407084fc03f93142f160 P 6f1af300e1d549d6b1cdd8bf3b9aeb9c [LEADER]: Connected to new peer: Peer: b497dbd6bd1a4c998891b00d2493a1bb, Is new: false, Last received: 0.0, Next index: 1, Last known committed idx: 0, Last exchange result: ERROR, Needs tablet copy: false
I0727 05:19:39.595036 21005 raft_consensus.cc:2419] T c92def59ea674dee8fad5c451af37680 P 6f1af300e1d549d6b1cdd8bf3b9aeb9c [term 0 FOLLOWER]: Advancing to term 1
I0727 05:19:39.595055 21005 raft_consensus.cc:2372] T c92def59ea674dee8fad5c451af37680 P 6f1af300e1d549d6b1cdd8bf3b9aeb9c: Snoozing failure detection for election timeout plus an additional 1.967s
I0727 05:19:39.595379 21005 raft_consensus.cc:1943] T c92def59ea674dee8fad5c451af37680 P 6f1af300e1d549d6b1cdd8bf3b9aeb9c [term 1 FOLLOWER]: Leader election vote request: Granting yes vote for candidate b497dbd6bd1a4c998891b00d2493a1bb in term 1.
I0727 05:19:39.654988 21005 raft_consensus.cc:944] T 77cf034c03eb4eddb529227c2b20d290 P 6f1af300e1d549d6b1cdd8bf3b9aeb9c [term 1 FOLLOWER]: Refusing update from remote peer b497dbd6bd1a4c998891b00d2493a1bb: Log matching property violated. Preceding OpId in replica: term: 0 index: 0. Preceding OpId from leader: term: 1 index: 1. (index mismatch)
I0727 05:19:39.660377 21005 raft_consensus.cc:944] T 1b3e76dbf2af4466b479aee23d5c5771 P 6f1af300e1d549d6b1cdd8bf3b9aeb9c [term 1 FOLLOWER]: Refusing update from remote peer 3a3c735705964e1badb66c37a66a9096: Log matching property violated. Preceding OpId in replica: term: 0 index: 0. Preceding OpId from leader: term: 1 index: 1. (index mismatch)
I0727 05:19:39.715932 52237 consensus_queue.cc:722] T b7f22598900d483984eba5952aea5f08 P 6f1af300e1d549d6b1cdd8bf3b9aeb9c [LEADER]: Connected to new peer: Peer: 3a3c735705964e1badb66c37a66a9096, Is new: false, Last received: 0.0, Next index: 1, Last known committed idx: 0, Last exchange result: ERROR, Needs tablet copy: false
I0727 05:19:39.716630 52237 consensus_queue.cc:722] T b7f22598900d483984eba5952aea5f08 P 6f1af300e1d549d6b1cdd8bf3b9aeb9c [LEADER]: Connected to new peer: Peer: b497dbd6bd1a4c998891b00d2493a1bb, Is new: false, Last received: 0.0, Next index: 1, Last known committed idx: 0, Last exchange result: ERROR, Needs tablet copy: false
I0727 05:19:39.765529 21005 raft_consensus.cc:944] T fcd58aa23721482080a7e081f5a3ba82 P 6f1af300e1d549d6b1cdd8bf3b9aeb9c [term 1 FOLLOWER]: Refusing update from remote peer b497dbd6bd1a4c998891b00d2493a1bb: Log matching property violated. Preceding OpId in replica: term: 0 index: 0. Preceding OpId from leader: term: 1 index: 1. (index mismatch)
I0727 05:19:39.887851 21005 raft_consensus.cc:944] T c92def59ea674dee8fad5c451af37680 P 6f1af300e1d549d6b1cdd8bf3b9aeb9c [term 1 FOLLOWER]: Refusing update from remote peer b497dbd6bd1a4c998891b00d2493a1bb: Log matching property violated. Preceding OpId in replica: term: 0 index: 0. Preceding OpId from leader: term: 1 index: 1. (index mismatch)
I0727 05:19:41.018038 20815 tablet.cc:1039] T 4b74a3b8327943648255613c164c0b03 P 6f1af300e1d549d6b1cdd8bf3b9aeb9c: Flush: entering stage 1 (old memrowset already frozen for inserts)
I0727 05:19:41.018052 20815 compaction.cc:881] Selected 1 rowsets to compact:
I0727 05:19:41.018054 20815 compaction.cc:884] memrowset(current size on disk: ~0 bytes)
I0727 05:19:41.018074 20815 tablet.cc:1041] T 4b74a3b8327943648255613c164c0b03 P 6f1af300e1d549d6b1cdd8bf3b9aeb9c: Memstore in-memory size: 63511 bytes
I0727 05:19:41.018079 20815 tablet.cc:1304] T 4b74a3b8327943648255613c164c0b03 P 6f1af300e1d549d6b1cdd8bf3b9aeb9c: Flush: entering phase 1 (flushing snapshot). Phase 1 snapshot: MvccSnapshot[committed={T|T < 6148639627422973952 or (T in {6148639627422973952})}]
I0727 05:19:41.018321 20815 multi_column_writer.cc:95] Opened CFile writers for 5 column(s)
I0727 05:19:41.019106 20815 tablet.cc:1389] T 4b74a3b8327943648255613c164c0b03 P 6f1af300e1d549d6b1cdd8bf3b9aeb9c: Flush: entering phase 2 (starting to duplicate updates in new rowsets)
I0727 05:19:41.019122 20815 tablet.cc:1444] T 4b74a3b8327943648255613c164c0b03 P 6f1af300e1d549d6b1cdd8bf3b9aeb9c: Flush Phase 2: carrying over any updates which arrived during Phase 1
I0727 05:19:41.019130 20815 tablet.cc:1446] T 4b74a3b8327943648255613c164c0b03 P 6f1af300e1d549d6b1cdd8bf3b9aeb9c: Phase 2 snapshot: MvccSnapshot[committed={T|T < 6148639627422973952 or (T in {6148639627422973952})}]
I0727 05:19:41.019737 20815 tablet.cc:1488] T 4b74a3b8327943648255613c164c0b03 P 6f1af300e1d549d6b1cdd8bf3b9aeb9c: Flush successful on 274 rows (18259 bytes)
I0727 05:19:41.019762 20815 maintenance_manager.cc:435] Time spent running FlushMRSOp(4b74a3b8327943648255613c164c0b03): real 0.002s	user 0.001s	sys 0.000s
I0727 05:19:41.019774 20815 maintenance_manager.cc:441] P 6f1af300e1d549d6b1cdd8bf3b9aeb9c: FlushMRSOp(4b74a3b8327943648255613c164c0b03) metrics: {"cfile_init":1,"thread_start_us":198,"threads_started":1,"wal-append.queue_time_us":217}
I0727 05:19:41.020046 20815 maintenance_manager.cc:435] Time spent running UndoDeltaBlockGCOp(4b74a3b8327943648255613c164c0b03): real 0.000s	user 0.000s	sys 0.000s
I0727 05:19:41.020057 20815 maintenance_manager.cc:441] P 6f1af300e1d549d6b1cdd8bf3b9aeb9c: UndoDeltaBlockGCOp(4b74a3b8327943648255613c164c0b03) metrics: {"cfile_init":1}
I0727 05:19:41.020298 20815 tablet.cc:1039] T 15b85561431243f5911e970a9e5ce71f P 6f1af300e1d549d6b1cdd8bf3b9aeb9c: Flush: entering stage 1 (old memrowset already frozen for inserts)
I0727 05:19:41.020305 20815 compaction.cc:881] Selected 1 rowsets to compact:
I0727 05:19:41.020306 20815 compaction.cc:884] memrowset(current size on disk: ~0 bytes)
I0727 05:19:41.020308 20815 tablet.cc:1041] T 15b85561431243f5911e970a9e5ce71f P 6f1af300e1d549d6b1cdd8bf3b9aeb9c: Memstore in-memory size: 8158999 bytes
I0727 05:19:41.020311 20815 tablet.cc:1304] T 15b85561431243f5911e970a9e5ce71f P 6f1af300e1d549d6b1cdd8bf3b9aeb9c: Flush: entering phase 1 (flushing snapshot). Phase 1 snapshot: MvccSnapshot[committed={T|T < 6148639627491467264 or (T in {6148639627491467264})}]
I0727 05:19:41.020514 20815 multi_column_writer.cc:95] Opened CFile writers for 5 column(s)
I0727 05:19:41.041541 20815 tablet.cc:1389] T 15b85561431243f5911e970a9e5ce71f P 6f1af300e1d549d6b1cdd8bf3b9aeb9c: Flush: entering phase 2 (starting to duplicate updates in new rowsets)
I0727 05:19:41.041570 20815 tablet.cc:1444] T 15b85561431243f5911e970a9e5ce71f P 6f1af300e1d549d6b1cdd8bf3b9aeb9c: Flush Phase 2: carrying over any updates which arrived during Phase 1
I0727 05:19:41.041580 20815 tablet.cc:1446] T 15b85561431243f5911e970a9e5ce71f P 6f1af300e1d549d6b1cdd8bf3b9aeb9c: Phase 2 snapshot: MvccSnapshot[committed={T|T < 6148639627491467264 or (T in {6148639627491467264})}]
I0727 05:19:41.043455 20815 tablet.cc:1488] T 15b85561431243f5911e970a9e5ce71f P 6f1af300e1d549d6b1cdd8bf3b9aeb9c: Flush successful on 21604 rows (1124747 bytes)
I0727 05:19:41.043516 20815 maintenance_manager.cc:435] Time spent running FlushMRSOp(15b85561431243f5911e970a9e5ce71f): real 0.023s	user 0.015s	sys 0.007s
I0727 05:19:41.043534 20815 maintenance_manager.cc:441] P 6f1af300e1d549d6b1cdd8bf3b9aeb9c: FlushMRSOp(15b85561431243f5911e970a9e5ce71f) metrics: {"cfile_init":1,"thread_start_us":200,"threads_started":1,"wal-append.queue_time_us":216}
I0727 05:19:41.044102 20815 maintenance_manager.cc:435] Time spent running UndoDeltaBlockGCOp(15b85561431243f5911e970a9e5ce71f): real 0.000s	user 0.000s	sys 0.000s
I0727 05:19:41.044114 20815 maintenance_manager.cc:441] P 6f1af300e1d549d6b1cdd8bf3b9aeb9c: UndoDeltaBlockGCOp(15b85561431243f5911e970a9e5ce71f) metrics: {"cfile_init":1}
I0727 05:19:41.044384 20815 tablet.cc:1039] T f7d1c53e54434957a69b97da03af97b9 P 6f1af300e1d549d6b1cdd8bf3b9aeb9c: Flush: entering stage 1 (old memrowset already frozen for inserts)
I0727 05:19:41.044391 20815 compaction.cc:881] Selected 1 rowsets to compact:
I0727 05:19:41.044394 20815 compaction.cc:884] memrowset(current size on disk: ~0 bytes)
I0727 05:19:41.044395 20815 tablet.cc:1041] T f7d1c53e54434957a69b97da03af97b9 P 6f1af300e1d549d6b1cdd8bf3b9aeb9c: Memstore in-memory size: 2039575 bytes
I0727 05:19:41.044399 20815 tablet.cc:1304] T f7d1c53e54434957a69b97da03af97b9 P 6f1af300e1d549d6b1cdd8bf3b9aeb9c: Flush: entering phase 1 (flushing snapshot). Phase 1 snapshot: MvccSnapshot[committed={T|T < 6148639627288915968 or (T in {6148639627288915968})}]
I0727 05:19:41.044613 20815 multi_column_writer.cc:95] Opened CFile writers for 5 column(s)
I0727 05:19:41.051897 20815 tablet.cc:1389] T f7d1c53e54434957a69b97da03af97b9 P 6f1af300e1d549d6b1cdd8bf3b9aeb9c: Flush: entering phase 2 (starting to duplicate updates in new rowsets)
I0727 05:19:41.051914 20815 tablet.cc:1444] T f7d1c53e54434957a69b97da03af97b9 P 6f1af300e1d549d6b1cdd8bf3b9aeb9c: Flush Phase 2: carrying over any updates which arrived during Phase 1
I0727 05:19:41.051918 20815 tablet.cc:1446] T f7d1c53e54434957a69b97da03af97b9 P 6f1af300e1d549d6b1cdd8bf3b9aeb9c: Phase 2 snapshot: MvccSnapshot[committed={T|T < 6148639627288915968 or (T in {6148639627288915968})}]
I0727 05:19:41.052795 20815 tablet.cc:1488] T f7d1c53e54434957a69b97da03af97b9 P 6f1af300e1d549d6b1cdd8bf3b9aeb9c: Flush successful on 7235 rows (374357 bytes)
I0727 05:19:41.052839 20815 maintenance_manager.cc:435] Time spent running FlushMRSOp(f7d1c53e54434957a69b97da03af97b9): real 0.008s	user 0.004s	sys 0.004s
I0727 05:19:41.052852 20815 maintenance_manager.cc:441] P 6f1af300e1d549d6b1cdd8bf3b9aeb9c: FlushMRSOp(f7d1c53e54434957a69b97da03af97b9) metrics: {"cfile_init":1,"thread_start_us":196,"threads_started":1,"wal-append.queue_time_us":212}
I0727 05:19:41.053270 20815 maintenance_manager.cc:435] Time spent running UndoDeltaBlockGCOp(f7d1c53e54434957a69b97da03af97b9): real 0.000s	user 0.000s	sys 0.000s
I0727 05:19:41.053282 20815 maintenance_manager.cc:441] P 6f1af300e1d549d6b1cdd8bf3b9aeb9c: UndoDeltaBlockGCOp(f7d1c53e54434957a69b97da03af97b9) metrics: {"cfile_init":1}
I0727 05:19:41.053525 20815 tablet.cc:1039] T 1f784e1506824863827f8c6dfeefbfb4 P 6f1af300e1d549d6b1cdd8bf3b9aeb9c: Flush: entering stage 1 (old memrowset already frozen for inserts)
I0727 05:19:41.053532 20815 compaction.cc:881] Selected 1 rowsets to compact:
I0727 05:19:41.053534 20815 compaction.cc:884] memrowset(current size on disk: ~0 bytes)
I0727 05:19:41.053536 20815 tablet.cc:1041] T 1f784e1506824863827f8c6dfeefbfb4 P 6f1af300e1d549d6b1cdd8bf3b9aeb9c: Memstore in-memory size: 1019671 bytes
I0727 05:19:41.053544 20815 tablet.cc:1304] T 1f784e1506824863827f8c6dfeefbfb4 P 6f1af300e1d549d6b1cdd8bf3b9aeb9c: Flush: entering phase 1 (flushing snapshot). Phase 1 snapshot: MvccSnapshot[committed={T|T < 6148639627218731008 or (T in {6148639627218731008})}]
I0727 05:19:41.053730 20815 multi_column_writer.cc:95] Opened CFile writers for 5 column(s)
I0727 05:19:41.057683 20815 tablet.cc:1389] T 1f784e1506824863827f8c6dfeefbfb4 P 6f1af300e1d549d6b1cdd8bf3b9aeb9c: Flush: entering phase 2 (starting to duplicate updates in new rowsets)
I0727 05:19:41.057699 20815 tablet.cc:1444] T 1f784e1506824863827f8c6dfeefbfb4 P 6f1af300e1d549d6b1cdd8bf3b9aeb9c: Flush Phase 2: carrying over any updates which arrived during Phase 1
I0727 05:19:41.057703 20815 tablet.cc:1446] T 1f784e1506824863827f8c6dfeefbfb4 P 6f1af300e1d549d6b1cdd8bf3b9aeb9c: Phase 2 snapshot: MvccSnapshot[committed={T|T < 6148639627218731008 or (T in {6148639627218731008})}]
I0727 05:19:41.058351 20815 tablet.cc:1488] T 1f784e1506824863827f8c6dfeefbfb4 P 6f1af300e1d549d6b1cdd8bf3b9aeb9c: Flush successful on 4065 rows (209189 bytes)
I0727 05:19:41.058399 20815 maintenance_manager.cc:435] Time spent running FlushMRSOp(1f784e1506824863827f8c6dfeefbfb4): real 0.005s	user 0.004s	sys 0.000s
I0727 05:19:41.058413 20815 maintenance_manager.cc:441] P 6f1af300e1d549d6b1cdd8bf3b9aeb9c: FlushMRSOp(1f784e1506824863827f8c6dfeefbfb4) metrics: {"cfile_init":1,"thread_start_us":188,"threads_started":1,"wal-append.queue_time_us":202}
I0727 05:19:41.058684 20815 maintenance_manager.cc:435] Time spent running UndoDeltaBlockGCOp(1f784e1506824863827f8c6dfeefbfb4): real 0.000s	user 0.000s	sys 0.000s
I0727 05:19:41.058696 20815 maintenance_manager.cc:441] P 6f1af300e1d549d6b1cdd8bf3b9aeb9c: UndoDeltaBlockGCOp(1f784e1506824863827f8c6dfeefbfb4) metrics: {"cfile_init":1}
I0727 05:20:13.546049 115354 log.cc:647] T e99cd71d7ecf43749f75e398c62ec477 P 6f1af300e1d549d6b1cdd8bf3b9aeb9c: Max segment size reached. Starting new segment allocation
I0727 05:20:13.573415 115362 log.cc:647] T 99dddb081d294300a6b1d5dd18e95d6e P 6f1af300e1d549d6b1cdd8bf3b9aeb9c: Max segment size reached. Starting new segment allocation
W0727 05:20:13.660990 115362 log.cc:665] Time spent T 99dddb081d294300a6b1d5dd18e95d6e P 6f1af300e1d549d6b1cdd8bf3b9aeb9c: Append to log took a long time: real 0.087s	user 0.035s	sys 0.050s
I0727 05:20:13.666890 115370 log.cc:647] T 834e814840e049aeb7ff9a76ca4a2989 P 6f1af300e1d549d6b1cdd8bf3b9aeb9c: Max segment size reached. Starting new segment allocation
W0727 05:20:13.722287 115370 log.cc:665] Time spent T 834e814840e049aeb7ff9a76ca4a2989 P 6f1af300e1d549d6b1cdd8bf3b9aeb9c: Append to log took a long time: real 0.055s	user 0.019s	sys 0.034s
I0727 05:20:13.742249 115354 log.cc:562] T e99cd71d7ecf43749f75e398c62ec477 P 6f1af300e1d549d6b1cdd8bf3b9aeb9c: Rolled over to a new log segment at /home/ubuntu/Impala/testdata/cluster/cdh5/node-2/var/lib/kudu/ts/wal/wals/e99cd71d7ecf43749f75e398c62ec477/wal-000000002
I0727 05:20:13.812116 115362 log.cc:562] T 99dddb081d294300a6b1d5dd18e95d6e P 6f1af300e1d549d6b1cdd8bf3b9aeb9c: Rolled over to a new log segment at /home/ubuntu/Impala/testdata/cluster/cdh5/node-2/var/lib/kudu/ts/wal/wals/99dddb081d294300a6b1d5dd18e95d6e/wal-000000002
I0727 05:20:13.832581 115370 log.cc:562] T 834e814840e049aeb7ff9a76ca4a2989 P 6f1af300e1d549d6b1cdd8bf3b9aeb9c: Rolled over to a new log segment at /home/ubuntu/Impala/testdata/cluster/cdh5/node-2/var/lib/kudu/ts/wal/wals/834e814840e049aeb7ff9a76ca4a2989/wal-000000002
I0727 05:20:14.576439 115354 log.cc:647] T e99cd71d7ecf43749f75e398c62ec477 P 6f1af300e1d549d6b1cdd8bf3b9aeb9c: Max segment size reached. Starting new segment allocation
I0727 05:20:14.619776 115362 log.cc:647] T 99dddb081d294300a6b1d5dd18e95d6e P 6f1af300e1d549d6b1cdd8bf3b9aeb9c: Max segment size reached. Starting new segment allocation
I0727 05:20:14.653116 115370 log.cc:647] T 834e814840e049aeb7ff9a76ca4a2989 P 6f1af300e1d549d6b1cdd8bf3b9aeb9c: Max segment size reached. Starting new segment allocation
I0727 05:20:14.679796 115354 log.cc:562] T e99cd71d7ecf43749f75e398c62ec477 P 6f1af300e1d549d6b1cdd8bf3b9aeb9c: Rolled over to a new log segment at /home/ubuntu/Impala/testdata/cluster/cdh5/node-2/var/lib/kudu/ts/wal/wals/e99cd71d7ecf43749f75e398c62ec477/wal-000000003
I0727 05:20:14.734717 115362 log.cc:562] T 99dddb081d294300a6b1d5dd18e95d6e P 6f1af300e1d549d6b1cdd8bf3b9aeb9c: Rolled over to a new log segment at /home/ubuntu/Impala/testdata/cluster/cdh5/node-2/var/lib/kudu/ts/wal/wals/99dddb081d294300a6b1d5dd18e95d6e/wal-000000003
I0727 05:20:14.735059 115370 log.cc:562] T 834e814840e049aeb7ff9a76ca4a2989 P 6f1af300e1d549d6b1cdd8bf3b9aeb9c: Rolled over to a new log segment at /home/ubuntu/Impala/testdata/cluster/cdh5/node-2/var/lib/kudu/ts/wal/wals/834e814840e049aeb7ff9a76ca4a2989/wal-000000003
I0727 05:20:15.521131 115354 log.cc:647] T e99cd71d7ecf43749f75e398c62ec477 P 6f1af300e1d549d6b1cdd8bf3b9aeb9c: Max segment size reached. Starting new segment allocation
I0727 05:20:15.611289 115362 log.cc:647] T 99dddb081d294300a6b1d5dd18e95d6e P 6f1af300e1d549d6b1cdd8bf3b9aeb9c: Max segment size reached. Starting new segment allocation
I0727 05:20:15.671809 115370 log.cc:647] T 834e814840e049aeb7ff9a76ca4a2989 P 6f1af300e1d549d6b1cdd8bf3b9aeb9c: Max segment size reached. Starting new segment allocation
I0727 05:20:15.672550 115354 log.cc:562] T e99cd71d7ecf43749f75e398c62ec477 P 6f1af300e1d549d6b1cdd8bf3b9aeb9c: Rolled over to a new log segment at /home/ubuntu/Impala/testdata/cluster/cdh5/node-2/var/lib/kudu/ts/wal/wals/e99cd71d7ecf43749f75e398c62ec477/wal-000000004
I0727 05:20:15.686383 115362 log.cc:562] T 99dddb081d294300a6b1d5dd18e95d6e P 6f1af300e1d549d6b1cdd8bf3b9aeb9c: Rolled over to a new log segment at /home/ubuntu/Impala/testdata/cluster/cdh5/node-2/var/lib/kudu/ts/wal/wals/99dddb081d294300a6b1d5dd18e95d6e/wal-000000004
I0727 05:20:15.759033 115370 log.cc:562] T 834e814840e049aeb7ff9a76ca4a2989 P 6f1af300e1d549d6b1cdd8bf3b9aeb9c: Rolled over to a new log segment at /home/ubuntu/Impala/testdata/cluster/cdh5/node-2/var/lib/kudu/ts/wal/wals/834e814840e049aeb7ff9a76ca4a2989/wal-000000004
I0727 05:20:16.496714 115354 log.cc:647] T e99cd71d7ecf43749f75e398c62ec477 P 6f1af300e1d549d6b1cdd8bf3b9aeb9c: Max segment size reached. Starting new segment allocation
W0727 05:20:16.606793 115354 log.cc:665] Time spent T e99cd71d7ecf43749f75e398c62ec477 P 6f1af300e1d549d6b1cdd8bf3b9aeb9c: Append to log took a long time: real 0.110s	user 0.022s	sys 0.085s
I0727 05:20:16.607023 115354 log.cc:562] T e99cd71d7ecf43749f75e398c62ec477 P 6f1af300e1d549d6b1cdd8bf3b9aeb9c: Rolled over to a new log segment at /home/ubuntu/Impala/testdata/cluster/cdh5/node-2/var/lib/kudu/ts/wal/wals/e99cd71d7ecf43749f75e398c62ec477/wal-000000005
I0727 05:20:16.623694 115362 log.cc:647] T 99dddb081d294300a6b1d5dd18e95d6e P 6f1af300e1d549d6b1cdd8bf3b9aeb9c: Max segment size reached. Starting new segment allocation
I0727 05:20:16.645853 115370 log.cc:647] T 834e814840e049aeb7ff9a76ca4a2989 P 6f1af300e1d549d6b1cdd8bf3b9aeb9c: Max segment size reached. Starting new segment allocation
I0727 05:20:16.710605 115362 log.cc:562] T 99dddb081d294300a6b1d5dd18e95d6e P 6f1af300e1d549d6b1cdd8bf3b9aeb9c: Rolled over to a new log segment at /home/ubuntu/Impala/testdata/cluster/cdh5/node-2/var/lib/kudu/ts/wal/wals/99dddb081d294300a6b1d5dd18e95d6e/wal-000000005
I0727 05:20:16.725586 115370 log.cc:562] T 834e814840e049aeb7ff9a76ca4a2989 P 6f1af300e1d549d6b1cdd8bf3b9aeb9c: Rolled over to a new log segment at /home/ubuntu/Impala/testdata/cluster/cdh5/node-2/var/lib/kudu/ts/wal/wals/834e814840e049aeb7ff9a76ca4a2989/wal-000000005
I0727 05:20:17.469445 115354 log.cc:647] T e99cd71d7ecf43749f75e398c62ec477 P 6f1af300e1d549d6b1cdd8bf3b9aeb9c: Max segment size reached. Starting new segment allocation
I0727 05:20:17.546524 115354 log.cc:562] T e99cd71d7ecf43749f75e398c62ec477 P 6f1af300e1d549d6b1cdd8bf3b9aeb9c: Rolled over to a new log segment at /home/ubuntu/Impala/testdata/cluster/cdh5/node-2/var/lib/kudu/ts/wal/wals/e99cd71d7ecf43749f75e398c62ec477/wal-000000006
I0727 05:20:17.565857 115362 log.cc:647] T 99dddb081d294300a6b1d5dd18e95d6e P 6f1af300e1d549d6b1cdd8bf3b9aeb9c: Max segment size reached. Starting new segment allocation
I0727 05:20:17.615870 115370 log.cc:647] T 834e814840e049aeb7ff9a76ca4a2989 P 6f1af300e1d549d6b1cdd8bf3b9aeb9c: Max segment size reached. Starting new segment allocation
I0727 05:20:17.672030 115362 log.cc:562] T 99dddb081d294300a6b1d5dd18e95d6e P 6f1af300e1d549d6b1cdd8bf3b9aeb9c: Rolled over to a new log segment at /home/ubuntu/Impala/testdata/cluster/cdh5/node-2/var/lib/kudu/ts/wal/wals/99dddb081d294300a6b1d5dd18e95d6e/wal-000000006
I0727 05:20:17.716820 115370 log.cc:562] T 834e814840e049aeb7ff9a76ca4a2989 P 6f1af300e1d549d6b1cdd8bf3b9aeb9c: Rolled over to a new log segment at /home/ubuntu/Impala/testdata/cluster/cdh5/node-2/var/lib/kudu/ts/wal/wals/834e814840e049aeb7ff9a76ca4a2989/wal-000000006
I0727 05:20:18.416080 115354 log.cc:647] T e99cd71d7ecf43749f75e398c62ec477 P 6f1af300e1d549d6b1cdd8bf3b9aeb9c: Max segment size reached. Starting new segment allocation
I0727 05:20:18.495329 115354 log.cc:562] T e99cd71d7ecf43749f75e398c62ec477 P 6f1af300e1d549d6b1cdd8bf3b9aeb9c: Rolled over to a new log segment at /home/ubuntu/Impala/testdata/cluster/cdh5/node-2/var/lib/kudu/ts/wal/wals/e99cd71d7ecf43749f75e398c62ec477/wal-000000007
I0727 05:20:18.511976 115362 log.cc:647] T 99dddb081d294300a6b1d5dd18e95d6e P 6f1af300e1d549d6b1cdd8bf3b9aeb9c: Max segment size reached. Starting new segment allocation
I0727 05:20:18.542002 115370 log.cc:647] T 834e814840e049aeb7ff9a76ca4a2989 P 6f1af300e1d549d6b1cdd8bf3b9aeb9c: Max segment size reached. Starting new segment allocation
I0727 05:20:18.642737 115362 log.cc:562] T 99dddb081d294300a6b1d5dd18e95d6e P 6f1af300e1d549d6b1cdd8bf3b9aeb9c: Rolled over to a new log segment at /home/ubuntu/Impala/testdata/cluster/cdh5/node-2/var/lib/kudu/ts/wal/wals/99dddb081d294300a6b1d5dd18e95d6e/wal-000000007
W0727 05:20:18.648557 115370 log.cc:665] Time spent T 834e814840e049aeb7ff9a76ca4a2989 P 6f1af300e1d549d6b1cdd8bf3b9aeb9c: Append to log took a long time: real 0.106s	user 0.024s	sys 0.082s
I0727 05:20:18.728224 115370 log.cc:562] T 834e814840e049aeb7ff9a76ca4a2989 P 6f1af300e1d549d6b1cdd8bf3b9aeb9c: Rolled over to a new log segment at /home/ubuntu/Impala/testdata/cluster/cdh5/node-2/var/lib/kudu/ts/wal/wals/834e814840e049aeb7ff9a76ca4a2989/wal-000000007
I0727 05:20:19.355635 115354 log.cc:647] T e99cd71d7ecf43749f75e398c62ec477 P 6f1af300e1d549d6b1cdd8bf3b9aeb9c: Max segment size reached. Starting new segment allocation
W0727 05:20:19.446682 115354 log.cc:665] Time spent T e99cd71d7ecf43749f75e398c62ec477 P 6f1af300e1d549d6b1cdd8bf3b9aeb9c: Append to log took a long time: real 0.091s	user 0.027s	sys 0.002s
I0727 05:20:19.464236 115362 log.cc:647] T 99dddb081d294300a6b1d5dd18e95d6e P 6f1af300e1d549d6b1cdd8bf3b9aeb9c: Max segment size reached. Starting new segment allocation
I0727 05:20:19.497752 115354 log.cc:562] T e99cd71d7ecf43749f75e398c62ec477 P 6f1af300e1d549d6b1cdd8bf3b9aeb9c: Rolled over to a new log segment at /home/ubuntu/Impala/testdata/cluster/cdh5/node-2/var/lib/kudu/ts/wal/wals/e99cd71d7ecf43749f75e398c62ec477/wal-000000008
I0727 05:20:19.556143 115370 log.cc:647] T 834e814840e049aeb7ff9a76ca4a2989 P 6f1af300e1d549d6b1cdd8bf3b9aeb9c: Max segment size reached. Starting new segment allocation
I0727 05:20:19.561319 115362 log.cc:562] T 99dddb081d294300a6b1d5dd18e95d6e P 6f1af300e1d549d6b1cdd8bf3b9aeb9c: Rolled over to a new log segment at /home/ubuntu/Impala/testdata/cluster/cdh5/node-2/var/lib/kudu/ts/wal/wals/99dddb081d294300a6b1d5dd18e95d6e/wal-000000008
I0727 05:20:19.668534 115370 log.cc:562] T 834e814840e049aeb7ff9a76ca4a2989 P 6f1af300e1d549d6b1cdd8bf3b9aeb9c: Rolled over to a new log segment at /home/ubuntu/Impala/testdata/cluster/cdh5/node-2/var/lib/kudu/ts/wal/wals/834e814840e049aeb7ff9a76ca4a2989/wal-000000008
I0727 05:20:20.362579 115354 log.cc:647] T e99cd71d7ecf43749f75e398c62ec477 P 6f1af300e1d549d6b1cdd8bf3b9aeb9c: Max segment size reached. Starting new segment allocation
W0727 05:20:20.472954 115354 log.cc:665] Time spent T e99cd71d7ecf43749f75e398c62ec477 P 6f1af300e1d549d6b1cdd8bf3b9aeb9c: Append to log took a long time: real 0.110s	user 0.026s	sys 0.083s
I0727 05:20:20.478922 115362 log.cc:647] T 99dddb081d294300a6b1d5dd18e95d6e P 6f1af300e1d549d6b1cdd8bf3b9aeb9c: Max segment size reached. Starting new segment allocation
I0727 05:20:20.516907 115354 log.cc:562] T e99cd71d7ecf43749f75e398c62ec477 P 6f1af300e1d549d6b1cdd8bf3b9aeb9c: Rolled over to a new log segment at /home/ubuntu/Impala/testdata/cluster/cdh5/node-2/var/lib/kudu/ts/wal/wals/e99cd71d7ecf43749f75e398c62ec477/wal-000000009
I0727 05:20:20.557602 115370 log.cc:647] T 834e814840e049aeb7ff9a76ca4a2989 P 6f1af300e1d549d6b1cdd8bf3b9aeb9c: Max segment size reached. Starting new segment allocation
I0727 05:20:20.570863 115362 log.cc:562] T 99dddb081d294300a6b1d5dd18e95d6e P 6f1af300e1d549d6b1cdd8bf3b9aeb9c: Rolled over to a new log segment at /home/ubuntu/Impala/testdata/cluster/cdh5/node-2/var/lib/kudu/ts/wal/wals/99dddb081d294300a6b1d5dd18e95d6e/wal-000000009
I0727 05:20:20.649266 115370 log.cc:562] T 834e814840e049aeb7ff9a76ca4a2989 P 6f1af300e1d549d6b1cdd8bf3b9aeb9c: Rolled over to a new log segment at /home/ubuntu/Impala/testdata/cluster/cdh5/node-2/var/lib/kudu/ts/wal/wals/834e814840e049aeb7ff9a76ca4a2989/wal-000000009
I0727 05:20:21.363087 115354 log.cc:647] T e99cd71d7ecf43749f75e398c62ec477 P 6f1af300e1d549d6b1cdd8bf3b9aeb9c: Max segment size reached. Starting new segment allocation
I0727 05:20:21.440492 115354 log.cc:562] T e99cd71d7ecf43749f75e398c62ec477 P 6f1af300e1d549d6b1cdd8bf3b9aeb9c: Rolled over to a new log segment at /home/ubuntu/Impala/testdata/cluster/cdh5/node-2/var/lib/kudu/ts/wal/wals/e99cd71d7ecf43749f75e398c62ec477/wal-000000010
I0727 05:20:21.465760 115362 log.cc:647] T 99dddb081d294300a6b1d5dd18e95d6e P 6f1af300e1d549d6b1cdd8bf3b9aeb9c: Max segment size reached. Starting new segment allocation
I0727 05:20:21.517575 115370 log.cc:647] T 834e814840e049aeb7ff9a76ca4a2989 P 6f1af300e1d549d6b1cdd8bf3b9aeb9c: Max segment size reached. Starting new segment allocation
I0727 05:20:21.548949 115362 log.cc:562] T 99dddb081d294300a6b1d5dd18e95d6e P 6f1af300e1d549d6b1cdd8bf3b9aeb9c: Rolled over to a new log segment at /home/ubuntu/Impala/testdata/cluster/cdh5/node-2/var/lib/kudu/ts/wal/wals/99dddb081d294300a6b1d5dd18e95d6e/wal-000000010
I0727 05:20:21.618477 115370 log.cc:562] T 834e814840e049aeb7ff9a76ca4a2989 P 6f1af300e1d549d6b1cdd8bf3b9aeb9c: Rolled over to a new log segment at /home/ubuntu/Impala/testdata/cluster/cdh5/node-2/var/lib/kudu/ts/wal/wals/834e814840e049aeb7ff9a76ca4a2989/wal-000000010
