I0727 04:14:09.386036 51411 raft_consensus.cc:284] T fb63e650a8d0496786c32252dc667fa0 P 6f1af300e1d549d6b1cdd8bf3b9aeb9c [term 0 FOLLOWER]: Replica starting. Triggering 0 pending transactions. Active config: opid_index: -1 OBSOLETE_local: false peers { permanent_uuid: "3a3c735705964e1badb66c37a66a9096" member_type: VOTER last_known_addr { host: "ip-172-31-12-168" port: 31200 } } peers { permanent_uuid: "b497dbd6bd1a4c998891b00d2493a1bb" member_type: VOTER last_known_addr { host: "ip-172-31-12-168" port: 31202 } } peers { permanent_uuid: "6f1af300e1d549d6b1cdd8bf3b9aeb9c" member_type: VOTER last_known_addr { host: "ip-172-31-12-168" port: 31201 } }
I0727 04:14:09.386052 51411 raft_consensus.cc:316] T fb63e650a8d0496786c32252dc667fa0 P 6f1af300e1d549d6b1cdd8bf3b9aeb9c [term 0 FOLLOWER]: Consensus starting up: Expiring failure detector timer to make a prompt election more likely
I0727 04:14:09.386055 51411 raft_consensus.cc:560] T fb63e650a8d0496786c32252dc667fa0 P 6f1af300e1d549d6b1cdd8bf3b9aeb9c [term 0 FOLLOWER]: Becoming Follower/Learner. State: Replica: 6f1af300e1d549d6b1cdd8bf3b9aeb9c, State: Running, Role: FOLLOWER
I0727 04:14:09.386066 51411 consensus_queue.cc:186] T fb63e650a8d0496786c32252dc667fa0 P 6f1af300e1d549d6b1cdd8bf3b9aeb9c [NON_LEADER]: Queue going to NON_LEADER mode. State: All replicated index: 0, Majority replicated index: 0, Committed index: 0, Last appended: 0.0, Last appended by leader: 0, Current term: 0, Majority size: -1, State: 1, Mode: NON_LEADER
I0727 04:14:09.386109 51411 ts_tablet_manager.cc:775] T fb63e650a8d0496786c32252dc667fa0 P 6f1af300e1d549d6b1cdd8bf3b9aeb9c: Time spent starting tablet: real 0.000s	user 0.000s	sys 0.000s
I0727 04:14:09.433509 21011 raft_consensus.cc:2372] T fb63e650a8d0496786c32252dc667fa0 P 6f1af300e1d549d6b1cdd8bf3b9aeb9c: Snoozing failure detection for election timeout plus an additional 2.165s
I0727 04:14:09.433531 21011 raft_consensus.cc:1943] T fb63e650a8d0496786c32252dc667fa0 P 6f1af300e1d549d6b1cdd8bf3b9aeb9c [term 0 FOLLOWER]: Leader pre-election vote request: Granting yes vote for candidate b497dbd6bd1a4c998891b00d2493a1bb in term 0.
I0727 04:14:09.434236 21011 raft_consensus.cc:2419] T fb63e650a8d0496786c32252dc667fa0 P 6f1af300e1d549d6b1cdd8bf3b9aeb9c [term 0 FOLLOWER]: Advancing to term 1
I0727 04:14:09.434250 21011 raft_consensus.cc:2372] T fb63e650a8d0496786c32252dc667fa0 P 6f1af300e1d549d6b1cdd8bf3b9aeb9c: Snoozing failure detection for election timeout plus an additional 1.988s
I0727 04:14:09.434554 21011 raft_consensus.cc:1943] T fb63e650a8d0496786c32252dc667fa0 P 6f1af300e1d549d6b1cdd8bf3b9aeb9c [term 1 FOLLOWER]: Leader election vote request: Granting yes vote for candidate b497dbd6bd1a4c998891b00d2493a1bb in term 1.
I0727 04:14:09.795851 21011 raft_consensus.cc:944] T fb63e650a8d0496786c32252dc667fa0 P 6f1af300e1d549d6b1cdd8bf3b9aeb9c [term 1 FOLLOWER]: Refusing update from remote peer b497dbd6bd1a4c998891b00d2493a1bb: Log matching property violated. Preceding OpId in replica: term: 0 index: 0. Preceding OpId from leader: term: 1 index: 1. (index mismatch)
I0727 04:14:09.822182 51417 raft_consensus.cc:411] T b5a9dd0d9f264acc9cbf55596ef9fe68 P 6f1af300e1d549d6b1cdd8bf3b9aeb9c [term 0 FOLLOWER]: Starting pre-election (no leader contacted us within the election timeout)
I0727 04:14:09.822202 51417 raft_consensus.cc:2372] T b5a9dd0d9f264acc9cbf55596ef9fe68 P 6f1af300e1d549d6b1cdd8bf3b9aeb9c: Snoozing failure detection for election timeout plus an additional 1.970s
I0727 04:14:09.822229 51417 raft_consensus.cc:435] T b5a9dd0d9f264acc9cbf55596ef9fe68 P 6f1af300e1d549d6b1cdd8bf3b9aeb9c [term 0 FOLLOWER]: Starting pre-election with config: opid_index: -1 OBSOLETE_local: false peers { permanent_uuid: "3a3c735705964e1badb66c37a66a9096" member_type: VOTER last_known_addr { host: "ip-172-31-12-168" port: 31200 } } peers { permanent_uuid: "b497dbd6bd1a4c998891b00d2493a1bb" member_type: VOTER last_known_addr { host: "ip-172-31-12-168" port: 31202 } } peers { permanent_uuid: "6f1af300e1d549d6b1cdd8bf3b9aeb9c" member_type: VOTER last_known_addr { host: "ip-172-31-12-168" port: 31201 } }
I0727 04:14:09.822374 51417 leader_election.cc:217] T b5a9dd0d9f264acc9cbf55596ef9fe68 P 6f1af300e1d549d6b1cdd8bf3b9aeb9c [CANDIDATE]: Term 1 pre-election: Requesting pre-vote from peer 3a3c735705964e1badb66c37a66a9096
I0727 04:14:09.822399 51417 leader_election.cc:217] T b5a9dd0d9f264acc9cbf55596ef9fe68 P 6f1af300e1d549d6b1cdd8bf3b9aeb9c [CANDIDATE]: Term 1 pre-election: Requesting pre-vote from peer b497dbd6bd1a4c998891b00d2493a1bb
I0727 04:14:09.822543 20833 leader_election.cc:349] T b5a9dd0d9f264acc9cbf55596ef9fe68 P 6f1af300e1d549d6b1cdd8bf3b9aeb9c [CANDIDATE]: Term 1 pre-election: Vote granted by peer 3a3c735705964e1badb66c37a66a9096
I0727 04:14:09.822561 20833 leader_election.cc:244] T b5a9dd0d9f264acc9cbf55596ef9fe68 P 6f1af300e1d549d6b1cdd8bf3b9aeb9c [CANDIDATE]: Term 1 pre-election: Election decided. Result: candidate won.
I0727 04:14:09.822571 20829 leader_election.cc:349] T b5a9dd0d9f264acc9cbf55596ef9fe68 P 6f1af300e1d549d6b1cdd8bf3b9aeb9c [CANDIDATE]: Term 1 pre-election: Vote granted by peer b497dbd6bd1a4c998891b00d2493a1bb
I0727 04:14:09.822589 50009 raft_consensus.cc:2372] T b5a9dd0d9f264acc9cbf55596ef9fe68 P 6f1af300e1d549d6b1cdd8bf3b9aeb9c: Snoozing failure detection for election timeout plus an additional 2.047s
I0727 04:14:09.822602 50009 raft_consensus.cc:2176] T b5a9dd0d9f264acc9cbf55596ef9fe68 P 6f1af300e1d549d6b1cdd8bf3b9aeb9c [term 0 FOLLOWER]: Leader pre-election won for term 1
I0727 04:14:09.822605 50009 raft_consensus.cc:411] T b5a9dd0d9f264acc9cbf55596ef9fe68 P 6f1af300e1d549d6b1cdd8bf3b9aeb9c [term 0 FOLLOWER]: Starting leader election (no leader contacted us within the election timeout)
I0727 04:14:09.822609 50009 raft_consensus.cc:2372] T b5a9dd0d9f264acc9cbf55596ef9fe68 P 6f1af300e1d549d6b1cdd8bf3b9aeb9c: Snoozing failure detection for election timeout plus an additional 1.549s
I0727 04:14:09.822612 50009 raft_consensus.cc:2419] T b5a9dd0d9f264acc9cbf55596ef9fe68 P 6f1af300e1d549d6b1cdd8bf3b9aeb9c [term 0 FOLLOWER]: Advancing to term 1
I0727 04:14:09.822960 50009 raft_consensus.cc:435] T b5a9dd0d9f264acc9cbf55596ef9fe68 P 6f1af300e1d549d6b1cdd8bf3b9aeb9c [term 1 FOLLOWER]: Starting leader election with config: opid_index: -1 OBSOLETE_local: false peers { permanent_uuid: "3a3c735705964e1badb66c37a66a9096" member_type: VOTER last_known_addr { host: "ip-172-31-12-168" port: 31200 } } peers { permanent_uuid: "b497dbd6bd1a4c998891b00d2493a1bb" member_type: VOTER last_known_addr { host: "ip-172-31-12-168" port: 31202 } } peers { permanent_uuid: "6f1af300e1d549d6b1cdd8bf3b9aeb9c" member_type: VOTER last_known_addr { host: "ip-172-31-12-168" port: 31201 } }
I0727 04:14:09.823062 50009 leader_election.cc:217] T b5a9dd0d9f264acc9cbf55596ef9fe68 P 6f1af300e1d549d6b1cdd8bf3b9aeb9c [CANDIDATE]: Term 1 election: Requesting vote from peer 3a3c735705964e1badb66c37a66a9096
I0727 04:14:09.823081 50009 leader_election.cc:217] T b5a9dd0d9f264acc9cbf55596ef9fe68 P 6f1af300e1d549d6b1cdd8bf3b9aeb9c [CANDIDATE]: Term 1 election: Requesting vote from peer b497dbd6bd1a4c998891b00d2493a1bb
I0727 04:14:09.823498 20833 leader_election.cc:349] T b5a9dd0d9f264acc9cbf55596ef9fe68 P 6f1af300e1d549d6b1cdd8bf3b9aeb9c [CANDIDATE]: Term 1 election: Vote granted by peer 3a3c735705964e1badb66c37a66a9096
I0727 04:14:09.823510 20833 leader_election.cc:244] T b5a9dd0d9f264acc9cbf55596ef9fe68 P 6f1af300e1d549d6b1cdd8bf3b9aeb9c [CANDIDATE]: Term 1 election: Election decided. Result: candidate won.
I0727 04:14:09.823520 20829 leader_election.cc:349] T b5a9dd0d9f264acc9cbf55596ef9fe68 P 6f1af300e1d549d6b1cdd8bf3b9aeb9c [CANDIDATE]: Term 1 election: Vote granted by peer b497dbd6bd1a4c998891b00d2493a1bb
I0727 04:14:09.823539 50038 raft_consensus.cc:2372] T b5a9dd0d9f264acc9cbf55596ef9fe68 P 6f1af300e1d549d6b1cdd8bf3b9aeb9c: Snoozing failure detection for election timeout plus an additional 2.069s
I0727 04:14:09.823552 50038 raft_consensus.cc:2176] T b5a9dd0d9f264acc9cbf55596ef9fe68 P 6f1af300e1d549d6b1cdd8bf3b9aeb9c [term 1 FOLLOWER]: Leader election won for term 1
I0727 04:14:09.823563 50038 raft_consensus.cc:528] T b5a9dd0d9f264acc9cbf55596ef9fe68 P 6f1af300e1d549d6b1cdd8bf3b9aeb9c [term 1 LEADER]: Becoming Leader. State: Replica: 6f1af300e1d549d6b1cdd8bf3b9aeb9c, State: Running, Role: LEADER
I0727 04:14:09.823590 50038 consensus_queue.cc:165] T b5a9dd0d9f264acc9cbf55596ef9fe68 P 6f1af300e1d549d6b1cdd8bf3b9aeb9c [LEADER]: Queue going to LEADER mode. State: All replicated index: 0, Majority replicated index: 0, Committed index: 0, Last appended: 0.0, Last appended by leader: 0, Current term: 1, Majority size: 2, State: 1, Mode: LEADER, active raft config: opid_index: -1 OBSOLETE_local: false peers { permanent_uuid: "3a3c735705964e1badb66c37a66a9096" member_type: VOTER last_known_addr { host: "ip-172-31-12-168" port: 31200 } } peers { permanent_uuid: "b497dbd6bd1a4c998891b00d2493a1bb" member_type: VOTER last_known_addr { host: "ip-172-31-12-168" port: 31202 } } peers { permanent_uuid: "6f1af300e1d549d6b1cdd8bf3b9aeb9c" member_type: VOTER last_known_addr { host: "ip-172-31-12-168" port: 31201 } }
I0727 04:14:09.951419 21011 raft_consensus.cc:2372] T 38dd5558e43a4cc9a7f2fce41ae145c8 P 6f1af300e1d549d6b1cdd8bf3b9aeb9c: Snoozing failure detection for election timeout plus an additional 1.939s
I0727 04:14:09.951434 21011 raft_consensus.cc:1943] T 38dd5558e43a4cc9a7f2fce41ae145c8 P 6f1af300e1d549d6b1cdd8bf3b9aeb9c [term 0 FOLLOWER]: Leader pre-election vote request: Granting yes vote for candidate b497dbd6bd1a4c998891b00d2493a1bb in term 0.
I0727 04:14:09.952008 21011 raft_consensus.cc:2419] T 38dd5558e43a4cc9a7f2fce41ae145c8 P 6f1af300e1d549d6b1cdd8bf3b9aeb9c [term 0 FOLLOWER]: Advancing to term 1
I0727 04:14:09.952019 21011 raft_consensus.cc:2372] T 38dd5558e43a4cc9a7f2fce41ae145c8 P 6f1af300e1d549d6b1cdd8bf3b9aeb9c: Snoozing failure detection for election timeout plus an additional 1.574s
I0727 04:14:09.952275 21011 raft_consensus.cc:1943] T 38dd5558e43a4cc9a7f2fce41ae145c8 P 6f1af300e1d549d6b1cdd8bf3b9aeb9c [term 1 FOLLOWER]: Leader election vote request: Granting yes vote for candidate b497dbd6bd1a4c998891b00d2493a1bb in term 1.
I0727 04:14:10.172137 50051 consensus_queue.cc:722] T b5a9dd0d9f264acc9cbf55596ef9fe68 P 6f1af300e1d549d6b1cdd8bf3b9aeb9c [LEADER]: Connected to new peer: Peer: 3a3c735705964e1badb66c37a66a9096, Is new: false, Last received: 0.0, Next index: 1, Last known committed idx: 0, Last exchange result: ERROR, Needs tablet copy: false
I0727 04:14:10.172858 50051 consensus_queue.cc:722] T b5a9dd0d9f264acc9cbf55596ef9fe68 P 6f1af300e1d549d6b1cdd8bf3b9aeb9c [LEADER]: Connected to new peer: Peer: b497dbd6bd1a4c998891b00d2493a1bb, Is new: false, Last received: 0.0, Next index: 1, Last known committed idx: 0, Last exchange result: ERROR, Needs tablet copy: false
I0727 04:14:10.280876 21011 raft_consensus.cc:944] T 38dd5558e43a4cc9a7f2fce41ae145c8 P 6f1af300e1d549d6b1cdd8bf3b9aeb9c [term 1 FOLLOWER]: Refusing update from remote peer b497dbd6bd1a4c998891b00d2493a1bb: Log matching property violated. Preceding OpId in replica: term: 0 index: 0. Preceding OpId from leader: term: 1 index: 1. (index mismatch)
I0727 04:14:15.454754 20971 tablet_service.cc:672] Processing CreateTablet for tablet 0c67c5f2899441b39a1e760276612854 (table=impala::functional_kudu.tinytable [id=0ea5dcb4b1914a409169887225261010]), partition=RANGE (a) PARTITION VALUES < "b\000"
I0727 04:14:15.454780 20973 tablet_service.cc:672] Processing CreateTablet for tablet 886a32e4a06a44248b278ff0bdb98509 (table=impala::functional_kudu.tinytable [id=0ea5dcb4b1914a409169887225261010]), partition=RANGE (a) PARTITION VALUES >= "d\000"
I0727 04:14:15.454754 20969 tablet_service.cc:672] Processing CreateTablet for tablet f2c9f342aab745f69b7ca7ff294f9a65 (table=impala::functional_kudu.tinytable [id=0ea5dcb4b1914a409169887225261010]), partition=RANGE (a) PARTITION "b\000" <= VALUES < "d\000"
I0727 04:14:15.455309 20969 ts_tablet_manager.cc:871] T f2c9f342aab745f69b7ca7ff294f9a65 P 6f1af300e1d549d6b1cdd8bf3b9aeb9c: Registered tablet (data state: TABLET_DATA_READY)
I0727 04:14:15.455456 20971 ts_tablet_manager.cc:871] T 0c67c5f2899441b39a1e760276612854 P 6f1af300e1d549d6b1cdd8bf3b9aeb9c: Registered tablet (data state: TABLET_DATA_READY)
I0727 04:14:15.455904 20973 ts_tablet_manager.cc:871] T 886a32e4a06a44248b278ff0bdb98509 P 6f1af300e1d549d6b1cdd8bf3b9aeb9c: Registered tablet (data state: TABLET_DATA_READY)
I0727 04:14:15.455955 51560 ts_tablet_manager.cc:741] T f2c9f342aab745f69b7ca7ff294f9a65 P 6f1af300e1d549d6b1cdd8bf3b9aeb9c: Bootstrapping tablet
I0727 04:14:15.455971 51560 tablet_bootstrap.cc:406] T f2c9f342aab745f69b7ca7ff294f9a65 P 6f1af300e1d549d6b1cdd8bf3b9aeb9c: Bootstrap starting.
I0727 04:14:15.456156 51560 tablet_bootstrap.cc:547] T f2c9f342aab745f69b7ca7ff294f9a65 P 6f1af300e1d549d6b1cdd8bf3b9aeb9c: No blocks or log segments found. Creating new log.
I0727 04:14:15.456574 51560 tablet_bootstrap.cc:406] T f2c9f342aab745f69b7ca7ff294f9a65 P 6f1af300e1d549d6b1cdd8bf3b9aeb9c: No bootstrap required, opened a new log
I0727 04:14:15.456595 51560 ts_tablet_manager.cc:746] T f2c9f342aab745f69b7ca7ff294f9a65 P 6f1af300e1d549d6b1cdd8bf3b9aeb9c: Time spent bootstrapping tablet: real 0.001s	user 0.000s	sys 0.000s
I0727 04:14:15.456876 51560 raft_consensus.cc:284] T f2c9f342aab745f69b7ca7ff294f9a65 P 6f1af300e1d549d6b1cdd8bf3b9aeb9c [term 0 FOLLOWER]: Replica starting. Triggering 0 pending transactions. Active config: opid_index: -1 OBSOLETE_local: false peers { permanent_uuid: "3a3c735705964e1badb66c37a66a9096" member_type: VOTER last_known_addr { host: "ip-172-31-12-168" port: 31200 } } peers { permanent_uuid: "b497dbd6bd1a4c998891b00d2493a1bb" member_type: VOTER last_known_addr { host: "ip-172-31-12-168" port: 31202 } } peers { permanent_uuid: "6f1af300e1d549d6b1cdd8bf3b9aeb9c" member_type: VOTER last_known_addr { host: "ip-172-31-12-168" port: 31201 } }
I0727 04:14:15.456892 51560 raft_consensus.cc:316] T f2c9f342aab745f69b7ca7ff294f9a65 P 6f1af300e1d549d6b1cdd8bf3b9aeb9c [term 0 FOLLOWER]: Consensus starting up: Expiring failure detector timer to make a prompt election more likely
I0727 04:14:15.456897 51560 raft_consensus.cc:560] T f2c9f342aab745f69b7ca7ff294f9a65 P 6f1af300e1d549d6b1cdd8bf3b9aeb9c [term 0 FOLLOWER]: Becoming Follower/Learner. State: Replica: 6f1af300e1d549d6b1cdd8bf3b9aeb9c, State: Running, Role: FOLLOWER
I0727 04:14:15.456904 51560 consensus_queue.cc:186] T f2c9f342aab745f69b7ca7ff294f9a65 P 6f1af300e1d549d6b1cdd8bf3b9aeb9c [NON_LEADER]: Queue going to NON_LEADER mode. State: All replicated index: 0, Majority replicated index: 0, Committed index: 0, Last appended: 0.0, Last appended by leader: 0, Current term: 0, Majority size: -1, State: 1, Mode: NON_LEADER
I0727 04:14:15.456969 51560 ts_tablet_manager.cc:775] T f2c9f342aab745f69b7ca7ff294f9a65 P 6f1af300e1d549d6b1cdd8bf3b9aeb9c: Time spent starting tablet: real 0.000s	user 0.000s	sys 0.000s
I0727 04:14:15.456985 51560 ts_tablet_manager.cc:741] T 0c67c5f2899441b39a1e760276612854 P 6f1af300e1d549d6b1cdd8bf3b9aeb9c: Bootstrapping tablet
I0727 04:14:15.456991 51560 tablet_bootstrap.cc:406] T 0c67c5f2899441b39a1e760276612854 P 6f1af300e1d549d6b1cdd8bf3b9aeb9c: Bootstrap starting.
I0727 04:14:15.457173 51560 tablet_bootstrap.cc:547] T 0c67c5f2899441b39a1e760276612854 P 6f1af300e1d549d6b1cdd8bf3b9aeb9c: No blocks or log segments found. Creating new log.
I0727 04:14:15.457592 51560 tablet_bootstrap.cc:406] T 0c67c5f2899441b39a1e760276612854 P 6f1af300e1d549d6b1cdd8bf3b9aeb9c: No bootstrap required, opened a new log
I0727 04:14:15.457609 51560 ts_tablet_manager.cc:746] T 0c67c5f2899441b39a1e760276612854 P 6f1af300e1d549d6b1cdd8bf3b9aeb9c: Time spent bootstrapping tablet: real 0.001s	user 0.000s	sys 0.000s
I0727 04:14:15.457890 51560 raft_consensus.cc:284] T 0c67c5f2899441b39a1e760276612854 P 6f1af300e1d549d6b1cdd8bf3b9aeb9c [term 0 FOLLOWER]: Replica starting. Triggering 0 pending transactions. Active config: opid_index: -1 OBSOLETE_local: false peers { permanent_uuid: "3a3c735705964e1badb66c37a66a9096" member_type: VOTER last_known_addr { host: "ip-172-31-12-168" port: 31200 } } peers { permanent_uuid: "b497dbd6bd1a4c998891b00d2493a1bb" member_type: VOTER last_known_addr { host: "ip-172-31-12-168" port: 31202 } } peers { permanent_uuid: "6f1af300e1d549d6b1cdd8bf3b9aeb9c" member_type: VOTER last_known_addr { host: "ip-172-31-12-168" port: 31201 } }
I0727 04:14:15.457904 51560 raft_consensus.cc:316] T 0c67c5f2899441b39a1e760276612854 P 6f1af300e1d549d6b1cdd8bf3b9aeb9c [term 0 FOLLOWER]: Consensus starting up: Expiring failure detector timer to make a prompt election more likely
I0727 04:14:15.457908 51560 raft_consensus.cc:560] T 0c67c5f2899441b39a1e760276612854 P 6f1af300e1d549d6b1cdd8bf3b9aeb9c [term 0 FOLLOWER]: Becoming Follower/Learner. State: Replica: 6f1af300e1d549d6b1cdd8bf3b9aeb9c, State: Running, Role: FOLLOWER
I0727 04:14:15.457917 51560 consensus_queue.cc:186] T 0c67c5f2899441b39a1e760276612854 P 6f1af300e1d549d6b1cdd8bf3b9aeb9c [NON_LEADER]: Queue going to NON_LEADER mode. State: All replicated index: 0, Majority replicated index: 0, Committed index: 0, Last appended: 0.0, Last appended by leader: 0, Current term: 0, Majority size: -1, State: 1, Mode: NON_LEADER
I0727 04:14:15.457967 51560 ts_tablet_manager.cc:775] T 0c67c5f2899441b39a1e760276612854 P 6f1af300e1d549d6b1cdd8bf3b9aeb9c: Time spent starting tablet: real 0.000s	user 0.000s	sys 0.000s
I0727 04:14:15.457980 51560 ts_tablet_manager.cc:741] T 886a32e4a06a44248b278ff0bdb98509 P 6f1af300e1d549d6b1cdd8bf3b9aeb9c: Bootstrapping tablet
I0727 04:14:15.457988 51560 tablet_bootstrap.cc:406] T 886a32e4a06a44248b278ff0bdb98509 P 6f1af300e1d549d6b1cdd8bf3b9aeb9c: Bootstrap starting.
I0727 04:14:15.458133 51560 tablet_bootstrap.cc:547] T 886a32e4a06a44248b278ff0bdb98509 P 6f1af300e1d549d6b1cdd8bf3b9aeb9c: No blocks or log segments found. Creating new log.
I0727 04:14:15.458544 51560 tablet_bootstrap.cc:406] T 886a32e4a06a44248b278ff0bdb98509 P 6f1af300e1d549d6b1cdd8bf3b9aeb9c: No bootstrap required, opened a new log
I0727 04:14:15.458561 51560 ts_tablet_manager.cc:746] T 886a32e4a06a44248b278ff0bdb98509 P 6f1af300e1d549d6b1cdd8bf3b9aeb9c: Time spent bootstrapping tablet: real 0.001s	user 0.000s	sys 0.000s
I0727 04:14:15.458829 51560 raft_consensus.cc:284] T 886a32e4a06a44248b278ff0bdb98509 P 6f1af300e1d549d6b1cdd8bf3b9aeb9c [term 0 FOLLOWER]: Replica starting. Triggering 0 pending transactions. Active config: opid_index: -1 OBSOLETE_local: false peers { permanent_uuid: "b497dbd6bd1a4c998891b00d2493a1bb" member_type: VOTER last_known_addr { host: "ip-172-31-12-168" port: 31202 } } peers { permanent_uuid: "3a3c735705964e1badb66c37a66a9096" member_type: VOTER last_known_addr { host: "ip-172-31-12-168" port: 31200 } } peers { permanent_uuid: "6f1af300e1d549d6b1cdd8bf3b9aeb9c" member_type: VOTER last_known_addr { host: "ip-172-31-12-168" port: 31201 } }
I0727 04:14:15.458848 51560 raft_consensus.cc:316] T 886a32e4a06a44248b278ff0bdb98509 P 6f1af300e1d549d6b1cdd8bf3b9aeb9c [term 0 FOLLOWER]: Consensus starting up: Expiring failure detector timer to make a prompt election more likely
I0727 04:14:15.458851 51560 raft_consensus.cc:560] T 886a32e4a06a44248b278ff0bdb98509 P 6f1af300e1d549d6b1cdd8bf3b9aeb9c [term 0 FOLLOWER]: Becoming Follower/Learner. State: Replica: 6f1af300e1d549d6b1cdd8bf3b9aeb9c, State: Running, Role: FOLLOWER
I0727 04:14:15.458858 51560 consensus_queue.cc:186] T 886a32e4a06a44248b278ff0bdb98509 P 6f1af300e1d549d6b1cdd8bf3b9aeb9c [NON_LEADER]: Queue going to NON_LEADER mode. State: All replicated index: 0, Majority replicated index: 0, Committed index: 0, Last appended: 0.0, Last appended by leader: 0, Current term: 0, Majority size: -1, State: 1, Mode: NON_LEADER
I0727 04:14:15.458896 51560 ts_tablet_manager.cc:775] T 886a32e4a06a44248b278ff0bdb98509 P 6f1af300e1d549d6b1cdd8bf3b9aeb9c: Time spent starting tablet: real 0.000s	user 0.000s	sys 0.000s
I0727 04:14:15.468792 51579 raft_consensus.cc:411] T 886a32e4a06a44248b278ff0bdb98509 P 6f1af300e1d549d6b1cdd8bf3b9aeb9c [term 0 FOLLOWER]: Starting pre-election (no leader contacted us within the election timeout)
I0727 04:14:15.468809 51579 raft_consensus.cc:2372] T 886a32e4a06a44248b278ff0bdb98509 P 6f1af300e1d549d6b1cdd8bf3b9aeb9c: Snoozing failure detection for election timeout plus an additional 2.079s
I0727 04:14:15.468827 51579 raft_consensus.cc:435] T 886a32e4a06a44248b278ff0bdb98509 P 6f1af300e1d549d6b1cdd8bf3b9aeb9c [term 0 FOLLOWER]: Starting pre-election with config: opid_index: -1 OBSOLETE_local: false peers { permanent_uuid: "b497dbd6bd1a4c998891b00d2493a1bb" member_type: VOTER last_known_addr { host: "ip-172-31-12-168" port: 31202 } } peers { permanent_uuid: "3a3c735705964e1badb66c37a66a9096" member_type: VOTER last_known_addr { host: "ip-172-31-12-168" port: 31200 } } peers { permanent_uuid: "6f1af300e1d549d6b1cdd8bf3b9aeb9c" member_type: VOTER last_known_addr { host: "ip-172-31-12-168" port: 31201 } }
I0727 04:14:15.468973 51579 leader_election.cc:217] T 886a32e4a06a44248b278ff0bdb98509 P 6f1af300e1d549d6b1cdd8bf3b9aeb9c [CANDIDATE]: Term 1 pre-election: Requesting pre-vote from peer b497dbd6bd1a4c998891b00d2493a1bb
I0727 04:14:15.468994 51579 leader_election.cc:217] T 886a32e4a06a44248b278ff0bdb98509 P 6f1af300e1d549d6b1cdd8bf3b9aeb9c [CANDIDATE]: Term 1 pre-election: Requesting pre-vote from peer 3a3c735705964e1badb66c37a66a9096
I0727 04:14:15.469148 20829 leader_election.cc:349] T 886a32e4a06a44248b278ff0bdb98509 P 6f1af300e1d549d6b1cdd8bf3b9aeb9c [CANDIDATE]: Term 1 pre-election: Vote granted by peer b497dbd6bd1a4c998891b00d2493a1bb
I0727 04:14:15.469159 20829 leader_election.cc:244] T 886a32e4a06a44248b278ff0bdb98509 P 6f1af300e1d549d6b1cdd8bf3b9aeb9c [CANDIDATE]: Term 1 pre-election: Election decided. Result: candidate won.
I0727 04:14:15.469190 20833 leader_election.cc:349] T 886a32e4a06a44248b278ff0bdb98509 P 6f1af300e1d549d6b1cdd8bf3b9aeb9c [CANDIDATE]: Term 1 pre-election: Vote granted by peer 3a3c735705964e1badb66c37a66a9096
I0727 04:14:15.469197 50038 raft_consensus.cc:2372] T 886a32e4a06a44248b278ff0bdb98509 P 6f1af300e1d549d6b1cdd8bf3b9aeb9c: Snoozing failure detection for election timeout plus an additional 1.606s
I0727 04:14:15.469209 50038 raft_consensus.cc:2176] T 886a32e4a06a44248b278ff0bdb98509 P 6f1af300e1d549d6b1cdd8bf3b9aeb9c [term 0 FOLLOWER]: Leader pre-election won for term 1
I0727 04:14:15.469223 50038 raft_consensus.cc:411] T 886a32e4a06a44248b278ff0bdb98509 P 6f1af300e1d549d6b1cdd8bf3b9aeb9c [term 0 FOLLOWER]: Starting leader election (no leader contacted us within the election timeout)
I0727 04:14:15.469233 50038 raft_consensus.cc:2372] T 886a32e4a06a44248b278ff0bdb98509 P 6f1af300e1d549d6b1cdd8bf3b9aeb9c: Snoozing failure detection for election timeout plus an additional 1.915s
I0727 04:14:15.469244 50038 raft_consensus.cc:2419] T 886a32e4a06a44248b278ff0bdb98509 P 6f1af300e1d549d6b1cdd8bf3b9aeb9c [term 0 FOLLOWER]: Advancing to term 1
I0727 04:14:15.469673 50038 raft_consensus.cc:435] T 886a32e4a06a44248b278ff0bdb98509 P 6f1af300e1d549d6b1cdd8bf3b9aeb9c [term 1 FOLLOWER]: Starting leader election with config: opid_index: -1 OBSOLETE_local: false peers { permanent_uuid: "b497dbd6bd1a4c998891b00d2493a1bb" member_type: VOTER last_known_addr { host: "ip-172-31-12-168" port: 31202 } } peers { permanent_uuid: "3a3c735705964e1badb66c37a66a9096" member_type: VOTER last_known_addr { host: "ip-172-31-12-168" port: 31200 } } peers { permanent_uuid: "6f1af300e1d549d6b1cdd8bf3b9aeb9c" member_type: VOTER last_known_addr { host: "ip-172-31-12-168" port: 31201 } }
I0727 04:14:15.469818 50038 leader_election.cc:217] T 886a32e4a06a44248b278ff0bdb98509 P 6f1af300e1d549d6b1cdd8bf3b9aeb9c [CANDIDATE]: Term 1 election: Requesting vote from peer b497dbd6bd1a4c998891b00d2493a1bb
I0727 04:14:15.469843 50038 leader_election.cc:217] T 886a32e4a06a44248b278ff0bdb98509 P 6f1af300e1d549d6b1cdd8bf3b9aeb9c [CANDIDATE]: Term 1 election: Requesting vote from peer 3a3c735705964e1badb66c37a66a9096
I0727 04:14:15.470234 20829 leader_election.cc:349] T 886a32e4a06a44248b278ff0bdb98509 P 6f1af300e1d549d6b1cdd8bf3b9aeb9c [CANDIDATE]: Term 1 election: Vote granted by peer b497dbd6bd1a4c998891b00d2493a1bb
I0727 04:14:15.470245 20829 leader_election.cc:244] T 886a32e4a06a44248b278ff0bdb98509 P 6f1af300e1d549d6b1cdd8bf3b9aeb9c [CANDIDATE]: Term 1 election: Election decided. Result: candidate won.
I0727 04:14:15.470273 50051 raft_consensus.cc:2372] T 886a32e4a06a44248b278ff0bdb98509 P 6f1af300e1d549d6b1cdd8bf3b9aeb9c: Snoozing failure detection for election timeout plus an additional 1.772s
I0727 04:14:15.470288 50051 raft_consensus.cc:2176] T 886a32e4a06a44248b278ff0bdb98509 P 6f1af300e1d549d6b1cdd8bf3b9aeb9c [term 1 FOLLOWER]: Leader election won for term 1
I0727 04:14:15.470304 50051 raft_consensus.cc:528] T 886a32e4a06a44248b278ff0bdb98509 P 6f1af300e1d549d6b1cdd8bf3b9aeb9c [term 1 LEADER]: Becoming Leader. State: Replica: 6f1af300e1d549d6b1cdd8bf3b9aeb9c, State: Running, Role: LEADER
I0727 04:14:15.470330 50051 consensus_queue.cc:165] T 886a32e4a06a44248b278ff0bdb98509 P 6f1af300e1d549d6b1cdd8bf3b9aeb9c [LEADER]: Queue going to LEADER mode. State: All replicated index: 0, Majority replicated index: 0, Committed index: 0, Last appended: 0.0, Last appended by leader: 0, Current term: 1, Majority size: 2, State: 1, Mode: LEADER, active raft config: opid_index: -1 OBSOLETE_local: false peers { permanent_uuid: "b497dbd6bd1a4c998891b00d2493a1bb" member_type: VOTER last_known_addr { host: "ip-172-31-12-168" port: 31202 } } peers { permanent_uuid: "3a3c735705964e1badb66c37a66a9096" member_type: VOTER last_known_addr { host: "ip-172-31-12-168" port: 31200 } } peers { permanent_uuid: "6f1af300e1d549d6b1cdd8bf3b9aeb9c" member_type: VOTER last_known_addr { host: "ip-172-31-12-168" port: 31201 } }
I0727 04:14:15.470386 20833 leader_election.cc:349] T 886a32e4a06a44248b278ff0bdb98509 P 6f1af300e1d549d6b1cdd8bf3b9aeb9c [CANDIDATE]: Term 1 election: Vote granted by peer 3a3c735705964e1badb66c37a66a9096
I0727 04:14:15.516966 21010 raft_consensus.cc:2372] T 0c67c5f2899441b39a1e760276612854 P 6f1af300e1d549d6b1cdd8bf3b9aeb9c: Snoozing failure detection for election timeout plus an additional 1.914s
I0727 04:14:15.516983 21010 raft_consensus.cc:1943] T 0c67c5f2899441b39a1e760276612854 P 6f1af300e1d549d6b1cdd8bf3b9aeb9c [term 0 FOLLOWER]: Leader pre-election vote request: Granting yes vote for candidate b497dbd6bd1a4c998891b00d2493a1bb in term 0.
I0727 04:14:15.517583 21010 raft_consensus.cc:2419] T 0c67c5f2899441b39a1e760276612854 P 6f1af300e1d549d6b1cdd8bf3b9aeb9c [term 0 FOLLOWER]: Advancing to term 1
I0727 04:14:15.517596 21010 raft_consensus.cc:2372] T 0c67c5f2899441b39a1e760276612854 P 6f1af300e1d549d6b1cdd8bf3b9aeb9c: Snoozing failure detection for election timeout plus an additional 2.156s
I0727 04:14:15.517889 21010 raft_consensus.cc:1943] T 0c67c5f2899441b39a1e760276612854 P 6f1af300e1d549d6b1cdd8bf3b9aeb9c [term 1 FOLLOWER]: Leader election vote request: Granting yes vote for candidate b497dbd6bd1a4c998891b00d2493a1bb in term 1.
I0727 04:14:15.702836 51567 raft_consensus.cc:411] T f2c9f342aab745f69b7ca7ff294f9a65 P 6f1af300e1d549d6b1cdd8bf3b9aeb9c [term 0 FOLLOWER]: Starting pre-election (no leader contacted us within the election timeout)
I0727 04:14:15.702867 51567 raft_consensus.cc:2372] T f2c9f342aab745f69b7ca7ff294f9a65 P 6f1af300e1d549d6b1cdd8bf3b9aeb9c: Snoozing failure detection for election timeout plus an additional 2.198s
I0727 04:14:15.702913 51567 raft_consensus.cc:435] T f2c9f342aab745f69b7ca7ff294f9a65 P 6f1af300e1d549d6b1cdd8bf3b9aeb9c [term 0 FOLLOWER]: Starting pre-election with config: opid_index: -1 OBSOLETE_local: false peers { permanent_uuid: "3a3c735705964e1badb66c37a66a9096" member_type: VOTER last_known_addr { host: "ip-172-31-12-168" port: 31200 } } peers { permanent_uuid: "b497dbd6bd1a4c998891b00d2493a1bb" member_type: VOTER last_known_addr { host: "ip-172-31-12-168" port: 31202 } } peers { permanent_uuid: "6f1af300e1d549d6b1cdd8bf3b9aeb9c" member_type: VOTER last_known_addr { host: "ip-172-31-12-168" port: 31201 } }
I0727 04:14:15.703086 51567 leader_election.cc:217] T f2c9f342aab745f69b7ca7ff294f9a65 P 6f1af300e1d549d6b1cdd8bf3b9aeb9c [CANDIDATE]: Term 1 pre-election: Requesting pre-vote from peer 3a3c735705964e1badb66c37a66a9096
I0727 04:14:15.703114 51567 leader_election.cc:217] T f2c9f342aab745f69b7ca7ff294f9a65 P 6f1af300e1d549d6b1cdd8bf3b9aeb9c [CANDIDATE]: Term 1 pre-election: Requesting pre-vote from peer b497dbd6bd1a4c998891b00d2493a1bb
I0727 04:14:15.703323 20829 leader_election.cc:349] T f2c9f342aab745f69b7ca7ff294f9a65 P 6f1af300e1d549d6b1cdd8bf3b9aeb9c [CANDIDATE]: Term 1 pre-election: Vote granted by peer b497dbd6bd1a4c998891b00d2493a1bb
I0727 04:14:15.703339 20829 leader_election.cc:244] T f2c9f342aab745f69b7ca7ff294f9a65 P 6f1af300e1d549d6b1cdd8bf3b9aeb9c [CANDIDATE]: Term 1 pre-election: Election decided. Result: candidate won.
I0727 04:14:15.703379 50051 raft_consensus.cc:2372] T f2c9f342aab745f69b7ca7ff294f9a65 P 6f1af300e1d549d6b1cdd8bf3b9aeb9c: Snoozing failure detection for election timeout plus an additional 2.209s
I0727 04:14:15.703402 50051 raft_consensus.cc:2176] T f2c9f342aab745f69b7ca7ff294f9a65 P 6f1af300e1d549d6b1cdd8bf3b9aeb9c [term 0 FOLLOWER]: Leader pre-election won for term 1
I0727 04:14:15.703413 50051 raft_consensus.cc:411] T f2c9f342aab745f69b7ca7ff294f9a65 P 6f1af300e1d549d6b1cdd8bf3b9aeb9c [term 0 FOLLOWER]: Starting leader election (no leader contacted us within the election timeout)
I0727 04:14:15.703426 50051 raft_consensus.cc:2372] T f2c9f342aab745f69b7ca7ff294f9a65 P 6f1af300e1d549d6b1cdd8bf3b9aeb9c: Snoozing failure detection for election timeout plus an additional 1.549s
I0727 04:14:15.703438 50051 raft_consensus.cc:2419] T f2c9f342aab745f69b7ca7ff294f9a65 P 6f1af300e1d549d6b1cdd8bf3b9aeb9c [term 0 FOLLOWER]: Advancing to term 1
I0727 04:14:15.703431 20833 leader_election.cc:349] T f2c9f342aab745f69b7ca7ff294f9a65 P 6f1af300e1d549d6b1cdd8bf3b9aeb9c [CANDIDATE]: Term 1 pre-election: Vote granted by peer 3a3c735705964e1badb66c37a66a9096
I0727 04:14:15.703939 50051 raft_consensus.cc:435] T f2c9f342aab745f69b7ca7ff294f9a65 P 6f1af300e1d549d6b1cdd8bf3b9aeb9c [term 1 FOLLOWER]: Starting leader election with config: opid_index: -1 OBSOLETE_local: false peers { permanent_uuid: "3a3c735705964e1badb66c37a66a9096" member_type: VOTER last_known_addr { host: "ip-172-31-12-168" port: 31200 } } peers { permanent_uuid: "b497dbd6bd1a4c998891b00d2493a1bb" member_type: VOTER last_known_addr { host: "ip-172-31-12-168" port: 31202 } } peers { permanent_uuid: "6f1af300e1d549d6b1cdd8bf3b9aeb9c" member_type: VOTER last_known_addr { host: "ip-172-31-12-168" port: 31201 } }
I0727 04:14:15.704058 50051 leader_election.cc:217] T f2c9f342aab745f69b7ca7ff294f9a65 P 6f1af300e1d549d6b1cdd8bf3b9aeb9c [CANDIDATE]: Term 1 election: Requesting vote from peer 3a3c735705964e1badb66c37a66a9096
I0727 04:14:15.704079 50051 leader_election.cc:217] T f2c9f342aab745f69b7ca7ff294f9a65 P 6f1af300e1d549d6b1cdd8bf3b9aeb9c [CANDIDATE]: Term 1 election: Requesting vote from peer b497dbd6bd1a4c998891b00d2493a1bb
I0727 04:14:15.704723 20829 leader_election.cc:349] T f2c9f342aab745f69b7ca7ff294f9a65 P 6f1af300e1d549d6b1cdd8bf3b9aeb9c [CANDIDATE]: Term 1 election: Vote granted by peer b497dbd6bd1a4c998891b00d2493a1bb
I0727 04:14:15.704740 20829 leader_election.cc:244] T f2c9f342aab745f69b7ca7ff294f9a65 P 6f1af300e1d549d6b1cdd8bf3b9aeb9c [CANDIDATE]: Term 1 election: Election decided. Result: candidate won.
I0727 04:14:15.704751 20833 leader_election.cc:349] T f2c9f342aab745f69b7ca7ff294f9a65 P 6f1af300e1d549d6b1cdd8bf3b9aeb9c [CANDIDATE]: Term 1 election: Vote granted by peer 3a3c735705964e1badb66c37a66a9096
I0727 04:14:15.704772 50038 raft_consensus.cc:2372] T f2c9f342aab745f69b7ca7ff294f9a65 P 6f1af300e1d549d6b1cdd8bf3b9aeb9c: Snoozing failure detection for election timeout plus an additional 2.163s
I0727 04:14:15.704783 50038 raft_consensus.cc:2176] T f2c9f342aab745f69b7ca7ff294f9a65 P 6f1af300e1d549d6b1cdd8bf3b9aeb9c [term 1 FOLLOWER]: Leader election won for term 1
I0727 04:14:15.704803 50038 raft_consensus.cc:528] T f2c9f342aab745f69b7ca7ff294f9a65 P 6f1af300e1d549d6b1cdd8bf3b9aeb9c [term 1 LEADER]: Becoming Leader. State: Replica: 6f1af300e1d549d6b1cdd8bf3b9aeb9c, State: Running, Role: LEADER
I0727 04:14:15.704836 50038 consensus_queue.cc:165] T f2c9f342aab745f69b7ca7ff294f9a65 P 6f1af300e1d549d6b1cdd8bf3b9aeb9c [LEADER]: Queue going to LEADER mode. State: All replicated index: 0, Majority replicated index: 0, Committed index: 0, Last appended: 0.0, Last appended by leader: 0, Current term: 1, Majority size: 2, State: 1, Mode: LEADER, active raft config: opid_index: -1 OBSOLETE_local: false peers { permanent_uuid: "3a3c735705964e1badb66c37a66a9096" member_type: VOTER last_known_addr { host: "ip-172-31-12-168" port: 31200 } } peers { permanent_uuid: "b497dbd6bd1a4c998891b00d2493a1bb" member_type: VOTER last_known_addr { host: "ip-172-31-12-168" port: 31202 } } peers { permanent_uuid: "6f1af300e1d549d6b1cdd8bf3b9aeb9c" member_type: VOTER last_known_addr { host: "ip-172-31-12-168" port: 31201 } }
I0727 04:14:15.755264 50038 consensus_queue.cc:722] T 886a32e4a06a44248b278ff0bdb98509 P 6f1af300e1d549d6b1cdd8bf3b9aeb9c [LEADER]: Connected to new peer: Peer: 3a3c735705964e1badb66c37a66a9096, Is new: false, Last received: 0.0, Next index: 1, Last known committed idx: 0, Last exchange result: ERROR, Needs tablet copy: false
I0727 04:14:15.756183 50051 consensus_queue.cc:722] T 886a32e4a06a44248b278ff0bdb98509 P 6f1af300e1d549d6b1cdd8bf3b9aeb9c [LEADER]: Connected to new peer: Peer: b497dbd6bd1a4c998891b00d2493a1bb, Is new: false, Last received: 0.0, Next index: 1, Last known committed idx: 0, Last exchange result: ERROR, Needs tablet copy: false
I0727 04:14:15.889837 21011 raft_consensus.cc:944] T 0c67c5f2899441b39a1e760276612854 P 6f1af300e1d549d6b1cdd8bf3b9aeb9c [term 1 FOLLOWER]: Refusing update from remote peer b497dbd6bd1a4c998891b00d2493a1bb: Log matching property violated. Preceding OpId in replica: term: 0 index: 0. Preceding OpId from leader: term: 1 index: 1. (index mismatch)
I0727 04:14:16.121315 50038 consensus_queue.cc:722] T f2c9f342aab745f69b7ca7ff294f9a65 P 6f1af300e1d549d6b1cdd8bf3b9aeb9c [LEADER]: Connected to new peer: Peer: 3a3c735705964e1badb66c37a66a9096, Is new: false, Last received: 0.0, Next index: 1, Last known committed idx: 0, Last exchange result: ERROR, Needs tablet copy: false
I0727 04:14:16.122041 50051 consensus_queue.cc:722] T f2c9f342aab745f69b7ca7ff294f9a65 P 6f1af300e1d549d6b1cdd8bf3b9aeb9c [LEADER]: Connected to new peer: Peer: b497dbd6bd1a4c998891b00d2493a1bb, Is new: false, Last received: 0.0, Next index: 1, Last known committed idx: 0, Last exchange result: ERROR, Needs tablet copy: false
I0727 04:14:19.459780 20973 tablet_service.cc:672] Processing CreateTablet for tablet 898284ff17af46cd81519d0205e6be79 (table=impala::functional_kudu.tinyinttable [id=71c2dd5b0a464c509ee4e2d807157678]), partition=RANGE (int_col) PARTITION VALUES < 3
I0727 04:14:19.459798 20971 tablet_service.cc:672] Processing CreateTablet for tablet 2e218299a7544189abcd9528822da88f (table=impala::functional_kudu.tinyinttable [id=71c2dd5b0a464c509ee4e2d807157678]), partition=RANGE (int_col) PARTITION 3 <= VALUES < 5
I0727 04:14:19.460600 20973 ts_tablet_manager.cc:871] T 898284ff17af46cd81519d0205e6be79 P 6f1af300e1d549d6b1cdd8bf3b9aeb9c: Registered tablet (data state: TABLET_DATA_READY)
I0727 04:14:19.460611 20971 ts_tablet_manager.cc:871] T 2e218299a7544189abcd9528822da88f P 6f1af300e1d549d6b1cdd8bf3b9aeb9c: Registered tablet (data state: TABLET_DATA_READY)
I0727 04:14:19.460671 20969 tablet_service.cc:672] Processing CreateTablet for tablet 11c1d1569ff640f29edb25102a4acede (table=impala::functional_kudu.tinyinttable [id=71c2dd5b0a464c509ee4e2d807157678]), partition=RANGE (int_col) PARTITION 5 <= VALUES < 7
I0727 04:14:19.461319 20969 ts_tablet_manager.cc:871] T 11c1d1569ff640f29edb25102a4acede P 6f1af300e1d549d6b1cdd8bf3b9aeb9c: Registered tablet (data state: TABLET_DATA_READY)
I0727 04:14:19.461411 51698 ts_tablet_manager.cc:741] T 898284ff17af46cd81519d0205e6be79 P 6f1af300e1d549d6b1cdd8bf3b9aeb9c: Bootstrapping tablet
I0727 04:14:19.461432 51698 tablet_bootstrap.cc:406] T 898284ff17af46cd81519d0205e6be79 P 6f1af300e1d549d6b1cdd8bf3b9aeb9c: Bootstrap starting.
I0727 04:14:19.461678 51698 tablet_bootstrap.cc:547] T 898284ff17af46cd81519d0205e6be79 P 6f1af300e1d549d6b1cdd8bf3b9aeb9c: No blocks or log segments found. Creating new log.
I0727 04:14:19.461982 20967 tablet_service.cc:672] Processing CreateTablet for tablet 623c6519a7454112b5c9162c3cffd481 (table=impala::functional_kudu.tinyinttable [id=71c2dd5b0a464c509ee4e2d807157678]), partition=RANGE (int_col) PARTITION 7 <= VALUES < 9
I0727 04:14:19.462184 51698 tablet_bootstrap.cc:406] T 898284ff17af46cd81519d0205e6be79 P 6f1af300e1d549d6b1cdd8bf3b9aeb9c: No bootstrap required, opened a new log
I0727 04:14:19.462208 51698 ts_tablet_manager.cc:746] T 898284ff17af46cd81519d0205e6be79 P 6f1af300e1d549d6b1cdd8bf3b9aeb9c: Time spent bootstrapping tablet: real 0.001s	user 0.000s	sys 0.000s
I0727 04:14:19.462532 51698 raft_consensus.cc:284] T 898284ff17af46cd81519d0205e6be79 P 6f1af300e1d549d6b1cdd8bf3b9aeb9c [term 0 FOLLOWER]: Replica starting. Triggering 0 pending transactions. Active config: opid_index: -1 OBSOLETE_local: false peers { permanent_uuid: "3a3c735705964e1badb66c37a66a9096" member_type: VOTER last_known_addr { host: "ip-172-31-12-168" port: 31200 } } peers { permanent_uuid: "b497dbd6bd1a4c998891b00d2493a1bb" member_type: VOTER last_known_addr { host: "ip-172-31-12-168" port: 31202 } } peers { permanent_uuid: "6f1af300e1d549d6b1cdd8bf3b9aeb9c" member_type: VOTER last_known_addr { host: "ip-172-31-12-168" port: 31201 } }
I0727 04:14:19.462551 51698 raft_consensus.cc:316] T 898284ff17af46cd81519d0205e6be79 P 6f1af300e1d549d6b1cdd8bf3b9aeb9c [term 0 FOLLOWER]: Consensus starting up: Expiring failure detector timer to make a prompt election more likely
I0727 04:14:19.462558 51698 raft_consensus.cc:560] T 898284ff17af46cd81519d0205e6be79 P 6f1af300e1d549d6b1cdd8bf3b9aeb9c [term 0 FOLLOWER]: Becoming Follower/Learner. State: Replica: 6f1af300e1d549d6b1cdd8bf3b9aeb9c, State: Running, Role: FOLLOWER
I0727 04:14:19.462575 51698 consensus_queue.cc:186] T 898284ff17af46cd81519d0205e6be79 P 6f1af300e1d549d6b1cdd8bf3b9aeb9c [NON_LEADER]: Queue going to NON_LEADER mode. State: All replicated index: 0, Majority replicated index: 0, Committed index: 0, Last appended: 0.0, Last appended by leader: 0, Current term: 0, Majority size: -1, State: 1, Mode: NON_LEADER
I0727 04:14:19.462623 20967 ts_tablet_manager.cc:871] T 623c6519a7454112b5c9162c3cffd481 P 6f1af300e1d549d6b1cdd8bf3b9aeb9c: Registered tablet (data state: TABLET_DATA_READY)
I0727 04:14:19.462644 51698 ts_tablet_manager.cc:775] T 898284ff17af46cd81519d0205e6be79 P 6f1af300e1d549d6b1cdd8bf3b9aeb9c: Time spent starting tablet: real 0.000s	user 0.000s	sys 0.000s
I0727 04:14:19.462661 51698 ts_tablet_manager.cc:741] T 2e218299a7544189abcd9528822da88f P 6f1af300e1d549d6b1cdd8bf3b9aeb9c: Bootstrapping tablet
I0727 04:14:19.462673 51698 tablet_bootstrap.cc:406] T 2e218299a7544189abcd9528822da88f P 6f1af300e1d549d6b1cdd8bf3b9aeb9c: Bootstrap starting.
I0727 04:14:19.462734 20965 tablet_service.cc:672] Processing CreateTablet for tablet 359b49dfe7c049c1ad7c5c5ac349950b (table=impala::functional_kudu.tinyinttable [id=71c2dd5b0a464c509ee4e2d807157678]), partition=RANGE (int_col) PARTITION VALUES >= 9
I0727 04:14:19.462879 51698 tablet_bootstrap.cc:547] T 2e218299a7544189abcd9528822da88f P 6f1af300e1d549d6b1cdd8bf3b9aeb9c: No blocks or log segments found. Creating new log.
I0727 04:14:19.463294 51698 tablet_bootstrap.cc:406] T 2e218299a7544189abcd9528822da88f P 6f1af300e1d549d6b1cdd8bf3b9aeb9c: No bootstrap required, opened a new log
I0727 04:14:19.463306 20965 ts_tablet_manager.cc:871] T 359b49dfe7c049c1ad7c5c5ac349950b P 6f1af300e1d549d6b1cdd8bf3b9aeb9c: Registered tablet (data state: TABLET_DATA_READY)
I0727 04:14:19.463311 51698 ts_tablet_manager.cc:746] T 2e218299a7544189abcd9528822da88f P 6f1af300e1d549d6b1cdd8bf3b9aeb9c: Time spent bootstrapping tablet: real 0.001s	user 0.000s	sys 0.001s
I0727 04:14:19.463611 51698 raft_consensus.cc:284] T 2e218299a7544189abcd9528822da88f P 6f1af300e1d549d6b1cdd8bf3b9aeb9c [term 0 FOLLOWER]: Replica starting. Triggering 0 pending transactions. Active config: opid_index: -1 OBSOLETE_local: false peers { permanent_uuid: "3a3c735705964e1badb66c37a66a9096" member_type: VOTER last_known_addr { host: "ip-172-31-12-168" port: 31200 } } peers { permanent_uuid: "b497dbd6bd1a4c998891b00d2493a1bb" member_type: VOTER last_known_addr { host: "ip-172-31-12-168" port: 31202 } } peers { permanent_uuid: "6f1af300e1d549d6b1cdd8bf3b9aeb9c" member_type: VOTER last_known_addr { host: "ip-172-31-12-168" port: 31201 } }
I0727 04:14:19.463625 51698 raft_consensus.cc:316] T 2e218299a7544189abcd9528822da88f P 6f1af300e1d549d6b1cdd8bf3b9aeb9c [term 0 FOLLOWER]: Consensus starting up: Expiring failure detector timer to make a prompt election more likely
I0727 04:14:19.463629 51698 raft_consensus.cc:560] T 2e218299a7544189abcd9528822da88f P 6f1af300e1d549d6b1cdd8bf3b9aeb9c [term 0 FOLLOWER]: Becoming Follower/Learner. State: Replica: 6f1af300e1d549d6b1cdd8bf3b9aeb9c, State: Running, Role: FOLLOWER
I0727 04:14:19.463636 51698 consensus_queue.cc:186] T 2e218299a7544189abcd9528822da88f P 6f1af300e1d549d6b1cdd8bf3b9aeb9c [NON_LEADER]: Queue going to NON_LEADER mode. State: All replicated index: 0, Majority replicated index: 0, Committed index: 0, Last appended: 0.0, Last appended by leader: 0, Current term: 0, Majority size: -1, State: 1, Mode: NON_LEADER
I0727 04:14:19.463683 51698 ts_tablet_manager.cc:775] T 2e218299a7544189abcd9528822da88f P 6f1af300e1d549d6b1cdd8bf3b9aeb9c: Time spent starting tablet: real 0.000s	user 0.000s	sys 0.000s
I0727 04:14:19.463693 51698 ts_tablet_manager.cc:741] T 11c1d1569ff640f29edb25102a4acede P 6f1af300e1d549d6b1cdd8bf3b9aeb9c: Bootstrapping tablet
I0727 04:14:19.463698 51698 tablet_bootstrap.cc:406] T 11c1d1569ff640f29edb25102a4acede P 6f1af300e1d549d6b1cdd8bf3b9aeb9c: Bootstrap starting.
I0727 04:14:19.463914 51698 tablet_bootstrap.cc:547] T 11c1d1569ff640f29edb25102a4acede P 6f1af300e1d549d6b1cdd8bf3b9aeb9c: No blocks or log segments found. Creating new log.
I0727 04:14:19.464375 51698 tablet_bootstrap.cc:406] T 11c1d1569ff640f29edb25102a4acede P 6f1af300e1d549d6b1cdd8bf3b9aeb9c: No bootstrap required, opened a new log
I0727 04:14:19.464401 51698 ts_tablet_manager.cc:746] T 11c1d1569ff640f29edb25102a4acede P 6f1af300e1d549d6b1cdd8bf3b9aeb9c: Time spent bootstrapping tablet: real 0.001s	user 0.000s	sys 0.001s
I0727 04:14:19.464711 51698 raft_consensus.cc:284] T 11c1d1569ff640f29edb25102a4acede P 6f1af300e1d549d6b1cdd8bf3b9aeb9c [term 0 FOLLOWER]: Replica starting. Triggering 0 pending transactions. Active config: opid_index: -1 OBSOLETE_local: false peers { permanent_uuid: "3a3c735705964e1badb66c37a66a9096" member_type: VOTER last_known_addr { host: "ip-172-31-12-168" port: 31200 } } peers { permanent_uuid: "b497dbd6bd1a4c998891b00d2493a1bb" member_type: VOTER last_known_addr { host: "ip-172-31-12-168" port: 31202 } } peers { permanent_uuid: "6f1af300e1d549d6b1cdd8bf3b9aeb9c" member_type: VOTER last_known_addr { host: "ip-172-31-12-168" port: 31201 } }
I0727 04:14:19.464732 51698 raft_consensus.cc:316] T 11c1d1569ff640f29edb25102a4acede P 6f1af300e1d549d6b1cdd8bf3b9aeb9c [term 0 FOLLOWER]: Consensus starting up: Expiring failure detector timer to make a prompt election more likely
I0727 04:14:19.464745 51698 raft_consensus.cc:560] T 11c1d1569ff640f29edb25102a4acede P 6f1af300e1d549d6b1cdd8bf3b9aeb9c [term 0 FOLLOWER]: Becoming Follower/Learner. State: Replica: 6f1af300e1d549d6b1cdd8bf3b9aeb9c, State: Running, Role: FOLLOWER
I0727 04:14:19.464774 51698 consensus_queue.cc:186] T 11c1d1569ff640f29edb25102a4acede P 6f1af300e1d549d6b1cdd8bf3b9aeb9c [NON_LEADER]: Queue going to NON_LEADER mode. State: All replicated index: 0, Majority replicated index: 0, Committed index: 0, Last appended: 0.0, Last appended by leader: 0, Current term: 0, Majority size: -1, State: 1, Mode: NON_LEADER
I0727 04:14:19.464854 51698 ts_tablet_manager.cc:775] T 11c1d1569ff640f29edb25102a4acede P 6f1af300e1d549d6b1cdd8bf3b9aeb9c: Time spent starting tablet: real 0.000s	user 0.002s	sys 0.000s
I0727 04:14:19.464874 51698 ts_tablet_manager.cc:741] T 623c6519a7454112b5c9162c3cffd481 P 6f1af300e1d549d6b1cdd8bf3b9aeb9c: Bootstrapping tablet
I0727 04:14:19.464885 51698 tablet_bootstrap.cc:406] T 623c6519a7454112b5c9162c3cffd481 P 6f1af300e1d549d6b1cdd8bf3b9aeb9c: Bootstrap starting.
I0727 04:14:19.465097 51698 tablet_bootstrap.cc:547] T 623c6519a7454112b5c9162c3cffd481 P 6f1af300e1d549d6b1cdd8bf3b9aeb9c: No blocks or log segments found. Creating new log.
I0727 04:14:19.465559 51698 tablet_bootstrap.cc:406] T 623c6519a7454112b5c9162c3cffd481 P 6f1af300e1d549d6b1cdd8bf3b9aeb9c: No bootstrap required, opened a new log
I0727 04:14:19.465584 51698 ts_tablet_manager.cc:746] T 623c6519a7454112b5c9162c3cffd481 P 6f1af300e1d549d6b1cdd8bf3b9aeb9c: Time spent bootstrapping tablet: real 0.001s	user 0.000s	sys 0.000s
I0727 04:14:19.465899 51698 raft_consensus.cc:284] T 623c6519a7454112b5c9162c3cffd481 P 6f1af300e1d549d6b1cdd8bf3b9aeb9c [term 0 FOLLOWER]: Replica starting. Triggering 0 pending transactions. Active config: opid_index: -1 OBSOLETE_local: false peers { permanent_uuid: "b497dbd6bd1a4c998891b00d2493a1bb" member_type: VOTER last_known_addr { host: "ip-172-31-12-168" port: 31202 } } peers { permanent_uuid: "3a3c735705964e1badb66c37a66a9096" member_type: VOTER last_known_addr { host: "ip-172-31-12-168" port: 31200 } } peers { permanent_uuid: "6f1af300e1d549d6b1cdd8bf3b9aeb9c" member_type: VOTER last_known_addr { host: "ip-172-31-12-168" port: 31201 } }
I0727 04:14:19.465911 51698 raft_consensus.cc:316] T 623c6519a7454112b5c9162c3cffd481 P 6f1af300e1d549d6b1cdd8bf3b9aeb9c [term 0 FOLLOWER]: Consensus starting up: Expiring failure detector timer to make a prompt election more likely
I0727 04:14:19.465915 51698 raft_consensus.cc:560] T 623c6519a7454112b5c9162c3cffd481 P 6f1af300e1d549d6b1cdd8bf3b9aeb9c [term 0 FOLLOWER]: Becoming Follower/Learner. State: Replica: 6f1af300e1d549d6b1cdd8bf3b9aeb9c, State: Running, Role: FOLLOWER
I0727 04:14:19.465922 51698 consensus_queue.cc:186] T 623c6519a7454112b5c9162c3cffd481 P 6f1af300e1d549d6b1cdd8bf3b9aeb9c [NON_LEADER]: Queue going to NON_LEADER mode. State: All replicated index: 0, Majority replicated index: 0, Committed index: 0, Last appended: 0.0, Last appended by leader: 0, Current term: 0, Majority size: -1, State: 1, Mode: NON_LEADER
I0727 04:14:19.465981 51698 ts_tablet_manager.cc:775] T 623c6519a7454112b5c9162c3cffd481 P 6f1af300e1d549d6b1cdd8bf3b9aeb9c: Time spent starting tablet: real 0.000s	user 0.000s	sys 0.000s
I0727 04:14:19.465992 51698 ts_tablet_manager.cc:741] T 359b49dfe7c049c1ad7c5c5ac349950b P 6f1af300e1d549d6b1cdd8bf3b9aeb9c: Bootstrapping tablet
I0727 04:14:19.465998 51698 tablet_bootstrap.cc:406] T 359b49dfe7c049c1ad7c5c5ac349950b P 6f1af300e1d549d6b1cdd8bf3b9aeb9c: Bootstrap starting.
I0727 04:14:19.466145 51698 tablet_bootstrap.cc:547] T 359b49dfe7c049c1ad7c5c5ac349950b P 6f1af300e1d549d6b1cdd8bf3b9aeb9c: No blocks or log segments found. Creating new log.
I0727 04:14:19.468626 51698 tablet_bootstrap.cc:406] T 359b49dfe7c049c1ad7c5c5ac349950b P 6f1af300e1d549d6b1cdd8bf3b9aeb9c: No bootstrap required, opened a new log
I0727 04:14:19.468644 51698 ts_tablet_manager.cc:746] T 359b49dfe7c049c1ad7c5c5ac349950b P 6f1af300e1d549d6b1cdd8bf3b9aeb9c: Time spent bootstrapping tablet: real 0.003s	user 0.000s	sys 0.000s
I0727 04:14:19.468955 51698 raft_consensus.cc:284] T 359b49dfe7c049c1ad7c5c5ac349950b P 6f1af300e1d549d6b1cdd8bf3b9aeb9c [term 0 FOLLOWER]: Replica starting. Triggering 0 pending transactions. Active config: opid_index: -1 OBSOLETE_local: false peers { permanent_uuid: "3a3c735705964e1badb66c37a66a9096" member_type: VOTER last_known_addr { host: "ip-172-31-12-168" port: 31200 } } peers { permanent_uuid: "b497dbd6bd1a4c998891b00d2493a1bb" member_type: VOTER last_known_addr { host: "ip-172-31-12-168" port: 31202 } } peers { permanent_uuid: "6f1af300e1d549d6b1cdd8bf3b9aeb9c" member_type: VOTER last_known_addr { host: "ip-172-31-12-168" port: 31201 } }
I0727 04:14:19.468973 51698 raft_consensus.cc:316] T 359b49dfe7c049c1ad7c5c5ac349950b P 6f1af300e1d549d6b1cdd8bf3b9aeb9c [term 0 FOLLOWER]: Consensus starting up: Expiring failure detector timer to make a prompt election more likely
I0727 04:14:19.468978 51698 raft_consensus.cc:560] T 359b49dfe7c049c1ad7c5c5ac349950b P 6f1af300e1d549d6b1cdd8bf3b9aeb9c [term 0 FOLLOWER]: Becoming Follower/Learner. State: Replica: 6f1af300e1d549d6b1cdd8bf3b9aeb9c, State: Running, Role: FOLLOWER
I0727 04:14:19.468986 51698 consensus_queue.cc:186] T 359b49dfe7c049c1ad7c5c5ac349950b P 6f1af300e1d549d6b1cdd8bf3b9aeb9c [NON_LEADER]: Queue going to NON_LEADER mode. State: All replicated index: 0, Majority replicated index: 0, Committed index: 0, Last appended: 0.0, Last appended by leader: 0, Current term: 0, Majority size: -1, State: 1, Mode: NON_LEADER
I0727 04:14:19.469038 51698 ts_tablet_manager.cc:775] T 359b49dfe7c049c1ad7c5c5ac349950b P 6f1af300e1d549d6b1cdd8bf3b9aeb9c: Time spent starting tablet: real 0.000s	user 0.000s	sys 0.000s
I0727 04:14:19.556787 21011 raft_consensus.cc:2372] T 623c6519a7454112b5c9162c3cffd481 P 6f1af300e1d549d6b1cdd8bf3b9aeb9c: Snoozing failure detection for election timeout plus an additional 1.695s
