I0727 05:15:56.829386 20969 tablet_replica.cc:225] Initiating TabletReplica shutdown for tablet: 728bc3b3ad4343088d2c1908ad1fe640
I0727 05:15:56.829403 20969 maintenance_manager.cc:206] P 6f1af300e1d549d6b1cdd8bf3b9aeb9c: Unregistered op CompactRowSetsOp(728bc3b3ad4343088d2c1908ad1fe640)
I0727 05:15:56.829370 20967 maintenance_manager.cc:206] P 6f1af300e1d549d6b1cdd8bf3b9aeb9c: Unregistered op LogGCOp(899c81b2b53446e58c5dcdd5bf72ac7c)
I0727 05:15:56.829421 20969 maintenance_manager.cc:206] P 6f1af300e1d549d6b1cdd8bf3b9aeb9c: Unregistered op MinorDeltaCompactionOp(728bc3b3ad4343088d2c1908ad1fe640)
I0727 05:15:56.829437 20969 maintenance_manager.cc:206] P 6f1af300e1d549d6b1cdd8bf3b9aeb9c: Unregistered op MajorDeltaCompactionOp(728bc3b3ad4343088d2c1908ad1fe640)
I0727 05:15:56.829390 20965 raft_consensus.cc:1778] T e9ab0e6c66ee4ceb968f7bdeee721e3e P 6f1af300e1d549d6b1cdd8bf3b9aeb9c [term 1 FOLLOWER]: Raft consensus is shut down!
I0727 05:15:56.829450 20969 maintenance_manager.cc:206] P 6f1af300e1d549d6b1cdd8bf3b9aeb9c: Unregistered op UndoDeltaBlockGCOp(728bc3b3ad4343088d2c1908ad1fe640)
I0727 05:15:56.829457 20969 maintenance_manager.cc:206] P 6f1af300e1d549d6b1cdd8bf3b9aeb9c: Unregistered op FlushMRSOp(728bc3b3ad4343088d2c1908ad1fe640)
I0727 05:15:56.829421 20967 raft_consensus.cc:1763] T 899c81b2b53446e58c5dcdd5bf72ac7c P 6f1af300e1d549d6b1cdd8bf3b9aeb9c [term 1 FOLLOWER]: Raft consensus shutting down.
I0727 05:15:56.829463 20969 maintenance_manager.cc:206] P 6f1af300e1d549d6b1cdd8bf3b9aeb9c: Unregistered op FlushDeltaMemStoresOp(728bc3b3ad4343088d2c1908ad1fe640)
I0727 05:15:56.829491 20969 maintenance_manager.cc:206] P 6f1af300e1d549d6b1cdd8bf3b9aeb9c: Unregistered op LogGCOp(728bc3b3ad4343088d2c1908ad1fe640)
I0727 05:15:56.829478 20967 raft_consensus.cc:1778] T 899c81b2b53446e58c5dcdd5bf72ac7c P 6f1af300e1d549d6b1cdd8bf3b9aeb9c [term 1 FOLLOWER]: Raft consensus is shut down!
I0727 05:15:56.829506 20969 raft_consensus.cc:1763] T 728bc3b3ad4343088d2c1908ad1fe640 P 6f1af300e1d549d6b1cdd8bf3b9aeb9c [term 1 LEADER]: Raft consensus shutting down.
I0727 05:15:56.829511 20969 consensus_peers.cc:400] T 728bc3b3ad4343088d2c1908ad1fe640 P 6f1af300e1d549d6b1cdd8bf3b9aeb9c -> Peer b497dbd6bd1a4c998891b00d2493a1bb (ip-172-31-12-168:31202): Closing peer: b497dbd6bd1a4c998891b00d2493a1bb
I0727 05:15:56.829515 20969 consensus_peers.cc:400] T 728bc3b3ad4343088d2c1908ad1fe640 P 6f1af300e1d549d6b1cdd8bf3b9aeb9c -> Peer 3a3c735705964e1badb66c37a66a9096 (ip-172-31-12-168:31200): Closing peer: 3a3c735705964e1badb66c37a66a9096
I0727 05:15:56.829520 20969 raft_consensus.cc:1778] T 728bc3b3ad4343088d2c1908ad1fe640 P 6f1af300e1d549d6b1cdd8bf3b9aeb9c [term 1 LEADER]: Raft consensus is shut down!
I0727 05:15:56.829700 20965 ts_tablet_manager.cc:1030] T e9ab0e6c66ee4ceb968f7bdeee721e3e P 6f1af300e1d549d6b1cdd8bf3b9aeb9c: Deleting tablet data with delete state TABLET_DATA_DELETED
I0727 05:15:56.829743 20967 ts_tablet_manager.cc:1030] T 899c81b2b53446e58c5dcdd5bf72ac7c P 6f1af300e1d549d6b1cdd8bf3b9aeb9c: Deleting tablet data with delete state TABLET_DATA_DELETED
I0727 05:15:56.829762 20969 ts_tablet_manager.cc:1030] T 728bc3b3ad4343088d2c1908ad1fe640 P 6f1af300e1d549d6b1cdd8bf3b9aeb9c: Deleting tablet data with delete state TABLET_DATA_DELETED
I0727 05:15:56.830955 20969 ts_tablet_manager.cc:1042] T 728bc3b3ad4343088d2c1908ad1fe640 P 6f1af300e1d549d6b1cdd8bf3b9aeb9c: Tablet deleted. Last logged OpId: 1.2
I0727 05:15:56.830971 20969 log.cc:974] T 728bc3b3ad4343088d2c1908ad1fe640 P 6f1af300e1d549d6b1cdd8bf3b9aeb9c: Deleting WAL directory at /home/ubuntu/Impala/testdata/cluster/cdh5/node-2/var/lib/kudu/ts/wal/wals/728bc3b3ad4343088d2c1908ad1fe640
I0727 05:15:56.831041 20969 ts_tablet_manager.cc:1060] T 728bc3b3ad4343088d2c1908ad1fe640 P 6f1af300e1d549d6b1cdd8bf3b9aeb9c: Deleting consensus metadata
I0727 05:15:56.831174 20967 ts_tablet_manager.cc:1042] T 899c81b2b53446e58c5dcdd5bf72ac7c P 6f1af300e1d549d6b1cdd8bf3b9aeb9c: Tablet deleted. Last logged OpId: 1.2
I0727 05:15:56.831199 20967 log.cc:974] T 899c81b2b53446e58c5dcdd5bf72ac7c P 6f1af300e1d549d6b1cdd8bf3b9aeb9c: Deleting WAL directory at /home/ubuntu/Impala/testdata/cluster/cdh5/node-2/var/lib/kudu/ts/wal/wals/899c81b2b53446e58c5dcdd5bf72ac7c
I0727 05:15:56.833184 20967 ts_tablet_manager.cc:1060] T 899c81b2b53446e58c5dcdd5bf72ac7c P 6f1af300e1d549d6b1cdd8bf3b9aeb9c: Deleting consensus metadata
I0727 05:15:56.833191 20965 ts_tablet_manager.cc:1042] T e9ab0e6c66ee4ceb968f7bdeee721e3e P 6f1af300e1d549d6b1cdd8bf3b9aeb9c: Tablet deleted. Last logged OpId: 1.2
I0727 05:15:56.833207 20965 log.cc:974] T e9ab0e6c66ee4ceb968f7bdeee721e3e P 6f1af300e1d549d6b1cdd8bf3b9aeb9c: Deleting WAL directory at /home/ubuntu/Impala/testdata/cluster/cdh5/node-2/var/lib/kudu/ts/wal/wals/e9ab0e6c66ee4ceb968f7bdeee721e3e
I0727 05:15:56.833326 20965 ts_tablet_manager.cc:1060] T e9ab0e6c66ee4ceb968f7bdeee721e3e P 6f1af300e1d549d6b1cdd8bf3b9aeb9c: Deleting consensus metadata
I0727 05:15:56.957268 20965 tablet_service.cc:672] Processing CreateTablet for tablet 254ba99f2b86400f9a2859093e15cd8c (table=impala::functional_kudu.alltypessmall [id=a668ee1c78464215ae2efc0123ebd3bf]), partition=HASH (id) PARTITION 0
I0727 05:15:56.957268 20967 tablet_service.cc:672] Processing CreateTablet for tablet 6dc8ccedf22d42e19138c2806fc52dd8 (table=impala::functional_kudu.alltypessmall [id=a668ee1c78464215ae2efc0123ebd3bf]), partition=HASH (id) PARTITION 1
I0727 05:15:56.957310 20969 tablet_service.cc:672] Processing CreateTablet for tablet 27a5b15a78254fa1890137a0f3df9276 (table=impala::functional_kudu.alltypessmall [id=a668ee1c78464215ae2efc0123ebd3bf]), partition=HASH (id) PARTITION 2
I0727 05:15:56.957867 20969 ts_tablet_manager.cc:871] T 27a5b15a78254fa1890137a0f3df9276 P 6f1af300e1d549d6b1cdd8bf3b9aeb9c: Registered tablet (data state: TABLET_DATA_READY)
I0727 05:15:56.957885 20965 ts_tablet_manager.cc:871] T 254ba99f2b86400f9a2859093e15cd8c P 6f1af300e1d549d6b1cdd8bf3b9aeb9c: Registered tablet (data state: TABLET_DATA_READY)
I0727 05:15:56.957897 20967 ts_tablet_manager.cc:871] T 6dc8ccedf22d42e19138c2806fc52dd8 P 6f1af300e1d549d6b1cdd8bf3b9aeb9c: Registered tablet (data state: TABLET_DATA_READY)
I0727 05:15:56.958154 111891 ts_tablet_manager.cc:741] T 27a5b15a78254fa1890137a0f3df9276 P 6f1af300e1d549d6b1cdd8bf3b9aeb9c: Bootstrapping tablet
I0727 05:15:56.958175 111891 tablet_bootstrap.cc:406] T 27a5b15a78254fa1890137a0f3df9276 P 6f1af300e1d549d6b1cdd8bf3b9aeb9c: Bootstrap starting.
I0727 05:15:56.958781 111891 tablet_bootstrap.cc:547] T 27a5b15a78254fa1890137a0f3df9276 P 6f1af300e1d549d6b1cdd8bf3b9aeb9c: No blocks or log segments found. Creating new log.
I0727 05:15:56.959172 111891 tablet_bootstrap.cc:406] T 27a5b15a78254fa1890137a0f3df9276 P 6f1af300e1d549d6b1cdd8bf3b9aeb9c: No bootstrap required, opened a new log
I0727 05:15:56.959189 111891 ts_tablet_manager.cc:746] T 27a5b15a78254fa1890137a0f3df9276 P 6f1af300e1d549d6b1cdd8bf3b9aeb9c: Time spent bootstrapping tablet: real 0.001s	user 0.000s	sys 0.000s
I0727 05:15:56.959440 111891 raft_consensus.cc:284] T 27a5b15a78254fa1890137a0f3df9276 P 6f1af300e1d549d6b1cdd8bf3b9aeb9c [term 0 FOLLOWER]: Replica starting. Triggering 0 pending transactions. Active config: opid_index: -1 OBSOLETE_local: false peers { permanent_uuid: "6f1af300e1d549d6b1cdd8bf3b9aeb9c" member_type: VOTER last_known_addr { host: "ip-172-31-12-168" port: 31201 } } peers { permanent_uuid: "3a3c735705964e1badb66c37a66a9096" member_type: VOTER last_known_addr { host: "ip-172-31-12-168" port: 31200 } } peers { permanent_uuid: "b497dbd6bd1a4c998891b00d2493a1bb" member_type: VOTER last_known_addr { host: "ip-172-31-12-168" port: 31202 } }
I0727 05:15:56.959455 111891 raft_consensus.cc:316] T 27a5b15a78254fa1890137a0f3df9276 P 6f1af300e1d549d6b1cdd8bf3b9aeb9c [term 0 FOLLOWER]: Consensus starting up: Expiring failure detector timer to make a prompt election more likely
I0727 05:15:56.959458 111891 raft_consensus.cc:560] T 27a5b15a78254fa1890137a0f3df9276 P 6f1af300e1d549d6b1cdd8bf3b9aeb9c [term 0 FOLLOWER]: Becoming Follower/Learner. State: Replica: 6f1af300e1d549d6b1cdd8bf3b9aeb9c, State: Running, Role: FOLLOWER
I0727 05:15:56.959470 111891 consensus_queue.cc:186] T 27a5b15a78254fa1890137a0f3df9276 P 6f1af300e1d549d6b1cdd8bf3b9aeb9c [NON_LEADER]: Queue going to NON_LEADER mode. State: All replicated index: 0, Majority replicated index: 0, Committed index: 0, Last appended: 0.0, Last appended by leader: 0, Current term: 0, Majority size: -1, State: 1, Mode: NON_LEADER
I0727 05:15:56.959514 111891 ts_tablet_manager.cc:775] T 27a5b15a78254fa1890137a0f3df9276 P 6f1af300e1d549d6b1cdd8bf3b9aeb9c: Time spent starting tablet: real 0.000s	user 0.000s	sys 0.000s
I0727 05:15:56.959527 111891 ts_tablet_manager.cc:741] T 254ba99f2b86400f9a2859093e15cd8c P 6f1af300e1d549d6b1cdd8bf3b9aeb9c: Bootstrapping tablet
I0727 05:15:56.959532 111891 tablet_bootstrap.cc:406] T 254ba99f2b86400f9a2859093e15cd8c P 6f1af300e1d549d6b1cdd8bf3b9aeb9c: Bootstrap starting.
I0727 05:15:56.959650 111891 tablet_bootstrap.cc:547] T 254ba99f2b86400f9a2859093e15cd8c P 6f1af300e1d549d6b1cdd8bf3b9aeb9c: No blocks or log segments found. Creating new log.
I0727 05:15:56.960036 111891 tablet_bootstrap.cc:406] T 254ba99f2b86400f9a2859093e15cd8c P 6f1af300e1d549d6b1cdd8bf3b9aeb9c: No bootstrap required, opened a new log
I0727 05:15:56.960053 111891 ts_tablet_manager.cc:746] T 254ba99f2b86400f9a2859093e15cd8c P 6f1af300e1d549d6b1cdd8bf3b9aeb9c: Time spent bootstrapping tablet: real 0.001s	user 0.000s	sys 0.000s
I0727 05:15:56.960321 111891 raft_consensus.cc:284] T 254ba99f2b86400f9a2859093e15cd8c P 6f1af300e1d549d6b1cdd8bf3b9aeb9c [term 0 FOLLOWER]: Replica starting. Triggering 0 pending transactions. Active config: opid_index: -1 OBSOLETE_local: false peers { permanent_uuid: "6f1af300e1d549d6b1cdd8bf3b9aeb9c" member_type: VOTER last_known_addr { host: "ip-172-31-12-168" port: 31201 } } peers { permanent_uuid: "3a3c735705964e1badb66c37a66a9096" member_type: VOTER last_known_addr { host: "ip-172-31-12-168" port: 31200 } } peers { permanent_uuid: "b497dbd6bd1a4c998891b00d2493a1bb" member_type: VOTER last_known_addr { host: "ip-172-31-12-168" port: 31202 } }
I0727 05:15:56.960335 111891 raft_consensus.cc:316] T 254ba99f2b86400f9a2859093e15cd8c P 6f1af300e1d549d6b1cdd8bf3b9aeb9c [term 0 FOLLOWER]: Consensus starting up: Expiring failure detector timer to make a prompt election more likely
I0727 05:15:56.960338 111891 raft_consensus.cc:560] T 254ba99f2b86400f9a2859093e15cd8c P 6f1af300e1d549d6b1cdd8bf3b9aeb9c [term 0 FOLLOWER]: Becoming Follower/Learner. State: Replica: 6f1af300e1d549d6b1cdd8bf3b9aeb9c, State: Running, Role: FOLLOWER
I0727 05:15:56.960343 111891 consensus_queue.cc:186] T 254ba99f2b86400f9a2859093e15cd8c P 6f1af300e1d549d6b1cdd8bf3b9aeb9c [NON_LEADER]: Queue going to NON_LEADER mode. State: All replicated index: 0, Majority replicated index: 0, Committed index: 0, Last appended: 0.0, Last appended by leader: 0, Current term: 0, Majority size: -1, State: 1, Mode: NON_LEADER
I0727 05:15:56.960379 111891 ts_tablet_manager.cc:775] T 254ba99f2b86400f9a2859093e15cd8c P 6f1af300e1d549d6b1cdd8bf3b9aeb9c: Time spent starting tablet: real 0.000s	user 0.000s	sys 0.000s
I0727 05:15:56.960392 111891 ts_tablet_manager.cc:741] T 6dc8ccedf22d42e19138c2806fc52dd8 P 6f1af300e1d549d6b1cdd8bf3b9aeb9c: Bootstrapping tablet
I0727 05:15:56.960397 111891 tablet_bootstrap.cc:406] T 6dc8ccedf22d42e19138c2806fc52dd8 P 6f1af300e1d549d6b1cdd8bf3b9aeb9c: Bootstrap starting.
I0727 05:15:56.960538 111891 tablet_bootstrap.cc:547] T 6dc8ccedf22d42e19138c2806fc52dd8 P 6f1af300e1d549d6b1cdd8bf3b9aeb9c: No blocks or log segments found. Creating new log.
I0727 05:15:56.960948 111891 tablet_bootstrap.cc:406] T 6dc8ccedf22d42e19138c2806fc52dd8 P 6f1af300e1d549d6b1cdd8bf3b9aeb9c: No bootstrap required, opened a new log
I0727 05:15:56.960964 111891 ts_tablet_manager.cc:746] T 6dc8ccedf22d42e19138c2806fc52dd8 P 6f1af300e1d549d6b1cdd8bf3b9aeb9c: Time spent bootstrapping tablet: real 0.001s	user 0.001s	sys 0.000s
I0727 05:15:56.961215 111891 raft_consensus.cc:284] T 6dc8ccedf22d42e19138c2806fc52dd8 P 6f1af300e1d549d6b1cdd8bf3b9aeb9c [term 0 FOLLOWER]: Replica starting. Triggering 0 pending transactions. Active config: opid_index: -1 OBSOLETE_local: false peers { permanent_uuid: "6f1af300e1d549d6b1cdd8bf3b9aeb9c" member_type: VOTER last_known_addr { host: "ip-172-31-12-168" port: 31201 } } peers { permanent_uuid: "3a3c735705964e1badb66c37a66a9096" member_type: VOTER last_known_addr { host: "ip-172-31-12-168" port: 31200 } } peers { permanent_uuid: "b497dbd6bd1a4c998891b00d2493a1bb" member_type: VOTER last_known_addr { host: "ip-172-31-12-168" port: 31202 } }
I0727 05:15:56.961228 111891 raft_consensus.cc:316] T 6dc8ccedf22d42e19138c2806fc52dd8 P 6f1af300e1d549d6b1cdd8bf3b9aeb9c [term 0 FOLLOWER]: Consensus starting up: Expiring failure detector timer to make a prompt election more likely
I0727 05:15:56.961231 111891 raft_consensus.cc:560] T 6dc8ccedf22d42e19138c2806fc52dd8 P 6f1af300e1d549d6b1cdd8bf3b9aeb9c [term 0 FOLLOWER]: Becoming Follower/Learner. State: Replica: 6f1af300e1d549d6b1cdd8bf3b9aeb9c, State: Running, Role: FOLLOWER
I0727 05:15:56.961237 111891 consensus_queue.cc:186] T 6dc8ccedf22d42e19138c2806fc52dd8 P 6f1af300e1d549d6b1cdd8bf3b9aeb9c [NON_LEADER]: Queue going to NON_LEADER mode. State: All replicated index: 0, Majority replicated index: 0, Committed index: 0, Last appended: 0.0, Last appended by leader: 0, Current term: 0, Majority size: -1, State: 1, Mode: NON_LEADER
I0727 05:15:56.961273 111891 ts_tablet_manager.cc:775] T 6dc8ccedf22d42e19138c2806fc52dd8 P 6f1af300e1d549d6b1cdd8bf3b9aeb9c: Time spent starting tablet: real 0.000s	user 0.000s	sys 0.000s
I0727 05:15:57.270130 21011 raft_consensus.cc:2372] T 254ba99f2b86400f9a2859093e15cd8c P 6f1af300e1d549d6b1cdd8bf3b9aeb9c: Snoozing failure detection for election timeout plus an additional 1.652s
I0727 05:15:57.270148 21011 raft_consensus.cc:1943] T 254ba99f2b86400f9a2859093e15cd8c P 6f1af300e1d549d6b1cdd8bf3b9aeb9c [term 0 FOLLOWER]: Leader pre-election vote request: Granting yes vote for candidate 3a3c735705964e1badb66c37a66a9096 in term 0.
I0727 05:15:57.270793 21011 raft_consensus.cc:2419] T 254ba99f2b86400f9a2859093e15cd8c P 6f1af300e1d549d6b1cdd8bf3b9aeb9c [term 0 FOLLOWER]: Advancing to term 1
I0727 05:15:57.270810 21011 raft_consensus.cc:2372] T 254ba99f2b86400f9a2859093e15cd8c P 6f1af300e1d549d6b1cdd8bf3b9aeb9c: Snoozing failure detection for election timeout plus an additional 1.918s
I0727 05:15:57.271105 21011 raft_consensus.cc:1943] T 254ba99f2b86400f9a2859093e15cd8c P 6f1af300e1d549d6b1cdd8bf3b9aeb9c [term 1 FOLLOWER]: Leader election vote request: Granting yes vote for candidate 3a3c735705964e1badb66c37a66a9096 in term 1.
I0727 05:15:57.437391 111898 raft_consensus.cc:411] T 27a5b15a78254fa1890137a0f3df9276 P 6f1af300e1d549d6b1cdd8bf3b9aeb9c [term 0 FOLLOWER]: Starting pre-election (no leader contacted us within the election timeout)
I0727 05:15:57.437407 111898 raft_consensus.cc:2372] T 27a5b15a78254fa1890137a0f3df9276 P 6f1af300e1d549d6b1cdd8bf3b9aeb9c: Snoozing failure detection for election timeout plus an additional 1.687s
I0727 05:15:57.437430 111898 raft_consensus.cc:435] T 27a5b15a78254fa1890137a0f3df9276 P 6f1af300e1d549d6b1cdd8bf3b9aeb9c [term 0 FOLLOWER]: Starting pre-election with config: opid_index: -1 OBSOLETE_local: false peers { permanent_uuid: "6f1af300e1d549d6b1cdd8bf3b9aeb9c" member_type: VOTER last_known_addr { host: "ip-172-31-12-168" port: 31201 } } peers { permanent_uuid: "3a3c735705964e1badb66c37a66a9096" member_type: VOTER last_known_addr { host: "ip-172-31-12-168" port: 31200 } } peers { permanent_uuid: "b497dbd6bd1a4c998891b00d2493a1bb" member_type: VOTER last_known_addr { host: "ip-172-31-12-168" port: 31202 } }
I0727 05:15:57.437587 111898 leader_election.cc:217] T 27a5b15a78254fa1890137a0f3df9276 P 6f1af300e1d549d6b1cdd8bf3b9aeb9c [CANDIDATE]: Term 1 pre-election: Requesting pre-vote from peer 3a3c735705964e1badb66c37a66a9096
I0727 05:15:57.437610 111898 leader_election.cc:217] T 27a5b15a78254fa1890137a0f3df9276 P 6f1af300e1d549d6b1cdd8bf3b9aeb9c [CANDIDATE]: Term 1 pre-election: Requesting pre-vote from peer b497dbd6bd1a4c998891b00d2493a1bb
I0727 05:15:57.437737 20833 leader_election.cc:349] T 27a5b15a78254fa1890137a0f3df9276 P 6f1af300e1d549d6b1cdd8bf3b9aeb9c [CANDIDATE]: Term 1 pre-election: Vote granted by peer 3a3c735705964e1badb66c37a66a9096
I0727 05:15:57.437748 20833 leader_election.cc:244] T 27a5b15a78254fa1890137a0f3df9276 P 6f1af300e1d549d6b1cdd8bf3b9aeb9c [CANDIDATE]: Term 1 pre-election: Election decided. Result: candidate won.
I0727 05:15:57.437757 20829 leader_election.cc:349] T 27a5b15a78254fa1890137a0f3df9276 P 6f1af300e1d549d6b1cdd8bf3b9aeb9c [CANDIDATE]: Term 1 pre-election: Vote granted by peer b497dbd6bd1a4c998891b00d2493a1bb
I0727 05:15:57.437774 50009 raft_consensus.cc:2372] T 27a5b15a78254fa1890137a0f3df9276 P 6f1af300e1d549d6b1cdd8bf3b9aeb9c: Snoozing failure detection for election timeout plus an additional 1.738s
I0727 05:15:57.437786 50009 raft_consensus.cc:2176] T 27a5b15a78254fa1890137a0f3df9276 P 6f1af300e1d549d6b1cdd8bf3b9aeb9c [term 0 FOLLOWER]: Leader pre-election won for term 1
I0727 05:15:57.437789 50009 raft_consensus.cc:411] T 27a5b15a78254fa1890137a0f3df9276 P 6f1af300e1d549d6b1cdd8bf3b9aeb9c [term 0 FOLLOWER]: Starting leader election (no leader contacted us within the election timeout)
I0727 05:15:57.437793 50009 raft_consensus.cc:2372] T 27a5b15a78254fa1890137a0f3df9276 P 6f1af300e1d549d6b1cdd8bf3b9aeb9c: Snoozing failure detection for election timeout plus an additional 1.570s
I0727 05:15:57.437794 50009 raft_consensus.cc:2419] T 27a5b15a78254fa1890137a0f3df9276 P 6f1af300e1d549d6b1cdd8bf3b9aeb9c [term 0 FOLLOWER]: Advancing to term 1
I0727 05:15:57.438081 50009 raft_consensus.cc:435] T 27a5b15a78254fa1890137a0f3df9276 P 6f1af300e1d549d6b1cdd8bf3b9aeb9c [term 1 FOLLOWER]: Starting leader election with config: opid_index: -1 OBSOLETE_local: false peers { permanent_uuid: "6f1af300e1d549d6b1cdd8bf3b9aeb9c" member_type: VOTER last_known_addr { host: "ip-172-31-12-168" port: 31201 } } peers { permanent_uuid: "3a3c735705964e1badb66c37a66a9096" member_type: VOTER last_known_addr { host: "ip-172-31-12-168" port: 31200 } } peers { permanent_uuid: "b497dbd6bd1a4c998891b00d2493a1bb" member_type: VOTER last_known_addr { host: "ip-172-31-12-168" port: 31202 } }
I0727 05:15:57.438208 50009 leader_election.cc:217] T 27a5b15a78254fa1890137a0f3df9276 P 6f1af300e1d549d6b1cdd8bf3b9aeb9c [CANDIDATE]: Term 1 election: Requesting vote from peer 3a3c735705964e1badb66c37a66a9096
I0727 05:15:57.438228 50009 leader_election.cc:217] T 27a5b15a78254fa1890137a0f3df9276 P 6f1af300e1d549d6b1cdd8bf3b9aeb9c [CANDIDATE]: Term 1 election: Requesting vote from peer b497dbd6bd1a4c998891b00d2493a1bb
I0727 05:15:57.438580 20829 leader_election.cc:349] T 27a5b15a78254fa1890137a0f3df9276 P 6f1af300e1d549d6b1cdd8bf3b9aeb9c [CANDIDATE]: Term 1 election: Vote granted by peer b497dbd6bd1a4c998891b00d2493a1bb
I0727 05:15:57.438591 20829 leader_election.cc:244] T 27a5b15a78254fa1890137a0f3df9276 P 6f1af300e1d549d6b1cdd8bf3b9aeb9c [CANDIDATE]: Term 1 election: Election decided. Result: candidate won.
I0727 05:15:57.438612 20833 leader_election.cc:349] T 27a5b15a78254fa1890137a0f3df9276 P 6f1af300e1d549d6b1cdd8bf3b9aeb9c [CANDIDATE]: Term 1 election: Vote granted by peer 3a3c735705964e1badb66c37a66a9096
I0727 05:15:57.438618 50051 raft_consensus.cc:2372] T 27a5b15a78254fa1890137a0f3df9276 P 6f1af300e1d549d6b1cdd8bf3b9aeb9c: Snoozing failure detection for election timeout plus an additional 1.961s
I0727 05:15:57.438627 50051 raft_consensus.cc:2176] T 27a5b15a78254fa1890137a0f3df9276 P 6f1af300e1d549d6b1cdd8bf3b9aeb9c [term 1 FOLLOWER]: Leader election won for term 1
I0727 05:15:57.438645 50051 raft_consensus.cc:528] T 27a5b15a78254fa1890137a0f3df9276 P 6f1af300e1d549d6b1cdd8bf3b9aeb9c [term 1 LEADER]: Becoming Leader. State: Replica: 6f1af300e1d549d6b1cdd8bf3b9aeb9c, State: Running, Role: LEADER
I0727 05:15:57.438671 50051 consensus_queue.cc:165] T 27a5b15a78254fa1890137a0f3df9276 P 6f1af300e1d549d6b1cdd8bf3b9aeb9c [LEADER]: Queue going to LEADER mode. State: All replicated index: 0, Majority replicated index: 0, Committed index: 0, Last appended: 0.0, Last appended by leader: 0, Current term: 1, Majority size: 2, State: 1, Mode: LEADER, active raft config: opid_index: -1 OBSOLETE_local: false peers { permanent_uuid: "6f1af300e1d549d6b1cdd8bf3b9aeb9c" member_type: VOTER last_known_addr { host: "ip-172-31-12-168" port: 31201 } } peers { permanent_uuid: "3a3c735705964e1badb66c37a66a9096" member_type: VOTER last_known_addr { host: "ip-172-31-12-168" port: 31200 } } peers { permanent_uuid: "b497dbd6bd1a4c998891b00d2493a1bb" member_type: VOTER last_known_addr { host: "ip-172-31-12-168" port: 31202 } }
I0727 05:15:57.510171 111911 raft_consensus.cc:411] T 6dc8ccedf22d42e19138c2806fc52dd8 P 6f1af300e1d549d6b1cdd8bf3b9aeb9c [term 0 FOLLOWER]: Starting pre-election (no leader contacted us within the election timeout)
I0727 05:15:57.510191 111911 raft_consensus.cc:2372] T 6dc8ccedf22d42e19138c2806fc52dd8 P 6f1af300e1d549d6b1cdd8bf3b9aeb9c: Snoozing failure detection for election timeout plus an additional 1.909s
I0727 05:15:57.510215 111911 raft_consensus.cc:435] T 6dc8ccedf22d42e19138c2806fc52dd8 P 6f1af300e1d549d6b1cdd8bf3b9aeb9c [term 0 FOLLOWER]: Starting pre-election with config: opid_index: -1 OBSOLETE_local: false peers { permanent_uuid: "6f1af300e1d549d6b1cdd8bf3b9aeb9c" member_type: VOTER last_known_addr { host: "ip-172-31-12-168" port: 31201 } } peers { permanent_uuid: "3a3c735705964e1badb66c37a66a9096" member_type: VOTER last_known_addr { host: "ip-172-31-12-168" port: 31200 } } peers { permanent_uuid: "b497dbd6bd1a4c998891b00d2493a1bb" member_type: VOTER last_known_addr { host: "ip-172-31-12-168" port: 31202 } }
I0727 05:15:57.510337 111911 leader_election.cc:217] T 6dc8ccedf22d42e19138c2806fc52dd8 P 6f1af300e1d549d6b1cdd8bf3b9aeb9c [CANDIDATE]: Term 1 pre-election: Requesting pre-vote from peer 3a3c735705964e1badb66c37a66a9096
I0727 05:15:57.510357 111911 leader_election.cc:217] T 6dc8ccedf22d42e19138c2806fc52dd8 P 6f1af300e1d549d6b1cdd8bf3b9aeb9c [CANDIDATE]: Term 1 pre-election: Requesting pre-vote from peer b497dbd6bd1a4c998891b00d2493a1bb
I0727 05:15:57.510506 20829 leader_election.cc:349] T 6dc8ccedf22d42e19138c2806fc52dd8 P 6f1af300e1d549d6b1cdd8bf3b9aeb9c [CANDIDATE]: Term 1 pre-election: Vote granted by peer b497dbd6bd1a4c998891b00d2493a1bb
I0727 05:15:57.510521 20829 leader_election.cc:244] T 6dc8ccedf22d42e19138c2806fc52dd8 P 6f1af300e1d549d6b1cdd8bf3b9aeb9c [CANDIDATE]: Term 1 pre-election: Election decided. Result: candidate won.
I0727 05:15:57.510529 20833 leader_election.cc:349] T 6dc8ccedf22d42e19138c2806fc52dd8 P 6f1af300e1d549d6b1cdd8bf3b9aeb9c [CANDIDATE]: Term 1 pre-election: Vote granted by peer 3a3c735705964e1badb66c37a66a9096
I0727 05:15:57.510540 50038 raft_consensus.cc:2372] T 6dc8ccedf22d42e19138c2806fc52dd8 P 6f1af300e1d549d6b1cdd8bf3b9aeb9c: Snoozing failure detection for election timeout plus an additional 1.705s
I0727 05:15:57.510548 50038 raft_consensus.cc:2176] T 6dc8ccedf22d42e19138c2806fc52dd8 P 6f1af300e1d549d6b1cdd8bf3b9aeb9c [term 0 FOLLOWER]: Leader pre-election won for term 1
I0727 05:15:57.510555 50038 raft_consensus.cc:411] T 6dc8ccedf22d42e19138c2806fc52dd8 P 6f1af300e1d549d6b1cdd8bf3b9aeb9c [term 0 FOLLOWER]: Starting leader election (no leader contacted us within the election timeout)
I0727 05:15:57.510560 50038 raft_consensus.cc:2372] T 6dc8ccedf22d42e19138c2806fc52dd8 P 6f1af300e1d549d6b1cdd8bf3b9aeb9c: Snoozing failure detection for election timeout plus an additional 2.128s
I0727 05:15:57.510561 50038 raft_consensus.cc:2419] T 6dc8ccedf22d42e19138c2806fc52dd8 P 6f1af300e1d549d6b1cdd8bf3b9aeb9c [term 0 FOLLOWER]: Advancing to term 1
I0727 05:15:57.510843 50038 raft_consensus.cc:435] T 6dc8ccedf22d42e19138c2806fc52dd8 P 6f1af300e1d549d6b1cdd8bf3b9aeb9c [term 1 FOLLOWER]: Starting leader election with config: opid_index: -1 OBSOLETE_local: false peers { permanent_uuid: "6f1af300e1d549d6b1cdd8bf3b9aeb9c" member_type: VOTER last_known_addr { host: "ip-172-31-12-168" port: 31201 } } peers { permanent_uuid: "3a3c735705964e1badb66c37a66a9096" member_type: VOTER last_known_addr { host: "ip-172-31-12-168" port: 31200 } } peers { permanent_uuid: "b497dbd6bd1a4c998891b00d2493a1bb" member_type: VOTER last_known_addr { host: "ip-172-31-12-168" port: 31202 } }
I0727 05:15:57.510952 50038 leader_election.cc:217] T 6dc8ccedf22d42e19138c2806fc52dd8 P 6f1af300e1d549d6b1cdd8bf3b9aeb9c [CANDIDATE]: Term 1 election: Requesting vote from peer 3a3c735705964e1badb66c37a66a9096
I0727 05:15:57.510972 50038 leader_election.cc:217] T 6dc8ccedf22d42e19138c2806fc52dd8 P 6f1af300e1d549d6b1cdd8bf3b9aeb9c [CANDIDATE]: Term 1 election: Requesting vote from peer b497dbd6bd1a4c998891b00d2493a1bb
I0727 05:15:57.511456 20829 leader_election.cc:349] T 6dc8ccedf22d42e19138c2806fc52dd8 P 6f1af300e1d549d6b1cdd8bf3b9aeb9c [CANDIDATE]: Term 1 election: Vote granted by peer b497dbd6bd1a4c998891b00d2493a1bb
I0727 05:15:57.511466 20829 leader_election.cc:244] T 6dc8ccedf22d42e19138c2806fc52dd8 P 6f1af300e1d549d6b1cdd8bf3b9aeb9c [CANDIDATE]: Term 1 election: Election decided. Result: candidate won.
I0727 05:15:57.511495 50009 raft_consensus.cc:2372] T 6dc8ccedf22d42e19138c2806fc52dd8 P 6f1af300e1d549d6b1cdd8bf3b9aeb9c: Snoozing failure detection for election timeout plus an additional 2.225s
I0727 05:15:57.511498 20833 leader_election.cc:349] T 6dc8ccedf22d42e19138c2806fc52dd8 P 6f1af300e1d549d6b1cdd8bf3b9aeb9c [CANDIDATE]: Term 1 election: Vote granted by peer 3a3c735705964e1badb66c37a66a9096
I0727 05:15:57.511514 50009 raft_consensus.cc:2176] T 6dc8ccedf22d42e19138c2806fc52dd8 P 6f1af300e1d549d6b1cdd8bf3b9aeb9c [term 1 FOLLOWER]: Leader election won for term 1
I0727 05:15:57.511526 50009 raft_consensus.cc:528] T 6dc8ccedf22d42e19138c2806fc52dd8 P 6f1af300e1d549d6b1cdd8bf3b9aeb9c [term 1 LEADER]: Becoming Leader. State: Replica: 6f1af300e1d549d6b1cdd8bf3b9aeb9c, State: Running, Role: LEADER
I0727 05:15:57.511549 50009 consensus_queue.cc:165] T 6dc8ccedf22d42e19138c2806fc52dd8 P 6f1af300e1d549d6b1cdd8bf3b9aeb9c [LEADER]: Queue going to LEADER mode. State: All replicated index: 0, Majority replicated index: 0, Committed index: 0, Last appended: 0.0, Last appended by leader: 0, Current term: 1, Majority size: 2, State: 1, Mode: LEADER, active raft config: opid_index: -1 OBSOLETE_local: false peers { permanent_uuid: "6f1af300e1d549d6b1cdd8bf3b9aeb9c" member_type: VOTER last_known_addr { host: "ip-172-31-12-168" port: 31201 } } peers { permanent_uuid: "3a3c735705964e1badb66c37a66a9096" member_type: VOTER last_known_addr { host: "ip-172-31-12-168" port: 31200 } } peers { permanent_uuid: "b497dbd6bd1a4c998891b00d2493a1bb" member_type: VOTER last_known_addr { host: "ip-172-31-12-168" port: 31202 } }
I0727 05:15:57.582276 21010 raft_consensus.cc:944] T 254ba99f2b86400f9a2859093e15cd8c P 6f1af300e1d549d6b1cdd8bf3b9aeb9c [term 1 FOLLOWER]: Refusing update from remote peer 3a3c735705964e1badb66c37a66a9096: Log matching property violated. Preceding OpId in replica: term: 0 index: 0. Preceding OpId from leader: term: 1 index: 1. (index mismatch)
I0727 05:15:57.711171 50009 consensus_queue.cc:722] T 27a5b15a78254fa1890137a0f3df9276 P 6f1af300e1d549d6b1cdd8bf3b9aeb9c [LEADER]: Connected to new peer: Peer: b497dbd6bd1a4c998891b00d2493a1bb, Is new: false, Last received: 0.0, Next index: 1, Last known committed idx: 0, Last exchange result: ERROR, Needs tablet copy: false
I0727 05:15:57.711935 50038 consensus_queue.cc:722] T 27a5b15a78254fa1890137a0f3df9276 P 6f1af300e1d549d6b1cdd8bf3b9aeb9c [LEADER]: Connected to new peer: Peer: 3a3c735705964e1badb66c37a66a9096, Is new: false, Last received: 0.0, Next index: 1, Last known committed idx: 0, Last exchange result: ERROR, Needs tablet copy: false
I0727 05:15:57.836261 52237 consensus_queue.cc:722] T 6dc8ccedf22d42e19138c2806fc52dd8 P 6f1af300e1d549d6b1cdd8bf3b9aeb9c [LEADER]: Connected to new peer: Peer: b497dbd6bd1a4c998891b00d2493a1bb, Is new: false, Last received: 0.0, Next index: 1, Last known committed idx: 0, Last exchange result: ERROR, Needs tablet copy: false
I0727 05:15:57.837047 50051 consensus_queue.cc:722] T 6dc8ccedf22d42e19138c2806fc52dd8 P 6f1af300e1d549d6b1cdd8bf3b9aeb9c [LEADER]: Connected to new peer: Peer: 3a3c735705964e1badb66c37a66a9096, Is new: false, Last received: 0.0, Next index: 1, Last known committed idx: 0, Last exchange result: ERROR, Needs tablet copy: false
I0727 05:16:04.832922 20967 tablet_service.cc:713] Processing DeleteTablet for tablet 094cb9f6644d409b97ef2198d461b7f6 with delete_type TABLET_DATA_DELETED (Table deleted at 2017-07-27 05:16:04 UTC) from {username='ubuntu'} at 127.0.0.1:51271
I0727 05:16:04.832945 20967 tablet_replica.cc:225] Initiating TabletReplica shutdown for tablet: 094cb9f6644d409b97ef2198d461b7f6
I0727 05:16:04.832954 20967 maintenance_manager.cc:206] P 6f1af300e1d549d6b1cdd8bf3b9aeb9c: Unregistered op CompactRowSetsOp(094cb9f6644d409b97ef2198d461b7f6)
I0727 05:16:04.832962 20967 maintenance_manager.cc:206] P 6f1af300e1d549d6b1cdd8bf3b9aeb9c: Unregistered op MinorDeltaCompactionOp(094cb9f6644d409b97ef2198d461b7f6)
I0727 05:16:04.832976 20967 maintenance_manager.cc:206] P 6f1af300e1d549d6b1cdd8bf3b9aeb9c: Unregistered op MajorDeltaCompactionOp(094cb9f6644d409b97ef2198d461b7f6)
I0727 05:16:04.832983 20967 maintenance_manager.cc:206] P 6f1af300e1d549d6b1cdd8bf3b9aeb9c: Unregistered op UndoDeltaBlockGCOp(094cb9f6644d409b97ef2198d461b7f6)
I0727 05:16:04.832995 20967 maintenance_manager.cc:206] P 6f1af300e1d549d6b1cdd8bf3b9aeb9c: Unregistered op FlushMRSOp(094cb9f6644d409b97ef2198d461b7f6)
I0727 05:16:04.833000 20967 maintenance_manager.cc:206] P 6f1af300e1d549d6b1cdd8bf3b9aeb9c: Unregistered op FlushDeltaMemStoresOp(094cb9f6644d409b97ef2198d461b7f6)
I0727 05:16:04.833004 20967 maintenance_manager.cc:206] P 6f1af300e1d549d6b1cdd8bf3b9aeb9c: Unregistered op LogGCOp(094cb9f6644d409b97ef2198d461b7f6)
I0727 05:16:04.833014 20967 raft_consensus.cc:1763] T 094cb9f6644d409b97ef2198d461b7f6 P 6f1af300e1d549d6b1cdd8bf3b9aeb9c [term 1 FOLLOWER]: Raft consensus shutting down.
I0727 05:16:04.833024 20967 raft_consensus.cc:1778] T 094cb9f6644d409b97ef2198d461b7f6 P 6f1af300e1d549d6b1cdd8bf3b9aeb9c [term 1 FOLLOWER]: Raft consensus is shut down!
I0727 05:16:04.833185 20965 tablet_service.cc:713] Processing DeleteTablet for tablet c51d534b33b647f5912d7fed8db5089c with delete_type TABLET_DATA_DELETED (Table deleted at 2017-07-27 05:16:04 UTC) from {username='ubuntu'} at 127.0.0.1:51271
I0727 05:16:04.833205 20965 tablet_replica.cc:225] Initiating TabletReplica shutdown for tablet: c51d534b33b647f5912d7fed8db5089c
I0727 05:16:04.833204 20969 tablet_service.cc:713] Processing DeleteTablet for tablet aec4a02f0cc84b6c9c25787969b67568 with delete_type TABLET_DATA_DELETED (Table deleted at 2017-07-27 05:16:04 UTC) from {username='ubuntu'} at 127.0.0.1:51271
I0727 05:16:04.833212 20965 maintenance_manager.cc:206] P 6f1af300e1d549d6b1cdd8bf3b9aeb9c: Unregistered op CompactRowSetsOp(c51d534b33b647f5912d7fed8db5089c)
I0727 05:16:04.833221 20965 maintenance_manager.cc:206] P 6f1af300e1d549d6b1cdd8bf3b9aeb9c: Unregistered op MinorDeltaCompactionOp(c51d534b33b647f5912d7fed8db5089c)
I0727 05:16:04.833214 20969 tablet_replica.cc:225] Initiating TabletReplica shutdown for tablet: aec4a02f0cc84b6c9c25787969b67568
I0727 05:16:04.833237 20969 maintenance_manager.cc:206] P 6f1af300e1d549d6b1cdd8bf3b9aeb9c: Unregistered op CompactRowSetsOp(aec4a02f0cc84b6c9c25787969b67568)
I0727 05:16:04.833250 20969 maintenance_manager.cc:206] P 6f1af300e1d549d6b1cdd8bf3b9aeb9c: Unregistered op MinorDeltaCompactionOp(aec4a02f0cc84b6c9c25787969b67568)
I0727 05:16:04.833261 20969 maintenance_manager.cc:206] P 6f1af300e1d549d6b1cdd8bf3b9aeb9c: Unregistered op MajorDeltaCompactionOp(aec4a02f0cc84b6c9c25787969b67568)
I0727 05:16:04.833264 20969 maintenance_manager.cc:206] P 6f1af300e1d549d6b1cdd8bf3b9aeb9c: Unregistered op UndoDeltaBlockGCOp(aec4a02f0cc84b6c9c25787969b67568)
I0727 05:16:04.833225 20965 maintenance_manager.cc:206] P 6f1af300e1d549d6b1cdd8bf3b9aeb9c: Unregistered op MajorDeltaCompactionOp(c51d534b33b647f5912d7fed8db5089c)
I0727 05:16:04.833288 20965 maintenance_manager.cc:206] P 6f1af300e1d549d6b1cdd8bf3b9aeb9c: Unregistered op UndoDeltaBlockGCOp(c51d534b33b647f5912d7fed8db5089c)
I0727 05:16:04.833308 20967 ts_tablet_manager.cc:1030] T 094cb9f6644d409b97ef2198d461b7f6 P 6f1af300e1d549d6b1cdd8bf3b9aeb9c: Deleting tablet data with delete state TABLET_DATA_DELETED
I0727 05:16:04.833269 20969 maintenance_manager.cc:206] P 6f1af300e1d549d6b1cdd8bf3b9aeb9c: Unregistered op FlushMRSOp(aec4a02f0cc84b6c9c25787969b67568)
I0727 05:16:04.833358 20969 maintenance_manager.cc:206] P 6f1af300e1d549d6b1cdd8bf3b9aeb9c: Unregistered op FlushDeltaMemStoresOp(aec4a02f0cc84b6c9c25787969b67568)
I0727 05:16:04.833317 20965 maintenance_manager.cc:206] P 6f1af300e1d549d6b1cdd8bf3b9aeb9c: Unregistered op FlushMRSOp(c51d534b33b647f5912d7fed8db5089c)
I0727 05:16:04.833374 20965 maintenance_manager.cc:206] P 6f1af300e1d549d6b1cdd8bf3b9aeb9c: Unregistered op FlushDeltaMemStoresOp(c51d534b33b647f5912d7fed8db5089c)
I0727 05:16:04.833364 20969 maintenance_manager.cc:206] P 6f1af300e1d549d6b1cdd8bf3b9aeb9c: Unregistered op LogGCOp(aec4a02f0cc84b6c9c25787969b67568)
I0727 05:16:04.833382 20965 maintenance_manager.cc:206] P 6f1af300e1d549d6b1cdd8bf3b9aeb9c: Unregistered op LogGCOp(c51d534b33b647f5912d7fed8db5089c)
I0727 05:16:04.833386 20969 raft_consensus.cc:1763] T aec4a02f0cc84b6c9c25787969b67568 P 6f1af300e1d549d6b1cdd8bf3b9aeb9c [term 1 FOLLOWER]: Raft consensus shutting down.
I0727 05:16:04.833397 20969 raft_consensus.cc:1778] T aec4a02f0cc84b6c9c25787969b67568 P 6f1af300e1d549d6b1cdd8bf3b9aeb9c [term 1 FOLLOWER]: Raft consensus is shut down!
I0727 05:16:04.833389 20965 raft_consensus.cc:1763] T c51d534b33b647f5912d7fed8db5089c P 6f1af300e1d549d6b1cdd8bf3b9aeb9c [term 1 LEADER]: Raft consensus shutting down.
I0727 05:16:04.833408 20965 consensus_peers.cc:400] T c51d534b33b647f5912d7fed8db5089c P 6f1af300e1d549d6b1cdd8bf3b9aeb9c -> Peer 3a3c735705964e1badb66c37a66a9096 (ip-172-31-12-168:31200): Closing peer: 3a3c735705964e1badb66c37a66a9096
I0727 05:16:04.833425 20965 consensus_peers.cc:400] T c51d534b33b647f5912d7fed8db5089c P 6f1af300e1d549d6b1cdd8bf3b9aeb9c -> Peer b497dbd6bd1a4c998891b00d2493a1bb (ip-172-31-12-168:31202): Closing peer: b497dbd6bd1a4c998891b00d2493a1bb
I0727 05:16:04.833439 20965 raft_consensus.cc:1778] T c51d534b33b647f5912d7fed8db5089c P 6f1af300e1d549d6b1cdd8bf3b9aeb9c [term 1 LEADER]: Raft consensus is shut down!
I0727 05:16:04.833590 20969 ts_tablet_manager.cc:1030] T aec4a02f0cc84b6c9c25787969b67568 P 6f1af300e1d549d6b1cdd8bf3b9aeb9c: Deleting tablet data with delete state TABLET_DATA_DELETED
I0727 05:16:04.833638 20965 ts_tablet_manager.cc:1030] T c51d534b33b647f5912d7fed8db5089c P 6f1af300e1d549d6b1cdd8bf3b9aeb9c: Deleting tablet data with delete state TABLET_DATA_DELETED
I0727 05:16:04.841158 20967 ts_tablet_manager.cc:1042] T 094cb9f6644d409b97ef2198d461b7f6 P 6f1af300e1d549d6b1cdd8bf3b9aeb9c: Tablet deleted. Last logged OpId: 1.2
I0727 05:16:04.841176 20967 log.cc:974] T 094cb9f6644d409b97ef2198d461b7f6 P 6f1af300e1d549d6b1cdd8bf3b9aeb9c: Deleting WAL directory at /home/ubuntu/Impala/testdata/cluster/cdh5/node-2/var/lib/kudu/ts/wal/wals/094cb9f6644d409b97ef2198d461b7f6
I0727 05:16:04.841256 20967 ts_tablet_manager.cc:1060] T 094cb9f6644d409b97ef2198d461b7f6 P 6f1af300e1d549d6b1cdd8bf3b9aeb9c: Deleting consensus metadata
I0727 05:16:04.841428 20969 ts_tablet_manager.cc:1042] T aec4a02f0cc84b6c9c25787969b67568 P 6f1af300e1d549d6b1cdd8bf3b9aeb9c: Tablet deleted. Last logged OpId: 1.2
I0727 05:16:04.841449 20969 log.cc:974] T aec4a02f0cc84b6c9c25787969b67568 P 6f1af300e1d549d6b1cdd8bf3b9aeb9c: Deleting WAL directory at /home/ubuntu/Impala/testdata/cluster/cdh5/node-2/var/lib/kudu/ts/wal/wals/aec4a02f0cc84b6c9c25787969b67568
I0727 05:16:04.841553 20969 ts_tablet_manager.cc:1060] T aec4a02f0cc84b6c9c25787969b67568 P 6f1af300e1d549d6b1cdd8bf3b9aeb9c: Deleting consensus metadata
I0727 05:16:04.841655 20965 ts_tablet_manager.cc:1042] T c51d534b33b647f5912d7fed8db5089c P 6f1af300e1d549d6b1cdd8bf3b9aeb9c: Tablet deleted. Last logged OpId: 1.2
I0727 05:16:04.841673 20965 log.cc:974] T c51d534b33b647f5912d7fed8db5089c P 6f1af300e1d549d6b1cdd8bf3b9aeb9c: Deleting WAL directory at /home/ubuntu/Impala/testdata/cluster/cdh5/node-2/var/lib/kudu/ts/wal/wals/c51d534b33b647f5912d7fed8db5089c
I0727 05:16:04.841737 20965 ts_tablet_manager.cc:1060] T c51d534b33b647f5912d7fed8db5089c P 6f1af300e1d549d6b1cdd8bf3b9aeb9c: Deleting consensus metadata
I0727 05:16:04.962488 20965 tablet_service.cc:672] Processing CreateTablet for tablet 540acbc9d1834865b5e3aaa467f58206 (table=impala::functional_kudu.alltypestiny [id=f72a7c9011c3403580295d7df8dcf857]), partition=HASH (id) PARTITION 0
I0727 05:16:04.962494 20969 tablet_service.cc:672] Processing CreateTablet for tablet 07f356b7460d4263bb413f8f78309f43 (table=impala::functional_kudu.alltypestiny [id=f72a7c9011c3403580295d7df8dcf857]), partition=HASH (id) PARTITION 1
I0727 05:16:04.962586 20967 tablet_service.cc:672] Processing CreateTablet for tablet 933789af856747f2b080179091890956 (table=impala::functional_kudu.alltypestiny [id=f72a7c9011c3403580295d7df8dcf857]), partition=HASH (id) PARTITION 2
I0727 05:16:04.963069 20969 ts_tablet_manager.cc:871] T 07f356b7460d4263bb413f8f78309f43 P 6f1af300e1d549d6b1cdd8bf3b9aeb9c: Registered tablet (data state: TABLET_DATA_READY)
I0727 05:16:04.963086 20965 ts_tablet_manager.cc:871] T 540acbc9d1834865b5e3aaa467f58206 P 6f1af300e1d549d6b1cdd8bf3b9aeb9c: Registered tablet (data state: TABLET_DATA_READY)
I0727 05:16:04.963323 111933 ts_tablet_manager.cc:741] T 07f356b7460d4263bb413f8f78309f43 P 6f1af300e1d549d6b1cdd8bf3b9aeb9c: Bootstrapping tablet
I0727 05:16:04.963332 20967 ts_tablet_manager.cc:871] T 933789af856747f2b080179091890956 P 6f1af300e1d549d6b1cdd8bf3b9aeb9c: Registered tablet (data state: TABLET_DATA_READY)
I0727 05:16:04.963343 111933 tablet_bootstrap.cc:406] T 07f356b7460d4263bb413f8f78309f43 P 6f1af300e1d549d6b1cdd8bf3b9aeb9c: Bootstrap starting.
I0727 05:16:04.963480 111933 tablet_bootstrap.cc:547] T 07f356b7460d4263bb413f8f78309f43 P 6f1af300e1d549d6b1cdd8bf3b9aeb9c: No blocks or log segments found. Creating new log.
I0727 05:16:04.963857 111933 tablet_bootstrap.cc:406] T 07f356b7460d4263bb413f8f78309f43 P 6f1af300e1d549d6b1cdd8bf3b9aeb9c: No bootstrap required, opened a new log
I0727 05:16:04.963876 111933 ts_tablet_manager.cc:746] T 07f356b7460d4263bb413f8f78309f43 P 6f1af300e1d549d6b1cdd8bf3b9aeb9c: Time spent bootstrapping tablet: real 0.001s	user 0.000s	sys 0.000s
I0727 05:16:04.964131 111933 raft_consensus.cc:284] T 07f356b7460d4263bb413f8f78309f43 P 6f1af300e1d549d6b1cdd8bf3b9aeb9c [term 0 FOLLOWER]: Replica starting. Triggering 0 pending transactions. Active config: opid_index: -1 OBSOLETE_local: false peers { permanent_uuid: "3a3c735705964e1badb66c37a66a9096" member_type: VOTER last_known_addr { host: "ip-172-31-12-168" port: 31200 } } peers { permanent_uuid: "b497dbd6bd1a4c998891b00d2493a1bb" member_type: VOTER last_known_addr { host: "ip-172-31-12-168" port: 31202 } } peers { permanent_uuid: "6f1af300e1d549d6b1cdd8bf3b9aeb9c" member_type: VOTER last_known_addr { host: "ip-172-31-12-168" port: 31201 } }
I0727 05:16:04.964145 111933 raft_consensus.cc:316] T 07f356b7460d4263bb413f8f78309f43 P 6f1af300e1d549d6b1cdd8bf3b9aeb9c [term 0 FOLLOWER]: Consensus starting up: Expiring failure detector timer to make a prompt election more likely
I0727 05:16:04.964148 111933 raft_consensus.cc:560] T 07f356b7460d4263bb413f8f78309f43 P 6f1af300e1d549d6b1cdd8bf3b9aeb9c [term 0 FOLLOWER]: Becoming Follower/Learner. State: Replica: 6f1af300e1d549d6b1cdd8bf3b9aeb9c, State: Running, Role: FOLLOWER
I0727 05:16:04.964155 111933 consensus_queue.cc:186] T 07f356b7460d4263bb413f8f78309f43 P 6f1af300e1d549d6b1cdd8bf3b9aeb9c [NON_LEADER]: Queue going to NON_LEADER mode. State: All replicated index: 0, Majority replicated index: 0, Committed index: 0, Last appended: 0.0, Last appended by leader: 0, Current term: 0, Majority size: -1, State: 1, Mode: NON_LEADER
I0727 05:16:04.964206 111933 ts_tablet_manager.cc:775] T 07f356b7460d4263bb413f8f78309f43 P 6f1af300e1d549d6b1cdd8bf3b9aeb9c: Time spent starting tablet: real 0.000s	user 0.000s	sys 0.000s
I0727 05:16:04.964222 111933 ts_tablet_manager.cc:741] T 540acbc9d1834865b5e3aaa467f58206 P 6f1af300e1d549d6b1cdd8bf3b9aeb9c: Bootstrapping tablet
I0727 05:16:04.964227 111933 tablet_bootstrap.cc:406] T 540acbc9d1834865b5e3aaa467f58206 P 6f1af300e1d549d6b1cdd8bf3b9aeb9c: Bootstrap starting.
I0727 05:16:04.964329 111933 tablet_bootstrap.cc:547] T 540acbc9d1834865b5e3aaa467f58206 P 6f1af300e1d549d6b1cdd8bf3b9aeb9c: No blocks or log segments found. Creating new log.
I0727 05:16:04.964695 111933 tablet_bootstrap.cc:406] T 540acbc9d1834865b5e3aaa467f58206 P 6f1af300e1d549d6b1cdd8bf3b9aeb9c: No bootstrap required, opened a new log
I0727 05:16:04.964710 111933 ts_tablet_manager.cc:746] T 540acbc9d1834865b5e3aaa467f58206 P 6f1af300e1d549d6b1cdd8bf3b9aeb9c: Time spent bootstrapping tablet: real 0.000s	user 0.000s	sys 0.000s
I0727 05:16:04.964977 111933 raft_consensus.cc:284] T 540acbc9d1834865b5e3aaa467f58206 P 6f1af300e1d549d6b1cdd8bf3b9aeb9c [term 0 FOLLOWER]: Replica starting. Triggering 0 pending transactions. Active config: opid_index: -1 OBSOLETE_local: false peers { permanent_uuid: "b497dbd6bd1a4c998891b00d2493a1bb" member_type: VOTER last_known_addr { host: "ip-172-31-12-168" port: 31202 } } peers { permanent_uuid: "3a3c735705964e1badb66c37a66a9096" member_type: VOTER last_known_addr { host: "ip-172-31-12-168" port: 31200 } } peers { permanent_uuid: "6f1af300e1d549d6b1cdd8bf3b9aeb9c" member_type: VOTER last_known_addr { host: "ip-172-31-12-168" port: 31201 } }
I0727 05:16:04.964990 111933 raft_consensus.cc:316] T 540acbc9d1834865b5e3aaa467f58206 P 6f1af300e1d549d6b1cdd8bf3b9aeb9c [term 0 FOLLOWER]: Consensus starting up: Expiring failure detector timer to make a prompt election more likely
I0727 05:16:04.964994 111933 raft_consensus.cc:560] T 540acbc9d1834865b5e3aaa467f58206 P 6f1af300e1d549d6b1cdd8bf3b9aeb9c [term 0 FOLLOWER]: Becoming Follower/Learner. State: Replica: 6f1af300e1d549d6b1cdd8bf3b9aeb9c, State: Running, Role: FOLLOWER
I0727 05:16:04.965009 111933 consensus_queue.cc:186] T 540acbc9d1834865b5e3aaa467f58206 P 6f1af300e1d549d6b1cdd8bf3b9aeb9c [NON_LEADER]: Queue going to NON_LEADER mode. State: All replicated index: 0, Majority replicated index: 0, Committed index: 0, Last appended: 0.0, Last appended by leader: 0, Current term: 0, Majority size: -1, State: 1, Mode: NON_LEADER
I0727 05:16:04.965066 111933 ts_tablet_manager.cc:775] T 540acbc9d1834865b5e3aaa467f58206 P 6f1af300e1d549d6b1cdd8bf3b9aeb9c: Time spent starting tablet: real 0.000s	user 0.000s	sys 0.000s
I0727 05:16:04.965080 111933 ts_tablet_manager.cc:741] T 933789af856747f2b080179091890956 P 6f1af300e1d549d6b1cdd8bf3b9aeb9c: Bootstrapping tablet
I0727 05:16:04.965090 111933 tablet_bootstrap.cc:406] T 933789af856747f2b080179091890956 P 6f1af300e1d549d6b1cdd8bf3b9aeb9c: Bootstrap starting.
I0727 05:16:04.965196 111933 tablet_bootstrap.cc:547] T 933789af856747f2b080179091890956 P 6f1af300e1d549d6b1cdd8bf3b9aeb9c: No blocks or log segments found. Creating new log.
I0727 05:16:04.965567 111933 tablet_bootstrap.cc:406] T 933789af856747f2b080179091890956 P 6f1af300e1d549d6b1cdd8bf3b9aeb9c: No bootstrap required, opened a new log
I0727 05:16:04.965584 111933 ts_tablet_manager.cc:746] T 933789af856747f2b080179091890956 P 6f1af300e1d549d6b1cdd8bf3b9aeb9c: Time spent bootstrapping tablet: real 0.000s	user 0.000s	sys 0.000s
I0727 05:16:04.965842 111933 raft_consensus.cc:284] T 933789af856747f2b080179091890956 P 6f1af300e1d549d6b1cdd8bf3b9aeb9c [term 0 FOLLOWER]: Replica starting. Triggering 0 pending transactions. Active config: opid_index: -1 OBSOLETE_local: false peers { permanent_uuid: "3a3c735705964e1badb66c37a66a9096" member_type: VOTER last_known_addr { host: "ip-172-31-12-168" port: 31200 } } peers { permanent_uuid: "b497dbd6bd1a4c998891b00d2493a1bb" member_type: VOTER last_known_addr { host: "ip-172-31-12-168" port: 31202 } } peers { permanent_uuid: "6f1af300e1d549d6b1cdd8bf3b9aeb9c" member_type: VOTER last_known_addr { host: "ip-172-31-12-168" port: 31201 } }
I0727 05:16:04.965855 111933 raft_consensus.cc:316] T 933789af856747f2b080179091890956 P 6f1af300e1d549d6b1cdd8bf3b9aeb9c [term 0 FOLLOWER]: Consensus starting up: Expiring failure detector timer to make a prompt election more likely
I0727 05:16:04.965858 111933 raft_consensus.cc:560] T 933789af856747f2b080179091890956 P 6f1af300e1d549d6b1cdd8bf3b9aeb9c [term 0 FOLLOWER]: Becoming Follower/Learner. State: Replica: 6f1af300e1d549d6b1cdd8bf3b9aeb9c, State: Running, Role: FOLLOWER
I0727 05:16:04.965863 111933 consensus_queue.cc:186] T 933789af856747f2b080179091890956 P 6f1af300e1d549d6b1cdd8bf3b9aeb9c [NON_LEADER]: Queue going to NON_LEADER mode. State: All replicated index: 0, Majority replicated index: 0, Committed index: 0, Last appended: 0.0, Last appended by leader: 0, Current term: 0, Majority size: -1, State: 1, Mode: NON_LEADER
I0727 05:16:04.965896 111933 ts_tablet_manager.cc:775] T 933789af856747f2b080179091890956 P 6f1af300e1d549d6b1cdd8bf3b9aeb9c: Time spent starting tablet: real 0.000s	user 0.000s	sys 0.000s
I0727 05:16:04.987788 111951 raft_consensus.cc:411] T 933789af856747f2b080179091890956 P 6f1af300e1d549d6b1cdd8bf3b9aeb9c [term 0 FOLLOWER]: Starting pre-election (no leader contacted us within the election timeout)
I0727 05:16:04.987807 111951 raft_consensus.cc:2372] T 933789af856747f2b080179091890956 P 6f1af300e1d549d6b1cdd8bf3b9aeb9c: Snoozing failure detection for election timeout plus an additional 1.667s
I0727 05:16:04.987833 111951 raft_consensus.cc:435] T 933789af856747f2b080179091890956 P 6f1af300e1d549d6b1cdd8bf3b9aeb9c [term 0 FOLLOWER]: Starting pre-election with config: opid_index: -1 OBSOLETE_local: false peers { permanent_uuid: "3a3c735705964e1badb66c37a66a9096" member_type: VOTER last_known_addr { host: "ip-172-31-12-168" port: 31200 } } peers { permanent_uuid: "b497dbd6bd1a4c998891b00d2493a1bb" member_type: VOTER last_known_addr { host: "ip-172-31-12-168" port: 31202 } } peers { permanent_uuid: "6f1af300e1d549d6b1cdd8bf3b9aeb9c" member_type: VOTER last_known_addr { host: "ip-172-31-12-168" port: 31201 } }
I0727 05:16:04.987978 111951 leader_election.cc:217] T 933789af856747f2b080179091890956 P 6f1af300e1d549d6b1cdd8bf3b9aeb9c [CANDIDATE]: Term 1 pre-election: Requesting pre-vote from peer 3a3c735705964e1badb66c37a66a9096
I0727 05:16:04.988000 111951 leader_election.cc:217] T 933789af856747f2b080179091890956 P 6f1af300e1d549d6b1cdd8bf3b9aeb9c [CANDIDATE]: Term 1 pre-election: Requesting pre-vote from peer b497dbd6bd1a4c998891b00d2493a1bb
I0727 05:16:04.988162 20833 leader_election.cc:349] T 933789af856747f2b080179091890956 P 6f1af300e1d549d6b1cdd8bf3b9aeb9c [CANDIDATE]: Term 1 pre-election: Vote granted by peer 3a3c735705964e1badb66c37a66a9096
I0727 05:16:04.988179 20833 leader_election.cc:244] T 933789af856747f2b080179091890956 P 6f1af300e1d549d6b1cdd8bf3b9aeb9c [CANDIDATE]: Term 1 pre-election: Election decided. Result: candidate won.
I0727 05:16:04.988189 20829 leader_election.cc:349] T 933789af856747f2b080179091890956 P 6f1af300e1d549d6b1cdd8bf3b9aeb9c [CANDIDATE]: Term 1 pre-election: Vote granted by peer b497dbd6bd1a4c998891b00d2493a1bb
I0727 05:16:04.988206 50038 raft_consensus.cc:2372] T 933789af856747f2b080179091890956 P 6f1af300e1d549d6b1cdd8bf3b9aeb9c: Snoozing failure detection for election timeout plus an additional 1.744s
I0727 05:16:04.988220 50038 raft_consensus.cc:2176] T 933789af856747f2b080179091890956 P 6f1af300e1d549d6b1cdd8bf3b9aeb9c [term 0 FOLLOWER]: Leader pre-election won for term 1
I0727 05:16:04.988226 50038 raft_consensus.cc:411] T 933789af856747f2b080179091890956 P 6f1af300e1d549d6b1cdd8bf3b9aeb9c [term 0 FOLLOWER]: Starting leader election (no leader contacted us within the election timeout)
I0727 05:16:04.988230 50038 raft_consensus.cc:2372] T 933789af856747f2b080179091890956 P 6f1af300e1d549d6b1cdd8bf3b9aeb9c: Snoozing failure detection for election timeout plus an additional 2.205s
I0727 05:16:04.988237 50038 raft_consensus.cc:2419] T 933789af856747f2b080179091890956 P 6f1af300e1d549d6b1cdd8bf3b9aeb9c [term 0 FOLLOWER]: Advancing to term 1
I0727 05:16:04.988531 50038 raft_consensus.cc:435] T 933789af856747f2b080179091890956 P 6f1af300e1d549d6b1cdd8bf3b9aeb9c [term 1 FOLLOWER]: Starting leader election with config: opid_index: -1 OBSOLETE_local: false peers { permanent_uuid: "3a3c735705964e1badb66c37a66a9096" member_type: VOTER last_known_addr { host: "ip-172-31-12-168" port: 31200 } } peers { permanent_uuid: "b497dbd6bd1a4c998891b00d2493a1bb" member_type: VOTER last_known_addr { host: "ip-172-31-12-168" port: 31202 } } peers { permanent_uuid: "6f1af300e1d549d6b1cdd8bf3b9aeb9c" member_type: VOTER last_known_addr { host: "ip-172-31-12-168" port: 31201 } }
I0727 05:16:04.988641 50038 leader_election.cc:217] T 933789af856747f2b080179091890956 P 6f1af300e1d549d6b1cdd8bf3b9aeb9c [CANDIDATE]: Term 1 election: Requesting vote from peer 3a3c735705964e1badb66c37a66a9096
I0727 05:16:04.988661 50038 leader_election.cc:217] T 933789af856747f2b080179091890956 P 6f1af300e1d549d6b1cdd8bf3b9aeb9c [CANDIDATE]: Term 1 election: Requesting vote from peer b497dbd6bd1a4c998891b00d2493a1bb
I0727 05:16:04.989054 20833 leader_election.cc:349] T 933789af856747f2b080179091890956 P 6f1af300e1d549d6b1cdd8bf3b9aeb9c [CANDIDATE]: Term 1 election: Vote granted by peer 3a3c735705964e1badb66c37a66a9096
