I0727 04:13:33.696748 50038 raft_consensus.cc:435] T c51d534b33b647f5912d7fed8db5089c P 6f1af300e1d549d6b1cdd8bf3b9aeb9c [term 1 FOLLOWER]: Starting leader election with config: opid_index: -1 OBSOLETE_local: false peers { permanent_uuid: "b497dbd6bd1a4c998891b00d2493a1bb" member_type: VOTER last_known_addr { host: "ip-172-31-12-168" port: 31202 } } peers { permanent_uuid: "3a3c735705964e1badb66c37a66a9096" member_type: VOTER last_known_addr { host: "ip-172-31-12-168" port: 31200 } } peers { permanent_uuid: "6f1af300e1d549d6b1cdd8bf3b9aeb9c" member_type: VOTER last_known_addr { host: "ip-172-31-12-168" port: 31201 } }
I0727 04:13:33.696902 50038 leader_election.cc:217] T c51d534b33b647f5912d7fed8db5089c P 6f1af300e1d549d6b1cdd8bf3b9aeb9c [CANDIDATE]: Term 1 election: Requesting vote from peer b497dbd6bd1a4c998891b00d2493a1bb
I0727 04:13:33.696928 50038 leader_election.cc:217] T c51d534b33b647f5912d7fed8db5089c P 6f1af300e1d549d6b1cdd8bf3b9aeb9c [CANDIDATE]: Term 1 election: Requesting vote from peer 3a3c735705964e1badb66c37a66a9096
I0727 04:13:33.697305 20829 leader_election.cc:349] T c51d534b33b647f5912d7fed8db5089c P 6f1af300e1d549d6b1cdd8bf3b9aeb9c [CANDIDATE]: Term 1 pre-election: Vote granted by peer b497dbd6bd1a4c998891b00d2493a1bb
I0727 04:13:33.697643 20833 leader_election.cc:349] T c51d534b33b647f5912d7fed8db5089c P 6f1af300e1d549d6b1cdd8bf3b9aeb9c [CANDIDATE]: Term 1 election: Vote granted by peer 3a3c735705964e1badb66c37a66a9096
I0727 04:13:33.697655 20833 leader_election.cc:244] T c51d534b33b647f5912d7fed8db5089c P 6f1af300e1d549d6b1cdd8bf3b9aeb9c [CANDIDATE]: Term 1 election: Election decided. Result: candidate won.
I0727 04:13:33.697698 50051 raft_consensus.cc:2372] T c51d534b33b647f5912d7fed8db5089c P 6f1af300e1d549d6b1cdd8bf3b9aeb9c: Snoozing failure detection for election timeout plus an additional 1.962s
I0727 04:13:33.697716 50051 raft_consensus.cc:2176] T c51d534b33b647f5912d7fed8db5089c P 6f1af300e1d549d6b1cdd8bf3b9aeb9c [term 1 FOLLOWER]: Leader election won for term 1
I0727 04:13:33.697736 50051 raft_consensus.cc:528] T c51d534b33b647f5912d7fed8db5089c P 6f1af300e1d549d6b1cdd8bf3b9aeb9c [term 1 LEADER]: Becoming Leader. State: Replica: 6f1af300e1d549d6b1cdd8bf3b9aeb9c, State: Running, Role: LEADER
I0727 04:13:33.697770 50051 consensus_queue.cc:165] T c51d534b33b647f5912d7fed8db5089c P 6f1af300e1d549d6b1cdd8bf3b9aeb9c [LEADER]: Queue going to LEADER mode. State: All replicated index: 0, Majority replicated index: 0, Committed index: 0, Last appended: 0.0, Last appended by leader: 0, Current term: 1, Majority size: 2, State: 1, Mode: LEADER, active raft config: opid_index: -1 OBSOLETE_local: false peers { permanent_uuid: "b497dbd6bd1a4c998891b00d2493a1bb" member_type: VOTER last_known_addr { host: "ip-172-31-12-168" port: 31202 } } peers { permanent_uuid: "3a3c735705964e1badb66c37a66a9096" member_type: VOTER last_known_addr { host: "ip-172-31-12-168" port: 31200 } } peers { permanent_uuid: "6f1af300e1d549d6b1cdd8bf3b9aeb9c" member_type: VOTER last_known_addr { host: "ip-172-31-12-168" port: 31201 } }
I0727 04:13:33.698544 20829 leader_election.cc:349] T c51d534b33b647f5912d7fed8db5089c P 6f1af300e1d549d6b1cdd8bf3b9aeb9c [CANDIDATE]: Term 1 election: Vote granted by peer b497dbd6bd1a4c998891b00d2493a1bb
I0727 04:13:33.755743 21011 raft_consensus.cc:2372] T 094cb9f6644d409b97ef2198d461b7f6 P 6f1af300e1d549d6b1cdd8bf3b9aeb9c: Snoozing failure detection for election timeout plus an additional 2.227s
I0727 04:13:33.755772 21011 raft_consensus.cc:1943] T 094cb9f6644d409b97ef2198d461b7f6 P 6f1af300e1d549d6b1cdd8bf3b9aeb9c [term 0 FOLLOWER]: Leader pre-election vote request: Granting yes vote for candidate b497dbd6bd1a4c998891b00d2493a1bb in term 0.
I0727 04:13:33.755908 21011 raft_consensus.cc:2419] T 094cb9f6644d409b97ef2198d461b7f6 P 6f1af300e1d549d6b1cdd8bf3b9aeb9c [term 0 FOLLOWER]: Advancing to term 1
I0727 04:13:33.755931 21011 raft_consensus.cc:2372] T 094cb9f6644d409b97ef2198d461b7f6 P 6f1af300e1d549d6b1cdd8bf3b9aeb9c: Snoozing failure detection for election timeout plus an additional 1.947s
I0727 04:13:33.756359 21011 raft_consensus.cc:1943] T 094cb9f6644d409b97ef2198d461b7f6 P 6f1af300e1d549d6b1cdd8bf3b9aeb9c [term 1 FOLLOWER]: Leader election vote request: Granting yes vote for candidate b497dbd6bd1a4c998891b00d2493a1bb in term 1.
I0727 04:13:33.815680 21011 raft_consensus.cc:944] T aec4a02f0cc84b6c9c25787969b67568 P 6f1af300e1d549d6b1cdd8bf3b9aeb9c [term 1 FOLLOWER]: Refusing update from remote peer b497dbd6bd1a4c998891b00d2493a1bb: Log matching property violated. Preceding OpId in replica: term: 0 index: 0. Preceding OpId from leader: term: 1 index: 1. (index mismatch)
I0727 04:13:33.997514 50051 consensus_queue.cc:722] T c51d534b33b647f5912d7fed8db5089c P 6f1af300e1d549d6b1cdd8bf3b9aeb9c [LEADER]: Connected to new peer: Peer: b497dbd6bd1a4c998891b00d2493a1bb, Is new: false, Last received: 0.0, Next index: 1, Last known committed idx: 0, Last exchange result: ERROR, Needs tablet copy: false
I0727 04:13:33.999181 50038 consensus_queue.cc:722] T c51d534b33b647f5912d7fed8db5089c P 6f1af300e1d549d6b1cdd8bf3b9aeb9c [LEADER]: Connected to new peer: Peer: 3a3c735705964e1badb66c37a66a9096, Is new: false, Last received: 0.0, Next index: 1, Last known committed idx: 0, Last exchange result: ERROR, Needs tablet copy: false
I0727 04:13:34.154281 21011 raft_consensus.cc:944] T 094cb9f6644d409b97ef2198d461b7f6 P 6f1af300e1d549d6b1cdd8bf3b9aeb9c [term 1 FOLLOWER]: Refusing update from remote peer b497dbd6bd1a4c998891b00d2493a1bb: Log matching property violated. Preceding OpId in replica: term: 0 index: 0. Preceding OpId from leader: term: 1 index: 1. (index mismatch)
I0727 04:13:39.412923 20973 tablet_service.cc:672] Processing CreateTablet for tablet 4c6ae83cb5b74b858a62b4ae0ebed273 (table=impala::functional_kudu.alltypesagg_idx [id=ab4b8febb390443ca90085d3ea01d09a]), partition=HASH (kudu_idx) PARTITION 1
I0727 04:13:39.412989 20971 tablet_service.cc:672] Processing CreateTablet for tablet 90dbdffd32f042d38aa460318f85bba7 (table=impala::functional_kudu.alltypesagg_idx [id=ab4b8febb390443ca90085d3ea01d09a]), partition=HASH (kudu_idx) PARTITION 0
I0727 04:13:39.413416 20973 ts_tablet_manager.cc:871] T 4c6ae83cb5b74b858a62b4ae0ebed273 P 6f1af300e1d549d6b1cdd8bf3b9aeb9c: Registered tablet (data state: TABLET_DATA_READY)
I0727 04:13:39.413624 20971 ts_tablet_manager.cc:871] T 90dbdffd32f042d38aa460318f85bba7 P 6f1af300e1d549d6b1cdd8bf3b9aeb9c: Registered tablet (data state: TABLET_DATA_READY)
I0727 04:13:39.413686 20969 tablet_service.cc:672] Processing CreateTablet for tablet e14c8f729b4a41fa8134fa1ebaafc3f5 (table=impala::functional_kudu.alltypesagg_idx [id=ab4b8febb390443ca90085d3ea01d09a]), partition=HASH (kudu_idx) PARTITION 2
I0727 04:13:39.413707 50665 ts_tablet_manager.cc:741] T 4c6ae83cb5b74b858a62b4ae0ebed273 P 6f1af300e1d549d6b1cdd8bf3b9aeb9c: Bootstrapping tablet
I0727 04:13:39.413730 50665 tablet_bootstrap.cc:406] T 4c6ae83cb5b74b858a62b4ae0ebed273 P 6f1af300e1d549d6b1cdd8bf3b9aeb9c: Bootstrap starting.
I0727 04:13:39.413982 50665 tablet_bootstrap.cc:547] T 4c6ae83cb5b74b858a62b4ae0ebed273 P 6f1af300e1d549d6b1cdd8bf3b9aeb9c: No blocks or log segments found. Creating new log.
I0727 04:13:39.414234 20969 ts_tablet_manager.cc:871] T e14c8f729b4a41fa8134fa1ebaafc3f5 P 6f1af300e1d549d6b1cdd8bf3b9aeb9c: Registered tablet (data state: TABLET_DATA_READY)
I0727 04:13:39.415191 50665 tablet_bootstrap.cc:406] T 4c6ae83cb5b74b858a62b4ae0ebed273 P 6f1af300e1d549d6b1cdd8bf3b9aeb9c: No bootstrap required, opened a new log
I0727 04:13:39.415210 50665 ts_tablet_manager.cc:746] T 4c6ae83cb5b74b858a62b4ae0ebed273 P 6f1af300e1d549d6b1cdd8bf3b9aeb9c: Time spent bootstrapping tablet: real 0.001s	user 0.000s	sys 0.000s
I0727 04:13:39.415519 50665 raft_consensus.cc:284] T 4c6ae83cb5b74b858a62b4ae0ebed273 P 6f1af300e1d549d6b1cdd8bf3b9aeb9c [term 0 FOLLOWER]: Replica starting. Triggering 0 pending transactions. Active config: opid_index: -1 OBSOLETE_local: false peers { permanent_uuid: "b497dbd6bd1a4c998891b00d2493a1bb" member_type: VOTER last_known_addr { host: "ip-172-31-12-168" port: 31202 } } peers { permanent_uuid: "3a3c735705964e1badb66c37a66a9096" member_type: VOTER last_known_addr { host: "ip-172-31-12-168" port: 31200 } } peers { permanent_uuid: "6f1af300e1d549d6b1cdd8bf3b9aeb9c" member_type: VOTER last_known_addr { host: "ip-172-31-12-168" port: 31201 } }
I0727 04:13:39.415534 50665 raft_consensus.cc:316] T 4c6ae83cb5b74b858a62b4ae0ebed273 P 6f1af300e1d549d6b1cdd8bf3b9aeb9c [term 0 FOLLOWER]: Consensus starting up: Expiring failure detector timer to make a prompt election more likely
I0727 04:13:39.415537 50665 raft_consensus.cc:560] T 4c6ae83cb5b74b858a62b4ae0ebed273 P 6f1af300e1d549d6b1cdd8bf3b9aeb9c [term 0 FOLLOWER]: Becoming Follower/Learner. State: Replica: 6f1af300e1d549d6b1cdd8bf3b9aeb9c, State: Running, Role: FOLLOWER
I0727 04:13:39.415544 50665 consensus_queue.cc:186] T 4c6ae83cb5b74b858a62b4ae0ebed273 P 6f1af300e1d549d6b1cdd8bf3b9aeb9c [NON_LEADER]: Queue going to NON_LEADER mode. State: All replicated index: 0, Majority replicated index: 0, Committed index: 0, Last appended: 0.0, Last appended by leader: 0, Current term: 0, Majority size: -1, State: 1, Mode: NON_LEADER
I0727 04:13:39.415592 50665 ts_tablet_manager.cc:775] T 4c6ae83cb5b74b858a62b4ae0ebed273 P 6f1af300e1d549d6b1cdd8bf3b9aeb9c: Time spent starting tablet: real 0.000s	user 0.000s	sys 0.000s
I0727 04:13:39.415611 50665 ts_tablet_manager.cc:741] T 90dbdffd32f042d38aa460318f85bba7 P 6f1af300e1d549d6b1cdd8bf3b9aeb9c: Bootstrapping tablet
I0727 04:13:39.415616 50665 tablet_bootstrap.cc:406] T 90dbdffd32f042d38aa460318f85bba7 P 6f1af300e1d549d6b1cdd8bf3b9aeb9c: Bootstrap starting.
I0727 04:13:39.415758 50665 tablet_bootstrap.cc:547] T 90dbdffd32f042d38aa460318f85bba7 P 6f1af300e1d549d6b1cdd8bf3b9aeb9c: No blocks or log segments found. Creating new log.
I0727 04:13:39.416198 50665 tablet_bootstrap.cc:406] T 90dbdffd32f042d38aa460318f85bba7 P 6f1af300e1d549d6b1cdd8bf3b9aeb9c: No bootstrap required, opened a new log
I0727 04:13:39.416218 50665 ts_tablet_manager.cc:746] T 90dbdffd32f042d38aa460318f85bba7 P 6f1af300e1d549d6b1cdd8bf3b9aeb9c: Time spent bootstrapping tablet: real 0.001s	user 0.000s	sys 0.000s
I0727 04:13:39.416529 50665 raft_consensus.cc:284] T 90dbdffd32f042d38aa460318f85bba7 P 6f1af300e1d549d6b1cdd8bf3b9aeb9c [term 0 FOLLOWER]: Replica starting. Triggering 0 pending transactions. Active config: opid_index: -1 OBSOLETE_local: false peers { permanent_uuid: "3a3c735705964e1badb66c37a66a9096" member_type: VOTER last_known_addr { host: "ip-172-31-12-168" port: 31200 } } peers { permanent_uuid: "b497dbd6bd1a4c998891b00d2493a1bb" member_type: VOTER last_known_addr { host: "ip-172-31-12-168" port: 31202 } } peers { permanent_uuid: "6f1af300e1d549d6b1cdd8bf3b9aeb9c" member_type: VOTER last_known_addr { host: "ip-172-31-12-168" port: 31201 } }
I0727 04:13:39.416549 50665 raft_consensus.cc:316] T 90dbdffd32f042d38aa460318f85bba7 P 6f1af300e1d549d6b1cdd8bf3b9aeb9c [term 0 FOLLOWER]: Consensus starting up: Expiring failure detector timer to make a prompt election more likely
I0727 04:13:39.416554 50665 raft_consensus.cc:560] T 90dbdffd32f042d38aa460318f85bba7 P 6f1af300e1d549d6b1cdd8bf3b9aeb9c [term 0 FOLLOWER]: Becoming Follower/Learner. State: Replica: 6f1af300e1d549d6b1cdd8bf3b9aeb9c, State: Running, Role: FOLLOWER
I0727 04:13:39.416565 50665 consensus_queue.cc:186] T 90dbdffd32f042d38aa460318f85bba7 P 6f1af300e1d549d6b1cdd8bf3b9aeb9c [NON_LEADER]: Queue going to NON_LEADER mode. State: All replicated index: 0, Majority replicated index: 0, Committed index: 0, Last appended: 0.0, Last appended by leader: 0, Current term: 0, Majority size: -1, State: 1, Mode: NON_LEADER
I0727 04:13:39.416645 50665 ts_tablet_manager.cc:775] T 90dbdffd32f042d38aa460318f85bba7 P 6f1af300e1d549d6b1cdd8bf3b9aeb9c: Time spent starting tablet: real 0.000s	user 0.000s	sys 0.000s
I0727 04:13:39.416664 50665 ts_tablet_manager.cc:741] T e14c8f729b4a41fa8134fa1ebaafc3f5 P 6f1af300e1d549d6b1cdd8bf3b9aeb9c: Bootstrapping tablet
I0727 04:13:39.416676 50665 tablet_bootstrap.cc:406] T e14c8f729b4a41fa8134fa1ebaafc3f5 P 6f1af300e1d549d6b1cdd8bf3b9aeb9c: Bootstrap starting.
I0727 04:13:39.416921 50665 tablet_bootstrap.cc:547] T e14c8f729b4a41fa8134fa1ebaafc3f5 P 6f1af300e1d549d6b1cdd8bf3b9aeb9c: No blocks or log segments found. Creating new log.
I0727 04:13:39.417464 50665 tablet_bootstrap.cc:406] T e14c8f729b4a41fa8134fa1ebaafc3f5 P 6f1af300e1d549d6b1cdd8bf3b9aeb9c: No bootstrap required, opened a new log
I0727 04:13:39.417482 50665 ts_tablet_manager.cc:746] T e14c8f729b4a41fa8134fa1ebaafc3f5 P 6f1af300e1d549d6b1cdd8bf3b9aeb9c: Time spent bootstrapping tablet: real 0.001s	user 0.000s	sys 0.000s
I0727 04:13:39.417671 50665 raft_consensus.cc:284] T e14c8f729b4a41fa8134fa1ebaafc3f5 P 6f1af300e1d549d6b1cdd8bf3b9aeb9c [term 0 FOLLOWER]: Replica starting. Triggering 0 pending transactions. Active config: opid_index: -1 OBSOLETE_local: false peers { permanent_uuid: "3a3c735705964e1badb66c37a66a9096" member_type: VOTER last_known_addr { host: "ip-172-31-12-168" port: 31200 } } peers { permanent_uuid: "b497dbd6bd1a4c998891b00d2493a1bb" member_type: VOTER last_known_addr { host: "ip-172-31-12-168" port: 31202 } } peers { permanent_uuid: "6f1af300e1d549d6b1cdd8bf3b9aeb9c" member_type: VOTER last_known_addr { host: "ip-172-31-12-168" port: 31201 } }
I0727 04:13:39.417688 50665 raft_consensus.cc:316] T e14c8f729b4a41fa8134fa1ebaafc3f5 P 6f1af300e1d549d6b1cdd8bf3b9aeb9c [term 0 FOLLOWER]: Consensus starting up: Expiring failure detector timer to make a prompt election more likely
I0727 04:13:39.417693 50665 raft_consensus.cc:560] T e14c8f729b4a41fa8134fa1ebaafc3f5 P 6f1af300e1d549d6b1cdd8bf3b9aeb9c [term 0 FOLLOWER]: Becoming Follower/Learner. State: Replica: 6f1af300e1d549d6b1cdd8bf3b9aeb9c, State: Running, Role: FOLLOWER
I0727 04:13:39.417706 50665 consensus_queue.cc:186] T e14c8f729b4a41fa8134fa1ebaafc3f5 P 6f1af300e1d549d6b1cdd8bf3b9aeb9c [NON_LEADER]: Queue going to NON_LEADER mode. State: All replicated index: 0, Majority replicated index: 0, Committed index: 0, Last appended: 0.0, Last appended by leader: 0, Current term: 0, Majority size: -1, State: 1, Mode: NON_LEADER
I0727 04:13:39.417754 50665 ts_tablet_manager.cc:775] T e14c8f729b4a41fa8134fa1ebaafc3f5 P 6f1af300e1d549d6b1cdd8bf3b9aeb9c: Time spent starting tablet: real 0.000s	user 0.000s	sys 0.000s
I0727 04:13:39.453920 21011 raft_consensus.cc:2372] T e14c8f729b4a41fa8134fa1ebaafc3f5 P 6f1af300e1d549d6b1cdd8bf3b9aeb9c: Snoozing failure detection for election timeout plus an additional 2.061s
I0727 04:13:39.453945 21011 raft_consensus.cc:1943] T e14c8f729b4a41fa8134fa1ebaafc3f5 P 6f1af300e1d549d6b1cdd8bf3b9aeb9c [term 0 FOLLOWER]: Leader pre-election vote request: Granting yes vote for candidate b497dbd6bd1a4c998891b00d2493a1bb in term 0.
I0727 04:13:39.454645 21011 raft_consensus.cc:2419] T e14c8f729b4a41fa8134fa1ebaafc3f5 P 6f1af300e1d549d6b1cdd8bf3b9aeb9c [term 0 FOLLOWER]: Advancing to term 1
I0727 04:13:39.454669 21011 raft_consensus.cc:2372] T e14c8f729b4a41fa8134fa1ebaafc3f5 P 6f1af300e1d549d6b1cdd8bf3b9aeb9c: Snoozing failure detection for election timeout plus an additional 2.223s
I0727 04:13:39.455088 21011 raft_consensus.cc:1943] T e14c8f729b4a41fa8134fa1ebaafc3f5 P 6f1af300e1d549d6b1cdd8bf3b9aeb9c [term 1 FOLLOWER]: Leader election vote request: Granting yes vote for candidate b497dbd6bd1a4c998891b00d2493a1bb in term 1.
I0727 04:13:39.717849 21011 raft_consensus.cc:944] T e14c8f729b4a41fa8134fa1ebaafc3f5 P 6f1af300e1d549d6b1cdd8bf3b9aeb9c [term 1 FOLLOWER]: Refusing update from remote peer b497dbd6bd1a4c998891b00d2493a1bb: Log matching property violated. Preceding OpId in replica: term: 0 index: 0. Preceding OpId from leader: term: 1 index: 1. (index mismatch)
I0727 04:13:39.764649 21011 raft_consensus.cc:2372] T 90dbdffd32f042d38aa460318f85bba7 P 6f1af300e1d549d6b1cdd8bf3b9aeb9c: Snoozing failure detection for election timeout plus an additional 2.214s
I0727 04:13:39.764670 21011 raft_consensus.cc:1943] T 90dbdffd32f042d38aa460318f85bba7 P 6f1af300e1d549d6b1cdd8bf3b9aeb9c [term 0 FOLLOWER]: Leader pre-election vote request: Granting yes vote for candidate 3a3c735705964e1badb66c37a66a9096 in term 0.
I0727 04:13:39.765341 21011 raft_consensus.cc:2419] T 90dbdffd32f042d38aa460318f85bba7 P 6f1af300e1d549d6b1cdd8bf3b9aeb9c [term 0 FOLLOWER]: Advancing to term 1
I0727 04:13:39.765359 21011 raft_consensus.cc:2372] T 90dbdffd32f042d38aa460318f85bba7 P 6f1af300e1d549d6b1cdd8bf3b9aeb9c: Snoozing failure detection for election timeout plus an additional 1.546s
I0727 04:13:39.765655 21011 raft_consensus.cc:1943] T 90dbdffd32f042d38aa460318f85bba7 P 6f1af300e1d549d6b1cdd8bf3b9aeb9c [term 1 FOLLOWER]: Leader election vote request: Granting yes vote for candidate 3a3c735705964e1badb66c37a66a9096 in term 1.
I0727 04:13:39.848954 21011 raft_consensus.cc:2372] T 4c6ae83cb5b74b858a62b4ae0ebed273 P 6f1af300e1d549d6b1cdd8bf3b9aeb9c: Snoozing failure detection for election timeout plus an additional 1.571s
I0727 04:13:39.848968 21011 raft_consensus.cc:1943] T 4c6ae83cb5b74b858a62b4ae0ebed273 P 6f1af300e1d549d6b1cdd8bf3b9aeb9c [term 0 FOLLOWER]: Leader pre-election vote request: Granting yes vote for candidate b497dbd6bd1a4c998891b00d2493a1bb in term 0.
I0727 04:13:39.849565 21011 raft_consensus.cc:2419] T 4c6ae83cb5b74b858a62b4ae0ebed273 P 6f1af300e1d549d6b1cdd8bf3b9aeb9c [term 0 FOLLOWER]: Advancing to term 1
I0727 04:13:39.849577 21011 raft_consensus.cc:2372] T 4c6ae83cb5b74b858a62b4ae0ebed273 P 6f1af300e1d549d6b1cdd8bf3b9aeb9c: Snoozing failure detection for election timeout plus an additional 1.880s
I0727 04:13:39.849787 21011 raft_consensus.cc:1943] T 4c6ae83cb5b74b858a62b4ae0ebed273 P 6f1af300e1d549d6b1cdd8bf3b9aeb9c [term 1 FOLLOWER]: Leader election vote request: Granting yes vote for candidate b497dbd6bd1a4c998891b00d2493a1bb in term 1.
I0727 04:13:40.109853 21011 raft_consensus.cc:944] T 4c6ae83cb5b74b858a62b4ae0ebed273 P 6f1af300e1d549d6b1cdd8bf3b9aeb9c [term 1 FOLLOWER]: Refusing update from remote peer b497dbd6bd1a4c998891b00d2493a1bb: Log matching property violated. Preceding OpId in replica: term: 0 index: 0. Preceding OpId from leader: term: 1 index: 1. (index mismatch)
I0727 04:13:40.168145 21011 raft_consensus.cc:944] T 90dbdffd32f042d38aa460318f85bba7 P 6f1af300e1d549d6b1cdd8bf3b9aeb9c [term 1 FOLLOWER]: Refusing update from remote peer 3a3c735705964e1badb66c37a66a9096: Log matching property violated. Preceding OpId in replica: term: 0 index: 0. Preceding OpId from leader: term: 1 index: 1. (index mismatch)
I0727 04:13:47.306277 20969 tablet_service.cc:672] Processing CreateTablet for tablet 610c38b258c046a58eca1490029a8eaf (table=impala::functional_kudu.alltypesaggnonulls [id=7712847d45b14af7af450eae24d74124]), partition=HASH (id) PARTITION 0
I0727 04:13:47.306298 20973 tablet_service.cc:672] Processing CreateTablet for tablet fc48c1c3567d4e6b83714f1cac215c94 (table=impala::functional_kudu.alltypesaggnonulls [id=7712847d45b14af7af450eae24d74124]), partition=HASH (id) PARTITION 2
I0727 04:13:47.307057 20969 ts_tablet_manager.cc:871] T 610c38b258c046a58eca1490029a8eaf P 6f1af300e1d549d6b1cdd8bf3b9aeb9c: Registered tablet (data state: TABLET_DATA_READY)
I0727 04:13:47.307080 20973 ts_tablet_manager.cc:871] T fc48c1c3567d4e6b83714f1cac215c94 P 6f1af300e1d549d6b1cdd8bf3b9aeb9c: Registered tablet (data state: TABLET_DATA_READY)
I0727 04:13:47.307224 20971 tablet_service.cc:672] Processing CreateTablet for tablet bf867b8b6e6e453cab9ce9b7e5171c53 (table=impala::functional_kudu.alltypesaggnonulls [id=7712847d45b14af7af450eae24d74124]), partition=HASH (id) PARTITION 1
I0727 04:13:47.307329 50801 ts_tablet_manager.cc:741] T 610c38b258c046a58eca1490029a8eaf P 6f1af300e1d549d6b1cdd8bf3b9aeb9c: Bootstrapping tablet
I0727 04:13:47.307343 50801 tablet_bootstrap.cc:406] T 610c38b258c046a58eca1490029a8eaf P 6f1af300e1d549d6b1cdd8bf3b9aeb9c: Bootstrap starting.
I0727 04:13:47.307656 50801 tablet_bootstrap.cc:547] T 610c38b258c046a58eca1490029a8eaf P 6f1af300e1d549d6b1cdd8bf3b9aeb9c: No blocks or log segments found. Creating new log.
I0727 04:13:47.307842 20971 ts_tablet_manager.cc:871] T bf867b8b6e6e453cab9ce9b7e5171c53 P 6f1af300e1d549d6b1cdd8bf3b9aeb9c: Registered tablet (data state: TABLET_DATA_READY)
I0727 04:13:47.308164 50801 tablet_bootstrap.cc:406] T 610c38b258c046a58eca1490029a8eaf P 6f1af300e1d549d6b1cdd8bf3b9aeb9c: No bootstrap required, opened a new log
I0727 04:13:47.308179 50801 ts_tablet_manager.cc:746] T 610c38b258c046a58eca1490029a8eaf P 6f1af300e1d549d6b1cdd8bf3b9aeb9c: Time spent bootstrapping tablet: real 0.001s	user 0.000s	sys 0.001s
I0727 04:13:47.308563 50801 raft_consensus.cc:284] T 610c38b258c046a58eca1490029a8eaf P 6f1af300e1d549d6b1cdd8bf3b9aeb9c [term 0 FOLLOWER]: Replica starting. Triggering 0 pending transactions. Active config: opid_index: -1 OBSOLETE_local: false peers { permanent_uuid: "3a3c735705964e1badb66c37a66a9096" member_type: VOTER last_known_addr { host: "ip-172-31-12-168" port: 31200 } } peers { permanent_uuid: "b497dbd6bd1a4c998891b00d2493a1bb" member_type: VOTER last_known_addr { host: "ip-172-31-12-168" port: 31202 } } peers { permanent_uuid: "6f1af300e1d549d6b1cdd8bf3b9aeb9c" member_type: VOTER last_known_addr { host: "ip-172-31-12-168" port: 31201 } }
I0727 04:13:47.308586 50801 raft_consensus.cc:316] T 610c38b258c046a58eca1490029a8eaf P 6f1af300e1d549d6b1cdd8bf3b9aeb9c [term 0 FOLLOWER]: Consensus starting up: Expiring failure detector timer to make a prompt election more likely
I0727 04:13:47.308603 50801 raft_consensus.cc:560] T 610c38b258c046a58eca1490029a8eaf P 6f1af300e1d549d6b1cdd8bf3b9aeb9c [term 0 FOLLOWER]: Becoming Follower/Learner. State: Replica: 6f1af300e1d549d6b1cdd8bf3b9aeb9c, State: Running, Role: FOLLOWER
I0727 04:13:47.308631 50801 consensus_queue.cc:186] T 610c38b258c046a58eca1490029a8eaf P 6f1af300e1d549d6b1cdd8bf3b9aeb9c [NON_LEADER]: Queue going to NON_LEADER mode. State: All replicated index: 0, Majority replicated index: 0, Committed index: 0, Last appended: 0.0, Last appended by leader: 0, Current term: 0, Majority size: -1, State: 1, Mode: NON_LEADER
I0727 04:13:47.308728 50801 ts_tablet_manager.cc:775] T 610c38b258c046a58eca1490029a8eaf P 6f1af300e1d549d6b1cdd8bf3b9aeb9c: Time spent starting tablet: real 0.001s	user 0.000s	sys 0.000s
I0727 04:13:47.308760 50801 ts_tablet_manager.cc:741] T fc48c1c3567d4e6b83714f1cac215c94 P 6f1af300e1d549d6b1cdd8bf3b9aeb9c: Bootstrapping tablet
I0727 04:13:47.308779 50801 tablet_bootstrap.cc:406] T fc48c1c3567d4e6b83714f1cac215c94 P 6f1af300e1d549d6b1cdd8bf3b9aeb9c: Bootstrap starting.
I0727 04:13:47.308980 50801 tablet_bootstrap.cc:547] T fc48c1c3567d4e6b83714f1cac215c94 P 6f1af300e1d549d6b1cdd8bf3b9aeb9c: No blocks or log segments found. Creating new log.
I0727 04:13:47.324694 50801 tablet_bootstrap.cc:406] T fc48c1c3567d4e6b83714f1cac215c94 P 6f1af300e1d549d6b1cdd8bf3b9aeb9c: No bootstrap required, opened a new log
I0727 04:13:47.324728 50801 ts_tablet_manager.cc:746] T fc48c1c3567d4e6b83714f1cac215c94 P 6f1af300e1d549d6b1cdd8bf3b9aeb9c: Time spent bootstrapping tablet: real 0.016s	user 0.000s	sys 0.001s
I0727 04:13:47.325019 50801 raft_consensus.cc:284] T fc48c1c3567d4e6b83714f1cac215c94 P 6f1af300e1d549d6b1cdd8bf3b9aeb9c [term 0 FOLLOWER]: Replica starting. Triggering 0 pending transactions. Active config: opid_index: -1 OBSOLETE_local: false peers { permanent_uuid: "3a3c735705964e1badb66c37a66a9096" member_type: VOTER last_known_addr { host: "ip-172-31-12-168" port: 31200 } } peers { permanent_uuid: "b497dbd6bd1a4c998891b00d2493a1bb" member_type: VOTER last_known_addr { host: "ip-172-31-12-168" port: 31202 } } peers { permanent_uuid: "6f1af300e1d549d6b1cdd8bf3b9aeb9c" member_type: VOTER last_known_addr { host: "ip-172-31-12-168" port: 31201 } }
I0727 04:13:47.325043 50801 raft_consensus.cc:316] T fc48c1c3567d4e6b83714f1cac215c94 P 6f1af300e1d549d6b1cdd8bf3b9aeb9c [term 0 FOLLOWER]: Consensus starting up: Expiring failure detector timer to make a prompt election more likely
I0727 04:13:47.325057 50801 raft_consensus.cc:560] T fc48c1c3567d4e6b83714f1cac215c94 P 6f1af300e1d549d6b1cdd8bf3b9aeb9c [term 0 FOLLOWER]: Becoming Follower/Learner. State: Replica: 6f1af300e1d549d6b1cdd8bf3b9aeb9c, State: Running, Role: FOLLOWER
I0727 04:13:47.325074 50801 consensus_queue.cc:186] T fc48c1c3567d4e6b83714f1cac215c94 P 6f1af300e1d549d6b1cdd8bf3b9aeb9c [NON_LEADER]: Queue going to NON_LEADER mode. State: All replicated index: 0, Majority replicated index: 0, Committed index: 0, Last appended: 0.0, Last appended by leader: 0, Current term: 0, Majority size: -1, State: 1, Mode: NON_LEADER
I0727 04:13:47.325139 50801 ts_tablet_manager.cc:775] T fc48c1c3567d4e6b83714f1cac215c94 P 6f1af300e1d549d6b1cdd8bf3b9aeb9c: Time spent starting tablet: real 0.000s	user 0.000s	sys 0.000s
I0727 04:13:47.325155 50801 ts_tablet_manager.cc:741] T bf867b8b6e6e453cab9ce9b7e5171c53 P 6f1af300e1d549d6b1cdd8bf3b9aeb9c: Bootstrapping tablet
I0727 04:13:47.325163 50801 tablet_bootstrap.cc:406] T bf867b8b6e6e453cab9ce9b7e5171c53 P 6f1af300e1d549d6b1cdd8bf3b9aeb9c: Bootstrap starting.
I0727 04:13:47.325403 50801 tablet_bootstrap.cc:547] T bf867b8b6e6e453cab9ce9b7e5171c53 P 6f1af300e1d549d6b1cdd8bf3b9aeb9c: No blocks or log segments found. Creating new log.
I0727 04:13:47.325752 50801 tablet_bootstrap.cc:406] T bf867b8b6e6e453cab9ce9b7e5171c53 P 6f1af300e1d549d6b1cdd8bf3b9aeb9c: No bootstrap required, opened a new log
I0727 04:13:47.325770 50801 ts_tablet_manager.cc:746] T bf867b8b6e6e453cab9ce9b7e5171c53 P 6f1af300e1d549d6b1cdd8bf3b9aeb9c: Time spent bootstrapping tablet: real 0.001s	user 0.000s	sys 0.000s
I0727 04:13:47.326128 50801 raft_consensus.cc:284] T bf867b8b6e6e453cab9ce9b7e5171c53 P 6f1af300e1d549d6b1cdd8bf3b9aeb9c [term 0 FOLLOWER]: Replica starting. Triggering 0 pending transactions. Active config: opid_index: -1 OBSOLETE_local: false peers { permanent_uuid: "b497dbd6bd1a4c998891b00d2493a1bb" member_type: VOTER last_known_addr { host: "ip-172-31-12-168" port: 31202 } } peers { permanent_uuid: "3a3c735705964e1badb66c37a66a9096" member_type: VOTER last_known_addr { host: "ip-172-31-12-168" port: 31200 } } peers { permanent_uuid: "6f1af300e1d549d6b1cdd8bf3b9aeb9c" member_type: VOTER last_known_addr { host: "ip-172-31-12-168" port: 31201 } }
I0727 04:13:47.326144 50801 raft_consensus.cc:316] T bf867b8b6e6e453cab9ce9b7e5171c53 P 6f1af300e1d549d6b1cdd8bf3b9aeb9c [term 0 FOLLOWER]: Consensus starting up: Expiring failure detector timer to make a prompt election more likely
I0727 04:13:47.326148 50801 raft_consensus.cc:560] T bf867b8b6e6e453cab9ce9b7e5171c53 P 6f1af300e1d549d6b1cdd8bf3b9aeb9c [term 0 FOLLOWER]: Becoming Follower/Learner. State: Replica: 6f1af300e1d549d6b1cdd8bf3b9aeb9c, State: Running, Role: FOLLOWER
I0727 04:13:47.326161 50801 consensus_queue.cc:186] T bf867b8b6e6e453cab9ce9b7e5171c53 P 6f1af300e1d549d6b1cdd8bf3b9aeb9c [NON_LEADER]: Queue going to NON_LEADER mode. State: All replicated index: 0, Majority replicated index: 0, Committed index: 0, Last appended: 0.0, Last appended by leader: 0, Current term: 0, Majority size: -1, State: 1, Mode: NON_LEADER
I0727 04:13:47.326200 50801 ts_tablet_manager.cc:775] T bf867b8b6e6e453cab9ce9b7e5171c53 P 6f1af300e1d549d6b1cdd8bf3b9aeb9c: Time spent starting tablet: real 0.000s	user 0.000s	sys 0.000s
I0727 04:13:47.535831 21011 raft_consensus.cc:2372] T 610c38b258c046a58eca1490029a8eaf P 6f1af300e1d549d6b1cdd8bf3b9aeb9c: Snoozing failure detection for election timeout plus an additional 1.504s
I0727 04:13:47.535852 21011 raft_consensus.cc:1943] T 610c38b258c046a58eca1490029a8eaf P 6f1af300e1d549d6b1cdd8bf3b9aeb9c [term 0 FOLLOWER]: Leader pre-election vote request: Granting yes vote for candidate 3a3c735705964e1badb66c37a66a9096 in term 0.
I0727 04:13:47.537341 21011 raft_consensus.cc:2419] T 610c38b258c046a58eca1490029a8eaf P 6f1af300e1d549d6b1cdd8bf3b9aeb9c [term 0 FOLLOWER]: Advancing to term 1
I0727 04:13:47.537364 21011 raft_consensus.cc:2372] T 610c38b258c046a58eca1490029a8eaf P 6f1af300e1d549d6b1cdd8bf3b9aeb9c: Snoozing failure detection for election timeout plus an additional 1.747s
I0727 04:13:47.537657 21011 raft_consensus.cc:1943] T 610c38b258c046a58eca1490029a8eaf P 6f1af300e1d549d6b1cdd8bf3b9aeb9c [term 1 FOLLOWER]: Leader election vote request: Granting yes vote for candidate 3a3c735705964e1badb66c37a66a9096 in term 1.
I0727 04:13:47.641352 21011 raft_consensus.cc:2372] T fc48c1c3567d4e6b83714f1cac215c94 P 6f1af300e1d549d6b1cdd8bf3b9aeb9c: Snoozing failure detection for election timeout plus an additional 1.584s
I0727 04:13:47.641377 21011 raft_consensus.cc:1943] T fc48c1c3567d4e6b83714f1cac215c94 P 6f1af300e1d549d6b1cdd8bf3b9aeb9c [term 0 FOLLOWER]: Leader pre-election vote request: Granting yes vote for candidate 3a3c735705964e1badb66c37a66a9096 in term 0.
I0727 04:13:47.642381 21011 raft_consensus.cc:2419] T fc48c1c3567d4e6b83714f1cac215c94 P 6f1af300e1d549d6b1cdd8bf3b9aeb9c [term 0 FOLLOWER]: Advancing to term 1
I0727 04:13:47.642403 21011 raft_consensus.cc:2372] T fc48c1c3567d4e6b83714f1cac215c94 P 6f1af300e1d549d6b1cdd8bf3b9aeb9c: Snoozing failure detection for election timeout plus an additional 1.677s
I0727 04:13:47.642859 21011 raft_consensus.cc:1943] T fc48c1c3567d4e6b83714f1cac215c94 P 6f1af300e1d549d6b1cdd8bf3b9aeb9c [term 1 FOLLOWER]: Leader election vote request: Granting yes vote for candidate 3a3c735705964e1badb66c37a66a9096 in term 1.
I0727 04:13:47.755805 21011 raft_consensus.cc:2372] T bf867b8b6e6e453cab9ce9b7e5171c53 P 6f1af300e1d549d6b1cdd8bf3b9aeb9c: Snoozing failure detection for election timeout plus an additional 1.672s
I0727 04:13:47.755830 21011 raft_consensus.cc:1943] T bf867b8b6e6e453cab9ce9b7e5171c53 P 6f1af300e1d549d6b1cdd8bf3b9aeb9c [term 0 FOLLOWER]: Leader pre-election vote request: Granting yes vote for candidate b497dbd6bd1a4c998891b00d2493a1bb in term 0.
I0727 04:13:47.757268 21011 raft_consensus.cc:2419] T bf867b8b6e6e453cab9ce9b7e5171c53 P 6f1af300e1d549d6b1cdd8bf3b9aeb9c [term 0 FOLLOWER]: Advancing to term 1
I0727 04:13:47.757289 21011 raft_consensus.cc:2372] T bf867b8b6e6e453cab9ce9b7e5171c53 P 6f1af300e1d549d6b1cdd8bf3b9aeb9c: Snoozing failure detection for election timeout plus an additional 2.015s
I0727 04:13:47.757706 21011 raft_consensus.cc:1943] T bf867b8b6e6e453cab9ce9b7e5171c53 P 6f1af300e1d549d6b1cdd8bf3b9aeb9c [term 1 FOLLOWER]: Leader election vote request: Granting yes vote for candidate b497dbd6bd1a4c998891b00d2493a1bb in term 1.
I0727 04:13:47.905269 21011 raft_consensus.cc:944] T 610c38b258c046a58eca1490029a8eaf P 6f1af300e1d549d6b1cdd8bf3b9aeb9c [term 1 FOLLOWER]: Refusing update from remote peer 3a3c735705964e1badb66c37a66a9096: Log matching property violated. Preceding OpId in replica: term: 0 index: 0. Preceding OpId from leader: term: 1 index: 1. (index mismatch)
I0727 04:13:47.912631 21011 raft_consensus.cc:944] T fc48c1c3567d4e6b83714f1cac215c94 P 6f1af300e1d549d6b1cdd8bf3b9aeb9c [term 1 FOLLOWER]: Refusing update from remote peer 3a3c735705964e1badb66c37a66a9096: Log matching property violated. Preceding OpId in replica: term: 0 index: 0. Preceding OpId from leader: term: 1 index: 1. (index mismatch)
I0727 04:13:48.074787 21011 raft_consensus.cc:944] T bf867b8b6e6e453cab9ce9b7e5171c53 P 6f1af300e1d549d6b1cdd8bf3b9aeb9c [term 1 FOLLOWER]: Refusing update from remote peer b497dbd6bd1a4c998891b00d2493a1bb: Log matching property violated. Preceding OpId in replica: term: 0 index: 0. Preceding OpId from leader: term: 1 index: 1. (index mismatch)
I0727 04:13:53.276564 20971 tablet_service.cc:672] Processing CreateTablet for tablet 3b4b9c40ec1e40639b260d5dbd2964c2 (table=impala::functional_kudu.testtbl [id=8c6279bfb9e14c1a96c350e92d9c23df]), partition=RANGE (id) PARTITION VALUES < 1004
I0727 04:13:53.276576 20969 tablet_service.cc:672] Processing CreateTablet for tablet 7ee54e893cce4e749cad362104302e81 (table=impala::functional_kudu.testtbl [id=8c6279bfb9e14c1a96c350e92d9c23df]), partition=RANGE (id) PARTITION VALUES >= 1008
I0727 04:13:53.276600 20973 tablet_service.cc:672] Processing CreateTablet for tablet a8e914f58b434691b64c6df7f1b7bfe8 (table=impala::functional_kudu.testtbl [id=8c6279bfb9e14c1a96c350e92d9c23df]), partition=RANGE (id) PARTITION 1004 <= VALUES < 1008
I0727 04:13:53.277124 20971 ts_tablet_manager.cc:871] T 3b4b9c40ec1e40639b260d5dbd2964c2 P 6f1af300e1d549d6b1cdd8bf3b9aeb9c: Registered tablet (data state: TABLET_DATA_READY)
I0727 04:13:53.277253 20969 ts_tablet_manager.cc:871] T 7ee54e893cce4e749cad362104302e81 P 6f1af300e1d549d6b1cdd8bf3b9aeb9c: Registered tablet (data state: TABLET_DATA_READY)
I0727 04:13:53.277307 20973 ts_tablet_manager.cc:871] T a8e914f58b434691b64c6df7f1b7bfe8 P 6f1af300e1d549d6b1cdd8bf3b9aeb9c: Registered tablet (data state: TABLET_DATA_READY)
I0727 04:13:53.277364 50980 ts_tablet_manager.cc:741] T 3b4b9c40ec1e40639b260d5dbd2964c2 P 6f1af300e1d549d6b1cdd8bf3b9aeb9c: Bootstrapping tablet
I0727 04:13:53.277384 50980 tablet_bootstrap.cc:406] T 3b4b9c40ec1e40639b260d5dbd2964c2 P 6f1af300e1d549d6b1cdd8bf3b9aeb9c: Bootstrap starting.
I0727 04:13:53.277560 50980 tablet_bootstrap.cc:547] T 3b4b9c40ec1e40639b260d5dbd2964c2 P 6f1af300e1d549d6b1cdd8bf3b9aeb9c: No blocks or log segments found. Creating new log.
I0727 04:13:53.277961 50980 tablet_bootstrap.cc:406] T 3b4b9c40ec1e40639b260d5dbd2964c2 P 6f1af300e1d549d6b1cdd8bf3b9aeb9c: No bootstrap required, opened a new log
I0727 04:13:53.277979 50980 ts_tablet_manager.cc:746] T 3b4b9c40ec1e40639b260d5dbd2964c2 P 6f1af300e1d549d6b1cdd8bf3b9aeb9c: Time spent bootstrapping tablet: real 0.001s	user 0.000s	sys 0.000s
I0727 04:13:53.278249 50980 raft_consensus.cc:284] T 3b4b9c40ec1e40639b260d5dbd2964c2 P 6f1af300e1d549d6b1cdd8bf3b9aeb9c [term 0 FOLLOWER]: Replica starting. Triggering 0 pending transactions. Active config: opid_index: -1 OBSOLETE_local: false peers { permanent_uuid: "b497dbd6bd1a4c998891b00d2493a1bb" member_type: VOTER last_known_addr { host: "ip-172-31-12-168" port: 31202 } } peers { permanent_uuid: "3a3c735705964e1badb66c37a66a9096" member_type: VOTER last_known_addr { host: "ip-172-31-12-168" port: 31200 } } peers { permanent_uuid: "6f1af300e1d549d6b1cdd8bf3b9aeb9c" member_type: VOTER last_known_addr { host: "ip-172-31-12-168" port: 31201 } }
I0727 04:13:53.278264 50980 raft_consensus.cc:316] T 3b4b9c40ec1e40639b260d5dbd2964c2 P 6f1af300e1d549d6b1cdd8bf3b9aeb9c [term 0 FOLLOWER]: Consensus starting up: Expiring failure detector timer to make a prompt election more likely
I0727 04:13:53.278267 50980 raft_consensus.cc:560] T 3b4b9c40ec1e40639b260d5dbd2964c2 P 6f1af300e1d549d6b1cdd8bf3b9aeb9c [term 0 FOLLOWER]: Becoming Follower/Learner. State: Replica: 6f1af300e1d549d6b1cdd8bf3b9aeb9c, State: Running, Role: FOLLOWER
I0727 04:13:53.278276 50980 consensus_queue.cc:186] T 3b4b9c40ec1e40639b260d5dbd2964c2 P 6f1af300e1d549d6b1cdd8bf3b9aeb9c [NON_LEADER]: Queue going to NON_LEADER mode. State: All replicated index: 0, Majority replicated index: 0, Committed index: 0, Last appended: 0.0, Last appended by leader: 0, Current term: 0, Majority size: -1, State: 1, Mode: NON_LEADER
I0727 04:13:53.278331 50980 ts_tablet_manager.cc:775] T 3b4b9c40ec1e40639b260d5dbd2964c2 P 6f1af300e1d549d6b1cdd8bf3b9aeb9c: Time spent starting tablet: real 0.000s	user 0.000s	sys 0.000s
I0727 04:13:53.278342 50980 ts_tablet_manager.cc:741] T 7ee54e893cce4e749cad362104302e81 P 6f1af300e1d549d6b1cdd8bf3b9aeb9c: Bootstrapping tablet
I0727 04:13:53.278347 50980 tablet_bootstrap.cc:406] T 7ee54e893cce4e749cad362104302e81 P 6f1af300e1d549d6b1cdd8bf3b9aeb9c: Bootstrap starting.
I0727 04:13:53.278481 50980 tablet_bootstrap.cc:547] T 7ee54e893cce4e749cad362104302e81 P 6f1af300e1d549d6b1cdd8bf3b9aeb9c: No blocks or log segments found. Creating new log.
I0727 04:13:53.278858 50980 tablet_bootstrap.cc:406] T 7ee54e893cce4e749cad362104302e81 P 6f1af300e1d549d6b1cdd8bf3b9aeb9c: No bootstrap required, opened a new log
I0727 04:13:53.278874 50980 ts_tablet_manager.cc:746] T 7ee54e893cce4e749cad362104302e81 P 6f1af300e1d549d6b1cdd8bf3b9aeb9c: Time spent bootstrapping tablet: real 0.001s	user 0.000s	sys 0.000s
I0727 04:13:53.279144 50980 raft_consensus.cc:284] T 7ee54e893cce4e749cad362104302e81 P 6f1af300e1d549d6b1cdd8bf3b9aeb9c [term 0 FOLLOWER]: Replica starting. Triggering 0 pending transactions. Active config: opid_index: -1 OBSOLETE_local: false peers { permanent_uuid: "3a3c735705964e1badb66c37a66a9096" member_type: VOTER last_known_addr { host: "ip-172-31-12-168" port: 31200 } } peers { permanent_uuid: "b497dbd6bd1a4c998891b00d2493a1bb" member_type: VOTER last_known_addr { host: "ip-172-31-12-168" port: 31202 } } peers { permanent_uuid: "6f1af300e1d549d6b1cdd8bf3b9aeb9c" member_type: VOTER last_known_addr { host: "ip-172-31-12-168" port: 31201 } }
I0727 04:13:53.279156 50980 raft_consensus.cc:316] T 7ee54e893cce4e749cad362104302e81 P 6f1af300e1d549d6b1cdd8bf3b9aeb9c [term 0 FOLLOWER]: Consensus starting up: Expiring failure detector timer to make a prompt election more likely
I0727 04:13:53.279160 50980 raft_consensus.cc:560] T 7ee54e893cce4e749cad362104302e81 P 6f1af300e1d549d6b1cdd8bf3b9aeb9c [term 0 FOLLOWER]: Becoming Follower/Learner. State: Replica: 6f1af300e1d549d6b1cdd8bf3b9aeb9c, State: Running, Role: FOLLOWER
I0727 04:13:53.279166 50980 consensus_queue.cc:186] T 7ee54e893cce4e749cad362104302e81 P 6f1af300e1d549d6b1cdd8bf3b9aeb9c [NON_LEADER]: Queue going to NON_LEADER mode. State: All replicated index: 0, Majority replicated index: 0, Committed index: 0, Last appended: 0.0, Last appended by leader: 0, Current term: 0, Majority size: -1, State: 1, Mode: NON_LEADER
I0727 04:13:53.279201 50980 ts_tablet_manager.cc:775] T 7ee54e893cce4e749cad362104302e81 P 6f1af300e1d549d6b1cdd8bf3b9aeb9c: Time spent starting tablet: real 0.000s	user 0.000s	sys 0.000s
I0727 04:13:53.279213 50980 ts_tablet_manager.cc:741] T a8e914f58b434691b64c6df7f1b7bfe8 P 6f1af300e1d549d6b1cdd8bf3b9aeb9c: Bootstrapping tablet
I0727 04:13:53.279217 50980 tablet_bootstrap.cc:406] T a8e914f58b434691b64c6df7f1b7bfe8 P 6f1af300e1d549d6b1cdd8bf3b9aeb9c: Bootstrap starting.
I0727 04:13:53.279351 50980 tablet_bootstrap.cc:547] T a8e914f58b434691b64c6df7f1b7bfe8 P 6f1af300e1d549d6b1cdd8bf3b9aeb9c: No blocks or log segments found. Creating new log.
I0727 04:13:53.279731 50980 tablet_bootstrap.cc:406] T a8e914f58b434691b64c6df7f1b7bfe8 P 6f1af300e1d549d6b1cdd8bf3b9aeb9c: No bootstrap required, opened a new log
I0727 04:13:53.279747 50980 ts_tablet_manager.cc:746] T a8e914f58b434691b64c6df7f1b7bfe8 P 6f1af300e1d549d6b1cdd8bf3b9aeb9c: Time spent bootstrapping tablet: real 0.001s	user 0.000s	sys 0.000s
I0727 04:13:53.280011 50980 raft_consensus.cc:284] T a8e914f58b434691b64c6df7f1b7bfe8 P 6f1af300e1d549d6b1cdd8bf3b9aeb9c [term 0 FOLLOWER]: Replica starting. Triggering 0 pending transactions. Active config: opid_index: -1 OBSOLETE_local: false peers { permanent_uuid: "b497dbd6bd1a4c998891b00d2493a1bb" member_type: VOTER last_known_addr { host: "ip-172-31-12-168" port: 31202 } } peers { permanent_uuid: "3a3c735705964e1badb66c37a66a9096" member_type: VOTER last_known_addr { host: "ip-172-31-12-168" port: 31200 } } peers { permanent_uuid: "6f1af300e1d549d6b1cdd8bf3b9aeb9c" member_type: VOTER last_known_addr { host: "ip-172-31-12-168" port: 31201 } }
I0727 04:13:53.280023 50980 raft_consensus.cc:316] T a8e914f58b434691b64c6df7f1b7bfe8 P 6f1af300e1d549d6b1cdd8bf3b9aeb9c [term 0 FOLLOWER]: Consensus starting up: Expiring failure detector timer to make a prompt election more likely
I0727 04:13:53.280026 50980 raft_consensus.cc:560] T a8e914f58b434691b64c6df7f1b7bfe8 P 6f1af300e1d549d6b1cdd8bf3b9aeb9c [term 0 FOLLOWER]: Becoming Follower/Learner. State: Replica: 6f1af300e1d549d6b1cdd8bf3b9aeb9c, State: Running, Role: FOLLOWER
I0727 04:13:53.280033 50980 consensus_queue.cc:186] T a8e914f58b434691b64c6df7f1b7bfe8 P 6f1af300e1d549d6b1cdd8bf3b9aeb9c [NON_LEADER]: Queue going to NON_LEADER mode. State: All replicated index: 0, Majority replicated index: 0, Committed index: 0, Last appended: 0.0, Last appended by leader: 0, Current term: 0, Majority size: -1, State: 1, Mode: NON_LEADER
I0727 04:13:53.280066 50980 ts_tablet_manager.cc:775] T a8e914f58b434691b64c6df7f1b7bfe8 P 6f1af300e1d549d6b1cdd8bf3b9aeb9c: Time spent starting tablet: real 0.000s	user 0.000s	sys 0.000s
I0727 04:13:53.299968 50996 raft_consensus.cc:411] T a8e914f58b434691b64c6df7f1b7bfe8 P 6f1af300e1d549d6b1cdd8bf3b9aeb9c [term 0 FOLLOWER]: Starting pre-election (no leader contacted us within the election timeout)
I0727 04:13:53.299986 50996 raft_consensus.cc:2372] T a8e914f58b434691b64c6df7f1b7bfe8 P 6f1af300e1d549d6b1cdd8bf3b9aeb9c: Snoozing failure detection for election timeout plus an additional 1.862s
I0727 04:13:53.300006 50996 raft_consensus.cc:435] T a8e914f58b434691b64c6df7f1b7bfe8 P 6f1af300e1d549d6b1cdd8bf3b9aeb9c [term 0 FOLLOWER]: Starting pre-election with config: opid_index: -1 OBSOLETE_local: false peers { permanent_uuid: "b497dbd6bd1a4c998891b00d2493a1bb" member_type: VOTER last_known_addr { host: "ip-172-31-12-168" port: 31202 } } peers { permanent_uuid: "3a3c735705964e1badb66c37a66a9096" member_type: VOTER last_known_addr { host: "ip-172-31-12-168" port: 31200 } } peers { permanent_uuid: "6f1af300e1d549d6b1cdd8bf3b9aeb9c" member_type: VOTER last_known_addr { host: "ip-172-31-12-168" port: 31201 } }
I0727 04:13:53.300146 50996 leader_election.cc:217] T a8e914f58b434691b64c6df7f1b7bfe8 P 6f1af300e1d549d6b1cdd8bf3b9aeb9c [CANDIDATE]: Term 1 pre-election: Requesting pre-vote from peer b497dbd6bd1a4c998891b00d2493a1bb
I0727 04:13:53.300168 50996 leader_election.cc:217] T a8e914f58b434691b64c6df7f1b7bfe8 P 6f1af300e1d549d6b1cdd8bf3b9aeb9c [CANDIDATE]: Term 1 pre-election: Requesting pre-vote from peer 3a3c735705964e1badb66c37a66a9096
I0727 04:13:53.300310 20829 leader_election.cc:349] T a8e914f58b434691b64c6df7f1b7bfe8 P 6f1af300e1d549d6b1cdd8bf3b9aeb9c [CANDIDATE]: Term 1 pre-election: Vote granted by peer b497dbd6bd1a4c998891b00d2493a1bb
I0727 04:13:53.300328 20829 leader_election.cc:244] T a8e914f58b434691b64c6df7f1b7bfe8 P 6f1af300e1d549d6b1cdd8bf3b9aeb9c [CANDIDATE]: Term 1 pre-election: Election decided. Result: candidate won.
I0727 04:13:53.300341 20833 leader_election.cc:349] T a8e914f58b434691b64c6df7f1b7bfe8 P 6f1af300e1d549d6b1cdd8bf3b9aeb9c [CANDIDATE]: Term 1 pre-election: Vote granted by peer 3a3c735705964e1badb66c37a66a9096
I0727 04:13:53.300357 50051 raft_consensus.cc:2372] T a8e914f58b434691b64c6df7f1b7bfe8 P 6f1af300e1d549d6b1cdd8bf3b9aeb9c: Snoozing failure detection for election timeout plus an additional 1.964s
I0727 04:13:53.300370 50051 raft_consensus.cc:2176] T a8e914f58b434691b64c6df7f1b7bfe8 P 6f1af300e1d549d6b1cdd8bf3b9aeb9c [term 0 FOLLOWER]: Leader pre-election won for term 1
I0727 04:13:53.300374 50051 raft_consensus.cc:411] T a8e914f58b434691b64c6df7f1b7bfe8 P 6f1af300e1d549d6b1cdd8bf3b9aeb9c [term 0 FOLLOWER]: Starting leader election (no leader contacted us within the election timeout)
I0727 04:13:53.300382 50051 raft_consensus.cc:2372] T a8e914f58b434691b64c6df7f1b7bfe8 P 6f1af300e1d549d6b1cdd8bf3b9aeb9c: Snoozing failure detection for election timeout plus an additional 1.902s
I0727 04:13:53.300385 50051 raft_consensus.cc:2419] T a8e914f58b434691b64c6df7f1b7bfe8 P 6f1af300e1d549d6b1cdd8bf3b9aeb9c [term 0 FOLLOWER]: Advancing to term 1
I0727 04:13:53.300683 50051 raft_consensus.cc:435] T a8e914f58b434691b64c6df7f1b7bfe8 P 6f1af300e1d549d6b1cdd8bf3b9aeb9c [term 1 FOLLOWER]: Starting leader election with config: opid_index: -1 OBSOLETE_local: false peers { permanent_uuid: "b497dbd6bd1a4c998891b00d2493a1bb" member_type: VOTER last_known_addr { host: "ip-172-31-12-168" port: 31202 } } peers { permanent_uuid: "3a3c735705964e1badb66c37a66a9096" member_type: VOTER last_known_addr { host: "ip-172-31-12-168" port: 31200 } } peers { permanent_uuid: "6f1af300e1d549d6b1cdd8bf3b9aeb9c" member_type: VOTER last_known_addr { host: "ip-172-31-12-168" port: 31201 } }
I0727 04:13:53.300791 50051 leader_election.cc:217] T a8e914f58b434691b64c6df7f1b7bfe8 P 6f1af300e1d549d6b1cdd8bf3b9aeb9c [CANDIDATE]: Term 1 election: Requesting vote from peer b497dbd6bd1a4c998891b00d2493a1bb
I0727 04:13:53.300810 50051 leader_election.cc:217] T a8e914f58b434691b64c6df7f1b7bfe8 P 6f1af300e1d549d6b1cdd8bf3b9aeb9c [CANDIDATE]: Term 1 election: Requesting vote from peer 3a3c735705964e1badb66c37a66a9096
I0727 04:13:53.301180 20829 leader_election.cc:349] T a8e914f58b434691b64c6df7f1b7bfe8 P 6f1af300e1d549d6b1cdd8bf3b9aeb9c [CANDIDATE]: Term 1 election: Vote granted by peer b497dbd6bd1a4c998891b00d2493a1bb
I0727 04:13:53.301195 20829 leader_election.cc:244] T a8e914f58b434691b64c6df7f1b7bfe8 P 6f1af300e1d549d6b1cdd8bf3b9aeb9c [CANDIDATE]: Term 1 election: Election decided. Result: candidate won.
I0727 04:13:53.301218 20833 leader_election.cc:349] T a8e914f58b434691b64c6df7f1b7bfe8 P 6f1af300e1d549d6b1cdd8bf3b9aeb9c [CANDIDATE]: Term 1 election: Vote granted by peer 3a3c735705964e1badb66c37a66a9096
I0727 04:13:53.301223 50038 raft_consensus.cc:2372] T a8e914f58b434691b64c6df7f1b7bfe8 P 6f1af300e1d549d6b1cdd8bf3b9aeb9c: Snoozing failure detection for election timeout plus an additional 1.867s
I0727 04:13:53.301241 50038 raft_consensus.cc:2176] T a8e914f58b434691b64c6df7f1b7bfe8 P 6f1af300e1d549d6b1cdd8bf3b9aeb9c [term 1 FOLLOWER]: Leader election won for term 1
I0727 04:13:53.301259 50038 raft_consensus.cc:528] T a8e914f58b434691b64c6df7f1b7bfe8 P 6f1af300e1d549d6b1cdd8bf3b9aeb9c [term 1 LEADER]: Becoming Leader. State: Replica: 6f1af300e1d549d6b1cdd8bf3b9aeb9c, State: Running, Role: LEADER
I0727 04:13:53.301285 50038 consensus_queue.cc:165] T a8e914f58b434691b64c6df7f1b7bfe8 P 6f1af300e1d549d6b1cdd8bf3b9aeb9c [LEADER]: Queue going to LEADER mode. State: All replicated index: 0, Majority replicated index: 0, Committed index: 0, Last appended: 0.0, Last appended by leader: 0, Current term: 1, Majority size: 2, State: 1, Mode: LEADER, active raft config: opid_index: -1 OBSOLETE_local: false peers { permanent_uuid: "b497dbd6bd1a4c998891b00d2493a1bb" member_type: VOTER last_known_addr { host: "ip-172-31-12-168" port: 31202 } } peers { permanent_uuid: "3a3c735705964e1badb66c37a66a9096" member_type: VOTER last_known_addr { host: "ip-172-31-12-168" port: 31200 } } peers { permanent_uuid: "6f1af300e1d549d6b1cdd8bf3b9aeb9c" member_type: VOTER last_known_addr { host: "ip-172-31-12-168" port: 31201 } }
I0727 04:13:53.531210 50984 raft_consensus.cc:411] T 3b4b9c40ec1e40639b260d5dbd2964c2 P 6f1af300e1d549d6b1cdd8bf3b9aeb9c [term 0 FOLLOWER]: Starting pre-election (no leader contacted us within the election timeout)
I0727 04:13:53.531230 50984 raft_consensus.cc:2372] T 3b4b9c40ec1e40639b260d5dbd2964c2 P 6f1af300e1d549d6b1cdd8bf3b9aeb9c: Snoozing failure detection for election timeout plus an additional 1.885s
I0727 04:13:53.531253 50984 raft_consensus.cc:435] T 3b4b9c40ec1e40639b260d5dbd2964c2 P 6f1af300e1d549d6b1cdd8bf3b9aeb9c [term 0 FOLLOWER]: Starting pre-election with config: opid_index: -1 OBSOLETE_local: false peers { permanent_uuid: "b497dbd6bd1a4c998891b00d2493a1bb" member_type: VOTER last_known_addr { host: "ip-172-31-12-168" port: 31202 } } peers { permanent_uuid: "3a3c735705964e1badb66c37a66a9096" member_type: VOTER last_known_addr { host: "ip-172-31-12-168" port: 31200 } } peers { permanent_uuid: "6f1af300e1d549d6b1cdd8bf3b9aeb9c" member_type: VOTER last_known_addr { host: "ip-172-31-12-168" port: 31201 } }
I0727 04:13:53.531393 50984 leader_election.cc:217] T 3b4b9c40ec1e40639b260d5dbd2964c2 P 6f1af300e1d549d6b1cdd8bf3b9aeb9c [CANDIDATE]: Term 1 pre-election: Requesting pre-vote from peer b497dbd6bd1a4c998891b00d2493a1bb
I0727 04:13:53.531419 50984 leader_election.cc:217] T 3b4b9c40ec1e40639b260d5dbd2964c2 P 6f1af300e1d549d6b1cdd8bf3b9aeb9c [CANDIDATE]: Term 1 pre-election: Requesting pre-vote from peer 3a3c735705964e1badb66c37a66a9096
I0727 04:13:53.531574 20829 leader_election.cc:349] T 3b4b9c40ec1e40639b260d5dbd2964c2 P 6f1af300e1d549d6b1cdd8bf3b9aeb9c [CANDIDATE]: Term 1 pre-election: Vote granted by peer b497dbd6bd1a4c998891b00d2493a1bb
I0727 04:13:53.531589 20829 leader_election.cc:244] T 3b4b9c40ec1e40639b260d5dbd2964c2 P 6f1af300e1d549d6b1cdd8bf3b9aeb9c [CANDIDATE]: Term 1 pre-election: Election decided. Result: candidate won.
I0727 04:13:53.531618 50038 raft_consensus.cc:2372] T 3b4b9c40ec1e40639b260d5dbd2964c2 P 6f1af300e1d549d6b1cdd8bf3b9aeb9c: Snoozing failure detection for election timeout plus an additional 1.704s
I0727 04:13:53.531627 20833 leader_election.cc:349] T 3b4b9c40ec1e40639b260d5dbd2964c2 P 6f1af300e1d549d6b1cdd8bf3b9aeb9c [CANDIDATE]: Term 1 pre-election: Vote granted by peer 3a3c735705964e1badb66c37a66a9096
I0727 04:13:53.531632 50038 raft_consensus.cc:2176] T 3b4b9c40ec1e40639b260d5dbd2964c2 P 6f1af300e1d549d6b1cdd8bf3b9aeb9c [term 0 FOLLOWER]: Leader pre-election won for term 1
I0727 04:13:53.531635 50038 raft_consensus.cc:411] T 3b4b9c40ec1e40639b260d5dbd2964c2 P 6f1af300e1d549d6b1cdd8bf3b9aeb9c [term 0 FOLLOWER]: Starting leader election (no leader contacted us within the election timeout)
I0727 04:13:53.531638 50038 raft_consensus.cc:2372] T 3b4b9c40ec1e40639b260d5dbd2964c2 P 6f1af300e1d549d6b1cdd8bf3b9aeb9c: Snoozing failure detection for election timeout plus an additional 1.531s
I0727 04:13:53.531646 50038 raft_consensus.cc:2419] T 3b4b9c40ec1e40639b260d5dbd2964c2 P 6f1af300e1d549d6b1cdd8bf3b9aeb9c [term 0 FOLLOWER]: Advancing to term 1
