I0727 05:20:47.658759 116056 log.cc:562] T 31cafc285b5c4b6ca4c0dcae1060a1fa P 6f1af300e1d549d6b1cdd8bf3b9aeb9c: Rolled over to a new log segment at /home/ubuntu/Impala/testdata/cluster/cdh5/node-2/var/lib/kudu/ts/wal/wals/31cafc285b5c4b6ca4c0dcae1060a1fa/wal-000000003
I0727 05:20:48.085598 116087 log.cc:647] T 61d92cfa20734741aabbbe06dbbd87ac P 6f1af300e1d549d6b1cdd8bf3b9aeb9c: Max segment size reached. Starting new segment allocation
I0727 05:20:48.137826 116100 log.cc:647] T 6fba03ee91f54e79aa6fcf6ded8eddb0 P 6f1af300e1d549d6b1cdd8bf3b9aeb9c: Max segment size reached. Starting new segment allocation
I0727 05:20:48.170699 116087 log.cc:562] T 61d92cfa20734741aabbbe06dbbd87ac P 6f1af300e1d549d6b1cdd8bf3b9aeb9c: Rolled over to a new log segment at /home/ubuntu/Impala/testdata/cluster/cdh5/node-2/var/lib/kudu/ts/wal/wals/61d92cfa20734741aabbbe06dbbd87ac/wal-000000003
I0727 05:20:48.211807 116100 log.cc:562] T 6fba03ee91f54e79aa6fcf6ded8eddb0 P 6f1af300e1d549d6b1cdd8bf3b9aeb9c: Rolled over to a new log segment at /home/ubuntu/Impala/testdata/cluster/cdh5/node-2/var/lib/kudu/ts/wal/wals/6fba03ee91f54e79aa6fcf6ded8eddb0/wal-000000002
I0727 05:20:48.484575 116056 log.cc:647] T 31cafc285b5c4b6ca4c0dcae1060a1fa P 6f1af300e1d549d6b1cdd8bf3b9aeb9c: Max segment size reached. Starting new segment allocation
I0727 05:20:48.558683 116056 log.cc:562] T 31cafc285b5c4b6ca4c0dcae1060a1fa P 6f1af300e1d549d6b1cdd8bf3b9aeb9c: Rolled over to a new log segment at /home/ubuntu/Impala/testdata/cluster/cdh5/node-2/var/lib/kudu/ts/wal/wals/31cafc285b5c4b6ca4c0dcae1060a1fa/wal-000000004
I0727 05:20:49.003178 116100 log.cc:647] T 6fba03ee91f54e79aa6fcf6ded8eddb0 P 6f1af300e1d549d6b1cdd8bf3b9aeb9c: Max segment size reached. Starting new segment allocation
I0727 05:20:49.075037 116087 log.cc:647] T 61d92cfa20734741aabbbe06dbbd87ac P 6f1af300e1d549d6b1cdd8bf3b9aeb9c: Max segment size reached. Starting new segment allocation
I0727 05:20:49.123299 116100 log.cc:562] T 6fba03ee91f54e79aa6fcf6ded8eddb0 P 6f1af300e1d549d6b1cdd8bf3b9aeb9c: Rolled over to a new log segment at /home/ubuntu/Impala/testdata/cluster/cdh5/node-2/var/lib/kudu/ts/wal/wals/6fba03ee91f54e79aa6fcf6ded8eddb0/wal-000000003
I0727 05:20:49.170644 116087 log.cc:562] T 61d92cfa20734741aabbbe06dbbd87ac P 6f1af300e1d549d6b1cdd8bf3b9aeb9c: Rolled over to a new log segment at /home/ubuntu/Impala/testdata/cluster/cdh5/node-2/var/lib/kudu/ts/wal/wals/61d92cfa20734741aabbbe06dbbd87ac/wal-000000004
I0727 05:20:49.464874 116056 log.cc:647] T 31cafc285b5c4b6ca4c0dcae1060a1fa P 6f1af300e1d549d6b1cdd8bf3b9aeb9c: Max segment size reached. Starting new segment allocation
I0727 05:20:49.499436 20815 tablet.cc:1039] T 991bceb3ecd643048b2612ea06d7f6f6 P 6f1af300e1d549d6b1cdd8bf3b9aeb9c: Flush: entering stage 1 (old memrowset already frozen for inserts)
I0727 05:20:49.499454 20815 compaction.cc:881] Selected 1 rowsets to compact:
I0727 05:20:49.499457 20815 compaction.cc:884] memrowset(current size on disk: ~0 bytes)
I0727 05:20:49.499459 20815 tablet.cc:1041] T 991bceb3ecd643048b2612ea06d7f6f6 P 6f1af300e1d549d6b1cdd8bf3b9aeb9c: Memstore in-memory size: 259587863 bytes
I0727 05:20:49.499464 20815 tablet.cc:1304] T 991bceb3ecd643048b2612ea06d7f6f6 P 6f1af300e1d549d6b1cdd8bf3b9aeb9c: Flush: entering phase 1 (flushing snapshot). Phase 1 snapshot: MvccSnapshot[committed={T|T < 6148640139988570112 or (T in {6148640139988570112})}]
I0727 05:20:49.500147 20815 multi_column_writer.cc:95] Opened CFile writers for 16 column(s)
I0727 05:20:49.571542 116056 log.cc:562] T 31cafc285b5c4b6ca4c0dcae1060a1fa P 6f1af300e1d549d6b1cdd8bf3b9aeb9c: Rolled over to a new log segment at /home/ubuntu/Impala/testdata/cluster/cdh5/node-2/var/lib/kudu/ts/wal/wals/31cafc285b5c4b6ca4c0dcae1060a1fa/wal-000000005
I0727 05:20:50.026100 116087 log.cc:647] T 61d92cfa20734741aabbbe06dbbd87ac P 6f1af300e1d549d6b1cdd8bf3b9aeb9c: Max segment size reached. Starting new segment allocation
I0727 05:20:50.102951 116087 log.cc:562] T 61d92cfa20734741aabbbe06dbbd87ac P 6f1af300e1d549d6b1cdd8bf3b9aeb9c: Rolled over to a new log segment at /home/ubuntu/Impala/testdata/cluster/cdh5/node-2/var/lib/kudu/ts/wal/wals/61d92cfa20734741aabbbe06dbbd87ac/wal-000000005
I0727 05:20:50.271100 20815 multi_column_writer.cc:95] Opened CFile writers for 16 column(s)
I0727 05:20:50.297868 116129 log.cc:647] T 6fba03ee91f54e79aa6fcf6ded8eddb0 P 6f1af300e1d549d6b1cdd8bf3b9aeb9c: Max segment size reached. Starting new segment allocation
I0727 05:20:50.391340 116129 log.cc:562] T 6fba03ee91f54e79aa6fcf6ded8eddb0 P 6f1af300e1d549d6b1cdd8bf3b9aeb9c: Rolled over to a new log segment at /home/ubuntu/Impala/testdata/cluster/cdh5/node-2/var/lib/kudu/ts/wal/wals/6fba03ee91f54e79aa6fcf6ded8eddb0/wal-000000004
I0727 05:20:50.422511 116056 log.cc:647] T 31cafc285b5c4b6ca4c0dcae1060a1fa P 6f1af300e1d549d6b1cdd8bf3b9aeb9c: Max segment size reached. Starting new segment allocation
I0727 05:20:50.469756 20815 tablet.cc:1389] T 991bceb3ecd643048b2612ea06d7f6f6 P 6f1af300e1d549d6b1cdd8bf3b9aeb9c: Flush: entering phase 2 (starting to duplicate updates in new rowsets)
I0727 05:20:50.469789 20815 tablet.cc:1444] T 991bceb3ecd643048b2612ea06d7f6f6 P 6f1af300e1d549d6b1cdd8bf3b9aeb9c: Flush Phase 2: carrying over any updates which arrived during Phase 1
I0727 05:20:50.469794 20815 tablet.cc:1446] T 991bceb3ecd643048b2612ea06d7f6f6 P 6f1af300e1d549d6b1cdd8bf3b9aeb9c: Phase 2 snapshot: MvccSnapshot[committed={T|T < 6148640139988570112 or (T in {6148640139988570112})}]
I0727 05:20:50.532372 20815 tablet.cc:1488] T 991bceb3ecd643048b2612ea06d7f6f6 P 6f1af300e1d549d6b1cdd8bf3b9aeb9c: Flush successful on 668784 rows (44877679 bytes)
I0727 05:20:50.534301 20815 maintenance_manager.cc:435] Time spent running FlushMRSOp(991bceb3ecd643048b2612ea06d7f6f6): real 1.035s	user 0.855s	sys 0.060s
I0727 05:20:50.534327 20815 maintenance_manager.cc:441] P 6f1af300e1d549d6b1cdd8bf3b9aeb9c: FlushMRSOp(991bceb3ecd643048b2612ea06d7f6f6) metrics: {"cfile_init":2,"thread_start_us":204,"threads_started":1,"wal-append.queue_time_us":225}
I0727 05:20:50.534974 20815 log_reader.cc:377] T 991bceb3ecd643048b2612ea06d7f6f6: removed 17 log segments from log reader
I0727 05:20:50.534982 20815 log.cc:868] T 991bceb3ecd643048b2612ea06d7f6f6 P 6f1af300e1d549d6b1cdd8bf3b9aeb9c: Deleting log segment in path: /home/ubuntu/Impala/testdata/cluster/cdh5/node-2/var/lib/kudu/ts/wal/wals/991bceb3ecd643048b2612ea06d7f6f6/wal-000000001 (ops 1-2)
I0727 05:20:50.535002 20815 log.cc:868] T 991bceb3ecd643048b2612ea06d7f6f6 P 6f1af300e1d549d6b1cdd8bf3b9aeb9c: Deleting log segment in path: /home/ubuntu/Impala/testdata/cluster/cdh5/node-2/var/lib/kudu/ts/wal/wals/991bceb3ecd643048b2612ea06d7f6f6/wal-000000002 (ops 3-3)
I0727 05:20:50.535014 20815 log.cc:868] T 991bceb3ecd643048b2612ea06d7f6f6 P 6f1af300e1d549d6b1cdd8bf3b9aeb9c: Deleting log segment in path: /home/ubuntu/Impala/testdata/cluster/cdh5/node-2/var/lib/kudu/ts/wal/wals/991bceb3ecd643048b2612ea06d7f6f6/wal-000000003 (ops 4-4)
I0727 05:20:50.535028 20815 log.cc:868] T 991bceb3ecd643048b2612ea06d7f6f6 P 6f1af300e1d549d6b1cdd8bf3b9aeb9c: Deleting log segment in path: /home/ubuntu/Impala/testdata/cluster/cdh5/node-2/var/lib/kudu/ts/wal/wals/991bceb3ecd643048b2612ea06d7f6f6/wal-000000004 (ops 5-5)
I0727 05:20:50.535037 20815 log.cc:868] T 991bceb3ecd643048b2612ea06d7f6f6 P 6f1af300e1d549d6b1cdd8bf3b9aeb9c: Deleting log segment in path: /home/ubuntu/Impala/testdata/cluster/cdh5/node-2/var/lib/kudu/ts/wal/wals/991bceb3ecd643048b2612ea06d7f6f6/wal-000000005 (ops 6-6)
I0727 05:20:50.535049 20815 log.cc:868] T 991bceb3ecd643048b2612ea06d7f6f6 P 6f1af300e1d549d6b1cdd8bf3b9aeb9c: Deleting log segment in path: /home/ubuntu/Impala/testdata/cluster/cdh5/node-2/var/lib/kudu/ts/wal/wals/991bceb3ecd643048b2612ea06d7f6f6/wal-000000006 (ops 7-7)
I0727 05:20:50.535063 20815 log.cc:868] T 991bceb3ecd643048b2612ea06d7f6f6 P 6f1af300e1d549d6b1cdd8bf3b9aeb9c: Deleting log segment in path: /home/ubuntu/Impala/testdata/cluster/cdh5/node-2/var/lib/kudu/ts/wal/wals/991bceb3ecd643048b2612ea06d7f6f6/wal-000000007 (ops 8-8)
I0727 05:20:50.535073 20815 log.cc:868] T 991bceb3ecd643048b2612ea06d7f6f6 P 6f1af300e1d549d6b1cdd8bf3b9aeb9c: Deleting log segment in path: /home/ubuntu/Impala/testdata/cluster/cdh5/node-2/var/lib/kudu/ts/wal/wals/991bceb3ecd643048b2612ea06d7f6f6/wal-000000008 (ops 9-9)
I0727 05:20:50.535085 20815 log.cc:868] T 991bceb3ecd643048b2612ea06d7f6f6 P 6f1af300e1d549d6b1cdd8bf3b9aeb9c: Deleting log segment in path: /home/ubuntu/Impala/testdata/cluster/cdh5/node-2/var/lib/kudu/ts/wal/wals/991bceb3ecd643048b2612ea06d7f6f6/wal-000000009 (ops 10-10)
I0727 05:20:50.535096 20815 log.cc:868] T 991bceb3ecd643048b2612ea06d7f6f6 P 6f1af300e1d549d6b1cdd8bf3b9aeb9c: Deleting log segment in path: /home/ubuntu/Impala/testdata/cluster/cdh5/node-2/var/lib/kudu/ts/wal/wals/991bceb3ecd643048b2612ea06d7f6f6/wal-000000010 (ops 11-11)
I0727 05:20:50.535107 20815 log.cc:868] T 991bceb3ecd643048b2612ea06d7f6f6 P 6f1af300e1d549d6b1cdd8bf3b9aeb9c: Deleting log segment in path: /home/ubuntu/Impala/testdata/cluster/cdh5/node-2/var/lib/kudu/ts/wal/wals/991bceb3ecd643048b2612ea06d7f6f6/wal-000000011 (ops 12-12)
I0727 05:20:50.535114 20815 log.cc:868] T 991bceb3ecd643048b2612ea06d7f6f6 P 6f1af300e1d549d6b1cdd8bf3b9aeb9c: Deleting log segment in path: /home/ubuntu/Impala/testdata/cluster/cdh5/node-2/var/lib/kudu/ts/wal/wals/991bceb3ecd643048b2612ea06d7f6f6/wal-000000012 (ops 13-13)
I0727 05:20:50.535120 20815 log.cc:868] T 991bceb3ecd643048b2612ea06d7f6f6 P 6f1af300e1d549d6b1cdd8bf3b9aeb9c: Deleting log segment in path: /home/ubuntu/Impala/testdata/cluster/cdh5/node-2/var/lib/kudu/ts/wal/wals/991bceb3ecd643048b2612ea06d7f6f6/wal-000000013 (ops 14-14)
I0727 05:20:50.535126 20815 log.cc:868] T 991bceb3ecd643048b2612ea06d7f6f6 P 6f1af300e1d549d6b1cdd8bf3b9aeb9c: Deleting log segment in path: /home/ubuntu/Impala/testdata/cluster/cdh5/node-2/var/lib/kudu/ts/wal/wals/991bceb3ecd643048b2612ea06d7f6f6/wal-000000014 (ops 15-15)
I0727 05:20:50.535132 20815 log.cc:868] T 991bceb3ecd643048b2612ea06d7f6f6 P 6f1af300e1d549d6b1cdd8bf3b9aeb9c: Deleting log segment in path: /home/ubuntu/Impala/testdata/cluster/cdh5/node-2/var/lib/kudu/ts/wal/wals/991bceb3ecd643048b2612ea06d7f6f6/wal-000000015 (ops 16-16)
I0727 05:20:50.535138 20815 log.cc:868] T 991bceb3ecd643048b2612ea06d7f6f6 P 6f1af300e1d549d6b1cdd8bf3b9aeb9c: Deleting log segment in path: /home/ubuntu/Impala/testdata/cluster/cdh5/node-2/var/lib/kudu/ts/wal/wals/991bceb3ecd643048b2612ea06d7f6f6/wal-000000016 (ops 17-17)
I0727 05:20:50.535148 20815 log.cc:868] T 991bceb3ecd643048b2612ea06d7f6f6 P 6f1af300e1d549d6b1cdd8bf3b9aeb9c: Deleting log segment in path: /home/ubuntu/Impala/testdata/cluster/cdh5/node-2/var/lib/kudu/ts/wal/wals/991bceb3ecd643048b2612ea06d7f6f6/wal-000000017 (ops 18-18)
I0727 05:20:50.548382 20815 maintenance_manager.cc:435] Time spent running LogGCOp(991bceb3ecd643048b2612ea06d7f6f6): real 0.013s	user 0.000s	sys 0.012s
I0727 05:20:50.548410 20815 maintenance_manager.cc:441] P 6f1af300e1d549d6b1cdd8bf3b9aeb9c: LogGCOp(991bceb3ecd643048b2612ea06d7f6f6) metrics: {}
I0727 05:20:50.549288 20815 maintenance_manager.cc:435] Time spent running UndoDeltaBlockGCOp(991bceb3ecd643048b2612ea06d7f6f6): real 0.000s	user 0.000s	sys 0.000s
I0727 05:20:50.549302 20815 maintenance_manager.cc:441] P 6f1af300e1d549d6b1cdd8bf3b9aeb9c: UndoDeltaBlockGCOp(991bceb3ecd643048b2612ea06d7f6f6) metrics: {"cfile_init":2}
I0727 05:20:50.603983 116056 log.cc:562] T 31cafc285b5c4b6ca4c0dcae1060a1fa P 6f1af300e1d549d6b1cdd8bf3b9aeb9c: Rolled over to a new log segment at /home/ubuntu/Impala/testdata/cluster/cdh5/node-2/var/lib/kudu/ts/wal/wals/31cafc285b5c4b6ca4c0dcae1060a1fa/wal-000000006
I0727 05:20:50.968703 116087 log.cc:647] T 61d92cfa20734741aabbbe06dbbd87ac P 6f1af300e1d549d6b1cdd8bf3b9aeb9c: Max segment size reached. Starting new segment allocation
I0727 05:20:51.045822 116087 log.cc:562] T 61d92cfa20734741aabbbe06dbbd87ac P 6f1af300e1d549d6b1cdd8bf3b9aeb9c: Rolled over to a new log segment at /home/ubuntu/Impala/testdata/cluster/cdh5/node-2/var/lib/kudu/ts/wal/wals/61d92cfa20734741aabbbe06dbbd87ac/wal-000000006
I0727 05:20:51.209110 116129 log.cc:647] T 6fba03ee91f54e79aa6fcf6ded8eddb0 P 6f1af300e1d549d6b1cdd8bf3b9aeb9c: Max segment size reached. Starting new segment allocation
I0727 05:20:51.286712 116129 log.cc:562] T 6fba03ee91f54e79aa6fcf6ded8eddb0 P 6f1af300e1d549d6b1cdd8bf3b9aeb9c: Rolled over to a new log segment at /home/ubuntu/Impala/testdata/cluster/cdh5/node-2/var/lib/kudu/ts/wal/wals/6fba03ee91f54e79aa6fcf6ded8eddb0/wal-000000005
I0727 05:20:51.494585 116056 log.cc:647] T 31cafc285b5c4b6ca4c0dcae1060a1fa P 6f1af300e1d549d6b1cdd8bf3b9aeb9c: Max segment size reached. Starting new segment allocation
I0727 05:20:51.582933 116056 log.cc:562] T 31cafc285b5c4b6ca4c0dcae1060a1fa P 6f1af300e1d549d6b1cdd8bf3b9aeb9c: Rolled over to a new log segment at /home/ubuntu/Impala/testdata/cluster/cdh5/node-2/var/lib/kudu/ts/wal/wals/31cafc285b5c4b6ca4c0dcae1060a1fa/wal-000000007
I0727 05:20:51.897989 116087 log.cc:647] T 61d92cfa20734741aabbbe06dbbd87ac P 6f1af300e1d549d6b1cdd8bf3b9aeb9c: Max segment size reached. Starting new segment allocation
I0727 05:20:51.982467 116087 log.cc:562] T 61d92cfa20734741aabbbe06dbbd87ac P 6f1af300e1d549d6b1cdd8bf3b9aeb9c: Rolled over to a new log segment at /home/ubuntu/Impala/testdata/cluster/cdh5/node-2/var/lib/kudu/ts/wal/wals/61d92cfa20734741aabbbe06dbbd87ac/wal-000000007
I0727 05:20:52.153523 116129 log.cc:647] T 6fba03ee91f54e79aa6fcf6ded8eddb0 P 6f1af300e1d549d6b1cdd8bf3b9aeb9c: Max segment size reached. Starting new segment allocation
I0727 05:20:52.230118 116129 log.cc:562] T 6fba03ee91f54e79aa6fcf6ded8eddb0 P 6f1af300e1d549d6b1cdd8bf3b9aeb9c: Rolled over to a new log segment at /home/ubuntu/Impala/testdata/cluster/cdh5/node-2/var/lib/kudu/ts/wal/wals/6fba03ee91f54e79aa6fcf6ded8eddb0/wal-000000006
I0727 05:20:52.477869 116056 log.cc:647] T 31cafc285b5c4b6ca4c0dcae1060a1fa P 6f1af300e1d549d6b1cdd8bf3b9aeb9c: Max segment size reached. Starting new segment allocation
I0727 05:20:52.579174 116056 log.cc:562] T 31cafc285b5c4b6ca4c0dcae1060a1fa P 6f1af300e1d549d6b1cdd8bf3b9aeb9c: Rolled over to a new log segment at /home/ubuntu/Impala/testdata/cluster/cdh5/node-2/var/lib/kudu/ts/wal/wals/31cafc285b5c4b6ca4c0dcae1060a1fa/wal-000000008
I0727 05:20:52.815724 116087 log.cc:647] T 61d92cfa20734741aabbbe06dbbd87ac P 6f1af300e1d549d6b1cdd8bf3b9aeb9c: Max segment size reached. Starting new segment allocation
I0727 05:20:52.917176 116087 log.cc:562] T 61d92cfa20734741aabbbe06dbbd87ac P 6f1af300e1d549d6b1cdd8bf3b9aeb9c: Rolled over to a new log segment at /home/ubuntu/Impala/testdata/cluster/cdh5/node-2/var/lib/kudu/ts/wal/wals/61d92cfa20734741aabbbe06dbbd87ac/wal-000000008
I0727 05:20:53.074276 116129 log.cc:647] T 6fba03ee91f54e79aa6fcf6ded8eddb0 P 6f1af300e1d549d6b1cdd8bf3b9aeb9c: Max segment size reached. Starting new segment allocation
I0727 05:20:53.182791 116129 log.cc:562] T 6fba03ee91f54e79aa6fcf6ded8eddb0 P 6f1af300e1d549d6b1cdd8bf3b9aeb9c: Rolled over to a new log segment at /home/ubuntu/Impala/testdata/cluster/cdh5/node-2/var/lib/kudu/ts/wal/wals/6fba03ee91f54e79aa6fcf6ded8eddb0/wal-000000007
I0727 05:20:53.411037 116056 log.cc:647] T 31cafc285b5c4b6ca4c0dcae1060a1fa P 6f1af300e1d549d6b1cdd8bf3b9aeb9c: Max segment size reached. Starting new segment allocation
I0727 05:20:53.512750 116056 log.cc:562] T 31cafc285b5c4b6ca4c0dcae1060a1fa P 6f1af300e1d549d6b1cdd8bf3b9aeb9c: Rolled over to a new log segment at /home/ubuntu/Impala/testdata/cluster/cdh5/node-2/var/lib/kudu/ts/wal/wals/31cafc285b5c4b6ca4c0dcae1060a1fa/wal-000000009
I0727 05:20:53.748785 116087 log.cc:647] T 61d92cfa20734741aabbbe06dbbd87ac P 6f1af300e1d549d6b1cdd8bf3b9aeb9c: Max segment size reached. Starting new segment allocation
I0727 05:20:53.836648 116087 log.cc:562] T 61d92cfa20734741aabbbe06dbbd87ac P 6f1af300e1d549d6b1cdd8bf3b9aeb9c: Rolled over to a new log segment at /home/ubuntu/Impala/testdata/cluster/cdh5/node-2/var/lib/kudu/ts/wal/wals/61d92cfa20734741aabbbe06dbbd87ac/wal-000000009
I0727 05:20:54.003015 116129 log.cc:647] T 6fba03ee91f54e79aa6fcf6ded8eddb0 P 6f1af300e1d549d6b1cdd8bf3b9aeb9c: Max segment size reached. Starting new segment allocation
I0727 05:20:54.101404 116129 log.cc:562] T 6fba03ee91f54e79aa6fcf6ded8eddb0 P 6f1af300e1d549d6b1cdd8bf3b9aeb9c: Rolled over to a new log segment at /home/ubuntu/Impala/testdata/cluster/cdh5/node-2/var/lib/kudu/ts/wal/wals/6fba03ee91f54e79aa6fcf6ded8eddb0/wal-000000008
I0727 05:20:54.368022 116056 log.cc:647] T 31cafc285b5c4b6ca4c0dcae1060a1fa P 6f1af300e1d549d6b1cdd8bf3b9aeb9c: Max segment size reached. Starting new segment allocation
I0727 05:20:54.472322 116056 log.cc:562] T 31cafc285b5c4b6ca4c0dcae1060a1fa P 6f1af300e1d549d6b1cdd8bf3b9aeb9c: Rolled over to a new log segment at /home/ubuntu/Impala/testdata/cluster/cdh5/node-2/var/lib/kudu/ts/wal/wals/31cafc285b5c4b6ca4c0dcae1060a1fa/wal-000000010
I0727 05:20:54.680243 116087 log.cc:647] T 61d92cfa20734741aabbbe06dbbd87ac P 6f1af300e1d549d6b1cdd8bf3b9aeb9c: Max segment size reached. Starting new segment allocation
I0727 05:20:54.786700 116087 log.cc:562] T 61d92cfa20734741aabbbe06dbbd87ac P 6f1af300e1d549d6b1cdd8bf3b9aeb9c: Rolled over to a new log segment at /home/ubuntu/Impala/testdata/cluster/cdh5/node-2/var/lib/kudu/ts/wal/wals/61d92cfa20734741aabbbe06dbbd87ac/wal-000000010
I0727 05:20:54.943045 116129 log.cc:647] T 6fba03ee91f54e79aa6fcf6ded8eddb0 P 6f1af300e1d549d6b1cdd8bf3b9aeb9c: Max segment size reached. Starting new segment allocation
I0727 05:20:55.057376 116129 log.cc:562] T 6fba03ee91f54e79aa6fcf6ded8eddb0 P 6f1af300e1d549d6b1cdd8bf3b9aeb9c: Rolled over to a new log segment at /home/ubuntu/Impala/testdata/cluster/cdh5/node-2/var/lib/kudu/ts/wal/wals/6fba03ee91f54e79aa6fcf6ded8eddb0/wal-000000009
I0727 05:20:55.063446 20815 tablet.cc:1039] T dca01cf35daa4b6e8c4cfe3f7c383123 P 6f1af300e1d549d6b1cdd8bf3b9aeb9c: Flush: entering stage 1 (old memrowset already frozen for inserts)
I0727 05:20:55.063462 20815 compaction.cc:881] Selected 1 rowsets to compact:
I0727 05:20:55.063464 20815 compaction.cc:884] memrowset(current size on disk: ~0 bytes)
I0727 05:20:55.063467 20815 tablet.cc:1041] T dca01cf35daa4b6e8c4cfe3f7c383123 P 6f1af300e1d549d6b1cdd8bf3b9aeb9c: Memstore in-memory size: 251199255 bytes
I0727 05:20:55.063472 20815 tablet.cc:1304] T dca01cf35daa4b6e8c4cfe3f7c383123 P 6f1af300e1d549d6b1cdd8bf3b9aeb9c: Flush: entering phase 1 (flushing snapshot). Phase 1 snapshot: MvccSnapshot[committed={T|T < 6148640139646971904 or (T in {6148640139646971904})}]
I0727 05:20:55.064050 20815 multi_column_writer.cc:95] Opened CFile writers for 16 column(s)
I0727 05:20:55.334969 116056 log.cc:647] T 31cafc285b5c4b6ca4c0dcae1060a1fa P 6f1af300e1d549d6b1cdd8bf3b9aeb9c: Max segment size reached. Starting new segment allocation
I0727 05:20:55.445538 116056 log.cc:562] T 31cafc285b5c4b6ca4c0dcae1060a1fa P 6f1af300e1d549d6b1cdd8bf3b9aeb9c: Rolled over to a new log segment at /home/ubuntu/Impala/testdata/cluster/cdh5/node-2/var/lib/kudu/ts/wal/wals/31cafc285b5c4b6ca4c0dcae1060a1fa/wal-000000011
I0727 05:20:55.613778 116087 log.cc:647] T 61d92cfa20734741aabbbe06dbbd87ac P 6f1af300e1d549d6b1cdd8bf3b9aeb9c: Max segment size reached. Starting new segment allocation
I0727 05:20:55.732148 116087 log.cc:562] T 61d92cfa20734741aabbbe06dbbd87ac P 6f1af300e1d549d6b1cdd8bf3b9aeb9c: Rolled over to a new log segment at /home/ubuntu/Impala/testdata/cluster/cdh5/node-2/var/lib/kudu/ts/wal/wals/61d92cfa20734741aabbbe06dbbd87ac/wal-000000011
I0727 05:20:55.836262 20815 multi_column_writer.cc:95] Opened CFile writers for 16 column(s)
I0727 05:20:55.930061 116129 log.cc:647] T 6fba03ee91f54e79aa6fcf6ded8eddb0 P 6f1af300e1d549d6b1cdd8bf3b9aeb9c: Max segment size reached. Starting new segment allocation
I0727 05:20:56.036098 116129 log.cc:562] T 6fba03ee91f54e79aa6fcf6ded8eddb0 P 6f1af300e1d549d6b1cdd8bf3b9aeb9c: Rolled over to a new log segment at /home/ubuntu/Impala/testdata/cluster/cdh5/node-2/var/lib/kudu/ts/wal/wals/6fba03ee91f54e79aa6fcf6ded8eddb0/wal-000000010
I0727 05:20:56.046531 20815 tablet.cc:1389] T dca01cf35daa4b6e8c4cfe3f7c383123 P 6f1af300e1d549d6b1cdd8bf3b9aeb9c: Flush: entering phase 2 (starting to duplicate updates in new rowsets)
I0727 05:20:56.046564 20815 tablet.cc:1444] T dca01cf35daa4b6e8c4cfe3f7c383123 P 6f1af300e1d549d6b1cdd8bf3b9aeb9c: Flush Phase 2: carrying over any updates which arrived during Phase 1
I0727 05:20:56.046573 20815 tablet.cc:1446] T dca01cf35daa4b6e8c4cfe3f7c383123 P 6f1af300e1d549d6b1cdd8bf3b9aeb9c: Phase 2 snapshot: MvccSnapshot[committed={T|T < 6148640139646971904 or (T in {6148640139646971904})}]
I0727 05:20:56.104888 20815 tablet.cc:1488] T dca01cf35daa4b6e8c4cfe3f7c383123 P 6f1af300e1d549d6b1cdd8bf3b9aeb9c: Flush successful on 666174 rows (44685558 bytes)
I0727 05:20:56.106772 20815 maintenance_manager.cc:435] Time spent running FlushMRSOp(dca01cf35daa4b6e8c4cfe3f7c383123): real 1.043s	user 0.843s	sys 0.068s
I0727 05:20:56.106797 20815 maintenance_manager.cc:441] P 6f1af300e1d549d6b1cdd8bf3b9aeb9c: FlushMRSOp(dca01cf35daa4b6e8c4cfe3f7c383123) metrics: {"cfile_init":2,"thread_start_us":203,"threads_started":1,"wal-append.queue_time_us":221}
I0727 05:20:56.107436 20815 log_reader.cc:377] T dca01cf35daa4b6e8c4cfe3f7c383123: removed 17 log segments from log reader
I0727 05:20:56.107447 20815 log.cc:868] T dca01cf35daa4b6e8c4cfe3f7c383123 P 6f1af300e1d549d6b1cdd8bf3b9aeb9c: Deleting log segment in path: /home/ubuntu/Impala/testdata/cluster/cdh5/node-2/var/lib/kudu/ts/wal/wals/dca01cf35daa4b6e8c4cfe3f7c383123/wal-000000001 (ops 1-2)
I0727 05:20:56.107468 20815 log.cc:868] T dca01cf35daa4b6e8c4cfe3f7c383123 P 6f1af300e1d549d6b1cdd8bf3b9aeb9c: Deleting log segment in path: /home/ubuntu/Impala/testdata/cluster/cdh5/node-2/var/lib/kudu/ts/wal/wals/dca01cf35daa4b6e8c4cfe3f7c383123/wal-000000002 (ops 3-3)
I0727 05:20:56.107484 20815 log.cc:868] T dca01cf35daa4b6e8c4cfe3f7c383123 P 6f1af300e1d549d6b1cdd8bf3b9aeb9c: Deleting log segment in path: /home/ubuntu/Impala/testdata/cluster/cdh5/node-2/var/lib/kudu/ts/wal/wals/dca01cf35daa4b6e8c4cfe3f7c383123/wal-000000003 (ops 4-4)
I0727 05:20:56.107503 20815 log.cc:868] T dca01cf35daa4b6e8c4cfe3f7c383123 P 6f1af300e1d549d6b1cdd8bf3b9aeb9c: Deleting log segment in path: /home/ubuntu/Impala/testdata/cluster/cdh5/node-2/var/lib/kudu/ts/wal/wals/dca01cf35daa4b6e8c4cfe3f7c383123/wal-000000004 (ops 5-5)
I0727 05:20:56.107520 20815 log.cc:868] T dca01cf35daa4b6e8c4cfe3f7c383123 P 6f1af300e1d549d6b1cdd8bf3b9aeb9c: Deleting log segment in path: /home/ubuntu/Impala/testdata/cluster/cdh5/node-2/var/lib/kudu/ts/wal/wals/dca01cf35daa4b6e8c4cfe3f7c383123/wal-000000005 (ops 6-6)
I0727 05:20:56.107534 20815 log.cc:868] T dca01cf35daa4b6e8c4cfe3f7c383123 P 6f1af300e1d549d6b1cdd8bf3b9aeb9c: Deleting log segment in path: /home/ubuntu/Impala/testdata/cluster/cdh5/node-2/var/lib/kudu/ts/wal/wals/dca01cf35daa4b6e8c4cfe3f7c383123/wal-000000006 (ops 7-7)
I0727 05:20:56.107550 20815 log.cc:868] T dca01cf35daa4b6e8c4cfe3f7c383123 P 6f1af300e1d549d6b1cdd8bf3b9aeb9c: Deleting log segment in path: /home/ubuntu/Impala/testdata/cluster/cdh5/node-2/var/lib/kudu/ts/wal/wals/dca01cf35daa4b6e8c4cfe3f7c383123/wal-000000007 (ops 8-8)
I0727 05:20:56.107565 20815 log.cc:868] T dca01cf35daa4b6e8c4cfe3f7c383123 P 6f1af300e1d549d6b1cdd8bf3b9aeb9c: Deleting log segment in path: /home/ubuntu/Impala/testdata/cluster/cdh5/node-2/var/lib/kudu/ts/wal/wals/dca01cf35daa4b6e8c4cfe3f7c383123/wal-000000008 (ops 9-9)
I0727 05:20:56.107579 20815 log.cc:868] T dca01cf35daa4b6e8c4cfe3f7c383123 P 6f1af300e1d549d6b1cdd8bf3b9aeb9c: Deleting log segment in path: /home/ubuntu/Impala/testdata/cluster/cdh5/node-2/var/lib/kudu/ts/wal/wals/dca01cf35daa4b6e8c4cfe3f7c383123/wal-000000009 (ops 10-10)
I0727 05:20:56.107589 20815 log.cc:868] T dca01cf35daa4b6e8c4cfe3f7c383123 P 6f1af300e1d549d6b1cdd8bf3b9aeb9c: Deleting log segment in path: /home/ubuntu/Impala/testdata/cluster/cdh5/node-2/var/lib/kudu/ts/wal/wals/dca01cf35daa4b6e8c4cfe3f7c383123/wal-000000010 (ops 11-11)
I0727 05:20:56.107597 20815 log.cc:868] T dca01cf35daa4b6e8c4cfe3f7c383123 P 6f1af300e1d549d6b1cdd8bf3b9aeb9c: Deleting log segment in path: /home/ubuntu/Impala/testdata/cluster/cdh5/node-2/var/lib/kudu/ts/wal/wals/dca01cf35daa4b6e8c4cfe3f7c383123/wal-000000011 (ops 12-12)
I0727 05:20:56.107610 20815 log.cc:868] T dca01cf35daa4b6e8c4cfe3f7c383123 P 6f1af300e1d549d6b1cdd8bf3b9aeb9c: Deleting log segment in path: /home/ubuntu/Impala/testdata/cluster/cdh5/node-2/var/lib/kudu/ts/wal/wals/dca01cf35daa4b6e8c4cfe3f7c383123/wal-000000012 (ops 13-13)
I0727 05:20:56.107625 20815 log.cc:868] T dca01cf35daa4b6e8c4cfe3f7c383123 P 6f1af300e1d549d6b1cdd8bf3b9aeb9c: Deleting log segment in path: /home/ubuntu/Impala/testdata/cluster/cdh5/node-2/var/lib/kudu/ts/wal/wals/dca01cf35daa4b6e8c4cfe3f7c383123/wal-000000013 (ops 14-14)
I0727 05:20:56.107641 20815 log.cc:868] T dca01cf35daa4b6e8c4cfe3f7c383123 P 6f1af300e1d549d6b1cdd8bf3b9aeb9c: Deleting log segment in path: /home/ubuntu/Impala/testdata/cluster/cdh5/node-2/var/lib/kudu/ts/wal/wals/dca01cf35daa4b6e8c4cfe3f7c383123/wal-000000014 (ops 15-15)
I0727 05:20:56.107656 20815 log.cc:868] T dca01cf35daa4b6e8c4cfe3f7c383123 P 6f1af300e1d549d6b1cdd8bf3b9aeb9c: Deleting log segment in path: /home/ubuntu/Impala/testdata/cluster/cdh5/node-2/var/lib/kudu/ts/wal/wals/dca01cf35daa4b6e8c4cfe3f7c383123/wal-000000015 (ops 16-16)
I0727 05:20:56.107674 20815 log.cc:868] T dca01cf35daa4b6e8c4cfe3f7c383123 P 6f1af300e1d549d6b1cdd8bf3b9aeb9c: Deleting log segment in path: /home/ubuntu/Impala/testdata/cluster/cdh5/node-2/var/lib/kudu/ts/wal/wals/dca01cf35daa4b6e8c4cfe3f7c383123/wal-000000016 (ops 17-17)
I0727 05:20:56.107688 20815 log.cc:868] T dca01cf35daa4b6e8c4cfe3f7c383123 P 6f1af300e1d549d6b1cdd8bf3b9aeb9c: Deleting log segment in path: /home/ubuntu/Impala/testdata/cluster/cdh5/node-2/var/lib/kudu/ts/wal/wals/dca01cf35daa4b6e8c4cfe3f7c383123/wal-000000017 (ops 18-18)
I0727 05:20:56.120720 20815 maintenance_manager.cc:435] Time spent running LogGCOp(dca01cf35daa4b6e8c4cfe3f7c383123): real 0.013s	user 0.000s	sys 0.016s
I0727 05:20:56.120740 20815 maintenance_manager.cc:441] P 6f1af300e1d549d6b1cdd8bf3b9aeb9c: LogGCOp(dca01cf35daa4b6e8c4cfe3f7c383123) metrics: {}
I0727 05:20:56.121309 20815 maintenance_manager.cc:435] Time spent running UndoDeltaBlockGCOp(dca01cf35daa4b6e8c4cfe3f7c383123): real 0.000s	user 0.000s	sys 0.000s
I0727 05:20:56.121325 20815 maintenance_manager.cc:441] P 6f1af300e1d549d6b1cdd8bf3b9aeb9c: UndoDeltaBlockGCOp(dca01cf35daa4b6e8c4cfe3f7c383123) metrics: {"cfile_init":2}
I0727 05:20:56.388504 116056 log.cc:647] T 31cafc285b5c4b6ca4c0dcae1060a1fa P 6f1af300e1d549d6b1cdd8bf3b9aeb9c: Max segment size reached. Starting new segment allocation
I0727 05:20:56.497957 116056 log.cc:562] T 31cafc285b5c4b6ca4c0dcae1060a1fa P 6f1af300e1d549d6b1cdd8bf3b9aeb9c: Rolled over to a new log segment at /home/ubuntu/Impala/testdata/cluster/cdh5/node-2/var/lib/kudu/ts/wal/wals/31cafc285b5c4b6ca4c0dcae1060a1fa/wal-000000012
I0727 05:20:56.548542 116087 log.cc:647] T 61d92cfa20734741aabbbe06dbbd87ac P 6f1af300e1d549d6b1cdd8bf3b9aeb9c: Max segment size reached. Starting new segment allocation
I0727 05:20:56.632755 116087 log.cc:562] T 61d92cfa20734741aabbbe06dbbd87ac P 6f1af300e1d549d6b1cdd8bf3b9aeb9c: Rolled over to a new log segment at /home/ubuntu/Impala/testdata/cluster/cdh5/node-2/var/lib/kudu/ts/wal/wals/61d92cfa20734741aabbbe06dbbd87ac/wal-000000012
I0727 05:20:56.917443 116129 log.cc:647] T 6fba03ee91f54e79aa6fcf6ded8eddb0 P 6f1af300e1d549d6b1cdd8bf3b9aeb9c: Max segment size reached. Starting new segment allocation
I0727 05:20:57.017930 116129 log.cc:562] T 6fba03ee91f54e79aa6fcf6ded8eddb0 P 6f1af300e1d549d6b1cdd8bf3b9aeb9c: Rolled over to a new log segment at /home/ubuntu/Impala/testdata/cluster/cdh5/node-2/var/lib/kudu/ts/wal/wals/6fba03ee91f54e79aa6fcf6ded8eddb0/wal-000000011
I0727 05:20:57.321137 116056 log.cc:647] T 31cafc285b5c4b6ca4c0dcae1060a1fa P 6f1af300e1d549d6b1cdd8bf3b9aeb9c: Max segment size reached. Starting new segment allocation
I0727 05:20:57.398854 116056 log.cc:562] T 31cafc285b5c4b6ca4c0dcae1060a1fa P 6f1af300e1d549d6b1cdd8bf3b9aeb9c: Rolled over to a new log segment at /home/ubuntu/Impala/testdata/cluster/cdh5/node-2/var/lib/kudu/ts/wal/wals/31cafc285b5c4b6ca4c0dcae1060a1fa/wal-000000013
I0727 05:20:57.505825 116087 log.cc:647] T 61d92cfa20734741aabbbe06dbbd87ac P 6f1af300e1d549d6b1cdd8bf3b9aeb9c: Max segment size reached. Starting new segment allocation
I0727 05:20:57.583746 116087 log.cc:562] T 61d92cfa20734741aabbbe06dbbd87ac P 6f1af300e1d549d6b1cdd8bf3b9aeb9c: Rolled over to a new log segment at /home/ubuntu/Impala/testdata/cluster/cdh5/node-2/var/lib/kudu/ts/wal/wals/61d92cfa20734741aabbbe06dbbd87ac/wal-000000013
I0727 05:20:57.843508 116129 log.cc:647] T 6fba03ee91f54e79aa6fcf6ded8eddb0 P 6f1af300e1d549d6b1cdd8bf3b9aeb9c: Max segment size reached. Starting new segment allocation
I0727 05:20:57.920153 116129 log.cc:562] T 6fba03ee91f54e79aa6fcf6ded8eddb0 P 6f1af300e1d549d6b1cdd8bf3b9aeb9c: Rolled over to a new log segment at /home/ubuntu/Impala/testdata/cluster/cdh5/node-2/var/lib/kudu/ts/wal/wals/6fba03ee91f54e79aa6fcf6ded8eddb0/wal-000000012
I0727 05:20:58.296165 116056 log.cc:647] T 31cafc285b5c4b6ca4c0dcae1060a1fa P 6f1af300e1d549d6b1cdd8bf3b9aeb9c: Max segment size reached. Starting new segment allocation
I0727 05:20:58.379362 116056 log.cc:562] T 31cafc285b5c4b6ca4c0dcae1060a1fa P 6f1af300e1d549d6b1cdd8bf3b9aeb9c: Rolled over to a new log segment at /home/ubuntu/Impala/testdata/cluster/cdh5/node-2/var/lib/kudu/ts/wal/wals/31cafc285b5c4b6ca4c0dcae1060a1fa/wal-000000014
I0727 05:20:58.466449 116087 log.cc:647] T 61d92cfa20734741aabbbe06dbbd87ac P 6f1af300e1d549d6b1cdd8bf3b9aeb9c: Max segment size reached. Starting new segment allocation
I0727 05:20:58.553153 116087 log.cc:562] T 61d92cfa20734741aabbbe06dbbd87ac P 6f1af300e1d549d6b1cdd8bf3b9aeb9c: Rolled over to a new log segment at /home/ubuntu/Impala/testdata/cluster/cdh5/node-2/var/lib/kudu/ts/wal/wals/61d92cfa20734741aabbbe06dbbd87ac/wal-000000014
I0727 05:20:58.802716 116129 log.cc:647] T 6fba03ee91f54e79aa6fcf6ded8eddb0 P 6f1af300e1d549d6b1cdd8bf3b9aeb9c: Max segment size reached. Starting new segment allocation
I0727 05:20:58.878720 116129 log.cc:562] T 6fba03ee91f54e79aa6fcf6ded8eddb0 P 6f1af300e1d549d6b1cdd8bf3b9aeb9c: Rolled over to a new log segment at /home/ubuntu/Impala/testdata/cluster/cdh5/node-2/var/lib/kudu/ts/wal/wals/6fba03ee91f54e79aa6fcf6ded8eddb0/wal-000000013
I0727 05:20:59.220029 116056 log.cc:647] T 31cafc285b5c4b6ca4c0dcae1060a1fa P 6f1af300e1d549d6b1cdd8bf3b9aeb9c: Max segment size reached. Starting new segment allocation
I0727 05:20:59.309201 116056 log.cc:562] T 31cafc285b5c4b6ca4c0dcae1060a1fa P 6f1af300e1d549d6b1cdd8bf3b9aeb9c: Rolled over to a new log segment at /home/ubuntu/Impala/testdata/cluster/cdh5/node-2/var/lib/kudu/ts/wal/wals/31cafc285b5c4b6ca4c0dcae1060a1fa/wal-000000015
I0727 05:20:59.408279 116087 log.cc:647] T 61d92cfa20734741aabbbe06dbbd87ac P 6f1af300e1d549d6b1cdd8bf3b9aeb9c: Max segment size reached. Starting new segment allocation
I0727 05:20:59.493693 116087 log.cc:562] T 61d92cfa20734741aabbbe06dbbd87ac P 6f1af300e1d549d6b1cdd8bf3b9aeb9c: Rolled over to a new log segment at /home/ubuntu/Impala/testdata/cluster/cdh5/node-2/var/lib/kudu/ts/wal/wals/61d92cfa20734741aabbbe06dbbd87ac/wal-000000015
I0727 05:20:59.725399 116129 log.cc:647] T 6fba03ee91f54e79aa6fcf6ded8eddb0 P 6f1af300e1d549d6b1cdd8bf3b9aeb9c: Max segment size reached. Starting new segment allocation
I0727 05:20:59.799684 116129 log.cc:562] T 6fba03ee91f54e79aa6fcf6ded8eddb0 P 6f1af300e1d549d6b1cdd8bf3b9aeb9c: Rolled over to a new log segment at /home/ubuntu/Impala/testdata/cluster/cdh5/node-2/var/lib/kudu/ts/wal/wals/6fba03ee91f54e79aa6fcf6ded8eddb0/wal-000000014
I0727 05:21:00.199367 116056 log.cc:647] T 31cafc285b5c4b6ca4c0dcae1060a1fa P 6f1af300e1d549d6b1cdd8bf3b9aeb9c: Max segment size reached. Starting new segment allocation
I0727 05:21:00.286332 116056 log.cc:562] T 31cafc285b5c4b6ca4c0dcae1060a1fa P 6f1af300e1d549d6b1cdd8bf3b9aeb9c: Rolled over to a new log segment at /home/ubuntu/Impala/testdata/cluster/cdh5/node-2/var/lib/kudu/ts/wal/wals/31cafc285b5c4b6ca4c0dcae1060a1fa/wal-000000016
I0727 05:21:00.374068 116087 log.cc:647] T 61d92cfa20734741aabbbe06dbbd87ac P 6f1af300e1d549d6b1cdd8bf3b9aeb9c: Max segment size reached. Starting new segment allocation
I0727 05:21:00.457978 116087 log.cc:562] T 61d92cfa20734741aabbbe06dbbd87ac P 6f1af300e1d549d6b1cdd8bf3b9aeb9c: Rolled over to a new log segment at /home/ubuntu/Impala/testdata/cluster/cdh5/node-2/var/lib/kudu/ts/wal/wals/61d92cfa20734741aabbbe06dbbd87ac/wal-000000016
I0727 05:21:00.679577 116129 log.cc:647] T 6fba03ee91f54e79aa6fcf6ded8eddb0 P 6f1af300e1d549d6b1cdd8bf3b9aeb9c: Max segment size reached. Starting new segment allocation
I0727 05:21:00.765751 116129 log.cc:562] T 6fba03ee91f54e79aa6fcf6ded8eddb0 P 6f1af300e1d549d6b1cdd8bf3b9aeb9c: Rolled over to a new log segment at /home/ubuntu/Impala/testdata/cluster/cdh5/node-2/var/lib/kudu/ts/wal/wals/6fba03ee91f54e79aa6fcf6ded8eddb0/wal-000000015
I0727 05:21:00.885314 20815 tablet.cc:1039] T e75ae7eab0ea498095572f8f92f9da35 P 6f1af300e1d549d6b1cdd8bf3b9aeb9c: Flush: entering stage 1 (old memrowset already frozen for inserts)
I0727 05:21:00.885332 20815 compaction.cc:881] Selected 1 rowsets to compact:
I0727 05:21:00.885335 20815 compaction.cc:884] memrowset(current size on disk: ~0 bytes)
I0727 05:21:00.885337 20815 tablet.cc:1041] T e75ae7eab0ea498095572f8f92f9da35 P 6f1af300e1d549d6b1cdd8bf3b9aeb9c: Memstore in-memory size: 251199255 bytes
I0727 05:21:00.885342 20815 tablet.cc:1304] T e75ae7eab0ea498095572f8f92f9da35 P 6f1af300e1d549d6b1cdd8bf3b9aeb9c: Flush: entering phase 1 (flushing snapshot). Phase 1 snapshot: MvccSnapshot[committed={T|T < 6148640145835282432 or (T in {6148640145835282432})}]
I0727 05:21:01.055850 20815 multi_column_writer.cc:95] Opened CFile writers for 16 column(s)
I0727 05:21:01.187882 116056 log.cc:647] T 31cafc285b5c4b6ca4c0dcae1060a1fa P 6f1af300e1d549d6b1cdd8bf3b9aeb9c: Max segment size reached. Starting new segment allocation
I0727 05:21:01.268898 116056 log.cc:562] T 31cafc285b5c4b6ca4c0dcae1060a1fa P 6f1af300e1d549d6b1cdd8bf3b9aeb9c: Rolled over to a new log segment at /home/ubuntu/Impala/testdata/cluster/cdh5/node-2/var/lib/kudu/ts/wal/wals/31cafc285b5c4b6ca4c0dcae1060a1fa/wal-000000017
I0727 05:21:01.344038 116087 log.cc:647] T 61d92cfa20734741aabbbe06dbbd87ac P 6f1af300e1d549d6b1cdd8bf3b9aeb9c: Max segment size reached. Starting new segment allocation
I0727 05:21:01.441498 116087 log.cc:562] T 61d92cfa20734741aabbbe06dbbd87ac P 6f1af300e1d549d6b1cdd8bf3b9aeb9c: Rolled over to a new log segment at /home/ubuntu/Impala/testdata/cluster/cdh5/node-2/var/lib/kudu/ts/wal/wals/61d92cfa20734741aabbbe06dbbd87ac/wal-000000017
I0727 05:21:01.660398 116129 log.cc:647] T 6fba03ee91f54e79aa6fcf6ded8eddb0 P 6f1af300e1d549d6b1cdd8bf3b9aeb9c: Max segment size reached. Starting new segment allocation
I0727 05:21:01.745890 116129 log.cc:562] T 6fba03ee91f54e79aa6fcf6ded8eddb0 P 6f1af300e1d549d6b1cdd8bf3b9aeb9c: Rolled over to a new log segment at /home/ubuntu/Impala/testdata/cluster/cdh5/node-2/var/lib/kudu/ts/wal/wals/6fba03ee91f54e79aa6fcf6ded8eddb0/wal-000000016
I0727 05:21:01.916244 20815 multi_column_writer.cc:95] Opened CFile writers for 16 column(s)
I0727 05:21:02.108340 20815 tablet.cc:1389] T e75ae7eab0ea498095572f8f92f9da35 P 6f1af300e1d549d6b1cdd8bf3b9aeb9c: Flush: entering phase 2 (starting to duplicate updates in new rowsets)
I0727 05:21:02.108372 20815 tablet.cc:1444] T e75ae7eab0ea498095572f8f92f9da35 P 6f1af300e1d549d6b1cdd8bf3b9aeb9c: Flush Phase 2: carrying over any updates which arrived during Phase 1
I0727 05:21:02.108381 20815 tablet.cc:1446] T e75ae7eab0ea498095572f8f92f9da35 P 6f1af300e1d549d6b1cdd8bf3b9aeb9c: Phase 2 snapshot: MvccSnapshot[committed={T|T < 6148640145835282432 or (T in {6148640145835282432})}]
I0727 05:21:02.156616 116056 log.cc:647] T 31cafc285b5c4b6ca4c0dcae1060a1fa P 6f1af300e1d549d6b1cdd8bf3b9aeb9c: Max segment size reached. Starting new segment allocation
I0727 05:21:02.175379 20815 tablet.cc:1488] T e75ae7eab0ea498095572f8f92f9da35 P 6f1af300e1d549d6b1cdd8bf3b9aeb9c: Flush successful on 665750 rows (44658393 bytes)
I0727 05:21:02.177301 20815 maintenance_manager.cc:435] Time spent running FlushMRSOp(e75ae7eab0ea498095572f8f92f9da35): real 1.292s	user 0.959s	sys 0.076s
I0727 05:21:02.177320 20815 maintenance_manager.cc:441] P 6f1af300e1d549d6b1cdd8bf3b9aeb9c: FlushMRSOp(e75ae7eab0ea498095572f8f92f9da35) metrics: {"cfile_init":2,"thread_start_us":206,"threads_started":1,"wal-append.queue_time_us":225}
I0727 05:21:02.177922 20815 log_reader.cc:377] T e75ae7eab0ea498095572f8f92f9da35: removed 17 log segments from log reader
I0727 05:21:02.177929 20815 log.cc:868] T e75ae7eab0ea498095572f8f92f9da35 P 6f1af300e1d549d6b1cdd8bf3b9aeb9c: Deleting log segment in path: /home/ubuntu/Impala/testdata/cluster/cdh5/node-2/var/lib/kudu/ts/wal/wals/e75ae7eab0ea498095572f8f92f9da35/wal-000000001 (ops 1-2)
I0727 05:21:02.177947 20815 log.cc:868] T e75ae7eab0ea498095572f8f92f9da35 P 6f1af300e1d549d6b1cdd8bf3b9aeb9c: Deleting log segment in path: /home/ubuntu/Impala/testdata/cluster/cdh5/node-2/var/lib/kudu/ts/wal/wals/e75ae7eab0ea498095572f8f92f9da35/wal-000000002 (ops 3-3)
I0727 05:21:02.177958 20815 log.cc:868] T e75ae7eab0ea498095572f8f92f9da35 P 6f1af300e1d549d6b1cdd8bf3b9aeb9c: Deleting log segment in path: /home/ubuntu/Impala/testdata/cluster/cdh5/node-2/var/lib/kudu/ts/wal/wals/e75ae7eab0ea498095572f8f92f9da35/wal-000000003 (ops 4-4)
I0727 05:21:02.177971 20815 log.cc:868] T e75ae7eab0ea498095572f8f92f9da35 P 6f1af300e1d549d6b1cdd8bf3b9aeb9c: Deleting log segment in path: /home/ubuntu/Impala/testdata/cluster/cdh5/node-2/var/lib/kudu/ts/wal/wals/e75ae7eab0ea498095572f8f92f9da35/wal-000000004 (ops 5-5)
I0727 05:21:02.177978 20815 log.cc:868] T e75ae7eab0ea498095572f8f92f9da35 P 6f1af300e1d549d6b1cdd8bf3b9aeb9c: Deleting log segment in path: /home/ubuntu/Impala/testdata/cluster/cdh5/node-2/var/lib/kudu/ts/wal/wals/e75ae7eab0ea498095572f8f92f9da35/wal-000000005 (ops 6-6)
I0727 05:21:02.177984 20815 log.cc:868] T e75ae7eab0ea498095572f8f92f9da35 P 6f1af300e1d549d6b1cdd8bf3b9aeb9c: Deleting log segment in path: /home/ubuntu/Impala/testdata/cluster/cdh5/node-2/var/lib/kudu/ts/wal/wals/e75ae7eab0ea498095572f8f92f9da35/wal-000000006 (ops 7-7)
I0727 05:21:02.177990 20815 log.cc:868] T e75ae7eab0ea498095572f8f92f9da35 P 6f1af300e1d549d6b1cdd8bf3b9aeb9c: Deleting log segment in path: /home/ubuntu/Impala/testdata/cluster/cdh5/node-2/var/lib/kudu/ts/wal/wals/e75ae7eab0ea498095572f8f92f9da35/wal-000000007 (ops 8-8)
I0727 05:21:02.178001 20815 log.cc:868] T e75ae7eab0ea498095572f8f92f9da35 P 6f1af300e1d549d6b1cdd8bf3b9aeb9c: Deleting log segment in path: /home/ubuntu/Impala/testdata/cluster/cdh5/node-2/var/lib/kudu/ts/wal/wals/e75ae7eab0ea498095572f8f92f9da35/wal-000000008 (ops 9-9)
I0727 05:21:02.178011 20815 log.cc:868] T e75ae7eab0ea498095572f8f92f9da35 P 6f1af300e1d549d6b1cdd8bf3b9aeb9c: Deleting log segment in path: /home/ubuntu/Impala/testdata/cluster/cdh5/node-2/var/lib/kudu/ts/wal/wals/e75ae7eab0ea498095572f8f92f9da35/wal-000000009 (ops 10-10)
I0727 05:21:02.178019 20815 log.cc:868] T e75ae7eab0ea498095572f8f92f9da35 P 6f1af300e1d549d6b1cdd8bf3b9aeb9c: Deleting log segment in path: /home/ubuntu/Impala/testdata/cluster/cdh5/node-2/var/lib/kudu/ts/wal/wals/e75ae7eab0ea498095572f8f92f9da35/wal-000000010 (ops 11-11)
I0727 05:21:02.178027 20815 log.cc:868] T e75ae7eab0ea498095572f8f92f9da35 P 6f1af300e1d549d6b1cdd8bf3b9aeb9c: Deleting log segment in path: /home/ubuntu/Impala/testdata/cluster/cdh5/node-2/var/lib/kudu/ts/wal/wals/e75ae7eab0ea498095572f8f92f9da35/wal-000000011 (ops 12-12)
I0727 05:21:02.178035 20815 log.cc:868] T e75ae7eab0ea498095572f8f92f9da35 P 6f1af300e1d549d6b1cdd8bf3b9aeb9c: Deleting log segment in path: /home/ubuntu/Impala/testdata/cluster/cdh5/node-2/var/lib/kudu/ts/wal/wals/e75ae7eab0ea498095572f8f92f9da35/wal-000000012 (ops 13-13)
I0727 05:21:02.178045 20815 log.cc:868] T e75ae7eab0ea498095572f8f92f9da35 P 6f1af300e1d549d6b1cdd8bf3b9aeb9c: Deleting log segment in path: /home/ubuntu/Impala/testdata/cluster/cdh5/node-2/var/lib/kudu/ts/wal/wals/e75ae7eab0ea498095572f8f92f9da35/wal-000000013 (ops 14-14)
I0727 05:21:02.178056 20815 log.cc:868] T e75ae7eab0ea498095572f8f92f9da35 P 6f1af300e1d549d6b1cdd8bf3b9aeb9c: Deleting log segment in path: /home/ubuntu/Impala/testdata/cluster/cdh5/node-2/var/lib/kudu/ts/wal/wals/e75ae7eab0ea498095572f8f92f9da35/wal-000000014 (ops 15-15)
I0727 05:21:02.178066 20815 log.cc:868] T e75ae7eab0ea498095572f8f92f9da35 P 6f1af300e1d549d6b1cdd8bf3b9aeb9c: Deleting log segment in path: /home/ubuntu/Impala/testdata/cluster/cdh5/node-2/var/lib/kudu/ts/wal/wals/e75ae7eab0ea498095572f8f92f9da35/wal-000000015 (ops 16-16)
I0727 05:21:02.178071 20815 log.cc:868] T e75ae7eab0ea498095572f8f92f9da35 P 6f1af300e1d549d6b1cdd8bf3b9aeb9c: Deleting log segment in path: /home/ubuntu/Impala/testdata/cluster/cdh5/node-2/var/lib/kudu/ts/wal/wals/e75ae7eab0ea498095572f8f92f9da35/wal-000000016 (ops 17-17)
I0727 05:21:02.178082 20815 log.cc:868] T e75ae7eab0ea498095572f8f92f9da35 P 6f1af300e1d549d6b1cdd8bf3b9aeb9c: Deleting log segment in path: /home/ubuntu/Impala/testdata/cluster/cdh5/node-2/var/lib/kudu/ts/wal/wals/e75ae7eab0ea498095572f8f92f9da35/wal-000000017 (ops 18-18)
I0727 05:21:02.236419 116056 log.cc:562] T 31cafc285b5c4b6ca4c0dcae1060a1fa P 6f1af300e1d549d6b1cdd8bf3b9aeb9c: Rolled over to a new log segment at /home/ubuntu/Impala/testdata/cluster/cdh5/node-2/var/lib/kudu/ts/wal/wals/31cafc285b5c4b6ca4c0dcae1060a1fa/wal-000000018
I0727 05:21:02.258855 20815 maintenance_manager.cc:435] Time spent running LogGCOp(e75ae7eab0ea498095572f8f92f9da35): real 0.081s	user 0.000s	sys 0.012s
I0727 05:21:02.258882 20815 maintenance_manager.cc:441] P 6f1af300e1d549d6b1cdd8bf3b9aeb9c: LogGCOp(e75ae7eab0ea498095572f8f92f9da35) metrics: {}
I0727 05:21:02.259618 20815 maintenance_manager.cc:435] Time spent running UndoDeltaBlockGCOp(e75ae7eab0ea498095572f8f92f9da35): real 0.000s	user 0.000s	sys 0.000s
I0727 05:21:02.259634 20815 maintenance_manager.cc:441] P 6f1af300e1d549d6b1cdd8bf3b9aeb9c: UndoDeltaBlockGCOp(e75ae7eab0ea498095572f8f92f9da35) metrics: {"cfile_init":2}
I0727 05:21:02.341670 116087 log.cc:647] T 61d92cfa20734741aabbbe06dbbd87ac P 6f1af300e1d549d6b1cdd8bf3b9aeb9c: Max segment size reached. Starting new segment allocation
I0727 05:21:02.416483 116087 log.cc:562] T 61d92cfa20734741aabbbe06dbbd87ac P 6f1af300e1d549d6b1cdd8bf3b9aeb9c: Rolled over to a new log segment at /home/ubuntu/Impala/testdata/cluster/cdh5/node-2/var/lib/kudu/ts/wal/wals/61d92cfa20734741aabbbe06dbbd87ac/wal-000000018
I0727 05:21:02.629981 116129 log.cc:647] T 6fba03ee91f54e79aa6fcf6ded8eddb0 P 6f1af300e1d549d6b1cdd8bf3b9aeb9c: Max segment size reached. Starting new segment allocation
I0727 05:21:02.705088 116129 log.cc:562] T 6fba03ee91f54e79aa6fcf6ded8eddb0 P 6f1af300e1d549d6b1cdd8bf3b9aeb9c: Rolled over to a new log segment at /home/ubuntu/Impala/testdata/cluster/cdh5/node-2/var/lib/kudu/ts/wal/wals/6fba03ee91f54e79aa6fcf6ded8eddb0/wal-000000017
I0727 05:21:03.546636 116129 log.cc:647] T 6fba03ee91f54e79aa6fcf6ded8eddb0 P 6f1af300e1d549d6b1cdd8bf3b9aeb9c: Max segment size reached. Starting new segment allocation
I0727 05:21:03.622464 116129 log.cc:562] T 6fba03ee91f54e79aa6fcf6ded8eddb0 P 6f1af300e1d549d6b1cdd8bf3b9aeb9c: Rolled over to a new log segment at /home/ubuntu/Impala/testdata/cluster/cdh5/node-2/var/lib/kudu/ts/wal/wals/6fba03ee91f54e79aa6fcf6ded8eddb0/wal-000000018
I0727 05:21:10.529863 20815 tablet.cc:1039] T e99cd71d7ecf43749f75e398c62ec477 P 6f1af300e1d549d6b1cdd8bf3b9aeb9c: Flush: entering stage 1 (old memrowset already frozen for inserts)
I0727 05:21:10.529889 20815 compaction.cc:881] Selected 1 rowsets to compact:
I0727 05:21:10.529896 20815 compaction.cc:884] memrowset(current size on disk: ~0 bytes)
I0727 05:21:10.529898 20815 tablet.cc:1041] T e99cd71d7ecf43749f75e398c62ec477 P 6f1af300e1d549d6b1cdd8bf3b9aeb9c: Memstore in-memory size: 251199255 bytes
I0727 05:21:10.529912 20815 tablet.cc:1304] T e99cd71d7ecf43749f75e398c62ec477 P 6f1af300e1d549d6b1cdd8bf3b9aeb9c: Flush: entering phase 1 (flushing snapshot). Phase 1 snapshot: MvccSnapshot[committed={T|T < 6148640072124481536 or (T in {6148640072124481536})}]
I0727 05:21:10.530937 20815 multi_column_writer.cc:95] Opened CFile writers for 16 column(s)
I0727 05:21:11.294258 20815 multi_column_writer.cc:95] Opened CFile writers for 16 column(s)
I0727 05:21:11.657673 20815 tablet.cc:1389] T e99cd71d7ecf43749f75e398c62ec477 P 6f1af300e1d549d6b1cdd8bf3b9aeb9c: Flush: entering phase 2 (starting to duplicate updates in new rowsets)
I0727 05:21:11.657701 20815 tablet.cc:1444] T e99cd71d7ecf43749f75e398c62ec477 P 6f1af300e1d549d6b1cdd8bf3b9aeb9c: Flush Phase 2: carrying over any updates which arrived during Phase 1
I0727 05:21:11.657706 20815 tablet.cc:1446] T e99cd71d7ecf43749f75e398c62ec477 P 6f1af300e1d549d6b1cdd8bf3b9aeb9c: Phase 2 snapshot: MvccSnapshot[committed={T|T < 6148640072124481536 or (T in {6148640072124481536})}]
I0727 05:21:11.715571 20815 tablet.cc:1488] T e99cd71d7ecf43749f75e398c62ec477 P 6f1af300e1d549d6b1cdd8bf3b9aeb9c: Flush successful on 666838 rows (44729271 bytes)
I0727 05:21:11.717571 20815 maintenance_manager.cc:435] Time spent running FlushMRSOp(e99cd71d7ecf43749f75e398c62ec477): real 1.188s	user 0.850s	sys 0.061s
I0727 05:21:11.717589 20815 maintenance_manager.cc:441] P 6f1af300e1d549d6b1cdd8bf3b9aeb9c: FlushMRSOp(e99cd71d7ecf43749f75e398c62ec477) metrics: {"cfile_init":2,"thread_start_us":205,"threads_started":1,"wal-append.queue_time_us":225}
I0727 05:21:11.718201 20815 log_reader.cc:377] T e99cd71d7ecf43749f75e398c62ec477: removed 17 log segments from log reader
I0727 05:21:11.718209 20815 log.cc:868] T e99cd71d7ecf43749f75e398c62ec477 P 6f1af300e1d549d6b1cdd8bf3b9aeb9c: Deleting log segment in path: /home/ubuntu/Impala/testdata/cluster/cdh5/node-2/var/lib/kudu/ts/wal/wals/e99cd71d7ecf43749f75e398c62ec477/wal-000000001 (ops 1-2)
I0727 05:21:11.718225 20815 log.cc:868] T e99cd71d7ecf43749f75e398c62ec477 P 6f1af300e1d549d6b1cdd8bf3b9aeb9c: Deleting log segment in path: /home/ubuntu/Impala/testdata/cluster/cdh5/node-2/var/lib/kudu/ts/wal/wals/e99cd71d7ecf43749f75e398c62ec477/wal-000000002 (ops 3-3)
I0727 05:21:11.718236 20815 log.cc:868] T e99cd71d7ecf43749f75e398c62ec477 P 6f1af300e1d549d6b1cdd8bf3b9aeb9c: Deleting log segment in path: /home/ubuntu/Impala/testdata/cluster/cdh5/node-2/var/lib/kudu/ts/wal/wals/e99cd71d7ecf43749f75e398c62ec477/wal-000000003 (ops 4-4)
I0727 05:21:11.718250 20815 log.cc:868] T e99cd71d7ecf43749f75e398c62ec477 P 6f1af300e1d549d6b1cdd8bf3b9aeb9c: Deleting log segment in path: /home/ubuntu/Impala/testdata/cluster/cdh5/node-2/var/lib/kudu/ts/wal/wals/e99cd71d7ecf43749f75e398c62ec477/wal-000000004 (ops 5-5)
I0727 05:21:11.718260 20815 log.cc:868] T e99cd71d7ecf43749f75e398c62ec477 P 6f1af300e1d549d6b1cdd8bf3b9aeb9c: Deleting log segment in path: /home/ubuntu/Impala/testdata/cluster/cdh5/node-2/var/lib/kudu/ts/wal/wals/e99cd71d7ecf43749f75e398c62ec477/wal-000000005 (ops 6-6)
I0727 05:21:11.718271 20815 log.cc:868] T e99cd71d7ecf43749f75e398c62ec477 P 6f1af300e1d549d6b1cdd8bf3b9aeb9c: Deleting log segment in path: /home/ubuntu/Impala/testdata/cluster/cdh5/node-2/var/lib/kudu/ts/wal/wals/e99cd71d7ecf43749f75e398c62ec477/wal-000000006 (ops 7-7)
I0727 05:21:11.718281 20815 log.cc:868] T e99cd71d7ecf43749f75e398c62ec477 P 6f1af300e1d549d6b1cdd8bf3b9aeb9c: Deleting log segment in path: /home/ubuntu/Impala/testdata/cluster/cdh5/node-2/var/lib/kudu/ts/wal/wals/e99cd71d7ecf43749f75e398c62ec477/wal-000000007 (ops 8-8)
I0727 05:21:11.718293 20815 log.cc:868] T e99cd71d7ecf43749f75e398c62ec477 P 6f1af300e1d549d6b1cdd8bf3b9aeb9c: Deleting log segment in path: /home/ubuntu/Impala/testdata/cluster/cdh5/node-2/var/lib/kudu/ts/wal/wals/e99cd71d7ecf43749f75e398c62ec477/wal-000000008 (ops 9-9)
I0727 05:21:11.718299 20815 log.cc:868] T e99cd71d7ecf43749f75e398c62ec477 P 6f1af300e1d549d6b1cdd8bf3b9aeb9c: Deleting log segment in path: /home/ubuntu/Impala/testdata/cluster/cdh5/node-2/var/lib/kudu/ts/wal/wals/e99cd71d7ecf43749f75e398c62ec477/wal-000000009 (ops 10-10)
I0727 05:21:11.718305 20815 log.cc:868] T e99cd71d7ecf43749f75e398c62ec477 P 6f1af300e1d549d6b1cdd8bf3b9aeb9c: Deleting log segment in path: /home/ubuntu/Impala/testdata/cluster/cdh5/node-2/var/lib/kudu/ts/wal/wals/e99cd71d7ecf43749f75e398c62ec477/wal-000000010 (ops 11-11)
I0727 05:21:11.718310 20815 log.cc:868] T e99cd71d7ecf43749f75e398c62ec477 P 6f1af300e1d549d6b1cdd8bf3b9aeb9c: Deleting log segment in path: /home/ubuntu/Impala/testdata/cluster/cdh5/node-2/var/lib/kudu/ts/wal/wals/e99cd71d7ecf43749f75e398c62ec477/wal-000000011 (ops 12-12)
I0727 05:21:11.718322 20815 log.cc:868] T e99cd71d7ecf43749f75e398c62ec477 P 6f1af300e1d549d6b1cdd8bf3b9aeb9c: Deleting log segment in path: /home/ubuntu/Impala/testdata/cluster/cdh5/node-2/var/lib/kudu/ts/wal/wals/e99cd71d7ecf43749f75e398c62ec477/wal-000000012 (ops 13-13)
I0727 05:21:11.718333 20815 log.cc:868] T e99cd71d7ecf43749f75e398c62ec477 P 6f1af300e1d549d6b1cdd8bf3b9aeb9c: Deleting log segment in path: /home/ubuntu/Impala/testdata/cluster/cdh5/node-2/var/lib/kudu/ts/wal/wals/e99cd71d7ecf43749f75e398c62ec477/wal-000000013 (ops 14-14)
I0727 05:21:11.718343 20815 log.cc:868] T e99cd71d7ecf43749f75e398c62ec477 P 6f1af300e1d549d6b1cdd8bf3b9aeb9c: Deleting log segment in path: /home/ubuntu/Impala/testdata/cluster/cdh5/node-2/var/lib/kudu/ts/wal/wals/e99cd71d7ecf43749f75e398c62ec477/wal-000000014 (ops 15-15)
