I0727 04:14:19.556810 21011 raft_consensus.cc:1943] T 623c6519a7454112b5c9162c3cffd481 P 6f1af300e1d549d6b1cdd8bf3b9aeb9c [term 0 FOLLOWER]: Leader pre-election vote request: Granting yes vote for candidate 3a3c735705964e1badb66c37a66a9096 in term 0.
I0727 04:14:19.556843 21010 raft_consensus.cc:1918] T 623c6519a7454112b5c9162c3cffd481 P 6f1af300e1d549d6b1cdd8bf3b9aeb9c [term 0 FOLLOWER]: Leader election vote request: Denying vote to candidate 3a3c735705964e1badb66c37a66a9096 for term 1 because replica is already servicing an update from a current leader or another vote.
I0727 04:14:19.718823 21011 raft_consensus.cc:2372] T 11c1d1569ff640f29edb25102a4acede P 6f1af300e1d549d6b1cdd8bf3b9aeb9c: Snoozing failure detection for election timeout plus an additional 1.966s
I0727 04:14:19.718842 21011 raft_consensus.cc:1943] T 11c1d1569ff640f29edb25102a4acede P 6f1af300e1d549d6b1cdd8bf3b9aeb9c [term 0 FOLLOWER]: Leader pre-election vote request: Granting yes vote for candidate b497dbd6bd1a4c998891b00d2493a1bb in term 0.
I0727 04:14:19.719493 21011 raft_consensus.cc:2419] T 11c1d1569ff640f29edb25102a4acede P 6f1af300e1d549d6b1cdd8bf3b9aeb9c [term 0 FOLLOWER]: Advancing to term 1
I0727 04:14:19.719512 21011 raft_consensus.cc:2372] T 11c1d1569ff640f29edb25102a4acede P 6f1af300e1d549d6b1cdd8bf3b9aeb9c: Snoozing failure detection for election timeout plus an additional 2.249s
I0727 04:14:19.719825 21011 raft_consensus.cc:1943] T 11c1d1569ff640f29edb25102a4acede P 6f1af300e1d549d6b1cdd8bf3b9aeb9c [term 1 FOLLOWER]: Leader election vote request: Granting yes vote for candidate b497dbd6bd1a4c998891b00d2493a1bb in term 1.
I0727 04:14:19.792891 51716 raft_consensus.cc:411] T 359b49dfe7c049c1ad7c5c5ac349950b P 6f1af300e1d549d6b1cdd8bf3b9aeb9c [term 0 FOLLOWER]: Starting pre-election (no leader contacted us within the election timeout)
I0727 04:14:19.792917 51716 raft_consensus.cc:2372] T 359b49dfe7c049c1ad7c5c5ac349950b P 6f1af300e1d549d6b1cdd8bf3b9aeb9c: Snoozing failure detection for election timeout plus an additional 2.084s
I0727 04:14:19.792940 51716 raft_consensus.cc:435] T 359b49dfe7c049c1ad7c5c5ac349950b P 6f1af300e1d549d6b1cdd8bf3b9aeb9c [term 0 FOLLOWER]: Starting pre-election with config: opid_index: -1 OBSOLETE_local: false peers { permanent_uuid: "3a3c735705964e1badb66c37a66a9096" member_type: VOTER last_known_addr { host: "ip-172-31-12-168" port: 31200 } } peers { permanent_uuid: "b497dbd6bd1a4c998891b00d2493a1bb" member_type: VOTER last_known_addr { host: "ip-172-31-12-168" port: 31202 } } peers { permanent_uuid: "6f1af300e1d549d6b1cdd8bf3b9aeb9c" member_type: VOTER last_known_addr { host: "ip-172-31-12-168" port: 31201 } }
I0727 04:14:19.793066 51716 leader_election.cc:217] T 359b49dfe7c049c1ad7c5c5ac349950b P 6f1af300e1d549d6b1cdd8bf3b9aeb9c [CANDIDATE]: Term 1 pre-election: Requesting pre-vote from peer 3a3c735705964e1badb66c37a66a9096
I0727 04:14:19.793087 51716 leader_election.cc:217] T 359b49dfe7c049c1ad7c5c5ac349950b P 6f1af300e1d549d6b1cdd8bf3b9aeb9c [CANDIDATE]: Term 1 pre-election: Requesting pre-vote from peer b497dbd6bd1a4c998891b00d2493a1bb
I0727 04:14:19.793237 20829 leader_election.cc:349] T 359b49dfe7c049c1ad7c5c5ac349950b P 6f1af300e1d549d6b1cdd8bf3b9aeb9c [CANDIDATE]: Term 1 pre-election: Vote granted by peer b497dbd6bd1a4c998891b00d2493a1bb
I0727 04:14:19.793254 20829 leader_election.cc:244] T 359b49dfe7c049c1ad7c5c5ac349950b P 6f1af300e1d549d6b1cdd8bf3b9aeb9c [CANDIDATE]: Term 1 pre-election: Election decided. Result: candidate won.
I0727 04:14:19.793265 20833 leader_election.cc:349] T 359b49dfe7c049c1ad7c5c5ac349950b P 6f1af300e1d549d6b1cdd8bf3b9aeb9c [CANDIDATE]: Term 1 pre-election: Vote granted by peer 3a3c735705964e1badb66c37a66a9096
I0727 04:14:19.793280 50009 raft_consensus.cc:2372] T 359b49dfe7c049c1ad7c5c5ac349950b P 6f1af300e1d549d6b1cdd8bf3b9aeb9c: Snoozing failure detection for election timeout plus an additional 2.026s
I0727 04:14:19.793293 50009 raft_consensus.cc:2176] T 359b49dfe7c049c1ad7c5c5ac349950b P 6f1af300e1d549d6b1cdd8bf3b9aeb9c [term 0 FOLLOWER]: Leader pre-election won for term 1
I0727 04:14:19.793298 50009 raft_consensus.cc:411] T 359b49dfe7c049c1ad7c5c5ac349950b P 6f1af300e1d549d6b1cdd8bf3b9aeb9c [term 0 FOLLOWER]: Starting leader election (no leader contacted us within the election timeout)
I0727 04:14:19.793303 50009 raft_consensus.cc:2372] T 359b49dfe7c049c1ad7c5c5ac349950b P 6f1af300e1d549d6b1cdd8bf3b9aeb9c: Snoozing failure detection for election timeout plus an additional 1.718s
I0727 04:14:19.793308 50009 raft_consensus.cc:2419] T 359b49dfe7c049c1ad7c5c5ac349950b P 6f1af300e1d549d6b1cdd8bf3b9aeb9c [term 0 FOLLOWER]: Advancing to term 1
I0727 04:14:19.793599 50009 raft_consensus.cc:435] T 359b49dfe7c049c1ad7c5c5ac349950b P 6f1af300e1d549d6b1cdd8bf3b9aeb9c [term 1 FOLLOWER]: Starting leader election with config: opid_index: -1 OBSOLETE_local: false peers { permanent_uuid: "3a3c735705964e1badb66c37a66a9096" member_type: VOTER last_known_addr { host: "ip-172-31-12-168" port: 31200 } } peers { permanent_uuid: "b497dbd6bd1a4c998891b00d2493a1bb" member_type: VOTER last_known_addr { host: "ip-172-31-12-168" port: 31202 } } peers { permanent_uuid: "6f1af300e1d549d6b1cdd8bf3b9aeb9c" member_type: VOTER last_known_addr { host: "ip-172-31-12-168" port: 31201 } }
I0727 04:14:19.793706 50009 leader_election.cc:217] T 359b49dfe7c049c1ad7c5c5ac349950b P 6f1af300e1d549d6b1cdd8bf3b9aeb9c [CANDIDATE]: Term 1 election: Requesting vote from peer 3a3c735705964e1badb66c37a66a9096
I0727 04:14:19.793725 50009 leader_election.cc:217] T 359b49dfe7c049c1ad7c5c5ac349950b P 6f1af300e1d549d6b1cdd8bf3b9aeb9c [CANDIDATE]: Term 1 election: Requesting vote from peer b497dbd6bd1a4c998891b00d2493a1bb
I0727 04:14:19.794108 20833 leader_election.cc:349] T 359b49dfe7c049c1ad7c5c5ac349950b P 6f1af300e1d549d6b1cdd8bf3b9aeb9c [CANDIDATE]: Term 1 election: Vote granted by peer 3a3c735705964e1badb66c37a66a9096
I0727 04:14:19.794118 20833 leader_election.cc:244] T 359b49dfe7c049c1ad7c5c5ac349950b P 6f1af300e1d549d6b1cdd8bf3b9aeb9c [CANDIDATE]: Term 1 election: Election decided. Result: candidate won.
I0727 04:14:19.794131 20829 leader_election.cc:349] T 359b49dfe7c049c1ad7c5c5ac349950b P 6f1af300e1d549d6b1cdd8bf3b9aeb9c [CANDIDATE]: Term 1 election: Vote granted by peer b497dbd6bd1a4c998891b00d2493a1bb
I0727 04:14:19.794152 50051 raft_consensus.cc:2372] T 359b49dfe7c049c1ad7c5c5ac349950b P 6f1af300e1d549d6b1cdd8bf3b9aeb9c: Snoozing failure detection for election timeout plus an additional 1.965s
I0727 04:14:19.794164 50051 raft_consensus.cc:2176] T 359b49dfe7c049c1ad7c5c5ac349950b P 6f1af300e1d549d6b1cdd8bf3b9aeb9c [term 1 FOLLOWER]: Leader election won for term 1
I0727 04:14:19.794176 50051 raft_consensus.cc:528] T 359b49dfe7c049c1ad7c5c5ac349950b P 6f1af300e1d549d6b1cdd8bf3b9aeb9c [term 1 LEADER]: Becoming Leader. State: Replica: 6f1af300e1d549d6b1cdd8bf3b9aeb9c, State: Running, Role: LEADER
I0727 04:14:19.794198 50051 consensus_queue.cc:165] T 359b49dfe7c049c1ad7c5c5ac349950b P 6f1af300e1d549d6b1cdd8bf3b9aeb9c [LEADER]: Queue going to LEADER mode. State: All replicated index: 0, Majority replicated index: 0, Committed index: 0, Last appended: 0.0, Last appended by leader: 0, Current term: 1, Majority size: 2, State: 1, Mode: LEADER, active raft config: opid_index: -1 OBSOLETE_local: false peers { permanent_uuid: "3a3c735705964e1badb66c37a66a9096" member_type: VOTER last_known_addr { host: "ip-172-31-12-168" port: 31200 } } peers { permanent_uuid: "b497dbd6bd1a4c998891b00d2493a1bb" member_type: VOTER last_known_addr { host: "ip-172-31-12-168" port: 31202 } } peers { permanent_uuid: "6f1af300e1d549d6b1cdd8bf3b9aeb9c" member_type: VOTER last_known_addr { host: "ip-172-31-12-168" port: 31201 } }
I0727 04:14:19.802649 21011 raft_consensus.cc:2372] T 898284ff17af46cd81519d0205e6be79 P 6f1af300e1d549d6b1cdd8bf3b9aeb9c: Snoozing failure detection for election timeout plus an additional 2.177s
I0727 04:14:19.802662 21011 raft_consensus.cc:1943] T 898284ff17af46cd81519d0205e6be79 P 6f1af300e1d549d6b1cdd8bf3b9aeb9c [term 0 FOLLOWER]: Leader pre-election vote request: Granting yes vote for candidate b497dbd6bd1a4c998891b00d2493a1bb in term 0.
I0727 04:14:19.803198 21011 raft_consensus.cc:2419] T 898284ff17af46cd81519d0205e6be79 P 6f1af300e1d549d6b1cdd8bf3b9aeb9c [term 0 FOLLOWER]: Advancing to term 1
I0727 04:14:19.803213 21011 raft_consensus.cc:2372] T 898284ff17af46cd81519d0205e6be79 P 6f1af300e1d549d6b1cdd8bf3b9aeb9c: Snoozing failure detection for election timeout plus an additional 1.832s
I0727 04:14:19.803443 21011 raft_consensus.cc:1943] T 898284ff17af46cd81519d0205e6be79 P 6f1af300e1d549d6b1cdd8bf3b9aeb9c [term 1 FOLLOWER]: Leader election vote request: Granting yes vote for candidate b497dbd6bd1a4c998891b00d2493a1bb in term 1.
I0727 04:14:19.829134 21011 raft_consensus.cc:2419] T 623c6519a7454112b5c9162c3cffd481 P 6f1af300e1d549d6b1cdd8bf3b9aeb9c [term 0 FOLLOWER]: Advancing to term 1
I0727 04:14:19.829355 21011 raft_consensus.cc:944] T 623c6519a7454112b5c9162c3cffd481 P 6f1af300e1d549d6b1cdd8bf3b9aeb9c [term 1 FOLLOWER]: Refusing update from remote peer 3a3c735705964e1badb66c37a66a9096: Log matching property violated. Preceding OpId in replica: term: 0 index: 0. Preceding OpId from leader: term: 1 index: 1. (index mismatch)
I0727 04:14:19.848588 51704 raft_consensus.cc:411] T 2e218299a7544189abcd9528822da88f P 6f1af300e1d549d6b1cdd8bf3b9aeb9c [term 0 FOLLOWER]: Starting pre-election (no leader contacted us within the election timeout)
I0727 04:14:19.848626 51704 raft_consensus.cc:2372] T 2e218299a7544189abcd9528822da88f P 6f1af300e1d549d6b1cdd8bf3b9aeb9c: Snoozing failure detection for election timeout plus an additional 1.552s
I0727 04:14:19.848687 51704 raft_consensus.cc:435] T 2e218299a7544189abcd9528822da88f P 6f1af300e1d549d6b1cdd8bf3b9aeb9c [term 0 FOLLOWER]: Starting pre-election with config: opid_index: -1 OBSOLETE_local: false peers { permanent_uuid: "3a3c735705964e1badb66c37a66a9096" member_type: VOTER last_known_addr { host: "ip-172-31-12-168" port: 31200 } } peers { permanent_uuid: "b497dbd6bd1a4c998891b00d2493a1bb" member_type: VOTER last_known_addr { host: "ip-172-31-12-168" port: 31202 } } peers { permanent_uuid: "6f1af300e1d549d6b1cdd8bf3b9aeb9c" member_type: VOTER last_known_addr { host: "ip-172-31-12-168" port: 31201 } }
I0727 04:14:19.848955 51704 leader_election.cc:217] T 2e218299a7544189abcd9528822da88f P 6f1af300e1d549d6b1cdd8bf3b9aeb9c [CANDIDATE]: Term 1 pre-election: Requesting pre-vote from peer 3a3c735705964e1badb66c37a66a9096
I0727 04:14:19.849010 51704 leader_election.cc:217] T 2e218299a7544189abcd9528822da88f P 6f1af300e1d549d6b1cdd8bf3b9aeb9c [CANDIDATE]: Term 1 pre-election: Requesting pre-vote from peer b497dbd6bd1a4c998891b00d2493a1bb
I0727 04:14:19.849166 20833 leader_election.cc:349] T 2e218299a7544189abcd9528822da88f P 6f1af300e1d549d6b1cdd8bf3b9aeb9c [CANDIDATE]: Term 1 pre-election: Vote granted by peer 3a3c735705964e1badb66c37a66a9096
I0727 04:14:19.849179 20833 leader_election.cc:244] T 2e218299a7544189abcd9528822da88f P 6f1af300e1d549d6b1cdd8bf3b9aeb9c [CANDIDATE]: Term 1 pre-election: Election decided. Result: candidate won.
I0727 04:14:19.849185 20829 leader_election.cc:349] T 2e218299a7544189abcd9528822da88f P 6f1af300e1d549d6b1cdd8bf3b9aeb9c [CANDIDATE]: Term 1 pre-election: Vote granted by peer b497dbd6bd1a4c998891b00d2493a1bb
I0727 04:14:19.849201 50038 raft_consensus.cc:2372] T 2e218299a7544189abcd9528822da88f P 6f1af300e1d549d6b1cdd8bf3b9aeb9c: Snoozing failure detection for election timeout plus an additional 1.719s
I0727 04:14:19.849216 50038 raft_consensus.cc:2176] T 2e218299a7544189abcd9528822da88f P 6f1af300e1d549d6b1cdd8bf3b9aeb9c [term 0 FOLLOWER]: Leader pre-election won for term 1
I0727 04:14:19.849220 50038 raft_consensus.cc:411] T 2e218299a7544189abcd9528822da88f P 6f1af300e1d549d6b1cdd8bf3b9aeb9c [term 0 FOLLOWER]: Starting leader election (no leader contacted us within the election timeout)
I0727 04:14:19.849227 50038 raft_consensus.cc:2372] T 2e218299a7544189abcd9528822da88f P 6f1af300e1d549d6b1cdd8bf3b9aeb9c: Snoozing failure detection for election timeout plus an additional 1.913s
I0727 04:14:19.849231 50038 raft_consensus.cc:2419] T 2e218299a7544189abcd9528822da88f P 6f1af300e1d549d6b1cdd8bf3b9aeb9c [term 0 FOLLOWER]: Advancing to term 1
I0727 04:14:19.849480 50038 raft_consensus.cc:435] T 2e218299a7544189abcd9528822da88f P 6f1af300e1d549d6b1cdd8bf3b9aeb9c [term 1 FOLLOWER]: Starting leader election with config: opid_index: -1 OBSOLETE_local: false peers { permanent_uuid: "3a3c735705964e1badb66c37a66a9096" member_type: VOTER last_known_addr { host: "ip-172-31-12-168" port: 31200 } } peers { permanent_uuid: "b497dbd6bd1a4c998891b00d2493a1bb" member_type: VOTER last_known_addr { host: "ip-172-31-12-168" port: 31202 } } peers { permanent_uuid: "6f1af300e1d549d6b1cdd8bf3b9aeb9c" member_type: VOTER last_known_addr { host: "ip-172-31-12-168" port: 31201 } }
I0727 04:14:19.849581 50038 leader_election.cc:217] T 2e218299a7544189abcd9528822da88f P 6f1af300e1d549d6b1cdd8bf3b9aeb9c [CANDIDATE]: Term 1 election: Requesting vote from peer 3a3c735705964e1badb66c37a66a9096
I0727 04:14:19.849601 50038 leader_election.cc:217] T 2e218299a7544189abcd9528822da88f P 6f1af300e1d549d6b1cdd8bf3b9aeb9c [CANDIDATE]: Term 1 election: Requesting vote from peer b497dbd6bd1a4c998891b00d2493a1bb
I0727 04:14:19.849898 20833 leader_election.cc:349] T 2e218299a7544189abcd9528822da88f P 6f1af300e1d549d6b1cdd8bf3b9aeb9c [CANDIDATE]: Term 1 election: Vote granted by peer 3a3c735705964e1badb66c37a66a9096
I0727 04:14:19.849908 20833 leader_election.cc:244] T 2e218299a7544189abcd9528822da88f P 6f1af300e1d549d6b1cdd8bf3b9aeb9c [CANDIDATE]: Term 1 election: Election decided. Result: candidate won.
I0727 04:14:19.849938 50051 raft_consensus.cc:2372] T 2e218299a7544189abcd9528822da88f P 6f1af300e1d549d6b1cdd8bf3b9aeb9c: Snoozing failure detection for election timeout plus an additional 1.854s
I0727 04:14:19.849946 20829 leader_election.cc:349] T 2e218299a7544189abcd9528822da88f P 6f1af300e1d549d6b1cdd8bf3b9aeb9c [CANDIDATE]: Term 1 election: Vote granted by peer b497dbd6bd1a4c998891b00d2493a1bb
I0727 04:14:19.849952 50051 raft_consensus.cc:2176] T 2e218299a7544189abcd9528822da88f P 6f1af300e1d549d6b1cdd8bf3b9aeb9c [term 1 FOLLOWER]: Leader election won for term 1
I0727 04:14:19.849963 50051 raft_consensus.cc:528] T 2e218299a7544189abcd9528822da88f P 6f1af300e1d549d6b1cdd8bf3b9aeb9c [term 1 LEADER]: Becoming Leader. State: Replica: 6f1af300e1d549d6b1cdd8bf3b9aeb9c, State: Running, Role: LEADER
I0727 04:14:19.849988 50051 consensus_queue.cc:165] T 2e218299a7544189abcd9528822da88f P 6f1af300e1d549d6b1cdd8bf3b9aeb9c [LEADER]: Queue going to LEADER mode. State: All replicated index: 0, Majority replicated index: 0, Committed index: 0, Last appended: 0.0, Last appended by leader: 0, Current term: 1, Majority size: 2, State: 1, Mode: LEADER, active raft config: opid_index: -1 OBSOLETE_local: false peers { permanent_uuid: "3a3c735705964e1badb66c37a66a9096" member_type: VOTER last_known_addr { host: "ip-172-31-12-168" port: 31200 } } peers { permanent_uuid: "b497dbd6bd1a4c998891b00d2493a1bb" member_type: VOTER last_known_addr { host: "ip-172-31-12-168" port: 31202 } } peers { permanent_uuid: "6f1af300e1d549d6b1cdd8bf3b9aeb9c" member_type: VOTER last_known_addr { host: "ip-172-31-12-168" port: 31201 } }
I0727 04:14:19.974490 21011 raft_consensus.cc:944] T 11c1d1569ff640f29edb25102a4acede P 6f1af300e1d549d6b1cdd8bf3b9aeb9c [term 1 FOLLOWER]: Refusing update from remote peer b497dbd6bd1a4c998891b00d2493a1bb: Log matching property violated. Preceding OpId in replica: term: 0 index: 0. Preceding OpId from leader: term: 1 index: 1. (index mismatch)
I0727 04:14:20.064931 50038 consensus_queue.cc:722] T 359b49dfe7c049c1ad7c5c5ac349950b P 6f1af300e1d549d6b1cdd8bf3b9aeb9c [LEADER]: Connected to new peer: Peer: 3a3c735705964e1badb66c37a66a9096, Is new: false, Last received: 0.0, Next index: 1, Last known committed idx: 0, Last exchange result: ERROR, Needs tablet copy: false
I0727 04:14:20.065587 50009 consensus_queue.cc:722] T 359b49dfe7c049c1ad7c5c5ac349950b P 6f1af300e1d549d6b1cdd8bf3b9aeb9c [LEADER]: Connected to new peer: Peer: b497dbd6bd1a4c998891b00d2493a1bb, Is new: false, Last received: 0.0, Next index: 1, Last known committed idx: 0, Last exchange result: ERROR, Needs tablet copy: false
I0727 04:14:20.224612 21011 raft_consensus.cc:944] T 898284ff17af46cd81519d0205e6be79 P 6f1af300e1d549d6b1cdd8bf3b9aeb9c [term 1 FOLLOWER]: Refusing update from remote peer b497dbd6bd1a4c998891b00d2493a1bb: Log matching property violated. Preceding OpId in replica: term: 0 index: 0. Preceding OpId from leader: term: 1 index: 1. (index mismatch)
I0727 04:14:20.240413 50038 consensus_queue.cc:722] T 2e218299a7544189abcd9528822da88f P 6f1af300e1d549d6b1cdd8bf3b9aeb9c [LEADER]: Connected to new peer: Peer: b497dbd6bd1a4c998891b00d2493a1bb, Is new: false, Last received: 0.0, Next index: 1, Last known committed idx: 0, Last exchange result: ERROR, Needs tablet copy: false
I0727 04:14:20.241111 50009 consensus_queue.cc:722] T 2e218299a7544189abcd9528822da88f P 6f1af300e1d549d6b1cdd8bf3b9aeb9c [LEADER]: Connected to new peer: Peer: 3a3c735705964e1badb66c37a66a9096, Is new: false, Last received: 0.0, Next index: 1, Last known committed idx: 0, Last exchange result: ERROR, Needs tablet copy: false
I0727 04:14:23.467324 20965 tablet_service.cc:672] Processing CreateTablet for tablet 816ca4638119479982af99a501389d05 (table=impala::functional_kudu.nulltable [id=8485cd43db7842fd899fbd555c0446d0]), partition=HASH (a) PARTITION 0
I0727 04:14:23.467326 20969 tablet_service.cc:672] Processing CreateTablet for tablet 66449f84c40b42b09232dda2ff2dbfb6 (table=impala::functional_kudu.nulltable [id=8485cd43db7842fd899fbd555c0446d0]), partition=HASH (a) PARTITION 2
I0727 04:14:23.468108 20965 ts_tablet_manager.cc:871] T 816ca4638119479982af99a501389d05 P 6f1af300e1d549d6b1cdd8bf3b9aeb9c: Registered tablet (data state: TABLET_DATA_READY)
I0727 04:14:23.468163 20969 ts_tablet_manager.cc:871] T 66449f84c40b42b09232dda2ff2dbfb6 P 6f1af300e1d549d6b1cdd8bf3b9aeb9c: Registered tablet (data state: TABLET_DATA_READY)
I0727 04:14:23.468190 20967 tablet_service.cc:672] Processing CreateTablet for tablet 694406c5b7c84eb4ad91a73f8f37590e (table=impala::functional_kudu.nulltable [id=8485cd43db7842fd899fbd555c0446d0]), partition=HASH (a) PARTITION 1
I0727 04:14:23.468961 20967 ts_tablet_manager.cc:871] T 694406c5b7c84eb4ad91a73f8f37590e P 6f1af300e1d549d6b1cdd8bf3b9aeb9c: Registered tablet (data state: TABLET_DATA_READY)
I0727 04:14:23.469041 51802 ts_tablet_manager.cc:741] T 816ca4638119479982af99a501389d05 P 6f1af300e1d549d6b1cdd8bf3b9aeb9c: Bootstrapping tablet
I0727 04:14:23.469066 51802 tablet_bootstrap.cc:406] T 816ca4638119479982af99a501389d05 P 6f1af300e1d549d6b1cdd8bf3b9aeb9c: Bootstrap starting.
I0727 04:14:23.469296 51802 tablet_bootstrap.cc:547] T 816ca4638119479982af99a501389d05 P 6f1af300e1d549d6b1cdd8bf3b9aeb9c: No blocks or log segments found. Creating new log.
I0727 04:14:23.469720 51802 tablet_bootstrap.cc:406] T 816ca4638119479982af99a501389d05 P 6f1af300e1d549d6b1cdd8bf3b9aeb9c: No bootstrap required, opened a new log
I0727 04:14:23.469744 51802 ts_tablet_manager.cc:746] T 816ca4638119479982af99a501389d05 P 6f1af300e1d549d6b1cdd8bf3b9aeb9c: Time spent bootstrapping tablet: real 0.001s	user 0.000s	sys 0.000s
I0727 04:14:23.470060 51802 raft_consensus.cc:284] T 816ca4638119479982af99a501389d05 P 6f1af300e1d549d6b1cdd8bf3b9aeb9c [term 0 FOLLOWER]: Replica starting. Triggering 0 pending transactions. Active config: opid_index: -1 OBSOLETE_local: false peers { permanent_uuid: "3a3c735705964e1badb66c37a66a9096" member_type: VOTER last_known_addr { host: "ip-172-31-12-168" port: 31200 } } peers { permanent_uuid: "b497dbd6bd1a4c998891b00d2493a1bb" member_type: VOTER last_known_addr { host: "ip-172-31-12-168" port: 31202 } } peers { permanent_uuid: "6f1af300e1d549d6b1cdd8bf3b9aeb9c" member_type: VOTER last_known_addr { host: "ip-172-31-12-168" port: 31201 } }
I0727 04:14:23.470082 51802 raft_consensus.cc:316] T 816ca4638119479982af99a501389d05 P 6f1af300e1d549d6b1cdd8bf3b9aeb9c [term 0 FOLLOWER]: Consensus starting up: Expiring failure detector timer to make a prompt election more likely
I0727 04:14:23.470093 51802 raft_consensus.cc:560] T 816ca4638119479982af99a501389d05 P 6f1af300e1d549d6b1cdd8bf3b9aeb9c [term 0 FOLLOWER]: Becoming Follower/Learner. State: Replica: 6f1af300e1d549d6b1cdd8bf3b9aeb9c, State: Running, Role: FOLLOWER
I0727 04:14:23.470101 51802 consensus_queue.cc:186] T 816ca4638119479982af99a501389d05 P 6f1af300e1d549d6b1cdd8bf3b9aeb9c [NON_LEADER]: Queue going to NON_LEADER mode. State: All replicated index: 0, Majority replicated index: 0, Committed index: 0, Last appended: 0.0, Last appended by leader: 0, Current term: 0, Majority size: -1, State: 1, Mode: NON_LEADER
I0727 04:14:23.470171 51802 ts_tablet_manager.cc:775] T 816ca4638119479982af99a501389d05 P 6f1af300e1d549d6b1cdd8bf3b9aeb9c: Time spent starting tablet: real 0.000s	user 0.000s	sys 0.000s
I0727 04:14:23.470188 51802 ts_tablet_manager.cc:741] T 66449f84c40b42b09232dda2ff2dbfb6 P 6f1af300e1d549d6b1cdd8bf3b9aeb9c: Bootstrapping tablet
I0727 04:14:23.470201 51802 tablet_bootstrap.cc:406] T 66449f84c40b42b09232dda2ff2dbfb6 P 6f1af300e1d549d6b1cdd8bf3b9aeb9c: Bootstrap starting.
I0727 04:14:23.470374 51802 tablet_bootstrap.cc:547] T 66449f84c40b42b09232dda2ff2dbfb6 P 6f1af300e1d549d6b1cdd8bf3b9aeb9c: No blocks or log segments found. Creating new log.
I0727 04:14:23.470934 51802 tablet_bootstrap.cc:406] T 66449f84c40b42b09232dda2ff2dbfb6 P 6f1af300e1d549d6b1cdd8bf3b9aeb9c: No bootstrap required, opened a new log
I0727 04:14:23.470957 51802 ts_tablet_manager.cc:746] T 66449f84c40b42b09232dda2ff2dbfb6 P 6f1af300e1d549d6b1cdd8bf3b9aeb9c: Time spent bootstrapping tablet: real 0.001s	user 0.000s	sys 0.001s
I0727 04:14:23.471268 51802 raft_consensus.cc:284] T 66449f84c40b42b09232dda2ff2dbfb6 P 6f1af300e1d549d6b1cdd8bf3b9aeb9c [term 0 FOLLOWER]: Replica starting. Triggering 0 pending transactions. Active config: opid_index: -1 OBSOLETE_local: false peers { permanent_uuid: "3a3c735705964e1badb66c37a66a9096" member_type: VOTER last_known_addr { host: "ip-172-31-12-168" port: 31200 } } peers { permanent_uuid: "b497dbd6bd1a4c998891b00d2493a1bb" member_type: VOTER last_known_addr { host: "ip-172-31-12-168" port: 31202 } } peers { permanent_uuid: "6f1af300e1d549d6b1cdd8bf3b9aeb9c" member_type: VOTER last_known_addr { host: "ip-172-31-12-168" port: 31201 } }
I0727 04:14:23.471288 51802 raft_consensus.cc:316] T 66449f84c40b42b09232dda2ff2dbfb6 P 6f1af300e1d549d6b1cdd8bf3b9aeb9c [term 0 FOLLOWER]: Consensus starting up: Expiring failure detector timer to make a prompt election more likely
I0727 04:14:23.471294 51802 raft_consensus.cc:560] T 66449f84c40b42b09232dda2ff2dbfb6 P 6f1af300e1d549d6b1cdd8bf3b9aeb9c [term 0 FOLLOWER]: Becoming Follower/Learner. State: Replica: 6f1af300e1d549d6b1cdd8bf3b9aeb9c, State: Running, Role: FOLLOWER
I0727 04:14:23.471309 51802 consensus_queue.cc:186] T 66449f84c40b42b09232dda2ff2dbfb6 P 6f1af300e1d549d6b1cdd8bf3b9aeb9c [NON_LEADER]: Queue going to NON_LEADER mode. State: All replicated index: 0, Majority replicated index: 0, Committed index: 0, Last appended: 0.0, Last appended by leader: 0, Current term: 0, Majority size: -1, State: 1, Mode: NON_LEADER
I0727 04:14:23.471367 51802 ts_tablet_manager.cc:775] T 66449f84c40b42b09232dda2ff2dbfb6 P 6f1af300e1d549d6b1cdd8bf3b9aeb9c: Time spent starting tablet: real 0.000s	user 0.000s	sys 0.000s
I0727 04:14:23.471388 51802 ts_tablet_manager.cc:741] T 694406c5b7c84eb4ad91a73f8f37590e P 6f1af300e1d549d6b1cdd8bf3b9aeb9c: Bootstrapping tablet
I0727 04:14:23.471401 51802 tablet_bootstrap.cc:406] T 694406c5b7c84eb4ad91a73f8f37590e P 6f1af300e1d549d6b1cdd8bf3b9aeb9c: Bootstrap starting.
I0727 04:14:23.471565 51802 tablet_bootstrap.cc:547] T 694406c5b7c84eb4ad91a73f8f37590e P 6f1af300e1d549d6b1cdd8bf3b9aeb9c: No blocks or log segments found. Creating new log.
I0727 04:14:23.472041 51802 tablet_bootstrap.cc:406] T 694406c5b7c84eb4ad91a73f8f37590e P 6f1af300e1d549d6b1cdd8bf3b9aeb9c: No bootstrap required, opened a new log
I0727 04:14:23.472064 51802 ts_tablet_manager.cc:746] T 694406c5b7c84eb4ad91a73f8f37590e P 6f1af300e1d549d6b1cdd8bf3b9aeb9c: Time spent bootstrapping tablet: real 0.001s	user 0.000s	sys 0.001s
I0727 04:14:23.472371 51802 raft_consensus.cc:284] T 694406c5b7c84eb4ad91a73f8f37590e P 6f1af300e1d549d6b1cdd8bf3b9aeb9c [term 0 FOLLOWER]: Replica starting. Triggering 0 pending transactions. Active config: opid_index: -1 OBSOLETE_local: false peers { permanent_uuid: "3a3c735705964e1badb66c37a66a9096" member_type: VOTER last_known_addr { host: "ip-172-31-12-168" port: 31200 } } peers { permanent_uuid: "b497dbd6bd1a4c998891b00d2493a1bb" member_type: VOTER last_known_addr { host: "ip-172-31-12-168" port: 31202 } } peers { permanent_uuid: "6f1af300e1d549d6b1cdd8bf3b9aeb9c" member_type: VOTER last_known_addr { host: "ip-172-31-12-168" port: 31201 } }
I0727 04:14:23.472389 51802 raft_consensus.cc:316] T 694406c5b7c84eb4ad91a73f8f37590e P 6f1af300e1d549d6b1cdd8bf3b9aeb9c [term 0 FOLLOWER]: Consensus starting up: Expiring failure detector timer to make a prompt election more likely
I0727 04:14:23.472395 51802 raft_consensus.cc:560] T 694406c5b7c84eb4ad91a73f8f37590e P 6f1af300e1d549d6b1cdd8bf3b9aeb9c [term 0 FOLLOWER]: Becoming Follower/Learner. State: Replica: 6f1af300e1d549d6b1cdd8bf3b9aeb9c, State: Running, Role: FOLLOWER
I0727 04:14:23.472409 51802 consensus_queue.cc:186] T 694406c5b7c84eb4ad91a73f8f37590e P 6f1af300e1d549d6b1cdd8bf3b9aeb9c [NON_LEADER]: Queue going to NON_LEADER mode. State: All replicated index: 0, Majority replicated index: 0, Committed index: 0, Last appended: 0.0, Last appended by leader: 0, Current term: 0, Majority size: -1, State: 1, Mode: NON_LEADER
I0727 04:14:23.472461 51802 ts_tablet_manager.cc:775] T 694406c5b7c84eb4ad91a73f8f37590e P 6f1af300e1d549d6b1cdd8bf3b9aeb9c: Time spent starting tablet: real 0.000s	user 0.000s	sys 0.000s
I0727 04:14:23.710228 51813 raft_consensus.cc:411] T 66449f84c40b42b09232dda2ff2dbfb6 P 6f1af300e1d549d6b1cdd8bf3b9aeb9c [term 0 FOLLOWER]: Starting pre-election (no leader contacted us within the election timeout)
I0727 04:14:23.710255 51813 raft_consensus.cc:2372] T 66449f84c40b42b09232dda2ff2dbfb6 P 6f1af300e1d549d6b1cdd8bf3b9aeb9c: Snoozing failure detection for election timeout plus an additional 1.631s
I0727 04:14:23.710292 51813 raft_consensus.cc:435] T 66449f84c40b42b09232dda2ff2dbfb6 P 6f1af300e1d549d6b1cdd8bf3b9aeb9c [term 0 FOLLOWER]: Starting pre-election with config: opid_index: -1 OBSOLETE_local: false peers { permanent_uuid: "3a3c735705964e1badb66c37a66a9096" member_type: VOTER last_known_addr { host: "ip-172-31-12-168" port: 31200 } } peers { permanent_uuid: "b497dbd6bd1a4c998891b00d2493a1bb" member_type: VOTER last_known_addr { host: "ip-172-31-12-168" port: 31202 } } peers { permanent_uuid: "6f1af300e1d549d6b1cdd8bf3b9aeb9c" member_type: VOTER last_known_addr { host: "ip-172-31-12-168" port: 31201 } }
I0727 04:14:23.710456 51813 leader_election.cc:217] T 66449f84c40b42b09232dda2ff2dbfb6 P 6f1af300e1d549d6b1cdd8bf3b9aeb9c [CANDIDATE]: Term 1 pre-election: Requesting pre-vote from peer 3a3c735705964e1badb66c37a66a9096
I0727 04:14:23.710484 51813 leader_election.cc:217] T 66449f84c40b42b09232dda2ff2dbfb6 P 6f1af300e1d549d6b1cdd8bf3b9aeb9c [CANDIDATE]: Term 1 pre-election: Requesting pre-vote from peer b497dbd6bd1a4c998891b00d2493a1bb
I0727 04:14:23.710721 20829 leader_election.cc:349] T 66449f84c40b42b09232dda2ff2dbfb6 P 6f1af300e1d549d6b1cdd8bf3b9aeb9c [CANDIDATE]: Term 1 pre-election: Vote granted by peer b497dbd6bd1a4c998891b00d2493a1bb
I0727 04:14:23.710744 20829 leader_election.cc:244] T 66449f84c40b42b09232dda2ff2dbfb6 P 6f1af300e1d549d6b1cdd8bf3b9aeb9c [CANDIDATE]: Term 1 pre-election: Election decided. Result: candidate won.
I0727 04:14:23.710765 20833 leader_election.cc:349] T 66449f84c40b42b09232dda2ff2dbfb6 P 6f1af300e1d549d6b1cdd8bf3b9aeb9c [CANDIDATE]: Term 1 pre-election: Vote granted by peer 3a3c735705964e1badb66c37a66a9096
I0727 04:14:23.710799 50009 raft_consensus.cc:2372] T 66449f84c40b42b09232dda2ff2dbfb6 P 6f1af300e1d549d6b1cdd8bf3b9aeb9c: Snoozing failure detection for election timeout plus an additional 1.583s
I0727 04:14:23.710819 50009 raft_consensus.cc:2176] T 66449f84c40b42b09232dda2ff2dbfb6 P 6f1af300e1d549d6b1cdd8bf3b9aeb9c [term 0 FOLLOWER]: Leader pre-election won for term 1
I0727 04:14:23.710830 50009 raft_consensus.cc:411] T 66449f84c40b42b09232dda2ff2dbfb6 P 6f1af300e1d549d6b1cdd8bf3b9aeb9c [term 0 FOLLOWER]: Starting leader election (no leader contacted us within the election timeout)
I0727 04:14:23.710836 50009 raft_consensus.cc:2372] T 66449f84c40b42b09232dda2ff2dbfb6 P 6f1af300e1d549d6b1cdd8bf3b9aeb9c: Snoozing failure detection for election timeout plus an additional 1.580s
I0727 04:14:23.710846 50009 raft_consensus.cc:2419] T 66449f84c40b42b09232dda2ff2dbfb6 P 6f1af300e1d549d6b1cdd8bf3b9aeb9c [term 0 FOLLOWER]: Advancing to term 1
I0727 04:14:23.711329 50009 raft_consensus.cc:435] T 66449f84c40b42b09232dda2ff2dbfb6 P 6f1af300e1d549d6b1cdd8bf3b9aeb9c [term 1 FOLLOWER]: Starting leader election with config: opid_index: -1 OBSOLETE_local: false peers { permanent_uuid: "3a3c735705964e1badb66c37a66a9096" member_type: VOTER last_known_addr { host: "ip-172-31-12-168" port: 31200 } } peers { permanent_uuid: "b497dbd6bd1a4c998891b00d2493a1bb" member_type: VOTER last_known_addr { host: "ip-172-31-12-168" port: 31202 } } peers { permanent_uuid: "6f1af300e1d549d6b1cdd8bf3b9aeb9c" member_type: VOTER last_known_addr { host: "ip-172-31-12-168" port: 31201 } }
I0727 04:14:23.711472 50009 leader_election.cc:217] T 66449f84c40b42b09232dda2ff2dbfb6 P 6f1af300e1d549d6b1cdd8bf3b9aeb9c [CANDIDATE]: Term 1 election: Requesting vote from peer 3a3c735705964e1badb66c37a66a9096
I0727 04:14:23.711496 50009 leader_election.cc:217] T 66449f84c40b42b09232dda2ff2dbfb6 P 6f1af300e1d549d6b1cdd8bf3b9aeb9c [CANDIDATE]: Term 1 election: Requesting vote from peer b497dbd6bd1a4c998891b00d2493a1bb
I0727 04:14:23.711973 20833 leader_election.cc:349] T 66449f84c40b42b09232dda2ff2dbfb6 P 6f1af300e1d549d6b1cdd8bf3b9aeb9c [CANDIDATE]: Term 1 election: Vote granted by peer 3a3c735705964e1badb66c37a66a9096
I0727 04:14:23.711985 20833 leader_election.cc:244] T 66449f84c40b42b09232dda2ff2dbfb6 P 6f1af300e1d549d6b1cdd8bf3b9aeb9c [CANDIDATE]: Term 1 election: Election decided. Result: candidate won.
I0727 04:14:23.712013 50051 raft_consensus.cc:2372] T 66449f84c40b42b09232dda2ff2dbfb6 P 6f1af300e1d549d6b1cdd8bf3b9aeb9c: Snoozing failure detection for election timeout plus an additional 2.223s
I0727 04:14:23.712028 50051 raft_consensus.cc:2176] T 66449f84c40b42b09232dda2ff2dbfb6 P 6f1af300e1d549d6b1cdd8bf3b9aeb9c [term 1 FOLLOWER]: Leader election won for term 1
I0727 04:14:23.712047 50051 raft_consensus.cc:528] T 66449f84c40b42b09232dda2ff2dbfb6 P 6f1af300e1d549d6b1cdd8bf3b9aeb9c [term 1 LEADER]: Becoming Leader. State: Replica: 6f1af300e1d549d6b1cdd8bf3b9aeb9c, State: Running, Role: LEADER
I0727 04:14:23.712087 50051 consensus_queue.cc:165] T 66449f84c40b42b09232dda2ff2dbfb6 P 6f1af300e1d549d6b1cdd8bf3b9aeb9c [LEADER]: Queue going to LEADER mode. State: All replicated index: 0, Majority replicated index: 0, Committed index: 0, Last appended: 0.0, Last appended by leader: 0, Current term: 1, Majority size: 2, State: 1, Mode: LEADER, active raft config: opid_index: -1 OBSOLETE_local: false peers { permanent_uuid: "3a3c735705964e1badb66c37a66a9096" member_type: VOTER last_known_addr { host: "ip-172-31-12-168" port: 31200 } } peers { permanent_uuid: "b497dbd6bd1a4c998891b00d2493a1bb" member_type: VOTER last_known_addr { host: "ip-172-31-12-168" port: 31202 } } peers { permanent_uuid: "6f1af300e1d549d6b1cdd8bf3b9aeb9c" member_type: VOTER last_known_addr { host: "ip-172-31-12-168" port: 31201 } }
I0727 04:14:23.712116 20829 leader_election.cc:349] T 66449f84c40b42b09232dda2ff2dbfb6 P 6f1af300e1d549d6b1cdd8bf3b9aeb9c [CANDIDATE]: Term 1 election: Vote granted by peer b497dbd6bd1a4c998891b00d2493a1bb
I0727 04:14:23.772789 21011 raft_consensus.cc:2372] T 694406c5b7c84eb4ad91a73f8f37590e P 6f1af300e1d549d6b1cdd8bf3b9aeb9c: Snoozing failure detection for election timeout plus an additional 1.546s
I0727 04:14:23.772814 21011 raft_consensus.cc:1943] T 694406c5b7c84eb4ad91a73f8f37590e P 6f1af300e1d549d6b1cdd8bf3b9aeb9c [term 0 FOLLOWER]: Leader pre-election vote request: Granting yes vote for candidate b497dbd6bd1a4c998891b00d2493a1bb in term 0.
I0727 04:14:23.773708 21011 raft_consensus.cc:2419] T 694406c5b7c84eb4ad91a73f8f37590e P 6f1af300e1d549d6b1cdd8bf3b9aeb9c [term 0 FOLLOWER]: Advancing to term 1
I0727 04:14:23.773730 21011 raft_consensus.cc:2372] T 694406c5b7c84eb4ad91a73f8f37590e P 6f1af300e1d549d6b1cdd8bf3b9aeb9c: Snoozing failure detection for election timeout plus an additional 1.693s
I0727 04:14:23.774154 21011 raft_consensus.cc:1943] T 694406c5b7c84eb4ad91a73f8f37590e P 6f1af300e1d549d6b1cdd8bf3b9aeb9c [term 1 FOLLOWER]: Leader election vote request: Granting yes vote for candidate b497dbd6bd1a4c998891b00d2493a1bb in term 1.
I0727 04:14:23.801774 21011 raft_consensus.cc:2372] T 816ca4638119479982af99a501389d05 P 6f1af300e1d549d6b1cdd8bf3b9aeb9c: Snoozing failure detection for election timeout plus an additional 1.845s
I0727 04:14:23.801796 21011 raft_consensus.cc:1943] T 816ca4638119479982af99a501389d05 P 6f1af300e1d549d6b1cdd8bf3b9aeb9c [term 0 FOLLOWER]: Leader pre-election vote request: Granting yes vote for candidate b497dbd6bd1a4c998891b00d2493a1bb in term 0.
I0727 04:14:23.802616 21011 raft_consensus.cc:2419] T 816ca4638119479982af99a501389d05 P 6f1af300e1d549d6b1cdd8bf3b9aeb9c [term 0 FOLLOWER]: Advancing to term 1
I0727 04:14:23.802631 21011 raft_consensus.cc:2372] T 816ca4638119479982af99a501389d05 P 6f1af300e1d549d6b1cdd8bf3b9aeb9c: Snoozing failure detection for election timeout plus an additional 2.013s
I0727 04:14:23.802929 21011 raft_consensus.cc:1943] T 816ca4638119479982af99a501389d05 P 6f1af300e1d549d6b1cdd8bf3b9aeb9c [term 1 FOLLOWER]: Leader election vote request: Granting yes vote for candidate b497dbd6bd1a4c998891b00d2493a1bb in term 1.
I0727 04:14:24.025372 50038 consensus_queue.cc:722] T 66449f84c40b42b09232dda2ff2dbfb6 P 6f1af300e1d549d6b1cdd8bf3b9aeb9c [LEADER]: Connected to new peer: Peer: b497dbd6bd1a4c998891b00d2493a1bb, Is new: false, Last received: 0.0, Next index: 1, Last known committed idx: 0, Last exchange result: ERROR, Needs tablet copy: false
I0727 04:14:24.026177 50051 consensus_queue.cc:722] T 66449f84c40b42b09232dda2ff2dbfb6 P 6f1af300e1d549d6b1cdd8bf3b9aeb9c [LEADER]: Connected to new peer: Peer: 3a3c735705964e1badb66c37a66a9096, Is new: false, Last received: 0.0, Next index: 1, Last known committed idx: 0, Last exchange result: ERROR, Needs tablet copy: false
I0727 04:14:24.077903 21010 raft_consensus.cc:944] T 694406c5b7c84eb4ad91a73f8f37590e P 6f1af300e1d549d6b1cdd8bf3b9aeb9c [term 1 FOLLOWER]: Refusing update from remote peer b497dbd6bd1a4c998891b00d2493a1bb: Log matching property violated. Preceding OpId in replica: term: 0 index: 0. Preceding OpId from leader: term: 1 index: 1. (index mismatch)
I0727 04:14:24.092838 21010 raft_consensus.cc:944] T 816ca4638119479982af99a501389d05 P 6f1af300e1d549d6b1cdd8bf3b9aeb9c [term 1 FOLLOWER]: Refusing update from remote peer b497dbd6bd1a4c998891b00d2493a1bb: Log matching property violated. Preceding OpId in replica: term: 0 index: 0. Preceding OpId from leader: term: 1 index: 1. (index mismatch)
I0727 04:14:27.377578 20967 tablet_service.cc:672] Processing CreateTablet for tablet 9d0262b54ec643239de1d529fe97bff3 (table=impala::functional_kudu.nullescapedtable [id=e5940daee42c46bfb36b71bb97f6e01c]), partition=HASH (a) PARTITION 0
I0727 04:14:27.377632 20969 tablet_service.cc:672] Processing CreateTablet for tablet e1414b3b128945e6b5871a91b1d01d82 (table=impala::functional_kudu.nullescapedtable [id=e5940daee42c46bfb36b71bb97f6e01c]), partition=HASH (a) PARTITION 1
I0727 04:14:27.378288 20967 ts_tablet_manager.cc:871] T 9d0262b54ec643239de1d529fe97bff3 P 6f1af300e1d549d6b1cdd8bf3b9aeb9c: Registered tablet (data state: TABLET_DATA_READY)
I0727 04:14:27.378329 20969 ts_tablet_manager.cc:871] T e1414b3b128945e6b5871a91b1d01d82 P 6f1af300e1d549d6b1cdd8bf3b9aeb9c: Registered tablet (data state: TABLET_DATA_READY)
I0727 04:14:27.378371 20965 tablet_service.cc:672] Processing CreateTablet for tablet 6d68069135fb48efa74080a3da9093cb (table=impala::functional_kudu.nullescapedtable [id=e5940daee42c46bfb36b71bb97f6e01c]), partition=HASH (a) PARTITION 2
I0727 04:14:27.378975 20965 ts_tablet_manager.cc:871] T 6d68069135fb48efa74080a3da9093cb P 6f1af300e1d549d6b1cdd8bf3b9aeb9c: Registered tablet (data state: TABLET_DATA_READY)
I0727 04:14:27.379160 51916 ts_tablet_manager.cc:741] T 9d0262b54ec643239de1d529fe97bff3 P 6f1af300e1d549d6b1cdd8bf3b9aeb9c: Bootstrapping tablet
I0727 04:14:27.379181 51916 tablet_bootstrap.cc:406] T 9d0262b54ec643239de1d529fe97bff3 P 6f1af300e1d549d6b1cdd8bf3b9aeb9c: Bootstrap starting.
I0727 04:14:27.379613 51916 tablet_bootstrap.cc:547] T 9d0262b54ec643239de1d529fe97bff3 P 6f1af300e1d549d6b1cdd8bf3b9aeb9c: No blocks or log segments found. Creating new log.
I0727 04:14:27.380072 51916 tablet_bootstrap.cc:406] T 9d0262b54ec643239de1d529fe97bff3 P 6f1af300e1d549d6b1cdd8bf3b9aeb9c: No bootstrap required, opened a new log
I0727 04:14:27.380095 51916 ts_tablet_manager.cc:746] T 9d0262b54ec643239de1d529fe97bff3 P 6f1af300e1d549d6b1cdd8bf3b9aeb9c: Time spent bootstrapping tablet: real 0.001s	user 0.000s	sys 0.000s
I0727 04:14:27.387573 51916 raft_consensus.cc:284] T 9d0262b54ec643239de1d529fe97bff3 P 6f1af300e1d549d6b1cdd8bf3b9aeb9c [term 0 FOLLOWER]: Replica starting. Triggering 0 pending transactions. Active config: opid_index: -1 OBSOLETE_local: false peers { permanent_uuid: "3a3c735705964e1badb66c37a66a9096" member_type: VOTER last_known_addr { host: "ip-172-31-12-168" port: 31200 } } peers { permanent_uuid: "b497dbd6bd1a4c998891b00d2493a1bb" member_type: VOTER last_known_addr { host: "ip-172-31-12-168" port: 31202 } } peers { permanent_uuid: "6f1af300e1d549d6b1cdd8bf3b9aeb9c" member_type: VOTER last_known_addr { host: "ip-172-31-12-168" port: 31201 } }
I0727 04:14:27.387598 51916 raft_consensus.cc:316] T 9d0262b54ec643239de1d529fe97bff3 P 6f1af300e1d549d6b1cdd8bf3b9aeb9c [term 0 FOLLOWER]: Consensus starting up: Expiring failure detector timer to make a prompt election more likely
I0727 04:14:27.387604 51916 raft_consensus.cc:560] T 9d0262b54ec643239de1d529fe97bff3 P 6f1af300e1d549d6b1cdd8bf3b9aeb9c [term 0 FOLLOWER]: Becoming Follower/Learner. State: Replica: 6f1af300e1d549d6b1cdd8bf3b9aeb9c, State: Running, Role: FOLLOWER
I0727 04:14:27.387612 51916 consensus_queue.cc:186] T 9d0262b54ec643239de1d529fe97bff3 P 6f1af300e1d549d6b1cdd8bf3b9aeb9c [NON_LEADER]: Queue going to NON_LEADER mode. State: All replicated index: 0, Majority replicated index: 0, Committed index: 0, Last appended: 0.0, Last appended by leader: 0, Current term: 0, Majority size: -1, State: 1, Mode: NON_LEADER
I0727 04:14:27.387662 51916 ts_tablet_manager.cc:775] T 9d0262b54ec643239de1d529fe97bff3 P 6f1af300e1d549d6b1cdd8bf3b9aeb9c: Time spent starting tablet: real 0.008s	user 0.000s	sys 0.001s
I0727 04:14:27.387676 51916 ts_tablet_manager.cc:741] T e1414b3b128945e6b5871a91b1d01d82 P 6f1af300e1d549d6b1cdd8bf3b9aeb9c: Bootstrapping tablet
I0727 04:14:27.387686 51916 tablet_bootstrap.cc:406] T e1414b3b128945e6b5871a91b1d01d82 P 6f1af300e1d549d6b1cdd8bf3b9aeb9c: Bootstrap starting.
I0727 04:14:27.387840 51916 tablet_bootstrap.cc:547] T e1414b3b128945e6b5871a91b1d01d82 P 6f1af300e1d549d6b1cdd8bf3b9aeb9c: No blocks or log segments found. Creating new log.
I0727 04:14:27.389156 51916 tablet_bootstrap.cc:406] T e1414b3b128945e6b5871a91b1d01d82 P 6f1af300e1d549d6b1cdd8bf3b9aeb9c: No bootstrap required, opened a new log
I0727 04:14:27.389181 51916 ts_tablet_manager.cc:746] T e1414b3b128945e6b5871a91b1d01d82 P 6f1af300e1d549d6b1cdd8bf3b9aeb9c: Time spent bootstrapping tablet: real 0.001s	user 0.000s	sys 0.000s
I0727 04:14:27.389498 51916 raft_consensus.cc:284] T e1414b3b128945e6b5871a91b1d01d82 P 6f1af300e1d549d6b1cdd8bf3b9aeb9c [term 0 FOLLOWER]: Replica starting. Triggering 0 pending transactions. Active config: opid_index: -1 OBSOLETE_local: false peers { permanent_uuid: "3a3c735705964e1badb66c37a66a9096" member_type: VOTER last_known_addr { host: "ip-172-31-12-168" port: 31200 } } peers { permanent_uuid: "b497dbd6bd1a4c998891b00d2493a1bb" member_type: VOTER last_known_addr { host: "ip-172-31-12-168" port: 31202 } } peers { permanent_uuid: "6f1af300e1d549d6b1cdd8bf3b9aeb9c" member_type: VOTER last_known_addr { host: "ip-172-31-12-168" port: 31201 } }
I0727 04:14:27.389516 51916 raft_consensus.cc:316] T e1414b3b128945e6b5871a91b1d01d82 P 6f1af300e1d549d6b1cdd8bf3b9aeb9c [term 0 FOLLOWER]: Consensus starting up: Expiring failure detector timer to make a prompt election more likely
I0727 04:14:27.389521 51916 raft_consensus.cc:560] T e1414b3b128945e6b5871a91b1d01d82 P 6f1af300e1d549d6b1cdd8bf3b9aeb9c [term 0 FOLLOWER]: Becoming Follower/Learner. State: Replica: 6f1af300e1d549d6b1cdd8bf3b9aeb9c, State: Running, Role: FOLLOWER
I0727 04:14:27.389539 51916 consensus_queue.cc:186] T e1414b3b128945e6b5871a91b1d01d82 P 6f1af300e1d549d6b1cdd8bf3b9aeb9c [NON_LEADER]: Queue going to NON_LEADER mode. State: All replicated index: 0, Majority replicated index: 0, Committed index: 0, Last appended: 0.0, Last appended by leader: 0, Current term: 0, Majority size: -1, State: 1, Mode: NON_LEADER
I0727 04:14:27.389602 51916 ts_tablet_manager.cc:775] T e1414b3b128945e6b5871a91b1d01d82 P 6f1af300e1d549d6b1cdd8bf3b9aeb9c: Time spent starting tablet: real 0.000s	user 0.000s	sys 0.000s
I0727 04:14:27.389618 51916 ts_tablet_manager.cc:741] T 6d68069135fb48efa74080a3da9093cb P 6f1af300e1d549d6b1cdd8bf3b9aeb9c: Bootstrapping tablet
I0727 04:14:27.389631 51916 tablet_bootstrap.cc:406] T 6d68069135fb48efa74080a3da9093cb P 6f1af300e1d549d6b1cdd8bf3b9aeb9c: Bootstrap starting.
I0727 04:14:27.389834 51916 tablet_bootstrap.cc:547] T 6d68069135fb48efa74080a3da9093cb P 6f1af300e1d549d6b1cdd8bf3b9aeb9c: No blocks or log segments found. Creating new log.
I0727 04:14:27.390138 51916 tablet_bootstrap.cc:406] T 6d68069135fb48efa74080a3da9093cb P 6f1af300e1d549d6b1cdd8bf3b9aeb9c: No bootstrap required, opened a new log
I0727 04:14:27.390161 51916 ts_tablet_manager.cc:746] T 6d68069135fb48efa74080a3da9093cb P 6f1af300e1d549d6b1cdd8bf3b9aeb9c: Time spent bootstrapping tablet: real 0.001s	user 0.000s	sys 0.000s
I0727 04:14:27.390460 51916 raft_consensus.cc:284] T 6d68069135fb48efa74080a3da9093cb P 6f1af300e1d549d6b1cdd8bf3b9aeb9c [term 0 FOLLOWER]: Replica starting. Triggering 0 pending transactions. Active config: opid_index: -1 OBSOLETE_local: false peers { permanent_uuid: "3a3c735705964e1badb66c37a66a9096" member_type: VOTER last_known_addr { host: "ip-172-31-12-168" port: 31200 } } peers { permanent_uuid: "b497dbd6bd1a4c998891b00d2493a1bb" member_type: VOTER last_known_addr { host: "ip-172-31-12-168" port: 31202 } } peers { permanent_uuid: "6f1af300e1d549d6b1cdd8bf3b9aeb9c" member_type: VOTER last_known_addr { host: "ip-172-31-12-168" port: 31201 } }
I0727 04:14:27.390486 51916 raft_consensus.cc:316] T 6d68069135fb48efa74080a3da9093cb P 6f1af300e1d549d6b1cdd8bf3b9aeb9c [term 0 FOLLOWER]: Consensus starting up: Expiring failure detector timer to make a prompt election more likely
I0727 04:14:27.390496 51916 raft_consensus.cc:560] T 6d68069135fb48efa74080a3da9093cb P 6f1af300e1d549d6b1cdd8bf3b9aeb9c [term 0 FOLLOWER]: Becoming Follower/Learner. State: Replica: 6f1af300e1d549d6b1cdd8bf3b9aeb9c, State: Running, Role: FOLLOWER
I0727 04:14:27.390504 51916 consensus_queue.cc:186] T 6d68069135fb48efa74080a3da9093cb P 6f1af300e1d549d6b1cdd8bf3b9aeb9c [NON_LEADER]: Queue going to NON_LEADER mode. State: All replicated index: 0, Majority replicated index: 0, Committed index: 0, Last appended: 0.0, Last appended by leader: 0, Current term: 0, Majority size: -1, State: 1, Mode: NON_LEADER
I0727 04:14:27.390555 51916 ts_tablet_manager.cc:775] T 6d68069135fb48efa74080a3da9093cb P 6f1af300e1d549d6b1cdd8bf3b9aeb9c: Time spent starting tablet: real 0.000s	user 0.000s	sys 0.000s
I0727 04:14:27.613414 21010 raft_consensus.cc:2372] T 9d0262b54ec643239de1d529fe97bff3 P 6f1af300e1d549d6b1cdd8bf3b9aeb9c: Snoozing failure detection for election timeout plus an additional 1.601s
I0727 04:14:27.613437 21010 raft_consensus.cc:1943] T 9d0262b54ec643239de1d529fe97bff3 P 6f1af300e1d549d6b1cdd8bf3b9aeb9c [term 0 FOLLOWER]: Leader pre-election vote request: Granting yes vote for candidate b497dbd6bd1a4c998891b00d2493a1bb in term 0.
I0727 04:14:27.614403 21010 raft_consensus.cc:2419] T 9d0262b54ec643239de1d529fe97bff3 P 6f1af300e1d549d6b1cdd8bf3b9aeb9c [term 0 FOLLOWER]: Advancing to term 1
I0727 04:14:27.614423 21010 raft_consensus.cc:2372] T 9d0262b54ec643239de1d529fe97bff3 P 6f1af300e1d549d6b1cdd8bf3b9aeb9c: Snoozing failure detection for election timeout plus an additional 1.863s
I0727 04:14:27.614887 21010 raft_consensus.cc:1943] T 9d0262b54ec643239de1d529fe97bff3 P 6f1af300e1d549d6b1cdd8bf3b9aeb9c [term 1 FOLLOWER]: Leader election vote request: Granting yes vote for candidate b497dbd6bd1a4c998891b00d2493a1bb in term 1.
I0727 04:14:27.720834 21011 raft_consensus.cc:2372] T 6d68069135fb48efa74080a3da9093cb P 6f1af300e1d549d6b1cdd8bf3b9aeb9c: Snoozing failure detection for election timeout plus an additional 2.145s
I0727 04:14:27.720860 21011 raft_consensus.cc:1943] T 6d68069135fb48efa74080a3da9093cb P 6f1af300e1d549d6b1cdd8bf3b9aeb9c [term 0 FOLLOWER]: Leader pre-election vote request: Granting yes vote for candidate b497dbd6bd1a4c998891b00d2493a1bb in term 0.
I0727 04:14:27.721839 21011 raft_consensus.cc:2419] T 6d68069135fb48efa74080a3da9093cb P 6f1af300e1d549d6b1cdd8bf3b9aeb9c [term 0 FOLLOWER]: Advancing to term 1
I0727 04:14:27.721864 21011 raft_consensus.cc:2372] T 6d68069135fb48efa74080a3da9093cb P 6f1af300e1d549d6b1cdd8bf3b9aeb9c: Snoozing failure detection for election timeout plus an additional 1.886s
I0727 04:14:27.722326 21011 raft_consensus.cc:1943] T 6d68069135fb48efa74080a3da9093cb P 6f1af300e1d549d6b1cdd8bf3b9aeb9c [term 1 FOLLOWER]: Leader election vote request: Granting yes vote for candidate b497dbd6bd1a4c998891b00d2493a1bb in term 1.
I0727 04:14:27.847187 21011 raft_consensus.cc:2372] T e1414b3b128945e6b5871a91b1d01d82 P 6f1af300e1d549d6b1cdd8bf3b9aeb9c: Snoozing failure detection for election timeout plus an additional 1.579s
I0727 04:14:27.847210 21011 raft_consensus.cc:1943] T e1414b3b128945e6b5871a91b1d01d82 P 6f1af300e1d549d6b1cdd8bf3b9aeb9c [term 0 FOLLOWER]: Leader pre-election vote request: Granting yes vote for candidate 3a3c735705964e1badb66c37a66a9096 in term 0.
I0727 04:14:27.848019 21011 raft_consensus.cc:2419] T e1414b3b128945e6b5871a91b1d01d82 P 6f1af300e1d549d6b1cdd8bf3b9aeb9c [term 0 FOLLOWER]: Advancing to term 1
I0727 04:14:27.848039 21011 raft_consensus.cc:2372] T e1414b3b128945e6b5871a91b1d01d82 P 6f1af300e1d549d6b1cdd8bf3b9aeb9c: Snoozing failure detection for election timeout plus an additional 2.084s
I0727 04:14:27.848389 21011 raft_consensus.cc:1943] T e1414b3b128945e6b5871a91b1d01d82 P 6f1af300e1d549d6b1cdd8bf3b9aeb9c [term 1 FOLLOWER]: Leader election vote request: Granting yes vote for candidate 3a3c735705964e1badb66c37a66a9096 in term 1.
I0727 04:14:27.900952 21011 raft_consensus.cc:944] T 9d0262b54ec643239de1d529fe97bff3 P 6f1af300e1d549d6b1cdd8bf3b9aeb9c [term 1 FOLLOWER]: Refusing update from remote peer b497dbd6bd1a4c998891b00d2493a1bb: Log matching property violated. Preceding OpId in replica: term: 0 index: 0. Preceding OpId from leader: term: 1 index: 1. (index mismatch)
I0727 04:14:28.016831 21011 raft_consensus.cc:944] T 6d68069135fb48efa74080a3da9093cb P 6f1af300e1d549d6b1cdd8bf3b9aeb9c [term 1 FOLLOWER]: Refusing update from remote peer b497dbd6bd1a4c998891b00d2493a1bb: Log matching property violated. Preceding OpId in replica: term: 0 index: 0. Preceding OpId from leader: term: 1 index: 1. (index mismatch)
I0727 04:14:28.110632 21011 raft_consensus.cc:944] T e1414b3b128945e6b5871a91b1d01d82 P 6f1af300e1d549d6b1cdd8bf3b9aeb9c [term 1 FOLLOWER]: Refusing update from remote peer 3a3c735705964e1badb66c37a66a9096: Log matching property violated. Preceding OpId in replica: term: 0 index: 0. Preceding OpId from leader: term: 1 index: 1. (index mismatch)
I0727 04:14:33.535548 20965 tablet_service.cc:672] Processing CreateTablet for tablet e0031f8664294f61b6c184c192330960 (table=impala::functional_kudu.zipcode_incomes [id=63c99acccfb2423ba05f1863f95cccde]), partition=RANGE (id) PARTITION VALUES < "8600000US01475\000"
I0727 04:14:33.535580 20971 tablet_service.cc:672] Processing CreateTablet for tablet 9b196d71f9ef4f74800fd3d3104360f5 (table=impala::functional_kudu.zipcode_incomes [id=63c99acccfb2423ba05f1863f95cccde]), partition=RANGE (id) PARTITION VALUES >= "8600000US84712\000"
I0727 04:14:33.536104 20971 ts_tablet_manager.cc:871] T 9b196d71f9ef4f74800fd3d3104360f5 P 6f1af300e1d549d6b1cdd8bf3b9aeb9c: Registered tablet (data state: TABLET_DATA_READY)
I0727 04:14:33.536273 20965 ts_tablet_manager.cc:871] T e0031f8664294f61b6c184c192330960 P 6f1af300e1d549d6b1cdd8bf3b9aeb9c: Registered tablet (data state: TABLET_DATA_READY)
I0727 04:14:33.536319 20967 tablet_service.cc:672] Processing CreateTablet for tablet e4c69bec998e4ad192d30fe28d2eae7c (table=impala::functional_kudu.zipcode_incomes [id=63c99acccfb2423ba05f1863f95cccde]), partition=RANGE (id) PARTITION "8600000US63121\000" <= VALUES < "8600000US84712\000"
