I0727 05:17:24.875607 20973 log.cc:974] T 694406c5b7c84eb4ad91a73f8f37590e P 6f1af300e1d549d6b1cdd8bf3b9aeb9c: Deleting WAL directory at /home/ubuntu/Impala/testdata/cluster/cdh5/node-2/var/lib/kudu/ts/wal/wals/694406c5b7c84eb4ad91a73f8f37590e
I0727 05:17:24.875706 20973 ts_tablet_manager.cc:1060] T 694406c5b7c84eb4ad91a73f8f37590e P 6f1af300e1d549d6b1cdd8bf3b9aeb9c: Deleting consensus metadata
I0727 05:17:24.876323 20969 ts_tablet_manager.cc:1042] T 66449f84c40b42b09232dda2ff2dbfb6 P 6f1af300e1d549d6b1cdd8bf3b9aeb9c: Tablet deleted. Last logged OpId: 1.1
I0727 05:17:24.876339 20969 log.cc:974] T 66449f84c40b42b09232dda2ff2dbfb6 P 6f1af300e1d549d6b1cdd8bf3b9aeb9c: Deleting WAL directory at /home/ubuntu/Impala/testdata/cluster/cdh5/node-2/var/lib/kudu/ts/wal/wals/66449f84c40b42b09232dda2ff2dbfb6
I0727 05:17:24.876410 20971 ts_tablet_manager.cc:1042] T 816ca4638119479982af99a501389d05 P 6f1af300e1d549d6b1cdd8bf3b9aeb9c: Tablet deleted. Last logged OpId: 1.2
I0727 05:17:24.876425 20971 log.cc:974] T 816ca4638119479982af99a501389d05 P 6f1af300e1d549d6b1cdd8bf3b9aeb9c: Deleting WAL directory at /home/ubuntu/Impala/testdata/cluster/cdh5/node-2/var/lib/kudu/ts/wal/wals/816ca4638119479982af99a501389d05
I0727 05:17:24.876433 20969 ts_tablet_manager.cc:1060] T 66449f84c40b42b09232dda2ff2dbfb6 P 6f1af300e1d549d6b1cdd8bf3b9aeb9c: Deleting consensus metadata
I0727 05:17:24.877262 20971 ts_tablet_manager.cc:1060] T 816ca4638119479982af99a501389d05 P 6f1af300e1d549d6b1cdd8bf3b9aeb9c: Deleting consensus metadata
I0727 05:17:24.998800 20971 tablet_service.cc:672] Processing CreateTablet for tablet d8dcb86409d84df2aea9eb64551b4f14 (table=impala::functional_kudu.nulltable [id=240244151a77498d842c9ec4d00e991a]), partition=HASH (a) PARTITION 0
I0727 05:17:24.998828 20973 tablet_service.cc:672] Processing CreateTablet for tablet c31d0be6e17c4d7eb1f7e9f4e49f426d (table=impala::functional_kudu.nulltable [id=240244151a77498d842c9ec4d00e991a]), partition=HASH (a) PARTITION 2
I0727 05:17:24.998827 20969 tablet_service.cc:672] Processing CreateTablet for tablet 4059acfdbd7e4ffb91796833f32eb984 (table=impala::functional_kudu.nulltable [id=240244151a77498d842c9ec4d00e991a]), partition=HASH (a) PARTITION 1
I0727 05:17:24.999346 20973 ts_tablet_manager.cc:871] T c31d0be6e17c4d7eb1f7e9f4e49f426d P 6f1af300e1d549d6b1cdd8bf3b9aeb9c: Registered tablet (data state: TABLET_DATA_READY)
I0727 05:17:24.999361 20971 ts_tablet_manager.cc:871] T d8dcb86409d84df2aea9eb64551b4f14 P 6f1af300e1d549d6b1cdd8bf3b9aeb9c: Registered tablet (data state: TABLET_DATA_READY)
I0727 05:17:24.999383 20969 ts_tablet_manager.cc:871] T 4059acfdbd7e4ffb91796833f32eb984 P 6f1af300e1d549d6b1cdd8bf3b9aeb9c: Registered tablet (data state: TABLET_DATA_READY)
I0727 05:17:24.999613 112349 ts_tablet_manager.cc:741] T c31d0be6e17c4d7eb1f7e9f4e49f426d P 6f1af300e1d549d6b1cdd8bf3b9aeb9c: Bootstrapping tablet
I0727 05:17:24.999632 112349 tablet_bootstrap.cc:406] T c31d0be6e17c4d7eb1f7e9f4e49f426d P 6f1af300e1d549d6b1cdd8bf3b9aeb9c: Bootstrap starting.
I0727 05:17:24.999788 112349 tablet_bootstrap.cc:547] T c31d0be6e17c4d7eb1f7e9f4e49f426d P 6f1af300e1d549d6b1cdd8bf3b9aeb9c: No blocks or log segments found. Creating new log.
I0727 05:17:25.000201 112349 tablet_bootstrap.cc:406] T c31d0be6e17c4d7eb1f7e9f4e49f426d P 6f1af300e1d549d6b1cdd8bf3b9aeb9c: No bootstrap required, opened a new log
I0727 05:17:25.000218 112349 ts_tablet_manager.cc:746] T c31d0be6e17c4d7eb1f7e9f4e49f426d P 6f1af300e1d549d6b1cdd8bf3b9aeb9c: Time spent bootstrapping tablet: real 0.001s	user 0.000s	sys 0.000s
I0727 05:17:25.000493 112349 raft_consensus.cc:284] T c31d0be6e17c4d7eb1f7e9f4e49f426d P 6f1af300e1d549d6b1cdd8bf3b9aeb9c [term 0 FOLLOWER]: Replica starting. Triggering 0 pending transactions. Active config: opid_index: -1 OBSOLETE_local: false peers { permanent_uuid: "b497dbd6bd1a4c998891b00d2493a1bb" member_type: VOTER last_known_addr { host: "ip-172-31-12-168" port: 31202 } } peers { permanent_uuid: "3a3c735705964e1badb66c37a66a9096" member_type: VOTER last_known_addr { host: "ip-172-31-12-168" port: 31200 } } peers { permanent_uuid: "6f1af300e1d549d6b1cdd8bf3b9aeb9c" member_type: VOTER last_known_addr { host: "ip-172-31-12-168" port: 31201 } }
I0727 05:17:25.000506 112349 raft_consensus.cc:316] T c31d0be6e17c4d7eb1f7e9f4e49f426d P 6f1af300e1d549d6b1cdd8bf3b9aeb9c [term 0 FOLLOWER]: Consensus starting up: Expiring failure detector timer to make a prompt election more likely
I0727 05:17:25.000509 112349 raft_consensus.cc:560] T c31d0be6e17c4d7eb1f7e9f4e49f426d P 6f1af300e1d549d6b1cdd8bf3b9aeb9c [term 0 FOLLOWER]: Becoming Follower/Learner. State: Replica: 6f1af300e1d549d6b1cdd8bf3b9aeb9c, State: Running, Role: FOLLOWER
I0727 05:17:25.000517 112349 consensus_queue.cc:186] T c31d0be6e17c4d7eb1f7e9f4e49f426d P 6f1af300e1d549d6b1cdd8bf3b9aeb9c [NON_LEADER]: Queue going to NON_LEADER mode. State: All replicated index: 0, Majority replicated index: 0, Committed index: 0, Last appended: 0.0, Last appended by leader: 0, Current term: 0, Majority size: -1, State: 1, Mode: NON_LEADER
I0727 05:17:25.000571 112349 ts_tablet_manager.cc:775] T c31d0be6e17c4d7eb1f7e9f4e49f426d P 6f1af300e1d549d6b1cdd8bf3b9aeb9c: Time spent starting tablet: real 0.000s	user 0.000s	sys 0.000s
I0727 05:17:25.000583 112349 ts_tablet_manager.cc:741] T d8dcb86409d84df2aea9eb64551b4f14 P 6f1af300e1d549d6b1cdd8bf3b9aeb9c: Bootstrapping tablet
I0727 05:17:25.000597 112349 tablet_bootstrap.cc:406] T d8dcb86409d84df2aea9eb64551b4f14 P 6f1af300e1d549d6b1cdd8bf3b9aeb9c: Bootstrap starting.
I0727 05:17:25.000707 112349 tablet_bootstrap.cc:547] T d8dcb86409d84df2aea9eb64551b4f14 P 6f1af300e1d549d6b1cdd8bf3b9aeb9c: No blocks or log segments found. Creating new log.
I0727 05:17:25.001065 112349 tablet_bootstrap.cc:406] T d8dcb86409d84df2aea9eb64551b4f14 P 6f1af300e1d549d6b1cdd8bf3b9aeb9c: No bootstrap required, opened a new log
I0727 05:17:25.001080 112349 ts_tablet_manager.cc:746] T d8dcb86409d84df2aea9eb64551b4f14 P 6f1af300e1d549d6b1cdd8bf3b9aeb9c: Time spent bootstrapping tablet: real 0.000s	user 0.000s	sys 0.000s
I0727 05:17:25.001343 112349 raft_consensus.cc:284] T d8dcb86409d84df2aea9eb64551b4f14 P 6f1af300e1d549d6b1cdd8bf3b9aeb9c [term 0 FOLLOWER]: Replica starting. Triggering 0 pending transactions. Active config: opid_index: -1 OBSOLETE_local: false peers { permanent_uuid: "b497dbd6bd1a4c998891b00d2493a1bb" member_type: VOTER last_known_addr { host: "ip-172-31-12-168" port: 31202 } } peers { permanent_uuid: "3a3c735705964e1badb66c37a66a9096" member_type: VOTER last_known_addr { host: "ip-172-31-12-168" port: 31200 } } peers { permanent_uuid: "6f1af300e1d549d6b1cdd8bf3b9aeb9c" member_type: VOTER last_known_addr { host: "ip-172-31-12-168" port: 31201 } }
I0727 05:17:25.001356 112349 raft_consensus.cc:316] T d8dcb86409d84df2aea9eb64551b4f14 P 6f1af300e1d549d6b1cdd8bf3b9aeb9c [term 0 FOLLOWER]: Consensus starting up: Expiring failure detector timer to make a prompt election more likely
I0727 05:17:25.001359 112349 raft_consensus.cc:560] T d8dcb86409d84df2aea9eb64551b4f14 P 6f1af300e1d549d6b1cdd8bf3b9aeb9c [term 0 FOLLOWER]: Becoming Follower/Learner. State: Replica: 6f1af300e1d549d6b1cdd8bf3b9aeb9c, State: Running, Role: FOLLOWER
I0727 05:17:25.001369 112349 consensus_queue.cc:186] T d8dcb86409d84df2aea9eb64551b4f14 P 6f1af300e1d549d6b1cdd8bf3b9aeb9c [NON_LEADER]: Queue going to NON_LEADER mode. State: All replicated index: 0, Majority replicated index: 0, Committed index: 0, Last appended: 0.0, Last appended by leader: 0, Current term: 0, Majority size: -1, State: 1, Mode: NON_LEADER
I0727 05:17:25.001417 112349 ts_tablet_manager.cc:775] T d8dcb86409d84df2aea9eb64551b4f14 P 6f1af300e1d549d6b1cdd8bf3b9aeb9c: Time spent starting tablet: real 0.000s	user 0.000s	sys 0.000s
I0727 05:17:25.001433 112349 ts_tablet_manager.cc:741] T 4059acfdbd7e4ffb91796833f32eb984 P 6f1af300e1d549d6b1cdd8bf3b9aeb9c: Bootstrapping tablet
I0727 05:17:25.001440 112349 tablet_bootstrap.cc:406] T 4059acfdbd7e4ffb91796833f32eb984 P 6f1af300e1d549d6b1cdd8bf3b9aeb9c: Bootstrap starting.
I0727 05:17:25.001564 112349 tablet_bootstrap.cc:547] T 4059acfdbd7e4ffb91796833f32eb984 P 6f1af300e1d549d6b1cdd8bf3b9aeb9c: No blocks or log segments found. Creating new log.
I0727 05:17:25.001947 112349 tablet_bootstrap.cc:406] T 4059acfdbd7e4ffb91796833f32eb984 P 6f1af300e1d549d6b1cdd8bf3b9aeb9c: No bootstrap required, opened a new log
I0727 05:17:25.001962 112349 ts_tablet_manager.cc:746] T 4059acfdbd7e4ffb91796833f32eb984 P 6f1af300e1d549d6b1cdd8bf3b9aeb9c: Time spent bootstrapping tablet: real 0.001s	user 0.000s	sys 0.000s
I0727 05:17:25.002213 112349 raft_consensus.cc:284] T 4059acfdbd7e4ffb91796833f32eb984 P 6f1af300e1d549d6b1cdd8bf3b9aeb9c [term 0 FOLLOWER]: Replica starting. Triggering 0 pending transactions. Active config: opid_index: -1 OBSOLETE_local: false peers { permanent_uuid: "b497dbd6bd1a4c998891b00d2493a1bb" member_type: VOTER last_known_addr { host: "ip-172-31-12-168" port: 31202 } } peers { permanent_uuid: "3a3c735705964e1badb66c37a66a9096" member_type: VOTER last_known_addr { host: "ip-172-31-12-168" port: 31200 } } peers { permanent_uuid: "6f1af300e1d549d6b1cdd8bf3b9aeb9c" member_type: VOTER last_known_addr { host: "ip-172-31-12-168" port: 31201 } }
I0727 05:17:25.002231 112349 raft_consensus.cc:316] T 4059acfdbd7e4ffb91796833f32eb984 P 6f1af300e1d549d6b1cdd8bf3b9aeb9c [term 0 FOLLOWER]: Consensus starting up: Expiring failure detector timer to make a prompt election more likely
I0727 05:17:25.002239 112349 raft_consensus.cc:560] T 4059acfdbd7e4ffb91796833f32eb984 P 6f1af300e1d549d6b1cdd8bf3b9aeb9c [term 0 FOLLOWER]: Becoming Follower/Learner. State: Replica: 6f1af300e1d549d6b1cdd8bf3b9aeb9c, State: Running, Role: FOLLOWER
I0727 05:17:25.002249 112349 consensus_queue.cc:186] T 4059acfdbd7e4ffb91796833f32eb984 P 6f1af300e1d549d6b1cdd8bf3b9aeb9c [NON_LEADER]: Queue going to NON_LEADER mode. State: All replicated index: 0, Majority replicated index: 0, Committed index: 0, Last appended: 0.0, Last appended by leader: 0, Current term: 0, Majority size: -1, State: 1, Mode: NON_LEADER
I0727 05:17:25.002300 112349 ts_tablet_manager.cc:775] T 4059acfdbd7e4ffb91796833f32eb984 P 6f1af300e1d549d6b1cdd8bf3b9aeb9c: Time spent starting tablet: real 0.000s	user 0.000s	sys 0.000s
I0727 05:17:25.270694 21010 raft_consensus.cc:2372] T c31d0be6e17c4d7eb1f7e9f4e49f426d P 6f1af300e1d549d6b1cdd8bf3b9aeb9c: Snoozing failure detection for election timeout plus an additional 1.818s
I0727 05:17:25.270709 21010 raft_consensus.cc:1943] T c31d0be6e17c4d7eb1f7e9f4e49f426d P 6f1af300e1d549d6b1cdd8bf3b9aeb9c [term 0 FOLLOWER]: Leader pre-election vote request: Granting yes vote for candidate 3a3c735705964e1badb66c37a66a9096 in term 0.
I0727 05:17:25.271349 21010 raft_consensus.cc:2419] T c31d0be6e17c4d7eb1f7e9f4e49f426d P 6f1af300e1d549d6b1cdd8bf3b9aeb9c [term 0 FOLLOWER]: Advancing to term 1
I0727 05:17:25.271364 21010 raft_consensus.cc:2372] T c31d0be6e17c4d7eb1f7e9f4e49f426d P 6f1af300e1d549d6b1cdd8bf3b9aeb9c: Snoozing failure detection for election timeout plus an additional 1.880s
I0727 05:17:25.271639 21010 raft_consensus.cc:1943] T c31d0be6e17c4d7eb1f7e9f4e49f426d P 6f1af300e1d549d6b1cdd8bf3b9aeb9c [term 1 FOLLOWER]: Leader election vote request: Granting yes vote for candidate 3a3c735705964e1badb66c37a66a9096 in term 1.
I0727 05:17:25.536259 21010 raft_consensus.cc:944] T c31d0be6e17c4d7eb1f7e9f4e49f426d P 6f1af300e1d549d6b1cdd8bf3b9aeb9c [term 1 FOLLOWER]: Refusing update from remote peer 3a3c735705964e1badb66c37a66a9096: Log matching property violated. Preceding OpId in replica: term: 0 index: 0. Preceding OpId from leader: term: 1 index: 1. (index mismatch)
I0727 05:17:25.562810 21010 raft_consensus.cc:2372] T d8dcb86409d84df2aea9eb64551b4f14 P 6f1af300e1d549d6b1cdd8bf3b9aeb9c: Snoozing failure detection for election timeout plus an additional 1.836s
I0727 05:17:25.562825 21010 raft_consensus.cc:1943] T d8dcb86409d84df2aea9eb64551b4f14 P 6f1af300e1d549d6b1cdd8bf3b9aeb9c [term 0 FOLLOWER]: Leader pre-election vote request: Granting yes vote for candidate b497dbd6bd1a4c998891b00d2493a1bb in term 0.
I0727 05:17:25.563413 21010 raft_consensus.cc:2419] T d8dcb86409d84df2aea9eb64551b4f14 P 6f1af300e1d549d6b1cdd8bf3b9aeb9c [term 0 FOLLOWER]: Advancing to term 1
I0727 05:17:25.563426 21010 raft_consensus.cc:2372] T d8dcb86409d84df2aea9eb64551b4f14 P 6f1af300e1d549d6b1cdd8bf3b9aeb9c: Snoozing failure detection for election timeout plus an additional 1.928s
I0727 05:17:25.563674 21010 raft_consensus.cc:1943] T d8dcb86409d84df2aea9eb64551b4f14 P 6f1af300e1d549d6b1cdd8bf3b9aeb9c [term 1 FOLLOWER]: Leader election vote request: Granting yes vote for candidate b497dbd6bd1a4c998891b00d2493a1bb in term 1.
I0727 05:17:25.689671 21010 raft_consensus.cc:2372] T 4059acfdbd7e4ffb91796833f32eb984 P 6f1af300e1d549d6b1cdd8bf3b9aeb9c: Snoozing failure detection for election timeout plus an additional 1.738s
I0727 05:17:25.689684 21010 raft_consensus.cc:1943] T 4059acfdbd7e4ffb91796833f32eb984 P 6f1af300e1d549d6b1cdd8bf3b9aeb9c [term 0 FOLLOWER]: Leader pre-election vote request: Granting yes vote for candidate b497dbd6bd1a4c998891b00d2493a1bb in term 0.
I0727 05:17:25.692306 21010 raft_consensus.cc:2419] T 4059acfdbd7e4ffb91796833f32eb984 P 6f1af300e1d549d6b1cdd8bf3b9aeb9c [term 0 FOLLOWER]: Advancing to term 1
I0727 05:17:25.692320 21010 raft_consensus.cc:2372] T 4059acfdbd7e4ffb91796833f32eb984 P 6f1af300e1d549d6b1cdd8bf3b9aeb9c: Snoozing failure detection for election timeout plus an additional 2.104s
I0727 05:17:25.692572 21010 raft_consensus.cc:1943] T 4059acfdbd7e4ffb91796833f32eb984 P 6f1af300e1d549d6b1cdd8bf3b9aeb9c [term 1 FOLLOWER]: Leader election vote request: Granting yes vote for candidate b497dbd6bd1a4c998891b00d2493a1bb in term 1.
I0727 05:17:25.830828 21010 raft_consensus.cc:944] T d8dcb86409d84df2aea9eb64551b4f14 P 6f1af300e1d549d6b1cdd8bf3b9aeb9c [term 1 FOLLOWER]: Refusing update from remote peer b497dbd6bd1a4c998891b00d2493a1bb: Log matching property violated. Preceding OpId in replica: term: 0 index: 0. Preceding OpId from leader: term: 1 index: 1. (index mismatch)
I0727 05:17:25.955905 21010 raft_consensus.cc:944] T 4059acfdbd7e4ffb91796833f32eb984 P 6f1af300e1d549d6b1cdd8bf3b9aeb9c [term 1 FOLLOWER]: Refusing update from remote peer b497dbd6bd1a4c998891b00d2493a1bb: Log matching property violated. Preceding OpId in replica: term: 0 index: 0. Preceding OpId from leader: term: 1 index: 1. (index mismatch)
I0727 05:17:32.874573 20969 tablet_service.cc:713] Processing DeleteTablet for tablet 9d0262b54ec643239de1d529fe97bff3 with delete_type TABLET_DATA_DELETED (Table deleted at 2017-07-27 05:17:32 UTC) from {username='ubuntu'} at 127.0.0.1:51271
I0727 05:17:32.874593 20969 tablet_replica.cc:225] Initiating TabletReplica shutdown for tablet: 9d0262b54ec643239de1d529fe97bff3
I0727 05:17:32.874600 20969 maintenance_manager.cc:206] P 6f1af300e1d549d6b1cdd8bf3b9aeb9c: Unregistered op CompactRowSetsOp(9d0262b54ec643239de1d529fe97bff3)
I0727 05:17:32.874608 20969 maintenance_manager.cc:206] P 6f1af300e1d549d6b1cdd8bf3b9aeb9c: Unregistered op MinorDeltaCompactionOp(9d0262b54ec643239de1d529fe97bff3)
I0727 05:17:32.874620 20969 maintenance_manager.cc:206] P 6f1af300e1d549d6b1cdd8bf3b9aeb9c: Unregistered op MajorDeltaCompactionOp(9d0262b54ec643239de1d529fe97bff3)
I0727 05:17:32.874625 20969 maintenance_manager.cc:206] P 6f1af300e1d549d6b1cdd8bf3b9aeb9c: Unregistered op UndoDeltaBlockGCOp(9d0262b54ec643239de1d529fe97bff3)
I0727 05:17:32.874632 20969 maintenance_manager.cc:206] P 6f1af300e1d549d6b1cdd8bf3b9aeb9c: Unregistered op FlushMRSOp(9d0262b54ec643239de1d529fe97bff3)
I0727 05:17:32.874644 20969 maintenance_manager.cc:206] P 6f1af300e1d549d6b1cdd8bf3b9aeb9c: Unregistered op FlushDeltaMemStoresOp(9d0262b54ec643239de1d529fe97bff3)
I0727 05:17:32.874650 20969 maintenance_manager.cc:206] P 6f1af300e1d549d6b1cdd8bf3b9aeb9c: Unregistered op LogGCOp(9d0262b54ec643239de1d529fe97bff3)
I0727 05:17:32.874658 20969 raft_consensus.cc:1763] T 9d0262b54ec643239de1d529fe97bff3 P 6f1af300e1d549d6b1cdd8bf3b9aeb9c [term 1 FOLLOWER]: Raft consensus shutting down.
I0727 05:17:32.874665 20969 raft_consensus.cc:1778] T 9d0262b54ec643239de1d529fe97bff3 P 6f1af300e1d549d6b1cdd8bf3b9aeb9c [term 1 FOLLOWER]: Raft consensus is shut down!
I0727 05:17:32.874788 20971 tablet_service.cc:713] Processing DeleteTablet for tablet e1414b3b128945e6b5871a91b1d01d82 with delete_type TABLET_DATA_DELETED (Table deleted at 2017-07-27 05:17:32 UTC) from {username='ubuntu'} at 127.0.0.1:51271
I0727 05:17:32.874807 20971 tablet_replica.cc:225] Initiating TabletReplica shutdown for tablet: e1414b3b128945e6b5871a91b1d01d82
I0727 05:17:32.874816 20971 maintenance_manager.cc:206] P 6f1af300e1d549d6b1cdd8bf3b9aeb9c: Unregistered op CompactRowSetsOp(e1414b3b128945e6b5871a91b1d01d82)
I0727 05:17:32.874827 20971 maintenance_manager.cc:206] P 6f1af300e1d549d6b1cdd8bf3b9aeb9c: Unregistered op MinorDeltaCompactionOp(e1414b3b128945e6b5871a91b1d01d82)
I0727 05:17:32.874835 20971 maintenance_manager.cc:206] P 6f1af300e1d549d6b1cdd8bf3b9aeb9c: Unregistered op MajorDeltaCompactionOp(e1414b3b128945e6b5871a91b1d01d82)
I0727 05:17:32.874847 20971 maintenance_manager.cc:206] P 6f1af300e1d549d6b1cdd8bf3b9aeb9c: Unregistered op UndoDeltaBlockGCOp(e1414b3b128945e6b5871a91b1d01d82)
I0727 05:17:32.874855 20971 maintenance_manager.cc:206] P 6f1af300e1d549d6b1cdd8bf3b9aeb9c: Unregistered op FlushMRSOp(e1414b3b128945e6b5871a91b1d01d82)
I0727 05:17:32.874860 20971 maintenance_manager.cc:206] P 6f1af300e1d549d6b1cdd8bf3b9aeb9c: Unregistered op FlushDeltaMemStoresOp(e1414b3b128945e6b5871a91b1d01d82)
I0727 05:17:32.874864 20971 maintenance_manager.cc:206] P 6f1af300e1d549d6b1cdd8bf3b9aeb9c: Unregistered op LogGCOp(e1414b3b128945e6b5871a91b1d01d82)
I0727 05:17:32.874872 20971 raft_consensus.cc:1763] T e1414b3b128945e6b5871a91b1d01d82 P 6f1af300e1d549d6b1cdd8bf3b9aeb9c [term 1 FOLLOWER]: Raft consensus shutting down.
I0727 05:17:32.874887 20971 raft_consensus.cc:1778] T e1414b3b128945e6b5871a91b1d01d82 P 6f1af300e1d549d6b1cdd8bf3b9aeb9c [term 1 FOLLOWER]: Raft consensus is shut down!
I0727 05:17:32.874914 20969 ts_tablet_manager.cc:1030] T 9d0262b54ec643239de1d529fe97bff3 P 6f1af300e1d549d6b1cdd8bf3b9aeb9c: Deleting tablet data with delete state TABLET_DATA_DELETED
I0727 05:17:32.874971 20973 tablet_service.cc:713] Processing DeleteTablet for tablet 6d68069135fb48efa74080a3da9093cb with delete_type TABLET_DATA_DELETED (Table deleted at 2017-07-27 05:17:32 UTC) from {username='ubuntu'} at 127.0.0.1:51271
I0727 05:17:32.874990 20973 tablet_replica.cc:225] Initiating TabletReplica shutdown for tablet: 6d68069135fb48efa74080a3da9093cb
I0727 05:17:32.874999 20973 maintenance_manager.cc:206] P 6f1af300e1d549d6b1cdd8bf3b9aeb9c: Unregistered op CompactRowSetsOp(6d68069135fb48efa74080a3da9093cb)
I0727 05:17:32.875005 20973 maintenance_manager.cc:206] P 6f1af300e1d549d6b1cdd8bf3b9aeb9c: Unregistered op MinorDeltaCompactionOp(6d68069135fb48efa74080a3da9093cb)
I0727 05:17:32.875011 20973 maintenance_manager.cc:206] P 6f1af300e1d549d6b1cdd8bf3b9aeb9c: Unregistered op MajorDeltaCompactionOp(6d68069135fb48efa74080a3da9093cb)
I0727 05:17:32.875021 20973 maintenance_manager.cc:206] P 6f1af300e1d549d6b1cdd8bf3b9aeb9c: Unregistered op UndoDeltaBlockGCOp(6d68069135fb48efa74080a3da9093cb)
I0727 05:17:32.875030 20973 maintenance_manager.cc:206] P 6f1af300e1d549d6b1cdd8bf3b9aeb9c: Unregistered op FlushMRSOp(6d68069135fb48efa74080a3da9093cb)
I0727 05:17:32.875044 20973 maintenance_manager.cc:206] P 6f1af300e1d549d6b1cdd8bf3b9aeb9c: Unregistered op FlushDeltaMemStoresOp(6d68069135fb48efa74080a3da9093cb)
I0727 05:17:32.875054 20973 maintenance_manager.cc:206] P 6f1af300e1d549d6b1cdd8bf3b9aeb9c: Unregistered op LogGCOp(6d68069135fb48efa74080a3da9093cb)
I0727 05:17:32.875061 20973 raft_consensus.cc:1763] T 6d68069135fb48efa74080a3da9093cb P 6f1af300e1d549d6b1cdd8bf3b9aeb9c [term 1 FOLLOWER]: Raft consensus shutting down.
I0727 05:17:32.875074 20973 raft_consensus.cc:1778] T 6d68069135fb48efa74080a3da9093cb P 6f1af300e1d549d6b1cdd8bf3b9aeb9c [term 1 FOLLOWER]: Raft consensus is shut down!
I0727 05:17:32.875084 20971 ts_tablet_manager.cc:1030] T e1414b3b128945e6b5871a91b1d01d82 P 6f1af300e1d549d6b1cdd8bf3b9aeb9c: Deleting tablet data with delete state TABLET_DATA_DELETED
I0727 05:17:32.875249 20973 ts_tablet_manager.cc:1030] T 6d68069135fb48efa74080a3da9093cb P 6f1af300e1d549d6b1cdd8bf3b9aeb9c: Deleting tablet data with delete state TABLET_DATA_DELETED
I0727 05:17:32.878347 20971 ts_tablet_manager.cc:1042] T e1414b3b128945e6b5871a91b1d01d82 P 6f1af300e1d549d6b1cdd8bf3b9aeb9c: Tablet deleted. Last logged OpId: 1.1
I0727 05:17:32.878363 20971 log.cc:974] T e1414b3b128945e6b5871a91b1d01d82 P 6f1af300e1d549d6b1cdd8bf3b9aeb9c: Deleting WAL directory at /home/ubuntu/Impala/testdata/cluster/cdh5/node-2/var/lib/kudu/ts/wal/wals/e1414b3b128945e6b5871a91b1d01d82
I0727 05:17:32.878921 20973 ts_tablet_manager.cc:1042] T 6d68069135fb48efa74080a3da9093cb P 6f1af300e1d549d6b1cdd8bf3b9aeb9c: Tablet deleted. Last logged OpId: 1.1
I0727 05:17:32.878937 20973 log.cc:974] T 6d68069135fb48efa74080a3da9093cb P 6f1af300e1d549d6b1cdd8bf3b9aeb9c: Deleting WAL directory at /home/ubuntu/Impala/testdata/cluster/cdh5/node-2/var/lib/kudu/ts/wal/wals/6d68069135fb48efa74080a3da9093cb
I0727 05:17:32.878964 20969 ts_tablet_manager.cc:1042] T 9d0262b54ec643239de1d529fe97bff3 P 6f1af300e1d549d6b1cdd8bf3b9aeb9c: Tablet deleted. Last logged OpId: 1.2
I0727 05:17:32.878978 20969 log.cc:974] T 9d0262b54ec643239de1d529fe97bff3 P 6f1af300e1d549d6b1cdd8bf3b9aeb9c: Deleting WAL directory at /home/ubuntu/Impala/testdata/cluster/cdh5/node-2/var/lib/kudu/ts/wal/wals/9d0262b54ec643239de1d529fe97bff3
I0727 05:17:32.879724 20971 ts_tablet_manager.cc:1060] T e1414b3b128945e6b5871a91b1d01d82 P 6f1af300e1d549d6b1cdd8bf3b9aeb9c: Deleting consensus metadata
I0727 05:17:32.880060 20973 ts_tablet_manager.cc:1060] T 6d68069135fb48efa74080a3da9093cb P 6f1af300e1d549d6b1cdd8bf3b9aeb9c: Deleting consensus metadata
I0727 05:17:32.880072 20969 ts_tablet_manager.cc:1060] T 9d0262b54ec643239de1d529fe97bff3 P 6f1af300e1d549d6b1cdd8bf3b9aeb9c: Deleting consensus metadata
I0727 05:17:33.001009 20969 tablet_service.cc:672] Processing CreateTablet for tablet 4ffa10cd8f3a4c2bab76b6d3d6721249 (table=impala::functional_kudu.nullescapedtable [id=3e2a7424f33648fca0e5ed1a5e0e0b5b]), partition=HASH (a) PARTITION 0
I0727 05:17:33.001051 20971 tablet_service.cc:672] Processing CreateTablet for tablet 09f71b11238a4b5a90bc5c174f0e7b87 (table=impala::functional_kudu.nullescapedtable [id=3e2a7424f33648fca0e5ed1a5e0e0b5b]), partition=HASH (a) PARTITION 2
I0727 05:17:33.001055 20973 tablet_service.cc:672] Processing CreateTablet for tablet b416701ca52b49e89eb6b0b6204378fb (table=impala::functional_kudu.nullescapedtable [id=3e2a7424f33648fca0e5ed1a5e0e0b5b]), partition=HASH (a) PARTITION 1
I0727 05:17:33.001608 20971 ts_tablet_manager.cc:871] T 09f71b11238a4b5a90bc5c174f0e7b87 P 6f1af300e1d549d6b1cdd8bf3b9aeb9c: Registered tablet (data state: TABLET_DATA_READY)
I0727 05:17:33.001768 20969 ts_tablet_manager.cc:871] T 4ffa10cd8f3a4c2bab76b6d3d6721249 P 6f1af300e1d549d6b1cdd8bf3b9aeb9c: Registered tablet (data state: TABLET_DATA_READY)
I0727 05:17:33.001849 112393 ts_tablet_manager.cc:741] T 09f71b11238a4b5a90bc5c174f0e7b87 P 6f1af300e1d549d6b1cdd8bf3b9aeb9c: Bootstrapping tablet
I0727 05:17:33.001869 112393 tablet_bootstrap.cc:406] T 09f71b11238a4b5a90bc5c174f0e7b87 P 6f1af300e1d549d6b1cdd8bf3b9aeb9c: Bootstrap starting.
I0727 05:17:33.001950 20973 ts_tablet_manager.cc:871] T b416701ca52b49e89eb6b0b6204378fb P 6f1af300e1d549d6b1cdd8bf3b9aeb9c: Registered tablet (data state: TABLET_DATA_READY)
I0727 05:17:33.002032 112393 tablet_bootstrap.cc:547] T 09f71b11238a4b5a90bc5c174f0e7b87 P 6f1af300e1d549d6b1cdd8bf3b9aeb9c: No blocks or log segments found. Creating new log.
I0727 05:17:33.002351 112393 tablet_bootstrap.cc:406] T 09f71b11238a4b5a90bc5c174f0e7b87 P 6f1af300e1d549d6b1cdd8bf3b9aeb9c: No bootstrap required, opened a new log
I0727 05:17:33.002370 112393 ts_tablet_manager.cc:746] T 09f71b11238a4b5a90bc5c174f0e7b87 P 6f1af300e1d549d6b1cdd8bf3b9aeb9c: Time spent bootstrapping tablet: real 0.001s	user 0.000s	sys 0.000s
I0727 05:17:33.002640 112393 raft_consensus.cc:284] T 09f71b11238a4b5a90bc5c174f0e7b87 P 6f1af300e1d549d6b1cdd8bf3b9aeb9c [term 0 FOLLOWER]: Replica starting. Triggering 0 pending transactions. Active config: opid_index: -1 OBSOLETE_local: false peers { permanent_uuid: "3a3c735705964e1badb66c37a66a9096" member_type: VOTER last_known_addr { host: "ip-172-31-12-168" port: 31200 } } peers { permanent_uuid: "6f1af300e1d549d6b1cdd8bf3b9aeb9c" member_type: VOTER last_known_addr { host: "ip-172-31-12-168" port: 31201 } } peers { permanent_uuid: "b497dbd6bd1a4c998891b00d2493a1bb" member_type: VOTER last_known_addr { host: "ip-172-31-12-168" port: 31202 } }
I0727 05:17:33.002655 112393 raft_consensus.cc:316] T 09f71b11238a4b5a90bc5c174f0e7b87 P 6f1af300e1d549d6b1cdd8bf3b9aeb9c [term 0 FOLLOWER]: Consensus starting up: Expiring failure detector timer to make a prompt election more likely
I0727 05:17:33.002662 112393 raft_consensus.cc:560] T 09f71b11238a4b5a90bc5c174f0e7b87 P 6f1af300e1d549d6b1cdd8bf3b9aeb9c [term 0 FOLLOWER]: Becoming Follower/Learner. State: Replica: 6f1af300e1d549d6b1cdd8bf3b9aeb9c, State: Running, Role: FOLLOWER
I0727 05:17:33.002670 112393 consensus_queue.cc:186] T 09f71b11238a4b5a90bc5c174f0e7b87 P 6f1af300e1d549d6b1cdd8bf3b9aeb9c [NON_LEADER]: Queue going to NON_LEADER mode. State: All replicated index: 0, Majority replicated index: 0, Committed index: 0, Last appended: 0.0, Last appended by leader: 0, Current term: 0, Majority size: -1, State: 1, Mode: NON_LEADER
I0727 05:17:33.002722 112393 ts_tablet_manager.cc:775] T 09f71b11238a4b5a90bc5c174f0e7b87 P 6f1af300e1d549d6b1cdd8bf3b9aeb9c: Time spent starting tablet: real 0.000s	user 0.000s	sys 0.000s
I0727 05:17:33.002735 112393 ts_tablet_manager.cc:741] T 4ffa10cd8f3a4c2bab76b6d3d6721249 P 6f1af300e1d549d6b1cdd8bf3b9aeb9c: Bootstrapping tablet
I0727 05:17:33.002739 112393 tablet_bootstrap.cc:406] T 4ffa10cd8f3a4c2bab76b6d3d6721249 P 6f1af300e1d549d6b1cdd8bf3b9aeb9c: Bootstrap starting.
I0727 05:17:33.002871 112393 tablet_bootstrap.cc:547] T 4ffa10cd8f3a4c2bab76b6d3d6721249 P 6f1af300e1d549d6b1cdd8bf3b9aeb9c: No blocks or log segments found. Creating new log.
I0727 05:17:33.003249 112393 tablet_bootstrap.cc:406] T 4ffa10cd8f3a4c2bab76b6d3d6721249 P 6f1af300e1d549d6b1cdd8bf3b9aeb9c: No bootstrap required, opened a new log
I0727 05:17:33.003264 112393 ts_tablet_manager.cc:746] T 4ffa10cd8f3a4c2bab76b6d3d6721249 P 6f1af300e1d549d6b1cdd8bf3b9aeb9c: Time spent bootstrapping tablet: real 0.001s	user 0.000s	sys 0.000s
I0727 05:17:33.003523 112393 raft_consensus.cc:284] T 4ffa10cd8f3a4c2bab76b6d3d6721249 P 6f1af300e1d549d6b1cdd8bf3b9aeb9c [term 0 FOLLOWER]: Replica starting. Triggering 0 pending transactions. Active config: opid_index: -1 OBSOLETE_local: false peers { permanent_uuid: "3a3c735705964e1badb66c37a66a9096" member_type: VOTER last_known_addr { host: "ip-172-31-12-168" port: 31200 } } peers { permanent_uuid: "6f1af300e1d549d6b1cdd8bf3b9aeb9c" member_type: VOTER last_known_addr { host: "ip-172-31-12-168" port: 31201 } } peers { permanent_uuid: "b497dbd6bd1a4c998891b00d2493a1bb" member_type: VOTER last_known_addr { host: "ip-172-31-12-168" port: 31202 } }
I0727 05:17:33.003538 112393 raft_consensus.cc:316] T 4ffa10cd8f3a4c2bab76b6d3d6721249 P 6f1af300e1d549d6b1cdd8bf3b9aeb9c [term 0 FOLLOWER]: Consensus starting up: Expiring failure detector timer to make a prompt election more likely
I0727 05:17:33.003541 112393 raft_consensus.cc:560] T 4ffa10cd8f3a4c2bab76b6d3d6721249 P 6f1af300e1d549d6b1cdd8bf3b9aeb9c [term 0 FOLLOWER]: Becoming Follower/Learner. State: Replica: 6f1af300e1d549d6b1cdd8bf3b9aeb9c, State: Running, Role: FOLLOWER
I0727 05:17:33.003548 112393 consensus_queue.cc:186] T 4ffa10cd8f3a4c2bab76b6d3d6721249 P 6f1af300e1d549d6b1cdd8bf3b9aeb9c [NON_LEADER]: Queue going to NON_LEADER mode. State: All replicated index: 0, Majority replicated index: 0, Committed index: 0, Last appended: 0.0, Last appended by leader: 0, Current term: 0, Majority size: -1, State: 1, Mode: NON_LEADER
I0727 05:17:33.003589 112393 ts_tablet_manager.cc:775] T 4ffa10cd8f3a4c2bab76b6d3d6721249 P 6f1af300e1d549d6b1cdd8bf3b9aeb9c: Time spent starting tablet: real 0.000s	user 0.000s	sys 0.000s
I0727 05:17:33.003607 112393 ts_tablet_manager.cc:741] T b416701ca52b49e89eb6b0b6204378fb P 6f1af300e1d549d6b1cdd8bf3b9aeb9c: Bootstrapping tablet
I0727 05:17:33.003615 112393 tablet_bootstrap.cc:406] T b416701ca52b49e89eb6b0b6204378fb P 6f1af300e1d549d6b1cdd8bf3b9aeb9c: Bootstrap starting.
I0727 05:17:33.003718 112393 tablet_bootstrap.cc:547] T b416701ca52b49e89eb6b0b6204378fb P 6f1af300e1d549d6b1cdd8bf3b9aeb9c: No blocks or log segments found. Creating new log.
I0727 05:17:33.004082 112393 tablet_bootstrap.cc:406] T b416701ca52b49e89eb6b0b6204378fb P 6f1af300e1d549d6b1cdd8bf3b9aeb9c: No bootstrap required, opened a new log
I0727 05:17:33.004097 112393 ts_tablet_manager.cc:746] T b416701ca52b49e89eb6b0b6204378fb P 6f1af300e1d549d6b1cdd8bf3b9aeb9c: Time spent bootstrapping tablet: real 0.000s	user 0.000s	sys 0.000s
I0727 05:17:33.004345 112393 raft_consensus.cc:284] T b416701ca52b49e89eb6b0b6204378fb P 6f1af300e1d549d6b1cdd8bf3b9aeb9c [term 0 FOLLOWER]: Replica starting. Triggering 0 pending transactions. Active config: opid_index: -1 OBSOLETE_local: false peers { permanent_uuid: "3a3c735705964e1badb66c37a66a9096" member_type: VOTER last_known_addr { host: "ip-172-31-12-168" port: 31200 } } peers { permanent_uuid: "6f1af300e1d549d6b1cdd8bf3b9aeb9c" member_type: VOTER last_known_addr { host: "ip-172-31-12-168" port: 31201 } } peers { permanent_uuid: "b497dbd6bd1a4c998891b00d2493a1bb" member_type: VOTER last_known_addr { host: "ip-172-31-12-168" port: 31202 } }
I0727 05:17:33.004359 112393 raft_consensus.cc:316] T b416701ca52b49e89eb6b0b6204378fb P 6f1af300e1d549d6b1cdd8bf3b9aeb9c [term 0 FOLLOWER]: Consensus starting up: Expiring failure detector timer to make a prompt election more likely
I0727 05:17:33.004361 112393 raft_consensus.cc:560] T b416701ca52b49e89eb6b0b6204378fb P 6f1af300e1d549d6b1cdd8bf3b9aeb9c [term 0 FOLLOWER]: Becoming Follower/Learner. State: Replica: 6f1af300e1d549d6b1cdd8bf3b9aeb9c, State: Running, Role: FOLLOWER
I0727 05:17:33.004372 112393 consensus_queue.cc:186] T b416701ca52b49e89eb6b0b6204378fb P 6f1af300e1d549d6b1cdd8bf3b9aeb9c [NON_LEADER]: Queue going to NON_LEADER mode. State: All replicated index: 0, Majority replicated index: 0, Committed index: 0, Last appended: 0.0, Last appended by leader: 0, Current term: 0, Majority size: -1, State: 1, Mode: NON_LEADER
I0727 05:17:33.004415 112393 ts_tablet_manager.cc:775] T b416701ca52b49e89eb6b0b6204378fb P 6f1af300e1d549d6b1cdd8bf3b9aeb9c: Time spent starting tablet: real 0.000s	user 0.000s	sys 0.000s
I0727 05:17:33.075907 21008 raft_consensus.cc:2372] T 09f71b11238a4b5a90bc5c174f0e7b87 P 6f1af300e1d549d6b1cdd8bf3b9aeb9c: Snoozing failure detection for election timeout plus an additional 1.863s
I0727 05:17:33.075922 21008 raft_consensus.cc:1943] T 09f71b11238a4b5a90bc5c174f0e7b87 P 6f1af300e1d549d6b1cdd8bf3b9aeb9c [term 0 FOLLOWER]: Leader pre-election vote request: Granting yes vote for candidate b497dbd6bd1a4c998891b00d2493a1bb in term 0.
I0727 05:17:33.076529 21008 raft_consensus.cc:2419] T 09f71b11238a4b5a90bc5c174f0e7b87 P 6f1af300e1d549d6b1cdd8bf3b9aeb9c [term 0 FOLLOWER]: Advancing to term 1
I0727 05:17:33.076542 21008 raft_consensus.cc:2372] T 09f71b11238a4b5a90bc5c174f0e7b87 P 6f1af300e1d549d6b1cdd8bf3b9aeb9c: Snoozing failure detection for election timeout plus an additional 2.037s
I0727 05:17:33.076829 21008 raft_consensus.cc:1943] T 09f71b11238a4b5a90bc5c174f0e7b87 P 6f1af300e1d549d6b1cdd8bf3b9aeb9c [term 1 FOLLOWER]: Leader election vote request: Granting yes vote for candidate b497dbd6bd1a4c998891b00d2493a1bb in term 1.
I0727 05:17:33.087296 112410 raft_consensus.cc:411] T b416701ca52b49e89eb6b0b6204378fb P 6f1af300e1d549d6b1cdd8bf3b9aeb9c [term 0 FOLLOWER]: Starting pre-election (no leader contacted us within the election timeout)
I0727 05:17:33.087318 112410 raft_consensus.cc:2372] T b416701ca52b49e89eb6b0b6204378fb P 6f1af300e1d549d6b1cdd8bf3b9aeb9c: Snoozing failure detection for election timeout plus an additional 1.766s
I0727 05:17:33.087357 112410 raft_consensus.cc:435] T b416701ca52b49e89eb6b0b6204378fb P 6f1af300e1d549d6b1cdd8bf3b9aeb9c [term 0 FOLLOWER]: Starting pre-election with config: opid_index: -1 OBSOLETE_local: false peers { permanent_uuid: "3a3c735705964e1badb66c37a66a9096" member_type: VOTER last_known_addr { host: "ip-172-31-12-168" port: 31200 } } peers { permanent_uuid: "6f1af300e1d549d6b1cdd8bf3b9aeb9c" member_type: VOTER last_known_addr { host: "ip-172-31-12-168" port: 31201 } } peers { permanent_uuid: "b497dbd6bd1a4c998891b00d2493a1bb" member_type: VOTER last_known_addr { host: "ip-172-31-12-168" port: 31202 } }
I0727 05:17:33.087481 112410 leader_election.cc:217] T b416701ca52b49e89eb6b0b6204378fb P 6f1af300e1d549d6b1cdd8bf3b9aeb9c [CANDIDATE]: Term 1 pre-election: Requesting pre-vote from peer 3a3c735705964e1badb66c37a66a9096
I0727 05:17:33.087502 112410 leader_election.cc:217] T b416701ca52b49e89eb6b0b6204378fb P 6f1af300e1d549d6b1cdd8bf3b9aeb9c [CANDIDATE]: Term 1 pre-election: Requesting pre-vote from peer b497dbd6bd1a4c998891b00d2493a1bb
I0727 05:17:33.087638 20833 leader_election.cc:349] T b416701ca52b49e89eb6b0b6204378fb P 6f1af300e1d549d6b1cdd8bf3b9aeb9c [CANDIDATE]: Term 1 pre-election: Vote granted by peer 3a3c735705964e1badb66c37a66a9096
I0727 05:17:33.087654 20833 leader_election.cc:244] T b416701ca52b49e89eb6b0b6204378fb P 6f1af300e1d549d6b1cdd8bf3b9aeb9c [CANDIDATE]: Term 1 pre-election: Election decided. Result: candidate won.
I0727 05:17:33.087666 20829 leader_election.cc:349] T b416701ca52b49e89eb6b0b6204378fb P 6f1af300e1d549d6b1cdd8bf3b9aeb9c [CANDIDATE]: Term 1 pre-election: Vote granted by peer b497dbd6bd1a4c998891b00d2493a1bb
I0727 05:17:33.087679 52237 raft_consensus.cc:2372] T b416701ca52b49e89eb6b0b6204378fb P 6f1af300e1d549d6b1cdd8bf3b9aeb9c: Snoozing failure detection for election timeout plus an additional 1.849s
I0727 05:17:33.087688 52237 raft_consensus.cc:2176] T b416701ca52b49e89eb6b0b6204378fb P 6f1af300e1d549d6b1cdd8bf3b9aeb9c [term 0 FOLLOWER]: Leader pre-election won for term 1
I0727 05:17:33.087697 52237 raft_consensus.cc:411] T b416701ca52b49e89eb6b0b6204378fb P 6f1af300e1d549d6b1cdd8bf3b9aeb9c [term 0 FOLLOWER]: Starting leader election (no leader contacted us within the election timeout)
I0727 05:17:33.087700 52237 raft_consensus.cc:2372] T b416701ca52b49e89eb6b0b6204378fb P 6f1af300e1d549d6b1cdd8bf3b9aeb9c: Snoozing failure detection for election timeout plus an additional 1.949s
I0727 05:17:33.087703 52237 raft_consensus.cc:2419] T b416701ca52b49e89eb6b0b6204378fb P 6f1af300e1d549d6b1cdd8bf3b9aeb9c [term 0 FOLLOWER]: Advancing to term 1
I0727 05:17:33.088013 52237 raft_consensus.cc:435] T b416701ca52b49e89eb6b0b6204378fb P 6f1af300e1d549d6b1cdd8bf3b9aeb9c [term 1 FOLLOWER]: Starting leader election with config: opid_index: -1 OBSOLETE_local: false peers { permanent_uuid: "3a3c735705964e1badb66c37a66a9096" member_type: VOTER last_known_addr { host: "ip-172-31-12-168" port: 31200 } } peers { permanent_uuid: "6f1af300e1d549d6b1cdd8bf3b9aeb9c" member_type: VOTER last_known_addr { host: "ip-172-31-12-168" port: 31201 } } peers { permanent_uuid: "b497dbd6bd1a4c998891b00d2493a1bb" member_type: VOTER last_known_addr { host: "ip-172-31-12-168" port: 31202 } }
I0727 05:17:33.088119 52237 leader_election.cc:217] T b416701ca52b49e89eb6b0b6204378fb P 6f1af300e1d549d6b1cdd8bf3b9aeb9c [CANDIDATE]: Term 1 election: Requesting vote from peer 3a3c735705964e1badb66c37a66a9096
I0727 05:17:33.088140 52237 leader_election.cc:217] T b416701ca52b49e89eb6b0b6204378fb P 6f1af300e1d549d6b1cdd8bf3b9aeb9c [CANDIDATE]: Term 1 election: Requesting vote from peer b497dbd6bd1a4c998891b00d2493a1bb
I0727 05:17:33.088493 20833 leader_election.cc:349] T b416701ca52b49e89eb6b0b6204378fb P 6f1af300e1d549d6b1cdd8bf3b9aeb9c [CANDIDATE]: Term 1 election: Vote granted by peer 3a3c735705964e1badb66c37a66a9096
I0727 05:17:33.088505 20833 leader_election.cc:244] T b416701ca52b49e89eb6b0b6204378fb P 6f1af300e1d549d6b1cdd8bf3b9aeb9c [CANDIDATE]: Term 1 election: Election decided. Result: candidate won.
I0727 05:17:33.088531 50051 raft_consensus.cc:2372] T b416701ca52b49e89eb6b0b6204378fb P 6f1af300e1d549d6b1cdd8bf3b9aeb9c: Snoozing failure detection for election timeout plus an additional 1.729s
I0727 05:17:33.088543 50051 raft_consensus.cc:2176] T b416701ca52b49e89eb6b0b6204378fb P 6f1af300e1d549d6b1cdd8bf3b9aeb9c [term 1 FOLLOWER]: Leader election won for term 1
I0727 05:17:33.088556 50051 raft_consensus.cc:528] T b416701ca52b49e89eb6b0b6204378fb P 6f1af300e1d549d6b1cdd8bf3b9aeb9c [term 1 LEADER]: Becoming Leader. State: Replica: 6f1af300e1d549d6b1cdd8bf3b9aeb9c, State: Running, Role: LEADER
I0727 05:17:33.088567 20829 leader_election.cc:349] T b416701ca52b49e89eb6b0b6204378fb P 6f1af300e1d549d6b1cdd8bf3b9aeb9c [CANDIDATE]: Term 1 election: Vote granted by peer b497dbd6bd1a4c998891b00d2493a1bb
I0727 05:17:33.088582 50051 consensus_queue.cc:165] T b416701ca52b49e89eb6b0b6204378fb P 6f1af300e1d549d6b1cdd8bf3b9aeb9c [LEADER]: Queue going to LEADER mode. State: All replicated index: 0, Majority replicated index: 0, Committed index: 0, Last appended: 0.0, Last appended by leader: 0, Current term: 1, Majority size: 2, State: 1, Mode: LEADER, active raft config: opid_index: -1 OBSOLETE_local: false peers { permanent_uuid: "3a3c735705964e1badb66c37a66a9096" member_type: VOTER last_known_addr { host: "ip-172-31-12-168" port: 31200 } } peers { permanent_uuid: "6f1af300e1d549d6b1cdd8bf3b9aeb9c" member_type: VOTER last_known_addr { host: "ip-172-31-12-168" port: 31201 } } peers { permanent_uuid: "b497dbd6bd1a4c998891b00d2493a1bb" member_type: VOTER last_known_addr { host: "ip-172-31-12-168" port: 31202 } }
I0727 05:17:33.361194 52237 consensus_queue.cc:722] T b416701ca52b49e89eb6b0b6204378fb P 6f1af300e1d549d6b1cdd8bf3b9aeb9c [LEADER]: Connected to new peer: Peer: b497dbd6bd1a4c998891b00d2493a1bb, Is new: false, Last received: 0.0, Next index: 1, Last known committed idx: 0, Last exchange result: ERROR, Needs tablet copy: false
I0727 05:17:33.361927 52237 consensus_queue.cc:722] T b416701ca52b49e89eb6b0b6204378fb P 6f1af300e1d549d6b1cdd8bf3b9aeb9c [LEADER]: Connected to new peer: Peer: 3a3c735705964e1badb66c37a66a9096, Is new: false, Last received: 0.0, Next index: 1, Last known committed idx: 0, Last exchange result: ERROR, Needs tablet copy: false
I0727 05:17:33.409229 21008 raft_consensus.cc:944] T 09f71b11238a4b5a90bc5c174f0e7b87 P 6f1af300e1d549d6b1cdd8bf3b9aeb9c [term 1 FOLLOWER]: Refusing update from remote peer b497dbd6bd1a4c998891b00d2493a1bb: Log matching property violated. Preceding OpId in replica: term: 0 index: 0. Preceding OpId from leader: term: 1 index: 1. (index mismatch)
I0727 05:17:33.607820 21008 raft_consensus.cc:2372] T 4ffa10cd8f3a4c2bab76b6d3d6721249 P 6f1af300e1d549d6b1cdd8bf3b9aeb9c: Snoozing failure detection for election timeout plus an additional 2.170s
I0727 05:17:33.607836 21008 raft_consensus.cc:1943] T 4ffa10cd8f3a4c2bab76b6d3d6721249 P 6f1af300e1d549d6b1cdd8bf3b9aeb9c [term 0 FOLLOWER]: Leader pre-election vote request: Granting yes vote for candidate b497dbd6bd1a4c998891b00d2493a1bb in term 0.
I0727 05:17:33.608464 21008 raft_consensus.cc:2419] T 4ffa10cd8f3a4c2bab76b6d3d6721249 P 6f1af300e1d549d6b1cdd8bf3b9aeb9c [term 0 FOLLOWER]: Advancing to term 1
I0727 05:17:33.608479 21008 raft_consensus.cc:2372] T 4ffa10cd8f3a4c2bab76b6d3d6721249 P 6f1af300e1d549d6b1cdd8bf3b9aeb9c: Snoozing failure detection for election timeout plus an additional 1.723s
I0727 05:17:33.608770 21008 raft_consensus.cc:1943] T 4ffa10cd8f3a4c2bab76b6d3d6721249 P 6f1af300e1d549d6b1cdd8bf3b9aeb9c [term 1 FOLLOWER]: Leader election vote request: Granting yes vote for candidate b497dbd6bd1a4c998891b00d2493a1bb in term 1.
I0727 05:17:34.008903 21008 raft_consensus.cc:944] T 4ffa10cd8f3a4c2bab76b6d3d6721249 P 6f1af300e1d549d6b1cdd8bf3b9aeb9c [term 1 FOLLOWER]: Refusing update from remote peer b497dbd6bd1a4c998891b00d2493a1bb: Log matching property violated. Preceding OpId in replica: term: 0 index: 0. Preceding OpId from leader: term: 1 index: 1. (index mismatch)
I0727 05:17:40.878579 20973 tablet_service.cc:713] Processing DeleteTablet for tablet e0031f8664294f61b6c184c192330960 with delete_type TABLET_DATA_DELETED (Table deleted at 2017-07-27 05:17:40 UTC) from {username='ubuntu'} at 127.0.0.1:51271
I0727 05:17:40.878588 20969 tablet_service.cc:713] Processing DeleteTablet for tablet 617ae0d6c4a1487a900ea97b75c75acf with delete_type TABLET_DATA_DELETED (Table deleted at 2017-07-27 05:17:40 UTC) from {username='ubuntu'} at 127.0.0.1:51271
I0727 05:17:40.878625 20969 tablet_replica.cc:225] Initiating TabletReplica shutdown for tablet: 617ae0d6c4a1487a900ea97b75c75acf
I0727 05:17:40.878648 20969 maintenance_manager.cc:206] P 6f1af300e1d549d6b1cdd8bf3b9aeb9c: Unregistered op CompactRowSetsOp(617ae0d6c4a1487a900ea97b75c75acf)
I0727 05:17:40.878610 20973 tablet_replica.cc:225] Initiating TabletReplica shutdown for tablet: e0031f8664294f61b6c184c192330960
I0727 05:17:40.878665 20969 maintenance_manager.cc:206] P 6f1af300e1d549d6b1cdd8bf3b9aeb9c: Unregistered op MinorDeltaCompactionOp(617ae0d6c4a1487a900ea97b75c75acf)
I0727 05:17:40.878675 20969 maintenance_manager.cc:206] P 6f1af300e1d549d6b1cdd8bf3b9aeb9c: Unregistered op MajorDeltaCompactionOp(617ae0d6c4a1487a900ea97b75c75acf)
I0727 05:17:40.878689 20973 maintenance_manager.cc:206] P 6f1af300e1d549d6b1cdd8bf3b9aeb9c: Unregistered op CompactRowSetsOp(e0031f8664294f61b6c184c192330960)
I0727 05:17:40.878698 20969 maintenance_manager.cc:206] P 6f1af300e1d549d6b1cdd8bf3b9aeb9c: Unregistered op UndoDeltaBlockGCOp(617ae0d6c4a1487a900ea97b75c75acf)
I0727 05:17:40.878713 20973 maintenance_manager.cc:206] P 6f1af300e1d549d6b1cdd8bf3b9aeb9c: Unregistered op MinorDeltaCompactionOp(e0031f8664294f61b6c184c192330960)
I0727 05:17:40.878727 20969 maintenance_manager.cc:206] P 6f1af300e1d549d6b1cdd8bf3b9aeb9c: Unregistered op FlushMRSOp(617ae0d6c4a1487a900ea97b75c75acf)
I0727 05:17:40.878732 20969 maintenance_manager.cc:206] P 6f1af300e1d549d6b1cdd8bf3b9aeb9c: Unregistered op FlushDeltaMemStoresOp(617ae0d6c4a1487a900ea97b75c75acf)
I0727 05:17:40.878741 20969 maintenance_manager.cc:206] P 6f1af300e1d549d6b1cdd8bf3b9aeb9c: Unregistered op LogGCOp(617ae0d6c4a1487a900ea97b75c75acf)
I0727 05:17:40.878752 20969 raft_consensus.cc:1763] T 617ae0d6c4a1487a900ea97b75c75acf P 6f1af300e1d549d6b1cdd8bf3b9aeb9c [term 1 LEADER]: Raft consensus shutting down.
I0727 05:17:40.878760 20969 consensus_peers.cc:400] T 617ae0d6c4a1487a900ea97b75c75acf P 6f1af300e1d549d6b1cdd8bf3b9aeb9c -> Peer b497dbd6bd1a4c998891b00d2493a1bb (ip-172-31-12-168:31202): Closing peer: b497dbd6bd1a4c998891b00d2493a1bb
I0727 05:17:40.878769 20969 consensus_peers.cc:400] T 617ae0d6c4a1487a900ea97b75c75acf P 6f1af300e1d549d6b1cdd8bf3b9aeb9c -> Peer 3a3c735705964e1badb66c37a66a9096 (ip-172-31-12-168:31200): Closing peer: 3a3c735705964e1badb66c37a66a9096
I0727 05:17:40.878759 20965 tablet_service.cc:713] Processing DeleteTablet for tablet 9b196d71f9ef4f74800fd3d3104360f5 with delete_type TABLET_DATA_DELETED (Table deleted at 2017-07-27 05:17:40 UTC) from {username='ubuntu'} at 127.0.0.1:51271
I0727 05:17:40.878773 20969 raft_consensus.cc:1778] T 617ae0d6c4a1487a900ea97b75c75acf P 6f1af300e1d549d6b1cdd8bf3b9aeb9c [term 1 LEADER]: Raft consensus is shut down!
I0727 05:17:40.878798 20973 maintenance_manager.cc:206] P 6f1af300e1d549d6b1cdd8bf3b9aeb9c: Unregistered op MajorDeltaCompactionOp(e0031f8664294f61b6c184c192330960)
I0727 05:17:40.878811 20973 maintenance_manager.cc:206] P 6f1af300e1d549d6b1cdd8bf3b9aeb9c: Unregistered op UndoDeltaBlockGCOp(e0031f8664294f61b6c184c192330960)
I0727 05:17:40.878759 20971 tablet_service.cc:713] Processing DeleteTablet for tablet e4c69bec998e4ad192d30fe28d2eae7c with delete_type TABLET_DATA_DELETED (Table deleted at 2017-07-27 05:17:40 UTC) from {username='ubuntu'} at 127.0.0.1:51271
I0727 05:17:40.878792 20965 tablet_replica.cc:225] Initiating TabletReplica shutdown for tablet: 9b196d71f9ef4f74800fd3d3104360f5
I0727 05:17:40.878830 20973 maintenance_manager.cc:206] P 6f1af300e1d549d6b1cdd8bf3b9aeb9c: Unregistered op FlushMRSOp(e0031f8664294f61b6c184c192330960)
I0727 05:17:40.878852 20971 tablet_replica.cc:225] Initiating TabletReplica shutdown for tablet: e4c69bec998e4ad192d30fe28d2eae7c
I0727 05:17:40.878886 20971 maintenance_manager.cc:206] P 6f1af300e1d549d6b1cdd8bf3b9aeb9c: Unregistered op CompactRowSetsOp(e4c69bec998e4ad192d30fe28d2eae7c)
I0727 05:17:40.878873 20973 maintenance_manager.cc:206] P 6f1af300e1d549d6b1cdd8bf3b9aeb9c: Unregistered op FlushDeltaMemStoresOp(e0031f8664294f61b6c184c192330960)
I0727 05:17:40.878895 20973 maintenance_manager.cc:206] P 6f1af300e1d549d6b1cdd8bf3b9aeb9c: Unregistered op LogGCOp(e0031f8664294f61b6c184c192330960)
I0727 05:17:40.878906 20971 maintenance_manager.cc:206] P 6f1af300e1d549d6b1cdd8bf3b9aeb9c: Unregistered op MinorDeltaCompactionOp(e4c69bec998e4ad192d30fe28d2eae7c)
I0727 05:17:40.878908 20973 raft_consensus.cc:1763] T e0031f8664294f61b6c184c192330960 P 6f1af300e1d549d6b1cdd8bf3b9aeb9c [term 1 LEADER]: Raft consensus shutting down.
I0727 05:17:40.878895 20965 maintenance_manager.cc:206] P 6f1af300e1d549d6b1cdd8bf3b9aeb9c: Unregistered op CompactRowSetsOp(9b196d71f9ef4f74800fd3d3104360f5)
I0727 05:17:40.878933 20965 maintenance_manager.cc:206] P 6f1af300e1d549d6b1cdd8bf3b9aeb9c: Unregistered op MinorDeltaCompactionOp(9b196d71f9ef4f74800fd3d3104360f5)
I0727 05:17:40.878949 20965 maintenance_manager.cc:206] P 6f1af300e1d549d6b1cdd8bf3b9aeb9c: Unregistered op MajorDeltaCompactionOp(9b196d71f9ef4f74800fd3d3104360f5)
I0727 05:17:40.878914 20973 consensus_peers.cc:400] T e0031f8664294f61b6c184c192330960 P 6f1af300e1d549d6b1cdd8bf3b9aeb9c -> Peer 3a3c735705964e1badb66c37a66a9096 (ip-172-31-12-168:31200): Closing peer: 3a3c735705964e1badb66c37a66a9096
I0727 05:17:40.878912 20971 maintenance_manager.cc:206] P 6f1af300e1d549d6b1cdd8bf3b9aeb9c: Unregistered op MajorDeltaCompactionOp(e4c69bec998e4ad192d30fe28d2eae7c)
I0727 05:17:40.878967 20973 consensus_peers.cc:400] T e0031f8664294f61b6c184c192330960 P 6f1af300e1d549d6b1cdd8bf3b9aeb9c -> Peer b497dbd6bd1a4c998891b00d2493a1bb (ip-172-31-12-168:31202): Closing peer: b497dbd6bd1a4c998891b00d2493a1bb
I0727 05:17:40.878958 20965 maintenance_manager.cc:206] P 6f1af300e1d549d6b1cdd8bf3b9aeb9c: Unregistered op UndoDeltaBlockGCOp(9b196d71f9ef4f74800fd3d3104360f5)
I0727 05:17:40.878978 20971 maintenance_manager.cc:206] P 6f1af300e1d549d6b1cdd8bf3b9aeb9c: Unregistered op UndoDeltaBlockGCOp(e4c69bec998e4ad192d30fe28d2eae7c)
I0727 05:17:40.878990 20965 maintenance_manager.cc:206] P 6f1af300e1d549d6b1cdd8bf3b9aeb9c: Unregistered op FlushMRSOp(9b196d71f9ef4f74800fd3d3104360f5)
I0727 05:17:40.879004 20965 maintenance_manager.cc:206] P 6f1af300e1d549d6b1cdd8bf3b9aeb9c: Unregistered op FlushDeltaMemStoresOp(9b196d71f9ef4f74800fd3d3104360f5)
I0727 05:17:40.879009 20971 maintenance_manager.cc:206] P 6f1af300e1d549d6b1cdd8bf3b9aeb9c: Unregistered op FlushMRSOp(e4c69bec998e4ad192d30fe28d2eae7c)
I0727 05:17:40.878981 20973 raft_consensus.cc:1778] T e0031f8664294f61b6c184c192330960 P 6f1af300e1d549d6b1cdd8bf3b9aeb9c [term 1 LEADER]: Raft consensus is shut down!
I0727 05:17:40.879014 20965 maintenance_manager.cc:206] P 6f1af300e1d549d6b1cdd8bf3b9aeb9c: Unregistered op LogGCOp(9b196d71f9ef4f74800fd3d3104360f5)
I0727 05:17:40.879015 20971 maintenance_manager.cc:206] P 6f1af300e1d549d6b1cdd8bf3b9aeb9c: Unregistered op FlushDeltaMemStoresOp(e4c69bec998e4ad192d30fe28d2eae7c)
I0727 05:17:40.879031 20965 raft_consensus.cc:1763] T 9b196d71f9ef4f74800fd3d3104360f5 P 6f1af300e1d549d6b1cdd8bf3b9aeb9c [term 1 LEADER]: Raft consensus shutting down.
I0727 05:17:40.879036 20965 consensus_peers.cc:400] T 9b196d71f9ef4f74800fd3d3104360f5 P 6f1af300e1d549d6b1cdd8bf3b9aeb9c -> Peer b497dbd6bd1a4c998891b00d2493a1bb (ip-172-31-12-168:31202): Closing peer: b497dbd6bd1a4c998891b00d2493a1bb
I0727 05:17:40.879045 20965 consensus_peers.cc:400] T 9b196d71f9ef4f74800fd3d3104360f5 P 6f1af300e1d549d6b1cdd8bf3b9aeb9c -> Peer 3a3c735705964e1badb66c37a66a9096 (ip-172-31-12-168:31200): Closing peer: 3a3c735705964e1badb66c37a66a9096
I0727 05:17:40.879036 20971 maintenance_manager.cc:206] P 6f1af300e1d549d6b1cdd8bf3b9aeb9c: Unregistered op LogGCOp(e4c69bec998e4ad192d30fe28d2eae7c)
I0727 05:17:40.879048 20965 raft_consensus.cc:1778] T 9b196d71f9ef4f74800fd3d3104360f5 P 6f1af300e1d549d6b1cdd8bf3b9aeb9c [term 1 LEADER]: Raft consensus is shut down!
I0727 05:17:40.879073 20971 raft_consensus.cc:1763] T e4c69bec998e4ad192d30fe28d2eae7c P 6f1af300e1d549d6b1cdd8bf3b9aeb9c [term 1 FOLLOWER]: Raft consensus shutting down.
I0727 05:17:40.879082 20971 raft_consensus.cc:1778] T e4c69bec998e4ad192d30fe28d2eae7c P 6f1af300e1d549d6b1cdd8bf3b9aeb9c [term 1 FOLLOWER]: Raft consensus is shut down!
I0727 05:17:40.879236 20969 ts_tablet_manager.cc:1030] T 617ae0d6c4a1487a900ea97b75c75acf P 6f1af300e1d549d6b1cdd8bf3b9aeb9c: Deleting tablet data with delete state TABLET_DATA_DELETED
I0727 05:17:40.879339 20973 ts_tablet_manager.cc:1030] T e0031f8664294f61b6c184c192330960 P 6f1af300e1d549d6b1cdd8bf3b9aeb9c: Deleting tablet data with delete state TABLET_DATA_DELETED
I0727 05:17:40.879371 20965 ts_tablet_manager.cc:1030] T 9b196d71f9ef4f74800fd3d3104360f5 P 6f1af300e1d549d6b1cdd8bf3b9aeb9c: Deleting tablet data with delete state TABLET_DATA_DELETED
