I0727 06:17:02.506129 74562 tablet.cc:1087] T 53d93003c2d34c9082cc158c42e37dc5 P 6f1af300e1d549d6b1cdd8bf3b9aeb9c: Alter schema from Schema [
	0:id[int32 NOT NULL],
	1:name[string NULLABLE],
	3:new_col1[int32 NOT NULL],
	4:new_col2[int64 NOT NULL],
	5:last_name[string NULLABLE],
	6:new_col4[int32 NULLABLE]
] version 5 to Schema [
	0:id[int32 NOT NULL],
	1:name[string NULLABLE],
	3:new_col1[int32 NOT NULL],
	4:new_col2[int64 NOT NULL],
	5:last_name[string NULLABLE],
	6:new_col4[int32 NULLABLE]
] version 6
I0727 06:17:02.506176 74562 tablet.cc:1030] T 53d93003c2d34c9082cc158c42e37dc5 P 6f1af300e1d549d6b1cdd8bf3b9aeb9c: MemRowSet was empty: no flush needed.
I0727 06:17:03.106928 74572 tablet.cc:1087] T 53d93003c2d34c9082cc158c42e37dc5 P 6f1af300e1d549d6b1cdd8bf3b9aeb9c: Alter schema from Schema [
	0:id[int32 NOT NULL],
	1:name[string NULLABLE],
	3:new_col1[int32 NOT NULL],
	4:new_col2[int64 NOT NULL],
	5:last_name[string NULLABLE],
	6:new_col4[int32 NULLABLE]
] version 6 to Schema [
	0:id[int32 NOT NULL],
	1:name[string NULLABLE],
	3:new_col1[int32 NOT NULL],
	4:new_col2[int64 NOT NULL],
	5:last_name[string NULLABLE],
	6:new_col4[int32 NULLABLE]
] version 7
I0727 06:17:03.106981 74572 tablet.cc:1030] T 53d93003c2d34c9082cc158c42e37dc5 P 6f1af300e1d549d6b1cdd8bf3b9aeb9c: MemRowSet was empty: no flush needed.
I0727 06:17:03.891654 74586 tablet.cc:1087] T 53d93003c2d34c9082cc158c42e37dc5 P 6f1af300e1d549d6b1cdd8bf3b9aeb9c: Alter schema from Schema [
	0:id[int32 NOT NULL],
	1:name[string NULLABLE],
	3:new_col1[int32 NOT NULL],
	4:new_col2[int64 NOT NULL],
	5:last_name[string NULLABLE],
	6:new_col4[int32 NULLABLE]
] version 7 to Schema [
	0:id[int32 NOT NULL],
	1:name[string NULLABLE],
	3:new_col1[int32 NOT NULL],
	4:new_col2[int64 NOT NULL],
	5:last_name[string NULLABLE],
	6:new_col4[int32 NULLABLE]
] version 8
I0727 06:17:03.891691 74586 tablet.cc:1039] T 53d93003c2d34c9082cc158c42e37dc5 P 6f1af300e1d549d6b1cdd8bf3b9aeb9c: Flush: entering stage 1 (old memrowset already frozen for inserts)
I0727 06:17:03.891698 74586 compaction.cc:881] Selected 1 rowsets to compact:
I0727 06:17:03.891701 74586 compaction.cc:884] memrowset(current size on disk: ~0 bytes)
I0727 06:17:03.891703 74586 tablet.cc:1041] T 53d93003c2d34c9082cc158c42e37dc5 P 6f1af300e1d549d6b1cdd8bf3b9aeb9c: Memstore in-memory size: 763 bytes
I0727 06:17:03.891705 74586 tablet.cc:1304] T 53d93003c2d34c9082cc158c42e37dc5 P 6f1af300e1d549d6b1cdd8bf3b9aeb9c: Flush: entering phase 1 (flushing snapshot). Phase 1 snapshot: MvccSnapshot[committed={T|T < 6148653973058203648}]
I0727 06:17:03.892181 74586 multi_column_writer.cc:95] Opened CFile writers for 6 column(s)
I0727 06:17:03.892784 74586 tablet.cc:1389] T 53d93003c2d34c9082cc158c42e37dc5 P 6f1af300e1d549d6b1cdd8bf3b9aeb9c: Flush: entering phase 2 (starting to duplicate updates in new rowsets)
I0727 06:17:03.892807 74586 tablet.cc:1444] T 53d93003c2d34c9082cc158c42e37dc5 P 6f1af300e1d549d6b1cdd8bf3b9aeb9c: Flush Phase 2: carrying over any updates which arrived during Phase 1
I0727 06:17:03.892810 74586 tablet.cc:1446] T 53d93003c2d34c9082cc158c42e37dc5 P 6f1af300e1d549d6b1cdd8bf3b9aeb9c: Phase 2 snapshot: MvccSnapshot[committed={T|T < 6148653973058203648}]
I0727 06:17:03.893292 74586 tablet.cc:1488] T 53d93003c2d34c9082cc158c42e37dc5 P 6f1af300e1d549d6b1cdd8bf3b9aeb9c: Flush successful on 1 rows (5095 bytes)
I0727 06:17:03.960244 20815 maintenance_manager.cc:435] Time spent running UndoDeltaBlockGCOp(53d93003c2d34c9082cc158c42e37dc5): real 0.000s	user 0.000s	sys 0.000s
I0727 06:17:03.960280 20815 maintenance_manager.cc:441] P 6f1af300e1d549d6b1cdd8bf3b9aeb9c: UndoDeltaBlockGCOp(53d93003c2d34c9082cc158c42e37dc5) metrics: {"cfile_init":1}
I0727 06:17:04.536721 74610 tablet.cc:1087] T 53d93003c2d34c9082cc158c42e37dc5 P 6f1af300e1d549d6b1cdd8bf3b9aeb9c: Alter schema from Schema [
	0:id[int32 NOT NULL],
	1:name[string NULLABLE],
	3:new_col1[int32 NOT NULL],
	4:new_col2[int64 NOT NULL],
	5:last_name[string NULLABLE],
	6:new_col4[int32 NULLABLE]
] version 8 to Schema [
	0:id[int32 NOT NULL],
	1:name[string NULLABLE],
	3:new_col1[int32 NOT NULL],
	4:new_col2[int64 NOT NULL],
	5:last_name[string NULLABLE],
	6:new_col4[int32 NULLABLE]
] version 9
I0727 06:17:04.536767 74610 tablet.cc:1030] T 53d93003c2d34c9082cc158c42e37dc5 P 6f1af300e1d549d6b1cdd8bf3b9aeb9c: MemRowSet was empty: no flush needed.
I0727 06:17:05.179631 74622 tablet.cc:1087] T 53d93003c2d34c9082cc158c42e37dc5 P 6f1af300e1d549d6b1cdd8bf3b9aeb9c: Alter schema from Schema [
	0:id[int32 NOT NULL],
	1:name[string NULLABLE],
	3:new_col1[int32 NOT NULL],
	4:new_col2[int64 NOT NULL],
	5:last_name[string NULLABLE],
	6:new_col4[int32 NULLABLE]
] version 9 to Schema [
	0:id[int32 NOT NULL],
	1:name[string NULLABLE],
	3:new_col1[int32 NOT NULL],
	4:new_col2[int64 NOT NULL],
	5:last_name[string NULLABLE],
	6:new_col4[int32 NULLABLE]
] version 10
I0727 06:17:05.776973 74631 tablet.cc:1087] T 53d93003c2d34c9082cc158c42e37dc5 P 6f1af300e1d549d6b1cdd8bf3b9aeb9c: Alter schema from Schema [
	0:id[int32 NOT NULL],
	1:name[string NULLABLE],
	3:new_col1[int32 NOT NULL],
	4:new_col2[int64 NOT NULL],
	5:last_name[string NULLABLE],
	6:new_col4[int32 NULLABLE]
] version 10 to Schema [
	0:id[int32 NOT NULL],
	1:name[string NULLABLE],
	3:new_col1[int32 NOT NULL],
	4:new_col2[int64 NOT NULL],
	5:last_name[string NULLABLE],
	6:new_col4[int32 NULLABLE]
] version 11
I0727 06:17:06.665119 20960 tablet_service.cc:713] Processing DeleteTablet for tablet 4fceed5fd0f44309933fa5510ecdab6f with delete_type TABLET_DATA_DELETED (Table deleted at 2017-07-27 06:17:06 UTC) from {username='ubuntu'} at 127.0.0.1:54492
I0727 06:17:06.665140 20960 tablet_replica.cc:225] Initiating TabletReplica shutdown for tablet: 4fceed5fd0f44309933fa5510ecdab6f
I0727 06:17:06.665149 20960 maintenance_manager.cc:206] P 6f1af300e1d549d6b1cdd8bf3b9aeb9c: Unregistered op CompactRowSetsOp(4fceed5fd0f44309933fa5510ecdab6f)
I0727 06:17:06.665158 20960 maintenance_manager.cc:206] P 6f1af300e1d549d6b1cdd8bf3b9aeb9c: Unregistered op MinorDeltaCompactionOp(4fceed5fd0f44309933fa5510ecdab6f)
I0727 06:17:06.665165 20960 maintenance_manager.cc:206] P 6f1af300e1d549d6b1cdd8bf3b9aeb9c: Unregistered op MajorDeltaCompactionOp(4fceed5fd0f44309933fa5510ecdab6f)
I0727 06:17:06.665177 20960 maintenance_manager.cc:206] P 6f1af300e1d549d6b1cdd8bf3b9aeb9c: Unregistered op UndoDeltaBlockGCOp(4fceed5fd0f44309933fa5510ecdab6f)
I0727 06:17:06.665184 20960 maintenance_manager.cc:206] P 6f1af300e1d549d6b1cdd8bf3b9aeb9c: Unregistered op FlushMRSOp(4fceed5fd0f44309933fa5510ecdab6f)
I0727 06:17:06.665192 20960 maintenance_manager.cc:206] P 6f1af300e1d549d6b1cdd8bf3b9aeb9c: Unregistered op FlushDeltaMemStoresOp(4fceed5fd0f44309933fa5510ecdab6f)
I0727 06:17:06.665197 20960 maintenance_manager.cc:206] P 6f1af300e1d549d6b1cdd8bf3b9aeb9c: Unregistered op LogGCOp(4fceed5fd0f44309933fa5510ecdab6f)
I0727 06:17:06.665210 20960 raft_consensus.cc:1763] T 4fceed5fd0f44309933fa5510ecdab6f P 6f1af300e1d549d6b1cdd8bf3b9aeb9c [term 1 FOLLOWER]: Raft consensus shutting down.
I0727 06:17:06.665218 20960 raft_consensus.cc:1778] T 4fceed5fd0f44309933fa5510ecdab6f P 6f1af300e1d549d6b1cdd8bf3b9aeb9c [term 1 FOLLOWER]: Raft consensus is shut down!
I0727 06:17:06.665421 20960 ts_tablet_manager.cc:1030] T 4fceed5fd0f44309933fa5510ecdab6f P 6f1af300e1d549d6b1cdd8bf3b9aeb9c: Deleting tablet data with delete state TABLET_DATA_DELETED
I0727 06:17:06.666581 20960 ts_tablet_manager.cc:1042] T 4fceed5fd0f44309933fa5510ecdab6f P 6f1af300e1d549d6b1cdd8bf3b9aeb9c: Tablet deleted. Last logged OpId: 1.1
I0727 06:17:06.666597 20960 log.cc:974] T 4fceed5fd0f44309933fa5510ecdab6f P 6f1af300e1d549d6b1cdd8bf3b9aeb9c: Deleting WAL directory at /home/ubuntu/Impala/testdata/cluster/cdh5/node-2/var/lib/kudu/ts/wal/wals/4fceed5fd0f44309933fa5510ecdab6f
I0727 06:17:06.666699 20960 ts_tablet_manager.cc:1060] T 4fceed5fd0f44309933fa5510ecdab6f P 6f1af300e1d549d6b1cdd8bf3b9aeb9c: Deleting consensus metadata
I0727 06:17:06.669284 20960 tablet_service.cc:713] Processing DeleteTablet for tablet 53d93003c2d34c9082cc158c42e37dc5 with delete_type TABLET_DATA_DELETED (Table deleted at 2017-07-27 06:17:06 UTC) from {username='ubuntu'} at 127.0.0.1:54492
I0727 06:17:06.669301 20960 tablet_replica.cc:225] Initiating TabletReplica shutdown for tablet: 53d93003c2d34c9082cc158c42e37dc5
I0727 06:17:06.669312 20960 maintenance_manager.cc:206] P 6f1af300e1d549d6b1cdd8bf3b9aeb9c: Unregistered op CompactRowSetsOp(53d93003c2d34c9082cc158c42e37dc5)
I0727 06:17:06.669318 20960 maintenance_manager.cc:206] P 6f1af300e1d549d6b1cdd8bf3b9aeb9c: Unregistered op MinorDeltaCompactionOp(53d93003c2d34c9082cc158c42e37dc5)
I0727 06:17:06.669327 20960 maintenance_manager.cc:206] P 6f1af300e1d549d6b1cdd8bf3b9aeb9c: Unregistered op MajorDeltaCompactionOp(53d93003c2d34c9082cc158c42e37dc5)
I0727 06:17:06.669332 20960 maintenance_manager.cc:206] P 6f1af300e1d549d6b1cdd8bf3b9aeb9c: Unregistered op UndoDeltaBlockGCOp(53d93003c2d34c9082cc158c42e37dc5)
I0727 06:17:06.669339 20960 maintenance_manager.cc:206] P 6f1af300e1d549d6b1cdd8bf3b9aeb9c: Unregistered op FlushMRSOp(53d93003c2d34c9082cc158c42e37dc5)
I0727 06:17:06.669349 20960 maintenance_manager.cc:206] P 6f1af300e1d549d6b1cdd8bf3b9aeb9c: Unregistered op FlushDeltaMemStoresOp(53d93003c2d34c9082cc158c42e37dc5)
I0727 06:17:06.669353 20960 maintenance_manager.cc:206] P 6f1af300e1d549d6b1cdd8bf3b9aeb9c: Unregistered op LogGCOp(53d93003c2d34c9082cc158c42e37dc5)
I0727 06:17:06.669363 20960 raft_consensus.cc:1763] T 53d93003c2d34c9082cc158c42e37dc5 P 6f1af300e1d549d6b1cdd8bf3b9aeb9c [term 1 FOLLOWER]: Raft consensus shutting down.
I0727 06:17:06.669366 20960 raft_consensus.cc:1778] T 53d93003c2d34c9082cc158c42e37dc5 P 6f1af300e1d549d6b1cdd8bf3b9aeb9c [term 1 FOLLOWER]: Raft consensus is shut down!
I0727 06:17:06.669636 20960 ts_tablet_manager.cc:1030] T 53d93003c2d34c9082cc158c42e37dc5 P 6f1af300e1d549d6b1cdd8bf3b9aeb9c: Deleting tablet data with delete state TABLET_DATA_DELETED
I0727 06:17:06.670699 20960 ts_tablet_manager.cc:1042] T 53d93003c2d34c9082cc158c42e37dc5 P 6f1af300e1d549d6b1cdd8bf3b9aeb9c: Tablet deleted. Last logged OpId: 1.22
I0727 06:17:06.670722 20960 log.cc:974] T 53d93003c2d34c9082cc158c42e37dc5 P 6f1af300e1d549d6b1cdd8bf3b9aeb9c: Deleting WAL directory at /home/ubuntu/Impala/testdata/cluster/cdh5/node-2/var/lib/kudu/ts/wal/wals/53d93003c2d34c9082cc158c42e37dc5
I0727 06:17:06.670785 20971 tablet_service.cc:713] Processing DeleteTablet for tablet 47f295812fcb448eb261bf281109bbdd with delete_type TABLET_DATA_DELETED (Table deleted at 2017-07-27 06:17:06 UTC) from {username='ubuntu'} at 127.0.0.1:54492
I0727 06:17:06.670797 20971 tablet_replica.cc:225] Initiating TabletReplica shutdown for tablet: 47f295812fcb448eb261bf281109bbdd
I0727 06:17:06.670804 20971 maintenance_manager.cc:206] P 6f1af300e1d549d6b1cdd8bf3b9aeb9c: Unregistered op CompactRowSetsOp(47f295812fcb448eb261bf281109bbdd)
I0727 06:17:06.670811 20971 maintenance_manager.cc:206] P 6f1af300e1d549d6b1cdd8bf3b9aeb9c: Unregistered op MinorDeltaCompactionOp(47f295812fcb448eb261bf281109bbdd)
I0727 06:17:06.670816 20971 maintenance_manager.cc:206] P 6f1af300e1d549d6b1cdd8bf3b9aeb9c: Unregistered op MajorDeltaCompactionOp(47f295812fcb448eb261bf281109bbdd)
I0727 06:17:06.670821 20971 maintenance_manager.cc:206] P 6f1af300e1d549d6b1cdd8bf3b9aeb9c: Unregistered op UndoDeltaBlockGCOp(47f295812fcb448eb261bf281109bbdd)
I0727 06:17:06.670820 20958 tablet_service.cc:713] Processing DeleteTablet for tablet 2c4de86283cd44f7bd3f1bcbc3055509 with delete_type TABLET_DATA_DELETED (Table deleted at 2017-07-27 06:17:06 UTC) from {username='ubuntu'} at 127.0.0.1:54492
I0727 06:17:06.670831 20969 tablet_service.cc:713] Processing DeleteTablet for tablet 1b03dee112f042c9a2e2369c029b7b1c with delete_type TABLET_DATA_DELETED (Table deleted at 2017-07-27 06:17:06 UTC) from {username='ubuntu'} at 127.0.0.1:54492
I0727 06:17:06.670843 20958 tablet_replica.cc:225] Initiating TabletReplica shutdown for tablet: 2c4de86283cd44f7bd3f1bcbc3055509
I0727 06:17:06.670845 20969 tablet_replica.cc:225] Initiating TabletReplica shutdown for tablet: 1b03dee112f042c9a2e2369c029b7b1c
I0727 06:17:06.670862 20960 ts_tablet_manager.cc:1060] T 53d93003c2d34c9082cc158c42e37dc5 P 6f1af300e1d549d6b1cdd8bf3b9aeb9c: Deleting consensus metadata
I0727 06:17:06.670866 20958 maintenance_manager.cc:206] P 6f1af300e1d549d6b1cdd8bf3b9aeb9c: Unregistered op CompactRowSetsOp(2c4de86283cd44f7bd3f1bcbc3055509)
I0727 06:17:06.670873 20958 maintenance_manager.cc:206] P 6f1af300e1d549d6b1cdd8bf3b9aeb9c: Unregistered op MinorDeltaCompactionOp(2c4de86283cd44f7bd3f1bcbc3055509)
I0727 06:17:06.670826 20971 maintenance_manager.cc:206] P 6f1af300e1d549d6b1cdd8bf3b9aeb9c: Unregistered op FlushMRSOp(47f295812fcb448eb261bf281109bbdd)
I0727 06:17:06.670886 20958 maintenance_manager.cc:206] P 6f1af300e1d549d6b1cdd8bf3b9aeb9c: Unregistered op MajorDeltaCompactionOp(2c4de86283cd44f7bd3f1bcbc3055509)
I0727 06:17:06.670892 20971 maintenance_manager.cc:206] P 6f1af300e1d549d6b1cdd8bf3b9aeb9c: Unregistered op FlushDeltaMemStoresOp(47f295812fcb448eb261bf281109bbdd)
I0727 06:17:06.670899 20971 maintenance_manager.cc:206] P 6f1af300e1d549d6b1cdd8bf3b9aeb9c: Unregistered op LogGCOp(47f295812fcb448eb261bf281109bbdd)
I0727 06:17:06.670900 20958 maintenance_manager.cc:206] P 6f1af300e1d549d6b1cdd8bf3b9aeb9c: Unregistered op UndoDeltaBlockGCOp(2c4de86283cd44f7bd3f1bcbc3055509)
I0727 06:17:06.670905 20971 raft_consensus.cc:1763] T 47f295812fcb448eb261bf281109bbdd P 6f1af300e1d549d6b1cdd8bf3b9aeb9c [term 1 LEADER]: Raft consensus shutting down.
I0727 06:17:06.670922 20971 consensus_peers.cc:400] T 47f295812fcb448eb261bf281109bbdd P 6f1af300e1d549d6b1cdd8bf3b9aeb9c -> Peer 3a3c735705964e1badb66c37a66a9096 (ip-172-31-12-168:31200): Closing peer: 3a3c735705964e1badb66c37a66a9096
I0727 06:17:06.670924 20969 maintenance_manager.cc:206] P 6f1af300e1d549d6b1cdd8bf3b9aeb9c: Unregistered op CompactRowSetsOp(1b03dee112f042c9a2e2369c029b7b1c)
I0727 06:17:06.670908 20958 maintenance_manager.cc:206] P 6f1af300e1d549d6b1cdd8bf3b9aeb9c: Unregistered op FlushMRSOp(2c4de86283cd44f7bd3f1bcbc3055509)
I0727 06:17:06.670927 20971 consensus_peers.cc:400] T 47f295812fcb448eb261bf281109bbdd P 6f1af300e1d549d6b1cdd8bf3b9aeb9c -> Peer b497dbd6bd1a4c998891b00d2493a1bb (ip-172-31-12-168:31202): Closing peer: b497dbd6bd1a4c998891b00d2493a1bb
I0727 06:17:06.670948 20969 maintenance_manager.cc:206] P 6f1af300e1d549d6b1cdd8bf3b9aeb9c: Unregistered op MinorDeltaCompactionOp(1b03dee112f042c9a2e2369c029b7b1c)
I0727 06:17:06.670958 20958 maintenance_manager.cc:206] P 6f1af300e1d549d6b1cdd8bf3b9aeb9c: Unregistered op FlushDeltaMemStoresOp(2c4de86283cd44f7bd3f1bcbc3055509)
I0727 06:17:06.670975 20969 maintenance_manager.cc:206] P 6f1af300e1d549d6b1cdd8bf3b9aeb9c: Unregistered op MajorDeltaCompactionOp(1b03dee112f042c9a2e2369c029b7b1c)
I0727 06:17:06.670992 20958 maintenance_manager.cc:206] P 6f1af300e1d549d6b1cdd8bf3b9aeb9c: Unregistered op LogGCOp(2c4de86283cd44f7bd3f1bcbc3055509)
I0727 06:17:06.670950 20971 raft_consensus.cc:1778] T 47f295812fcb448eb261bf281109bbdd P 6f1af300e1d549d6b1cdd8bf3b9aeb9c [term 1 LEADER]: Raft consensus is shut down!
I0727 06:17:06.671010 20969 maintenance_manager.cc:206] P 6f1af300e1d549d6b1cdd8bf3b9aeb9c: Unregistered op UndoDeltaBlockGCOp(1b03dee112f042c9a2e2369c029b7b1c)
I0727 06:17:06.671011 20958 raft_consensus.cc:1763] T 2c4de86283cd44f7bd3f1bcbc3055509 P 6f1af300e1d549d6b1cdd8bf3b9aeb9c [term 1 FOLLOWER]: Raft consensus shutting down.
I0727 06:17:06.671016 20969 maintenance_manager.cc:206] P 6f1af300e1d549d6b1cdd8bf3b9aeb9c: Unregistered op FlushMRSOp(1b03dee112f042c9a2e2369c029b7b1c)
I0727 06:17:06.671018 20958 raft_consensus.cc:1778] T 2c4de86283cd44f7bd3f1bcbc3055509 P 6f1af300e1d549d6b1cdd8bf3b9aeb9c [term 1 FOLLOWER]: Raft consensus is shut down!
I0727 06:17:06.671041 20969 maintenance_manager.cc:206] P 6f1af300e1d549d6b1cdd8bf3b9aeb9c: Unregistered op FlushDeltaMemStoresOp(1b03dee112f042c9a2e2369c029b7b1c)
I0727 06:17:06.671077 20969 maintenance_manager.cc:206] P 6f1af300e1d549d6b1cdd8bf3b9aeb9c: Unregistered op LogGCOp(1b03dee112f042c9a2e2369c029b7b1c)
I0727 06:17:06.671080 20969 raft_consensus.cc:1763] T 1b03dee112f042c9a2e2369c029b7b1c P 6f1af300e1d549d6b1cdd8bf3b9aeb9c [term 1 LEADER]: Raft consensus shutting down.
I0727 06:17:06.671088 20969 consensus_peers.cc:400] T 1b03dee112f042c9a2e2369c029b7b1c P 6f1af300e1d549d6b1cdd8bf3b9aeb9c -> Peer 3a3c735705964e1badb66c37a66a9096 (ip-172-31-12-168:31200): Closing peer: 3a3c735705964e1badb66c37a66a9096
I0727 06:17:06.671092 20969 consensus_peers.cc:400] T 1b03dee112f042c9a2e2369c029b7b1c P 6f1af300e1d549d6b1cdd8bf3b9aeb9c -> Peer b497dbd6bd1a4c998891b00d2493a1bb (ip-172-31-12-168:31202): Closing peer: b497dbd6bd1a4c998891b00d2493a1bb
I0727 06:17:06.671097 20969 raft_consensus.cc:1778] T 1b03dee112f042c9a2e2369c029b7b1c P 6f1af300e1d549d6b1cdd8bf3b9aeb9c [term 1 LEADER]: Raft consensus is shut down!
I0727 06:17:06.671285 20971 ts_tablet_manager.cc:1030] T 47f295812fcb448eb261bf281109bbdd P 6f1af300e1d549d6b1cdd8bf3b9aeb9c: Deleting tablet data with delete state TABLET_DATA_DELETED
I0727 06:17:06.671296 20958 ts_tablet_manager.cc:1030] T 2c4de86283cd44f7bd3f1bcbc3055509 P 6f1af300e1d549d6b1cdd8bf3b9aeb9c: Deleting tablet data with delete state TABLET_DATA_DELETED
I0727 06:17:06.671301 20969 ts_tablet_manager.cc:1030] T 1b03dee112f042c9a2e2369c029b7b1c P 6f1af300e1d549d6b1cdd8bf3b9aeb9c: Deleting tablet data with delete state TABLET_DATA_DELETED
I0727 06:17:06.672317 20969 ts_tablet_manager.cc:1042] T 1b03dee112f042c9a2e2369c029b7b1c P 6f1af300e1d549d6b1cdd8bf3b9aeb9c: Tablet deleted. Last logged OpId: 1.3
I0727 06:17:06.672332 20969 log.cc:974] T 1b03dee112f042c9a2e2369c029b7b1c P 6f1af300e1d549d6b1cdd8bf3b9aeb9c: Deleting WAL directory at /home/ubuntu/Impala/testdata/cluster/cdh5/node-2/var/lib/kudu/ts/wal/wals/1b03dee112f042c9a2e2369c029b7b1c
I0727 06:17:06.672425 20969 ts_tablet_manager.cc:1060] T 1b03dee112f042c9a2e2369c029b7b1c P 6f1af300e1d549d6b1cdd8bf3b9aeb9c: Deleting consensus metadata
I0727 06:17:06.672453 20960 tablet_service.cc:713] Processing DeleteTablet for tablet 19ec32725bca4ee9b1356d6fb2fe4c0b with delete_type TABLET_DATA_DELETED (Table deleted at 2017-07-27 06:17:06 UTC) from {username='ubuntu'} at 127.0.0.1:54492
I0727 06:17:06.672472 20960 tablet_replica.cc:225] Initiating TabletReplica shutdown for tablet: 19ec32725bca4ee9b1356d6fb2fe4c0b
I0727 06:17:06.672479 20960 maintenance_manager.cc:206] P 6f1af300e1d549d6b1cdd8bf3b9aeb9c: Unregistered op CompactRowSetsOp(19ec32725bca4ee9b1356d6fb2fe4c0b)
I0727 06:17:06.672489 20960 maintenance_manager.cc:206] P 6f1af300e1d549d6b1cdd8bf3b9aeb9c: Unregistered op MinorDeltaCompactionOp(19ec32725bca4ee9b1356d6fb2fe4c0b)
I0727 06:17:06.672495 20960 maintenance_manager.cc:206] P 6f1af300e1d549d6b1cdd8bf3b9aeb9c: Unregistered op MajorDeltaCompactionOp(19ec32725bca4ee9b1356d6fb2fe4c0b)
I0727 06:17:06.672504 20960 maintenance_manager.cc:206] P 6f1af300e1d549d6b1cdd8bf3b9aeb9c: Unregistered op UndoDeltaBlockGCOp(19ec32725bca4ee9b1356d6fb2fe4c0b)
I0727 06:17:06.672509 20960 maintenance_manager.cc:206] P 6f1af300e1d549d6b1cdd8bf3b9aeb9c: Unregistered op FlushMRSOp(19ec32725bca4ee9b1356d6fb2fe4c0b)
I0727 06:17:06.672513 20960 maintenance_manager.cc:206] P 6f1af300e1d549d6b1cdd8bf3b9aeb9c: Unregistered op FlushDeltaMemStoresOp(19ec32725bca4ee9b1356d6fb2fe4c0b)
I0727 06:17:06.672520 20960 maintenance_manager.cc:206] P 6f1af300e1d549d6b1cdd8bf3b9aeb9c: Unregistered op LogGCOp(19ec32725bca4ee9b1356d6fb2fe4c0b)
I0727 06:17:06.672528 20960 raft_consensus.cc:1763] T 19ec32725bca4ee9b1356d6fb2fe4c0b P 6f1af300e1d549d6b1cdd8bf3b9aeb9c [term 1 FOLLOWER]: Raft consensus shutting down.
I0727 06:17:06.672529 20973 tablet_service.cc:713] Processing DeleteTablet for tablet 9bfcf775073844d0aa6251e7ee486375 with delete_type TABLET_DATA_DELETED (Table deleted at 2017-07-27 06:17:06 UTC) from {username='ubuntu'} at 127.0.0.1:54492
I0727 06:17:06.672536 20960 raft_consensus.cc:1778] T 19ec32725bca4ee9b1356d6fb2fe4c0b P 6f1af300e1d549d6b1cdd8bf3b9aeb9c [term 1 FOLLOWER]: Raft consensus is shut down!
I0727 06:17:06.672541 20973 tablet_replica.cc:225] Initiating TabletReplica shutdown for tablet: 9bfcf775073844d0aa6251e7ee486375
I0727 06:17:06.672549 20973 maintenance_manager.cc:206] P 6f1af300e1d549d6b1cdd8bf3b9aeb9c: Unregistered op CompactRowSetsOp(9bfcf775073844d0aa6251e7ee486375)
I0727 06:17:06.672559 20967 tablet_service.cc:713] Processing DeleteTablet for tablet bbdd11b90f804c5a94a3242a27bbe2c7 with delete_type TABLET_DATA_DELETED (Table deleted at 2017-07-27 06:17:06 UTC) from {username='ubuntu'} at 127.0.0.1:54492
I0727 06:17:06.672564 20973 maintenance_manager.cc:206] P 6f1af300e1d549d6b1cdd8bf3b9aeb9c: Unregistered op MinorDeltaCompactionOp(9bfcf775073844d0aa6251e7ee486375)
I0727 06:17:06.672566 20967 tablet_replica.cc:225] Initiating TabletReplica shutdown for tablet: bbdd11b90f804c5a94a3242a27bbe2c7
I0727 06:17:06.672577 20973 maintenance_manager.cc:206] P 6f1af300e1d549d6b1cdd8bf3b9aeb9c: Unregistered op MajorDeltaCompactionOp(9bfcf775073844d0aa6251e7ee486375)
I0727 06:17:06.672591 20973 maintenance_manager.cc:206] P 6f1af300e1d549d6b1cdd8bf3b9aeb9c: Unregistered op UndoDeltaBlockGCOp(9bfcf775073844d0aa6251e7ee486375)
I0727 06:17:06.672610 20967 maintenance_manager.cc:206] P 6f1af300e1d549d6b1cdd8bf3b9aeb9c: Unregistered op CompactRowSetsOp(bbdd11b90f804c5a94a3242a27bbe2c7)
I0727 06:17:06.672619 20967 maintenance_manager.cc:206] P 6f1af300e1d549d6b1cdd8bf3b9aeb9c: Unregistered op MinorDeltaCompactionOp(bbdd11b90f804c5a94a3242a27bbe2c7)
I0727 06:17:06.672632 20973 maintenance_manager.cc:206] P 6f1af300e1d549d6b1cdd8bf3b9aeb9c: Unregistered op FlushMRSOp(9bfcf775073844d0aa6251e7ee486375)
I0727 06:17:06.672638 20967 maintenance_manager.cc:206] P 6f1af300e1d549d6b1cdd8bf3b9aeb9c: Unregistered op MajorDeltaCompactionOp(bbdd11b90f804c5a94a3242a27bbe2c7)
I0727 06:17:06.672648 20973 maintenance_manager.cc:206] P 6f1af300e1d549d6b1cdd8bf3b9aeb9c: Unregistered op FlushDeltaMemStoresOp(9bfcf775073844d0aa6251e7ee486375)
I0727 06:17:06.672654 20973 maintenance_manager.cc:206] P 6f1af300e1d549d6b1cdd8bf3b9aeb9c: Unregistered op LogGCOp(9bfcf775073844d0aa6251e7ee486375)
I0727 06:17:06.672660 20973 raft_consensus.cc:1763] T 9bfcf775073844d0aa6251e7ee486375 P 6f1af300e1d549d6b1cdd8bf3b9aeb9c [term 1 LEADER]: Raft consensus shutting down.
I0727 06:17:06.672664 20973 consensus_peers.cc:400] T 9bfcf775073844d0aa6251e7ee486375 P 6f1af300e1d549d6b1cdd8bf3b9aeb9c -> Peer b497dbd6bd1a4c998891b00d2493a1bb (ip-172-31-12-168:31202): Closing peer: b497dbd6bd1a4c998891b00d2493a1bb
I0727 06:17:06.672665 20967 maintenance_manager.cc:206] P 6f1af300e1d549d6b1cdd8bf3b9aeb9c: Unregistered op UndoDeltaBlockGCOp(bbdd11b90f804c5a94a3242a27bbe2c7)
I0727 06:17:06.672672 20973 consensus_peers.cc:400] T 9bfcf775073844d0aa6251e7ee486375 P 6f1af300e1d549d6b1cdd8bf3b9aeb9c -> Peer 3a3c735705964e1badb66c37a66a9096 (ip-172-31-12-168:31200): Closing peer: 3a3c735705964e1badb66c37a66a9096
I0727 06:17:06.672677 20967 maintenance_manager.cc:206] P 6f1af300e1d549d6b1cdd8bf3b9aeb9c: Unregistered op FlushMRSOp(bbdd11b90f804c5a94a3242a27bbe2c7)
I0727 06:17:06.672680 20973 raft_consensus.cc:1778] T 9bfcf775073844d0aa6251e7ee486375 P 6f1af300e1d549d6b1cdd8bf3b9aeb9c [term 1 LEADER]: Raft consensus is shut down!
I0727 06:17:06.672683 20967 maintenance_manager.cc:206] P 6f1af300e1d549d6b1cdd8bf3b9aeb9c: Unregistered op FlushDeltaMemStoresOp(bbdd11b90f804c5a94a3242a27bbe2c7)
I0727 06:17:06.672720 20967 maintenance_manager.cc:206] P 6f1af300e1d549d6b1cdd8bf3b9aeb9c: Unregistered op LogGCOp(bbdd11b90f804c5a94a3242a27bbe2c7)
I0727 06:17:06.672729 20967 raft_consensus.cc:1763] T bbdd11b90f804c5a94a3242a27bbe2c7 P 6f1af300e1d549d6b1cdd8bf3b9aeb9c [term 1 LEADER]: Raft consensus shutting down.
I0727 06:17:06.672734 20967 consensus_peers.cc:400] T bbdd11b90f804c5a94a3242a27bbe2c7 P 6f1af300e1d549d6b1cdd8bf3b9aeb9c -> Peer b497dbd6bd1a4c998891b00d2493a1bb (ip-172-31-12-168:31202): Closing peer: b497dbd6bd1a4c998891b00d2493a1bb
I0727 06:17:06.672737 20967 consensus_peers.cc:400] T bbdd11b90f804c5a94a3242a27bbe2c7 P 6f1af300e1d549d6b1cdd8bf3b9aeb9c -> Peer 3a3c735705964e1badb66c37a66a9096 (ip-172-31-12-168:31200): Closing peer: 3a3c735705964e1badb66c37a66a9096
I0727 06:17:06.672741 20967 raft_consensus.cc:1778] T bbdd11b90f804c5a94a3242a27bbe2c7 P 6f1af300e1d549d6b1cdd8bf3b9aeb9c [term 1 LEADER]: Raft consensus is shut down!
I0727 06:17:06.672745 20960 ts_tablet_manager.cc:1030] T 19ec32725bca4ee9b1356d6fb2fe4c0b P 6f1af300e1d549d6b1cdd8bf3b9aeb9c: Deleting tablet data with delete state TABLET_DATA_DELETED
I0727 06:17:06.672895 20973 ts_tablet_manager.cc:1030] T 9bfcf775073844d0aa6251e7ee486375 P 6f1af300e1d549d6b1cdd8bf3b9aeb9c: Deleting tablet data with delete state TABLET_DATA_DELETED
I0727 06:17:06.672911 20967 ts_tablet_manager.cc:1030] T bbdd11b90f804c5a94a3242a27bbe2c7 P 6f1af300e1d549d6b1cdd8bf3b9aeb9c: Deleting tablet data with delete state TABLET_DATA_DELETED
I0727 06:17:06.673040 20971 ts_tablet_manager.cc:1042] T 47f295812fcb448eb261bf281109bbdd P 6f1af300e1d549d6b1cdd8bf3b9aeb9c: Tablet deleted. Last logged OpId: 1.3
I0727 06:17:06.673055 20971 log.cc:974] T 47f295812fcb448eb261bf281109bbdd P 6f1af300e1d549d6b1cdd8bf3b9aeb9c: Deleting WAL directory at /home/ubuntu/Impala/testdata/cluster/cdh5/node-2/var/lib/kudu/ts/wal/wals/47f295812fcb448eb261bf281109bbdd
I0727 06:17:06.673099 20958 ts_tablet_manager.cc:1042] T 2c4de86283cd44f7bd3f1bcbc3055509 P 6f1af300e1d549d6b1cdd8bf3b9aeb9c: Tablet deleted. Last logged OpId: 1.3
I0727 06:17:06.673115 20958 log.cc:974] T 2c4de86283cd44f7bd3f1bcbc3055509 P 6f1af300e1d549d6b1cdd8bf3b9aeb9c: Deleting WAL directory at /home/ubuntu/Impala/testdata/cluster/cdh5/node-2/var/lib/kudu/ts/wal/wals/2c4de86283cd44f7bd3f1bcbc3055509
I0727 06:17:06.673159 20971 ts_tablet_manager.cc:1060] T 47f295812fcb448eb261bf281109bbdd P 6f1af300e1d549d6b1cdd8bf3b9aeb9c: Deleting consensus metadata
I0727 06:17:06.673228 20958 ts_tablet_manager.cc:1060] T 2c4de86283cd44f7bd3f1bcbc3055509 P 6f1af300e1d549d6b1cdd8bf3b9aeb9c: Deleting consensus metadata
I0727 06:17:06.674227 20973 ts_tablet_manager.cc:1042] T 9bfcf775073844d0aa6251e7ee486375 P 6f1af300e1d549d6b1cdd8bf3b9aeb9c: Tablet deleted. Last logged OpId: 1.1
I0727 06:17:06.674242 20973 log.cc:974] T 9bfcf775073844d0aa6251e7ee486375 P 6f1af300e1d549d6b1cdd8bf3b9aeb9c: Deleting WAL directory at /home/ubuntu/Impala/testdata/cluster/cdh5/node-2/var/lib/kudu/ts/wal/wals/9bfcf775073844d0aa6251e7ee486375
I0727 06:17:06.674294 20960 ts_tablet_manager.cc:1042] T 19ec32725bca4ee9b1356d6fb2fe4c0b P 6f1af300e1d549d6b1cdd8bf3b9aeb9c: Tablet deleted. Last logged OpId: 1.1
I0727 06:17:06.674309 20960 log.cc:974] T 19ec32725bca4ee9b1356d6fb2fe4c0b P 6f1af300e1d549d6b1cdd8bf3b9aeb9c: Deleting WAL directory at /home/ubuntu/Impala/testdata/cluster/cdh5/node-2/var/lib/kudu/ts/wal/wals/19ec32725bca4ee9b1356d6fb2fe4c0b
I0727 06:17:06.674340 20973 ts_tablet_manager.cc:1060] T 9bfcf775073844d0aa6251e7ee486375 P 6f1af300e1d549d6b1cdd8bf3b9aeb9c: Deleting consensus metadata
I0727 06:17:06.674392 20960 ts_tablet_manager.cc:1060] T 19ec32725bca4ee9b1356d6fb2fe4c0b P 6f1af300e1d549d6b1cdd8bf3b9aeb9c: Deleting consensus metadata
I0727 06:17:06.674506 20967 ts_tablet_manager.cc:1042] T bbdd11b90f804c5a94a3242a27bbe2c7 P 6f1af300e1d549d6b1cdd8bf3b9aeb9c: Tablet deleted. Last logged OpId: 1.1
I0727 06:17:06.674522 20967 log.cc:974] T bbdd11b90f804c5a94a3242a27bbe2c7 P 6f1af300e1d549d6b1cdd8bf3b9aeb9c: Deleting WAL directory at /home/ubuntu/Impala/testdata/cluster/cdh5/node-2/var/lib/kudu/ts/wal/wals/bbdd11b90f804c5a94a3242a27bbe2c7
I0727 06:17:06.674610 20967 ts_tablet_manager.cc:1060] T bbdd11b90f804c5a94a3242a27bbe2c7 P 6f1af300e1d549d6b1cdd8bf3b9aeb9c: Deleting consensus metadata
