I0727 05:19:15.090988 114360 raft_consensus.cc:284] T ce2665a886f844b7ae48ad254c99ef4c P 6f1af300e1d549d6b1cdd8bf3b9aeb9c [term 0 FOLLOWER]: Replica starting. Triggering 0 pending transactions. Active config: opid_index: -1 OBSOLETE_local: false peers { permanent_uuid: "3a3c735705964e1badb66c37a66a9096" member_type: VOTER last_known_addr { host: "ip-172-31-12-168" port: 31200 } } peers { permanent_uuid: "b497dbd6bd1a4c998891b00d2493a1bb" member_type: VOTER last_known_addr { host: "ip-172-31-12-168" port: 31202 } } peers { permanent_uuid: "6f1af300e1d549d6b1cdd8bf3b9aeb9c" member_type: VOTER last_known_addr { host: "ip-172-31-12-168" port: 31201 } }
I0727 05:19:15.091006 114360 raft_consensus.cc:316] T ce2665a886f844b7ae48ad254c99ef4c P 6f1af300e1d549d6b1cdd8bf3b9aeb9c [term 0 FOLLOWER]: Consensus starting up: Expiring failure detector timer to make a prompt election more likely
I0727 05:19:15.091011 114360 raft_consensus.cc:560] T ce2665a886f844b7ae48ad254c99ef4c P 6f1af300e1d549d6b1cdd8bf3b9aeb9c [term 0 FOLLOWER]: Becoming Follower/Learner. State: Replica: 6f1af300e1d549d6b1cdd8bf3b9aeb9c, State: Running, Role: FOLLOWER
I0727 05:19:15.091024 114360 consensus_queue.cc:186] T ce2665a886f844b7ae48ad254c99ef4c P 6f1af300e1d549d6b1cdd8bf3b9aeb9c [NON_LEADER]: Queue going to NON_LEADER mode. State: All replicated index: 0, Majority replicated index: 0, Committed index: 0, Last appended: 0.0, Last appended by leader: 0, Current term: 0, Majority size: -1, State: 1, Mode: NON_LEADER
I0727 05:19:15.091064 114360 ts_tablet_manager.cc:775] T ce2665a886f844b7ae48ad254c99ef4c P 6f1af300e1d549d6b1cdd8bf3b9aeb9c: Time spent starting tablet: real 0.000s	user 0.000s	sys 0.000s
I0727 05:19:15.091076 114360 ts_tablet_manager.cc:741] T 34be0a7b01f64d87bf6b25a5f395553a P 6f1af300e1d549d6b1cdd8bf3b9aeb9c: Bootstrapping tablet
I0727 05:19:15.091085 114360 tablet_bootstrap.cc:406] T 34be0a7b01f64d87bf6b25a5f395553a P 6f1af300e1d549d6b1cdd8bf3b9aeb9c: Bootstrap starting.
I0727 05:19:15.091178 114360 tablet_bootstrap.cc:547] T 34be0a7b01f64d87bf6b25a5f395553a P 6f1af300e1d549d6b1cdd8bf3b9aeb9c: No blocks or log segments found. Creating new log.
I0727 05:19:15.091588 114360 tablet_bootstrap.cc:406] T 34be0a7b01f64d87bf6b25a5f395553a P 6f1af300e1d549d6b1cdd8bf3b9aeb9c: No bootstrap required, opened a new log
I0727 05:19:15.091604 114360 ts_tablet_manager.cc:746] T 34be0a7b01f64d87bf6b25a5f395553a P 6f1af300e1d549d6b1cdd8bf3b9aeb9c: Time spent bootstrapping tablet: real 0.001s	user 0.000s	sys 0.000s
I0727 05:19:15.091874 114360 raft_consensus.cc:284] T 34be0a7b01f64d87bf6b25a5f395553a P 6f1af300e1d549d6b1cdd8bf3b9aeb9c [term 0 FOLLOWER]: Replica starting. Triggering 0 pending transactions. Active config: opid_index: -1 OBSOLETE_local: false peers { permanent_uuid: "3a3c735705964e1badb66c37a66a9096" member_type: VOTER last_known_addr { host: "ip-172-31-12-168" port: 31200 } } peers { permanent_uuid: "b497dbd6bd1a4c998891b00d2493a1bb" member_type: VOTER last_known_addr { host: "ip-172-31-12-168" port: 31202 } } peers { permanent_uuid: "6f1af300e1d549d6b1cdd8bf3b9aeb9c" member_type: VOTER last_known_addr { host: "ip-172-31-12-168" port: 31201 } }
I0727 05:19:15.091895 114360 raft_consensus.cc:316] T 34be0a7b01f64d87bf6b25a5f395553a P 6f1af300e1d549d6b1cdd8bf3b9aeb9c [term 0 FOLLOWER]: Consensus starting up: Expiring failure detector timer to make a prompt election more likely
I0727 05:19:15.091907 114360 raft_consensus.cc:560] T 34be0a7b01f64d87bf6b25a5f395553a P 6f1af300e1d549d6b1cdd8bf3b9aeb9c [term 0 FOLLOWER]: Becoming Follower/Learner. State: Replica: 6f1af300e1d549d6b1cdd8bf3b9aeb9c, State: Running, Role: FOLLOWER
I0727 05:19:15.091922 114360 consensus_queue.cc:186] T 34be0a7b01f64d87bf6b25a5f395553a P 6f1af300e1d549d6b1cdd8bf3b9aeb9c [NON_LEADER]: Queue going to NON_LEADER mode. State: All replicated index: 0, Majority replicated index: 0, Committed index: 0, Last appended: 0.0, Last appended by leader: 0, Current term: 0, Majority size: -1, State: 1, Mode: NON_LEADER
I0727 05:19:15.091976 114360 ts_tablet_manager.cc:775] T 34be0a7b01f64d87bf6b25a5f395553a P 6f1af300e1d549d6b1cdd8bf3b9aeb9c: Time spent starting tablet: real 0.000s	user 0.000s	sys 0.000s
I0727 05:19:15.091990 114360 ts_tablet_manager.cc:741] T 9799ed146fd8408b991ed6225dae2325 P 6f1af300e1d549d6b1cdd8bf3b9aeb9c: Bootstrapping tablet
I0727 05:19:15.091995 114360 tablet_bootstrap.cc:406] T 9799ed146fd8408b991ed6225dae2325 P 6f1af300e1d549d6b1cdd8bf3b9aeb9c: Bootstrap starting.
I0727 05:19:15.092093 114360 tablet_bootstrap.cc:547] T 9799ed146fd8408b991ed6225dae2325 P 6f1af300e1d549d6b1cdd8bf3b9aeb9c: No blocks or log segments found. Creating new log.
I0727 05:19:15.092514 114360 tablet_bootstrap.cc:406] T 9799ed146fd8408b991ed6225dae2325 P 6f1af300e1d549d6b1cdd8bf3b9aeb9c: No bootstrap required, opened a new log
I0727 05:19:15.092538 114360 ts_tablet_manager.cc:746] T 9799ed146fd8408b991ed6225dae2325 P 6f1af300e1d549d6b1cdd8bf3b9aeb9c: Time spent bootstrapping tablet: real 0.001s	user 0.000s	sys 0.000s
I0727 05:19:15.092805 114360 raft_consensus.cc:284] T 9799ed146fd8408b991ed6225dae2325 P 6f1af300e1d549d6b1cdd8bf3b9aeb9c [term 0 FOLLOWER]: Replica starting. Triggering 0 pending transactions. Active config: opid_index: -1 OBSOLETE_local: false peers { permanent_uuid: "b497dbd6bd1a4c998891b00d2493a1bb" member_type: VOTER last_known_addr { host: "ip-172-31-12-168" port: 31202 } } peers { permanent_uuid: "3a3c735705964e1badb66c37a66a9096" member_type: VOTER last_known_addr { host: "ip-172-31-12-168" port: 31200 } } peers { permanent_uuid: "6f1af300e1d549d6b1cdd8bf3b9aeb9c" member_type: VOTER last_known_addr { host: "ip-172-31-12-168" port: 31201 } }
I0727 05:19:15.092823 114360 raft_consensus.cc:316] T 9799ed146fd8408b991ed6225dae2325 P 6f1af300e1d549d6b1cdd8bf3b9aeb9c [term 0 FOLLOWER]: Consensus starting up: Expiring failure detector timer to make a prompt election more likely
I0727 05:19:15.092828 114360 raft_consensus.cc:560] T 9799ed146fd8408b991ed6225dae2325 P 6f1af300e1d549d6b1cdd8bf3b9aeb9c [term 0 FOLLOWER]: Becoming Follower/Learner. State: Replica: 6f1af300e1d549d6b1cdd8bf3b9aeb9c, State: Running, Role: FOLLOWER
I0727 05:19:15.092836 114360 consensus_queue.cc:186] T 9799ed146fd8408b991ed6225dae2325 P 6f1af300e1d549d6b1cdd8bf3b9aeb9c [NON_LEADER]: Queue going to NON_LEADER mode. State: All replicated index: 0, Majority replicated index: 0, Committed index: 0, Last appended: 0.0, Last appended by leader: 0, Current term: 0, Majority size: -1, State: 1, Mode: NON_LEADER
I0727 05:19:15.092890 114360 ts_tablet_manager.cc:775] T 9799ed146fd8408b991ed6225dae2325 P 6f1af300e1d549d6b1cdd8bf3b9aeb9c: Time spent starting tablet: real 0.000s	user 0.000s	sys 0.000s
I0727 05:19:15.234218 21008 raft_consensus.cc:2372] T 6edda1f938eb4a1da73329607255049a P 6f1af300e1d549d6b1cdd8bf3b9aeb9c: Snoozing failure detection for election timeout plus an additional 1.945s
I0727 05:19:15.234236 21008 raft_consensus.cc:1943] T 6edda1f938eb4a1da73329607255049a P 6f1af300e1d549d6b1cdd8bf3b9aeb9c [term 0 FOLLOWER]: Leader pre-election vote request: Granting yes vote for candidate 3a3c735705964e1badb66c37a66a9096 in term 0.
I0727 05:19:15.234673 114371 raft_consensus.cc:411] T 9f5c7e4fbc6b46a79e5737d618cb7600 P 6f1af300e1d549d6b1cdd8bf3b9aeb9c [term 0 FOLLOWER]: Starting pre-election (no leader contacted us within the election timeout)
I0727 05:19:15.234693 114371 raft_consensus.cc:2372] T 9f5c7e4fbc6b46a79e5737d618cb7600 P 6f1af300e1d549d6b1cdd8bf3b9aeb9c: Snoozing failure detection for election timeout plus an additional 1.504s
I0727 05:19:15.234719 114371 raft_consensus.cc:435] T 9f5c7e4fbc6b46a79e5737d618cb7600 P 6f1af300e1d549d6b1cdd8bf3b9aeb9c [term 0 FOLLOWER]: Starting pre-election with config: opid_index: -1 OBSOLETE_local: false peers { permanent_uuid: "3a3c735705964e1badb66c37a66a9096" member_type: VOTER last_known_addr { host: "ip-172-31-12-168" port: 31200 } } peers { permanent_uuid: "b497dbd6bd1a4c998891b00d2493a1bb" member_type: VOTER last_known_addr { host: "ip-172-31-12-168" port: 31202 } } peers { permanent_uuid: "6f1af300e1d549d6b1cdd8bf3b9aeb9c" member_type: VOTER last_known_addr { host: "ip-172-31-12-168" port: 31201 } }
I0727 05:19:15.234860 114371 leader_election.cc:217] T 9f5c7e4fbc6b46a79e5737d618cb7600 P 6f1af300e1d549d6b1cdd8bf3b9aeb9c [CANDIDATE]: Term 1 pre-election: Requesting pre-vote from peer 3a3c735705964e1badb66c37a66a9096
I0727 05:19:15.234882 114371 leader_election.cc:217] T 9f5c7e4fbc6b46a79e5737d618cb7600 P 6f1af300e1d549d6b1cdd8bf3b9aeb9c [CANDIDATE]: Term 1 pre-election: Requesting pre-vote from peer b497dbd6bd1a4c998891b00d2493a1bb
I0727 05:19:15.234966 21008 raft_consensus.cc:2419] T 6edda1f938eb4a1da73329607255049a P 6f1af300e1d549d6b1cdd8bf3b9aeb9c [term 0 FOLLOWER]: Advancing to term 1
I0727 05:19:15.234984 21008 raft_consensus.cc:2372] T 6edda1f938eb4a1da73329607255049a P 6f1af300e1d549d6b1cdd8bf3b9aeb9c: Snoozing failure detection for election timeout plus an additional 1.605s
I0727 05:19:15.235000 20833 leader_election.cc:349] T 9f5c7e4fbc6b46a79e5737d618cb7600 P 6f1af300e1d549d6b1cdd8bf3b9aeb9c [CANDIDATE]: Term 1 pre-election: Vote granted by peer 3a3c735705964e1badb66c37a66a9096
I0727 05:19:15.235011 20833 leader_election.cc:244] T 9f5c7e4fbc6b46a79e5737d618cb7600 P 6f1af300e1d549d6b1cdd8bf3b9aeb9c [CANDIDATE]: Term 1 pre-election: Election decided. Result: candidate won.
I0727 05:19:15.235034 112899 raft_consensus.cc:2372] T 9f5c7e4fbc6b46a79e5737d618cb7600 P 6f1af300e1d549d6b1cdd8bf3b9aeb9c: Snoozing failure detection for election timeout plus an additional 1.784s
I0727 05:19:15.235047 112899 raft_consensus.cc:2176] T 9f5c7e4fbc6b46a79e5737d618cb7600 P 6f1af300e1d549d6b1cdd8bf3b9aeb9c [term 0 FOLLOWER]: Leader pre-election won for term 1
I0727 05:19:15.235051 112899 raft_consensus.cc:411] T 9f5c7e4fbc6b46a79e5737d618cb7600 P 6f1af300e1d549d6b1cdd8bf3b9aeb9c [term 0 FOLLOWER]: Starting leader election (no leader contacted us within the election timeout)
I0727 05:19:15.235059 112899 raft_consensus.cc:2372] T 9f5c7e4fbc6b46a79e5737d618cb7600 P 6f1af300e1d549d6b1cdd8bf3b9aeb9c: Snoozing failure detection for election timeout plus an additional 1.568s
I0727 05:19:15.235067 112899 raft_consensus.cc:2419] T 9f5c7e4fbc6b46a79e5737d618cb7600 P 6f1af300e1d549d6b1cdd8bf3b9aeb9c [term 0 FOLLOWER]: Advancing to term 1
I0727 05:19:15.235067 20829 leader_election.cc:349] T 9f5c7e4fbc6b46a79e5737d618cb7600 P 6f1af300e1d549d6b1cdd8bf3b9aeb9c [CANDIDATE]: Term 1 pre-election: Vote granted by peer b497dbd6bd1a4c998891b00d2493a1bb
I0727 05:19:15.235291 21008 raft_consensus.cc:1943] T 6edda1f938eb4a1da73329607255049a P 6f1af300e1d549d6b1cdd8bf3b9aeb9c [term 1 FOLLOWER]: Leader election vote request: Granting yes vote for candidate 3a3c735705964e1badb66c37a66a9096 in term 1.
I0727 05:19:15.235401 112899 raft_consensus.cc:435] T 9f5c7e4fbc6b46a79e5737d618cb7600 P 6f1af300e1d549d6b1cdd8bf3b9aeb9c [term 1 FOLLOWER]: Starting leader election with config: opid_index: -1 OBSOLETE_local: false peers { permanent_uuid: "3a3c735705964e1badb66c37a66a9096" member_type: VOTER last_known_addr { host: "ip-172-31-12-168" port: 31200 } } peers { permanent_uuid: "b497dbd6bd1a4c998891b00d2493a1bb" member_type: VOTER last_known_addr { host: "ip-172-31-12-168" port: 31202 } } peers { permanent_uuid: "6f1af300e1d549d6b1cdd8bf3b9aeb9c" member_type: VOTER last_known_addr { host: "ip-172-31-12-168" port: 31201 } }
I0727 05:19:15.235535 112899 leader_election.cc:217] T 9f5c7e4fbc6b46a79e5737d618cb7600 P 6f1af300e1d549d6b1cdd8bf3b9aeb9c [CANDIDATE]: Term 1 election: Requesting vote from peer 3a3c735705964e1badb66c37a66a9096
I0727 05:19:15.235556 112899 leader_election.cc:217] T 9f5c7e4fbc6b46a79e5737d618cb7600 P 6f1af300e1d549d6b1cdd8bf3b9aeb9c [CANDIDATE]: Term 1 election: Requesting vote from peer b497dbd6bd1a4c998891b00d2493a1bb
I0727 05:19:15.235965 20833 leader_election.cc:349] T 9f5c7e4fbc6b46a79e5737d618cb7600 P 6f1af300e1d549d6b1cdd8bf3b9aeb9c [CANDIDATE]: Term 1 election: Vote granted by peer 3a3c735705964e1badb66c37a66a9096
I0727 05:19:15.235982 20833 leader_election.cc:244] T 9f5c7e4fbc6b46a79e5737d618cb7600 P 6f1af300e1d549d6b1cdd8bf3b9aeb9c [CANDIDATE]: Term 1 election: Election decided. Result: candidate won.
I0727 05:19:15.235993 20829 leader_election.cc:349] T 9f5c7e4fbc6b46a79e5737d618cb7600 P 6f1af300e1d549d6b1cdd8bf3b9aeb9c [CANDIDATE]: Term 1 election: Vote granted by peer b497dbd6bd1a4c998891b00d2493a1bb
I0727 05:19:15.236013 50038 raft_consensus.cc:2372] T 9f5c7e4fbc6b46a79e5737d618cb7600 P 6f1af300e1d549d6b1cdd8bf3b9aeb9c: Snoozing failure detection for election timeout plus an additional 1.638s
I0727 05:19:15.236023 50038 raft_consensus.cc:2176] T 9f5c7e4fbc6b46a79e5737d618cb7600 P 6f1af300e1d549d6b1cdd8bf3b9aeb9c [term 1 FOLLOWER]: Leader election won for term 1
I0727 05:19:15.236034 50038 raft_consensus.cc:528] T 9f5c7e4fbc6b46a79e5737d618cb7600 P 6f1af300e1d549d6b1cdd8bf3b9aeb9c [term 1 LEADER]: Becoming Leader. State: Replica: 6f1af300e1d549d6b1cdd8bf3b9aeb9c, State: Running, Role: LEADER
I0727 05:19:15.236062 50038 consensus_queue.cc:165] T 9f5c7e4fbc6b46a79e5737d618cb7600 P 6f1af300e1d549d6b1cdd8bf3b9aeb9c [LEADER]: Queue going to LEADER mode. State: All replicated index: 0, Majority replicated index: 0, Committed index: 0, Last appended: 0.0, Last appended by leader: 0, Current term: 1, Majority size: 2, State: 1, Mode: LEADER, active raft config: opid_index: -1 OBSOLETE_local: false peers { permanent_uuid: "3a3c735705964e1badb66c37a66a9096" member_type: VOTER last_known_addr { host: "ip-172-31-12-168" port: 31200 } } peers { permanent_uuid: "b497dbd6bd1a4c998891b00d2493a1bb" member_type: VOTER last_known_addr { host: "ip-172-31-12-168" port: 31202 } } peers { permanent_uuid: "6f1af300e1d549d6b1cdd8bf3b9aeb9c" member_type: VOTER last_known_addr { host: "ip-172-31-12-168" port: 31201 } }
I0727 05:19:15.242549 114376 raft_consensus.cc:411] T 94cb3f1df1dc40e2bf7926a44db84639 P 6f1af300e1d549d6b1cdd8bf3b9aeb9c [term 0 FOLLOWER]: Starting pre-election (no leader contacted us within the election timeout)
I0727 05:19:15.242565 114376 raft_consensus.cc:2372] T 94cb3f1df1dc40e2bf7926a44db84639 P 6f1af300e1d549d6b1cdd8bf3b9aeb9c: Snoozing failure detection for election timeout plus an additional 1.975s
I0727 05:19:15.242591 114376 raft_consensus.cc:435] T 94cb3f1df1dc40e2bf7926a44db84639 P 6f1af300e1d549d6b1cdd8bf3b9aeb9c [term 0 FOLLOWER]: Starting pre-election with config: opid_index: -1 OBSOLETE_local: false peers { permanent_uuid: "b497dbd6bd1a4c998891b00d2493a1bb" member_type: VOTER last_known_addr { host: "ip-172-31-12-168" port: 31202 } } peers { permanent_uuid: "3a3c735705964e1badb66c37a66a9096" member_type: VOTER last_known_addr { host: "ip-172-31-12-168" port: 31200 } } peers { permanent_uuid: "6f1af300e1d549d6b1cdd8bf3b9aeb9c" member_type: VOTER last_known_addr { host: "ip-172-31-12-168" port: 31201 } }
I0727 05:19:15.242702 114376 leader_election.cc:217] T 94cb3f1df1dc40e2bf7926a44db84639 P 6f1af300e1d549d6b1cdd8bf3b9aeb9c [CANDIDATE]: Term 1 pre-election: Requesting pre-vote from peer b497dbd6bd1a4c998891b00d2493a1bb
I0727 05:19:15.242722 114376 leader_election.cc:217] T 94cb3f1df1dc40e2bf7926a44db84639 P 6f1af300e1d549d6b1cdd8bf3b9aeb9c [CANDIDATE]: Term 1 pre-election: Requesting pre-vote from peer 3a3c735705964e1badb66c37a66a9096
I0727 05:19:15.242853 20829 leader_election.cc:349] T 94cb3f1df1dc40e2bf7926a44db84639 P 6f1af300e1d549d6b1cdd8bf3b9aeb9c [CANDIDATE]: Term 1 pre-election: Vote granted by peer b497dbd6bd1a4c998891b00d2493a1bb
I0727 05:19:15.242864 20829 leader_election.cc:244] T 94cb3f1df1dc40e2bf7926a44db84639 P 6f1af300e1d549d6b1cdd8bf3b9aeb9c [CANDIDATE]: Term 1 pre-election: Election decided. Result: candidate won.
I0727 05:19:15.242872 20833 leader_election.cc:349] T 94cb3f1df1dc40e2bf7926a44db84639 P 6f1af300e1d549d6b1cdd8bf3b9aeb9c [CANDIDATE]: Term 1 pre-election: Vote granted by peer 3a3c735705964e1badb66c37a66a9096
I0727 05:19:15.242889 112902 raft_consensus.cc:2372] T 94cb3f1df1dc40e2bf7926a44db84639 P 6f1af300e1d549d6b1cdd8bf3b9aeb9c: Snoozing failure detection for election timeout plus an additional 1.842s
I0727 05:19:15.242902 112902 raft_consensus.cc:2176] T 94cb3f1df1dc40e2bf7926a44db84639 P 6f1af300e1d549d6b1cdd8bf3b9aeb9c [term 0 FOLLOWER]: Leader pre-election won for term 1
I0727 05:19:15.242909 112902 raft_consensus.cc:411] T 94cb3f1df1dc40e2bf7926a44db84639 P 6f1af300e1d549d6b1cdd8bf3b9aeb9c [term 0 FOLLOWER]: Starting leader election (no leader contacted us within the election timeout)
I0727 05:19:15.242913 112902 raft_consensus.cc:2372] T 94cb3f1df1dc40e2bf7926a44db84639 P 6f1af300e1d549d6b1cdd8bf3b9aeb9c: Snoozing failure detection for election timeout plus an additional 2.151s
I0727 05:19:15.242919 112902 raft_consensus.cc:2419] T 94cb3f1df1dc40e2bf7926a44db84639 P 6f1af300e1d549d6b1cdd8bf3b9aeb9c [term 0 FOLLOWER]: Advancing to term 1
I0727 05:19:15.243203 112902 raft_consensus.cc:435] T 94cb3f1df1dc40e2bf7926a44db84639 P 6f1af300e1d549d6b1cdd8bf3b9aeb9c [term 1 FOLLOWER]: Starting leader election with config: opid_index: -1 OBSOLETE_local: false peers { permanent_uuid: "b497dbd6bd1a4c998891b00d2493a1bb" member_type: VOTER last_known_addr { host: "ip-172-31-12-168" port: 31202 } } peers { permanent_uuid: "3a3c735705964e1badb66c37a66a9096" member_type: VOTER last_known_addr { host: "ip-172-31-12-168" port: 31200 } } peers { permanent_uuid: "6f1af300e1d549d6b1cdd8bf3b9aeb9c" member_type: VOTER last_known_addr { host: "ip-172-31-12-168" port: 31201 } }
I0727 05:19:15.243324 112902 leader_election.cc:217] T 94cb3f1df1dc40e2bf7926a44db84639 P 6f1af300e1d549d6b1cdd8bf3b9aeb9c [CANDIDATE]: Term 1 election: Requesting vote from peer b497dbd6bd1a4c998891b00d2493a1bb
I0727 05:19:15.243343 112902 leader_election.cc:217] T 94cb3f1df1dc40e2bf7926a44db84639 P 6f1af300e1d549d6b1cdd8bf3b9aeb9c [CANDIDATE]: Term 1 election: Requesting vote from peer 3a3c735705964e1badb66c37a66a9096
I0727 05:19:15.243685 20829 leader_election.cc:349] T 94cb3f1df1dc40e2bf7926a44db84639 P 6f1af300e1d549d6b1cdd8bf3b9aeb9c [CANDIDATE]: Term 1 election: Vote granted by peer b497dbd6bd1a4c998891b00d2493a1bb
I0727 05:19:15.243695 20829 leader_election.cc:244] T 94cb3f1df1dc40e2bf7926a44db84639 P 6f1af300e1d549d6b1cdd8bf3b9aeb9c [CANDIDATE]: Term 1 election: Election decided. Result: candidate won.
I0727 05:19:15.243721 112899 raft_consensus.cc:2372] T 94cb3f1df1dc40e2bf7926a44db84639 P 6f1af300e1d549d6b1cdd8bf3b9aeb9c: Snoozing failure detection for election timeout plus an additional 2.158s
I0727 05:19:15.243734 112899 raft_consensus.cc:2176] T 94cb3f1df1dc40e2bf7926a44db84639 P 6f1af300e1d549d6b1cdd8bf3b9aeb9c [term 1 FOLLOWER]: Leader election won for term 1
I0727 05:19:15.243749 112899 raft_consensus.cc:528] T 94cb3f1df1dc40e2bf7926a44db84639 P 6f1af300e1d549d6b1cdd8bf3b9aeb9c [term 1 LEADER]: Becoming Leader. State: Replica: 6f1af300e1d549d6b1cdd8bf3b9aeb9c, State: Running, Role: LEADER
I0727 05:19:15.243769 112899 consensus_queue.cc:165] T 94cb3f1df1dc40e2bf7926a44db84639 P 6f1af300e1d549d6b1cdd8bf3b9aeb9c [LEADER]: Queue going to LEADER mode. State: All replicated index: 0, Majority replicated index: 0, Committed index: 0, Last appended: 0.0, Last appended by leader: 0, Current term: 1, Majority size: 2, State: 1, Mode: LEADER, active raft config: opid_index: -1 OBSOLETE_local: false peers { permanent_uuid: "b497dbd6bd1a4c998891b00d2493a1bb" member_type: VOTER last_known_addr { host: "ip-172-31-12-168" port: 31202 } } peers { permanent_uuid: "3a3c735705964e1badb66c37a66a9096" member_type: VOTER last_known_addr { host: "ip-172-31-12-168" port: 31200 } } peers { permanent_uuid: "6f1af300e1d549d6b1cdd8bf3b9aeb9c" member_type: VOTER last_known_addr { host: "ip-172-31-12-168" port: 31201 } }
I0727 05:19:15.243773 20833 leader_election.cc:349] T 94cb3f1df1dc40e2bf7926a44db84639 P 6f1af300e1d549d6b1cdd8bf3b9aeb9c [CANDIDATE]: Term 1 election: Vote granted by peer 3a3c735705964e1badb66c37a66a9096
I0727 05:19:15.312033 21008 raft_consensus.cc:2372] T 34be0a7b01f64d87bf6b25a5f395553a P 6f1af300e1d549d6b1cdd8bf3b9aeb9c: Snoozing failure detection for election timeout plus an additional 1.962s
I0727 05:19:15.312047 21008 raft_consensus.cc:1943] T 34be0a7b01f64d87bf6b25a5f395553a P 6f1af300e1d549d6b1cdd8bf3b9aeb9c [term 0 FOLLOWER]: Leader pre-election vote request: Granting yes vote for candidate 3a3c735705964e1badb66c37a66a9096 in term 0.
I0727 05:19:15.312605 21008 raft_consensus.cc:2419] T 34be0a7b01f64d87bf6b25a5f395553a P 6f1af300e1d549d6b1cdd8bf3b9aeb9c [term 0 FOLLOWER]: Advancing to term 1
I0727 05:19:15.312623 21008 raft_consensus.cc:2372] T 34be0a7b01f64d87bf6b25a5f395553a P 6f1af300e1d549d6b1cdd8bf3b9aeb9c: Snoozing failure detection for election timeout plus an additional 2.236s
I0727 05:19:15.312853 21008 raft_consensus.cc:1943] T 34be0a7b01f64d87bf6b25a5f395553a P 6f1af300e1d549d6b1cdd8bf3b9aeb9c [term 1 FOLLOWER]: Leader election vote request: Granting yes vote for candidate 3a3c735705964e1badb66c37a66a9096 in term 1.
I0727 05:19:15.405218 114388 raft_consensus.cc:411] T ada7c413be4941979ed4e6cb659de772 P 6f1af300e1d549d6b1cdd8bf3b9aeb9c [term 0 FOLLOWER]: Starting pre-election (no leader contacted us within the election timeout)
I0727 05:19:15.405238 114388 raft_consensus.cc:2372] T ada7c413be4941979ed4e6cb659de772 P 6f1af300e1d549d6b1cdd8bf3b9aeb9c: Snoozing failure detection for election timeout plus an additional 2.086s
I0727 05:19:15.405261 114388 raft_consensus.cc:435] T ada7c413be4941979ed4e6cb659de772 P 6f1af300e1d549d6b1cdd8bf3b9aeb9c [term 0 FOLLOWER]: Starting pre-election with config: opid_index: -1 OBSOLETE_local: false peers { permanent_uuid: "b497dbd6bd1a4c998891b00d2493a1bb" member_type: VOTER last_known_addr { host: "ip-172-31-12-168" port: 31202 } } peers { permanent_uuid: "3a3c735705964e1badb66c37a66a9096" member_type: VOTER last_known_addr { host: "ip-172-31-12-168" port: 31200 } } peers { permanent_uuid: "6f1af300e1d549d6b1cdd8bf3b9aeb9c" member_type: VOTER last_known_addr { host: "ip-172-31-12-168" port: 31201 } }
I0727 05:19:15.405381 114388 leader_election.cc:217] T ada7c413be4941979ed4e6cb659de772 P 6f1af300e1d549d6b1cdd8bf3b9aeb9c [CANDIDATE]: Term 1 pre-election: Requesting pre-vote from peer b497dbd6bd1a4c998891b00d2493a1bb
I0727 05:19:15.405403 114388 leader_election.cc:217] T ada7c413be4941979ed4e6cb659de772 P 6f1af300e1d549d6b1cdd8bf3b9aeb9c [CANDIDATE]: Term 1 pre-election: Requesting pre-vote from peer 3a3c735705964e1badb66c37a66a9096
I0727 05:19:15.405534 20829 leader_election.cc:349] T ada7c413be4941979ed4e6cb659de772 P 6f1af300e1d549d6b1cdd8bf3b9aeb9c [CANDIDATE]: Term 1 pre-election: Vote granted by peer b497dbd6bd1a4c998891b00d2493a1bb
I0727 05:19:15.405551 20829 leader_election.cc:244] T ada7c413be4941979ed4e6cb659de772 P 6f1af300e1d549d6b1cdd8bf3b9aeb9c [CANDIDATE]: Term 1 pre-election: Election decided. Result: candidate won.
I0727 05:19:15.405560 20833 leader_election.cc:349] T ada7c413be4941979ed4e6cb659de772 P 6f1af300e1d549d6b1cdd8bf3b9aeb9c [CANDIDATE]: Term 1 pre-election: Vote granted by peer 3a3c735705964e1badb66c37a66a9096
I0727 05:19:15.405577 50038 raft_consensus.cc:2372] T ada7c413be4941979ed4e6cb659de772 P 6f1af300e1d549d6b1cdd8bf3b9aeb9c: Snoozing failure detection for election timeout plus an additional 1.798s
I0727 05:19:15.405591 50038 raft_consensus.cc:2176] T ada7c413be4941979ed4e6cb659de772 P 6f1af300e1d549d6b1cdd8bf3b9aeb9c [term 0 FOLLOWER]: Leader pre-election won for term 1
I0727 05:19:15.405593 50038 raft_consensus.cc:411] T ada7c413be4941979ed4e6cb659de772 P 6f1af300e1d549d6b1cdd8bf3b9aeb9c [term 0 FOLLOWER]: Starting leader election (no leader contacted us within the election timeout)
I0727 05:19:15.405601 50038 raft_consensus.cc:2372] T ada7c413be4941979ed4e6cb659de772 P 6f1af300e1d549d6b1cdd8bf3b9aeb9c: Snoozing failure detection for election timeout plus an additional 1.806s
I0727 05:19:15.405603 50038 raft_consensus.cc:2419] T ada7c413be4941979ed4e6cb659de772 P 6f1af300e1d549d6b1cdd8bf3b9aeb9c [term 0 FOLLOWER]: Advancing to term 1
I0727 05:19:15.405854 50038 raft_consensus.cc:435] T ada7c413be4941979ed4e6cb659de772 P 6f1af300e1d549d6b1cdd8bf3b9aeb9c [term 1 FOLLOWER]: Starting leader election with config: opid_index: -1 OBSOLETE_local: false peers { permanent_uuid: "b497dbd6bd1a4c998891b00d2493a1bb" member_type: VOTER last_known_addr { host: "ip-172-31-12-168" port: 31202 } } peers { permanent_uuid: "3a3c735705964e1badb66c37a66a9096" member_type: VOTER last_known_addr { host: "ip-172-31-12-168" port: 31200 } } peers { permanent_uuid: "6f1af300e1d549d6b1cdd8bf3b9aeb9c" member_type: VOTER last_known_addr { host: "ip-172-31-12-168" port: 31201 } }
I0727 05:19:15.405959 50038 leader_election.cc:217] T ada7c413be4941979ed4e6cb659de772 P 6f1af300e1d549d6b1cdd8bf3b9aeb9c [CANDIDATE]: Term 1 election: Requesting vote from peer b497dbd6bd1a4c998891b00d2493a1bb
I0727 05:19:15.405978 50038 leader_election.cc:217] T ada7c413be4941979ed4e6cb659de772 P 6f1af300e1d549d6b1cdd8bf3b9aeb9c [CANDIDATE]: Term 1 election: Requesting vote from peer 3a3c735705964e1badb66c37a66a9096
I0727 05:19:15.406317 20829 leader_election.cc:349] T ada7c413be4941979ed4e6cb659de772 P 6f1af300e1d549d6b1cdd8bf3b9aeb9c [CANDIDATE]: Term 1 election: Vote granted by peer b497dbd6bd1a4c998891b00d2493a1bb
I0727 05:19:15.406327 20829 leader_election.cc:244] T ada7c413be4941979ed4e6cb659de772 P 6f1af300e1d549d6b1cdd8bf3b9aeb9c [CANDIDATE]: Term 1 election: Election decided. Result: candidate won.
I0727 05:19:15.406344 20833 leader_election.cc:349] T ada7c413be4941979ed4e6cb659de772 P 6f1af300e1d549d6b1cdd8bf3b9aeb9c [CANDIDATE]: Term 1 election: Vote granted by peer 3a3c735705964e1badb66c37a66a9096
I0727 05:19:15.406352 50051 raft_consensus.cc:2372] T ada7c413be4941979ed4e6cb659de772 P 6f1af300e1d549d6b1cdd8bf3b9aeb9c: Snoozing failure detection for election timeout plus an additional 2.048s
I0727 05:19:15.406359 50051 raft_consensus.cc:2176] T ada7c413be4941979ed4e6cb659de772 P 6f1af300e1d549d6b1cdd8bf3b9aeb9c [term 1 FOLLOWER]: Leader election won for term 1
I0727 05:19:15.406373 50051 raft_consensus.cc:528] T ada7c413be4941979ed4e6cb659de772 P 6f1af300e1d549d6b1cdd8bf3b9aeb9c [term 1 LEADER]: Becoming Leader. State: Replica: 6f1af300e1d549d6b1cdd8bf3b9aeb9c, State: Running, Role: LEADER
I0727 05:19:15.406399 50051 consensus_queue.cc:165] T ada7c413be4941979ed4e6cb659de772 P 6f1af300e1d549d6b1cdd8bf3b9aeb9c [LEADER]: Queue going to LEADER mode. State: All replicated index: 0, Majority replicated index: 0, Committed index: 0, Last appended: 0.0, Last appended by leader: 0, Current term: 1, Majority size: 2, State: 1, Mode: LEADER, active raft config: opid_index: -1 OBSOLETE_local: false peers { permanent_uuid: "b497dbd6bd1a4c998891b00d2493a1bb" member_type: VOTER last_known_addr { host: "ip-172-31-12-168" port: 31202 } } peers { permanent_uuid: "3a3c735705964e1badb66c37a66a9096" member_type: VOTER last_known_addr { host: "ip-172-31-12-168" port: 31200 } } peers { permanent_uuid: "6f1af300e1d549d6b1cdd8bf3b9aeb9c" member_type: VOTER last_known_addr { host: "ip-172-31-12-168" port: 31201 } }
I0727 05:19:15.429060 114394 raft_consensus.cc:411] T cfa015679dcd4564a5dc3c730eaa211e P 6f1af300e1d549d6b1cdd8bf3b9aeb9c [term 0 FOLLOWER]: Starting pre-election (no leader contacted us within the election timeout)
I0727 05:19:15.429078 114394 raft_consensus.cc:2372] T cfa015679dcd4564a5dc3c730eaa211e P 6f1af300e1d549d6b1cdd8bf3b9aeb9c: Snoozing failure detection for election timeout plus an additional 2.000s
I0727 05:19:15.429100 114394 raft_consensus.cc:435] T cfa015679dcd4564a5dc3c730eaa211e P 6f1af300e1d549d6b1cdd8bf3b9aeb9c [term 0 FOLLOWER]: Starting pre-election with config: opid_index: -1 OBSOLETE_local: false peers { permanent_uuid: "b497dbd6bd1a4c998891b00d2493a1bb" member_type: VOTER last_known_addr { host: "ip-172-31-12-168" port: 31202 } } peers { permanent_uuid: "3a3c735705964e1badb66c37a66a9096" member_type: VOTER last_known_addr { host: "ip-172-31-12-168" port: 31200 } } peers { permanent_uuid: "6f1af300e1d549d6b1cdd8bf3b9aeb9c" member_type: VOTER last_known_addr { host: "ip-172-31-12-168" port: 31201 } }
I0727 05:19:15.429240 114394 leader_election.cc:217] T cfa015679dcd4564a5dc3c730eaa211e P 6f1af300e1d549d6b1cdd8bf3b9aeb9c [CANDIDATE]: Term 1 pre-election: Requesting pre-vote from peer b497dbd6bd1a4c998891b00d2493a1bb
I0727 05:19:15.429261 114394 leader_election.cc:217] T cfa015679dcd4564a5dc3c730eaa211e P 6f1af300e1d549d6b1cdd8bf3b9aeb9c [CANDIDATE]: Term 1 pre-election: Requesting pre-vote from peer 3a3c735705964e1badb66c37a66a9096
I0727 05:19:15.429378 20829 leader_election.cc:349] T cfa015679dcd4564a5dc3c730eaa211e P 6f1af300e1d549d6b1cdd8bf3b9aeb9c [CANDIDATE]: Term 1 pre-election: Vote granted by peer b497dbd6bd1a4c998891b00d2493a1bb
I0727 05:19:15.429394 20829 leader_election.cc:244] T cfa015679dcd4564a5dc3c730eaa211e P 6f1af300e1d549d6b1cdd8bf3b9aeb9c [CANDIDATE]: Term 1 pre-election: Election decided. Result: candidate won.
I0727 05:19:15.429402 20833 leader_election.cc:349] T cfa015679dcd4564a5dc3c730eaa211e P 6f1af300e1d549d6b1cdd8bf3b9aeb9c [CANDIDATE]: Term 1 pre-election: Vote granted by peer 3a3c735705964e1badb66c37a66a9096
I0727 05:19:15.429419 112902 raft_consensus.cc:2372] T cfa015679dcd4564a5dc3c730eaa211e P 6f1af300e1d549d6b1cdd8bf3b9aeb9c: Snoozing failure detection for election timeout plus an additional 1.539s
I0727 05:19:15.429432 112902 raft_consensus.cc:2176] T cfa015679dcd4564a5dc3c730eaa211e P 6f1af300e1d549d6b1cdd8bf3b9aeb9c [term 0 FOLLOWER]: Leader pre-election won for term 1
I0727 05:19:15.429435 112902 raft_consensus.cc:411] T cfa015679dcd4564a5dc3c730eaa211e P 6f1af300e1d549d6b1cdd8bf3b9aeb9c [term 0 FOLLOWER]: Starting leader election (no leader contacted us within the election timeout)
I0727 05:19:15.429440 112902 raft_consensus.cc:2372] T cfa015679dcd4564a5dc3c730eaa211e P 6f1af300e1d549d6b1cdd8bf3b9aeb9c: Snoozing failure detection for election timeout plus an additional 2.145s
I0727 05:19:15.429445 112902 raft_consensus.cc:2419] T cfa015679dcd4564a5dc3c730eaa211e P 6f1af300e1d549d6b1cdd8bf3b9aeb9c [term 0 FOLLOWER]: Advancing to term 1
I0727 05:19:15.429693 112902 raft_consensus.cc:435] T cfa015679dcd4564a5dc3c730eaa211e P 6f1af300e1d549d6b1cdd8bf3b9aeb9c [term 1 FOLLOWER]: Starting leader election with config: opid_index: -1 OBSOLETE_local: false peers { permanent_uuid: "b497dbd6bd1a4c998891b00d2493a1bb" member_type: VOTER last_known_addr { host: "ip-172-31-12-168" port: 31202 } } peers { permanent_uuid: "3a3c735705964e1badb66c37a66a9096" member_type: VOTER last_known_addr { host: "ip-172-31-12-168" port: 31200 } } peers { permanent_uuid: "6f1af300e1d549d6b1cdd8bf3b9aeb9c" member_type: VOTER last_known_addr { host: "ip-172-31-12-168" port: 31201 } }
I0727 05:19:15.429796 112902 leader_election.cc:217] T cfa015679dcd4564a5dc3c730eaa211e P 6f1af300e1d549d6b1cdd8bf3b9aeb9c [CANDIDATE]: Term 1 election: Requesting vote from peer b497dbd6bd1a4c998891b00d2493a1bb
I0727 05:19:15.429816 112902 leader_election.cc:217] T cfa015679dcd4564a5dc3c730eaa211e P 6f1af300e1d549d6b1cdd8bf3b9aeb9c [CANDIDATE]: Term 1 election: Requesting vote from peer 3a3c735705964e1badb66c37a66a9096
I0727 05:19:15.430137 20829 leader_election.cc:349] T cfa015679dcd4564a5dc3c730eaa211e P 6f1af300e1d549d6b1cdd8bf3b9aeb9c [CANDIDATE]: Term 1 election: Vote granted by peer b497dbd6bd1a4c998891b00d2493a1bb
I0727 05:19:15.430148 20829 leader_election.cc:244] T cfa015679dcd4564a5dc3c730eaa211e P 6f1af300e1d549d6b1cdd8bf3b9aeb9c [CANDIDATE]: Term 1 election: Election decided. Result: candidate won.
I0727 05:19:15.430171 20833 leader_election.cc:349] T cfa015679dcd4564a5dc3c730eaa211e P 6f1af300e1d549d6b1cdd8bf3b9aeb9c [CANDIDATE]: Term 1 election: Vote granted by peer 3a3c735705964e1badb66c37a66a9096
I0727 05:19:15.430174 52237 raft_consensus.cc:2372] T cfa015679dcd4564a5dc3c730eaa211e P 6f1af300e1d549d6b1cdd8bf3b9aeb9c: Snoozing failure detection for election timeout plus an additional 2.159s
I0727 05:19:15.430208 52237 raft_consensus.cc:2176] T cfa015679dcd4564a5dc3c730eaa211e P 6f1af300e1d549d6b1cdd8bf3b9aeb9c [term 1 FOLLOWER]: Leader election won for term 1
I0727 05:19:15.430222 52237 raft_consensus.cc:528] T cfa015679dcd4564a5dc3c730eaa211e P 6f1af300e1d549d6b1cdd8bf3b9aeb9c [term 1 LEADER]: Becoming Leader. State: Replica: 6f1af300e1d549d6b1cdd8bf3b9aeb9c, State: Running, Role: LEADER
I0727 05:19:15.430248 52237 consensus_queue.cc:165] T cfa015679dcd4564a5dc3c730eaa211e P 6f1af300e1d549d6b1cdd8bf3b9aeb9c [LEADER]: Queue going to LEADER mode. State: All replicated index: 0, Majority replicated index: 0, Committed index: 0, Last appended: 0.0, Last appended by leader: 0, Current term: 1, Majority size: 2, State: 1, Mode: LEADER, active raft config: opid_index: -1 OBSOLETE_local: false peers { permanent_uuid: "b497dbd6bd1a4c998891b00d2493a1bb" member_type: VOTER last_known_addr { host: "ip-172-31-12-168" port: 31202 } } peers { permanent_uuid: "3a3c735705964e1badb66c37a66a9096" member_type: VOTER last_known_addr { host: "ip-172-31-12-168" port: 31200 } } peers { permanent_uuid: "6f1af300e1d549d6b1cdd8bf3b9aeb9c" member_type: VOTER last_known_addr { host: "ip-172-31-12-168" port: 31201 } }
I0727 05:19:15.478924 114400 raft_consensus.cc:411] T ce2665a886f844b7ae48ad254c99ef4c P 6f1af300e1d549d6b1cdd8bf3b9aeb9c [term 0 FOLLOWER]: Starting pre-election (no leader contacted us within the election timeout)
I0727 05:19:15.478950 114400 raft_consensus.cc:2372] T ce2665a886f844b7ae48ad254c99ef4c P 6f1af300e1d549d6b1cdd8bf3b9aeb9c: Snoozing failure detection for election timeout plus an additional 1.666s
I0727 05:19:15.478978 114400 raft_consensus.cc:435] T ce2665a886f844b7ae48ad254c99ef4c P 6f1af300e1d549d6b1cdd8bf3b9aeb9c [term 0 FOLLOWER]: Starting pre-election with config: opid_index: -1 OBSOLETE_local: false peers { permanent_uuid: "3a3c735705964e1badb66c37a66a9096" member_type: VOTER last_known_addr { host: "ip-172-31-12-168" port: 31200 } } peers { permanent_uuid: "b497dbd6bd1a4c998891b00d2493a1bb" member_type: VOTER last_known_addr { host: "ip-172-31-12-168" port: 31202 } } peers { permanent_uuid: "6f1af300e1d549d6b1cdd8bf3b9aeb9c" member_type: VOTER last_known_addr { host: "ip-172-31-12-168" port: 31201 } }
I0727 05:19:15.479115 114400 leader_election.cc:217] T ce2665a886f844b7ae48ad254c99ef4c P 6f1af300e1d549d6b1cdd8bf3b9aeb9c [CANDIDATE]: Term 1 pre-election: Requesting pre-vote from peer 3a3c735705964e1badb66c37a66a9096
I0727 05:19:15.479135 114400 leader_election.cc:217] T ce2665a886f844b7ae48ad254c99ef4c P 6f1af300e1d549d6b1cdd8bf3b9aeb9c [CANDIDATE]: Term 1 pre-election: Requesting pre-vote from peer b497dbd6bd1a4c998891b00d2493a1bb
I0727 05:19:15.479277 20833 leader_election.cc:349] T ce2665a886f844b7ae48ad254c99ef4c P 6f1af300e1d549d6b1cdd8bf3b9aeb9c [CANDIDATE]: Term 1 pre-election: Vote granted by peer 3a3c735705964e1badb66c37a66a9096
I0727 05:19:15.479293 20833 leader_election.cc:244] T ce2665a886f844b7ae48ad254c99ef4c P 6f1af300e1d549d6b1cdd8bf3b9aeb9c [CANDIDATE]: Term 1 pre-election: Election decided. Result: candidate won.
I0727 05:19:15.479307 20829 leader_election.cc:349] T ce2665a886f844b7ae48ad254c99ef4c P 6f1af300e1d549d6b1cdd8bf3b9aeb9c [CANDIDATE]: Term 1 pre-election: Vote granted by peer b497dbd6bd1a4c998891b00d2493a1bb
I0727 05:19:15.479334 50051 raft_consensus.cc:2372] T ce2665a886f844b7ae48ad254c99ef4c P 6f1af300e1d549d6b1cdd8bf3b9aeb9c: Snoozing failure detection for election timeout plus an additional 2.038s
I0727 05:19:15.479346 50051 raft_consensus.cc:2176] T ce2665a886f844b7ae48ad254c99ef4c P 6f1af300e1d549d6b1cdd8bf3b9aeb9c [term 0 FOLLOWER]: Leader pre-election won for term 1
I0727 05:19:15.479351 50051 raft_consensus.cc:411] T ce2665a886f844b7ae48ad254c99ef4c P 6f1af300e1d549d6b1cdd8bf3b9aeb9c [term 0 FOLLOWER]: Starting leader election (no leader contacted us within the election timeout)
I0727 05:19:15.479356 50051 raft_consensus.cc:2372] T ce2665a886f844b7ae48ad254c99ef4c P 6f1af300e1d549d6b1cdd8bf3b9aeb9c: Snoozing failure detection for election timeout plus an additional 2.071s
I0727 05:19:15.479357 50051 raft_consensus.cc:2419] T ce2665a886f844b7ae48ad254c99ef4c P 6f1af300e1d549d6b1cdd8bf3b9aeb9c [term 0 FOLLOWER]: Advancing to term 1
I0727 05:19:15.479671 50051 raft_consensus.cc:435] T ce2665a886f844b7ae48ad254c99ef4c P 6f1af300e1d549d6b1cdd8bf3b9aeb9c [term 1 FOLLOWER]: Starting leader election with config: opid_index: -1 OBSOLETE_local: false peers { permanent_uuid: "3a3c735705964e1badb66c37a66a9096" member_type: VOTER last_known_addr { host: "ip-172-31-12-168" port: 31200 } } peers { permanent_uuid: "b497dbd6bd1a4c998891b00d2493a1bb" member_type: VOTER last_known_addr { host: "ip-172-31-12-168" port: 31202 } } peers { permanent_uuid: "6f1af300e1d549d6b1cdd8bf3b9aeb9c" member_type: VOTER last_known_addr { host: "ip-172-31-12-168" port: 31201 } }
I0727 05:19:15.479777 50051 leader_election.cc:217] T ce2665a886f844b7ae48ad254c99ef4c P 6f1af300e1d549d6b1cdd8bf3b9aeb9c [CANDIDATE]: Term 1 election: Requesting vote from peer 3a3c735705964e1badb66c37a66a9096
I0727 05:19:15.479796 50051 leader_election.cc:217] T ce2665a886f844b7ae48ad254c99ef4c P 6f1af300e1d549d6b1cdd8bf3b9aeb9c [CANDIDATE]: Term 1 election: Requesting vote from peer b497dbd6bd1a4c998891b00d2493a1bb
I0727 05:19:15.480219 20833 leader_election.cc:349] T ce2665a886f844b7ae48ad254c99ef4c P 6f1af300e1d549d6b1cdd8bf3b9aeb9c [CANDIDATE]: Term 1 election: Vote granted by peer 3a3c735705964e1badb66c37a66a9096
I0727 05:19:15.480228 20833 leader_election.cc:244] T ce2665a886f844b7ae48ad254c99ef4c P 6f1af300e1d549d6b1cdd8bf3b9aeb9c [CANDIDATE]: Term 1 election: Election decided. Result: candidate won.
I0727 05:19:15.480245 20829 leader_election.cc:349] T ce2665a886f844b7ae48ad254c99ef4c P 6f1af300e1d549d6b1cdd8bf3b9aeb9c [CANDIDATE]: Term 1 election: Vote granted by peer b497dbd6bd1a4c998891b00d2493a1bb
I0727 05:19:15.480254 112902 raft_consensus.cc:2372] T ce2665a886f844b7ae48ad254c99ef4c P 6f1af300e1d549d6b1cdd8bf3b9aeb9c: Snoozing failure detection for election timeout plus an additional 1.707s
I0727 05:19:15.480262 112902 raft_consensus.cc:2176] T ce2665a886f844b7ae48ad254c99ef4c P 6f1af300e1d549d6b1cdd8bf3b9aeb9c [term 1 FOLLOWER]: Leader election won for term 1
I0727 05:19:15.480274 112902 raft_consensus.cc:528] T ce2665a886f844b7ae48ad254c99ef4c P 6f1af300e1d549d6b1cdd8bf3b9aeb9c [term 1 LEADER]: Becoming Leader. State: Replica: 6f1af300e1d549d6b1cdd8bf3b9aeb9c, State: Running, Role: LEADER
I0727 05:19:15.480298 112902 consensus_queue.cc:165] T ce2665a886f844b7ae48ad254c99ef4c P 6f1af300e1d549d6b1cdd8bf3b9aeb9c [LEADER]: Queue going to LEADER mode. State: All replicated index: 0, Majority replicated index: 0, Committed index: 0, Last appended: 0.0, Last appended by leader: 0, Current term: 1, Majority size: 2, State: 1, Mode: LEADER, active raft config: opid_index: -1 OBSOLETE_local: false peers { permanent_uuid: "3a3c735705964e1badb66c37a66a9096" member_type: VOTER last_known_addr { host: "ip-172-31-12-168" port: 31200 } } peers { permanent_uuid: "b497dbd6bd1a4c998891b00d2493a1bb" member_type: VOTER last_known_addr { host: "ip-172-31-12-168" port: 31202 } } peers { permanent_uuid: "6f1af300e1d549d6b1cdd8bf3b9aeb9c" member_type: VOTER last_known_addr { host: "ip-172-31-12-168" port: 31201 } }
I0727 05:19:15.500308 50051 consensus_queue.cc:722] T 9f5c7e4fbc6b46a79e5737d618cb7600 P 6f1af300e1d549d6b1cdd8bf3b9aeb9c [LEADER]: Connected to new peer: Peer: 3a3c735705964e1badb66c37a66a9096, Is new: false, Last received: 0.0, Next index: 1, Last known committed idx: 0, Last exchange result: ERROR, Needs tablet copy: false
I0727 05:19:15.501010 50051 consensus_queue.cc:722] T 9f5c7e4fbc6b46a79e5737d618cb7600 P 6f1af300e1d549d6b1cdd8bf3b9aeb9c [LEADER]: Connected to new peer: Peer: b497dbd6bd1a4c998891b00d2493a1bb, Is new: false, Last received: 0.0, Next index: 1, Last known committed idx: 0, Last exchange result: ERROR, Needs tablet copy: false
I0727 05:19:15.511415 114382 raft_consensus.cc:411] T df6cfc0be3494e52b31b93d2298d1663 P 6f1af300e1d549d6b1cdd8bf3b9aeb9c [term 0 FOLLOWER]: Starting pre-election (no leader contacted us within the election timeout)
I0727 05:19:15.511433 114382 raft_consensus.cc:2372] T df6cfc0be3494e52b31b93d2298d1663 P 6f1af300e1d549d6b1cdd8bf3b9aeb9c: Snoozing failure detection for election timeout plus an additional 1.650s
I0727 05:19:15.511456 114382 raft_consensus.cc:435] T df6cfc0be3494e52b31b93d2298d1663 P 6f1af300e1d549d6b1cdd8bf3b9aeb9c [term 0 FOLLOWER]: Starting pre-election with config: opid_index: -1 OBSOLETE_local: false peers { permanent_uuid: "b497dbd6bd1a4c998891b00d2493a1bb" member_type: VOTER last_known_addr { host: "ip-172-31-12-168" port: 31202 } } peers { permanent_uuid: "3a3c735705964e1badb66c37a66a9096" member_type: VOTER last_known_addr { host: "ip-172-31-12-168" port: 31200 } } peers { permanent_uuid: "6f1af300e1d549d6b1cdd8bf3b9aeb9c" member_type: VOTER last_known_addr { host: "ip-172-31-12-168" port: 31201 } }
I0727 05:19:15.511574 114382 leader_election.cc:217] T df6cfc0be3494e52b31b93d2298d1663 P 6f1af300e1d549d6b1cdd8bf3b9aeb9c [CANDIDATE]: Term 1 pre-election: Requesting pre-vote from peer b497dbd6bd1a4c998891b00d2493a1bb
I0727 05:19:15.511595 114382 leader_election.cc:217] T df6cfc0be3494e52b31b93d2298d1663 P 6f1af300e1d549d6b1cdd8bf3b9aeb9c [CANDIDATE]: Term 1 pre-election: Requesting pre-vote from peer 3a3c735705964e1badb66c37a66a9096
I0727 05:19:15.511741 20829 leader_election.cc:349] T df6cfc0be3494e52b31b93d2298d1663 P 6f1af300e1d549d6b1cdd8bf3b9aeb9c [CANDIDATE]: Term 1 pre-election: Vote granted by peer b497dbd6bd1a4c998891b00d2493a1bb
I0727 05:19:15.511752 20829 leader_election.cc:244] T df6cfc0be3494e52b31b93d2298d1663 P 6f1af300e1d549d6b1cdd8bf3b9aeb9c [CANDIDATE]: Term 1 pre-election: Election decided. Result: candidate won.
I0727 05:19:15.511761 20833 leader_election.cc:349] T df6cfc0be3494e52b31b93d2298d1663 P 6f1af300e1d549d6b1cdd8bf3b9aeb9c [CANDIDATE]: Term 1 pre-election: Vote granted by peer 3a3c735705964e1badb66c37a66a9096
I0727 05:19:15.511778 52237 raft_consensus.cc:2372] T df6cfc0be3494e52b31b93d2298d1663 P 6f1af300e1d549d6b1cdd8bf3b9aeb9c: Snoozing failure detection for election timeout plus an additional 1.829s
I0727 05:19:15.511790 52237 raft_consensus.cc:2176] T df6cfc0be3494e52b31b93d2298d1663 P 6f1af300e1d549d6b1cdd8bf3b9aeb9c [term 0 FOLLOWER]: Leader pre-election won for term 1
I0727 05:19:15.511796 52237 raft_consensus.cc:411] T df6cfc0be3494e52b31b93d2298d1663 P 6f1af300e1d549d6b1cdd8bf3b9aeb9c [term 0 FOLLOWER]: Starting leader election (no leader contacted us within the election timeout)
I0727 05:19:15.511800 52237 raft_consensus.cc:2372] T df6cfc0be3494e52b31b93d2298d1663 P 6f1af300e1d549d6b1cdd8bf3b9aeb9c: Snoozing failure detection for election timeout plus an additional 2.020s
I0727 05:19:15.511804 52237 raft_consensus.cc:2419] T df6cfc0be3494e52b31b93d2298d1663 P 6f1af300e1d549d6b1cdd8bf3b9aeb9c [term 0 FOLLOWER]: Advancing to term 1
I0727 05:19:15.512106 52237 raft_consensus.cc:435] T df6cfc0be3494e52b31b93d2298d1663 P 6f1af300e1d549d6b1cdd8bf3b9aeb9c [term 1 FOLLOWER]: Starting leader election with config: opid_index: -1 OBSOLETE_local: false peers { permanent_uuid: "b497dbd6bd1a4c998891b00d2493a1bb" member_type: VOTER last_known_addr { host: "ip-172-31-12-168" port: 31202 } } peers { permanent_uuid: "3a3c735705964e1badb66c37a66a9096" member_type: VOTER last_known_addr { host: "ip-172-31-12-168" port: 31200 } } peers { permanent_uuid: "6f1af300e1d549d6b1cdd8bf3b9aeb9c" member_type: VOTER last_known_addr { host: "ip-172-31-12-168" port: 31201 } }
I0727 05:19:15.512212 52237 leader_election.cc:217] T df6cfc0be3494e52b31b93d2298d1663 P 6f1af300e1d549d6b1cdd8bf3b9aeb9c [CANDIDATE]: Term 1 election: Requesting vote from peer b497dbd6bd1a4c998891b00d2493a1bb
I0727 05:19:15.512230 52237 leader_election.cc:217] T df6cfc0be3494e52b31b93d2298d1663 P 6f1af300e1d549d6b1cdd8bf3b9aeb9c [CANDIDATE]: Term 1 election: Requesting vote from peer 3a3c735705964e1badb66c37a66a9096
I0727 05:19:15.512634 20829 leader_election.cc:349] T df6cfc0be3494e52b31b93d2298d1663 P 6f1af300e1d549d6b1cdd8bf3b9aeb9c [CANDIDATE]: Term 1 election: Vote granted by peer b497dbd6bd1a4c998891b00d2493a1bb
I0727 05:19:15.512643 20829 leader_election.cc:244] T df6cfc0be3494e52b31b93d2298d1663 P 6f1af300e1d549d6b1cdd8bf3b9aeb9c [CANDIDATE]: Term 1 election: Election decided. Result: candidate won.
I0727 05:19:15.512653 20833 leader_election.cc:349] T df6cfc0be3494e52b31b93d2298d1663 P 6f1af300e1d549d6b1cdd8bf3b9aeb9c [CANDIDATE]: Term 1 election: Vote granted by peer 3a3c735705964e1badb66c37a66a9096
I0727 05:19:15.512666 112902 raft_consensus.cc:2372] T df6cfc0be3494e52b31b93d2298d1663 P 6f1af300e1d549d6b1cdd8bf3b9aeb9c: Snoozing failure detection for election timeout plus an additional 1.504s
I0727 05:19:15.512681 112902 raft_consensus.cc:2176] T df6cfc0be3494e52b31b93d2298d1663 P 6f1af300e1d549d6b1cdd8bf3b9aeb9c [term 1 FOLLOWER]: Leader election won for term 1
I0727 05:19:15.512696 112902 raft_consensus.cc:528] T df6cfc0be3494e52b31b93d2298d1663 P 6f1af300e1d549d6b1cdd8bf3b9aeb9c [term 1 LEADER]: Becoming Leader. State: Replica: 6f1af300e1d549d6b1cdd8bf3b9aeb9c, State: Running, Role: LEADER
I0727 05:19:15.512719 112902 consensus_queue.cc:165] T df6cfc0be3494e52b31b93d2298d1663 P 6f1af300e1d549d6b1cdd8bf3b9aeb9c [LEADER]: Queue going to LEADER mode. State: All replicated index: 0, Majority replicated index: 0, Committed index: 0, Last appended: 0.0, Last appended by leader: 0, Current term: 1, Majority size: 2, State: 1, Mode: LEADER, active raft config: opid_index: -1 OBSOLETE_local: false peers { permanent_uuid: "b497dbd6bd1a4c998891b00d2493a1bb" member_type: VOTER last_known_addr { host: "ip-172-31-12-168" port: 31202 } } peers { permanent_uuid: "3a3c735705964e1badb66c37a66a9096" member_type: VOTER last_known_addr { host: "ip-172-31-12-168" port: 31200 } } peers { permanent_uuid: "6f1af300e1d549d6b1cdd8bf3b9aeb9c" member_type: VOTER last_known_addr { host: "ip-172-31-12-168" port: 31201 } }
I0727 05:19:15.528839 21008 raft_consensus.cc:944] T 6edda1f938eb4a1da73329607255049a P 6f1af300e1d549d6b1cdd8bf3b9aeb9c [term 1 FOLLOWER]: Refusing update from remote peer 3a3c735705964e1badb66c37a66a9096: Log matching property violated. Preceding OpId in replica: term: 0 index: 0. Preceding OpId from leader: term: 1 index: 1. (index mismatch)
I0727 05:19:15.562000 21008 raft_consensus.cc:2372] T 9799ed146fd8408b991ed6225dae2325 P 6f1af300e1d549d6b1cdd8bf3b9aeb9c: Snoozing failure detection for election timeout plus an additional 2.186s
I0727 05:19:15.562013 21008 raft_consensus.cc:1943] T 9799ed146fd8408b991ed6225dae2325 P 6f1af300e1d549d6b1cdd8bf3b9aeb9c [term 0 FOLLOWER]: Leader pre-election vote request: Granting yes vote for candidate 3a3c735705964e1badb66c37a66a9096 in term 0.
I0727 05:19:15.562655 21008 raft_consensus.cc:2419] T 9799ed146fd8408b991ed6225dae2325 P 6f1af300e1d549d6b1cdd8bf3b9aeb9c [term 0 FOLLOWER]: Advancing to term 1
I0727 05:19:15.562674 21008 raft_consensus.cc:2372] T 9799ed146fd8408b991ed6225dae2325 P 6f1af300e1d549d6b1cdd8bf3b9aeb9c: Snoozing failure detection for election timeout plus an additional 2.203s
I0727 05:19:15.562958 21008 raft_consensus.cc:1943] T 9799ed146fd8408b991ed6225dae2325 P 6f1af300e1d549d6b1cdd8bf3b9aeb9c [term 1 FOLLOWER]: Leader election vote request: Granting yes vote for candidate 3a3c735705964e1badb66c37a66a9096 in term 1.
I0727 05:19:15.659723 21005 raft_consensus.cc:944] T 34be0a7b01f64d87bf6b25a5f395553a P 6f1af300e1d549d6b1cdd8bf3b9aeb9c [term 1 FOLLOWER]: Refusing update from remote peer 3a3c735705964e1badb66c37a66a9096: Log matching property violated. Preceding OpId in replica: term: 0 index: 0. Preceding OpId from leader: term: 1 index: 1. (index mismatch)
I0727 05:19:15.677561 112902 consensus_queue.cc:722] T 94cb3f1df1dc40e2bf7926a44db84639 P 6f1af300e1d549d6b1cdd8bf3b9aeb9c [LEADER]: Connected to new peer: Peer: 3a3c735705964e1badb66c37a66a9096, Is new: false, Last received: 0.0, Next index: 1, Last known committed idx: 0, Last exchange result: ERROR, Needs tablet copy: false
I0727 05:19:15.678303 112902 consensus_queue.cc:722] T 94cb3f1df1dc40e2bf7926a44db84639 P 6f1af300e1d549d6b1cdd8bf3b9aeb9c [LEADER]: Connected to new peer: Peer: b497dbd6bd1a4c998891b00d2493a1bb, Is new: false, Last received: 0.0, Next index: 1, Last known committed idx: 0, Last exchange result: ERROR, Needs tablet copy: false
I0727 05:19:15.708775 50009 consensus_queue.cc:722] T cfa015679dcd4564a5dc3c730eaa211e P 6f1af300e1d549d6b1cdd8bf3b9aeb9c [LEADER]: Connected to new peer: Peer: b497dbd6bd1a4c998891b00d2493a1bb, Is new: false, Last received: 0.0, Next index: 1, Last known committed idx: 0, Last exchange result: ERROR, Needs tablet copy: false
I0727 05:19:15.709453 50009 consensus_queue.cc:722] T cfa015679dcd4564a5dc3c730eaa211e P 6f1af300e1d549d6b1cdd8bf3b9aeb9c [LEADER]: Connected to new peer: Peer: 3a3c735705964e1badb66c37a66a9096, Is new: false, Last received: 0.0, Next index: 1, Last known committed idx: 0, Last exchange result: ERROR, Needs tablet copy: false
I0727 05:19:15.747987 52237 consensus_queue.cc:722] T ada7c413be4941979ed4e6cb659de772 P 6f1af300e1d549d6b1cdd8bf3b9aeb9c [LEADER]: Connected to new peer: Peer: 3a3c735705964e1badb66c37a66a9096, Is new: false, Last received: 0.0, Next index: 1, Last known committed idx: 0, Last exchange result: ERROR, Needs tablet copy: false
I0727 05:19:15.748721 52237 consensus_queue.cc:722] T ada7c413be4941979ed4e6cb659de772 P 6f1af300e1d549d6b1cdd8bf3b9aeb9c [LEADER]: Connected to new peer: Peer: b497dbd6bd1a4c998891b00d2493a1bb, Is new: false, Last received: 0.0, Next index: 1, Last known committed idx: 0, Last exchange result: ERROR, Needs tablet copy: false
