	1:name[string NULLABLE],
	3:new_col1[int32 NOT NULL],
	4:new_col2[int64 NOT NULL],
	5:last_name[string NULLABLE],
	6:new_col4[int32 NULLABLE]
] version 9 to Schema [
	0:id[int32 NOT NULL],
	1:name[string NULLABLE],
	3:new_col1[int32 NOT NULL],
	4:new_col2[int64 NOT NULL],
	5:last_name[string NULLABLE],
	6:new_col4[int32 NULLABLE]
] version 10
I0727 06:17:05.777005 74632 tablet.cc:1087] T 53d93003c2d34c9082cc158c42e37dc5 P b497dbd6bd1a4c998891b00d2493a1bb: Alter schema from Schema [
	0:id[int32 NOT NULL],
	1:name[string NULLABLE],
	3:new_col1[int32 NOT NULL],
	4:new_col2[int64 NOT NULL],
	5:last_name[string NULLABLE],
	6:new_col4[int32 NULLABLE]
] version 10 to Schema [
	0:id[int32 NOT NULL],
	1:name[string NULLABLE],
	3:new_col1[int32 NOT NULL],
	4:new_col2[int64 NOT NULL],
	5:last_name[string NULLABLE],
	6:new_col4[int32 NULLABLE]
] version 11
I0727 06:17:06.665125 20878 tablet_service.cc:713] Processing DeleteTablet for tablet 4fceed5fd0f44309933fa5510ecdab6f with delete_type TABLET_DATA_DELETED (Table deleted at 2017-07-27 06:17:06 UTC) from {username='ubuntu'} at 127.0.0.1:37287
I0727 06:17:06.665143 20878 tablet_replica.cc:225] Initiating TabletReplica shutdown for tablet: 4fceed5fd0f44309933fa5510ecdab6f
I0727 06:17:06.665151 20878 maintenance_manager.cc:206] P b497dbd6bd1a4c998891b00d2493a1bb: Unregistered op CompactRowSetsOp(4fceed5fd0f44309933fa5510ecdab6f)
I0727 06:17:06.665163 20878 maintenance_manager.cc:206] P b497dbd6bd1a4c998891b00d2493a1bb: Unregistered op MinorDeltaCompactionOp(4fceed5fd0f44309933fa5510ecdab6f)
I0727 06:17:06.665169 20878 maintenance_manager.cc:206] P b497dbd6bd1a4c998891b00d2493a1bb: Unregistered op MajorDeltaCompactionOp(4fceed5fd0f44309933fa5510ecdab6f)
I0727 06:17:06.665179 20878 maintenance_manager.cc:206] P b497dbd6bd1a4c998891b00d2493a1bb: Unregistered op UndoDeltaBlockGCOp(4fceed5fd0f44309933fa5510ecdab6f)
I0727 06:17:06.665191 20878 maintenance_manager.cc:206] P b497dbd6bd1a4c998891b00d2493a1bb: Unregistered op FlushMRSOp(4fceed5fd0f44309933fa5510ecdab6f)
I0727 06:17:06.665199 20878 maintenance_manager.cc:206] P b497dbd6bd1a4c998891b00d2493a1bb: Unregistered op FlushDeltaMemStoresOp(4fceed5fd0f44309933fa5510ecdab6f)
I0727 06:17:06.665202 20878 maintenance_manager.cc:206] P b497dbd6bd1a4c998891b00d2493a1bb: Unregistered op LogGCOp(4fceed5fd0f44309933fa5510ecdab6f)
I0727 06:17:06.665211 20878 raft_consensus.cc:1763] T 4fceed5fd0f44309933fa5510ecdab6f P b497dbd6bd1a4c998891b00d2493a1bb [term 1 FOLLOWER]: Raft consensus shutting down.
I0727 06:17:06.665216 20878 raft_consensus.cc:1778] T 4fceed5fd0f44309933fa5510ecdab6f P b497dbd6bd1a4c998891b00d2493a1bb [term 1 FOLLOWER]: Raft consensus is shut down!
I0727 06:17:06.665416 20878 ts_tablet_manager.cc:1030] T 4fceed5fd0f44309933fa5510ecdab6f P b497dbd6bd1a4c998891b00d2493a1bb: Deleting tablet data with delete state TABLET_DATA_DELETED
I0727 06:17:06.666618 20878 ts_tablet_manager.cc:1042] T 4fceed5fd0f44309933fa5510ecdab6f P b497dbd6bd1a4c998891b00d2493a1bb: Tablet deleted. Last logged OpId: 1.1
I0727 06:17:06.666636 20878 log.cc:974] T 4fceed5fd0f44309933fa5510ecdab6f P b497dbd6bd1a4c998891b00d2493a1bb: Deleting WAL directory at /home/ubuntu/Impala/testdata/cluster/cdh5/node-1/var/lib/kudu/ts/wal/wals/4fceed5fd0f44309933fa5510ecdab6f
I0727 06:17:06.666752 20878 ts_tablet_manager.cc:1060] T 4fceed5fd0f44309933fa5510ecdab6f P b497dbd6bd1a4c998891b00d2493a1bb: Deleting consensus metadata
I0727 06:17:06.669301 20878 tablet_service.cc:713] Processing DeleteTablet for tablet 53d93003c2d34c9082cc158c42e37dc5 with delete_type TABLET_DATA_DELETED (Table deleted at 2017-07-27 06:17:06 UTC) from {username='ubuntu'} at 127.0.0.1:37287
I0727 06:17:06.669313 20878 tablet_replica.cc:225] Initiating TabletReplica shutdown for tablet: 53d93003c2d34c9082cc158c42e37dc5
I0727 06:17:06.669319 20878 maintenance_manager.cc:206] P b497dbd6bd1a4c998891b00d2493a1bb: Unregistered op CompactRowSetsOp(53d93003c2d34c9082cc158c42e37dc5)
I0727 06:17:06.669323 20878 maintenance_manager.cc:206] P b497dbd6bd1a4c998891b00d2493a1bb: Unregistered op MinorDeltaCompactionOp(53d93003c2d34c9082cc158c42e37dc5)
I0727 06:17:06.669327 20878 maintenance_manager.cc:206] P b497dbd6bd1a4c998891b00d2493a1bb: Unregistered op MajorDeltaCompactionOp(53d93003c2d34c9082cc158c42e37dc5)
I0727 06:17:06.669337 20878 maintenance_manager.cc:206] P b497dbd6bd1a4c998891b00d2493a1bb: Unregistered op UndoDeltaBlockGCOp(53d93003c2d34c9082cc158c42e37dc5)
I0727 06:17:06.669340 20878 maintenance_manager.cc:206] P b497dbd6bd1a4c998891b00d2493a1bb: Unregistered op FlushMRSOp(53d93003c2d34c9082cc158c42e37dc5)
I0727 06:17:06.669345 20878 maintenance_manager.cc:206] P b497dbd6bd1a4c998891b00d2493a1bb: Unregistered op FlushDeltaMemStoresOp(53d93003c2d34c9082cc158c42e37dc5)
I0727 06:17:06.669348 20878 maintenance_manager.cc:206] P b497dbd6bd1a4c998891b00d2493a1bb: Unregistered op LogGCOp(53d93003c2d34c9082cc158c42e37dc5)
I0727 06:17:06.669353 20878 raft_consensus.cc:1763] T 53d93003c2d34c9082cc158c42e37dc5 P b497dbd6bd1a4c998891b00d2493a1bb [term 1 FOLLOWER]: Raft consensus shutting down.
I0727 06:17:06.669356 20878 raft_consensus.cc:1778] T 53d93003c2d34c9082cc158c42e37dc5 P b497dbd6bd1a4c998891b00d2493a1bb [term 1 FOLLOWER]: Raft consensus is shut down!
I0727 06:17:06.669642 20878 ts_tablet_manager.cc:1030] T 53d93003c2d34c9082cc158c42e37dc5 P b497dbd6bd1a4c998891b00d2493a1bb: Deleting tablet data with delete state TABLET_DATA_DELETED
I0727 06:17:06.670698 20878 ts_tablet_manager.cc:1042] T 53d93003c2d34c9082cc158c42e37dc5 P b497dbd6bd1a4c998891b00d2493a1bb: Tablet deleted. Last logged OpId: 1.22
I0727 06:17:06.670711 20878 log.cc:974] T 53d93003c2d34c9082cc158c42e37dc5 P b497dbd6bd1a4c998891b00d2493a1bb: Deleting WAL directory at /home/ubuntu/Impala/testdata/cluster/cdh5/node-1/var/lib/kudu/ts/wal/wals/53d93003c2d34c9082cc158c42e37dc5
I0727 06:17:06.670709 20879 tablet_service.cc:713] Processing DeleteTablet for tablet 47f295812fcb448eb261bf281109bbdd with delete_type TABLET_DATA_DELETED (Table deleted at 2017-07-27 06:17:06 UTC) from {username='ubuntu'} at 127.0.0.1:37287
I0727 06:17:06.670722 20879 tablet_replica.cc:225] Initiating TabletReplica shutdown for tablet: 47f295812fcb448eb261bf281109bbdd
I0727 06:17:06.670739 20879 maintenance_manager.cc:206] P b497dbd6bd1a4c998891b00d2493a1bb: Unregistered op CompactRowSetsOp(47f295812fcb448eb261bf281109bbdd)
I0727 06:17:06.670718 20876 tablet_service.cc:713] Processing DeleteTablet for tablet 2c4de86283cd44f7bd3f1bcbc3055509 with delete_type TABLET_DATA_DELETED (Table deleted at 2017-07-27 06:17:06 UTC) from {username='ubuntu'} at 127.0.0.1:37287
I0727 06:17:06.670747 20879 maintenance_manager.cc:206] P b497dbd6bd1a4c998891b00d2493a1bb: Unregistered op MinorDeltaCompactionOp(47f295812fcb448eb261bf281109bbdd)
I0727 06:17:06.670753 20879 maintenance_manager.cc:206] P b497dbd6bd1a4c998891b00d2493a1bb: Unregistered op MajorDeltaCompactionOp(47f295812fcb448eb261bf281109bbdd)
I0727 06:17:06.670753 20876 tablet_replica.cc:225] Initiating TabletReplica shutdown for tablet: 2c4de86283cd44f7bd3f1bcbc3055509
I0727 06:17:06.670773 20879 maintenance_manager.cc:206] P b497dbd6bd1a4c998891b00d2493a1bb: Unregistered op UndoDeltaBlockGCOp(47f295812fcb448eb261bf281109bbdd)
I0727 06:17:06.670795 20876 maintenance_manager.cc:206] P b497dbd6bd1a4c998891b00d2493a1bb: Unregistered op CompactRowSetsOp(2c4de86283cd44f7bd3f1bcbc3055509)
I0727 06:17:06.670805 20876 maintenance_manager.cc:206] P b497dbd6bd1a4c998891b00d2493a1bb: Unregistered op MinorDeltaCompactionOp(2c4de86283cd44f7bd3f1bcbc3055509)
I0727 06:17:06.670806 20878 ts_tablet_manager.cc:1060] T 53d93003c2d34c9082cc158c42e37dc5 P b497dbd6bd1a4c998891b00d2493a1bb: Deleting consensus metadata
I0727 06:17:06.670809 20879 maintenance_manager.cc:206] P b497dbd6bd1a4c998891b00d2493a1bb: Unregistered op FlushMRSOp(47f295812fcb448eb261bf281109bbdd)
I0727 06:17:06.670811 20876 maintenance_manager.cc:206] P b497dbd6bd1a4c998891b00d2493a1bb: Unregistered op MajorDeltaCompactionOp(2c4de86283cd44f7bd3f1bcbc3055509)
I0727 06:17:06.670815 20879 maintenance_manager.cc:206] P b497dbd6bd1a4c998891b00d2493a1bb: Unregistered op FlushDeltaMemStoresOp(47f295812fcb448eb261bf281109bbdd)
I0727 06:17:06.670814 20880 tablet_service.cc:713] Processing DeleteTablet for tablet 1b03dee112f042c9a2e2369c029b7b1c with delete_type TABLET_DATA_DELETED (Table deleted at 2017-07-27 06:17:06 UTC) from {username='ubuntu'} at 127.0.0.1:37287
I0727 06:17:06.670819 20876 maintenance_manager.cc:206] P b497dbd6bd1a4c998891b00d2493a1bb: Unregistered op UndoDeltaBlockGCOp(2c4de86283cd44f7bd3f1bcbc3055509)
I0727 06:17:06.670821 20879 maintenance_manager.cc:206] P b497dbd6bd1a4c998891b00d2493a1bb: Unregistered op LogGCOp(47f295812fcb448eb261bf281109bbdd)
I0727 06:17:06.670825 20880 tablet_replica.cc:225] Initiating TabletReplica shutdown for tablet: 1b03dee112f042c9a2e2369c029b7b1c
I0727 06:17:06.670827 20879 raft_consensus.cc:1763] T 47f295812fcb448eb261bf281109bbdd P b497dbd6bd1a4c998891b00d2493a1bb [term 1 FOLLOWER]: Raft consensus shutting down.
I0727 06:17:06.670843 20879 raft_consensus.cc:1778] T 47f295812fcb448eb261bf281109bbdd P b497dbd6bd1a4c998891b00d2493a1bb [term 1 FOLLOWER]: Raft consensus is shut down!
I0727 06:17:06.670826 20876 maintenance_manager.cc:206] P b497dbd6bd1a4c998891b00d2493a1bb: Unregistered op FlushMRSOp(2c4de86283cd44f7bd3f1bcbc3055509)
I0727 06:17:06.670847 20880 maintenance_manager.cc:206] P b497dbd6bd1a4c998891b00d2493a1bb: Unregistered op CompactRowSetsOp(1b03dee112f042c9a2e2369c029b7b1c)
I0727 06:17:06.670866 20876 maintenance_manager.cc:206] P b497dbd6bd1a4c998891b00d2493a1bb: Unregistered op FlushDeltaMemStoresOp(2c4de86283cd44f7bd3f1bcbc3055509)
I0727 06:17:06.670909 20876 maintenance_manager.cc:206] P b497dbd6bd1a4c998891b00d2493a1bb: Unregistered op LogGCOp(2c4de86283cd44f7bd3f1bcbc3055509)
I0727 06:17:06.670927 20876 raft_consensus.cc:1763] T 2c4de86283cd44f7bd3f1bcbc3055509 P b497dbd6bd1a4c998891b00d2493a1bb [term 1 LEADER]: Raft consensus shutting down.
I0727 06:17:06.670935 20876 consensus_peers.cc:400] T 2c4de86283cd44f7bd3f1bcbc3055509 P b497dbd6bd1a4c998891b00d2493a1bb -> Peer 3a3c735705964e1badb66c37a66a9096 (ip-172-31-12-168:31200): Closing peer: 3a3c735705964e1badb66c37a66a9096
I0727 06:17:06.670888 20880 maintenance_manager.cc:206] P b497dbd6bd1a4c998891b00d2493a1bb: Unregistered op MinorDeltaCompactionOp(1b03dee112f042c9a2e2369c029b7b1c)
I0727 06:17:06.670944 20876 consensus_peers.cc:400] T 2c4de86283cd44f7bd3f1bcbc3055509 P b497dbd6bd1a4c998891b00d2493a1bb -> Peer 6f1af300e1d549d6b1cdd8bf3b9aeb9c (ip-172-31-12-168:31201): Closing peer: 6f1af300e1d549d6b1cdd8bf3b9aeb9c
I0727 06:17:06.670949 20880 maintenance_manager.cc:206] P b497dbd6bd1a4c998891b00d2493a1bb: Unregistered op MajorDeltaCompactionOp(1b03dee112f042c9a2e2369c029b7b1c)
I0727 06:17:06.670950 20876 raft_consensus.cc:1778] T 2c4de86283cd44f7bd3f1bcbc3055509 P b497dbd6bd1a4c998891b00d2493a1bb [term 1 LEADER]: Raft consensus is shut down!
I0727 06:17:06.670956 20880 maintenance_manager.cc:206] P b497dbd6bd1a4c998891b00d2493a1bb: Unregistered op UndoDeltaBlockGCOp(1b03dee112f042c9a2e2369c029b7b1c)
I0727 06:17:06.670963 20880 maintenance_manager.cc:206] P b497dbd6bd1a4c998891b00d2493a1bb: Unregistered op FlushMRSOp(1b03dee112f042c9a2e2369c029b7b1c)
I0727 06:17:06.670965 20880 maintenance_manager.cc:206] P b497dbd6bd1a4c998891b00d2493a1bb: Unregistered op FlushDeltaMemStoresOp(1b03dee112f042c9a2e2369c029b7b1c)
I0727 06:17:06.670969 20880 maintenance_manager.cc:206] P b497dbd6bd1a4c998891b00d2493a1bb: Unregistered op LogGCOp(1b03dee112f042c9a2e2369c029b7b1c)
I0727 06:17:06.670977 20880 raft_consensus.cc:1763] T 1b03dee112f042c9a2e2369c029b7b1c P b497dbd6bd1a4c998891b00d2493a1bb [term 1 FOLLOWER]: Raft consensus shutting down.
I0727 06:17:06.670981 20880 raft_consensus.cc:1778] T 1b03dee112f042c9a2e2369c029b7b1c P b497dbd6bd1a4c998891b00d2493a1bb [term 1 FOLLOWER]: Raft consensus is shut down!
I0727 06:17:06.671025 20879 ts_tablet_manager.cc:1030] T 47f295812fcb448eb261bf281109bbdd P b497dbd6bd1a4c998891b00d2493a1bb: Deleting tablet data with delete state TABLET_DATA_DELETED
I0727 06:17:06.671193 20876 ts_tablet_manager.cc:1030] T 2c4de86283cd44f7bd3f1bcbc3055509 P b497dbd6bd1a4c998891b00d2493a1bb: Deleting tablet data with delete state TABLET_DATA_DELETED
I0727 06:17:06.671238 20880 ts_tablet_manager.cc:1030] T 1b03dee112f042c9a2e2369c029b7b1c P b497dbd6bd1a4c998891b00d2493a1bb: Deleting tablet data with delete state TABLET_DATA_DELETED
I0727 06:17:06.672053 20879 ts_tablet_manager.cc:1042] T 47f295812fcb448eb261bf281109bbdd P b497dbd6bd1a4c998891b00d2493a1bb: Tablet deleted. Last logged OpId: 1.3
I0727 06:17:06.672068 20879 log.cc:974] T 47f295812fcb448eb261bf281109bbdd P b497dbd6bd1a4c998891b00d2493a1bb: Deleting WAL directory at /home/ubuntu/Impala/testdata/cluster/cdh5/node-1/var/lib/kudu/ts/wal/wals/47f295812fcb448eb261bf281109bbdd
I0727 06:17:06.672166 20879 ts_tablet_manager.cc:1060] T 47f295812fcb448eb261bf281109bbdd P b497dbd6bd1a4c998891b00d2493a1bb: Deleting consensus metadata
I0727 06:17:06.672873 20879 tablet_service.cc:713] Processing DeleteTablet for tablet 19ec32725bca4ee9b1356d6fb2fe4c0b with delete_type TABLET_DATA_DELETED (Table deleted at 2017-07-27 06:17:06 UTC) from {username='ubuntu'} at 127.0.0.1:37287
I0727 06:17:06.672874 20878 tablet_service.cc:713] Processing DeleteTablet for tablet 9bfcf775073844d0aa6251e7ee486375 with delete_type TABLET_DATA_DELETED (Table deleted at 2017-07-27 06:17:06 UTC) from {username='ubuntu'} at 127.0.0.1:37287
I0727 06:17:06.672916 20878 tablet_replica.cc:225] Initiating TabletReplica shutdown for tablet: 9bfcf775073844d0aa6251e7ee486375
I0727 06:17:06.672904 20877 tablet_service.cc:713] Processing DeleteTablet for tablet bbdd11b90f804c5a94a3242a27bbe2c7 with delete_type TABLET_DATA_DELETED (Table deleted at 2017-07-27 06:17:06 UTC) from {username='ubuntu'} at 127.0.0.1:37287
I0727 06:17:06.672941 20878 maintenance_manager.cc:206] P b497dbd6bd1a4c998891b00d2493a1bb: Unregistered op CompactRowSetsOp(9bfcf775073844d0aa6251e7ee486375)
I0727 06:17:06.672940 20876 ts_tablet_manager.cc:1042] T 2c4de86283cd44f7bd3f1bcbc3055509 P b497dbd6bd1a4c998891b00d2493a1bb: Tablet deleted. Last logged OpId: 1.3
I0727 06:17:06.672953 20878 maintenance_manager.cc:206] P b497dbd6bd1a4c998891b00d2493a1bb: Unregistered op MinorDeltaCompactionOp(9bfcf775073844d0aa6251e7ee486375)
I0727 06:17:06.672950 20877 tablet_replica.cc:225] Initiating TabletReplica shutdown for tablet: bbdd11b90f804c5a94a3242a27bbe2c7
I0727 06:17:06.672895 20879 tablet_replica.cc:225] Initiating TabletReplica shutdown for tablet: 19ec32725bca4ee9b1356d6fb2fe4c0b
I0727 06:17:06.672963 20876 log.cc:974] T 2c4de86283cd44f7bd3f1bcbc3055509 P b497dbd6bd1a4c998891b00d2493a1bb: Deleting WAL directory at /home/ubuntu/Impala/testdata/cluster/cdh5/node-1/var/lib/kudu/ts/wal/wals/2c4de86283cd44f7bd3f1bcbc3055509
I0727 06:17:06.672991 20879 maintenance_manager.cc:206] P b497dbd6bd1a4c998891b00d2493a1bb: Unregistered op CompactRowSetsOp(19ec32725bca4ee9b1356d6fb2fe4c0b)
I0727 06:17:06.672986 20877 maintenance_manager.cc:206] P b497dbd6bd1a4c998891b00d2493a1bb: Unregistered op CompactRowSetsOp(bbdd11b90f804c5a94a3242a27bbe2c7)
I0727 06:17:06.672966 20878 maintenance_manager.cc:206] P b497dbd6bd1a4c998891b00d2493a1bb: Unregistered op MajorDeltaCompactionOp(9bfcf775073844d0aa6251e7ee486375)
I0727 06:17:06.673005 20879 maintenance_manager.cc:206] P b497dbd6bd1a4c998891b00d2493a1bb: Unregistered op MinorDeltaCompactionOp(19ec32725bca4ee9b1356d6fb2fe4c0b)
I0727 06:17:06.673027 20879 maintenance_manager.cc:206] P b497dbd6bd1a4c998891b00d2493a1bb: Unregistered op MajorDeltaCompactionOp(19ec32725bca4ee9b1356d6fb2fe4c0b)
I0727 06:17:06.673041 20879 maintenance_manager.cc:206] P b497dbd6bd1a4c998891b00d2493a1bb: Unregistered op UndoDeltaBlockGCOp(19ec32725bca4ee9b1356d6fb2fe4c0b)
I0727 06:17:06.673027 20877 maintenance_manager.cc:206] P b497dbd6bd1a4c998891b00d2493a1bb: Unregistered op MinorDeltaCompactionOp(bbdd11b90f804c5a94a3242a27bbe2c7)
I0727 06:17:06.673039 20878 maintenance_manager.cc:206] P b497dbd6bd1a4c998891b00d2493a1bb: Unregistered op UndoDeltaBlockGCOp(9bfcf775073844d0aa6251e7ee486375)
I0727 06:17:06.673071 20879 maintenance_manager.cc:206] P b497dbd6bd1a4c998891b00d2493a1bb: Unregistered op FlushMRSOp(19ec32725bca4ee9b1356d6fb2fe4c0b)
I0727 06:17:06.673063 20877 maintenance_manager.cc:206] P b497dbd6bd1a4c998891b00d2493a1bb: Unregistered op MajorDeltaCompactionOp(bbdd11b90f804c5a94a3242a27bbe2c7)
I0727 06:17:06.673077 20878 maintenance_manager.cc:206] P b497dbd6bd1a4c998891b00d2493a1bb: Unregistered op FlushMRSOp(9bfcf775073844d0aa6251e7ee486375)
I0727 06:17:06.673082 20879 maintenance_manager.cc:206] P b497dbd6bd1a4c998891b00d2493a1bb: Unregistered op FlushDeltaMemStoresOp(19ec32725bca4ee9b1356d6fb2fe4c0b)
I0727 06:17:06.673085 20879 maintenance_manager.cc:206] P b497dbd6bd1a4c998891b00d2493a1bb: Unregistered op LogGCOp(19ec32725bca4ee9b1356d6fb2fe4c0b)
I0727 06:17:06.673091 20878 maintenance_manager.cc:206] P b497dbd6bd1a4c998891b00d2493a1bb: Unregistered op FlushDeltaMemStoresOp(9bfcf775073844d0aa6251e7ee486375)
I0727 06:17:06.673094 20879 raft_consensus.cc:1763] T 19ec32725bca4ee9b1356d6fb2fe4c0b P b497dbd6bd1a4c998891b00d2493a1bb [term 1 LEADER]: Raft consensus shutting down.
I0727 06:17:06.673097 20878 maintenance_manager.cc:206] P b497dbd6bd1a4c998891b00d2493a1bb: Unregistered op LogGCOp(9bfcf775073844d0aa6251e7ee486375)
I0727 06:17:06.673097 20879 consensus_peers.cc:400] T 19ec32725bca4ee9b1356d6fb2fe4c0b P b497dbd6bd1a4c998891b00d2493a1bb -> Peer 3a3c735705964e1badb66c37a66a9096 (ip-172-31-12-168:31200): Closing peer: 3a3c735705964e1badb66c37a66a9096
I0727 06:17:06.673102 20879 consensus_peers.cc:400] T 19ec32725bca4ee9b1356d6fb2fe4c0b P b497dbd6bd1a4c998891b00d2493a1bb -> Peer 6f1af300e1d549d6b1cdd8bf3b9aeb9c (ip-172-31-12-168:31201): Closing peer: 6f1af300e1d549d6b1cdd8bf3b9aeb9c
I0727 06:17:06.673105 20877 maintenance_manager.cc:206] P b497dbd6bd1a4c998891b00d2493a1bb: Unregistered op UndoDeltaBlockGCOp(bbdd11b90f804c5a94a3242a27bbe2c7)
I0727 06:17:06.673106 20879 raft_consensus.cc:1778] T 19ec32725bca4ee9b1356d6fb2fe4c0b P b497dbd6bd1a4c998891b00d2493a1bb [term 1 LEADER]: Raft consensus is shut down!
I0727 06:17:06.673105 20878 raft_consensus.cc:1763] T 9bfcf775073844d0aa6251e7ee486375 P b497dbd6bd1a4c998891b00d2493a1bb [term 1 FOLLOWER]: Raft consensus shutting down.
I0727 06:17:06.673123 20876 ts_tablet_manager.cc:1060] T 2c4de86283cd44f7bd3f1bcbc3055509 P b497dbd6bd1a4c998891b00d2493a1bb: Deleting consensus metadata
I0727 06:17:06.673117 20877 maintenance_manager.cc:206] P b497dbd6bd1a4c998891b00d2493a1bb: Unregistered op FlushMRSOp(bbdd11b90f804c5a94a3242a27bbe2c7)
I0727 06:17:06.673130 20878 raft_consensus.cc:1778] T 9bfcf775073844d0aa6251e7ee486375 P b497dbd6bd1a4c998891b00d2493a1bb [term 1 FOLLOWER]: Raft consensus is shut down!
I0727 06:17:06.673152 20877 maintenance_manager.cc:206] P b497dbd6bd1a4c998891b00d2493a1bb: Unregistered op FlushDeltaMemStoresOp(bbdd11b90f804c5a94a3242a27bbe2c7)
I0727 06:17:06.673189 20877 maintenance_manager.cc:206] P b497dbd6bd1a4c998891b00d2493a1bb: Unregistered op LogGCOp(bbdd11b90f804c5a94a3242a27bbe2c7)
I0727 06:17:06.673203 20877 raft_consensus.cc:1763] T bbdd11b90f804c5a94a3242a27bbe2c7 P b497dbd6bd1a4c998891b00d2493a1bb [term 1 FOLLOWER]: Raft consensus shutting down.
I0727 06:17:06.673210 20877 raft_consensus.cc:1778] T bbdd11b90f804c5a94a3242a27bbe2c7 P b497dbd6bd1a4c998891b00d2493a1bb [term 1 FOLLOWER]: Raft consensus is shut down!
I0727 06:17:06.673223 20880 ts_tablet_manager.cc:1042] T 1b03dee112f042c9a2e2369c029b7b1c P b497dbd6bd1a4c998891b00d2493a1bb: Tablet deleted. Last logged OpId: 1.3
I0727 06:17:06.673245 20880 log.cc:974] T 1b03dee112f042c9a2e2369c029b7b1c P b497dbd6bd1a4c998891b00d2493a1bb: Deleting WAL directory at /home/ubuntu/Impala/testdata/cluster/cdh5/node-1/var/lib/kudu/ts/wal/wals/1b03dee112f042c9a2e2369c029b7b1c
I0727 06:17:06.673311 20879 ts_tablet_manager.cc:1030] T 19ec32725bca4ee9b1356d6fb2fe4c0b P b497dbd6bd1a4c998891b00d2493a1bb: Deleting tablet data with delete state TABLET_DATA_DELETED
I0727 06:17:06.673367 20878 ts_tablet_manager.cc:1030] T 9bfcf775073844d0aa6251e7ee486375 P b497dbd6bd1a4c998891b00d2493a1bb: Deleting tablet data with delete state TABLET_DATA_DELETED
I0727 06:17:06.673379 20880 ts_tablet_manager.cc:1060] T 1b03dee112f042c9a2e2369c029b7b1c P b497dbd6bd1a4c998891b00d2493a1bb: Deleting consensus metadata
I0727 06:17:06.673460 20877 ts_tablet_manager.cc:1030] T bbdd11b90f804c5a94a3242a27bbe2c7 P b497dbd6bd1a4c998891b00d2493a1bb: Deleting tablet data with delete state TABLET_DATA_DELETED
I0727 06:17:06.674487 20879 ts_tablet_manager.cc:1042] T 19ec32725bca4ee9b1356d6fb2fe4c0b P b497dbd6bd1a4c998891b00d2493a1bb: Tablet deleted. Last logged OpId: 1.1
I0727 06:17:06.674502 20879 log.cc:974] T 19ec32725bca4ee9b1356d6fb2fe4c0b P b497dbd6bd1a4c998891b00d2493a1bb: Deleting WAL directory at /home/ubuntu/Impala/testdata/cluster/cdh5/node-1/var/lib/kudu/ts/wal/wals/19ec32725bca4ee9b1356d6fb2fe4c0b
I0727 06:17:06.674602 20879 ts_tablet_manager.cc:1060] T 19ec32725bca4ee9b1356d6fb2fe4c0b P b497dbd6bd1a4c998891b00d2493a1bb: Deleting consensus metadata
I0727 06:17:06.674669 20878 ts_tablet_manager.cc:1042] T 9bfcf775073844d0aa6251e7ee486375 P b497dbd6bd1a4c998891b00d2493a1bb: Tablet deleted. Last logged OpId: 1.1
I0727 06:17:06.674680 20878 log.cc:974] T 9bfcf775073844d0aa6251e7ee486375 P b497dbd6bd1a4c998891b00d2493a1bb: Deleting WAL directory at /home/ubuntu/Impala/testdata/cluster/cdh5/node-1/var/lib/kudu/ts/wal/wals/9bfcf775073844d0aa6251e7ee486375
I0727 06:17:06.674784 20878 ts_tablet_manager.cc:1060] T 9bfcf775073844d0aa6251e7ee486375 P b497dbd6bd1a4c998891b00d2493a1bb: Deleting consensus metadata
I0727 06:17:06.675710 20877 ts_tablet_manager.cc:1042] T bbdd11b90f804c5a94a3242a27bbe2c7 P b497dbd6bd1a4c998891b00d2493a1bb: Tablet deleted. Last logged OpId: 1.1
I0727 06:17:06.675725 20877 log.cc:974] T bbdd11b90f804c5a94a3242a27bbe2c7 P b497dbd6bd1a4c998891b00d2493a1bb: Deleting WAL directory at /home/ubuntu/Impala/testdata/cluster/cdh5/node-1/var/lib/kudu/ts/wal/wals/bbdd11b90f804c5a94a3242a27bbe2c7
I0727 06:17:06.675817 20877 ts_tablet_manager.cc:1060] T bbdd11b90f804c5a94a3242a27bbe2c7 P b497dbd6bd1a4c998891b00d2493a1bb: Deleting consensus metadata
I0727 06:23:58.746656 114414 raft_consensus.cc:411] T df6cfc0be3494e52b31b93d2298d1663 P b497dbd6bd1a4c998891b00d2493a1bb [term 1 FOLLOWER]: Starting pre-election (detected failure of leader 6f1af300e1d549d6b1cdd8bf3b9aeb9c)
I0727 06:23:58.744894 111995 raft_consensus.cc:411] T 3092a2a1be4e47c3aa26e260c1eea55b P b497dbd6bd1a4c998891b00d2493a1bb [term 1 FOLLOWER]: Starting pre-election (detected failure of leader 3a3c735705964e1badb66c37a66a9096)
I0727 06:23:58.728032 112454 raft_consensus.cc:411] T 4b74a3b8327943648255613c164c0b03 P b497dbd6bd1a4c998891b00d2493a1bb [term 1 FOLLOWER]: Starting pre-election (detected failure of leader 6f1af300e1d549d6b1cdd8bf3b9aeb9c)
I0727 06:23:58.741551 114377 raft_consensus.cc:411] T ada7c413be4941979ed4e6cb659de772 P b497dbd6bd1a4c998891b00d2493a1bb [term 1 FOLLOWER]: Starting pre-election (detected failure of leader 6f1af300e1d549d6b1cdd8bf3b9aeb9c)
I0727 06:23:58.728025 112178 raft_consensus.cc:411] T f038d46bf3e34e8c879089719e8cf16c P b497dbd6bd1a4c998891b00d2493a1bb [term 1 FOLLOWER]: Starting pre-election (detected failure of leader 3a3c735705964e1badb66c37a66a9096)
I0727 06:23:58.744689 112268 raft_consensus.cc:411] T bac7cef66ac844dba523321d5dca7973 P b497dbd6bd1a4c998891b00d2493a1bb [term 1 FOLLOWER]: Starting pre-election (detected failure of leader 3a3c735705964e1badb66c37a66a9096)
I0727 06:23:58.728025 112083 raft_consensus.cc:411] T a48dec82544c44368e90f3268592bd56 P b497dbd6bd1a4c998891b00d2493a1bb [term 1 FOLLOWER]: Starting pre-election (detected failure of leader 6f1af300e1d549d6b1cdd8bf3b9aeb9c)
I0727 06:23:58.748828 114596 raft_consensus.cc:411] T 23972109f3b84ab3b2773a40c7a49cae P b497dbd6bd1a4c998891b00d2493a1bb [term 1 FOLLOWER]: Starting pre-election (detected failure of leader 6f1af300e1d549d6b1cdd8bf3b9aeb9c)
I0727 06:23:58.741492 112089 raft_consensus.cc:411] T cda6fdae46394e928fcbf60687842993 P b497dbd6bd1a4c998891b00d2493a1bb [term 1 FOLLOWER]: Starting pre-election (detected failure of leader 6f1af300e1d549d6b1cdd8bf3b9aeb9c)
I0727 06:23:58.728039 114984 raft_consensus.cc:411] T 8a8310ac4ee8407084fc03f93142f160 P b497dbd6bd1a4c998891b00d2493a1bb [term 1 FOLLOWER]: Starting pre-election (detected failure of leader 6f1af300e1d549d6b1cdd8bf3b9aeb9c)
I0727 06:23:58.741492 112295 raft_consensus.cc:411] T e4a5fa8995af467495e902551300c673 P b497dbd6bd1a4c998891b00d2493a1bb [term 1 FOLLOWER]: Starting pre-election (detected failure of leader 3a3c735705964e1badb66c37a66a9096)
I0727 06:23:58.728030 112166 raft_consensus.cc:411] T 56bddfd7123d47a6a0842b4c7a9f01db P b497dbd6bd1a4c998891b00d2493a1bb [term 1 FOLLOWER]: Starting pre-election (detected failure of leader 6f1af300e1d549d6b1cdd8bf3b9aeb9c)
I0727 06:23:58.744181 112214 raft_consensus.cc:411] T 2d9503271f994575aecf7d7c5e24b2d3 P b497dbd6bd1a4c998891b00d2493a1bb [term 1 FOLLOWER]: Starting pre-election (detected failure of leader 6f1af300e1d549d6b1cdd8bf3b9aeb9c)
I0727 06:23:58.743463 114585 raft_consensus.cc:411] T 6b771c35311e4f059cfc954ce6100491 P b497dbd6bd1a4c998891b00d2493a1bb [term 1 FOLLOWER]: Starting pre-election (detected failure of leader 3a3c735705964e1badb66c37a66a9096)
I0727 06:23:58.745399 112369 raft_consensus.cc:411] T c31d0be6e17c4d7eb1f7e9f4e49f426d P b497dbd6bd1a4c998891b00d2493a1bb [term 1 FOLLOWER]: Starting pre-election (detected failure of leader 3a3c735705964e1badb66c37a66a9096)
I0727 06:23:58.804004 114861 raft_consensus.cc:411] T 1657dedf839d46b6a6e9e0d598134c4d P b497dbd6bd1a4c998891b00d2493a1bb [term 1 FOLLOWER]: Starting pre-election (detected failure of leader 6f1af300e1d549d6b1cdd8bf3b9aeb9c)
I0727 06:23:58.860929 112001 raft_consensus.cc:411] T 20dd5b961d6c4a5cb718d747524d3697 P b497dbd6bd1a4c998891b00d2493a1bb [term 1 FOLLOWER]: Starting pre-election (detected failure of leader 6f1af300e1d549d6b1cdd8bf3b9aeb9c)
I0727 06:23:58.860990 114395 raft_consensus.cc:411] T 94cb3f1df1dc40e2bf7926a44db84639 P b497dbd6bd1a4c998891b00d2493a1bb [term 1 FOLLOWER]: Starting pre-election (detected failure of leader 6f1af300e1d549d6b1cdd8bf3b9aeb9c)
I0727 06:23:58.860991 114969 raft_consensus.cc:411] T 87683d05eb28433ea34685721696c514 P b497dbd6bd1a4c998891b00d2493a1bb [term 1 FOLLOWER]: Starting pre-election (detected failure of leader 3a3c735705964e1badb66c37a66a9096)
I0727 06:23:58.861320 114482 raft_consensus.cc:411] T 5438f9c117d74ad1af3cade8fb9bbd78 P b497dbd6bd1a4c998891b00d2493a1bb [term 1 FOLLOWER]: Starting pre-election (detected failure of leader 6f1af300e1d549d6b1cdd8bf3b9aeb9c)
I0727 06:23:58.861397 114796 raft_consensus.cc:411] T 3c9bdf10f92548e9a2a6d09d2cb74380 P b497dbd6bd1a4c998891b00d2493a1bb [term 1 FOLLOWER]: Starting pre-election (detected failure of leader 6f1af300e1d549d6b1cdd8bf3b9aeb9c)
I0727 06:23:58.861424 112045 raft_consensus.cc:411] T 7c456491f02e4c0bbd4a2d06106a00a1 P b497dbd6bd1a4c998891b00d2493a1bb [term 1 FOLLOWER]: Starting pre-election (detected failure of leader 3a3c735705964e1badb66c37a66a9096)
I0727 06:23:58.861433 112466 raft_consensus.cc:411] T 1f784e1506824863827f8c6dfeefbfb4 P b497dbd6bd1a4c998891b00d2493a1bb [term 1 FOLLOWER]: Starting pre-election (detected failure of leader 6f1af300e1d549d6b1cdd8bf3b9aeb9c)
I0727 06:23:58.861531 114753 raft_consensus.cc:411] T 252708c40cff4a18a4c41415a4615883 P b497dbd6bd1a4c998891b00d2493a1bb [term 1 FOLLOWER]: Starting pre-election (detected failure of leader 6f1af300e1d549d6b1cdd8bf3b9aeb9c)
I0727 06:23:58.861721 114778 raft_consensus.cc:411] T 8dbbd5f1d8f944c49e94797ceb3dea4c P b497dbd6bd1a4c998891b00d2493a1bb [term 1 FOLLOWER]: Starting pre-election (detected failure of leader 3a3c735705964e1badb66c37a66a9096)
I0727 06:23:58.861811 114511 raft_consensus.cc:411] T e4ac84dba3f44fbcac5ea3128fa822e3 P b497dbd6bd1a4c998891b00d2493a1bb [term 1 FOLLOWER]: Starting pre-election (detected failure of leader 3a3c735705964e1badb66c37a66a9096)
I0727 06:23:58.862313 114493 raft_consensus.cc:411] T 7a3a791fc03945a6a3dec1e70dd77083 P b497dbd6bd1a4c998891b00d2493a1bb [term 1 FOLLOWER]: Starting pre-election (detected failure of leader 3a3c735705964e1badb66c37a66a9096)
I0727 06:23:58.960822 111910 raft_consensus.cc:411] T 27a5b15a78254fa1890137a0f3df9276 P b497dbd6bd1a4c998891b00d2493a1bb [term 1 FOLLOWER]: Starting pre-election (detected failure of leader 6f1af300e1d549d6b1cdd8bf3b9aeb9c)
I0727 06:23:58.961027 114591 raft_consensus.cc:411] T ffec3d0d55db4cd1a5f9c9b7e0199acf P b497dbd6bd1a4c998891b00d2493a1bb [term 1 FOLLOWER]: Starting pre-election (detected failure of leader 6f1af300e1d549d6b1cdd8bf3b9aeb9c)
I0727 06:23:58.961103 114665 raft_consensus.cc:411] T 1ed3de3d7ce0420880b2146cc0572329 P b497dbd6bd1a4c998891b00d2493a1bb [term 1 FOLLOWER]: Starting pre-election (detected failure of leader 3a3c735705964e1badb66c37a66a9096)
I0727 06:23:58.961292 112077 raft_consensus.cc:411] T 904259aacdee4b52902b54cf4a48422a P b497dbd6bd1a4c998891b00d2493a1bb [term 1 FOLLOWER]: Starting pre-election (detected failure of leader 6f1af300e1d549d6b1cdd8bf3b9aeb9c)
I0727 06:23:59.012915 114482 raft_consensus.cc:2372] T 5438f9c117d74ad1af3cade8fb9bbd78 P b497dbd6bd1a4c998891b00d2493a1bb: Snoozing failure detection for election timeout plus an additional 1.780s
I0727 06:23:59.012938 114796 raft_consensus.cc:2372] T 3c9bdf10f92548e9a2a6d09d2cb74380 P b497dbd6bd1a4c998891b00d2493a1bb: Snoozing failure detection for election timeout plus an additional 1.757s
I0727 06:23:59.012928 114511 raft_consensus.cc:2372] T e4ac84dba3f44fbcac5ea3128fa822e3 P b497dbd6bd1a4c998891b00d2493a1bb: Snoozing failure detection for election timeout plus an additional 2.056s
I0727 06:23:59.012904 112089 raft_consensus.cc:2372] T cda6fdae46394e928fcbf60687842993 P b497dbd6bd1a4c998891b00d2493a1bb: Snoozing failure detection for election timeout plus an additional 2.074s
I0727 06:23:59.012929 114596 raft_consensus.cc:2372] T 23972109f3b84ab3b2773a40c7a49cae P b497dbd6bd1a4c998891b00d2493a1bb: Snoozing failure detection for election timeout plus an additional 1.711s
I0727 06:23:59.012944 114753 raft_consensus.cc:2372] T 252708c40cff4a18a4c41415a4615883 P b497dbd6bd1a4c998891b00d2493a1bb: Snoozing failure detection for election timeout plus an additional 2.152s
I0727 06:23:59.012969 114493 raft_consensus.cc:2372] T 7a3a791fc03945a6a3dec1e70dd77083 P b497dbd6bd1a4c998891b00d2493a1bb: Snoozing failure detection for election timeout plus an additional 1.675s
I0727 06:23:59.012928 112369 raft_consensus.cc:2372] T c31d0be6e17c4d7eb1f7e9f4e49f426d P b497dbd6bd1a4c998891b00d2493a1bb: Snoozing failure detection for election timeout plus an additional 2.245s
I0727 06:23:59.012977 112001 raft_consensus.cc:2372] T 20dd5b961d6c4a5cb718d747524d3697 P b497dbd6bd1a4c998891b00d2493a1bb: Snoozing failure detection for election timeout plus an additional 1.549s
I0727 06:23:59.012979 114395 raft_consensus.cc:2372] T 94cb3f1df1dc40e2bf7926a44db84639 P b497dbd6bd1a4c998891b00d2493a1bb: Snoozing failure detection for election timeout plus an additional 1.541s
I0727 06:23:59.012979 112466 raft_consensus.cc:2372] T 1f784e1506824863827f8c6dfeefbfb4 P b497dbd6bd1a4c998891b00d2493a1bb: Snoozing failure detection for election timeout plus an additional 1.853s
I0727 06:23:59.012986 114414 raft_consensus.cc:2372] T df6cfc0be3494e52b31b93d2298d1663 P b497dbd6bd1a4c998891b00d2493a1bb: Snoozing failure detection for election timeout plus an additional 1.596s
I0727 06:23:59.012904 114778 raft_consensus.cc:2372] T 8dbbd5f1d8f944c49e94797ceb3dea4c P b497dbd6bd1a4c998891b00d2493a1bb: Snoozing failure detection for election timeout plus an additional 1.935s
I0727 06:23:59.012904 111995 raft_consensus.cc:2372] T 3092a2a1be4e47c3aa26e260c1eea55b P b497dbd6bd1a4c998891b00d2493a1bb: Snoozing failure detection for election timeout plus an additional 1.572s
I0727 06:23:59.012997 114585 raft_consensus.cc:2372] T 6b771c35311e4f059cfc954ce6100491 P b497dbd6bd1a4c998891b00d2493a1bb: Snoozing failure detection for election timeout plus an additional 2.213s
I0727 06:23:59.012912 112077 raft_consensus.cc:2372] T 904259aacdee4b52902b54cf4a48422a P b497dbd6bd1a4c998891b00d2493a1bb: Snoozing failure detection for election timeout plus an additional 1.784s
I0727 06:23:59.012990 112045 raft_consensus.cc:2372] T 7c456491f02e4c0bbd4a2d06106a00a1 P b497dbd6bd1a4c998891b00d2493a1bb: Snoozing failure detection for election timeout plus an additional 2.195s
I0727 06:23:59.012975 112268 raft_consensus.cc:2372] T bac7cef66ac844dba523321d5dca7973 P b497dbd6bd1a4c998891b00d2493a1bb: Snoozing failure detection for election timeout plus an additional 2.217s
I0727 06:23:59.012987 112295 raft_consensus.cc:2372] T e4a5fa8995af467495e902551300c673 P b497dbd6bd1a4c998891b00d2493a1bb: Snoozing failure detection for election timeout plus an additional 2.178s
I0727 06:23:59.012904 114984 raft_consensus.cc:2372] T 8a8310ac4ee8407084fc03f93142f160 P b497dbd6bd1a4c998891b00d2493a1bb: Snoozing failure detection for election timeout plus an additional 2.237s
I0727 06:23:59.013003 112166 raft_consensus.cc:2372] T 56bddfd7123d47a6a0842b4c7a9f01db P b497dbd6bd1a4c998891b00d2493a1bb: Snoozing failure detection for election timeout plus an additional 1.778s
I0727 06:23:59.012997 114591 raft_consensus.cc:2372] T ffec3d0d55db4cd1a5f9c9b7e0199acf P b497dbd6bd1a4c998891b00d2493a1bb: Snoozing failure detection for election timeout plus an additional 2.208s
I0727 06:23:59.012923 111910 raft_consensus.cc:2372] T 27a5b15a78254fa1890137a0f3df9276 P b497dbd6bd1a4c998891b00d2493a1bb: Snoozing failure detection for election timeout plus an additional 1.539s
I0727 06:23:59.013038 114665 raft_consensus.cc:2372] T 1ed3de3d7ce0420880b2146cc0572329 P b497dbd6bd1a4c998891b00d2493a1bb: Snoozing failure detection for election timeout plus an additional 1.620s
I0727 06:23:59.013015 112454 raft_consensus.cc:2372] T 4b74a3b8327943648255613c164c0b03 P b497dbd6bd1a4c998891b00d2493a1bb: Snoozing failure detection for election timeout plus an additional 2.247s
I0727 06:23:59.013023 114377 raft_consensus.cc:2372] T ada7c413be4941979ed4e6cb659de772 P b497dbd6bd1a4c998891b00d2493a1bb: Snoozing failure detection for election timeout plus an additional 1.919s
I0727 06:23:59.013068 114861 raft_consensus.cc:2372] T 1657dedf839d46b6a6e9e0d598134c4d P b497dbd6bd1a4c998891b00d2493a1bb: Snoozing failure detection for election timeout plus an additional 1.659s
I0727 06:23:59.024173 112178 raft_consensus.cc:2372] T f038d46bf3e34e8c879089719e8cf16c P b497dbd6bd1a4c998891b00d2493a1bb: Snoozing failure detection for election timeout plus an additional 1.821s
I0727 06:23:59.024174 112083 raft_consensus.cc:2372] T a48dec82544c44368e90f3268592bd56 P b497dbd6bd1a4c998891b00d2493a1bb: Snoozing failure detection for election timeout plus an additional 1.830s
I0727 06:23:59.024173 114969 raft_consensus.cc:2372] T 87683d05eb28433ea34685721696c514 P b497dbd6bd1a4c998891b00d2493a1bb: Snoozing failure detection for election timeout plus an additional 1.853s
I0727 06:23:59.024175 112214 raft_consensus.cc:2372] T 2d9503271f994575aecf7d7c5e24b2d3 P b497dbd6bd1a4c998891b00d2493a1bb: Snoozing failure detection for election timeout plus an additional 1.538s
I0727 06:23:59.060741 114943 raft_consensus.cc:411] T b527d368019249599a210c7bbf525db5 P b497dbd6bd1a4c998891b00d2493a1bb [term 1 FOLLOWER]: Starting pre-election (detected failure of leader 3a3c735705964e1badb66c37a66a9096)
I0727 06:23:59.060791 114943 raft_consensus.cc:2372] T b527d368019249599a210c7bbf525db5 P b497dbd6bd1a4c998891b00d2493a1bb: Snoozing failure detection for election timeout plus an additional 1.920s
I0727 06:23:59.060905 114408 raft_consensus.cc:411] T 34be0a7b01f64d87bf6b25a5f395553a P b497dbd6bd1a4c998891b00d2493a1bb [term 1 FOLLOWER]: Starting pre-election (detected failure of leader 3a3c735705964e1badb66c37a66a9096)
I0727 06:23:59.060923 114408 raft_consensus.cc:2372] T 34be0a7b01f64d87bf6b25a5f395553a P b497dbd6bd1a4c998891b00d2493a1bb: Snoozing failure detection for election timeout plus an additional 1.967s
I0727 06:23:59.061264 112411 raft_consensus.cc:411] T b416701ca52b49e89eb6b0b6204378fb P b497dbd6bd1a4c998891b00d2493a1bb [term 1 FOLLOWER]: Starting pre-election (detected failure of leader 6f1af300e1d549d6b1cdd8bf3b9aeb9c)
I0727 06:23:59.061314 114689 raft_consensus.cc:411] T d2efdde73da44beb9937bf8e9bf826b7 P b497dbd6bd1a4c998891b00d2493a1bb [term 1 FOLLOWER]: Starting pre-election (detected failure of leader 3a3c735705964e1badb66c37a66a9096)
I0727 06:23:59.075702 112411 raft_consensus.cc:2372] T b416701ca52b49e89eb6b0b6204378fb P b497dbd6bd1a4c998891b00d2493a1bb: Snoozing failure detection for election timeout plus an additional 2.001s
I0727 06:23:59.075714 114689 raft_consensus.cc:2372] T d2efdde73da44beb9937bf8e9bf826b7 P b497dbd6bd1a4c998891b00d2493a1bb: Snoozing failure detection for election timeout plus an additional 1.961s
I0727 06:23:59.061638 114269 raft_consensus.cc:411] T e99cd71d7ecf43749f75e398c62ec477 P b497dbd6bd1a4c998891b00d2493a1bb [term 1 FOLLOWER]: Starting pre-election (detected failure of leader 6f1af300e1d549d6b1cdd8bf3b9aeb9c)
I0727 06:23:59.064571 114790 raft_consensus.cc:411] T b4c6f01dbb31487e940a189c0ba2483a P b497dbd6bd1a4c998891b00d2493a1bb [term 1 FOLLOWER]: Starting pre-election (detected failure of leader 3a3c735705964e1badb66c37a66a9096)
I0727 06:23:59.064671 114658 raft_consensus.cc:411] T fe6d0f903d9b430087a4cd4a2124466a P b497dbd6bd1a4c998891b00d2493a1bb [term 1 FOLLOWER]: Starting pre-election (detected failure of leader 6f1af300e1d549d6b1cdd8bf3b9aeb9c)
I0727 06:23:59.064676 114958 raft_consensus.cc:411] T 1b3e76dbf2af4466b479aee23d5c5771 P b497dbd6bd1a4c998891b00d2493a1bb [term 1 FOLLOWER]: Starting pre-election (detected failure of leader 3a3c735705964e1badb66c37a66a9096)
I0727 06:23:59.075840 114958 raft_consensus.cc:2372] T 1b3e76dbf2af4466b479aee23d5c5771 P b497dbd6bd1a4c998891b00d2493a1bb: Snoozing failure detection for election timeout plus an additional 1.685s
I0727 06:23:59.064841 114602 raft_consensus.cc:411] T 0f0b2dbc0811423b846f6cd421e62e4d P b497dbd6bd1a4c998891b00d2493a1bb [term 1 FOLLOWER]: Starting pre-election (detected failure of leader 3a3c735705964e1badb66c37a66a9096)
I0727 06:23:59.061324 114878 raft_consensus.cc:411] T 1c510e0d964a4698ae860452cec4e61e P b497dbd6bd1a4c998891b00d2493a1bb [term 1 FOLLOWER]: Starting pre-election (detected failure of leader 3a3c735705964e1badb66c37a66a9096)
I0727 06:23:59.061470 111938 raft_consensus.cc:411] T 07f356b7460d4263bb413f8f78309f43 P b497dbd6bd1a4c998891b00d2493a1bb [term 1 FOLLOWER]: Starting pre-election (detected failure of leader 3a3c735705964e1badb66c37a66a9096)
I0727 06:23:59.075909 114878 raft_consensus.cc:2372] T 1c510e0d964a4698ae860452cec4e61e P b497dbd6bd1a4c998891b00d2493a1bb: Snoozing failure detection for election timeout plus an additional 2.060s
I0727 06:23:59.075768 114269 raft_consensus.cc:2372] T e99cd71d7ecf43749f75e398c62ec477 P b497dbd6bd1a4c998891b00d2493a1bb: Snoozing failure detection for election timeout plus an additional 1.946s
I0727 06:23:59.075793 114790 raft_consensus.cc:2372] T b4c6f01dbb31487e940a189c0ba2483a P b497dbd6bd1a4c998891b00d2493a1bb: Snoozing failure detection for election timeout plus an additional 1.996s
I0727 06:23:59.075929 111938 raft_consensus.cc:2372] T 07f356b7460d4263bb413f8f78309f43 P b497dbd6bd1a4c998891b00d2493a1bb: Snoozing failure detection for election timeout plus an additional 2.223s
I0727 06:23:59.075816 114658 raft_consensus.cc:2372] T fe6d0f903d9b430087a4cd4a2124466a P b497dbd6bd1a4c998891b00d2493a1bb: Snoozing failure detection for election timeout plus an additional 2.151s
I0727 06:23:59.064781 114475 raft_consensus.cc:411] T c772298a79f340119ac8e8e01458b1ac P b497dbd6bd1a4c998891b00d2493a1bb [term 1 FOLLOWER]: Starting pre-election (detected failure of leader 3a3c735705964e1badb66c37a66a9096)
I0727 06:23:59.075881 114602 raft_consensus.cc:2372] T 0f0b2dbc0811423b846f6cd421e62e4d P b497dbd6bd1a4c998891b00d2493a1bb: Snoozing failure detection for election timeout plus an additional 1.805s
I0727 06:23:59.075961 114475 raft_consensus.cc:2372] T c772298a79f340119ac8e8e01458b1ac P b497dbd6bd1a4c998891b00d2493a1bb: Snoozing failure detection for election timeout plus an additional 1.827s
I0727 06:23:59.162634 114365 raft_consensus.cc:411] T 9799ed146fd8408b991ed6225dae2325 P b497dbd6bd1a4c998891b00d2493a1bb [term 1 FOLLOWER]: Starting pre-election (detected failure of leader 3a3c735705964e1badb66c37a66a9096)
I0727 06:23:59.162669 114365 raft_consensus.cc:2372] T 9799ed146fd8408b991ed6225dae2325 P b497dbd6bd1a4c998891b00d2493a1bb: Snoozing failure detection for election timeout plus an additional 2.247s
I0727 06:23:59.164860 112208 raft_consensus.cc:411] T 4ee4c3f4e64e4016897f1a0f51893986 P b497dbd6bd1a4c998891b00d2493a1bb [term 1 FOLLOWER]: Starting pre-election (detected failure of leader 6f1af300e1d549d6b1cdd8bf3b9aeb9c)
I0727 06:23:59.164885 112208 raft_consensus.cc:2372] T 4ee4c3f4e64e4016897f1a0f51893986 P b497dbd6bd1a4c998891b00d2493a1bb: Snoozing failure detection for election timeout plus an additional 1.598s
I0727 06:23:59.184774 114499 raft_consensus.cc:411] T c9aa3f1a134a4c01b7c9a4f8891cef2d P b497dbd6bd1a4c998891b00d2493a1bb [term 1 FOLLOWER]: Starting pre-election (detected failure of leader 6f1af300e1d549d6b1cdd8bf3b9aeb9c)
I0727 06:23:59.184831 114499 raft_consensus.cc:2372] T c9aa3f1a134a4c01b7c9a4f8891cef2d P b497dbd6bd1a4c998891b00d2493a1bb: Snoozing failure detection for election timeout plus an additional 2.161s
I0727 06:23:59.312868 112454 raft_consensus.cc:435] T 4b74a3b8327943648255613c164c0b03 P b497dbd6bd1a4c998891b00d2493a1bb [term 1 FOLLOWER]: Starting pre-election with config: opid_index: -1 OBSOLETE_local: false peers { permanent_uuid: "b497dbd6bd1a4c998891b00d2493a1bb" member_type: VOTER last_known_addr { host: "ip-172-31-12-168" port: 31202 } } peers { permanent_uuid: "3a3c735705964e1badb66c37a66a9096" member_type: VOTER last_known_addr { host: "ip-172-31-12-168" port: 31200 } } peers { permanent_uuid: "6f1af300e1d549d6b1cdd8bf3b9aeb9c" member_type: VOTER last_known_addr { host: "ip-172-31-12-168" port: 31201 } }
I0727 06:23:59.312885 114958 raft_consensus.cc:435] T 1b3e76dbf2af4466b479aee23d5c5771 P b497dbd6bd1a4c998891b00d2493a1bb [term 1 FOLLOWER]: Starting pre-election with config: opid_index: -1 OBSOLETE_local: false peers { permanent_uuid: "3a3c735705964e1badb66c37a66a9096" member_type: VOTER last_known_addr { host: "ip-172-31-12-168" port: 31200 } } peers { permanent_uuid: "b497dbd6bd1a4c998891b00d2493a1bb" member_type: VOTER last_known_addr { host: "ip-172-31-12-168" port: 31202 } } peers { permanent_uuid: "6f1af300e1d549d6b1cdd8bf3b9aeb9c" member_type: VOTER last_known_addr { host: "ip-172-31-12-168" port: 31201 } }
I0727 06:23:59.312919 114984 raft_consensus.cc:435] T 8a8310ac4ee8407084fc03f93142f160 P b497dbd6bd1a4c998891b00d2493a1bb [term 1 FOLLOWER]: Starting pre-election with config: opid_index: -1 OBSOLETE_local: false peers { permanent_uuid: "b497dbd6bd1a4c998891b00d2493a1bb" member_type: VOTER last_known_addr { host: "ip-172-31-12-168" port: 31202 } } peers { permanent_uuid: "3a3c735705964e1badb66c37a66a9096" member_type: VOTER last_known_addr { host: "ip-172-31-12-168" port: 31200 } } peers { permanent_uuid: "6f1af300e1d549d6b1cdd8bf3b9aeb9c" member_type: VOTER last_known_addr { host: "ip-172-31-12-168" port: 31201 } }
I0727 06:23:59.312924 112268 raft_consensus.cc:435] T bac7cef66ac844dba523321d5dca7973 P b497dbd6bd1a4c998891b00d2493a1bb [term 1 FOLLOWER]: Starting pre-election with config: opid_index: -1 OBSOLETE_local: false peers { permanent_uuid: "b497dbd6bd1a4c998891b00d2493a1bb" member_type: VOTER last_known_addr { host: "ip-172-31-12-168" port: 31202 } } peers { permanent_uuid: "3a3c735705964e1badb66c37a66a9096" member_type: VOTER last_known_addr { host: "ip-172-31-12-168" port: 31200 } } peers { permanent_uuid: "6f1af300e1d549d6b1cdd8bf3b9aeb9c" member_type: VOTER last_known_addr { host: "ip-172-31-12-168" port: 31201 } }
I0727 06:23:59.312841 114878 raft_consensus.cc:435] T 1c510e0d964a4698ae860452cec4e61e P b497dbd6bd1a4c998891b00d2493a1bb [term 1 FOLLOWER]: Starting pre-election with config: opid_index: -1 OBSOLETE_local: false peers { permanent_uuid: "b497dbd6bd1a4c998891b00d2493a1bb" member_type: VOTER last_known_addr { host: "ip-172-31-12-168" port: 31202 } } peers { permanent_uuid: "3a3c735705964e1badb66c37a66a9096" member_type: VOTER last_known_addr { host: "ip-172-31-12-168" port: 31200 } } peers { permanent_uuid: "6f1af300e1d549d6b1cdd8bf3b9aeb9c" member_type: VOTER last_known_addr { host: "ip-172-31-12-168" port: 31201 } }
I0727 06:23:59.312930 112411 raft_consensus.cc:435] T b416701ca52b49e89eb6b0b6204378fb P b497dbd6bd1a4c998891b00d2493a1bb [term 1 FOLLOWER]: Starting pre-election with config: opid_index: -1 OBSOLETE_local: false peers { permanent_uuid: "3a3c735705964e1badb66c37a66a9096" member_type: VOTER last_known_addr { host: "ip-172-31-12-168" port: 31200 } } peers { permanent_uuid: "6f1af300e1d549d6b1cdd8bf3b9aeb9c" member_type: VOTER last_known_addr { host: "ip-172-31-12-168" port: 31201 } } peers { permanent_uuid: "b497dbd6bd1a4c998891b00d2493a1bb" member_type: VOTER last_known_addr { host: "ip-172-31-12-168" port: 31202 } }
I0727 06:23:59.312892 114796 raft_consensus.cc:435] T 3c9bdf10f92548e9a2a6d09d2cb74380 P b497dbd6bd1a4c998891b00d2493a1bb [term 1 FOLLOWER]: Starting pre-election with config: opid_index: -1 OBSOLETE_local: false peers { permanent_uuid: "b497dbd6bd1a4c998891b00d2493a1bb" member_type: VOTER last_known_addr { host: "ip-172-31-12-168" port: 31202 } } peers { permanent_uuid: "3a3c735705964e1badb66c37a66a9096" member_type: VOTER last_known_addr { host: "ip-172-31-12-168" port: 31200 } } peers { permanent_uuid: "6f1af300e1d549d6b1cdd8bf3b9aeb9c" member_type: VOTER last_known_addr { host: "ip-172-31-12-168" port: 31201 } }
I0727 06:23:59.312927 114395 raft_consensus.cc:435] T 94cb3f1df1dc40e2bf7926a44db84639 P b497dbd6bd1a4c998891b00d2493a1bb [term 1 FOLLOWER]: Starting pre-election with config: opid_index: -1 OBSOLETE_local: false peers { permanent_uuid: "b497dbd6bd1a4c998891b00d2493a1bb" member_type: VOTER last_known_addr { host: "ip-172-31-12-168" port: 31202 } } peers { permanent_uuid: "3a3c735705964e1badb66c37a66a9096" member_type: VOTER last_known_addr { host: "ip-172-31-12-168" port: 31200 } } peers { permanent_uuid: "6f1af300e1d549d6b1cdd8bf3b9aeb9c" member_type: VOTER last_known_addr { host: "ip-172-31-12-168" port: 31201 } }
I0727 06:23:59.312947 114778 raft_consensus.cc:435] T 8dbbd5f1d8f944c49e94797ceb3dea4c P b497dbd6bd1a4c998891b00d2493a1bb [term 1 FOLLOWER]: Starting pre-election with config: opid_index: -1 OBSOLETE_local: false peers { permanent_uuid: "3a3c735705964e1badb66c37a66a9096" member_type: VOTER last_known_addr { host: "ip-172-31-12-168" port: 31200 } } peers { permanent_uuid: "b497dbd6bd1a4c998891b00d2493a1bb" member_type: VOTER last_known_addr { host: "ip-172-31-12-168" port: 31202 } } peers { permanent_uuid: "6f1af300e1d549d6b1cdd8bf3b9aeb9c" member_type: VOTER last_known_addr { host: "ip-172-31-12-168" port: 31201 } }
I0727 06:23:59.312944 114585 raft_consensus.cc:435] T 6b771c35311e4f059cfc954ce6100491 P b497dbd6bd1a4c998891b00d2493a1bb [term 1 FOLLOWER]: Starting pre-election with config: opid_index: -1 OBSOLETE_local: false peers { permanent_uuid: "3a3c735705964e1badb66c37a66a9096" member_type: VOTER last_known_addr { host: "ip-172-31-12-168" port: 31200 } } peers { permanent_uuid: "b497dbd6bd1a4c998891b00d2493a1bb" member_type: VOTER last_known_addr { host: "ip-172-31-12-168" port: 31202 } } peers { permanent_uuid: "6f1af300e1d549d6b1cdd8bf3b9aeb9c" member_type: VOTER last_known_addr { host: "ip-172-31-12-168" port: 31201 } }
I0727 06:23:59.312841 111995 raft_consensus.cc:435] T 3092a2a1be4e47c3aa26e260c1eea55b P b497dbd6bd1a4c998891b00d2493a1bb [term 1 FOLLOWER]: Starting pre-election with config: opid_index: -1 OBSOLETE_local: false peers { permanent_uuid: "6f1af300e1d549d6b1cdd8bf3b9aeb9c" member_type: VOTER last_known_addr { host: "ip-172-31-12-168" port: 31201 } } peers { permanent_uuid: "3a3c735705964e1badb66c37a66a9096" member_type: VOTER last_known_addr { host: "ip-172-31-12-168" port: 31200 } } peers { permanent_uuid: "b497dbd6bd1a4c998891b00d2493a1bb" member_type: VOTER last_known_addr { host: "ip-172-31-12-168" port: 31202 } }
I0727 06:23:59.312933 114790 raft_consensus.cc:435] T b4c6f01dbb31487e940a189c0ba2483a P b497dbd6bd1a4c998891b00d2493a1bb [term 1 FOLLOWER]: Starting pre-election with config: opid_index: -1 OBSOLETE_local: false peers { permanent_uuid: "3a3c735705964e1badb66c37a66a9096" member_type: VOTER last_known_addr { host: "ip-172-31-12-168" port: 31200 } } peers { permanent_uuid: "b497dbd6bd1a4c998891b00d2493a1bb" member_type: VOTER last_known_addr { host: "ip-172-31-12-168" port: 31202 } } peers { permanent_uuid: "6f1af300e1d549d6b1cdd8bf3b9aeb9c" member_type: VOTER last_known_addr { host: "ip-172-31-12-168" port: 31201 } }
I0727 06:23:59.312958 112089 raft_consensus.cc:435] T cda6fdae46394e928fcbf60687842993 P b497dbd6bd1a4c998891b00d2493a1bb [term 1 FOLLOWER]: Starting pre-election with config: opid_index: -1 OBSOLETE_local: false peers { permanent_uuid: "b497dbd6bd1a4c998891b00d2493a1bb" member_type: VOTER last_known_addr { host: "ip-172-31-12-168" port: 31202 } } peers { permanent_uuid: "6f1af300e1d549d6b1cdd8bf3b9aeb9c" member_type: VOTER last_known_addr { host: "ip-172-31-12-168" port: 31201 } } peers { permanent_uuid: "3a3c735705964e1badb66c37a66a9096" member_type: VOTER last_known_addr { host: "ip-172-31-12-168" port: 31200 } }
