I0727 05:19:41.101485 20813 maintenance_manager.cc:435] Time spent running UndoDeltaBlockGCOp(4b74a3b8327943648255613c164c0b03): real 0.000s	user 0.000s	sys 0.000s
I0727 05:19:41.101502 20813 maintenance_manager.cc:441] P b497dbd6bd1a4c998891b00d2493a1bb: UndoDeltaBlockGCOp(4b74a3b8327943648255613c164c0b03) metrics: {"cfile_init":1}
I0727 05:19:41.101791 20813 tablet.cc:1039] T f7d1c53e54434957a69b97da03af97b9 P b497dbd6bd1a4c998891b00d2493a1bb: Flush: entering stage 1 (old memrowset already frozen for inserts)
I0727 05:19:41.101806 20813 compaction.cc:881] Selected 1 rowsets to compact:
I0727 05:19:41.101810 20813 compaction.cc:884] memrowset(current size on disk: ~0 bytes)
I0727 05:19:41.101814 20813 tablet.cc:1041] T f7d1c53e54434957a69b97da03af97b9 P b497dbd6bd1a4c998891b00d2493a1bb: Memstore in-memory size: 2039575 bytes
I0727 05:19:41.101824 20813 tablet.cc:1304] T f7d1c53e54434957a69b97da03af97b9 P b497dbd6bd1a4c998891b00d2493a1bb: Flush: entering phase 1 (flushing snapshot). Phase 1 snapshot: MvccSnapshot[committed={T|T < 6148639627288915968 or (T in {6148639627288915968})}]
I0727 05:19:41.102118 20813 multi_column_writer.cc:95] Opened CFile writers for 5 column(s)
I0727 05:19:41.113739 20813 tablet.cc:1389] T f7d1c53e54434957a69b97da03af97b9 P b497dbd6bd1a4c998891b00d2493a1bb: Flush: entering phase 2 (starting to duplicate updates in new rowsets)
I0727 05:19:41.113762 20813 tablet.cc:1444] T f7d1c53e54434957a69b97da03af97b9 P b497dbd6bd1a4c998891b00d2493a1bb: Flush Phase 2: carrying over any updates which arrived during Phase 1
I0727 05:19:41.113768 20813 tablet.cc:1446] T f7d1c53e54434957a69b97da03af97b9 P b497dbd6bd1a4c998891b00d2493a1bb: Phase 2 snapshot: MvccSnapshot[committed={T|T < 6148639627288915968 or (T in {6148639627288915968})}]
I0727 05:19:41.115034 20813 tablet.cc:1488] T f7d1c53e54434957a69b97da03af97b9 P b497dbd6bd1a4c998891b00d2493a1bb: Flush successful on 7235 rows (374357 bytes)
I0727 05:19:41.115092 20813 maintenance_manager.cc:435] Time spent running FlushMRSOp(f7d1c53e54434957a69b97da03af97b9): real 0.013s	user 0.011s	sys 0.000s
I0727 05:19:41.115115 20813 maintenance_manager.cc:441] P b497dbd6bd1a4c998891b00d2493a1bb: FlushMRSOp(f7d1c53e54434957a69b97da03af97b9) metrics: {"cfile_init":1,"thread_start_us":215,"threads_started":1,"wal-append.queue_time_us":234}
I0727 05:19:41.115468 20813 maintenance_manager.cc:435] Time spent running UndoDeltaBlockGCOp(f7d1c53e54434957a69b97da03af97b9): real 0.000s	user 0.000s	sys 0.000s
I0727 05:19:41.115489 20813 maintenance_manager.cc:441] P b497dbd6bd1a4c998891b00d2493a1bb: UndoDeltaBlockGCOp(f7d1c53e54434957a69b97da03af97b9) metrics: {"cfile_init":1}
I0727 05:19:41.115780 20813 tablet.cc:1039] T 1f784e1506824863827f8c6dfeefbfb4 P b497dbd6bd1a4c998891b00d2493a1bb: Flush: entering stage 1 (old memrowset already frozen for inserts)
I0727 05:19:41.115809 20813 compaction.cc:881] Selected 1 rowsets to compact:
I0727 05:19:41.115816 20813 compaction.cc:884] memrowset(current size on disk: ~0 bytes)
I0727 05:19:41.115820 20813 tablet.cc:1041] T 1f784e1506824863827f8c6dfeefbfb4 P b497dbd6bd1a4c998891b00d2493a1bb: Memstore in-memory size: 1019671 bytes
I0727 05:19:41.115828 20813 tablet.cc:1304] T 1f784e1506824863827f8c6dfeefbfb4 P b497dbd6bd1a4c998891b00d2493a1bb: Flush: entering phase 1 (flushing snapshot). Phase 1 snapshot: MvccSnapshot[committed={T|T < 6148639627218731008 or (T in {6148639627218731008})}]
I0727 05:19:41.116135 20813 multi_column_writer.cc:95] Opened CFile writers for 5 column(s)
I0727 05:19:41.122741 20813 tablet.cc:1389] T 1f784e1506824863827f8c6dfeefbfb4 P b497dbd6bd1a4c998891b00d2493a1bb: Flush: entering phase 2 (starting to duplicate updates in new rowsets)
I0727 05:19:41.122766 20813 tablet.cc:1444] T 1f784e1506824863827f8c6dfeefbfb4 P b497dbd6bd1a4c998891b00d2493a1bb: Flush Phase 2: carrying over any updates which arrived during Phase 1
I0727 05:19:41.122774 20813 tablet.cc:1446] T 1f784e1506824863827f8c6dfeefbfb4 P b497dbd6bd1a4c998891b00d2493a1bb: Phase 2 snapshot: MvccSnapshot[committed={T|T < 6148639627218731008 or (T in {6148639627218731008})}]
I0727 05:19:41.123827 20813 tablet.cc:1488] T 1f784e1506824863827f8c6dfeefbfb4 P b497dbd6bd1a4c998891b00d2493a1bb: Flush successful on 4065 rows (209189 bytes)
I0727 05:19:41.123898 20813 maintenance_manager.cc:435] Time spent running FlushMRSOp(1f784e1506824863827f8c6dfeefbfb4): real 0.008s	user 0.008s	sys 0.000s
I0727 05:19:41.123919 20813 maintenance_manager.cc:441] P b497dbd6bd1a4c998891b00d2493a1bb: FlushMRSOp(1f784e1506824863827f8c6dfeefbfb4) metrics: {"cfile_init":1,"thread_start_us":213,"threads_started":1,"wal-append.queue_time_us":231}
I0727 05:19:41.124233 20813 maintenance_manager.cc:435] Time spent running UndoDeltaBlockGCOp(1f784e1506824863827f8c6dfeefbfb4): real 0.000s	user 0.000s	sys 0.000s
I0727 05:19:41.124253 20813 maintenance_manager.cc:441] P b497dbd6bd1a4c998891b00d2493a1bb: UndoDeltaBlockGCOp(1f784e1506824863827f8c6dfeefbfb4) metrics: {"cfile_init":1}
I0727 05:20:13.537714 115352 log.cc:647] T 99dddb081d294300a6b1d5dd18e95d6e P b497dbd6bd1a4c998891b00d2493a1bb: Max segment size reached. Starting new segment allocation
I0727 05:20:13.557070 115356 log.cc:647] T 834e814840e049aeb7ff9a76ca4a2989 P b497dbd6bd1a4c998891b00d2493a1bb: Max segment size reached. Starting new segment allocation
I0727 05:20:13.575031 115364 log.cc:647] T e99cd71d7ecf43749f75e398c62ec477 P b497dbd6bd1a4c998891b00d2493a1bb: Max segment size reached. Starting new segment allocation
I0727 05:20:13.698133 115364 log.cc:562] T e99cd71d7ecf43749f75e398c62ec477 P b497dbd6bd1a4c998891b00d2493a1bb: Rolled over to a new log segment at /home/ubuntu/Impala/testdata/cluster/cdh5/node-1/var/lib/kudu/ts/wal/wals/e99cd71d7ecf43749f75e398c62ec477/wal-000000002
I0727 05:20:13.729331 115352 log.cc:562] T 99dddb081d294300a6b1d5dd18e95d6e P b497dbd6bd1a4c998891b00d2493a1bb: Rolled over to a new log segment at /home/ubuntu/Impala/testdata/cluster/cdh5/node-1/var/lib/kudu/ts/wal/wals/99dddb081d294300a6b1d5dd18e95d6e/wal-000000002
I0727 05:20:13.784576 115356 log.cc:562] T 834e814840e049aeb7ff9a76ca4a2989 P b497dbd6bd1a4c998891b00d2493a1bb: Rolled over to a new log segment at /home/ubuntu/Impala/testdata/cluster/cdh5/node-1/var/lib/kudu/ts/wal/wals/834e814840e049aeb7ff9a76ca4a2989/wal-000000002
I0727 05:20:14.587260 115364 log.cc:647] T e99cd71d7ecf43749f75e398c62ec477 P b497dbd6bd1a4c998891b00d2493a1bb: Max segment size reached. Starting new segment allocation
I0727 05:20:14.597235 115352 log.cc:647] T 99dddb081d294300a6b1d5dd18e95d6e P b497dbd6bd1a4c998891b00d2493a1bb: Max segment size reached. Starting new segment allocation
I0727 05:20:14.633046 115356 log.cc:647] T 834e814840e049aeb7ff9a76ca4a2989 P b497dbd6bd1a4c998891b00d2493a1bb: Max segment size reached. Starting new segment allocation
I0727 05:20:14.691632 115364 log.cc:562] T e99cd71d7ecf43749f75e398c62ec477 P b497dbd6bd1a4c998891b00d2493a1bb: Rolled over to a new log segment at /home/ubuntu/Impala/testdata/cluster/cdh5/node-1/var/lib/kudu/ts/wal/wals/e99cd71d7ecf43749f75e398c62ec477/wal-000000003
I0727 05:20:14.698485 115352 log.cc:562] T 99dddb081d294300a6b1d5dd18e95d6e P b497dbd6bd1a4c998891b00d2493a1bb: Rolled over to a new log segment at /home/ubuntu/Impala/testdata/cluster/cdh5/node-1/var/lib/kudu/ts/wal/wals/99dddb081d294300a6b1d5dd18e95d6e/wal-000000003
I0727 05:20:14.746126 115356 log.cc:562] T 834e814840e049aeb7ff9a76ca4a2989 P b497dbd6bd1a4c998891b00d2493a1bb: Rolled over to a new log segment at /home/ubuntu/Impala/testdata/cluster/cdh5/node-1/var/lib/kudu/ts/wal/wals/834e814840e049aeb7ff9a76ca4a2989/wal-000000003
I0727 05:20:15.522861 115352 log.cc:647] T 99dddb081d294300a6b1d5dd18e95d6e P b497dbd6bd1a4c998891b00d2493a1bb: Max segment size reached. Starting new segment allocation
I0727 05:20:15.536545 115364 log.cc:647] T e99cd71d7ecf43749f75e398c62ec477 P b497dbd6bd1a4c998891b00d2493a1bb: Max segment size reached. Starting new segment allocation
W0727 05:20:15.574317 115352 log.cc:665] Time spent T 99dddb081d294300a6b1d5dd18e95d6e P b497dbd6bd1a4c998891b00d2493a1bb: Append to log took a long time: real 0.051s	user 0.028s	sys 0.000s
W0727 05:20:15.630375 115364 log.cc:665] Time spent T e99cd71d7ecf43749f75e398c62ec477 P b497dbd6bd1a4c998891b00d2493a1bb: Append to log took a long time: real 0.093s	user 0.025s	sys 0.035s
I0727 05:20:15.657572 115356 log.cc:647] T 834e814840e049aeb7ff9a76ca4a2989 P b497dbd6bd1a4c998891b00d2493a1bb: Max segment size reached. Starting new segment allocation
I0727 05:20:15.678293 115364 log.cc:562] T e99cd71d7ecf43749f75e398c62ec477 P b497dbd6bd1a4c998891b00d2493a1bb: Rolled over to a new log segment at /home/ubuntu/Impala/testdata/cluster/cdh5/node-1/var/lib/kudu/ts/wal/wals/e99cd71d7ecf43749f75e398c62ec477/wal-000000004
I0727 05:20:15.693644 115352 log.cc:562] T 99dddb081d294300a6b1d5dd18e95d6e P b497dbd6bd1a4c998891b00d2493a1bb: Rolled over to a new log segment at /home/ubuntu/Impala/testdata/cluster/cdh5/node-1/var/lib/kudu/ts/wal/wals/99dddb081d294300a6b1d5dd18e95d6e/wal-000000004
I0727 05:20:15.746393 115356 log.cc:562] T 834e814840e049aeb7ff9a76ca4a2989 P b497dbd6bd1a4c998891b00d2493a1bb: Rolled over to a new log segment at /home/ubuntu/Impala/testdata/cluster/cdh5/node-1/var/lib/kudu/ts/wal/wals/834e814840e049aeb7ff9a76ca4a2989/wal-000000004
I0727 05:20:16.506722 115364 log.cc:647] T e99cd71d7ecf43749f75e398c62ec477 P b497dbd6bd1a4c998891b00d2493a1bb: Max segment size reached. Starting new segment allocation
I0727 05:20:16.570257 115352 log.cc:647] T 99dddb081d294300a6b1d5dd18e95d6e P b497dbd6bd1a4c998891b00d2493a1bb: Max segment size reached. Starting new segment allocation
I0727 05:20:16.617388 115356 log.cc:647] T 834e814840e049aeb7ff9a76ca4a2989 P b497dbd6bd1a4c998891b00d2493a1bb: Max segment size reached. Starting new segment allocation
I0727 05:20:16.664562 115364 log.cc:562] T e99cd71d7ecf43749f75e398c62ec477 P b497dbd6bd1a4c998891b00d2493a1bb: Rolled over to a new log segment at /home/ubuntu/Impala/testdata/cluster/cdh5/node-1/var/lib/kudu/ts/wal/wals/e99cd71d7ecf43749f75e398c62ec477/wal-000000005
I0727 05:20:16.705910 115352 log.cc:562] T 99dddb081d294300a6b1d5dd18e95d6e P b497dbd6bd1a4c998891b00d2493a1bb: Rolled over to a new log segment at /home/ubuntu/Impala/testdata/cluster/cdh5/node-1/var/lib/kudu/ts/wal/wals/99dddb081d294300a6b1d5dd18e95d6e/wal-000000005
I0727 05:20:16.745955 115356 log.cc:562] T 834e814840e049aeb7ff9a76ca4a2989 P b497dbd6bd1a4c998891b00d2493a1bb: Rolled over to a new log segment at /home/ubuntu/Impala/testdata/cluster/cdh5/node-1/var/lib/kudu/ts/wal/wals/834e814840e049aeb7ff9a76ca4a2989/wal-000000005
I0727 05:20:17.479895 115364 log.cc:647] T e99cd71d7ecf43749f75e398c62ec477 P b497dbd6bd1a4c998891b00d2493a1bb: Max segment size reached. Starting new segment allocation
I0727 05:20:17.548976 115352 log.cc:647] T 99dddb081d294300a6b1d5dd18e95d6e P b497dbd6bd1a4c998891b00d2493a1bb: Max segment size reached. Starting new segment allocation
I0727 05:20:17.591825 115356 log.cc:647] T 834e814840e049aeb7ff9a76ca4a2989 P b497dbd6bd1a4c998891b00d2493a1bb: Max segment size reached. Starting new segment allocation
I0727 05:20:17.636922 115364 log.cc:562] T e99cd71d7ecf43749f75e398c62ec477 P b497dbd6bd1a4c998891b00d2493a1bb: Rolled over to a new log segment at /home/ubuntu/Impala/testdata/cluster/cdh5/node-1/var/lib/kudu/ts/wal/wals/e99cd71d7ecf43749f75e398c62ec477/wal-000000006
I0727 05:20:17.660877 115352 log.cc:562] T 99dddb081d294300a6b1d5dd18e95d6e P b497dbd6bd1a4c998891b00d2493a1bb: Rolled over to a new log segment at /home/ubuntu/Impala/testdata/cluster/cdh5/node-1/var/lib/kudu/ts/wal/wals/99dddb081d294300a6b1d5dd18e95d6e/wal-000000006
I0727 05:20:17.687124 115356 log.cc:562] T 834e814840e049aeb7ff9a76ca4a2989 P b497dbd6bd1a4c998891b00d2493a1bb: Rolled over to a new log segment at /home/ubuntu/Impala/testdata/cluster/cdh5/node-1/var/lib/kudu/ts/wal/wals/834e814840e049aeb7ff9a76ca4a2989/wal-000000006
I0727 05:20:18.427366 115364 log.cc:647] T e99cd71d7ecf43749f75e398c62ec477 P b497dbd6bd1a4c998891b00d2493a1bb: Max segment size reached. Starting new segment allocation
I0727 05:20:18.496399 115352 log.cc:647] T 99dddb081d294300a6b1d5dd18e95d6e P b497dbd6bd1a4c998891b00d2493a1bb: Max segment size reached. Starting new segment allocation
I0727 05:20:18.506628 115364 log.cc:562] T e99cd71d7ecf43749f75e398c62ec477 P b497dbd6bd1a4c998891b00d2493a1bb: Rolled over to a new log segment at /home/ubuntu/Impala/testdata/cluster/cdh5/node-1/var/lib/kudu/ts/wal/wals/e99cd71d7ecf43749f75e398c62ec477/wal-000000007
I0727 05:20:18.525902 115356 log.cc:647] T 834e814840e049aeb7ff9a76ca4a2989 P b497dbd6bd1a4c998891b00d2493a1bb: Max segment size reached. Starting new segment allocation
I0727 05:20:18.592090 115352 log.cc:562] T 99dddb081d294300a6b1d5dd18e95d6e P b497dbd6bd1a4c998891b00d2493a1bb: Rolled over to a new log segment at /home/ubuntu/Impala/testdata/cluster/cdh5/node-1/var/lib/kudu/ts/wal/wals/99dddb081d294300a6b1d5dd18e95d6e/wal-000000007
W0727 05:20:18.637984 115356 log.cc:665] Time spent T 834e814840e049aeb7ff9a76ca4a2989 P b497dbd6bd1a4c998891b00d2493a1bb: Append to log took a long time: real 0.112s	user 0.029s	sys 0.077s
I0727 05:20:18.699107 115356 log.cc:562] T 834e814840e049aeb7ff9a76ca4a2989 P b497dbd6bd1a4c998891b00d2493a1bb: Rolled over to a new log segment at /home/ubuntu/Impala/testdata/cluster/cdh5/node-1/var/lib/kudu/ts/wal/wals/834e814840e049aeb7ff9a76ca4a2989/wal-000000007
I0727 05:20:19.423319 115364 log.cc:647] T e99cd71d7ecf43749f75e398c62ec477 P b497dbd6bd1a4c998891b00d2493a1bb: Max segment size reached. Starting new segment allocation
I0727 05:20:19.446354 115352 log.cc:647] T 99dddb081d294300a6b1d5dd18e95d6e P b497dbd6bd1a4c998891b00d2493a1bb: Max segment size reached. Starting new segment allocation
I0727 05:20:19.498559 115364 log.cc:562] T e99cd71d7ecf43749f75e398c62ec477 P b497dbd6bd1a4c998891b00d2493a1bb: Rolled over to a new log segment at /home/ubuntu/Impala/testdata/cluster/cdh5/node-1/var/lib/kudu/ts/wal/wals/e99cd71d7ecf43749f75e398c62ec477/wal-000000008
I0727 05:20:19.534318 115352 log.cc:562] T 99dddb081d294300a6b1d5dd18e95d6e P b497dbd6bd1a4c998891b00d2493a1bb: Rolled over to a new log segment at /home/ubuntu/Impala/testdata/cluster/cdh5/node-1/var/lib/kudu/ts/wal/wals/99dddb081d294300a6b1d5dd18e95d6e/wal-000000008
I0727 05:20:19.543915 115356 log.cc:647] T 834e814840e049aeb7ff9a76ca4a2989 P b497dbd6bd1a4c998891b00d2493a1bb: Max segment size reached. Starting new segment allocation
I0727 05:20:19.652119 115356 log.cc:562] T 834e814840e049aeb7ff9a76ca4a2989 P b497dbd6bd1a4c998891b00d2493a1bb: Rolled over to a new log segment at /home/ubuntu/Impala/testdata/cluster/cdh5/node-1/var/lib/kudu/ts/wal/wals/834e814840e049aeb7ff9a76ca4a2989/wal-000000008
I0727 05:20:20.375231 115364 log.cc:647] T e99cd71d7ecf43749f75e398c62ec477 P b497dbd6bd1a4c998891b00d2493a1bb: Max segment size reached. Starting new segment allocation
I0727 05:20:20.417671 115352 log.cc:647] T 99dddb081d294300a6b1d5dd18e95d6e P b497dbd6bd1a4c998891b00d2493a1bb: Max segment size reached. Starting new segment allocation
W0727 05:20:20.487833 115352 log.cc:665] Time spent T 99dddb081d294300a6b1d5dd18e95d6e P b497dbd6bd1a4c998891b00d2493a1bb: Append to log took a long time: real 0.070s	user 0.026s	sys 0.040s
I0727 05:20:20.534318 115364 log.cc:562] T e99cd71d7ecf43749f75e398c62ec477 P b497dbd6bd1a4c998891b00d2493a1bb: Rolled over to a new log segment at /home/ubuntu/Impala/testdata/cluster/cdh5/node-1/var/lib/kudu/ts/wal/wals/e99cd71d7ecf43749f75e398c62ec477/wal-000000009
I0727 05:20:20.540145 115356 log.cc:647] T 834e814840e049aeb7ff9a76ca4a2989 P b497dbd6bd1a4c998891b00d2493a1bb: Max segment size reached. Starting new segment allocation
I0727 05:20:20.561573 115352 log.cc:562] T 99dddb081d294300a6b1d5dd18e95d6e P b497dbd6bd1a4c998891b00d2493a1bb: Rolled over to a new log segment at /home/ubuntu/Impala/testdata/cluster/cdh5/node-1/var/lib/kudu/ts/wal/wals/99dddb081d294300a6b1d5dd18e95d6e/wal-000000009
I0727 05:20:20.622097 115356 log.cc:562] T 834e814840e049aeb7ff9a76ca4a2989 P b497dbd6bd1a4c998891b00d2493a1bb: Rolled over to a new log segment at /home/ubuntu/Impala/testdata/cluster/cdh5/node-1/var/lib/kudu/ts/wal/wals/834e814840e049aeb7ff9a76ca4a2989/wal-000000009
I0727 05:20:21.372396 115364 log.cc:647] T e99cd71d7ecf43749f75e398c62ec477 P b497dbd6bd1a4c998891b00d2493a1bb: Max segment size reached. Starting new segment allocation
I0727 05:20:21.449229 115352 log.cc:647] T 99dddb081d294300a6b1d5dd18e95d6e P b497dbd6bd1a4c998891b00d2493a1bb: Max segment size reached. Starting new segment allocation
I0727 05:20:21.453996 115364 log.cc:562] T e99cd71d7ecf43749f75e398c62ec477 P b497dbd6bd1a4c998891b00d2493a1bb: Rolled over to a new log segment at /home/ubuntu/Impala/testdata/cluster/cdh5/node-1/var/lib/kudu/ts/wal/wals/e99cd71d7ecf43749f75e398c62ec477/wal-000000010
I0727 05:20:21.505115 115356 log.cc:647] T 834e814840e049aeb7ff9a76ca4a2989 P b497dbd6bd1a4c998891b00d2493a1bb: Max segment size reached. Starting new segment allocation
I0727 05:20:21.550578 115352 log.cc:562] T 99dddb081d294300a6b1d5dd18e95d6e P b497dbd6bd1a4c998891b00d2493a1bb: Rolled over to a new log segment at /home/ubuntu/Impala/testdata/cluster/cdh5/node-1/var/lib/kudu/ts/wal/wals/99dddb081d294300a6b1d5dd18e95d6e/wal-000000010
I0727 05:20:21.601969 115356 log.cc:562] T 834e814840e049aeb7ff9a76ca4a2989 P b497dbd6bd1a4c998891b00d2493a1bb: Rolled over to a new log segment at /home/ubuntu/Impala/testdata/cluster/cdh5/node-1/var/lib/kudu/ts/wal/wals/834e814840e049aeb7ff9a76ca4a2989/wal-000000010
I0727 05:20:22.331815 115364 log.cc:647] T e99cd71d7ecf43749f75e398c62ec477 P b497dbd6bd1a4c998891b00d2493a1bb: Max segment size reached. Starting new segment allocation
I0727 05:20:22.390352 115352 log.cc:647] T 99dddb081d294300a6b1d5dd18e95d6e P b497dbd6bd1a4c998891b00d2493a1bb: Max segment size reached. Starting new segment allocation
I0727 05:20:22.436596 115364 log.cc:562] T e99cd71d7ecf43749f75e398c62ec477 P b497dbd6bd1a4c998891b00d2493a1bb: Rolled over to a new log segment at /home/ubuntu/Impala/testdata/cluster/cdh5/node-1/var/lib/kudu/ts/wal/wals/e99cd71d7ecf43749f75e398c62ec477/wal-000000011
I0727 05:20:22.531929 115352 log.cc:562] T 99dddb081d294300a6b1d5dd18e95d6e P b497dbd6bd1a4c998891b00d2493a1bb: Rolled over to a new log segment at /home/ubuntu/Impala/testdata/cluster/cdh5/node-1/var/lib/kudu/ts/wal/wals/99dddb081d294300a6b1d5dd18e95d6e/wal-000000011
I0727 05:20:22.538307 115356 log.cc:647] T 834e814840e049aeb7ff9a76ca4a2989 P b497dbd6bd1a4c998891b00d2493a1bb: Max segment size reached. Starting new segment allocation
I0727 05:20:22.649582 115356 log.cc:562] T 834e814840e049aeb7ff9a76ca4a2989 P b497dbd6bd1a4c998891b00d2493a1bb: Rolled over to a new log segment at /home/ubuntu/Impala/testdata/cluster/cdh5/node-1/var/lib/kudu/ts/wal/wals/834e814840e049aeb7ff9a76ca4a2989/wal-000000011
I0727 05:20:23.278543 115364 log.cc:647] T e99cd71d7ecf43749f75e398c62ec477 P b497dbd6bd1a4c998891b00d2493a1bb: Max segment size reached. Starting new segment allocation
I0727 05:20:23.353226 115364 log.cc:562] T e99cd71d7ecf43749f75e398c62ec477 P b497dbd6bd1a4c998891b00d2493a1bb: Rolled over to a new log segment at /home/ubuntu/Impala/testdata/cluster/cdh5/node-1/var/lib/kudu/ts/wal/wals/e99cd71d7ecf43749f75e398c62ec477/wal-000000012
I0727 05:20:23.397867 115352 log.cc:647] T 99dddb081d294300a6b1d5dd18e95d6e P b497dbd6bd1a4c998891b00d2493a1bb: Max segment size reached. Starting new segment allocation
I0727 05:20:23.482630 115352 log.cc:562] T 99dddb081d294300a6b1d5dd18e95d6e P b497dbd6bd1a4c998891b00d2493a1bb: Rolled over to a new log segment at /home/ubuntu/Impala/testdata/cluster/cdh5/node-1/var/lib/kudu/ts/wal/wals/99dddb081d294300a6b1d5dd18e95d6e/wal-000000012
I0727 05:20:23.504132 115356 log.cc:647] T 834e814840e049aeb7ff9a76ca4a2989 P b497dbd6bd1a4c998891b00d2493a1bb: Max segment size reached. Starting new segment allocation
I0727 05:20:23.599015 115356 log.cc:562] T 834e814840e049aeb7ff9a76ca4a2989 P b497dbd6bd1a4c998891b00d2493a1bb: Rolled over to a new log segment at /home/ubuntu/Impala/testdata/cluster/cdh5/node-1/var/lib/kudu/ts/wal/wals/834e814840e049aeb7ff9a76ca4a2989/wal-000000012
I0727 05:20:24.224344 115364 log.cc:647] T e99cd71d7ecf43749f75e398c62ec477 P b497dbd6bd1a4c998891b00d2493a1bb: Max segment size reached. Starting new segment allocation
I0727 05:20:24.298072 115364 log.cc:562] T e99cd71d7ecf43749f75e398c62ec477 P b497dbd6bd1a4c998891b00d2493a1bb: Rolled over to a new log segment at /home/ubuntu/Impala/testdata/cluster/cdh5/node-1/var/lib/kudu/ts/wal/wals/e99cd71d7ecf43749f75e398c62ec477/wal-000000013
I0727 05:20:24.333755 115352 log.cc:647] T 99dddb081d294300a6b1d5dd18e95d6e P b497dbd6bd1a4c998891b00d2493a1bb: Max segment size reached. Starting new segment allocation
W0727 05:20:24.384250 115352 log.cc:665] Time spent T 99dddb081d294300a6b1d5dd18e95d6e P b497dbd6bd1a4c998891b00d2493a1bb: Append to log took a long time: real 0.050s	user 0.022s	sys 0.024s
I0727 05:20:24.432950 115352 log.cc:562] T 99dddb081d294300a6b1d5dd18e95d6e P b497dbd6bd1a4c998891b00d2493a1bb: Rolled over to a new log segment at /home/ubuntu/Impala/testdata/cluster/cdh5/node-1/var/lib/kudu/ts/wal/wals/99dddb081d294300a6b1d5dd18e95d6e/wal-000000013
I0727 05:20:24.463759 115356 log.cc:647] T 834e814840e049aeb7ff9a76ca4a2989 P b497dbd6bd1a4c998891b00d2493a1bb: Max segment size reached. Starting new segment allocation
I0727 05:20:24.538642 115356 log.cc:562] T 834e814840e049aeb7ff9a76ca4a2989 P b497dbd6bd1a4c998891b00d2493a1bb: Rolled over to a new log segment at /home/ubuntu/Impala/testdata/cluster/cdh5/node-1/var/lib/kudu/ts/wal/wals/834e814840e049aeb7ff9a76ca4a2989/wal-000000013
I0727 05:20:25.158293 115364 log.cc:647] T e99cd71d7ecf43749f75e398c62ec477 P b497dbd6bd1a4c998891b00d2493a1bb: Max segment size reached. Starting new segment allocation
I0727 05:20:25.241348 115364 log.cc:562] T e99cd71d7ecf43749f75e398c62ec477 P b497dbd6bd1a4c998891b00d2493a1bb: Rolled over to a new log segment at /home/ubuntu/Impala/testdata/cluster/cdh5/node-1/var/lib/kudu/ts/wal/wals/e99cd71d7ecf43749f75e398c62ec477/wal-000000014
I0727 05:20:25.275841 115352 log.cc:647] T 99dddb081d294300a6b1d5dd18e95d6e P b497dbd6bd1a4c998891b00d2493a1bb: Max segment size reached. Starting new segment allocation
I0727 05:20:25.353216 115352 log.cc:562] T 99dddb081d294300a6b1d5dd18e95d6e P b497dbd6bd1a4c998891b00d2493a1bb: Rolled over to a new log segment at /home/ubuntu/Impala/testdata/cluster/cdh5/node-1/var/lib/kudu/ts/wal/wals/99dddb081d294300a6b1d5dd18e95d6e/wal-000000014
I0727 05:20:25.384207 115356 log.cc:647] T 834e814840e049aeb7ff9a76ca4a2989 P b497dbd6bd1a4c998891b00d2493a1bb: Max segment size reached. Starting new segment allocation
I0727 05:20:25.486385 115356 log.cc:562] T 834e814840e049aeb7ff9a76ca4a2989 P b497dbd6bd1a4c998891b00d2493a1bb: Rolled over to a new log segment at /home/ubuntu/Impala/testdata/cluster/cdh5/node-1/var/lib/kudu/ts/wal/wals/834e814840e049aeb7ff9a76ca4a2989/wal-000000014
I0727 05:20:26.126824 115364 log.cc:647] T e99cd71d7ecf43749f75e398c62ec477 P b497dbd6bd1a4c998891b00d2493a1bb: Max segment size reached. Starting new segment allocation
I0727 05:20:26.202448 115364 log.cc:562] T e99cd71d7ecf43749f75e398c62ec477 P b497dbd6bd1a4c998891b00d2493a1bb: Rolled over to a new log segment at /home/ubuntu/Impala/testdata/cluster/cdh5/node-1/var/lib/kudu/ts/wal/wals/e99cd71d7ecf43749f75e398c62ec477/wal-000000015
I0727 05:20:26.219929 115352 log.cc:647] T 99dddb081d294300a6b1d5dd18e95d6e P b497dbd6bd1a4c998891b00d2493a1bb: Max segment size reached. Starting new segment allocation
I0727 05:20:26.335642 115352 log.cc:562] T 99dddb081d294300a6b1d5dd18e95d6e P b497dbd6bd1a4c998891b00d2493a1bb: Rolled over to a new log segment at /home/ubuntu/Impala/testdata/cluster/cdh5/node-1/var/lib/kudu/ts/wal/wals/99dddb081d294300a6b1d5dd18e95d6e/wal-000000015
I0727 05:20:26.357134 115356 log.cc:647] T 834e814840e049aeb7ff9a76ca4a2989 P b497dbd6bd1a4c998891b00d2493a1bb: Max segment size reached. Starting new segment allocation
I0727 05:20:26.466305 115356 log.cc:562] T 834e814840e049aeb7ff9a76ca4a2989 P b497dbd6bd1a4c998891b00d2493a1bb: Rolled over to a new log segment at /home/ubuntu/Impala/testdata/cluster/cdh5/node-1/var/lib/kudu/ts/wal/wals/834e814840e049aeb7ff9a76ca4a2989/wal-000000015
I0727 05:20:27.111445 115364 log.cc:647] T e99cd71d7ecf43749f75e398c62ec477 P b497dbd6bd1a4c998891b00d2493a1bb: Max segment size reached. Starting new segment allocation
I0727 05:20:27.184924 115352 log.cc:647] T 99dddb081d294300a6b1d5dd18e95d6e P b497dbd6bd1a4c998891b00d2493a1bb: Max segment size reached. Starting new segment allocation
I0727 05:20:27.218644 115364 log.cc:562] T e99cd71d7ecf43749f75e398c62ec477 P b497dbd6bd1a4c998891b00d2493a1bb: Rolled over to a new log segment at /home/ubuntu/Impala/testdata/cluster/cdh5/node-1/var/lib/kudu/ts/wal/wals/e99cd71d7ecf43749f75e398c62ec477/wal-000000016
W0727 05:20:27.283498 115352 log.cc:665] Time spent T 99dddb081d294300a6b1d5dd18e95d6e P b497dbd6bd1a4c998891b00d2493a1bb: Append to log took a long time: real 0.098s	user 0.025s	sys 0.068s
I0727 05:20:27.332733 115352 log.cc:562] T 99dddb081d294300a6b1d5dd18e95d6e P b497dbd6bd1a4c998891b00d2493a1bb: Rolled over to a new log segment at /home/ubuntu/Impala/testdata/cluster/cdh5/node-1/var/lib/kudu/ts/wal/wals/99dddb081d294300a6b1d5dd18e95d6e/wal-000000016
I0727 05:20:27.367974 115356 log.cc:647] T 834e814840e049aeb7ff9a76ca4a2989 P b497dbd6bd1a4c998891b00d2493a1bb: Max segment size reached. Starting new segment allocation
I0727 05:20:27.489503 115356 log.cc:562] T 834e814840e049aeb7ff9a76ca4a2989 P b497dbd6bd1a4c998891b00d2493a1bb: Rolled over to a new log segment at /home/ubuntu/Impala/testdata/cluster/cdh5/node-1/var/lib/kudu/ts/wal/wals/834e814840e049aeb7ff9a76ca4a2989/wal-000000016
I0727 05:20:28.168251 115364 log.cc:647] T e99cd71d7ecf43749f75e398c62ec477 P b497dbd6bd1a4c998891b00d2493a1bb: Max segment size reached. Starting new segment allocation
I0727 05:20:28.204953 115352 log.cc:647] T 99dddb081d294300a6b1d5dd18e95d6e P b497dbd6bd1a4c998891b00d2493a1bb: Max segment size reached. Starting new segment allocation
I0727 05:20:28.257691 115364 log.cc:562] T e99cd71d7ecf43749f75e398c62ec477 P b497dbd6bd1a4c998891b00d2493a1bb: Rolled over to a new log segment at /home/ubuntu/Impala/testdata/cluster/cdh5/node-1/var/lib/kudu/ts/wal/wals/e99cd71d7ecf43749f75e398c62ec477/wal-000000017
I0727 05:20:28.299132 115352 log.cc:562] T 99dddb081d294300a6b1d5dd18e95d6e P b497dbd6bd1a4c998891b00d2493a1bb: Rolled over to a new log segment at /home/ubuntu/Impala/testdata/cluster/cdh5/node-1/var/lib/kudu/ts/wal/wals/99dddb081d294300a6b1d5dd18e95d6e/wal-000000017
I0727 05:20:28.413066 115356 log.cc:647] T 834e814840e049aeb7ff9a76ca4a2989 P b497dbd6bd1a4c998891b00d2493a1bb: Max segment size reached. Starting new segment allocation
I0727 05:20:28.556074 115356 log.cc:562] T 834e814840e049aeb7ff9a76ca4a2989 P b497dbd6bd1a4c998891b00d2493a1bb: Rolled over to a new log segment at /home/ubuntu/Impala/testdata/cluster/cdh5/node-1/var/lib/kudu/ts/wal/wals/834e814840e049aeb7ff9a76ca4a2989/wal-000000017
I0727 05:20:29.155345 115352 log.cc:647] T 99dddb081d294300a6b1d5dd18e95d6e P b497dbd6bd1a4c998891b00d2493a1bb: Max segment size reached. Starting new segment allocation
I0727 05:20:29.187808 115364 log.cc:647] T e99cd71d7ecf43749f75e398c62ec477 P b497dbd6bd1a4c998891b00d2493a1bb: Max segment size reached. Starting new segment allocation
I0727 05:20:29.247498 115352 log.cc:562] T 99dddb081d294300a6b1d5dd18e95d6e P b497dbd6bd1a4c998891b00d2493a1bb: Rolled over to a new log segment at /home/ubuntu/Impala/testdata/cluster/cdh5/node-1/var/lib/kudu/ts/wal/wals/99dddb081d294300a6b1d5dd18e95d6e/wal-000000018
I0727 05:20:29.288368 115364 log.cc:562] T e99cd71d7ecf43749f75e398c62ec477 P b497dbd6bd1a4c998891b00d2493a1bb: Rolled over to a new log segment at /home/ubuntu/Impala/testdata/cluster/cdh5/node-1/var/lib/kudu/ts/wal/wals/e99cd71d7ecf43749f75e398c62ec477/wal-000000018
I0727 05:20:29.540283 115356 log.cc:647] T 834e814840e049aeb7ff9a76ca4a2989 P b497dbd6bd1a4c998891b00d2493a1bb: Max segment size reached. Starting new segment allocation
I0727 05:20:29.620754 115356 log.cc:562] T 834e814840e049aeb7ff9a76ca4a2989 P b497dbd6bd1a4c998891b00d2493a1bb: Rolled over to a new log segment at /home/ubuntu/Impala/testdata/cluster/cdh5/node-1/var/lib/kudu/ts/wal/wals/834e814840e049aeb7ff9a76ca4a2989/wal-000000018
I0727 05:20:30.168247 115712 log.cc:647] T dca01cf35daa4b6e8c4cfe3f7c383123 P b497dbd6bd1a4c998891b00d2493a1bb: Max segment size reached. Starting new segment allocation
I0727 05:20:30.198392 115720 log.cc:647] T 991bceb3ecd643048b2612ea06d7f6f6 P b497dbd6bd1a4c998891b00d2493a1bb: Max segment size reached. Starting new segment allocation
I0727 05:20:30.254895 115712 log.cc:562] T dca01cf35daa4b6e8c4cfe3f7c383123 P b497dbd6bd1a4c998891b00d2493a1bb: Rolled over to a new log segment at /home/ubuntu/Impala/testdata/cluster/cdh5/node-1/var/lib/kudu/ts/wal/wals/dca01cf35daa4b6e8c4cfe3f7c383123/wal-000000002
I0727 05:20:30.270702 115720 log.cc:562] T 991bceb3ecd643048b2612ea06d7f6f6 P b497dbd6bd1a4c998891b00d2493a1bb: Rolled over to a new log segment at /home/ubuntu/Impala/testdata/cluster/cdh5/node-1/var/lib/kudu/ts/wal/wals/991bceb3ecd643048b2612ea06d7f6f6/wal-000000002
I0727 05:20:30.473139 115725 log.cc:647] T e75ae7eab0ea498095572f8f92f9da35 P b497dbd6bd1a4c998891b00d2493a1bb: Max segment size reached. Starting new segment allocation
I0727 05:20:30.543207 115725 log.cc:562] T e75ae7eab0ea498095572f8f92f9da35 P b497dbd6bd1a4c998891b00d2493a1bb: Rolled over to a new log segment at /home/ubuntu/Impala/testdata/cluster/cdh5/node-1/var/lib/kudu/ts/wal/wals/e75ae7eab0ea498095572f8f92f9da35/wal-000000002
I0727 05:20:31.094908 115712 log.cc:647] T dca01cf35daa4b6e8c4cfe3f7c383123 P b497dbd6bd1a4c998891b00d2493a1bb: Max segment size reached. Starting new segment allocation
I0727 05:20:31.142436 115720 log.cc:647] T 991bceb3ecd643048b2612ea06d7f6f6 P b497dbd6bd1a4c998891b00d2493a1bb: Max segment size reached. Starting new segment allocation
I0727 05:20:31.195746 115712 log.cc:562] T dca01cf35daa4b6e8c4cfe3f7c383123 P b497dbd6bd1a4c998891b00d2493a1bb: Rolled over to a new log segment at /home/ubuntu/Impala/testdata/cluster/cdh5/node-1/var/lib/kudu/ts/wal/wals/dca01cf35daa4b6e8c4cfe3f7c383123/wal-000000003
W0727 05:20:31.203621 115720 log.cc:665] Time spent T 991bceb3ecd643048b2612ea06d7f6f6 P b497dbd6bd1a4c998891b00d2493a1bb: Append to log took a long time: real 0.061s	user 0.034s	sys 0.023s
I0727 05:20:31.252970 115720 log.cc:562] T 991bceb3ecd643048b2612ea06d7f6f6 P b497dbd6bd1a4c998891b00d2493a1bb: Rolled over to a new log segment at /home/ubuntu/Impala/testdata/cluster/cdh5/node-1/var/lib/kudu/ts/wal/wals/991bceb3ecd643048b2612ea06d7f6f6/wal-000000003
I0727 05:20:31.396515 115725 log.cc:647] T e75ae7eab0ea498095572f8f92f9da35 P b497dbd6bd1a4c998891b00d2493a1bb: Max segment size reached. Starting new segment allocation
I0727 05:20:31.504082 115725 log.cc:562] T e75ae7eab0ea498095572f8f92f9da35 P b497dbd6bd1a4c998891b00d2493a1bb: Rolled over to a new log segment at /home/ubuntu/Impala/testdata/cluster/cdh5/node-1/var/lib/kudu/ts/wal/wals/e75ae7eab0ea498095572f8f92f9da35/wal-000000003
I0727 05:20:32.107187 115712 log.cc:647] T dca01cf35daa4b6e8c4cfe3f7c383123 P b497dbd6bd1a4c998891b00d2493a1bb: Max segment size reached. Starting new segment allocation
I0727 05:20:32.142153 115720 log.cc:647] T 991bceb3ecd643048b2612ea06d7f6f6 P b497dbd6bd1a4c998891b00d2493a1bb: Max segment size reached. Starting new segment allocation
I0727 05:20:32.203418 115712 log.cc:562] T dca01cf35daa4b6e8c4cfe3f7c383123 P b497dbd6bd1a4c998891b00d2493a1bb: Rolled over to a new log segment at /home/ubuntu/Impala/testdata/cluster/cdh5/node-1/var/lib/kudu/ts/wal/wals/dca01cf35daa4b6e8c4cfe3f7c383123/wal-000000004
I0727 05:20:32.229573 115720 log.cc:562] T 991bceb3ecd643048b2612ea06d7f6f6 P b497dbd6bd1a4c998891b00d2493a1bb: Rolled over to a new log segment at /home/ubuntu/Impala/testdata/cluster/cdh5/node-1/var/lib/kudu/ts/wal/wals/991bceb3ecd643048b2612ea06d7f6f6/wal-000000004
I0727 05:20:32.491612 115725 log.cc:647] T e75ae7eab0ea498095572f8f92f9da35 P b497dbd6bd1a4c998891b00d2493a1bb: Max segment size reached. Starting new segment allocation
I0727 05:20:32.578703 115725 log.cc:562] T e75ae7eab0ea498095572f8f92f9da35 P b497dbd6bd1a4c998891b00d2493a1bb: Rolled over to a new log segment at /home/ubuntu/Impala/testdata/cluster/cdh5/node-1/var/lib/kudu/ts/wal/wals/e75ae7eab0ea498095572f8f92f9da35/wal-000000004
I0727 05:20:33.067087 115720 log.cc:647] T 991bceb3ecd643048b2612ea06d7f6f6 P b497dbd6bd1a4c998891b00d2493a1bb: Max segment size reached. Starting new segment allocation
I0727 05:20:33.119437 115712 log.cc:647] T dca01cf35daa4b6e8c4cfe3f7c383123 P b497dbd6bd1a4c998891b00d2493a1bb: Max segment size reached. Starting new segment allocation
I0727 05:20:33.151733 115720 log.cc:562] T 991bceb3ecd643048b2612ea06d7f6f6 P b497dbd6bd1a4c998891b00d2493a1bb: Rolled over to a new log segment at /home/ubuntu/Impala/testdata/cluster/cdh5/node-1/var/lib/kudu/ts/wal/wals/991bceb3ecd643048b2612ea06d7f6f6/wal-000000005
I0727 05:20:33.203349 115712 log.cc:562] T dca01cf35daa4b6e8c4cfe3f7c383123 P b497dbd6bd1a4c998891b00d2493a1bb: Rolled over to a new log segment at /home/ubuntu/Impala/testdata/cluster/cdh5/node-1/var/lib/kudu/ts/wal/wals/dca01cf35daa4b6e8c4cfe3f7c383123/wal-000000005
I0727 05:20:33.475499 115725 log.cc:647] T e75ae7eab0ea498095572f8f92f9da35 P b497dbd6bd1a4c998891b00d2493a1bb: Max segment size reached. Starting new segment allocation
W0727 05:20:33.564409 115725 log.cc:665] Time spent T e75ae7eab0ea498095572f8f92f9da35 P b497dbd6bd1a4c998891b00d2493a1bb: Append to log took a long time: real 0.089s	user 0.026s	sys 0.058s
I0727 05:20:33.626273 115725 log.cc:562] T e75ae7eab0ea498095572f8f92f9da35 P b497dbd6bd1a4c998891b00d2493a1bb: Rolled over to a new log segment at /home/ubuntu/Impala/testdata/cluster/cdh5/node-1/var/lib/kudu/ts/wal/wals/e75ae7eab0ea498095572f8f92f9da35/wal-000000005
I0727 05:20:34.062381 115720 log.cc:647] T 991bceb3ecd643048b2612ea06d7f6f6 P b497dbd6bd1a4c998891b00d2493a1bb: Max segment size reached. Starting new segment allocation
I0727 05:20:34.094734 115712 log.cc:647] T dca01cf35daa4b6e8c4cfe3f7c383123 P b497dbd6bd1a4c998891b00d2493a1bb: Max segment size reached. Starting new segment allocation
W0727 05:20:34.181737 115712 log.cc:665] Time spent T dca01cf35daa4b6e8c4cfe3f7c383123 P b497dbd6bd1a4c998891b00d2493a1bb: Append to log took a long time: real 0.087s	user 0.027s	sys 0.058s
I0727 05:20:34.189649 115720 log.cc:562] T 991bceb3ecd643048b2612ea06d7f6f6 P b497dbd6bd1a4c998891b00d2493a1bb: Rolled over to a new log segment at /home/ubuntu/Impala/testdata/cluster/cdh5/node-1/var/lib/kudu/ts/wal/wals/991bceb3ecd643048b2612ea06d7f6f6/wal-000000006
I0727 05:20:34.244315 115712 log.cc:562] T dca01cf35daa4b6e8c4cfe3f7c383123 P b497dbd6bd1a4c998891b00d2493a1bb: Rolled over to a new log segment at /home/ubuntu/Impala/testdata/cluster/cdh5/node-1/var/lib/kudu/ts/wal/wals/dca01cf35daa4b6e8c4cfe3f7c383123/wal-000000006
I0727 05:20:34.590525 115725 log.cc:647] T e75ae7eab0ea498095572f8f92f9da35 P b497dbd6bd1a4c998891b00d2493a1bb: Max segment size reached. Starting new segment allocation
I0727 05:20:34.728186 115725 log.cc:562] T e75ae7eab0ea498095572f8f92f9da35 P b497dbd6bd1a4c998891b00d2493a1bb: Rolled over to a new log segment at /home/ubuntu/Impala/testdata/cluster/cdh5/node-1/var/lib/kudu/ts/wal/wals/e75ae7eab0ea498095572f8f92f9da35/wal-000000006
I0727 05:20:35.027858 115720 log.cc:647] T 991bceb3ecd643048b2612ea06d7f6f6 P b497dbd6bd1a4c998891b00d2493a1bb: Max segment size reached. Starting new segment allocation
I0727 05:20:35.106473 115712 log.cc:647] T dca01cf35daa4b6e8c4cfe3f7c383123 P b497dbd6bd1a4c998891b00d2493a1bb: Max segment size reached. Starting new segment allocation
I0727 05:20:35.114758 115720 log.cc:562] T 991bceb3ecd643048b2612ea06d7f6f6 P b497dbd6bd1a4c998891b00d2493a1bb: Rolled over to a new log segment at /home/ubuntu/Impala/testdata/cluster/cdh5/node-1/var/lib/kudu/ts/wal/wals/991bceb3ecd643048b2612ea06d7f6f6/wal-000000007
I0727 05:20:35.196393 115712 log.cc:562] T dca01cf35daa4b6e8c4cfe3f7c383123 P b497dbd6bd1a4c998891b00d2493a1bb: Rolled over to a new log segment at /home/ubuntu/Impala/testdata/cluster/cdh5/node-1/var/lib/kudu/ts/wal/wals/dca01cf35daa4b6e8c4cfe3f7c383123/wal-000000007
I0727 05:20:35.635695 115725 log.cc:647] T e75ae7eab0ea498095572f8f92f9da35 P b497dbd6bd1a4c998891b00d2493a1bb: Max segment size reached. Starting new segment allocation
W0727 05:20:35.716264 115725 log.cc:665] Time spent T e75ae7eab0ea498095572f8f92f9da35 P b497dbd6bd1a4c998891b00d2493a1bb: Append to log took a long time: real 0.080s	user 0.023s	sys 0.054s
I0727 05:20:35.767655 115725 log.cc:562] T e75ae7eab0ea498095572f8f92f9da35 P b497dbd6bd1a4c998891b00d2493a1bb: Rolled over to a new log segment at /home/ubuntu/Impala/testdata/cluster/cdh5/node-1/var/lib/kudu/ts/wal/wals/e75ae7eab0ea498095572f8f92f9da35/wal-000000007
I0727 05:20:36.046957 115720 log.cc:647] T 991bceb3ecd643048b2612ea06d7f6f6 P b497dbd6bd1a4c998891b00d2493a1bb: Max segment size reached. Starting new segment allocation
I0727 05:20:36.061807 115712 log.cc:647] T dca01cf35daa4b6e8c4cfe3f7c383123 P b497dbd6bd1a4c998891b00d2493a1bb: Max segment size reached. Starting new segment allocation
I0727 05:20:36.141259 115712 log.cc:562] T dca01cf35daa4b6e8c4cfe3f7c383123 P b497dbd6bd1a4c998891b00d2493a1bb: Rolled over to a new log segment at /home/ubuntu/Impala/testdata/cluster/cdh5/node-1/var/lib/kudu/ts/wal/wals/dca01cf35daa4b6e8c4cfe3f7c383123/wal-000000008
I0727 05:20:36.152539 115720 log.cc:562] T 991bceb3ecd643048b2612ea06d7f6f6 P b497dbd6bd1a4c998891b00d2493a1bb: Rolled over to a new log segment at /home/ubuntu/Impala/testdata/cluster/cdh5/node-1/var/lib/kudu/ts/wal/wals/991bceb3ecd643048b2612ea06d7f6f6/wal-000000008
I0727 05:20:36.647212 115725 log.cc:647] T e75ae7eab0ea498095572f8f92f9da35 P b497dbd6bd1a4c998891b00d2493a1bb: Max segment size reached. Starting new segment allocation
I0727 05:20:36.800034 115725 log.cc:562] T e75ae7eab0ea498095572f8f92f9da35 P b497dbd6bd1a4c998891b00d2493a1bb: Rolled over to a new log segment at /home/ubuntu/Impala/testdata/cluster/cdh5/node-1/var/lib/kudu/ts/wal/wals/e75ae7eab0ea498095572f8f92f9da35/wal-000000008
I0727 05:20:36.978332 115720 log.cc:647] T 991bceb3ecd643048b2612ea06d7f6f6 P b497dbd6bd1a4c998891b00d2493a1bb: Max segment size reached. Starting new segment allocation
I0727 05:20:37.066730 115712 log.cc:647] T dca01cf35daa4b6e8c4cfe3f7c383123 P b497dbd6bd1a4c998891b00d2493a1bb: Max segment size reached. Starting new segment allocation
I0727 05:20:37.074992 115720 log.cc:562] T 991bceb3ecd643048b2612ea06d7f6f6 P b497dbd6bd1a4c998891b00d2493a1bb: Rolled over to a new log segment at /home/ubuntu/Impala/testdata/cluster/cdh5/node-1/var/lib/kudu/ts/wal/wals/991bceb3ecd643048b2612ea06d7f6f6/wal-000000009
I0727 05:20:37.145928 115712 log.cc:562] T dca01cf35daa4b6e8c4cfe3f7c383123 P b497dbd6bd1a4c998891b00d2493a1bb: Rolled over to a new log segment at /home/ubuntu/Impala/testdata/cluster/cdh5/node-1/var/lib/kudu/ts/wal/wals/dca01cf35daa4b6e8c4cfe3f7c383123/wal-000000009
I0727 05:20:37.696808 115725 log.cc:647] T e75ae7eab0ea498095572f8f92f9da35 P b497dbd6bd1a4c998891b00d2493a1bb: Max segment size reached. Starting new segment allocation
I0727 05:20:37.776887 20813 tablet.cc:1039] T 834e814840e049aeb7ff9a76ca4a2989 P b497dbd6bd1a4c998891b00d2493a1bb: Flush: entering stage 1 (old memrowset already frozen for inserts)
I0727 05:20:37.776907 20813 compaction.cc:881] Selected 1 rowsets to compact:
I0727 05:20:37.776909 20813 compaction.cc:884] memrowset(current size on disk: ~0 bytes)
I0727 05:20:37.776912 20813 tablet.cc:1041] T 834e814840e049aeb7ff9a76ca4a2989 P b497dbd6bd1a4c998891b00d2493a1bb: Memstore in-memory size: 251199255 bytes
I0727 05:20:37.776917 20813 tablet.cc:1304] T 834e814840e049aeb7ff9a76ca4a2989 P b497dbd6bd1a4c998891b00d2493a1bb: Flush: entering phase 1 (flushing snapshot). Phase 1 snapshot: MvccSnapshot[committed={T|T < 6148640073454743552 or (T in {6148640073454743552})}]
I0727 05:20:37.777364 115725 log.cc:562] T e75ae7eab0ea498095572f8f92f9da35 P b497dbd6bd1a4c998891b00d2493a1bb: Rolled over to a new log segment at /home/ubuntu/Impala/testdata/cluster/cdh5/node-1/var/lib/kudu/ts/wal/wals/e75ae7eab0ea498095572f8f92f9da35/wal-000000009
I0727 05:20:37.777793 20813 multi_column_writer.cc:95] Opened CFile writers for 16 column(s)
I0727 05:20:37.940392 115720 log.cc:647] T 991bceb3ecd643048b2612ea06d7f6f6 P b497dbd6bd1a4c998891b00d2493a1bb: Max segment size reached. Starting new segment allocation
I0727 05:20:38.019760 115712 log.cc:647] T dca01cf35daa4b6e8c4cfe3f7c383123 P b497dbd6bd1a4c998891b00d2493a1bb: Max segment size reached. Starting new segment allocation
I0727 05:20:38.036226 115720 log.cc:562] T 991bceb3ecd643048b2612ea06d7f6f6 P b497dbd6bd1a4c998891b00d2493a1bb: Rolled over to a new log segment at /home/ubuntu/Impala/testdata/cluster/cdh5/node-1/var/lib/kudu/ts/wal/wals/991bceb3ecd643048b2612ea06d7f6f6/wal-000000010
I0727 05:20:38.111826 115712 log.cc:562] T dca01cf35daa4b6e8c4cfe3f7c383123 P b497dbd6bd1a4c998891b00d2493a1bb: Rolled over to a new log segment at /home/ubuntu/Impala/testdata/cluster/cdh5/node-1/var/lib/kudu/ts/wal/wals/dca01cf35daa4b6e8c4cfe3f7c383123/wal-000000010
I0727 05:20:38.600971 20813 multi_column_writer.cc:95] Opened CFile writers for 16 column(s)
I0727 05:20:38.670049 115725 log.cc:647] T e75ae7eab0ea498095572f8f92f9da35 P b497dbd6bd1a4c998891b00d2493a1bb: Max segment size reached. Starting new segment allocation
W0727 05:20:38.819954 115725 log.cc:665] Time spent T e75ae7eab0ea498095572f8f92f9da35 P b497dbd6bd1a4c998891b00d2493a1bb: Append to log took a long time: real 0.150s	user 0.024s	sys 0.047s
I0727 05:20:38.867508 115725 log.cc:562] T e75ae7eab0ea498095572f8f92f9da35 P b497dbd6bd1a4c998891b00d2493a1bb: Rolled over to a new log segment at /home/ubuntu/Impala/testdata/cluster/cdh5/node-1/var/lib/kudu/ts/wal/wals/e75ae7eab0ea498095572f8f92f9da35/wal-000000010
I0727 05:20:38.885982 20813 tablet.cc:1389] T 834e814840e049aeb7ff9a76ca4a2989 P b497dbd6bd1a4c998891b00d2493a1bb: Flush: entering phase 2 (starting to duplicate updates in new rowsets)
I0727 05:20:38.886015 20813 tablet.cc:1444] T 834e814840e049aeb7ff9a76ca4a2989 P b497dbd6bd1a4c998891b00d2493a1bb: Flush Phase 2: carrying over any updates which arrived during Phase 1
I0727 05:20:38.886025 20813 tablet.cc:1446] T 834e814840e049aeb7ff9a76ca4a2989 P b497dbd6bd1a4c998891b00d2493a1bb: Phase 2 snapshot: MvccSnapshot[committed={T|T < 6148640073454743552 or (T in {6148640073454743552})}]
I0727 05:20:38.951287 115720 log.cc:647] T 991bceb3ecd643048b2612ea06d7f6f6 P b497dbd6bd1a4c998891b00d2493a1bb: Max segment size reached. Starting new segment allocation
I0727 05:20:38.954156 20813 tablet.cc:1488] T 834e814840e049aeb7ff9a76ca4a2989 P b497dbd6bd1a4c998891b00d2493a1bb: Flush successful on 666958 rows (44738539 bytes)
I0727 05:20:38.955911 20813 maintenance_manager.cc:435] Time spent running FlushMRSOp(834e814840e049aeb7ff9a76ca4a2989): real 1.179s	user 0.950s	sys 0.082s
I0727 05:20:38.955937 20813 maintenance_manager.cc:441] P b497dbd6bd1a4c998891b00d2493a1bb: FlushMRSOp(834e814840e049aeb7ff9a76ca4a2989) metrics: {"cfile_init":2,"compiler_manager_pool.queue_time_us":217,"compiler_manager_pool.run_cpu_time_us":149549,"compiler_manager_pool.run_wall_time_us":178912,"tcmalloc_contention_cycles":152742272,"thread_start_us":399,"threads_started":2,"wal-append.queue_time_us":211}
I0727 05:20:38.956791 20813 log_reader.cc:377] T 834e814840e049aeb7ff9a76ca4a2989: removed 17 log segments from log reader
I0727 05:20:38.956802 20813 log.cc:868] T 834e814840e049aeb7ff9a76ca4a2989 P b497dbd6bd1a4c998891b00d2493a1bb: Deleting log segment in path: /home/ubuntu/Impala/testdata/cluster/cdh5/node-1/var/lib/kudu/ts/wal/wals/834e814840e049aeb7ff9a76ca4a2989/wal-000000001 (ops 1-2)
I0727 05:20:38.956821 20813 log.cc:868] T 834e814840e049aeb7ff9a76ca4a2989 P b497dbd6bd1a4c998891b00d2493a1bb: Deleting log segment in path: /home/ubuntu/Impala/testdata/cluster/cdh5/node-1/var/lib/kudu/ts/wal/wals/834e814840e049aeb7ff9a76ca4a2989/wal-000000002 (ops 3-3)
I0727 05:20:38.956835 20813 log.cc:868] T 834e814840e049aeb7ff9a76ca4a2989 P b497dbd6bd1a4c998891b00d2493a1bb: Deleting log segment in path: /home/ubuntu/Impala/testdata/cluster/cdh5/node-1/var/lib/kudu/ts/wal/wals/834e814840e049aeb7ff9a76ca4a2989/wal-000000003 (ops 4-4)
I0727 05:20:38.956841 20813 log.cc:868] T 834e814840e049aeb7ff9a76ca4a2989 P b497dbd6bd1a4c998891b00d2493a1bb: Deleting log segment in path: /home/ubuntu/Impala/testdata/cluster/cdh5/node-1/var/lib/kudu/ts/wal/wals/834e814840e049aeb7ff9a76ca4a2989/wal-000000004 (ops 5-5)
I0727 05:20:38.956847 20813 log.cc:868] T 834e814840e049aeb7ff9a76ca4a2989 P b497dbd6bd1a4c998891b00d2493a1bb: Deleting log segment in path: /home/ubuntu/Impala/testdata/cluster/cdh5/node-1/var/lib/kudu/ts/wal/wals/834e814840e049aeb7ff9a76ca4a2989/wal-000000005 (ops 6-6)
I0727 05:20:38.956866 20813 log.cc:868] T 834e814840e049aeb7ff9a76ca4a2989 P b497dbd6bd1a4c998891b00d2493a1bb: Deleting log segment in path: /home/ubuntu/Impala/testdata/cluster/cdh5/node-1/var/lib/kudu/ts/wal/wals/834e814840e049aeb7ff9a76ca4a2989/wal-000000006 (ops 7-7)
I0727 05:20:38.956876 20813 log.cc:868] T 834e814840e049aeb7ff9a76ca4a2989 P b497dbd6bd1a4c998891b00d2493a1bb: Deleting log segment in path: /home/ubuntu/Impala/testdata/cluster/cdh5/node-1/var/lib/kudu/ts/wal/wals/834e814840e049aeb7ff9a76ca4a2989/wal-000000007 (ops 8-8)
I0727 05:20:38.956887 20813 log.cc:868] T 834e814840e049aeb7ff9a76ca4a2989 P b497dbd6bd1a4c998891b00d2493a1bb: Deleting log segment in path: /home/ubuntu/Impala/testdata/cluster/cdh5/node-1/var/lib/kudu/ts/wal/wals/834e814840e049aeb7ff9a76ca4a2989/wal-000000008 (ops 9-9)
I0727 05:20:38.956902 20813 log.cc:868] T 834e814840e049aeb7ff9a76ca4a2989 P b497dbd6bd1a4c998891b00d2493a1bb: Deleting log segment in path: /home/ubuntu/Impala/testdata/cluster/cdh5/node-1/var/lib/kudu/ts/wal/wals/834e814840e049aeb7ff9a76ca4a2989/wal-000000009 (ops 10-10)
I0727 05:20:38.956920 20813 log.cc:868] T 834e814840e049aeb7ff9a76ca4a2989 P b497dbd6bd1a4c998891b00d2493a1bb: Deleting log segment in path: /home/ubuntu/Impala/testdata/cluster/cdh5/node-1/var/lib/kudu/ts/wal/wals/834e814840e049aeb7ff9a76ca4a2989/wal-000000010 (ops 11-11)
I0727 05:20:38.956933 20813 log.cc:868] T 834e814840e049aeb7ff9a76ca4a2989 P b497dbd6bd1a4c998891b00d2493a1bb: Deleting log segment in path: /home/ubuntu/Impala/testdata/cluster/cdh5/node-1/var/lib/kudu/ts/wal/wals/834e814840e049aeb7ff9a76ca4a2989/wal-000000011 (ops 12-12)
I0727 05:20:38.956946 20813 log.cc:868] T 834e814840e049aeb7ff9a76ca4a2989 P b497dbd6bd1a4c998891b00d2493a1bb: Deleting log segment in path: /home/ubuntu/Impala/testdata/cluster/cdh5/node-1/var/lib/kudu/ts/wal/wals/834e814840e049aeb7ff9a76ca4a2989/wal-000000012 (ops 13-13)
I0727 05:20:38.956957 20813 log.cc:868] T 834e814840e049aeb7ff9a76ca4a2989 P b497dbd6bd1a4c998891b00d2493a1bb: Deleting log segment in path: /home/ubuntu/Impala/testdata/cluster/cdh5/node-1/var/lib/kudu/ts/wal/wals/834e814840e049aeb7ff9a76ca4a2989/wal-000000013 (ops 14-14)
I0727 05:20:38.956974 20813 log.cc:868] T 834e814840e049aeb7ff9a76ca4a2989 P b497dbd6bd1a4c998891b00d2493a1bb: Deleting log segment in path: /home/ubuntu/Impala/testdata/cluster/cdh5/node-1/var/lib/kudu/ts/wal/wals/834e814840e049aeb7ff9a76ca4a2989/wal-000000014 (ops 15-15)
I0727 05:20:38.956984 20813 log.cc:868] T 834e814840e049aeb7ff9a76ca4a2989 P b497dbd6bd1a4c998891b00d2493a1bb: Deleting log segment in path: /home/ubuntu/Impala/testdata/cluster/cdh5/node-1/var/lib/kudu/ts/wal/wals/834e814840e049aeb7ff9a76ca4a2989/wal-000000015 (ops 16-16)
I0727 05:20:38.956993 20813 log.cc:868] T 834e814840e049aeb7ff9a76ca4a2989 P b497dbd6bd1a4c998891b00d2493a1bb: Deleting log segment in path: /home/ubuntu/Impala/testdata/cluster/cdh5/node-1/var/lib/kudu/ts/wal/wals/834e814840e049aeb7ff9a76ca4a2989/wal-000000016 (ops 17-17)
I0727 05:20:38.957002 20813 log.cc:868] T 834e814840e049aeb7ff9a76ca4a2989 P b497dbd6bd1a4c998891b00d2493a1bb: Deleting log segment in path: /home/ubuntu/Impala/testdata/cluster/cdh5/node-1/var/lib/kudu/ts/wal/wals/834e814840e049aeb7ff9a76ca4a2989/wal-000000017 (ops 18-18)
I0727 05:20:38.969574 20813 maintenance_manager.cc:435] Time spent running LogGCOp(834e814840e049aeb7ff9a76ca4a2989): real 0.013s	user 0.000s	sys 0.012s
I0727 05:20:38.969617 20813 maintenance_manager.cc:441] P b497dbd6bd1a4c998891b00d2493a1bb: LogGCOp(834e814840e049aeb7ff9a76ca4a2989) metrics: {"mutex_wait_us":1}
I0727 05:20:38.970438 20813 tablet.cc:1039] T 99dddb081d294300a6b1d5dd18e95d6e P b497dbd6bd1a4c998891b00d2493a1bb: Flush: entering stage 1 (old memrowset already frozen for inserts)
I0727 05:20:38.970448 20813 compaction.cc:881] Selected 1 rowsets to compact:
I0727 05:20:38.970450 20813 compaction.cc:884] memrowset(current size on disk: ~0 bytes)
I0727 05:20:38.970453 20813 tablet.cc:1041] T 99dddb081d294300a6b1d5dd18e95d6e P b497dbd6bd1a4c998891b00d2493a1bb: Memstore in-memory size: 251199255 bytes
I0727 05:20:38.970458 20813 tablet.cc:1304] T 99dddb081d294300a6b1d5dd18e95d6e P b497dbd6bd1a4c998891b00d2493a1bb: Flush: entering phase 1 (flushing snapshot). Phase 1 snapshot: MvccSnapshot[committed={T|T < 6148640072184619008 or (T in {6148640072184619008})}]
I0727 05:20:38.971148 20813 multi_column_writer.cc:95] Opened CFile writers for 16 column(s)
I0727 05:20:38.990984 115712 log.cc:647] T dca01cf35daa4b6e8c4cfe3f7c383123 P b497dbd6bd1a4c998891b00d2493a1bb: Max segment size reached. Starting new segment allocation
