I0727 04:14:03.451830 51257 leader_election.cc:217] T c841c520cb804a7b98921ff7b62f3dd2 P b497dbd6bd1a4c998891b00d2493a1bb [CANDIDATE]: Term 1 pre-election: Requesting pre-vote from peer 6f1af300e1d549d6b1cdd8bf3b9aeb9c
I0727 04:14:03.452028 20838 leader_election.cc:349] T c841c520cb804a7b98921ff7b62f3dd2 P b497dbd6bd1a4c998891b00d2493a1bb [CANDIDATE]: Term 1 pre-election: Vote granted by peer 3a3c735705964e1badb66c37a66a9096
I0727 04:14:03.452040 20838 leader_election.cc:244] T c841c520cb804a7b98921ff7b62f3dd2 P b497dbd6bd1a4c998891b00d2493a1bb [CANDIDATE]: Term 1 pre-election: Election decided. Result: candidate won.
I0727 04:14:03.452055 20838 leader_election.cc:349] T c841c520cb804a7b98921ff7b62f3dd2 P b497dbd6bd1a4c998891b00d2493a1bb [CANDIDATE]: Term 1 pre-election: Vote granted by peer 6f1af300e1d549d6b1cdd8bf3b9aeb9c
I0727 04:14:03.452078 50029 raft_consensus.cc:2372] T c841c520cb804a7b98921ff7b62f3dd2 P b497dbd6bd1a4c998891b00d2493a1bb: Snoozing failure detection for election timeout plus an additional 1.776s
I0727 04:14:03.452097 50029 raft_consensus.cc:2176] T c841c520cb804a7b98921ff7b62f3dd2 P b497dbd6bd1a4c998891b00d2493a1bb [term 0 FOLLOWER]: Leader pre-election won for term 1
I0727 04:14:03.452108 50029 raft_consensus.cc:411] T c841c520cb804a7b98921ff7b62f3dd2 P b497dbd6bd1a4c998891b00d2493a1bb [term 0 FOLLOWER]: Starting leader election (no leader contacted us within the election timeout)
I0727 04:14:03.452116 50029 raft_consensus.cc:2372] T c841c520cb804a7b98921ff7b62f3dd2 P b497dbd6bd1a4c998891b00d2493a1bb: Snoozing failure detection for election timeout plus an additional 1.550s
I0727 04:14:03.452119 50029 raft_consensus.cc:2419] T c841c520cb804a7b98921ff7b62f3dd2 P b497dbd6bd1a4c998891b00d2493a1bb [term 0 FOLLOWER]: Advancing to term 1
I0727 04:14:03.452635 50029 raft_consensus.cc:435] T c841c520cb804a7b98921ff7b62f3dd2 P b497dbd6bd1a4c998891b00d2493a1bb [term 1 FOLLOWER]: Starting leader election with config: opid_index: -1 OBSOLETE_local: false peers { permanent_uuid: "3a3c735705964e1badb66c37a66a9096" member_type: VOTER last_known_addr { host: "ip-172-31-12-168" port: 31200 } } peers { permanent_uuid: "b497dbd6bd1a4c998891b00d2493a1bb" member_type: VOTER last_known_addr { host: "ip-172-31-12-168" port: 31202 } } peers { permanent_uuid: "6f1af300e1d549d6b1cdd8bf3b9aeb9c" member_type: VOTER last_known_addr { host: "ip-172-31-12-168" port: 31201 } }
I0727 04:14:03.452769 50029 leader_election.cc:217] T c841c520cb804a7b98921ff7b62f3dd2 P b497dbd6bd1a4c998891b00d2493a1bb [CANDIDATE]: Term 1 election: Requesting vote from peer 3a3c735705964e1badb66c37a66a9096
I0727 04:14:03.452795 50029 leader_election.cc:217] T c841c520cb804a7b98921ff7b62f3dd2 P b497dbd6bd1a4c998891b00d2493a1bb [CANDIDATE]: Term 1 election: Requesting vote from peer 6f1af300e1d549d6b1cdd8bf3b9aeb9c
I0727 04:14:03.453260 20838 leader_election.cc:349] T c841c520cb804a7b98921ff7b62f3dd2 P b497dbd6bd1a4c998891b00d2493a1bb [CANDIDATE]: Term 1 election: Vote granted by peer 3a3c735705964e1badb66c37a66a9096
I0727 04:14:03.453275 20838 leader_election.cc:244] T c841c520cb804a7b98921ff7b62f3dd2 P b497dbd6bd1a4c998891b00d2493a1bb [CANDIDATE]: Term 1 election: Election decided. Result: candidate won.
I0727 04:14:03.453310 50029 raft_consensus.cc:2372] T c841c520cb804a7b98921ff7b62f3dd2 P b497dbd6bd1a4c998891b00d2493a1bb: Snoozing failure detection for election timeout plus an additional 2.113s
I0727 04:14:03.453322 50029 raft_consensus.cc:2176] T c841c520cb804a7b98921ff7b62f3dd2 P b497dbd6bd1a4c998891b00d2493a1bb [term 1 FOLLOWER]: Leader election won for term 1
I0727 04:14:03.453336 50029 raft_consensus.cc:528] T c841c520cb804a7b98921ff7b62f3dd2 P b497dbd6bd1a4c998891b00d2493a1bb [term 1 LEADER]: Becoming Leader. State: Replica: b497dbd6bd1a4c998891b00d2493a1bb, State: Running, Role: LEADER
I0727 04:14:03.453369 50029 consensus_queue.cc:165] T c841c520cb804a7b98921ff7b62f3dd2 P b497dbd6bd1a4c998891b00d2493a1bb [LEADER]: Queue going to LEADER mode. State: All replicated index: 0, Majority replicated index: 0, Committed index: 0, Last appended: 0.0, Last appended by leader: 0, Current term: 1, Majority size: 2, State: 1, Mode: LEADER, active raft config: opid_index: -1 OBSOLETE_local: false peers { permanent_uuid: "3a3c735705964e1badb66c37a66a9096" member_type: VOTER last_known_addr { host: "ip-172-31-12-168" port: 31200 } } peers { permanent_uuid: "b497dbd6bd1a4c998891b00d2493a1bb" member_type: VOTER last_known_addr { host: "ip-172-31-12-168" port: 31202 } } peers { permanent_uuid: "6f1af300e1d549d6b1cdd8bf3b9aeb9c" member_type: VOTER last_known_addr { host: "ip-172-31-12-168" port: 31201 } }
I0727 04:14:03.453433 20838 leader_election.cc:349] T c841c520cb804a7b98921ff7b62f3dd2 P b497dbd6bd1a4c998891b00d2493a1bb [CANDIDATE]: Term 1 election: Vote granted by peer 6f1af300e1d549d6b1cdd8bf3b9aeb9c
I0727 04:14:03.766679 50029 consensus_queue.cc:722] T c841c520cb804a7b98921ff7b62f3dd2 P b497dbd6bd1a4c998891b00d2493a1bb [LEADER]: Connected to new peer: Peer: 6f1af300e1d549d6b1cdd8bf3b9aeb9c, Is new: false, Last received: 0.0, Next index: 1, Last known committed idx: 0, Last exchange result: ERROR, Needs tablet copy: false
I0727 04:14:03.767587 50029 consensus_queue.cc:722] T c841c520cb804a7b98921ff7b62f3dd2 P b497dbd6bd1a4c998891b00d2493a1bb [LEADER]: Connected to new peer: Peer: 3a3c735705964e1badb66c37a66a9096, Is new: false, Last received: 0.0, Next index: 1, Last known committed idx: 0, Last exchange result: ERROR, Needs tablet copy: false
I0727 04:14:03.806646 51259 raft_consensus.cc:411] T 511743a273b44368a0ef3ff1441ab81a P b497dbd6bd1a4c998891b00d2493a1bb [term 0 FOLLOWER]: Starting pre-election (no leader contacted us within the election timeout)
I0727 04:14:03.806675 51259 raft_consensus.cc:2372] T 511743a273b44368a0ef3ff1441ab81a P b497dbd6bd1a4c998891b00d2493a1bb: Snoozing failure detection for election timeout plus an additional 1.859s
I0727 04:14:03.806711 51259 raft_consensus.cc:435] T 511743a273b44368a0ef3ff1441ab81a P b497dbd6bd1a4c998891b00d2493a1bb [term 0 FOLLOWER]: Starting pre-election with config: opid_index: -1 OBSOLETE_local: false peers { permanent_uuid: "3a3c735705964e1badb66c37a66a9096" member_type: VOTER last_known_addr { host: "ip-172-31-12-168" port: 31200 } } peers { permanent_uuid: "b497dbd6bd1a4c998891b00d2493a1bb" member_type: VOTER last_known_addr { host: "ip-172-31-12-168" port: 31202 } } peers { permanent_uuid: "6f1af300e1d549d6b1cdd8bf3b9aeb9c" member_type: VOTER last_known_addr { host: "ip-172-31-12-168" port: 31201 } }
I0727 04:14:03.806882 51259 leader_election.cc:217] T 511743a273b44368a0ef3ff1441ab81a P b497dbd6bd1a4c998891b00d2493a1bb [CANDIDATE]: Term 1 pre-election: Requesting pre-vote from peer 3a3c735705964e1badb66c37a66a9096
I0727 04:14:03.806910 51259 leader_election.cc:217] T 511743a273b44368a0ef3ff1441ab81a P b497dbd6bd1a4c998891b00d2493a1bb [CANDIDATE]: Term 1 pre-election: Requesting pre-vote from peer 6f1af300e1d549d6b1cdd8bf3b9aeb9c
I0727 04:14:03.807138 20838 leader_election.cc:349] T 511743a273b44368a0ef3ff1441ab81a P b497dbd6bd1a4c998891b00d2493a1bb [CANDIDATE]: Term 1 pre-election: Vote granted by peer 6f1af300e1d549d6b1cdd8bf3b9aeb9c
I0727 04:14:03.807154 20838 leader_election.cc:244] T 511743a273b44368a0ef3ff1441ab81a P b497dbd6bd1a4c998891b00d2493a1bb [CANDIDATE]: Term 1 pre-election: Election decided. Result: candidate won.
I0727 04:14:03.807206 50046 raft_consensus.cc:2372] T 511743a273b44368a0ef3ff1441ab81a P b497dbd6bd1a4c998891b00d2493a1bb: Snoozing failure detection for election timeout plus an additional 1.636s
I0727 04:14:03.807216 20838 leader_election.cc:349] T 511743a273b44368a0ef3ff1441ab81a P b497dbd6bd1a4c998891b00d2493a1bb [CANDIDATE]: Term 1 pre-election: Vote granted by peer 3a3c735705964e1badb66c37a66a9096
I0727 04:14:03.807229 50046 raft_consensus.cc:2176] T 511743a273b44368a0ef3ff1441ab81a P b497dbd6bd1a4c998891b00d2493a1bb [term 0 FOLLOWER]: Leader pre-election won for term 1
I0727 04:14:03.807265 50046 raft_consensus.cc:411] T 511743a273b44368a0ef3ff1441ab81a P b497dbd6bd1a4c998891b00d2493a1bb [term 0 FOLLOWER]: Starting leader election (no leader contacted us within the election timeout)
I0727 04:14:03.807271 50046 raft_consensus.cc:2372] T 511743a273b44368a0ef3ff1441ab81a P b497dbd6bd1a4c998891b00d2493a1bb: Snoozing failure detection for election timeout plus an additional 1.726s
I0727 04:14:03.807282 50046 raft_consensus.cc:2419] T 511743a273b44368a0ef3ff1441ab81a P b497dbd6bd1a4c998891b00d2493a1bb [term 0 FOLLOWER]: Advancing to term 1
I0727 04:14:03.807786 50046 raft_consensus.cc:435] T 511743a273b44368a0ef3ff1441ab81a P b497dbd6bd1a4c998891b00d2493a1bb [term 1 FOLLOWER]: Starting leader election with config: opid_index: -1 OBSOLETE_local: false peers { permanent_uuid: "3a3c735705964e1badb66c37a66a9096" member_type: VOTER last_known_addr { host: "ip-172-31-12-168" port: 31200 } } peers { permanent_uuid: "b497dbd6bd1a4c998891b00d2493a1bb" member_type: VOTER last_known_addr { host: "ip-172-31-12-168" port: 31202 } } peers { permanent_uuid: "6f1af300e1d549d6b1cdd8bf3b9aeb9c" member_type: VOTER last_known_addr { host: "ip-172-31-12-168" port: 31201 } }
I0727 04:14:03.807921 50046 leader_election.cc:217] T 511743a273b44368a0ef3ff1441ab81a P b497dbd6bd1a4c998891b00d2493a1bb [CANDIDATE]: Term 1 election: Requesting vote from peer 3a3c735705964e1badb66c37a66a9096
I0727 04:14:03.807947 50046 leader_election.cc:217] T 511743a273b44368a0ef3ff1441ab81a P b497dbd6bd1a4c998891b00d2493a1bb [CANDIDATE]: Term 1 election: Requesting vote from peer 6f1af300e1d549d6b1cdd8bf3b9aeb9c
I0727 04:14:03.808456 20838 leader_election.cc:349] T 511743a273b44368a0ef3ff1441ab81a P b497dbd6bd1a4c998891b00d2493a1bb [CANDIDATE]: Term 1 election: Vote granted by peer 6f1af300e1d549d6b1cdd8bf3b9aeb9c
I0727 04:14:03.808471 20838 leader_election.cc:244] T 511743a273b44368a0ef3ff1441ab81a P b497dbd6bd1a4c998891b00d2493a1bb [CANDIDATE]: Term 1 election: Election decided. Result: candidate won.
I0727 04:14:03.808502 50046 raft_consensus.cc:2372] T 511743a273b44368a0ef3ff1441ab81a P b497dbd6bd1a4c998891b00d2493a1bb: Snoozing failure detection for election timeout plus an additional 1.898s
I0727 04:14:03.808517 50046 raft_consensus.cc:2176] T 511743a273b44368a0ef3ff1441ab81a P b497dbd6bd1a4c998891b00d2493a1bb [term 1 FOLLOWER]: Leader election won for term 1
I0727 04:14:03.808531 50046 raft_consensus.cc:528] T 511743a273b44368a0ef3ff1441ab81a P b497dbd6bd1a4c998891b00d2493a1bb [term 1 LEADER]: Becoming Leader. State: Replica: b497dbd6bd1a4c998891b00d2493a1bb, State: Running, Role: LEADER
I0727 04:14:03.808568 50046 consensus_queue.cc:165] T 511743a273b44368a0ef3ff1441ab81a P b497dbd6bd1a4c998891b00d2493a1bb [LEADER]: Queue going to LEADER mode. State: All replicated index: 0, Majority replicated index: 0, Committed index: 0, Last appended: 0.0, Last appended by leader: 0, Current term: 1, Majority size: 2, State: 1, Mode: LEADER, active raft config: opid_index: -1 OBSOLETE_local: false peers { permanent_uuid: "3a3c735705964e1badb66c37a66a9096" member_type: VOTER last_known_addr { host: "ip-172-31-12-168" port: 31200 } } peers { permanent_uuid: "b497dbd6bd1a4c998891b00d2493a1bb" member_type: VOTER last_known_addr { host: "ip-172-31-12-168" port: 31202 } } peers { permanent_uuid: "6f1af300e1d549d6b1cdd8bf3b9aeb9c" member_type: VOTER last_known_addr { host: "ip-172-31-12-168" port: 31201 } }
I0727 04:14:03.808591 20838 leader_election.cc:349] T 511743a273b44368a0ef3ff1441ab81a P b497dbd6bd1a4c998891b00d2493a1bb [CANDIDATE]: Term 1 election: Vote granted by peer 3a3c735705964e1badb66c37a66a9096
I0727 04:14:03.851307 20917 raft_consensus.cc:2372] T 84c0e499f58047638b5c1056283c27f7 P b497dbd6bd1a4c998891b00d2493a1bb: Snoozing failure detection for election timeout plus an additional 1.908s
I0727 04:14:03.851330 20917 raft_consensus.cc:1943] T 84c0e499f58047638b5c1056283c27f7 P b497dbd6bd1a4c998891b00d2493a1bb [term 0 FOLLOWER]: Leader pre-election vote request: Granting yes vote for candidate 6f1af300e1d549d6b1cdd8bf3b9aeb9c in term 0.
I0727 04:14:03.852427 20917 raft_consensus.cc:2419] T 84c0e499f58047638b5c1056283c27f7 P b497dbd6bd1a4c998891b00d2493a1bb [term 0 FOLLOWER]: Advancing to term 1
I0727 04:14:03.852457 20917 raft_consensus.cc:2372] T 84c0e499f58047638b5c1056283c27f7 P b497dbd6bd1a4c998891b00d2493a1bb: Snoozing failure detection for election timeout plus an additional 1.566s
I0727 04:14:03.852864 20917 raft_consensus.cc:1943] T 84c0e499f58047638b5c1056283c27f7 P b497dbd6bd1a4c998891b00d2493a1bb [term 1 FOLLOWER]: Leader election vote request: Granting yes vote for candidate 6f1af300e1d549d6b1cdd8bf3b9aeb9c in term 1.
I0727 04:14:04.134718 50010 consensus_queue.cc:722] T 511743a273b44368a0ef3ff1441ab81a P b497dbd6bd1a4c998891b00d2493a1bb [LEADER]: Connected to new peer: Peer: 3a3c735705964e1badb66c37a66a9096, Is new: false, Last received: 0.0, Next index: 1, Last known committed idx: 0, Last exchange result: ERROR, Needs tablet copy: false
I0727 04:14:04.135565 50010 consensus_queue.cc:722] T 511743a273b44368a0ef3ff1441ab81a P b497dbd6bd1a4c998891b00d2493a1bb [LEADER]: Connected to new peer: Peer: 6f1af300e1d549d6b1cdd8bf3b9aeb9c, Is new: false, Last received: 0.0, Next index: 1, Last known committed idx: 0, Last exchange result: ERROR, Needs tablet copy: false
I0727 04:14:04.270259 20917 raft_consensus.cc:944] T 84c0e499f58047638b5c1056283c27f7 P b497dbd6bd1a4c998891b00d2493a1bb [term 1 FOLLOWER]: Refusing update from remote peer 6f1af300e1d549d6b1cdd8bf3b9aeb9c: Log matching property violated. Preceding OpId in replica: term: 0 index: 0. Preceding OpId from leader: term: 1 index: 1. (index mismatch)
I0727 04:14:09.381897 20882 tablet_service.cc:672] Processing CreateTablet for tablet b5a9dd0d9f264acc9cbf55596ef9fe68 (table=impala::functional_kudu.emptytable [id=9c5318daf1654b8ea73b1143369eb317]), partition=HASH (field) PARTITION 1
I0727 04:14:09.381896 20881 tablet_service.cc:672] Processing CreateTablet for tablet 38dd5558e43a4cc9a7f2fce41ae145c8 (table=impala::functional_kudu.emptytable [id=9c5318daf1654b8ea73b1143369eb317]), partition=HASH (field) PARTITION 0
I0727 04:14:09.382316 20883 tablet_service.cc:672] Processing CreateTablet for tablet fb63e650a8d0496786c32252dc667fa0 (table=impala::functional_kudu.emptytable [id=9c5318daf1654b8ea73b1143369eb317]), partition=HASH (field) PARTITION 2
I0727 04:14:09.382971 20882 ts_tablet_manager.cc:871] T b5a9dd0d9f264acc9cbf55596ef9fe68 P b497dbd6bd1a4c998891b00d2493a1bb: Registered tablet (data state: TABLET_DATA_READY)
I0727 04:14:09.383083 20881 ts_tablet_manager.cc:871] T 38dd5558e43a4cc9a7f2fce41ae145c8 P b497dbd6bd1a4c998891b00d2493a1bb: Registered tablet (data state: TABLET_DATA_READY)
I0727 04:14:09.383214 51410 ts_tablet_manager.cc:741] T b5a9dd0d9f264acc9cbf55596ef9fe68 P b497dbd6bd1a4c998891b00d2493a1bb: Bootstrapping tablet
I0727 04:14:09.383255 51410 tablet_bootstrap.cc:406] T b5a9dd0d9f264acc9cbf55596ef9fe68 P b497dbd6bd1a4c998891b00d2493a1bb: Bootstrap starting.
I0727 04:14:09.383342 20883 ts_tablet_manager.cc:871] T fb63e650a8d0496786c32252dc667fa0 P b497dbd6bd1a4c998891b00d2493a1bb: Registered tablet (data state: TABLET_DATA_READY)
I0727 04:14:09.383440 51410 tablet_bootstrap.cc:547] T b5a9dd0d9f264acc9cbf55596ef9fe68 P b497dbd6bd1a4c998891b00d2493a1bb: No blocks or log segments found. Creating new log.
I0727 04:14:09.383862 51410 tablet_bootstrap.cc:406] T b5a9dd0d9f264acc9cbf55596ef9fe68 P b497dbd6bd1a4c998891b00d2493a1bb: No bootstrap required, opened a new log
I0727 04:14:09.383883 51410 ts_tablet_manager.cc:746] T b5a9dd0d9f264acc9cbf55596ef9fe68 P b497dbd6bd1a4c998891b00d2493a1bb: Time spent bootstrapping tablet: real 0.001s	user 0.000s	sys 0.000s
I0727 04:14:09.384162 51410 raft_consensus.cc:284] T b5a9dd0d9f264acc9cbf55596ef9fe68 P b497dbd6bd1a4c998891b00d2493a1bb [term 0 FOLLOWER]: Replica starting. Triggering 0 pending transactions. Active config: opid_index: -1 OBSOLETE_local: false peers { permanent_uuid: "3a3c735705964e1badb66c37a66a9096" member_type: VOTER last_known_addr { host: "ip-172-31-12-168" port: 31200 } } peers { permanent_uuid: "b497dbd6bd1a4c998891b00d2493a1bb" member_type: VOTER last_known_addr { host: "ip-172-31-12-168" port: 31202 } } peers { permanent_uuid: "6f1af300e1d549d6b1cdd8bf3b9aeb9c" member_type: VOTER last_known_addr { host: "ip-172-31-12-168" port: 31201 } }
I0727 04:14:09.384178 51410 raft_consensus.cc:316] T b5a9dd0d9f264acc9cbf55596ef9fe68 P b497dbd6bd1a4c998891b00d2493a1bb [term 0 FOLLOWER]: Consensus starting up: Expiring failure detector timer to make a prompt election more likely
I0727 04:14:09.384182 51410 raft_consensus.cc:560] T b5a9dd0d9f264acc9cbf55596ef9fe68 P b497dbd6bd1a4c998891b00d2493a1bb [term 0 FOLLOWER]: Becoming Follower/Learner. State: Replica: b497dbd6bd1a4c998891b00d2493a1bb, State: Running, Role: FOLLOWER
I0727 04:14:09.384196 51410 consensus_queue.cc:186] T b5a9dd0d9f264acc9cbf55596ef9fe68 P b497dbd6bd1a4c998891b00d2493a1bb [NON_LEADER]: Queue going to NON_LEADER mode. State: All replicated index: 0, Majority replicated index: 0, Committed index: 0, Last appended: 0.0, Last appended by leader: 0, Current term: 0, Majority size: -1, State: 1, Mode: NON_LEADER
I0727 04:14:09.384263 51410 ts_tablet_manager.cc:775] T b5a9dd0d9f264acc9cbf55596ef9fe68 P b497dbd6bd1a4c998891b00d2493a1bb: Time spent starting tablet: real 0.000s	user 0.000s	sys 0.000s
I0727 04:14:09.384272 51410 ts_tablet_manager.cc:741] T 38dd5558e43a4cc9a7f2fce41ae145c8 P b497dbd6bd1a4c998891b00d2493a1bb: Bootstrapping tablet
I0727 04:14:09.384277 51410 tablet_bootstrap.cc:406] T 38dd5558e43a4cc9a7f2fce41ae145c8 P b497dbd6bd1a4c998891b00d2493a1bb: Bootstrap starting.
I0727 04:14:09.384449 51410 tablet_bootstrap.cc:547] T 38dd5558e43a4cc9a7f2fce41ae145c8 P b497dbd6bd1a4c998891b00d2493a1bb: No blocks or log segments found. Creating new log.
I0727 04:14:09.384860 51410 tablet_bootstrap.cc:406] T 38dd5558e43a4cc9a7f2fce41ae145c8 P b497dbd6bd1a4c998891b00d2493a1bb: No bootstrap required, opened a new log
I0727 04:14:09.384883 51410 ts_tablet_manager.cc:746] T 38dd5558e43a4cc9a7f2fce41ae145c8 P b497dbd6bd1a4c998891b00d2493a1bb: Time spent bootstrapping tablet: real 0.001s	user 0.000s	sys 0.000s
I0727 04:14:09.385215 51410 raft_consensus.cc:284] T 38dd5558e43a4cc9a7f2fce41ae145c8 P b497dbd6bd1a4c998891b00d2493a1bb [term 0 FOLLOWER]: Replica starting. Triggering 0 pending transactions. Active config: opid_index: -1 OBSOLETE_local: false peers { permanent_uuid: "b497dbd6bd1a4c998891b00d2493a1bb" member_type: VOTER last_known_addr { host: "ip-172-31-12-168" port: 31202 } } peers { permanent_uuid: "3a3c735705964e1badb66c37a66a9096" member_type: VOTER last_known_addr { host: "ip-172-31-12-168" port: 31200 } } peers { permanent_uuid: "6f1af300e1d549d6b1cdd8bf3b9aeb9c" member_type: VOTER last_known_addr { host: "ip-172-31-12-168" port: 31201 } }
I0727 04:14:09.385236 51410 raft_consensus.cc:316] T 38dd5558e43a4cc9a7f2fce41ae145c8 P b497dbd6bd1a4c998891b00d2493a1bb [term 0 FOLLOWER]: Consensus starting up: Expiring failure detector timer to make a prompt election more likely
I0727 04:14:09.385241 51410 raft_consensus.cc:560] T 38dd5558e43a4cc9a7f2fce41ae145c8 P b497dbd6bd1a4c998891b00d2493a1bb [term 0 FOLLOWER]: Becoming Follower/Learner. State: Replica: b497dbd6bd1a4c998891b00d2493a1bb, State: Running, Role: FOLLOWER
I0727 04:14:09.385259 51410 consensus_queue.cc:186] T 38dd5558e43a4cc9a7f2fce41ae145c8 P b497dbd6bd1a4c998891b00d2493a1bb [NON_LEADER]: Queue going to NON_LEADER mode. State: All replicated index: 0, Majority replicated index: 0, Committed index: 0, Last appended: 0.0, Last appended by leader: 0, Current term: 0, Majority size: -1, State: 1, Mode: NON_LEADER
I0727 04:14:09.385316 51410 ts_tablet_manager.cc:775] T 38dd5558e43a4cc9a7f2fce41ae145c8 P b497dbd6bd1a4c998891b00d2493a1bb: Time spent starting tablet: real 0.000s	user 0.000s	sys 0.000s
I0727 04:14:09.385340 51410 ts_tablet_manager.cc:741] T fb63e650a8d0496786c32252dc667fa0 P b497dbd6bd1a4c998891b00d2493a1bb: Bootstrapping tablet
I0727 04:14:09.385354 51410 tablet_bootstrap.cc:406] T fb63e650a8d0496786c32252dc667fa0 P b497dbd6bd1a4c998891b00d2493a1bb: Bootstrap starting.
I0727 04:14:09.385514 51410 tablet_bootstrap.cc:547] T fb63e650a8d0496786c32252dc667fa0 P b497dbd6bd1a4c998891b00d2493a1bb: No blocks or log segments found. Creating new log.
I0727 04:14:09.385915 51410 tablet_bootstrap.cc:406] T fb63e650a8d0496786c32252dc667fa0 P b497dbd6bd1a4c998891b00d2493a1bb: No bootstrap required, opened a new log
I0727 04:14:09.385931 51410 ts_tablet_manager.cc:746] T fb63e650a8d0496786c32252dc667fa0 P b497dbd6bd1a4c998891b00d2493a1bb: Time spent bootstrapping tablet: real 0.001s	user 0.000s	sys 0.000s
I0727 04:14:09.386199 51410 raft_consensus.cc:284] T fb63e650a8d0496786c32252dc667fa0 P b497dbd6bd1a4c998891b00d2493a1bb [term 0 FOLLOWER]: Replica starting. Triggering 0 pending transactions. Active config: opid_index: -1 OBSOLETE_local: false peers { permanent_uuid: "3a3c735705964e1badb66c37a66a9096" member_type: VOTER last_known_addr { host: "ip-172-31-12-168" port: 31200 } } peers { permanent_uuid: "b497dbd6bd1a4c998891b00d2493a1bb" member_type: VOTER last_known_addr { host: "ip-172-31-12-168" port: 31202 } } peers { permanent_uuid: "6f1af300e1d549d6b1cdd8bf3b9aeb9c" member_type: VOTER last_known_addr { host: "ip-172-31-12-168" port: 31201 } }
I0727 04:14:09.386214 51410 raft_consensus.cc:316] T fb63e650a8d0496786c32252dc667fa0 P b497dbd6bd1a4c998891b00d2493a1bb [term 0 FOLLOWER]: Consensus starting up: Expiring failure detector timer to make a prompt election more likely
I0727 04:14:09.386216 51410 raft_consensus.cc:560] T fb63e650a8d0496786c32252dc667fa0 P b497dbd6bd1a4c998891b00d2493a1bb [term 0 FOLLOWER]: Becoming Follower/Learner. State: Replica: b497dbd6bd1a4c998891b00d2493a1bb, State: Running, Role: FOLLOWER
I0727 04:14:09.386225 51410 consensus_queue.cc:186] T fb63e650a8d0496786c32252dc667fa0 P b497dbd6bd1a4c998891b00d2493a1bb [NON_LEADER]: Queue going to NON_LEADER mode. State: All replicated index: 0, Majority replicated index: 0, Committed index: 0, Last appended: 0.0, Last appended by leader: 0, Current term: 0, Majority size: -1, State: 1, Mode: NON_LEADER
I0727 04:14:09.386257 51410 ts_tablet_manager.cc:775] T fb63e650a8d0496786c32252dc667fa0 P b497dbd6bd1a4c998891b00d2493a1bb: Time spent starting tablet: real 0.000s	user 0.000s	sys 0.000s
I0727 04:14:09.433187 51429 raft_consensus.cc:411] T fb63e650a8d0496786c32252dc667fa0 P b497dbd6bd1a4c998891b00d2493a1bb [term 0 FOLLOWER]: Starting pre-election (no leader contacted us within the election timeout)
I0727 04:14:09.433215 51429 raft_consensus.cc:2372] T fb63e650a8d0496786c32252dc667fa0 P b497dbd6bd1a4c998891b00d2493a1bb: Snoozing failure detection for election timeout plus an additional 1.564s
I0727 04:14:09.433254 51429 raft_consensus.cc:435] T fb63e650a8d0496786c32252dc667fa0 P b497dbd6bd1a4c998891b00d2493a1bb [term 0 FOLLOWER]: Starting pre-election with config: opid_index: -1 OBSOLETE_local: false peers { permanent_uuid: "3a3c735705964e1badb66c37a66a9096" member_type: VOTER last_known_addr { host: "ip-172-31-12-168" port: 31200 } } peers { permanent_uuid: "b497dbd6bd1a4c998891b00d2493a1bb" member_type: VOTER last_known_addr { host: "ip-172-31-12-168" port: 31202 } } peers { permanent_uuid: "6f1af300e1d549d6b1cdd8bf3b9aeb9c" member_type: VOTER last_known_addr { host: "ip-172-31-12-168" port: 31201 } }
I0727 04:14:09.433401 51429 leader_election.cc:217] T fb63e650a8d0496786c32252dc667fa0 P b497dbd6bd1a4c998891b00d2493a1bb [CANDIDATE]: Term 1 pre-election: Requesting pre-vote from peer 3a3c735705964e1badb66c37a66a9096
I0727 04:14:09.433428 51429 leader_election.cc:217] T fb63e650a8d0496786c32252dc667fa0 P b497dbd6bd1a4c998891b00d2493a1bb [CANDIDATE]: Term 1 pre-election: Requesting pre-vote from peer 6f1af300e1d549d6b1cdd8bf3b9aeb9c
I0727 04:14:09.433601 20838 leader_election.cc:349] T fb63e650a8d0496786c32252dc667fa0 P b497dbd6bd1a4c998891b00d2493a1bb [CANDIDATE]: Term 1 pre-election: Vote granted by peer 6f1af300e1d549d6b1cdd8bf3b9aeb9c
I0727 04:14:09.433614 20838 leader_election.cc:244] T fb63e650a8d0496786c32252dc667fa0 P b497dbd6bd1a4c998891b00d2493a1bb [CANDIDATE]: Term 1 pre-election: Election decided. Result: candidate won.
I0727 04:14:09.433629 20838 leader_election.cc:349] T fb63e650a8d0496786c32252dc667fa0 P b497dbd6bd1a4c998891b00d2493a1bb [CANDIDATE]: Term 1 pre-election: Vote granted by peer 3a3c735705964e1badb66c37a66a9096
I0727 04:14:09.433642 50029 raft_consensus.cc:2372] T fb63e650a8d0496786c32252dc667fa0 P b497dbd6bd1a4c998891b00d2493a1bb: Snoozing failure detection for election timeout plus an additional 2.006s
I0727 04:14:09.433656 50029 raft_consensus.cc:2176] T fb63e650a8d0496786c32252dc667fa0 P b497dbd6bd1a4c998891b00d2493a1bb [term 0 FOLLOWER]: Leader pre-election won for term 1
I0727 04:14:09.433660 50029 raft_consensus.cc:411] T fb63e650a8d0496786c32252dc667fa0 P b497dbd6bd1a4c998891b00d2493a1bb [term 0 FOLLOWER]: Starting leader election (no leader contacted us within the election timeout)
I0727 04:14:09.433668 50029 raft_consensus.cc:2372] T fb63e650a8d0496786c32252dc667fa0 P b497dbd6bd1a4c998891b00d2493a1bb: Snoozing failure detection for election timeout plus an additional 1.746s
I0727 04:14:09.433671 50029 raft_consensus.cc:2419] T fb63e650a8d0496786c32252dc667fa0 P b497dbd6bd1a4c998891b00d2493a1bb [term 0 FOLLOWER]: Advancing to term 1
I0727 04:14:09.434043 50029 raft_consensus.cc:435] T fb63e650a8d0496786c32252dc667fa0 P b497dbd6bd1a4c998891b00d2493a1bb [term 1 FOLLOWER]: Starting leader election with config: opid_index: -1 OBSOLETE_local: false peers { permanent_uuid: "3a3c735705964e1badb66c37a66a9096" member_type: VOTER last_known_addr { host: "ip-172-31-12-168" port: 31200 } } peers { permanent_uuid: "b497dbd6bd1a4c998891b00d2493a1bb" member_type: VOTER last_known_addr { host: "ip-172-31-12-168" port: 31202 } } peers { permanent_uuid: "6f1af300e1d549d6b1cdd8bf3b9aeb9c" member_type: VOTER last_known_addr { host: "ip-172-31-12-168" port: 31201 } }
I0727 04:14:09.434149 50029 leader_election.cc:217] T fb63e650a8d0496786c32252dc667fa0 P b497dbd6bd1a4c998891b00d2493a1bb [CANDIDATE]: Term 1 election: Requesting vote from peer 3a3c735705964e1badb66c37a66a9096
I0727 04:14:09.434168 50029 leader_election.cc:217] T fb63e650a8d0496786c32252dc667fa0 P b497dbd6bd1a4c998891b00d2493a1bb [CANDIDATE]: Term 1 election: Requesting vote from peer 6f1af300e1d549d6b1cdd8bf3b9aeb9c
I0727 04:14:09.434608 20838 leader_election.cc:349] T fb63e650a8d0496786c32252dc667fa0 P b497dbd6bd1a4c998891b00d2493a1bb [CANDIDATE]: Term 1 election: Vote granted by peer 6f1af300e1d549d6b1cdd8bf3b9aeb9c
I0727 04:14:09.434618 20838 leader_election.cc:244] T fb63e650a8d0496786c32252dc667fa0 P b497dbd6bd1a4c998891b00d2493a1bb [CANDIDATE]: Term 1 election: Election decided. Result: candidate won.
I0727 04:14:09.434640 50010 raft_consensus.cc:2372] T fb63e650a8d0496786c32252dc667fa0 P b497dbd6bd1a4c998891b00d2493a1bb: Snoozing failure detection for election timeout plus an additional 1.540s
I0727 04:14:09.434653 50010 raft_consensus.cc:2176] T fb63e650a8d0496786c32252dc667fa0 P b497dbd6bd1a4c998891b00d2493a1bb [term 1 FOLLOWER]: Leader election won for term 1
I0727 04:14:09.434665 50010 raft_consensus.cc:528] T fb63e650a8d0496786c32252dc667fa0 P b497dbd6bd1a4c998891b00d2493a1bb [term 1 LEADER]: Becoming Leader. State: Replica: b497dbd6bd1a4c998891b00d2493a1bb, State: Running, Role: LEADER
I0727 04:14:09.434691 50010 consensus_queue.cc:165] T fb63e650a8d0496786c32252dc667fa0 P b497dbd6bd1a4c998891b00d2493a1bb [LEADER]: Queue going to LEADER mode. State: All replicated index: 0, Majority replicated index: 0, Committed index: 0, Last appended: 0.0, Last appended by leader: 0, Current term: 1, Majority size: 2, State: 1, Mode: LEADER, active raft config: opid_index: -1 OBSOLETE_local: false peers { permanent_uuid: "3a3c735705964e1badb66c37a66a9096" member_type: VOTER last_known_addr { host: "ip-172-31-12-168" port: 31200 } } peers { permanent_uuid: "b497dbd6bd1a4c998891b00d2493a1bb" member_type: VOTER last_known_addr { host: "ip-172-31-12-168" port: 31202 } } peers { permanent_uuid: "6f1af300e1d549d6b1cdd8bf3b9aeb9c" member_type: VOTER last_known_addr { host: "ip-172-31-12-168" port: 31201 } }
I0727 04:14:09.434756 20838 leader_election.cc:349] T fb63e650a8d0496786c32252dc667fa0 P b497dbd6bd1a4c998891b00d2493a1bb [CANDIDATE]: Term 1 election: Vote granted by peer 3a3c735705964e1badb66c37a66a9096
I0727 04:14:09.795935 50046 consensus_queue.cc:722] T fb63e650a8d0496786c32252dc667fa0 P b497dbd6bd1a4c998891b00d2493a1bb [LEADER]: Connected to new peer: Peer: 6f1af300e1d549d6b1cdd8bf3b9aeb9c, Is new: false, Last received: 0.0, Next index: 1, Last known committed idx: 0, Last exchange result: ERROR, Needs tablet copy: false
I0727 04:14:09.796680 50029 consensus_queue.cc:722] T fb63e650a8d0496786c32252dc667fa0 P b497dbd6bd1a4c998891b00d2493a1bb [LEADER]: Connected to new peer: Peer: 3a3c735705964e1badb66c37a66a9096, Is new: false, Last received: 0.0, Next index: 1, Last known committed idx: 0, Last exchange result: ERROR, Needs tablet copy: false
I0727 04:14:09.822480 20917 raft_consensus.cc:2372] T b5a9dd0d9f264acc9cbf55596ef9fe68 P b497dbd6bd1a4c998891b00d2493a1bb: Snoozing failure detection for election timeout plus an additional 1.666s
I0727 04:14:09.822495 20917 raft_consensus.cc:1943] T b5a9dd0d9f264acc9cbf55596ef9fe68 P b497dbd6bd1a4c998891b00d2493a1bb [term 0 FOLLOWER]: Leader pre-election vote request: Granting yes vote for candidate 6f1af300e1d549d6b1cdd8bf3b9aeb9c in term 0.
I0727 04:14:09.823158 20917 raft_consensus.cc:2419] T b5a9dd0d9f264acc9cbf55596ef9fe68 P b497dbd6bd1a4c998891b00d2493a1bb [term 0 FOLLOWER]: Advancing to term 1
I0727 04:14:09.823173 20917 raft_consensus.cc:2372] T b5a9dd0d9f264acc9cbf55596ef9fe68 P b497dbd6bd1a4c998891b00d2493a1bb: Snoozing failure detection for election timeout plus an additional 1.781s
I0727 04:14:09.823462 20917 raft_consensus.cc:1943] T b5a9dd0d9f264acc9cbf55596ef9fe68 P b497dbd6bd1a4c998891b00d2493a1bb [term 1 FOLLOWER]: Leader election vote request: Granting yes vote for candidate 6f1af300e1d549d6b1cdd8bf3b9aeb9c in term 1.
I0727 04:14:09.951154 51422 raft_consensus.cc:411] T 38dd5558e43a4cc9a7f2fce41ae145c8 P b497dbd6bd1a4c998891b00d2493a1bb [term 0 FOLLOWER]: Starting pre-election (no leader contacted us within the election timeout)
I0727 04:14:09.951174 51422 raft_consensus.cc:2372] T 38dd5558e43a4cc9a7f2fce41ae145c8 P b497dbd6bd1a4c998891b00d2493a1bb: Snoozing failure detection for election timeout plus an additional 1.647s
I0727 04:14:09.951201 51422 raft_consensus.cc:435] T 38dd5558e43a4cc9a7f2fce41ae145c8 P b497dbd6bd1a4c998891b00d2493a1bb [term 0 FOLLOWER]: Starting pre-election with config: opid_index: -1 OBSOLETE_local: false peers { permanent_uuid: "b497dbd6bd1a4c998891b00d2493a1bb" member_type: VOTER last_known_addr { host: "ip-172-31-12-168" port: 31202 } } peers { permanent_uuid: "3a3c735705964e1badb66c37a66a9096" member_type: VOTER last_known_addr { host: "ip-172-31-12-168" port: 31200 } } peers { permanent_uuid: "6f1af300e1d549d6b1cdd8bf3b9aeb9c" member_type: VOTER last_known_addr { host: "ip-172-31-12-168" port: 31201 } }
I0727 04:14:09.951324 51422 leader_election.cc:217] T 38dd5558e43a4cc9a7f2fce41ae145c8 P b497dbd6bd1a4c998891b00d2493a1bb [CANDIDATE]: Term 1 pre-election: Requesting pre-vote from peer 3a3c735705964e1badb66c37a66a9096
I0727 04:14:09.951344 51422 leader_election.cc:217] T 38dd5558e43a4cc9a7f2fce41ae145c8 P b497dbd6bd1a4c998891b00d2493a1bb [CANDIDATE]: Term 1 pre-election: Requesting pre-vote from peer 6f1af300e1d549d6b1cdd8bf3b9aeb9c
I0727 04:14:09.951479 20838 leader_election.cc:349] T 38dd5558e43a4cc9a7f2fce41ae145c8 P b497dbd6bd1a4c998891b00d2493a1bb [CANDIDATE]: Term 1 pre-election: Vote granted by peer 6f1af300e1d549d6b1cdd8bf3b9aeb9c
I0727 04:14:09.951491 20838 leader_election.cc:244] T 38dd5558e43a4cc9a7f2fce41ae145c8 P b497dbd6bd1a4c998891b00d2493a1bb [CANDIDATE]: Term 1 pre-election: Election decided. Result: candidate won.
I0727 04:14:09.951503 20838 leader_election.cc:349] T 38dd5558e43a4cc9a7f2fce41ae145c8 P b497dbd6bd1a4c998891b00d2493a1bb [CANDIDATE]: Term 1 pre-election: Vote granted by peer 3a3c735705964e1badb66c37a66a9096
I0727 04:14:09.951515 50046 raft_consensus.cc:2372] T 38dd5558e43a4cc9a7f2fce41ae145c8 P b497dbd6bd1a4c998891b00d2493a1bb: Snoozing failure detection for election timeout plus an additional 1.853s
I0727 04:14:09.951527 50046 raft_consensus.cc:2176] T 38dd5558e43a4cc9a7f2fce41ae145c8 P b497dbd6bd1a4c998891b00d2493a1bb [term 0 FOLLOWER]: Leader pre-election won for term 1
I0727 04:14:09.951530 50046 raft_consensus.cc:411] T 38dd5558e43a4cc9a7f2fce41ae145c8 P b497dbd6bd1a4c998891b00d2493a1bb [term 0 FOLLOWER]: Starting leader election (no leader contacted us within the election timeout)
I0727 04:14:09.951539 50046 raft_consensus.cc:2372] T 38dd5558e43a4cc9a7f2fce41ae145c8 P b497dbd6bd1a4c998891b00d2493a1bb: Snoozing failure detection for election timeout plus an additional 2.202s
I0727 04:14:09.951541 50046 raft_consensus.cc:2419] T 38dd5558e43a4cc9a7f2fce41ae145c8 P b497dbd6bd1a4c998891b00d2493a1bb [term 0 FOLLOWER]: Advancing to term 1
I0727 04:14:09.951814 50046 raft_consensus.cc:435] T 38dd5558e43a4cc9a7f2fce41ae145c8 P b497dbd6bd1a4c998891b00d2493a1bb [term 1 FOLLOWER]: Starting leader election with config: opid_index: -1 OBSOLETE_local: false peers { permanent_uuid: "b497dbd6bd1a4c998891b00d2493a1bb" member_type: VOTER last_known_addr { host: "ip-172-31-12-168" port: 31202 } } peers { permanent_uuid: "3a3c735705964e1badb66c37a66a9096" member_type: VOTER last_known_addr { host: "ip-172-31-12-168" port: 31200 } } peers { permanent_uuid: "6f1af300e1d549d6b1cdd8bf3b9aeb9c" member_type: VOTER last_known_addr { host: "ip-172-31-12-168" port: 31201 } }
I0727 04:14:09.951915 50046 leader_election.cc:217] T 38dd5558e43a4cc9a7f2fce41ae145c8 P b497dbd6bd1a4c998891b00d2493a1bb [CANDIDATE]: Term 1 election: Requesting vote from peer 3a3c735705964e1badb66c37a66a9096
I0727 04:14:09.951934 50046 leader_election.cc:217] T 38dd5558e43a4cc9a7f2fce41ae145c8 P b497dbd6bd1a4c998891b00d2493a1bb [CANDIDATE]: Term 1 election: Requesting vote from peer 6f1af300e1d549d6b1cdd8bf3b9aeb9c
I0727 04:14:09.952271 20838 leader_election.cc:349] T 38dd5558e43a4cc9a7f2fce41ae145c8 P b497dbd6bd1a4c998891b00d2493a1bb [CANDIDATE]: Term 1 election: Vote granted by peer 3a3c735705964e1badb66c37a66a9096
I0727 04:14:09.952281 20838 leader_election.cc:244] T 38dd5558e43a4cc9a7f2fce41ae145c8 P b497dbd6bd1a4c998891b00d2493a1bb [CANDIDATE]: Term 1 election: Election decided. Result: candidate won.
I0727 04:14:09.952306 50010 raft_consensus.cc:2372] T 38dd5558e43a4cc9a7f2fce41ae145c8 P b497dbd6bd1a4c998891b00d2493a1bb: Snoozing failure detection for election timeout plus an additional 1.950s
I0727 04:14:09.952320 50010 raft_consensus.cc:2176] T 38dd5558e43a4cc9a7f2fce41ae145c8 P b497dbd6bd1a4c998891b00d2493a1bb [term 1 FOLLOWER]: Leader election won for term 1
I0727 04:14:09.952332 50010 raft_consensus.cc:528] T 38dd5558e43a4cc9a7f2fce41ae145c8 P b497dbd6bd1a4c998891b00d2493a1bb [term 1 LEADER]: Becoming Leader. State: Replica: b497dbd6bd1a4c998891b00d2493a1bb, State: Running, Role: LEADER
I0727 04:14:09.952338 20838 leader_election.cc:349] T 38dd5558e43a4cc9a7f2fce41ae145c8 P b497dbd6bd1a4c998891b00d2493a1bb [CANDIDATE]: Term 1 election: Vote granted by peer 6f1af300e1d549d6b1cdd8bf3b9aeb9c
I0727 04:14:09.952358 50010 consensus_queue.cc:165] T 38dd5558e43a4cc9a7f2fce41ae145c8 P b497dbd6bd1a4c998891b00d2493a1bb [LEADER]: Queue going to LEADER mode. State: All replicated index: 0, Majority replicated index: 0, Committed index: 0, Last appended: 0.0, Last appended by leader: 0, Current term: 1, Majority size: 2, State: 1, Mode: LEADER, active raft config: opid_index: -1 OBSOLETE_local: false peers { permanent_uuid: "b497dbd6bd1a4c998891b00d2493a1bb" member_type: VOTER last_known_addr { host: "ip-172-31-12-168" port: 31202 } } peers { permanent_uuid: "3a3c735705964e1badb66c37a66a9096" member_type: VOTER last_known_addr { host: "ip-172-31-12-168" port: 31200 } } peers { permanent_uuid: "6f1af300e1d549d6b1cdd8bf3b9aeb9c" member_type: VOTER last_known_addr { host: "ip-172-31-12-168" port: 31201 } }
I0727 04:14:10.172776 20917 raft_consensus.cc:944] T b5a9dd0d9f264acc9cbf55596ef9fe68 P b497dbd6bd1a4c998891b00d2493a1bb [term 1 FOLLOWER]: Refusing update from remote peer 6f1af300e1d549d6b1cdd8bf3b9aeb9c: Log matching property violated. Preceding OpId in replica: term: 0 index: 0. Preceding OpId from leader: term: 1 index: 1. (index mismatch)
I0727 04:14:10.280190 50046 consensus_queue.cc:722] T 38dd5558e43a4cc9a7f2fce41ae145c8 P b497dbd6bd1a4c998891b00d2493a1bb [LEADER]: Connected to new peer: Peer: 3a3c735705964e1badb66c37a66a9096, Is new: false, Last received: 0.0, Next index: 1, Last known committed idx: 0, Last exchange result: ERROR, Needs tablet copy: false
I0727 04:14:10.280951 50046 consensus_queue.cc:722] T 38dd5558e43a4cc9a7f2fce41ae145c8 P b497dbd6bd1a4c998891b00d2493a1bb [LEADER]: Connected to new peer: Peer: 6f1af300e1d549d6b1cdd8bf3b9aeb9c, Is new: false, Last received: 0.0, Next index: 1, Last known committed idx: 0, Last exchange result: ERROR, Needs tablet copy: false
I0727 04:14:15.454726 20881 tablet_service.cc:672] Processing CreateTablet for tablet f2c9f342aab745f69b7ca7ff294f9a65 (table=impala::functional_kudu.tinytable [id=0ea5dcb4b1914a409169887225261010]), partition=RANGE (a) PARTITION "b\000" <= VALUES < "d\000"
I0727 04:14:15.454733 20882 tablet_service.cc:672] Processing CreateTablet for tablet 886a32e4a06a44248b278ff0bdb98509 (table=impala::functional_kudu.tinytable [id=0ea5dcb4b1914a409169887225261010]), partition=RANGE (a) PARTITION VALUES >= "d\000"
I0727 04:14:15.454874 20883 tablet_service.cc:672] Processing CreateTablet for tablet 0c67c5f2899441b39a1e760276612854 (table=impala::functional_kudu.tinytable [id=0ea5dcb4b1914a409169887225261010]), partition=RANGE (a) PARTITION VALUES < "b\000"
I0727 04:14:15.455268 20881 ts_tablet_manager.cc:871] T f2c9f342aab745f69b7ca7ff294f9a65 P b497dbd6bd1a4c998891b00d2493a1bb: Registered tablet (data state: TABLET_DATA_READY)
I0727 04:14:15.455458 20882 ts_tablet_manager.cc:871] T 886a32e4a06a44248b278ff0bdb98509 P b497dbd6bd1a4c998891b00d2493a1bb: Registered tablet (data state: TABLET_DATA_READY)
I0727 04:14:15.455518 51559 ts_tablet_manager.cc:741] T f2c9f342aab745f69b7ca7ff294f9a65 P b497dbd6bd1a4c998891b00d2493a1bb: Bootstrapping tablet
I0727 04:14:15.455533 51559 tablet_bootstrap.cc:406] T f2c9f342aab745f69b7ca7ff294f9a65 P b497dbd6bd1a4c998891b00d2493a1bb: Bootstrap starting.
I0727 04:14:15.455533 20883 ts_tablet_manager.cc:871] T 0c67c5f2899441b39a1e760276612854 P b497dbd6bd1a4c998891b00d2493a1bb: Registered tablet (data state: TABLET_DATA_READY)
I0727 04:14:15.455791 51559 tablet_bootstrap.cc:547] T f2c9f342aab745f69b7ca7ff294f9a65 P b497dbd6bd1a4c998891b00d2493a1bb: No blocks or log segments found. Creating new log.
I0727 04:14:15.456264 51559 tablet_bootstrap.cc:406] T f2c9f342aab745f69b7ca7ff294f9a65 P b497dbd6bd1a4c998891b00d2493a1bb: No bootstrap required, opened a new log
I0727 04:14:15.456290 51559 ts_tablet_manager.cc:746] T f2c9f342aab745f69b7ca7ff294f9a65 P b497dbd6bd1a4c998891b00d2493a1bb: Time spent bootstrapping tablet: real 0.001s	user 0.000s	sys 0.000s
I0727 04:14:15.456526 51559 raft_consensus.cc:284] T f2c9f342aab745f69b7ca7ff294f9a65 P b497dbd6bd1a4c998891b00d2493a1bb [term 0 FOLLOWER]: Replica starting. Triggering 0 pending transactions. Active config: opid_index: -1 OBSOLETE_local: false peers { permanent_uuid: "3a3c735705964e1badb66c37a66a9096" member_type: VOTER last_known_addr { host: "ip-172-31-12-168" port: 31200 } } peers { permanent_uuid: "b497dbd6bd1a4c998891b00d2493a1bb" member_type: VOTER last_known_addr { host: "ip-172-31-12-168" port: 31202 } } peers { permanent_uuid: "6f1af300e1d549d6b1cdd8bf3b9aeb9c" member_type: VOTER last_known_addr { host: "ip-172-31-12-168" port: 31201 } }
I0727 04:14:15.456547 51559 raft_consensus.cc:316] T f2c9f342aab745f69b7ca7ff294f9a65 P b497dbd6bd1a4c998891b00d2493a1bb [term 0 FOLLOWER]: Consensus starting up: Expiring failure detector timer to make a prompt election more likely
I0727 04:14:15.456558 51559 raft_consensus.cc:560] T f2c9f342aab745f69b7ca7ff294f9a65 P b497dbd6bd1a4c998891b00d2493a1bb [term 0 FOLLOWER]: Becoming Follower/Learner. State: Replica: b497dbd6bd1a4c998891b00d2493a1bb, State: Running, Role: FOLLOWER
I0727 04:14:15.456574 51559 consensus_queue.cc:186] T f2c9f342aab745f69b7ca7ff294f9a65 P b497dbd6bd1a4c998891b00d2493a1bb [NON_LEADER]: Queue going to NON_LEADER mode. State: All replicated index: 0, Majority replicated index: 0, Committed index: 0, Last appended: 0.0, Last appended by leader: 0, Current term: 0, Majority size: -1, State: 1, Mode: NON_LEADER
I0727 04:14:15.456640 51559 ts_tablet_manager.cc:775] T f2c9f342aab745f69b7ca7ff294f9a65 P b497dbd6bd1a4c998891b00d2493a1bb: Time spent starting tablet: real 0.000s	user 0.000s	sys 0.000s
I0727 04:14:15.456655 51559 ts_tablet_manager.cc:741] T 886a32e4a06a44248b278ff0bdb98509 P b497dbd6bd1a4c998891b00d2493a1bb: Bootstrapping tablet
I0727 04:14:15.456670 51559 tablet_bootstrap.cc:406] T 886a32e4a06a44248b278ff0bdb98509 P b497dbd6bd1a4c998891b00d2493a1bb: Bootstrap starting.
I0727 04:14:15.456845 51559 tablet_bootstrap.cc:547] T 886a32e4a06a44248b278ff0bdb98509 P b497dbd6bd1a4c998891b00d2493a1bb: No blocks or log segments found. Creating new log.
I0727 04:14:15.457279 51559 tablet_bootstrap.cc:406] T 886a32e4a06a44248b278ff0bdb98509 P b497dbd6bd1a4c998891b00d2493a1bb: No bootstrap required, opened a new log
I0727 04:14:15.457300 51559 ts_tablet_manager.cc:746] T 886a32e4a06a44248b278ff0bdb98509 P b497dbd6bd1a4c998891b00d2493a1bb: Time spent bootstrapping tablet: real 0.001s	user 0.000s	sys 0.001s
I0727 04:14:15.457603 51559 raft_consensus.cc:284] T 886a32e4a06a44248b278ff0bdb98509 P b497dbd6bd1a4c998891b00d2493a1bb [term 0 FOLLOWER]: Replica starting. Triggering 0 pending transactions. Active config: opid_index: -1 OBSOLETE_local: false peers { permanent_uuid: "b497dbd6bd1a4c998891b00d2493a1bb" member_type: VOTER last_known_addr { host: "ip-172-31-12-168" port: 31202 } } peers { permanent_uuid: "3a3c735705964e1badb66c37a66a9096" member_type: VOTER last_known_addr { host: "ip-172-31-12-168" port: 31200 } } peers { permanent_uuid: "6f1af300e1d549d6b1cdd8bf3b9aeb9c" member_type: VOTER last_known_addr { host: "ip-172-31-12-168" port: 31201 } }
I0727 04:14:15.457622 51559 raft_consensus.cc:316] T 886a32e4a06a44248b278ff0bdb98509 P b497dbd6bd1a4c998891b00d2493a1bb [term 0 FOLLOWER]: Consensus starting up: Expiring failure detector timer to make a prompt election more likely
I0727 04:14:15.457628 51559 raft_consensus.cc:560] T 886a32e4a06a44248b278ff0bdb98509 P b497dbd6bd1a4c998891b00d2493a1bb [term 0 FOLLOWER]: Becoming Follower/Learner. State: Replica: b497dbd6bd1a4c998891b00d2493a1bb, State: Running, Role: FOLLOWER
I0727 04:14:15.457638 51559 consensus_queue.cc:186] T 886a32e4a06a44248b278ff0bdb98509 P b497dbd6bd1a4c998891b00d2493a1bb [NON_LEADER]: Queue going to NON_LEADER mode. State: All replicated index: 0, Majority replicated index: 0, Committed index: 0, Last appended: 0.0, Last appended by leader: 0, Current term: 0, Majority size: -1, State: 1, Mode: NON_LEADER
I0727 04:14:15.457695 51559 ts_tablet_manager.cc:775] T 886a32e4a06a44248b278ff0bdb98509 P b497dbd6bd1a4c998891b00d2493a1bb: Time spent starting tablet: real 0.000s	user 0.000s	sys 0.000s
I0727 04:14:15.457713 51559 ts_tablet_manager.cc:741] T 0c67c5f2899441b39a1e760276612854 P b497dbd6bd1a4c998891b00d2493a1bb: Bootstrapping tablet
I0727 04:14:15.457726 51559 tablet_bootstrap.cc:406] T 0c67c5f2899441b39a1e760276612854 P b497dbd6bd1a4c998891b00d2493a1bb: Bootstrap starting.
I0727 04:14:15.457911 51559 tablet_bootstrap.cc:547] T 0c67c5f2899441b39a1e760276612854 P b497dbd6bd1a4c998891b00d2493a1bb: No blocks or log segments found. Creating new log.
I0727 04:14:15.458359 51559 tablet_bootstrap.cc:406] T 0c67c5f2899441b39a1e760276612854 P b497dbd6bd1a4c998891b00d2493a1bb: No bootstrap required, opened a new log
I0727 04:14:15.458379 51559 ts_tablet_manager.cc:746] T 0c67c5f2899441b39a1e760276612854 P b497dbd6bd1a4c998891b00d2493a1bb: Time spent bootstrapping tablet: real 0.001s	user 0.000s	sys 0.001s
I0727 04:14:15.458698 51559 raft_consensus.cc:284] T 0c67c5f2899441b39a1e760276612854 P b497dbd6bd1a4c998891b00d2493a1bb [term 0 FOLLOWER]: Replica starting. Triggering 0 pending transactions. Active config: opid_index: -1 OBSOLETE_local: false peers { permanent_uuid: "3a3c735705964e1badb66c37a66a9096" member_type: VOTER last_known_addr { host: "ip-172-31-12-168" port: 31200 } } peers { permanent_uuid: "b497dbd6bd1a4c998891b00d2493a1bb" member_type: VOTER last_known_addr { host: "ip-172-31-12-168" port: 31202 } } peers { permanent_uuid: "6f1af300e1d549d6b1cdd8bf3b9aeb9c" member_type: VOTER last_known_addr { host: "ip-172-31-12-168" port: 31201 } }
I0727 04:14:15.458716 51559 raft_consensus.cc:316] T 0c67c5f2899441b39a1e760276612854 P b497dbd6bd1a4c998891b00d2493a1bb [term 0 FOLLOWER]: Consensus starting up: Expiring failure detector timer to make a prompt election more likely
I0727 04:14:15.458724 51559 raft_consensus.cc:560] T 0c67c5f2899441b39a1e760276612854 P b497dbd6bd1a4c998891b00d2493a1bb [term 0 FOLLOWER]: Becoming Follower/Learner. State: Replica: b497dbd6bd1a4c998891b00d2493a1bb, State: Running, Role: FOLLOWER
I0727 04:14:15.458734 51559 consensus_queue.cc:186] T 0c67c5f2899441b39a1e760276612854 P b497dbd6bd1a4c998891b00d2493a1bb [NON_LEADER]: Queue going to NON_LEADER mode. State: All replicated index: 0, Majority replicated index: 0, Committed index: 0, Last appended: 0.0, Last appended by leader: 0, Current term: 0, Majority size: -1, State: 1, Mode: NON_LEADER
I0727 04:14:15.458786 51559 ts_tablet_manager.cc:775] T 0c67c5f2899441b39a1e760276612854 P b497dbd6bd1a4c998891b00d2493a1bb: Time spent starting tablet: real 0.000s	user 0.000s	sys 0.000s
I0727 04:14:15.469074 20917 raft_consensus.cc:2372] T 886a32e4a06a44248b278ff0bdb98509 P b497dbd6bd1a4c998891b00d2493a1bb: Snoozing failure detection for election timeout plus an additional 1.593s
I0727 04:14:15.469090 20917 raft_consensus.cc:1943] T 886a32e4a06a44248b278ff0bdb98509 P b497dbd6bd1a4c998891b00d2493a1bb [term 0 FOLLOWER]: Leader pre-election vote request: Granting yes vote for candidate 6f1af300e1d549d6b1cdd8bf3b9aeb9c in term 0.
I0727 04:14:15.469907 20917 raft_consensus.cc:2419] T 886a32e4a06a44248b278ff0bdb98509 P b497dbd6bd1a4c998891b00d2493a1bb [term 0 FOLLOWER]: Advancing to term 1
I0727 04:14:15.469921 20917 raft_consensus.cc:2372] T 886a32e4a06a44248b278ff0bdb98509 P b497dbd6bd1a4c998891b00d2493a1bb: Snoozing failure detection for election timeout plus an additional 1.750s
I0727 04:14:15.470178 20917 raft_consensus.cc:1943] T 886a32e4a06a44248b278ff0bdb98509 P b497dbd6bd1a4c998891b00d2493a1bb [term 1 FOLLOWER]: Leader election vote request: Granting yes vote for candidate 6f1af300e1d549d6b1cdd8bf3b9aeb9c in term 1.
I0727 04:14:15.516641 51577 raft_consensus.cc:411] T 0c67c5f2899441b39a1e760276612854 P b497dbd6bd1a4c998891b00d2493a1bb [term 0 FOLLOWER]: Starting pre-election (no leader contacted us within the election timeout)
I0727 04:14:15.516666 51577 raft_consensus.cc:2372] T 0c67c5f2899441b39a1e760276612854 P b497dbd6bd1a4c998891b00d2493a1bb: Snoozing failure detection for election timeout plus an additional 1.840s
I0727 04:14:15.516700 51577 raft_consensus.cc:435] T 0c67c5f2899441b39a1e760276612854 P b497dbd6bd1a4c998891b00d2493a1bb [term 0 FOLLOWER]: Starting pre-election with config: opid_index: -1 OBSOLETE_local: false peers { permanent_uuid: "3a3c735705964e1badb66c37a66a9096" member_type: VOTER last_known_addr { host: "ip-172-31-12-168" port: 31200 } } peers { permanent_uuid: "b497dbd6bd1a4c998891b00d2493a1bb" member_type: VOTER last_known_addr { host: "ip-172-31-12-168" port: 31202 } } peers { permanent_uuid: "6f1af300e1d549d6b1cdd8bf3b9aeb9c" member_type: VOTER last_known_addr { host: "ip-172-31-12-168" port: 31201 } }
I0727 04:14:15.516863 51577 leader_election.cc:217] T 0c67c5f2899441b39a1e760276612854 P b497dbd6bd1a4c998891b00d2493a1bb [CANDIDATE]: Term 1 pre-election: Requesting pre-vote from peer 3a3c735705964e1badb66c37a66a9096
I0727 04:14:15.516890 51577 leader_election.cc:217] T 0c67c5f2899441b39a1e760276612854 P b497dbd6bd1a4c998891b00d2493a1bb [CANDIDATE]: Term 1 pre-election: Requesting pre-vote from peer 6f1af300e1d549d6b1cdd8bf3b9aeb9c
I0727 04:14:15.517009 20838 leader_election.cc:349] T 0c67c5f2899441b39a1e760276612854 P b497dbd6bd1a4c998891b00d2493a1bb [CANDIDATE]: Term 1 pre-election: Vote granted by peer 3a3c735705964e1badb66c37a66a9096
I0727 04:14:15.517020 20838 leader_election.cc:244] T 0c67c5f2899441b39a1e760276612854 P b497dbd6bd1a4c998891b00d2493a1bb [CANDIDATE]: Term 1 pre-election: Election decided. Result: candidate won.
I0727 04:14:15.517035 20838 leader_election.cc:349] T 0c67c5f2899441b39a1e760276612854 P b497dbd6bd1a4c998891b00d2493a1bb [CANDIDATE]: Term 1 pre-election: Vote granted by peer 6f1af300e1d549d6b1cdd8bf3b9aeb9c
I0727 04:14:15.517045 50046 raft_consensus.cc:2372] T 0c67c5f2899441b39a1e760276612854 P b497dbd6bd1a4c998891b00d2493a1bb: Snoozing failure detection for election timeout plus an additional 2.173s
I0727 04:14:15.517060 50046 raft_consensus.cc:2176] T 0c67c5f2899441b39a1e760276612854 P b497dbd6bd1a4c998891b00d2493a1bb [term 0 FOLLOWER]: Leader pre-election won for term 1
I0727 04:14:15.517065 50046 raft_consensus.cc:411] T 0c67c5f2899441b39a1e760276612854 P b497dbd6bd1a4c998891b00d2493a1bb [term 0 FOLLOWER]: Starting leader election (no leader contacted us within the election timeout)
