I0727 05:17:08.863636 20883 ts_tablet_manager.cc:1030] T 0c67c5f2899441b39a1e760276612854 P b497dbd6bd1a4c998891b00d2493a1bb: Deleting tablet data with delete state TABLET_DATA_DELETED
I0727 05:17:08.863778 20880 ts_tablet_manager.cc:1030] T f2c9f342aab745f69b7ca7ff294f9a65 P b497dbd6bd1a4c998891b00d2493a1bb: Deleting tablet data with delete state TABLET_DATA_DELETED
I0727 05:17:08.863803 20879 ts_tablet_manager.cc:1030] T 886a32e4a06a44248b278ff0bdb98509 P b497dbd6bd1a4c998891b00d2493a1bb: Deleting tablet data with delete state TABLET_DATA_DELETED
I0727 05:17:08.864936 20883 ts_tablet_manager.cc:1042] T 0c67c5f2899441b39a1e760276612854 P b497dbd6bd1a4c998891b00d2493a1bb: Tablet deleted. Last logged OpId: 1.2
I0727 05:17:08.864953 20883 log.cc:974] T 0c67c5f2899441b39a1e760276612854 P b497dbd6bd1a4c998891b00d2493a1bb: Deleting WAL directory at /home/ubuntu/Impala/testdata/cluster/cdh5/node-1/var/lib/kudu/ts/wal/wals/0c67c5f2899441b39a1e760276612854
I0727 05:17:08.865048 20883 ts_tablet_manager.cc:1060] T 0c67c5f2899441b39a1e760276612854 P b497dbd6bd1a4c998891b00d2493a1bb: Deleting consensus metadata
I0727 05:17:08.865186 20879 ts_tablet_manager.cc:1042] T 886a32e4a06a44248b278ff0bdb98509 P b497dbd6bd1a4c998891b00d2493a1bb: Tablet deleted. Last logged OpId: 1.2
I0727 05:17:08.865209 20879 log.cc:974] T 886a32e4a06a44248b278ff0bdb98509 P b497dbd6bd1a4c998891b00d2493a1bb: Deleting WAL directory at /home/ubuntu/Impala/testdata/cluster/cdh5/node-1/var/lib/kudu/ts/wal/wals/886a32e4a06a44248b278ff0bdb98509
I0727 05:17:08.865300 20879 ts_tablet_manager.cc:1060] T 886a32e4a06a44248b278ff0bdb98509 P b497dbd6bd1a4c998891b00d2493a1bb: Deleting consensus metadata
I0727 05:17:08.865531 20880 ts_tablet_manager.cc:1042] T f2c9f342aab745f69b7ca7ff294f9a65 P b497dbd6bd1a4c998891b00d2493a1bb: Tablet deleted. Last logged OpId: 1.2
I0727 05:17:08.865550 20880 log.cc:974] T f2c9f342aab745f69b7ca7ff294f9a65 P b497dbd6bd1a4c998891b00d2493a1bb: Deleting WAL directory at /home/ubuntu/Impala/testdata/cluster/cdh5/node-1/var/lib/kudu/ts/wal/wals/f2c9f342aab745f69b7ca7ff294f9a65
I0727 05:17:08.865656 20880 ts_tablet_manager.cc:1060] T f2c9f342aab745f69b7ca7ff294f9a65 P b497dbd6bd1a4c998891b00d2493a1bb: Deleting consensus metadata
I0727 05:17:08.991822 20879 tablet_service.cc:672] Processing CreateTablet for tablet 796f4aa741ff4d61b7d43b762d885930 (table=impala::functional_kudu.tinytable [id=0516ca13db0640e5828c7b1ecef7f5da]), partition=RANGE (a) PARTITION VALUES < "b\000"
I0727 05:17:08.991832 20880 tablet_service.cc:672] Processing CreateTablet for tablet bac7cef66ac844dba523321d5dca7973 (table=impala::functional_kudu.tinytable [id=0516ca13db0640e5828c7b1ecef7f5da]), partition=RANGE (a) PARTITION "b\000" <= VALUES < "d\000"
I0727 05:17:08.991842 20883 tablet_service.cc:672] Processing CreateTablet for tablet 43337a931caf45c2a8429563774a08c9 (table=impala::functional_kudu.tinytable [id=0516ca13db0640e5828c7b1ecef7f5da]), partition=RANGE (a) PARTITION VALUES >= "d\000"
I0727 05:17:08.992449 20879 ts_tablet_manager.cc:871] T 796f4aa741ff4d61b7d43b762d885930 P b497dbd6bd1a4c998891b00d2493a1bb: Registered tablet (data state: TABLET_DATA_READY)
I0727 05:17:08.992488 20883 ts_tablet_manager.cc:871] T 43337a931caf45c2a8429563774a08c9 P b497dbd6bd1a4c998891b00d2493a1bb: Registered tablet (data state: TABLET_DATA_READY)
I0727 05:17:08.992506 20880 ts_tablet_manager.cc:871] T bac7cef66ac844dba523321d5dca7973 P b497dbd6bd1a4c998891b00d2493a1bb: Registered tablet (data state: TABLET_DATA_READY)
I0727 05:17:08.992727 112250 ts_tablet_manager.cc:741] T 796f4aa741ff4d61b7d43b762d885930 P b497dbd6bd1a4c998891b00d2493a1bb: Bootstrapping tablet
I0727 05:17:08.992748 112250 tablet_bootstrap.cc:406] T 796f4aa741ff4d61b7d43b762d885930 P b497dbd6bd1a4c998891b00d2493a1bb: Bootstrap starting.
I0727 05:17:08.992898 112250 tablet_bootstrap.cc:547] T 796f4aa741ff4d61b7d43b762d885930 P b497dbd6bd1a4c998891b00d2493a1bb: No blocks or log segments found. Creating new log.
I0727 05:17:08.993304 112250 tablet_bootstrap.cc:406] T 796f4aa741ff4d61b7d43b762d885930 P b497dbd6bd1a4c998891b00d2493a1bb: No bootstrap required, opened a new log
I0727 05:17:08.993319 112250 ts_tablet_manager.cc:746] T 796f4aa741ff4d61b7d43b762d885930 P b497dbd6bd1a4c998891b00d2493a1bb: Time spent bootstrapping tablet: real 0.001s	user 0.000s	sys 0.000s
I0727 05:17:08.993589 112250 raft_consensus.cc:284] T 796f4aa741ff4d61b7d43b762d885930 P b497dbd6bd1a4c998891b00d2493a1bb [term 0 FOLLOWER]: Replica starting. Triggering 0 pending transactions. Active config: opid_index: -1 OBSOLETE_local: false peers { permanent_uuid: "b497dbd6bd1a4c998891b00d2493a1bb" member_type: VOTER last_known_addr { host: "ip-172-31-12-168" port: 31202 } } peers { permanent_uuid: "3a3c735705964e1badb66c37a66a9096" member_type: VOTER last_known_addr { host: "ip-172-31-12-168" port: 31200 } } peers { permanent_uuid: "6f1af300e1d549d6b1cdd8bf3b9aeb9c" member_type: VOTER last_known_addr { host: "ip-172-31-12-168" port: 31201 } }
I0727 05:17:08.993604 112250 raft_consensus.cc:316] T 796f4aa741ff4d61b7d43b762d885930 P b497dbd6bd1a4c998891b00d2493a1bb [term 0 FOLLOWER]: Consensus starting up: Expiring failure detector timer to make a prompt election more likely
I0727 05:17:08.993608 112250 raft_consensus.cc:560] T 796f4aa741ff4d61b7d43b762d885930 P b497dbd6bd1a4c998891b00d2493a1bb [term 0 FOLLOWER]: Becoming Follower/Learner. State: Replica: b497dbd6bd1a4c998891b00d2493a1bb, State: Running, Role: FOLLOWER
I0727 05:17:08.993618 112250 consensus_queue.cc:186] T 796f4aa741ff4d61b7d43b762d885930 P b497dbd6bd1a4c998891b00d2493a1bb [NON_LEADER]: Queue going to NON_LEADER mode. State: All replicated index: 0, Majority replicated index: 0, Committed index: 0, Last appended: 0.0, Last appended by leader: 0, Current term: 0, Majority size: -1, State: 1, Mode: NON_LEADER
I0727 05:17:08.993681 112250 ts_tablet_manager.cc:775] T 796f4aa741ff4d61b7d43b762d885930 P b497dbd6bd1a4c998891b00d2493a1bb: Time spent starting tablet: real 0.000s	user 0.000s	sys 0.000s
I0727 05:17:08.993695 112250 ts_tablet_manager.cc:741] T 43337a931caf45c2a8429563774a08c9 P b497dbd6bd1a4c998891b00d2493a1bb: Bootstrapping tablet
I0727 05:17:08.993700 112250 tablet_bootstrap.cc:406] T 43337a931caf45c2a8429563774a08c9 P b497dbd6bd1a4c998891b00d2493a1bb: Bootstrap starting.
I0727 05:17:08.993821 112250 tablet_bootstrap.cc:547] T 43337a931caf45c2a8429563774a08c9 P b497dbd6bd1a4c998891b00d2493a1bb: No blocks or log segments found. Creating new log.
I0727 05:17:08.994189 112250 tablet_bootstrap.cc:406] T 43337a931caf45c2a8429563774a08c9 P b497dbd6bd1a4c998891b00d2493a1bb: No bootstrap required, opened a new log
I0727 05:17:08.994204 112250 ts_tablet_manager.cc:746] T 43337a931caf45c2a8429563774a08c9 P b497dbd6bd1a4c998891b00d2493a1bb: Time spent bootstrapping tablet: real 0.001s	user 0.000s	sys 0.000s
I0727 05:17:08.994477 112250 raft_consensus.cc:284] T 43337a931caf45c2a8429563774a08c9 P b497dbd6bd1a4c998891b00d2493a1bb [term 0 FOLLOWER]: Replica starting. Triggering 0 pending transactions. Active config: opid_index: -1 OBSOLETE_local: false peers { permanent_uuid: "b497dbd6bd1a4c998891b00d2493a1bb" member_type: VOTER last_known_addr { host: "ip-172-31-12-168" port: 31202 } } peers { permanent_uuid: "3a3c735705964e1badb66c37a66a9096" member_type: VOTER last_known_addr { host: "ip-172-31-12-168" port: 31200 } } peers { permanent_uuid: "6f1af300e1d549d6b1cdd8bf3b9aeb9c" member_type: VOTER last_known_addr { host: "ip-172-31-12-168" port: 31201 } }
I0727 05:17:08.994493 112250 raft_consensus.cc:316] T 43337a931caf45c2a8429563774a08c9 P b497dbd6bd1a4c998891b00d2493a1bb [term 0 FOLLOWER]: Consensus starting up: Expiring failure detector timer to make a prompt election more likely
I0727 05:17:08.994496 112250 raft_consensus.cc:560] T 43337a931caf45c2a8429563774a08c9 P b497dbd6bd1a4c998891b00d2493a1bb [term 0 FOLLOWER]: Becoming Follower/Learner. State: Replica: b497dbd6bd1a4c998891b00d2493a1bb, State: Running, Role: FOLLOWER
I0727 05:17:08.994503 112250 consensus_queue.cc:186] T 43337a931caf45c2a8429563774a08c9 P b497dbd6bd1a4c998891b00d2493a1bb [NON_LEADER]: Queue going to NON_LEADER mode. State: All replicated index: 0, Majority replicated index: 0, Committed index: 0, Last appended: 0.0, Last appended by leader: 0, Current term: 0, Majority size: -1, State: 1, Mode: NON_LEADER
I0727 05:17:08.994545 112250 ts_tablet_manager.cc:775] T 43337a931caf45c2a8429563774a08c9 P b497dbd6bd1a4c998891b00d2493a1bb: Time spent starting tablet: real 0.000s	user 0.000s	sys 0.000s
I0727 05:17:08.994560 112250 ts_tablet_manager.cc:741] T bac7cef66ac844dba523321d5dca7973 P b497dbd6bd1a4c998891b00d2493a1bb: Bootstrapping tablet
I0727 05:17:08.994565 112250 tablet_bootstrap.cc:406] T bac7cef66ac844dba523321d5dca7973 P b497dbd6bd1a4c998891b00d2493a1bb: Bootstrap starting.
I0727 05:17:08.994683 112250 tablet_bootstrap.cc:547] T bac7cef66ac844dba523321d5dca7973 P b497dbd6bd1a4c998891b00d2493a1bb: No blocks or log segments found. Creating new log.
I0727 05:17:08.995069 112250 tablet_bootstrap.cc:406] T bac7cef66ac844dba523321d5dca7973 P b497dbd6bd1a4c998891b00d2493a1bb: No bootstrap required, opened a new log
I0727 05:17:08.995085 112250 ts_tablet_manager.cc:746] T bac7cef66ac844dba523321d5dca7973 P b497dbd6bd1a4c998891b00d2493a1bb: Time spent bootstrapping tablet: real 0.001s	user 0.000s	sys 0.000s
I0727 05:17:08.995347 112250 raft_consensus.cc:284] T bac7cef66ac844dba523321d5dca7973 P b497dbd6bd1a4c998891b00d2493a1bb [term 0 FOLLOWER]: Replica starting. Triggering 0 pending transactions. Active config: opid_index: -1 OBSOLETE_local: false peers { permanent_uuid: "b497dbd6bd1a4c998891b00d2493a1bb" member_type: VOTER last_known_addr { host: "ip-172-31-12-168" port: 31202 } } peers { permanent_uuid: "3a3c735705964e1badb66c37a66a9096" member_type: VOTER last_known_addr { host: "ip-172-31-12-168" port: 31200 } } peers { permanent_uuid: "6f1af300e1d549d6b1cdd8bf3b9aeb9c" member_type: VOTER last_known_addr { host: "ip-172-31-12-168" port: 31201 } }
I0727 05:17:08.995359 112250 raft_consensus.cc:316] T bac7cef66ac844dba523321d5dca7973 P b497dbd6bd1a4c998891b00d2493a1bb [term 0 FOLLOWER]: Consensus starting up: Expiring failure detector timer to make a prompt election more likely
I0727 05:17:08.995362 112250 raft_consensus.cc:560] T bac7cef66ac844dba523321d5dca7973 P b497dbd6bd1a4c998891b00d2493a1bb [term 0 FOLLOWER]: Becoming Follower/Learner. State: Replica: b497dbd6bd1a4c998891b00d2493a1bb, State: Running, Role: FOLLOWER
I0727 05:17:08.995368 112250 consensus_queue.cc:186] T bac7cef66ac844dba523321d5dca7973 P b497dbd6bd1a4c998891b00d2493a1bb [NON_LEADER]: Queue going to NON_LEADER mode. State: All replicated index: 0, Majority replicated index: 0, Committed index: 0, Last appended: 0.0, Last appended by leader: 0, Current term: 0, Majority size: -1, State: 1, Mode: NON_LEADER
I0727 05:17:08.995410 112250 ts_tablet_manager.cc:775] T bac7cef66ac844dba523321d5dca7973 P b497dbd6bd1a4c998891b00d2493a1bb: Time spent starting tablet: real 0.000s	user 0.000s	sys 0.000s
I0727 05:17:09.362447 20913 raft_consensus.cc:2372] T bac7cef66ac844dba523321d5dca7973 P b497dbd6bd1a4c998891b00d2493a1bb: Snoozing failure detection for election timeout plus an additional 1.803s
I0727 05:17:09.362462 20913 raft_consensus.cc:1943] T bac7cef66ac844dba523321d5dca7973 P b497dbd6bd1a4c998891b00d2493a1bb [term 0 FOLLOWER]: Leader pre-election vote request: Granting yes vote for candidate 3a3c735705964e1badb66c37a66a9096 in term 0.
I0727 05:17:09.363124 20913 raft_consensus.cc:2419] T bac7cef66ac844dba523321d5dca7973 P b497dbd6bd1a4c998891b00d2493a1bb [term 0 FOLLOWER]: Advancing to term 1
I0727 05:17:09.363138 20913 raft_consensus.cc:2372] T bac7cef66ac844dba523321d5dca7973 P b497dbd6bd1a4c998891b00d2493a1bb: Snoozing failure detection for election timeout plus an additional 1.652s
I0727 05:17:09.363426 20913 raft_consensus.cc:1943] T bac7cef66ac844dba523321d5dca7973 P b497dbd6bd1a4c998891b00d2493a1bb [term 1 FOLLOWER]: Leader election vote request: Granting yes vote for candidate 3a3c735705964e1badb66c37a66a9096 in term 1.
I0727 05:17:09.452543 112256 raft_consensus.cc:411] T 796f4aa741ff4d61b7d43b762d885930 P b497dbd6bd1a4c998891b00d2493a1bb [term 0 FOLLOWER]: Starting pre-election (no leader contacted us within the election timeout)
I0727 05:17:09.452558 112256 raft_consensus.cc:2372] T 796f4aa741ff4d61b7d43b762d885930 P b497dbd6bd1a4c998891b00d2493a1bb: Snoozing failure detection for election timeout plus an additional 2.061s
I0727 05:17:09.452580 112256 raft_consensus.cc:435] T 796f4aa741ff4d61b7d43b762d885930 P b497dbd6bd1a4c998891b00d2493a1bb [term 0 FOLLOWER]: Starting pre-election with config: opid_index: -1 OBSOLETE_local: false peers { permanent_uuid: "b497dbd6bd1a4c998891b00d2493a1bb" member_type: VOTER last_known_addr { host: "ip-172-31-12-168" port: 31202 } } peers { permanent_uuid: "3a3c735705964e1badb66c37a66a9096" member_type: VOTER last_known_addr { host: "ip-172-31-12-168" port: 31200 } } peers { permanent_uuid: "6f1af300e1d549d6b1cdd8bf3b9aeb9c" member_type: VOTER last_known_addr { host: "ip-172-31-12-168" port: 31201 } }
I0727 05:17:09.452723 112256 leader_election.cc:217] T 796f4aa741ff4d61b7d43b762d885930 P b497dbd6bd1a4c998891b00d2493a1bb [CANDIDATE]: Term 1 pre-election: Requesting pre-vote from peer 3a3c735705964e1badb66c37a66a9096
I0727 05:17:09.452744 112256 leader_election.cc:217] T 796f4aa741ff4d61b7d43b762d885930 P b497dbd6bd1a4c998891b00d2493a1bb [CANDIDATE]: Term 1 pre-election: Requesting pre-vote from peer 6f1af300e1d549d6b1cdd8bf3b9aeb9c
I0727 05:17:09.452877 20838 leader_election.cc:349] T 796f4aa741ff4d61b7d43b762d885930 P b497dbd6bd1a4c998891b00d2493a1bb [CANDIDATE]: Term 1 pre-election: Vote granted by peer 6f1af300e1d549d6b1cdd8bf3b9aeb9c
I0727 05:17:09.452886 20838 leader_election.cc:244] T 796f4aa741ff4d61b7d43b762d885930 P b497dbd6bd1a4c998891b00d2493a1bb [CANDIDATE]: Term 1 pre-election: Election decided. Result: candidate won.
I0727 05:17:09.452899 20838 leader_election.cc:349] T 796f4aa741ff4d61b7d43b762d885930 P b497dbd6bd1a4c998891b00d2493a1bb [CANDIDATE]: Term 1 pre-election: Vote granted by peer 3a3c735705964e1badb66c37a66a9096
I0727 05:17:09.452909 50029 raft_consensus.cc:2372] T 796f4aa741ff4d61b7d43b762d885930 P b497dbd6bd1a4c998891b00d2493a1bb: Snoozing failure detection for election timeout plus an additional 2.230s
I0727 05:17:09.452920 50029 raft_consensus.cc:2176] T 796f4aa741ff4d61b7d43b762d885930 P b497dbd6bd1a4c998891b00d2493a1bb [term 0 FOLLOWER]: Leader pre-election won for term 1
I0727 05:17:09.452924 50029 raft_consensus.cc:411] T 796f4aa741ff4d61b7d43b762d885930 P b497dbd6bd1a4c998891b00d2493a1bb [term 0 FOLLOWER]: Starting leader election (no leader contacted us within the election timeout)
I0727 05:17:09.452926 50029 raft_consensus.cc:2372] T 796f4aa741ff4d61b7d43b762d885930 P b497dbd6bd1a4c998891b00d2493a1bb: Snoozing failure detection for election timeout plus an additional 2.075s
I0727 05:17:09.452929 50029 raft_consensus.cc:2419] T 796f4aa741ff4d61b7d43b762d885930 P b497dbd6bd1a4c998891b00d2493a1bb [term 0 FOLLOWER]: Advancing to term 1
I0727 05:17:09.453199 50029 raft_consensus.cc:435] T 796f4aa741ff4d61b7d43b762d885930 P b497dbd6bd1a4c998891b00d2493a1bb [term 1 FOLLOWER]: Starting leader election with config: opid_index: -1 OBSOLETE_local: false peers { permanent_uuid: "b497dbd6bd1a4c998891b00d2493a1bb" member_type: VOTER last_known_addr { host: "ip-172-31-12-168" port: 31202 } } peers { permanent_uuid: "3a3c735705964e1badb66c37a66a9096" member_type: VOTER last_known_addr { host: "ip-172-31-12-168" port: 31200 } } peers { permanent_uuid: "6f1af300e1d549d6b1cdd8bf3b9aeb9c" member_type: VOTER last_known_addr { host: "ip-172-31-12-168" port: 31201 } }
I0727 05:17:09.453301 50029 leader_election.cc:217] T 796f4aa741ff4d61b7d43b762d885930 P b497dbd6bd1a4c998891b00d2493a1bb [CANDIDATE]: Term 1 election: Requesting vote from peer 3a3c735705964e1badb66c37a66a9096
I0727 05:17:09.453320 50029 leader_election.cc:217] T 796f4aa741ff4d61b7d43b762d885930 P b497dbd6bd1a4c998891b00d2493a1bb [CANDIDATE]: Term 1 election: Requesting vote from peer 6f1af300e1d549d6b1cdd8bf3b9aeb9c
I0727 05:17:09.453681 20838 leader_election.cc:349] T 796f4aa741ff4d61b7d43b762d885930 P b497dbd6bd1a4c998891b00d2493a1bb [CANDIDATE]: Term 1 election: Vote granted by peer 6f1af300e1d549d6b1cdd8bf3b9aeb9c
I0727 05:17:09.453691 20838 leader_election.cc:244] T 796f4aa741ff4d61b7d43b762d885930 P b497dbd6bd1a4c998891b00d2493a1bb [CANDIDATE]: Term 1 election: Election decided. Result: candidate won.
I0727 05:17:09.453701 20838 leader_election.cc:349] T 796f4aa741ff4d61b7d43b762d885930 P b497dbd6bd1a4c998891b00d2493a1bb [CANDIDATE]: Term 1 election: Vote granted by peer 3a3c735705964e1badb66c37a66a9096
I0727 05:17:09.453713 43073 raft_consensus.cc:2372] T 796f4aa741ff4d61b7d43b762d885930 P b497dbd6bd1a4c998891b00d2493a1bb: Snoozing failure detection for election timeout plus an additional 1.771s
I0727 05:17:09.453724 43073 raft_consensus.cc:2176] T 796f4aa741ff4d61b7d43b762d885930 P b497dbd6bd1a4c998891b00d2493a1bb [term 1 FOLLOWER]: Leader election won for term 1
I0727 05:17:09.453735 43073 raft_consensus.cc:528] T 796f4aa741ff4d61b7d43b762d885930 P b497dbd6bd1a4c998891b00d2493a1bb [term 1 LEADER]: Becoming Leader. State: Replica: b497dbd6bd1a4c998891b00d2493a1bb, State: Running, Role: LEADER
I0727 05:17:09.453763 43073 consensus_queue.cc:165] T 796f4aa741ff4d61b7d43b762d885930 P b497dbd6bd1a4c998891b00d2493a1bb [LEADER]: Queue going to LEADER mode. State: All replicated index: 0, Majority replicated index: 0, Committed index: 0, Last appended: 0.0, Last appended by leader: 0, Current term: 1, Majority size: 2, State: 1, Mode: LEADER, active raft config: opid_index: -1 OBSOLETE_local: false peers { permanent_uuid: "b497dbd6bd1a4c998891b00d2493a1bb" member_type: VOTER last_known_addr { host: "ip-172-31-12-168" port: 31202 } } peers { permanent_uuid: "3a3c735705964e1badb66c37a66a9096" member_type: VOTER last_known_addr { host: "ip-172-31-12-168" port: 31200 } } peers { permanent_uuid: "6f1af300e1d549d6b1cdd8bf3b9aeb9c" member_type: VOTER last_known_addr { host: "ip-172-31-12-168" port: 31201 } }
I0727 05:17:09.550765 20913 raft_consensus.cc:2372] T 43337a931caf45c2a8429563774a08c9 P b497dbd6bd1a4c998891b00d2493a1bb: Snoozing failure detection for election timeout plus an additional 1.648s
I0727 05:17:09.550778 20913 raft_consensus.cc:1943] T 43337a931caf45c2a8429563774a08c9 P b497dbd6bd1a4c998891b00d2493a1bb [term 0 FOLLOWER]: Leader pre-election vote request: Granting yes vote for candidate 3a3c735705964e1badb66c37a66a9096 in term 0.
I0727 05:17:09.551388 20913 raft_consensus.cc:2419] T 43337a931caf45c2a8429563774a08c9 P b497dbd6bd1a4c998891b00d2493a1bb [term 0 FOLLOWER]: Advancing to term 1
I0727 05:17:09.551401 20913 raft_consensus.cc:2372] T 43337a931caf45c2a8429563774a08c9 P b497dbd6bd1a4c998891b00d2493a1bb: Snoozing failure detection for election timeout plus an additional 1.538s
I0727 05:17:09.551633 20913 raft_consensus.cc:1943] T 43337a931caf45c2a8429563774a08c9 P b497dbd6bd1a4c998891b00d2493a1bb [term 1 FOLLOWER]: Leader election vote request: Granting yes vote for candidate 3a3c735705964e1badb66c37a66a9096 in term 1.
I0727 05:17:09.718451 42659 consensus_queue.cc:722] T 796f4aa741ff4d61b7d43b762d885930 P b497dbd6bd1a4c998891b00d2493a1bb [LEADER]: Connected to new peer: Peer: 3a3c735705964e1badb66c37a66a9096, Is new: false, Last received: 0.0, Next index: 1, Last known committed idx: 0, Last exchange result: ERROR, Needs tablet copy: false
I0727 05:17:09.719202 50029 consensus_queue.cc:722] T 796f4aa741ff4d61b7d43b762d885930 P b497dbd6bd1a4c998891b00d2493a1bb [LEADER]: Connected to new peer: Peer: 6f1af300e1d549d6b1cdd8bf3b9aeb9c, Is new: false, Last received: 0.0, Next index: 1, Last known committed idx: 0, Last exchange result: ERROR, Needs tablet copy: false
I0727 05:17:09.768717 20913 raft_consensus.cc:944] T bac7cef66ac844dba523321d5dca7973 P b497dbd6bd1a4c998891b00d2493a1bb [term 1 FOLLOWER]: Refusing update from remote peer 3a3c735705964e1badb66c37a66a9096: Log matching property violated. Preceding OpId in replica: term: 0 index: 0. Preceding OpId from leader: term: 1 index: 1. (index mismatch)
I0727 05:17:09.847828 20913 raft_consensus.cc:944] T 43337a931caf45c2a8429563774a08c9 P b497dbd6bd1a4c998891b00d2493a1bb [term 1 FOLLOWER]: Refusing update from remote peer 3a3c735705964e1badb66c37a66a9096: Log matching property violated. Preceding OpId in replica: term: 0 index: 0. Preceding OpId from leader: term: 1 index: 1. (index mismatch)
I0727 05:17:16.866956 20880 tablet_service.cc:713] Processing DeleteTablet for tablet 898284ff17af46cd81519d0205e6be79 with delete_type TABLET_DATA_DELETED (Table deleted at 2017-07-27 05:17:16 UTC) from {username='ubuntu'} at 127.0.0.1:34066
I0727 05:17:16.866976 20880 tablet_replica.cc:225] Initiating TabletReplica shutdown for tablet: 898284ff17af46cd81519d0205e6be79
I0727 05:17:16.866993 20879 tablet_service.cc:713] Processing DeleteTablet for tablet 11c1d1569ff640f29edb25102a4acede with delete_type TABLET_DATA_DELETED (Table deleted at 2017-07-27 05:17:16 UTC) from {username='ubuntu'} at 127.0.0.1:34066
I0727 05:17:16.867010 20879 tablet_replica.cc:225] Initiating TabletReplica shutdown for tablet: 11c1d1569ff640f29edb25102a4acede
I0727 05:17:16.867025 20879 maintenance_manager.cc:206] P b497dbd6bd1a4c998891b00d2493a1bb: Unregistered op CompactRowSetsOp(11c1d1569ff640f29edb25102a4acede)
I0727 05:17:16.867046 20879 maintenance_manager.cc:206] P b497dbd6bd1a4c998891b00d2493a1bb: Unregistered op MinorDeltaCompactionOp(11c1d1569ff640f29edb25102a4acede)
I0727 05:17:16.867053 20879 maintenance_manager.cc:206] P b497dbd6bd1a4c998891b00d2493a1bb: Unregistered op MajorDeltaCompactionOp(11c1d1569ff640f29edb25102a4acede)
I0727 05:17:16.867058 20879 maintenance_manager.cc:206] P b497dbd6bd1a4c998891b00d2493a1bb: Unregistered op UndoDeltaBlockGCOp(11c1d1569ff640f29edb25102a4acede)
I0727 05:17:16.867063 20879 maintenance_manager.cc:206] P b497dbd6bd1a4c998891b00d2493a1bb: Unregistered op FlushMRSOp(11c1d1569ff640f29edb25102a4acede)
I0727 05:17:16.867069 20879 maintenance_manager.cc:206] P b497dbd6bd1a4c998891b00d2493a1bb: Unregistered op FlushDeltaMemStoresOp(11c1d1569ff640f29edb25102a4acede)
I0727 05:17:16.867071 20879 maintenance_manager.cc:206] P b497dbd6bd1a4c998891b00d2493a1bb: Unregistered op LogGCOp(11c1d1569ff640f29edb25102a4acede)
I0727 05:17:16.867076 20879 raft_consensus.cc:1763] T 11c1d1569ff640f29edb25102a4acede P b497dbd6bd1a4c998891b00d2493a1bb [term 1 LEADER]: Raft consensus shutting down.
I0727 05:17:16.867079 20879 consensus_peers.cc:400] T 11c1d1569ff640f29edb25102a4acede P b497dbd6bd1a4c998891b00d2493a1bb -> Peer 6f1af300e1d549d6b1cdd8bf3b9aeb9c (ip-172-31-12-168:31201): Closing peer: 6f1af300e1d549d6b1cdd8bf3b9aeb9c
I0727 05:17:16.867084 20879 consensus_peers.cc:400] T 11c1d1569ff640f29edb25102a4acede P b497dbd6bd1a4c998891b00d2493a1bb -> Peer 3a3c735705964e1badb66c37a66a9096 (ip-172-31-12-168:31200): Closing peer: 3a3c735705964e1badb66c37a66a9096
I0727 05:17:16.867087 20879 raft_consensus.cc:1778] T 11c1d1569ff640f29edb25102a4acede P b497dbd6bd1a4c998891b00d2493a1bb [term 1 LEADER]: Raft consensus is shut down!
I0727 05:17:16.867089 20882 tablet_service.cc:713] Processing DeleteTablet for tablet 359b49dfe7c049c1ad7c5c5ac349950b with delete_type TABLET_DATA_DELETED (Table deleted at 2017-07-27 05:17:16 UTC) from {username='ubuntu'} at 127.0.0.1:34066
I0727 05:17:16.867091 20881 tablet_service.cc:713] Processing DeleteTablet for tablet 623c6519a7454112b5c9162c3cffd481 with delete_type TABLET_DATA_DELETED (Table deleted at 2017-07-27 05:17:16 UTC) from {username='ubuntu'} at 127.0.0.1:34066
I0727 05:17:16.867100 20882 tablet_replica.cc:225] Initiating TabletReplica shutdown for tablet: 359b49dfe7c049c1ad7c5c5ac349950b
I0727 05:17:16.867103 20881 tablet_replica.cc:225] Initiating TabletReplica shutdown for tablet: 623c6519a7454112b5c9162c3cffd481
I0727 05:17:16.867105 20882 maintenance_manager.cc:206] P b497dbd6bd1a4c998891b00d2493a1bb: Unregistered op CompactRowSetsOp(359b49dfe7c049c1ad7c5c5ac349950b)
I0727 05:17:16.866981 20883 tablet_service.cc:713] Processing DeleteTablet for tablet 2e218299a7544189abcd9528822da88f with delete_type TABLET_DATA_DELETED (Table deleted at 2017-07-27 05:17:16 UTC) from {username='ubuntu'} at 127.0.0.1:34066
I0727 05:17:16.867126 20882 maintenance_manager.cc:206] P b497dbd6bd1a4c998891b00d2493a1bb: Unregistered op MinorDeltaCompactionOp(359b49dfe7c049c1ad7c5c5ac349950b)
I0727 05:17:16.867132 20882 maintenance_manager.cc:206] P b497dbd6bd1a4c998891b00d2493a1bb: Unregistered op MajorDeltaCompactionOp(359b49dfe7c049c1ad7c5c5ac349950b)
I0727 05:17:16.867136 20882 maintenance_manager.cc:206] P b497dbd6bd1a4c998891b00d2493a1bb: Unregistered op UndoDeltaBlockGCOp(359b49dfe7c049c1ad7c5c5ac349950b)
I0727 05:17:16.867136 20883 tablet_replica.cc:225] Initiating TabletReplica shutdown for tablet: 2e218299a7544189abcd9528822da88f
I0727 05:17:16.867142 20882 maintenance_manager.cc:206] P b497dbd6bd1a4c998891b00d2493a1bb: Unregistered op FlushMRSOp(359b49dfe7c049c1ad7c5c5ac349950b)
I0727 05:17:16.867152 20883 maintenance_manager.cc:206] P b497dbd6bd1a4c998891b00d2493a1bb: Unregistered op CompactRowSetsOp(2e218299a7544189abcd9528822da88f)
I0727 05:17:16.867161 20883 maintenance_manager.cc:206] P b497dbd6bd1a4c998891b00d2493a1bb: Unregistered op MinorDeltaCompactionOp(2e218299a7544189abcd9528822da88f)
I0727 05:17:16.867174 20883 maintenance_manager.cc:206] P b497dbd6bd1a4c998891b00d2493a1bb: Unregistered op MajorDeltaCompactionOp(2e218299a7544189abcd9528822da88f)
I0727 05:17:16.867180 20883 maintenance_manager.cc:206] P b497dbd6bd1a4c998891b00d2493a1bb: Unregistered op UndoDeltaBlockGCOp(2e218299a7544189abcd9528822da88f)
I0727 05:17:16.867183 20882 maintenance_manager.cc:206] P b497dbd6bd1a4c998891b00d2493a1bb: Unregistered op FlushDeltaMemStoresOp(359b49dfe7c049c1ad7c5c5ac349950b)
I0727 05:17:16.867190 20882 maintenance_manager.cc:206] P b497dbd6bd1a4c998891b00d2493a1bb: Unregistered op LogGCOp(359b49dfe7c049c1ad7c5c5ac349950b)
I0727 05:17:16.867192 20883 maintenance_manager.cc:206] P b497dbd6bd1a4c998891b00d2493a1bb: Unregistered op FlushMRSOp(2e218299a7544189abcd9528822da88f)
I0727 05:17:16.867202 20882 raft_consensus.cc:1763] T 359b49dfe7c049c1ad7c5c5ac349950b P b497dbd6bd1a4c998891b00d2493a1bb [term 1 FOLLOWER]: Raft consensus shutting down.
I0727 05:17:16.867115 20881 maintenance_manager.cc:206] P b497dbd6bd1a4c998891b00d2493a1bb: Unregistered op CompactRowSetsOp(623c6519a7454112b5c9162c3cffd481)
I0727 05:17:16.867215 20881 maintenance_manager.cc:206] P b497dbd6bd1a4c998891b00d2493a1bb: Unregistered op MinorDeltaCompactionOp(623c6519a7454112b5c9162c3cffd481)
I0727 05:17:16.867218 20882 raft_consensus.cc:1778] T 359b49dfe7c049c1ad7c5c5ac349950b P b497dbd6bd1a4c998891b00d2493a1bb [term 1 FOLLOWER]: Raft consensus is shut down!
I0727 05:17:16.867220 20881 maintenance_manager.cc:206] P b497dbd6bd1a4c998891b00d2493a1bb: Unregistered op MajorDeltaCompactionOp(623c6519a7454112b5c9162c3cffd481)
I0727 05:17:16.867225 20881 maintenance_manager.cc:206] P b497dbd6bd1a4c998891b00d2493a1bb: Unregistered op UndoDeltaBlockGCOp(623c6519a7454112b5c9162c3cffd481)
I0727 05:17:16.867229 20881 maintenance_manager.cc:206] P b497dbd6bd1a4c998891b00d2493a1bb: Unregistered op FlushMRSOp(623c6519a7454112b5c9162c3cffd481)
I0727 05:17:16.867233 20881 maintenance_manager.cc:206] P b497dbd6bd1a4c998891b00d2493a1bb: Unregistered op FlushDeltaMemStoresOp(623c6519a7454112b5c9162c3cffd481)
I0727 05:17:16.867238 20881 maintenance_manager.cc:206] P b497dbd6bd1a4c998891b00d2493a1bb: Unregistered op LogGCOp(623c6519a7454112b5c9162c3cffd481)
I0727 05:17:16.867244 20881 raft_consensus.cc:1763] T 623c6519a7454112b5c9162c3cffd481 P b497dbd6bd1a4c998891b00d2493a1bb [term 1 FOLLOWER]: Raft consensus shutting down.
I0727 05:17:16.867249 20881 raft_consensus.cc:1778] T 623c6519a7454112b5c9162c3cffd481 P b497dbd6bd1a4c998891b00d2493a1bb [term 1 FOLLOWER]: Raft consensus is shut down!
I0727 05:17:16.866997 20880 maintenance_manager.cc:206] P b497dbd6bd1a4c998891b00d2493a1bb: Unregistered op CompactRowSetsOp(898284ff17af46cd81519d0205e6be79)
I0727 05:17:16.867282 20880 maintenance_manager.cc:206] P b497dbd6bd1a4c998891b00d2493a1bb: Unregistered op MinorDeltaCompactionOp(898284ff17af46cd81519d0205e6be79)
I0727 05:17:16.867288 20880 maintenance_manager.cc:206] P b497dbd6bd1a4c998891b00d2493a1bb: Unregistered op MajorDeltaCompactionOp(898284ff17af46cd81519d0205e6be79)
I0727 05:17:16.867298 20880 maintenance_manager.cc:206] P b497dbd6bd1a4c998891b00d2493a1bb: Unregistered op UndoDeltaBlockGCOp(898284ff17af46cd81519d0205e6be79)
I0727 05:17:16.867305 20880 maintenance_manager.cc:206] P b497dbd6bd1a4c998891b00d2493a1bb: Unregistered op FlushMRSOp(898284ff17af46cd81519d0205e6be79)
I0727 05:17:16.867310 20880 maintenance_manager.cc:206] P b497dbd6bd1a4c998891b00d2493a1bb: Unregistered op FlushDeltaMemStoresOp(898284ff17af46cd81519d0205e6be79)
I0727 05:17:16.867313 20880 maintenance_manager.cc:206] P b497dbd6bd1a4c998891b00d2493a1bb: Unregistered op LogGCOp(898284ff17af46cd81519d0205e6be79)
I0727 05:17:16.867318 20880 raft_consensus.cc:1763] T 898284ff17af46cd81519d0205e6be79 P b497dbd6bd1a4c998891b00d2493a1bb [term 1 LEADER]: Raft consensus shutting down.
I0727 05:17:16.867322 20880 consensus_peers.cc:400] T 898284ff17af46cd81519d0205e6be79 P b497dbd6bd1a4c998891b00d2493a1bb -> Peer 6f1af300e1d549d6b1cdd8bf3b9aeb9c (ip-172-31-12-168:31201): Closing peer: 6f1af300e1d549d6b1cdd8bf3b9aeb9c
I0727 05:17:16.867326 20880 consensus_peers.cc:400] T 898284ff17af46cd81519d0205e6be79 P b497dbd6bd1a4c998891b00d2493a1bb -> Peer 3a3c735705964e1badb66c37a66a9096 (ip-172-31-12-168:31200): Closing peer: 3a3c735705964e1badb66c37a66a9096
I0727 05:17:16.867331 20880 raft_consensus.cc:1778] T 898284ff17af46cd81519d0205e6be79 P b497dbd6bd1a4c998891b00d2493a1bb [term 1 LEADER]: Raft consensus is shut down!
I0727 05:17:16.867422 20879 ts_tablet_manager.cc:1030] T 11c1d1569ff640f29edb25102a4acede P b497dbd6bd1a4c998891b00d2493a1bb: Deleting tablet data with delete state TABLET_DATA_DELETED
I0727 05:17:16.867455 20882 ts_tablet_manager.cc:1030] T 359b49dfe7c049c1ad7c5c5ac349950b P b497dbd6bd1a4c998891b00d2493a1bb: Deleting tablet data with delete state TABLET_DATA_DELETED
I0727 05:17:16.867594 20880 ts_tablet_manager.cc:1030] T 898284ff17af46cd81519d0205e6be79 P b497dbd6bd1a4c998891b00d2493a1bb: Deleting tablet data with delete state TABLET_DATA_DELETED
I0727 05:17:16.867197 20883 maintenance_manager.cc:206] P b497dbd6bd1a4c998891b00d2493a1bb: Unregistered op FlushDeltaMemStoresOp(2e218299a7544189abcd9528822da88f)
I0727 05:17:16.868223 20883 maintenance_manager.cc:206] P b497dbd6bd1a4c998891b00d2493a1bb: Unregistered op LogGCOp(2e218299a7544189abcd9528822da88f)
I0727 05:17:16.868234 20883 raft_consensus.cc:1763] T 2e218299a7544189abcd9528822da88f P b497dbd6bd1a4c998891b00d2493a1bb [term 1 FOLLOWER]: Raft consensus shutting down.
I0727 05:17:16.868240 20883 raft_consensus.cc:1778] T 2e218299a7544189abcd9528822da88f P b497dbd6bd1a4c998891b00d2493a1bb [term 1 FOLLOWER]: Raft consensus is shut down!
I0727 05:17:16.868331 20881 ts_tablet_manager.cc:1030] T 623c6519a7454112b5c9162c3cffd481 P b497dbd6bd1a4c998891b00d2493a1bb: Deleting tablet data with delete state TABLET_DATA_DELETED
I0727 05:17:16.868423 20883 ts_tablet_manager.cc:1030] T 2e218299a7544189abcd9528822da88f P b497dbd6bd1a4c998891b00d2493a1bb: Deleting tablet data with delete state TABLET_DATA_DELETED
I0727 05:17:16.868636 20879 ts_tablet_manager.cc:1042] T 11c1d1569ff640f29edb25102a4acede P b497dbd6bd1a4c998891b00d2493a1bb: Tablet deleted. Last logged OpId: 1.2
I0727 05:17:16.868672 20879 log.cc:974] T 11c1d1569ff640f29edb25102a4acede P b497dbd6bd1a4c998891b00d2493a1bb: Deleting WAL directory at /home/ubuntu/Impala/testdata/cluster/cdh5/node-1/var/lib/kudu/ts/wal/wals/11c1d1569ff640f29edb25102a4acede
I0727 05:17:16.868752 20879 ts_tablet_manager.cc:1060] T 11c1d1569ff640f29edb25102a4acede P b497dbd6bd1a4c998891b00d2493a1bb: Deleting consensus metadata
I0727 05:17:16.868881 20880 ts_tablet_manager.cc:1042] T 898284ff17af46cd81519d0205e6be79 P b497dbd6bd1a4c998891b00d2493a1bb: Tablet deleted. Last logged OpId: 1.2
I0727 05:17:16.868907 20880 log.cc:974] T 898284ff17af46cd81519d0205e6be79 P b497dbd6bd1a4c998891b00d2493a1bb: Deleting WAL directory at /home/ubuntu/Impala/testdata/cluster/cdh5/node-1/var/lib/kudu/ts/wal/wals/898284ff17af46cd81519d0205e6be79
I0727 05:17:16.868957 20882 ts_tablet_manager.cc:1042] T 359b49dfe7c049c1ad7c5c5ac349950b P b497dbd6bd1a4c998891b00d2493a1bb: Tablet deleted. Last logged OpId: 1.2
I0727 05:17:16.868974 20882 log.cc:974] T 359b49dfe7c049c1ad7c5c5ac349950b P b497dbd6bd1a4c998891b00d2493a1bb: Deleting WAL directory at /home/ubuntu/Impala/testdata/cluster/cdh5/node-1/var/lib/kudu/ts/wal/wals/359b49dfe7c049c1ad7c5c5ac349950b
I0727 05:17:16.868975 20880 ts_tablet_manager.cc:1060] T 898284ff17af46cd81519d0205e6be79 P b497dbd6bd1a4c998891b00d2493a1bb: Deleting consensus metadata
I0727 05:17:16.869076 20882 ts_tablet_manager.cc:1060] T 359b49dfe7c049c1ad7c5c5ac349950b P b497dbd6bd1a4c998891b00d2493a1bb: Deleting consensus metadata
I0727 05:17:16.870291 20881 ts_tablet_manager.cc:1042] T 623c6519a7454112b5c9162c3cffd481 P b497dbd6bd1a4c998891b00d2493a1bb: Tablet deleted. Last logged OpId: 1.2
I0727 05:17:16.870307 20881 log.cc:974] T 623c6519a7454112b5c9162c3cffd481 P b497dbd6bd1a4c998891b00d2493a1bb: Deleting WAL directory at /home/ubuntu/Impala/testdata/cluster/cdh5/node-1/var/lib/kudu/ts/wal/wals/623c6519a7454112b5c9162c3cffd481
I0727 05:17:16.870380 20881 ts_tablet_manager.cc:1060] T 623c6519a7454112b5c9162c3cffd481 P b497dbd6bd1a4c998891b00d2493a1bb: Deleting consensus metadata
I0727 05:17:16.870651 20883 ts_tablet_manager.cc:1042] T 2e218299a7544189abcd9528822da88f P b497dbd6bd1a4c998891b00d2493a1bb: Tablet deleted. Last logged OpId: 1.2
I0727 05:17:16.870666 20883 log.cc:974] T 2e218299a7544189abcd9528822da88f P b497dbd6bd1a4c998891b00d2493a1bb: Deleting WAL directory at /home/ubuntu/Impala/testdata/cluster/cdh5/node-1/var/lib/kudu/ts/wal/wals/2e218299a7544189abcd9528822da88f
I0727 05:17:16.870754 20883 ts_tablet_manager.cc:1060] T 2e218299a7544189abcd9528822da88f P b497dbd6bd1a4c998891b00d2493a1bb: Deleting consensus metadata
I0727 05:17:16.999673 20881 tablet_service.cc:672] Processing CreateTablet for tablet e4a5fa8995af467495e902551300c673 (table=impala::functional_kudu.tinyinttable [id=fff6858527b34823a07e7c5ea9c63590]), partition=RANGE (int_col) PARTITION 3 <= VALUES < 5
I0727 05:17:16.999682 20880 tablet_service.cc:672] Processing CreateTablet for tablet e75e1e58e24040a98f2f9c5f24fec8f9 (table=impala::functional_kudu.tinyinttable [id=fff6858527b34823a07e7c5ea9c63590]), partition=RANGE (int_col) PARTITION 7 <= VALUES < 9
I0727 05:17:16.999673 20883 tablet_service.cc:672] Processing CreateTablet for tablet ed1d30dbf9a6484eb4627f1380703c28 (table=impala::functional_kudu.tinyinttable [id=fff6858527b34823a07e7c5ea9c63590]), partition=RANGE (int_col) PARTITION VALUES < 3
I0727 05:17:16.999815 20879 tablet_service.cc:672] Processing CreateTablet for tablet 0f960e74b64941cabed49ea8a3aa8140 (table=impala::functional_kudu.tinyinttable [id=fff6858527b34823a07e7c5ea9c63590]), partition=RANGE (int_col) PARTITION VALUES >= 9
I0727 05:17:17.000254 20881 ts_tablet_manager.cc:871] T e4a5fa8995af467495e902551300c673 P b497dbd6bd1a4c998891b00d2493a1bb: Registered tablet (data state: TABLET_DATA_READY)
I0727 05:17:17.000267 20883 ts_tablet_manager.cc:871] T ed1d30dbf9a6484eb4627f1380703c28 P b497dbd6bd1a4c998891b00d2493a1bb: Registered tablet (data state: TABLET_DATA_READY)
I0727 05:17:17.000380 112290 ts_tablet_manager.cc:741] T e4a5fa8995af467495e902551300c673 P b497dbd6bd1a4c998891b00d2493a1bb: Bootstrapping tablet
I0727 05:17:17.000391 112290 tablet_bootstrap.cc:406] T e4a5fa8995af467495e902551300c673 P b497dbd6bd1a4c998891b00d2493a1bb: Bootstrap starting.
I0727 05:17:17.000542 20880 ts_tablet_manager.cc:871] T e75e1e58e24040a98f2f9c5f24fec8f9 P b497dbd6bd1a4c998891b00d2493a1bb: Registered tablet (data state: TABLET_DATA_READY)
I0727 05:17:17.000569 112290 tablet_bootstrap.cc:547] T e4a5fa8995af467495e902551300c673 P b497dbd6bd1a4c998891b00d2493a1bb: No blocks or log segments found. Creating new log.
I0727 05:17:17.000586 20882 tablet_service.cc:672] Processing CreateTablet for tablet 68b05f0ce2604af7b31f89b57290d31a (table=impala::functional_kudu.tinyinttable [id=fff6858527b34823a07e7c5ea9c63590]), partition=RANGE (int_col) PARTITION 5 <= VALUES < 7
I0727 05:17:17.000954 112290 tablet_bootstrap.cc:406] T e4a5fa8995af467495e902551300c673 P b497dbd6bd1a4c998891b00d2493a1bb: No bootstrap required, opened a new log
I0727 05:17:17.000973 112290 ts_tablet_manager.cc:746] T e4a5fa8995af467495e902551300c673 P b497dbd6bd1a4c998891b00d2493a1bb: Time spent bootstrapping tablet: real 0.001s	user 0.000s	sys 0.000s
I0727 05:17:17.001214 20882 ts_tablet_manager.cc:871] T 68b05f0ce2604af7b31f89b57290d31a P b497dbd6bd1a4c998891b00d2493a1bb: Registered tablet (data state: TABLET_DATA_READY)
I0727 05:17:17.001240 112290 raft_consensus.cc:284] T e4a5fa8995af467495e902551300c673 P b497dbd6bd1a4c998891b00d2493a1bb [term 0 FOLLOWER]: Replica starting. Triggering 0 pending transactions. Active config: opid_index: -1 OBSOLETE_local: false peers { permanent_uuid: "3a3c735705964e1badb66c37a66a9096" member_type: VOTER last_known_addr { host: "ip-172-31-12-168" port: 31200 } } peers { permanent_uuid: "b497dbd6bd1a4c998891b00d2493a1bb" member_type: VOTER last_known_addr { host: "ip-172-31-12-168" port: 31202 } } peers { permanent_uuid: "6f1af300e1d549d6b1cdd8bf3b9aeb9c" member_type: VOTER last_known_addr { host: "ip-172-31-12-168" port: 31201 } }
I0727 05:17:17.001252 112290 raft_consensus.cc:316] T e4a5fa8995af467495e902551300c673 P b497dbd6bd1a4c998891b00d2493a1bb [term 0 FOLLOWER]: Consensus starting up: Expiring failure detector timer to make a prompt election more likely
I0727 05:17:17.001261 112290 raft_consensus.cc:560] T e4a5fa8995af467495e902551300c673 P b497dbd6bd1a4c998891b00d2493a1bb [term 0 FOLLOWER]: Becoming Follower/Learner. State: Replica: b497dbd6bd1a4c998891b00d2493a1bb, State: Running, Role: FOLLOWER
I0727 05:17:17.001267 112290 consensus_queue.cc:186] T e4a5fa8995af467495e902551300c673 P b497dbd6bd1a4c998891b00d2493a1bb [NON_LEADER]: Queue going to NON_LEADER mode. State: All replicated index: 0, Majority replicated index: 0, Committed index: 0, Last appended: 0.0, Last appended by leader: 0, Current term: 0, Majority size: -1, State: 1, Mode: NON_LEADER
I0727 05:17:17.001313 112290 ts_tablet_manager.cc:775] T e4a5fa8995af467495e902551300c673 P b497dbd6bd1a4c998891b00d2493a1bb: Time spent starting tablet: real 0.000s	user 0.000s	sys 0.000s
I0727 05:17:17.001327 112290 ts_tablet_manager.cc:741] T ed1d30dbf9a6484eb4627f1380703c28 P b497dbd6bd1a4c998891b00d2493a1bb: Bootstrapping tablet
I0727 05:17:17.001330 112290 tablet_bootstrap.cc:406] T ed1d30dbf9a6484eb4627f1380703c28 P b497dbd6bd1a4c998891b00d2493a1bb: Bootstrap starting.
I0727 05:17:17.001358 20879 ts_tablet_manager.cc:871] T 0f960e74b64941cabed49ea8a3aa8140 P b497dbd6bd1a4c998891b00d2493a1bb: Registered tablet (data state: TABLET_DATA_READY)
I0727 05:17:17.001435 112290 tablet_bootstrap.cc:547] T ed1d30dbf9a6484eb4627f1380703c28 P b497dbd6bd1a4c998891b00d2493a1bb: No blocks or log segments found. Creating new log.
I0727 05:17:17.001812 112290 tablet_bootstrap.cc:406] T ed1d30dbf9a6484eb4627f1380703c28 P b497dbd6bd1a4c998891b00d2493a1bb: No bootstrap required, opened a new log
I0727 05:17:17.001829 112290 ts_tablet_manager.cc:746] T ed1d30dbf9a6484eb4627f1380703c28 P b497dbd6bd1a4c998891b00d2493a1bb: Time spent bootstrapping tablet: real 0.000s	user 0.000s	sys 0.000s
I0727 05:17:17.002087 112290 raft_consensus.cc:284] T ed1d30dbf9a6484eb4627f1380703c28 P b497dbd6bd1a4c998891b00d2493a1bb [term 0 FOLLOWER]: Replica starting. Triggering 0 pending transactions. Active config: opid_index: -1 OBSOLETE_local: false peers { permanent_uuid: "b497dbd6bd1a4c998891b00d2493a1bb" member_type: VOTER last_known_addr { host: "ip-172-31-12-168" port: 31202 } } peers { permanent_uuid: "3a3c735705964e1badb66c37a66a9096" member_type: VOTER last_known_addr { host: "ip-172-31-12-168" port: 31200 } } peers { permanent_uuid: "6f1af300e1d549d6b1cdd8bf3b9aeb9c" member_type: VOTER last_known_addr { host: "ip-172-31-12-168" port: 31201 } }
I0727 05:17:17.002100 112290 raft_consensus.cc:316] T ed1d30dbf9a6484eb4627f1380703c28 P b497dbd6bd1a4c998891b00d2493a1bb [term 0 FOLLOWER]: Consensus starting up: Expiring failure detector timer to make a prompt election more likely
I0727 05:17:17.002104 112290 raft_consensus.cc:560] T ed1d30dbf9a6484eb4627f1380703c28 P b497dbd6bd1a4c998891b00d2493a1bb [term 0 FOLLOWER]: Becoming Follower/Learner. State: Replica: b497dbd6bd1a4c998891b00d2493a1bb, State: Running, Role: FOLLOWER
I0727 05:17:17.002110 112290 consensus_queue.cc:186] T ed1d30dbf9a6484eb4627f1380703c28 P b497dbd6bd1a4c998891b00d2493a1bb [NON_LEADER]: Queue going to NON_LEADER mode. State: All replicated index: 0, Majority replicated index: 0, Committed index: 0, Last appended: 0.0, Last appended by leader: 0, Current term: 0, Majority size: -1, State: 1, Mode: NON_LEADER
I0727 05:17:17.002148 112290 ts_tablet_manager.cc:775] T ed1d30dbf9a6484eb4627f1380703c28 P b497dbd6bd1a4c998891b00d2493a1bb: Time spent starting tablet: real 0.000s	user 0.000s	sys 0.000s
I0727 05:17:17.002162 112290 ts_tablet_manager.cc:741] T e75e1e58e24040a98f2f9c5f24fec8f9 P b497dbd6bd1a4c998891b00d2493a1bb: Bootstrapping tablet
I0727 05:17:17.002166 112290 tablet_bootstrap.cc:406] T e75e1e58e24040a98f2f9c5f24fec8f9 P b497dbd6bd1a4c998891b00d2493a1bb: Bootstrap starting.
I0727 05:17:17.002262 112290 tablet_bootstrap.cc:547] T e75e1e58e24040a98f2f9c5f24fec8f9 P b497dbd6bd1a4c998891b00d2493a1bb: No blocks or log segments found. Creating new log.
I0727 05:17:17.002645 112290 tablet_bootstrap.cc:406] T e75e1e58e24040a98f2f9c5f24fec8f9 P b497dbd6bd1a4c998891b00d2493a1bb: No bootstrap required, opened a new log
I0727 05:17:17.002661 112290 ts_tablet_manager.cc:746] T e75e1e58e24040a98f2f9c5f24fec8f9 P b497dbd6bd1a4c998891b00d2493a1bb: Time spent bootstrapping tablet: real 0.000s	user 0.000s	sys 0.000s
I0727 05:17:17.002909 112290 raft_consensus.cc:284] T e75e1e58e24040a98f2f9c5f24fec8f9 P b497dbd6bd1a4c998891b00d2493a1bb [term 0 FOLLOWER]: Replica starting. Triggering 0 pending transactions. Active config: opid_index: -1 OBSOLETE_local: false peers { permanent_uuid: "3a3c735705964e1badb66c37a66a9096" member_type: VOTER last_known_addr { host: "ip-172-31-12-168" port: 31200 } } peers { permanent_uuid: "b497dbd6bd1a4c998891b00d2493a1bb" member_type: VOTER last_known_addr { host: "ip-172-31-12-168" port: 31202 } } peers { permanent_uuid: "6f1af300e1d549d6b1cdd8bf3b9aeb9c" member_type: VOTER last_known_addr { host: "ip-172-31-12-168" port: 31201 } }
I0727 05:17:17.002923 112290 raft_consensus.cc:316] T e75e1e58e24040a98f2f9c5f24fec8f9 P b497dbd6bd1a4c998891b00d2493a1bb [term 0 FOLLOWER]: Consensus starting up: Expiring failure detector timer to make a prompt election more likely
I0727 05:17:17.002924 112290 raft_consensus.cc:560] T e75e1e58e24040a98f2f9c5f24fec8f9 P b497dbd6bd1a4c998891b00d2493a1bb [term 0 FOLLOWER]: Becoming Follower/Learner. State: Replica: b497dbd6bd1a4c998891b00d2493a1bb, State: Running, Role: FOLLOWER
I0727 05:17:17.002930 112290 consensus_queue.cc:186] T e75e1e58e24040a98f2f9c5f24fec8f9 P b497dbd6bd1a4c998891b00d2493a1bb [NON_LEADER]: Queue going to NON_LEADER mode. State: All replicated index: 0, Majority replicated index: 0, Committed index: 0, Last appended: 0.0, Last appended by leader: 0, Current term: 0, Majority size: -1, State: 1, Mode: NON_LEADER
I0727 05:17:17.002965 112290 ts_tablet_manager.cc:775] T e75e1e58e24040a98f2f9c5f24fec8f9 P b497dbd6bd1a4c998891b00d2493a1bb: Time spent starting tablet: real 0.000s	user 0.000s	sys 0.000s
I0727 05:17:17.002977 112290 ts_tablet_manager.cc:741] T 68b05f0ce2604af7b31f89b57290d31a P b497dbd6bd1a4c998891b00d2493a1bb: Bootstrapping tablet
I0727 05:17:17.002981 112290 tablet_bootstrap.cc:406] T 68b05f0ce2604af7b31f89b57290d31a P b497dbd6bd1a4c998891b00d2493a1bb: Bootstrap starting.
I0727 05:17:17.003075 112290 tablet_bootstrap.cc:547] T 68b05f0ce2604af7b31f89b57290d31a P b497dbd6bd1a4c998891b00d2493a1bb: No blocks or log segments found. Creating new log.
I0727 05:17:17.003443 112290 tablet_bootstrap.cc:406] T 68b05f0ce2604af7b31f89b57290d31a P b497dbd6bd1a4c998891b00d2493a1bb: No bootstrap required, opened a new log
I0727 05:17:17.003460 112290 ts_tablet_manager.cc:746] T 68b05f0ce2604af7b31f89b57290d31a P b497dbd6bd1a4c998891b00d2493a1bb: Time spent bootstrapping tablet: real 0.000s	user 0.000s	sys 0.000s
I0727 05:17:17.003713 112290 raft_consensus.cc:284] T 68b05f0ce2604af7b31f89b57290d31a P b497dbd6bd1a4c998891b00d2493a1bb [term 0 FOLLOWER]: Replica starting. Triggering 0 pending transactions. Active config: opid_index: -1 OBSOLETE_local: false peers { permanent_uuid: "b497dbd6bd1a4c998891b00d2493a1bb" member_type: VOTER last_known_addr { host: "ip-172-31-12-168" port: 31202 } } peers { permanent_uuid: "3a3c735705964e1badb66c37a66a9096" member_type: VOTER last_known_addr { host: "ip-172-31-12-168" port: 31200 } } peers { permanent_uuid: "6f1af300e1d549d6b1cdd8bf3b9aeb9c" member_type: VOTER last_known_addr { host: "ip-172-31-12-168" port: 31201 } }
I0727 05:17:17.003726 112290 raft_consensus.cc:316] T 68b05f0ce2604af7b31f89b57290d31a P b497dbd6bd1a4c998891b00d2493a1bb [term 0 FOLLOWER]: Consensus starting up: Expiring failure detector timer to make a prompt election more likely
I0727 05:17:17.003728 112290 raft_consensus.cc:560] T 68b05f0ce2604af7b31f89b57290d31a P b497dbd6bd1a4c998891b00d2493a1bb [term 0 FOLLOWER]: Becoming Follower/Learner. State: Replica: b497dbd6bd1a4c998891b00d2493a1bb, State: Running, Role: FOLLOWER
I0727 05:17:17.003733 112290 consensus_queue.cc:186] T 68b05f0ce2604af7b31f89b57290d31a P b497dbd6bd1a4c998891b00d2493a1bb [NON_LEADER]: Queue going to NON_LEADER mode. State: All replicated index: 0, Majority replicated index: 0, Committed index: 0, Last appended: 0.0, Last appended by leader: 0, Current term: 0, Majority size: -1, State: 1, Mode: NON_LEADER
I0727 05:17:17.003767 112290 ts_tablet_manager.cc:775] T 68b05f0ce2604af7b31f89b57290d31a P b497dbd6bd1a4c998891b00d2493a1bb: Time spent starting tablet: real 0.000s	user 0.000s	sys 0.000s
I0727 05:17:17.003779 112290 ts_tablet_manager.cc:741] T 0f960e74b64941cabed49ea8a3aa8140 P b497dbd6bd1a4c998891b00d2493a1bb: Bootstrapping tablet
I0727 05:17:17.003783 112290 tablet_bootstrap.cc:406] T 0f960e74b64941cabed49ea8a3aa8140 P b497dbd6bd1a4c998891b00d2493a1bb: Bootstrap starting.
I0727 05:17:17.003890 112290 tablet_bootstrap.cc:547] T 0f960e74b64941cabed49ea8a3aa8140 P b497dbd6bd1a4c998891b00d2493a1bb: No blocks or log segments found. Creating new log.
I0727 05:17:17.004273 112290 tablet_bootstrap.cc:406] T 0f960e74b64941cabed49ea8a3aa8140 P b497dbd6bd1a4c998891b00d2493a1bb: No bootstrap required, opened a new log
I0727 05:17:17.004289 112290 ts_tablet_manager.cc:746] T 0f960e74b64941cabed49ea8a3aa8140 P b497dbd6bd1a4c998891b00d2493a1bb: Time spent bootstrapping tablet: real 0.001s	user 0.000s	sys 0.000s
I0727 05:17:17.004547 112290 raft_consensus.cc:284] T 0f960e74b64941cabed49ea8a3aa8140 P b497dbd6bd1a4c998891b00d2493a1bb [term 0 FOLLOWER]: Replica starting. Triggering 0 pending transactions. Active config: opid_index: -1 OBSOLETE_local: false peers { permanent_uuid: "3a3c735705964e1badb66c37a66a9096" member_type: VOTER last_known_addr { host: "ip-172-31-12-168" port: 31200 } } peers { permanent_uuid: "b497dbd6bd1a4c998891b00d2493a1bb" member_type: VOTER last_known_addr { host: "ip-172-31-12-168" port: 31202 } } peers { permanent_uuid: "6f1af300e1d549d6b1cdd8bf3b9aeb9c" member_type: VOTER last_known_addr { host: "ip-172-31-12-168" port: 31201 } }
I0727 05:17:17.004559 112290 raft_consensus.cc:316] T 0f960e74b64941cabed49ea8a3aa8140 P b497dbd6bd1a4c998891b00d2493a1bb [term 0 FOLLOWER]: Consensus starting up: Expiring failure detector timer to make a prompt election more likely
I0727 05:17:17.004562 112290 raft_consensus.cc:560] T 0f960e74b64941cabed49ea8a3aa8140 P b497dbd6bd1a4c998891b00d2493a1bb [term 0 FOLLOWER]: Becoming Follower/Learner. State: Replica: b497dbd6bd1a4c998891b00d2493a1bb, State: Running, Role: FOLLOWER
I0727 05:17:17.004567 112290 consensus_queue.cc:186] T 0f960e74b64941cabed49ea8a3aa8140 P b497dbd6bd1a4c998891b00d2493a1bb [NON_LEADER]: Queue going to NON_LEADER mode. State: All replicated index: 0, Majority replicated index: 0, Committed index: 0, Last appended: 0.0, Last appended by leader: 0, Current term: 0, Majority size: -1, State: 1, Mode: NON_LEADER
I0727 05:17:17.004601 112290 ts_tablet_manager.cc:775] T 0f960e74b64941cabed49ea8a3aa8140 P b497dbd6bd1a4c998891b00d2493a1bb: Time spent starting tablet: real 0.000s	user 0.000s	sys 0.000s
I0727 05:17:17.040441 20913 raft_consensus.cc:2372] T ed1d30dbf9a6484eb4627f1380703c28 P b497dbd6bd1a4c998891b00d2493a1bb: Snoozing failure detection for election timeout plus an additional 1.668s
I0727 05:17:17.040454 20913 raft_consensus.cc:1943] T ed1d30dbf9a6484eb4627f1380703c28 P b497dbd6bd1a4c998891b00d2493a1bb [term 0 FOLLOWER]: Leader pre-election vote request: Granting yes vote for candidate 6f1af300e1d549d6b1cdd8bf3b9aeb9c in term 0.
I0727 05:17:17.041054 20913 raft_consensus.cc:2419] T ed1d30dbf9a6484eb4627f1380703c28 P b497dbd6bd1a4c998891b00d2493a1bb [term 0 FOLLOWER]: Advancing to term 1
