I0727 05:17:17.041065 20913 raft_consensus.cc:2372] T ed1d30dbf9a6484eb4627f1380703c28 P b497dbd6bd1a4c998891b00d2493a1bb: Snoozing failure detection for election timeout plus an additional 1.890s
I0727 05:17:17.041359 20913 raft_consensus.cc:1943] T ed1d30dbf9a6484eb4627f1380703c28 P b497dbd6bd1a4c998891b00d2493a1bb [term 1 FOLLOWER]: Leader election vote request: Granting yes vote for candidate 6f1af300e1d549d6b1cdd8bf3b9aeb9c in term 1.
I0727 05:17:17.072861 112307 raft_consensus.cc:411] T e75e1e58e24040a98f2f9c5f24fec8f9 P b497dbd6bd1a4c998891b00d2493a1bb [term 0 FOLLOWER]: Starting pre-election (no leader contacted us within the election timeout)
I0727 05:17:17.072880 112307 raft_consensus.cc:2372] T e75e1e58e24040a98f2f9c5f24fec8f9 P b497dbd6bd1a4c998891b00d2493a1bb: Snoozing failure detection for election timeout plus an additional 2.240s
I0727 05:17:17.072908 112307 raft_consensus.cc:435] T e75e1e58e24040a98f2f9c5f24fec8f9 P b497dbd6bd1a4c998891b00d2493a1bb [term 0 FOLLOWER]: Starting pre-election with config: opid_index: -1 OBSOLETE_local: false peers { permanent_uuid: "3a3c735705964e1badb66c37a66a9096" member_type: VOTER last_known_addr { host: "ip-172-31-12-168" port: 31200 } } peers { permanent_uuid: "b497dbd6bd1a4c998891b00d2493a1bb" member_type: VOTER last_known_addr { host: "ip-172-31-12-168" port: 31202 } } peers { permanent_uuid: "6f1af300e1d549d6b1cdd8bf3b9aeb9c" member_type: VOTER last_known_addr { host: "ip-172-31-12-168" port: 31201 } }
I0727 05:17:17.073050 112307 leader_election.cc:217] T e75e1e58e24040a98f2f9c5f24fec8f9 P b497dbd6bd1a4c998891b00d2493a1bb [CANDIDATE]: Term 1 pre-election: Requesting pre-vote from peer 3a3c735705964e1badb66c37a66a9096
I0727 05:17:17.073071 112307 leader_election.cc:217] T e75e1e58e24040a98f2f9c5f24fec8f9 P b497dbd6bd1a4c998891b00d2493a1bb [CANDIDATE]: Term 1 pre-election: Requesting pre-vote from peer 6f1af300e1d549d6b1cdd8bf3b9aeb9c
I0727 05:17:17.073216 20838 leader_election.cc:349] T e75e1e58e24040a98f2f9c5f24fec8f9 P b497dbd6bd1a4c998891b00d2493a1bb [CANDIDATE]: Term 1 pre-election: Vote granted by peer 6f1af300e1d549d6b1cdd8bf3b9aeb9c
I0727 05:17:17.073228 20838 leader_election.cc:244] T e75e1e58e24040a98f2f9c5f24fec8f9 P b497dbd6bd1a4c998891b00d2493a1bb [CANDIDATE]: Term 1 pre-election: Election decided. Result: candidate won.
I0727 05:17:17.073241 20838 leader_election.cc:349] T e75e1e58e24040a98f2f9c5f24fec8f9 P b497dbd6bd1a4c998891b00d2493a1bb [CANDIDATE]: Term 1 pre-election: Vote granted by peer 3a3c735705964e1badb66c37a66a9096
I0727 05:17:17.073252 43073 raft_consensus.cc:2372] T e75e1e58e24040a98f2f9c5f24fec8f9 P b497dbd6bd1a4c998891b00d2493a1bb: Snoozing failure detection for election timeout plus an additional 1.756s
I0727 05:17:17.073267 43073 raft_consensus.cc:2176] T e75e1e58e24040a98f2f9c5f24fec8f9 P b497dbd6bd1a4c998891b00d2493a1bb [term 0 FOLLOWER]: Leader pre-election won for term 1
I0727 05:17:17.073273 43073 raft_consensus.cc:411] T e75e1e58e24040a98f2f9c5f24fec8f9 P b497dbd6bd1a4c998891b00d2493a1bb [term 0 FOLLOWER]: Starting leader election (no leader contacted us within the election timeout)
I0727 05:17:17.073277 43073 raft_consensus.cc:2372] T e75e1e58e24040a98f2f9c5f24fec8f9 P b497dbd6bd1a4c998891b00d2493a1bb: Snoozing failure detection for election timeout plus an additional 2.125s
I0727 05:17:17.073284 43073 raft_consensus.cc:2419] T e75e1e58e24040a98f2f9c5f24fec8f9 P b497dbd6bd1a4c998891b00d2493a1bb [term 0 FOLLOWER]: Advancing to term 1
I0727 05:17:17.073572 43073 raft_consensus.cc:435] T e75e1e58e24040a98f2f9c5f24fec8f9 P b497dbd6bd1a4c998891b00d2493a1bb [term 1 FOLLOWER]: Starting leader election with config: opid_index: -1 OBSOLETE_local: false peers { permanent_uuid: "3a3c735705964e1badb66c37a66a9096" member_type: VOTER last_known_addr { host: "ip-172-31-12-168" port: 31200 } } peers { permanent_uuid: "b497dbd6bd1a4c998891b00d2493a1bb" member_type: VOTER last_known_addr { host: "ip-172-31-12-168" port: 31202 } } peers { permanent_uuid: "6f1af300e1d549d6b1cdd8bf3b9aeb9c" member_type: VOTER last_known_addr { host: "ip-172-31-12-168" port: 31201 } }
I0727 05:17:17.073678 43073 leader_election.cc:217] T e75e1e58e24040a98f2f9c5f24fec8f9 P b497dbd6bd1a4c998891b00d2493a1bb [CANDIDATE]: Term 1 election: Requesting vote from peer 3a3c735705964e1badb66c37a66a9096
I0727 05:17:17.073698 43073 leader_election.cc:217] T e75e1e58e24040a98f2f9c5f24fec8f9 P b497dbd6bd1a4c998891b00d2493a1bb [CANDIDATE]: Term 1 election: Requesting vote from peer 6f1af300e1d549d6b1cdd8bf3b9aeb9c
I0727 05:17:17.074033 20838 leader_election.cc:349] T e75e1e58e24040a98f2f9c5f24fec8f9 P b497dbd6bd1a4c998891b00d2493a1bb [CANDIDATE]: Term 1 election: Vote granted by peer 3a3c735705964e1badb66c37a66a9096
I0727 05:17:17.074041 20838 leader_election.cc:244] T e75e1e58e24040a98f2f9c5f24fec8f9 P b497dbd6bd1a4c998891b00d2493a1bb [CANDIDATE]: Term 1 election: Election decided. Result: candidate won.
I0727 05:17:17.074064 50010 raft_consensus.cc:2372] T e75e1e58e24040a98f2f9c5f24fec8f9 P b497dbd6bd1a4c998891b00d2493a1bb: Snoozing failure detection for election timeout plus an additional 2.160s
I0727 05:17:17.074079 50010 raft_consensus.cc:2176] T e75e1e58e24040a98f2f9c5f24fec8f9 P b497dbd6bd1a4c998891b00d2493a1bb [term 1 FOLLOWER]: Leader election won for term 1
I0727 05:17:17.074090 50010 raft_consensus.cc:528] T e75e1e58e24040a98f2f9c5f24fec8f9 P b497dbd6bd1a4c998891b00d2493a1bb [term 1 LEADER]: Becoming Leader. State: Replica: b497dbd6bd1a4c998891b00d2493a1bb, State: Running, Role: LEADER
I0727 05:17:17.074107 20838 leader_election.cc:349] T e75e1e58e24040a98f2f9c5f24fec8f9 P b497dbd6bd1a4c998891b00d2493a1bb [CANDIDATE]: Term 1 election: Vote granted by peer 6f1af300e1d549d6b1cdd8bf3b9aeb9c
I0727 05:17:17.074113 50010 consensus_queue.cc:165] T e75e1e58e24040a98f2f9c5f24fec8f9 P b497dbd6bd1a4c998891b00d2493a1bb [LEADER]: Queue going to LEADER mode. State: All replicated index: 0, Majority replicated index: 0, Committed index: 0, Last appended: 0.0, Last appended by leader: 0, Current term: 1, Majority size: 2, State: 1, Mode: LEADER, active raft config: opid_index: -1 OBSOLETE_local: false peers { permanent_uuid: "3a3c735705964e1badb66c37a66a9096" member_type: VOTER last_known_addr { host: "ip-172-31-12-168" port: 31200 } } peers { permanent_uuid: "b497dbd6bd1a4c998891b00d2493a1bb" member_type: VOTER last_known_addr { host: "ip-172-31-12-168" port: 31202 } } peers { permanent_uuid: "6f1af300e1d549d6b1cdd8bf3b9aeb9c" member_type: VOTER last_known_addr { host: "ip-172-31-12-168" port: 31201 } }
I0727 05:17:17.112236 20913 raft_consensus.cc:2372] T 68b05f0ce2604af7b31f89b57290d31a P b497dbd6bd1a4c998891b00d2493a1bb: Snoozing failure detection for election timeout plus an additional 1.809s
I0727 05:17:17.112249 20913 raft_consensus.cc:1943] T 68b05f0ce2604af7b31f89b57290d31a P b497dbd6bd1a4c998891b00d2493a1bb [term 0 FOLLOWER]: Leader pre-election vote request: Granting yes vote for candidate 3a3c735705964e1badb66c37a66a9096 in term 0.
I0727 05:17:17.112885 20913 raft_consensus.cc:2419] T 68b05f0ce2604af7b31f89b57290d31a P b497dbd6bd1a4c998891b00d2493a1bb [term 0 FOLLOWER]: Advancing to term 1
I0727 05:17:17.112900 20913 raft_consensus.cc:2372] T 68b05f0ce2604af7b31f89b57290d31a P b497dbd6bd1a4c998891b00d2493a1bb: Snoozing failure detection for election timeout plus an additional 1.711s
I0727 05:17:17.113131 20913 raft_consensus.cc:1943] T 68b05f0ce2604af7b31f89b57290d31a P b497dbd6bd1a4c998891b00d2493a1bb [term 1 FOLLOWER]: Leader election vote request: Granting yes vote for candidate 3a3c735705964e1badb66c37a66a9096 in term 1.
I0727 05:17:17.380381 50029 consensus_queue.cc:722] T e75e1e58e24040a98f2f9c5f24fec8f9 P b497dbd6bd1a4c998891b00d2493a1bb [LEADER]: Connected to new peer: Peer: 6f1af300e1d549d6b1cdd8bf3b9aeb9c, Is new: false, Last received: 0.0, Next index: 1, Last known committed idx: 0, Last exchange result: ERROR, Needs tablet copy: false
I0727 05:17:17.380506 20913 raft_consensus.cc:944] T 68b05f0ce2604af7b31f89b57290d31a P b497dbd6bd1a4c998891b00d2493a1bb [term 1 FOLLOWER]: Refusing update from remote peer 3a3c735705964e1badb66c37a66a9096: Log matching property violated. Preceding OpId in replica: term: 0 index: 0. Preceding OpId from leader: term: 1 index: 1. (index mismatch)
I0727 05:17:17.381119 43073 consensus_queue.cc:722] T e75e1e58e24040a98f2f9c5f24fec8f9 P b497dbd6bd1a4c998891b00d2493a1bb [LEADER]: Connected to new peer: Peer: 3a3c735705964e1badb66c37a66a9096, Is new: false, Last received: 0.0, Next index: 1, Last known committed idx: 0, Last exchange result: ERROR, Needs tablet copy: false
I0727 05:17:17.396775 20913 raft_consensus.cc:2372] T e4a5fa8995af467495e902551300c673 P b497dbd6bd1a4c998891b00d2493a1bb: Snoozing failure detection for election timeout plus an additional 1.968s
I0727 05:17:17.396788 20913 raft_consensus.cc:1943] T e4a5fa8995af467495e902551300c673 P b497dbd6bd1a4c998891b00d2493a1bb [term 0 FOLLOWER]: Leader pre-election vote request: Granting yes vote for candidate 3a3c735705964e1badb66c37a66a9096 in term 0.
I0727 05:17:17.397373 20913 raft_consensus.cc:2419] T e4a5fa8995af467495e902551300c673 P b497dbd6bd1a4c998891b00d2493a1bb [term 0 FOLLOWER]: Advancing to term 1
I0727 05:17:17.397390 20913 raft_consensus.cc:2372] T e4a5fa8995af467495e902551300c673 P b497dbd6bd1a4c998891b00d2493a1bb: Snoozing failure detection for election timeout plus an additional 1.522s
I0727 05:17:17.397637 20913 raft_consensus.cc:1943] T e4a5fa8995af467495e902551300c673 P b497dbd6bd1a4c998891b00d2493a1bb [term 1 FOLLOWER]: Leader election vote request: Granting yes vote for candidate 3a3c735705964e1badb66c37a66a9096 in term 1.
I0727 05:17:17.432149 20913 raft_consensus.cc:944] T ed1d30dbf9a6484eb4627f1380703c28 P b497dbd6bd1a4c998891b00d2493a1bb [term 1 FOLLOWER]: Refusing update from remote peer 6f1af300e1d549d6b1cdd8bf3b9aeb9c: Log matching property violated. Preceding OpId in replica: term: 0 index: 0. Preceding OpId from leader: term: 1 index: 1. (index mismatch)
I0727 05:17:17.507484 112319 raft_consensus.cc:411] T 0f960e74b64941cabed49ea8a3aa8140 P b497dbd6bd1a4c998891b00d2493a1bb [term 0 FOLLOWER]: Starting pre-election (no leader contacted us within the election timeout)
I0727 05:17:17.507503 112319 raft_consensus.cc:2372] T 0f960e74b64941cabed49ea8a3aa8140 P b497dbd6bd1a4c998891b00d2493a1bb: Snoozing failure detection for election timeout plus an additional 1.568s
I0727 05:17:17.507539 112319 raft_consensus.cc:435] T 0f960e74b64941cabed49ea8a3aa8140 P b497dbd6bd1a4c998891b00d2493a1bb [term 0 FOLLOWER]: Starting pre-election with config: opid_index: -1 OBSOLETE_local: false peers { permanent_uuid: "3a3c735705964e1badb66c37a66a9096" member_type: VOTER last_known_addr { host: "ip-172-31-12-168" port: 31200 } } peers { permanent_uuid: "b497dbd6bd1a4c998891b00d2493a1bb" member_type: VOTER last_known_addr { host: "ip-172-31-12-168" port: 31202 } } peers { permanent_uuid: "6f1af300e1d549d6b1cdd8bf3b9aeb9c" member_type: VOTER last_known_addr { host: "ip-172-31-12-168" port: 31201 } }
I0727 05:17:17.507663 112319 leader_election.cc:217] T 0f960e74b64941cabed49ea8a3aa8140 P b497dbd6bd1a4c998891b00d2493a1bb [CANDIDATE]: Term 1 pre-election: Requesting pre-vote from peer 3a3c735705964e1badb66c37a66a9096
I0727 05:17:17.507688 112319 leader_election.cc:217] T 0f960e74b64941cabed49ea8a3aa8140 P b497dbd6bd1a4c998891b00d2493a1bb [CANDIDATE]: Term 1 pre-election: Requesting pre-vote from peer 6f1af300e1d549d6b1cdd8bf3b9aeb9c
I0727 05:17:17.507819 20838 leader_election.cc:349] T 0f960e74b64941cabed49ea8a3aa8140 P b497dbd6bd1a4c998891b00d2493a1bb [CANDIDATE]: Term 1 pre-election: Vote granted by peer 3a3c735705964e1badb66c37a66a9096
I0727 05:17:17.507835 20838 leader_election.cc:244] T 0f960e74b64941cabed49ea8a3aa8140 P b497dbd6bd1a4c998891b00d2493a1bb [CANDIDATE]: Term 1 pre-election: Election decided. Result: candidate won.
I0727 05:17:17.507860 20838 leader_election.cc:349] T 0f960e74b64941cabed49ea8a3aa8140 P b497dbd6bd1a4c998891b00d2493a1bb [CANDIDATE]: Term 1 pre-election: Vote granted by peer 6f1af300e1d549d6b1cdd8bf3b9aeb9c
I0727 05:17:17.507863 43073 raft_consensus.cc:2372] T 0f960e74b64941cabed49ea8a3aa8140 P b497dbd6bd1a4c998891b00d2493a1bb: Snoozing failure detection for election timeout plus an additional 2.192s
I0727 05:17:17.507886 43073 raft_consensus.cc:2176] T 0f960e74b64941cabed49ea8a3aa8140 P b497dbd6bd1a4c998891b00d2493a1bb [term 0 FOLLOWER]: Leader pre-election won for term 1
I0727 05:17:17.507894 43073 raft_consensus.cc:411] T 0f960e74b64941cabed49ea8a3aa8140 P b497dbd6bd1a4c998891b00d2493a1bb [term 0 FOLLOWER]: Starting leader election (no leader contacted us within the election timeout)
I0727 05:17:17.507897 43073 raft_consensus.cc:2372] T 0f960e74b64941cabed49ea8a3aa8140 P b497dbd6bd1a4c998891b00d2493a1bb: Snoozing failure detection for election timeout plus an additional 1.849s
I0727 05:17:17.507903 43073 raft_consensus.cc:2419] T 0f960e74b64941cabed49ea8a3aa8140 P b497dbd6bd1a4c998891b00d2493a1bb [term 0 FOLLOWER]: Advancing to term 1
I0727 05:17:17.508172 43073 raft_consensus.cc:435] T 0f960e74b64941cabed49ea8a3aa8140 P b497dbd6bd1a4c998891b00d2493a1bb [term 1 FOLLOWER]: Starting leader election with config: opid_index: -1 OBSOLETE_local: false peers { permanent_uuid: "3a3c735705964e1badb66c37a66a9096" member_type: VOTER last_known_addr { host: "ip-172-31-12-168" port: 31200 } } peers { permanent_uuid: "b497dbd6bd1a4c998891b00d2493a1bb" member_type: VOTER last_known_addr { host: "ip-172-31-12-168" port: 31202 } } peers { permanent_uuid: "6f1af300e1d549d6b1cdd8bf3b9aeb9c" member_type: VOTER last_known_addr { host: "ip-172-31-12-168" port: 31201 } }
I0727 05:17:17.508275 43073 leader_election.cc:217] T 0f960e74b64941cabed49ea8a3aa8140 P b497dbd6bd1a4c998891b00d2493a1bb [CANDIDATE]: Term 1 election: Requesting vote from peer 3a3c735705964e1badb66c37a66a9096
I0727 05:17:17.508293 43073 leader_election.cc:217] T 0f960e74b64941cabed49ea8a3aa8140 P b497dbd6bd1a4c998891b00d2493a1bb [CANDIDATE]: Term 1 election: Requesting vote from peer 6f1af300e1d549d6b1cdd8bf3b9aeb9c
I0727 05:17:17.508671 20838 leader_election.cc:349] T 0f960e74b64941cabed49ea8a3aa8140 P b497dbd6bd1a4c998891b00d2493a1bb [CANDIDATE]: Term 1 election: Vote granted by peer 6f1af300e1d549d6b1cdd8bf3b9aeb9c
I0727 05:17:17.508682 20838 leader_election.cc:244] T 0f960e74b64941cabed49ea8a3aa8140 P b497dbd6bd1a4c998891b00d2493a1bb [CANDIDATE]: Term 1 election: Election decided. Result: candidate won.
I0727 05:17:17.508695 20838 leader_election.cc:349] T 0f960e74b64941cabed49ea8a3aa8140 P b497dbd6bd1a4c998891b00d2493a1bb [CANDIDATE]: Term 1 election: Vote granted by peer 3a3c735705964e1badb66c37a66a9096
I0727 05:17:17.508708 50029 raft_consensus.cc:2372] T 0f960e74b64941cabed49ea8a3aa8140 P b497dbd6bd1a4c998891b00d2493a1bb: Snoozing failure detection for election timeout plus an additional 2.237s
I0727 05:17:17.508720 50029 raft_consensus.cc:2176] T 0f960e74b64941cabed49ea8a3aa8140 P b497dbd6bd1a4c998891b00d2493a1bb [term 1 FOLLOWER]: Leader election won for term 1
I0727 05:17:17.508739 50029 raft_consensus.cc:528] T 0f960e74b64941cabed49ea8a3aa8140 P b497dbd6bd1a4c998891b00d2493a1bb [term 1 LEADER]: Becoming Leader. State: Replica: b497dbd6bd1a4c998891b00d2493a1bb, State: Running, Role: LEADER
I0727 05:17:17.508765 50029 consensus_queue.cc:165] T 0f960e74b64941cabed49ea8a3aa8140 P b497dbd6bd1a4c998891b00d2493a1bb [LEADER]: Queue going to LEADER mode. State: All replicated index: 0, Majority replicated index: 0, Committed index: 0, Last appended: 0.0, Last appended by leader: 0, Current term: 1, Majority size: 2, State: 1, Mode: LEADER, active raft config: opid_index: -1 OBSOLETE_local: false peers { permanent_uuid: "3a3c735705964e1badb66c37a66a9096" member_type: VOTER last_known_addr { host: "ip-172-31-12-168" port: 31200 } } peers { permanent_uuid: "b497dbd6bd1a4c998891b00d2493a1bb" member_type: VOTER last_known_addr { host: "ip-172-31-12-168" port: 31202 } } peers { permanent_uuid: "6f1af300e1d549d6b1cdd8bf3b9aeb9c" member_type: VOTER last_known_addr { host: "ip-172-31-12-168" port: 31201 } }
I0727 05:17:17.671636 20913 raft_consensus.cc:944] T e4a5fa8995af467495e902551300c673 P b497dbd6bd1a4c998891b00d2493a1bb [term 1 FOLLOWER]: Refusing update from remote peer 3a3c735705964e1badb66c37a66a9096: Log matching property violated. Preceding OpId in replica: term: 0 index: 0. Preceding OpId from leader: term: 1 index: 1. (index mismatch)
I0727 05:17:17.783072 50029 consensus_queue.cc:722] T 0f960e74b64941cabed49ea8a3aa8140 P b497dbd6bd1a4c998891b00d2493a1bb [LEADER]: Connected to new peer: Peer: 3a3c735705964e1badb66c37a66a9096, Is new: false, Last received: 0.0, Next index: 1, Last known committed idx: 0, Last exchange result: ERROR, Needs tablet copy: false
I0727 05:17:17.783751 50046 consensus_queue.cc:722] T 0f960e74b64941cabed49ea8a3aa8140 P b497dbd6bd1a4c998891b00d2493a1bb [LEADER]: Connected to new peer: Peer: 6f1af300e1d549d6b1cdd8bf3b9aeb9c, Is new: false, Last received: 0.0, Next index: 1, Last known committed idx: 0, Last exchange result: ERROR, Needs tablet copy: false
I0727 05:17:24.870601 20879 tablet_service.cc:713] Processing DeleteTablet for tablet 816ca4638119479982af99a501389d05 with delete_type TABLET_DATA_DELETED (Table deleted at 2017-07-27 05:17:24 UTC) from {username='ubuntu'} at 127.0.0.1:34066
I0727 05:17:24.870621 20882 tablet_service.cc:713] Processing DeleteTablet for tablet 694406c5b7c84eb4ad91a73f8f37590e with delete_type TABLET_DATA_DELETED (Table deleted at 2017-07-27 05:17:24 UTC) from {username='ubuntu'} at 127.0.0.1:34066
I0727 05:17:24.870640 20882 tablet_replica.cc:225] Initiating TabletReplica shutdown for tablet: 694406c5b7c84eb4ad91a73f8f37590e
I0727 05:17:24.870625 20879 tablet_replica.cc:225] Initiating TabletReplica shutdown for tablet: 816ca4638119479982af99a501389d05
I0727 05:17:24.870661 20880 tablet_service.cc:713] Processing DeleteTablet for tablet 66449f84c40b42b09232dda2ff2dbfb6 with delete_type TABLET_DATA_DELETED (Table deleted at 2017-07-27 05:17:24 UTC) from {username='ubuntu'} at 127.0.0.1:34066
I0727 05:17:24.870672 20880 tablet_replica.cc:225] Initiating TabletReplica shutdown for tablet: 66449f84c40b42b09232dda2ff2dbfb6
I0727 05:17:24.870657 20882 maintenance_manager.cc:206] P b497dbd6bd1a4c998891b00d2493a1bb: Unregistered op CompactRowSetsOp(694406c5b7c84eb4ad91a73f8f37590e)
I0727 05:17:24.870674 20879 maintenance_manager.cc:206] P b497dbd6bd1a4c998891b00d2493a1bb: Unregistered op CompactRowSetsOp(816ca4638119479982af99a501389d05)
I0727 05:17:24.870693 20880 maintenance_manager.cc:206] P b497dbd6bd1a4c998891b00d2493a1bb: Unregistered op CompactRowSetsOp(66449f84c40b42b09232dda2ff2dbfb6)
I0727 05:17:24.870713 20880 maintenance_manager.cc:206] P b497dbd6bd1a4c998891b00d2493a1bb: Unregistered op MinorDeltaCompactionOp(66449f84c40b42b09232dda2ff2dbfb6)
I0727 05:17:24.870712 20882 maintenance_manager.cc:206] P b497dbd6bd1a4c998891b00d2493a1bb: Unregistered op MinorDeltaCompactionOp(694406c5b7c84eb4ad91a73f8f37590e)
I0727 05:17:24.870738 20880 maintenance_manager.cc:206] P b497dbd6bd1a4c998891b00d2493a1bb: Unregistered op MajorDeltaCompactionOp(66449f84c40b42b09232dda2ff2dbfb6)
I0727 05:17:24.870729 20879 maintenance_manager.cc:206] P b497dbd6bd1a4c998891b00d2493a1bb: Unregistered op MinorDeltaCompactionOp(816ca4638119479982af99a501389d05)
I0727 05:17:24.870761 20882 maintenance_manager.cc:206] P b497dbd6bd1a4c998891b00d2493a1bb: Unregistered op MajorDeltaCompactionOp(694406c5b7c84eb4ad91a73f8f37590e)
I0727 05:17:24.870786 20882 maintenance_manager.cc:206] P b497dbd6bd1a4c998891b00d2493a1bb: Unregistered op UndoDeltaBlockGCOp(694406c5b7c84eb4ad91a73f8f37590e)
I0727 05:17:24.870769 20879 maintenance_manager.cc:206] P b497dbd6bd1a4c998891b00d2493a1bb: Unregistered op MajorDeltaCompactionOp(816ca4638119479982af99a501389d05)
I0727 05:17:24.870793 20882 maintenance_manager.cc:206] P b497dbd6bd1a4c998891b00d2493a1bb: Unregistered op FlushMRSOp(694406c5b7c84eb4ad91a73f8f37590e)
I0727 05:17:24.870820 20882 maintenance_manager.cc:206] P b497dbd6bd1a4c998891b00d2493a1bb: Unregistered op FlushDeltaMemStoresOp(694406c5b7c84eb4ad91a73f8f37590e)
I0727 05:17:24.870750 20880 maintenance_manager.cc:206] P b497dbd6bd1a4c998891b00d2493a1bb: Unregistered op UndoDeltaBlockGCOp(66449f84c40b42b09232dda2ff2dbfb6)
I0727 05:17:24.870837 20882 maintenance_manager.cc:206] P b497dbd6bd1a4c998891b00d2493a1bb: Unregistered op LogGCOp(694406c5b7c84eb4ad91a73f8f37590e)
I0727 05:17:24.870844 20882 raft_consensus.cc:1763] T 694406c5b7c84eb4ad91a73f8f37590e P b497dbd6bd1a4c998891b00d2493a1bb [term 1 LEADER]: Raft consensus shutting down.
I0727 05:17:24.870847 20880 maintenance_manager.cc:206] P b497dbd6bd1a4c998891b00d2493a1bb: Unregistered op FlushMRSOp(66449f84c40b42b09232dda2ff2dbfb6)
I0727 05:17:24.870856 20882 consensus_peers.cc:400] T 694406c5b7c84eb4ad91a73f8f37590e P b497dbd6bd1a4c998891b00d2493a1bb -> Peer 6f1af300e1d549d6b1cdd8bf3b9aeb9c (ip-172-31-12-168:31201): Closing peer: 6f1af300e1d549d6b1cdd8bf3b9aeb9c
I0727 05:17:24.870857 20880 maintenance_manager.cc:206] P b497dbd6bd1a4c998891b00d2493a1bb: Unregistered op FlushDeltaMemStoresOp(66449f84c40b42b09232dda2ff2dbfb6)
I0727 05:17:24.870864 20880 maintenance_manager.cc:206] P b497dbd6bd1a4c998891b00d2493a1bb: Unregistered op LogGCOp(66449f84c40b42b09232dda2ff2dbfb6)
I0727 05:17:24.870806 20879 maintenance_manager.cc:206] P b497dbd6bd1a4c998891b00d2493a1bb: Unregistered op UndoDeltaBlockGCOp(816ca4638119479982af99a501389d05)
I0727 05:17:24.870877 20880 raft_consensus.cc:1763] T 66449f84c40b42b09232dda2ff2dbfb6 P b497dbd6bd1a4c998891b00d2493a1bb [term 1 FOLLOWER]: Raft consensus shutting down.
I0727 05:17:24.870882 20880 raft_consensus.cc:1778] T 66449f84c40b42b09232dda2ff2dbfb6 P b497dbd6bd1a4c998891b00d2493a1bb [term 1 FOLLOWER]: Raft consensus is shut down!
I0727 05:17:24.870883 20879 maintenance_manager.cc:206] P b497dbd6bd1a4c998891b00d2493a1bb: Unregistered op FlushMRSOp(816ca4638119479982af99a501389d05)
I0727 05:17:24.870859 20882 consensus_peers.cc:400] T 694406c5b7c84eb4ad91a73f8f37590e P b497dbd6bd1a4c998891b00d2493a1bb -> Peer 3a3c735705964e1badb66c37a66a9096 (ip-172-31-12-168:31200): Closing peer: 3a3c735705964e1badb66c37a66a9096
I0727 05:17:24.870896 20879 maintenance_manager.cc:206] P b497dbd6bd1a4c998891b00d2493a1bb: Unregistered op FlushDeltaMemStoresOp(816ca4638119479982af99a501389d05)
I0727 05:17:24.870903 20879 maintenance_manager.cc:206] P b497dbd6bd1a4c998891b00d2493a1bb: Unregistered op LogGCOp(816ca4638119479982af99a501389d05)
I0727 05:17:24.870906 20882 raft_consensus.cc:1778] T 694406c5b7c84eb4ad91a73f8f37590e P b497dbd6bd1a4c998891b00d2493a1bb [term 1 LEADER]: Raft consensus is shut down!
I0727 05:17:24.870911 20879 raft_consensus.cc:1763] T 816ca4638119479982af99a501389d05 P b497dbd6bd1a4c998891b00d2493a1bb [term 1 LEADER]: Raft consensus shutting down.
I0727 05:17:24.870916 20879 consensus_peers.cc:400] T 816ca4638119479982af99a501389d05 P b497dbd6bd1a4c998891b00d2493a1bb -> Peer 6f1af300e1d549d6b1cdd8bf3b9aeb9c (ip-172-31-12-168:31201): Closing peer: 6f1af300e1d549d6b1cdd8bf3b9aeb9c
I0727 05:17:24.870919 20879 consensus_peers.cc:400] T 816ca4638119479982af99a501389d05 P b497dbd6bd1a4c998891b00d2493a1bb -> Peer 3a3c735705964e1badb66c37a66a9096 (ip-172-31-12-168:31200): Closing peer: 3a3c735705964e1badb66c37a66a9096
I0727 05:17:24.870924 20879 raft_consensus.cc:1778] T 816ca4638119479982af99a501389d05 P b497dbd6bd1a4c998891b00d2493a1bb [term 1 LEADER]: Raft consensus is shut down!
I0727 05:17:24.871125 20880 ts_tablet_manager.cc:1030] T 66449f84c40b42b09232dda2ff2dbfb6 P b497dbd6bd1a4c998891b00d2493a1bb: Deleting tablet data with delete state TABLET_DATA_DELETED
I0727 05:17:24.871165 20879 ts_tablet_manager.cc:1030] T 816ca4638119479982af99a501389d05 P b497dbd6bd1a4c998891b00d2493a1bb: Deleting tablet data with delete state TABLET_DATA_DELETED
I0727 05:17:24.871196 20882 ts_tablet_manager.cc:1030] T 694406c5b7c84eb4ad91a73f8f37590e P b497dbd6bd1a4c998891b00d2493a1bb: Deleting tablet data with delete state TABLET_DATA_DELETED
I0727 05:17:24.875540 20880 ts_tablet_manager.cc:1042] T 66449f84c40b42b09232dda2ff2dbfb6 P b497dbd6bd1a4c998891b00d2493a1bb: Tablet deleted. Last logged OpId: 1.1
I0727 05:17:24.875567 20880 log.cc:974] T 66449f84c40b42b09232dda2ff2dbfb6 P b497dbd6bd1a4c998891b00d2493a1bb: Deleting WAL directory at /home/ubuntu/Impala/testdata/cluster/cdh5/node-1/var/lib/kudu/ts/wal/wals/66449f84c40b42b09232dda2ff2dbfb6
I0727 05:17:24.875671 20880 ts_tablet_manager.cc:1060] T 66449f84c40b42b09232dda2ff2dbfb6 P b497dbd6bd1a4c998891b00d2493a1bb: Deleting consensus metadata
I0727 05:17:24.876425 20882 ts_tablet_manager.cc:1042] T 694406c5b7c84eb4ad91a73f8f37590e P b497dbd6bd1a4c998891b00d2493a1bb: Tablet deleted. Last logged OpId: 1.1
I0727 05:17:24.876447 20882 log.cc:974] T 694406c5b7c84eb4ad91a73f8f37590e P b497dbd6bd1a4c998891b00d2493a1bb: Deleting WAL directory at /home/ubuntu/Impala/testdata/cluster/cdh5/node-1/var/lib/kudu/ts/wal/wals/694406c5b7c84eb4ad91a73f8f37590e
I0727 05:17:24.876477 20879 ts_tablet_manager.cc:1042] T 816ca4638119479982af99a501389d05 P b497dbd6bd1a4c998891b00d2493a1bb: Tablet deleted. Last logged OpId: 1.2
I0727 05:17:24.876492 20879 log.cc:974] T 816ca4638119479982af99a501389d05 P b497dbd6bd1a4c998891b00d2493a1bb: Deleting WAL directory at /home/ubuntu/Impala/testdata/cluster/cdh5/node-1/var/lib/kudu/ts/wal/wals/816ca4638119479982af99a501389d05
I0727 05:17:24.876538 20882 ts_tablet_manager.cc:1060] T 694406c5b7c84eb4ad91a73f8f37590e P b497dbd6bd1a4c998891b00d2493a1bb: Deleting consensus metadata
I0727 05:17:24.877198 20879 ts_tablet_manager.cc:1060] T 816ca4638119479982af99a501389d05 P b497dbd6bd1a4c998891b00d2493a1bb: Deleting consensus metadata
I0727 05:17:24.998795 20879 tablet_service.cc:672] Processing CreateTablet for tablet d8dcb86409d84df2aea9eb64551b4f14 (table=impala::functional_kudu.nulltable [id=240244151a77498d842c9ec4d00e991a]), partition=HASH (a) PARTITION 0
I0727 05:17:24.998805 20880 tablet_service.cc:672] Processing CreateTablet for tablet c31d0be6e17c4d7eb1f7e9f4e49f426d (table=impala::functional_kudu.nulltable [id=240244151a77498d842c9ec4d00e991a]), partition=HASH (a) PARTITION 2
I0727 05:17:24.998805 20882 tablet_service.cc:672] Processing CreateTablet for tablet 4059acfdbd7e4ffb91796833f32eb984 (table=impala::functional_kudu.nulltable [id=240244151a77498d842c9ec4d00e991a]), partition=HASH (a) PARTITION 1
I0727 05:17:24.999536 20879 ts_tablet_manager.cc:871] T d8dcb86409d84df2aea9eb64551b4f14 P b497dbd6bd1a4c998891b00d2493a1bb: Registered tablet (data state: TABLET_DATA_READY)
I0727 05:17:24.999589 20882 ts_tablet_manager.cc:871] T 4059acfdbd7e4ffb91796833f32eb984 P b497dbd6bd1a4c998891b00d2493a1bb: Registered tablet (data state: TABLET_DATA_READY)
I0727 05:17:24.999770 20880 ts_tablet_manager.cc:871] T c31d0be6e17c4d7eb1f7e9f4e49f426d P b497dbd6bd1a4c998891b00d2493a1bb: Registered tablet (data state: TABLET_DATA_READY)
I0727 05:17:24.999785 112351 ts_tablet_manager.cc:741] T d8dcb86409d84df2aea9eb64551b4f14 P b497dbd6bd1a4c998891b00d2493a1bb: Bootstrapping tablet
I0727 05:17:24.999800 112351 tablet_bootstrap.cc:406] T d8dcb86409d84df2aea9eb64551b4f14 P b497dbd6bd1a4c998891b00d2493a1bb: Bootstrap starting.
I0727 05:17:24.999940 112351 tablet_bootstrap.cc:547] T d8dcb86409d84df2aea9eb64551b4f14 P b497dbd6bd1a4c998891b00d2493a1bb: No blocks or log segments found. Creating new log.
I0727 05:17:25.000304 112351 tablet_bootstrap.cc:406] T d8dcb86409d84df2aea9eb64551b4f14 P b497dbd6bd1a4c998891b00d2493a1bb: No bootstrap required, opened a new log
I0727 05:17:25.000321 112351 ts_tablet_manager.cc:746] T d8dcb86409d84df2aea9eb64551b4f14 P b497dbd6bd1a4c998891b00d2493a1bb: Time spent bootstrapping tablet: real 0.001s	user 0.000s	sys 0.000s
I0727 05:17:25.000597 112351 raft_consensus.cc:284] T d8dcb86409d84df2aea9eb64551b4f14 P b497dbd6bd1a4c998891b00d2493a1bb [term 0 FOLLOWER]: Replica starting. Triggering 0 pending transactions. Active config: opid_index: -1 OBSOLETE_local: false peers { permanent_uuid: "b497dbd6bd1a4c998891b00d2493a1bb" member_type: VOTER last_known_addr { host: "ip-172-31-12-168" port: 31202 } } peers { permanent_uuid: "3a3c735705964e1badb66c37a66a9096" member_type: VOTER last_known_addr { host: "ip-172-31-12-168" port: 31200 } } peers { permanent_uuid: "6f1af300e1d549d6b1cdd8bf3b9aeb9c" member_type: VOTER last_known_addr { host: "ip-172-31-12-168" port: 31201 } }
I0727 05:17:25.000612 112351 raft_consensus.cc:316] T d8dcb86409d84df2aea9eb64551b4f14 P b497dbd6bd1a4c998891b00d2493a1bb [term 0 FOLLOWER]: Consensus starting up: Expiring failure detector timer to make a prompt election more likely
I0727 05:17:25.000615 112351 raft_consensus.cc:560] T d8dcb86409d84df2aea9eb64551b4f14 P b497dbd6bd1a4c998891b00d2493a1bb [term 0 FOLLOWER]: Becoming Follower/Learner. State: Replica: b497dbd6bd1a4c998891b00d2493a1bb, State: Running, Role: FOLLOWER
I0727 05:17:25.000625 112351 consensus_queue.cc:186] T d8dcb86409d84df2aea9eb64551b4f14 P b497dbd6bd1a4c998891b00d2493a1bb [NON_LEADER]: Queue going to NON_LEADER mode. State: All replicated index: 0, Majority replicated index: 0, Committed index: 0, Last appended: 0.0, Last appended by leader: 0, Current term: 0, Majority size: -1, State: 1, Mode: NON_LEADER
I0727 05:17:25.000681 112351 ts_tablet_manager.cc:775] T d8dcb86409d84df2aea9eb64551b4f14 P b497dbd6bd1a4c998891b00d2493a1bb: Time spent starting tablet: real 0.000s	user 0.000s	sys 0.000s
I0727 05:17:25.000699 112351 ts_tablet_manager.cc:741] T 4059acfdbd7e4ffb91796833f32eb984 P b497dbd6bd1a4c998891b00d2493a1bb: Bootstrapping tablet
I0727 05:17:25.000705 112351 tablet_bootstrap.cc:406] T 4059acfdbd7e4ffb91796833f32eb984 P b497dbd6bd1a4c998891b00d2493a1bb: Bootstrap starting.
I0727 05:17:25.000826 112351 tablet_bootstrap.cc:547] T 4059acfdbd7e4ffb91796833f32eb984 P b497dbd6bd1a4c998891b00d2493a1bb: No blocks or log segments found. Creating new log.
I0727 05:17:25.001188 112351 tablet_bootstrap.cc:406] T 4059acfdbd7e4ffb91796833f32eb984 P b497dbd6bd1a4c998891b00d2493a1bb: No bootstrap required, opened a new log
I0727 05:17:25.001204 112351 ts_tablet_manager.cc:746] T 4059acfdbd7e4ffb91796833f32eb984 P b497dbd6bd1a4c998891b00d2493a1bb: Time spent bootstrapping tablet: real 0.000s	user 0.000s	sys 0.000s
I0727 05:17:25.001484 112351 raft_consensus.cc:284] T 4059acfdbd7e4ffb91796833f32eb984 P b497dbd6bd1a4c998891b00d2493a1bb [term 0 FOLLOWER]: Replica starting. Triggering 0 pending transactions. Active config: opid_index: -1 OBSOLETE_local: false peers { permanent_uuid: "b497dbd6bd1a4c998891b00d2493a1bb" member_type: VOTER last_known_addr { host: "ip-172-31-12-168" port: 31202 } } peers { permanent_uuid: "3a3c735705964e1badb66c37a66a9096" member_type: VOTER last_known_addr { host: "ip-172-31-12-168" port: 31200 } } peers { permanent_uuid: "6f1af300e1d549d6b1cdd8bf3b9aeb9c" member_type: VOTER last_known_addr { host: "ip-172-31-12-168" port: 31201 } }
I0727 05:17:25.001505 112351 raft_consensus.cc:316] T 4059acfdbd7e4ffb91796833f32eb984 P b497dbd6bd1a4c998891b00d2493a1bb [term 0 FOLLOWER]: Consensus starting up: Expiring failure detector timer to make a prompt election more likely
I0727 05:17:25.001515 112351 raft_consensus.cc:560] T 4059acfdbd7e4ffb91796833f32eb984 P b497dbd6bd1a4c998891b00d2493a1bb [term 0 FOLLOWER]: Becoming Follower/Learner. State: Replica: b497dbd6bd1a4c998891b00d2493a1bb, State: Running, Role: FOLLOWER
I0727 05:17:25.001528 112351 consensus_queue.cc:186] T 4059acfdbd7e4ffb91796833f32eb984 P b497dbd6bd1a4c998891b00d2493a1bb [NON_LEADER]: Queue going to NON_LEADER mode. State: All replicated index: 0, Majority replicated index: 0, Committed index: 0, Last appended: 0.0, Last appended by leader: 0, Current term: 0, Majority size: -1, State: 1, Mode: NON_LEADER
I0727 05:17:25.001580 112351 ts_tablet_manager.cc:775] T 4059acfdbd7e4ffb91796833f32eb984 P b497dbd6bd1a4c998891b00d2493a1bb: Time spent starting tablet: real 0.000s	user 0.000s	sys 0.000s
I0727 05:17:25.001595 112351 ts_tablet_manager.cc:741] T c31d0be6e17c4d7eb1f7e9f4e49f426d P b497dbd6bd1a4c998891b00d2493a1bb: Bootstrapping tablet
I0727 05:17:25.001606 112351 tablet_bootstrap.cc:406] T c31d0be6e17c4d7eb1f7e9f4e49f426d P b497dbd6bd1a4c998891b00d2493a1bb: Bootstrap starting.
I0727 05:17:25.001721 112351 tablet_bootstrap.cc:547] T c31d0be6e17c4d7eb1f7e9f4e49f426d P b497dbd6bd1a4c998891b00d2493a1bb: No blocks or log segments found. Creating new log.
I0727 05:17:25.002096 112351 tablet_bootstrap.cc:406] T c31d0be6e17c4d7eb1f7e9f4e49f426d P b497dbd6bd1a4c998891b00d2493a1bb: No bootstrap required, opened a new log
I0727 05:17:25.002111 112351 ts_tablet_manager.cc:746] T c31d0be6e17c4d7eb1f7e9f4e49f426d P b497dbd6bd1a4c998891b00d2493a1bb: Time spent bootstrapping tablet: real 0.001s	user 0.000s	sys 0.000s
I0727 05:17:25.002368 112351 raft_consensus.cc:284] T c31d0be6e17c4d7eb1f7e9f4e49f426d P b497dbd6bd1a4c998891b00d2493a1bb [term 0 FOLLOWER]: Replica starting. Triggering 0 pending transactions. Active config: opid_index: -1 OBSOLETE_local: false peers { permanent_uuid: "b497dbd6bd1a4c998891b00d2493a1bb" member_type: VOTER last_known_addr { host: "ip-172-31-12-168" port: 31202 } } peers { permanent_uuid: "3a3c735705964e1badb66c37a66a9096" member_type: VOTER last_known_addr { host: "ip-172-31-12-168" port: 31200 } } peers { permanent_uuid: "6f1af300e1d549d6b1cdd8bf3b9aeb9c" member_type: VOTER last_known_addr { host: "ip-172-31-12-168" port: 31201 } }
I0727 05:17:25.002382 112351 raft_consensus.cc:316] T c31d0be6e17c4d7eb1f7e9f4e49f426d P b497dbd6bd1a4c998891b00d2493a1bb [term 0 FOLLOWER]: Consensus starting up: Expiring failure detector timer to make a prompt election more likely
I0727 05:17:25.002384 112351 raft_consensus.cc:560] T c31d0be6e17c4d7eb1f7e9f4e49f426d P b497dbd6bd1a4c998891b00d2493a1bb [term 0 FOLLOWER]: Becoming Follower/Learner. State: Replica: b497dbd6bd1a4c998891b00d2493a1bb, State: Running, Role: FOLLOWER
I0727 05:17:25.002388 112351 consensus_queue.cc:186] T c31d0be6e17c4d7eb1f7e9f4e49f426d P b497dbd6bd1a4c998891b00d2493a1bb [NON_LEADER]: Queue going to NON_LEADER mode. State: All replicated index: 0, Majority replicated index: 0, Committed index: 0, Last appended: 0.0, Last appended by leader: 0, Current term: 0, Majority size: -1, State: 1, Mode: NON_LEADER
I0727 05:17:25.002429 112351 ts_tablet_manager.cc:775] T c31d0be6e17c4d7eb1f7e9f4e49f426d P b497dbd6bd1a4c998891b00d2493a1bb: Time spent starting tablet: real 0.000s	user 0.000s	sys 0.000s
I0727 05:17:25.270676 20915 raft_consensus.cc:2372] T c31d0be6e17c4d7eb1f7e9f4e49f426d P b497dbd6bd1a4c998891b00d2493a1bb: Snoozing failure detection for election timeout plus an additional 1.673s
I0727 05:17:25.270690 20915 raft_consensus.cc:1943] T c31d0be6e17c4d7eb1f7e9f4e49f426d P b497dbd6bd1a4c998891b00d2493a1bb [term 0 FOLLOWER]: Leader pre-election vote request: Granting yes vote for candidate 3a3c735705964e1badb66c37a66a9096 in term 0.
I0727 05:17:25.271335 20915 raft_consensus.cc:2419] T c31d0be6e17c4d7eb1f7e9f4e49f426d P b497dbd6bd1a4c998891b00d2493a1bb [term 0 FOLLOWER]: Advancing to term 1
I0727 05:17:25.271350 20915 raft_consensus.cc:2372] T c31d0be6e17c4d7eb1f7e9f4e49f426d P b497dbd6bd1a4c998891b00d2493a1bb: Snoozing failure detection for election timeout plus an additional 1.707s
I0727 05:17:25.271643 20915 raft_consensus.cc:1943] T c31d0be6e17c4d7eb1f7e9f4e49f426d P b497dbd6bd1a4c998891b00d2493a1bb [term 1 FOLLOWER]: Leader election vote request: Granting yes vote for candidate 3a3c735705964e1badb66c37a66a9096 in term 1.
I0727 05:17:25.535531 20915 raft_consensus.cc:944] T c31d0be6e17c4d7eb1f7e9f4e49f426d P b497dbd6bd1a4c998891b00d2493a1bb [term 1 FOLLOWER]: Refusing update from remote peer 3a3c735705964e1badb66c37a66a9096: Log matching property violated. Preceding OpId in replica: term: 0 index: 0. Preceding OpId from leader: term: 1 index: 1. (index mismatch)
I0727 05:17:25.562527 112357 raft_consensus.cc:411] T d8dcb86409d84df2aea9eb64551b4f14 P b497dbd6bd1a4c998891b00d2493a1bb [term 0 FOLLOWER]: Starting pre-election (no leader contacted us within the election timeout)
I0727 05:17:25.562546 112357 raft_consensus.cc:2372] T d8dcb86409d84df2aea9eb64551b4f14 P b497dbd6bd1a4c998891b00d2493a1bb: Snoozing failure detection for election timeout plus an additional 1.668s
I0727 05:17:25.562567 112357 raft_consensus.cc:435] T d8dcb86409d84df2aea9eb64551b4f14 P b497dbd6bd1a4c998891b00d2493a1bb [term 0 FOLLOWER]: Starting pre-election with config: opid_index: -1 OBSOLETE_local: false peers { permanent_uuid: "b497dbd6bd1a4c998891b00d2493a1bb" member_type: VOTER last_known_addr { host: "ip-172-31-12-168" port: 31202 } } peers { permanent_uuid: "3a3c735705964e1badb66c37a66a9096" member_type: VOTER last_known_addr { host: "ip-172-31-12-168" port: 31200 } } peers { permanent_uuid: "6f1af300e1d549d6b1cdd8bf3b9aeb9c" member_type: VOTER last_known_addr { host: "ip-172-31-12-168" port: 31201 } }
I0727 05:17:25.562707 112357 leader_election.cc:217] T d8dcb86409d84df2aea9eb64551b4f14 P b497dbd6bd1a4c998891b00d2493a1bb [CANDIDATE]: Term 1 pre-election: Requesting pre-vote from peer 3a3c735705964e1badb66c37a66a9096
I0727 05:17:25.562732 112357 leader_election.cc:217] T d8dcb86409d84df2aea9eb64551b4f14 P b497dbd6bd1a4c998891b00d2493a1bb [CANDIDATE]: Term 1 pre-election: Requesting pre-vote from peer 6f1af300e1d549d6b1cdd8bf3b9aeb9c
I0727 05:17:25.562857 20838 leader_election.cc:349] T d8dcb86409d84df2aea9eb64551b4f14 P b497dbd6bd1a4c998891b00d2493a1bb [CANDIDATE]: Term 1 pre-election: Vote granted by peer 3a3c735705964e1badb66c37a66a9096
I0727 05:17:25.562870 20838 leader_election.cc:244] T d8dcb86409d84df2aea9eb64551b4f14 P b497dbd6bd1a4c998891b00d2493a1bb [CANDIDATE]: Term 1 pre-election: Election decided. Result: candidate won.
I0727 05:17:25.562889 20838 leader_election.cc:349] T d8dcb86409d84df2aea9eb64551b4f14 P b497dbd6bd1a4c998891b00d2493a1bb [CANDIDATE]: Term 1 pre-election: Vote granted by peer 6f1af300e1d549d6b1cdd8bf3b9aeb9c
I0727 05:17:25.562894 43073 raft_consensus.cc:2372] T d8dcb86409d84df2aea9eb64551b4f14 P b497dbd6bd1a4c998891b00d2493a1bb: Snoozing failure detection for election timeout plus an additional 2.086s
I0727 05:17:25.562904 43073 raft_consensus.cc:2176] T d8dcb86409d84df2aea9eb64551b4f14 P b497dbd6bd1a4c998891b00d2493a1bb [term 0 FOLLOWER]: Leader pre-election won for term 1
I0727 05:17:25.562907 43073 raft_consensus.cc:411] T d8dcb86409d84df2aea9eb64551b4f14 P b497dbd6bd1a4c998891b00d2493a1bb [term 0 FOLLOWER]: Starting leader election (no leader contacted us within the election timeout)
I0727 05:17:25.562917 43073 raft_consensus.cc:2372] T d8dcb86409d84df2aea9eb64551b4f14 P b497dbd6bd1a4c998891b00d2493a1bb: Snoozing failure detection for election timeout plus an additional 2.240s
I0727 05:17:25.562919 43073 raft_consensus.cc:2419] T d8dcb86409d84df2aea9eb64551b4f14 P b497dbd6bd1a4c998891b00d2493a1bb [term 0 FOLLOWER]: Advancing to term 1
I0727 05:17:25.563200 43073 raft_consensus.cc:435] T d8dcb86409d84df2aea9eb64551b4f14 P b497dbd6bd1a4c998891b00d2493a1bb [term 1 FOLLOWER]: Starting leader election with config: opid_index: -1 OBSOLETE_local: false peers { permanent_uuid: "b497dbd6bd1a4c998891b00d2493a1bb" member_type: VOTER last_known_addr { host: "ip-172-31-12-168" port: 31202 } } peers { permanent_uuid: "3a3c735705964e1badb66c37a66a9096" member_type: VOTER last_known_addr { host: "ip-172-31-12-168" port: 31200 } } peers { permanent_uuid: "6f1af300e1d549d6b1cdd8bf3b9aeb9c" member_type: VOTER last_known_addr { host: "ip-172-31-12-168" port: 31201 } }
I0727 05:17:25.563333 43073 leader_election.cc:217] T d8dcb86409d84df2aea9eb64551b4f14 P b497dbd6bd1a4c998891b00d2493a1bb [CANDIDATE]: Term 1 election: Requesting vote from peer 3a3c735705964e1badb66c37a66a9096
I0727 05:17:25.563352 43073 leader_election.cc:217] T d8dcb86409d84df2aea9eb64551b4f14 P b497dbd6bd1a4c998891b00d2493a1bb [CANDIDATE]: Term 1 election: Requesting vote from peer 6f1af300e1d549d6b1cdd8bf3b9aeb9c
I0727 05:17:25.563738 20838 leader_election.cc:349] T d8dcb86409d84df2aea9eb64551b4f14 P b497dbd6bd1a4c998891b00d2493a1bb [CANDIDATE]: Term 1 election: Vote granted by peer 6f1af300e1d549d6b1cdd8bf3b9aeb9c
I0727 05:17:25.563746 20838 leader_election.cc:244] T d8dcb86409d84df2aea9eb64551b4f14 P b497dbd6bd1a4c998891b00d2493a1bb [CANDIDATE]: Term 1 election: Election decided. Result: candidate won.
I0727 05:17:25.563756 50029 raft_consensus.cc:2372] T d8dcb86409d84df2aea9eb64551b4f14 P b497dbd6bd1a4c998891b00d2493a1bb: Snoozing failure detection for election timeout plus an additional 1.955s
I0727 05:17:25.563776 50029 raft_consensus.cc:2176] T d8dcb86409d84df2aea9eb64551b4f14 P b497dbd6bd1a4c998891b00d2493a1bb [term 1 FOLLOWER]: Leader election won for term 1
I0727 05:17:25.563762 20838 leader_election.cc:349] T d8dcb86409d84df2aea9eb64551b4f14 P b497dbd6bd1a4c998891b00d2493a1bb [CANDIDATE]: Term 1 election: Vote granted by peer 3a3c735705964e1badb66c37a66a9096
I0727 05:17:25.563796 50029 raft_consensus.cc:528] T d8dcb86409d84df2aea9eb64551b4f14 P b497dbd6bd1a4c998891b00d2493a1bb [term 1 LEADER]: Becoming Leader. State: Replica: b497dbd6bd1a4c998891b00d2493a1bb, State: Running, Role: LEADER
I0727 05:17:25.563819 50029 consensus_queue.cc:165] T d8dcb86409d84df2aea9eb64551b4f14 P b497dbd6bd1a4c998891b00d2493a1bb [LEADER]: Queue going to LEADER mode. State: All replicated index: 0, Majority replicated index: 0, Committed index: 0, Last appended: 0.0, Last appended by leader: 0, Current term: 1, Majority size: 2, State: 1, Mode: LEADER, active raft config: opid_index: -1 OBSOLETE_local: false peers { permanent_uuid: "b497dbd6bd1a4c998891b00d2493a1bb" member_type: VOTER last_known_addr { host: "ip-172-31-12-168" port: 31202 } } peers { permanent_uuid: "3a3c735705964e1badb66c37a66a9096" member_type: VOTER last_known_addr { host: "ip-172-31-12-168" port: 31200 } } peers { permanent_uuid: "6f1af300e1d549d6b1cdd8bf3b9aeb9c" member_type: VOTER last_known_addr { host: "ip-172-31-12-168" port: 31201 } }
I0727 05:17:25.689429 112363 raft_consensus.cc:411] T 4059acfdbd7e4ffb91796833f32eb984 P b497dbd6bd1a4c998891b00d2493a1bb [term 0 FOLLOWER]: Starting pre-election (no leader contacted us within the election timeout)
I0727 05:17:25.689446 112363 raft_consensus.cc:2372] T 4059acfdbd7e4ffb91796833f32eb984 P b497dbd6bd1a4c998891b00d2493a1bb: Snoozing failure detection for election timeout plus an additional 1.927s
I0727 05:17:25.689471 112363 raft_consensus.cc:435] T 4059acfdbd7e4ffb91796833f32eb984 P b497dbd6bd1a4c998891b00d2493a1bb [term 0 FOLLOWER]: Starting pre-election with config: opid_index: -1 OBSOLETE_local: false peers { permanent_uuid: "b497dbd6bd1a4c998891b00d2493a1bb" member_type: VOTER last_known_addr { host: "ip-172-31-12-168" port: 31202 } } peers { permanent_uuid: "3a3c735705964e1badb66c37a66a9096" member_type: VOTER last_known_addr { host: "ip-172-31-12-168" port: 31200 } } peers { permanent_uuid: "6f1af300e1d549d6b1cdd8bf3b9aeb9c" member_type: VOTER last_known_addr { host: "ip-172-31-12-168" port: 31201 } }
I0727 05:17:25.689592 112363 leader_election.cc:217] T 4059acfdbd7e4ffb91796833f32eb984 P b497dbd6bd1a4c998891b00d2493a1bb [CANDIDATE]: Term 1 pre-election: Requesting pre-vote from peer 3a3c735705964e1badb66c37a66a9096
I0727 05:17:25.689612 112363 leader_election.cc:217] T 4059acfdbd7e4ffb91796833f32eb984 P b497dbd6bd1a4c998891b00d2493a1bb [CANDIDATE]: Term 1 pre-election: Requesting pre-vote from peer 6f1af300e1d549d6b1cdd8bf3b9aeb9c
I0727 05:17:25.689730 20838 leader_election.cc:349] T 4059acfdbd7e4ffb91796833f32eb984 P b497dbd6bd1a4c998891b00d2493a1bb [CANDIDATE]: Term 1 pre-election: Vote granted by peer 3a3c735705964e1badb66c37a66a9096
I0727 05:17:25.689740 20838 leader_election.cc:244] T 4059acfdbd7e4ffb91796833f32eb984 P b497dbd6bd1a4c998891b00d2493a1bb [CANDIDATE]: Term 1 pre-election: Election decided. Result: candidate won.
I0727 05:17:25.689755 20838 leader_election.cc:349] T 4059acfdbd7e4ffb91796833f32eb984 P b497dbd6bd1a4c998891b00d2493a1bb [CANDIDATE]: Term 1 pre-election: Vote granted by peer 6f1af300e1d549d6b1cdd8bf3b9aeb9c
I0727 05:17:25.689771 42659 raft_consensus.cc:2372] T 4059acfdbd7e4ffb91796833f32eb984 P b497dbd6bd1a4c998891b00d2493a1bb: Snoozing failure detection for election timeout plus an additional 1.897s
I0727 05:17:25.689788 42659 raft_consensus.cc:2176] T 4059acfdbd7e4ffb91796833f32eb984 P b497dbd6bd1a4c998891b00d2493a1bb [term 0 FOLLOWER]: Leader pre-election won for term 1
I0727 05:17:25.689795 42659 raft_consensus.cc:411] T 4059acfdbd7e4ffb91796833f32eb984 P b497dbd6bd1a4c998891b00d2493a1bb [term 0 FOLLOWER]: Starting leader election (no leader contacted us within the election timeout)
I0727 05:17:25.689800 42659 raft_consensus.cc:2372] T 4059acfdbd7e4ffb91796833f32eb984 P b497dbd6bd1a4c998891b00d2493a1bb: Snoozing failure detection for election timeout plus an additional 1.547s
I0727 05:17:25.689803 42659 raft_consensus.cc:2419] T 4059acfdbd7e4ffb91796833f32eb984 P b497dbd6bd1a4c998891b00d2493a1bb [term 0 FOLLOWER]: Advancing to term 1
I0727 05:17:25.692114 42659 raft_consensus.cc:435] T 4059acfdbd7e4ffb91796833f32eb984 P b497dbd6bd1a4c998891b00d2493a1bb [term 1 FOLLOWER]: Starting leader election with config: opid_index: -1 OBSOLETE_local: false peers { permanent_uuid: "b497dbd6bd1a4c998891b00d2493a1bb" member_type: VOTER last_known_addr { host: "ip-172-31-12-168" port: 31202 } } peers { permanent_uuid: "3a3c735705964e1badb66c37a66a9096" member_type: VOTER last_known_addr { host: "ip-172-31-12-168" port: 31200 } } peers { permanent_uuid: "6f1af300e1d549d6b1cdd8bf3b9aeb9c" member_type: VOTER last_known_addr { host: "ip-172-31-12-168" port: 31201 } }
I0727 05:17:25.692222 42659 leader_election.cc:217] T 4059acfdbd7e4ffb91796833f32eb984 P b497dbd6bd1a4c998891b00d2493a1bb [CANDIDATE]: Term 1 election: Requesting vote from peer 3a3c735705964e1badb66c37a66a9096
I0727 05:17:25.692243 42659 leader_election.cc:217] T 4059acfdbd7e4ffb91796833f32eb984 P b497dbd6bd1a4c998891b00d2493a1bb [CANDIDATE]: Term 1 election: Requesting vote from peer 6f1af300e1d549d6b1cdd8bf3b9aeb9c
I0727 05:17:25.692625 20838 leader_election.cc:349] T 4059acfdbd7e4ffb91796833f32eb984 P b497dbd6bd1a4c998891b00d2493a1bb [CANDIDATE]: Term 1 election: Vote granted by peer 3a3c735705964e1badb66c37a66a9096
I0727 05:17:25.692636 20838 leader_election.cc:244] T 4059acfdbd7e4ffb91796833f32eb984 P b497dbd6bd1a4c998891b00d2493a1bb [CANDIDATE]: Term 1 election: Election decided. Result: candidate won.
I0727 05:17:25.692648 20838 leader_election.cc:349] T 4059acfdbd7e4ffb91796833f32eb984 P b497dbd6bd1a4c998891b00d2493a1bb [CANDIDATE]: Term 1 election: Vote granted by peer 6f1af300e1d549d6b1cdd8bf3b9aeb9c
I0727 05:17:25.692661 50010 raft_consensus.cc:2372] T 4059acfdbd7e4ffb91796833f32eb984 P b497dbd6bd1a4c998891b00d2493a1bb: Snoozing failure detection for election timeout plus an additional 1.686s
I0727 05:17:25.692672 50010 raft_consensus.cc:2176] T 4059acfdbd7e4ffb91796833f32eb984 P b497dbd6bd1a4c998891b00d2493a1bb [term 1 FOLLOWER]: Leader election won for term 1
I0727 05:17:25.692684 50010 raft_consensus.cc:528] T 4059acfdbd7e4ffb91796833f32eb984 P b497dbd6bd1a4c998891b00d2493a1bb [term 1 LEADER]: Becoming Leader. State: Replica: b497dbd6bd1a4c998891b00d2493a1bb, State: Running, Role: LEADER
I0727 05:17:25.692723 50010 consensus_queue.cc:165] T 4059acfdbd7e4ffb91796833f32eb984 P b497dbd6bd1a4c998891b00d2493a1bb [LEADER]: Queue going to LEADER mode. State: All replicated index: 0, Majority replicated index: 0, Committed index: 0, Last appended: 0.0, Last appended by leader: 0, Current term: 1, Majority size: 2, State: 1, Mode: LEADER, active raft config: opid_index: -1 OBSOLETE_local: false peers { permanent_uuid: "b497dbd6bd1a4c998891b00d2493a1bb" member_type: VOTER last_known_addr { host: "ip-172-31-12-168" port: 31202 } } peers { permanent_uuid: "3a3c735705964e1badb66c37a66a9096" member_type: VOTER last_known_addr { host: "ip-172-31-12-168" port: 31200 } } peers { permanent_uuid: "6f1af300e1d549d6b1cdd8bf3b9aeb9c" member_type: VOTER last_known_addr { host: "ip-172-31-12-168" port: 31201 } }
I0727 05:17:25.831027 50029 consensus_queue.cc:722] T d8dcb86409d84df2aea9eb64551b4f14 P b497dbd6bd1a4c998891b00d2493a1bb [LEADER]: Connected to new peer: Peer: 6f1af300e1d549d6b1cdd8bf3b9aeb9c, Is new: false, Last received: 0.0, Next index: 1, Last known committed idx: 0, Last exchange result: ERROR, Needs tablet copy: false
I0727 05:17:25.831758 42659 consensus_queue.cc:722] T d8dcb86409d84df2aea9eb64551b4f14 P b497dbd6bd1a4c998891b00d2493a1bb [LEADER]: Connected to new peer: Peer: 3a3c735705964e1badb66c37a66a9096, Is new: false, Last received: 0.0, Next index: 1, Last known committed idx: 0, Last exchange result: ERROR, Needs tablet copy: false
I0727 05:17:25.955978 50010 consensus_queue.cc:722] T 4059acfdbd7e4ffb91796833f32eb984 P b497dbd6bd1a4c998891b00d2493a1bb [LEADER]: Connected to new peer: Peer: 6f1af300e1d549d6b1cdd8bf3b9aeb9c, Is new: false, Last received: 0.0, Next index: 1, Last known committed idx: 0, Last exchange result: ERROR, Needs tablet copy: false
I0727 05:17:25.956636 50010 consensus_queue.cc:722] T 4059acfdbd7e4ffb91796833f32eb984 P b497dbd6bd1a4c998891b00d2493a1bb [LEADER]: Connected to new peer: Peer: 3a3c735705964e1badb66c37a66a9096, Is new: false, Last received: 0.0, Next index: 1, Last known committed idx: 0, Last exchange result: ERROR, Needs tablet copy: false
I0727 05:17:32.874593 20880 tablet_service.cc:713] Processing DeleteTablet for tablet 9d0262b54ec643239de1d529fe97bff3 with delete_type TABLET_DATA_DELETED (Table deleted at 2017-07-27 05:17:32 UTC) from {username='ubuntu'} at 127.0.0.1:34066
I0727 05:17:32.874626 20880 tablet_replica.cc:225] Initiating TabletReplica shutdown for tablet: 9d0262b54ec643239de1d529fe97bff3
