I0727 05:17:32.874593 20882 tablet_service.cc:713] Processing DeleteTablet for tablet e1414b3b128945e6b5871a91b1d01d82 with delete_type TABLET_DATA_DELETED (Table deleted at 2017-07-27 05:17:32 UTC) from {username='ubuntu'} at 127.0.0.1:34066
I0727 05:17:32.874632 20880 maintenance_manager.cc:206] P b497dbd6bd1a4c998891b00d2493a1bb: Unregistered op CompactRowSetsOp(9d0262b54ec643239de1d529fe97bff3)
I0727 05:17:32.874639 20880 maintenance_manager.cc:206] P b497dbd6bd1a4c998891b00d2493a1bb: Unregistered op MinorDeltaCompactionOp(9d0262b54ec643239de1d529fe97bff3)
I0727 05:17:32.874655 20880 maintenance_manager.cc:206] P b497dbd6bd1a4c998891b00d2493a1bb: Unregistered op MajorDeltaCompactionOp(9d0262b54ec643239de1d529fe97bff3)
I0727 05:17:32.874653 20879 tablet_service.cc:713] Processing DeleteTablet for tablet 6d68069135fb48efa74080a3da9093cb with delete_type TABLET_DATA_DELETED (Table deleted at 2017-07-27 05:17:32 UTC) from {username='ubuntu'} at 127.0.0.1:34066
I0727 05:17:32.874640 20882 tablet_replica.cc:225] Initiating TabletReplica shutdown for tablet: e1414b3b128945e6b5871a91b1d01d82
I0727 05:17:32.874660 20880 maintenance_manager.cc:206] P b497dbd6bd1a4c998891b00d2493a1bb: Unregistered op UndoDeltaBlockGCOp(9d0262b54ec643239de1d529fe97bff3)
I0727 05:17:32.874665 20879 tablet_replica.cc:225] Initiating TabletReplica shutdown for tablet: 6d68069135fb48efa74080a3da9093cb
I0727 05:17:32.874672 20882 maintenance_manager.cc:206] P b497dbd6bd1a4c998891b00d2493a1bb: Unregistered op CompactRowSetsOp(e1414b3b128945e6b5871a91b1d01d82)
I0727 05:17:32.874675 20879 maintenance_manager.cc:206] P b497dbd6bd1a4c998891b00d2493a1bb: Unregistered op CompactRowSetsOp(6d68069135fb48efa74080a3da9093cb)
I0727 05:17:32.874678 20882 maintenance_manager.cc:206] P b497dbd6bd1a4c998891b00d2493a1bb: Unregistered op MinorDeltaCompactionOp(e1414b3b128945e6b5871a91b1d01d82)
I0727 05:17:32.874682 20879 maintenance_manager.cc:206] P b497dbd6bd1a4c998891b00d2493a1bb: Unregistered op MinorDeltaCompactionOp(6d68069135fb48efa74080a3da9093cb)
I0727 05:17:32.874696 20880 maintenance_manager.cc:206] P b497dbd6bd1a4c998891b00d2493a1bb: Unregistered op FlushMRSOp(9d0262b54ec643239de1d529fe97bff3)
I0727 05:17:32.874707 20880 maintenance_manager.cc:206] P b497dbd6bd1a4c998891b00d2493a1bb: Unregistered op FlushDeltaMemStoresOp(9d0262b54ec643239de1d529fe97bff3)
I0727 05:17:32.874683 20882 maintenance_manager.cc:206] P b497dbd6bd1a4c998891b00d2493a1bb: Unregistered op MajorDeltaCompactionOp(e1414b3b128945e6b5871a91b1d01d82)
I0727 05:17:32.874737 20882 maintenance_manager.cc:206] P b497dbd6bd1a4c998891b00d2493a1bb: Unregistered op UndoDeltaBlockGCOp(e1414b3b128945e6b5871a91b1d01d82)
I0727 05:17:32.874697 20879 maintenance_manager.cc:206] P b497dbd6bd1a4c998891b00d2493a1bb: Unregistered op MajorDeltaCompactionOp(6d68069135fb48efa74080a3da9093cb)
I0727 05:17:32.874754 20882 maintenance_manager.cc:206] P b497dbd6bd1a4c998891b00d2493a1bb: Unregistered op FlushMRSOp(e1414b3b128945e6b5871a91b1d01d82)
I0727 05:17:32.874759 20882 maintenance_manager.cc:206] P b497dbd6bd1a4c998891b00d2493a1bb: Unregistered op FlushDeltaMemStoresOp(e1414b3b128945e6b5871a91b1d01d82)
I0727 05:17:32.874723 20880 maintenance_manager.cc:206] P b497dbd6bd1a4c998891b00d2493a1bb: Unregistered op LogGCOp(9d0262b54ec643239de1d529fe97bff3)
I0727 05:17:32.874763 20882 maintenance_manager.cc:206] P b497dbd6bd1a4c998891b00d2493a1bb: Unregistered op LogGCOp(e1414b3b128945e6b5871a91b1d01d82)
I0727 05:17:32.874768 20882 raft_consensus.cc:1763] T e1414b3b128945e6b5871a91b1d01d82 P b497dbd6bd1a4c998891b00d2493a1bb [term 1 FOLLOWER]: Raft consensus shutting down.
I0727 05:17:32.874768 20880 raft_consensus.cc:1763] T 9d0262b54ec643239de1d529fe97bff3 P b497dbd6bd1a4c998891b00d2493a1bb [term 1 LEADER]: Raft consensus shutting down.
I0727 05:17:32.874771 20882 raft_consensus.cc:1778] T e1414b3b128945e6b5871a91b1d01d82 P b497dbd6bd1a4c998891b00d2493a1bb [term 1 FOLLOWER]: Raft consensus is shut down!
I0727 05:17:32.874773 20880 consensus_peers.cc:400] T 9d0262b54ec643239de1d529fe97bff3 P b497dbd6bd1a4c998891b00d2493a1bb -> Peer 6f1af300e1d549d6b1cdd8bf3b9aeb9c (ip-172-31-12-168:31201): Closing peer: 6f1af300e1d549d6b1cdd8bf3b9aeb9c
I0727 05:17:32.874778 20880 consensus_peers.cc:400] T 9d0262b54ec643239de1d529fe97bff3 P b497dbd6bd1a4c998891b00d2493a1bb -> Peer 3a3c735705964e1badb66c37a66a9096 (ip-172-31-12-168:31200): Closing peer: 3a3c735705964e1badb66c37a66a9096
I0727 05:17:32.874778 20879 maintenance_manager.cc:206] P b497dbd6bd1a4c998891b00d2493a1bb: Unregistered op UndoDeltaBlockGCOp(6d68069135fb48efa74080a3da9093cb)
I0727 05:17:32.874783 20880 raft_consensus.cc:1778] T 9d0262b54ec643239de1d529fe97bff3 P b497dbd6bd1a4c998891b00d2493a1bb [term 1 LEADER]: Raft consensus is shut down!
I0727 05:17:32.874789 20879 maintenance_manager.cc:206] P b497dbd6bd1a4c998891b00d2493a1bb: Unregistered op FlushMRSOp(6d68069135fb48efa74080a3da9093cb)
I0727 05:17:32.874795 20879 maintenance_manager.cc:206] P b497dbd6bd1a4c998891b00d2493a1bb: Unregistered op FlushDeltaMemStoresOp(6d68069135fb48efa74080a3da9093cb)
I0727 05:17:32.874799 20879 maintenance_manager.cc:206] P b497dbd6bd1a4c998891b00d2493a1bb: Unregistered op LogGCOp(6d68069135fb48efa74080a3da9093cb)
I0727 05:17:32.874809 20879 raft_consensus.cc:1763] T 6d68069135fb48efa74080a3da9093cb P b497dbd6bd1a4c998891b00d2493a1bb [term 1 LEADER]: Raft consensus shutting down.
I0727 05:17:32.874812 20879 consensus_peers.cc:400] T 6d68069135fb48efa74080a3da9093cb P b497dbd6bd1a4c998891b00d2493a1bb -> Peer 6f1af300e1d549d6b1cdd8bf3b9aeb9c (ip-172-31-12-168:31201): Closing peer: 6f1af300e1d549d6b1cdd8bf3b9aeb9c
I0727 05:17:32.874820 20879 consensus_peers.cc:400] T 6d68069135fb48efa74080a3da9093cb P b497dbd6bd1a4c998891b00d2493a1bb -> Peer 3a3c735705964e1badb66c37a66a9096 (ip-172-31-12-168:31200): Closing peer: 3a3c735705964e1badb66c37a66a9096
I0727 05:17:32.874825 20879 raft_consensus.cc:1778] T 6d68069135fb48efa74080a3da9093cb P b497dbd6bd1a4c998891b00d2493a1bb [term 1 LEADER]: Raft consensus is shut down!
I0727 05:17:32.875041 20882 ts_tablet_manager.cc:1030] T e1414b3b128945e6b5871a91b1d01d82 P b497dbd6bd1a4c998891b00d2493a1bb: Deleting tablet data with delete state TABLET_DATA_DELETED
I0727 05:17:32.875051 20879 ts_tablet_manager.cc:1030] T 6d68069135fb48efa74080a3da9093cb P b497dbd6bd1a4c998891b00d2493a1bb: Deleting tablet data with delete state TABLET_DATA_DELETED
I0727 05:17:32.875111 20880 ts_tablet_manager.cc:1030] T 9d0262b54ec643239de1d529fe97bff3 P b497dbd6bd1a4c998891b00d2493a1bb: Deleting tablet data with delete state TABLET_DATA_DELETED
I0727 05:17:32.878173 20882 ts_tablet_manager.cc:1042] T e1414b3b128945e6b5871a91b1d01d82 P b497dbd6bd1a4c998891b00d2493a1bb: Tablet deleted. Last logged OpId: 1.1
I0727 05:17:32.878190 20882 log.cc:974] T e1414b3b128945e6b5871a91b1d01d82 P b497dbd6bd1a4c998891b00d2493a1bb: Deleting WAL directory at /home/ubuntu/Impala/testdata/cluster/cdh5/node-1/var/lib/kudu/ts/wal/wals/e1414b3b128945e6b5871a91b1d01d82
I0727 05:17:32.878260 20882 ts_tablet_manager.cc:1060] T e1414b3b128945e6b5871a91b1d01d82 P b497dbd6bd1a4c998891b00d2493a1bb: Deleting consensus metadata
I0727 05:17:32.878360 20879 ts_tablet_manager.cc:1042] T 6d68069135fb48efa74080a3da9093cb P b497dbd6bd1a4c998891b00d2493a1bb: Tablet deleted. Last logged OpId: 1.1
I0727 05:17:32.878376 20879 log.cc:974] T 6d68069135fb48efa74080a3da9093cb P b497dbd6bd1a4c998891b00d2493a1bb: Deleting WAL directory at /home/ubuntu/Impala/testdata/cluster/cdh5/node-1/var/lib/kudu/ts/wal/wals/6d68069135fb48efa74080a3da9093cb
I0727 05:17:32.878443 20879 ts_tablet_manager.cc:1060] T 6d68069135fb48efa74080a3da9093cb P b497dbd6bd1a4c998891b00d2493a1bb: Deleting consensus metadata
I0727 05:17:32.878895 20880 ts_tablet_manager.cc:1042] T 9d0262b54ec643239de1d529fe97bff3 P b497dbd6bd1a4c998891b00d2493a1bb: Tablet deleted. Last logged OpId: 1.2
I0727 05:17:32.878921 20880 log.cc:974] T 9d0262b54ec643239de1d529fe97bff3 P b497dbd6bd1a4c998891b00d2493a1bb: Deleting WAL directory at /home/ubuntu/Impala/testdata/cluster/cdh5/node-1/var/lib/kudu/ts/wal/wals/9d0262b54ec643239de1d529fe97bff3
I0727 05:17:32.879019 20880 ts_tablet_manager.cc:1060] T 9d0262b54ec643239de1d529fe97bff3 P b497dbd6bd1a4c998891b00d2493a1bb: Deleting consensus metadata
I0727 05:17:33.000973 20880 tablet_service.cc:672] Processing CreateTablet for tablet 4ffa10cd8f3a4c2bab76b6d3d6721249 (table=impala::functional_kudu.nullescapedtable [id=3e2a7424f33648fca0e5ed1a5e0e0b5b]), partition=HASH (a) PARTITION 0
I0727 05:17:33.001009 20879 tablet_service.cc:672] Processing CreateTablet for tablet b416701ca52b49e89eb6b0b6204378fb (table=impala::functional_kudu.nullescapedtable [id=3e2a7424f33648fca0e5ed1a5e0e0b5b]), partition=HASH (a) PARTITION 1
I0727 05:17:33.001019 20882 tablet_service.cc:672] Processing CreateTablet for tablet 09f71b11238a4b5a90bc5c174f0e7b87 (table=impala::functional_kudu.nullescapedtable [id=3e2a7424f33648fca0e5ed1a5e0e0b5b]), partition=HASH (a) PARTITION 2
I0727 05:17:33.001544 20882 ts_tablet_manager.cc:871] T 09f71b11238a4b5a90bc5c174f0e7b87 P b497dbd6bd1a4c998891b00d2493a1bb: Registered tablet (data state: TABLET_DATA_READY)
I0727 05:17:33.001560 20880 ts_tablet_manager.cc:871] T 4ffa10cd8f3a4c2bab76b6d3d6721249 P b497dbd6bd1a4c998891b00d2493a1bb: Registered tablet (data state: TABLET_DATA_READY)
I0727 05:17:33.001762 20879 ts_tablet_manager.cc:871] T b416701ca52b49e89eb6b0b6204378fb P b497dbd6bd1a4c998891b00d2493a1bb: Registered tablet (data state: TABLET_DATA_READY)
I0727 05:17:33.001804 112392 ts_tablet_manager.cc:741] T 09f71b11238a4b5a90bc5c174f0e7b87 P b497dbd6bd1a4c998891b00d2493a1bb: Bootstrapping tablet
I0727 05:17:33.001824 112392 tablet_bootstrap.cc:406] T 09f71b11238a4b5a90bc5c174f0e7b87 P b497dbd6bd1a4c998891b00d2493a1bb: Bootstrap starting.
I0727 05:17:33.002002 112392 tablet_bootstrap.cc:547] T 09f71b11238a4b5a90bc5c174f0e7b87 P b497dbd6bd1a4c998891b00d2493a1bb: No blocks or log segments found. Creating new log.
I0727 05:17:33.002387 112392 tablet_bootstrap.cc:406] T 09f71b11238a4b5a90bc5c174f0e7b87 P b497dbd6bd1a4c998891b00d2493a1bb: No bootstrap required, opened a new log
I0727 05:17:33.002404 112392 ts_tablet_manager.cc:746] T 09f71b11238a4b5a90bc5c174f0e7b87 P b497dbd6bd1a4c998891b00d2493a1bb: Time spent bootstrapping tablet: real 0.001s	user 0.000s	sys 0.000s
I0727 05:17:33.002668 112392 raft_consensus.cc:284] T 09f71b11238a4b5a90bc5c174f0e7b87 P b497dbd6bd1a4c998891b00d2493a1bb [term 0 FOLLOWER]: Replica starting. Triggering 0 pending transactions. Active config: opid_index: -1 OBSOLETE_local: false peers { permanent_uuid: "3a3c735705964e1badb66c37a66a9096" member_type: VOTER last_known_addr { host: "ip-172-31-12-168" port: 31200 } } peers { permanent_uuid: "6f1af300e1d549d6b1cdd8bf3b9aeb9c" member_type: VOTER last_known_addr { host: "ip-172-31-12-168" port: 31201 } } peers { permanent_uuid: "b497dbd6bd1a4c998891b00d2493a1bb" member_type: VOTER last_known_addr { host: "ip-172-31-12-168" port: 31202 } }
I0727 05:17:33.002696 112392 raft_consensus.cc:316] T 09f71b11238a4b5a90bc5c174f0e7b87 P b497dbd6bd1a4c998891b00d2493a1bb [term 0 FOLLOWER]: Consensus starting up: Expiring failure detector timer to make a prompt election more likely
I0727 05:17:33.002701 112392 raft_consensus.cc:560] T 09f71b11238a4b5a90bc5c174f0e7b87 P b497dbd6bd1a4c998891b00d2493a1bb [term 0 FOLLOWER]: Becoming Follower/Learner. State: Replica: b497dbd6bd1a4c998891b00d2493a1bb, State: Running, Role: FOLLOWER
I0727 05:17:33.002710 112392 consensus_queue.cc:186] T 09f71b11238a4b5a90bc5c174f0e7b87 P b497dbd6bd1a4c998891b00d2493a1bb [NON_LEADER]: Queue going to NON_LEADER mode. State: All replicated index: 0, Majority replicated index: 0, Committed index: 0, Last appended: 0.0, Last appended by leader: 0, Current term: 0, Majority size: -1, State: 1, Mode: NON_LEADER
I0727 05:17:33.002775 112392 ts_tablet_manager.cc:775] T 09f71b11238a4b5a90bc5c174f0e7b87 P b497dbd6bd1a4c998891b00d2493a1bb: Time spent starting tablet: real 0.000s	user 0.000s	sys 0.000s
I0727 05:17:33.002789 112392 ts_tablet_manager.cc:741] T 4ffa10cd8f3a4c2bab76b6d3d6721249 P b497dbd6bd1a4c998891b00d2493a1bb: Bootstrapping tablet
I0727 05:17:33.002795 112392 tablet_bootstrap.cc:406] T 4ffa10cd8f3a4c2bab76b6d3d6721249 P b497dbd6bd1a4c998891b00d2493a1bb: Bootstrap starting.
I0727 05:17:33.002931 112392 tablet_bootstrap.cc:547] T 4ffa10cd8f3a4c2bab76b6d3d6721249 P b497dbd6bd1a4c998891b00d2493a1bb: No blocks or log segments found. Creating new log.
I0727 05:17:33.003301 112392 tablet_bootstrap.cc:406] T 4ffa10cd8f3a4c2bab76b6d3d6721249 P b497dbd6bd1a4c998891b00d2493a1bb: No bootstrap required, opened a new log
I0727 05:17:33.003319 112392 ts_tablet_manager.cc:746] T 4ffa10cd8f3a4c2bab76b6d3d6721249 P b497dbd6bd1a4c998891b00d2493a1bb: Time spent bootstrapping tablet: real 0.001s	user 0.000s	sys 0.000s
I0727 05:17:33.003581 112392 raft_consensus.cc:284] T 4ffa10cd8f3a4c2bab76b6d3d6721249 P b497dbd6bd1a4c998891b00d2493a1bb [term 0 FOLLOWER]: Replica starting. Triggering 0 pending transactions. Active config: opid_index: -1 OBSOLETE_local: false peers { permanent_uuid: "3a3c735705964e1badb66c37a66a9096" member_type: VOTER last_known_addr { host: "ip-172-31-12-168" port: 31200 } } peers { permanent_uuid: "6f1af300e1d549d6b1cdd8bf3b9aeb9c" member_type: VOTER last_known_addr { host: "ip-172-31-12-168" port: 31201 } } peers { permanent_uuid: "b497dbd6bd1a4c998891b00d2493a1bb" member_type: VOTER last_known_addr { host: "ip-172-31-12-168" port: 31202 } }
I0727 05:17:33.003595 112392 raft_consensus.cc:316] T 4ffa10cd8f3a4c2bab76b6d3d6721249 P b497dbd6bd1a4c998891b00d2493a1bb [term 0 FOLLOWER]: Consensus starting up: Expiring failure detector timer to make a prompt election more likely
I0727 05:17:33.003597 112392 raft_consensus.cc:560] T 4ffa10cd8f3a4c2bab76b6d3d6721249 P b497dbd6bd1a4c998891b00d2493a1bb [term 0 FOLLOWER]: Becoming Follower/Learner. State: Replica: b497dbd6bd1a4c998891b00d2493a1bb, State: Running, Role: FOLLOWER
I0727 05:17:33.003604 112392 consensus_queue.cc:186] T 4ffa10cd8f3a4c2bab76b6d3d6721249 P b497dbd6bd1a4c998891b00d2493a1bb [NON_LEADER]: Queue going to NON_LEADER mode. State: All replicated index: 0, Majority replicated index: 0, Committed index: 0, Last appended: 0.0, Last appended by leader: 0, Current term: 0, Majority size: -1, State: 1, Mode: NON_LEADER
I0727 05:17:33.003649 112392 ts_tablet_manager.cc:775] T 4ffa10cd8f3a4c2bab76b6d3d6721249 P b497dbd6bd1a4c998891b00d2493a1bb: Time spent starting tablet: real 0.000s	user 0.000s	sys 0.000s
I0727 05:17:33.003664 112392 ts_tablet_manager.cc:741] T b416701ca52b49e89eb6b0b6204378fb P b497dbd6bd1a4c998891b00d2493a1bb: Bootstrapping tablet
I0727 05:17:33.003669 112392 tablet_bootstrap.cc:406] T b416701ca52b49e89eb6b0b6204378fb P b497dbd6bd1a4c998891b00d2493a1bb: Bootstrap starting.
I0727 05:17:33.003787 112392 tablet_bootstrap.cc:547] T b416701ca52b49e89eb6b0b6204378fb P b497dbd6bd1a4c998891b00d2493a1bb: No blocks or log segments found. Creating new log.
I0727 05:17:33.004158 112392 tablet_bootstrap.cc:406] T b416701ca52b49e89eb6b0b6204378fb P b497dbd6bd1a4c998891b00d2493a1bb: No bootstrap required, opened a new log
I0727 05:17:33.004173 112392 ts_tablet_manager.cc:746] T b416701ca52b49e89eb6b0b6204378fb P b497dbd6bd1a4c998891b00d2493a1bb: Time spent bootstrapping tablet: real 0.001s	user 0.000s	sys 0.000s
I0727 05:17:33.004432 112392 raft_consensus.cc:284] T b416701ca52b49e89eb6b0b6204378fb P b497dbd6bd1a4c998891b00d2493a1bb [term 0 FOLLOWER]: Replica starting. Triggering 0 pending transactions. Active config: opid_index: -1 OBSOLETE_local: false peers { permanent_uuid: "3a3c735705964e1badb66c37a66a9096" member_type: VOTER last_known_addr { host: "ip-172-31-12-168" port: 31200 } } peers { permanent_uuid: "6f1af300e1d549d6b1cdd8bf3b9aeb9c" member_type: VOTER last_known_addr { host: "ip-172-31-12-168" port: 31201 } } peers { permanent_uuid: "b497dbd6bd1a4c998891b00d2493a1bb" member_type: VOTER last_known_addr { host: "ip-172-31-12-168" port: 31202 } }
I0727 05:17:33.004451 112392 raft_consensus.cc:316] T b416701ca52b49e89eb6b0b6204378fb P b497dbd6bd1a4c998891b00d2493a1bb [term 0 FOLLOWER]: Consensus starting up: Expiring failure detector timer to make a prompt election more likely
I0727 05:17:33.004456 112392 raft_consensus.cc:560] T b416701ca52b49e89eb6b0b6204378fb P b497dbd6bd1a4c998891b00d2493a1bb [term 0 FOLLOWER]: Becoming Follower/Learner. State: Replica: b497dbd6bd1a4c998891b00d2493a1bb, State: Running, Role: FOLLOWER
I0727 05:17:33.004462 112392 consensus_queue.cc:186] T b416701ca52b49e89eb6b0b6204378fb P b497dbd6bd1a4c998891b00d2493a1bb [NON_LEADER]: Queue going to NON_LEADER mode. State: All replicated index: 0, Majority replicated index: 0, Committed index: 0, Last appended: 0.0, Last appended by leader: 0, Current term: 0, Majority size: -1, State: 1, Mode: NON_LEADER
I0727 05:17:33.004508 112392 ts_tablet_manager.cc:775] T b416701ca52b49e89eb6b0b6204378fb P b497dbd6bd1a4c998891b00d2493a1bb: Time spent starting tablet: real 0.000s	user 0.000s	sys 0.000s
I0727 05:17:33.075619 112399 raft_consensus.cc:411] T 09f71b11238a4b5a90bc5c174f0e7b87 P b497dbd6bd1a4c998891b00d2493a1bb [term 0 FOLLOWER]: Starting pre-election (no leader contacted us within the election timeout)
I0727 05:17:33.075636 112399 raft_consensus.cc:2372] T 09f71b11238a4b5a90bc5c174f0e7b87 P b497dbd6bd1a4c998891b00d2493a1bb: Snoozing failure detection for election timeout plus an additional 2.008s
I0727 05:17:33.075659 112399 raft_consensus.cc:435] T 09f71b11238a4b5a90bc5c174f0e7b87 P b497dbd6bd1a4c998891b00d2493a1bb [term 0 FOLLOWER]: Starting pre-election with config: opid_index: -1 OBSOLETE_local: false peers { permanent_uuid: "3a3c735705964e1badb66c37a66a9096" member_type: VOTER last_known_addr { host: "ip-172-31-12-168" port: 31200 } } peers { permanent_uuid: "6f1af300e1d549d6b1cdd8bf3b9aeb9c" member_type: VOTER last_known_addr { host: "ip-172-31-12-168" port: 31201 } } peers { permanent_uuid: "b497dbd6bd1a4c998891b00d2493a1bb" member_type: VOTER last_known_addr { host: "ip-172-31-12-168" port: 31202 } }
I0727 05:17:33.075815 112399 leader_election.cc:217] T 09f71b11238a4b5a90bc5c174f0e7b87 P b497dbd6bd1a4c998891b00d2493a1bb [CANDIDATE]: Term 1 pre-election: Requesting pre-vote from peer 3a3c735705964e1badb66c37a66a9096
I0727 05:17:33.075836 112399 leader_election.cc:217] T 09f71b11238a4b5a90bc5c174f0e7b87 P b497dbd6bd1a4c998891b00d2493a1bb [CANDIDATE]: Term 1 pre-election: Requesting pre-vote from peer 6f1af300e1d549d6b1cdd8bf3b9aeb9c
I0727 05:17:33.075968 20838 leader_election.cc:349] T 09f71b11238a4b5a90bc5c174f0e7b87 P b497dbd6bd1a4c998891b00d2493a1bb [CANDIDATE]: Term 1 pre-election: Vote granted by peer 6f1af300e1d549d6b1cdd8bf3b9aeb9c
I0727 05:17:33.075980 20838 leader_election.cc:244] T 09f71b11238a4b5a90bc5c174f0e7b87 P b497dbd6bd1a4c998891b00d2493a1bb [CANDIDATE]: Term 1 pre-election: Election decided. Result: candidate won.
I0727 05:17:33.075999 20838 leader_election.cc:349] T 09f71b11238a4b5a90bc5c174f0e7b87 P b497dbd6bd1a4c998891b00d2493a1bb [CANDIDATE]: Term 1 pre-election: Vote granted by peer 3a3c735705964e1badb66c37a66a9096
I0727 05:17:33.076006 50029 raft_consensus.cc:2372] T 09f71b11238a4b5a90bc5c174f0e7b87 P b497dbd6bd1a4c998891b00d2493a1bb: Snoozing failure detection for election timeout plus an additional 2.179s
I0727 05:17:33.076015 50029 raft_consensus.cc:2176] T 09f71b11238a4b5a90bc5c174f0e7b87 P b497dbd6bd1a4c998891b00d2493a1bb [term 0 FOLLOWER]: Leader pre-election won for term 1
I0727 05:17:33.076020 50029 raft_consensus.cc:411] T 09f71b11238a4b5a90bc5c174f0e7b87 P b497dbd6bd1a4c998891b00d2493a1bb [term 0 FOLLOWER]: Starting leader election (no leader contacted us within the election timeout)
I0727 05:17:33.076025 50029 raft_consensus.cc:2372] T 09f71b11238a4b5a90bc5c174f0e7b87 P b497dbd6bd1a4c998891b00d2493a1bb: Snoozing failure detection for election timeout plus an additional 2.153s
I0727 05:17:33.076030 50029 raft_consensus.cc:2419] T 09f71b11238a4b5a90bc5c174f0e7b87 P b497dbd6bd1a4c998891b00d2493a1bb [term 0 FOLLOWER]: Advancing to term 1
I0727 05:17:33.076324 50029 raft_consensus.cc:435] T 09f71b11238a4b5a90bc5c174f0e7b87 P b497dbd6bd1a4c998891b00d2493a1bb [term 1 FOLLOWER]: Starting leader election with config: opid_index: -1 OBSOLETE_local: false peers { permanent_uuid: "3a3c735705964e1badb66c37a66a9096" member_type: VOTER last_known_addr { host: "ip-172-31-12-168" port: 31200 } } peers { permanent_uuid: "6f1af300e1d549d6b1cdd8bf3b9aeb9c" member_type: VOTER last_known_addr { host: "ip-172-31-12-168" port: 31201 } } peers { permanent_uuid: "b497dbd6bd1a4c998891b00d2493a1bb" member_type: VOTER last_known_addr { host: "ip-172-31-12-168" port: 31202 } }
I0727 05:17:33.076445 50029 leader_election.cc:217] T 09f71b11238a4b5a90bc5c174f0e7b87 P b497dbd6bd1a4c998891b00d2493a1bb [CANDIDATE]: Term 1 election: Requesting vote from peer 3a3c735705964e1badb66c37a66a9096
I0727 05:17:33.076463 50029 leader_election.cc:217] T 09f71b11238a4b5a90bc5c174f0e7b87 P b497dbd6bd1a4c998891b00d2493a1bb [CANDIDATE]: Term 1 election: Requesting vote from peer 6f1af300e1d549d6b1cdd8bf3b9aeb9c
I0727 05:17:33.076879 20838 leader_election.cc:349] T 09f71b11238a4b5a90bc5c174f0e7b87 P b497dbd6bd1a4c998891b00d2493a1bb [CANDIDATE]: Term 1 election: Vote granted by peer 3a3c735705964e1badb66c37a66a9096
I0727 05:17:33.076889 20838 leader_election.cc:244] T 09f71b11238a4b5a90bc5c174f0e7b87 P b497dbd6bd1a4c998891b00d2493a1bb [CANDIDATE]: Term 1 election: Election decided. Result: candidate won.
I0727 05:17:33.076905 20838 leader_election.cc:349] T 09f71b11238a4b5a90bc5c174f0e7b87 P b497dbd6bd1a4c998891b00d2493a1bb [CANDIDATE]: Term 1 election: Vote granted by peer 6f1af300e1d549d6b1cdd8bf3b9aeb9c
I0727 05:17:33.076913 50046 raft_consensus.cc:2372] T 09f71b11238a4b5a90bc5c174f0e7b87 P b497dbd6bd1a4c998891b00d2493a1bb: Snoozing failure detection for election timeout plus an additional 2.041s
I0727 05:17:33.076927 50046 raft_consensus.cc:2176] T 09f71b11238a4b5a90bc5c174f0e7b87 P b497dbd6bd1a4c998891b00d2493a1bb [term 1 FOLLOWER]: Leader election won for term 1
I0727 05:17:33.076938 50046 raft_consensus.cc:528] T 09f71b11238a4b5a90bc5c174f0e7b87 P b497dbd6bd1a4c998891b00d2493a1bb [term 1 LEADER]: Becoming Leader. State: Replica: b497dbd6bd1a4c998891b00d2493a1bb, State: Running, Role: LEADER
I0727 05:17:33.076966 50046 consensus_queue.cc:165] T 09f71b11238a4b5a90bc5c174f0e7b87 P b497dbd6bd1a4c998891b00d2493a1bb [LEADER]: Queue going to LEADER mode. State: All replicated index: 0, Majority replicated index: 0, Committed index: 0, Last appended: 0.0, Last appended by leader: 0, Current term: 1, Majority size: 2, State: 1, Mode: LEADER, active raft config: opid_index: -1 OBSOLETE_local: false peers { permanent_uuid: "3a3c735705964e1badb66c37a66a9096" member_type: VOTER last_known_addr { host: "ip-172-31-12-168" port: 31200 } } peers { permanent_uuid: "6f1af300e1d549d6b1cdd8bf3b9aeb9c" member_type: VOTER last_known_addr { host: "ip-172-31-12-168" port: 31201 } } peers { permanent_uuid: "b497dbd6bd1a4c998891b00d2493a1bb" member_type: VOTER last_known_addr { host: "ip-172-31-12-168" port: 31202 } }
I0727 05:17:33.087576 20915 raft_consensus.cc:2372] T b416701ca52b49e89eb6b0b6204378fb P b497dbd6bd1a4c998891b00d2493a1bb: Snoozing failure detection for election timeout plus an additional 2.173s
I0727 05:17:33.087589 20915 raft_consensus.cc:1943] T b416701ca52b49e89eb6b0b6204378fb P b497dbd6bd1a4c998891b00d2493a1bb [term 0 FOLLOWER]: Leader pre-election vote request: Granting yes vote for candidate 6f1af300e1d549d6b1cdd8bf3b9aeb9c in term 0.
I0727 05:17:33.088207 20915 raft_consensus.cc:2419] T b416701ca52b49e89eb6b0b6204378fb P b497dbd6bd1a4c998891b00d2493a1bb [term 0 FOLLOWER]: Advancing to term 1
I0727 05:17:33.088220 20915 raft_consensus.cc:2372] T b416701ca52b49e89eb6b0b6204378fb P b497dbd6bd1a4c998891b00d2493a1bb: Snoozing failure detection for election timeout plus an additional 2.160s
I0727 05:17:33.088513 20915 raft_consensus.cc:1943] T b416701ca52b49e89eb6b0b6204378fb P b497dbd6bd1a4c998891b00d2493a1bb [term 1 FOLLOWER]: Leader election vote request: Granting yes vote for candidate 6f1af300e1d549d6b1cdd8bf3b9aeb9c in term 1.
I0727 05:17:33.361114 20913 raft_consensus.cc:944] T b416701ca52b49e89eb6b0b6204378fb P b497dbd6bd1a4c998891b00d2493a1bb [term 1 FOLLOWER]: Refusing update from remote peer 6f1af300e1d549d6b1cdd8bf3b9aeb9c: Log matching property violated. Preceding OpId in replica: term: 0 index: 0. Preceding OpId from leader: term: 1 index: 1. (index mismatch)
I0727 05:17:33.409303 50046 consensus_queue.cc:722] T 09f71b11238a4b5a90bc5c174f0e7b87 P b497dbd6bd1a4c998891b00d2493a1bb [LEADER]: Connected to new peer: Peer: 6f1af300e1d549d6b1cdd8bf3b9aeb9c, Is new: false, Last received: 0.0, Next index: 1, Last known committed idx: 0, Last exchange result: ERROR, Needs tablet copy: false
I0727 05:17:33.410017 50046 consensus_queue.cc:722] T 09f71b11238a4b5a90bc5c174f0e7b87 P b497dbd6bd1a4c998891b00d2493a1bb [LEADER]: Connected to new peer: Peer: 3a3c735705964e1badb66c37a66a9096, Is new: false, Last received: 0.0, Next index: 1, Last known committed idx: 0, Last exchange result: ERROR, Needs tablet copy: false
I0727 05:17:33.607530 112405 raft_consensus.cc:411] T 4ffa10cd8f3a4c2bab76b6d3d6721249 P b497dbd6bd1a4c998891b00d2493a1bb [term 0 FOLLOWER]: Starting pre-election (no leader contacted us within the election timeout)
I0727 05:17:33.607553 112405 raft_consensus.cc:2372] T 4ffa10cd8f3a4c2bab76b6d3d6721249 P b497dbd6bd1a4c998891b00d2493a1bb: Snoozing failure detection for election timeout plus an additional 1.512s
I0727 05:17:33.607580 112405 raft_consensus.cc:435] T 4ffa10cd8f3a4c2bab76b6d3d6721249 P b497dbd6bd1a4c998891b00d2493a1bb [term 0 FOLLOWER]: Starting pre-election with config: opid_index: -1 OBSOLETE_local: false peers { permanent_uuid: "3a3c735705964e1badb66c37a66a9096" member_type: VOTER last_known_addr { host: "ip-172-31-12-168" port: 31200 } } peers { permanent_uuid: "6f1af300e1d549d6b1cdd8bf3b9aeb9c" member_type: VOTER last_known_addr { host: "ip-172-31-12-168" port: 31201 } } peers { permanent_uuid: "b497dbd6bd1a4c998891b00d2493a1bb" member_type: VOTER last_known_addr { host: "ip-172-31-12-168" port: 31202 } }
I0727 05:17:33.607719 112405 leader_election.cc:217] T 4ffa10cd8f3a4c2bab76b6d3d6721249 P b497dbd6bd1a4c998891b00d2493a1bb [CANDIDATE]: Term 1 pre-election: Requesting pre-vote from peer 3a3c735705964e1badb66c37a66a9096
I0727 05:17:33.607743 112405 leader_election.cc:217] T 4ffa10cd8f3a4c2bab76b6d3d6721249 P b497dbd6bd1a4c998891b00d2493a1bb [CANDIDATE]: Term 1 pre-election: Requesting pre-vote from peer 6f1af300e1d549d6b1cdd8bf3b9aeb9c
I0727 05:17:33.607868 20838 leader_election.cc:349] T 4ffa10cd8f3a4c2bab76b6d3d6721249 P b497dbd6bd1a4c998891b00d2493a1bb [CANDIDATE]: Term 1 pre-election: Vote granted by peer 3a3c735705964e1badb66c37a66a9096
I0727 05:17:33.607879 20838 leader_election.cc:244] T 4ffa10cd8f3a4c2bab76b6d3d6721249 P b497dbd6bd1a4c998891b00d2493a1bb [CANDIDATE]: Term 1 pre-election: Election decided. Result: candidate won.
I0727 05:17:33.607897 20838 leader_election.cc:349] T 4ffa10cd8f3a4c2bab76b6d3d6721249 P b497dbd6bd1a4c998891b00d2493a1bb [CANDIDATE]: Term 1 pre-election: Vote granted by peer 6f1af300e1d549d6b1cdd8bf3b9aeb9c
I0727 05:17:33.607908 50029 raft_consensus.cc:2372] T 4ffa10cd8f3a4c2bab76b6d3d6721249 P b497dbd6bd1a4c998891b00d2493a1bb: Snoozing failure detection for election timeout plus an additional 1.983s
I0727 05:17:33.607921 50029 raft_consensus.cc:2176] T 4ffa10cd8f3a4c2bab76b6d3d6721249 P b497dbd6bd1a4c998891b00d2493a1bb [term 0 FOLLOWER]: Leader pre-election won for term 1
I0727 05:17:33.607928 50029 raft_consensus.cc:411] T 4ffa10cd8f3a4c2bab76b6d3d6721249 P b497dbd6bd1a4c998891b00d2493a1bb [term 0 FOLLOWER]: Starting leader election (no leader contacted us within the election timeout)
I0727 05:17:33.607931 50029 raft_consensus.cc:2372] T 4ffa10cd8f3a4c2bab76b6d3d6721249 P b497dbd6bd1a4c998891b00d2493a1bb: Snoozing failure detection for election timeout plus an additional 1.842s
I0727 05:17:33.607934 50029 raft_consensus.cc:2419] T 4ffa10cd8f3a4c2bab76b6d3d6721249 P b497dbd6bd1a4c998891b00d2493a1bb [term 0 FOLLOWER]: Advancing to term 1
I0727 05:17:33.608263 50029 raft_consensus.cc:435] T 4ffa10cd8f3a4c2bab76b6d3d6721249 P b497dbd6bd1a4c998891b00d2493a1bb [term 1 FOLLOWER]: Starting leader election with config: opid_index: -1 OBSOLETE_local: false peers { permanent_uuid: "3a3c735705964e1badb66c37a66a9096" member_type: VOTER last_known_addr { host: "ip-172-31-12-168" port: 31200 } } peers { permanent_uuid: "6f1af300e1d549d6b1cdd8bf3b9aeb9c" member_type: VOTER last_known_addr { host: "ip-172-31-12-168" port: 31201 } } peers { permanent_uuid: "b497dbd6bd1a4c998891b00d2493a1bb" member_type: VOTER last_known_addr { host: "ip-172-31-12-168" port: 31202 } }
I0727 05:17:33.608367 50029 leader_election.cc:217] T 4ffa10cd8f3a4c2bab76b6d3d6721249 P b497dbd6bd1a4c998891b00d2493a1bb [CANDIDATE]: Term 1 election: Requesting vote from peer 3a3c735705964e1badb66c37a66a9096
I0727 05:17:33.608387 50029 leader_election.cc:217] T 4ffa10cd8f3a4c2bab76b6d3d6721249 P b497dbd6bd1a4c998891b00d2493a1bb [CANDIDATE]: Term 1 election: Requesting vote from peer 6f1af300e1d549d6b1cdd8bf3b9aeb9c
I0727 05:17:33.608801 20838 leader_election.cc:349] T 4ffa10cd8f3a4c2bab76b6d3d6721249 P b497dbd6bd1a4c998891b00d2493a1bb [CANDIDATE]: Term 1 election: Vote granted by peer 3a3c735705964e1badb66c37a66a9096
I0727 05:17:33.608813 20838 leader_election.cc:244] T 4ffa10cd8f3a4c2bab76b6d3d6721249 P b497dbd6bd1a4c998891b00d2493a1bb [CANDIDATE]: Term 1 election: Election decided. Result: candidate won.
I0727 05:17:33.608825 20838 leader_election.cc:349] T 4ffa10cd8f3a4c2bab76b6d3d6721249 P b497dbd6bd1a4c998891b00d2493a1bb [CANDIDATE]: Term 1 election: Vote granted by peer 6f1af300e1d549d6b1cdd8bf3b9aeb9c
I0727 05:17:33.608836 42659 raft_consensus.cc:2372] T 4ffa10cd8f3a4c2bab76b6d3d6721249 P b497dbd6bd1a4c998891b00d2493a1bb: Snoozing failure detection for election timeout plus an additional 2.223s
I0727 05:17:33.608846 42659 raft_consensus.cc:2176] T 4ffa10cd8f3a4c2bab76b6d3d6721249 P b497dbd6bd1a4c998891b00d2493a1bb [term 1 FOLLOWER]: Leader election won for term 1
I0727 05:17:33.608860 42659 raft_consensus.cc:528] T 4ffa10cd8f3a4c2bab76b6d3d6721249 P b497dbd6bd1a4c998891b00d2493a1bb [term 1 LEADER]: Becoming Leader. State: Replica: b497dbd6bd1a4c998891b00d2493a1bb, State: Running, Role: LEADER
I0727 05:17:33.608886 42659 consensus_queue.cc:165] T 4ffa10cd8f3a4c2bab76b6d3d6721249 P b497dbd6bd1a4c998891b00d2493a1bb [LEADER]: Queue going to LEADER mode. State: All replicated index: 0, Majority replicated index: 0, Committed index: 0, Last appended: 0.0, Last appended by leader: 0, Current term: 1, Majority size: 2, State: 1, Mode: LEADER, active raft config: opid_index: -1 OBSOLETE_local: false peers { permanent_uuid: "3a3c735705964e1badb66c37a66a9096" member_type: VOTER last_known_addr { host: "ip-172-31-12-168" port: 31200 } } peers { permanent_uuid: "6f1af300e1d549d6b1cdd8bf3b9aeb9c" member_type: VOTER last_known_addr { host: "ip-172-31-12-168" port: 31201 } } peers { permanent_uuid: "b497dbd6bd1a4c998891b00d2493a1bb" member_type: VOTER last_known_addr { host: "ip-172-31-12-168" port: 31202 } }
I0727 05:17:34.008988 50029 consensus_queue.cc:722] T 4ffa10cd8f3a4c2bab76b6d3d6721249 P b497dbd6bd1a4c998891b00d2493a1bb [LEADER]: Connected to new peer: Peer: 6f1af300e1d549d6b1cdd8bf3b9aeb9c, Is new: false, Last received: 0.0, Next index: 1, Last known committed idx: 0, Last exchange result: ERROR, Needs tablet copy: false
I0727 05:17:34.009750 50046 consensus_queue.cc:722] T 4ffa10cd8f3a4c2bab76b6d3d6721249 P b497dbd6bd1a4c998891b00d2493a1bb [LEADER]: Connected to new peer: Peer: 3a3c735705964e1badb66c37a66a9096, Is new: false, Last received: 0.0, Next index: 1, Last known committed idx: 0, Last exchange result: ERROR, Needs tablet copy: false
I0727 05:17:40.878556 20879 tablet_service.cc:713] Processing DeleteTablet for tablet e0031f8664294f61b6c184c192330960 with delete_type TABLET_DATA_DELETED (Table deleted at 2017-07-27 05:17:40 UTC) from {username='ubuntu'} at 127.0.0.1:34066
I0727 05:17:40.878582 20879 tablet_replica.cc:225] Initiating TabletReplica shutdown for tablet: e0031f8664294f61b6c184c192330960
I0727 05:17:40.878603 20879 maintenance_manager.cc:206] P b497dbd6bd1a4c998891b00d2493a1bb: Unregistered op CompactRowSetsOp(e0031f8664294f61b6c184c192330960)
I0727 05:17:40.878614 20879 maintenance_manager.cc:206] P b497dbd6bd1a4c998891b00d2493a1bb: Unregistered op MinorDeltaCompactionOp(e0031f8664294f61b6c184c192330960)
I0727 05:17:40.878628 20879 maintenance_manager.cc:206] P b497dbd6bd1a4c998891b00d2493a1bb: Unregistered op MajorDeltaCompactionOp(e0031f8664294f61b6c184c192330960)
I0727 05:17:40.878635 20879 maintenance_manager.cc:206] P b497dbd6bd1a4c998891b00d2493a1bb: Unregistered op UndoDeltaBlockGCOp(e0031f8664294f61b6c184c192330960)
I0727 05:17:40.878643 20879 maintenance_manager.cc:206] P b497dbd6bd1a4c998891b00d2493a1bb: Unregistered op FlushMRSOp(e0031f8664294f61b6c184c192330960)
I0727 05:17:40.878645 20882 tablet_service.cc:713] Processing DeleteTablet for tablet 617ae0d6c4a1487a900ea97b75c75acf with delete_type TABLET_DATA_DELETED (Table deleted at 2017-07-27 05:17:40 UTC) from {username='ubuntu'} at 127.0.0.1:34066
I0727 05:17:40.878664 20879 maintenance_manager.cc:206] P b497dbd6bd1a4c998891b00d2493a1bb: Unregistered op FlushDeltaMemStoresOp(e0031f8664294f61b6c184c192330960)
I0727 05:17:40.878679 20882 tablet_replica.cc:225] Initiating TabletReplica shutdown for tablet: 617ae0d6c4a1487a900ea97b75c75acf
I0727 05:17:40.878684 20879 maintenance_manager.cc:206] P b497dbd6bd1a4c998891b00d2493a1bb: Unregistered op LogGCOp(e0031f8664294f61b6c184c192330960)
I0727 05:17:40.878664 20880 tablet_service.cc:713] Processing DeleteTablet for tablet e4c69bec998e4ad192d30fe28d2eae7c with delete_type TABLET_DATA_DELETED (Table deleted at 2017-07-27 05:17:40 UTC) from {username='ubuntu'} at 127.0.0.1:34066
I0727 05:17:40.878703 20879 raft_consensus.cc:1763] T e0031f8664294f61b6c184c192330960 P b497dbd6bd1a4c998891b00d2493a1bb [term 1 FOLLOWER]: Raft consensus shutting down.
I0727 05:17:40.878711 20880 tablet_replica.cc:225] Initiating TabletReplica shutdown for tablet: e4c69bec998e4ad192d30fe28d2eae7c
I0727 05:17:40.878695 20883 tablet_service.cc:713] Processing DeleteTablet for tablet 9b196d71f9ef4f74800fd3d3104360f5 with delete_type TABLET_DATA_DELETED (Table deleted at 2017-07-27 05:17:40 UTC) from {username='ubuntu'} at 127.0.0.1:34066
I0727 05:17:40.878726 20879 raft_consensus.cc:1778] T e0031f8664294f61b6c184c192330960 P b497dbd6bd1a4c998891b00d2493a1bb [term 1 FOLLOWER]: Raft consensus is shut down!
I0727 05:17:40.878700 20882 maintenance_manager.cc:206] P b497dbd6bd1a4c998891b00d2493a1bb: Unregistered op CompactRowSetsOp(617ae0d6c4a1487a900ea97b75c75acf)
I0727 05:17:40.878738 20883 tablet_replica.cc:225] Initiating TabletReplica shutdown for tablet: 9b196d71f9ef4f74800fd3d3104360f5
I0727 05:17:40.878756 20882 maintenance_manager.cc:206] P b497dbd6bd1a4c998891b00d2493a1bb: Unregistered op MinorDeltaCompactionOp(617ae0d6c4a1487a900ea97b75c75acf)
I0727 05:17:40.878763 20883 maintenance_manager.cc:206] P b497dbd6bd1a4c998891b00d2493a1bb: Unregistered op CompactRowSetsOp(9b196d71f9ef4f74800fd3d3104360f5)
I0727 05:17:40.878787 20883 maintenance_manager.cc:206] P b497dbd6bd1a4c998891b00d2493a1bb: Unregistered op MinorDeltaCompactionOp(9b196d71f9ef4f74800fd3d3104360f5)
I0727 05:17:40.878720 20880 maintenance_manager.cc:206] P b497dbd6bd1a4c998891b00d2493a1bb: Unregistered op CompactRowSetsOp(e4c69bec998e4ad192d30fe28d2eae7c)
I0727 05:17:40.878809 20883 maintenance_manager.cc:206] P b497dbd6bd1a4c998891b00d2493a1bb: Unregistered op MajorDeltaCompactionOp(9b196d71f9ef4f74800fd3d3104360f5)
I0727 05:17:40.878816 20880 maintenance_manager.cc:206] P b497dbd6bd1a4c998891b00d2493a1bb: Unregistered op MinorDeltaCompactionOp(e4c69bec998e4ad192d30fe28d2eae7c)
I0727 05:17:40.878767 20882 maintenance_manager.cc:206] P b497dbd6bd1a4c998891b00d2493a1bb: Unregistered op MajorDeltaCompactionOp(617ae0d6c4a1487a900ea97b75c75acf)
I0727 05:17:40.878836 20880 maintenance_manager.cc:206] P b497dbd6bd1a4c998891b00d2493a1bb: Unregistered op MajorDeltaCompactionOp(e4c69bec998e4ad192d30fe28d2eae7c)
I0727 05:17:40.878841 20882 maintenance_manager.cc:206] P b497dbd6bd1a4c998891b00d2493a1bb: Unregistered op UndoDeltaBlockGCOp(617ae0d6c4a1487a900ea97b75c75acf)
I0727 05:17:40.878844 20880 maintenance_manager.cc:206] P b497dbd6bd1a4c998891b00d2493a1bb: Unregistered op UndoDeltaBlockGCOp(e4c69bec998e4ad192d30fe28d2eae7c)
I0727 05:17:40.878857 20883 maintenance_manager.cc:206] P b497dbd6bd1a4c998891b00d2493a1bb: Unregistered op UndoDeltaBlockGCOp(9b196d71f9ef4f74800fd3d3104360f5)
I0727 05:17:40.878870 20883 maintenance_manager.cc:206] P b497dbd6bd1a4c998891b00d2493a1bb: Unregistered op FlushMRSOp(9b196d71f9ef4f74800fd3d3104360f5)
I0727 05:17:40.878893 20883 maintenance_manager.cc:206] P b497dbd6bd1a4c998891b00d2493a1bb: Unregistered op FlushDeltaMemStoresOp(9b196d71f9ef4f74800fd3d3104360f5)
I0727 05:17:40.878873 20882 maintenance_manager.cc:206] P b497dbd6bd1a4c998891b00d2493a1bb: Unregistered op FlushMRSOp(617ae0d6c4a1487a900ea97b75c75acf)
I0727 05:17:40.878900 20883 maintenance_manager.cc:206] P b497dbd6bd1a4c998891b00d2493a1bb: Unregistered op LogGCOp(9b196d71f9ef4f74800fd3d3104360f5)
I0727 05:17:40.878908 20882 maintenance_manager.cc:206] P b497dbd6bd1a4c998891b00d2493a1bb: Unregistered op FlushDeltaMemStoresOp(617ae0d6c4a1487a900ea97b75c75acf)
I0727 05:17:40.878922 20880 maintenance_manager.cc:206] P b497dbd6bd1a4c998891b00d2493a1bb: Unregistered op FlushMRSOp(e4c69bec998e4ad192d30fe28d2eae7c)
I0727 05:17:40.878943 20880 maintenance_manager.cc:206] P b497dbd6bd1a4c998891b00d2493a1bb: Unregistered op FlushDeltaMemStoresOp(e4c69bec998e4ad192d30fe28d2eae7c)
I0727 05:17:40.878960 20880 maintenance_manager.cc:206] P b497dbd6bd1a4c998891b00d2493a1bb: Unregistered op LogGCOp(e4c69bec998e4ad192d30fe28d2eae7c)
I0727 05:17:40.878908 20883 raft_consensus.cc:1763] T 9b196d71f9ef4f74800fd3d3104360f5 P b497dbd6bd1a4c998891b00d2493a1bb [term 1 FOLLOWER]: Raft consensus shutting down.
I0727 05:17:40.878924 20882 maintenance_manager.cc:206] P b497dbd6bd1a4c998891b00d2493a1bb: Unregistered op LogGCOp(617ae0d6c4a1487a900ea97b75c75acf)
I0727 05:17:40.878978 20880 raft_consensus.cc:1763] T e4c69bec998e4ad192d30fe28d2eae7c P b497dbd6bd1a4c998891b00d2493a1bb [term 1 LEADER]: Raft consensus shutting down.
I0727 05:17:40.879005 20882 raft_consensus.cc:1763] T 617ae0d6c4a1487a900ea97b75c75acf P b497dbd6bd1a4c998891b00d2493a1bb [term 1 FOLLOWER]: Raft consensus shutting down.
I0727 05:17:40.879015 20880 consensus_peers.cc:400] T e4c69bec998e4ad192d30fe28d2eae7c P b497dbd6bd1a4c998891b00d2493a1bb -> Peer 6f1af300e1d549d6b1cdd8bf3b9aeb9c (ip-172-31-12-168:31201): Closing peer: 6f1af300e1d549d6b1cdd8bf3b9aeb9c
I0727 05:17:40.878978 20883 raft_consensus.cc:1778] T 9b196d71f9ef4f74800fd3d3104360f5 P b497dbd6bd1a4c998891b00d2493a1bb [term 1 FOLLOWER]: Raft consensus is shut down!
I0727 05:17:40.879025 20880 consensus_peers.cc:400] T e4c69bec998e4ad192d30fe28d2eae7c P b497dbd6bd1a4c998891b00d2493a1bb -> Peer 3a3c735705964e1badb66c37a66a9096 (ip-172-31-12-168:31200): Closing peer: 3a3c735705964e1badb66c37a66a9096
I0727 05:17:40.879025 20882 raft_consensus.cc:1778] T 617ae0d6c4a1487a900ea97b75c75acf P b497dbd6bd1a4c998891b00d2493a1bb [term 1 FOLLOWER]: Raft consensus is shut down!
I0727 05:17:40.879037 20880 raft_consensus.cc:1778] T e4c69bec998e4ad192d30fe28d2eae7c P b497dbd6bd1a4c998891b00d2493a1bb [term 1 LEADER]: Raft consensus is shut down!
I0727 05:17:40.879331 20882 ts_tablet_manager.cc:1030] T 617ae0d6c4a1487a900ea97b75c75acf P b497dbd6bd1a4c998891b00d2493a1bb: Deleting tablet data with delete state TABLET_DATA_DELETED
I0727 05:17:40.879396 20880 ts_tablet_manager.cc:1030] T e4c69bec998e4ad192d30fe28d2eae7c P b497dbd6bd1a4c998891b00d2493a1bb: Deleting tablet data with delete state TABLET_DATA_DELETED
I0727 05:17:40.879485 20879 ts_tablet_manager.cc:1030] T e0031f8664294f61b6c184c192330960 P b497dbd6bd1a4c998891b00d2493a1bb: Deleting tablet data with delete state TABLET_DATA_DELETED
I0727 05:17:40.879969 20883 ts_tablet_manager.cc:1030] T 9b196d71f9ef4f74800fd3d3104360f5 P b497dbd6bd1a4c998891b00d2493a1bb: Deleting tablet data with delete state TABLET_DATA_DELETED
I0727 05:17:40.880559 20880 ts_tablet_manager.cc:1042] T e4c69bec998e4ad192d30fe28d2eae7c P b497dbd6bd1a4c998891b00d2493a1bb: Tablet deleted. Last logged OpId: 1.2
I0727 05:17:40.880599 20880 log.cc:974] T e4c69bec998e4ad192d30fe28d2eae7c P b497dbd6bd1a4c998891b00d2493a1bb: Deleting WAL directory at /home/ubuntu/Impala/testdata/cluster/cdh5/node-1/var/lib/kudu/ts/wal/wals/e4c69bec998e4ad192d30fe28d2eae7c
I0727 05:17:40.880717 20880 ts_tablet_manager.cc:1060] T e4c69bec998e4ad192d30fe28d2eae7c P b497dbd6bd1a4c998891b00d2493a1bb: Deleting consensus metadata
I0727 05:17:40.880851 20882 ts_tablet_manager.cc:1042] T 617ae0d6c4a1487a900ea97b75c75acf P b497dbd6bd1a4c998891b00d2493a1bb: Tablet deleted. Last logged OpId: 1.2
I0727 05:17:40.880864 20882 log.cc:974] T 617ae0d6c4a1487a900ea97b75c75acf P b497dbd6bd1a4c998891b00d2493a1bb: Deleting WAL directory at /home/ubuntu/Impala/testdata/cluster/cdh5/node-1/var/lib/kudu/ts/wal/wals/617ae0d6c4a1487a900ea97b75c75acf
I0727 05:17:40.881079 20879 ts_tablet_manager.cc:1042] T e0031f8664294f61b6c184c192330960 P b497dbd6bd1a4c998891b00d2493a1bb: Tablet deleted. Last logged OpId: 1.2
I0727 05:17:40.881093 20879 log.cc:974] T e0031f8664294f61b6c184c192330960 P b497dbd6bd1a4c998891b00d2493a1bb: Deleting WAL directory at /home/ubuntu/Impala/testdata/cluster/cdh5/node-1/var/lib/kudu/ts/wal/wals/e0031f8664294f61b6c184c192330960
I0727 05:17:40.881165 20879 ts_tablet_manager.cc:1060] T e0031f8664294f61b6c184c192330960 P b497dbd6bd1a4c998891b00d2493a1bb: Deleting consensus metadata
I0727 05:17:40.882139 20883 ts_tablet_manager.cc:1042] T 9b196d71f9ef4f74800fd3d3104360f5 P b497dbd6bd1a4c998891b00d2493a1bb: Tablet deleted. Last logged OpId: 1.2
I0727 05:17:40.882154 20883 log.cc:974] T 9b196d71f9ef4f74800fd3d3104360f5 P b497dbd6bd1a4c998891b00d2493a1bb: Deleting WAL directory at /home/ubuntu/Impala/testdata/cluster/cdh5/node-1/var/lib/kudu/ts/wal/wals/9b196d71f9ef4f74800fd3d3104360f5
I0727 05:17:40.882711 20882 ts_tablet_manager.cc:1060] T 617ae0d6c4a1487a900ea97b75c75acf P b497dbd6bd1a4c998891b00d2493a1bb: Deleting consensus metadata
I0727 05:17:40.894403 20883 ts_tablet_manager.cc:1060] T 9b196d71f9ef4f74800fd3d3104360f5 P b497dbd6bd1a4c998891b00d2493a1bb: Deleting consensus metadata
I0727 05:17:41.005887 20883 tablet_service.cc:672] Processing CreateTablet for tablet 4b74a3b8327943648255613c164c0b03 (table=impala::functional_kudu.zipcode_incomes [id=7bebee41fca6486690677e8fcf416107]), partition=RANGE (id) PARTITION VALUES < "8600000US01475\000"
I0727 05:17:41.005905 20879 tablet_service.cc:672] Processing CreateTablet for tablet 15b85561431243f5911e970a9e5ce71f (table=impala::functional_kudu.zipcode_incomes [id=7bebee41fca6486690677e8fcf416107]), partition=RANGE (id) PARTITION "8600000US01475\000" <= VALUES < "8600000US63121\000"
I0727 05:17:41.005905 20882 tablet_service.cc:672] Processing CreateTablet for tablet f7d1c53e54434957a69b97da03af97b9 (table=impala::functional_kudu.zipcode_incomes [id=7bebee41fca6486690677e8fcf416107]), partition=RANGE (id) PARTITION "8600000US63121\000" <= VALUES < "8600000US84712\000"
I0727 05:17:41.005935 20880 tablet_service.cc:672] Processing CreateTablet for tablet 1f784e1506824863827f8c6dfeefbfb4 (table=impala::functional_kudu.zipcode_incomes [id=7bebee41fca6486690677e8fcf416107]), partition=RANGE (id) PARTITION VALUES >= "8600000US84712\000"
I0727 05:17:41.006472 20879 ts_tablet_manager.cc:871] T 15b85561431243f5911e970a9e5ce71f P b497dbd6bd1a4c998891b00d2493a1bb: Registered tablet (data state: TABLET_DATA_READY)
I0727 05:17:41.006492 20883 ts_tablet_manager.cc:871] T 4b74a3b8327943648255613c164c0b03 P b497dbd6bd1a4c998891b00d2493a1bb: Registered tablet (data state: TABLET_DATA_READY)
I0727 05:17:41.006503 20880 ts_tablet_manager.cc:871] T 1f784e1506824863827f8c6dfeefbfb4 P b497dbd6bd1a4c998891b00d2493a1bb: Registered tablet (data state: TABLET_DATA_READY)
I0727 05:17:41.006690 20882 ts_tablet_manager.cc:871] T f7d1c53e54434957a69b97da03af97b9 P b497dbd6bd1a4c998891b00d2493a1bb: Registered tablet (data state: TABLET_DATA_READY)
I0727 05:17:41.006741 112441 ts_tablet_manager.cc:741] T 15b85561431243f5911e970a9e5ce71f P b497dbd6bd1a4c998891b00d2493a1bb: Bootstrapping tablet
I0727 05:17:41.006757 112441 tablet_bootstrap.cc:406] T 15b85561431243f5911e970a9e5ce71f P b497dbd6bd1a4c998891b00d2493a1bb: Bootstrap starting.
I0727 05:17:41.006919 112441 tablet_bootstrap.cc:547] T 15b85561431243f5911e970a9e5ce71f P b497dbd6bd1a4c998891b00d2493a1bb: No blocks or log segments found. Creating new log.
I0727 05:17:41.007323 112441 tablet_bootstrap.cc:406] T 15b85561431243f5911e970a9e5ce71f P b497dbd6bd1a4c998891b00d2493a1bb: No bootstrap required, opened a new log
I0727 05:17:41.007345 112441 ts_tablet_manager.cc:746] T 15b85561431243f5911e970a9e5ce71f P b497dbd6bd1a4c998891b00d2493a1bb: Time spent bootstrapping tablet: real 0.001s	user 0.000s	sys 0.000s
I0727 05:17:41.007622 112441 raft_consensus.cc:284] T 15b85561431243f5911e970a9e5ce71f P b497dbd6bd1a4c998891b00d2493a1bb [term 0 FOLLOWER]: Replica starting. Triggering 0 pending transactions. Active config: opid_index: -1 OBSOLETE_local: false peers { permanent_uuid: "b497dbd6bd1a4c998891b00d2493a1bb" member_type: VOTER last_known_addr { host: "ip-172-31-12-168" port: 31202 } } peers { permanent_uuid: "3a3c735705964e1badb66c37a66a9096" member_type: VOTER last_known_addr { host: "ip-172-31-12-168" port: 31200 } } peers { permanent_uuid: "6f1af300e1d549d6b1cdd8bf3b9aeb9c" member_type: VOTER last_known_addr { host: "ip-172-31-12-168" port: 31201 } }
I0727 05:17:41.007639 112441 raft_consensus.cc:316] T 15b85561431243f5911e970a9e5ce71f P b497dbd6bd1a4c998891b00d2493a1bb [term 0 FOLLOWER]: Consensus starting up: Expiring failure detector timer to make a prompt election more likely
I0727 05:17:41.007647 112441 raft_consensus.cc:560] T 15b85561431243f5911e970a9e5ce71f P b497dbd6bd1a4c998891b00d2493a1bb [term 0 FOLLOWER]: Becoming Follower/Learner. State: Replica: b497dbd6bd1a4c998891b00d2493a1bb, State: Running, Role: FOLLOWER
I0727 05:17:41.007658 112441 consensus_queue.cc:186] T 15b85561431243f5911e970a9e5ce71f P b497dbd6bd1a4c998891b00d2493a1bb [NON_LEADER]: Queue going to NON_LEADER mode. State: All replicated index: 0, Majority replicated index: 0, Committed index: 0, Last appended: 0.0, Last appended by leader: 0, Current term: 0, Majority size: -1, State: 1, Mode: NON_LEADER
I0727 05:17:41.007727 112441 ts_tablet_manager.cc:775] T 15b85561431243f5911e970a9e5ce71f P b497dbd6bd1a4c998891b00d2493a1bb: Time spent starting tablet: real 0.000s	user 0.000s	sys 0.000s
I0727 05:17:41.007748 112441 ts_tablet_manager.cc:741] T 4b74a3b8327943648255613c164c0b03 P b497dbd6bd1a4c998891b00d2493a1bb: Bootstrapping tablet
I0727 05:17:41.007760 112441 tablet_bootstrap.cc:406] T 4b74a3b8327943648255613c164c0b03 P b497dbd6bd1a4c998891b00d2493a1bb: Bootstrap starting.
I0727 05:17:41.007889 112441 tablet_bootstrap.cc:547] T 4b74a3b8327943648255613c164c0b03 P b497dbd6bd1a4c998891b00d2493a1bb: No blocks or log segments found. Creating new log.
I0727 05:17:41.008302 112441 tablet_bootstrap.cc:406] T 4b74a3b8327943648255613c164c0b03 P b497dbd6bd1a4c998891b00d2493a1bb: No bootstrap required, opened a new log
I0727 05:17:41.008324 112441 ts_tablet_manager.cc:746] T 4b74a3b8327943648255613c164c0b03 P b497dbd6bd1a4c998891b00d2493a1bb: Time spent bootstrapping tablet: real 0.001s	user 0.000s	sys 0.000s
I0727 05:17:41.008613 112441 raft_consensus.cc:284] T 4b74a3b8327943648255613c164c0b03 P b497dbd6bd1a4c998891b00d2493a1bb [term 0 FOLLOWER]: Replica starting. Triggering 0 pending transactions. Active config: opid_index: -1 OBSOLETE_local: false peers { permanent_uuid: "b497dbd6bd1a4c998891b00d2493a1bb" member_type: VOTER last_known_addr { host: "ip-172-31-12-168" port: 31202 } } peers { permanent_uuid: "3a3c735705964e1badb66c37a66a9096" member_type: VOTER last_known_addr { host: "ip-172-31-12-168" port: 31200 } } peers { permanent_uuid: "6f1af300e1d549d6b1cdd8bf3b9aeb9c" member_type: VOTER last_known_addr { host: "ip-172-31-12-168" port: 31201 } }
I0727 05:17:41.008638 112441 raft_consensus.cc:316] T 4b74a3b8327943648255613c164c0b03 P b497dbd6bd1a4c998891b00d2493a1bb [term 0 FOLLOWER]: Consensus starting up: Expiring failure detector timer to make a prompt election more likely
I0727 05:17:41.008643 112441 raft_consensus.cc:560] T 4b74a3b8327943648255613c164c0b03 P b497dbd6bd1a4c998891b00d2493a1bb [term 0 FOLLOWER]: Becoming Follower/Learner. State: Replica: b497dbd6bd1a4c998891b00d2493a1bb, State: Running, Role: FOLLOWER
I0727 05:17:41.008652 112441 consensus_queue.cc:186] T 4b74a3b8327943648255613c164c0b03 P b497dbd6bd1a4c998891b00d2493a1bb [NON_LEADER]: Queue going to NON_LEADER mode. State: All replicated index: 0, Majority replicated index: 0, Committed index: 0, Last appended: 0.0, Last appended by leader: 0, Current term: 0, Majority size: -1, State: 1, Mode: NON_LEADER
I0727 05:17:41.008710 112441 ts_tablet_manager.cc:775] T 4b74a3b8327943648255613c164c0b03 P b497dbd6bd1a4c998891b00d2493a1bb: Time spent starting tablet: real 0.000s	user 0.000s	sys 0.000s
I0727 05:17:41.008733 112441 ts_tablet_manager.cc:741] T f7d1c53e54434957a69b97da03af97b9 P b497dbd6bd1a4c998891b00d2493a1bb: Bootstrapping tablet
I0727 05:17:41.008744 112441 tablet_bootstrap.cc:406] T f7d1c53e54434957a69b97da03af97b9 P b497dbd6bd1a4c998891b00d2493a1bb: Bootstrap starting.
