I0727 04:14:15.517068 50046 raft_consensus.cc:2372] T 0c67c5f2899441b39a1e760276612854 P b497dbd6bd1a4c998891b00d2493a1bb: Snoozing failure detection for election timeout plus an additional 1.746s
I0727 04:14:15.517071 50046 raft_consensus.cc:2419] T 0c67c5f2899441b39a1e760276612854 P b497dbd6bd1a4c998891b00d2493a1bb [term 0 FOLLOWER]: Advancing to term 1
I0727 04:14:15.517398 50046 raft_consensus.cc:435] T 0c67c5f2899441b39a1e760276612854 P b497dbd6bd1a4c998891b00d2493a1bb [term 1 FOLLOWER]: Starting leader election with config: opid_index: -1 OBSOLETE_local: false peers { permanent_uuid: "3a3c735705964e1badb66c37a66a9096" member_type: VOTER last_known_addr { host: "ip-172-31-12-168" port: 31200 } } peers { permanent_uuid: "b497dbd6bd1a4c998891b00d2493a1bb" member_type: VOTER last_known_addr { host: "ip-172-31-12-168" port: 31202 } } peers { permanent_uuid: "6f1af300e1d549d6b1cdd8bf3b9aeb9c" member_type: VOTER last_known_addr { host: "ip-172-31-12-168" port: 31201 } }
I0727 04:14:15.517505 50046 leader_election.cc:217] T 0c67c5f2899441b39a1e760276612854 P b497dbd6bd1a4c998891b00d2493a1bb [CANDIDATE]: Term 1 election: Requesting vote from peer 3a3c735705964e1badb66c37a66a9096
I0727 04:14:15.517525 50046 leader_election.cc:217] T 0c67c5f2899441b39a1e760276612854 P b497dbd6bd1a4c998891b00d2493a1bb [CANDIDATE]: Term 1 election: Requesting vote from peer 6f1af300e1d549d6b1cdd8bf3b9aeb9c
I0727 04:14:15.517923 20838 leader_election.cc:349] T 0c67c5f2899441b39a1e760276612854 P b497dbd6bd1a4c998891b00d2493a1bb [CANDIDATE]: Term 1 election: Vote granted by peer 3a3c735705964e1badb66c37a66a9096
I0727 04:14:15.517932 20838 leader_election.cc:244] T 0c67c5f2899441b39a1e760276612854 P b497dbd6bd1a4c998891b00d2493a1bb [CANDIDATE]: Term 1 election: Election decided. Result: candidate won.
I0727 04:14:15.517943 20838 leader_election.cc:349] T 0c67c5f2899441b39a1e760276612854 P b497dbd6bd1a4c998891b00d2493a1bb [CANDIDATE]: Term 1 election: Vote granted by peer 6f1af300e1d549d6b1cdd8bf3b9aeb9c
I0727 04:14:15.517954 50029 raft_consensus.cc:2372] T 0c67c5f2899441b39a1e760276612854 P b497dbd6bd1a4c998891b00d2493a1bb: Snoozing failure detection for election timeout plus an additional 2.172s
I0727 04:14:15.517966 50029 raft_consensus.cc:2176] T 0c67c5f2899441b39a1e760276612854 P b497dbd6bd1a4c998891b00d2493a1bb [term 1 FOLLOWER]: Leader election won for term 1
I0727 04:14:15.517977 50029 raft_consensus.cc:528] T 0c67c5f2899441b39a1e760276612854 P b497dbd6bd1a4c998891b00d2493a1bb [term 1 LEADER]: Becoming Leader. State: Replica: b497dbd6bd1a4c998891b00d2493a1bb, State: Running, Role: LEADER
I0727 04:14:15.518002 50029 consensus_queue.cc:165] T 0c67c5f2899441b39a1e760276612854 P b497dbd6bd1a4c998891b00d2493a1bb [LEADER]: Queue going to LEADER mode. State: All replicated index: 0, Majority replicated index: 0, Committed index: 0, Last appended: 0.0, Last appended by leader: 0, Current term: 1, Majority size: 2, State: 1, Mode: LEADER, active raft config: opid_index: -1 OBSOLETE_local: false peers { permanent_uuid: "3a3c735705964e1badb66c37a66a9096" member_type: VOTER last_known_addr { host: "ip-172-31-12-168" port: 31200 } } peers { permanent_uuid: "b497dbd6bd1a4c998891b00d2493a1bb" member_type: VOTER last_known_addr { host: "ip-172-31-12-168" port: 31202 } } peers { permanent_uuid: "6f1af300e1d549d6b1cdd8bf3b9aeb9c" member_type: VOTER last_known_addr { host: "ip-172-31-12-168" port: 31201 } }
I0727 04:14:15.703235 20917 raft_consensus.cc:2372] T f2c9f342aab745f69b7ca7ff294f9a65 P b497dbd6bd1a4c998891b00d2493a1bb: Snoozing failure detection for election timeout plus an additional 2.086s
I0727 04:14:15.703263 20917 raft_consensus.cc:1943] T f2c9f342aab745f69b7ca7ff294f9a65 P b497dbd6bd1a4c998891b00d2493a1bb [term 0 FOLLOWER]: Leader pre-election vote request: Granting yes vote for candidate 6f1af300e1d549d6b1cdd8bf3b9aeb9c in term 0.
I0727 04:14:15.704161 20917 raft_consensus.cc:2419] T f2c9f342aab745f69b7ca7ff294f9a65 P b497dbd6bd1a4c998891b00d2493a1bb [term 0 FOLLOWER]: Advancing to term 1
I0727 04:14:15.704185 20917 raft_consensus.cc:2372] T f2c9f342aab745f69b7ca7ff294f9a65 P b497dbd6bd1a4c998891b00d2493a1bb: Snoozing failure detection for election timeout plus an additional 1.803s
I0727 04:14:15.704648 20917 raft_consensus.cc:1943] T f2c9f342aab745f69b7ca7ff294f9a65 P b497dbd6bd1a4c998891b00d2493a1bb [term 1 FOLLOWER]: Leader election vote request: Granting yes vote for candidate 6f1af300e1d549d6b1cdd8bf3b9aeb9c in term 1.
I0727 04:14:15.756088 20917 raft_consensus.cc:944] T 886a32e4a06a44248b278ff0bdb98509 P b497dbd6bd1a4c998891b00d2493a1bb [term 1 FOLLOWER]: Refusing update from remote peer 6f1af300e1d549d6b1cdd8bf3b9aeb9c: Log matching property violated. Preceding OpId in replica: term: 0 index: 0. Preceding OpId from leader: term: 1 index: 1. (index mismatch)
I0727 04:14:15.888973 50046 consensus_queue.cc:722] T 0c67c5f2899441b39a1e760276612854 P b497dbd6bd1a4c998891b00d2493a1bb [LEADER]: Connected to new peer: Peer: 3a3c735705964e1badb66c37a66a9096, Is new: false, Last received: 0.0, Next index: 1, Last known committed idx: 0, Last exchange result: ERROR, Needs tablet copy: false
I0727 04:14:15.889955 50010 consensus_queue.cc:722] T 0c67c5f2899441b39a1e760276612854 P b497dbd6bd1a4c998891b00d2493a1bb [LEADER]: Connected to new peer: Peer: 6f1af300e1d549d6b1cdd8bf3b9aeb9c, Is new: false, Last received: 0.0, Next index: 1, Last known committed idx: 0, Last exchange result: ERROR, Needs tablet copy: false
I0727 04:14:16.121958 20917 raft_consensus.cc:944] T f2c9f342aab745f69b7ca7ff294f9a65 P b497dbd6bd1a4c998891b00d2493a1bb [term 1 FOLLOWER]: Refusing update from remote peer 6f1af300e1d549d6b1cdd8bf3b9aeb9c: Log matching property violated. Preceding OpId in replica: term: 0 index: 0. Preceding OpId from leader: term: 1 index: 1. (index mismatch)
I0727 04:14:19.459780 20882 tablet_service.cc:672] Processing CreateTablet for tablet 2e218299a7544189abcd9528822da88f (table=impala::functional_kudu.tinyinttable [id=71c2dd5b0a464c509ee4e2d807157678]), partition=RANGE (int_col) PARTITION 3 <= VALUES < 5
I0727 04:14:19.459974 20883 tablet_service.cc:672] Processing CreateTablet for tablet 898284ff17af46cd81519d0205e6be79 (table=impala::functional_kudu.tinyinttable [id=71c2dd5b0a464c509ee4e2d807157678]), partition=RANGE (int_col) PARTITION VALUES < 3
I0727 04:14:19.460089 20881 tablet_service.cc:672] Processing CreateTablet for tablet 11c1d1569ff640f29edb25102a4acede (table=impala::functional_kudu.tinyinttable [id=71c2dd5b0a464c509ee4e2d807157678]), partition=RANGE (int_col) PARTITION 5 <= VALUES < 7
I0727 04:14:19.460614 20882 ts_tablet_manager.cc:871] T 2e218299a7544189abcd9528822da88f P b497dbd6bd1a4c998891b00d2493a1bb: Registered tablet (data state: TABLET_DATA_READY)
I0727 04:14:19.460706 20880 tablet_service.cc:672] Processing CreateTablet for tablet 623c6519a7454112b5c9162c3cffd481 (table=impala::functional_kudu.tinyinttable [id=71c2dd5b0a464c509ee4e2d807157678]), partition=RANGE (int_col) PARTITION 7 <= VALUES < 9
I0727 04:14:19.461297 20883 ts_tablet_manager.cc:871] T 898284ff17af46cd81519d0205e6be79 P b497dbd6bd1a4c998891b00d2493a1bb: Registered tablet (data state: TABLET_DATA_READY)
I0727 04:14:19.461333 20880 ts_tablet_manager.cc:871] T 623c6519a7454112b5c9162c3cffd481 P b497dbd6bd1a4c998891b00d2493a1bb: Registered tablet (data state: TABLET_DATA_READY)
I0727 04:14:19.461379 20879 tablet_service.cc:672] Processing CreateTablet for tablet 359b49dfe7c049c1ad7c5c5ac349950b (table=impala::functional_kudu.tinyinttable [id=71c2dd5b0a464c509ee4e2d807157678]), partition=RANGE (int_col) PARTITION VALUES >= 9
I0727 04:14:19.461932 20881 ts_tablet_manager.cc:871] T 11c1d1569ff640f29edb25102a4acede P b497dbd6bd1a4c998891b00d2493a1bb: Registered tablet (data state: TABLET_DATA_READY)
I0727 04:14:19.463335 20879 ts_tablet_manager.cc:871] T 359b49dfe7c049c1ad7c5c5ac349950b P b497dbd6bd1a4c998891b00d2493a1bb: Registered tablet (data state: TABLET_DATA_READY)
I0727 04:14:19.466725 51700 ts_tablet_manager.cc:741] T 2e218299a7544189abcd9528822da88f P b497dbd6bd1a4c998891b00d2493a1bb: Bootstrapping tablet
I0727 04:14:19.466747 51700 tablet_bootstrap.cc:406] T 2e218299a7544189abcd9528822da88f P b497dbd6bd1a4c998891b00d2493a1bb: Bootstrap starting.
I0727 04:14:19.466955 51700 tablet_bootstrap.cc:547] T 2e218299a7544189abcd9528822da88f P b497dbd6bd1a4c998891b00d2493a1bb: No blocks or log segments found. Creating new log.
I0727 04:14:19.467972 51700 tablet_bootstrap.cc:406] T 2e218299a7544189abcd9528822da88f P b497dbd6bd1a4c998891b00d2493a1bb: No bootstrap required, opened a new log
I0727 04:14:19.468000 51700 ts_tablet_manager.cc:746] T 2e218299a7544189abcd9528822da88f P b497dbd6bd1a4c998891b00d2493a1bb: Time spent bootstrapping tablet: real 0.001s	user 0.000s	sys 0.001s
I0727 04:14:19.468325 51700 raft_consensus.cc:284] T 2e218299a7544189abcd9528822da88f P b497dbd6bd1a4c998891b00d2493a1bb [term 0 FOLLOWER]: Replica starting. Triggering 0 pending transactions. Active config: opid_index: -1 OBSOLETE_local: false peers { permanent_uuid: "3a3c735705964e1badb66c37a66a9096" member_type: VOTER last_known_addr { host: "ip-172-31-12-168" port: 31200 } } peers { permanent_uuid: "b497dbd6bd1a4c998891b00d2493a1bb" member_type: VOTER last_known_addr { host: "ip-172-31-12-168" port: 31202 } } peers { permanent_uuid: "6f1af300e1d549d6b1cdd8bf3b9aeb9c" member_type: VOTER last_known_addr { host: "ip-172-31-12-168" port: 31201 } }
I0727 04:14:19.468344 51700 raft_consensus.cc:316] T 2e218299a7544189abcd9528822da88f P b497dbd6bd1a4c998891b00d2493a1bb [term 0 FOLLOWER]: Consensus starting up: Expiring failure detector timer to make a prompt election more likely
I0727 04:14:19.468351 51700 raft_consensus.cc:560] T 2e218299a7544189abcd9528822da88f P b497dbd6bd1a4c998891b00d2493a1bb [term 0 FOLLOWER]: Becoming Follower/Learner. State: Replica: b497dbd6bd1a4c998891b00d2493a1bb, State: Running, Role: FOLLOWER
I0727 04:14:19.468365 51700 consensus_queue.cc:186] T 2e218299a7544189abcd9528822da88f P b497dbd6bd1a4c998891b00d2493a1bb [NON_LEADER]: Queue going to NON_LEADER mode. State: All replicated index: 0, Majority replicated index: 0, Committed index: 0, Last appended: 0.0, Last appended by leader: 0, Current term: 0, Majority size: -1, State: 1, Mode: NON_LEADER
I0727 04:14:19.468451 51700 ts_tablet_manager.cc:775] T 2e218299a7544189abcd9528822da88f P b497dbd6bd1a4c998891b00d2493a1bb: Time spent starting tablet: real 0.000s	user 0.000s	sys 0.000s
I0727 04:14:19.468469 51700 ts_tablet_manager.cc:741] T 898284ff17af46cd81519d0205e6be79 P b497dbd6bd1a4c998891b00d2493a1bb: Bootstrapping tablet
I0727 04:14:19.468482 51700 tablet_bootstrap.cc:406] T 898284ff17af46cd81519d0205e6be79 P b497dbd6bd1a4c998891b00d2493a1bb: Bootstrap starting.
I0727 04:14:19.468655 51700 tablet_bootstrap.cc:547] T 898284ff17af46cd81519d0205e6be79 P b497dbd6bd1a4c998891b00d2493a1bb: No blocks or log segments found. Creating new log.
I0727 04:14:19.469102 51700 tablet_bootstrap.cc:406] T 898284ff17af46cd81519d0205e6be79 P b497dbd6bd1a4c998891b00d2493a1bb: No bootstrap required, opened a new log
I0727 04:14:19.469122 51700 ts_tablet_manager.cc:746] T 898284ff17af46cd81519d0205e6be79 P b497dbd6bd1a4c998891b00d2493a1bb: Time spent bootstrapping tablet: real 0.001s	user 0.000s	sys 0.000s
I0727 04:14:19.469256 51700 raft_consensus.cc:284] T 898284ff17af46cd81519d0205e6be79 P b497dbd6bd1a4c998891b00d2493a1bb [term 0 FOLLOWER]: Replica starting. Triggering 0 pending transactions. Active config: opid_index: -1 OBSOLETE_local: false peers { permanent_uuid: "3a3c735705964e1badb66c37a66a9096" member_type: VOTER last_known_addr { host: "ip-172-31-12-168" port: 31200 } } peers { permanent_uuid: "b497dbd6bd1a4c998891b00d2493a1bb" member_type: VOTER last_known_addr { host: "ip-172-31-12-168" port: 31202 } } peers { permanent_uuid: "6f1af300e1d549d6b1cdd8bf3b9aeb9c" member_type: VOTER last_known_addr { host: "ip-172-31-12-168" port: 31201 } }
I0727 04:14:19.469281 51700 raft_consensus.cc:316] T 898284ff17af46cd81519d0205e6be79 P b497dbd6bd1a4c998891b00d2493a1bb [term 0 FOLLOWER]: Consensus starting up: Expiring failure detector timer to make a prompt election more likely
I0727 04:14:19.469310 51700 raft_consensus.cc:560] T 898284ff17af46cd81519d0205e6be79 P b497dbd6bd1a4c998891b00d2493a1bb [term 0 FOLLOWER]: Becoming Follower/Learner. State: Replica: b497dbd6bd1a4c998891b00d2493a1bb, State: Running, Role: FOLLOWER
I0727 04:14:19.469326 51700 consensus_queue.cc:186] T 898284ff17af46cd81519d0205e6be79 P b497dbd6bd1a4c998891b00d2493a1bb [NON_LEADER]: Queue going to NON_LEADER mode. State: All replicated index: 0, Majority replicated index: 0, Committed index: 0, Last appended: 0.0, Last appended by leader: 0, Current term: 0, Majority size: -1, State: 1, Mode: NON_LEADER
I0727 04:14:19.469374 51700 ts_tablet_manager.cc:775] T 898284ff17af46cd81519d0205e6be79 P b497dbd6bd1a4c998891b00d2493a1bb: Time spent starting tablet: real 0.000s	user 0.000s	sys 0.000s
I0727 04:14:19.469391 51700 ts_tablet_manager.cc:741] T 623c6519a7454112b5c9162c3cffd481 P b497dbd6bd1a4c998891b00d2493a1bb: Bootstrapping tablet
I0727 04:14:19.469403 51700 tablet_bootstrap.cc:406] T 623c6519a7454112b5c9162c3cffd481 P b497dbd6bd1a4c998891b00d2493a1bb: Bootstrap starting.
I0727 04:14:19.469586 51700 tablet_bootstrap.cc:547] T 623c6519a7454112b5c9162c3cffd481 P b497dbd6bd1a4c998891b00d2493a1bb: No blocks or log segments found. Creating new log.
I0727 04:14:19.483862 51700 tablet_bootstrap.cc:406] T 623c6519a7454112b5c9162c3cffd481 P b497dbd6bd1a4c998891b00d2493a1bb: No bootstrap required, opened a new log
I0727 04:14:19.483901 51700 ts_tablet_manager.cc:746] T 623c6519a7454112b5c9162c3cffd481 P b497dbd6bd1a4c998891b00d2493a1bb: Time spent bootstrapping tablet: real 0.014s	user 0.001s	sys 0.000s
I0727 04:14:19.485278 51700 raft_consensus.cc:284] T 623c6519a7454112b5c9162c3cffd481 P b497dbd6bd1a4c998891b00d2493a1bb [term 0 FOLLOWER]: Replica starting. Triggering 0 pending transactions. Active config: opid_index: -1 OBSOLETE_local: false peers { permanent_uuid: "b497dbd6bd1a4c998891b00d2493a1bb" member_type: VOTER last_known_addr { host: "ip-172-31-12-168" port: 31202 } } peers { permanent_uuid: "3a3c735705964e1badb66c37a66a9096" member_type: VOTER last_known_addr { host: "ip-172-31-12-168" port: 31200 } } peers { permanent_uuid: "6f1af300e1d549d6b1cdd8bf3b9aeb9c" member_type: VOTER last_known_addr { host: "ip-172-31-12-168" port: 31201 } }
I0727 04:14:19.485473 51700 raft_consensus.cc:316] T 623c6519a7454112b5c9162c3cffd481 P b497dbd6bd1a4c998891b00d2493a1bb [term 0 FOLLOWER]: Consensus starting up: Expiring failure detector timer to make a prompt election more likely
I0727 04:14:19.485481 51700 raft_consensus.cc:560] T 623c6519a7454112b5c9162c3cffd481 P b497dbd6bd1a4c998891b00d2493a1bb [term 0 FOLLOWER]: Becoming Follower/Learner. State: Replica: b497dbd6bd1a4c998891b00d2493a1bb, State: Running, Role: FOLLOWER
I0727 04:14:19.485488 51700 consensus_queue.cc:186] T 623c6519a7454112b5c9162c3cffd481 P b497dbd6bd1a4c998891b00d2493a1bb [NON_LEADER]: Queue going to NON_LEADER mode. State: All replicated index: 0, Majority replicated index: 0, Committed index: 0, Last appended: 0.0, Last appended by leader: 0, Current term: 0, Majority size: -1, State: 1, Mode: NON_LEADER
I0727 04:14:19.485546 51700 ts_tablet_manager.cc:775] T 623c6519a7454112b5c9162c3cffd481 P b497dbd6bd1a4c998891b00d2493a1bb: Time spent starting tablet: real 0.002s	user 0.000s	sys 0.000s
I0727 04:14:19.485566 51700 ts_tablet_manager.cc:741] T 11c1d1569ff640f29edb25102a4acede P b497dbd6bd1a4c998891b00d2493a1bb: Bootstrapping tablet
I0727 04:14:19.485581 51700 tablet_bootstrap.cc:406] T 11c1d1569ff640f29edb25102a4acede P b497dbd6bd1a4c998891b00d2493a1bb: Bootstrap starting.
I0727 04:14:19.485786 51700 tablet_bootstrap.cc:547] T 11c1d1569ff640f29edb25102a4acede P b497dbd6bd1a4c998891b00d2493a1bb: No blocks or log segments found. Creating new log.
I0727 04:14:19.486220 51700 tablet_bootstrap.cc:406] T 11c1d1569ff640f29edb25102a4acede P b497dbd6bd1a4c998891b00d2493a1bb: No bootstrap required, opened a new log
I0727 04:14:19.486238 51700 ts_tablet_manager.cc:746] T 11c1d1569ff640f29edb25102a4acede P b497dbd6bd1a4c998891b00d2493a1bb: Time spent bootstrapping tablet: real 0.001s	user 0.001s	sys 0.000s
I0727 04:14:19.486564 51700 raft_consensus.cc:284] T 11c1d1569ff640f29edb25102a4acede P b497dbd6bd1a4c998891b00d2493a1bb [term 0 FOLLOWER]: Replica starting. Triggering 0 pending transactions. Active config: opid_index: -1 OBSOLETE_local: false peers { permanent_uuid: "3a3c735705964e1badb66c37a66a9096" member_type: VOTER last_known_addr { host: "ip-172-31-12-168" port: 31200 } } peers { permanent_uuid: "b497dbd6bd1a4c998891b00d2493a1bb" member_type: VOTER last_known_addr { host: "ip-172-31-12-168" port: 31202 } } peers { permanent_uuid: "6f1af300e1d549d6b1cdd8bf3b9aeb9c" member_type: VOTER last_known_addr { host: "ip-172-31-12-168" port: 31201 } }
I0727 04:14:19.486580 51700 raft_consensus.cc:316] T 11c1d1569ff640f29edb25102a4acede P b497dbd6bd1a4c998891b00d2493a1bb [term 0 FOLLOWER]: Consensus starting up: Expiring failure detector timer to make a prompt election more likely
I0727 04:14:19.486585 51700 raft_consensus.cc:560] T 11c1d1569ff640f29edb25102a4acede P b497dbd6bd1a4c998891b00d2493a1bb [term 0 FOLLOWER]: Becoming Follower/Learner. State: Replica: b497dbd6bd1a4c998891b00d2493a1bb, State: Running, Role: FOLLOWER
I0727 04:14:19.486593 51700 consensus_queue.cc:186] T 11c1d1569ff640f29edb25102a4acede P b497dbd6bd1a4c998891b00d2493a1bb [NON_LEADER]: Queue going to NON_LEADER mode. State: All replicated index: 0, Majority replicated index: 0, Committed index: 0, Last appended: 0.0, Last appended by leader: 0, Current term: 0, Majority size: -1, State: 1, Mode: NON_LEADER
I0727 04:14:19.486676 51700 ts_tablet_manager.cc:775] T 11c1d1569ff640f29edb25102a4acede P b497dbd6bd1a4c998891b00d2493a1bb: Time spent starting tablet: real 0.000s	user 0.000s	sys 0.000s
I0727 04:14:19.486702 51700 ts_tablet_manager.cc:741] T 359b49dfe7c049c1ad7c5c5ac349950b P b497dbd6bd1a4c998891b00d2493a1bb: Bootstrapping tablet
I0727 04:14:19.486718 51700 tablet_bootstrap.cc:406] T 359b49dfe7c049c1ad7c5c5ac349950b P b497dbd6bd1a4c998891b00d2493a1bb: Bootstrap starting.
I0727 04:14:19.486891 51700 tablet_bootstrap.cc:547] T 359b49dfe7c049c1ad7c5c5ac349950b P b497dbd6bd1a4c998891b00d2493a1bb: No blocks or log segments found. Creating new log.
I0727 04:14:19.487325 51700 tablet_bootstrap.cc:406] T 359b49dfe7c049c1ad7c5c5ac349950b P b497dbd6bd1a4c998891b00d2493a1bb: No bootstrap required, opened a new log
I0727 04:14:19.487352 51700 ts_tablet_manager.cc:746] T 359b49dfe7c049c1ad7c5c5ac349950b P b497dbd6bd1a4c998891b00d2493a1bb: Time spent bootstrapping tablet: real 0.001s	user 0.000s	sys 0.000s
I0727 04:14:19.487655 51700 raft_consensus.cc:284] T 359b49dfe7c049c1ad7c5c5ac349950b P b497dbd6bd1a4c998891b00d2493a1bb [term 0 FOLLOWER]: Replica starting. Triggering 0 pending transactions. Active config: opid_index: -1 OBSOLETE_local: false peers { permanent_uuid: "3a3c735705964e1badb66c37a66a9096" member_type: VOTER last_known_addr { host: "ip-172-31-12-168" port: 31200 } } peers { permanent_uuid: "b497dbd6bd1a4c998891b00d2493a1bb" member_type: VOTER last_known_addr { host: "ip-172-31-12-168" port: 31202 } } peers { permanent_uuid: "6f1af300e1d549d6b1cdd8bf3b9aeb9c" member_type: VOTER last_known_addr { host: "ip-172-31-12-168" port: 31201 } }
I0727 04:14:19.487678 51700 raft_consensus.cc:316] T 359b49dfe7c049c1ad7c5c5ac349950b P b497dbd6bd1a4c998891b00d2493a1bb [term 0 FOLLOWER]: Consensus starting up: Expiring failure detector timer to make a prompt election more likely
I0727 04:14:19.487689 51700 raft_consensus.cc:560] T 359b49dfe7c049c1ad7c5c5ac349950b P b497dbd6bd1a4c998891b00d2493a1bb [term 0 FOLLOWER]: Becoming Follower/Learner. State: Replica: b497dbd6bd1a4c998891b00d2493a1bb, State: Running, Role: FOLLOWER
I0727 04:14:19.487701 51700 consensus_queue.cc:186] T 359b49dfe7c049c1ad7c5c5ac349950b P b497dbd6bd1a4c998891b00d2493a1bb [NON_LEADER]: Queue going to NON_LEADER mode. State: All replicated index: 0, Majority replicated index: 0, Committed index: 0, Last appended: 0.0, Last appended by leader: 0, Current term: 0, Majority size: -1, State: 1, Mode: NON_LEADER
I0727 04:14:19.487793 51700 ts_tablet_manager.cc:775] T 359b49dfe7c049c1ad7c5c5ac349950b P b497dbd6bd1a4c998891b00d2493a1bb: Time spent starting tablet: real 0.000s	user 0.001s	sys 0.000s
I0727 04:14:19.555361 20917 raft_consensus.cc:2372] T 623c6519a7454112b5c9162c3cffd481 P b497dbd6bd1a4c998891b00d2493a1bb: Snoozing failure detection for election timeout plus an additional 1.891s
I0727 04:14:19.555387 20917 raft_consensus.cc:1943] T 623c6519a7454112b5c9162c3cffd481 P b497dbd6bd1a4c998891b00d2493a1bb [term 0 FOLLOWER]: Leader pre-election vote request: Granting yes vote for candidate 3a3c735705964e1badb66c37a66a9096 in term 0.
I0727 04:14:19.556308 20917 raft_consensus.cc:2419] T 623c6519a7454112b5c9162c3cffd481 P b497dbd6bd1a4c998891b00d2493a1bb [term 0 FOLLOWER]: Advancing to term 1
I0727 04:14:19.556354 20917 raft_consensus.cc:2372] T 623c6519a7454112b5c9162c3cffd481 P b497dbd6bd1a4c998891b00d2493a1bb: Snoozing failure detection for election timeout plus an additional 1.761s
I0727 04:14:19.556819 20917 raft_consensus.cc:1943] T 623c6519a7454112b5c9162c3cffd481 P b497dbd6bd1a4c998891b00d2493a1bb [term 1 FOLLOWER]: Leader election vote request: Granting yes vote for candidate 3a3c735705964e1badb66c37a66a9096 in term 1.
I0727 04:14:19.718504 51730 raft_consensus.cc:411] T 11c1d1569ff640f29edb25102a4acede P b497dbd6bd1a4c998891b00d2493a1bb [term 0 FOLLOWER]: Starting pre-election (no leader contacted us within the election timeout)
I0727 04:14:19.718531 51730 raft_consensus.cc:2372] T 11c1d1569ff640f29edb25102a4acede P b497dbd6bd1a4c998891b00d2493a1bb: Snoozing failure detection for election timeout plus an additional 1.517s
I0727 04:14:19.718569 51730 raft_consensus.cc:435] T 11c1d1569ff640f29edb25102a4acede P b497dbd6bd1a4c998891b00d2493a1bb [term 0 FOLLOWER]: Starting pre-election with config: opid_index: -1 OBSOLETE_local: false peers { permanent_uuid: "3a3c735705964e1badb66c37a66a9096" member_type: VOTER last_known_addr { host: "ip-172-31-12-168" port: 31200 } } peers { permanent_uuid: "b497dbd6bd1a4c998891b00d2493a1bb" member_type: VOTER last_known_addr { host: "ip-172-31-12-168" port: 31202 } } peers { permanent_uuid: "6f1af300e1d549d6b1cdd8bf3b9aeb9c" member_type: VOTER last_known_addr { host: "ip-172-31-12-168" port: 31201 } }
I0727 04:14:19.718721 51730 leader_election.cc:217] T 11c1d1569ff640f29edb25102a4acede P b497dbd6bd1a4c998891b00d2493a1bb [CANDIDATE]: Term 1 pre-election: Requesting pre-vote from peer 3a3c735705964e1badb66c37a66a9096
I0727 04:14:19.718746 51730 leader_election.cc:217] T 11c1d1569ff640f29edb25102a4acede P b497dbd6bd1a4c998891b00d2493a1bb [CANDIDATE]: Term 1 pre-election: Requesting pre-vote from peer 6f1af300e1d549d6b1cdd8bf3b9aeb9c
I0727 04:14:19.718883 20838 leader_election.cc:349] T 11c1d1569ff640f29edb25102a4acede P b497dbd6bd1a4c998891b00d2493a1bb [CANDIDATE]: Term 1 pre-election: Vote granted by peer 3a3c735705964e1badb66c37a66a9096
I0727 04:14:19.718894 20838 leader_election.cc:244] T 11c1d1569ff640f29edb25102a4acede P b497dbd6bd1a4c998891b00d2493a1bb [CANDIDATE]: Term 1 pre-election: Election decided. Result: candidate won.
I0727 04:14:19.718909 20838 leader_election.cc:349] T 11c1d1569ff640f29edb25102a4acede P b497dbd6bd1a4c998891b00d2493a1bb [CANDIDATE]: Term 1 pre-election: Vote granted by peer 6f1af300e1d549d6b1cdd8bf3b9aeb9c
I0727 04:14:19.718926 50046 raft_consensus.cc:2372] T 11c1d1569ff640f29edb25102a4acede P b497dbd6bd1a4c998891b00d2493a1bb: Snoozing failure detection for election timeout plus an additional 2.108s
I0727 04:14:19.718942 50046 raft_consensus.cc:2176] T 11c1d1569ff640f29edb25102a4acede P b497dbd6bd1a4c998891b00d2493a1bb [term 0 FOLLOWER]: Leader pre-election won for term 1
I0727 04:14:19.718945 50046 raft_consensus.cc:411] T 11c1d1569ff640f29edb25102a4acede P b497dbd6bd1a4c998891b00d2493a1bb [term 0 FOLLOWER]: Starting leader election (no leader contacted us within the election timeout)
I0727 04:14:19.718950 50046 raft_consensus.cc:2372] T 11c1d1569ff640f29edb25102a4acede P b497dbd6bd1a4c998891b00d2493a1bb: Snoozing failure detection for election timeout plus an additional 2.222s
I0727 04:14:19.718953 50046 raft_consensus.cc:2419] T 11c1d1569ff640f29edb25102a4acede P b497dbd6bd1a4c998891b00d2493a1bb [term 0 FOLLOWER]: Advancing to term 1
I0727 04:14:19.719307 50046 raft_consensus.cc:435] T 11c1d1569ff640f29edb25102a4acede P b497dbd6bd1a4c998891b00d2493a1bb [term 1 FOLLOWER]: Starting leader election with config: opid_index: -1 OBSOLETE_local: false peers { permanent_uuid: "3a3c735705964e1badb66c37a66a9096" member_type: VOTER last_known_addr { host: "ip-172-31-12-168" port: 31200 } } peers { permanent_uuid: "b497dbd6bd1a4c998891b00d2493a1bb" member_type: VOTER last_known_addr { host: "ip-172-31-12-168" port: 31202 } } peers { permanent_uuid: "6f1af300e1d549d6b1cdd8bf3b9aeb9c" member_type: VOTER last_known_addr { host: "ip-172-31-12-168" port: 31201 } }
I0727 04:14:19.719413 50046 leader_election.cc:217] T 11c1d1569ff640f29edb25102a4acede P b497dbd6bd1a4c998891b00d2493a1bb [CANDIDATE]: Term 1 election: Requesting vote from peer 3a3c735705964e1badb66c37a66a9096
I0727 04:14:19.719432 50046 leader_election.cc:217] T 11c1d1569ff640f29edb25102a4acede P b497dbd6bd1a4c998891b00d2493a1bb [CANDIDATE]: Term 1 election: Requesting vote from peer 6f1af300e1d549d6b1cdd8bf3b9aeb9c
I0727 04:14:19.719866 20838 leader_election.cc:349] T 11c1d1569ff640f29edb25102a4acede P b497dbd6bd1a4c998891b00d2493a1bb [CANDIDATE]: Term 1 election: Vote granted by peer 6f1af300e1d549d6b1cdd8bf3b9aeb9c
I0727 04:14:19.719874 20838 leader_election.cc:244] T 11c1d1569ff640f29edb25102a4acede P b497dbd6bd1a4c998891b00d2493a1bb [CANDIDATE]: Term 1 election: Election decided. Result: candidate won.
I0727 04:14:19.719884 20838 leader_election.cc:349] T 11c1d1569ff640f29edb25102a4acede P b497dbd6bd1a4c998891b00d2493a1bb [CANDIDATE]: Term 1 election: Vote granted by peer 3a3c735705964e1badb66c37a66a9096
I0727 04:14:19.719898 50010 raft_consensus.cc:2372] T 11c1d1569ff640f29edb25102a4acede P b497dbd6bd1a4c998891b00d2493a1bb: Snoozing failure detection for election timeout plus an additional 1.523s
I0727 04:14:19.719911 50010 raft_consensus.cc:2176] T 11c1d1569ff640f29edb25102a4acede P b497dbd6bd1a4c998891b00d2493a1bb [term 1 FOLLOWER]: Leader election won for term 1
I0727 04:14:19.719923 50010 raft_consensus.cc:528] T 11c1d1569ff640f29edb25102a4acede P b497dbd6bd1a4c998891b00d2493a1bb [term 1 LEADER]: Becoming Leader. State: Replica: b497dbd6bd1a4c998891b00d2493a1bb, State: Running, Role: LEADER
I0727 04:14:19.719949 50010 consensus_queue.cc:165] T 11c1d1569ff640f29edb25102a4acede P b497dbd6bd1a4c998891b00d2493a1bb [LEADER]: Queue going to LEADER mode. State: All replicated index: 0, Majority replicated index: 0, Committed index: 0, Last appended: 0.0, Last appended by leader: 0, Current term: 1, Majority size: 2, State: 1, Mode: LEADER, active raft config: opid_index: -1 OBSOLETE_local: false peers { permanent_uuid: "3a3c735705964e1badb66c37a66a9096" member_type: VOTER last_known_addr { host: "ip-172-31-12-168" port: 31200 } } peers { permanent_uuid: "b497dbd6bd1a4c998891b00d2493a1bb" member_type: VOTER last_known_addr { host: "ip-172-31-12-168" port: 31202 } } peers { permanent_uuid: "6f1af300e1d549d6b1cdd8bf3b9aeb9c" member_type: VOTER last_known_addr { host: "ip-172-31-12-168" port: 31201 } }
I0727 04:14:19.793169 20917 raft_consensus.cc:2372] T 359b49dfe7c049c1ad7c5c5ac349950b P b497dbd6bd1a4c998891b00d2493a1bb: Snoozing failure detection for election timeout plus an additional 2.199s
I0727 04:14:19.793184 20917 raft_consensus.cc:1943] T 359b49dfe7c049c1ad7c5c5ac349950b P b497dbd6bd1a4c998891b00d2493a1bb [term 0 FOLLOWER]: Leader pre-election vote request: Granting yes vote for candidate 6f1af300e1d549d6b1cdd8bf3b9aeb9c in term 0.
I0727 04:14:19.793793 20917 raft_consensus.cc:2419] T 359b49dfe7c049c1ad7c5c5ac349950b P b497dbd6bd1a4c998891b00d2493a1bb [term 0 FOLLOWER]: Advancing to term 1
I0727 04:14:19.793808 20917 raft_consensus.cc:2372] T 359b49dfe7c049c1ad7c5c5ac349950b P b497dbd6bd1a4c998891b00d2493a1bb: Snoozing failure detection for election timeout plus an additional 1.752s
I0727 04:14:19.794082 20917 raft_consensus.cc:1943] T 359b49dfe7c049c1ad7c5c5ac349950b P b497dbd6bd1a4c998891b00d2493a1bb [term 1 FOLLOWER]: Leader election vote request: Granting yes vote for candidate 6f1af300e1d549d6b1cdd8bf3b9aeb9c in term 1.
I0727 04:14:19.802369 51718 raft_consensus.cc:411] T 898284ff17af46cd81519d0205e6be79 P b497dbd6bd1a4c998891b00d2493a1bb [term 0 FOLLOWER]: Starting pre-election (no leader contacted us within the election timeout)
I0727 04:14:19.802387 51718 raft_consensus.cc:2372] T 898284ff17af46cd81519d0205e6be79 P b497dbd6bd1a4c998891b00d2493a1bb: Snoozing failure detection for election timeout plus an additional 1.835s
I0727 04:14:19.802415 51718 raft_consensus.cc:435] T 898284ff17af46cd81519d0205e6be79 P b497dbd6bd1a4c998891b00d2493a1bb [term 0 FOLLOWER]: Starting pre-election with config: opid_index: -1 OBSOLETE_local: false peers { permanent_uuid: "3a3c735705964e1badb66c37a66a9096" member_type: VOTER last_known_addr { host: "ip-172-31-12-168" port: 31200 } } peers { permanent_uuid: "b497dbd6bd1a4c998891b00d2493a1bb" member_type: VOTER last_known_addr { host: "ip-172-31-12-168" port: 31202 } } peers { permanent_uuid: "6f1af300e1d549d6b1cdd8bf3b9aeb9c" member_type: VOTER last_known_addr { host: "ip-172-31-12-168" port: 31201 } }
I0727 04:14:19.802551 51718 leader_election.cc:217] T 898284ff17af46cd81519d0205e6be79 P b497dbd6bd1a4c998891b00d2493a1bb [CANDIDATE]: Term 1 pre-election: Requesting pre-vote from peer 3a3c735705964e1badb66c37a66a9096
I0727 04:14:19.802573 51718 leader_election.cc:217] T 898284ff17af46cd81519d0205e6be79 P b497dbd6bd1a4c998891b00d2493a1bb [CANDIDATE]: Term 1 pre-election: Requesting pre-vote from peer 6f1af300e1d549d6b1cdd8bf3b9aeb9c
I0727 04:14:19.802698 20838 leader_election.cc:349] T 898284ff17af46cd81519d0205e6be79 P b497dbd6bd1a4c998891b00d2493a1bb [CANDIDATE]: Term 1 pre-election: Vote granted by peer 3a3c735705964e1badb66c37a66a9096
I0727 04:14:19.802709 20838 leader_election.cc:244] T 898284ff17af46cd81519d0205e6be79 P b497dbd6bd1a4c998891b00d2493a1bb [CANDIDATE]: Term 1 pre-election: Election decided. Result: candidate won.
I0727 04:14:19.802728 20838 leader_election.cc:349] T 898284ff17af46cd81519d0205e6be79 P b497dbd6bd1a4c998891b00d2493a1bb [CANDIDATE]: Term 1 pre-election: Vote granted by peer 6f1af300e1d549d6b1cdd8bf3b9aeb9c
I0727 04:14:19.802733 50010 raft_consensus.cc:2372] T 898284ff17af46cd81519d0205e6be79 P b497dbd6bd1a4c998891b00d2493a1bb: Snoozing failure detection for election timeout plus an additional 1.640s
I0727 04:14:19.802742 50010 raft_consensus.cc:2176] T 898284ff17af46cd81519d0205e6be79 P b497dbd6bd1a4c998891b00d2493a1bb [term 0 FOLLOWER]: Leader pre-election won for term 1
I0727 04:14:19.802749 50010 raft_consensus.cc:411] T 898284ff17af46cd81519d0205e6be79 P b497dbd6bd1a4c998891b00d2493a1bb [term 0 FOLLOWER]: Starting leader election (no leader contacted us within the election timeout)
I0727 04:14:19.802753 50010 raft_consensus.cc:2372] T 898284ff17af46cd81519d0205e6be79 P b497dbd6bd1a4c998891b00d2493a1bb: Snoozing failure detection for election timeout plus an additional 1.553s
I0727 04:14:19.802760 50010 raft_consensus.cc:2419] T 898284ff17af46cd81519d0205e6be79 P b497dbd6bd1a4c998891b00d2493a1bb [term 0 FOLLOWER]: Advancing to term 1
I0727 04:14:19.803036 50010 raft_consensus.cc:435] T 898284ff17af46cd81519d0205e6be79 P b497dbd6bd1a4c998891b00d2493a1bb [term 1 FOLLOWER]: Starting leader election with config: opid_index: -1 OBSOLETE_local: false peers { permanent_uuid: "3a3c735705964e1badb66c37a66a9096" member_type: VOTER last_known_addr { host: "ip-172-31-12-168" port: 31200 } } peers { permanent_uuid: "b497dbd6bd1a4c998891b00d2493a1bb" member_type: VOTER last_known_addr { host: "ip-172-31-12-168" port: 31202 } } peers { permanent_uuid: "6f1af300e1d549d6b1cdd8bf3b9aeb9c" member_type: VOTER last_known_addr { host: "ip-172-31-12-168" port: 31201 } }
I0727 04:14:19.803130 50010 leader_election.cc:217] T 898284ff17af46cd81519d0205e6be79 P b497dbd6bd1a4c998891b00d2493a1bb [CANDIDATE]: Term 1 election: Requesting vote from peer 3a3c735705964e1badb66c37a66a9096
I0727 04:14:19.803149 50010 leader_election.cc:217] T 898284ff17af46cd81519d0205e6be79 P b497dbd6bd1a4c998891b00d2493a1bb [CANDIDATE]: Term 1 election: Requesting vote from peer 6f1af300e1d549d6b1cdd8bf3b9aeb9c
I0727 04:14:19.803470 20838 leader_election.cc:349] T 898284ff17af46cd81519d0205e6be79 P b497dbd6bd1a4c998891b00d2493a1bb [CANDIDATE]: Term 1 election: Vote granted by peer 3a3c735705964e1badb66c37a66a9096
I0727 04:14:19.803479 20838 leader_election.cc:244] T 898284ff17af46cd81519d0205e6be79 P b497dbd6bd1a4c998891b00d2493a1bb [CANDIDATE]: Term 1 election: Election decided. Result: candidate won.
I0727 04:14:19.803491 20838 leader_election.cc:349] T 898284ff17af46cd81519d0205e6be79 P b497dbd6bd1a4c998891b00d2493a1bb [CANDIDATE]: Term 1 election: Vote granted by peer 6f1af300e1d549d6b1cdd8bf3b9aeb9c
I0727 04:14:19.803513 50046 raft_consensus.cc:2372] T 898284ff17af46cd81519d0205e6be79 P b497dbd6bd1a4c998891b00d2493a1bb: Snoozing failure detection for election timeout plus an additional 2.135s
I0727 04:14:19.803527 50046 raft_consensus.cc:2176] T 898284ff17af46cd81519d0205e6be79 P b497dbd6bd1a4c998891b00d2493a1bb [term 1 FOLLOWER]: Leader election won for term 1
I0727 04:14:19.803548 50046 raft_consensus.cc:528] T 898284ff17af46cd81519d0205e6be79 P b497dbd6bd1a4c998891b00d2493a1bb [term 1 LEADER]: Becoming Leader. State: Replica: b497dbd6bd1a4c998891b00d2493a1bb, State: Running, Role: LEADER
I0727 04:14:19.803578 50046 consensus_queue.cc:165] T 898284ff17af46cd81519d0205e6be79 P b497dbd6bd1a4c998891b00d2493a1bb [LEADER]: Queue going to LEADER mode. State: All replicated index: 0, Majority replicated index: 0, Committed index: 0, Last appended: 0.0, Last appended by leader: 0, Current term: 1, Majority size: 2, State: 1, Mode: LEADER, active raft config: opid_index: -1 OBSOLETE_local: false peers { permanent_uuid: "3a3c735705964e1badb66c37a66a9096" member_type: VOTER last_known_addr { host: "ip-172-31-12-168" port: 31200 } } peers { permanent_uuid: "b497dbd6bd1a4c998891b00d2493a1bb" member_type: VOTER last_known_addr { host: "ip-172-31-12-168" port: 31202 } } peers { permanent_uuid: "6f1af300e1d549d6b1cdd8bf3b9aeb9c" member_type: VOTER last_known_addr { host: "ip-172-31-12-168" port: 31201 } }
I0727 04:14:19.828263 20917 raft_consensus.cc:944] T 623c6519a7454112b5c9162c3cffd481 P b497dbd6bd1a4c998891b00d2493a1bb [term 1 FOLLOWER]: Refusing update from remote peer 3a3c735705964e1badb66c37a66a9096: Log matching property violated. Preceding OpId in replica: term: 0 index: 0. Preceding OpId from leader: term: 1 index: 1. (index mismatch)
I0727 04:14:19.849117 20917 raft_consensus.cc:2372] T 2e218299a7544189abcd9528822da88f P b497dbd6bd1a4c998891b00d2493a1bb: Snoozing failure detection for election timeout plus an additional 1.632s
I0727 04:14:19.849133 20917 raft_consensus.cc:1943] T 2e218299a7544189abcd9528822da88f P b497dbd6bd1a4c998891b00d2493a1bb [term 0 FOLLOWER]: Leader pre-election vote request: Granting yes vote for candidate 6f1af300e1d549d6b1cdd8bf3b9aeb9c in term 0.
I0727 04:14:19.849663 20917 raft_consensus.cc:2419] T 2e218299a7544189abcd9528822da88f P b497dbd6bd1a4c998891b00d2493a1bb [term 0 FOLLOWER]: Advancing to term 1
I0727 04:14:19.849675 20917 raft_consensus.cc:2372] T 2e218299a7544189abcd9528822da88f P b497dbd6bd1a4c998891b00d2493a1bb: Snoozing failure detection for election timeout plus an additional 1.853s
I0727 04:14:19.849892 20917 raft_consensus.cc:1943] T 2e218299a7544189abcd9528822da88f P b497dbd6bd1a4c998891b00d2493a1bb [term 1 FOLLOWER]: Leader election vote request: Granting yes vote for candidate 6f1af300e1d549d6b1cdd8bf3b9aeb9c in term 1.
I0727 04:14:19.974555 50010 consensus_queue.cc:722] T 11c1d1569ff640f29edb25102a4acede P b497dbd6bd1a4c998891b00d2493a1bb [LEADER]: Connected to new peer: Peer: 6f1af300e1d549d6b1cdd8bf3b9aeb9c, Is new: false, Last received: 0.0, Next index: 1, Last known committed idx: 0, Last exchange result: ERROR, Needs tablet copy: false
I0727 04:14:19.975248 50046 consensus_queue.cc:722] T 11c1d1569ff640f29edb25102a4acede P b497dbd6bd1a4c998891b00d2493a1bb [LEADER]: Connected to new peer: Peer: 3a3c735705964e1badb66c37a66a9096, Is new: false, Last received: 0.0, Next index: 1, Last known committed idx: 0, Last exchange result: ERROR, Needs tablet copy: false
I0727 04:14:20.065518 20917 raft_consensus.cc:944] T 359b49dfe7c049c1ad7c5c5ac349950b P b497dbd6bd1a4c998891b00d2493a1bb [term 1 FOLLOWER]: Refusing update from remote peer 6f1af300e1d549d6b1cdd8bf3b9aeb9c: Log matching property violated. Preceding OpId in replica: term: 0 index: 0. Preceding OpId from leader: term: 1 index: 1. (index mismatch)
I0727 04:14:20.224706 50046 consensus_queue.cc:722] T 898284ff17af46cd81519d0205e6be79 P b497dbd6bd1a4c998891b00d2493a1bb [LEADER]: Connected to new peer: Peer: 6f1af300e1d549d6b1cdd8bf3b9aeb9c, Is new: false, Last received: 0.0, Next index: 1, Last known committed idx: 0, Last exchange result: ERROR, Needs tablet copy: false
I0727 04:14:20.225450 50029 consensus_queue.cc:722] T 898284ff17af46cd81519d0205e6be79 P b497dbd6bd1a4c998891b00d2493a1bb [LEADER]: Connected to new peer: Peer: 3a3c735705964e1badb66c37a66a9096, Is new: false, Last received: 0.0, Next index: 1, Last known committed idx: 0, Last exchange result: ERROR, Needs tablet copy: false
I0727 04:14:20.240344 20917 raft_consensus.cc:944] T 2e218299a7544189abcd9528822da88f P b497dbd6bd1a4c998891b00d2493a1bb [term 1 FOLLOWER]: Refusing update from remote peer 6f1af300e1d549d6b1cdd8bf3b9aeb9c: Log matching property violated. Preceding OpId in replica: term: 0 index: 0. Preceding OpId from leader: term: 1 index: 1. (index mismatch)
I0727 04:14:23.467283 20879 tablet_service.cc:672] Processing CreateTablet for tablet 816ca4638119479982af99a501389d05 (table=impala::functional_kudu.nulltable [id=8485cd43db7842fd899fbd555c0446d0]), partition=HASH (a) PARTITION 0
I0727 04:14:23.467335 20880 tablet_service.cc:672] Processing CreateTablet for tablet 66449f84c40b42b09232dda2ff2dbfb6 (table=impala::functional_kudu.nulltable [id=8485cd43db7842fd899fbd555c0446d0]), partition=HASH (a) PARTITION 2
I0727 04:14:23.467399 20881 tablet_service.cc:672] Processing CreateTablet for tablet 694406c5b7c84eb4ad91a73f8f37590e (table=impala::functional_kudu.nulltable [id=8485cd43db7842fd899fbd555c0446d0]), partition=HASH (a) PARTITION 1
I0727 04:14:23.468163 20879 ts_tablet_manager.cc:871] T 816ca4638119479982af99a501389d05 P b497dbd6bd1a4c998891b00d2493a1bb: Registered tablet (data state: TABLET_DATA_READY)
I0727 04:14:23.468189 20880 ts_tablet_manager.cc:871] T 66449f84c40b42b09232dda2ff2dbfb6 P b497dbd6bd1a4c998891b00d2493a1bb: Registered tablet (data state: TABLET_DATA_READY)
I0727 04:14:23.468340 20881 ts_tablet_manager.cc:871] T 694406c5b7c84eb4ad91a73f8f37590e P b497dbd6bd1a4c998891b00d2493a1bb: Registered tablet (data state: TABLET_DATA_READY)
I0727 04:14:23.468473 51803 ts_tablet_manager.cc:741] T 816ca4638119479982af99a501389d05 P b497dbd6bd1a4c998891b00d2493a1bb: Bootstrapping tablet
I0727 04:14:23.468497 51803 tablet_bootstrap.cc:406] T 816ca4638119479982af99a501389d05 P b497dbd6bd1a4c998891b00d2493a1bb: Bootstrap starting.
I0727 04:14:23.468708 51803 tablet_bootstrap.cc:547] T 816ca4638119479982af99a501389d05 P b497dbd6bd1a4c998891b00d2493a1bb: No blocks or log segments found. Creating new log.
I0727 04:14:23.469180 51803 tablet_bootstrap.cc:406] T 816ca4638119479982af99a501389d05 P b497dbd6bd1a4c998891b00d2493a1bb: No bootstrap required, opened a new log
I0727 04:14:23.469202 51803 ts_tablet_manager.cc:746] T 816ca4638119479982af99a501389d05 P b497dbd6bd1a4c998891b00d2493a1bb: Time spent bootstrapping tablet: real 0.001s	user 0.000s	sys 0.000s
I0727 04:14:23.469492 51803 raft_consensus.cc:284] T 816ca4638119479982af99a501389d05 P b497dbd6bd1a4c998891b00d2493a1bb [term 0 FOLLOWER]: Replica starting. Triggering 0 pending transactions. Active config: opid_index: -1 OBSOLETE_local: false peers { permanent_uuid: "3a3c735705964e1badb66c37a66a9096" member_type: VOTER last_known_addr { host: "ip-172-31-12-168" port: 31200 } } peers { permanent_uuid: "b497dbd6bd1a4c998891b00d2493a1bb" member_type: VOTER last_known_addr { host: "ip-172-31-12-168" port: 31202 } } peers { permanent_uuid: "6f1af300e1d549d6b1cdd8bf3b9aeb9c" member_type: VOTER last_known_addr { host: "ip-172-31-12-168" port: 31201 } }
I0727 04:14:23.469509 51803 raft_consensus.cc:316] T 816ca4638119479982af99a501389d05 P b497dbd6bd1a4c998891b00d2493a1bb [term 0 FOLLOWER]: Consensus starting up: Expiring failure detector timer to make a prompt election more likely
I0727 04:14:23.469512 51803 raft_consensus.cc:560] T 816ca4638119479982af99a501389d05 P b497dbd6bd1a4c998891b00d2493a1bb [term 0 FOLLOWER]: Becoming Follower/Learner. State: Replica: b497dbd6bd1a4c998891b00d2493a1bb, State: Running, Role: FOLLOWER
I0727 04:14:23.469521 51803 consensus_queue.cc:186] T 816ca4638119479982af99a501389d05 P b497dbd6bd1a4c998891b00d2493a1bb [NON_LEADER]: Queue going to NON_LEADER mode. State: All replicated index: 0, Majority replicated index: 0, Committed index: 0, Last appended: 0.0, Last appended by leader: 0, Current term: 0, Majority size: -1, State: 1, Mode: NON_LEADER
I0727 04:14:23.469568 51803 ts_tablet_manager.cc:775] T 816ca4638119479982af99a501389d05 P b497dbd6bd1a4c998891b00d2493a1bb: Time spent starting tablet: real 0.000s	user 0.000s	sys 0.000s
I0727 04:14:23.469580 51803 ts_tablet_manager.cc:741] T 66449f84c40b42b09232dda2ff2dbfb6 P b497dbd6bd1a4c998891b00d2493a1bb: Bootstrapping tablet
I0727 04:14:23.469588 51803 tablet_bootstrap.cc:406] T 66449f84c40b42b09232dda2ff2dbfb6 P b497dbd6bd1a4c998891b00d2493a1bb: Bootstrap starting.
I0727 04:14:23.469749 51803 tablet_bootstrap.cc:547] T 66449f84c40b42b09232dda2ff2dbfb6 P b497dbd6bd1a4c998891b00d2493a1bb: No blocks or log segments found. Creating new log.
I0727 04:14:23.470185 51803 tablet_bootstrap.cc:406] T 66449f84c40b42b09232dda2ff2dbfb6 P b497dbd6bd1a4c998891b00d2493a1bb: No bootstrap required, opened a new log
I0727 04:14:23.470197 51803 ts_tablet_manager.cc:746] T 66449f84c40b42b09232dda2ff2dbfb6 P b497dbd6bd1a4c998891b00d2493a1bb: Time spent bootstrapping tablet: real 0.001s	user 0.000s	sys 0.000s
I0727 04:14:23.470466 51803 raft_consensus.cc:284] T 66449f84c40b42b09232dda2ff2dbfb6 P b497dbd6bd1a4c998891b00d2493a1bb [term 0 FOLLOWER]: Replica starting. Triggering 0 pending transactions. Active config: opid_index: -1 OBSOLETE_local: false peers { permanent_uuid: "3a3c735705964e1badb66c37a66a9096" member_type: VOTER last_known_addr { host: "ip-172-31-12-168" port: 31200 } } peers { permanent_uuid: "b497dbd6bd1a4c998891b00d2493a1bb" member_type: VOTER last_known_addr { host: "ip-172-31-12-168" port: 31202 } } peers { permanent_uuid: "6f1af300e1d549d6b1cdd8bf3b9aeb9c" member_type: VOTER last_known_addr { host: "ip-172-31-12-168" port: 31201 } }
I0727 04:14:23.470477 51803 raft_consensus.cc:316] T 66449f84c40b42b09232dda2ff2dbfb6 P b497dbd6bd1a4c998891b00d2493a1bb [term 0 FOLLOWER]: Consensus starting up: Expiring failure detector timer to make a prompt election more likely
I0727 04:14:23.470480 51803 raft_consensus.cc:560] T 66449f84c40b42b09232dda2ff2dbfb6 P b497dbd6bd1a4c998891b00d2493a1bb [term 0 FOLLOWER]: Becoming Follower/Learner. State: Replica: b497dbd6bd1a4c998891b00d2493a1bb, State: Running, Role: FOLLOWER
I0727 04:14:23.470487 51803 consensus_queue.cc:186] T 66449f84c40b42b09232dda2ff2dbfb6 P b497dbd6bd1a4c998891b00d2493a1bb [NON_LEADER]: Queue going to NON_LEADER mode. State: All replicated index: 0, Majority replicated index: 0, Committed index: 0, Last appended: 0.0, Last appended by leader: 0, Current term: 0, Majority size: -1, State: 1, Mode: NON_LEADER
I0727 04:14:23.470543 51803 ts_tablet_manager.cc:775] T 66449f84c40b42b09232dda2ff2dbfb6 P b497dbd6bd1a4c998891b00d2493a1bb: Time spent starting tablet: real 0.000s	user 0.000s	sys 0.000s
I0727 04:14:23.470559 51803 ts_tablet_manager.cc:741] T 694406c5b7c84eb4ad91a73f8f37590e P b497dbd6bd1a4c998891b00d2493a1bb: Bootstrapping tablet
I0727 04:14:23.470568 51803 tablet_bootstrap.cc:406] T 694406c5b7c84eb4ad91a73f8f37590e P b497dbd6bd1a4c998891b00d2493a1bb: Bootstrap starting.
I0727 04:14:23.470719 51803 tablet_bootstrap.cc:547] T 694406c5b7c84eb4ad91a73f8f37590e P b497dbd6bd1a4c998891b00d2493a1bb: No blocks or log segments found. Creating new log.
I0727 04:14:23.471170 51803 tablet_bootstrap.cc:406] T 694406c5b7c84eb4ad91a73f8f37590e P b497dbd6bd1a4c998891b00d2493a1bb: No bootstrap required, opened a new log
I0727 04:14:23.471187 51803 ts_tablet_manager.cc:746] T 694406c5b7c84eb4ad91a73f8f37590e P b497dbd6bd1a4c998891b00d2493a1bb: Time spent bootstrapping tablet: real 0.001s	user 0.000s	sys 0.000s
I0727 04:14:23.471499 51803 raft_consensus.cc:284] T 694406c5b7c84eb4ad91a73f8f37590e P b497dbd6bd1a4c998891b00d2493a1bb [term 0 FOLLOWER]: Replica starting. Triggering 0 pending transactions. Active config: opid_index: -1 OBSOLETE_local: false peers { permanent_uuid: "3a3c735705964e1badb66c37a66a9096" member_type: VOTER last_known_addr { host: "ip-172-31-12-168" port: 31200 } } peers { permanent_uuid: "b497dbd6bd1a4c998891b00d2493a1bb" member_type: VOTER last_known_addr { host: "ip-172-31-12-168" port: 31202 } } peers { permanent_uuid: "6f1af300e1d549d6b1cdd8bf3b9aeb9c" member_type: VOTER last_known_addr { host: "ip-172-31-12-168" port: 31201 } }
I0727 04:14:23.471519 51803 raft_consensus.cc:316] T 694406c5b7c84eb4ad91a73f8f37590e P b497dbd6bd1a4c998891b00d2493a1bb [term 0 FOLLOWER]: Consensus starting up: Expiring failure detector timer to make a prompt election more likely
I0727 04:14:23.471524 51803 raft_consensus.cc:560] T 694406c5b7c84eb4ad91a73f8f37590e P b497dbd6bd1a4c998891b00d2493a1bb [term 0 FOLLOWER]: Becoming Follower/Learner. State: Replica: b497dbd6bd1a4c998891b00d2493a1bb, State: Running, Role: FOLLOWER
I0727 04:14:23.471532 51803 consensus_queue.cc:186] T 694406c5b7c84eb4ad91a73f8f37590e P b497dbd6bd1a4c998891b00d2493a1bb [NON_LEADER]: Queue going to NON_LEADER mode. State: All replicated index: 0, Majority replicated index: 0, Committed index: 0, Last appended: 0.0, Last appended by leader: 0, Current term: 0, Majority size: -1, State: 1, Mode: NON_LEADER
I0727 04:14:23.471582 51803 ts_tablet_manager.cc:775] T 694406c5b7c84eb4ad91a73f8f37590e P b497dbd6bd1a4c998891b00d2493a1bb: Time spent starting tablet: real 0.000s	user 0.000s	sys 0.000s
I0727 04:14:23.710628 20917 raft_consensus.cc:2372] T 66449f84c40b42b09232dda2ff2dbfb6 P b497dbd6bd1a4c998891b00d2493a1bb: Snoozing failure detection for election timeout plus an additional 2.022s
I0727 04:14:23.710652 20917 raft_consensus.cc:1943] T 66449f84c40b42b09232dda2ff2dbfb6 P b497dbd6bd1a4c998891b00d2493a1bb [term 0 FOLLOWER]: Leader pre-election vote request: Granting yes vote for candidate 6f1af300e1d549d6b1cdd8bf3b9aeb9c in term 0.
I0727 04:14:23.711583 20917 raft_consensus.cc:2419] T 66449f84c40b42b09232dda2ff2dbfb6 P b497dbd6bd1a4c998891b00d2493a1bb [term 0 FOLLOWER]: Advancing to term 1
I0727 04:14:23.711604 20917 raft_consensus.cc:2372] T 66449f84c40b42b09232dda2ff2dbfb6 P b497dbd6bd1a4c998891b00d2493a1bb: Snoozing failure detection for election timeout plus an additional 1.523s
I0727 04:14:23.712041 20917 raft_consensus.cc:1943] T 66449f84c40b42b09232dda2ff2dbfb6 P b497dbd6bd1a4c998891b00d2493a1bb [term 1 FOLLOWER]: Leader election vote request: Granting yes vote for candidate 6f1af300e1d549d6b1cdd8bf3b9aeb9c in term 1.
I0727 04:14:23.772464 51814 raft_consensus.cc:411] T 694406c5b7c84eb4ad91a73f8f37590e P b497dbd6bd1a4c998891b00d2493a1bb [term 0 FOLLOWER]: Starting pre-election (no leader contacted us within the election timeout)
I0727 04:14:23.772490 51814 raft_consensus.cc:2372] T 694406c5b7c84eb4ad91a73f8f37590e P b497dbd6bd1a4c998891b00d2493a1bb: Snoozing failure detection for election timeout plus an additional 2.182s
I0727 04:14:23.772528 51814 raft_consensus.cc:435] T 694406c5b7c84eb4ad91a73f8f37590e P b497dbd6bd1a4c998891b00d2493a1bb [term 0 FOLLOWER]: Starting pre-election with config: opid_index: -1 OBSOLETE_local: false peers { permanent_uuid: "3a3c735705964e1badb66c37a66a9096" member_type: VOTER last_known_addr { host: "ip-172-31-12-168" port: 31200 } } peers { permanent_uuid: "b497dbd6bd1a4c998891b00d2493a1bb" member_type: VOTER last_known_addr { host: "ip-172-31-12-168" port: 31202 } } peers { permanent_uuid: "6f1af300e1d549d6b1cdd8bf3b9aeb9c" member_type: VOTER last_known_addr { host: "ip-172-31-12-168" port: 31201 } }
I0727 04:14:23.772671 51814 leader_election.cc:217] T 694406c5b7c84eb4ad91a73f8f37590e P b497dbd6bd1a4c998891b00d2493a1bb [CANDIDATE]: Term 1 pre-election: Requesting pre-vote from peer 3a3c735705964e1badb66c37a66a9096
I0727 04:14:23.772692 51814 leader_election.cc:217] T 694406c5b7c84eb4ad91a73f8f37590e P b497dbd6bd1a4c998891b00d2493a1bb [CANDIDATE]: Term 1 pre-election: Requesting pre-vote from peer 6f1af300e1d549d6b1cdd8bf3b9aeb9c
I0727 04:14:23.772874 20838 leader_election.cc:349] T 694406c5b7c84eb4ad91a73f8f37590e P b497dbd6bd1a4c998891b00d2493a1bb [CANDIDATE]: Term 1 pre-election: Vote granted by peer 6f1af300e1d549d6b1cdd8bf3b9aeb9c
I0727 04:14:23.772889 20838 leader_election.cc:244] T 694406c5b7c84eb4ad91a73f8f37590e P b497dbd6bd1a4c998891b00d2493a1bb [CANDIDATE]: Term 1 pre-election: Election decided. Result: candidate won.
