I0727 05:20:39.090910 115720 log.cc:562] T 991bceb3ecd643048b2612ea06d7f6f6 P b497dbd6bd1a4c998891b00d2493a1bb: Rolled over to a new log segment at /home/ubuntu/Impala/testdata/cluster/cdh5/node-1/var/lib/kudu/ts/wal/wals/991bceb3ecd643048b2612ea06d7f6f6/wal-000000011
I0727 05:20:39.190176 115712 log.cc:562] T dca01cf35daa4b6e8c4cfe3f7c383123 P b497dbd6bd1a4c998891b00d2493a1bb: Rolled over to a new log segment at /home/ubuntu/Impala/testdata/cluster/cdh5/node-1/var/lib/kudu/ts/wal/wals/dca01cf35daa4b6e8c4cfe3f7c383123/wal-000000011
I0727 05:20:39.756500 20813 multi_column_writer.cc:95] Opened CFile writers for 16 column(s)
I0727 05:20:39.807919 115725 log.cc:647] T e75ae7eab0ea498095572f8f92f9da35 P b497dbd6bd1a4c998891b00d2493a1bb: Max segment size reached. Starting new segment allocation
I0727 05:20:39.887189 115725 log.cc:562] T e75ae7eab0ea498095572f8f92f9da35 P b497dbd6bd1a4c998891b00d2493a1bb: Rolled over to a new log segment at /home/ubuntu/Impala/testdata/cluster/cdh5/node-1/var/lib/kudu/ts/wal/wals/e75ae7eab0ea498095572f8f92f9da35/wal-000000011
I0727 05:20:39.992957 20813 tablet.cc:1389] T 99dddb081d294300a6b1d5dd18e95d6e P b497dbd6bd1a4c998891b00d2493a1bb: Flush: entering phase 2 (starting to duplicate updates in new rowsets)
I0727 05:20:39.992990 20813 tablet.cc:1444] T 99dddb081d294300a6b1d5dd18e95d6e P b497dbd6bd1a4c998891b00d2493a1bb: Flush Phase 2: carrying over any updates which arrived during Phase 1
I0727 05:20:39.992995 20813 tablet.cc:1446] T 99dddb081d294300a6b1d5dd18e95d6e P b497dbd6bd1a4c998891b00d2493a1bb: Phase 2 snapshot: MvccSnapshot[committed={T|T < 6148640072184619008 or (T in {6148640072184619008})}]
I0727 05:20:40.019780 115720 log.cc:647] T 991bceb3ecd643048b2612ea06d7f6f6 P b497dbd6bd1a4c998891b00d2493a1bb: Max segment size reached. Starting new segment allocation
I0727 05:20:40.046771 115712 log.cc:647] T dca01cf35daa4b6e8c4cfe3f7c383123 P b497dbd6bd1a4c998891b00d2493a1bb: Max segment size reached. Starting new segment allocation
I0727 05:20:40.064939 20813 tablet.cc:1488] T 99dddb081d294300a6b1d5dd18e95d6e P b497dbd6bd1a4c998891b00d2493a1bb: Flush successful on 666976 rows (44748925 bytes)
I0727 05:20:40.066936 20813 maintenance_manager.cc:435] Time spent running FlushMRSOp(99dddb081d294300a6b1d5dd18e95d6e): real 1.097s	user 0.932s	sys 0.048s
I0727 05:20:40.066959 20813 maintenance_manager.cc:441] P b497dbd6bd1a4c998891b00d2493a1bb: FlushMRSOp(99dddb081d294300a6b1d5dd18e95d6e) metrics: {"cfile_init":2,"tcmalloc_contention_cycles":5632,"thread_start_us":101,"threads_started":1,"wal-append.queue_time_us":107}
I0727 05:20:40.067765 20813 log_reader.cc:377] T 99dddb081d294300a6b1d5dd18e95d6e: removed 17 log segments from log reader
I0727 05:20:40.067775 20813 log.cc:868] T 99dddb081d294300a6b1d5dd18e95d6e P b497dbd6bd1a4c998891b00d2493a1bb: Deleting log segment in path: /home/ubuntu/Impala/testdata/cluster/cdh5/node-1/var/lib/kudu/ts/wal/wals/99dddb081d294300a6b1d5dd18e95d6e/wal-000000001 (ops 1-2)
I0727 05:20:40.067804 20813 log.cc:868] T 99dddb081d294300a6b1d5dd18e95d6e P b497dbd6bd1a4c998891b00d2493a1bb: Deleting log segment in path: /home/ubuntu/Impala/testdata/cluster/cdh5/node-1/var/lib/kudu/ts/wal/wals/99dddb081d294300a6b1d5dd18e95d6e/wal-000000002 (ops 3-3)
I0727 05:20:40.067817 20813 log.cc:868] T 99dddb081d294300a6b1d5dd18e95d6e P b497dbd6bd1a4c998891b00d2493a1bb: Deleting log segment in path: /home/ubuntu/Impala/testdata/cluster/cdh5/node-1/var/lib/kudu/ts/wal/wals/99dddb081d294300a6b1d5dd18e95d6e/wal-000000003 (ops 4-4)
I0727 05:20:40.067827 20813 log.cc:868] T 99dddb081d294300a6b1d5dd18e95d6e P b497dbd6bd1a4c998891b00d2493a1bb: Deleting log segment in path: /home/ubuntu/Impala/testdata/cluster/cdh5/node-1/var/lib/kudu/ts/wal/wals/99dddb081d294300a6b1d5dd18e95d6e/wal-000000004 (ops 5-5)
I0727 05:20:40.067837 20813 log.cc:868] T 99dddb081d294300a6b1d5dd18e95d6e P b497dbd6bd1a4c998891b00d2493a1bb: Deleting log segment in path: /home/ubuntu/Impala/testdata/cluster/cdh5/node-1/var/lib/kudu/ts/wal/wals/99dddb081d294300a6b1d5dd18e95d6e/wal-000000005 (ops 6-6)
I0727 05:20:40.067847 20813 log.cc:868] T 99dddb081d294300a6b1d5dd18e95d6e P b497dbd6bd1a4c998891b00d2493a1bb: Deleting log segment in path: /home/ubuntu/Impala/testdata/cluster/cdh5/node-1/var/lib/kudu/ts/wal/wals/99dddb081d294300a6b1d5dd18e95d6e/wal-000000006 (ops 7-7)
I0727 05:20:40.067857 20813 log.cc:868] T 99dddb081d294300a6b1d5dd18e95d6e P b497dbd6bd1a4c998891b00d2493a1bb: Deleting log segment in path: /home/ubuntu/Impala/testdata/cluster/cdh5/node-1/var/lib/kudu/ts/wal/wals/99dddb081d294300a6b1d5dd18e95d6e/wal-000000007 (ops 8-8)
I0727 05:20:40.067868 20813 log.cc:868] T 99dddb081d294300a6b1d5dd18e95d6e P b497dbd6bd1a4c998891b00d2493a1bb: Deleting log segment in path: /home/ubuntu/Impala/testdata/cluster/cdh5/node-1/var/lib/kudu/ts/wal/wals/99dddb081d294300a6b1d5dd18e95d6e/wal-000000008 (ops 9-9)
I0727 05:20:40.067880 20813 log.cc:868] T 99dddb081d294300a6b1d5dd18e95d6e P b497dbd6bd1a4c998891b00d2493a1bb: Deleting log segment in path: /home/ubuntu/Impala/testdata/cluster/cdh5/node-1/var/lib/kudu/ts/wal/wals/99dddb081d294300a6b1d5dd18e95d6e/wal-000000009 (ops 10-10)
I0727 05:20:40.067890 20813 log.cc:868] T 99dddb081d294300a6b1d5dd18e95d6e P b497dbd6bd1a4c998891b00d2493a1bb: Deleting log segment in path: /home/ubuntu/Impala/testdata/cluster/cdh5/node-1/var/lib/kudu/ts/wal/wals/99dddb081d294300a6b1d5dd18e95d6e/wal-000000010 (ops 11-11)
I0727 05:20:40.067900 20813 log.cc:868] T 99dddb081d294300a6b1d5dd18e95d6e P b497dbd6bd1a4c998891b00d2493a1bb: Deleting log segment in path: /home/ubuntu/Impala/testdata/cluster/cdh5/node-1/var/lib/kudu/ts/wal/wals/99dddb081d294300a6b1d5dd18e95d6e/wal-000000011 (ops 12-12)
I0727 05:20:40.067909 20813 log.cc:868] T 99dddb081d294300a6b1d5dd18e95d6e P b497dbd6bd1a4c998891b00d2493a1bb: Deleting log segment in path: /home/ubuntu/Impala/testdata/cluster/cdh5/node-1/var/lib/kudu/ts/wal/wals/99dddb081d294300a6b1d5dd18e95d6e/wal-000000012 (ops 13-13)
I0727 05:20:40.067920 20813 log.cc:868] T 99dddb081d294300a6b1d5dd18e95d6e P b497dbd6bd1a4c998891b00d2493a1bb: Deleting log segment in path: /home/ubuntu/Impala/testdata/cluster/cdh5/node-1/var/lib/kudu/ts/wal/wals/99dddb081d294300a6b1d5dd18e95d6e/wal-000000013 (ops 14-14)
I0727 05:20:40.067925 20813 log.cc:868] T 99dddb081d294300a6b1d5dd18e95d6e P b497dbd6bd1a4c998891b00d2493a1bb: Deleting log segment in path: /home/ubuntu/Impala/testdata/cluster/cdh5/node-1/var/lib/kudu/ts/wal/wals/99dddb081d294300a6b1d5dd18e95d6e/wal-000000014 (ops 15-15)
I0727 05:20:40.067932 20813 log.cc:868] T 99dddb081d294300a6b1d5dd18e95d6e P b497dbd6bd1a4c998891b00d2493a1bb: Deleting log segment in path: /home/ubuntu/Impala/testdata/cluster/cdh5/node-1/var/lib/kudu/ts/wal/wals/99dddb081d294300a6b1d5dd18e95d6e/wal-000000015 (ops 16-16)
I0727 05:20:40.067937 20813 log.cc:868] T 99dddb081d294300a6b1d5dd18e95d6e P b497dbd6bd1a4c998891b00d2493a1bb: Deleting log segment in path: /home/ubuntu/Impala/testdata/cluster/cdh5/node-1/var/lib/kudu/ts/wal/wals/99dddb081d294300a6b1d5dd18e95d6e/wal-000000016 (ops 17-17)
I0727 05:20:40.067945 20813 log.cc:868] T 99dddb081d294300a6b1d5dd18e95d6e P b497dbd6bd1a4c998891b00d2493a1bb: Deleting log segment in path: /home/ubuntu/Impala/testdata/cluster/cdh5/node-1/var/lib/kudu/ts/wal/wals/99dddb081d294300a6b1d5dd18e95d6e/wal-000000017 (ops 18-18)
I0727 05:20:40.081182 20813 maintenance_manager.cc:435] Time spent running LogGCOp(99dddb081d294300a6b1d5dd18e95d6e): real 0.013s	user 0.000s	sys 0.016s
I0727 05:20:40.081212 20813 maintenance_manager.cc:441] P b497dbd6bd1a4c998891b00d2493a1bb: LogGCOp(99dddb081d294300a6b1d5dd18e95d6e) metrics: {"mutex_wait_us":1}
I0727 05:20:40.082232 20813 maintenance_manager.cc:435] Time spent running UndoDeltaBlockGCOp(99dddb081d294300a6b1d5dd18e95d6e): real 0.000s	user 0.000s	sys 0.000s
I0727 05:20:40.082248 20813 maintenance_manager.cc:441] P b497dbd6bd1a4c998891b00d2493a1bb: UndoDeltaBlockGCOp(99dddb081d294300a6b1d5dd18e95d6e) metrics: {"cfile_init":2}
I0727 05:20:40.082619 20813 maintenance_manager.cc:435] Time spent running UndoDeltaBlockGCOp(834e814840e049aeb7ff9a76ca4a2989): real 0.000s	user 0.000s	sys 0.000s
I0727 05:20:40.082630 20813 maintenance_manager.cc:441] P b497dbd6bd1a4c998891b00d2493a1bb: UndoDeltaBlockGCOp(834e814840e049aeb7ff9a76ca4a2989) metrics: {"cfile_init":2}
I0727 05:20:40.123581 115720 log.cc:562] T 991bceb3ecd643048b2612ea06d7f6f6 P b497dbd6bd1a4c998891b00d2493a1bb: Rolled over to a new log segment at /home/ubuntu/Impala/testdata/cluster/cdh5/node-1/var/lib/kudu/ts/wal/wals/991bceb3ecd643048b2612ea06d7f6f6/wal-000000012
I0727 05:20:40.141167 115712 log.cc:562] T dca01cf35daa4b6e8c4cfe3f7c383123 P b497dbd6bd1a4c998891b00d2493a1bb: Rolled over to a new log segment at /home/ubuntu/Impala/testdata/cluster/cdh5/node-1/var/lib/kudu/ts/wal/wals/dca01cf35daa4b6e8c4cfe3f7c383123/wal-000000012
I0727 05:20:40.782078 115725 log.cc:647] T e75ae7eab0ea498095572f8f92f9da35 P b497dbd6bd1a4c998891b00d2493a1bb: Max segment size reached. Starting new segment allocation
I0727 05:20:40.858243 115725 log.cc:562] T e75ae7eab0ea498095572f8f92f9da35 P b497dbd6bd1a4c998891b00d2493a1bb: Rolled over to a new log segment at /home/ubuntu/Impala/testdata/cluster/cdh5/node-1/var/lib/kudu/ts/wal/wals/e75ae7eab0ea498095572f8f92f9da35/wal-000000012
I0727 05:20:40.982316 115720 log.cc:647] T 991bceb3ecd643048b2612ea06d7f6f6 P b497dbd6bd1a4c998891b00d2493a1bb: Max segment size reached. Starting new segment allocation
I0727 05:20:40.990296 115712 log.cc:647] T dca01cf35daa4b6e8c4cfe3f7c383123 P b497dbd6bd1a4c998891b00d2493a1bb: Max segment size reached. Starting new segment allocation
I0727 05:20:41.088817 115720 log.cc:562] T 991bceb3ecd643048b2612ea06d7f6f6 P b497dbd6bd1a4c998891b00d2493a1bb: Rolled over to a new log segment at /home/ubuntu/Impala/testdata/cluster/cdh5/node-1/var/lib/kudu/ts/wal/wals/991bceb3ecd643048b2612ea06d7f6f6/wal-000000013
I0727 05:20:41.103168 115712 log.cc:562] T dca01cf35daa4b6e8c4cfe3f7c383123 P b497dbd6bd1a4c998891b00d2493a1bb: Rolled over to a new log segment at /home/ubuntu/Impala/testdata/cluster/cdh5/node-1/var/lib/kudu/ts/wal/wals/dca01cf35daa4b6e8c4cfe3f7c383123/wal-000000013
I0727 05:20:41.749614 115725 log.cc:647] T e75ae7eab0ea498095572f8f92f9da35 P b497dbd6bd1a4c998891b00d2493a1bb: Max segment size reached. Starting new segment allocation
I0727 05:20:41.824769 115725 log.cc:562] T e75ae7eab0ea498095572f8f92f9da35 P b497dbd6bd1a4c998891b00d2493a1bb: Rolled over to a new log segment at /home/ubuntu/Impala/testdata/cluster/cdh5/node-1/var/lib/kudu/ts/wal/wals/e75ae7eab0ea498095572f8f92f9da35/wal-000000013
I0727 05:20:41.933295 115720 log.cc:647] T 991bceb3ecd643048b2612ea06d7f6f6 P b497dbd6bd1a4c998891b00d2493a1bb: Max segment size reached. Starting new segment allocation
I0727 05:20:41.937207 115712 log.cc:647] T dca01cf35daa4b6e8c4cfe3f7c383123 P b497dbd6bd1a4c998891b00d2493a1bb: Max segment size reached. Starting new segment allocation
I0727 05:20:42.021157 115720 log.cc:562] T 991bceb3ecd643048b2612ea06d7f6f6 P b497dbd6bd1a4c998891b00d2493a1bb: Rolled over to a new log segment at /home/ubuntu/Impala/testdata/cluster/cdh5/node-1/var/lib/kudu/ts/wal/wals/991bceb3ecd643048b2612ea06d7f6f6/wal-000000014
I0727 05:20:42.030076 115712 log.cc:562] T dca01cf35daa4b6e8c4cfe3f7c383123 P b497dbd6bd1a4c998891b00d2493a1bb: Rolled over to a new log segment at /home/ubuntu/Impala/testdata/cluster/cdh5/node-1/var/lib/kudu/ts/wal/wals/dca01cf35daa4b6e8c4cfe3f7c383123/wal-000000014
I0727 05:20:42.871006 115720 log.cc:647] T 991bceb3ecd643048b2612ea06d7f6f6 P b497dbd6bd1a4c998891b00d2493a1bb: Max segment size reached. Starting new segment allocation
I0727 05:20:42.877779 115712 log.cc:647] T dca01cf35daa4b6e8c4cfe3f7c383123 P b497dbd6bd1a4c998891b00d2493a1bb: Max segment size reached. Starting new segment allocation
I0727 05:20:42.966991 115712 log.cc:562] T dca01cf35daa4b6e8c4cfe3f7c383123 P b497dbd6bd1a4c998891b00d2493a1bb: Rolled over to a new log segment at /home/ubuntu/Impala/testdata/cluster/cdh5/node-1/var/lib/kudu/ts/wal/wals/dca01cf35daa4b6e8c4cfe3f7c383123/wal-000000015
I0727 05:20:42.967659 115720 log.cc:562] T 991bceb3ecd643048b2612ea06d7f6f6 P b497dbd6bd1a4c998891b00d2493a1bb: Rolled over to a new log segment at /home/ubuntu/Impala/testdata/cluster/cdh5/node-1/var/lib/kudu/ts/wal/wals/991bceb3ecd643048b2612ea06d7f6f6/wal-000000015
I0727 05:20:43.087960 115978 log.cc:647] T e75ae7eab0ea498095572f8f92f9da35 P b497dbd6bd1a4c998891b00d2493a1bb: Max segment size reached. Starting new segment allocation
I0727 05:20:43.161743 115978 log.cc:562] T e75ae7eab0ea498095572f8f92f9da35 P b497dbd6bd1a4c998891b00d2493a1bb: Rolled over to a new log segment at /home/ubuntu/Impala/testdata/cluster/cdh5/node-1/var/lib/kudu/ts/wal/wals/e75ae7eab0ea498095572f8f92f9da35/wal-000000014
I0727 05:20:43.804893 115720 log.cc:647] T 991bceb3ecd643048b2612ea06d7f6f6 P b497dbd6bd1a4c998891b00d2493a1bb: Max segment size reached. Starting new segment allocation
I0727 05:20:43.847478 115712 log.cc:647] T dca01cf35daa4b6e8c4cfe3f7c383123 P b497dbd6bd1a4c998891b00d2493a1bb: Max segment size reached. Starting new segment allocation
I0727 05:20:43.888105 115720 log.cc:562] T 991bceb3ecd643048b2612ea06d7f6f6 P b497dbd6bd1a4c998891b00d2493a1bb: Rolled over to a new log segment at /home/ubuntu/Impala/testdata/cluster/cdh5/node-1/var/lib/kudu/ts/wal/wals/991bceb3ecd643048b2612ea06d7f6f6/wal-000000016
I0727 05:20:43.924804 115712 log.cc:562] T dca01cf35daa4b6e8c4cfe3f7c383123 P b497dbd6bd1a4c998891b00d2493a1bb: Rolled over to a new log segment at /home/ubuntu/Impala/testdata/cluster/cdh5/node-1/var/lib/kudu/ts/wal/wals/dca01cf35daa4b6e8c4cfe3f7c383123/wal-000000016
I0727 05:20:43.990756 115978 log.cc:647] T e75ae7eab0ea498095572f8f92f9da35 P b497dbd6bd1a4c998891b00d2493a1bb: Max segment size reached. Starting new segment allocation
I0727 05:20:44.071079 115978 log.cc:562] T e75ae7eab0ea498095572f8f92f9da35 P b497dbd6bd1a4c998891b00d2493a1bb: Rolled over to a new log segment at /home/ubuntu/Impala/testdata/cluster/cdh5/node-1/var/lib/kudu/ts/wal/wals/e75ae7eab0ea498095572f8f92f9da35/wal-000000015
I0727 05:20:44.764242 115712 log.cc:647] T dca01cf35daa4b6e8c4cfe3f7c383123 P b497dbd6bd1a4c998891b00d2493a1bb: Max segment size reached. Starting new segment allocation
I0727 05:20:44.778501 115720 log.cc:647] T 991bceb3ecd643048b2612ea06d7f6f6 P b497dbd6bd1a4c998891b00d2493a1bb: Max segment size reached. Starting new segment allocation
I0727 05:20:44.848039 115712 log.cc:562] T dca01cf35daa4b6e8c4cfe3f7c383123 P b497dbd6bd1a4c998891b00d2493a1bb: Rolled over to a new log segment at /home/ubuntu/Impala/testdata/cluster/cdh5/node-1/var/lib/kudu/ts/wal/wals/dca01cf35daa4b6e8c4cfe3f7c383123/wal-000000017
I0727 05:20:44.856093 115720 log.cc:562] T 991bceb3ecd643048b2612ea06d7f6f6 P b497dbd6bd1a4c998891b00d2493a1bb: Rolled over to a new log segment at /home/ubuntu/Impala/testdata/cluster/cdh5/node-1/var/lib/kudu/ts/wal/wals/991bceb3ecd643048b2612ea06d7f6f6/wal-000000017
I0727 05:20:44.918205 115978 log.cc:647] T e75ae7eab0ea498095572f8f92f9da35 P b497dbd6bd1a4c998891b00d2493a1bb: Max segment size reached. Starting new segment allocation
I0727 05:20:45.029310 115978 log.cc:562] T e75ae7eab0ea498095572f8f92f9da35 P b497dbd6bd1a4c998891b00d2493a1bb: Rolled over to a new log segment at /home/ubuntu/Impala/testdata/cluster/cdh5/node-1/var/lib/kudu/ts/wal/wals/e75ae7eab0ea498095572f8f92f9da35/wal-000000016
I0727 05:20:45.687988 115712 log.cc:647] T dca01cf35daa4b6e8c4cfe3f7c383123 P b497dbd6bd1a4c998891b00d2493a1bb: Max segment size reached. Starting new segment allocation
I0727 05:20:45.744248 115720 log.cc:647] T 991bceb3ecd643048b2612ea06d7f6f6 P b497dbd6bd1a4c998891b00d2493a1bb: Max segment size reached. Starting new segment allocation
I0727 05:20:45.793956 115712 log.cc:562] T dca01cf35daa4b6e8c4cfe3f7c383123 P b497dbd6bd1a4c998891b00d2493a1bb: Rolled over to a new log segment at /home/ubuntu/Impala/testdata/cluster/cdh5/node-1/var/lib/kudu/ts/wal/wals/dca01cf35daa4b6e8c4cfe3f7c383123/wal-000000018
I0727 05:20:45.858948 115720 log.cc:562] T 991bceb3ecd643048b2612ea06d7f6f6 P b497dbd6bd1a4c998891b00d2493a1bb: Rolled over to a new log segment at /home/ubuntu/Impala/testdata/cluster/cdh5/node-1/var/lib/kudu/ts/wal/wals/991bceb3ecd643048b2612ea06d7f6f6/wal-000000018
I0727 05:20:45.888648 115978 log.cc:647] T e75ae7eab0ea498095572f8f92f9da35 P b497dbd6bd1a4c998891b00d2493a1bb: Max segment size reached. Starting new segment allocation
I0727 05:20:45.970618 115978 log.cc:562] T e75ae7eab0ea498095572f8f92f9da35 P b497dbd6bd1a4c998891b00d2493a1bb: Rolled over to a new log segment at /home/ubuntu/Impala/testdata/cluster/cdh5/node-1/var/lib/kudu/ts/wal/wals/e75ae7eab0ea498095572f8f92f9da35/wal-000000017
I0727 05:20:46.636782 116054 log.cc:647] T 31cafc285b5c4b6ca4c0dcae1060a1fa P b497dbd6bd1a4c998891b00d2493a1bb: Max segment size reached. Starting new segment allocation
I0727 05:20:46.700269 116064 log.cc:647] T 61d92cfa20734741aabbbe06dbbd87ac P b497dbd6bd1a4c998891b00d2493a1bb: Max segment size reached. Starting new segment allocation
I0727 05:20:46.712119 116054 log.cc:562] T 31cafc285b5c4b6ca4c0dcae1060a1fa P b497dbd6bd1a4c998891b00d2493a1bb: Rolled over to a new log segment at /home/ubuntu/Impala/testdata/cluster/cdh5/node-1/var/lib/kudu/ts/wal/wals/31cafc285b5c4b6ca4c0dcae1060a1fa/wal-000000002
I0727 05:20:46.789984 116064 log.cc:562] T 61d92cfa20734741aabbbe06dbbd87ac P b497dbd6bd1a4c998891b00d2493a1bb: Rolled over to a new log segment at /home/ubuntu/Impala/testdata/cluster/cdh5/node-1/var/lib/kudu/ts/wal/wals/61d92cfa20734741aabbbe06dbbd87ac/wal-000000002
I0727 05:20:46.859282 115978 log.cc:647] T e75ae7eab0ea498095572f8f92f9da35 P b497dbd6bd1a4c998891b00d2493a1bb: Max segment size reached. Starting new segment allocation
I0727 05:20:46.934075 115978 log.cc:562] T e75ae7eab0ea498095572f8f92f9da35 P b497dbd6bd1a4c998891b00d2493a1bb: Rolled over to a new log segment at /home/ubuntu/Impala/testdata/cluster/cdh5/node-1/var/lib/kudu/ts/wal/wals/e75ae7eab0ea498095572f8f92f9da35/wal-000000018
I0727 05:20:47.572527 116054 log.cc:647] T 31cafc285b5c4b6ca4c0dcae1060a1fa P b497dbd6bd1a4c998891b00d2493a1bb: Max segment size reached. Starting new segment allocation
I0727 05:20:47.646600 116054 log.cc:562] T 31cafc285b5c4b6ca4c0dcae1060a1fa P b497dbd6bd1a4c998891b00d2493a1bb: Rolled over to a new log segment at /home/ubuntu/Impala/testdata/cluster/cdh5/node-1/var/lib/kudu/ts/wal/wals/31cafc285b5c4b6ca4c0dcae1060a1fa/wal-000000003
I0727 05:20:48.074029 116083 log.cc:647] T 61d92cfa20734741aabbbe06dbbd87ac P b497dbd6bd1a4c998891b00d2493a1bb: Max segment size reached. Starting new segment allocation
I0727 05:20:48.126909 116096 log.cc:647] T 6fba03ee91f54e79aa6fcf6ded8eddb0 P b497dbd6bd1a4c998891b00d2493a1bb: Max segment size reached. Starting new segment allocation
I0727 05:20:48.155108 116083 log.cc:562] T 61d92cfa20734741aabbbe06dbbd87ac P b497dbd6bd1a4c998891b00d2493a1bb: Rolled over to a new log segment at /home/ubuntu/Impala/testdata/cluster/cdh5/node-1/var/lib/kudu/ts/wal/wals/61d92cfa20734741aabbbe06dbbd87ac/wal-000000003
I0727 05:20:48.191653 116096 log.cc:562] T 6fba03ee91f54e79aa6fcf6ded8eddb0 P b497dbd6bd1a4c998891b00d2493a1bb: Rolled over to a new log segment at /home/ubuntu/Impala/testdata/cluster/cdh5/node-1/var/lib/kudu/ts/wal/wals/6fba03ee91f54e79aa6fcf6ded8eddb0/wal-000000002
I0727 05:20:48.474112 116054 log.cc:647] T 31cafc285b5c4b6ca4c0dcae1060a1fa P b497dbd6bd1a4c998891b00d2493a1bb: Max segment size reached. Starting new segment allocation
I0727 05:20:48.573341 116054 log.cc:562] T 31cafc285b5c4b6ca4c0dcae1060a1fa P b497dbd6bd1a4c998891b00d2493a1bb: Rolled over to a new log segment at /home/ubuntu/Impala/testdata/cluster/cdh5/node-1/var/lib/kudu/ts/wal/wals/31cafc285b5c4b6ca4c0dcae1060a1fa/wal-000000004
I0727 05:20:48.990726 116096 log.cc:647] T 6fba03ee91f54e79aa6fcf6ded8eddb0 P b497dbd6bd1a4c998891b00d2493a1bb: Max segment size reached. Starting new segment allocation
I0727 05:20:49.063367 116083 log.cc:647] T 61d92cfa20734741aabbbe06dbbd87ac P b497dbd6bd1a4c998891b00d2493a1bb: Max segment size reached. Starting new segment allocation
I0727 05:20:49.072118 116096 log.cc:562] T 6fba03ee91f54e79aa6fcf6ded8eddb0 P b497dbd6bd1a4c998891b00d2493a1bb: Rolled over to a new log segment at /home/ubuntu/Impala/testdata/cluster/cdh5/node-1/var/lib/kudu/ts/wal/wals/6fba03ee91f54e79aa6fcf6ded8eddb0/wal-000000003
I0727 05:20:49.108186 20813 tablet.cc:1039] T 991bceb3ecd643048b2612ea06d7f6f6 P b497dbd6bd1a4c998891b00d2493a1bb: Flush: entering stage 1 (old memrowset already frozen for inserts)
I0727 05:20:49.108216 20813 compaction.cc:881] Selected 1 rowsets to compact:
I0727 05:20:49.108222 20813 compaction.cc:884] memrowset(current size on disk: ~0 bytes)
I0727 05:20:49.108227 20813 tablet.cc:1041] T 991bceb3ecd643048b2612ea06d7f6f6 P b497dbd6bd1a4c998891b00d2493a1bb: Memstore in-memory size: 259587863 bytes
I0727 05:20:49.108237 20813 tablet.cc:1304] T 991bceb3ecd643048b2612ea06d7f6f6 P b497dbd6bd1a4c998891b00d2493a1bb: Flush: entering phase 1 (flushing snapshot). Phase 1 snapshot: MvccSnapshot[committed={T|T < 6148640139988570112 or (T in {6148640139988570112})}]
I0727 05:20:49.109280 20813 multi_column_writer.cc:95] Opened CFile writers for 16 column(s)
I0727 05:20:49.141959 116083 log.cc:562] T 61d92cfa20734741aabbbe06dbbd87ac P b497dbd6bd1a4c998891b00d2493a1bb: Rolled over to a new log segment at /home/ubuntu/Impala/testdata/cluster/cdh5/node-1/var/lib/kudu/ts/wal/wals/61d92cfa20734741aabbbe06dbbd87ac/wal-000000004
I0727 05:20:49.453343 116054 log.cc:647] T 31cafc285b5c4b6ca4c0dcae1060a1fa P b497dbd6bd1a4c998891b00d2493a1bb: Max segment size reached. Starting new segment allocation
I0727 05:20:49.553637 116054 log.cc:562] T 31cafc285b5c4b6ca4c0dcae1060a1fa P b497dbd6bd1a4c998891b00d2493a1bb: Rolled over to a new log segment at /home/ubuntu/Impala/testdata/cluster/cdh5/node-1/var/lib/kudu/ts/wal/wals/31cafc285b5c4b6ca4c0dcae1060a1fa/wal-000000005
I0727 05:20:50.012603 116083 log.cc:647] T 61d92cfa20734741aabbbe06dbbd87ac P b497dbd6bd1a4c998891b00d2493a1bb: Max segment size reached. Starting new segment allocation
I0727 05:20:50.096925 116083 log.cc:562] T 61d92cfa20734741aabbbe06dbbd87ac P b497dbd6bd1a4c998891b00d2493a1bb: Rolled over to a new log segment at /home/ubuntu/Impala/testdata/cluster/cdh5/node-1/var/lib/kudu/ts/wal/wals/61d92cfa20734741aabbbe06dbbd87ac/wal-000000005
I0727 05:20:50.286501 116125 log.cc:647] T 6fba03ee91f54e79aa6fcf6ded8eddb0 P b497dbd6bd1a4c998891b00d2493a1bb: Max segment size reached. Starting new segment allocation
I0727 05:20:50.368691 116125 log.cc:562] T 6fba03ee91f54e79aa6fcf6ded8eddb0 P b497dbd6bd1a4c998891b00d2493a1bb: Rolled over to a new log segment at /home/ubuntu/Impala/testdata/cluster/cdh5/node-1/var/lib/kudu/ts/wal/wals/6fba03ee91f54e79aa6fcf6ded8eddb0/wal-000000004
I0727 05:20:50.400969 20813 multi_column_writer.cc:95] Opened CFile writers for 16 column(s)
I0727 05:20:50.412931 116054 log.cc:647] T 31cafc285b5c4b6ca4c0dcae1060a1fa P b497dbd6bd1a4c998891b00d2493a1bb: Max segment size reached. Starting new segment allocation
W0727 05:20:50.535142 116054 log.cc:665] Time spent T 31cafc285b5c4b6ca4c0dcae1060a1fa P b497dbd6bd1a4c998891b00d2493a1bb: Append to log took a long time: real 0.122s	user 0.027s	sys 0.082s
I0727 05:20:50.575331 116054 log.cc:562] T 31cafc285b5c4b6ca4c0dcae1060a1fa P b497dbd6bd1a4c998891b00d2493a1bb: Rolled over to a new log segment at /home/ubuntu/Impala/testdata/cluster/cdh5/node-1/var/lib/kudu/ts/wal/wals/31cafc285b5c4b6ca4c0dcae1060a1fa/wal-000000006
I0727 05:20:50.634953 20813 tablet.cc:1389] T 991bceb3ecd643048b2612ea06d7f6f6 P b497dbd6bd1a4c998891b00d2493a1bb: Flush: entering phase 2 (starting to duplicate updates in new rowsets)
I0727 05:20:50.634985 20813 tablet.cc:1444] T 991bceb3ecd643048b2612ea06d7f6f6 P b497dbd6bd1a4c998891b00d2493a1bb: Flush Phase 2: carrying over any updates which arrived during Phase 1
I0727 05:20:50.634989 20813 tablet.cc:1446] T 991bceb3ecd643048b2612ea06d7f6f6 P b497dbd6bd1a4c998891b00d2493a1bb: Phase 2 snapshot: MvccSnapshot[committed={T|T < 6148640139988570112 or (T in {6148640139988570112})}]
I0727 05:20:50.693028 20813 tablet.cc:1488] T 991bceb3ecd643048b2612ea06d7f6f6 P b497dbd6bd1a4c998891b00d2493a1bb: Flush successful on 668784 rows (44877679 bytes)
I0727 05:20:50.694901 20813 maintenance_manager.cc:435] Time spent running FlushMRSOp(991bceb3ecd643048b2612ea06d7f6f6): real 1.587s	user 1.254s	sys 0.099s
I0727 05:20:50.694921 20813 maintenance_manager.cc:441] P b497dbd6bd1a4c998891b00d2493a1bb: FlushMRSOp(991bceb3ecd643048b2612ea06d7f6f6) metrics: {"cfile_init":2,"tcmalloc_contention_cycles":29906176,"thread_start_us":206,"threads_started":1,"wal-append.queue_time_us":220}
I0727 05:20:50.695519 20813 log_reader.cc:377] T 991bceb3ecd643048b2612ea06d7f6f6: removed 17 log segments from log reader
I0727 05:20:50.695528 20813 log.cc:868] T 991bceb3ecd643048b2612ea06d7f6f6 P b497dbd6bd1a4c998891b00d2493a1bb: Deleting log segment in path: /home/ubuntu/Impala/testdata/cluster/cdh5/node-1/var/lib/kudu/ts/wal/wals/991bceb3ecd643048b2612ea06d7f6f6/wal-000000001 (ops 1-2)
I0727 05:20:50.695544 20813 log.cc:868] T 991bceb3ecd643048b2612ea06d7f6f6 P b497dbd6bd1a4c998891b00d2493a1bb: Deleting log segment in path: /home/ubuntu/Impala/testdata/cluster/cdh5/node-1/var/lib/kudu/ts/wal/wals/991bceb3ecd643048b2612ea06d7f6f6/wal-000000002 (ops 3-3)
I0727 05:20:50.695554 20813 log.cc:868] T 991bceb3ecd643048b2612ea06d7f6f6 P b497dbd6bd1a4c998891b00d2493a1bb: Deleting log segment in path: /home/ubuntu/Impala/testdata/cluster/cdh5/node-1/var/lib/kudu/ts/wal/wals/991bceb3ecd643048b2612ea06d7f6f6/wal-000000003 (ops 4-4)
I0727 05:20:50.695562 20813 log.cc:868] T 991bceb3ecd643048b2612ea06d7f6f6 P b497dbd6bd1a4c998891b00d2493a1bb: Deleting log segment in path: /home/ubuntu/Impala/testdata/cluster/cdh5/node-1/var/lib/kudu/ts/wal/wals/991bceb3ecd643048b2612ea06d7f6f6/wal-000000004 (ops 5-5)
I0727 05:20:50.695570 20813 log.cc:868] T 991bceb3ecd643048b2612ea06d7f6f6 P b497dbd6bd1a4c998891b00d2493a1bb: Deleting log segment in path: /home/ubuntu/Impala/testdata/cluster/cdh5/node-1/var/lib/kudu/ts/wal/wals/991bceb3ecd643048b2612ea06d7f6f6/wal-000000005 (ops 6-6)
I0727 05:20:50.695580 20813 log.cc:868] T 991bceb3ecd643048b2612ea06d7f6f6 P b497dbd6bd1a4c998891b00d2493a1bb: Deleting log segment in path: /home/ubuntu/Impala/testdata/cluster/cdh5/node-1/var/lib/kudu/ts/wal/wals/991bceb3ecd643048b2612ea06d7f6f6/wal-000000006 (ops 7-7)
I0727 05:20:50.695587 20813 log.cc:868] T 991bceb3ecd643048b2612ea06d7f6f6 P b497dbd6bd1a4c998891b00d2493a1bb: Deleting log segment in path: /home/ubuntu/Impala/testdata/cluster/cdh5/node-1/var/lib/kudu/ts/wal/wals/991bceb3ecd643048b2612ea06d7f6f6/wal-000000007 (ops 8-8)
I0727 05:20:50.695596 20813 log.cc:868] T 991bceb3ecd643048b2612ea06d7f6f6 P b497dbd6bd1a4c998891b00d2493a1bb: Deleting log segment in path: /home/ubuntu/Impala/testdata/cluster/cdh5/node-1/var/lib/kudu/ts/wal/wals/991bceb3ecd643048b2612ea06d7f6f6/wal-000000008 (ops 9-9)
I0727 05:20:50.695605 20813 log.cc:868] T 991bceb3ecd643048b2612ea06d7f6f6 P b497dbd6bd1a4c998891b00d2493a1bb: Deleting log segment in path: /home/ubuntu/Impala/testdata/cluster/cdh5/node-1/var/lib/kudu/ts/wal/wals/991bceb3ecd643048b2612ea06d7f6f6/wal-000000009 (ops 10-10)
I0727 05:20:50.695614 20813 log.cc:868] T 991bceb3ecd643048b2612ea06d7f6f6 P b497dbd6bd1a4c998891b00d2493a1bb: Deleting log segment in path: /home/ubuntu/Impala/testdata/cluster/cdh5/node-1/var/lib/kudu/ts/wal/wals/991bceb3ecd643048b2612ea06d7f6f6/wal-000000010 (ops 11-11)
I0727 05:20:50.695619 20813 log.cc:868] T 991bceb3ecd643048b2612ea06d7f6f6 P b497dbd6bd1a4c998891b00d2493a1bb: Deleting log segment in path: /home/ubuntu/Impala/testdata/cluster/cdh5/node-1/var/lib/kudu/ts/wal/wals/991bceb3ecd643048b2612ea06d7f6f6/wal-000000011 (ops 12-12)
I0727 05:20:50.695626 20813 log.cc:868] T 991bceb3ecd643048b2612ea06d7f6f6 P b497dbd6bd1a4c998891b00d2493a1bb: Deleting log segment in path: /home/ubuntu/Impala/testdata/cluster/cdh5/node-1/var/lib/kudu/ts/wal/wals/991bceb3ecd643048b2612ea06d7f6f6/wal-000000012 (ops 13-13)
I0727 05:20:50.695636 20813 log.cc:868] T 991bceb3ecd643048b2612ea06d7f6f6 P b497dbd6bd1a4c998891b00d2493a1bb: Deleting log segment in path: /home/ubuntu/Impala/testdata/cluster/cdh5/node-1/var/lib/kudu/ts/wal/wals/991bceb3ecd643048b2612ea06d7f6f6/wal-000000013 (ops 14-14)
I0727 05:20:50.695641 20813 log.cc:868] T 991bceb3ecd643048b2612ea06d7f6f6 P b497dbd6bd1a4c998891b00d2493a1bb: Deleting log segment in path: /home/ubuntu/Impala/testdata/cluster/cdh5/node-1/var/lib/kudu/ts/wal/wals/991bceb3ecd643048b2612ea06d7f6f6/wal-000000014 (ops 15-15)
I0727 05:20:50.695652 20813 log.cc:868] T 991bceb3ecd643048b2612ea06d7f6f6 P b497dbd6bd1a4c998891b00d2493a1bb: Deleting log segment in path: /home/ubuntu/Impala/testdata/cluster/cdh5/node-1/var/lib/kudu/ts/wal/wals/991bceb3ecd643048b2612ea06d7f6f6/wal-000000015 (ops 16-16)
I0727 05:20:50.695659 20813 log.cc:868] T 991bceb3ecd643048b2612ea06d7f6f6 P b497dbd6bd1a4c998891b00d2493a1bb: Deleting log segment in path: /home/ubuntu/Impala/testdata/cluster/cdh5/node-1/var/lib/kudu/ts/wal/wals/991bceb3ecd643048b2612ea06d7f6f6/wal-000000016 (ops 17-17)
I0727 05:20:50.695667 20813 log.cc:868] T 991bceb3ecd643048b2612ea06d7f6f6 P b497dbd6bd1a4c998891b00d2493a1bb: Deleting log segment in path: /home/ubuntu/Impala/testdata/cluster/cdh5/node-1/var/lib/kudu/ts/wal/wals/991bceb3ecd643048b2612ea06d7f6f6/wal-000000017 (ops 18-18)
I0727 05:20:50.708459 20813 maintenance_manager.cc:435] Time spent running LogGCOp(991bceb3ecd643048b2612ea06d7f6f6): real 0.013s	user 0.000s	sys 0.016s
I0727 05:20:50.708472 20813 maintenance_manager.cc:441] P b497dbd6bd1a4c998891b00d2493a1bb: LogGCOp(991bceb3ecd643048b2612ea06d7f6f6) metrics: {}
I0727 05:20:50.708878 20813 maintenance_manager.cc:435] Time spent running UndoDeltaBlockGCOp(991bceb3ecd643048b2612ea06d7f6f6): real 0.000s	user 0.000s	sys 0.000s
I0727 05:20:50.708889 20813 maintenance_manager.cc:441] P b497dbd6bd1a4c998891b00d2493a1bb: UndoDeltaBlockGCOp(991bceb3ecd643048b2612ea06d7f6f6) metrics: {"cfile_init":2}
I0727 05:20:50.957494 116083 log.cc:647] T 61d92cfa20734741aabbbe06dbbd87ac P b497dbd6bd1a4c998891b00d2493a1bb: Max segment size reached. Starting new segment allocation
I0727 05:20:51.031673 116083 log.cc:562] T 61d92cfa20734741aabbbe06dbbd87ac P b497dbd6bd1a4c998891b00d2493a1bb: Rolled over to a new log segment at /home/ubuntu/Impala/testdata/cluster/cdh5/node-1/var/lib/kudu/ts/wal/wals/61d92cfa20734741aabbbe06dbbd87ac/wal-000000006
I0727 05:20:51.197293 116125 log.cc:647] T 6fba03ee91f54e79aa6fcf6ded8eddb0 P b497dbd6bd1a4c998891b00d2493a1bb: Max segment size reached. Starting new segment allocation
I0727 05:20:51.274914 116125 log.cc:562] T 6fba03ee91f54e79aa6fcf6ded8eddb0 P b497dbd6bd1a4c998891b00d2493a1bb: Rolled over to a new log segment at /home/ubuntu/Impala/testdata/cluster/cdh5/node-1/var/lib/kudu/ts/wal/wals/6fba03ee91f54e79aa6fcf6ded8eddb0/wal-000000005
I0727 05:20:51.483517 116054 log.cc:647] T 31cafc285b5c4b6ca4c0dcae1060a1fa P b497dbd6bd1a4c998891b00d2493a1bb: Max segment size reached. Starting new segment allocation
I0727 05:20:51.558434 116054 log.cc:562] T 31cafc285b5c4b6ca4c0dcae1060a1fa P b497dbd6bd1a4c998891b00d2493a1bb: Rolled over to a new log segment at /home/ubuntu/Impala/testdata/cluster/cdh5/node-1/var/lib/kudu/ts/wal/wals/31cafc285b5c4b6ca4c0dcae1060a1fa/wal-000000007
I0727 05:20:51.886528 116083 log.cc:647] T 61d92cfa20734741aabbbe06dbbd87ac P b497dbd6bd1a4c998891b00d2493a1bb: Max segment size reached. Starting new segment allocation
I0727 05:20:51.961474 116083 log.cc:562] T 61d92cfa20734741aabbbe06dbbd87ac P b497dbd6bd1a4c998891b00d2493a1bb: Rolled over to a new log segment at /home/ubuntu/Impala/testdata/cluster/cdh5/node-1/var/lib/kudu/ts/wal/wals/61d92cfa20734741aabbbe06dbbd87ac/wal-000000007
I0727 05:20:52.142889 116125 log.cc:647] T 6fba03ee91f54e79aa6fcf6ded8eddb0 P b497dbd6bd1a4c998891b00d2493a1bb: Max segment size reached. Starting new segment allocation
I0727 05:20:52.217104 116125 log.cc:562] T 6fba03ee91f54e79aa6fcf6ded8eddb0 P b497dbd6bd1a4c998891b00d2493a1bb: Rolled over to a new log segment at /home/ubuntu/Impala/testdata/cluster/cdh5/node-1/var/lib/kudu/ts/wal/wals/6fba03ee91f54e79aa6fcf6ded8eddb0/wal-000000006
I0727 05:20:52.466276 116054 log.cc:647] T 31cafc285b5c4b6ca4c0dcae1060a1fa P b497dbd6bd1a4c998891b00d2493a1bb: Max segment size reached. Starting new segment allocation
I0727 05:20:52.541271 116054 log.cc:562] T 31cafc285b5c4b6ca4c0dcae1060a1fa P b497dbd6bd1a4c998891b00d2493a1bb: Rolled over to a new log segment at /home/ubuntu/Impala/testdata/cluster/cdh5/node-1/var/lib/kudu/ts/wal/wals/31cafc285b5c4b6ca4c0dcae1060a1fa/wal-000000008
I0727 05:20:52.804147 116083 log.cc:647] T 61d92cfa20734741aabbbe06dbbd87ac P b497dbd6bd1a4c998891b00d2493a1bb: Max segment size reached. Starting new segment allocation
I0727 05:20:52.887277 116083 log.cc:562] T 61d92cfa20734741aabbbe06dbbd87ac P b497dbd6bd1a4c998891b00d2493a1bb: Rolled over to a new log segment at /home/ubuntu/Impala/testdata/cluster/cdh5/node-1/var/lib/kudu/ts/wal/wals/61d92cfa20734741aabbbe06dbbd87ac/wal-000000008
I0727 05:20:53.062635 116125 log.cc:647] T 6fba03ee91f54e79aa6fcf6ded8eddb0 P b497dbd6bd1a4c998891b00d2493a1bb: Max segment size reached. Starting new segment allocation
I0727 05:20:53.138646 116125 log.cc:562] T 6fba03ee91f54e79aa6fcf6ded8eddb0 P b497dbd6bd1a4c998891b00d2493a1bb: Rolled over to a new log segment at /home/ubuntu/Impala/testdata/cluster/cdh5/node-1/var/lib/kudu/ts/wal/wals/6fba03ee91f54e79aa6fcf6ded8eddb0/wal-000000007
I0727 05:20:53.400249 116054 log.cc:647] T 31cafc285b5c4b6ca4c0dcae1060a1fa P b497dbd6bd1a4c998891b00d2493a1bb: Max segment size reached. Starting new segment allocation
I0727 05:20:53.474995 116054 log.cc:562] T 31cafc285b5c4b6ca4c0dcae1060a1fa P b497dbd6bd1a4c998891b00d2493a1bb: Rolled over to a new log segment at /home/ubuntu/Impala/testdata/cluster/cdh5/node-1/var/lib/kudu/ts/wal/wals/31cafc285b5c4b6ca4c0dcae1060a1fa/wal-000000009
I0727 05:20:53.736606 116083 log.cc:647] T 61d92cfa20734741aabbbe06dbbd87ac P b497dbd6bd1a4c998891b00d2493a1bb: Max segment size reached. Starting new segment allocation
I0727 05:20:53.819159 116083 log.cc:562] T 61d92cfa20734741aabbbe06dbbd87ac P b497dbd6bd1a4c998891b00d2493a1bb: Rolled over to a new log segment at /home/ubuntu/Impala/testdata/cluster/cdh5/node-1/var/lib/kudu/ts/wal/wals/61d92cfa20734741aabbbe06dbbd87ac/wal-000000009
I0727 05:20:53.990854 116125 log.cc:647] T 6fba03ee91f54e79aa6fcf6ded8eddb0 P b497dbd6bd1a4c998891b00d2493a1bb: Max segment size reached. Starting new segment allocation
I0727 05:20:54.066701 116125 log.cc:562] T 6fba03ee91f54e79aa6fcf6ded8eddb0 P b497dbd6bd1a4c998891b00d2493a1bb: Rolled over to a new log segment at /home/ubuntu/Impala/testdata/cluster/cdh5/node-1/var/lib/kudu/ts/wal/wals/6fba03ee91f54e79aa6fcf6ded8eddb0/wal-000000008
I0727 05:20:54.358589 116054 log.cc:647] T 31cafc285b5c4b6ca4c0dcae1060a1fa P b497dbd6bd1a4c998891b00d2493a1bb: Max segment size reached. Starting new segment allocation
I0727 05:20:54.431915 116054 log.cc:562] T 31cafc285b5c4b6ca4c0dcae1060a1fa P b497dbd6bd1a4c998891b00d2493a1bb: Rolled over to a new log segment at /home/ubuntu/Impala/testdata/cluster/cdh5/node-1/var/lib/kudu/ts/wal/wals/31cafc285b5c4b6ca4c0dcae1060a1fa/wal-000000010
I0727 05:20:54.669509 116083 log.cc:647] T 61d92cfa20734741aabbbe06dbbd87ac P b497dbd6bd1a4c998891b00d2493a1bb: Max segment size reached. Starting new segment allocation
I0727 05:20:54.721292 20813 tablet.cc:1039] T dca01cf35daa4b6e8c4cfe3f7c383123 P b497dbd6bd1a4c998891b00d2493a1bb: Flush: entering stage 1 (old memrowset already frozen for inserts)
I0727 05:20:54.721316 20813 compaction.cc:881] Selected 1 rowsets to compact:
I0727 05:20:54.721319 20813 compaction.cc:884] memrowset(current size on disk: ~0 bytes)
I0727 05:20:54.721323 20813 tablet.cc:1041] T dca01cf35daa4b6e8c4cfe3f7c383123 P b497dbd6bd1a4c998891b00d2493a1bb: Memstore in-memory size: 251199255 bytes
I0727 05:20:54.721328 20813 tablet.cc:1304] T dca01cf35daa4b6e8c4cfe3f7c383123 P b497dbd6bd1a4c998891b00d2493a1bb: Flush: entering phase 1 (flushing snapshot). Phase 1 snapshot: MvccSnapshot[committed={T|T < 6148640139646971904 or (T in {6148640139646971904})}]
I0727 05:20:54.722163 20813 multi_column_writer.cc:95] Opened CFile writers for 16 column(s)
I0727 05:20:54.744844 116083 log.cc:562] T 61d92cfa20734741aabbbe06dbbd87ac P b497dbd6bd1a4c998891b00d2493a1bb: Rolled over to a new log segment at /home/ubuntu/Impala/testdata/cluster/cdh5/node-1/var/lib/kudu/ts/wal/wals/61d92cfa20734741aabbbe06dbbd87ac/wal-000000010
I0727 05:20:54.932504 116125 log.cc:647] T 6fba03ee91f54e79aa6fcf6ded8eddb0 P b497dbd6bd1a4c998891b00d2493a1bb: Max segment size reached. Starting new segment allocation
I0727 05:20:55.006950 116125 log.cc:562] T 6fba03ee91f54e79aa6fcf6ded8eddb0 P b497dbd6bd1a4c998891b00d2493a1bb: Rolled over to a new log segment at /home/ubuntu/Impala/testdata/cluster/cdh5/node-1/var/lib/kudu/ts/wal/wals/6fba03ee91f54e79aa6fcf6ded8eddb0/wal-000000009
I0727 05:20:55.323901 116054 log.cc:647] T 31cafc285b5c4b6ca4c0dcae1060a1fa P b497dbd6bd1a4c998891b00d2493a1bb: Max segment size reached. Starting new segment allocation
I0727 05:20:55.405422 116054 log.cc:562] T 31cafc285b5c4b6ca4c0dcae1060a1fa P b497dbd6bd1a4c998891b00d2493a1bb: Rolled over to a new log segment at /home/ubuntu/Impala/testdata/cluster/cdh5/node-1/var/lib/kudu/ts/wal/wals/31cafc285b5c4b6ca4c0dcae1060a1fa/wal-000000011
I0727 05:20:55.538813 20813 multi_column_writer.cc:95] Opened CFile writers for 16 column(s)
I0727 05:20:55.600229 116083 log.cc:647] T 61d92cfa20734741aabbbe06dbbd87ac P b497dbd6bd1a4c998891b00d2493a1bb: Max segment size reached. Starting new segment allocation
I0727 05:20:55.681190 116083 log.cc:562] T 61d92cfa20734741aabbbe06dbbd87ac P b497dbd6bd1a4c998891b00d2493a1bb: Rolled over to a new log segment at /home/ubuntu/Impala/testdata/cluster/cdh5/node-1/var/lib/kudu/ts/wal/wals/61d92cfa20734741aabbbe06dbbd87ac/wal-000000011
I0727 05:20:55.841132 20813 tablet.cc:1389] T dca01cf35daa4b6e8c4cfe3f7c383123 P b497dbd6bd1a4c998891b00d2493a1bb: Flush: entering phase 2 (starting to duplicate updates in new rowsets)
I0727 05:20:55.841159 20813 tablet.cc:1444] T dca01cf35daa4b6e8c4cfe3f7c383123 P b497dbd6bd1a4c998891b00d2493a1bb: Flush Phase 2: carrying over any updates which arrived during Phase 1
I0727 05:20:55.841167 20813 tablet.cc:1446] T dca01cf35daa4b6e8c4cfe3f7c383123 P b497dbd6bd1a4c998891b00d2493a1bb: Phase 2 snapshot: MvccSnapshot[committed={T|T < 6148640139646971904 or (T in {6148640139646971904})}]
I0727 05:20:55.903240 20813 tablet.cc:1488] T dca01cf35daa4b6e8c4cfe3f7c383123 P b497dbd6bd1a4c998891b00d2493a1bb: Flush successful on 666174 rows (44685558 bytes)
I0727 05:20:55.904983 20813 maintenance_manager.cc:435] Time spent running FlushMRSOp(dca01cf35daa4b6e8c4cfe3f7c383123): real 1.184s	user 0.935s	sys 0.064s
I0727 05:20:55.905001 20813 maintenance_manager.cc:441] P b497dbd6bd1a4c998891b00d2493a1bb: FlushMRSOp(dca01cf35daa4b6e8c4cfe3f7c383123) metrics: {"cfile_init":2,"tcmalloc_contention_cycles":384,"thread_start_us":200,"threads_started":1,"wal-append.queue_time_us":217}
I0727 05:20:55.905598 20813 log_reader.cc:377] T dca01cf35daa4b6e8c4cfe3f7c383123: removed 17 log segments from log reader
I0727 05:20:55.905606 20813 log.cc:868] T dca01cf35daa4b6e8c4cfe3f7c383123 P b497dbd6bd1a4c998891b00d2493a1bb: Deleting log segment in path: /home/ubuntu/Impala/testdata/cluster/cdh5/node-1/var/lib/kudu/ts/wal/wals/dca01cf35daa4b6e8c4cfe3f7c383123/wal-000000001 (ops 1-2)
I0727 05:20:55.918552 116125 log.cc:647] T 6fba03ee91f54e79aa6fcf6ded8eddb0 P b497dbd6bd1a4c998891b00d2493a1bb: Max segment size reached. Starting new segment allocation
I0727 05:20:55.930356 20813 log.cc:868] T dca01cf35daa4b6e8c4cfe3f7c383123 P b497dbd6bd1a4c998891b00d2493a1bb: Deleting log segment in path: /home/ubuntu/Impala/testdata/cluster/cdh5/node-1/var/lib/kudu/ts/wal/wals/dca01cf35daa4b6e8c4cfe3f7c383123/wal-000000002 (ops 3-3)
I0727 05:20:55.930593 20813 log.cc:868] T dca01cf35daa4b6e8c4cfe3f7c383123 P b497dbd6bd1a4c998891b00d2493a1bb: Deleting log segment in path: /home/ubuntu/Impala/testdata/cluster/cdh5/node-1/var/lib/kudu/ts/wal/wals/dca01cf35daa4b6e8c4cfe3f7c383123/wal-000000003 (ops 4-4)
I0727 05:20:55.930606 20813 log.cc:868] T dca01cf35daa4b6e8c4cfe3f7c383123 P b497dbd6bd1a4c998891b00d2493a1bb: Deleting log segment in path: /home/ubuntu/Impala/testdata/cluster/cdh5/node-1/var/lib/kudu/ts/wal/wals/dca01cf35daa4b6e8c4cfe3f7c383123/wal-000000004 (ops 5-5)
I0727 05:20:55.930616 20813 log.cc:868] T dca01cf35daa4b6e8c4cfe3f7c383123 P b497dbd6bd1a4c998891b00d2493a1bb: Deleting log segment in path: /home/ubuntu/Impala/testdata/cluster/cdh5/node-1/var/lib/kudu/ts/wal/wals/dca01cf35daa4b6e8c4cfe3f7c383123/wal-000000005 (ops 6-6)
I0727 05:20:55.930624 20813 log.cc:868] T dca01cf35daa4b6e8c4cfe3f7c383123 P b497dbd6bd1a4c998891b00d2493a1bb: Deleting log segment in path: /home/ubuntu/Impala/testdata/cluster/cdh5/node-1/var/lib/kudu/ts/wal/wals/dca01cf35daa4b6e8c4cfe3f7c383123/wal-000000006 (ops 7-7)
I0727 05:20:55.930635 20813 log.cc:868] T dca01cf35daa4b6e8c4cfe3f7c383123 P b497dbd6bd1a4c998891b00d2493a1bb: Deleting log segment in path: /home/ubuntu/Impala/testdata/cluster/cdh5/node-1/var/lib/kudu/ts/wal/wals/dca01cf35daa4b6e8c4cfe3f7c383123/wal-000000007 (ops 8-8)
I0727 05:20:55.930644 20813 log.cc:868] T dca01cf35daa4b6e8c4cfe3f7c383123 P b497dbd6bd1a4c998891b00d2493a1bb: Deleting log segment in path: /home/ubuntu/Impala/testdata/cluster/cdh5/node-1/var/lib/kudu/ts/wal/wals/dca01cf35daa4b6e8c4cfe3f7c383123/wal-000000008 (ops 9-9)
I0727 05:20:55.930655 20813 log.cc:868] T dca01cf35daa4b6e8c4cfe3f7c383123 P b497dbd6bd1a4c998891b00d2493a1bb: Deleting log segment in path: /home/ubuntu/Impala/testdata/cluster/cdh5/node-1/var/lib/kudu/ts/wal/wals/dca01cf35daa4b6e8c4cfe3f7c383123/wal-000000009 (ops 10-10)
I0727 05:20:55.931278 20813 log.cc:868] T dca01cf35daa4b6e8c4cfe3f7c383123 P b497dbd6bd1a4c998891b00d2493a1bb: Deleting log segment in path: /home/ubuntu/Impala/testdata/cluster/cdh5/node-1/var/lib/kudu/ts/wal/wals/dca01cf35daa4b6e8c4cfe3f7c383123/wal-000000010 (ops 11-11)
I0727 05:20:55.931298 20813 log.cc:868] T dca01cf35daa4b6e8c4cfe3f7c383123 P b497dbd6bd1a4c998891b00d2493a1bb: Deleting log segment in path: /home/ubuntu/Impala/testdata/cluster/cdh5/node-1/var/lib/kudu/ts/wal/wals/dca01cf35daa4b6e8c4cfe3f7c383123/wal-000000011 (ops 12-12)
I0727 05:20:55.931308 20813 log.cc:868] T dca01cf35daa4b6e8c4cfe3f7c383123 P b497dbd6bd1a4c998891b00d2493a1bb: Deleting log segment in path: /home/ubuntu/Impala/testdata/cluster/cdh5/node-1/var/lib/kudu/ts/wal/wals/dca01cf35daa4b6e8c4cfe3f7c383123/wal-000000012 (ops 13-13)
I0727 05:20:55.931324 20813 log.cc:868] T dca01cf35daa4b6e8c4cfe3f7c383123 P b497dbd6bd1a4c998891b00d2493a1bb: Deleting log segment in path: /home/ubuntu/Impala/testdata/cluster/cdh5/node-1/var/lib/kudu/ts/wal/wals/dca01cf35daa4b6e8c4cfe3f7c383123/wal-000000013 (ops 14-14)
I0727 05:20:55.931334 20813 log.cc:868] T dca01cf35daa4b6e8c4cfe3f7c383123 P b497dbd6bd1a4c998891b00d2493a1bb: Deleting log segment in path: /home/ubuntu/Impala/testdata/cluster/cdh5/node-1/var/lib/kudu/ts/wal/wals/dca01cf35daa4b6e8c4cfe3f7c383123/wal-000000014 (ops 15-15)
I0727 05:20:55.931352 20813 log.cc:868] T dca01cf35daa4b6e8c4cfe3f7c383123 P b497dbd6bd1a4c998891b00d2493a1bb: Deleting log segment in path: /home/ubuntu/Impala/testdata/cluster/cdh5/node-1/var/lib/kudu/ts/wal/wals/dca01cf35daa4b6e8c4cfe3f7c383123/wal-000000015 (ops 16-16)
I0727 05:20:55.931365 20813 log.cc:868] T dca01cf35daa4b6e8c4cfe3f7c383123 P b497dbd6bd1a4c998891b00d2493a1bb: Deleting log segment in path: /home/ubuntu/Impala/testdata/cluster/cdh5/node-1/var/lib/kudu/ts/wal/wals/dca01cf35daa4b6e8c4cfe3f7c383123/wal-000000016 (ops 17-17)
I0727 05:20:55.931373 20813 log.cc:868] T dca01cf35daa4b6e8c4cfe3f7c383123 P b497dbd6bd1a4c998891b00d2493a1bb: Deleting log segment in path: /home/ubuntu/Impala/testdata/cluster/cdh5/node-1/var/lib/kudu/ts/wal/wals/dca01cf35daa4b6e8c4cfe3f7c383123/wal-000000017 (ops 18-18)
I0727 05:20:55.949193 20813 maintenance_manager.cc:435] Time spent running LogGCOp(dca01cf35daa4b6e8c4cfe3f7c383123): real 0.044s	user 0.000s	sys 0.020s
I0727 05:20:55.949223 20813 maintenance_manager.cc:441] P b497dbd6bd1a4c998891b00d2493a1bb: LogGCOp(dca01cf35daa4b6e8c4cfe3f7c383123) metrics: {}
I0727 05:20:55.949971 20813 maintenance_manager.cc:435] Time spent running UndoDeltaBlockGCOp(dca01cf35daa4b6e8c4cfe3f7c383123): real 0.000s	user 0.000s	sys 0.000s
I0727 05:20:55.949990 20813 maintenance_manager.cc:441] P b497dbd6bd1a4c998891b00d2493a1bb: UndoDeltaBlockGCOp(dca01cf35daa4b6e8c4cfe3f7c383123) metrics: {"cfile_init":2}
I0727 05:20:55.994767 116125 log.cc:562] T 6fba03ee91f54e79aa6fcf6ded8eddb0 P b497dbd6bd1a4c998891b00d2493a1bb: Rolled over to a new log segment at /home/ubuntu/Impala/testdata/cluster/cdh5/node-1/var/lib/kudu/ts/wal/wals/6fba03ee91f54e79aa6fcf6ded8eddb0/wal-000000010
I0727 05:20:56.376191 116054 log.cc:647] T 31cafc285b5c4b6ca4c0dcae1060a1fa P b497dbd6bd1a4c998891b00d2493a1bb: Max segment size reached. Starting new segment allocation
I0727 05:20:56.453522 116054 log.cc:562] T 31cafc285b5c4b6ca4c0dcae1060a1fa P b497dbd6bd1a4c998891b00d2493a1bb: Rolled over to a new log segment at /home/ubuntu/Impala/testdata/cluster/cdh5/node-1/var/lib/kudu/ts/wal/wals/31cafc285b5c4b6ca4c0dcae1060a1fa/wal-000000012
I0727 05:20:56.537833 116083 log.cc:647] T 61d92cfa20734741aabbbe06dbbd87ac P b497dbd6bd1a4c998891b00d2493a1bb: Max segment size reached. Starting new segment allocation
I0727 05:20:56.627413 116083 log.cc:562] T 61d92cfa20734741aabbbe06dbbd87ac P b497dbd6bd1a4c998891b00d2493a1bb: Rolled over to a new log segment at /home/ubuntu/Impala/testdata/cluster/cdh5/node-1/var/lib/kudu/ts/wal/wals/61d92cfa20734741aabbbe06dbbd87ac/wal-000000012
I0727 05:20:56.906659 116125 log.cc:647] T 6fba03ee91f54e79aa6fcf6ded8eddb0 P b497dbd6bd1a4c998891b00d2493a1bb: Max segment size reached. Starting new segment allocation
I0727 05:20:56.983376 116125 log.cc:562] T 6fba03ee91f54e79aa6fcf6ded8eddb0 P b497dbd6bd1a4c998891b00d2493a1bb: Rolled over to a new log segment at /home/ubuntu/Impala/testdata/cluster/cdh5/node-1/var/lib/kudu/ts/wal/wals/6fba03ee91f54e79aa6fcf6ded8eddb0/wal-000000011
I0727 05:20:57.310125 116054 log.cc:647] T 31cafc285b5c4b6ca4c0dcae1060a1fa P b497dbd6bd1a4c998891b00d2493a1bb: Max segment size reached. Starting new segment allocation
I0727 05:20:57.385319 116054 log.cc:562] T 31cafc285b5c4b6ca4c0dcae1060a1fa P b497dbd6bd1a4c998891b00d2493a1bb: Rolled over to a new log segment at /home/ubuntu/Impala/testdata/cluster/cdh5/node-1/var/lib/kudu/ts/wal/wals/31cafc285b5c4b6ca4c0dcae1060a1fa/wal-000000013
I0727 05:20:57.494921 116083 log.cc:647] T 61d92cfa20734741aabbbe06dbbd87ac P b497dbd6bd1a4c998891b00d2493a1bb: Max segment size reached. Starting new segment allocation
I0727 05:20:57.596736 116083 log.cc:562] T 61d92cfa20734741aabbbe06dbbd87ac P b497dbd6bd1a4c998891b00d2493a1bb: Rolled over to a new log segment at /home/ubuntu/Impala/testdata/cluster/cdh5/node-1/var/lib/kudu/ts/wal/wals/61d92cfa20734741aabbbe06dbbd87ac/wal-000000013
I0727 05:20:57.832741 116125 log.cc:647] T 6fba03ee91f54e79aa6fcf6ded8eddb0 P b497dbd6bd1a4c998891b00d2493a1bb: Max segment size reached. Starting new segment allocation
I0727 05:20:57.933743 116125 log.cc:562] T 6fba03ee91f54e79aa6fcf6ded8eddb0 P b497dbd6bd1a4c998891b00d2493a1bb: Rolled over to a new log segment at /home/ubuntu/Impala/testdata/cluster/cdh5/node-1/var/lib/kudu/ts/wal/wals/6fba03ee91f54e79aa6fcf6ded8eddb0/wal-000000012
I0727 05:20:58.285409 116054 log.cc:647] T 31cafc285b5c4b6ca4c0dcae1060a1fa P b497dbd6bd1a4c998891b00d2493a1bb: Max segment size reached. Starting new segment allocation
I0727 05:20:58.359931 116054 log.cc:562] T 31cafc285b5c4b6ca4c0dcae1060a1fa P b497dbd6bd1a4c998891b00d2493a1bb: Rolled over to a new log segment at /home/ubuntu/Impala/testdata/cluster/cdh5/node-1/var/lib/kudu/ts/wal/wals/31cafc285b5c4b6ca4c0dcae1060a1fa/wal-000000014
I0727 05:20:58.456054 116083 log.cc:647] T 61d92cfa20734741aabbbe06dbbd87ac P b497dbd6bd1a4c998891b00d2493a1bb: Max segment size reached. Starting new segment allocation
I0727 05:20:58.536782 116083 log.cc:562] T 61d92cfa20734741aabbbe06dbbd87ac P b497dbd6bd1a4c998891b00d2493a1bb: Rolled over to a new log segment at /home/ubuntu/Impala/testdata/cluster/cdh5/node-1/var/lib/kudu/ts/wal/wals/61d92cfa20734741aabbbe06dbbd87ac/wal-000000014
I0727 05:20:58.792018 116125 log.cc:647] T 6fba03ee91f54e79aa6fcf6ded8eddb0 P b497dbd6bd1a4c998891b00d2493a1bb: Max segment size reached. Starting new segment allocation
I0727 05:20:58.867398 116125 log.cc:562] T 6fba03ee91f54e79aa6fcf6ded8eddb0 P b497dbd6bd1a4c998891b00d2493a1bb: Rolled over to a new log segment at /home/ubuntu/Impala/testdata/cluster/cdh5/node-1/var/lib/kudu/ts/wal/wals/6fba03ee91f54e79aa6fcf6ded8eddb0/wal-000000013
I0727 05:20:59.209432 116054 log.cc:647] T 31cafc285b5c4b6ca4c0dcae1060a1fa P b497dbd6bd1a4c998891b00d2493a1bb: Max segment size reached. Starting new segment allocation
I0727 05:20:59.284662 116054 log.cc:562] T 31cafc285b5c4b6ca4c0dcae1060a1fa P b497dbd6bd1a4c998891b00d2493a1bb: Rolled over to a new log segment at /home/ubuntu/Impala/testdata/cluster/cdh5/node-1/var/lib/kudu/ts/wal/wals/31cafc285b5c4b6ca4c0dcae1060a1fa/wal-000000015
I0727 05:20:59.395746 116083 log.cc:647] T 61d92cfa20734741aabbbe06dbbd87ac P b497dbd6bd1a4c998891b00d2493a1bb: Max segment size reached. Starting new segment allocation
