I0727 05:16:36.975306 112069 raft_consensus.cc:316] T a48dec82544c44368e90f3268592bd56 P b497dbd6bd1a4c998891b00d2493a1bb [term 0 FOLLOWER]: Consensus starting up: Expiring failure detector timer to make a prompt election more likely
I0727 05:16:36.975308 112069 raft_consensus.cc:560] T a48dec82544c44368e90f3268592bd56 P b497dbd6bd1a4c998891b00d2493a1bb [term 0 FOLLOWER]: Becoming Follower/Learner. State: Replica: b497dbd6bd1a4c998891b00d2493a1bb, State: Running, Role: FOLLOWER
I0727 05:16:36.975319 112069 consensus_queue.cc:186] T a48dec82544c44368e90f3268592bd56 P b497dbd6bd1a4c998891b00d2493a1bb [NON_LEADER]: Queue going to NON_LEADER mode. State: All replicated index: 0, Majority replicated index: 0, Committed index: 0, Last appended: 0.0, Last appended by leader: 0, Current term: 0, Majority size: -1, State: 1, Mode: NON_LEADER
I0727 05:16:36.975374 112069 ts_tablet_manager.cc:775] T a48dec82544c44368e90f3268592bd56 P b497dbd6bd1a4c998891b00d2493a1bb: Time spent starting tablet: real 0.000s	user 0.000s	sys 0.000s
I0727 05:16:36.975392 112069 ts_tablet_manager.cc:741] T cda6fdae46394e928fcbf60687842993 P b497dbd6bd1a4c998891b00d2493a1bb: Bootstrapping tablet
I0727 05:16:36.975399 112069 tablet_bootstrap.cc:406] T cda6fdae46394e928fcbf60687842993 P b497dbd6bd1a4c998891b00d2493a1bb: Bootstrap starting.
I0727 05:16:36.975493 112069 tablet_bootstrap.cc:547] T cda6fdae46394e928fcbf60687842993 P b497dbd6bd1a4c998891b00d2493a1bb: No blocks or log segments found. Creating new log.
I0727 05:16:36.975860 112069 tablet_bootstrap.cc:406] T cda6fdae46394e928fcbf60687842993 P b497dbd6bd1a4c998891b00d2493a1bb: No bootstrap required, opened a new log
I0727 05:16:36.975877 112069 ts_tablet_manager.cc:746] T cda6fdae46394e928fcbf60687842993 P b497dbd6bd1a4c998891b00d2493a1bb: Time spent bootstrapping tablet: real 0.000s	user 0.000s	sys 0.000s
I0727 05:16:36.976137 112069 raft_consensus.cc:284] T cda6fdae46394e928fcbf60687842993 P b497dbd6bd1a4c998891b00d2493a1bb [term 0 FOLLOWER]: Replica starting. Triggering 0 pending transactions. Active config: opid_index: -1 OBSOLETE_local: false peers { permanent_uuid: "b497dbd6bd1a4c998891b00d2493a1bb" member_type: VOTER last_known_addr { host: "ip-172-31-12-168" port: 31202 } } peers { permanent_uuid: "6f1af300e1d549d6b1cdd8bf3b9aeb9c" member_type: VOTER last_known_addr { host: "ip-172-31-12-168" port: 31201 } } peers { permanent_uuid: "3a3c735705964e1badb66c37a66a9096" member_type: VOTER last_known_addr { host: "ip-172-31-12-168" port: 31200 } }
I0727 05:16:36.976151 112069 raft_consensus.cc:316] T cda6fdae46394e928fcbf60687842993 P b497dbd6bd1a4c998891b00d2493a1bb [term 0 FOLLOWER]: Consensus starting up: Expiring failure detector timer to make a prompt election more likely
I0727 05:16:36.976153 112069 raft_consensus.cc:560] T cda6fdae46394e928fcbf60687842993 P b497dbd6bd1a4c998891b00d2493a1bb [term 0 FOLLOWER]: Becoming Follower/Learner. State: Replica: b497dbd6bd1a4c998891b00d2493a1bb, State: Running, Role: FOLLOWER
I0727 05:16:36.976161 112069 consensus_queue.cc:186] T cda6fdae46394e928fcbf60687842993 P b497dbd6bd1a4c998891b00d2493a1bb [NON_LEADER]: Queue going to NON_LEADER mode. State: All replicated index: 0, Majority replicated index: 0, Committed index: 0, Last appended: 0.0, Last appended by leader: 0, Current term: 0, Majority size: -1, State: 1, Mode: NON_LEADER
I0727 05:16:36.976208 112069 ts_tablet_manager.cc:775] T cda6fdae46394e928fcbf60687842993 P b497dbd6bd1a4c998891b00d2493a1bb: Time spent starting tablet: real 0.000s	user 0.000s	sys 0.000s
I0727 05:16:37.094468 20913 raft_consensus.cc:2372] T a48dec82544c44368e90f3268592bd56 P b497dbd6bd1a4c998891b00d2493a1bb: Snoozing failure detection for election timeout plus an additional 1.956s
I0727 05:16:37.094482 20913 raft_consensus.cc:1943] T a48dec82544c44368e90f3268592bd56 P b497dbd6bd1a4c998891b00d2493a1bb [term 0 FOLLOWER]: Leader pre-election vote request: Granting yes vote for candidate 6f1af300e1d549d6b1cdd8bf3b9aeb9c in term 0.
I0727 05:16:37.095077 20913 raft_consensus.cc:2419] T a48dec82544c44368e90f3268592bd56 P b497dbd6bd1a4c998891b00d2493a1bb [term 0 FOLLOWER]: Advancing to term 1
I0727 05:16:37.095089 20913 raft_consensus.cc:2372] T a48dec82544c44368e90f3268592bd56 P b497dbd6bd1a4c998891b00d2493a1bb: Snoozing failure detection for election timeout plus an additional 2.065s
I0727 05:16:37.095378 20913 raft_consensus.cc:1943] T a48dec82544c44368e90f3268592bd56 P b497dbd6bd1a4c998891b00d2493a1bb [term 1 FOLLOWER]: Leader election vote request: Granting yes vote for candidate 6f1af300e1d549d6b1cdd8bf3b9aeb9c in term 1.
I0727 05:16:37.114609 20913 raft_consensus.cc:2372] T 904259aacdee4b52902b54cf4a48422a P b497dbd6bd1a4c998891b00d2493a1bb: Snoozing failure detection for election timeout plus an additional 1.914s
I0727 05:16:37.114621 20913 raft_consensus.cc:1943] T 904259aacdee4b52902b54cf4a48422a P b497dbd6bd1a4c998891b00d2493a1bb [term 0 FOLLOWER]: Leader pre-election vote request: Granting yes vote for candidate 6f1af300e1d549d6b1cdd8bf3b9aeb9c in term 0.
I0727 05:16:37.115190 20913 raft_consensus.cc:2419] T 904259aacdee4b52902b54cf4a48422a P b497dbd6bd1a4c998891b00d2493a1bb [term 0 FOLLOWER]: Advancing to term 1
I0727 05:16:37.115203 20913 raft_consensus.cc:2372] T 904259aacdee4b52902b54cf4a48422a P b497dbd6bd1a4c998891b00d2493a1bb: Snoozing failure detection for election timeout plus an additional 1.960s
I0727 05:16:37.115435 20913 raft_consensus.cc:1943] T 904259aacdee4b52902b54cf4a48422a P b497dbd6bd1a4c998891b00d2493a1bb [term 1 FOLLOWER]: Leader election vote request: Granting yes vote for candidate 6f1af300e1d549d6b1cdd8bf3b9aeb9c in term 1.
I0727 05:16:37.417212 20913 raft_consensus.cc:2372] T cda6fdae46394e928fcbf60687842993 P b497dbd6bd1a4c998891b00d2493a1bb: Snoozing failure detection for election timeout plus an additional 1.611s
I0727 05:16:37.417227 20913 raft_consensus.cc:1943] T cda6fdae46394e928fcbf60687842993 P b497dbd6bd1a4c998891b00d2493a1bb [term 0 FOLLOWER]: Leader pre-election vote request: Granting yes vote for candidate 6f1af300e1d549d6b1cdd8bf3b9aeb9c in term 0.
I0727 05:16:37.417819 20913 raft_consensus.cc:2419] T cda6fdae46394e928fcbf60687842993 P b497dbd6bd1a4c998891b00d2493a1bb [term 0 FOLLOWER]: Advancing to term 1
I0727 05:16:37.417835 20913 raft_consensus.cc:2372] T cda6fdae46394e928fcbf60687842993 P b497dbd6bd1a4c998891b00d2493a1bb: Snoozing failure detection for election timeout plus an additional 1.909s
I0727 05:16:37.418088 20913 raft_consensus.cc:1943] T cda6fdae46394e928fcbf60687842993 P b497dbd6bd1a4c998891b00d2493a1bb [term 1 FOLLOWER]: Leader election vote request: Granting yes vote for candidate 6f1af300e1d549d6b1cdd8bf3b9aeb9c in term 1.
I0727 05:16:37.420939 20913 raft_consensus.cc:944] T 904259aacdee4b52902b54cf4a48422a P b497dbd6bd1a4c998891b00d2493a1bb [term 1 FOLLOWER]: Refusing update from remote peer 6f1af300e1d549d6b1cdd8bf3b9aeb9c: Log matching property violated. Preceding OpId in replica: term: 0 index: 0. Preceding OpId from leader: term: 1 index: 1. (index mismatch)
I0727 05:16:37.424510 20913 raft_consensus.cc:944] T a48dec82544c44368e90f3268592bd56 P b497dbd6bd1a4c998891b00d2493a1bb [term 1 FOLLOWER]: Refusing update from remote peer 6f1af300e1d549d6b1cdd8bf3b9aeb9c: Log matching property violated. Preceding OpId in replica: term: 0 index: 0. Preceding OpId from leader: term: 1 index: 1. (index mismatch)
I0727 05:16:37.811305 20913 raft_consensus.cc:944] T cda6fdae46394e928fcbf60687842993 P b497dbd6bd1a4c998891b00d2493a1bb [term 1 FOLLOWER]: Refusing update from remote peer 6f1af300e1d549d6b1cdd8bf3b9aeb9c: Log matching property violated. Preceding OpId in replica: term: 0 index: 0. Preceding OpId from leader: term: 1 index: 1. (index mismatch)
I0727 05:16:44.851671 20883 tablet_service.cc:713] Processing DeleteTablet for tablet 3115375834a4432db48c360b67bcc35b with delete_type TABLET_DATA_DELETED (Table deleted at 2017-07-27 05:16:44 UTC) from {username='ubuntu'} at 127.0.0.1:34066
I0727 05:16:44.851694 20883 tablet_replica.cc:225] Initiating TabletReplica shutdown for tablet: 3115375834a4432db48c360b67bcc35b
I0727 05:16:44.851703 20883 maintenance_manager.cc:206] P b497dbd6bd1a4c998891b00d2493a1bb: Unregistered op CompactRowSetsOp(3115375834a4432db48c360b67bcc35b)
I0727 05:16:44.851723 20883 maintenance_manager.cc:206] P b497dbd6bd1a4c998891b00d2493a1bb: Unregistered op MinorDeltaCompactionOp(3115375834a4432db48c360b67bcc35b)
I0727 05:16:44.851701 20880 tablet_service.cc:713] Processing DeleteTablet for tablet 1476ebdecfeb44edb9a3f6f2f1a7c78e with delete_type TABLET_DATA_DELETED (Table deleted at 2017-07-27 05:16:44 UTC) from {username='ubuntu'} at 127.0.0.1:34066
I0727 05:16:44.851747 20883 maintenance_manager.cc:206] P b497dbd6bd1a4c998891b00d2493a1bb: Unregistered op MajorDeltaCompactionOp(3115375834a4432db48c360b67bcc35b)
I0727 05:16:44.851789 20883 maintenance_manager.cc:206] P b497dbd6bd1a4c998891b00d2493a1bb: Unregistered op UndoDeltaBlockGCOp(3115375834a4432db48c360b67bcc35b)
I0727 05:16:44.851807 20883 maintenance_manager.cc:206] P b497dbd6bd1a4c998891b00d2493a1bb: Unregistered op FlushMRSOp(3115375834a4432db48c360b67bcc35b)
I0727 05:16:44.851773 20880 tablet_replica.cc:225] Initiating TabletReplica shutdown for tablet: 1476ebdecfeb44edb9a3f6f2f1a7c78e
I0727 05:16:44.851809 20879 tablet_service.cc:713] Processing DeleteTablet for tablet 74957ed3f99a473da12b1ed943ebf9ce with delete_type TABLET_DATA_DELETED (Table deleted at 2017-07-27 05:16:44 UTC) from {username='ubuntu'} at 127.0.0.1:34066
I0727 05:16:44.851814 20883 maintenance_manager.cc:206] P b497dbd6bd1a4c998891b00d2493a1bb: Unregistered op FlushDeltaMemStoresOp(3115375834a4432db48c360b67bcc35b)
I0727 05:16:44.851860 20883 maintenance_manager.cc:206] P b497dbd6bd1a4c998891b00d2493a1bb: Unregistered op LogGCOp(3115375834a4432db48c360b67bcc35b)
I0727 05:16:44.851819 20880 maintenance_manager.cc:206] P b497dbd6bd1a4c998891b00d2493a1bb: Unregistered op CompactRowSetsOp(1476ebdecfeb44edb9a3f6f2f1a7c78e)
I0727 05:16:44.851871 20883 raft_consensus.cc:1763] T 3115375834a4432db48c360b67bcc35b P b497dbd6bd1a4c998891b00d2493a1bb [term 1 LEADER]: Raft consensus shutting down.
I0727 05:16:44.851838 20879 tablet_replica.cc:225] Initiating TabletReplica shutdown for tablet: 74957ed3f99a473da12b1ed943ebf9ce
I0727 05:16:44.851897 20879 maintenance_manager.cc:206] P b497dbd6bd1a4c998891b00d2493a1bb: Unregistered op CompactRowSetsOp(74957ed3f99a473da12b1ed943ebf9ce)
I0727 05:16:44.851913 20879 maintenance_manager.cc:206] P b497dbd6bd1a4c998891b00d2493a1bb: Unregistered op MinorDeltaCompactionOp(74957ed3f99a473da12b1ed943ebf9ce)
I0727 05:16:44.851932 20879 maintenance_manager.cc:206] P b497dbd6bd1a4c998891b00d2493a1bb: Unregistered op MajorDeltaCompactionOp(74957ed3f99a473da12b1ed943ebf9ce)
I0727 05:16:44.851876 20883 consensus_peers.cc:400] T 3115375834a4432db48c360b67bcc35b P b497dbd6bd1a4c998891b00d2493a1bb -> Peer 6f1af300e1d549d6b1cdd8bf3b9aeb9c (ip-172-31-12-168:31201): Closing peer: 6f1af300e1d549d6b1cdd8bf3b9aeb9c
I0727 05:16:44.851878 20880 maintenance_manager.cc:206] P b497dbd6bd1a4c998891b00d2493a1bb: Unregistered op MinorDeltaCompactionOp(1476ebdecfeb44edb9a3f6f2f1a7c78e)
I0727 05:16:44.851953 20883 consensus_peers.cc:400] T 3115375834a4432db48c360b67bcc35b P b497dbd6bd1a4c998891b00d2493a1bb -> Peer 3a3c735705964e1badb66c37a66a9096 (ip-172-31-12-168:31200): Closing peer: 3a3c735705964e1badb66c37a66a9096
I0727 05:16:44.851972 20883 raft_consensus.cc:1778] T 3115375834a4432db48c360b67bcc35b P b497dbd6bd1a4c998891b00d2493a1bb [term 1 LEADER]: Raft consensus is shut down!
I0727 05:16:44.851941 20879 maintenance_manager.cc:206] P b497dbd6bd1a4c998891b00d2493a1bb: Unregistered op UndoDeltaBlockGCOp(74957ed3f99a473da12b1ed943ebf9ce)
I0727 05:16:44.851956 20880 maintenance_manager.cc:206] P b497dbd6bd1a4c998891b00d2493a1bb: Unregistered op MajorDeltaCompactionOp(1476ebdecfeb44edb9a3f6f2f1a7c78e)
I0727 05:16:44.852027 20879 maintenance_manager.cc:206] P b497dbd6bd1a4c998891b00d2493a1bb: Unregistered op FlushMRSOp(74957ed3f99a473da12b1ed943ebf9ce)
I0727 05:16:44.852035 20879 maintenance_manager.cc:206] P b497dbd6bd1a4c998891b00d2493a1bb: Unregistered op FlushDeltaMemStoresOp(74957ed3f99a473da12b1ed943ebf9ce)
I0727 05:16:44.852044 20880 maintenance_manager.cc:206] P b497dbd6bd1a4c998891b00d2493a1bb: Unregistered op UndoDeltaBlockGCOp(1476ebdecfeb44edb9a3f6f2f1a7c78e)
I0727 05:16:44.852056 20880 maintenance_manager.cc:206] P b497dbd6bd1a4c998891b00d2493a1bb: Unregistered op FlushMRSOp(1476ebdecfeb44edb9a3f6f2f1a7c78e)
I0727 05:16:44.852073 20879 maintenance_manager.cc:206] P b497dbd6bd1a4c998891b00d2493a1bb: Unregistered op LogGCOp(74957ed3f99a473da12b1ed943ebf9ce)
I0727 05:16:44.852084 20879 raft_consensus.cc:1763] T 74957ed3f99a473da12b1ed943ebf9ce P b497dbd6bd1a4c998891b00d2493a1bb [term 1 FOLLOWER]: Raft consensus shutting down.
I0727 05:16:44.852087 20880 maintenance_manager.cc:206] P b497dbd6bd1a4c998891b00d2493a1bb: Unregistered op FlushDeltaMemStoresOp(1476ebdecfeb44edb9a3f6f2f1a7c78e)
I0727 05:16:44.852093 20880 maintenance_manager.cc:206] P b497dbd6bd1a4c998891b00d2493a1bb: Unregistered op LogGCOp(1476ebdecfeb44edb9a3f6f2f1a7c78e)
I0727 05:16:44.852095 20879 raft_consensus.cc:1778] T 74957ed3f99a473da12b1ed943ebf9ce P b497dbd6bd1a4c998891b00d2493a1bb [term 1 FOLLOWER]: Raft consensus is shut down!
I0727 05:16:44.852097 20880 raft_consensus.cc:1763] T 1476ebdecfeb44edb9a3f6f2f1a7c78e P b497dbd6bd1a4c998891b00d2493a1bb [term 1 FOLLOWER]: Raft consensus shutting down.
I0727 05:16:44.852125 20880 raft_consensus.cc:1778] T 1476ebdecfeb44edb9a3f6f2f1a7c78e P b497dbd6bd1a4c998891b00d2493a1bb [term 1 FOLLOWER]: Raft consensus is shut down!
I0727 05:16:44.852305 20883 ts_tablet_manager.cc:1030] T 3115375834a4432db48c360b67bcc35b P b497dbd6bd1a4c998891b00d2493a1bb: Deleting tablet data with delete state TABLET_DATA_DELETED
I0727 05:16:44.852361 20879 ts_tablet_manager.cc:1030] T 74957ed3f99a473da12b1ed943ebf9ce P b497dbd6bd1a4c998891b00d2493a1bb: Deleting tablet data with delete state TABLET_DATA_DELETED
I0727 05:16:44.852399 20880 ts_tablet_manager.cc:1030] T 1476ebdecfeb44edb9a3f6f2f1a7c78e P b497dbd6bd1a4c998891b00d2493a1bb: Deleting tablet data with delete state TABLET_DATA_DELETED
I0727 05:16:44.854384 20883 ts_tablet_manager.cc:1042] T 3115375834a4432db48c360b67bcc35b P b497dbd6bd1a4c998891b00d2493a1bb: Tablet deleted. Last logged OpId: 1.2
I0727 05:16:44.854398 20883 log.cc:974] T 3115375834a4432db48c360b67bcc35b P b497dbd6bd1a4c998891b00d2493a1bb: Deleting WAL directory at /home/ubuntu/Impala/testdata/cluster/cdh5/node-1/var/lib/kudu/ts/wal/wals/3115375834a4432db48c360b67bcc35b
I0727 05:16:44.854437 20879 ts_tablet_manager.cc:1042] T 74957ed3f99a473da12b1ed943ebf9ce P b497dbd6bd1a4c998891b00d2493a1bb: Tablet deleted. Last logged OpId: 1.2
I0727 05:16:44.854457 20879 log.cc:974] T 74957ed3f99a473da12b1ed943ebf9ce P b497dbd6bd1a4c998891b00d2493a1bb: Deleting WAL directory at /home/ubuntu/Impala/testdata/cluster/cdh5/node-1/var/lib/kudu/ts/wal/wals/74957ed3f99a473da12b1ed943ebf9ce
I0727 05:16:44.854501 20880 ts_tablet_manager.cc:1042] T 1476ebdecfeb44edb9a3f6f2f1a7c78e P b497dbd6bd1a4c998891b00d2493a1bb: Tablet deleted. Last logged OpId: 1.2
I0727 05:16:44.854516 20880 log.cc:974] T 1476ebdecfeb44edb9a3f6f2f1a7c78e P b497dbd6bd1a4c998891b00d2493a1bb: Deleting WAL directory at /home/ubuntu/Impala/testdata/cluster/cdh5/node-1/var/lib/kudu/ts/wal/wals/1476ebdecfeb44edb9a3f6f2f1a7c78e
I0727 05:16:44.855432 20883 ts_tablet_manager.cc:1060] T 3115375834a4432db48c360b67bcc35b P b497dbd6bd1a4c998891b00d2493a1bb: Deleting consensus metadata
I0727 05:16:44.855561 20879 ts_tablet_manager.cc:1060] T 74957ed3f99a473da12b1ed943ebf9ce P b497dbd6bd1a4c998891b00d2493a1bb: Deleting consensus metadata
I0727 05:16:44.855722 20880 ts_tablet_manager.cc:1060] T 1476ebdecfeb44edb9a3f6f2f1a7c78e P b497dbd6bd1a4c998891b00d2493a1bb: Deleting consensus metadata
I0727 05:16:44.979115 20879 tablet_service.cc:672] Processing CreateTablet for tablet b9ec8006a9cd49fc8e3bd0e09baac13a (table=impala::functional_kudu.dimtbl [id=8fe0656a02d344ad988e2242d8e796f2]), partition=RANGE (id) PARTITION 1004 <= VALUES < 1008
I0727 05:16:44.979131 20883 tablet_service.cc:672] Processing CreateTablet for tablet 90714e4a775d4f54900d41b7e166ea39 (table=impala::functional_kudu.dimtbl [id=8fe0656a02d344ad988e2242d8e796f2]), partition=RANGE (id) PARTITION VALUES >= 1008
I0727 05:16:44.979687 20879 ts_tablet_manager.cc:871] T b9ec8006a9cd49fc8e3bd0e09baac13a P b497dbd6bd1a4c998891b00d2493a1bb: Registered tablet (data state: TABLET_DATA_READY)
I0727 05:16:44.979728 20883 ts_tablet_manager.cc:871] T 90714e4a775d4f54900d41b7e166ea39 P b497dbd6bd1a4c998891b00d2493a1bb: Registered tablet (data state: TABLET_DATA_READY)
I0727 05:16:44.979974 112116 ts_tablet_manager.cc:741] T b9ec8006a9cd49fc8e3bd0e09baac13a P b497dbd6bd1a4c998891b00d2493a1bb: Bootstrapping tablet
I0727 05:16:44.979981 20880 tablet_service.cc:672] Processing CreateTablet for tablet b0814780546a45308e0c5a10a004d44a (table=impala::functional_kudu.dimtbl [id=8fe0656a02d344ad988e2242d8e796f2]), partition=RANGE (id) PARTITION VALUES < 1004
I0727 05:16:44.980002 112116 tablet_bootstrap.cc:406] T b9ec8006a9cd49fc8e3bd0e09baac13a P b497dbd6bd1a4c998891b00d2493a1bb: Bootstrap starting.
I0727 05:16:44.980162 112116 tablet_bootstrap.cc:547] T b9ec8006a9cd49fc8e3bd0e09baac13a P b497dbd6bd1a4c998891b00d2493a1bb: No blocks or log segments found. Creating new log.
I0727 05:16:44.980420 20880 ts_tablet_manager.cc:871] T b0814780546a45308e0c5a10a004d44a P b497dbd6bd1a4c998891b00d2493a1bb: Registered tablet (data state: TABLET_DATA_READY)
I0727 05:16:44.980552 112116 tablet_bootstrap.cc:406] T b9ec8006a9cd49fc8e3bd0e09baac13a P b497dbd6bd1a4c998891b00d2493a1bb: No bootstrap required, opened a new log
I0727 05:16:44.980571 112116 ts_tablet_manager.cc:746] T b9ec8006a9cd49fc8e3bd0e09baac13a P b497dbd6bd1a4c998891b00d2493a1bb: Time spent bootstrapping tablet: real 0.001s	user 0.000s	sys 0.000s
I0727 05:16:44.980846 112116 raft_consensus.cc:284] T b9ec8006a9cd49fc8e3bd0e09baac13a P b497dbd6bd1a4c998891b00d2493a1bb [term 0 FOLLOWER]: Replica starting. Triggering 0 pending transactions. Active config: opid_index: -1 OBSOLETE_local: false peers { permanent_uuid: "b497dbd6bd1a4c998891b00d2493a1bb" member_type: VOTER last_known_addr { host: "ip-172-31-12-168" port: 31202 } } peers { permanent_uuid: "6f1af300e1d549d6b1cdd8bf3b9aeb9c" member_type: VOTER last_known_addr { host: "ip-172-31-12-168" port: 31201 } } peers { permanent_uuid: "3a3c735705964e1badb66c37a66a9096" member_type: VOTER last_known_addr { host: "ip-172-31-12-168" port: 31200 } }
I0727 05:16:44.980861 112116 raft_consensus.cc:316] T b9ec8006a9cd49fc8e3bd0e09baac13a P b497dbd6bd1a4c998891b00d2493a1bb [term 0 FOLLOWER]: Consensus starting up: Expiring failure detector timer to make a prompt election more likely
I0727 05:16:44.980870 112116 raft_consensus.cc:560] T b9ec8006a9cd49fc8e3bd0e09baac13a P b497dbd6bd1a4c998891b00d2493a1bb [term 0 FOLLOWER]: Becoming Follower/Learner. State: Replica: b497dbd6bd1a4c998891b00d2493a1bb, State: Running, Role: FOLLOWER
I0727 05:16:44.980876 112116 consensus_queue.cc:186] T b9ec8006a9cd49fc8e3bd0e09baac13a P b497dbd6bd1a4c998891b00d2493a1bb [NON_LEADER]: Queue going to NON_LEADER mode. State: All replicated index: 0, Majority replicated index: 0, Committed index: 0, Last appended: 0.0, Last appended by leader: 0, Current term: 0, Majority size: -1, State: 1, Mode: NON_LEADER
I0727 05:16:44.980923 112116 ts_tablet_manager.cc:775] T b9ec8006a9cd49fc8e3bd0e09baac13a P b497dbd6bd1a4c998891b00d2493a1bb: Time spent starting tablet: real 0.000s	user 0.000s	sys 0.000s
I0727 05:16:44.980934 112116 ts_tablet_manager.cc:741] T 90714e4a775d4f54900d41b7e166ea39 P b497dbd6bd1a4c998891b00d2493a1bb: Bootstrapping tablet
I0727 05:16:44.980943 112116 tablet_bootstrap.cc:406] T 90714e4a775d4f54900d41b7e166ea39 P b497dbd6bd1a4c998891b00d2493a1bb: Bootstrap starting.
I0727 05:16:44.981066 112116 tablet_bootstrap.cc:547] T 90714e4a775d4f54900d41b7e166ea39 P b497dbd6bd1a4c998891b00d2493a1bb: No blocks or log segments found. Creating new log.
I0727 05:16:44.981436 112116 tablet_bootstrap.cc:406] T 90714e4a775d4f54900d41b7e166ea39 P b497dbd6bd1a4c998891b00d2493a1bb: No bootstrap required, opened a new log
I0727 05:16:44.981453 112116 ts_tablet_manager.cc:746] T 90714e4a775d4f54900d41b7e166ea39 P b497dbd6bd1a4c998891b00d2493a1bb: Time spent bootstrapping tablet: real 0.001s	user 0.000s	sys 0.000s
I0727 05:16:44.981724 112116 raft_consensus.cc:284] T 90714e4a775d4f54900d41b7e166ea39 P b497dbd6bd1a4c998891b00d2493a1bb [term 0 FOLLOWER]: Replica starting. Triggering 0 pending transactions. Active config: opid_index: -1 OBSOLETE_local: false peers { permanent_uuid: "b497dbd6bd1a4c998891b00d2493a1bb" member_type: VOTER last_known_addr { host: "ip-172-31-12-168" port: 31202 } } peers { permanent_uuid: "6f1af300e1d549d6b1cdd8bf3b9aeb9c" member_type: VOTER last_known_addr { host: "ip-172-31-12-168" port: 31201 } } peers { permanent_uuid: "3a3c735705964e1badb66c37a66a9096" member_type: VOTER last_known_addr { host: "ip-172-31-12-168" port: 31200 } }
I0727 05:16:44.981737 112116 raft_consensus.cc:316] T 90714e4a775d4f54900d41b7e166ea39 P b497dbd6bd1a4c998891b00d2493a1bb [term 0 FOLLOWER]: Consensus starting up: Expiring failure detector timer to make a prompt election more likely
I0727 05:16:44.981745 112116 raft_consensus.cc:560] T 90714e4a775d4f54900d41b7e166ea39 P b497dbd6bd1a4c998891b00d2493a1bb [term 0 FOLLOWER]: Becoming Follower/Learner. State: Replica: b497dbd6bd1a4c998891b00d2493a1bb, State: Running, Role: FOLLOWER
I0727 05:16:44.981750 112116 consensus_queue.cc:186] T 90714e4a775d4f54900d41b7e166ea39 P b497dbd6bd1a4c998891b00d2493a1bb [NON_LEADER]: Queue going to NON_LEADER mode. State: All replicated index: 0, Majority replicated index: 0, Committed index: 0, Last appended: 0.0, Last appended by leader: 0, Current term: 0, Majority size: -1, State: 1, Mode: NON_LEADER
I0727 05:16:44.981794 112116 ts_tablet_manager.cc:775] T 90714e4a775d4f54900d41b7e166ea39 P b497dbd6bd1a4c998891b00d2493a1bb: Time spent starting tablet: real 0.000s	user 0.000s	sys 0.000s
I0727 05:16:44.981809 112116 ts_tablet_manager.cc:741] T b0814780546a45308e0c5a10a004d44a P b497dbd6bd1a4c998891b00d2493a1bb: Bootstrapping tablet
I0727 05:16:44.981817 112116 tablet_bootstrap.cc:406] T b0814780546a45308e0c5a10a004d44a P b497dbd6bd1a4c998891b00d2493a1bb: Bootstrap starting.
I0727 05:16:44.981950 112116 tablet_bootstrap.cc:547] T b0814780546a45308e0c5a10a004d44a P b497dbd6bd1a4c998891b00d2493a1bb: No blocks or log segments found. Creating new log.
I0727 05:16:44.982347 112116 tablet_bootstrap.cc:406] T b0814780546a45308e0c5a10a004d44a P b497dbd6bd1a4c998891b00d2493a1bb: No bootstrap required, opened a new log
I0727 05:16:44.982363 112116 ts_tablet_manager.cc:746] T b0814780546a45308e0c5a10a004d44a P b497dbd6bd1a4c998891b00d2493a1bb: Time spent bootstrapping tablet: real 0.001s	user 0.000s	sys 0.000s
I0727 05:16:44.982620 112116 raft_consensus.cc:284] T b0814780546a45308e0c5a10a004d44a P b497dbd6bd1a4c998891b00d2493a1bb [term 0 FOLLOWER]: Replica starting. Triggering 0 pending transactions. Active config: opid_index: -1 OBSOLETE_local: false peers { permanent_uuid: "3a3c735705964e1badb66c37a66a9096" member_type: VOTER last_known_addr { host: "ip-172-31-12-168" port: 31200 } } peers { permanent_uuid: "b497dbd6bd1a4c998891b00d2493a1bb" member_type: VOTER last_known_addr { host: "ip-172-31-12-168" port: 31202 } } peers { permanent_uuid: "6f1af300e1d549d6b1cdd8bf3b9aeb9c" member_type: VOTER last_known_addr { host: "ip-172-31-12-168" port: 31201 } }
I0727 05:16:44.982632 112116 raft_consensus.cc:316] T b0814780546a45308e0c5a10a004d44a P b497dbd6bd1a4c998891b00d2493a1bb [term 0 FOLLOWER]: Consensus starting up: Expiring failure detector timer to make a prompt election more likely
I0727 05:16:44.982635 112116 raft_consensus.cc:560] T b0814780546a45308e0c5a10a004d44a P b497dbd6bd1a4c998891b00d2493a1bb [term 0 FOLLOWER]: Becoming Follower/Learner. State: Replica: b497dbd6bd1a4c998891b00d2493a1bb, State: Running, Role: FOLLOWER
I0727 05:16:44.982645 112116 consensus_queue.cc:186] T b0814780546a45308e0c5a10a004d44a P b497dbd6bd1a4c998891b00d2493a1bb [NON_LEADER]: Queue going to NON_LEADER mode. State: All replicated index: 0, Majority replicated index: 0, Committed index: 0, Last appended: 0.0, Last appended by leader: 0, Current term: 0, Majority size: -1, State: 1, Mode: NON_LEADER
I0727 05:16:44.982678 112116 ts_tablet_manager.cc:775] T b0814780546a45308e0c5a10a004d44a P b497dbd6bd1a4c998891b00d2493a1bb: Time spent starting tablet: real 0.000s	user 0.000s	sys 0.000s
I0727 05:16:44.992574 112134 raft_consensus.cc:411] T b0814780546a45308e0c5a10a004d44a P b497dbd6bd1a4c998891b00d2493a1bb [term 0 FOLLOWER]: Starting pre-election (no leader contacted us within the election timeout)
I0727 05:16:44.992591 112134 raft_consensus.cc:2372] T b0814780546a45308e0c5a10a004d44a P b497dbd6bd1a4c998891b00d2493a1bb: Snoozing failure detection for election timeout plus an additional 1.979s
I0727 05:16:44.992619 112134 raft_consensus.cc:435] T b0814780546a45308e0c5a10a004d44a P b497dbd6bd1a4c998891b00d2493a1bb [term 0 FOLLOWER]: Starting pre-election with config: opid_index: -1 OBSOLETE_local: false peers { permanent_uuid: "3a3c735705964e1badb66c37a66a9096" member_type: VOTER last_known_addr { host: "ip-172-31-12-168" port: 31200 } } peers { permanent_uuid: "b497dbd6bd1a4c998891b00d2493a1bb" member_type: VOTER last_known_addr { host: "ip-172-31-12-168" port: 31202 } } peers { permanent_uuid: "6f1af300e1d549d6b1cdd8bf3b9aeb9c" member_type: VOTER last_known_addr { host: "ip-172-31-12-168" port: 31201 } }
I0727 05:16:44.992753 112134 leader_election.cc:217] T b0814780546a45308e0c5a10a004d44a P b497dbd6bd1a4c998891b00d2493a1bb [CANDIDATE]: Term 1 pre-election: Requesting pre-vote from peer 3a3c735705964e1badb66c37a66a9096
I0727 05:16:44.992774 112134 leader_election.cc:217] T b0814780546a45308e0c5a10a004d44a P b497dbd6bd1a4c998891b00d2493a1bb [CANDIDATE]: Term 1 pre-election: Requesting pre-vote from peer 6f1af300e1d549d6b1cdd8bf3b9aeb9c
I0727 05:16:44.992908 20838 leader_election.cc:349] T b0814780546a45308e0c5a10a004d44a P b497dbd6bd1a4c998891b00d2493a1bb [CANDIDATE]: Term 1 pre-election: Vote granted by peer 3a3c735705964e1badb66c37a66a9096
I0727 05:16:44.992918 20838 leader_election.cc:244] T b0814780546a45308e0c5a10a004d44a P b497dbd6bd1a4c998891b00d2493a1bb [CANDIDATE]: Term 1 pre-election: Election decided. Result: candidate won.
I0727 05:16:44.992933 20838 leader_election.cc:349] T b0814780546a45308e0c5a10a004d44a P b497dbd6bd1a4c998891b00d2493a1bb [CANDIDATE]: Term 1 pre-election: Vote granted by peer 6f1af300e1d549d6b1cdd8bf3b9aeb9c
I0727 05:16:44.992944 50029 raft_consensus.cc:2372] T b0814780546a45308e0c5a10a004d44a P b497dbd6bd1a4c998891b00d2493a1bb: Snoozing failure detection for election timeout plus an additional 2.080s
I0727 05:16:44.992956 50029 raft_consensus.cc:2176] T b0814780546a45308e0c5a10a004d44a P b497dbd6bd1a4c998891b00d2493a1bb [term 0 FOLLOWER]: Leader pre-election won for term 1
I0727 05:16:44.992974 50029 raft_consensus.cc:411] T b0814780546a45308e0c5a10a004d44a P b497dbd6bd1a4c998891b00d2493a1bb [term 0 FOLLOWER]: Starting leader election (no leader contacted us within the election timeout)
I0727 05:16:44.992981 50029 raft_consensus.cc:2372] T b0814780546a45308e0c5a10a004d44a P b497dbd6bd1a4c998891b00d2493a1bb: Snoozing failure detection for election timeout plus an additional 2.194s
I0727 05:16:44.992985 50029 raft_consensus.cc:2419] T b0814780546a45308e0c5a10a004d44a P b497dbd6bd1a4c998891b00d2493a1bb [term 0 FOLLOWER]: Advancing to term 1
I0727 05:16:44.993273 50029 raft_consensus.cc:435] T b0814780546a45308e0c5a10a004d44a P b497dbd6bd1a4c998891b00d2493a1bb [term 1 FOLLOWER]: Starting leader election with config: opid_index: -1 OBSOLETE_local: false peers { permanent_uuid: "3a3c735705964e1badb66c37a66a9096" member_type: VOTER last_known_addr { host: "ip-172-31-12-168" port: 31200 } } peers { permanent_uuid: "b497dbd6bd1a4c998891b00d2493a1bb" member_type: VOTER last_known_addr { host: "ip-172-31-12-168" port: 31202 } } peers { permanent_uuid: "6f1af300e1d549d6b1cdd8bf3b9aeb9c" member_type: VOTER last_known_addr { host: "ip-172-31-12-168" port: 31201 } }
I0727 05:16:44.993381 50029 leader_election.cc:217] T b0814780546a45308e0c5a10a004d44a P b497dbd6bd1a4c998891b00d2493a1bb [CANDIDATE]: Term 1 election: Requesting vote from peer 3a3c735705964e1badb66c37a66a9096
I0727 05:16:44.993401 50029 leader_election.cc:217] T b0814780546a45308e0c5a10a004d44a P b497dbd6bd1a4c998891b00d2493a1bb [CANDIDATE]: Term 1 election: Requesting vote from peer 6f1af300e1d549d6b1cdd8bf3b9aeb9c
I0727 05:16:44.993794 20838 leader_election.cc:349] T b0814780546a45308e0c5a10a004d44a P b497dbd6bd1a4c998891b00d2493a1bb [CANDIDATE]: Term 1 election: Vote granted by peer 3a3c735705964e1badb66c37a66a9096
I0727 05:16:44.993803 20838 leader_election.cc:244] T b0814780546a45308e0c5a10a004d44a P b497dbd6bd1a4c998891b00d2493a1bb [CANDIDATE]: Term 1 election: Election decided. Result: candidate won.
I0727 05:16:44.993814 20838 leader_election.cc:349] T b0814780546a45308e0c5a10a004d44a P b497dbd6bd1a4c998891b00d2493a1bb [CANDIDATE]: Term 1 election: Vote granted by peer 6f1af300e1d549d6b1cdd8bf3b9aeb9c
I0727 05:16:44.993824 43073 raft_consensus.cc:2372] T b0814780546a45308e0c5a10a004d44a P b497dbd6bd1a4c998891b00d2493a1bb: Snoozing failure detection for election timeout plus an additional 1.539s
I0727 05:16:44.993836 43073 raft_consensus.cc:2176] T b0814780546a45308e0c5a10a004d44a P b497dbd6bd1a4c998891b00d2493a1bb [term 1 FOLLOWER]: Leader election won for term 1
I0727 05:16:44.993847 43073 raft_consensus.cc:528] T b0814780546a45308e0c5a10a004d44a P b497dbd6bd1a4c998891b00d2493a1bb [term 1 LEADER]: Becoming Leader. State: Replica: b497dbd6bd1a4c998891b00d2493a1bb, State: Running, Role: LEADER
I0727 05:16:44.993875 43073 consensus_queue.cc:165] T b0814780546a45308e0c5a10a004d44a P b497dbd6bd1a4c998891b00d2493a1bb [LEADER]: Queue going to LEADER mode. State: All replicated index: 0, Majority replicated index: 0, Committed index: 0, Last appended: 0.0, Last appended by leader: 0, Current term: 1, Majority size: 2, State: 1, Mode: LEADER, active raft config: opid_index: -1 OBSOLETE_local: false peers { permanent_uuid: "3a3c735705964e1badb66c37a66a9096" member_type: VOTER last_known_addr { host: "ip-172-31-12-168" port: 31200 } } peers { permanent_uuid: "b497dbd6bd1a4c998891b00d2493a1bb" member_type: VOTER last_known_addr { host: "ip-172-31-12-168" port: 31202 } } peers { permanent_uuid: "6f1af300e1d549d6b1cdd8bf3b9aeb9c" member_type: VOTER last_known_addr { host: "ip-172-31-12-168" port: 31201 } }
I0727 05:16:45.273671 112128 raft_consensus.cc:411] T 90714e4a775d4f54900d41b7e166ea39 P b497dbd6bd1a4c998891b00d2493a1bb [term 0 FOLLOWER]: Starting pre-election (no leader contacted us within the election timeout)
I0727 05:16:45.273691 112128 raft_consensus.cc:2372] T 90714e4a775d4f54900d41b7e166ea39 P b497dbd6bd1a4c998891b00d2493a1bb: Snoozing failure detection for election timeout plus an additional 2.098s
I0727 05:16:45.273718 112128 raft_consensus.cc:435] T 90714e4a775d4f54900d41b7e166ea39 P b497dbd6bd1a4c998891b00d2493a1bb [term 0 FOLLOWER]: Starting pre-election with config: opid_index: -1 OBSOLETE_local: false peers { permanent_uuid: "b497dbd6bd1a4c998891b00d2493a1bb" member_type: VOTER last_known_addr { host: "ip-172-31-12-168" port: 31202 } } peers { permanent_uuid: "6f1af300e1d549d6b1cdd8bf3b9aeb9c" member_type: VOTER last_known_addr { host: "ip-172-31-12-168" port: 31201 } } peers { permanent_uuid: "3a3c735705964e1badb66c37a66a9096" member_type: VOTER last_known_addr { host: "ip-172-31-12-168" port: 31200 } }
I0727 05:16:45.273836 112128 leader_election.cc:217] T 90714e4a775d4f54900d41b7e166ea39 P b497dbd6bd1a4c998891b00d2493a1bb [CANDIDATE]: Term 1 pre-election: Requesting pre-vote from peer 6f1af300e1d549d6b1cdd8bf3b9aeb9c
I0727 05:16:45.273856 112128 leader_election.cc:217] T 90714e4a775d4f54900d41b7e166ea39 P b497dbd6bd1a4c998891b00d2493a1bb [CANDIDATE]: Term 1 pre-election: Requesting pre-vote from peer 3a3c735705964e1badb66c37a66a9096
I0727 05:16:45.273983 20838 leader_election.cc:349] T 90714e4a775d4f54900d41b7e166ea39 P b497dbd6bd1a4c998891b00d2493a1bb [CANDIDATE]: Term 1 pre-election: Vote granted by peer 6f1af300e1d549d6b1cdd8bf3b9aeb9c
I0727 05:16:45.273995 20838 leader_election.cc:244] T 90714e4a775d4f54900d41b7e166ea39 P b497dbd6bd1a4c998891b00d2493a1bb [CANDIDATE]: Term 1 pre-election: Election decided. Result: candidate won.
I0727 05:16:45.274019 20838 leader_election.cc:349] T 90714e4a775d4f54900d41b7e166ea39 P b497dbd6bd1a4c998891b00d2493a1bb [CANDIDATE]: Term 1 pre-election: Vote granted by peer 3a3c735705964e1badb66c37a66a9096
I0727 05:16:45.274018 43073 raft_consensus.cc:2372] T 90714e4a775d4f54900d41b7e166ea39 P b497dbd6bd1a4c998891b00d2493a1bb: Snoozing failure detection for election timeout plus an additional 1.910s
I0727 05:16:45.274049 43073 raft_consensus.cc:2176] T 90714e4a775d4f54900d41b7e166ea39 P b497dbd6bd1a4c998891b00d2493a1bb [term 0 FOLLOWER]: Leader pre-election won for term 1
I0727 05:16:45.274058 43073 raft_consensus.cc:411] T 90714e4a775d4f54900d41b7e166ea39 P b497dbd6bd1a4c998891b00d2493a1bb [term 0 FOLLOWER]: Starting leader election (no leader contacted us within the election timeout)
I0727 05:16:45.274062 43073 raft_consensus.cc:2372] T 90714e4a775d4f54900d41b7e166ea39 P b497dbd6bd1a4c998891b00d2493a1bb: Snoozing failure detection for election timeout plus an additional 2.045s
I0727 05:16:45.274065 43073 raft_consensus.cc:2419] T 90714e4a775d4f54900d41b7e166ea39 P b497dbd6bd1a4c998891b00d2493a1bb [term 0 FOLLOWER]: Advancing to term 1
I0727 05:16:45.274384 43073 raft_consensus.cc:435] T 90714e4a775d4f54900d41b7e166ea39 P b497dbd6bd1a4c998891b00d2493a1bb [term 1 FOLLOWER]: Starting leader election with config: opid_index: -1 OBSOLETE_local: false peers { permanent_uuid: "b497dbd6bd1a4c998891b00d2493a1bb" member_type: VOTER last_known_addr { host: "ip-172-31-12-168" port: 31202 } } peers { permanent_uuid: "6f1af300e1d549d6b1cdd8bf3b9aeb9c" member_type: VOTER last_known_addr { host: "ip-172-31-12-168" port: 31201 } } peers { permanent_uuid: "3a3c735705964e1badb66c37a66a9096" member_type: VOTER last_known_addr { host: "ip-172-31-12-168" port: 31200 } }
I0727 05:16:45.274489 43073 leader_election.cc:217] T 90714e4a775d4f54900d41b7e166ea39 P b497dbd6bd1a4c998891b00d2493a1bb [CANDIDATE]: Term 1 election: Requesting vote from peer 6f1af300e1d549d6b1cdd8bf3b9aeb9c
I0727 05:16:45.274510 43073 leader_election.cc:217] T 90714e4a775d4f54900d41b7e166ea39 P b497dbd6bd1a4c998891b00d2493a1bb [CANDIDATE]: Term 1 election: Requesting vote from peer 3a3c735705964e1badb66c37a66a9096
I0727 05:16:45.274880 20838 leader_election.cc:349] T 90714e4a775d4f54900d41b7e166ea39 P b497dbd6bd1a4c998891b00d2493a1bb [CANDIDATE]: Term 1 election: Vote granted by peer 3a3c735705964e1badb66c37a66a9096
I0727 05:16:45.274889 20838 leader_election.cc:244] T 90714e4a775d4f54900d41b7e166ea39 P b497dbd6bd1a4c998891b00d2493a1bb [CANDIDATE]: Term 1 election: Election decided. Result: candidate won.
I0727 05:16:45.274901 20838 leader_election.cc:349] T 90714e4a775d4f54900d41b7e166ea39 P b497dbd6bd1a4c998891b00d2493a1bb [CANDIDATE]: Term 1 election: Vote granted by peer 6f1af300e1d549d6b1cdd8bf3b9aeb9c
I0727 05:16:45.274911 50010 raft_consensus.cc:2372] T 90714e4a775d4f54900d41b7e166ea39 P b497dbd6bd1a4c998891b00d2493a1bb: Snoozing failure detection for election timeout plus an additional 1.559s
I0727 05:16:45.274921 50010 raft_consensus.cc:2176] T 90714e4a775d4f54900d41b7e166ea39 P b497dbd6bd1a4c998891b00d2493a1bb [term 1 FOLLOWER]: Leader election won for term 1
I0727 05:16:45.274935 50010 raft_consensus.cc:528] T 90714e4a775d4f54900d41b7e166ea39 P b497dbd6bd1a4c998891b00d2493a1bb [term 1 LEADER]: Becoming Leader. State: Replica: b497dbd6bd1a4c998891b00d2493a1bb, State: Running, Role: LEADER
I0727 05:16:45.274960 50010 consensus_queue.cc:165] T 90714e4a775d4f54900d41b7e166ea39 P b497dbd6bd1a4c998891b00d2493a1bb [LEADER]: Queue going to LEADER mode. State: All replicated index: 0, Majority replicated index: 0, Committed index: 0, Last appended: 0.0, Last appended by leader: 0, Current term: 1, Majority size: 2, State: 1, Mode: LEADER, active raft config: opid_index: -1 OBSOLETE_local: false peers { permanent_uuid: "b497dbd6bd1a4c998891b00d2493a1bb" member_type: VOTER last_known_addr { host: "ip-172-31-12-168" port: 31202 } } peers { permanent_uuid: "6f1af300e1d549d6b1cdd8bf3b9aeb9c" member_type: VOTER last_known_addr { host: "ip-172-31-12-168" port: 31201 } } peers { permanent_uuid: "3a3c735705964e1badb66c37a66a9096" member_type: VOTER last_known_addr { host: "ip-172-31-12-168" port: 31200 } }
I0727 05:16:45.313889 42659 consensus_queue.cc:722] T b0814780546a45308e0c5a10a004d44a P b497dbd6bd1a4c998891b00d2493a1bb [LEADER]: Connected to new peer: Peer: 3a3c735705964e1badb66c37a66a9096, Is new: false, Last received: 0.0, Next index: 1, Last known committed idx: 0, Last exchange result: ERROR, Needs tablet copy: false
I0727 05:16:45.314635 43073 consensus_queue.cc:722] T b0814780546a45308e0c5a10a004d44a P b497dbd6bd1a4c998891b00d2493a1bb [LEADER]: Connected to new peer: Peer: 6f1af300e1d549d6b1cdd8bf3b9aeb9c, Is new: false, Last received: 0.0, Next index: 1, Last known committed idx: 0, Last exchange result: ERROR, Needs tablet copy: false
I0727 05:16:45.376020 20913 raft_consensus.cc:2372] T b9ec8006a9cd49fc8e3bd0e09baac13a P b497dbd6bd1a4c998891b00d2493a1bb: Snoozing failure detection for election timeout plus an additional 1.726s
I0727 05:16:45.376034 20913 raft_consensus.cc:1943] T b9ec8006a9cd49fc8e3bd0e09baac13a P b497dbd6bd1a4c998891b00d2493a1bb [term 0 FOLLOWER]: Leader pre-election vote request: Granting yes vote for candidate 6f1af300e1d549d6b1cdd8bf3b9aeb9c in term 0.
I0727 05:16:45.376644 20913 raft_consensus.cc:2419] T b9ec8006a9cd49fc8e3bd0e09baac13a P b497dbd6bd1a4c998891b00d2493a1bb [term 0 FOLLOWER]: Advancing to term 1
I0727 05:16:45.376660 20913 raft_consensus.cc:2372] T b9ec8006a9cd49fc8e3bd0e09baac13a P b497dbd6bd1a4c998891b00d2493a1bb: Snoozing failure detection for election timeout plus an additional 1.751s
I0727 05:16:45.376924 20913 raft_consensus.cc:1943] T b9ec8006a9cd49fc8e3bd0e09baac13a P b497dbd6bd1a4c998891b00d2493a1bb [term 1 FOLLOWER]: Leader election vote request: Granting yes vote for candidate 6f1af300e1d549d6b1cdd8bf3b9aeb9c in term 1.
I0727 05:16:45.617362 50029 consensus_queue.cc:722] T 90714e4a775d4f54900d41b7e166ea39 P b497dbd6bd1a4c998891b00d2493a1bb [LEADER]: Connected to new peer: Peer: 6f1af300e1d549d6b1cdd8bf3b9aeb9c, Is new: false, Last received: 0.0, Next index: 1, Last known committed idx: 0, Last exchange result: ERROR, Needs tablet copy: false
I0727 05:16:45.618041 50029 consensus_queue.cc:722] T 90714e4a775d4f54900d41b7e166ea39 P b497dbd6bd1a4c998891b00d2493a1bb [LEADER]: Connected to new peer: Peer: 3a3c735705964e1badb66c37a66a9096, Is new: false, Last received: 0.0, Next index: 1, Last known committed idx: 0, Last exchange result: ERROR, Needs tablet copy: false
I0727 05:16:45.719445 20913 raft_consensus.cc:944] T b9ec8006a9cd49fc8e3bd0e09baac13a P b497dbd6bd1a4c998891b00d2493a1bb [term 1 FOLLOWER]: Refusing update from remote peer 6f1af300e1d549d6b1cdd8bf3b9aeb9c: Log matching property violated. Preceding OpId in replica: term: 0 index: 0. Preceding OpId from leader: term: 1 index: 1. (index mismatch)
I0727 05:16:52.855324 20880 tablet_service.cc:713] Processing DeleteTablet for tablet 84c0e499f58047638b5c1056283c27f7 with delete_type TABLET_DATA_DELETED (Table deleted at 2017-07-27 05:16:52 UTC) from {username='ubuntu'} at 127.0.0.1:34066
I0727 05:16:52.855351 20880 tablet_replica.cc:225] Initiating TabletReplica shutdown for tablet: 84c0e499f58047638b5c1056283c27f7
I0727 05:16:52.855330 20883 tablet_service.cc:713] Processing DeleteTablet for tablet c841c520cb804a7b98921ff7b62f3dd2 with delete_type TABLET_DATA_DELETED (Table deleted at 2017-07-27 05:16:52 UTC) from {username='ubuntu'} at 127.0.0.1:34066
I0727 05:16:52.855371 20880 maintenance_manager.cc:206] P b497dbd6bd1a4c998891b00d2493a1bb: Unregistered op CompactRowSetsOp(84c0e499f58047638b5c1056283c27f7)
I0727 05:16:52.855381 20879 tablet_service.cc:713] Processing DeleteTablet for tablet 511743a273b44368a0ef3ff1441ab81a with delete_type TABLET_DATA_DELETED (Table deleted at 2017-07-27 05:16:52 UTC) from {username='ubuntu'} at 127.0.0.1:34066
I0727 05:16:52.855376 20883 tablet_replica.cc:225] Initiating TabletReplica shutdown for tablet: c841c520cb804a7b98921ff7b62f3dd2
I0727 05:16:52.855433 20883 maintenance_manager.cc:206] P b497dbd6bd1a4c998891b00d2493a1bb: Unregistered op CompactRowSetsOp(c841c520cb804a7b98921ff7b62f3dd2)
I0727 05:16:52.855394 20880 maintenance_manager.cc:206] P b497dbd6bd1a4c998891b00d2493a1bb: Unregistered op MinorDeltaCompactionOp(84c0e499f58047638b5c1056283c27f7)
I0727 05:16:52.855451 20883 maintenance_manager.cc:206] P b497dbd6bd1a4c998891b00d2493a1bb: Unregistered op MinorDeltaCompactionOp(c841c520cb804a7b98921ff7b62f3dd2)
I0727 05:16:52.855464 20880 maintenance_manager.cc:206] P b497dbd6bd1a4c998891b00d2493a1bb: Unregistered op MajorDeltaCompactionOp(84c0e499f58047638b5c1056283c27f7)
I0727 05:16:52.855466 20883 maintenance_manager.cc:206] P b497dbd6bd1a4c998891b00d2493a1bb: Unregistered op MajorDeltaCompactionOp(c841c520cb804a7b98921ff7b62f3dd2)
I0727 05:16:52.855410 20879 tablet_replica.cc:225] Initiating TabletReplica shutdown for tablet: 511743a273b44368a0ef3ff1441ab81a
I0727 05:16:52.855478 20880 maintenance_manager.cc:206] P b497dbd6bd1a4c998891b00d2493a1bb: Unregistered op UndoDeltaBlockGCOp(84c0e499f58047638b5c1056283c27f7)
I0727 05:16:52.855491 20883 maintenance_manager.cc:206] P b497dbd6bd1a4c998891b00d2493a1bb: Unregistered op UndoDeltaBlockGCOp(c841c520cb804a7b98921ff7b62f3dd2)
I0727 05:16:52.855504 20880 maintenance_manager.cc:206] P b497dbd6bd1a4c998891b00d2493a1bb: Unregistered op FlushMRSOp(84c0e499f58047638b5c1056283c27f7)
I0727 05:16:52.855525 20880 maintenance_manager.cc:206] P b497dbd6bd1a4c998891b00d2493a1bb: Unregistered op FlushDeltaMemStoresOp(84c0e499f58047638b5c1056283c27f7)
I0727 05:16:52.855543 20880 maintenance_manager.cc:206] P b497dbd6bd1a4c998891b00d2493a1bb: Unregistered op LogGCOp(84c0e499f58047638b5c1056283c27f7)
I0727 05:16:52.855511 20883 maintenance_manager.cc:206] P b497dbd6bd1a4c998891b00d2493a1bb: Unregistered op FlushMRSOp(c841c520cb804a7b98921ff7b62f3dd2)
I0727 05:16:52.855554 20880 raft_consensus.cc:1763] T 84c0e499f58047638b5c1056283c27f7 P b497dbd6bd1a4c998891b00d2493a1bb [term 1 FOLLOWER]: Raft consensus shutting down.
I0727 05:16:52.855479 20879 maintenance_manager.cc:206] P b497dbd6bd1a4c998891b00d2493a1bb: Unregistered op CompactRowSetsOp(511743a273b44368a0ef3ff1441ab81a)
I0727 05:16:52.855577 20880 raft_consensus.cc:1778] T 84c0e499f58047638b5c1056283c27f7 P b497dbd6bd1a4c998891b00d2493a1bb [term 1 FOLLOWER]: Raft consensus is shut down!
I0727 05:16:52.855554 20883 maintenance_manager.cc:206] P b497dbd6bd1a4c998891b00d2493a1bb: Unregistered op FlushDeltaMemStoresOp(c841c520cb804a7b98921ff7b62f3dd2)
I0727 05:16:52.855620 20883 maintenance_manager.cc:206] P b497dbd6bd1a4c998891b00d2493a1bb: Unregistered op LogGCOp(c841c520cb804a7b98921ff7b62f3dd2)
I0727 05:16:52.855581 20879 maintenance_manager.cc:206] P b497dbd6bd1a4c998891b00d2493a1bb: Unregistered op MinorDeltaCompactionOp(511743a273b44368a0ef3ff1441ab81a)
I0727 05:16:52.855639 20883 raft_consensus.cc:1763] T c841c520cb804a7b98921ff7b62f3dd2 P b497dbd6bd1a4c998891b00d2493a1bb [term 1 LEADER]: Raft consensus shutting down.
I0727 05:16:52.855671 20883 consensus_peers.cc:400] T c841c520cb804a7b98921ff7b62f3dd2 P b497dbd6bd1a4c998891b00d2493a1bb -> Peer 6f1af300e1d549d6b1cdd8bf3b9aeb9c (ip-172-31-12-168:31201): Closing peer: 6f1af300e1d549d6b1cdd8bf3b9aeb9c
I0727 05:16:52.855657 20879 maintenance_manager.cc:206] P b497dbd6bd1a4c998891b00d2493a1bb: Unregistered op MajorDeltaCompactionOp(511743a273b44368a0ef3ff1441ab81a)
I0727 05:16:52.855681 20883 consensus_peers.cc:400] T c841c520cb804a7b98921ff7b62f3dd2 P b497dbd6bd1a4c998891b00d2493a1bb -> Peer 3a3c735705964e1badb66c37a66a9096 (ip-172-31-12-168:31200): Closing peer: 3a3c735705964e1badb66c37a66a9096
I0727 05:16:52.855701 20879 maintenance_manager.cc:206] P b497dbd6bd1a4c998891b00d2493a1bb: Unregistered op UndoDeltaBlockGCOp(511743a273b44368a0ef3ff1441ab81a)
I0727 05:16:52.855712 20883 raft_consensus.cc:1778] T c841c520cb804a7b98921ff7b62f3dd2 P b497dbd6bd1a4c998891b00d2493a1bb [term 1 LEADER]: Raft consensus is shut down!
I0727 05:16:52.855734 20879 maintenance_manager.cc:206] P b497dbd6bd1a4c998891b00d2493a1bb: Unregistered op FlushMRSOp(511743a273b44368a0ef3ff1441ab81a)
I0727 05:16:52.855758 20879 maintenance_manager.cc:206] P b497dbd6bd1a4c998891b00d2493a1bb: Unregistered op FlushDeltaMemStoresOp(511743a273b44368a0ef3ff1441ab81a)
I0727 05:16:52.855764 20879 maintenance_manager.cc:206] P b497dbd6bd1a4c998891b00d2493a1bb: Unregistered op LogGCOp(511743a273b44368a0ef3ff1441ab81a)
I0727 05:16:52.855777 20879 raft_consensus.cc:1763] T 511743a273b44368a0ef3ff1441ab81a P b497dbd6bd1a4c998891b00d2493a1bb [term 1 LEADER]: Raft consensus shutting down.
I0727 05:16:52.855782 20879 consensus_peers.cc:400] T 511743a273b44368a0ef3ff1441ab81a P b497dbd6bd1a4c998891b00d2493a1bb -> Peer 6f1af300e1d549d6b1cdd8bf3b9aeb9c (ip-172-31-12-168:31201): Closing peer: 6f1af300e1d549d6b1cdd8bf3b9aeb9c
I0727 05:16:52.855785 20879 consensus_peers.cc:400] T 511743a273b44368a0ef3ff1441ab81a P b497dbd6bd1a4c998891b00d2493a1bb -> Peer 3a3c735705964e1badb66c37a66a9096 (ip-172-31-12-168:31200): Closing peer: 3a3c735705964e1badb66c37a66a9096
I0727 05:16:52.855798 20879 raft_consensus.cc:1778] T 511743a273b44368a0ef3ff1441ab81a P b497dbd6bd1a4c998891b00d2493a1bb [term 1 LEADER]: Raft consensus is shut down!
I0727 05:16:52.855834 20880 ts_tablet_manager.cc:1030] T 84c0e499f58047638b5c1056283c27f7 P b497dbd6bd1a4c998891b00d2493a1bb: Deleting tablet data with delete state TABLET_DATA_DELETED
I0727 05:16:52.855967 20883 ts_tablet_manager.cc:1030] T c841c520cb804a7b98921ff7b62f3dd2 P b497dbd6bd1a4c998891b00d2493a1bb: Deleting tablet data with delete state TABLET_DATA_DELETED
I0727 05:16:52.855993 20879 ts_tablet_manager.cc:1030] T 511743a273b44368a0ef3ff1441ab81a P b497dbd6bd1a4c998891b00d2493a1bb: Deleting tablet data with delete state TABLET_DATA_DELETED
I0727 05:16:52.857776 20880 ts_tablet_manager.cc:1042] T 84c0e499f58047638b5c1056283c27f7 P b497dbd6bd1a4c998891b00d2493a1bb: Tablet deleted. Last logged OpId: 1.2
I0727 05:16:52.857796 20880 log.cc:974] T 84c0e499f58047638b5c1056283c27f7 P b497dbd6bd1a4c998891b00d2493a1bb: Deleting WAL directory at /home/ubuntu/Impala/testdata/cluster/cdh5/node-1/var/lib/kudu/ts/wal/wals/84c0e499f58047638b5c1056283c27f7
I0727 05:16:52.857879 20880 ts_tablet_manager.cc:1060] T 84c0e499f58047638b5c1056283c27f7 P b497dbd6bd1a4c998891b00d2493a1bb: Deleting consensus metadata
I0727 05:16:52.857939 20883 ts_tablet_manager.cc:1042] T c841c520cb804a7b98921ff7b62f3dd2 P b497dbd6bd1a4c998891b00d2493a1bb: Tablet deleted. Last logged OpId: 1.2
I0727 05:16:52.857955 20883 log.cc:974] T c841c520cb804a7b98921ff7b62f3dd2 P b497dbd6bd1a4c998891b00d2493a1bb: Deleting WAL directory at /home/ubuntu/Impala/testdata/cluster/cdh5/node-1/var/lib/kudu/ts/wal/wals/c841c520cb804a7b98921ff7b62f3dd2
I0727 05:16:52.858038 20883 ts_tablet_manager.cc:1060] T c841c520cb804a7b98921ff7b62f3dd2 P b497dbd6bd1a4c998891b00d2493a1bb: Deleting consensus metadata
I0727 05:16:52.858369 20879 ts_tablet_manager.cc:1042] T 511743a273b44368a0ef3ff1441ab81a P b497dbd6bd1a4c998891b00d2493a1bb: Tablet deleted. Last logged OpId: 1.2
I0727 05:16:52.858382 20879 log.cc:974] T 511743a273b44368a0ef3ff1441ab81a P b497dbd6bd1a4c998891b00d2493a1bb: Deleting WAL directory at /home/ubuntu/Impala/testdata/cluster/cdh5/node-1/var/lib/kudu/ts/wal/wals/511743a273b44368a0ef3ff1441ab81a
I0727 05:16:52.858458 20879 ts_tablet_manager.cc:1060] T 511743a273b44368a0ef3ff1441ab81a P b497dbd6bd1a4c998891b00d2493a1bb: Deleting consensus metadata
I0727 05:16:52.984441 20879 tablet_service.cc:672] Processing CreateTablet for tablet 71417e923e1e46d199a94903ec361efa (table=impala::functional_kudu.jointbl [id=a4429659e98f44c3b3b75cda66433dd0]), partition=RANGE (test_id) PARTITION VALUES < 1004
I0727 05:16:52.984462 20880 tablet_service.cc:672] Processing CreateTablet for tablet 56bddfd7123d47a6a0842b4c7a9f01db (table=impala::functional_kudu.jointbl [id=a4429659e98f44c3b3b75cda66433dd0]), partition=RANGE (test_id) PARTITION VALUES >= 1008
I0727 05:16:52.984449 20883 tablet_service.cc:672] Processing CreateTablet for tablet f038d46bf3e34e8c879089719e8cf16c (table=impala::functional_kudu.jointbl [id=a4429659e98f44c3b3b75cda66433dd0]), partition=RANGE (test_id) PARTITION 1004 <= VALUES < 1008
I0727 05:16:52.985023 20880 ts_tablet_manager.cc:871] T 56bddfd7123d47a6a0842b4c7a9f01db P b497dbd6bd1a4c998891b00d2493a1bb: Registered tablet (data state: TABLET_DATA_READY)
I0727 05:16:52.985246 20879 ts_tablet_manager.cc:871] T 71417e923e1e46d199a94903ec361efa P b497dbd6bd1a4c998891b00d2493a1bb: Registered tablet (data state: TABLET_DATA_READY)
I0727 05:16:52.985258 112158 ts_tablet_manager.cc:741] T 56bddfd7123d47a6a0842b4c7a9f01db P b497dbd6bd1a4c998891b00d2493a1bb: Bootstrapping tablet
I0727 05:16:52.985261 20883 ts_tablet_manager.cc:871] T f038d46bf3e34e8c879089719e8cf16c P b497dbd6bd1a4c998891b00d2493a1bb: Registered tablet (data state: TABLET_DATA_READY)
I0727 05:16:52.985272 112158 tablet_bootstrap.cc:406] T 56bddfd7123d47a6a0842b4c7a9f01db P b497dbd6bd1a4c998891b00d2493a1bb: Bootstrap starting.
