I0727 04:14:23.772908 20838 leader_election.cc:349] T 694406c5b7c84eb4ad91a73f8f37590e P b497dbd6bd1a4c998891b00d2493a1bb [CANDIDATE]: Term 1 pre-election: Vote granted by peer 3a3c735705964e1badb66c37a66a9096
I0727 04:14:23.772930 50029 raft_consensus.cc:2372] T 694406c5b7c84eb4ad91a73f8f37590e P b497dbd6bd1a4c998891b00d2493a1bb: Snoozing failure detection for election timeout plus an additional 1.816s
I0727 04:14:23.772949 50029 raft_consensus.cc:2176] T 694406c5b7c84eb4ad91a73f8f37590e P b497dbd6bd1a4c998891b00d2493a1bb [term 0 FOLLOWER]: Leader pre-election won for term 1
I0727 04:14:23.772960 50029 raft_consensus.cc:411] T 694406c5b7c84eb4ad91a73f8f37590e P b497dbd6bd1a4c998891b00d2493a1bb [term 0 FOLLOWER]: Starting leader election (no leader contacted us within the election timeout)
I0727 04:14:23.772966 50029 raft_consensus.cc:2372] T 694406c5b7c84eb4ad91a73f8f37590e P b497dbd6bd1a4c998891b00d2493a1bb: Snoozing failure detection for election timeout plus an additional 1.661s
I0727 04:14:23.772975 50029 raft_consensus.cc:2419] T 694406c5b7c84eb4ad91a73f8f37590e P b497dbd6bd1a4c998891b00d2493a1bb [term 0 FOLLOWER]: Advancing to term 1
I0727 04:14:23.773463 50029 raft_consensus.cc:435] T 694406c5b7c84eb4ad91a73f8f37590e P b497dbd6bd1a4c998891b00d2493a1bb [term 1 FOLLOWER]: Starting leader election with config: opid_index: -1 OBSOLETE_local: false peers { permanent_uuid: "3a3c735705964e1badb66c37a66a9096" member_type: VOTER last_known_addr { host: "ip-172-31-12-168" port: 31200 } } peers { permanent_uuid: "b497dbd6bd1a4c998891b00d2493a1bb" member_type: VOTER last_known_addr { host: "ip-172-31-12-168" port: 31202 } } peers { permanent_uuid: "6f1af300e1d549d6b1cdd8bf3b9aeb9c" member_type: VOTER last_known_addr { host: "ip-172-31-12-168" port: 31201 } }
I0727 04:14:23.773605 50029 leader_election.cc:217] T 694406c5b7c84eb4ad91a73f8f37590e P b497dbd6bd1a4c998891b00d2493a1bb [CANDIDATE]: Term 1 election: Requesting vote from peer 3a3c735705964e1badb66c37a66a9096
I0727 04:14:23.773633 50029 leader_election.cc:217] T 694406c5b7c84eb4ad91a73f8f37590e P b497dbd6bd1a4c998891b00d2493a1bb [CANDIDATE]: Term 1 election: Requesting vote from peer 6f1af300e1d549d6b1cdd8bf3b9aeb9c
I0727 04:14:23.774082 20838 leader_election.cc:349] T 694406c5b7c84eb4ad91a73f8f37590e P b497dbd6bd1a4c998891b00d2493a1bb [CANDIDATE]: Term 1 election: Vote granted by peer 3a3c735705964e1badb66c37a66a9096
I0727 04:14:23.774094 20838 leader_election.cc:244] T 694406c5b7c84eb4ad91a73f8f37590e P b497dbd6bd1a4c998891b00d2493a1bb [CANDIDATE]: Term 1 election: Election decided. Result: candidate won.
I0727 04:14:23.774128 50046 raft_consensus.cc:2372] T 694406c5b7c84eb4ad91a73f8f37590e P b497dbd6bd1a4c998891b00d2493a1bb: Snoozing failure detection for election timeout plus an additional 1.814s
I0727 04:14:23.774143 50046 raft_consensus.cc:2176] T 694406c5b7c84eb4ad91a73f8f37590e P b497dbd6bd1a4c998891b00d2493a1bb [term 1 FOLLOWER]: Leader election won for term 1
I0727 04:14:23.774159 50046 raft_consensus.cc:528] T 694406c5b7c84eb4ad91a73f8f37590e P b497dbd6bd1a4c998891b00d2493a1bb [term 1 LEADER]: Becoming Leader. State: Replica: b497dbd6bd1a4c998891b00d2493a1bb, State: Running, Role: LEADER
I0727 04:14:23.774196 50046 consensus_queue.cc:165] T 694406c5b7c84eb4ad91a73f8f37590e P b497dbd6bd1a4c998891b00d2493a1bb [LEADER]: Queue going to LEADER mode. State: All replicated index: 0, Majority replicated index: 0, Committed index: 0, Last appended: 0.0, Last appended by leader: 0, Current term: 1, Majority size: 2, State: 1, Mode: LEADER, active raft config: opid_index: -1 OBSOLETE_local: false peers { permanent_uuid: "3a3c735705964e1badb66c37a66a9096" member_type: VOTER last_known_addr { host: "ip-172-31-12-168" port: 31200 } } peers { permanent_uuid: "b497dbd6bd1a4c998891b00d2493a1bb" member_type: VOTER last_known_addr { host: "ip-172-31-12-168" port: 31202 } } peers { permanent_uuid: "6f1af300e1d549d6b1cdd8bf3b9aeb9c" member_type: VOTER last_known_addr { host: "ip-172-31-12-168" port: 31201 } }
I0727 04:14:23.774224 20838 leader_election.cc:349] T 694406c5b7c84eb4ad91a73f8f37590e P b497dbd6bd1a4c998891b00d2493a1bb [CANDIDATE]: Term 1 election: Vote granted by peer 6f1af300e1d549d6b1cdd8bf3b9aeb9c
I0727 04:14:23.801439 51806 raft_consensus.cc:411] T 816ca4638119479982af99a501389d05 P b497dbd6bd1a4c998891b00d2493a1bb [term 0 FOLLOWER]: Starting pre-election (no leader contacted us within the election timeout)
I0727 04:14:23.801462 51806 raft_consensus.cc:2372] T 816ca4638119479982af99a501389d05 P b497dbd6bd1a4c998891b00d2493a1bb: Snoozing failure detection for election timeout plus an additional 1.554s
I0727 04:14:23.801503 51806 raft_consensus.cc:435] T 816ca4638119479982af99a501389d05 P b497dbd6bd1a4c998891b00d2493a1bb [term 0 FOLLOWER]: Starting pre-election with config: opid_index: -1 OBSOLETE_local: false peers { permanent_uuid: "3a3c735705964e1badb66c37a66a9096" member_type: VOTER last_known_addr { host: "ip-172-31-12-168" port: 31200 } } peers { permanent_uuid: "b497dbd6bd1a4c998891b00d2493a1bb" member_type: VOTER last_known_addr { host: "ip-172-31-12-168" port: 31202 } } peers { permanent_uuid: "6f1af300e1d549d6b1cdd8bf3b9aeb9c" member_type: VOTER last_known_addr { host: "ip-172-31-12-168" port: 31201 } }
I0727 04:14:23.801656 51806 leader_election.cc:217] T 816ca4638119479982af99a501389d05 P b497dbd6bd1a4c998891b00d2493a1bb [CANDIDATE]: Term 1 pre-election: Requesting pre-vote from peer 3a3c735705964e1badb66c37a66a9096
I0727 04:14:23.801681 51806 leader_election.cc:217] T 816ca4638119479982af99a501389d05 P b497dbd6bd1a4c998891b00d2493a1bb [CANDIDATE]: Term 1 pre-election: Requesting pre-vote from peer 6f1af300e1d549d6b1cdd8bf3b9aeb9c
I0727 04:14:23.801827 20838 leader_election.cc:349] T 816ca4638119479982af99a501389d05 P b497dbd6bd1a4c998891b00d2493a1bb [CANDIDATE]: Term 1 pre-election: Vote granted by peer 3a3c735705964e1badb66c37a66a9096
I0727 04:14:23.801839 20838 leader_election.cc:244] T 816ca4638119479982af99a501389d05 P b497dbd6bd1a4c998891b00d2493a1bb [CANDIDATE]: Term 1 pre-election: Election decided. Result: candidate won.
I0727 04:14:23.801853 20838 leader_election.cc:349] T 816ca4638119479982af99a501389d05 P b497dbd6bd1a4c998891b00d2493a1bb [CANDIDATE]: Term 1 pre-election: Vote granted by peer 6f1af300e1d549d6b1cdd8bf3b9aeb9c
I0727 04:14:23.801864 50029 raft_consensus.cc:2372] T 816ca4638119479982af99a501389d05 P b497dbd6bd1a4c998891b00d2493a1bb: Snoozing failure detection for election timeout plus an additional 1.766s
I0727 04:14:23.801882 50029 raft_consensus.cc:2176] T 816ca4638119479982af99a501389d05 P b497dbd6bd1a4c998891b00d2493a1bb [term 0 FOLLOWER]: Leader pre-election won for term 1
I0727 04:14:23.801892 50029 raft_consensus.cc:411] T 816ca4638119479982af99a501389d05 P b497dbd6bd1a4c998891b00d2493a1bb [term 0 FOLLOWER]: Starting leader election (no leader contacted us within the election timeout)
I0727 04:14:23.801903 50029 raft_consensus.cc:2372] T 816ca4638119479982af99a501389d05 P b497dbd6bd1a4c998891b00d2493a1bb: Snoozing failure detection for election timeout plus an additional 1.881s
I0727 04:14:23.801914 50029 raft_consensus.cc:2419] T 816ca4638119479982af99a501389d05 P b497dbd6bd1a4c998891b00d2493a1bb [term 0 FOLLOWER]: Advancing to term 1
I0727 04:14:23.802384 50029 raft_consensus.cc:435] T 816ca4638119479982af99a501389d05 P b497dbd6bd1a4c998891b00d2493a1bb [term 1 FOLLOWER]: Starting leader election with config: opid_index: -1 OBSOLETE_local: false peers { permanent_uuid: "3a3c735705964e1badb66c37a66a9096" member_type: VOTER last_known_addr { host: "ip-172-31-12-168" port: 31200 } } peers { permanent_uuid: "b497dbd6bd1a4c998891b00d2493a1bb" member_type: VOTER last_known_addr { host: "ip-172-31-12-168" port: 31202 } } peers { permanent_uuid: "6f1af300e1d549d6b1cdd8bf3b9aeb9c" member_type: VOTER last_known_addr { host: "ip-172-31-12-168" port: 31201 } }
I0727 04:14:23.802525 50029 leader_election.cc:217] T 816ca4638119479982af99a501389d05 P b497dbd6bd1a4c998891b00d2493a1bb [CANDIDATE]: Term 1 election: Requesting vote from peer 3a3c735705964e1badb66c37a66a9096
I0727 04:14:23.802551 50029 leader_election.cc:217] T 816ca4638119479982af99a501389d05 P b497dbd6bd1a4c998891b00d2493a1bb [CANDIDATE]: Term 1 election: Requesting vote from peer 6f1af300e1d549d6b1cdd8bf3b9aeb9c
I0727 04:14:23.802981 20838 leader_election.cc:349] T 816ca4638119479982af99a501389d05 P b497dbd6bd1a4c998891b00d2493a1bb [CANDIDATE]: Term 1 election: Vote granted by peer 6f1af300e1d549d6b1cdd8bf3b9aeb9c
I0727 04:14:23.802991 20838 leader_election.cc:244] T 816ca4638119479982af99a501389d05 P b497dbd6bd1a4c998891b00d2493a1bb [CANDIDATE]: Term 1 election: Election decided. Result: candidate won.
I0727 04:14:23.803004 20838 leader_election.cc:349] T 816ca4638119479982af99a501389d05 P b497dbd6bd1a4c998891b00d2493a1bb [CANDIDATE]: Term 1 election: Vote granted by peer 3a3c735705964e1badb66c37a66a9096
I0727 04:14:23.803014 50010 raft_consensus.cc:2372] T 816ca4638119479982af99a501389d05 P b497dbd6bd1a4c998891b00d2493a1bb: Snoozing failure detection for election timeout plus an additional 2.023s
I0727 04:14:23.803028 50010 raft_consensus.cc:2176] T 816ca4638119479982af99a501389d05 P b497dbd6bd1a4c998891b00d2493a1bb [term 1 FOLLOWER]: Leader election won for term 1
I0727 04:14:23.803040 50010 raft_consensus.cc:528] T 816ca4638119479982af99a501389d05 P b497dbd6bd1a4c998891b00d2493a1bb [term 1 LEADER]: Becoming Leader. State: Replica: b497dbd6bd1a4c998891b00d2493a1bb, State: Running, Role: LEADER
I0727 04:14:23.803069 50010 consensus_queue.cc:165] T 816ca4638119479982af99a501389d05 P b497dbd6bd1a4c998891b00d2493a1bb [LEADER]: Queue going to LEADER mode. State: All replicated index: 0, Majority replicated index: 0, Committed index: 0, Last appended: 0.0, Last appended by leader: 0, Current term: 1, Majority size: 2, State: 1, Mode: LEADER, active raft config: opid_index: -1 OBSOLETE_local: false peers { permanent_uuid: "3a3c735705964e1badb66c37a66a9096" member_type: VOTER last_known_addr { host: "ip-172-31-12-168" port: 31200 } } peers { permanent_uuid: "b497dbd6bd1a4c998891b00d2493a1bb" member_type: VOTER last_known_addr { host: "ip-172-31-12-168" port: 31202 } } peers { permanent_uuid: "6f1af300e1d549d6b1cdd8bf3b9aeb9c" member_type: VOTER last_known_addr { host: "ip-172-31-12-168" port: 31201 } }
I0727 04:14:24.025282 20917 raft_consensus.cc:944] T 66449f84c40b42b09232dda2ff2dbfb6 P b497dbd6bd1a4c998891b00d2493a1bb [term 1 FOLLOWER]: Refusing update from remote peer 6f1af300e1d549d6b1cdd8bf3b9aeb9c: Log matching property violated. Preceding OpId in replica: term: 0 index: 0. Preceding OpId from leader: term: 1 index: 1. (index mismatch)
I0727 04:14:24.077991 50046 consensus_queue.cc:722] T 694406c5b7c84eb4ad91a73f8f37590e P b497dbd6bd1a4c998891b00d2493a1bb [LEADER]: Connected to new peer: Peer: 6f1af300e1d549d6b1cdd8bf3b9aeb9c, Is new: false, Last received: 0.0, Next index: 1, Last known committed idx: 0, Last exchange result: ERROR, Needs tablet copy: false
I0727 04:14:24.078754 50010 consensus_queue.cc:722] T 694406c5b7c84eb4ad91a73f8f37590e P b497dbd6bd1a4c998891b00d2493a1bb [LEADER]: Connected to new peer: Peer: 3a3c735705964e1badb66c37a66a9096, Is new: false, Last received: 0.0, Next index: 1, Last known committed idx: 0, Last exchange result: ERROR, Needs tablet copy: false
I0727 04:14:24.092913 50010 consensus_queue.cc:722] T 816ca4638119479982af99a501389d05 P b497dbd6bd1a4c998891b00d2493a1bb [LEADER]: Connected to new peer: Peer: 6f1af300e1d549d6b1cdd8bf3b9aeb9c, Is new: false, Last received: 0.0, Next index: 1, Last known committed idx: 0, Last exchange result: ERROR, Needs tablet copy: false
I0727 04:14:24.093597 50029 consensus_queue.cc:722] T 816ca4638119479982af99a501389d05 P b497dbd6bd1a4c998891b00d2493a1bb [LEADER]: Connected to new peer: Peer: 3a3c735705964e1badb66c37a66a9096, Is new: false, Last received: 0.0, Next index: 1, Last known committed idx: 0, Last exchange result: ERROR, Needs tablet copy: false
I0727 04:14:27.377771 20881 tablet_service.cc:672] Processing CreateTablet for tablet 9d0262b54ec643239de1d529fe97bff3 (table=impala::functional_kudu.nullescapedtable [id=e5940daee42c46bfb36b71bb97f6e01c]), partition=HASH (a) PARTITION 0
I0727 04:14:27.378470 20881 ts_tablet_manager.cc:871] T 9d0262b54ec643239de1d529fe97bff3 P b497dbd6bd1a4c998891b00d2493a1bb: Registered tablet (data state: TABLET_DATA_READY)
I0727 04:14:27.378547 20880 tablet_service.cc:672] Processing CreateTablet for tablet e1414b3b128945e6b5871a91b1d01d82 (table=impala::functional_kudu.nullescapedtable [id=e5940daee42c46bfb36b71bb97f6e01c]), partition=HASH (a) PARTITION 1
I0727 04:14:27.379127 20880 ts_tablet_manager.cc:871] T e1414b3b128945e6b5871a91b1d01d82 P b497dbd6bd1a4c998891b00d2493a1bb: Registered tablet (data state: TABLET_DATA_READY)
I0727 04:14:27.379165 20879 tablet_service.cc:672] Processing CreateTablet for tablet 6d68069135fb48efa74080a3da9093cb (table=impala::functional_kudu.nullescapedtable [id=e5940daee42c46bfb36b71bb97f6e01c]), partition=HASH (a) PARTITION 2
I0727 04:14:27.379757 20879 ts_tablet_manager.cc:871] T 6d68069135fb48efa74080a3da9093cb P b497dbd6bd1a4c998891b00d2493a1bb: Registered tablet (data state: TABLET_DATA_READY)
I0727 04:14:27.382038 51917 ts_tablet_manager.cc:741] T 9d0262b54ec643239de1d529fe97bff3 P b497dbd6bd1a4c998891b00d2493a1bb: Bootstrapping tablet
I0727 04:14:27.382056 51917 tablet_bootstrap.cc:406] T 9d0262b54ec643239de1d529fe97bff3 P b497dbd6bd1a4c998891b00d2493a1bb: Bootstrap starting.
I0727 04:14:27.382270 51917 tablet_bootstrap.cc:547] T 9d0262b54ec643239de1d529fe97bff3 P b497dbd6bd1a4c998891b00d2493a1bb: No blocks or log segments found. Creating new log.
I0727 04:14:27.382738 51917 tablet_bootstrap.cc:406] T 9d0262b54ec643239de1d529fe97bff3 P b497dbd6bd1a4c998891b00d2493a1bb: No bootstrap required, opened a new log
I0727 04:14:27.382755 51917 ts_tablet_manager.cc:746] T 9d0262b54ec643239de1d529fe97bff3 P b497dbd6bd1a4c998891b00d2493a1bb: Time spent bootstrapping tablet: real 0.001s	user 0.000s	sys 0.000s
I0727 04:14:27.383066 51917 raft_consensus.cc:284] T 9d0262b54ec643239de1d529fe97bff3 P b497dbd6bd1a4c998891b00d2493a1bb [term 0 FOLLOWER]: Replica starting. Triggering 0 pending transactions. Active config: opid_index: -1 OBSOLETE_local: false peers { permanent_uuid: "3a3c735705964e1badb66c37a66a9096" member_type: VOTER last_known_addr { host: "ip-172-31-12-168" port: 31200 } } peers { permanent_uuid: "b497dbd6bd1a4c998891b00d2493a1bb" member_type: VOTER last_known_addr { host: "ip-172-31-12-168" port: 31202 } } peers { permanent_uuid: "6f1af300e1d549d6b1cdd8bf3b9aeb9c" member_type: VOTER last_known_addr { host: "ip-172-31-12-168" port: 31201 } }
I0727 04:14:27.383092 51917 raft_consensus.cc:316] T 9d0262b54ec643239de1d529fe97bff3 P b497dbd6bd1a4c998891b00d2493a1bb [term 0 FOLLOWER]: Consensus starting up: Expiring failure detector timer to make a prompt election more likely
I0727 04:14:27.383105 51917 raft_consensus.cc:560] T 9d0262b54ec643239de1d529fe97bff3 P b497dbd6bd1a4c998891b00d2493a1bb [term 0 FOLLOWER]: Becoming Follower/Learner. State: Replica: b497dbd6bd1a4c998891b00d2493a1bb, State: Running, Role: FOLLOWER
I0727 04:14:27.383119 51917 consensus_queue.cc:186] T 9d0262b54ec643239de1d529fe97bff3 P b497dbd6bd1a4c998891b00d2493a1bb [NON_LEADER]: Queue going to NON_LEADER mode. State: All replicated index: 0, Majority replicated index: 0, Committed index: 0, Last appended: 0.0, Last appended by leader: 0, Current term: 0, Majority size: -1, State: 1, Mode: NON_LEADER
I0727 04:14:27.383184 51917 ts_tablet_manager.cc:775] T 9d0262b54ec643239de1d529fe97bff3 P b497dbd6bd1a4c998891b00d2493a1bb: Time spent starting tablet: real 0.000s	user 0.000s	sys 0.000s
I0727 04:14:27.383204 51917 ts_tablet_manager.cc:741] T e1414b3b128945e6b5871a91b1d01d82 P b497dbd6bd1a4c998891b00d2493a1bb: Bootstrapping tablet
I0727 04:14:27.383218 51917 tablet_bootstrap.cc:406] T e1414b3b128945e6b5871a91b1d01d82 P b497dbd6bd1a4c998891b00d2493a1bb: Bootstrap starting.
I0727 04:14:27.383386 51917 tablet_bootstrap.cc:547] T e1414b3b128945e6b5871a91b1d01d82 P b497dbd6bd1a4c998891b00d2493a1bb: No blocks or log segments found. Creating new log.
I0727 04:14:27.383833 51917 tablet_bootstrap.cc:406] T e1414b3b128945e6b5871a91b1d01d82 P b497dbd6bd1a4c998891b00d2493a1bb: No bootstrap required, opened a new log
I0727 04:14:27.383849 51917 ts_tablet_manager.cc:746] T e1414b3b128945e6b5871a91b1d01d82 P b497dbd6bd1a4c998891b00d2493a1bb: Time spent bootstrapping tablet: real 0.001s	user 0.000s	sys 0.000s
I0727 04:14:27.384162 51917 raft_consensus.cc:284] T e1414b3b128945e6b5871a91b1d01d82 P b497dbd6bd1a4c998891b00d2493a1bb [term 0 FOLLOWER]: Replica starting. Triggering 0 pending transactions. Active config: opid_index: -1 OBSOLETE_local: false peers { permanent_uuid: "3a3c735705964e1badb66c37a66a9096" member_type: VOTER last_known_addr { host: "ip-172-31-12-168" port: 31200 } } peers { permanent_uuid: "b497dbd6bd1a4c998891b00d2493a1bb" member_type: VOTER last_known_addr { host: "ip-172-31-12-168" port: 31202 } } peers { permanent_uuid: "6f1af300e1d549d6b1cdd8bf3b9aeb9c" member_type: VOTER last_known_addr { host: "ip-172-31-12-168" port: 31201 } }
I0727 04:14:27.384176 51917 raft_consensus.cc:316] T e1414b3b128945e6b5871a91b1d01d82 P b497dbd6bd1a4c998891b00d2493a1bb [term 0 FOLLOWER]: Consensus starting up: Expiring failure detector timer to make a prompt election more likely
I0727 04:14:27.384181 51917 raft_consensus.cc:560] T e1414b3b128945e6b5871a91b1d01d82 P b497dbd6bd1a4c998891b00d2493a1bb [term 0 FOLLOWER]: Becoming Follower/Learner. State: Replica: b497dbd6bd1a4c998891b00d2493a1bb, State: Running, Role: FOLLOWER
I0727 04:14:27.384188 51917 consensus_queue.cc:186] T e1414b3b128945e6b5871a91b1d01d82 P b497dbd6bd1a4c998891b00d2493a1bb [NON_LEADER]: Queue going to NON_LEADER mode. State: All replicated index: 0, Majority replicated index: 0, Committed index: 0, Last appended: 0.0, Last appended by leader: 0, Current term: 0, Majority size: -1, State: 1, Mode: NON_LEADER
I0727 04:14:27.384238 51917 ts_tablet_manager.cc:775] T e1414b3b128945e6b5871a91b1d01d82 P b497dbd6bd1a4c998891b00d2493a1bb: Time spent starting tablet: real 0.000s	user 0.000s	sys 0.000s
I0727 04:14:27.384246 51917 ts_tablet_manager.cc:741] T 6d68069135fb48efa74080a3da9093cb P b497dbd6bd1a4c998891b00d2493a1bb: Bootstrapping tablet
I0727 04:14:27.384251 51917 tablet_bootstrap.cc:406] T 6d68069135fb48efa74080a3da9093cb P b497dbd6bd1a4c998891b00d2493a1bb: Bootstrap starting.
I0727 04:14:27.384482 51917 tablet_bootstrap.cc:547] T 6d68069135fb48efa74080a3da9093cb P b497dbd6bd1a4c998891b00d2493a1bb: No blocks or log segments found. Creating new log.
I0727 04:14:27.384955 51917 tablet_bootstrap.cc:406] T 6d68069135fb48efa74080a3da9093cb P b497dbd6bd1a4c998891b00d2493a1bb: No bootstrap required, opened a new log
I0727 04:14:27.384973 51917 ts_tablet_manager.cc:746] T 6d68069135fb48efa74080a3da9093cb P b497dbd6bd1a4c998891b00d2493a1bb: Time spent bootstrapping tablet: real 0.001s	user 0.002s	sys 0.000s
I0727 04:14:27.385274 51917 raft_consensus.cc:284] T 6d68069135fb48efa74080a3da9093cb P b497dbd6bd1a4c998891b00d2493a1bb [term 0 FOLLOWER]: Replica starting. Triggering 0 pending transactions. Active config: opid_index: -1 OBSOLETE_local: false peers { permanent_uuid: "3a3c735705964e1badb66c37a66a9096" member_type: VOTER last_known_addr { host: "ip-172-31-12-168" port: 31200 } } peers { permanent_uuid: "b497dbd6bd1a4c998891b00d2493a1bb" member_type: VOTER last_known_addr { host: "ip-172-31-12-168" port: 31202 } } peers { permanent_uuid: "6f1af300e1d549d6b1cdd8bf3b9aeb9c" member_type: VOTER last_known_addr { host: "ip-172-31-12-168" port: 31201 } }
I0727 04:14:27.385288 51917 raft_consensus.cc:316] T 6d68069135fb48efa74080a3da9093cb P b497dbd6bd1a4c998891b00d2493a1bb [term 0 FOLLOWER]: Consensus starting up: Expiring failure detector timer to make a prompt election more likely
I0727 04:14:27.385293 51917 raft_consensus.cc:560] T 6d68069135fb48efa74080a3da9093cb P b497dbd6bd1a4c998891b00d2493a1bb [term 0 FOLLOWER]: Becoming Follower/Learner. State: Replica: b497dbd6bd1a4c998891b00d2493a1bb, State: Running, Role: FOLLOWER
I0727 04:14:27.385303 51917 consensus_queue.cc:186] T 6d68069135fb48efa74080a3da9093cb P b497dbd6bd1a4c998891b00d2493a1bb [NON_LEADER]: Queue going to NON_LEADER mode. State: All replicated index: 0, Majority replicated index: 0, Committed index: 0, Last appended: 0.0, Last appended by leader: 0, Current term: 0, Majority size: -1, State: 1, Mode: NON_LEADER
I0727 04:14:27.385355 51917 ts_tablet_manager.cc:775] T 6d68069135fb48efa74080a3da9093cb P b497dbd6bd1a4c998891b00d2493a1bb: Time spent starting tablet: real 0.000s	user 0.000s	sys 0.000s
I0727 04:14:27.613029 51923 raft_consensus.cc:411] T 9d0262b54ec643239de1d529fe97bff3 P b497dbd6bd1a4c998891b00d2493a1bb [term 0 FOLLOWER]: Starting pre-election (no leader contacted us within the election timeout)
I0727 04:14:27.613055 51923 raft_consensus.cc:2372] T 9d0262b54ec643239de1d529fe97bff3 P b497dbd6bd1a4c998891b00d2493a1bb: Snoozing failure detection for election timeout plus an additional 2.012s
I0727 04:14:27.613104 51923 raft_consensus.cc:435] T 9d0262b54ec643239de1d529fe97bff3 P b497dbd6bd1a4c998891b00d2493a1bb [term 0 FOLLOWER]: Starting pre-election with config: opid_index: -1 OBSOLETE_local: false peers { permanent_uuid: "3a3c735705964e1badb66c37a66a9096" member_type: VOTER last_known_addr { host: "ip-172-31-12-168" port: 31200 } } peers { permanent_uuid: "b497dbd6bd1a4c998891b00d2493a1bb" member_type: VOTER last_known_addr { host: "ip-172-31-12-168" port: 31202 } } peers { permanent_uuid: "6f1af300e1d549d6b1cdd8bf3b9aeb9c" member_type: VOTER last_known_addr { host: "ip-172-31-12-168" port: 31201 } }
I0727 04:14:27.613272 51923 leader_election.cc:217] T 9d0262b54ec643239de1d529fe97bff3 P b497dbd6bd1a4c998891b00d2493a1bb [CANDIDATE]: Term 1 pre-election: Requesting pre-vote from peer 3a3c735705964e1badb66c37a66a9096
I0727 04:14:27.613299 51923 leader_election.cc:217] T 9d0262b54ec643239de1d529fe97bff3 P b497dbd6bd1a4c998891b00d2493a1bb [CANDIDATE]: Term 1 pre-election: Requesting pre-vote from peer 6f1af300e1d549d6b1cdd8bf3b9aeb9c
I0727 04:14:27.613507 20838 leader_election.cc:349] T 9d0262b54ec643239de1d529fe97bff3 P b497dbd6bd1a4c998891b00d2493a1bb [CANDIDATE]: Term 1 pre-election: Vote granted by peer 6f1af300e1d549d6b1cdd8bf3b9aeb9c
I0727 04:14:27.613519 20838 leader_election.cc:244] T 9d0262b54ec643239de1d529fe97bff3 P b497dbd6bd1a4c998891b00d2493a1bb [CANDIDATE]: Term 1 pre-election: Election decided. Result: candidate won.
I0727 04:14:27.613587 50029 raft_consensus.cc:2372] T 9d0262b54ec643239de1d529fe97bff3 P b497dbd6bd1a4c998891b00d2493a1bb: Snoozing failure detection for election timeout plus an additional 1.585s
I0727 04:14:27.613610 50029 raft_consensus.cc:2176] T 9d0262b54ec643239de1d529fe97bff3 P b497dbd6bd1a4c998891b00d2493a1bb [term 0 FOLLOWER]: Leader pre-election won for term 1
I0727 04:14:27.613622 50029 raft_consensus.cc:411] T 9d0262b54ec643239de1d529fe97bff3 P b497dbd6bd1a4c998891b00d2493a1bb [term 0 FOLLOWER]: Starting leader election (no leader contacted us within the election timeout)
I0727 04:14:27.613629 50029 raft_consensus.cc:2372] T 9d0262b54ec643239de1d529fe97bff3 P b497dbd6bd1a4c998891b00d2493a1bb: Snoozing failure detection for election timeout plus an additional 2.010s
I0727 04:14:27.613639 50029 raft_consensus.cc:2419] T 9d0262b54ec643239de1d529fe97bff3 P b497dbd6bd1a4c998891b00d2493a1bb [term 0 FOLLOWER]: Advancing to term 1
I0727 04:14:27.614171 50029 raft_consensus.cc:435] T 9d0262b54ec643239de1d529fe97bff3 P b497dbd6bd1a4c998891b00d2493a1bb [term 1 FOLLOWER]: Starting leader election with config: opid_index: -1 OBSOLETE_local: false peers { permanent_uuid: "3a3c735705964e1badb66c37a66a9096" member_type: VOTER last_known_addr { host: "ip-172-31-12-168" port: 31200 } } peers { permanent_uuid: "b497dbd6bd1a4c998891b00d2493a1bb" member_type: VOTER last_known_addr { host: "ip-172-31-12-168" port: 31202 } } peers { permanent_uuid: "6f1af300e1d549d6b1cdd8bf3b9aeb9c" member_type: VOTER last_known_addr { host: "ip-172-31-12-168" port: 31201 } }
I0727 04:14:27.614313 50029 leader_election.cc:217] T 9d0262b54ec643239de1d529fe97bff3 P b497dbd6bd1a4c998891b00d2493a1bb [CANDIDATE]: Term 1 election: Requesting vote from peer 3a3c735705964e1badb66c37a66a9096
I0727 04:14:27.614339 50029 leader_election.cc:217] T 9d0262b54ec643239de1d529fe97bff3 P b497dbd6bd1a4c998891b00d2493a1bb [CANDIDATE]: Term 1 election: Requesting vote from peer 6f1af300e1d549d6b1cdd8bf3b9aeb9c
I0727 04:14:27.614954 20838 leader_election.cc:349] T 9d0262b54ec643239de1d529fe97bff3 P b497dbd6bd1a4c998891b00d2493a1bb [CANDIDATE]: Term 1 election: Vote granted by peer 6f1af300e1d549d6b1cdd8bf3b9aeb9c
I0727 04:14:27.614966 20838 leader_election.cc:244] T 9d0262b54ec643239de1d529fe97bff3 P b497dbd6bd1a4c998891b00d2493a1bb [CANDIDATE]: Term 1 election: Election decided. Result: candidate won.
I0727 04:14:27.614989 20838 leader_election.cc:349] T 9d0262b54ec643239de1d529fe97bff3 P b497dbd6bd1a4c998891b00d2493a1bb [CANDIDATE]: Term 1 pre-election: Vote granted by peer 3a3c735705964e1badb66c37a66a9096
I0727 04:14:27.615008 50010 raft_consensus.cc:2372] T 9d0262b54ec643239de1d529fe97bff3 P b497dbd6bd1a4c998891b00d2493a1bb: Snoozing failure detection for election timeout plus an additional 1.899s
I0727 04:14:27.615027 50010 raft_consensus.cc:2176] T 9d0262b54ec643239de1d529fe97bff3 P b497dbd6bd1a4c998891b00d2493a1bb [term 1 FOLLOWER]: Leader election won for term 1
I0727 04:14:27.615046 50010 raft_consensus.cc:528] T 9d0262b54ec643239de1d529fe97bff3 P b497dbd6bd1a4c998891b00d2493a1bb [term 1 LEADER]: Becoming Leader. State: Replica: b497dbd6bd1a4c998891b00d2493a1bb, State: Running, Role: LEADER
I0727 04:14:27.615082 50010 consensus_queue.cc:165] T 9d0262b54ec643239de1d529fe97bff3 P b497dbd6bd1a4c998891b00d2493a1bb [LEADER]: Queue going to LEADER mode. State: All replicated index: 0, Majority replicated index: 0, Committed index: 0, Last appended: 0.0, Last appended by leader: 0, Current term: 1, Majority size: 2, State: 1, Mode: LEADER, active raft config: opid_index: -1 OBSOLETE_local: false peers { permanent_uuid: "3a3c735705964e1badb66c37a66a9096" member_type: VOTER last_known_addr { host: "ip-172-31-12-168" port: 31200 } } peers { permanent_uuid: "b497dbd6bd1a4c998891b00d2493a1bb" member_type: VOTER last_known_addr { host: "ip-172-31-12-168" port: 31202 } } peers { permanent_uuid: "6f1af300e1d549d6b1cdd8bf3b9aeb9c" member_type: VOTER last_known_addr { host: "ip-172-31-12-168" port: 31201 } }
I0727 04:14:27.618449 20838 leader_election.cc:349] T 9d0262b54ec643239de1d529fe97bff3 P b497dbd6bd1a4c998891b00d2493a1bb [CANDIDATE]: Term 1 election: Vote granted by peer 3a3c735705964e1badb66c37a66a9096
I0727 04:14:27.720327 51929 raft_consensus.cc:411] T 6d68069135fb48efa74080a3da9093cb P b497dbd6bd1a4c998891b00d2493a1bb [term 0 FOLLOWER]: Starting pre-election (no leader contacted us within the election timeout)
I0727 04:14:27.720358 51929 raft_consensus.cc:2372] T 6d68069135fb48efa74080a3da9093cb P b497dbd6bd1a4c998891b00d2493a1bb: Snoozing failure detection for election timeout plus an additional 2.163s
I0727 04:14:27.720412 51929 raft_consensus.cc:435] T 6d68069135fb48efa74080a3da9093cb P b497dbd6bd1a4c998891b00d2493a1bb [term 0 FOLLOWER]: Starting pre-election with config: opid_index: -1 OBSOLETE_local: false peers { permanent_uuid: "3a3c735705964e1badb66c37a66a9096" member_type: VOTER last_known_addr { host: "ip-172-31-12-168" port: 31200 } } peers { permanent_uuid: "b497dbd6bd1a4c998891b00d2493a1bb" member_type: VOTER last_known_addr { host: "ip-172-31-12-168" port: 31202 } } peers { permanent_uuid: "6f1af300e1d549d6b1cdd8bf3b9aeb9c" member_type: VOTER last_known_addr { host: "ip-172-31-12-168" port: 31201 } }
I0727 04:14:27.720703 51929 leader_election.cc:217] T 6d68069135fb48efa74080a3da9093cb P b497dbd6bd1a4c998891b00d2493a1bb [CANDIDATE]: Term 1 pre-election: Requesting pre-vote from peer 3a3c735705964e1badb66c37a66a9096
I0727 04:14:27.720739 51929 leader_election.cc:217] T 6d68069135fb48efa74080a3da9093cb P b497dbd6bd1a4c998891b00d2493a1bb [CANDIDATE]: Term 1 pre-election: Requesting pre-vote from peer 6f1af300e1d549d6b1cdd8bf3b9aeb9c
I0727 04:14:27.720935 20838 leader_election.cc:349] T 6d68069135fb48efa74080a3da9093cb P b497dbd6bd1a4c998891b00d2493a1bb [CANDIDATE]: Term 1 pre-election: Vote granted by peer 6f1af300e1d549d6b1cdd8bf3b9aeb9c
I0727 04:14:27.720952 20838 leader_election.cc:244] T 6d68069135fb48efa74080a3da9093cb P b497dbd6bd1a4c998891b00d2493a1bb [CANDIDATE]: Term 1 pre-election: Election decided. Result: candidate won.
I0727 04:14:27.720984 20838 leader_election.cc:349] T 6d68069135fb48efa74080a3da9093cb P b497dbd6bd1a4c998891b00d2493a1bb [CANDIDATE]: Term 1 pre-election: Vote granted by peer 3a3c735705964e1badb66c37a66a9096
I0727 04:14:27.720983 50029 raft_consensus.cc:2372] T 6d68069135fb48efa74080a3da9093cb P b497dbd6bd1a4c998891b00d2493a1bb: Snoozing failure detection for election timeout plus an additional 1.882s
I0727 04:14:27.721021 50029 raft_consensus.cc:2176] T 6d68069135fb48efa74080a3da9093cb P b497dbd6bd1a4c998891b00d2493a1bb [term 0 FOLLOWER]: Leader pre-election won for term 1
I0727 04:14:27.721035 50029 raft_consensus.cc:411] T 6d68069135fb48efa74080a3da9093cb P b497dbd6bd1a4c998891b00d2493a1bb [term 0 FOLLOWER]: Starting leader election (no leader contacted us within the election timeout)
I0727 04:14:27.721041 50029 raft_consensus.cc:2372] T 6d68069135fb48efa74080a3da9093cb P b497dbd6bd1a4c998891b00d2493a1bb: Snoozing failure detection for election timeout plus an additional 2.059s
I0727 04:14:27.721045 50029 raft_consensus.cc:2419] T 6d68069135fb48efa74080a3da9093cb P b497dbd6bd1a4c998891b00d2493a1bb [term 0 FOLLOWER]: Advancing to term 1
I0727 04:14:27.721524 50029 raft_consensus.cc:435] T 6d68069135fb48efa74080a3da9093cb P b497dbd6bd1a4c998891b00d2493a1bb [term 1 FOLLOWER]: Starting leader election with config: opid_index: -1 OBSOLETE_local: false peers { permanent_uuid: "3a3c735705964e1badb66c37a66a9096" member_type: VOTER last_known_addr { host: "ip-172-31-12-168" port: 31200 } } peers { permanent_uuid: "b497dbd6bd1a4c998891b00d2493a1bb" member_type: VOTER last_known_addr { host: "ip-172-31-12-168" port: 31202 } } peers { permanent_uuid: "6f1af300e1d549d6b1cdd8bf3b9aeb9c" member_type: VOTER last_known_addr { host: "ip-172-31-12-168" port: 31201 } }
I0727 04:14:27.721664 50029 leader_election.cc:217] T 6d68069135fb48efa74080a3da9093cb P b497dbd6bd1a4c998891b00d2493a1bb [CANDIDATE]: Term 1 election: Requesting vote from peer 3a3c735705964e1badb66c37a66a9096
I0727 04:14:27.721693 50029 leader_election.cc:217] T 6d68069135fb48efa74080a3da9093cb P b497dbd6bd1a4c998891b00d2493a1bb [CANDIDATE]: Term 1 election: Requesting vote from peer 6f1af300e1d549d6b1cdd8bf3b9aeb9c
I0727 04:14:27.722296 20838 leader_election.cc:349] T 6d68069135fb48efa74080a3da9093cb P b497dbd6bd1a4c998891b00d2493a1bb [CANDIDATE]: Term 1 election: Vote granted by peer 3a3c735705964e1badb66c37a66a9096
I0727 04:14:27.722306 20838 leader_election.cc:244] T 6d68069135fb48efa74080a3da9093cb P b497dbd6bd1a4c998891b00d2493a1bb [CANDIDATE]: Term 1 election: Election decided. Result: candidate won.
I0727 04:14:27.722365 50046 raft_consensus.cc:2372] T 6d68069135fb48efa74080a3da9093cb P b497dbd6bd1a4c998891b00d2493a1bb: Snoozing failure detection for election timeout plus an additional 1.541s
I0727 04:14:27.722378 50046 raft_consensus.cc:2176] T 6d68069135fb48efa74080a3da9093cb P b497dbd6bd1a4c998891b00d2493a1bb [term 1 FOLLOWER]: Leader election won for term 1
I0727 04:14:27.722391 50046 raft_consensus.cc:528] T 6d68069135fb48efa74080a3da9093cb P b497dbd6bd1a4c998891b00d2493a1bb [term 1 LEADER]: Becoming Leader. State: Replica: b497dbd6bd1a4c998891b00d2493a1bb, State: Running, Role: LEADER
I0727 04:14:27.722424 50046 consensus_queue.cc:165] T 6d68069135fb48efa74080a3da9093cb P b497dbd6bd1a4c998891b00d2493a1bb [LEADER]: Queue going to LEADER mode. State: All replicated index: 0, Majority replicated index: 0, Committed index: 0, Last appended: 0.0, Last appended by leader: 0, Current term: 1, Majority size: 2, State: 1, Mode: LEADER, active raft config: opid_index: -1 OBSOLETE_local: false peers { permanent_uuid: "3a3c735705964e1badb66c37a66a9096" member_type: VOTER last_known_addr { host: "ip-172-31-12-168" port: 31200 } } peers { permanent_uuid: "b497dbd6bd1a4c998891b00d2493a1bb" member_type: VOTER last_known_addr { host: "ip-172-31-12-168" port: 31202 } } peers { permanent_uuid: "6f1af300e1d549d6b1cdd8bf3b9aeb9c" member_type: VOTER last_known_addr { host: "ip-172-31-12-168" port: 31201 } }
I0727 04:14:27.722676 20838 leader_election.cc:349] T 6d68069135fb48efa74080a3da9093cb P b497dbd6bd1a4c998891b00d2493a1bb [CANDIDATE]: Term 1 election: Vote granted by peer 6f1af300e1d549d6b1cdd8bf3b9aeb9c
I0727 04:14:27.847174 20919 raft_consensus.cc:2372] T e1414b3b128945e6b5871a91b1d01d82 P b497dbd6bd1a4c998891b00d2493a1bb: Snoozing failure detection for election timeout plus an additional 2.196s
I0727 04:14:27.847194 20919 raft_consensus.cc:1943] T e1414b3b128945e6b5871a91b1d01d82 P b497dbd6bd1a4c998891b00d2493a1bb [term 0 FOLLOWER]: Leader pre-election vote request: Granting yes vote for candidate 3a3c735705964e1badb66c37a66a9096 in term 0.
I0727 04:14:27.848453 20919 raft_consensus.cc:2419] T e1414b3b128945e6b5871a91b1d01d82 P b497dbd6bd1a4c998891b00d2493a1bb [term 0 FOLLOWER]: Advancing to term 1
I0727 04:14:27.848472 20919 raft_consensus.cc:2372] T e1414b3b128945e6b5871a91b1d01d82 P b497dbd6bd1a4c998891b00d2493a1bb: Snoozing failure detection for election timeout plus an additional 1.860s
I0727 04:14:27.848773 20919 raft_consensus.cc:1943] T e1414b3b128945e6b5871a91b1d01d82 P b497dbd6bd1a4c998891b00d2493a1bb [term 1 FOLLOWER]: Leader election vote request: Granting yes vote for candidate 3a3c735705964e1badb66c37a66a9096 in term 1.
I0727 04:14:27.901073 50010 consensus_queue.cc:722] T 9d0262b54ec643239de1d529fe97bff3 P b497dbd6bd1a4c998891b00d2493a1bb [LEADER]: Connected to new peer: Peer: 6f1af300e1d549d6b1cdd8bf3b9aeb9c, Is new: false, Last received: 0.0, Next index: 1, Last known committed idx: 0, Last exchange result: ERROR, Needs tablet copy: false
I0727 04:14:27.904865 50010 consensus_queue.cc:722] T 9d0262b54ec643239de1d529fe97bff3 P b497dbd6bd1a4c998891b00d2493a1bb [LEADER]: Connected to new peer: Peer: 3a3c735705964e1badb66c37a66a9096, Is new: false, Last received: 0.0, Next index: 1, Last known committed idx: 0, Last exchange result: ERROR, Needs tablet copy: false
I0727 04:14:28.015725 50029 consensus_queue.cc:722] T 6d68069135fb48efa74080a3da9093cb P b497dbd6bd1a4c998891b00d2493a1bb [LEADER]: Connected to new peer: Peer: 3a3c735705964e1badb66c37a66a9096, Is new: false, Last received: 0.0, Next index: 1, Last known committed idx: 0, Last exchange result: ERROR, Needs tablet copy: false
I0727 04:14:28.017038 50010 consensus_queue.cc:722] T 6d68069135fb48efa74080a3da9093cb P b497dbd6bd1a4c998891b00d2493a1bb [LEADER]: Connected to new peer: Peer: 6f1af300e1d549d6b1cdd8bf3b9aeb9c, Is new: false, Last received: 0.0, Next index: 1, Last known committed idx: 0, Last exchange result: ERROR, Needs tablet copy: false
I0727 04:14:28.113473 20919 raft_consensus.cc:944] T e1414b3b128945e6b5871a91b1d01d82 P b497dbd6bd1a4c998891b00d2493a1bb [term 1 FOLLOWER]: Refusing update from remote peer 3a3c735705964e1badb66c37a66a9096: Log matching property violated. Preceding OpId in replica: term: 0 index: 0. Preceding OpId from leader: term: 1 index: 1. (index mismatch)
I0727 04:14:33.535544 20879 tablet_service.cc:672] Processing CreateTablet for tablet e0031f8664294f61b6c184c192330960 (table=impala::functional_kudu.zipcode_incomes [id=63c99acccfb2423ba05f1863f95cccde]), partition=RANGE (id) PARTITION VALUES < "8600000US01475\000"
I0727 04:14:33.535562 20881 tablet_service.cc:672] Processing CreateTablet for tablet e4c69bec998e4ad192d30fe28d2eae7c (table=impala::functional_kudu.zipcode_incomes [id=63c99acccfb2423ba05f1863f95cccde]), partition=RANGE (id) PARTITION "8600000US63121\000" <= VALUES < "8600000US84712\000"
I0727 04:14:33.535639 20880 tablet_service.cc:672] Processing CreateTablet for tablet 617ae0d6c4a1487a900ea97b75c75acf (table=impala::functional_kudu.zipcode_incomes [id=63c99acccfb2423ba05f1863f95cccde]), partition=RANGE (id) PARTITION "8600000US01475\000" <= VALUES < "8600000US63121\000"
I0727 04:14:33.536108 20881 ts_tablet_manager.cc:871] T e4c69bec998e4ad192d30fe28d2eae7c P b497dbd6bd1a4c998891b00d2493a1bb: Registered tablet (data state: TABLET_DATA_READY)
I0727 04:14:33.536296 20880 ts_tablet_manager.cc:871] T 617ae0d6c4a1487a900ea97b75c75acf P b497dbd6bd1a4c998891b00d2493a1bb: Registered tablet (data state: TABLET_DATA_READY)
I0727 04:14:33.536793 52148 ts_tablet_manager.cc:741] T e4c69bec998e4ad192d30fe28d2eae7c P b497dbd6bd1a4c998891b00d2493a1bb: Bootstrapping tablet
I0727 04:14:33.536808 52148 tablet_bootstrap.cc:406] T e4c69bec998e4ad192d30fe28d2eae7c P b497dbd6bd1a4c998891b00d2493a1bb: Bootstrap starting.
I0727 04:14:33.536979 20883 tablet_service.cc:672] Processing CreateTablet for tablet 9b196d71f9ef4f74800fd3d3104360f5 (table=impala::functional_kudu.zipcode_incomes [id=63c99acccfb2423ba05f1863f95cccde]), partition=RANGE (id) PARTITION VALUES >= "8600000US84712\000"
I0727 04:14:33.537021 20879 ts_tablet_manager.cc:871] T e0031f8664294f61b6c184c192330960 P b497dbd6bd1a4c998891b00d2493a1bb: Registered tablet (data state: TABLET_DATA_READY)
I0727 04:14:33.537048 52148 tablet_bootstrap.cc:547] T e4c69bec998e4ad192d30fe28d2eae7c P b497dbd6bd1a4c998891b00d2493a1bb: No blocks or log segments found. Creating new log.
I0727 04:14:33.537441 52148 tablet_bootstrap.cc:406] T e4c69bec998e4ad192d30fe28d2eae7c P b497dbd6bd1a4c998891b00d2493a1bb: No bootstrap required, opened a new log
I0727 04:14:33.537457 52148 ts_tablet_manager.cc:746] T e4c69bec998e4ad192d30fe28d2eae7c P b497dbd6bd1a4c998891b00d2493a1bb: Time spent bootstrapping tablet: real 0.001s	user 0.000s	sys 0.000s
I0727 04:14:33.537583 20883 ts_tablet_manager.cc:871] T 9b196d71f9ef4f74800fd3d3104360f5 P b497dbd6bd1a4c998891b00d2493a1bb: Registered tablet (data state: TABLET_DATA_READY)
I0727 04:14:33.537741 52148 raft_consensus.cc:284] T e4c69bec998e4ad192d30fe28d2eae7c P b497dbd6bd1a4c998891b00d2493a1bb [term 0 FOLLOWER]: Replica starting. Triggering 0 pending transactions. Active config: opid_index: -1 OBSOLETE_local: false peers { permanent_uuid: "3a3c735705964e1badb66c37a66a9096" member_type: VOTER last_known_addr { host: "ip-172-31-12-168" port: 31200 } } peers { permanent_uuid: "b497dbd6bd1a4c998891b00d2493a1bb" member_type: VOTER last_known_addr { host: "ip-172-31-12-168" port: 31202 } } peers { permanent_uuid: "6f1af300e1d549d6b1cdd8bf3b9aeb9c" member_type: VOTER last_known_addr { host: "ip-172-31-12-168" port: 31201 } }
I0727 04:14:33.537763 52148 raft_consensus.cc:316] T e4c69bec998e4ad192d30fe28d2eae7c P b497dbd6bd1a4c998891b00d2493a1bb [term 0 FOLLOWER]: Consensus starting up: Expiring failure detector timer to make a prompt election more likely
I0727 04:14:33.537776 52148 raft_consensus.cc:560] T e4c69bec998e4ad192d30fe28d2eae7c P b497dbd6bd1a4c998891b00d2493a1bb [term 0 FOLLOWER]: Becoming Follower/Learner. State: Replica: b497dbd6bd1a4c998891b00d2493a1bb, State: Running, Role: FOLLOWER
I0727 04:14:33.537786 52148 consensus_queue.cc:186] T e4c69bec998e4ad192d30fe28d2eae7c P b497dbd6bd1a4c998891b00d2493a1bb [NON_LEADER]: Queue going to NON_LEADER mode. State: All replicated index: 0, Majority replicated index: 0, Committed index: 0, Last appended: 0.0, Last appended by leader: 0, Current term: 0, Majority size: -1, State: 1, Mode: NON_LEADER
I0727 04:14:33.537848 52148 ts_tablet_manager.cc:775] T e4c69bec998e4ad192d30fe28d2eae7c P b497dbd6bd1a4c998891b00d2493a1bb: Time spent starting tablet: real 0.000s	user 0.000s	sys 0.000s
I0727 04:14:33.537860 52148 ts_tablet_manager.cc:741] T 617ae0d6c4a1487a900ea97b75c75acf P b497dbd6bd1a4c998891b00d2493a1bb: Bootstrapping tablet
I0727 04:14:33.537865 52148 tablet_bootstrap.cc:406] T 617ae0d6c4a1487a900ea97b75c75acf P b497dbd6bd1a4c998891b00d2493a1bb: Bootstrap starting.
I0727 04:14:33.538029 52148 tablet_bootstrap.cc:547] T 617ae0d6c4a1487a900ea97b75c75acf P b497dbd6bd1a4c998891b00d2493a1bb: No blocks or log segments found. Creating new log.
I0727 04:14:33.538552 52148 tablet_bootstrap.cc:406] T 617ae0d6c4a1487a900ea97b75c75acf P b497dbd6bd1a4c998891b00d2493a1bb: No bootstrap required, opened a new log
I0727 04:14:33.538568 52148 ts_tablet_manager.cc:746] T 617ae0d6c4a1487a900ea97b75c75acf P b497dbd6bd1a4c998891b00d2493a1bb: Time spent bootstrapping tablet: real 0.001s	user 0.000s	sys 0.000s
I0727 04:14:33.538854 52148 raft_consensus.cc:284] T 617ae0d6c4a1487a900ea97b75c75acf P b497dbd6bd1a4c998891b00d2493a1bb [term 0 FOLLOWER]: Replica starting. Triggering 0 pending transactions. Active config: opid_index: -1 OBSOLETE_local: false peers { permanent_uuid: "3a3c735705964e1badb66c37a66a9096" member_type: VOTER last_known_addr { host: "ip-172-31-12-168" port: 31200 } } peers { permanent_uuid: "b497dbd6bd1a4c998891b00d2493a1bb" member_type: VOTER last_known_addr { host: "ip-172-31-12-168" port: 31202 } } peers { permanent_uuid: "6f1af300e1d549d6b1cdd8bf3b9aeb9c" member_type: VOTER last_known_addr { host: "ip-172-31-12-168" port: 31201 } }
I0727 04:14:33.538875 52148 raft_consensus.cc:316] T 617ae0d6c4a1487a900ea97b75c75acf P b497dbd6bd1a4c998891b00d2493a1bb [term 0 FOLLOWER]: Consensus starting up: Expiring failure detector timer to make a prompt election more likely
I0727 04:14:33.538883 52148 raft_consensus.cc:560] T 617ae0d6c4a1487a900ea97b75c75acf P b497dbd6bd1a4c998891b00d2493a1bb [term 0 FOLLOWER]: Becoming Follower/Learner. State: Replica: b497dbd6bd1a4c998891b00d2493a1bb, State: Running, Role: FOLLOWER
I0727 04:14:33.538889 52148 consensus_queue.cc:186] T 617ae0d6c4a1487a900ea97b75c75acf P b497dbd6bd1a4c998891b00d2493a1bb [NON_LEADER]: Queue going to NON_LEADER mode. State: All replicated index: 0, Majority replicated index: 0, Committed index: 0, Last appended: 0.0, Last appended by leader: 0, Current term: 0, Majority size: -1, State: 1, Mode: NON_LEADER
I0727 04:14:33.538954 52148 ts_tablet_manager.cc:775] T 617ae0d6c4a1487a900ea97b75c75acf P b497dbd6bd1a4c998891b00d2493a1bb: Time spent starting tablet: real 0.000s	user 0.000s	sys 0.000s
I0727 04:14:33.538974 52148 ts_tablet_manager.cc:741] T e0031f8664294f61b6c184c192330960 P b497dbd6bd1a4c998891b00d2493a1bb: Bootstrapping tablet
I0727 04:14:33.538986 52148 tablet_bootstrap.cc:406] T e0031f8664294f61b6c184c192330960 P b497dbd6bd1a4c998891b00d2493a1bb: Bootstrap starting.
I0727 04:14:33.539155 52148 tablet_bootstrap.cc:547] T e0031f8664294f61b6c184c192330960 P b497dbd6bd1a4c998891b00d2493a1bb: No blocks or log segments found. Creating new log.
I0727 04:14:33.539577 52148 tablet_bootstrap.cc:406] T e0031f8664294f61b6c184c192330960 P b497dbd6bd1a4c998891b00d2493a1bb: No bootstrap required, opened a new log
I0727 04:14:33.539598 52148 ts_tablet_manager.cc:746] T e0031f8664294f61b6c184c192330960 P b497dbd6bd1a4c998891b00d2493a1bb: Time spent bootstrapping tablet: real 0.001s	user 0.000s	sys 0.001s
I0727 04:14:33.539902 52148 raft_consensus.cc:284] T e0031f8664294f61b6c184c192330960 P b497dbd6bd1a4c998891b00d2493a1bb [term 0 FOLLOWER]: Replica starting. Triggering 0 pending transactions. Active config: opid_index: -1 OBSOLETE_local: false peers { permanent_uuid: "b497dbd6bd1a4c998891b00d2493a1bb" member_type: VOTER last_known_addr { host: "ip-172-31-12-168" port: 31202 } } peers { permanent_uuid: "3a3c735705964e1badb66c37a66a9096" member_type: VOTER last_known_addr { host: "ip-172-31-12-168" port: 31200 } } peers { permanent_uuid: "6f1af300e1d549d6b1cdd8bf3b9aeb9c" member_type: VOTER last_known_addr { host: "ip-172-31-12-168" port: 31201 } }
I0727 04:14:33.539916 52148 raft_consensus.cc:316] T e0031f8664294f61b6c184c192330960 P b497dbd6bd1a4c998891b00d2493a1bb [term 0 FOLLOWER]: Consensus starting up: Expiring failure detector timer to make a prompt election more likely
I0727 04:14:33.539919 52148 raft_consensus.cc:560] T e0031f8664294f61b6c184c192330960 P b497dbd6bd1a4c998891b00d2493a1bb [term 0 FOLLOWER]: Becoming Follower/Learner. State: Replica: b497dbd6bd1a4c998891b00d2493a1bb, State: Running, Role: FOLLOWER
I0727 04:14:33.539924 52148 consensus_queue.cc:186] T e0031f8664294f61b6c184c192330960 P b497dbd6bd1a4c998891b00d2493a1bb [NON_LEADER]: Queue going to NON_LEADER mode. State: All replicated index: 0, Majority replicated index: 0, Committed index: 0, Last appended: 0.0, Last appended by leader: 0, Current term: 0, Majority size: -1, State: 1, Mode: NON_LEADER
I0727 04:14:33.539957 52148 ts_tablet_manager.cc:775] T e0031f8664294f61b6c184c192330960 P b497dbd6bd1a4c998891b00d2493a1bb: Time spent starting tablet: real 0.000s	user 0.000s	sys 0.000s
I0727 04:14:33.539968 52148 ts_tablet_manager.cc:741] T 9b196d71f9ef4f74800fd3d3104360f5 P b497dbd6bd1a4c998891b00d2493a1bb: Bootstrapping tablet
I0727 04:14:33.539980 52148 tablet_bootstrap.cc:406] T 9b196d71f9ef4f74800fd3d3104360f5 P b497dbd6bd1a4c998891b00d2493a1bb: Bootstrap starting.
I0727 04:14:33.540140 52148 tablet_bootstrap.cc:547] T 9b196d71f9ef4f74800fd3d3104360f5 P b497dbd6bd1a4c998891b00d2493a1bb: No blocks or log segments found. Creating new log.
I0727 04:14:33.540565 52148 tablet_bootstrap.cc:406] T 9b196d71f9ef4f74800fd3d3104360f5 P b497dbd6bd1a4c998891b00d2493a1bb: No bootstrap required, opened a new log
I0727 04:14:33.540581 52148 ts_tablet_manager.cc:746] T 9b196d71f9ef4f74800fd3d3104360f5 P b497dbd6bd1a4c998891b00d2493a1bb: Time spent bootstrapping tablet: real 0.001s	user 0.000s	sys 0.000s
I0727 04:14:33.540868 52148 raft_consensus.cc:284] T 9b196d71f9ef4f74800fd3d3104360f5 P b497dbd6bd1a4c998891b00d2493a1bb [term 0 FOLLOWER]: Replica starting. Triggering 0 pending transactions. Active config: opid_index: -1 OBSOLETE_local: false peers { permanent_uuid: "3a3c735705964e1badb66c37a66a9096" member_type: VOTER last_known_addr { host: "ip-172-31-12-168" port: 31200 } } peers { permanent_uuid: "b497dbd6bd1a4c998891b00d2493a1bb" member_type: VOTER last_known_addr { host: "ip-172-31-12-168" port: 31202 } } peers { permanent_uuid: "6f1af300e1d549d6b1cdd8bf3b9aeb9c" member_type: VOTER last_known_addr { host: "ip-172-31-12-168" port: 31201 } }
I0727 04:14:33.540881 52148 raft_consensus.cc:316] T 9b196d71f9ef4f74800fd3d3104360f5 P b497dbd6bd1a4c998891b00d2493a1bb [term 0 FOLLOWER]: Consensus starting up: Expiring failure detector timer to make a prompt election more likely
I0727 04:14:33.540884 52148 raft_consensus.cc:560] T 9b196d71f9ef4f74800fd3d3104360f5 P b497dbd6bd1a4c998891b00d2493a1bb [term 0 FOLLOWER]: Becoming Follower/Learner. State: Replica: b497dbd6bd1a4c998891b00d2493a1bb, State: Running, Role: FOLLOWER
I0727 04:14:33.540889 52148 consensus_queue.cc:186] T 9b196d71f9ef4f74800fd3d3104360f5 P b497dbd6bd1a4c998891b00d2493a1bb [NON_LEADER]: Queue going to NON_LEADER mode. State: All replicated index: 0, Majority replicated index: 0, Committed index: 0, Last appended: 0.0, Last appended by leader: 0, Current term: 0, Majority size: -1, State: 1, Mode: NON_LEADER
I0727 04:14:33.540932 52148 ts_tablet_manager.cc:775] T 9b196d71f9ef4f74800fd3d3104360f5 P b497dbd6bd1a4c998891b00d2493a1bb: Time spent starting tablet: real 0.000s	user 0.000s	sys 0.000s
I0727 04:14:33.699972 20919 raft_consensus.cc:2372] T 617ae0d6c4a1487a900ea97b75c75acf P b497dbd6bd1a4c998891b00d2493a1bb: Snoozing failure detection for election timeout plus an additional 2.000s
I0727 04:14:33.699991 20919 raft_consensus.cc:1943] T 617ae0d6c4a1487a900ea97b75c75acf P b497dbd6bd1a4c998891b00d2493a1bb [term 0 FOLLOWER]: Leader pre-election vote request: Granting yes vote for candidate 6f1af300e1d549d6b1cdd8bf3b9aeb9c in term 0.
I0727 04:14:33.710680 52155 raft_consensus.cc:411] T e4c69bec998e4ad192d30fe28d2eae7c P b497dbd6bd1a4c998891b00d2493a1bb [term 0 FOLLOWER]: Starting pre-election (no leader contacted us within the election timeout)
I0727 04:14:33.710696 52155 raft_consensus.cc:2372] T e4c69bec998e4ad192d30fe28d2eae7c P b497dbd6bd1a4c998891b00d2493a1bb: Snoozing failure detection for election timeout plus an additional 1.593s
I0727 04:14:33.710726 52155 raft_consensus.cc:435] T e4c69bec998e4ad192d30fe28d2eae7c P b497dbd6bd1a4c998891b00d2493a1bb [term 0 FOLLOWER]: Starting pre-election with config: opid_index: -1 OBSOLETE_local: false peers { permanent_uuid: "3a3c735705964e1badb66c37a66a9096" member_type: VOTER last_known_addr { host: "ip-172-31-12-168" port: 31200 } } peers { permanent_uuid: "b497dbd6bd1a4c998891b00d2493a1bb" member_type: VOTER last_known_addr { host: "ip-172-31-12-168" port: 31202 } } peers { permanent_uuid: "6f1af300e1d549d6b1cdd8bf3b9aeb9c" member_type: VOTER last_known_addr { host: "ip-172-31-12-168" port: 31201 } }
I0727 04:14:33.710871 52155 leader_election.cc:217] T e4c69bec998e4ad192d30fe28d2eae7c P b497dbd6bd1a4c998891b00d2493a1bb [CANDIDATE]: Term 1 pre-election: Requesting pre-vote from peer 3a3c735705964e1badb66c37a66a9096
I0727 04:14:33.710901 52155 leader_election.cc:217] T e4c69bec998e4ad192d30fe28d2eae7c P b497dbd6bd1a4c998891b00d2493a1bb [CANDIDATE]: Term 1 pre-election: Requesting pre-vote from peer 6f1af300e1d549d6b1cdd8bf3b9aeb9c
I0727 04:14:33.711022 20838 leader_election.cc:349] T e4c69bec998e4ad192d30fe28d2eae7c P b497dbd6bd1a4c998891b00d2493a1bb [CANDIDATE]: Term 1 pre-election: Vote granted by peer 3a3c735705964e1badb66c37a66a9096
I0727 04:14:33.711033 20838 leader_election.cc:244] T e4c69bec998e4ad192d30fe28d2eae7c P b497dbd6bd1a4c998891b00d2493a1bb [CANDIDATE]: Term 1 pre-election: Election decided. Result: candidate won.
