I0727 04:13:33.491508 50010 leader_election.cc:217] T aec4a02f0cc84b6c9c25787969b67568 P b497dbd6bd1a4c998891b00d2493a1bb [CANDIDATE]: Term 1 election: Requesting vote from peer 6f1af300e1d549d6b1cdd8bf3b9aeb9c
I0727 04:13:33.492290 20838 leader_election.cc:349] T aec4a02f0cc84b6c9c25787969b67568 P b497dbd6bd1a4c998891b00d2493a1bb [CANDIDATE]: Term 1 election: Vote granted by peer 6f1af300e1d549d6b1cdd8bf3b9aeb9c
I0727 04:13:33.492306 20838 leader_election.cc:244] T aec4a02f0cc84b6c9c25787969b67568 P b497dbd6bd1a4c998891b00d2493a1bb [CANDIDATE]: Term 1 election: Election decided. Result: candidate won.
I0727 04:13:33.492326 20838 leader_election.cc:349] T aec4a02f0cc84b6c9c25787969b67568 P b497dbd6bd1a4c998891b00d2493a1bb [CANDIDATE]: Term 1 election: Vote granted by peer 3a3c735705964e1badb66c37a66a9096
I0727 04:13:33.492353 50046 raft_consensus.cc:2372] T aec4a02f0cc84b6c9c25787969b67568 P b497dbd6bd1a4c998891b00d2493a1bb: Snoozing failure detection for election timeout plus an additional 2.223s
I0727 04:13:33.492377 50046 raft_consensus.cc:2176] T aec4a02f0cc84b6c9c25787969b67568 P b497dbd6bd1a4c998891b00d2493a1bb [term 1 FOLLOWER]: Leader election won for term 1
I0727 04:13:33.492404 50046 raft_consensus.cc:528] T aec4a02f0cc84b6c9c25787969b67568 P b497dbd6bd1a4c998891b00d2493a1bb [term 1 LEADER]: Becoming Leader. State: Replica: b497dbd6bd1a4c998891b00d2493a1bb, State: Running, Role: LEADER
I0727 04:13:33.492477 50046 consensus_queue.cc:165] T aec4a02f0cc84b6c9c25787969b67568 P b497dbd6bd1a4c998891b00d2493a1bb [LEADER]: Queue going to LEADER mode. State: All replicated index: 0, Majority replicated index: 0, Committed index: 0, Last appended: 0.0, Last appended by leader: 0, Current term: 1, Majority size: 2, State: 1, Mode: LEADER, active raft config: opid_index: -1 OBSOLETE_local: false peers { permanent_uuid: "3a3c735705964e1badb66c37a66a9096" member_type: VOTER last_known_addr { host: "ip-172-31-12-168" port: 31200 } } peers { permanent_uuid: "b497dbd6bd1a4c998891b00d2493a1bb" member_type: VOTER last_known_addr { host: "ip-172-31-12-168" port: 31202 } } peers { permanent_uuid: "6f1af300e1d549d6b1cdd8bf3b9aeb9c" member_type: VOTER last_known_addr { host: "ip-172-31-12-168" port: 31201 } }
I0727 04:13:33.697176 20919 raft_consensus.cc:2372] T c51d534b33b647f5912d7fed8db5089c P b497dbd6bd1a4c998891b00d2493a1bb: Snoozing failure detection for election timeout plus an additional 1.814s
I0727 04:13:33.697197 20919 raft_consensus.cc:1943] T c51d534b33b647f5912d7fed8db5089c P b497dbd6bd1a4c998891b00d2493a1bb [term 0 FOLLOWER]: Leader pre-election vote request: Granting yes vote for candidate 6f1af300e1d549d6b1cdd8bf3b9aeb9c in term 0.
I0727 04:13:33.698091 20917 raft_consensus.cc:2419] T c51d534b33b647f5912d7fed8db5089c P b497dbd6bd1a4c998891b00d2493a1bb [term 0 FOLLOWER]: Advancing to term 1
I0727 04:13:33.698114 20917 raft_consensus.cc:2372] T c51d534b33b647f5912d7fed8db5089c P b497dbd6bd1a4c998891b00d2493a1bb: Snoozing failure detection for election timeout plus an additional 1.906s
I0727 04:13:33.698468 20917 raft_consensus.cc:1943] T c51d534b33b647f5912d7fed8db5089c P b497dbd6bd1a4c998891b00d2493a1bb [term 1 FOLLOWER]: Leader election vote request: Granting yes vote for candidate 6f1af300e1d549d6b1cdd8bf3b9aeb9c in term 1.
I0727 04:13:33.754731 50405 raft_consensus.cc:411] T 094cb9f6644d409b97ef2198d461b7f6 P b497dbd6bd1a4c998891b00d2493a1bb [term 0 FOLLOWER]: Starting pre-election (no leader contacted us within the election timeout)
I0727 04:13:33.754760 50405 raft_consensus.cc:2372] T 094cb9f6644d409b97ef2198d461b7f6 P b497dbd6bd1a4c998891b00d2493a1bb: Snoozing failure detection for election timeout plus an additional 1.593s
I0727 04:13:33.754809 50405 raft_consensus.cc:435] T 094cb9f6644d409b97ef2198d461b7f6 P b497dbd6bd1a4c998891b00d2493a1bb [term 0 FOLLOWER]: Starting pre-election with config: opid_index: -1 OBSOLETE_local: false peers { permanent_uuid: "3a3c735705964e1badb66c37a66a9096" member_type: VOTER last_known_addr { host: "ip-172-31-12-168" port: 31200 } } peers { permanent_uuid: "b497dbd6bd1a4c998891b00d2493a1bb" member_type: VOTER last_known_addr { host: "ip-172-31-12-168" port: 31202 } } peers { permanent_uuid: "6f1af300e1d549d6b1cdd8bf3b9aeb9c" member_type: VOTER last_known_addr { host: "ip-172-31-12-168" port: 31201 } }
I0727 04:13:33.754973 50405 leader_election.cc:217] T 094cb9f6644d409b97ef2198d461b7f6 P b497dbd6bd1a4c998891b00d2493a1bb [CANDIDATE]: Term 1 pre-election: Requesting pre-vote from peer 3a3c735705964e1badb66c37a66a9096
I0727 04:13:33.755003 50405 leader_election.cc:217] T 094cb9f6644d409b97ef2198d461b7f6 P b497dbd6bd1a4c998891b00d2493a1bb [CANDIDATE]: Term 1 pre-election: Requesting pre-vote from peer 6f1af300e1d549d6b1cdd8bf3b9aeb9c
I0727 04:13:33.755218 20838 leader_election.cc:349] T 094cb9f6644d409b97ef2198d461b7f6 P b497dbd6bd1a4c998891b00d2493a1bb [CANDIDATE]: Term 1 pre-election: Vote granted by peer 3a3c735705964e1badb66c37a66a9096
I0727 04:13:33.755231 20838 leader_election.cc:244] T 094cb9f6644d409b97ef2198d461b7f6 P b497dbd6bd1a4c998891b00d2493a1bb [CANDIDATE]: Term 1 pre-election: Election decided. Result: candidate won.
I0727 04:13:33.755259 50010 raft_consensus.cc:2372] T 094cb9f6644d409b97ef2198d461b7f6 P b497dbd6bd1a4c998891b00d2493a1bb: Snoozing failure detection for election timeout plus an additional 1.844s
I0727 04:13:33.755275 50010 raft_consensus.cc:2176] T 094cb9f6644d409b97ef2198d461b7f6 P b497dbd6bd1a4c998891b00d2493a1bb [term 0 FOLLOWER]: Leader pre-election won for term 1
I0727 04:13:33.755282 50010 raft_consensus.cc:411] T 094cb9f6644d409b97ef2198d461b7f6 P b497dbd6bd1a4c998891b00d2493a1bb [term 0 FOLLOWER]: Starting leader election (no leader contacted us within the election timeout)
I0727 04:13:33.755287 50010 raft_consensus.cc:2372] T 094cb9f6644d409b97ef2198d461b7f6 P b497dbd6bd1a4c998891b00d2493a1bb: Snoozing failure detection for election timeout plus an additional 1.938s
I0727 04:13:33.755293 50010 raft_consensus.cc:2419] T 094cb9f6644d409b97ef2198d461b7f6 P b497dbd6bd1a4c998891b00d2493a1bb [term 0 FOLLOWER]: Advancing to term 1
I0727 04:13:33.755647 50010 raft_consensus.cc:435] T 094cb9f6644d409b97ef2198d461b7f6 P b497dbd6bd1a4c998891b00d2493a1bb [term 1 FOLLOWER]: Starting leader election with config: opid_index: -1 OBSOLETE_local: false peers { permanent_uuid: "3a3c735705964e1badb66c37a66a9096" member_type: VOTER last_known_addr { host: "ip-172-31-12-168" port: 31200 } } peers { permanent_uuid: "b497dbd6bd1a4c998891b00d2493a1bb" member_type: VOTER last_known_addr { host: "ip-172-31-12-168" port: 31202 } } peers { permanent_uuid: "6f1af300e1d549d6b1cdd8bf3b9aeb9c" member_type: VOTER last_known_addr { host: "ip-172-31-12-168" port: 31201 } }
I0727 04:13:33.755769 50010 leader_election.cc:217] T 094cb9f6644d409b97ef2198d461b7f6 P b497dbd6bd1a4c998891b00d2493a1bb [CANDIDATE]: Term 1 election: Requesting vote from peer 3a3c735705964e1badb66c37a66a9096
I0727 04:13:33.755790 50010 leader_election.cc:217] T 094cb9f6644d409b97ef2198d461b7f6 P b497dbd6bd1a4c998891b00d2493a1bb [CANDIDATE]: Term 1 election: Requesting vote from peer 6f1af300e1d549d6b1cdd8bf3b9aeb9c
I0727 04:13:33.755828 20838 leader_election.cc:349] T 094cb9f6644d409b97ef2198d461b7f6 P b497dbd6bd1a4c998891b00d2493a1bb [CANDIDATE]: Term 1 pre-election: Vote granted by peer 6f1af300e1d549d6b1cdd8bf3b9aeb9c
I0727 04:13:33.756263 20838 leader_election.cc:349] T 094cb9f6644d409b97ef2198d461b7f6 P b497dbd6bd1a4c998891b00d2493a1bb [CANDIDATE]: Term 1 election: Vote granted by peer 3a3c735705964e1badb66c37a66a9096
I0727 04:13:33.756275 20838 leader_election.cc:244] T 094cb9f6644d409b97ef2198d461b7f6 P b497dbd6bd1a4c998891b00d2493a1bb [CANDIDATE]: Term 1 election: Election decided. Result: candidate won.
I0727 04:13:33.756309 50029 raft_consensus.cc:2372] T 094cb9f6644d409b97ef2198d461b7f6 P b497dbd6bd1a4c998891b00d2493a1bb: Snoozing failure detection for election timeout plus an additional 1.684s
I0727 04:13:33.756320 50029 raft_consensus.cc:2176] T 094cb9f6644d409b97ef2198d461b7f6 P b497dbd6bd1a4c998891b00d2493a1bb [term 1 FOLLOWER]: Leader election won for term 1
I0727 04:13:33.756338 50029 raft_consensus.cc:528] T 094cb9f6644d409b97ef2198d461b7f6 P b497dbd6bd1a4c998891b00d2493a1bb [term 1 LEADER]: Becoming Leader. State: Replica: b497dbd6bd1a4c998891b00d2493a1bb, State: Running, Role: LEADER
I0727 04:13:33.756371 50029 consensus_queue.cc:165] T 094cb9f6644d409b97ef2198d461b7f6 P b497dbd6bd1a4c998891b00d2493a1bb [LEADER]: Queue going to LEADER mode. State: All replicated index: 0, Majority replicated index: 0, Committed index: 0, Last appended: 0.0, Last appended by leader: 0, Current term: 1, Majority size: 2, State: 1, Mode: LEADER, active raft config: opid_index: -1 OBSOLETE_local: false peers { permanent_uuid: "3a3c735705964e1badb66c37a66a9096" member_type: VOTER last_known_addr { host: "ip-172-31-12-168" port: 31200 } } peers { permanent_uuid: "b497dbd6bd1a4c998891b00d2493a1bb" member_type: VOTER last_known_addr { host: "ip-172-31-12-168" port: 31202 } } peers { permanent_uuid: "6f1af300e1d549d6b1cdd8bf3b9aeb9c" member_type: VOTER last_known_addr { host: "ip-172-31-12-168" port: 31201 } }
I0727 04:13:33.756460 20838 leader_election.cc:349] T 094cb9f6644d409b97ef2198d461b7f6 P b497dbd6bd1a4c998891b00d2493a1bb [CANDIDATE]: Term 1 election: Vote granted by peer 6f1af300e1d549d6b1cdd8bf3b9aeb9c
I0727 04:13:33.814456 50010 consensus_queue.cc:722] T aec4a02f0cc84b6c9c25787969b67568 P b497dbd6bd1a4c998891b00d2493a1bb [LEADER]: Connected to new peer: Peer: 3a3c735705964e1badb66c37a66a9096, Is new: false, Last received: 0.0, Next index: 1, Last known committed idx: 0, Last exchange result: ERROR, Needs tablet copy: false
I0727 04:13:33.815783 50046 consensus_queue.cc:722] T aec4a02f0cc84b6c9c25787969b67568 P b497dbd6bd1a4c998891b00d2493a1bb [LEADER]: Connected to new peer: Peer: 6f1af300e1d549d6b1cdd8bf3b9aeb9c, Is new: false, Last received: 0.0, Next index: 1, Last known committed idx: 0, Last exchange result: ERROR, Needs tablet copy: false
I0727 04:13:33.997380 20917 raft_consensus.cc:944] T c51d534b33b647f5912d7fed8db5089c P b497dbd6bd1a4c998891b00d2493a1bb [term 1 FOLLOWER]: Refusing update from remote peer 6f1af300e1d549d6b1cdd8bf3b9aeb9c: Log matching property violated. Preceding OpId in replica: term: 0 index: 0. Preceding OpId from leader: term: 1 index: 1. (index mismatch)
I0727 04:13:34.154973 50029 consensus_queue.cc:722] T 094cb9f6644d409b97ef2198d461b7f6 P b497dbd6bd1a4c998891b00d2493a1bb [LEADER]: Connected to new peer: Peer: 6f1af300e1d549d6b1cdd8bf3b9aeb9c, Is new: false, Last received: 0.0, Next index: 1, Last known committed idx: 0, Last exchange result: ERROR, Needs tablet copy: false
I0727 04:13:34.157567 50046 consensus_queue.cc:722] T 094cb9f6644d409b97ef2198d461b7f6 P b497dbd6bd1a4c998891b00d2493a1bb [LEADER]: Connected to new peer: Peer: 3a3c735705964e1badb66c37a66a9096, Is new: false, Last received: 0.0, Next index: 1, Last known committed idx: 0, Last exchange result: ERROR, Needs tablet copy: false
I0727 04:13:39.412889 20882 tablet_service.cc:672] Processing CreateTablet for tablet 90dbdffd32f042d38aa460318f85bba7 (table=impala::functional_kudu.alltypesagg_idx [id=ab4b8febb390443ca90085d3ea01d09a]), partition=HASH (kudu_idx) PARTITION 0
I0727 04:13:39.412905 20883 tablet_service.cc:672] Processing CreateTablet for tablet 4c6ae83cb5b74b858a62b4ae0ebed273 (table=impala::functional_kudu.alltypesagg_idx [id=ab4b8febb390443ca90085d3ea01d09a]), partition=HASH (kudu_idx) PARTITION 1
I0727 04:13:39.412914 20881 tablet_service.cc:672] Processing CreateTablet for tablet e14c8f729b4a41fa8134fa1ebaafc3f5 (table=impala::functional_kudu.alltypesagg_idx [id=ab4b8febb390443ca90085d3ea01d09a]), partition=HASH (kudu_idx) PARTITION 2
I0727 04:13:39.413419 20881 ts_tablet_manager.cc:871] T e14c8f729b4a41fa8134fa1ebaafc3f5 P b497dbd6bd1a4c998891b00d2493a1bb: Registered tablet (data state: TABLET_DATA_READY)
I0727 04:13:39.413440 20882 ts_tablet_manager.cc:871] T 90dbdffd32f042d38aa460318f85bba7 P b497dbd6bd1a4c998891b00d2493a1bb: Registered tablet (data state: TABLET_DATA_READY)
I0727 04:13:39.413585 20883 ts_tablet_manager.cc:871] T 4c6ae83cb5b74b858a62b4ae0ebed273 P b497dbd6bd1a4c998891b00d2493a1bb: Registered tablet (data state: TABLET_DATA_READY)
I0727 04:13:39.414242 50664 ts_tablet_manager.cc:741] T e14c8f729b4a41fa8134fa1ebaafc3f5 P b497dbd6bd1a4c998891b00d2493a1bb: Bootstrapping tablet
I0727 04:13:39.414307 50664 tablet_bootstrap.cc:406] T e14c8f729b4a41fa8134fa1ebaafc3f5 P b497dbd6bd1a4c998891b00d2493a1bb: Bootstrap starting.
I0727 04:13:39.414505 50664 tablet_bootstrap.cc:547] T e14c8f729b4a41fa8134fa1ebaafc3f5 P b497dbd6bd1a4c998891b00d2493a1bb: No blocks or log segments found. Creating new log.
I0727 04:13:39.415212 50664 tablet_bootstrap.cc:406] T e14c8f729b4a41fa8134fa1ebaafc3f5 P b497dbd6bd1a4c998891b00d2493a1bb: No bootstrap required, opened a new log
I0727 04:13:39.415231 50664 ts_tablet_manager.cc:746] T e14c8f729b4a41fa8134fa1ebaafc3f5 P b497dbd6bd1a4c998891b00d2493a1bb: Time spent bootstrapping tablet: real 0.001s	user 0.000s	sys 0.000s
I0727 04:13:39.415503 50664 raft_consensus.cc:284] T e14c8f729b4a41fa8134fa1ebaafc3f5 P b497dbd6bd1a4c998891b00d2493a1bb [term 0 FOLLOWER]: Replica starting. Triggering 0 pending transactions. Active config: opid_index: -1 OBSOLETE_local: false peers { permanent_uuid: "3a3c735705964e1badb66c37a66a9096" member_type: VOTER last_known_addr { host: "ip-172-31-12-168" port: 31200 } } peers { permanent_uuid: "b497dbd6bd1a4c998891b00d2493a1bb" member_type: VOTER last_known_addr { host: "ip-172-31-12-168" port: 31202 } } peers { permanent_uuid: "6f1af300e1d549d6b1cdd8bf3b9aeb9c" member_type: VOTER last_known_addr { host: "ip-172-31-12-168" port: 31201 } }
I0727 04:13:39.415516 50664 raft_consensus.cc:316] T e14c8f729b4a41fa8134fa1ebaafc3f5 P b497dbd6bd1a4c998891b00d2493a1bb [term 0 FOLLOWER]: Consensus starting up: Expiring failure detector timer to make a prompt election more likely
I0727 04:13:39.415519 50664 raft_consensus.cc:560] T e14c8f729b4a41fa8134fa1ebaafc3f5 P b497dbd6bd1a4c998891b00d2493a1bb [term 0 FOLLOWER]: Becoming Follower/Learner. State: Replica: b497dbd6bd1a4c998891b00d2493a1bb, State: Running, Role: FOLLOWER
I0727 04:13:39.415524 50664 consensus_queue.cc:186] T e14c8f729b4a41fa8134fa1ebaafc3f5 P b497dbd6bd1a4c998891b00d2493a1bb [NON_LEADER]: Queue going to NON_LEADER mode. State: All replicated index: 0, Majority replicated index: 0, Committed index: 0, Last appended: 0.0, Last appended by leader: 0, Current term: 0, Majority size: -1, State: 1, Mode: NON_LEADER
I0727 04:13:39.415578 50664 ts_tablet_manager.cc:775] T e14c8f729b4a41fa8134fa1ebaafc3f5 P b497dbd6bd1a4c998891b00d2493a1bb: Time spent starting tablet: real 0.000s	user 0.000s	sys 0.000s
I0727 04:13:39.415592 50664 ts_tablet_manager.cc:741] T 90dbdffd32f042d38aa460318f85bba7 P b497dbd6bd1a4c998891b00d2493a1bb: Bootstrapping tablet
I0727 04:13:39.415596 50664 tablet_bootstrap.cc:406] T 90dbdffd32f042d38aa460318f85bba7 P b497dbd6bd1a4c998891b00d2493a1bb: Bootstrap starting.
I0727 04:13:39.415776 50664 tablet_bootstrap.cc:547] T 90dbdffd32f042d38aa460318f85bba7 P b497dbd6bd1a4c998891b00d2493a1bb: No blocks or log segments found. Creating new log.
I0727 04:13:39.416194 50664 tablet_bootstrap.cc:406] T 90dbdffd32f042d38aa460318f85bba7 P b497dbd6bd1a4c998891b00d2493a1bb: No bootstrap required, opened a new log
I0727 04:13:39.416211 50664 ts_tablet_manager.cc:746] T 90dbdffd32f042d38aa460318f85bba7 P b497dbd6bd1a4c998891b00d2493a1bb: Time spent bootstrapping tablet: real 0.001s	user 0.000s	sys 0.000s
I0727 04:13:39.416483 50664 raft_consensus.cc:284] T 90dbdffd32f042d38aa460318f85bba7 P b497dbd6bd1a4c998891b00d2493a1bb [term 0 FOLLOWER]: Replica starting. Triggering 0 pending transactions. Active config: opid_index: -1 OBSOLETE_local: false peers { permanent_uuid: "3a3c735705964e1badb66c37a66a9096" member_type: VOTER last_known_addr { host: "ip-172-31-12-168" port: 31200 } } peers { permanent_uuid: "b497dbd6bd1a4c998891b00d2493a1bb" member_type: VOTER last_known_addr { host: "ip-172-31-12-168" port: 31202 } } peers { permanent_uuid: "6f1af300e1d549d6b1cdd8bf3b9aeb9c" member_type: VOTER last_known_addr { host: "ip-172-31-12-168" port: 31201 } }
I0727 04:13:39.416498 50664 raft_consensus.cc:316] T 90dbdffd32f042d38aa460318f85bba7 P b497dbd6bd1a4c998891b00d2493a1bb [term 0 FOLLOWER]: Consensus starting up: Expiring failure detector timer to make a prompt election more likely
I0727 04:13:39.416501 50664 raft_consensus.cc:560] T 90dbdffd32f042d38aa460318f85bba7 P b497dbd6bd1a4c998891b00d2493a1bb [term 0 FOLLOWER]: Becoming Follower/Learner. State: Replica: b497dbd6bd1a4c998891b00d2493a1bb, State: Running, Role: FOLLOWER
I0727 04:13:39.416507 50664 consensus_queue.cc:186] T 90dbdffd32f042d38aa460318f85bba7 P b497dbd6bd1a4c998891b00d2493a1bb [NON_LEADER]: Queue going to NON_LEADER mode. State: All replicated index: 0, Majority replicated index: 0, Committed index: 0, Last appended: 0.0, Last appended by leader: 0, Current term: 0, Majority size: -1, State: 1, Mode: NON_LEADER
I0727 04:13:39.416554 50664 ts_tablet_manager.cc:775] T 90dbdffd32f042d38aa460318f85bba7 P b497dbd6bd1a4c998891b00d2493a1bb: Time spent starting tablet: real 0.000s	user 0.000s	sys 0.000s
I0727 04:13:39.416568 50664 ts_tablet_manager.cc:741] T 4c6ae83cb5b74b858a62b4ae0ebed273 P b497dbd6bd1a4c998891b00d2493a1bb: Bootstrapping tablet
I0727 04:13:39.416573 50664 tablet_bootstrap.cc:406] T 4c6ae83cb5b74b858a62b4ae0ebed273 P b497dbd6bd1a4c998891b00d2493a1bb: Bootstrap starting.
I0727 04:13:39.416810 50664 tablet_bootstrap.cc:547] T 4c6ae83cb5b74b858a62b4ae0ebed273 P b497dbd6bd1a4c998891b00d2493a1bb: No blocks or log segments found. Creating new log.
I0727 04:13:39.417299 50664 tablet_bootstrap.cc:406] T 4c6ae83cb5b74b858a62b4ae0ebed273 P b497dbd6bd1a4c998891b00d2493a1bb: No bootstrap required, opened a new log
I0727 04:13:39.417321 50664 ts_tablet_manager.cc:746] T 4c6ae83cb5b74b858a62b4ae0ebed273 P b497dbd6bd1a4c998891b00d2493a1bb: Time spent bootstrapping tablet: real 0.001s	user 0.000s	sys 0.000s
I0727 04:13:39.417625 50664 raft_consensus.cc:284] T 4c6ae83cb5b74b858a62b4ae0ebed273 P b497dbd6bd1a4c998891b00d2493a1bb [term 0 FOLLOWER]: Replica starting. Triggering 0 pending transactions. Active config: opid_index: -1 OBSOLETE_local: false peers { permanent_uuid: "b497dbd6bd1a4c998891b00d2493a1bb" member_type: VOTER last_known_addr { host: "ip-172-31-12-168" port: 31202 } } peers { permanent_uuid: "3a3c735705964e1badb66c37a66a9096" member_type: VOTER last_known_addr { host: "ip-172-31-12-168" port: 31200 } } peers { permanent_uuid: "6f1af300e1d549d6b1cdd8bf3b9aeb9c" member_type: VOTER last_known_addr { host: "ip-172-31-12-168" port: 31201 } }
I0727 04:13:39.417640 50664 raft_consensus.cc:316] T 4c6ae83cb5b74b858a62b4ae0ebed273 P b497dbd6bd1a4c998891b00d2493a1bb [term 0 FOLLOWER]: Consensus starting up: Expiring failure detector timer to make a prompt election more likely
I0727 04:13:39.417644 50664 raft_consensus.cc:560] T 4c6ae83cb5b74b858a62b4ae0ebed273 P b497dbd6bd1a4c998891b00d2493a1bb [term 0 FOLLOWER]: Becoming Follower/Learner. State: Replica: b497dbd6bd1a4c998891b00d2493a1bb, State: Running, Role: FOLLOWER
I0727 04:13:39.417649 50664 consensus_queue.cc:186] T 4c6ae83cb5b74b858a62b4ae0ebed273 P b497dbd6bd1a4c998891b00d2493a1bb [NON_LEADER]: Queue going to NON_LEADER mode. State: All replicated index: 0, Majority replicated index: 0, Committed index: 0, Last appended: 0.0, Last appended by leader: 0, Current term: 0, Majority size: -1, State: 1, Mode: NON_LEADER
I0727 04:13:39.417688 50664 ts_tablet_manager.cc:775] T 4c6ae83cb5b74b858a62b4ae0ebed273 P b497dbd6bd1a4c998891b00d2493a1bb: Time spent starting tablet: real 0.000s	user 0.000s	sys 0.000s
I0727 04:13:39.453491 50673 raft_consensus.cc:411] T e14c8f729b4a41fa8134fa1ebaafc3f5 P b497dbd6bd1a4c998891b00d2493a1bb [term 0 FOLLOWER]: Starting pre-election (no leader contacted us within the election timeout)
I0727 04:13:39.453521 50673 raft_consensus.cc:2372] T e14c8f729b4a41fa8134fa1ebaafc3f5 P b497dbd6bd1a4c998891b00d2493a1bb: Snoozing failure detection for election timeout plus an additional 2.027s
I0727 04:13:39.453568 50673 raft_consensus.cc:435] T e14c8f729b4a41fa8134fa1ebaafc3f5 P b497dbd6bd1a4c998891b00d2493a1bb [term 0 FOLLOWER]: Starting pre-election with config: opid_index: -1 OBSOLETE_local: false peers { permanent_uuid: "3a3c735705964e1badb66c37a66a9096" member_type: VOTER last_known_addr { host: "ip-172-31-12-168" port: 31200 } } peers { permanent_uuid: "b497dbd6bd1a4c998891b00d2493a1bb" member_type: VOTER last_known_addr { host: "ip-172-31-12-168" port: 31202 } } peers { permanent_uuid: "6f1af300e1d549d6b1cdd8bf3b9aeb9c" member_type: VOTER last_known_addr { host: "ip-172-31-12-168" port: 31201 } }
I0727 04:13:39.453758 50673 leader_election.cc:217] T e14c8f729b4a41fa8134fa1ebaafc3f5 P b497dbd6bd1a4c998891b00d2493a1bb [CANDIDATE]: Term 1 pre-election: Requesting pre-vote from peer 3a3c735705964e1badb66c37a66a9096
I0727 04:13:39.453789 50673 leader_election.cc:217] T e14c8f729b4a41fa8134fa1ebaafc3f5 P b497dbd6bd1a4c998891b00d2493a1bb [CANDIDATE]: Term 1 pre-election: Requesting pre-vote from peer 6f1af300e1d549d6b1cdd8bf3b9aeb9c
I0727 04:13:39.454015 20838 leader_election.cc:349] T e14c8f729b4a41fa8134fa1ebaafc3f5 P b497dbd6bd1a4c998891b00d2493a1bb [CANDIDATE]: Term 1 pre-election: Vote granted by peer 3a3c735705964e1badb66c37a66a9096
I0727 04:13:39.454027 20838 leader_election.cc:244] T e14c8f729b4a41fa8134fa1ebaafc3f5 P b497dbd6bd1a4c998891b00d2493a1bb [CANDIDATE]: Term 1 pre-election: Election decided. Result: candidate won.
I0727 04:13:39.454044 20838 leader_election.cc:349] T e14c8f729b4a41fa8134fa1ebaafc3f5 P b497dbd6bd1a4c998891b00d2493a1bb [CANDIDATE]: Term 1 pre-election: Vote granted by peer 6f1af300e1d549d6b1cdd8bf3b9aeb9c
I0727 04:13:39.454057 50010 raft_consensus.cc:2372] T e14c8f729b4a41fa8134fa1ebaafc3f5 P b497dbd6bd1a4c998891b00d2493a1bb: Snoozing failure detection for election timeout plus an additional 2.187s
I0727 04:13:39.454072 50010 raft_consensus.cc:2176] T e14c8f729b4a41fa8134fa1ebaafc3f5 P b497dbd6bd1a4c998891b00d2493a1bb [term 0 FOLLOWER]: Leader pre-election won for term 1
I0727 04:13:39.454077 50010 raft_consensus.cc:411] T e14c8f729b4a41fa8134fa1ebaafc3f5 P b497dbd6bd1a4c998891b00d2493a1bb [term 0 FOLLOWER]: Starting leader election (no leader contacted us within the election timeout)
I0727 04:13:39.454083 50010 raft_consensus.cc:2372] T e14c8f729b4a41fa8134fa1ebaafc3f5 P b497dbd6bd1a4c998891b00d2493a1bb: Snoozing failure detection for election timeout plus an additional 1.971s
I0727 04:13:39.454087 50010 raft_consensus.cc:2419] T e14c8f729b4a41fa8134fa1ebaafc3f5 P b497dbd6bd1a4c998891b00d2493a1bb [term 0 FOLLOWER]: Advancing to term 1
I0727 04:13:39.454442 50010 raft_consensus.cc:435] T e14c8f729b4a41fa8134fa1ebaafc3f5 P b497dbd6bd1a4c998891b00d2493a1bb [term 1 FOLLOWER]: Starting leader election with config: opid_index: -1 OBSOLETE_local: false peers { permanent_uuid: "3a3c735705964e1badb66c37a66a9096" member_type: VOTER last_known_addr { host: "ip-172-31-12-168" port: 31200 } } peers { permanent_uuid: "b497dbd6bd1a4c998891b00d2493a1bb" member_type: VOTER last_known_addr { host: "ip-172-31-12-168" port: 31202 } } peers { permanent_uuid: "6f1af300e1d549d6b1cdd8bf3b9aeb9c" member_type: VOTER last_known_addr { host: "ip-172-31-12-168" port: 31201 } }
I0727 04:13:39.454547 50010 leader_election.cc:217] T e14c8f729b4a41fa8134fa1ebaafc3f5 P b497dbd6bd1a4c998891b00d2493a1bb [CANDIDATE]: Term 1 election: Requesting vote from peer 3a3c735705964e1badb66c37a66a9096
I0727 04:13:39.454567 50010 leader_election.cc:217] T e14c8f729b4a41fa8134fa1ebaafc3f5 P b497dbd6bd1a4c998891b00d2493a1bb [CANDIDATE]: Term 1 election: Requesting vote from peer 6f1af300e1d549d6b1cdd8bf3b9aeb9c
I0727 04:13:39.455143 20838 leader_election.cc:349] T e14c8f729b4a41fa8134fa1ebaafc3f5 P b497dbd6bd1a4c998891b00d2493a1bb [CANDIDATE]: Term 1 election: Vote granted by peer 3a3c735705964e1badb66c37a66a9096
I0727 04:13:39.455152 20838 leader_election.cc:244] T e14c8f729b4a41fa8134fa1ebaafc3f5 P b497dbd6bd1a4c998891b00d2493a1bb [CANDIDATE]: Term 1 election: Election decided. Result: candidate won.
I0727 04:13:39.455163 20838 leader_election.cc:349] T e14c8f729b4a41fa8134fa1ebaafc3f5 P b497dbd6bd1a4c998891b00d2493a1bb [CANDIDATE]: Term 1 election: Vote granted by peer 6f1af300e1d549d6b1cdd8bf3b9aeb9c
I0727 04:13:39.455185 50029 raft_consensus.cc:2372] T e14c8f729b4a41fa8134fa1ebaafc3f5 P b497dbd6bd1a4c998891b00d2493a1bb: Snoozing failure detection for election timeout plus an additional 1.529s
I0727 04:13:39.455200 50029 raft_consensus.cc:2176] T e14c8f729b4a41fa8134fa1ebaafc3f5 P b497dbd6bd1a4c998891b00d2493a1bb [term 1 FOLLOWER]: Leader election won for term 1
I0727 04:13:39.455214 50029 raft_consensus.cc:528] T e14c8f729b4a41fa8134fa1ebaafc3f5 P b497dbd6bd1a4c998891b00d2493a1bb [term 1 LEADER]: Becoming Leader. State: Replica: b497dbd6bd1a4c998891b00d2493a1bb, State: Running, Role: LEADER
I0727 04:13:39.455248 50029 consensus_queue.cc:165] T e14c8f729b4a41fa8134fa1ebaafc3f5 P b497dbd6bd1a4c998891b00d2493a1bb [LEADER]: Queue going to LEADER mode. State: All replicated index: 0, Majority replicated index: 0, Committed index: 0, Last appended: 0.0, Last appended by leader: 0, Current term: 1, Majority size: 2, State: 1, Mode: LEADER, active raft config: opid_index: -1 OBSOLETE_local: false peers { permanent_uuid: "3a3c735705964e1badb66c37a66a9096" member_type: VOTER last_known_addr { host: "ip-172-31-12-168" port: 31200 } } peers { permanent_uuid: "b497dbd6bd1a4c998891b00d2493a1bb" member_type: VOTER last_known_addr { host: "ip-172-31-12-168" port: 31202 } } peers { permanent_uuid: "6f1af300e1d549d6b1cdd8bf3b9aeb9c" member_type: VOTER last_known_addr { host: "ip-172-31-12-168" port: 31201 } }
I0727 04:13:39.717067 50029 consensus_queue.cc:722] T e14c8f729b4a41fa8134fa1ebaafc3f5 P b497dbd6bd1a4c998891b00d2493a1bb [LEADER]: Connected to new peer: Peer: 3a3c735705964e1badb66c37a66a9096, Is new: false, Last received: 0.0, Next index: 1, Last known committed idx: 0, Last exchange result: ERROR, Needs tablet copy: false
I0727 04:13:39.717957 50029 consensus_queue.cc:722] T e14c8f729b4a41fa8134fa1ebaafc3f5 P b497dbd6bd1a4c998891b00d2493a1bb [LEADER]: Connected to new peer: Peer: 6f1af300e1d549d6b1cdd8bf3b9aeb9c, Is new: false, Last received: 0.0, Next index: 1, Last known committed idx: 0, Last exchange result: ERROR, Needs tablet copy: false
I0727 04:13:39.764649 20919 raft_consensus.cc:2372] T 90dbdffd32f042d38aa460318f85bba7 P b497dbd6bd1a4c998891b00d2493a1bb: Snoozing failure detection for election timeout plus an additional 1.945s
I0727 04:13:39.764669 20919 raft_consensus.cc:1943] T 90dbdffd32f042d38aa460318f85bba7 P b497dbd6bd1a4c998891b00d2493a1bb [term 0 FOLLOWER]: Leader pre-election vote request: Granting yes vote for candidate 3a3c735705964e1badb66c37a66a9096 in term 0.
I0727 04:13:39.765331 20919 raft_consensus.cc:2419] T 90dbdffd32f042d38aa460318f85bba7 P b497dbd6bd1a4c998891b00d2493a1bb [term 0 FOLLOWER]: Advancing to term 1
I0727 04:13:39.765346 20919 raft_consensus.cc:2372] T 90dbdffd32f042d38aa460318f85bba7 P b497dbd6bd1a4c998891b00d2493a1bb: Snoozing failure detection for election timeout plus an additional 1.994s
I0727 04:13:39.765652 20919 raft_consensus.cc:1943] T 90dbdffd32f042d38aa460318f85bba7 P b497dbd6bd1a4c998891b00d2493a1bb [term 1 FOLLOWER]: Leader election vote request: Granting yes vote for candidate 3a3c735705964e1badb66c37a66a9096 in term 1.
I0727 04:13:39.848666 50684 raft_consensus.cc:411] T 4c6ae83cb5b74b858a62b4ae0ebed273 P b497dbd6bd1a4c998891b00d2493a1bb [term 0 FOLLOWER]: Starting pre-election (no leader contacted us within the election timeout)
I0727 04:13:39.848685 50684 raft_consensus.cc:2372] T 4c6ae83cb5b74b858a62b4ae0ebed273 P b497dbd6bd1a4c998891b00d2493a1bb: Snoozing failure detection for election timeout plus an additional 1.828s
I0727 04:13:39.848717 50684 raft_consensus.cc:435] T 4c6ae83cb5b74b858a62b4ae0ebed273 P b497dbd6bd1a4c998891b00d2493a1bb [term 0 FOLLOWER]: Starting pre-election with config: opid_index: -1 OBSOLETE_local: false peers { permanent_uuid: "b497dbd6bd1a4c998891b00d2493a1bb" member_type: VOTER last_known_addr { host: "ip-172-31-12-168" port: 31202 } } peers { permanent_uuid: "3a3c735705964e1badb66c37a66a9096" member_type: VOTER last_known_addr { host: "ip-172-31-12-168" port: 31200 } } peers { permanent_uuid: "6f1af300e1d549d6b1cdd8bf3b9aeb9c" member_type: VOTER last_known_addr { host: "ip-172-31-12-168" port: 31201 } }
I0727 04:13:39.848857 50684 leader_election.cc:217] T 4c6ae83cb5b74b858a62b4ae0ebed273 P b497dbd6bd1a4c998891b00d2493a1bb [CANDIDATE]: Term 1 pre-election: Requesting pre-vote from peer 3a3c735705964e1badb66c37a66a9096
I0727 04:13:39.848877 50684 leader_election.cc:217] T 4c6ae83cb5b74b858a62b4ae0ebed273 P b497dbd6bd1a4c998891b00d2493a1bb [CANDIDATE]: Term 1 pre-election: Requesting pre-vote from peer 6f1af300e1d549d6b1cdd8bf3b9aeb9c
I0727 04:13:39.849001 20838 leader_election.cc:349] T 4c6ae83cb5b74b858a62b4ae0ebed273 P b497dbd6bd1a4c998891b00d2493a1bb [CANDIDATE]: Term 1 pre-election: Vote granted by peer 3a3c735705964e1badb66c37a66a9096
I0727 04:13:39.849014 20838 leader_election.cc:244] T 4c6ae83cb5b74b858a62b4ae0ebed273 P b497dbd6bd1a4c998891b00d2493a1bb [CANDIDATE]: Term 1 pre-election: Election decided. Result: candidate won.
I0727 04:13:39.849035 20838 leader_election.cc:349] T 4c6ae83cb5b74b858a62b4ae0ebed273 P b497dbd6bd1a4c998891b00d2493a1bb [CANDIDATE]: Term 1 pre-election: Vote granted by peer 6f1af300e1d549d6b1cdd8bf3b9aeb9c
I0727 04:13:39.849040 50046 raft_consensus.cc:2372] T 4c6ae83cb5b74b858a62b4ae0ebed273 P b497dbd6bd1a4c998891b00d2493a1bb: Snoozing failure detection for election timeout plus an additional 1.510s
I0727 04:13:39.849051 50046 raft_consensus.cc:2176] T 4c6ae83cb5b74b858a62b4ae0ebed273 P b497dbd6bd1a4c998891b00d2493a1bb [term 0 FOLLOWER]: Leader pre-election won for term 1
I0727 04:13:39.849058 50046 raft_consensus.cc:411] T 4c6ae83cb5b74b858a62b4ae0ebed273 P b497dbd6bd1a4c998891b00d2493a1bb [term 0 FOLLOWER]: Starting leader election (no leader contacted us within the election timeout)
I0727 04:13:39.849066 50046 raft_consensus.cc:2372] T 4c6ae83cb5b74b858a62b4ae0ebed273 P b497dbd6bd1a4c998891b00d2493a1bb: Snoozing failure detection for election timeout plus an additional 2.036s
I0727 04:13:39.849071 50046 raft_consensus.cc:2419] T 4c6ae83cb5b74b858a62b4ae0ebed273 P b497dbd6bd1a4c998891b00d2493a1bb [term 0 FOLLOWER]: Advancing to term 1
I0727 04:13:39.849357 50046 raft_consensus.cc:435] T 4c6ae83cb5b74b858a62b4ae0ebed273 P b497dbd6bd1a4c998891b00d2493a1bb [term 1 FOLLOWER]: Starting leader election with config: opid_index: -1 OBSOLETE_local: false peers { permanent_uuid: "b497dbd6bd1a4c998891b00d2493a1bb" member_type: VOTER last_known_addr { host: "ip-172-31-12-168" port: 31202 } } peers { permanent_uuid: "3a3c735705964e1badb66c37a66a9096" member_type: VOTER last_known_addr { host: "ip-172-31-12-168" port: 31200 } } peers { permanent_uuid: "6f1af300e1d549d6b1cdd8bf3b9aeb9c" member_type: VOTER last_known_addr { host: "ip-172-31-12-168" port: 31201 } }
I0727 04:13:39.849474 50046 leader_election.cc:217] T 4c6ae83cb5b74b858a62b4ae0ebed273 P b497dbd6bd1a4c998891b00d2493a1bb [CANDIDATE]: Term 1 election: Requesting vote from peer 3a3c735705964e1badb66c37a66a9096
I0727 04:13:39.849498 50046 leader_election.cc:217] T 4c6ae83cb5b74b858a62b4ae0ebed273 P b497dbd6bd1a4c998891b00d2493a1bb [CANDIDATE]: Term 1 election: Requesting vote from peer 6f1af300e1d549d6b1cdd8bf3b9aeb9c
I0727 04:13:39.849838 20838 leader_election.cc:349] T 4c6ae83cb5b74b858a62b4ae0ebed273 P b497dbd6bd1a4c998891b00d2493a1bb [CANDIDATE]: Term 1 election: Vote granted by peer 3a3c735705964e1badb66c37a66a9096
I0727 04:13:39.849848 20838 leader_election.cc:244] T 4c6ae83cb5b74b858a62b4ae0ebed273 P b497dbd6bd1a4c998891b00d2493a1bb [CANDIDATE]: Term 1 election: Election decided. Result: candidate won.
I0727 04:13:39.849858 20838 leader_election.cc:349] T 4c6ae83cb5b74b858a62b4ae0ebed273 P b497dbd6bd1a4c998891b00d2493a1bb [CANDIDATE]: Term 1 election: Vote granted by peer 6f1af300e1d549d6b1cdd8bf3b9aeb9c
I0727 04:13:39.849871 50029 raft_consensus.cc:2372] T 4c6ae83cb5b74b858a62b4ae0ebed273 P b497dbd6bd1a4c998891b00d2493a1bb: Snoozing failure detection for election timeout plus an additional 1.508s
I0727 04:13:39.849885 50029 raft_consensus.cc:2176] T 4c6ae83cb5b74b858a62b4ae0ebed273 P b497dbd6bd1a4c998891b00d2493a1bb [term 1 FOLLOWER]: Leader election won for term 1
I0727 04:13:39.849900 50029 raft_consensus.cc:528] T 4c6ae83cb5b74b858a62b4ae0ebed273 P b497dbd6bd1a4c998891b00d2493a1bb [term 1 LEADER]: Becoming Leader. State: Replica: b497dbd6bd1a4c998891b00d2493a1bb, State: Running, Role: LEADER
I0727 04:13:39.849926 50029 consensus_queue.cc:165] T 4c6ae83cb5b74b858a62b4ae0ebed273 P b497dbd6bd1a4c998891b00d2493a1bb [LEADER]: Queue going to LEADER mode. State: All replicated index: 0, Majority replicated index: 0, Committed index: 0, Last appended: 0.0, Last appended by leader: 0, Current term: 1, Majority size: 2, State: 1, Mode: LEADER, active raft config: opid_index: -1 OBSOLETE_local: false peers { permanent_uuid: "b497dbd6bd1a4c998891b00d2493a1bb" member_type: VOTER last_known_addr { host: "ip-172-31-12-168" port: 31202 } } peers { permanent_uuid: "3a3c735705964e1badb66c37a66a9096" member_type: VOTER last_known_addr { host: "ip-172-31-12-168" port: 31200 } } peers { permanent_uuid: "6f1af300e1d549d6b1cdd8bf3b9aeb9c" member_type: VOTER last_known_addr { host: "ip-172-31-12-168" port: 31201 } }
I0727 04:13:40.109195 50010 consensus_queue.cc:722] T 4c6ae83cb5b74b858a62b4ae0ebed273 P b497dbd6bd1a4c998891b00d2493a1bb [LEADER]: Connected to new peer: Peer: 3a3c735705964e1badb66c37a66a9096, Is new: false, Last received: 0.0, Next index: 1, Last known committed idx: 0, Last exchange result: ERROR, Needs tablet copy: false
I0727 04:13:40.109937 50029 consensus_queue.cc:722] T 4c6ae83cb5b74b858a62b4ae0ebed273 P b497dbd6bd1a4c998891b00d2493a1bb [LEADER]: Connected to new peer: Peer: 6f1af300e1d549d6b1cdd8bf3b9aeb9c, Is new: false, Last received: 0.0, Next index: 1, Last known committed idx: 0, Last exchange result: ERROR, Needs tablet copy: false
I0727 04:13:40.168886 20919 raft_consensus.cc:944] T 90dbdffd32f042d38aa460318f85bba7 P b497dbd6bd1a4c998891b00d2493a1bb [term 1 FOLLOWER]: Refusing update from remote peer 3a3c735705964e1badb66c37a66a9096: Log matching property violated. Preceding OpId in replica: term: 0 index: 0. Preceding OpId from leader: term: 1 index: 1. (index mismatch)
I0727 04:13:47.306360 20883 tablet_service.cc:672] Processing CreateTablet for tablet 610c38b258c046a58eca1490029a8eaf (table=impala::functional_kudu.alltypesaggnonulls [id=7712847d45b14af7af450eae24d74124]), partition=HASH (id) PARTITION 0
I0727 04:13:47.306360 20882 tablet_service.cc:672] Processing CreateTablet for tablet bf867b8b6e6e453cab9ce9b7e5171c53 (table=impala::functional_kudu.alltypesaggnonulls [id=7712847d45b14af7af450eae24d74124]), partition=HASH (id) PARTITION 1
I0727 04:13:47.307093 20882 ts_tablet_manager.cc:871] T bf867b8b6e6e453cab9ce9b7e5171c53 P b497dbd6bd1a4c998891b00d2493a1bb: Registered tablet (data state: TABLET_DATA_READY)
I0727 04:13:47.307112 20883 ts_tablet_manager.cc:871] T 610c38b258c046a58eca1490029a8eaf P b497dbd6bd1a4c998891b00d2493a1bb: Registered tablet (data state: TABLET_DATA_READY)
I0727 04:13:47.307694 20881 tablet_service.cc:672] Processing CreateTablet for tablet fc48c1c3567d4e6b83714f1cac215c94 (table=impala::functional_kudu.alltypesaggnonulls [id=7712847d45b14af7af450eae24d74124]), partition=HASH (id) PARTITION 2
I0727 04:13:47.307926 50802 ts_tablet_manager.cc:741] T bf867b8b6e6e453cab9ce9b7e5171c53 P b497dbd6bd1a4c998891b00d2493a1bb: Bootstrapping tablet
I0727 04:13:47.307938 50802 tablet_bootstrap.cc:406] T bf867b8b6e6e453cab9ce9b7e5171c53 P b497dbd6bd1a4c998891b00d2493a1bb: Bootstrap starting.
I0727 04:13:47.308284 20881 ts_tablet_manager.cc:871] T fc48c1c3567d4e6b83714f1cac215c94 P b497dbd6bd1a4c998891b00d2493a1bb: Registered tablet (data state: TABLET_DATA_READY)
I0727 04:13:47.309427 50802 tablet_bootstrap.cc:547] T bf867b8b6e6e453cab9ce9b7e5171c53 P b497dbd6bd1a4c998891b00d2493a1bb: No blocks or log segments found. Creating new log.
I0727 04:13:47.309926 50802 tablet_bootstrap.cc:406] T bf867b8b6e6e453cab9ce9b7e5171c53 P b497dbd6bd1a4c998891b00d2493a1bb: No bootstrap required, opened a new log
I0727 04:13:47.309948 50802 ts_tablet_manager.cc:746] T bf867b8b6e6e453cab9ce9b7e5171c53 P b497dbd6bd1a4c998891b00d2493a1bb: Time spent bootstrapping tablet: real 0.002s	user 0.000s	sys 0.000s
I0727 04:13:47.310271 50802 raft_consensus.cc:284] T bf867b8b6e6e453cab9ce9b7e5171c53 P b497dbd6bd1a4c998891b00d2493a1bb [term 0 FOLLOWER]: Replica starting. Triggering 0 pending transactions. Active config: opid_index: -1 OBSOLETE_local: false peers { permanent_uuid: "b497dbd6bd1a4c998891b00d2493a1bb" member_type: VOTER last_known_addr { host: "ip-172-31-12-168" port: 31202 } } peers { permanent_uuid: "3a3c735705964e1badb66c37a66a9096" member_type: VOTER last_known_addr { host: "ip-172-31-12-168" port: 31200 } } peers { permanent_uuid: "6f1af300e1d549d6b1cdd8bf3b9aeb9c" member_type: VOTER last_known_addr { host: "ip-172-31-12-168" port: 31201 } }
I0727 04:13:47.310292 50802 raft_consensus.cc:316] T bf867b8b6e6e453cab9ce9b7e5171c53 P b497dbd6bd1a4c998891b00d2493a1bb [term 0 FOLLOWER]: Consensus starting up: Expiring failure detector timer to make a prompt election more likely
I0727 04:13:47.310305 50802 raft_consensus.cc:560] T bf867b8b6e6e453cab9ce9b7e5171c53 P b497dbd6bd1a4c998891b00d2493a1bb [term 0 FOLLOWER]: Becoming Follower/Learner. State: Replica: b497dbd6bd1a4c998891b00d2493a1bb, State: Running, Role: FOLLOWER
I0727 04:13:47.310338 50802 consensus_queue.cc:186] T bf867b8b6e6e453cab9ce9b7e5171c53 P b497dbd6bd1a4c998891b00d2493a1bb [NON_LEADER]: Queue going to NON_LEADER mode. State: All replicated index: 0, Majority replicated index: 0, Committed index: 0, Last appended: 0.0, Last appended by leader: 0, Current term: 0, Majority size: -1, State: 1, Mode: NON_LEADER
I0727 04:13:47.310395 50802 ts_tablet_manager.cc:775] T bf867b8b6e6e453cab9ce9b7e5171c53 P b497dbd6bd1a4c998891b00d2493a1bb: Time spent starting tablet: real 0.000s	user 0.000s	sys 0.000s
I0727 04:13:47.310453 50802 ts_tablet_manager.cc:741] T 610c38b258c046a58eca1490029a8eaf P b497dbd6bd1a4c998891b00d2493a1bb: Bootstrapping tablet
I0727 04:13:47.310461 50802 tablet_bootstrap.cc:406] T 610c38b258c046a58eca1490029a8eaf P b497dbd6bd1a4c998891b00d2493a1bb: Bootstrap starting.
I0727 04:13:47.310631 50802 tablet_bootstrap.cc:547] T 610c38b258c046a58eca1490029a8eaf P b497dbd6bd1a4c998891b00d2493a1bb: No blocks or log segments found. Creating new log.
I0727 04:13:47.311048 50802 tablet_bootstrap.cc:406] T 610c38b258c046a58eca1490029a8eaf P b497dbd6bd1a4c998891b00d2493a1bb: No bootstrap required, opened a new log
I0727 04:13:47.311063 50802 ts_tablet_manager.cc:746] T 610c38b258c046a58eca1490029a8eaf P b497dbd6bd1a4c998891b00d2493a1bb: Time spent bootstrapping tablet: real 0.001s	user 0.000s	sys 0.000s
I0727 04:13:47.311295 50802 raft_consensus.cc:284] T 610c38b258c046a58eca1490029a8eaf P b497dbd6bd1a4c998891b00d2493a1bb [term 0 FOLLOWER]: Replica starting. Triggering 0 pending transactions. Active config: opid_index: -1 OBSOLETE_local: false peers { permanent_uuid: "3a3c735705964e1badb66c37a66a9096" member_type: VOTER last_known_addr { host: "ip-172-31-12-168" port: 31200 } } peers { permanent_uuid: "b497dbd6bd1a4c998891b00d2493a1bb" member_type: VOTER last_known_addr { host: "ip-172-31-12-168" port: 31202 } } peers { permanent_uuid: "6f1af300e1d549d6b1cdd8bf3b9aeb9c" member_type: VOTER last_known_addr { host: "ip-172-31-12-168" port: 31201 } }
I0727 04:13:47.311312 50802 raft_consensus.cc:316] T 610c38b258c046a58eca1490029a8eaf P b497dbd6bd1a4c998891b00d2493a1bb [term 0 FOLLOWER]: Consensus starting up: Expiring failure detector timer to make a prompt election more likely
I0727 04:13:47.311317 50802 raft_consensus.cc:560] T 610c38b258c046a58eca1490029a8eaf P b497dbd6bd1a4c998891b00d2493a1bb [term 0 FOLLOWER]: Becoming Follower/Learner. State: Replica: b497dbd6bd1a4c998891b00d2493a1bb, State: Running, Role: FOLLOWER
I0727 04:13:47.311326 50802 consensus_queue.cc:186] T 610c38b258c046a58eca1490029a8eaf P b497dbd6bd1a4c998891b00d2493a1bb [NON_LEADER]: Queue going to NON_LEADER mode. State: All replicated index: 0, Majority replicated index: 0, Committed index: 0, Last appended: 0.0, Last appended by leader: 0, Current term: 0, Majority size: -1, State: 1, Mode: NON_LEADER
I0727 04:13:47.311377 50802 ts_tablet_manager.cc:775] T 610c38b258c046a58eca1490029a8eaf P b497dbd6bd1a4c998891b00d2493a1bb: Time spent starting tablet: real 0.000s	user 0.000s	sys 0.000s
I0727 04:13:47.311391 50802 ts_tablet_manager.cc:741] T fc48c1c3567d4e6b83714f1cac215c94 P b497dbd6bd1a4c998891b00d2493a1bb: Bootstrapping tablet
I0727 04:13:47.311398 50802 tablet_bootstrap.cc:406] T fc48c1c3567d4e6b83714f1cac215c94 P b497dbd6bd1a4c998891b00d2493a1bb: Bootstrap starting.
I0727 04:13:47.311568 50802 tablet_bootstrap.cc:547] T fc48c1c3567d4e6b83714f1cac215c94 P b497dbd6bd1a4c998891b00d2493a1bb: No blocks or log segments found. Creating new log.
I0727 04:13:47.312057 50802 tablet_bootstrap.cc:406] T fc48c1c3567d4e6b83714f1cac215c94 P b497dbd6bd1a4c998891b00d2493a1bb: No bootstrap required, opened a new log
I0727 04:13:47.312074 50802 ts_tablet_manager.cc:746] T fc48c1c3567d4e6b83714f1cac215c94 P b497dbd6bd1a4c998891b00d2493a1bb: Time spent bootstrapping tablet: real 0.001s	user 0.000s	sys 0.001s
I0727 04:13:47.312229 50802 raft_consensus.cc:284] T fc48c1c3567d4e6b83714f1cac215c94 P b497dbd6bd1a4c998891b00d2493a1bb [term 0 FOLLOWER]: Replica starting. Triggering 0 pending transactions. Active config: opid_index: -1 OBSOLETE_local: false peers { permanent_uuid: "3a3c735705964e1badb66c37a66a9096" member_type: VOTER last_known_addr { host: "ip-172-31-12-168" port: 31200 } } peers { permanent_uuid: "b497dbd6bd1a4c998891b00d2493a1bb" member_type: VOTER last_known_addr { host: "ip-172-31-12-168" port: 31202 } } peers { permanent_uuid: "6f1af300e1d549d6b1cdd8bf3b9aeb9c" member_type: VOTER last_known_addr { host: "ip-172-31-12-168" port: 31201 } }
I0727 04:13:47.312240 50802 raft_consensus.cc:316] T fc48c1c3567d4e6b83714f1cac215c94 P b497dbd6bd1a4c998891b00d2493a1bb [term 0 FOLLOWER]: Consensus starting up: Expiring failure detector timer to make a prompt election more likely
I0727 04:13:47.312245 50802 raft_consensus.cc:560] T fc48c1c3567d4e6b83714f1cac215c94 P b497dbd6bd1a4c998891b00d2493a1bb [term 0 FOLLOWER]: Becoming Follower/Learner. State: Replica: b497dbd6bd1a4c998891b00d2493a1bb, State: Running, Role: FOLLOWER
I0727 04:13:47.312252 50802 consensus_queue.cc:186] T fc48c1c3567d4e6b83714f1cac215c94 P b497dbd6bd1a4c998891b00d2493a1bb [NON_LEADER]: Queue going to NON_LEADER mode. State: All replicated index: 0, Majority replicated index: 0, Committed index: 0, Last appended: 0.0, Last appended by leader: 0, Current term: 0, Majority size: -1, State: 1, Mode: NON_LEADER
I0727 04:13:47.312283 50802 ts_tablet_manager.cc:775] T fc48c1c3567d4e6b83714f1cac215c94 P b497dbd6bd1a4c998891b00d2493a1bb: Time spent starting tablet: real 0.000s	user 0.000s	sys 0.000s
I0727 04:13:47.535804 20919 raft_consensus.cc:2372] T 610c38b258c046a58eca1490029a8eaf P b497dbd6bd1a4c998891b00d2493a1bb: Snoozing failure detection for election timeout plus an additional 2.160s
I0727 04:13:47.535826 20919 raft_consensus.cc:1943] T 610c38b258c046a58eca1490029a8eaf P b497dbd6bd1a4c998891b00d2493a1bb [term 0 FOLLOWER]: Leader pre-election vote request: Granting yes vote for candidate 3a3c735705964e1badb66c37a66a9096 in term 0.
I0727 04:13:47.536890 20919 raft_consensus.cc:2419] T 610c38b258c046a58eca1490029a8eaf P b497dbd6bd1a4c998891b00d2493a1bb [term 0 FOLLOWER]: Advancing to term 1
I0727 04:13:47.536911 20919 raft_consensus.cc:2372] T 610c38b258c046a58eca1490029a8eaf P b497dbd6bd1a4c998891b00d2493a1bb: Snoozing failure detection for election timeout plus an additional 1.556s
I0727 04:13:47.537255 20919 raft_consensus.cc:1943] T 610c38b258c046a58eca1490029a8eaf P b497dbd6bd1a4c998891b00d2493a1bb [term 1 FOLLOWER]: Leader election vote request: Granting yes vote for candidate 3a3c735705964e1badb66c37a66a9096 in term 1.
I0727 04:13:47.648540 20919 raft_consensus.cc:2372] T fc48c1c3567d4e6b83714f1cac215c94 P b497dbd6bd1a4c998891b00d2493a1bb: Snoozing failure detection for election timeout plus an additional 1.924s
I0727 04:13:47.648562 20919 raft_consensus.cc:1943] T fc48c1c3567d4e6b83714f1cac215c94 P b497dbd6bd1a4c998891b00d2493a1bb [term 0 FOLLOWER]: Leader pre-election vote request: Granting yes vote for candidate 3a3c735705964e1badb66c37a66a9096 in term 0.
I0727 04:13:47.648726 20917 raft_consensus.cc:1918] T fc48c1c3567d4e6b83714f1cac215c94 P b497dbd6bd1a4c998891b00d2493a1bb [term 0 FOLLOWER]: Leader election vote request: Denying vote to candidate 3a3c735705964e1badb66c37a66a9096 for term 1 because replica is already servicing an update from a current leader or another vote.
I0727 04:13:47.755334 50810 raft_consensus.cc:411] T bf867b8b6e6e453cab9ce9b7e5171c53 P b497dbd6bd1a4c998891b00d2493a1bb [term 0 FOLLOWER]: Starting pre-election (no leader contacted us within the election timeout)
I0727 04:13:47.755370 50810 raft_consensus.cc:2372] T bf867b8b6e6e453cab9ce9b7e5171c53 P b497dbd6bd1a4c998891b00d2493a1bb: Snoozing failure detection for election timeout plus an additional 1.505s
I0727 04:13:47.755429 50810 raft_consensus.cc:435] T bf867b8b6e6e453cab9ce9b7e5171c53 P b497dbd6bd1a4c998891b00d2493a1bb [term 0 FOLLOWER]: Starting pre-election with config: opid_index: -1 OBSOLETE_local: false peers { permanent_uuid: "b497dbd6bd1a4c998891b00d2493a1bb" member_type: VOTER last_known_addr { host: "ip-172-31-12-168" port: 31202 } } peers { permanent_uuid: "3a3c735705964e1badb66c37a66a9096" member_type: VOTER last_known_addr { host: "ip-172-31-12-168" port: 31200 } } peers { permanent_uuid: "6f1af300e1d549d6b1cdd8bf3b9aeb9c" member_type: VOTER last_known_addr { host: "ip-172-31-12-168" port: 31201 } }
I0727 04:13:47.755630 50810 leader_election.cc:217] T bf867b8b6e6e453cab9ce9b7e5171c53 P b497dbd6bd1a4c998891b00d2493a1bb [CANDIDATE]: Term 1 pre-election: Requesting pre-vote from peer 3a3c735705964e1badb66c37a66a9096
I0727 04:13:47.755667 50810 leader_election.cc:217] T bf867b8b6e6e453cab9ce9b7e5171c53 P b497dbd6bd1a4c998891b00d2493a1bb [CANDIDATE]: Term 1 pre-election: Requesting pre-vote from peer 6f1af300e1d549d6b1cdd8bf3b9aeb9c
I0727 04:13:47.755944 20838 leader_election.cc:349] T bf867b8b6e6e453cab9ce9b7e5171c53 P b497dbd6bd1a4c998891b00d2493a1bb [CANDIDATE]: Term 1 pre-election: Vote granted by peer 6f1af300e1d549d6b1cdd8bf3b9aeb9c
I0727 04:13:47.755959 20838 leader_election.cc:244] T bf867b8b6e6e453cab9ce9b7e5171c53 P b497dbd6bd1a4c998891b00d2493a1bb [CANDIDATE]: Term 1 pre-election: Election decided. Result: candidate won.
I0727 04:13:47.755987 50010 raft_consensus.cc:2372] T bf867b8b6e6e453cab9ce9b7e5171c53 P b497dbd6bd1a4c998891b00d2493a1bb: Snoozing failure detection for election timeout plus an additional 2.249s
I0727 04:13:47.756002 50010 raft_consensus.cc:2176] T bf867b8b6e6e453cab9ce9b7e5171c53 P b497dbd6bd1a4c998891b00d2493a1bb [term 0 FOLLOWER]: Leader pre-election won for term 1
I0727 04:13:47.756011 50010 raft_consensus.cc:411] T bf867b8b6e6e453cab9ce9b7e5171c53 P b497dbd6bd1a4c998891b00d2493a1bb [term 0 FOLLOWER]: Starting leader election (no leader contacted us within the election timeout)
I0727 04:13:47.756017 50010 raft_consensus.cc:2372] T bf867b8b6e6e453cab9ce9b7e5171c53 P b497dbd6bd1a4c998891b00d2493a1bb: Snoozing failure detection for election timeout plus an additional 1.553s
I0727 04:13:47.756027 50010 raft_consensus.cc:2419] T bf867b8b6e6e453cab9ce9b7e5171c53 P b497dbd6bd1a4c998891b00d2493a1bb [term 0 FOLLOWER]: Advancing to term 1
I0727 04:13:47.756505 20838 leader_election.cc:349] T bf867b8b6e6e453cab9ce9b7e5171c53 P b497dbd6bd1a4c998891b00d2493a1bb [CANDIDATE]: Term 1 pre-election: Vote granted by peer 3a3c735705964e1badb66c37a66a9096
I0727 04:13:47.756985 50010 raft_consensus.cc:435] T bf867b8b6e6e453cab9ce9b7e5171c53 P b497dbd6bd1a4c998891b00d2493a1bb [term 1 FOLLOWER]: Starting leader election with config: opid_index: -1 OBSOLETE_local: false peers { permanent_uuid: "b497dbd6bd1a4c998891b00d2493a1bb" member_type: VOTER last_known_addr { host: "ip-172-31-12-168" port: 31202 } } peers { permanent_uuid: "3a3c735705964e1badb66c37a66a9096" member_type: VOTER last_known_addr { host: "ip-172-31-12-168" port: 31200 } } peers { permanent_uuid: "6f1af300e1d549d6b1cdd8bf3b9aeb9c" member_type: VOTER last_known_addr { host: "ip-172-31-12-168" port: 31201 } }
I0727 04:13:47.757107 50010 leader_election.cc:217] T bf867b8b6e6e453cab9ce9b7e5171c53 P b497dbd6bd1a4c998891b00d2493a1bb [CANDIDATE]: Term 1 election: Requesting vote from peer 3a3c735705964e1badb66c37a66a9096
I0727 04:13:47.757131 50010 leader_election.cc:217] T bf867b8b6e6e453cab9ce9b7e5171c53 P b497dbd6bd1a4c998891b00d2493a1bb [CANDIDATE]: Term 1 election: Requesting vote from peer 6f1af300e1d549d6b1cdd8bf3b9aeb9c
I0727 04:13:47.757758 20838 leader_election.cc:349] T bf867b8b6e6e453cab9ce9b7e5171c53 P b497dbd6bd1a4c998891b00d2493a1bb [CANDIDATE]: Term 1 election: Vote granted by peer 6f1af300e1d549d6b1cdd8bf3b9aeb9c
I0727 04:13:47.757774 20838 leader_election.cc:244] T bf867b8b6e6e453cab9ce9b7e5171c53 P b497dbd6bd1a4c998891b00d2493a1bb [CANDIDATE]: Term 1 election: Election decided. Result: candidate won.
