I0727 05:16:16.927613 111982 consensus_queue.cc:186] T d785263627524767b434d3ab4fbcb148 P b497dbd6bd1a4c998891b00d2493a1bb [NON_LEADER]: Queue going to NON_LEADER mode. State: All replicated index: 0, Majority replicated index: 0, Committed index: 0, Last appended: 0.0, Last appended by leader: 0, Current term: 0, Majority size: -1, State: 1, Mode: NON_LEADER
I0727 05:16:16.927670 111982 ts_tablet_manager.cc:775] T d785263627524767b434d3ab4fbcb148 P b497dbd6bd1a4c998891b00d2493a1bb: Time spent starting tablet: real 0.000s	user 0.000s	sys 0.000s
I0727 05:16:16.927691 111982 ts_tablet_manager.cc:741] T 3092a2a1be4e47c3aa26e260c1eea55b P b497dbd6bd1a4c998891b00d2493a1bb: Bootstrapping tablet
I0727 05:16:16.927696 111982 tablet_bootstrap.cc:406] T 3092a2a1be4e47c3aa26e260c1eea55b P b497dbd6bd1a4c998891b00d2493a1bb: Bootstrap starting.
I0727 05:16:16.927824 111982 tablet_bootstrap.cc:547] T 3092a2a1be4e47c3aa26e260c1eea55b P b497dbd6bd1a4c998891b00d2493a1bb: No blocks or log segments found. Creating new log.
I0727 05:16:16.928195 111982 tablet_bootstrap.cc:406] T 3092a2a1be4e47c3aa26e260c1eea55b P b497dbd6bd1a4c998891b00d2493a1bb: No bootstrap required, opened a new log
I0727 05:16:16.928211 111982 ts_tablet_manager.cc:746] T 3092a2a1be4e47c3aa26e260c1eea55b P b497dbd6bd1a4c998891b00d2493a1bb: Time spent bootstrapping tablet: real 0.001s	user 0.000s	sys 0.000s
I0727 05:16:16.928478 111982 raft_consensus.cc:284] T 3092a2a1be4e47c3aa26e260c1eea55b P b497dbd6bd1a4c998891b00d2493a1bb [term 0 FOLLOWER]: Replica starting. Triggering 0 pending transactions. Active config: opid_index: -1 OBSOLETE_local: false peers { permanent_uuid: "6f1af300e1d549d6b1cdd8bf3b9aeb9c" member_type: VOTER last_known_addr { host: "ip-172-31-12-168" port: 31201 } } peers { permanent_uuid: "3a3c735705964e1badb66c37a66a9096" member_type: VOTER last_known_addr { host: "ip-172-31-12-168" port: 31200 } } peers { permanent_uuid: "b497dbd6bd1a4c998891b00d2493a1bb" member_type: VOTER last_known_addr { host: "ip-172-31-12-168" port: 31202 } }
I0727 05:16:16.928493 111982 raft_consensus.cc:316] T 3092a2a1be4e47c3aa26e260c1eea55b P b497dbd6bd1a4c998891b00d2493a1bb [term 0 FOLLOWER]: Consensus starting up: Expiring failure detector timer to make a prompt election more likely
I0727 05:16:16.928496 111982 raft_consensus.cc:560] T 3092a2a1be4e47c3aa26e260c1eea55b P b497dbd6bd1a4c998891b00d2493a1bb [term 0 FOLLOWER]: Becoming Follower/Learner. State: Replica: b497dbd6bd1a4c998891b00d2493a1bb, State: Running, Role: FOLLOWER
I0727 05:16:16.928503 111982 consensus_queue.cc:186] T 3092a2a1be4e47c3aa26e260c1eea55b P b497dbd6bd1a4c998891b00d2493a1bb [NON_LEADER]: Queue going to NON_LEADER mode. State: All replicated index: 0, Majority replicated index: 0, Committed index: 0, Last appended: 0.0, Last appended by leader: 0, Current term: 0, Majority size: -1, State: 1, Mode: NON_LEADER
I0727 05:16:16.928558 111982 ts_tablet_manager.cc:775] T 3092a2a1be4e47c3aa26e260c1eea55b P b497dbd6bd1a4c998891b00d2493a1bb: Time spent starting tablet: real 0.000s	user 0.000s	sys 0.000s
I0727 05:16:16.928570 111982 ts_tablet_manager.cc:741] T 20dd5b961d6c4a5cb718d747524d3697 P b497dbd6bd1a4c998891b00d2493a1bb: Bootstrapping tablet
I0727 05:16:16.928575 111982 tablet_bootstrap.cc:406] T 20dd5b961d6c4a5cb718d747524d3697 P b497dbd6bd1a4c998891b00d2493a1bb: Bootstrap starting.
I0727 05:16:16.928686 111982 tablet_bootstrap.cc:547] T 20dd5b961d6c4a5cb718d747524d3697 P b497dbd6bd1a4c998891b00d2493a1bb: No blocks or log segments found. Creating new log.
I0727 05:16:16.929060 111982 tablet_bootstrap.cc:406] T 20dd5b961d6c4a5cb718d747524d3697 P b497dbd6bd1a4c998891b00d2493a1bb: No bootstrap required, opened a new log
I0727 05:16:16.929080 111982 ts_tablet_manager.cc:746] T 20dd5b961d6c4a5cb718d747524d3697 P b497dbd6bd1a4c998891b00d2493a1bb: Time spent bootstrapping tablet: real 0.001s	user 0.000s	sys 0.000s
I0727 05:16:16.929342 111982 raft_consensus.cc:284] T 20dd5b961d6c4a5cb718d747524d3697 P b497dbd6bd1a4c998891b00d2493a1bb [term 0 FOLLOWER]: Replica starting. Triggering 0 pending transactions. Active config: opid_index: -1 OBSOLETE_local: false peers { permanent_uuid: "b497dbd6bd1a4c998891b00d2493a1bb" member_type: VOTER last_known_addr { host: "ip-172-31-12-168" port: 31202 } } peers { permanent_uuid: "6f1af300e1d549d6b1cdd8bf3b9aeb9c" member_type: VOTER last_known_addr { host: "ip-172-31-12-168" port: 31201 } } peers { permanent_uuid: "3a3c735705964e1badb66c37a66a9096" member_type: VOTER last_known_addr { host: "ip-172-31-12-168" port: 31200 } }
I0727 05:16:16.929355 111982 raft_consensus.cc:316] T 20dd5b961d6c4a5cb718d747524d3697 P b497dbd6bd1a4c998891b00d2493a1bb [term 0 FOLLOWER]: Consensus starting up: Expiring failure detector timer to make a prompt election more likely
I0727 05:16:16.929358 111982 raft_consensus.cc:560] T 20dd5b961d6c4a5cb718d747524d3697 P b497dbd6bd1a4c998891b00d2493a1bb [term 0 FOLLOWER]: Becoming Follower/Learner. State: Replica: b497dbd6bd1a4c998891b00d2493a1bb, State: Running, Role: FOLLOWER
I0727 05:16:16.929369 111982 consensus_queue.cc:186] T 20dd5b961d6c4a5cb718d747524d3697 P b497dbd6bd1a4c998891b00d2493a1bb [NON_LEADER]: Queue going to NON_LEADER mode. State: All replicated index: 0, Majority replicated index: 0, Committed index: 0, Last appended: 0.0, Last appended by leader: 0, Current term: 0, Majority size: -1, State: 1, Mode: NON_LEADER
I0727 05:16:16.929407 111982 ts_tablet_manager.cc:775] T 20dd5b961d6c4a5cb718d747524d3697 P b497dbd6bd1a4c998891b00d2493a1bb: Time spent starting tablet: real 0.000s	user 0.000s	sys 0.000s
I0727 05:16:17.006561 20915 raft_consensus.cc:2372] T 3092a2a1be4e47c3aa26e260c1eea55b P b497dbd6bd1a4c998891b00d2493a1bb: Snoozing failure detection for election timeout plus an additional 2.132s
I0727 05:16:17.006575 20915 raft_consensus.cc:1943] T 3092a2a1be4e47c3aa26e260c1eea55b P b497dbd6bd1a4c998891b00d2493a1bb [term 0 FOLLOWER]: Leader pre-election vote request: Granting yes vote for candidate 3a3c735705964e1badb66c37a66a9096 in term 0.
I0727 05:16:17.007213 20915 raft_consensus.cc:2419] T 3092a2a1be4e47c3aa26e260c1eea55b P b497dbd6bd1a4c998891b00d2493a1bb [term 0 FOLLOWER]: Advancing to term 1
I0727 05:16:17.007227 20915 raft_consensus.cc:2372] T 3092a2a1be4e47c3aa26e260c1eea55b P b497dbd6bd1a4c998891b00d2493a1bb: Snoozing failure detection for election timeout plus an additional 2.160s
I0727 05:16:17.007499 20915 raft_consensus.cc:1943] T 3092a2a1be4e47c3aa26e260c1eea55b P b497dbd6bd1a4c998891b00d2493a1bb [term 1 FOLLOWER]: Leader election vote request: Granting yes vote for candidate 3a3c735705964e1badb66c37a66a9096 in term 1.
I0727 05:16:17.059032 20915 raft_consensus.cc:2372] T d785263627524767b434d3ab4fbcb148 P b497dbd6bd1a4c998891b00d2493a1bb: Snoozing failure detection for election timeout plus an additional 1.900s
I0727 05:16:17.059046 20915 raft_consensus.cc:1943] T d785263627524767b434d3ab4fbcb148 P b497dbd6bd1a4c998891b00d2493a1bb [term 0 FOLLOWER]: Leader pre-election vote request: Granting yes vote for candidate 6f1af300e1d549d6b1cdd8bf3b9aeb9c in term 0.
I0727 05:16:17.059636 20915 raft_consensus.cc:2419] T d785263627524767b434d3ab4fbcb148 P b497dbd6bd1a4c998891b00d2493a1bb [term 0 FOLLOWER]: Advancing to term 1
I0727 05:16:17.059651 20915 raft_consensus.cc:2372] T d785263627524767b434d3ab4fbcb148 P b497dbd6bd1a4c998891b00d2493a1bb: Snoozing failure detection for election timeout plus an additional 1.935s
I0727 05:16:17.059866 20915 raft_consensus.cc:1943] T d785263627524767b434d3ab4fbcb148 P b497dbd6bd1a4c998891b00d2493a1bb [term 1 FOLLOWER]: Leader election vote request: Granting yes vote for candidate 6f1af300e1d549d6b1cdd8bf3b9aeb9c in term 1.
I0727 05:16:17.321830 20915 raft_consensus.cc:944] T 3092a2a1be4e47c3aa26e260c1eea55b P b497dbd6bd1a4c998891b00d2493a1bb [term 1 FOLLOWER]: Refusing update from remote peer 3a3c735705964e1badb66c37a66a9096: Log matching property violated. Preceding OpId in replica: term: 0 index: 0. Preceding OpId from leader: term: 1 index: 1. (index mismatch)
I0727 05:16:17.384959 20915 raft_consensus.cc:2372] T 20dd5b961d6c4a5cb718d747524d3697 P b497dbd6bd1a4c998891b00d2493a1bb: Snoozing failure detection for election timeout plus an additional 1.853s
I0727 05:16:17.384974 20915 raft_consensus.cc:1943] T 20dd5b961d6c4a5cb718d747524d3697 P b497dbd6bd1a4c998891b00d2493a1bb [term 0 FOLLOWER]: Leader pre-election vote request: Granting yes vote for candidate 6f1af300e1d549d6b1cdd8bf3b9aeb9c in term 0.
I0727 05:16:17.385565 20915 raft_consensus.cc:2419] T 20dd5b961d6c4a5cb718d747524d3697 P b497dbd6bd1a4c998891b00d2493a1bb [term 0 FOLLOWER]: Advancing to term 1
I0727 05:16:17.385579 20915 raft_consensus.cc:2372] T 20dd5b961d6c4a5cb718d747524d3697 P b497dbd6bd1a4c998891b00d2493a1bb: Snoozing failure detection for election timeout plus an additional 2.099s
I0727 05:16:17.385823 20915 raft_consensus.cc:1943] T 20dd5b961d6c4a5cb718d747524d3697 P b497dbd6bd1a4c998891b00d2493a1bb [term 1 FOLLOWER]: Leader election vote request: Granting yes vote for candidate 6f1af300e1d549d6b1cdd8bf3b9aeb9c in term 1.
I0727 05:16:17.461941 20915 raft_consensus.cc:944] T d785263627524767b434d3ab4fbcb148 P b497dbd6bd1a4c998891b00d2493a1bb [term 1 FOLLOWER]: Refusing update from remote peer 6f1af300e1d549d6b1cdd8bf3b9aeb9c: Log matching property violated. Preceding OpId in replica: term: 0 index: 0. Preceding OpId from leader: term: 1 index: 1. (index mismatch)
I0727 05:16:17.669075 20915 raft_consensus.cc:944] T 20dd5b961d6c4a5cb718d747524d3697 P b497dbd6bd1a4c998891b00d2493a1bb [term 1 FOLLOWER]: Refusing update from remote peer 6f1af300e1d549d6b1cdd8bf3b9aeb9c: Log matching property violated. Preceding OpId in replica: term: 0 index: 0. Preceding OpId from leader: term: 1 index: 1. (index mismatch)
I0727 05:16:28.844662 20883 tablet_service.cc:713] Processing DeleteTablet for tablet 610c38b258c046a58eca1490029a8eaf with delete_type TABLET_DATA_DELETED (Table deleted at 2017-07-27 05:16:28 UTC) from {username='ubuntu'} at 127.0.0.1:34066
I0727 05:16:28.844682 20883 tablet_replica.cc:225] Initiating TabletReplica shutdown for tablet: 610c38b258c046a58eca1490029a8eaf
I0727 05:16:28.844686 20880 tablet_service.cc:713] Processing DeleteTablet for tablet bf867b8b6e6e453cab9ce9b7e5171c53 with delete_type TABLET_DATA_DELETED (Table deleted at 2017-07-27 05:16:28 UTC) from {username='ubuntu'} at 127.0.0.1:34066
I0727 05:16:28.844703 20880 tablet_replica.cc:225] Initiating TabletReplica shutdown for tablet: bf867b8b6e6e453cab9ce9b7e5171c53
I0727 05:16:28.844722 20880 maintenance_manager.cc:206] P b497dbd6bd1a4c998891b00d2493a1bb: Unregistered op CompactRowSetsOp(bf867b8b6e6e453cab9ce9b7e5171c53)
I0727 05:16:28.844735 20880 maintenance_manager.cc:206] P b497dbd6bd1a4c998891b00d2493a1bb: Unregistered op MinorDeltaCompactionOp(bf867b8b6e6e453cab9ce9b7e5171c53)
I0727 05:16:28.844720 20879 tablet_service.cc:713] Processing DeleteTablet for tablet fc48c1c3567d4e6b83714f1cac215c94 with delete_type TABLET_DATA_DELETED (Table deleted at 2017-07-27 05:16:28 UTC) from {username='ubuntu'} at 127.0.0.1:34066
I0727 05:16:28.844743 20880 maintenance_manager.cc:206] P b497dbd6bd1a4c998891b00d2493a1bb: Unregistered op MajorDeltaCompactionOp(bf867b8b6e6e453cab9ce9b7e5171c53)
I0727 05:16:28.844748 20880 maintenance_manager.cc:206] P b497dbd6bd1a4c998891b00d2493a1bb: Unregistered op UndoDeltaBlockGCOp(bf867b8b6e6e453cab9ce9b7e5171c53)
I0727 05:16:28.844750 20879 tablet_replica.cc:225] Initiating TabletReplica shutdown for tablet: fc48c1c3567d4e6b83714f1cac215c94
I0727 05:16:28.844689 20883 maintenance_manager.cc:206] P b497dbd6bd1a4c998891b00d2493a1bb: Unregistered op CompactRowSetsOp(610c38b258c046a58eca1490029a8eaf)
I0727 05:16:28.844789 20883 maintenance_manager.cc:206] P b497dbd6bd1a4c998891b00d2493a1bb: Unregistered op MinorDeltaCompactionOp(610c38b258c046a58eca1490029a8eaf)
I0727 05:16:28.844808 20883 maintenance_manager.cc:206] P b497dbd6bd1a4c998891b00d2493a1bb: Unregistered op MajorDeltaCompactionOp(610c38b258c046a58eca1490029a8eaf)
I0727 05:16:28.844825 20883 maintenance_manager.cc:206] P b497dbd6bd1a4c998891b00d2493a1bb: Unregistered op UndoDeltaBlockGCOp(610c38b258c046a58eca1490029a8eaf)
I0727 05:16:28.844768 20880 maintenance_manager.cc:206] P b497dbd6bd1a4c998891b00d2493a1bb: Unregistered op FlushMRSOp(bf867b8b6e6e453cab9ce9b7e5171c53)
I0727 05:16:28.844766 20879 maintenance_manager.cc:206] P b497dbd6bd1a4c998891b00d2493a1bb: Unregistered op CompactRowSetsOp(fc48c1c3567d4e6b83714f1cac215c94)
I0727 05:16:28.844887 20879 maintenance_manager.cc:206] P b497dbd6bd1a4c998891b00d2493a1bb: Unregistered op MinorDeltaCompactionOp(fc48c1c3567d4e6b83714f1cac215c94)
I0727 05:16:28.844897 20879 maintenance_manager.cc:206] P b497dbd6bd1a4c998891b00d2493a1bb: Unregistered op MajorDeltaCompactionOp(fc48c1c3567d4e6b83714f1cac215c94)
I0727 05:16:28.844869 20880 maintenance_manager.cc:206] P b497dbd6bd1a4c998891b00d2493a1bb: Unregistered op FlushDeltaMemStoresOp(bf867b8b6e6e453cab9ce9b7e5171c53)
I0727 05:16:28.844910 20879 maintenance_manager.cc:206] P b497dbd6bd1a4c998891b00d2493a1bb: Unregistered op UndoDeltaBlockGCOp(fc48c1c3567d4e6b83714f1cac215c94)
I0727 05:16:28.844847 20883 maintenance_manager.cc:206] P b497dbd6bd1a4c998891b00d2493a1bb: Unregistered op FlushMRSOp(610c38b258c046a58eca1490029a8eaf)
I0727 05:16:28.844914 20880 maintenance_manager.cc:206] P b497dbd6bd1a4c998891b00d2493a1bb: Unregistered op LogGCOp(bf867b8b6e6e453cab9ce9b7e5171c53)
I0727 05:16:28.844923 20880 raft_consensus.cc:1763] T bf867b8b6e6e453cab9ce9b7e5171c53 P b497dbd6bd1a4c998891b00d2493a1bb [term 1 LEADER]: Raft consensus shutting down.
I0727 05:16:28.844928 20880 consensus_peers.cc:400] T bf867b8b6e6e453cab9ce9b7e5171c53 P b497dbd6bd1a4c998891b00d2493a1bb -> Peer 6f1af300e1d549d6b1cdd8bf3b9aeb9c (ip-172-31-12-168:31201): Closing peer: 6f1af300e1d549d6b1cdd8bf3b9aeb9c
I0727 05:16:28.844930 20883 maintenance_manager.cc:206] P b497dbd6bd1a4c998891b00d2493a1bb: Unregistered op FlushDeltaMemStoresOp(610c38b258c046a58eca1490029a8eaf)
I0727 05:16:28.844934 20880 consensus_peers.cc:400] T bf867b8b6e6e453cab9ce9b7e5171c53 P b497dbd6bd1a4c998891b00d2493a1bb -> Peer 3a3c735705964e1badb66c37a66a9096 (ip-172-31-12-168:31200): Closing peer: 3a3c735705964e1badb66c37a66a9096
I0727 05:16:28.844936 20883 maintenance_manager.cc:206] P b497dbd6bd1a4c998891b00d2493a1bb: Unregistered op LogGCOp(610c38b258c046a58eca1490029a8eaf)
I0727 05:16:28.844939 20880 raft_consensus.cc:1778] T bf867b8b6e6e453cab9ce9b7e5171c53 P b497dbd6bd1a4c998891b00d2493a1bb [term 1 LEADER]: Raft consensus is shut down!
I0727 05:16:28.844941 20879 maintenance_manager.cc:206] P b497dbd6bd1a4c998891b00d2493a1bb: Unregistered op FlushMRSOp(fc48c1c3567d4e6b83714f1cac215c94)
I0727 05:16:28.844943 20883 raft_consensus.cc:1763] T 610c38b258c046a58eca1490029a8eaf P b497dbd6bd1a4c998891b00d2493a1bb [term 1 FOLLOWER]: Raft consensus shutting down.
I0727 05:16:28.844949 20879 maintenance_manager.cc:206] P b497dbd6bd1a4c998891b00d2493a1bb: Unregistered op FlushDeltaMemStoresOp(fc48c1c3567d4e6b83714f1cac215c94)
I0727 05:16:28.844954 20883 raft_consensus.cc:1778] T 610c38b258c046a58eca1490029a8eaf P b497dbd6bd1a4c998891b00d2493a1bb [term 1 FOLLOWER]: Raft consensus is shut down!
I0727 05:16:28.844954 20879 maintenance_manager.cc:206] P b497dbd6bd1a4c998891b00d2493a1bb: Unregistered op LogGCOp(fc48c1c3567d4e6b83714f1cac215c94)
I0727 05:16:28.844970 20879 raft_consensus.cc:1763] T fc48c1c3567d4e6b83714f1cac215c94 P b497dbd6bd1a4c998891b00d2493a1bb [term 1 FOLLOWER]: Raft consensus shutting down.
I0727 05:16:28.844982 20879 raft_consensus.cc:1778] T fc48c1c3567d4e6b83714f1cac215c94 P b497dbd6bd1a4c998891b00d2493a1bb [term 1 FOLLOWER]: Raft consensus is shut down!
I0727 05:16:28.845283 20880 ts_tablet_manager.cc:1030] T bf867b8b6e6e453cab9ce9b7e5171c53 P b497dbd6bd1a4c998891b00d2493a1bb: Deleting tablet data with delete state TABLET_DATA_DELETED
I0727 05:16:28.845293 20883 ts_tablet_manager.cc:1030] T 610c38b258c046a58eca1490029a8eaf P b497dbd6bd1a4c998891b00d2493a1bb: Deleting tablet data with delete state TABLET_DATA_DELETED
I0727 05:16:28.845319 20879 ts_tablet_manager.cc:1030] T fc48c1c3567d4e6b83714f1cac215c94 P b497dbd6bd1a4c998891b00d2493a1bb: Deleting tablet data with delete state TABLET_DATA_DELETED
I0727 05:16:28.846514 20879 ts_tablet_manager.cc:1042] T fc48c1c3567d4e6b83714f1cac215c94 P b497dbd6bd1a4c998891b00d2493a1bb: Tablet deleted. Last logged OpId: 1.2
I0727 05:16:28.846529 20879 log.cc:974] T fc48c1c3567d4e6b83714f1cac215c94 P b497dbd6bd1a4c998891b00d2493a1bb: Deleting WAL directory at /home/ubuntu/Impala/testdata/cluster/cdh5/node-1/var/lib/kudu/ts/wal/wals/fc48c1c3567d4e6b83714f1cac215c94
I0727 05:16:28.846596 20879 ts_tablet_manager.cc:1060] T fc48c1c3567d4e6b83714f1cac215c94 P b497dbd6bd1a4c998891b00d2493a1bb: Deleting consensus metadata
I0727 05:16:28.847059 20880 ts_tablet_manager.cc:1042] T bf867b8b6e6e453cab9ce9b7e5171c53 P b497dbd6bd1a4c998891b00d2493a1bb: Tablet deleted. Last logged OpId: 1.2
I0727 05:16:28.847079 20880 log.cc:974] T bf867b8b6e6e453cab9ce9b7e5171c53 P b497dbd6bd1a4c998891b00d2493a1bb: Deleting WAL directory at /home/ubuntu/Impala/testdata/cluster/cdh5/node-1/var/lib/kudu/ts/wal/wals/bf867b8b6e6e453cab9ce9b7e5171c53
I0727 05:16:28.847107 20883 ts_tablet_manager.cc:1042] T 610c38b258c046a58eca1490029a8eaf P b497dbd6bd1a4c998891b00d2493a1bb: Tablet deleted. Last logged OpId: 1.2
I0727 05:16:28.847126 20883 log.cc:974] T 610c38b258c046a58eca1490029a8eaf P b497dbd6bd1a4c998891b00d2493a1bb: Deleting WAL directory at /home/ubuntu/Impala/testdata/cluster/cdh5/node-1/var/lib/kudu/ts/wal/wals/610c38b258c046a58eca1490029a8eaf
I0727 05:16:28.847190 20880 ts_tablet_manager.cc:1060] T bf867b8b6e6e453cab9ce9b7e5171c53 P b497dbd6bd1a4c998891b00d2493a1bb: Deleting consensus metadata
I0727 05:16:28.847231 20883 ts_tablet_manager.cc:1060] T 610c38b258c046a58eca1490029a8eaf P b497dbd6bd1a4c998891b00d2493a1bb: Deleting consensus metadata
I0727 05:16:28.977854 20883 tablet_service.cc:672] Processing CreateTablet for tablet 959dd06cf03846e2b41a5260d6c51908 (table=impala::functional_kudu.alltypesaggnonulls [id=d52c671b3a8c4dfb9157f3bf18663f64]), partition=HASH (id) PARTITION 0
I0727 05:16:28.977927 20879 tablet_service.cc:672] Processing CreateTablet for tablet a554a629ae22401b83628151c7807ba4 (table=impala::functional_kudu.alltypesaggnonulls [id=d52c671b3a8c4dfb9157f3bf18663f64]), partition=HASH (id) PARTITION 2
I0727 05:16:28.977927 20880 tablet_service.cc:672] Processing CreateTablet for tablet 7c456491f02e4c0bbd4a2d06106a00a1 (table=impala::functional_kudu.alltypesaggnonulls [id=d52c671b3a8c4dfb9157f3bf18663f64]), partition=HASH (id) PARTITION 1
I0727 05:16:28.978422 20883 ts_tablet_manager.cc:871] T 959dd06cf03846e2b41a5260d6c51908 P b497dbd6bd1a4c998891b00d2493a1bb: Registered tablet (data state: TABLET_DATA_READY)
I0727 05:16:28.978654 112025 ts_tablet_manager.cc:741] T 959dd06cf03846e2b41a5260d6c51908 P b497dbd6bd1a4c998891b00d2493a1bb: Bootstrapping tablet
I0727 05:16:28.978673 112025 tablet_bootstrap.cc:406] T 959dd06cf03846e2b41a5260d6c51908 P b497dbd6bd1a4c998891b00d2493a1bb: Bootstrap starting.
I0727 05:16:28.978695 20879 ts_tablet_manager.cc:871] T a554a629ae22401b83628151c7807ba4 P b497dbd6bd1a4c998891b00d2493a1bb: Registered tablet (data state: TABLET_DATA_READY)
I0727 05:16:28.978723 20880 ts_tablet_manager.cc:871] T 7c456491f02e4c0bbd4a2d06106a00a1 P b497dbd6bd1a4c998891b00d2493a1bb: Registered tablet (data state: TABLET_DATA_READY)
I0727 05:16:28.978822 112025 tablet_bootstrap.cc:547] T 959dd06cf03846e2b41a5260d6c51908 P b497dbd6bd1a4c998891b00d2493a1bb: No blocks or log segments found. Creating new log.
I0727 05:16:28.979233 112025 tablet_bootstrap.cc:406] T 959dd06cf03846e2b41a5260d6c51908 P b497dbd6bd1a4c998891b00d2493a1bb: No bootstrap required, opened a new log
I0727 05:16:28.979254 112025 ts_tablet_manager.cc:746] T 959dd06cf03846e2b41a5260d6c51908 P b497dbd6bd1a4c998891b00d2493a1bb: Time spent bootstrapping tablet: real 0.001s	user 0.000s	sys 0.000s
I0727 05:16:28.979514 112025 raft_consensus.cc:284] T 959dd06cf03846e2b41a5260d6c51908 P b497dbd6bd1a4c998891b00d2493a1bb [term 0 FOLLOWER]: Replica starting. Triggering 0 pending transactions. Active config: opid_index: -1 OBSOLETE_local: false peers { permanent_uuid: "b497dbd6bd1a4c998891b00d2493a1bb" member_type: VOTER last_known_addr { host: "ip-172-31-12-168" port: 31202 } } peers { permanent_uuid: "6f1af300e1d549d6b1cdd8bf3b9aeb9c" member_type: VOTER last_known_addr { host: "ip-172-31-12-168" port: 31201 } } peers { permanent_uuid: "3a3c735705964e1badb66c37a66a9096" member_type: VOTER last_known_addr { host: "ip-172-31-12-168" port: 31200 } }
I0727 05:16:28.979531 112025 raft_consensus.cc:316] T 959dd06cf03846e2b41a5260d6c51908 P b497dbd6bd1a4c998891b00d2493a1bb [term 0 FOLLOWER]: Consensus starting up: Expiring failure detector timer to make a prompt election more likely
I0727 05:16:28.979535 112025 raft_consensus.cc:560] T 959dd06cf03846e2b41a5260d6c51908 P b497dbd6bd1a4c998891b00d2493a1bb [term 0 FOLLOWER]: Becoming Follower/Learner. State: Replica: b497dbd6bd1a4c998891b00d2493a1bb, State: Running, Role: FOLLOWER
I0727 05:16:28.979544 112025 consensus_queue.cc:186] T 959dd06cf03846e2b41a5260d6c51908 P b497dbd6bd1a4c998891b00d2493a1bb [NON_LEADER]: Queue going to NON_LEADER mode. State: All replicated index: 0, Majority replicated index: 0, Committed index: 0, Last appended: 0.0, Last appended by leader: 0, Current term: 0, Majority size: -1, State: 1, Mode: NON_LEADER
I0727 05:16:28.979591 112025 ts_tablet_manager.cc:775] T 959dd06cf03846e2b41a5260d6c51908 P b497dbd6bd1a4c998891b00d2493a1bb: Time spent starting tablet: real 0.000s	user 0.000s	sys 0.000s
I0727 05:16:28.979606 112025 ts_tablet_manager.cc:741] T a554a629ae22401b83628151c7807ba4 P b497dbd6bd1a4c998891b00d2493a1bb: Bootstrapping tablet
I0727 05:16:28.979612 112025 tablet_bootstrap.cc:406] T a554a629ae22401b83628151c7807ba4 P b497dbd6bd1a4c998891b00d2493a1bb: Bootstrap starting.
I0727 05:16:28.979729 112025 tablet_bootstrap.cc:547] T a554a629ae22401b83628151c7807ba4 P b497dbd6bd1a4c998891b00d2493a1bb: No blocks or log segments found. Creating new log.
I0727 05:16:28.980110 112025 tablet_bootstrap.cc:406] T a554a629ae22401b83628151c7807ba4 P b497dbd6bd1a4c998891b00d2493a1bb: No bootstrap required, opened a new log
I0727 05:16:28.980128 112025 ts_tablet_manager.cc:746] T a554a629ae22401b83628151c7807ba4 P b497dbd6bd1a4c998891b00d2493a1bb: Time spent bootstrapping tablet: real 0.001s	user 0.000s	sys 0.000s
I0727 05:16:28.980391 112025 raft_consensus.cc:284] T a554a629ae22401b83628151c7807ba4 P b497dbd6bd1a4c998891b00d2493a1bb [term 0 FOLLOWER]: Replica starting. Triggering 0 pending transactions. Active config: opid_index: -1 OBSOLETE_local: false peers { permanent_uuid: "b497dbd6bd1a4c998891b00d2493a1bb" member_type: VOTER last_known_addr { host: "ip-172-31-12-168" port: 31202 } } peers { permanent_uuid: "6f1af300e1d549d6b1cdd8bf3b9aeb9c" member_type: VOTER last_known_addr { host: "ip-172-31-12-168" port: 31201 } } peers { permanent_uuid: "3a3c735705964e1badb66c37a66a9096" member_type: VOTER last_known_addr { host: "ip-172-31-12-168" port: 31200 } }
I0727 05:16:28.980406 112025 raft_consensus.cc:316] T a554a629ae22401b83628151c7807ba4 P b497dbd6bd1a4c998891b00d2493a1bb [term 0 FOLLOWER]: Consensus starting up: Expiring failure detector timer to make a prompt election more likely
I0727 05:16:28.980410 112025 raft_consensus.cc:560] T a554a629ae22401b83628151c7807ba4 P b497dbd6bd1a4c998891b00d2493a1bb [term 0 FOLLOWER]: Becoming Follower/Learner. State: Replica: b497dbd6bd1a4c998891b00d2493a1bb, State: Running, Role: FOLLOWER
I0727 05:16:28.980422 112025 consensus_queue.cc:186] T a554a629ae22401b83628151c7807ba4 P b497dbd6bd1a4c998891b00d2493a1bb [NON_LEADER]: Queue going to NON_LEADER mode. State: All replicated index: 0, Majority replicated index: 0, Committed index: 0, Last appended: 0.0, Last appended by leader: 0, Current term: 0, Majority size: -1, State: 1, Mode: NON_LEADER
I0727 05:16:28.980463 112025 ts_tablet_manager.cc:775] T a554a629ae22401b83628151c7807ba4 P b497dbd6bd1a4c998891b00d2493a1bb: Time spent starting tablet: real 0.000s	user 0.000s	sys 0.000s
I0727 05:16:28.980478 112025 ts_tablet_manager.cc:741] T 7c456491f02e4c0bbd4a2d06106a00a1 P b497dbd6bd1a4c998891b00d2493a1bb: Bootstrapping tablet
I0727 05:16:28.980484 112025 tablet_bootstrap.cc:406] T 7c456491f02e4c0bbd4a2d06106a00a1 P b497dbd6bd1a4c998891b00d2493a1bb: Bootstrap starting.
I0727 05:16:28.980614 112025 tablet_bootstrap.cc:547] T 7c456491f02e4c0bbd4a2d06106a00a1 P b497dbd6bd1a4c998891b00d2493a1bb: No blocks or log segments found. Creating new log.
I0727 05:16:28.980993 112025 tablet_bootstrap.cc:406] T 7c456491f02e4c0bbd4a2d06106a00a1 P b497dbd6bd1a4c998891b00d2493a1bb: No bootstrap required, opened a new log
I0727 05:16:28.981009 112025 ts_tablet_manager.cc:746] T 7c456491f02e4c0bbd4a2d06106a00a1 P b497dbd6bd1a4c998891b00d2493a1bb: Time spent bootstrapping tablet: real 0.001s	user 0.001s	sys 0.000s
I0727 05:16:28.981263 112025 raft_consensus.cc:284] T 7c456491f02e4c0bbd4a2d06106a00a1 P b497dbd6bd1a4c998891b00d2493a1bb [term 0 FOLLOWER]: Replica starting. Triggering 0 pending transactions. Active config: opid_index: -1 OBSOLETE_local: false peers { permanent_uuid: "6f1af300e1d549d6b1cdd8bf3b9aeb9c" member_type: VOTER last_known_addr { host: "ip-172-31-12-168" port: 31201 } } peers { permanent_uuid: "3a3c735705964e1badb66c37a66a9096" member_type: VOTER last_known_addr { host: "ip-172-31-12-168" port: 31200 } } peers { permanent_uuid: "b497dbd6bd1a4c998891b00d2493a1bb" member_type: VOTER last_known_addr { host: "ip-172-31-12-168" port: 31202 } }
I0727 05:16:28.981276 112025 raft_consensus.cc:316] T 7c456491f02e4c0bbd4a2d06106a00a1 P b497dbd6bd1a4c998891b00d2493a1bb [term 0 FOLLOWER]: Consensus starting up: Expiring failure detector timer to make a prompt election more likely
I0727 05:16:28.981281 112025 raft_consensus.cc:560] T 7c456491f02e4c0bbd4a2d06106a00a1 P b497dbd6bd1a4c998891b00d2493a1bb [term 0 FOLLOWER]: Becoming Follower/Learner. State: Replica: b497dbd6bd1a4c998891b00d2493a1bb, State: Running, Role: FOLLOWER
I0727 05:16:28.981288 112025 consensus_queue.cc:186] T 7c456491f02e4c0bbd4a2d06106a00a1 P b497dbd6bd1a4c998891b00d2493a1bb [NON_LEADER]: Queue going to NON_LEADER mode. State: All replicated index: 0, Majority replicated index: 0, Committed index: 0, Last appended: 0.0, Last appended by leader: 0, Current term: 0, Majority size: -1, State: 1, Mode: NON_LEADER
I0727 05:16:28.981333 112025 ts_tablet_manager.cc:775] T 7c456491f02e4c0bbd4a2d06106a00a1 P b497dbd6bd1a4c998891b00d2493a1bb: Time spent starting tablet: real 0.000s	user 0.000s	sys 0.000s
I0727 05:16:29.050782 20913 raft_consensus.cc:2372] T 959dd06cf03846e2b41a5260d6c51908 P b497dbd6bd1a4c998891b00d2493a1bb: Snoozing failure detection for election timeout plus an additional 1.706s
I0727 05:16:29.050796 20913 raft_consensus.cc:1943] T 959dd06cf03846e2b41a5260d6c51908 P b497dbd6bd1a4c998891b00d2493a1bb [term 0 FOLLOWER]: Leader pre-election vote request: Granting yes vote for candidate 3a3c735705964e1badb66c37a66a9096 in term 0.
I0727 05:16:29.051425 20913 raft_consensus.cc:2419] T 959dd06cf03846e2b41a5260d6c51908 P b497dbd6bd1a4c998891b00d2493a1bb [term 0 FOLLOWER]: Advancing to term 1
I0727 05:16:29.051440 20913 raft_consensus.cc:2372] T 959dd06cf03846e2b41a5260d6c51908 P b497dbd6bd1a4c998891b00d2493a1bb: Snoozing failure detection for election timeout plus an additional 1.806s
I0727 05:16:29.051712 20913 raft_consensus.cc:1943] T 959dd06cf03846e2b41a5260d6c51908 P b497dbd6bd1a4c998891b00d2493a1bb [term 1 FOLLOWER]: Leader election vote request: Granting yes vote for candidate 3a3c735705964e1badb66c37a66a9096 in term 1.
I0727 05:16:29.190348 112037 raft_consensus.cc:411] T a554a629ae22401b83628151c7807ba4 P b497dbd6bd1a4c998891b00d2493a1bb [term 0 FOLLOWER]: Starting pre-election (no leader contacted us within the election timeout)
I0727 05:16:29.190366 112037 raft_consensus.cc:2372] T a554a629ae22401b83628151c7807ba4 P b497dbd6bd1a4c998891b00d2493a1bb: Snoozing failure detection for election timeout plus an additional 2.116s
I0727 05:16:29.190387 112037 raft_consensus.cc:435] T a554a629ae22401b83628151c7807ba4 P b497dbd6bd1a4c998891b00d2493a1bb [term 0 FOLLOWER]: Starting pre-election with config: opid_index: -1 OBSOLETE_local: false peers { permanent_uuid: "b497dbd6bd1a4c998891b00d2493a1bb" member_type: VOTER last_known_addr { host: "ip-172-31-12-168" port: 31202 } } peers { permanent_uuid: "6f1af300e1d549d6b1cdd8bf3b9aeb9c" member_type: VOTER last_known_addr { host: "ip-172-31-12-168" port: 31201 } } peers { permanent_uuid: "3a3c735705964e1badb66c37a66a9096" member_type: VOTER last_known_addr { host: "ip-172-31-12-168" port: 31200 } }
I0727 05:16:29.190559 112037 leader_election.cc:217] T a554a629ae22401b83628151c7807ba4 P b497dbd6bd1a4c998891b00d2493a1bb [CANDIDATE]: Term 1 pre-election: Requesting pre-vote from peer 6f1af300e1d549d6b1cdd8bf3b9aeb9c
I0727 05:16:29.190579 112037 leader_election.cc:217] T a554a629ae22401b83628151c7807ba4 P b497dbd6bd1a4c998891b00d2493a1bb [CANDIDATE]: Term 1 pre-election: Requesting pre-vote from peer 3a3c735705964e1badb66c37a66a9096
I0727 05:16:29.190703 20838 leader_election.cc:349] T a554a629ae22401b83628151c7807ba4 P b497dbd6bd1a4c998891b00d2493a1bb [CANDIDATE]: Term 1 pre-election: Vote granted by peer 3a3c735705964e1badb66c37a66a9096
I0727 05:16:29.190716 20838 leader_election.cc:244] T a554a629ae22401b83628151c7807ba4 P b497dbd6bd1a4c998891b00d2493a1bb [CANDIDATE]: Term 1 pre-election: Election decided. Result: candidate won.
I0727 05:16:29.190728 20838 leader_election.cc:349] T a554a629ae22401b83628151c7807ba4 P b497dbd6bd1a4c998891b00d2493a1bb [CANDIDATE]: Term 1 pre-election: Vote granted by peer 6f1af300e1d549d6b1cdd8bf3b9aeb9c
I0727 05:16:29.190742 50046 raft_consensus.cc:2372] T a554a629ae22401b83628151c7807ba4 P b497dbd6bd1a4c998891b00d2493a1bb: Snoozing failure detection for election timeout plus an additional 1.584s
I0727 05:16:29.190757 50046 raft_consensus.cc:2176] T a554a629ae22401b83628151c7807ba4 P b497dbd6bd1a4c998891b00d2493a1bb [term 0 FOLLOWER]: Leader pre-election won for term 1
I0727 05:16:29.190764 50046 raft_consensus.cc:411] T a554a629ae22401b83628151c7807ba4 P b497dbd6bd1a4c998891b00d2493a1bb [term 0 FOLLOWER]: Starting leader election (no leader contacted us within the election timeout)
I0727 05:16:29.190768 50046 raft_consensus.cc:2372] T a554a629ae22401b83628151c7807ba4 P b497dbd6bd1a4c998891b00d2493a1bb: Snoozing failure detection for election timeout plus an additional 2.103s
I0727 05:16:29.190771 50046 raft_consensus.cc:2419] T a554a629ae22401b83628151c7807ba4 P b497dbd6bd1a4c998891b00d2493a1bb [term 0 FOLLOWER]: Advancing to term 1
I0727 05:16:29.191043 50046 raft_consensus.cc:435] T a554a629ae22401b83628151c7807ba4 P b497dbd6bd1a4c998891b00d2493a1bb [term 1 FOLLOWER]: Starting leader election with config: opid_index: -1 OBSOLETE_local: false peers { permanent_uuid: "b497dbd6bd1a4c998891b00d2493a1bb" member_type: VOTER last_known_addr { host: "ip-172-31-12-168" port: 31202 } } peers { permanent_uuid: "6f1af300e1d549d6b1cdd8bf3b9aeb9c" member_type: VOTER last_known_addr { host: "ip-172-31-12-168" port: 31201 } } peers { permanent_uuid: "3a3c735705964e1badb66c37a66a9096" member_type: VOTER last_known_addr { host: "ip-172-31-12-168" port: 31200 } }
I0727 05:16:29.191144 50046 leader_election.cc:217] T a554a629ae22401b83628151c7807ba4 P b497dbd6bd1a4c998891b00d2493a1bb [CANDIDATE]: Term 1 election: Requesting vote from peer 6f1af300e1d549d6b1cdd8bf3b9aeb9c
I0727 05:16:29.191162 50046 leader_election.cc:217] T a554a629ae22401b83628151c7807ba4 P b497dbd6bd1a4c998891b00d2493a1bb [CANDIDATE]: Term 1 election: Requesting vote from peer 3a3c735705964e1badb66c37a66a9096
I0727 05:16:29.191620 20838 leader_election.cc:349] T a554a629ae22401b83628151c7807ba4 P b497dbd6bd1a4c998891b00d2493a1bb [CANDIDATE]: Term 1 election: Vote granted by peer 6f1af300e1d549d6b1cdd8bf3b9aeb9c
I0727 05:16:29.191632 20838 leader_election.cc:244] T a554a629ae22401b83628151c7807ba4 P b497dbd6bd1a4c998891b00d2493a1bb [CANDIDATE]: Term 1 election: Election decided. Result: candidate won.
I0727 05:16:29.191646 20838 leader_election.cc:349] T a554a629ae22401b83628151c7807ba4 P b497dbd6bd1a4c998891b00d2493a1bb [CANDIDATE]: Term 1 election: Vote granted by peer 3a3c735705964e1badb66c37a66a9096
I0727 05:16:29.191654 50010 raft_consensus.cc:2372] T a554a629ae22401b83628151c7807ba4 P b497dbd6bd1a4c998891b00d2493a1bb: Snoozing failure detection for election timeout plus an additional 1.823s
I0727 05:16:29.191663 50010 raft_consensus.cc:2176] T a554a629ae22401b83628151c7807ba4 P b497dbd6bd1a4c998891b00d2493a1bb [term 1 FOLLOWER]: Leader election won for term 1
I0727 05:16:29.191679 50010 raft_consensus.cc:528] T a554a629ae22401b83628151c7807ba4 P b497dbd6bd1a4c998891b00d2493a1bb [term 1 LEADER]: Becoming Leader. State: Replica: b497dbd6bd1a4c998891b00d2493a1bb, State: Running, Role: LEADER
I0727 05:16:29.191705 50010 consensus_queue.cc:165] T a554a629ae22401b83628151c7807ba4 P b497dbd6bd1a4c998891b00d2493a1bb [LEADER]: Queue going to LEADER mode. State: All replicated index: 0, Majority replicated index: 0, Committed index: 0, Last appended: 0.0, Last appended by leader: 0, Current term: 1, Majority size: 2, State: 1, Mode: LEADER, active raft config: opid_index: -1 OBSOLETE_local: false peers { permanent_uuid: "b497dbd6bd1a4c998891b00d2493a1bb" member_type: VOTER last_known_addr { host: "ip-172-31-12-168" port: 31202 } } peers { permanent_uuid: "6f1af300e1d549d6b1cdd8bf3b9aeb9c" member_type: VOTER last_known_addr { host: "ip-172-31-12-168" port: 31201 } } peers { permanent_uuid: "3a3c735705964e1badb66c37a66a9096" member_type: VOTER last_known_addr { host: "ip-172-31-12-168" port: 31200 } }
I0727 05:16:29.302481 20913 raft_consensus.cc:2372] T 7c456491f02e4c0bbd4a2d06106a00a1 P b497dbd6bd1a4c998891b00d2493a1bb: Snoozing failure detection for election timeout plus an additional 1.522s
I0727 05:16:29.302495 20913 raft_consensus.cc:1943] T 7c456491f02e4c0bbd4a2d06106a00a1 P b497dbd6bd1a4c998891b00d2493a1bb [term 0 FOLLOWER]: Leader pre-election vote request: Granting yes vote for candidate 3a3c735705964e1badb66c37a66a9096 in term 0.
I0727 05:16:29.303081 20913 raft_consensus.cc:2419] T 7c456491f02e4c0bbd4a2d06106a00a1 P b497dbd6bd1a4c998891b00d2493a1bb [term 0 FOLLOWER]: Advancing to term 1
I0727 05:16:29.303092 20913 raft_consensus.cc:2372] T 7c456491f02e4c0bbd4a2d06106a00a1 P b497dbd6bd1a4c998891b00d2493a1bb: Snoozing failure detection for election timeout plus an additional 1.882s
I0727 05:16:29.303331 20913 raft_consensus.cc:1943] T 7c456491f02e4c0bbd4a2d06106a00a1 P b497dbd6bd1a4c998891b00d2493a1bb [term 1 FOLLOWER]: Leader election vote request: Granting yes vote for candidate 3a3c735705964e1badb66c37a66a9096 in term 1.
I0727 05:16:29.408033 20913 raft_consensus.cc:944] T 959dd06cf03846e2b41a5260d6c51908 P b497dbd6bd1a4c998891b00d2493a1bb [term 1 FOLLOWER]: Refusing update from remote peer 3a3c735705964e1badb66c37a66a9096: Log matching property violated. Preceding OpId in replica: term: 0 index: 0. Preceding OpId from leader: term: 1 index: 1. (index mismatch)
I0727 05:16:29.526414 50010 consensus_queue.cc:722] T a554a629ae22401b83628151c7807ba4 P b497dbd6bd1a4c998891b00d2493a1bb [LEADER]: Connected to new peer: Peer: 6f1af300e1d549d6b1cdd8bf3b9aeb9c, Is new: false, Last received: 0.0, Next index: 1, Last known committed idx: 0, Last exchange result: ERROR, Needs tablet copy: false
I0727 05:16:29.527109 42659 consensus_queue.cc:722] T a554a629ae22401b83628151c7807ba4 P b497dbd6bd1a4c998891b00d2493a1bb [LEADER]: Connected to new peer: Peer: 3a3c735705964e1badb66c37a66a9096, Is new: false, Last received: 0.0, Next index: 1, Last known committed idx: 0, Last exchange result: ERROR, Needs tablet copy: false
I0727 05:16:29.601871 20915 raft_consensus.cc:944] T 7c456491f02e4c0bbd4a2d06106a00a1 P b497dbd6bd1a4c998891b00d2493a1bb [term 1 FOLLOWER]: Refusing update from remote peer 3a3c735705964e1badb66c37a66a9096: Log matching property violated. Preceding OpId in replica: term: 0 index: 0. Preceding OpId from leader: term: 1 index: 1. (index mismatch)
I0727 05:16:36.847792 20880 tablet_service.cc:713] Processing DeleteTablet for tablet 3b4b9c40ec1e40639b260d5dbd2964c2 with delete_type TABLET_DATA_DELETED (Table deleted at 2017-07-27 05:16:36 UTC) from {username='ubuntu'} at 127.0.0.1:34066
I0727 05:16:36.847805 20879 tablet_service.cc:713] Processing DeleteTablet for tablet a8e914f58b434691b64c6df7f1b7bfe8 with delete_type TABLET_DATA_DELETED (Table deleted at 2017-07-27 05:16:36 UTC) from {username='ubuntu'} at 127.0.0.1:34066
I0727 05:16:36.847820 20880 tablet_replica.cc:225] Initiating TabletReplica shutdown for tablet: 3b4b9c40ec1e40639b260d5dbd2964c2
I0727 05:16:36.847821 20879 tablet_replica.cc:225] Initiating TabletReplica shutdown for tablet: a8e914f58b434691b64c6df7f1b7bfe8
I0727 05:16:36.847836 20880 maintenance_manager.cc:206] P b497dbd6bd1a4c998891b00d2493a1bb: Unregistered op CompactRowSetsOp(3b4b9c40ec1e40639b260d5dbd2964c2)
I0727 05:16:36.847847 20883 tablet_service.cc:713] Processing DeleteTablet for tablet 7ee54e893cce4e749cad362104302e81 with delete_type TABLET_DATA_DELETED (Table deleted at 2017-07-27 05:16:36 UTC) from {username='ubuntu'} at 127.0.0.1:34066
I0727 05:16:36.847852 20880 maintenance_manager.cc:206] P b497dbd6bd1a4c998891b00d2493a1bb: Unregistered op MinorDeltaCompactionOp(3b4b9c40ec1e40639b260d5dbd2964c2)
I0727 05:16:36.847863 20883 tablet_replica.cc:225] Initiating TabletReplica shutdown for tablet: 7ee54e893cce4e749cad362104302e81
I0727 05:16:36.847849 20879 maintenance_manager.cc:206] P b497dbd6bd1a4c998891b00d2493a1bb: Unregistered op CompactRowSetsOp(a8e914f58b434691b64c6df7f1b7bfe8)
I0727 05:16:36.847867 20880 maintenance_manager.cc:206] P b497dbd6bd1a4c998891b00d2493a1bb: Unregistered op MajorDeltaCompactionOp(3b4b9c40ec1e40639b260d5dbd2964c2)
I0727 05:16:36.847877 20883 maintenance_manager.cc:206] P b497dbd6bd1a4c998891b00d2493a1bb: Unregistered op CompactRowSetsOp(7ee54e893cce4e749cad362104302e81)
I0727 05:16:36.847892 20883 maintenance_manager.cc:206] P b497dbd6bd1a4c998891b00d2493a1bb: Unregistered op MinorDeltaCompactionOp(7ee54e893cce4e749cad362104302e81)
I0727 05:16:36.847908 20883 maintenance_manager.cc:206] P b497dbd6bd1a4c998891b00d2493a1bb: Unregistered op MajorDeltaCompactionOp(7ee54e893cce4e749cad362104302e81)
I0727 05:16:36.847914 20883 maintenance_manager.cc:206] P b497dbd6bd1a4c998891b00d2493a1bb: Unregistered op UndoDeltaBlockGCOp(7ee54e893cce4e749cad362104302e81)
I0727 05:16:36.847932 20883 maintenance_manager.cc:206] P b497dbd6bd1a4c998891b00d2493a1bb: Unregistered op FlushMRSOp(7ee54e893cce4e749cad362104302e81)
I0727 05:16:36.847945 20883 maintenance_manager.cc:206] P b497dbd6bd1a4c998891b00d2493a1bb: Unregistered op FlushDeltaMemStoresOp(7ee54e893cce4e749cad362104302e81)
I0727 05:16:36.847949 20883 maintenance_manager.cc:206] P b497dbd6bd1a4c998891b00d2493a1bb: Unregistered op LogGCOp(7ee54e893cce4e749cad362104302e81)
I0727 05:16:36.847962 20883 raft_consensus.cc:1763] T 7ee54e893cce4e749cad362104302e81 P b497dbd6bd1a4c998891b00d2493a1bb [term 1 LEADER]: Raft consensus shutting down.
I0727 05:16:36.847946 20880 maintenance_manager.cc:206] P b497dbd6bd1a4c998891b00d2493a1bb: Unregistered op UndoDeltaBlockGCOp(3b4b9c40ec1e40639b260d5dbd2964c2)
I0727 05:16:36.847966 20883 consensus_peers.cc:400] T 7ee54e893cce4e749cad362104302e81 P b497dbd6bd1a4c998891b00d2493a1bb -> Peer 6f1af300e1d549d6b1cdd8bf3b9aeb9c (ip-172-31-12-168:31201): Closing peer: 6f1af300e1d549d6b1cdd8bf3b9aeb9c
I0727 05:16:36.847980 20880 maintenance_manager.cc:206] P b497dbd6bd1a4c998891b00d2493a1bb: Unregistered op FlushMRSOp(3b4b9c40ec1e40639b260d5dbd2964c2)
I0727 05:16:36.847982 20883 consensus_peers.cc:400] T 7ee54e893cce4e749cad362104302e81 P b497dbd6bd1a4c998891b00d2493a1bb -> Peer 3a3c735705964e1badb66c37a66a9096 (ip-172-31-12-168:31200): Closing peer: 3a3c735705964e1badb66c37a66a9096
I0727 05:16:36.847985 20880 maintenance_manager.cc:206] P b497dbd6bd1a4c998891b00d2493a1bb: Unregistered op FlushDeltaMemStoresOp(3b4b9c40ec1e40639b260d5dbd2964c2)
I0727 05:16:36.848009 20880 maintenance_manager.cc:206] P b497dbd6bd1a4c998891b00d2493a1bb: Unregistered op LogGCOp(3b4b9c40ec1e40639b260d5dbd2964c2)
I0727 05:16:36.847998 20883 raft_consensus.cc:1778] T 7ee54e893cce4e749cad362104302e81 P b497dbd6bd1a4c998891b00d2493a1bb [term 1 LEADER]: Raft consensus is shut down!
I0727 05:16:36.848013 20880 raft_consensus.cc:1763] T 3b4b9c40ec1e40639b260d5dbd2964c2 P b497dbd6bd1a4c998891b00d2493a1bb [term 1 FOLLOWER]: Raft consensus shutting down.
I0727 05:16:36.848028 20880 raft_consensus.cc:1778] T 3b4b9c40ec1e40639b260d5dbd2964c2 P b497dbd6bd1a4c998891b00d2493a1bb [term 1 FOLLOWER]: Raft consensus is shut down!
I0727 05:16:36.848086 20879 maintenance_manager.cc:206] P b497dbd6bd1a4c998891b00d2493a1bb: Unregistered op MinorDeltaCompactionOp(a8e914f58b434691b64c6df7f1b7bfe8)
I0727 05:16:36.848104 20879 maintenance_manager.cc:206] P b497dbd6bd1a4c998891b00d2493a1bb: Unregistered op MajorDeltaCompactionOp(a8e914f58b434691b64c6df7f1b7bfe8)
I0727 05:16:36.848110 20879 maintenance_manager.cc:206] P b497dbd6bd1a4c998891b00d2493a1bb: Unregistered op UndoDeltaBlockGCOp(a8e914f58b434691b64c6df7f1b7bfe8)
I0727 05:16:36.848114 20879 maintenance_manager.cc:206] P b497dbd6bd1a4c998891b00d2493a1bb: Unregistered op FlushMRSOp(a8e914f58b434691b64c6df7f1b7bfe8)
I0727 05:16:36.848119 20879 maintenance_manager.cc:206] P b497dbd6bd1a4c998891b00d2493a1bb: Unregistered op FlushDeltaMemStoresOp(a8e914f58b434691b64c6df7f1b7bfe8)
I0727 05:16:36.848122 20879 maintenance_manager.cc:206] P b497dbd6bd1a4c998891b00d2493a1bb: Unregistered op LogGCOp(a8e914f58b434691b64c6df7f1b7bfe8)
I0727 05:16:36.848127 20879 raft_consensus.cc:1763] T a8e914f58b434691b64c6df7f1b7bfe8 P b497dbd6bd1a4c998891b00d2493a1bb [term 1 FOLLOWER]: Raft consensus shutting down.
I0727 05:16:36.848132 20879 raft_consensus.cc:1778] T a8e914f58b434691b64c6df7f1b7bfe8 P b497dbd6bd1a4c998891b00d2493a1bb [term 1 FOLLOWER]: Raft consensus is shut down!
I0727 05:16:36.848253 20883 ts_tablet_manager.cc:1030] T 7ee54e893cce4e749cad362104302e81 P b497dbd6bd1a4c998891b00d2493a1bb: Deleting tablet data with delete state TABLET_DATA_DELETED
I0727 05:16:36.848346 20879 ts_tablet_manager.cc:1030] T a8e914f58b434691b64c6df7f1b7bfe8 P b497dbd6bd1a4c998891b00d2493a1bb: Deleting tablet data with delete state TABLET_DATA_DELETED
I0727 05:16:36.848367 20880 ts_tablet_manager.cc:1030] T 3b4b9c40ec1e40639b260d5dbd2964c2 P b497dbd6bd1a4c998891b00d2493a1bb: Deleting tablet data with delete state TABLET_DATA_DELETED
I0727 05:16:36.849819 20883 ts_tablet_manager.cc:1042] T 7ee54e893cce4e749cad362104302e81 P b497dbd6bd1a4c998891b00d2493a1bb: Tablet deleted. Last logged OpId: 1.1
I0727 05:16:36.849834 20883 log.cc:974] T 7ee54e893cce4e749cad362104302e81 P b497dbd6bd1a4c998891b00d2493a1bb: Deleting WAL directory at /home/ubuntu/Impala/testdata/cluster/cdh5/node-1/var/lib/kudu/ts/wal/wals/7ee54e893cce4e749cad362104302e81
I0727 05:16:36.849927 20883 ts_tablet_manager.cc:1060] T 7ee54e893cce4e749cad362104302e81 P b497dbd6bd1a4c998891b00d2493a1bb: Deleting consensus metadata
I0727 05:16:36.850642 20880 ts_tablet_manager.cc:1042] T 3b4b9c40ec1e40639b260d5dbd2964c2 P b497dbd6bd1a4c998891b00d2493a1bb: Tablet deleted. Last logged OpId: 1.1
I0727 05:16:36.850662 20880 log.cc:974] T 3b4b9c40ec1e40639b260d5dbd2964c2 P b497dbd6bd1a4c998891b00d2493a1bb: Deleting WAL directory at /home/ubuntu/Impala/testdata/cluster/cdh5/node-1/var/lib/kudu/ts/wal/wals/3b4b9c40ec1e40639b260d5dbd2964c2
I0727 05:16:36.850708 20879 ts_tablet_manager.cc:1042] T a8e914f58b434691b64c6df7f1b7bfe8 P b497dbd6bd1a4c998891b00d2493a1bb: Tablet deleted. Last logged OpId: 1.1
I0727 05:16:36.850728 20879 log.cc:974] T a8e914f58b434691b64c6df7f1b7bfe8 P b497dbd6bd1a4c998891b00d2493a1bb: Deleting WAL directory at /home/ubuntu/Impala/testdata/cluster/cdh5/node-1/var/lib/kudu/ts/wal/wals/a8e914f58b434691b64c6df7f1b7bfe8
I0727 05:16:36.850729 20880 ts_tablet_manager.cc:1060] T 3b4b9c40ec1e40639b260d5dbd2964c2 P b497dbd6bd1a4c998891b00d2493a1bb: Deleting consensus metadata
I0727 05:16:36.850828 20879 ts_tablet_manager.cc:1060] T a8e914f58b434691b64c6df7f1b7bfe8 P b497dbd6bd1a4c998891b00d2493a1bb: Deleting consensus metadata
I0727 05:16:36.972692 20879 tablet_service.cc:672] Processing CreateTablet for tablet 904259aacdee4b52902b54cf4a48422a (table=impala::functional_kudu.testtbl [id=50ec701d19d9423d90918fc4bef85b2b]), partition=RANGE (id) PARTITION VALUES < 1004
I0727 05:16:36.972714 20880 tablet_service.cc:672] Processing CreateTablet for tablet a48dec82544c44368e90f3268592bd56 (table=impala::functional_kudu.testtbl [id=50ec701d19d9423d90918fc4bef85b2b]), partition=RANGE (id) PARTITION VALUES >= 1008
I0727 05:16:36.973250 20879 ts_tablet_manager.cc:871] T 904259aacdee4b52902b54cf4a48422a P b497dbd6bd1a4c998891b00d2493a1bb: Registered tablet (data state: TABLET_DATA_READY)
I0727 05:16:36.973270 20880 ts_tablet_manager.cc:871] T a48dec82544c44368e90f3268592bd56 P b497dbd6bd1a4c998891b00d2493a1bb: Registered tablet (data state: TABLET_DATA_READY)
I0727 05:16:36.973507 112069 ts_tablet_manager.cc:741] T 904259aacdee4b52902b54cf4a48422a P b497dbd6bd1a4c998891b00d2493a1bb: Bootstrapping tablet
I0727 05:16:36.972699 20883 tablet_service.cc:672] Processing CreateTablet for tablet cda6fdae46394e928fcbf60687842993 (table=impala::functional_kudu.testtbl [id=50ec701d19d9423d90918fc4bef85b2b]), partition=RANGE (id) PARTITION 1004 <= VALUES < 1008
I0727 05:16:36.973527 112069 tablet_bootstrap.cc:406] T 904259aacdee4b52902b54cf4a48422a P b497dbd6bd1a4c998891b00d2493a1bb: Bootstrap starting.
I0727 05:16:36.973713 112069 tablet_bootstrap.cc:547] T 904259aacdee4b52902b54cf4a48422a P b497dbd6bd1a4c998891b00d2493a1bb: No blocks or log segments found. Creating new log.
I0727 05:16:36.973968 20883 ts_tablet_manager.cc:871] T cda6fdae46394e928fcbf60687842993 P b497dbd6bd1a4c998891b00d2493a1bb: Registered tablet (data state: TABLET_DATA_READY)
I0727 05:16:36.974112 112069 tablet_bootstrap.cc:406] T 904259aacdee4b52902b54cf4a48422a P b497dbd6bd1a4c998891b00d2493a1bb: No bootstrap required, opened a new log
I0727 05:16:36.974131 112069 ts_tablet_manager.cc:746] T 904259aacdee4b52902b54cf4a48422a P b497dbd6bd1a4c998891b00d2493a1bb: Time spent bootstrapping tablet: real 0.001s	user 0.000s	sys 0.000s
I0727 05:16:36.974398 112069 raft_consensus.cc:284] T 904259aacdee4b52902b54cf4a48422a P b497dbd6bd1a4c998891b00d2493a1bb [term 0 FOLLOWER]: Replica starting. Triggering 0 pending transactions. Active config: opid_index: -1 OBSOLETE_local: false peers { permanent_uuid: "b497dbd6bd1a4c998891b00d2493a1bb" member_type: VOTER last_known_addr { host: "ip-172-31-12-168" port: 31202 } } peers { permanent_uuid: "6f1af300e1d549d6b1cdd8bf3b9aeb9c" member_type: VOTER last_known_addr { host: "ip-172-31-12-168" port: 31201 } } peers { permanent_uuid: "3a3c735705964e1badb66c37a66a9096" member_type: VOTER last_known_addr { host: "ip-172-31-12-168" port: 31200 } }
I0727 05:16:36.974413 112069 raft_consensus.cc:316] T 904259aacdee4b52902b54cf4a48422a P b497dbd6bd1a4c998891b00d2493a1bb [term 0 FOLLOWER]: Consensus starting up: Expiring failure detector timer to make a prompt election more likely
I0727 05:16:36.974424 112069 raft_consensus.cc:560] T 904259aacdee4b52902b54cf4a48422a P b497dbd6bd1a4c998891b00d2493a1bb [term 0 FOLLOWER]: Becoming Follower/Learner. State: Replica: b497dbd6bd1a4c998891b00d2493a1bb, State: Running, Role: FOLLOWER
I0727 05:16:36.974439 112069 consensus_queue.cc:186] T 904259aacdee4b52902b54cf4a48422a P b497dbd6bd1a4c998891b00d2493a1bb [NON_LEADER]: Queue going to NON_LEADER mode. State: All replicated index: 0, Majority replicated index: 0, Committed index: 0, Last appended: 0.0, Last appended by leader: 0, Current term: 0, Majority size: -1, State: 1, Mode: NON_LEADER
I0727 05:16:36.974495 112069 ts_tablet_manager.cc:775] T 904259aacdee4b52902b54cf4a48422a P b497dbd6bd1a4c998891b00d2493a1bb: Time spent starting tablet: real 0.000s	user 0.000s	sys 0.000s
I0727 05:16:36.974509 112069 ts_tablet_manager.cc:741] T a48dec82544c44368e90f3268592bd56 P b497dbd6bd1a4c998891b00d2493a1bb: Bootstrapping tablet
I0727 05:16:36.974516 112069 tablet_bootstrap.cc:406] T a48dec82544c44368e90f3268592bd56 P b497dbd6bd1a4c998891b00d2493a1bb: Bootstrap starting.
I0727 05:16:36.974632 112069 tablet_bootstrap.cc:547] T a48dec82544c44368e90f3268592bd56 P b497dbd6bd1a4c998891b00d2493a1bb: No blocks or log segments found. Creating new log.
I0727 05:16:36.974997 112069 tablet_bootstrap.cc:406] T a48dec82544c44368e90f3268592bd56 P b497dbd6bd1a4c998891b00d2493a1bb: No bootstrap required, opened a new log
I0727 05:16:36.975013 112069 ts_tablet_manager.cc:746] T a48dec82544c44368e90f3268592bd56 P b497dbd6bd1a4c998891b00d2493a1bb: Time spent bootstrapping tablet: real 0.000s	user 0.000s	sys 0.000s
I0727 05:16:36.975291 112069 raft_consensus.cc:284] T a48dec82544c44368e90f3268592bd56 P b497dbd6bd1a4c998891b00d2493a1bb [term 0 FOLLOWER]: Replica starting. Triggering 0 pending transactions. Active config: opid_index: -1 OBSOLETE_local: false peers { permanent_uuid: "b497dbd6bd1a4c998891b00d2493a1bb" member_type: VOTER last_known_addr { host: "ip-172-31-12-168" port: 31202 } } peers { permanent_uuid: "6f1af300e1d549d6b1cdd8bf3b9aeb9c" member_type: VOTER last_known_addr { host: "ip-172-31-12-168" port: 31201 } } peers { permanent_uuid: "3a3c735705964e1badb66c37a66a9096" member_type: VOTER last_known_addr { host: "ip-172-31-12-168" port: 31200 } }
