I0727 05:15:56.959466 111892 raft_consensus.cc:284] T 6dc8ccedf22d42e19138c2806fc52dd8 P b497dbd6bd1a4c998891b00d2493a1bb [term 0 FOLLOWER]: Replica starting. Triggering 0 pending transactions. Active config: opid_index: -1 OBSOLETE_local: false peers { permanent_uuid: "6f1af300e1d549d6b1cdd8bf3b9aeb9c" member_type: VOTER last_known_addr { host: "ip-172-31-12-168" port: 31201 } } peers { permanent_uuid: "3a3c735705964e1badb66c37a66a9096" member_type: VOTER last_known_addr { host: "ip-172-31-12-168" port: 31200 } } peers { permanent_uuid: "b497dbd6bd1a4c998891b00d2493a1bb" member_type: VOTER last_known_addr { host: "ip-172-31-12-168" port: 31202 } }
I0727 05:15:56.959481 111892 raft_consensus.cc:316] T 6dc8ccedf22d42e19138c2806fc52dd8 P b497dbd6bd1a4c998891b00d2493a1bb [term 0 FOLLOWER]: Consensus starting up: Expiring failure detector timer to make a prompt election more likely
I0727 05:15:56.959484 111892 raft_consensus.cc:560] T 6dc8ccedf22d42e19138c2806fc52dd8 P b497dbd6bd1a4c998891b00d2493a1bb [term 0 FOLLOWER]: Becoming Follower/Learner. State: Replica: b497dbd6bd1a4c998891b00d2493a1bb, State: Running, Role: FOLLOWER
I0727 05:15:56.959491 111892 consensus_queue.cc:186] T 6dc8ccedf22d42e19138c2806fc52dd8 P b497dbd6bd1a4c998891b00d2493a1bb [NON_LEADER]: Queue going to NON_LEADER mode. State: All replicated index: 0, Majority replicated index: 0, Committed index: 0, Last appended: 0.0, Last appended by leader: 0, Current term: 0, Majority size: -1, State: 1, Mode: NON_LEADER
I0727 05:15:56.959537 111892 ts_tablet_manager.cc:775] T 6dc8ccedf22d42e19138c2806fc52dd8 P b497dbd6bd1a4c998891b00d2493a1bb: Time spent starting tablet: real 0.000s	user 0.000s	sys 0.000s
I0727 05:15:56.959547 111892 ts_tablet_manager.cc:741] T 254ba99f2b86400f9a2859093e15cd8c P b497dbd6bd1a4c998891b00d2493a1bb: Bootstrapping tablet
I0727 05:15:56.959553 111892 tablet_bootstrap.cc:406] T 254ba99f2b86400f9a2859093e15cd8c P b497dbd6bd1a4c998891b00d2493a1bb: Bootstrap starting.
I0727 05:15:56.959662 111892 tablet_bootstrap.cc:547] T 254ba99f2b86400f9a2859093e15cd8c P b497dbd6bd1a4c998891b00d2493a1bb: No blocks or log segments found. Creating new log.
I0727 05:15:56.960029 111892 tablet_bootstrap.cc:406] T 254ba99f2b86400f9a2859093e15cd8c P b497dbd6bd1a4c998891b00d2493a1bb: No bootstrap required, opened a new log
I0727 05:15:56.960048 111892 ts_tablet_manager.cc:746] T 254ba99f2b86400f9a2859093e15cd8c P b497dbd6bd1a4c998891b00d2493a1bb: Time spent bootstrapping tablet: real 0.000s	user 0.000s	sys 0.000s
I0727 05:15:56.960326 111892 raft_consensus.cc:284] T 254ba99f2b86400f9a2859093e15cd8c P b497dbd6bd1a4c998891b00d2493a1bb [term 0 FOLLOWER]: Replica starting. Triggering 0 pending transactions. Active config: opid_index: -1 OBSOLETE_local: false peers { permanent_uuid: "6f1af300e1d549d6b1cdd8bf3b9aeb9c" member_type: VOTER last_known_addr { host: "ip-172-31-12-168" port: 31201 } } peers { permanent_uuid: "3a3c735705964e1badb66c37a66a9096" member_type: VOTER last_known_addr { host: "ip-172-31-12-168" port: 31200 } } peers { permanent_uuid: "b497dbd6bd1a4c998891b00d2493a1bb" member_type: VOTER last_known_addr { host: "ip-172-31-12-168" port: 31202 } }
I0727 05:15:56.960340 111892 raft_consensus.cc:316] T 254ba99f2b86400f9a2859093e15cd8c P b497dbd6bd1a4c998891b00d2493a1bb [term 0 FOLLOWER]: Consensus starting up: Expiring failure detector timer to make a prompt election more likely
I0727 05:15:56.960343 111892 raft_consensus.cc:560] T 254ba99f2b86400f9a2859093e15cd8c P b497dbd6bd1a4c998891b00d2493a1bb [term 0 FOLLOWER]: Becoming Follower/Learner. State: Replica: b497dbd6bd1a4c998891b00d2493a1bb, State: Running, Role: FOLLOWER
I0727 05:15:56.960348 111892 consensus_queue.cc:186] T 254ba99f2b86400f9a2859093e15cd8c P b497dbd6bd1a4c998891b00d2493a1bb [NON_LEADER]: Queue going to NON_LEADER mode. State: All replicated index: 0, Majority replicated index: 0, Committed index: 0, Last appended: 0.0, Last appended by leader: 0, Current term: 0, Majority size: -1, State: 1, Mode: NON_LEADER
I0727 05:15:56.960389 111892 ts_tablet_manager.cc:775] T 254ba99f2b86400f9a2859093e15cd8c P b497dbd6bd1a4c998891b00d2493a1bb: Time spent starting tablet: real 0.000s	user 0.000s	sys 0.000s
I0727 05:15:56.960402 111892 ts_tablet_manager.cc:741] T 27a5b15a78254fa1890137a0f3df9276 P b497dbd6bd1a4c998891b00d2493a1bb: Bootstrapping tablet
I0727 05:15:56.960405 111892 tablet_bootstrap.cc:406] T 27a5b15a78254fa1890137a0f3df9276 P b497dbd6bd1a4c998891b00d2493a1bb: Bootstrap starting.
I0727 05:15:56.960523 111892 tablet_bootstrap.cc:547] T 27a5b15a78254fa1890137a0f3df9276 P b497dbd6bd1a4c998891b00d2493a1bb: No blocks or log segments found. Creating new log.
I0727 05:15:56.960911 111892 tablet_bootstrap.cc:406] T 27a5b15a78254fa1890137a0f3df9276 P b497dbd6bd1a4c998891b00d2493a1bb: No bootstrap required, opened a new log
I0727 05:15:56.960930 111892 ts_tablet_manager.cc:746] T 27a5b15a78254fa1890137a0f3df9276 P b497dbd6bd1a4c998891b00d2493a1bb: Time spent bootstrapping tablet: real 0.001s	user 0.001s	sys 0.000s
I0727 05:15:56.961184 111892 raft_consensus.cc:284] T 27a5b15a78254fa1890137a0f3df9276 P b497dbd6bd1a4c998891b00d2493a1bb [term 0 FOLLOWER]: Replica starting. Triggering 0 pending transactions. Active config: opid_index: -1 OBSOLETE_local: false peers { permanent_uuid: "6f1af300e1d549d6b1cdd8bf3b9aeb9c" member_type: VOTER last_known_addr { host: "ip-172-31-12-168" port: 31201 } } peers { permanent_uuid: "3a3c735705964e1badb66c37a66a9096" member_type: VOTER last_known_addr { host: "ip-172-31-12-168" port: 31200 } } peers { permanent_uuid: "b497dbd6bd1a4c998891b00d2493a1bb" member_type: VOTER last_known_addr { host: "ip-172-31-12-168" port: 31202 } }
I0727 05:15:56.961197 111892 raft_consensus.cc:316] T 27a5b15a78254fa1890137a0f3df9276 P b497dbd6bd1a4c998891b00d2493a1bb [term 0 FOLLOWER]: Consensus starting up: Expiring failure detector timer to make a prompt election more likely
I0727 05:15:56.961200 111892 raft_consensus.cc:560] T 27a5b15a78254fa1890137a0f3df9276 P b497dbd6bd1a4c998891b00d2493a1bb [term 0 FOLLOWER]: Becoming Follower/Learner. State: Replica: b497dbd6bd1a4c998891b00d2493a1bb, State: Running, Role: FOLLOWER
I0727 05:15:56.961210 111892 consensus_queue.cc:186] T 27a5b15a78254fa1890137a0f3df9276 P b497dbd6bd1a4c998891b00d2493a1bb [NON_LEADER]: Queue going to NON_LEADER mode. State: All replicated index: 0, Majority replicated index: 0, Committed index: 0, Last appended: 0.0, Last appended by leader: 0, Current term: 0, Majority size: -1, State: 1, Mode: NON_LEADER
I0727 05:15:56.961241 111892 ts_tablet_manager.cc:775] T 27a5b15a78254fa1890137a0f3df9276 P b497dbd6bd1a4c998891b00d2493a1bb: Time spent starting tablet: real 0.000s	user 0.000s	sys 0.000s
I0727 05:15:57.270146 20915 raft_consensus.cc:2372] T 254ba99f2b86400f9a2859093e15cd8c P b497dbd6bd1a4c998891b00d2493a1bb: Snoozing failure detection for election timeout plus an additional 2.140s
I0727 05:15:57.270162 20915 raft_consensus.cc:1943] T 254ba99f2b86400f9a2859093e15cd8c P b497dbd6bd1a4c998891b00d2493a1bb [term 0 FOLLOWER]: Leader pre-election vote request: Granting yes vote for candidate 3a3c735705964e1badb66c37a66a9096 in term 0.
I0727 05:15:57.270817 20915 raft_consensus.cc:2419] T 254ba99f2b86400f9a2859093e15cd8c P b497dbd6bd1a4c998891b00d2493a1bb [term 0 FOLLOWER]: Advancing to term 1
I0727 05:15:57.270833 20915 raft_consensus.cc:2372] T 254ba99f2b86400f9a2859093e15cd8c P b497dbd6bd1a4c998891b00d2493a1bb: Snoozing failure detection for election timeout plus an additional 2.092s
I0727 05:15:57.271129 20915 raft_consensus.cc:1943] T 254ba99f2b86400f9a2859093e15cd8c P b497dbd6bd1a4c998891b00d2493a1bb [term 1 FOLLOWER]: Leader election vote request: Granting yes vote for candidate 3a3c735705964e1badb66c37a66a9096 in term 1.
I0727 05:15:57.437692 20915 raft_consensus.cc:2372] T 27a5b15a78254fa1890137a0f3df9276 P b497dbd6bd1a4c998891b00d2493a1bb: Snoozing failure detection for election timeout plus an additional 2.236s
I0727 05:15:57.437707 20915 raft_consensus.cc:1943] T 27a5b15a78254fa1890137a0f3df9276 P b497dbd6bd1a4c998891b00d2493a1bb [term 0 FOLLOWER]: Leader pre-election vote request: Granting yes vote for candidate 6f1af300e1d549d6b1cdd8bf3b9aeb9c in term 0.
I0727 05:15:57.438299 20915 raft_consensus.cc:2419] T 27a5b15a78254fa1890137a0f3df9276 P b497dbd6bd1a4c998891b00d2493a1bb [term 0 FOLLOWER]: Advancing to term 1
I0727 05:15:57.438315 20915 raft_consensus.cc:2372] T 27a5b15a78254fa1890137a0f3df9276 P b497dbd6bd1a4c998891b00d2493a1bb: Snoozing failure detection for election timeout plus an additional 1.539s
I0727 05:15:57.438527 20915 raft_consensus.cc:1943] T 27a5b15a78254fa1890137a0f3df9276 P b497dbd6bd1a4c998891b00d2493a1bb [term 1 FOLLOWER]: Leader election vote request: Granting yes vote for candidate 6f1af300e1d549d6b1cdd8bf3b9aeb9c in term 1.
I0727 05:15:57.510440 20915 raft_consensus.cc:2372] T 6dc8ccedf22d42e19138c2806fc52dd8 P b497dbd6bd1a4c998891b00d2493a1bb: Snoozing failure detection for election timeout plus an additional 1.551s
I0727 05:15:57.510457 20915 raft_consensus.cc:1943] T 6dc8ccedf22d42e19138c2806fc52dd8 P b497dbd6bd1a4c998891b00d2493a1bb [term 0 FOLLOWER]: Leader pre-election vote request: Granting yes vote for candidate 6f1af300e1d549d6b1cdd8bf3b9aeb9c in term 0.
I0727 05:15:57.511051 20915 raft_consensus.cc:2419] T 6dc8ccedf22d42e19138c2806fc52dd8 P b497dbd6bd1a4c998891b00d2493a1bb [term 0 FOLLOWER]: Advancing to term 1
I0727 05:15:57.511071 20915 raft_consensus.cc:2372] T 6dc8ccedf22d42e19138c2806fc52dd8 P b497dbd6bd1a4c998891b00d2493a1bb: Snoozing failure detection for election timeout plus an additional 2.098s
I0727 05:15:57.511394 20915 raft_consensus.cc:1943] T 6dc8ccedf22d42e19138c2806fc52dd8 P b497dbd6bd1a4c998891b00d2493a1bb [term 1 FOLLOWER]: Leader election vote request: Granting yes vote for candidate 6f1af300e1d549d6b1cdd8bf3b9aeb9c in term 1.
I0727 05:15:57.581571 20913 raft_consensus.cc:944] T 254ba99f2b86400f9a2859093e15cd8c P b497dbd6bd1a4c998891b00d2493a1bb [term 1 FOLLOWER]: Refusing update from remote peer 3a3c735705964e1badb66c37a66a9096: Log matching property violated. Preceding OpId in replica: term: 0 index: 0. Preceding OpId from leader: term: 1 index: 1. (index mismatch)
I0727 05:15:57.711089 20913 raft_consensus.cc:944] T 27a5b15a78254fa1890137a0f3df9276 P b497dbd6bd1a4c998891b00d2493a1bb [term 1 FOLLOWER]: Refusing update from remote peer 6f1af300e1d549d6b1cdd8bf3b9aeb9c: Log matching property violated. Preceding OpId in replica: term: 0 index: 0. Preceding OpId from leader: term: 1 index: 1. (index mismatch)
I0727 05:15:57.836185 20913 raft_consensus.cc:944] T 6dc8ccedf22d42e19138c2806fc52dd8 P b497dbd6bd1a4c998891b00d2493a1bb [term 1 FOLLOWER]: Refusing update from remote peer 6f1af300e1d549d6b1cdd8bf3b9aeb9c: Log matching property violated. Preceding OpId in replica: term: 0 index: 0. Preceding OpId from leader: term: 1 index: 1. (index mismatch)
I0727 05:16:04.832934 20879 tablet_service.cc:713] Processing DeleteTablet for tablet c51d534b33b647f5912d7fed8db5089c with delete_type TABLET_DATA_DELETED (Table deleted at 2017-07-27 05:16:04 UTC) from {username='ubuntu'} at 127.0.0.1:34066
I0727 05:16:04.832963 20879 tablet_replica.cc:225] Initiating TabletReplica shutdown for tablet: c51d534b33b647f5912d7fed8db5089c
I0727 05:16:04.832984 20879 maintenance_manager.cc:206] P b497dbd6bd1a4c998891b00d2493a1bb: Unregistered op CompactRowSetsOp(c51d534b33b647f5912d7fed8db5089c)
I0727 05:16:04.833000 20879 maintenance_manager.cc:206] P b497dbd6bd1a4c998891b00d2493a1bb: Unregistered op MinorDeltaCompactionOp(c51d534b33b647f5912d7fed8db5089c)
I0727 05:16:04.833017 20879 maintenance_manager.cc:206] P b497dbd6bd1a4c998891b00d2493a1bb: Unregistered op MajorDeltaCompactionOp(c51d534b33b647f5912d7fed8db5089c)
I0727 05:16:04.832943 20880 tablet_service.cc:713] Processing DeleteTablet for tablet 094cb9f6644d409b97ef2198d461b7f6 with delete_type TABLET_DATA_DELETED (Table deleted at 2017-07-27 05:16:04 UTC) from {username='ubuntu'} at 127.0.0.1:34066
I0727 05:16:04.833030 20879 maintenance_manager.cc:206] P b497dbd6bd1a4c998891b00d2493a1bb: Unregistered op UndoDeltaBlockGCOp(c51d534b33b647f5912d7fed8db5089c)
I0727 05:16:04.833050 20879 maintenance_manager.cc:206] P b497dbd6bd1a4c998891b00d2493a1bb: Unregistered op FlushMRSOp(c51d534b33b647f5912d7fed8db5089c)
I0727 05:16:04.833065 20879 maintenance_manager.cc:206] P b497dbd6bd1a4c998891b00d2493a1bb: Unregistered op FlushDeltaMemStoresOp(c51d534b33b647f5912d7fed8db5089c)
I0727 05:16:04.833079 20879 maintenance_manager.cc:206] P b497dbd6bd1a4c998891b00d2493a1bb: Unregistered op LogGCOp(c51d534b33b647f5912d7fed8db5089c)
I0727 05:16:04.833035 20880 tablet_replica.cc:225] Initiating TabletReplica shutdown for tablet: 094cb9f6644d409b97ef2198d461b7f6
I0727 05:16:04.833087 20879 raft_consensus.cc:1763] T c51d534b33b647f5912d7fed8db5089c P b497dbd6bd1a4c998891b00d2493a1bb [term 1 FOLLOWER]: Raft consensus shutting down.
I0727 05:16:04.833112 20879 raft_consensus.cc:1778] T c51d534b33b647f5912d7fed8db5089c P b497dbd6bd1a4c998891b00d2493a1bb [term 1 FOLLOWER]: Raft consensus is shut down!
I0727 05:16:04.833092 20880 maintenance_manager.cc:206] P b497dbd6bd1a4c998891b00d2493a1bb: Unregistered op CompactRowSetsOp(094cb9f6644d409b97ef2198d461b7f6)
I0727 05:16:04.833128 20880 maintenance_manager.cc:206] P b497dbd6bd1a4c998891b00d2493a1bb: Unregistered op MinorDeltaCompactionOp(094cb9f6644d409b97ef2198d461b7f6)
I0727 05:16:04.833127 20883 tablet_service.cc:713] Processing DeleteTablet for tablet aec4a02f0cc84b6c9c25787969b67568 with delete_type TABLET_DATA_DELETED (Table deleted at 2017-07-27 05:16:04 UTC) from {username='ubuntu'} at 127.0.0.1:34066
I0727 05:16:04.833132 20880 maintenance_manager.cc:206] P b497dbd6bd1a4c998891b00d2493a1bb: Unregistered op MajorDeltaCompactionOp(094cb9f6644d409b97ef2198d461b7f6)
I0727 05:16:04.833137 20880 maintenance_manager.cc:206] P b497dbd6bd1a4c998891b00d2493a1bb: Unregistered op UndoDeltaBlockGCOp(094cb9f6644d409b97ef2198d461b7f6)
I0727 05:16:04.833153 20880 maintenance_manager.cc:206] P b497dbd6bd1a4c998891b00d2493a1bb: Unregistered op FlushMRSOp(094cb9f6644d409b97ef2198d461b7f6)
I0727 05:16:04.833138 20883 tablet_replica.cc:225] Initiating TabletReplica shutdown for tablet: aec4a02f0cc84b6c9c25787969b67568
I0727 05:16:04.833159 20880 maintenance_manager.cc:206] P b497dbd6bd1a4c998891b00d2493a1bb: Unregistered op FlushDeltaMemStoresOp(094cb9f6644d409b97ef2198d461b7f6)
I0727 05:16:04.833176 20880 maintenance_manager.cc:206] P b497dbd6bd1a4c998891b00d2493a1bb: Unregistered op LogGCOp(094cb9f6644d409b97ef2198d461b7f6)
I0727 05:16:04.833166 20883 maintenance_manager.cc:206] P b497dbd6bd1a4c998891b00d2493a1bb: Unregistered op CompactRowSetsOp(aec4a02f0cc84b6c9c25787969b67568)
I0727 05:16:04.833201 20883 maintenance_manager.cc:206] P b497dbd6bd1a4c998891b00d2493a1bb: Unregistered op MinorDeltaCompactionOp(aec4a02f0cc84b6c9c25787969b67568)
I0727 05:16:04.833207 20883 maintenance_manager.cc:206] P b497dbd6bd1a4c998891b00d2493a1bb: Unregistered op MajorDeltaCompactionOp(aec4a02f0cc84b6c9c25787969b67568)
I0727 05:16:04.833183 20880 raft_consensus.cc:1763] T 094cb9f6644d409b97ef2198d461b7f6 P b497dbd6bd1a4c998891b00d2493a1bb [term 1 LEADER]: Raft consensus shutting down.
I0727 05:16:04.833228 20880 consensus_peers.cc:400] T 094cb9f6644d409b97ef2198d461b7f6 P b497dbd6bd1a4c998891b00d2493a1bb -> Peer 6f1af300e1d549d6b1cdd8bf3b9aeb9c (ip-172-31-12-168:31201): Closing peer: 6f1af300e1d549d6b1cdd8bf3b9aeb9c
I0727 05:16:04.833211 20883 maintenance_manager.cc:206] P b497dbd6bd1a4c998891b00d2493a1bb: Unregistered op UndoDeltaBlockGCOp(aec4a02f0cc84b6c9c25787969b67568)
I0727 05:16:04.833247 20883 maintenance_manager.cc:206] P b497dbd6bd1a4c998891b00d2493a1bb: Unregistered op FlushMRSOp(aec4a02f0cc84b6c9c25787969b67568)
I0727 05:16:04.833237 20880 consensus_peers.cc:400] T 094cb9f6644d409b97ef2198d461b7f6 P b497dbd6bd1a4c998891b00d2493a1bb -> Peer 3a3c735705964e1badb66c37a66a9096 (ip-172-31-12-168:31200): Closing peer: 3a3c735705964e1badb66c37a66a9096
I0727 05:16:04.833279 20880 raft_consensus.cc:1778] T 094cb9f6644d409b97ef2198d461b7f6 P b497dbd6bd1a4c998891b00d2493a1bb [term 1 LEADER]: Raft consensus is shut down!
I0727 05:16:04.833252 20883 maintenance_manager.cc:206] P b497dbd6bd1a4c998891b00d2493a1bb: Unregistered op FlushDeltaMemStoresOp(aec4a02f0cc84b6c9c25787969b67568)
I0727 05:16:04.833323 20883 maintenance_manager.cc:206] P b497dbd6bd1a4c998891b00d2493a1bb: Unregistered op LogGCOp(aec4a02f0cc84b6c9c25787969b67568)
I0727 05:16:04.833329 20883 raft_consensus.cc:1763] T aec4a02f0cc84b6c9c25787969b67568 P b497dbd6bd1a4c998891b00d2493a1bb [term 1 LEADER]: Raft consensus shutting down.
I0727 05:16:04.833340 20883 consensus_peers.cc:400] T aec4a02f0cc84b6c9c25787969b67568 P b497dbd6bd1a4c998891b00d2493a1bb -> Peer 6f1af300e1d549d6b1cdd8bf3b9aeb9c (ip-172-31-12-168:31201): Closing peer: 6f1af300e1d549d6b1cdd8bf3b9aeb9c
I0727 05:16:04.833344 20883 consensus_peers.cc:400] T aec4a02f0cc84b6c9c25787969b67568 P b497dbd6bd1a4c998891b00d2493a1bb -> Peer 3a3c735705964e1badb66c37a66a9096 (ip-172-31-12-168:31200): Closing peer: 3a3c735705964e1badb66c37a66a9096
I0727 05:16:04.833358 20883 raft_consensus.cc:1778] T aec4a02f0cc84b6c9c25787969b67568 P b497dbd6bd1a4c998891b00d2493a1bb [term 1 LEADER]: Raft consensus is shut down!
I0727 05:16:04.833359 20879 ts_tablet_manager.cc:1030] T c51d534b33b647f5912d7fed8db5089c P b497dbd6bd1a4c998891b00d2493a1bb: Deleting tablet data with delete state TABLET_DATA_DELETED
I0727 05:16:04.833531 20880 ts_tablet_manager.cc:1030] T 094cb9f6644d409b97ef2198d461b7f6 P b497dbd6bd1a4c998891b00d2493a1bb: Deleting tablet data with delete state TABLET_DATA_DELETED
I0727 05:16:04.833587 20883 ts_tablet_manager.cc:1030] T aec4a02f0cc84b6c9c25787969b67568 P b497dbd6bd1a4c998891b00d2493a1bb: Deleting tablet data with delete state TABLET_DATA_DELETED
I0727 05:16:04.841217 20880 ts_tablet_manager.cc:1042] T 094cb9f6644d409b97ef2198d461b7f6 P b497dbd6bd1a4c998891b00d2493a1bb: Tablet deleted. Last logged OpId: 1.2
I0727 05:16:04.841233 20880 log.cc:974] T 094cb9f6644d409b97ef2198d461b7f6 P b497dbd6bd1a4c998891b00d2493a1bb: Deleting WAL directory at /home/ubuntu/Impala/testdata/cluster/cdh5/node-1/var/lib/kudu/ts/wal/wals/094cb9f6644d409b97ef2198d461b7f6
I0727 05:16:04.841275 20879 ts_tablet_manager.cc:1042] T c51d534b33b647f5912d7fed8db5089c P b497dbd6bd1a4c998891b00d2493a1bb: Tablet deleted. Last logged OpId: 1.2
I0727 05:16:04.841291 20879 log.cc:974] T c51d534b33b647f5912d7fed8db5089c P b497dbd6bd1a4c998891b00d2493a1bb: Deleting WAL directory at /home/ubuntu/Impala/testdata/cluster/cdh5/node-1/var/lib/kudu/ts/wal/wals/c51d534b33b647f5912d7fed8db5089c
I0727 05:16:04.841310 20880 ts_tablet_manager.cc:1060] T 094cb9f6644d409b97ef2198d461b7f6 P b497dbd6bd1a4c998891b00d2493a1bb: Deleting consensus metadata
I0727 05:16:04.841362 20879 ts_tablet_manager.cc:1060] T c51d534b33b647f5912d7fed8db5089c P b497dbd6bd1a4c998891b00d2493a1bb: Deleting consensus metadata
I0727 05:16:04.841495 20883 ts_tablet_manager.cc:1042] T aec4a02f0cc84b6c9c25787969b67568 P b497dbd6bd1a4c998891b00d2493a1bb: Tablet deleted. Last logged OpId: 1.2
I0727 05:16:04.841512 20883 log.cc:974] T aec4a02f0cc84b6c9c25787969b67568 P b497dbd6bd1a4c998891b00d2493a1bb: Deleting WAL directory at /home/ubuntu/Impala/testdata/cluster/cdh5/node-1/var/lib/kudu/ts/wal/wals/aec4a02f0cc84b6c9c25787969b67568
I0727 05:16:04.841579 20883 ts_tablet_manager.cc:1060] T aec4a02f0cc84b6c9c25787969b67568 P b497dbd6bd1a4c998891b00d2493a1bb: Deleting consensus metadata
I0727 05:16:04.962479 20883 tablet_service.cc:672] Processing CreateTablet for tablet 540acbc9d1834865b5e3aaa467f58206 (table=impala::functional_kudu.alltypestiny [id=f72a7c9011c3403580295d7df8dcf857]), partition=HASH (id) PARTITION 0
I0727 05:16:04.962491 20879 tablet_service.cc:672] Processing CreateTablet for tablet 07f356b7460d4263bb413f8f78309f43 (table=impala::functional_kudu.alltypestiny [id=f72a7c9011c3403580295d7df8dcf857]), partition=HASH (id) PARTITION 1
I0727 05:16:04.962519 20880 tablet_service.cc:672] Processing CreateTablet for tablet 933789af856747f2b080179091890956 (table=impala::functional_kudu.alltypestiny [id=f72a7c9011c3403580295d7df8dcf857]), partition=HASH (id) PARTITION 2
I0727 05:16:04.963083 20879 ts_tablet_manager.cc:871] T 07f356b7460d4263bb413f8f78309f43 P b497dbd6bd1a4c998891b00d2493a1bb: Registered tablet (data state: TABLET_DATA_READY)
I0727 05:16:04.963171 111934 ts_tablet_manager.cc:741] T 07f356b7460d4263bb413f8f78309f43 P b497dbd6bd1a4c998891b00d2493a1bb: Bootstrapping tablet
I0727 05:16:04.963187 111934 tablet_bootstrap.cc:406] T 07f356b7460d4263bb413f8f78309f43 P b497dbd6bd1a4c998891b00d2493a1bb: Bootstrap starting.
I0727 05:16:04.963285 20883 ts_tablet_manager.cc:871] T 540acbc9d1834865b5e3aaa467f58206 P b497dbd6bd1a4c998891b00d2493a1bb: Registered tablet (data state: TABLET_DATA_READY)
I0727 05:16:04.963332 20880 ts_tablet_manager.cc:871] T 933789af856747f2b080179091890956 P b497dbd6bd1a4c998891b00d2493a1bb: Registered tablet (data state: TABLET_DATA_READY)
I0727 05:16:04.963340 111934 tablet_bootstrap.cc:547] T 07f356b7460d4263bb413f8f78309f43 P b497dbd6bd1a4c998891b00d2493a1bb: No blocks or log segments found. Creating new log.
I0727 05:16:04.963747 111934 tablet_bootstrap.cc:406] T 07f356b7460d4263bb413f8f78309f43 P b497dbd6bd1a4c998891b00d2493a1bb: No bootstrap required, opened a new log
I0727 05:16:04.963766 111934 ts_tablet_manager.cc:746] T 07f356b7460d4263bb413f8f78309f43 P b497dbd6bd1a4c998891b00d2493a1bb: Time spent bootstrapping tablet: real 0.001s	user 0.000s	sys 0.000s
I0727 05:16:04.964027 111934 raft_consensus.cc:284] T 07f356b7460d4263bb413f8f78309f43 P b497dbd6bd1a4c998891b00d2493a1bb [term 0 FOLLOWER]: Replica starting. Triggering 0 pending transactions. Active config: opid_index: -1 OBSOLETE_local: false peers { permanent_uuid: "3a3c735705964e1badb66c37a66a9096" member_type: VOTER last_known_addr { host: "ip-172-31-12-168" port: 31200 } } peers { permanent_uuid: "b497dbd6bd1a4c998891b00d2493a1bb" member_type: VOTER last_known_addr { host: "ip-172-31-12-168" port: 31202 } } peers { permanent_uuid: "6f1af300e1d549d6b1cdd8bf3b9aeb9c" member_type: VOTER last_known_addr { host: "ip-172-31-12-168" port: 31201 } }
I0727 05:16:04.964041 111934 raft_consensus.cc:316] T 07f356b7460d4263bb413f8f78309f43 P b497dbd6bd1a4c998891b00d2493a1bb [term 0 FOLLOWER]: Consensus starting up: Expiring failure detector timer to make a prompt election more likely
I0727 05:16:04.964045 111934 raft_consensus.cc:560] T 07f356b7460d4263bb413f8f78309f43 P b497dbd6bd1a4c998891b00d2493a1bb [term 0 FOLLOWER]: Becoming Follower/Learner. State: Replica: b497dbd6bd1a4c998891b00d2493a1bb, State: Running, Role: FOLLOWER
I0727 05:16:04.964052 111934 consensus_queue.cc:186] T 07f356b7460d4263bb413f8f78309f43 P b497dbd6bd1a4c998891b00d2493a1bb [NON_LEADER]: Queue going to NON_LEADER mode. State: All replicated index: 0, Majority replicated index: 0, Committed index: 0, Last appended: 0.0, Last appended by leader: 0, Current term: 0, Majority size: -1, State: 1, Mode: NON_LEADER
I0727 05:16:04.964098 111934 ts_tablet_manager.cc:775] T 07f356b7460d4263bb413f8f78309f43 P b497dbd6bd1a4c998891b00d2493a1bb: Time spent starting tablet: real 0.000s	user 0.000s	sys 0.000s
I0727 05:16:04.964109 111934 ts_tablet_manager.cc:741] T 540acbc9d1834865b5e3aaa467f58206 P b497dbd6bd1a4c998891b00d2493a1bb: Bootstrapping tablet
I0727 05:16:04.964114 111934 tablet_bootstrap.cc:406] T 540acbc9d1834865b5e3aaa467f58206 P b497dbd6bd1a4c998891b00d2493a1bb: Bootstrap starting.
I0727 05:16:04.964233 111934 tablet_bootstrap.cc:547] T 540acbc9d1834865b5e3aaa467f58206 P b497dbd6bd1a4c998891b00d2493a1bb: No blocks or log segments found. Creating new log.
I0727 05:16:04.964586 111934 tablet_bootstrap.cc:406] T 540acbc9d1834865b5e3aaa467f58206 P b497dbd6bd1a4c998891b00d2493a1bb: No bootstrap required, opened a new log
I0727 05:16:04.964601 111934 ts_tablet_manager.cc:746] T 540acbc9d1834865b5e3aaa467f58206 P b497dbd6bd1a4c998891b00d2493a1bb: Time spent bootstrapping tablet: real 0.000s	user 0.000s	sys 0.000s
I0727 05:16:04.964861 111934 raft_consensus.cc:284] T 540acbc9d1834865b5e3aaa467f58206 P b497dbd6bd1a4c998891b00d2493a1bb [term 0 FOLLOWER]: Replica starting. Triggering 0 pending transactions. Active config: opid_index: -1 OBSOLETE_local: false peers { permanent_uuid: "b497dbd6bd1a4c998891b00d2493a1bb" member_type: VOTER last_known_addr { host: "ip-172-31-12-168" port: 31202 } } peers { permanent_uuid: "3a3c735705964e1badb66c37a66a9096" member_type: VOTER last_known_addr { host: "ip-172-31-12-168" port: 31200 } } peers { permanent_uuid: "6f1af300e1d549d6b1cdd8bf3b9aeb9c" member_type: VOTER last_known_addr { host: "ip-172-31-12-168" port: 31201 } }
I0727 05:16:04.964874 111934 raft_consensus.cc:316] T 540acbc9d1834865b5e3aaa467f58206 P b497dbd6bd1a4c998891b00d2493a1bb [term 0 FOLLOWER]: Consensus starting up: Expiring failure detector timer to make a prompt election more likely
I0727 05:16:04.964876 111934 raft_consensus.cc:560] T 540acbc9d1834865b5e3aaa467f58206 P b497dbd6bd1a4c998891b00d2493a1bb [term 0 FOLLOWER]: Becoming Follower/Learner. State: Replica: b497dbd6bd1a4c998891b00d2493a1bb, State: Running, Role: FOLLOWER
I0727 05:16:04.964886 111934 consensus_queue.cc:186] T 540acbc9d1834865b5e3aaa467f58206 P b497dbd6bd1a4c998891b00d2493a1bb [NON_LEADER]: Queue going to NON_LEADER mode. State: All replicated index: 0, Majority replicated index: 0, Committed index: 0, Last appended: 0.0, Last appended by leader: 0, Current term: 0, Majority size: -1, State: 1, Mode: NON_LEADER
I0727 05:16:04.964920 111934 ts_tablet_manager.cc:775] T 540acbc9d1834865b5e3aaa467f58206 P b497dbd6bd1a4c998891b00d2493a1bb: Time spent starting tablet: real 0.000s	user 0.000s	sys 0.000s
I0727 05:16:04.964932 111934 ts_tablet_manager.cc:741] T 933789af856747f2b080179091890956 P b497dbd6bd1a4c998891b00d2493a1bb: Bootstrapping tablet
I0727 05:16:04.964942 111934 tablet_bootstrap.cc:406] T 933789af856747f2b080179091890956 P b497dbd6bd1a4c998891b00d2493a1bb: Bootstrap starting.
I0727 05:16:04.965075 111934 tablet_bootstrap.cc:547] T 933789af856747f2b080179091890956 P b497dbd6bd1a4c998891b00d2493a1bb: No blocks or log segments found. Creating new log.
I0727 05:16:04.965467 111934 tablet_bootstrap.cc:406] T 933789af856747f2b080179091890956 P b497dbd6bd1a4c998891b00d2493a1bb: No bootstrap required, opened a new log
I0727 05:16:04.965482 111934 ts_tablet_manager.cc:746] T 933789af856747f2b080179091890956 P b497dbd6bd1a4c998891b00d2493a1bb: Time spent bootstrapping tablet: real 0.001s	user 0.000s	sys 0.000s
I0727 05:16:04.965747 111934 raft_consensus.cc:284] T 933789af856747f2b080179091890956 P b497dbd6bd1a4c998891b00d2493a1bb [term 0 FOLLOWER]: Replica starting. Triggering 0 pending transactions. Active config: opid_index: -1 OBSOLETE_local: false peers { permanent_uuid: "3a3c735705964e1badb66c37a66a9096" member_type: VOTER last_known_addr { host: "ip-172-31-12-168" port: 31200 } } peers { permanent_uuid: "b497dbd6bd1a4c998891b00d2493a1bb" member_type: VOTER last_known_addr { host: "ip-172-31-12-168" port: 31202 } } peers { permanent_uuid: "6f1af300e1d549d6b1cdd8bf3b9aeb9c" member_type: VOTER last_known_addr { host: "ip-172-31-12-168" port: 31201 } }
I0727 05:16:04.965761 111934 raft_consensus.cc:316] T 933789af856747f2b080179091890956 P b497dbd6bd1a4c998891b00d2493a1bb [term 0 FOLLOWER]: Consensus starting up: Expiring failure detector timer to make a prompt election more likely
I0727 05:16:04.965764 111934 raft_consensus.cc:560] T 933789af856747f2b080179091890956 P b497dbd6bd1a4c998891b00d2493a1bb [term 0 FOLLOWER]: Becoming Follower/Learner. State: Replica: b497dbd6bd1a4c998891b00d2493a1bb, State: Running, Role: FOLLOWER
I0727 05:16:04.965768 111934 consensus_queue.cc:186] T 933789af856747f2b080179091890956 P b497dbd6bd1a4c998891b00d2493a1bb [NON_LEADER]: Queue going to NON_LEADER mode. State: All replicated index: 0, Majority replicated index: 0, Committed index: 0, Last appended: 0.0, Last appended by leader: 0, Current term: 0, Majority size: -1, State: 1, Mode: NON_LEADER
I0727 05:16:04.965801 111934 ts_tablet_manager.cc:775] T 933789af856747f2b080179091890956 P b497dbd6bd1a4c998891b00d2493a1bb: Time spent starting tablet: real 0.000s	user 0.000s	sys 0.000s
I0727 05:16:04.988086 20913 raft_consensus.cc:2372] T 933789af856747f2b080179091890956 P b497dbd6bd1a4c998891b00d2493a1bb: Snoozing failure detection for election timeout plus an additional 1.877s
I0727 05:16:04.988101 20913 raft_consensus.cc:1943] T 933789af856747f2b080179091890956 P b497dbd6bd1a4c998891b00d2493a1bb [term 0 FOLLOWER]: Leader pre-election vote request: Granting yes vote for candidate 6f1af300e1d549d6b1cdd8bf3b9aeb9c in term 0.
I0727 05:16:04.988752 20913 raft_consensus.cc:2419] T 933789af856747f2b080179091890956 P b497dbd6bd1a4c998891b00d2493a1bb [term 0 FOLLOWER]: Advancing to term 1
I0727 05:16:04.988767 20913 raft_consensus.cc:2372] T 933789af856747f2b080179091890956 P b497dbd6bd1a4c998891b00d2493a1bb: Snoozing failure detection for election timeout plus an additional 1.622s
I0727 05:16:04.989040 20913 raft_consensus.cc:1943] T 933789af856747f2b080179091890956 P b497dbd6bd1a4c998891b00d2493a1bb [term 1 FOLLOWER]: Leader election vote request: Granting yes vote for candidate 6f1af300e1d549d6b1cdd8bf3b9aeb9c in term 1.
I0727 05:16:05.124290 20913 raft_consensus.cc:2372] T 07f356b7460d4263bb413f8f78309f43 P b497dbd6bd1a4c998891b00d2493a1bb: Snoozing failure detection for election timeout plus an additional 1.827s
I0727 05:16:05.124303 20913 raft_consensus.cc:1943] T 07f356b7460d4263bb413f8f78309f43 P b497dbd6bd1a4c998891b00d2493a1bb [term 0 FOLLOWER]: Leader pre-election vote request: Granting yes vote for candidate 3a3c735705964e1badb66c37a66a9096 in term 0.
I0727 05:16:05.124910 20913 raft_consensus.cc:2419] T 07f356b7460d4263bb413f8f78309f43 P b497dbd6bd1a4c998891b00d2493a1bb [term 0 FOLLOWER]: Advancing to term 1
I0727 05:16:05.124924 20913 raft_consensus.cc:2372] T 07f356b7460d4263bb413f8f78309f43 P b497dbd6bd1a4c998891b00d2493a1bb: Snoozing failure detection for election timeout plus an additional 1.682s
I0727 05:16:05.125151 20913 raft_consensus.cc:1943] T 07f356b7460d4263bb413f8f78309f43 P b497dbd6bd1a4c998891b00d2493a1bb [term 1 FOLLOWER]: Leader election vote request: Granting yes vote for candidate 3a3c735705964e1badb66c37a66a9096 in term 1.
I0727 05:16:05.372817 111944 raft_consensus.cc:411] T 540acbc9d1834865b5e3aaa467f58206 P b497dbd6bd1a4c998891b00d2493a1bb [term 0 FOLLOWER]: Starting pre-election (no leader contacted us within the election timeout)
I0727 05:16:05.372839 111944 raft_consensus.cc:2372] T 540acbc9d1834865b5e3aaa467f58206 P b497dbd6bd1a4c998891b00d2493a1bb: Snoozing failure detection for election timeout plus an additional 2.227s
I0727 05:16:05.372864 111944 raft_consensus.cc:435] T 540acbc9d1834865b5e3aaa467f58206 P b497dbd6bd1a4c998891b00d2493a1bb [term 0 FOLLOWER]: Starting pre-election with config: opid_index: -1 OBSOLETE_local: false peers { permanent_uuid: "b497dbd6bd1a4c998891b00d2493a1bb" member_type: VOTER last_known_addr { host: "ip-172-31-12-168" port: 31202 } } peers { permanent_uuid: "3a3c735705964e1badb66c37a66a9096" member_type: VOTER last_known_addr { host: "ip-172-31-12-168" port: 31200 } } peers { permanent_uuid: "6f1af300e1d549d6b1cdd8bf3b9aeb9c" member_type: VOTER last_known_addr { host: "ip-172-31-12-168" port: 31201 } }
I0727 05:16:05.373008 111944 leader_election.cc:217] T 540acbc9d1834865b5e3aaa467f58206 P b497dbd6bd1a4c998891b00d2493a1bb [CANDIDATE]: Term 1 pre-election: Requesting pre-vote from peer 3a3c735705964e1badb66c37a66a9096
I0727 05:16:05.373031 20913 raft_consensus.cc:944] T 933789af856747f2b080179091890956 P b497dbd6bd1a4c998891b00d2493a1bb [term 1 FOLLOWER]: Refusing update from remote peer 6f1af300e1d549d6b1cdd8bf3b9aeb9c: Log matching property violated. Preceding OpId in replica: term: 0 index: 0. Preceding OpId from leader: term: 1 index: 1. (index mismatch)
I0727 05:16:05.373034 111944 leader_election.cc:217] T 540acbc9d1834865b5e3aaa467f58206 P b497dbd6bd1a4c998891b00d2493a1bb [CANDIDATE]: Term 1 pre-election: Requesting pre-vote from peer 6f1af300e1d549d6b1cdd8bf3b9aeb9c
I0727 05:16:05.373158 20838 leader_election.cc:349] T 540acbc9d1834865b5e3aaa467f58206 P b497dbd6bd1a4c998891b00d2493a1bb [CANDIDATE]: Term 1 pre-election: Vote granted by peer 3a3c735705964e1badb66c37a66a9096
I0727 05:16:05.373172 20838 leader_election.cc:244] T 540acbc9d1834865b5e3aaa467f58206 P b497dbd6bd1a4c998891b00d2493a1bb [CANDIDATE]: Term 1 pre-election: Election decided. Result: candidate won.
I0727 05:16:05.373199 50010 raft_consensus.cc:2372] T 540acbc9d1834865b5e3aaa467f58206 P b497dbd6bd1a4c998891b00d2493a1bb: Snoozing failure detection for election timeout plus an additional 2.235s
I0727 05:16:05.373201 20838 leader_election.cc:349] T 540acbc9d1834865b5e3aaa467f58206 P b497dbd6bd1a4c998891b00d2493a1bb [CANDIDATE]: Term 1 pre-election: Vote granted by peer 6f1af300e1d549d6b1cdd8bf3b9aeb9c
I0727 05:16:05.373216 50010 raft_consensus.cc:2176] T 540acbc9d1834865b5e3aaa467f58206 P b497dbd6bd1a4c998891b00d2493a1bb [term 0 FOLLOWER]: Leader pre-election won for term 1
I0727 05:16:05.373240 50010 raft_consensus.cc:411] T 540acbc9d1834865b5e3aaa467f58206 P b497dbd6bd1a4c998891b00d2493a1bb [term 0 FOLLOWER]: Starting leader election (no leader contacted us within the election timeout)
I0727 05:16:05.373245 50010 raft_consensus.cc:2372] T 540acbc9d1834865b5e3aaa467f58206 P b497dbd6bd1a4c998891b00d2493a1bb: Snoozing failure detection for election timeout plus an additional 1.679s
I0727 05:16:05.373250 50010 raft_consensus.cc:2419] T 540acbc9d1834865b5e3aaa467f58206 P b497dbd6bd1a4c998891b00d2493a1bb [term 0 FOLLOWER]: Advancing to term 1
I0727 05:16:05.373553 50010 raft_consensus.cc:435] T 540acbc9d1834865b5e3aaa467f58206 P b497dbd6bd1a4c998891b00d2493a1bb [term 1 FOLLOWER]: Starting leader election with config: opid_index: -1 OBSOLETE_local: false peers { permanent_uuid: "b497dbd6bd1a4c998891b00d2493a1bb" member_type: VOTER last_known_addr { host: "ip-172-31-12-168" port: 31202 } } peers { permanent_uuid: "3a3c735705964e1badb66c37a66a9096" member_type: VOTER last_known_addr { host: "ip-172-31-12-168" port: 31200 } } peers { permanent_uuid: "6f1af300e1d549d6b1cdd8bf3b9aeb9c" member_type: VOTER last_known_addr { host: "ip-172-31-12-168" port: 31201 } }
I0727 05:16:05.373733 50010 leader_election.cc:217] T 540acbc9d1834865b5e3aaa467f58206 P b497dbd6bd1a4c998891b00d2493a1bb [CANDIDATE]: Term 1 election: Requesting vote from peer 3a3c735705964e1badb66c37a66a9096
I0727 05:16:05.373752 50010 leader_election.cc:217] T 540acbc9d1834865b5e3aaa467f58206 P b497dbd6bd1a4c998891b00d2493a1bb [CANDIDATE]: Term 1 election: Requesting vote from peer 6f1af300e1d549d6b1cdd8bf3b9aeb9c
I0727 05:16:05.374151 20838 leader_election.cc:349] T 540acbc9d1834865b5e3aaa467f58206 P b497dbd6bd1a4c998891b00d2493a1bb [CANDIDATE]: Term 1 election: Vote granted by peer 6f1af300e1d549d6b1cdd8bf3b9aeb9c
I0727 05:16:05.374161 20838 leader_election.cc:244] T 540acbc9d1834865b5e3aaa467f58206 P b497dbd6bd1a4c998891b00d2493a1bb [CANDIDATE]: Term 1 election: Election decided. Result: candidate won.
I0727 05:16:05.374172 20838 leader_election.cc:349] T 540acbc9d1834865b5e3aaa467f58206 P b497dbd6bd1a4c998891b00d2493a1bb [CANDIDATE]: Term 1 election: Vote granted by peer 3a3c735705964e1badb66c37a66a9096
I0727 05:16:05.374182 42659 raft_consensus.cc:2372] T 540acbc9d1834865b5e3aaa467f58206 P b497dbd6bd1a4c998891b00d2493a1bb: Snoozing failure detection for election timeout plus an additional 1.868s
I0727 05:16:05.374191 42659 raft_consensus.cc:2176] T 540acbc9d1834865b5e3aaa467f58206 P b497dbd6bd1a4c998891b00d2493a1bb [term 1 FOLLOWER]: Leader election won for term 1
I0727 05:16:05.374202 42659 raft_consensus.cc:528] T 540acbc9d1834865b5e3aaa467f58206 P b497dbd6bd1a4c998891b00d2493a1bb [term 1 LEADER]: Becoming Leader. State: Replica: b497dbd6bd1a4c998891b00d2493a1bb, State: Running, Role: LEADER
I0727 05:16:05.374228 42659 consensus_queue.cc:165] T 540acbc9d1834865b5e3aaa467f58206 P b497dbd6bd1a4c998891b00d2493a1bb [LEADER]: Queue going to LEADER mode. State: All replicated index: 0, Majority replicated index: 0, Committed index: 0, Last appended: 0.0, Last appended by leader: 0, Current term: 1, Majority size: 2, State: 1, Mode: LEADER, active raft config: opid_index: -1 OBSOLETE_local: false peers { permanent_uuid: "b497dbd6bd1a4c998891b00d2493a1bb" member_type: VOTER last_known_addr { host: "ip-172-31-12-168" port: 31202 } } peers { permanent_uuid: "3a3c735705964e1badb66c37a66a9096" member_type: VOTER last_known_addr { host: "ip-172-31-12-168" port: 31200 } } peers { permanent_uuid: "6f1af300e1d549d6b1cdd8bf3b9aeb9c" member_type: VOTER last_known_addr { host: "ip-172-31-12-168" port: 31201 } }
I0727 05:16:05.534956 20913 raft_consensus.cc:944] T 07f356b7460d4263bb413f8f78309f43 P b497dbd6bd1a4c998891b00d2493a1bb [term 1 FOLLOWER]: Refusing update from remote peer 3a3c735705964e1badb66c37a66a9096: Log matching property violated. Preceding OpId in replica: term: 0 index: 0. Preceding OpId from leader: term: 1 index: 1. (index mismatch)
I0727 05:16:05.733609 42659 consensus_queue.cc:722] T 540acbc9d1834865b5e3aaa467f58206 P b497dbd6bd1a4c998891b00d2493a1bb [LEADER]: Connected to new peer: Peer: 6f1af300e1d549d6b1cdd8bf3b9aeb9c, Is new: false, Last received: 0.0, Next index: 1, Last known committed idx: 0, Last exchange result: ERROR, Needs tablet copy: false
I0727 05:16:05.734372 43073 consensus_queue.cc:722] T 540acbc9d1834865b5e3aaa467f58206 P b497dbd6bd1a4c998891b00d2493a1bb [LEADER]: Connected to new peer: Peer: 3a3c735705964e1badb66c37a66a9096, Is new: false, Last received: 0.0, Next index: 1, Last known committed idx: 0, Last exchange result: ERROR, Needs tablet copy: false
I0727 05:16:16.839344 20880 tablet_service.cc:713] Processing DeleteTablet for tablet 90dbdffd32f042d38aa460318f85bba7 with delete_type TABLET_DATA_DELETED (Table deleted at 2017-07-27 05:16:16 UTC) from {username='ubuntu'} at 127.0.0.1:34066
I0727 05:16:16.839375 20880 tablet_replica.cc:225] Initiating TabletReplica shutdown for tablet: 90dbdffd32f042d38aa460318f85bba7
I0727 05:16:16.839351 20883 tablet_service.cc:713] Processing DeleteTablet for tablet 4c6ae83cb5b74b858a62b4ae0ebed273 with delete_type TABLET_DATA_DELETED (Table deleted at 2017-07-27 05:16:16 UTC) from {username='ubuntu'} at 127.0.0.1:34066
I0727 05:16:16.839385 20880 maintenance_manager.cc:206] P b497dbd6bd1a4c998891b00d2493a1bb: Unregistered op CompactRowSetsOp(90dbdffd32f042d38aa460318f85bba7)
I0727 05:16:16.839387 20883 tablet_replica.cc:225] Initiating TabletReplica shutdown for tablet: 4c6ae83cb5b74b858a62b4ae0ebed273
I0727 05:16:16.839396 20880 maintenance_manager.cc:206] P b497dbd6bd1a4c998891b00d2493a1bb: Unregistered op MinorDeltaCompactionOp(90dbdffd32f042d38aa460318f85bba7)
I0727 05:16:16.839402 20880 maintenance_manager.cc:206] P b497dbd6bd1a4c998891b00d2493a1bb: Unregistered op MajorDeltaCompactionOp(90dbdffd32f042d38aa460318f85bba7)
I0727 05:16:16.839416 20883 maintenance_manager.cc:206] P b497dbd6bd1a4c998891b00d2493a1bb: Unregistered op CompactRowSetsOp(4c6ae83cb5b74b858a62b4ae0ebed273)
I0727 05:16:16.839426 20880 maintenance_manager.cc:206] P b497dbd6bd1a4c998891b00d2493a1bb: Unregistered op UndoDeltaBlockGCOp(90dbdffd32f042d38aa460318f85bba7)
I0727 05:16:16.839416 20879 tablet_service.cc:713] Processing DeleteTablet for tablet e14c8f729b4a41fa8134fa1ebaafc3f5 with delete_type TABLET_DATA_DELETED (Table deleted at 2017-07-27 05:16:16 UTC) from {username='ubuntu'} at 127.0.0.1:34066
I0727 05:16:16.839447 20880 maintenance_manager.cc:206] P b497dbd6bd1a4c998891b00d2493a1bb: Unregistered op FlushMRSOp(90dbdffd32f042d38aa460318f85bba7)
I0727 05:16:16.839435 20883 maintenance_manager.cc:206] P b497dbd6bd1a4c998891b00d2493a1bb: Unregistered op MinorDeltaCompactionOp(4c6ae83cb5b74b858a62b4ae0ebed273)
I0727 05:16:16.839457 20879 tablet_replica.cc:225] Initiating TabletReplica shutdown for tablet: e14c8f729b4a41fa8134fa1ebaafc3f5
I0727 05:16:16.839467 20883 maintenance_manager.cc:206] P b497dbd6bd1a4c998891b00d2493a1bb: Unregistered op MajorDeltaCompactionOp(4c6ae83cb5b74b858a62b4ae0ebed273)
I0727 05:16:16.839471 20879 maintenance_manager.cc:206] P b497dbd6bd1a4c998891b00d2493a1bb: Unregistered op CompactRowSetsOp(e14c8f729b4a41fa8134fa1ebaafc3f5)
I0727 05:16:16.839452 20880 maintenance_manager.cc:206] P b497dbd6bd1a4c998891b00d2493a1bb: Unregistered op FlushDeltaMemStoresOp(90dbdffd32f042d38aa460318f85bba7)
I0727 05:16:16.839478 20880 maintenance_manager.cc:206] P b497dbd6bd1a4c998891b00d2493a1bb: Unregistered op LogGCOp(90dbdffd32f042d38aa460318f85bba7)
I0727 05:16:16.839498 20879 maintenance_manager.cc:206] P b497dbd6bd1a4c998891b00d2493a1bb: Unregistered op MinorDeltaCompactionOp(e14c8f729b4a41fa8134fa1ebaafc3f5)
I0727 05:16:16.839498 20880 raft_consensus.cc:1763] T 90dbdffd32f042d38aa460318f85bba7 P b497dbd6bd1a4c998891b00d2493a1bb [term 1 FOLLOWER]: Raft consensus shutting down.
I0727 05:16:16.839504 20879 maintenance_manager.cc:206] P b497dbd6bd1a4c998891b00d2493a1bb: Unregistered op MajorDeltaCompactionOp(e14c8f729b4a41fa8134fa1ebaafc3f5)
I0727 05:16:16.839509 20879 maintenance_manager.cc:206] P b497dbd6bd1a4c998891b00d2493a1bb: Unregistered op UndoDeltaBlockGCOp(e14c8f729b4a41fa8134fa1ebaafc3f5)
I0727 05:16:16.839510 20880 raft_consensus.cc:1778] T 90dbdffd32f042d38aa460318f85bba7 P b497dbd6bd1a4c998891b00d2493a1bb [term 1 FOLLOWER]: Raft consensus is shut down!
I0727 05:16:16.839529 20879 maintenance_manager.cc:206] P b497dbd6bd1a4c998891b00d2493a1bb: Unregistered op FlushMRSOp(e14c8f729b4a41fa8134fa1ebaafc3f5)
I0727 05:16:16.839541 20879 maintenance_manager.cc:206] P b497dbd6bd1a4c998891b00d2493a1bb: Unregistered op FlushDeltaMemStoresOp(e14c8f729b4a41fa8134fa1ebaafc3f5)
I0727 05:16:16.839484 20883 maintenance_manager.cc:206] P b497dbd6bd1a4c998891b00d2493a1bb: Unregistered op UndoDeltaBlockGCOp(4c6ae83cb5b74b858a62b4ae0ebed273)
I0727 05:16:16.839561 20883 maintenance_manager.cc:206] P b497dbd6bd1a4c998891b00d2493a1bb: Unregistered op FlushMRSOp(4c6ae83cb5b74b858a62b4ae0ebed273)
I0727 05:16:16.839546 20879 maintenance_manager.cc:206] P b497dbd6bd1a4c998891b00d2493a1bb: Unregistered op LogGCOp(e14c8f729b4a41fa8134fa1ebaafc3f5)
I0727 05:16:16.839566 20883 maintenance_manager.cc:206] P b497dbd6bd1a4c998891b00d2493a1bb: Unregistered op FlushDeltaMemStoresOp(4c6ae83cb5b74b858a62b4ae0ebed273)
I0727 05:16:16.839570 20883 maintenance_manager.cc:206] P b497dbd6bd1a4c998891b00d2493a1bb: Unregistered op LogGCOp(4c6ae83cb5b74b858a62b4ae0ebed273)
I0727 05:16:16.839572 20879 raft_consensus.cc:1763] T e14c8f729b4a41fa8134fa1ebaafc3f5 P b497dbd6bd1a4c998891b00d2493a1bb [term 1 LEADER]: Raft consensus shutting down.
I0727 05:16:16.839592 20879 consensus_peers.cc:400] T e14c8f729b4a41fa8134fa1ebaafc3f5 P b497dbd6bd1a4c998891b00d2493a1bb -> Peer 6f1af300e1d549d6b1cdd8bf3b9aeb9c (ip-172-31-12-168:31201): Closing peer: 6f1af300e1d549d6b1cdd8bf3b9aeb9c
I0727 05:16:16.839620 20879 consensus_peers.cc:400] T e14c8f729b4a41fa8134fa1ebaafc3f5 P b497dbd6bd1a4c998891b00d2493a1bb -> Peer 3a3c735705964e1badb66c37a66a9096 (ip-172-31-12-168:31200): Closing peer: 3a3c735705964e1badb66c37a66a9096
I0727 05:16:16.839637 20879 raft_consensus.cc:1778] T e14c8f729b4a41fa8134fa1ebaafc3f5 P b497dbd6bd1a4c998891b00d2493a1bb [term 1 LEADER]: Raft consensus is shut down!
I0727 05:16:16.839576 20883 raft_consensus.cc:1763] T 4c6ae83cb5b74b858a62b4ae0ebed273 P b497dbd6bd1a4c998891b00d2493a1bb [term 1 LEADER]: Raft consensus shutting down.
I0727 05:16:16.839650 20883 consensus_peers.cc:400] T 4c6ae83cb5b74b858a62b4ae0ebed273 P b497dbd6bd1a4c998891b00d2493a1bb -> Peer 6f1af300e1d549d6b1cdd8bf3b9aeb9c (ip-172-31-12-168:31201): Closing peer: 6f1af300e1d549d6b1cdd8bf3b9aeb9c
I0727 05:16:16.839658 20883 consensus_peers.cc:400] T 4c6ae83cb5b74b858a62b4ae0ebed273 P b497dbd6bd1a4c998891b00d2493a1bb -> Peer 3a3c735705964e1badb66c37a66a9096 (ip-172-31-12-168:31200): Closing peer: 3a3c735705964e1badb66c37a66a9096
I0727 05:16:16.839663 20883 raft_consensus.cc:1778] T 4c6ae83cb5b74b858a62b4ae0ebed273 P b497dbd6bd1a4c998891b00d2493a1bb [term 1 LEADER]: Raft consensus is shut down!
I0727 05:16:16.839848 20880 ts_tablet_manager.cc:1030] T 90dbdffd32f042d38aa460318f85bba7 P b497dbd6bd1a4c998891b00d2493a1bb: Deleting tablet data with delete state TABLET_DATA_DELETED
I0727 05:16:16.839886 20879 ts_tablet_manager.cc:1030] T e14c8f729b4a41fa8134fa1ebaafc3f5 P b497dbd6bd1a4c998891b00d2493a1bb: Deleting tablet data with delete state TABLET_DATA_DELETED
I0727 05:16:16.840453 20883 ts_tablet_manager.cc:1030] T 4c6ae83cb5b74b858a62b4ae0ebed273 P b497dbd6bd1a4c998891b00d2493a1bb: Deleting tablet data with delete state TABLET_DATA_DELETED
I0727 05:16:16.841347 20880 ts_tablet_manager.cc:1042] T 90dbdffd32f042d38aa460318f85bba7 P b497dbd6bd1a4c998891b00d2493a1bb: Tablet deleted. Last logged OpId: 1.2
I0727 05:16:16.841367 20880 log.cc:974] T 90dbdffd32f042d38aa460318f85bba7 P b497dbd6bd1a4c998891b00d2493a1bb: Deleting WAL directory at /home/ubuntu/Impala/testdata/cluster/cdh5/node-1/var/lib/kudu/ts/wal/wals/90dbdffd32f042d38aa460318f85bba7
I0727 05:16:16.841596 20879 ts_tablet_manager.cc:1042] T e14c8f729b4a41fa8134fa1ebaafc3f5 P b497dbd6bd1a4c998891b00d2493a1bb: Tablet deleted. Last logged OpId: 1.2
I0727 05:16:16.841616 20879 log.cc:974] T e14c8f729b4a41fa8134fa1ebaafc3f5 P b497dbd6bd1a4c998891b00d2493a1bb: Deleting WAL directory at /home/ubuntu/Impala/testdata/cluster/cdh5/node-1/var/lib/kudu/ts/wal/wals/e14c8f729b4a41fa8134fa1ebaafc3f5
I0727 05:16:16.841701 20883 ts_tablet_manager.cc:1042] T 4c6ae83cb5b74b858a62b4ae0ebed273 P b497dbd6bd1a4c998891b00d2493a1bb: Tablet deleted. Last logged OpId: 1.2
I0727 05:16:16.841720 20883 log.cc:974] T 4c6ae83cb5b74b858a62b4ae0ebed273 P b497dbd6bd1a4c998891b00d2493a1bb: Deleting WAL directory at /home/ubuntu/Impala/testdata/cluster/cdh5/node-1/var/lib/kudu/ts/wal/wals/4c6ae83cb5b74b858a62b4ae0ebed273
I0727 05:16:16.842666 20880 ts_tablet_manager.cc:1060] T 90dbdffd32f042d38aa460318f85bba7 P b497dbd6bd1a4c998891b00d2493a1bb: Deleting consensus metadata
I0727 05:16:16.843154 20879 ts_tablet_manager.cc:1060] T e14c8f729b4a41fa8134fa1ebaafc3f5 P b497dbd6bd1a4c998891b00d2493a1bb: Deleting consensus metadata
I0727 05:16:16.843225 20883 ts_tablet_manager.cc:1060] T 4c6ae83cb5b74b858a62b4ae0ebed273 P b497dbd6bd1a4c998891b00d2493a1bb: Deleting consensus metadata
I0727 05:16:16.925840 20883 tablet_service.cc:672] Processing CreateTablet for tablet 20dd5b961d6c4a5cb718d747524d3697 (table=impala::functional_kudu.alltypesagg_idx [id=1165d339bb714ff4b39519038c0d157e]), partition=HASH (kudu_idx) PARTITION 0
I0727 05:16:16.925879 20879 tablet_service.cc:672] Processing CreateTablet for tablet 3092a2a1be4e47c3aa26e260c1eea55b (table=impala::functional_kudu.alltypesagg_idx [id=1165d339bb714ff4b39519038c0d157e]), partition=HASH (kudu_idx) PARTITION 1
I0727 05:16:16.925887 20880 tablet_service.cc:672] Processing CreateTablet for tablet d785263627524767b434d3ab4fbcb148 (table=impala::functional_kudu.alltypesagg_idx [id=1165d339bb714ff4b39519038c0d157e]), partition=HASH (kudu_idx) PARTITION 2
I0727 05:16:16.926452 20880 ts_tablet_manager.cc:871] T d785263627524767b434d3ab4fbcb148 P b497dbd6bd1a4c998891b00d2493a1bb: Registered tablet (data state: TABLET_DATA_READY)
I0727 05:16:16.926661 20879 ts_tablet_manager.cc:871] T 3092a2a1be4e47c3aa26e260c1eea55b P b497dbd6bd1a4c998891b00d2493a1bb: Registered tablet (data state: TABLET_DATA_READY)
I0727 05:16:16.926693 111982 ts_tablet_manager.cc:741] T d785263627524767b434d3ab4fbcb148 P b497dbd6bd1a4c998891b00d2493a1bb: Bootstrapping tablet
I0727 05:16:16.926709 111982 tablet_bootstrap.cc:406] T d785263627524767b434d3ab4fbcb148 P b497dbd6bd1a4c998891b00d2493a1bb: Bootstrap starting.
I0727 05:16:16.926771 20883 ts_tablet_manager.cc:871] T 20dd5b961d6c4a5cb718d747524d3697 P b497dbd6bd1a4c998891b00d2493a1bb: Registered tablet (data state: TABLET_DATA_READY)
I0727 05:16:16.926893 111982 tablet_bootstrap.cc:547] T d785263627524767b434d3ab4fbcb148 P b497dbd6bd1a4c998891b00d2493a1bb: No blocks or log segments found. Creating new log.
I0727 05:16:16.927289 111982 tablet_bootstrap.cc:406] T d785263627524767b434d3ab4fbcb148 P b497dbd6bd1a4c998891b00d2493a1bb: No bootstrap required, opened a new log
I0727 05:16:16.927310 111982 ts_tablet_manager.cc:746] T d785263627524767b434d3ab4fbcb148 P b497dbd6bd1a4c998891b00d2493a1bb: Time spent bootstrapping tablet: real 0.001s	user 0.000s	sys 0.000s
I0727 05:16:16.927583 111982 raft_consensus.cc:284] T d785263627524767b434d3ab4fbcb148 P b497dbd6bd1a4c998891b00d2493a1bb [term 0 FOLLOWER]: Replica starting. Triggering 0 pending transactions. Active config: opid_index: -1 OBSOLETE_local: false peers { permanent_uuid: "6f1af300e1d549d6b1cdd8bf3b9aeb9c" member_type: VOTER last_known_addr { host: "ip-172-31-12-168" port: 31201 } } peers { permanent_uuid: "3a3c735705964e1badb66c37a66a9096" member_type: VOTER last_known_addr { host: "ip-172-31-12-168" port: 31200 } } peers { permanent_uuid: "b497dbd6bd1a4c998891b00d2493a1bb" member_type: VOTER last_known_addr { host: "ip-172-31-12-168" port: 31202 } }
I0727 05:16:16.927603 111982 raft_consensus.cc:316] T d785263627524767b434d3ab4fbcb148 P b497dbd6bd1a4c998891b00d2493a1bb [term 0 FOLLOWER]: Consensus starting up: Expiring failure detector timer to make a prompt election more likely
I0727 05:16:16.927608 111982 raft_consensus.cc:560] T d785263627524767b434d3ab4fbcb148 P b497dbd6bd1a4c998891b00d2493a1bb [term 0 FOLLOWER]: Becoming Follower/Learner. State: Replica: b497dbd6bd1a4c998891b00d2493a1bb, State: Running, Role: FOLLOWER
