I0727 05:16:52.985450 112158 tablet_bootstrap.cc:547] T 56bddfd7123d47a6a0842b4c7a9f01db P b497dbd6bd1a4c998891b00d2493a1bb: No blocks or log segments found. Creating new log.
I0727 05:16:52.985877 112158 tablet_bootstrap.cc:406] T 56bddfd7123d47a6a0842b4c7a9f01db P b497dbd6bd1a4c998891b00d2493a1bb: No bootstrap required, opened a new log
I0727 05:16:52.985896 112158 ts_tablet_manager.cc:746] T 56bddfd7123d47a6a0842b4c7a9f01db P b497dbd6bd1a4c998891b00d2493a1bb: Time spent bootstrapping tablet: real 0.001s	user 0.000s	sys 0.000s
I0727 05:16:52.986186 112158 raft_consensus.cc:284] T 56bddfd7123d47a6a0842b4c7a9f01db P b497dbd6bd1a4c998891b00d2493a1bb [term 0 FOLLOWER]: Replica starting. Triggering 0 pending transactions. Active config: opid_index: -1 OBSOLETE_local: false peers { permanent_uuid: "b497dbd6bd1a4c998891b00d2493a1bb" member_type: VOTER last_known_addr { host: "ip-172-31-12-168" port: 31202 } } peers { permanent_uuid: "3a3c735705964e1badb66c37a66a9096" member_type: VOTER last_known_addr { host: "ip-172-31-12-168" port: 31200 } } peers { permanent_uuid: "6f1af300e1d549d6b1cdd8bf3b9aeb9c" member_type: VOTER last_known_addr { host: "ip-172-31-12-168" port: 31201 } }
I0727 05:16:52.986204 112158 raft_consensus.cc:316] T 56bddfd7123d47a6a0842b4c7a9f01db P b497dbd6bd1a4c998891b00d2493a1bb [term 0 FOLLOWER]: Consensus starting up: Expiring failure detector timer to make a prompt election more likely
I0727 05:16:52.986208 112158 raft_consensus.cc:560] T 56bddfd7123d47a6a0842b4c7a9f01db P b497dbd6bd1a4c998891b00d2493a1bb [term 0 FOLLOWER]: Becoming Follower/Learner. State: Replica: b497dbd6bd1a4c998891b00d2493a1bb, State: Running, Role: FOLLOWER
I0727 05:16:52.986213 112158 consensus_queue.cc:186] T 56bddfd7123d47a6a0842b4c7a9f01db P b497dbd6bd1a4c998891b00d2493a1bb [NON_LEADER]: Queue going to NON_LEADER mode. State: All replicated index: 0, Majority replicated index: 0, Committed index: 0, Last appended: 0.0, Last appended by leader: 0, Current term: 0, Majority size: -1, State: 1, Mode: NON_LEADER
I0727 05:16:52.986265 112158 ts_tablet_manager.cc:775] T 56bddfd7123d47a6a0842b4c7a9f01db P b497dbd6bd1a4c998891b00d2493a1bb: Time spent starting tablet: real 0.000s	user 0.000s	sys 0.000s
I0727 05:16:52.986279 112158 ts_tablet_manager.cc:741] T 71417e923e1e46d199a94903ec361efa P b497dbd6bd1a4c998891b00d2493a1bb: Bootstrapping tablet
I0727 05:16:52.986284 112158 tablet_bootstrap.cc:406] T 71417e923e1e46d199a94903ec361efa P b497dbd6bd1a4c998891b00d2493a1bb: Bootstrap starting.
I0727 05:16:52.986402 112158 tablet_bootstrap.cc:547] T 71417e923e1e46d199a94903ec361efa P b497dbd6bd1a4c998891b00d2493a1bb: No blocks or log segments found. Creating new log.
I0727 05:16:52.986763 112158 tablet_bootstrap.cc:406] T 71417e923e1e46d199a94903ec361efa P b497dbd6bd1a4c998891b00d2493a1bb: No bootstrap required, opened a new log
I0727 05:16:52.986779 112158 ts_tablet_manager.cc:746] T 71417e923e1e46d199a94903ec361efa P b497dbd6bd1a4c998891b00d2493a1bb: Time spent bootstrapping tablet: real 0.000s	user 0.000s	sys 0.000s
I0727 05:16:52.987047 112158 raft_consensus.cc:284] T 71417e923e1e46d199a94903ec361efa P b497dbd6bd1a4c998891b00d2493a1bb [term 0 FOLLOWER]: Replica starting. Triggering 0 pending transactions. Active config: opid_index: -1 OBSOLETE_local: false peers { permanent_uuid: "3a3c735705964e1badb66c37a66a9096" member_type: VOTER last_known_addr { host: "ip-172-31-12-168" port: 31200 } } peers { permanent_uuid: "b497dbd6bd1a4c998891b00d2493a1bb" member_type: VOTER last_known_addr { host: "ip-172-31-12-168" port: 31202 } } peers { permanent_uuid: "6f1af300e1d549d6b1cdd8bf3b9aeb9c" member_type: VOTER last_known_addr { host: "ip-172-31-12-168" port: 31201 } }
I0727 05:16:52.987062 112158 raft_consensus.cc:316] T 71417e923e1e46d199a94903ec361efa P b497dbd6bd1a4c998891b00d2493a1bb [term 0 FOLLOWER]: Consensus starting up: Expiring failure detector timer to make a prompt election more likely
I0727 05:16:52.987066 112158 raft_consensus.cc:560] T 71417e923e1e46d199a94903ec361efa P b497dbd6bd1a4c998891b00d2493a1bb [term 0 FOLLOWER]: Becoming Follower/Learner. State: Replica: b497dbd6bd1a4c998891b00d2493a1bb, State: Running, Role: FOLLOWER
I0727 05:16:52.987071 112158 consensus_queue.cc:186] T 71417e923e1e46d199a94903ec361efa P b497dbd6bd1a4c998891b00d2493a1bb [NON_LEADER]: Queue going to NON_LEADER mode. State: All replicated index: 0, Majority replicated index: 0, Committed index: 0, Last appended: 0.0, Last appended by leader: 0, Current term: 0, Majority size: -1, State: 1, Mode: NON_LEADER
I0727 05:16:52.987129 112158 ts_tablet_manager.cc:775] T 71417e923e1e46d199a94903ec361efa P b497dbd6bd1a4c998891b00d2493a1bb: Time spent starting tablet: real 0.000s	user 0.000s	sys 0.000s
I0727 05:16:52.987149 112158 ts_tablet_manager.cc:741] T f038d46bf3e34e8c879089719e8cf16c P b497dbd6bd1a4c998891b00d2493a1bb: Bootstrapping tablet
I0727 05:16:52.987154 112158 tablet_bootstrap.cc:406] T f038d46bf3e34e8c879089719e8cf16c P b497dbd6bd1a4c998891b00d2493a1bb: Bootstrap starting.
I0727 05:16:52.987254 112158 tablet_bootstrap.cc:547] T f038d46bf3e34e8c879089719e8cf16c P b497dbd6bd1a4c998891b00d2493a1bb: No blocks or log segments found. Creating new log.
I0727 05:16:52.987635 112158 tablet_bootstrap.cc:406] T f038d46bf3e34e8c879089719e8cf16c P b497dbd6bd1a4c998891b00d2493a1bb: No bootstrap required, opened a new log
I0727 05:16:52.987653 112158 ts_tablet_manager.cc:746] T f038d46bf3e34e8c879089719e8cf16c P b497dbd6bd1a4c998891b00d2493a1bb: Time spent bootstrapping tablet: real 0.000s	user 0.000s	sys 0.000s
I0727 05:16:52.987912 112158 raft_consensus.cc:284] T f038d46bf3e34e8c879089719e8cf16c P b497dbd6bd1a4c998891b00d2493a1bb [term 0 FOLLOWER]: Replica starting. Triggering 0 pending transactions. Active config: opid_index: -1 OBSOLETE_local: false peers { permanent_uuid: "b497dbd6bd1a4c998891b00d2493a1bb" member_type: VOTER last_known_addr { host: "ip-172-31-12-168" port: 31202 } } peers { permanent_uuid: "3a3c735705964e1badb66c37a66a9096" member_type: VOTER last_known_addr { host: "ip-172-31-12-168" port: 31200 } } peers { permanent_uuid: "6f1af300e1d549d6b1cdd8bf3b9aeb9c" member_type: VOTER last_known_addr { host: "ip-172-31-12-168" port: 31201 } }
I0727 05:16:52.987929 112158 raft_consensus.cc:316] T f038d46bf3e34e8c879089719e8cf16c P b497dbd6bd1a4c998891b00d2493a1bb [term 0 FOLLOWER]: Consensus starting up: Expiring failure detector timer to make a prompt election more likely
I0727 05:16:52.987932 112158 raft_consensus.cc:560] T f038d46bf3e34e8c879089719e8cf16c P b497dbd6bd1a4c998891b00d2493a1bb [term 0 FOLLOWER]: Becoming Follower/Learner. State: Replica: b497dbd6bd1a4c998891b00d2493a1bb, State: Running, Role: FOLLOWER
I0727 05:16:52.987937 112158 consensus_queue.cc:186] T f038d46bf3e34e8c879089719e8cf16c P b497dbd6bd1a4c998891b00d2493a1bb [NON_LEADER]: Queue going to NON_LEADER mode. State: All replicated index: 0, Majority replicated index: 0, Committed index: 0, Last appended: 0.0, Last appended by leader: 0, Current term: 0, Majority size: -1, State: 1, Mode: NON_LEADER
I0727 05:16:52.987984 112158 ts_tablet_manager.cc:775] T f038d46bf3e34e8c879089719e8cf16c P b497dbd6bd1a4c998891b00d2493a1bb: Time spent starting tablet: real 0.000s	user 0.000s	sys 0.000s
I0727 05:16:53.011987 112172 raft_consensus.cc:411] T 71417e923e1e46d199a94903ec361efa P b497dbd6bd1a4c998891b00d2493a1bb [term 0 FOLLOWER]: Starting pre-election (no leader contacted us within the election timeout)
I0727 05:16:53.012007 112172 raft_consensus.cc:2372] T 71417e923e1e46d199a94903ec361efa P b497dbd6bd1a4c998891b00d2493a1bb: Snoozing failure detection for election timeout plus an additional 1.551s
I0727 05:16:53.012028 112172 raft_consensus.cc:435] T 71417e923e1e46d199a94903ec361efa P b497dbd6bd1a4c998891b00d2493a1bb [term 0 FOLLOWER]: Starting pre-election with config: opid_index: -1 OBSOLETE_local: false peers { permanent_uuid: "3a3c735705964e1badb66c37a66a9096" member_type: VOTER last_known_addr { host: "ip-172-31-12-168" port: 31200 } } peers { permanent_uuid: "b497dbd6bd1a4c998891b00d2493a1bb" member_type: VOTER last_known_addr { host: "ip-172-31-12-168" port: 31202 } } peers { permanent_uuid: "6f1af300e1d549d6b1cdd8bf3b9aeb9c" member_type: VOTER last_known_addr { host: "ip-172-31-12-168" port: 31201 } }
I0727 05:16:53.012181 112172 leader_election.cc:217] T 71417e923e1e46d199a94903ec361efa P b497dbd6bd1a4c998891b00d2493a1bb [CANDIDATE]: Term 1 pre-election: Requesting pre-vote from peer 3a3c735705964e1badb66c37a66a9096
I0727 05:16:53.012202 112172 leader_election.cc:217] T 71417e923e1e46d199a94903ec361efa P b497dbd6bd1a4c998891b00d2493a1bb [CANDIDATE]: Term 1 pre-election: Requesting pre-vote from peer 6f1af300e1d549d6b1cdd8bf3b9aeb9c
I0727 05:16:53.012338 20838 leader_election.cc:349] T 71417e923e1e46d199a94903ec361efa P b497dbd6bd1a4c998891b00d2493a1bb [CANDIDATE]: Term 1 pre-election: Vote granted by peer 3a3c735705964e1badb66c37a66a9096
I0727 05:16:53.012351 20838 leader_election.cc:244] T 71417e923e1e46d199a94903ec361efa P b497dbd6bd1a4c998891b00d2493a1bb [CANDIDATE]: Term 1 pre-election: Election decided. Result: candidate won.
I0727 05:16:53.012369 20838 leader_election.cc:349] T 71417e923e1e46d199a94903ec361efa P b497dbd6bd1a4c998891b00d2493a1bb [CANDIDATE]: Term 1 pre-election: Vote granted by peer 6f1af300e1d549d6b1cdd8bf3b9aeb9c
I0727 05:16:53.012375 50046 raft_consensus.cc:2372] T 71417e923e1e46d199a94903ec361efa P b497dbd6bd1a4c998891b00d2493a1bb: Snoozing failure detection for election timeout plus an additional 1.820s
I0727 05:16:53.012384 50046 raft_consensus.cc:2176] T 71417e923e1e46d199a94903ec361efa P b497dbd6bd1a4c998891b00d2493a1bb [term 0 FOLLOWER]: Leader pre-election won for term 1
I0727 05:16:53.012387 50046 raft_consensus.cc:411] T 71417e923e1e46d199a94903ec361efa P b497dbd6bd1a4c998891b00d2493a1bb [term 0 FOLLOWER]: Starting leader election (no leader contacted us within the election timeout)
I0727 05:16:53.012397 50046 raft_consensus.cc:2372] T 71417e923e1e46d199a94903ec361efa P b497dbd6bd1a4c998891b00d2493a1bb: Snoozing failure detection for election timeout plus an additional 1.640s
I0727 05:16:53.012399 50046 raft_consensus.cc:2419] T 71417e923e1e46d199a94903ec361efa P b497dbd6bd1a4c998891b00d2493a1bb [term 0 FOLLOWER]: Advancing to term 1
I0727 05:16:53.012706 50046 raft_consensus.cc:435] T 71417e923e1e46d199a94903ec361efa P b497dbd6bd1a4c998891b00d2493a1bb [term 1 FOLLOWER]: Starting leader election with config: opid_index: -1 OBSOLETE_local: false peers { permanent_uuid: "3a3c735705964e1badb66c37a66a9096" member_type: VOTER last_known_addr { host: "ip-172-31-12-168" port: 31200 } } peers { permanent_uuid: "b497dbd6bd1a4c998891b00d2493a1bb" member_type: VOTER last_known_addr { host: "ip-172-31-12-168" port: 31202 } } peers { permanent_uuid: "6f1af300e1d549d6b1cdd8bf3b9aeb9c" member_type: VOTER last_known_addr { host: "ip-172-31-12-168" port: 31201 } }
I0727 05:16:53.012812 50046 leader_election.cc:217] T 71417e923e1e46d199a94903ec361efa P b497dbd6bd1a4c998891b00d2493a1bb [CANDIDATE]: Term 1 election: Requesting vote from peer 3a3c735705964e1badb66c37a66a9096
I0727 05:16:53.012835 50046 leader_election.cc:217] T 71417e923e1e46d199a94903ec361efa P b497dbd6bd1a4c998891b00d2493a1bb [CANDIDATE]: Term 1 election: Requesting vote from peer 6f1af300e1d549d6b1cdd8bf3b9aeb9c
I0727 05:16:53.013223 20838 leader_election.cc:349] T 71417e923e1e46d199a94903ec361efa P b497dbd6bd1a4c998891b00d2493a1bb [CANDIDATE]: Term 1 election: Vote granted by peer 6f1af300e1d549d6b1cdd8bf3b9aeb9c
I0727 05:16:53.013236 20838 leader_election.cc:244] T 71417e923e1e46d199a94903ec361efa P b497dbd6bd1a4c998891b00d2493a1bb [CANDIDATE]: Term 1 election: Election decided. Result: candidate won.
I0727 05:16:53.013249 20838 leader_election.cc:349] T 71417e923e1e46d199a94903ec361efa P b497dbd6bd1a4c998891b00d2493a1bb [CANDIDATE]: Term 1 election: Vote granted by peer 3a3c735705964e1badb66c37a66a9096
I0727 05:16:53.013257 50029 raft_consensus.cc:2372] T 71417e923e1e46d199a94903ec361efa P b497dbd6bd1a4c998891b00d2493a1bb: Snoozing failure detection for election timeout plus an additional 2.153s
I0727 05:16:53.013267 50029 raft_consensus.cc:2176] T 71417e923e1e46d199a94903ec361efa P b497dbd6bd1a4c998891b00d2493a1bb [term 1 FOLLOWER]: Leader election won for term 1
I0727 05:16:53.013284 50029 raft_consensus.cc:528] T 71417e923e1e46d199a94903ec361efa P b497dbd6bd1a4c998891b00d2493a1bb [term 1 LEADER]: Becoming Leader. State: Replica: b497dbd6bd1a4c998891b00d2493a1bb, State: Running, Role: LEADER
I0727 05:16:53.013311 50029 consensus_queue.cc:165] T 71417e923e1e46d199a94903ec361efa P b497dbd6bd1a4c998891b00d2493a1bb [LEADER]: Queue going to LEADER mode. State: All replicated index: 0, Majority replicated index: 0, Committed index: 0, Last appended: 0.0, Last appended by leader: 0, Current term: 1, Majority size: 2, State: 1, Mode: LEADER, active raft config: opid_index: -1 OBSOLETE_local: false peers { permanent_uuid: "3a3c735705964e1badb66c37a66a9096" member_type: VOTER last_known_addr { host: "ip-172-31-12-168" port: 31200 } } peers { permanent_uuid: "b497dbd6bd1a4c998891b00d2493a1bb" member_type: VOTER last_known_addr { host: "ip-172-31-12-168" port: 31202 } } peers { permanent_uuid: "6f1af300e1d549d6b1cdd8bf3b9aeb9c" member_type: VOTER last_known_addr { host: "ip-172-31-12-168" port: 31201 } }
I0727 05:16:53.137097 20915 raft_consensus.cc:2372] T f038d46bf3e34e8c879089719e8cf16c P b497dbd6bd1a4c998891b00d2493a1bb: Snoozing failure detection for election timeout plus an additional 1.561s
I0727 05:16:53.137111 20915 raft_consensus.cc:1943] T f038d46bf3e34e8c879089719e8cf16c P b497dbd6bd1a4c998891b00d2493a1bb [term 0 FOLLOWER]: Leader pre-election vote request: Granting yes vote for candidate 3a3c735705964e1badb66c37a66a9096 in term 0.
I0727 05:16:53.137678 20915 raft_consensus.cc:2419] T f038d46bf3e34e8c879089719e8cf16c P b497dbd6bd1a4c998891b00d2493a1bb [term 0 FOLLOWER]: Advancing to term 1
I0727 05:16:53.137693 20915 raft_consensus.cc:2372] T f038d46bf3e34e8c879089719e8cf16c P b497dbd6bd1a4c998891b00d2493a1bb: Snoozing failure detection for election timeout plus an additional 1.901s
I0727 05:16:53.137951 20915 raft_consensus.cc:1943] T f038d46bf3e34e8c879089719e8cf16c P b497dbd6bd1a4c998891b00d2493a1bb [term 1 FOLLOWER]: Leader election vote request: Granting yes vote for candidate 3a3c735705964e1badb66c37a66a9096 in term 1.
I0727 05:16:53.336670 43073 consensus_queue.cc:722] T 71417e923e1e46d199a94903ec361efa P b497dbd6bd1a4c998891b00d2493a1bb [LEADER]: Connected to new peer: Peer: 6f1af300e1d549d6b1cdd8bf3b9aeb9c, Is new: false, Last received: 0.0, Next index: 1, Last known committed idx: 0, Last exchange result: ERROR, Needs tablet copy: false
I0727 05:16:53.337366 50029 consensus_queue.cc:722] T 71417e923e1e46d199a94903ec361efa P b497dbd6bd1a4c998891b00d2493a1bb [LEADER]: Connected to new peer: Peer: 3a3c735705964e1badb66c37a66a9096, Is new: false, Last received: 0.0, Next index: 1, Last known committed idx: 0, Last exchange result: ERROR, Needs tablet copy: false
I0727 05:16:53.346328 20915 raft_consensus.cc:2372] T 56bddfd7123d47a6a0842b4c7a9f01db P b497dbd6bd1a4c998891b00d2493a1bb: Snoozing failure detection for election timeout plus an additional 1.887s
I0727 05:16:53.346343 20915 raft_consensus.cc:1943] T 56bddfd7123d47a6a0842b4c7a9f01db P b497dbd6bd1a4c998891b00d2493a1bb [term 0 FOLLOWER]: Leader pre-election vote request: Granting yes vote for candidate 6f1af300e1d549d6b1cdd8bf3b9aeb9c in term 0.
I0727 05:16:53.346913 20915 raft_consensus.cc:2419] T 56bddfd7123d47a6a0842b4c7a9f01db P b497dbd6bd1a4c998891b00d2493a1bb [term 0 FOLLOWER]: Advancing to term 1
I0727 05:16:53.346925 20915 raft_consensus.cc:2372] T 56bddfd7123d47a6a0842b4c7a9f01db P b497dbd6bd1a4c998891b00d2493a1bb: Snoozing failure detection for election timeout plus an additional 1.516s
I0727 05:16:53.347151 20915 raft_consensus.cc:1943] T 56bddfd7123d47a6a0842b4c7a9f01db P b497dbd6bd1a4c998891b00d2493a1bb [term 1 FOLLOWER]: Leader election vote request: Granting yes vote for candidate 6f1af300e1d549d6b1cdd8bf3b9aeb9c in term 1.
I0727 05:16:53.397507 20915 raft_consensus.cc:944] T f038d46bf3e34e8c879089719e8cf16c P b497dbd6bd1a4c998891b00d2493a1bb [term 1 FOLLOWER]: Refusing update from remote peer 3a3c735705964e1badb66c37a66a9096: Log matching property violated. Preceding OpId in replica: term: 0 index: 0. Preceding OpId from leader: term: 1 index: 1. (index mismatch)
I0727 05:16:53.665561 20915 raft_consensus.cc:944] T 56bddfd7123d47a6a0842b4c7a9f01db P b497dbd6bd1a4c998891b00d2493a1bb [term 1 FOLLOWER]: Refusing update from remote peer 6f1af300e1d549d6b1cdd8bf3b9aeb9c: Log matching property violated. Preceding OpId in replica: term: 0 index: 0. Preceding OpId from leader: term: 1 index: 1. (index mismatch)
I0727 05:17:00.859468 20883 tablet_service.cc:713] Processing DeleteTablet for tablet 38dd5558e43a4cc9a7f2fce41ae145c8 with delete_type TABLET_DATA_DELETED (Table deleted at 2017-07-27 05:17:00 UTC) from {username='ubuntu'} at 127.0.0.1:34066
I0727 05:17:00.859496 20883 tablet_replica.cc:225] Initiating TabletReplica shutdown for tablet: 38dd5558e43a4cc9a7f2fce41ae145c8
I0727 05:17:00.859477 20879 tablet_service.cc:713] Processing DeleteTablet for tablet b5a9dd0d9f264acc9cbf55596ef9fe68 with delete_type TABLET_DATA_DELETED (Table deleted at 2017-07-27 05:17:00 UTC) from {username='ubuntu'} at 127.0.0.1:34066
I0727 05:17:00.859506 20883 maintenance_manager.cc:206] P b497dbd6bd1a4c998891b00d2493a1bb: Unregistered op CompactRowSetsOp(38dd5558e43a4cc9a7f2fce41ae145c8)
I0727 05:17:00.859508 20879 tablet_replica.cc:225] Initiating TabletReplica shutdown for tablet: b5a9dd0d9f264acc9cbf55596ef9fe68
I0727 05:17:00.859511 20883 maintenance_manager.cc:206] P b497dbd6bd1a4c998891b00d2493a1bb: Unregistered op MinorDeltaCompactionOp(38dd5558e43a4cc9a7f2fce41ae145c8)
I0727 05:17:00.859524 20880 tablet_service.cc:713] Processing DeleteTablet for tablet fb63e650a8d0496786c32252dc667fa0 with delete_type TABLET_DATA_DELETED (Table deleted at 2017-07-27 05:17:00 UTC) from {username='ubuntu'} at 127.0.0.1:34066
I0727 05:17:00.859540 20883 maintenance_manager.cc:206] P b497dbd6bd1a4c998891b00d2493a1bb: Unregistered op MajorDeltaCompactionOp(38dd5558e43a4cc9a7f2fce41ae145c8)
I0727 05:17:00.859557 20880 tablet_replica.cc:225] Initiating TabletReplica shutdown for tablet: fb63e650a8d0496786c32252dc667fa0
I0727 05:17:00.859560 20883 maintenance_manager.cc:206] P b497dbd6bd1a4c998891b00d2493a1bb: Unregistered op UndoDeltaBlockGCOp(38dd5558e43a4cc9a7f2fce41ae145c8)
I0727 05:17:00.859565 20880 maintenance_manager.cc:206] P b497dbd6bd1a4c998891b00d2493a1bb: Unregistered op CompactRowSetsOp(fb63e650a8d0496786c32252dc667fa0)
I0727 05:17:00.859568 20883 maintenance_manager.cc:206] P b497dbd6bd1a4c998891b00d2493a1bb: Unregistered op FlushMRSOp(38dd5558e43a4cc9a7f2fce41ae145c8)
I0727 05:17:00.859592 20883 maintenance_manager.cc:206] P b497dbd6bd1a4c998891b00d2493a1bb: Unregistered op FlushDeltaMemStoresOp(38dd5558e43a4cc9a7f2fce41ae145c8)
I0727 05:17:00.859570 20880 maintenance_manager.cc:206] P b497dbd6bd1a4c998891b00d2493a1bb: Unregistered op MinorDeltaCompactionOp(fb63e650a8d0496786c32252dc667fa0)
I0727 05:17:00.859606 20883 maintenance_manager.cc:206] P b497dbd6bd1a4c998891b00d2493a1bb: Unregistered op LogGCOp(38dd5558e43a4cc9a7f2fce41ae145c8)
I0727 05:17:00.859524 20879 maintenance_manager.cc:206] P b497dbd6bd1a4c998891b00d2493a1bb: Unregistered op CompactRowSetsOp(b5a9dd0d9f264acc9cbf55596ef9fe68)
I0727 05:17:00.859611 20880 maintenance_manager.cc:206] P b497dbd6bd1a4c998891b00d2493a1bb: Unregistered op MajorDeltaCompactionOp(fb63e650a8d0496786c32252dc667fa0)
I0727 05:17:00.859628 20879 maintenance_manager.cc:206] P b497dbd6bd1a4c998891b00d2493a1bb: Unregistered op MinorDeltaCompactionOp(b5a9dd0d9f264acc9cbf55596ef9fe68)
I0727 05:17:00.859632 20883 raft_consensus.cc:1763] T 38dd5558e43a4cc9a7f2fce41ae145c8 P b497dbd6bd1a4c998891b00d2493a1bb [term 1 LEADER]: Raft consensus shutting down.
I0727 05:17:00.859637 20880 maintenance_manager.cc:206] P b497dbd6bd1a4c998891b00d2493a1bb: Unregistered op UndoDeltaBlockGCOp(fb63e650a8d0496786c32252dc667fa0)
I0727 05:17:00.859650 20879 maintenance_manager.cc:206] P b497dbd6bd1a4c998891b00d2493a1bb: Unregistered op MajorDeltaCompactionOp(b5a9dd0d9f264acc9cbf55596ef9fe68)
I0727 05:17:00.859660 20880 maintenance_manager.cc:206] P b497dbd6bd1a4c998891b00d2493a1bb: Unregistered op FlushMRSOp(fb63e650a8d0496786c32252dc667fa0)
I0727 05:17:00.859666 20880 maintenance_manager.cc:206] P b497dbd6bd1a4c998891b00d2493a1bb: Unregistered op FlushDeltaMemStoresOp(fb63e650a8d0496786c32252dc667fa0)
I0727 05:17:00.859638 20883 consensus_peers.cc:400] T 38dd5558e43a4cc9a7f2fce41ae145c8 P b497dbd6bd1a4c998891b00d2493a1bb -> Peer 6f1af300e1d549d6b1cdd8bf3b9aeb9c (ip-172-31-12-168:31201): Closing peer: 6f1af300e1d549d6b1cdd8bf3b9aeb9c
I0727 05:17:00.859674 20879 maintenance_manager.cc:206] P b497dbd6bd1a4c998891b00d2493a1bb: Unregistered op UndoDeltaBlockGCOp(b5a9dd0d9f264acc9cbf55596ef9fe68)
I0727 05:17:00.859678 20883 consensus_peers.cc:400] T 38dd5558e43a4cc9a7f2fce41ae145c8 P b497dbd6bd1a4c998891b00d2493a1bb -> Peer 3a3c735705964e1badb66c37a66a9096 (ip-172-31-12-168:31200): Closing peer: 3a3c735705964e1badb66c37a66a9096
I0727 05:17:00.859684 20883 raft_consensus.cc:1778] T 38dd5558e43a4cc9a7f2fce41ae145c8 P b497dbd6bd1a4c998891b00d2493a1bb [term 1 LEADER]: Raft consensus is shut down!
I0727 05:17:00.859686 20879 maintenance_manager.cc:206] P b497dbd6bd1a4c998891b00d2493a1bb: Unregistered op FlushMRSOp(b5a9dd0d9f264acc9cbf55596ef9fe68)
I0727 05:17:00.859689 20880 maintenance_manager.cc:206] P b497dbd6bd1a4c998891b00d2493a1bb: Unregistered op LogGCOp(fb63e650a8d0496786c32252dc667fa0)
I0727 05:17:00.859691 20879 maintenance_manager.cc:206] P b497dbd6bd1a4c998891b00d2493a1bb: Unregistered op FlushDeltaMemStoresOp(b5a9dd0d9f264acc9cbf55596ef9fe68)
I0727 05:17:00.859694 20880 raft_consensus.cc:1763] T fb63e650a8d0496786c32252dc667fa0 P b497dbd6bd1a4c998891b00d2493a1bb [term 1 LEADER]: Raft consensus shutting down.
I0727 05:17:00.859696 20879 maintenance_manager.cc:206] P b497dbd6bd1a4c998891b00d2493a1bb: Unregistered op LogGCOp(b5a9dd0d9f264acc9cbf55596ef9fe68)
I0727 05:17:00.859699 20880 consensus_peers.cc:400] T fb63e650a8d0496786c32252dc667fa0 P b497dbd6bd1a4c998891b00d2493a1bb -> Peer 6f1af300e1d549d6b1cdd8bf3b9aeb9c (ip-172-31-12-168:31201): Closing peer: 6f1af300e1d549d6b1cdd8bf3b9aeb9c
I0727 05:17:00.859702 20879 raft_consensus.cc:1763] T b5a9dd0d9f264acc9cbf55596ef9fe68 P b497dbd6bd1a4c998891b00d2493a1bb [term 1 FOLLOWER]: Raft consensus shutting down.
I0727 05:17:00.859704 20880 consensus_peers.cc:400] T fb63e650a8d0496786c32252dc667fa0 P b497dbd6bd1a4c998891b00d2493a1bb -> Peer 3a3c735705964e1badb66c37a66a9096 (ip-172-31-12-168:31200): Closing peer: 3a3c735705964e1badb66c37a66a9096
I0727 05:17:00.859707 20879 raft_consensus.cc:1778] T b5a9dd0d9f264acc9cbf55596ef9fe68 P b497dbd6bd1a4c998891b00d2493a1bb [term 1 FOLLOWER]: Raft consensus is shut down!
I0727 05:17:00.859710 20880 raft_consensus.cc:1778] T fb63e650a8d0496786c32252dc667fa0 P b497dbd6bd1a4c998891b00d2493a1bb [term 1 LEADER]: Raft consensus is shut down!
I0727 05:17:00.859971 20879 ts_tablet_manager.cc:1030] T b5a9dd0d9f264acc9cbf55596ef9fe68 P b497dbd6bd1a4c998891b00d2493a1bb: Deleting tablet data with delete state TABLET_DATA_DELETED
I0727 05:17:00.860000 20883 ts_tablet_manager.cc:1030] T 38dd5558e43a4cc9a7f2fce41ae145c8 P b497dbd6bd1a4c998891b00d2493a1bb: Deleting tablet data with delete state TABLET_DATA_DELETED
I0727 05:17:00.860030 20880 ts_tablet_manager.cc:1030] T fb63e650a8d0496786c32252dc667fa0 P b497dbd6bd1a4c998891b00d2493a1bb: Deleting tablet data with delete state TABLET_DATA_DELETED
I0727 05:17:00.861155 20879 ts_tablet_manager.cc:1042] T b5a9dd0d9f264acc9cbf55596ef9fe68 P b497dbd6bd1a4c998891b00d2493a1bb: Tablet deleted. Last logged OpId: 1.1
I0727 05:17:00.861173 20879 log.cc:974] T b5a9dd0d9f264acc9cbf55596ef9fe68 P b497dbd6bd1a4c998891b00d2493a1bb: Deleting WAL directory at /home/ubuntu/Impala/testdata/cluster/cdh5/node-1/var/lib/kudu/ts/wal/wals/b5a9dd0d9f264acc9cbf55596ef9fe68
I0727 05:17:00.861675 20883 ts_tablet_manager.cc:1042] T 38dd5558e43a4cc9a7f2fce41ae145c8 P b497dbd6bd1a4c998891b00d2493a1bb: Tablet deleted. Last logged OpId: 1.1
I0727 05:17:00.861690 20883 log.cc:974] T 38dd5558e43a4cc9a7f2fce41ae145c8 P b497dbd6bd1a4c998891b00d2493a1bb: Deleting WAL directory at /home/ubuntu/Impala/testdata/cluster/cdh5/node-1/var/lib/kudu/ts/wal/wals/38dd5558e43a4cc9a7f2fce41ae145c8
I0727 05:17:00.861776 20883 ts_tablet_manager.cc:1060] T 38dd5558e43a4cc9a7f2fce41ae145c8 P b497dbd6bd1a4c998891b00d2493a1bb: Deleting consensus metadata
I0727 05:17:00.861868 20880 ts_tablet_manager.cc:1042] T fb63e650a8d0496786c32252dc667fa0 P b497dbd6bd1a4c998891b00d2493a1bb: Tablet deleted. Last logged OpId: 1.1
I0727 05:17:00.861881 20880 log.cc:974] T fb63e650a8d0496786c32252dc667fa0 P b497dbd6bd1a4c998891b00d2493a1bb: Deleting WAL directory at /home/ubuntu/Impala/testdata/cluster/cdh5/node-1/var/lib/kudu/ts/wal/wals/fb63e650a8d0496786c32252dc667fa0
I0727 05:17:00.862282 20879 ts_tablet_manager.cc:1060] T b5a9dd0d9f264acc9cbf55596ef9fe68 P b497dbd6bd1a4c998891b00d2493a1bb: Deleting consensus metadata
I0727 05:17:00.863211 20880 ts_tablet_manager.cc:1060] T fb63e650a8d0496786c32252dc667fa0 P b497dbd6bd1a4c998891b00d2493a1bb: Deleting consensus metadata
I0727 05:17:00.982374 20880 tablet_service.cc:672] Processing CreateTablet for tablet 2d9503271f994575aecf7d7c5e24b2d3 (table=impala::functional_kudu.emptytable [id=c9d92d4dfc8747ff8453171a06b9e4a5]), partition=HASH (field) PARTITION 0
I0727 05:17:00.982388 20879 tablet_service.cc:672] Processing CreateTablet for tablet 4ee4c3f4e64e4016897f1a0f51893986 (table=impala::functional_kudu.emptytable [id=c9d92d4dfc8747ff8453171a06b9e4a5]), partition=HASH (field) PARTITION 1
I0727 05:17:00.982439 20883 tablet_service.cc:672] Processing CreateTablet for tablet 2c719b1e29f44226b3bb118c3cc45ad5 (table=impala::functional_kudu.emptytable [id=c9d92d4dfc8747ff8453171a06b9e4a5]), partition=HASH (field) PARTITION 2
I0727 05:17:00.983037 20879 ts_tablet_manager.cc:871] T 4ee4c3f4e64e4016897f1a0f51893986 P b497dbd6bd1a4c998891b00d2493a1bb: Registered tablet (data state: TABLET_DATA_READY)
I0727 05:17:00.983201 20880 ts_tablet_manager.cc:871] T 2d9503271f994575aecf7d7c5e24b2d3 P b497dbd6bd1a4c998891b00d2493a1bb: Registered tablet (data state: TABLET_DATA_READY)
I0727 05:17:00.983227 20883 ts_tablet_manager.cc:871] T 2c719b1e29f44226b3bb118c3cc45ad5 P b497dbd6bd1a4c998891b00d2493a1bb: Registered tablet (data state: TABLET_DATA_READY)
I0727 05:17:00.983276 112202 ts_tablet_manager.cc:741] T 4ee4c3f4e64e4016897f1a0f51893986 P b497dbd6bd1a4c998891b00d2493a1bb: Bootstrapping tablet
I0727 05:17:00.983294 112202 tablet_bootstrap.cc:406] T 4ee4c3f4e64e4016897f1a0f51893986 P b497dbd6bd1a4c998891b00d2493a1bb: Bootstrap starting.
I0727 05:17:00.983461 112202 tablet_bootstrap.cc:547] T 4ee4c3f4e64e4016897f1a0f51893986 P b497dbd6bd1a4c998891b00d2493a1bb: No blocks or log segments found. Creating new log.
I0727 05:17:00.983877 112202 tablet_bootstrap.cc:406] T 4ee4c3f4e64e4016897f1a0f51893986 P b497dbd6bd1a4c998891b00d2493a1bb: No bootstrap required, opened a new log
I0727 05:17:00.983896 112202 ts_tablet_manager.cc:746] T 4ee4c3f4e64e4016897f1a0f51893986 P b497dbd6bd1a4c998891b00d2493a1bb: Time spent bootstrapping tablet: real 0.001s	user 0.000s	sys 0.000s
I0727 05:17:00.984158 112202 raft_consensus.cc:284] T 4ee4c3f4e64e4016897f1a0f51893986 P b497dbd6bd1a4c998891b00d2493a1bb [term 0 FOLLOWER]: Replica starting. Triggering 0 pending transactions. Active config: opid_index: -1 OBSOLETE_local: false peers { permanent_uuid: "b497dbd6bd1a4c998891b00d2493a1bb" member_type: VOTER last_known_addr { host: "ip-172-31-12-168" port: 31202 } } peers { permanent_uuid: "3a3c735705964e1badb66c37a66a9096" member_type: VOTER last_known_addr { host: "ip-172-31-12-168" port: 31200 } } peers { permanent_uuid: "6f1af300e1d549d6b1cdd8bf3b9aeb9c" member_type: VOTER last_known_addr { host: "ip-172-31-12-168" port: 31201 } }
I0727 05:17:00.984171 112202 raft_consensus.cc:316] T 4ee4c3f4e64e4016897f1a0f51893986 P b497dbd6bd1a4c998891b00d2493a1bb [term 0 FOLLOWER]: Consensus starting up: Expiring failure detector timer to make a prompt election more likely
I0727 05:17:00.984174 112202 raft_consensus.cc:560] T 4ee4c3f4e64e4016897f1a0f51893986 P b497dbd6bd1a4c998891b00d2493a1bb [term 0 FOLLOWER]: Becoming Follower/Learner. State: Replica: b497dbd6bd1a4c998891b00d2493a1bb, State: Running, Role: FOLLOWER
I0727 05:17:00.984181 112202 consensus_queue.cc:186] T 4ee4c3f4e64e4016897f1a0f51893986 P b497dbd6bd1a4c998891b00d2493a1bb [NON_LEADER]: Queue going to NON_LEADER mode. State: All replicated index: 0, Majority replicated index: 0, Committed index: 0, Last appended: 0.0, Last appended by leader: 0, Current term: 0, Majority size: -1, State: 1, Mode: NON_LEADER
I0727 05:17:00.984233 112202 ts_tablet_manager.cc:775] T 4ee4c3f4e64e4016897f1a0f51893986 P b497dbd6bd1a4c998891b00d2493a1bb: Time spent starting tablet: real 0.000s	user 0.000s	sys 0.000s
I0727 05:17:00.984246 112202 ts_tablet_manager.cc:741] T 2d9503271f994575aecf7d7c5e24b2d3 P b497dbd6bd1a4c998891b00d2493a1bb: Bootstrapping tablet
I0727 05:17:00.984251 112202 tablet_bootstrap.cc:406] T 2d9503271f994575aecf7d7c5e24b2d3 P b497dbd6bd1a4c998891b00d2493a1bb: Bootstrap starting.
I0727 05:17:00.984367 112202 tablet_bootstrap.cc:547] T 2d9503271f994575aecf7d7c5e24b2d3 P b497dbd6bd1a4c998891b00d2493a1bb: No blocks or log segments found. Creating new log.
I0727 05:17:00.984777 112202 tablet_bootstrap.cc:406] T 2d9503271f994575aecf7d7c5e24b2d3 P b497dbd6bd1a4c998891b00d2493a1bb: No bootstrap required, opened a new log
I0727 05:17:00.984792 112202 ts_tablet_manager.cc:746] T 2d9503271f994575aecf7d7c5e24b2d3 P b497dbd6bd1a4c998891b00d2493a1bb: Time spent bootstrapping tablet: real 0.001s	user 0.000s	sys 0.000s
I0727 05:17:00.985064 112202 raft_consensus.cc:284] T 2d9503271f994575aecf7d7c5e24b2d3 P b497dbd6bd1a4c998891b00d2493a1bb [term 0 FOLLOWER]: Replica starting. Triggering 0 pending transactions. Active config: opid_index: -1 OBSOLETE_local: false peers { permanent_uuid: "3a3c735705964e1badb66c37a66a9096" member_type: VOTER last_known_addr { host: "ip-172-31-12-168" port: 31200 } } peers { permanent_uuid: "b497dbd6bd1a4c998891b00d2493a1bb" member_type: VOTER last_known_addr { host: "ip-172-31-12-168" port: 31202 } } peers { permanent_uuid: "6f1af300e1d549d6b1cdd8bf3b9aeb9c" member_type: VOTER last_known_addr { host: "ip-172-31-12-168" port: 31201 } }
I0727 05:17:00.985080 112202 raft_consensus.cc:316] T 2d9503271f994575aecf7d7c5e24b2d3 P b497dbd6bd1a4c998891b00d2493a1bb [term 0 FOLLOWER]: Consensus starting up: Expiring failure detector timer to make a prompt election more likely
I0727 05:17:00.985082 112202 raft_consensus.cc:560] T 2d9503271f994575aecf7d7c5e24b2d3 P b497dbd6bd1a4c998891b00d2493a1bb [term 0 FOLLOWER]: Becoming Follower/Learner. State: Replica: b497dbd6bd1a4c998891b00d2493a1bb, State: Running, Role: FOLLOWER
I0727 05:17:00.985090 112202 consensus_queue.cc:186] T 2d9503271f994575aecf7d7c5e24b2d3 P b497dbd6bd1a4c998891b00d2493a1bb [NON_LEADER]: Queue going to NON_LEADER mode. State: All replicated index: 0, Majority replicated index: 0, Committed index: 0, Last appended: 0.0, Last appended by leader: 0, Current term: 0, Majority size: -1, State: 1, Mode: NON_LEADER
I0727 05:17:00.985136 112202 ts_tablet_manager.cc:775] T 2d9503271f994575aecf7d7c5e24b2d3 P b497dbd6bd1a4c998891b00d2493a1bb: Time spent starting tablet: real 0.000s	user 0.000s	sys 0.000s
I0727 05:17:00.985154 112202 ts_tablet_manager.cc:741] T 2c719b1e29f44226b3bb118c3cc45ad5 P b497dbd6bd1a4c998891b00d2493a1bb: Bootstrapping tablet
I0727 05:17:00.985163 112202 tablet_bootstrap.cc:406] T 2c719b1e29f44226b3bb118c3cc45ad5 P b497dbd6bd1a4c998891b00d2493a1bb: Bootstrap starting.
I0727 05:17:00.985311 112202 tablet_bootstrap.cc:547] T 2c719b1e29f44226b3bb118c3cc45ad5 P b497dbd6bd1a4c998891b00d2493a1bb: No blocks or log segments found. Creating new log.
I0727 05:17:00.985730 112202 tablet_bootstrap.cc:406] T 2c719b1e29f44226b3bb118c3cc45ad5 P b497dbd6bd1a4c998891b00d2493a1bb: No bootstrap required, opened a new log
I0727 05:17:00.985746 112202 ts_tablet_manager.cc:746] T 2c719b1e29f44226b3bb118c3cc45ad5 P b497dbd6bd1a4c998891b00d2493a1bb: Time spent bootstrapping tablet: real 0.001s	user 0.000s	sys 0.000s
I0727 05:17:00.986006 112202 raft_consensus.cc:284] T 2c719b1e29f44226b3bb118c3cc45ad5 P b497dbd6bd1a4c998891b00d2493a1bb [term 0 FOLLOWER]: Replica starting. Triggering 0 pending transactions. Active config: opid_index: -1 OBSOLETE_local: false peers { permanent_uuid: "3a3c735705964e1badb66c37a66a9096" member_type: VOTER last_known_addr { host: "ip-172-31-12-168" port: 31200 } } peers { permanent_uuid: "b497dbd6bd1a4c998891b00d2493a1bb" member_type: VOTER last_known_addr { host: "ip-172-31-12-168" port: 31202 } } peers { permanent_uuid: "6f1af300e1d549d6b1cdd8bf3b9aeb9c" member_type: VOTER last_known_addr { host: "ip-172-31-12-168" port: 31201 } }
I0727 05:17:00.986023 112202 raft_consensus.cc:316] T 2c719b1e29f44226b3bb118c3cc45ad5 P b497dbd6bd1a4c998891b00d2493a1bb [term 0 FOLLOWER]: Consensus starting up: Expiring failure detector timer to make a prompt election more likely
I0727 05:17:00.986029 112202 raft_consensus.cc:560] T 2c719b1e29f44226b3bb118c3cc45ad5 P b497dbd6bd1a4c998891b00d2493a1bb [term 0 FOLLOWER]: Becoming Follower/Learner. State: Replica: b497dbd6bd1a4c998891b00d2493a1bb, State: Running, Role: FOLLOWER
I0727 05:17:00.986038 112202 consensus_queue.cc:186] T 2c719b1e29f44226b3bb118c3cc45ad5 P b497dbd6bd1a4c998891b00d2493a1bb [NON_LEADER]: Queue going to NON_LEADER mode. State: All replicated index: 0, Majority replicated index: 0, Committed index: 0, Last appended: 0.0, Last appended by leader: 0, Current term: 0, Majority size: -1, State: 1, Mode: NON_LEADER
I0727 05:17:00.986075 112202 ts_tablet_manager.cc:775] T 2c719b1e29f44226b3bb118c3cc45ad5 P b497dbd6bd1a4c998891b00d2493a1bb: Time spent starting tablet: real 0.000s	user 0.000s	sys 0.000s
I0727 05:17:01.210958 112220 raft_consensus.cc:411] T 2c719b1e29f44226b3bb118c3cc45ad5 P b497dbd6bd1a4c998891b00d2493a1bb [term 0 FOLLOWER]: Starting pre-election (no leader contacted us within the election timeout)
I0727 05:17:01.210976 112220 raft_consensus.cc:2372] T 2c719b1e29f44226b3bb118c3cc45ad5 P b497dbd6bd1a4c998891b00d2493a1bb: Snoozing failure detection for election timeout plus an additional 2.226s
I0727 05:17:01.210999 112220 raft_consensus.cc:435] T 2c719b1e29f44226b3bb118c3cc45ad5 P b497dbd6bd1a4c998891b00d2493a1bb [term 0 FOLLOWER]: Starting pre-election with config: opid_index: -1 OBSOLETE_local: false peers { permanent_uuid: "3a3c735705964e1badb66c37a66a9096" member_type: VOTER last_known_addr { host: "ip-172-31-12-168" port: 31200 } } peers { permanent_uuid: "b497dbd6bd1a4c998891b00d2493a1bb" member_type: VOTER last_known_addr { host: "ip-172-31-12-168" port: 31202 } } peers { permanent_uuid: "6f1af300e1d549d6b1cdd8bf3b9aeb9c" member_type: VOTER last_known_addr { host: "ip-172-31-12-168" port: 31201 } }
I0727 05:17:01.211133 112220 leader_election.cc:217] T 2c719b1e29f44226b3bb118c3cc45ad5 P b497dbd6bd1a4c998891b00d2493a1bb [CANDIDATE]: Term 1 pre-election: Requesting pre-vote from peer 3a3c735705964e1badb66c37a66a9096
I0727 05:17:01.211154 112220 leader_election.cc:217] T 2c719b1e29f44226b3bb118c3cc45ad5 P b497dbd6bd1a4c998891b00d2493a1bb [CANDIDATE]: Term 1 pre-election: Requesting pre-vote from peer 6f1af300e1d549d6b1cdd8bf3b9aeb9c
I0727 05:17:01.211298 20838 leader_election.cc:349] T 2c719b1e29f44226b3bb118c3cc45ad5 P b497dbd6bd1a4c998891b00d2493a1bb [CANDIDATE]: Term 1 pre-election: Vote granted by peer 3a3c735705964e1badb66c37a66a9096
I0727 05:17:01.211309 20838 leader_election.cc:244] T 2c719b1e29f44226b3bb118c3cc45ad5 P b497dbd6bd1a4c998891b00d2493a1bb [CANDIDATE]: Term 1 pre-election: Election decided. Result: candidate won.
I0727 05:17:01.211328 20838 leader_election.cc:349] T 2c719b1e29f44226b3bb118c3cc45ad5 P b497dbd6bd1a4c998891b00d2493a1bb [CANDIDATE]: Term 1 pre-election: Vote granted by peer 6f1af300e1d549d6b1cdd8bf3b9aeb9c
I0727 05:17:01.211331 50010 raft_consensus.cc:2372] T 2c719b1e29f44226b3bb118c3cc45ad5 P b497dbd6bd1a4c998891b00d2493a1bb: Snoozing failure detection for election timeout plus an additional 2.035s
I0727 05:17:01.211340 50010 raft_consensus.cc:2176] T 2c719b1e29f44226b3bb118c3cc45ad5 P b497dbd6bd1a4c998891b00d2493a1bb [term 0 FOLLOWER]: Leader pre-election won for term 1
I0727 05:17:01.211344 50010 raft_consensus.cc:411] T 2c719b1e29f44226b3bb118c3cc45ad5 P b497dbd6bd1a4c998891b00d2493a1bb [term 0 FOLLOWER]: Starting leader election (no leader contacted us within the election timeout)
I0727 05:17:01.211349 50010 raft_consensus.cc:2372] T 2c719b1e29f44226b3bb118c3cc45ad5 P b497dbd6bd1a4c998891b00d2493a1bb: Snoozing failure detection for election timeout plus an additional 1.676s
I0727 05:17:01.211354 50010 raft_consensus.cc:2419] T 2c719b1e29f44226b3bb118c3cc45ad5 P b497dbd6bd1a4c998891b00d2493a1bb [term 0 FOLLOWER]: Advancing to term 1
I0727 05:17:01.211660 50010 raft_consensus.cc:435] T 2c719b1e29f44226b3bb118c3cc45ad5 P b497dbd6bd1a4c998891b00d2493a1bb [term 1 FOLLOWER]: Starting leader election with config: opid_index: -1 OBSOLETE_local: false peers { permanent_uuid: "3a3c735705964e1badb66c37a66a9096" member_type: VOTER last_known_addr { host: "ip-172-31-12-168" port: 31200 } } peers { permanent_uuid: "b497dbd6bd1a4c998891b00d2493a1bb" member_type: VOTER last_known_addr { host: "ip-172-31-12-168" port: 31202 } } peers { permanent_uuid: "6f1af300e1d549d6b1cdd8bf3b9aeb9c" member_type: VOTER last_known_addr { host: "ip-172-31-12-168" port: 31201 } }
I0727 05:17:01.211763 50010 leader_election.cc:217] T 2c719b1e29f44226b3bb118c3cc45ad5 P b497dbd6bd1a4c998891b00d2493a1bb [CANDIDATE]: Term 1 election: Requesting vote from peer 3a3c735705964e1badb66c37a66a9096
I0727 05:17:01.211781 50010 leader_election.cc:217] T 2c719b1e29f44226b3bb118c3cc45ad5 P b497dbd6bd1a4c998891b00d2493a1bb [CANDIDATE]: Term 1 election: Requesting vote from peer 6f1af300e1d549d6b1cdd8bf3b9aeb9c
I0727 05:17:01.212216 20838 leader_election.cc:349] T 2c719b1e29f44226b3bb118c3cc45ad5 P b497dbd6bd1a4c998891b00d2493a1bb [CANDIDATE]: Term 1 election: Vote granted by peer 3a3c735705964e1badb66c37a66a9096
I0727 05:17:01.212226 20838 leader_election.cc:244] T 2c719b1e29f44226b3bb118c3cc45ad5 P b497dbd6bd1a4c998891b00d2493a1bb [CANDIDATE]: Term 1 election: Election decided. Result: candidate won.
I0727 05:17:01.212237 20838 leader_election.cc:349] T 2c719b1e29f44226b3bb118c3cc45ad5 P b497dbd6bd1a4c998891b00d2493a1bb [CANDIDATE]: Term 1 election: Vote granted by peer 6f1af300e1d549d6b1cdd8bf3b9aeb9c
I0727 05:17:01.212249 43073 raft_consensus.cc:2372] T 2c719b1e29f44226b3bb118c3cc45ad5 P b497dbd6bd1a4c998891b00d2493a1bb: Snoozing failure detection for election timeout plus an additional 1.620s
I0727 05:17:01.212261 43073 raft_consensus.cc:2176] T 2c719b1e29f44226b3bb118c3cc45ad5 P b497dbd6bd1a4c998891b00d2493a1bb [term 1 FOLLOWER]: Leader election won for term 1
I0727 05:17:01.212273 43073 raft_consensus.cc:528] T 2c719b1e29f44226b3bb118c3cc45ad5 P b497dbd6bd1a4c998891b00d2493a1bb [term 1 LEADER]: Becoming Leader. State: Replica: b497dbd6bd1a4c998891b00d2493a1bb, State: Running, Role: LEADER
I0727 05:17:01.212301 43073 consensus_queue.cc:165] T 2c719b1e29f44226b3bb118c3cc45ad5 P b497dbd6bd1a4c998891b00d2493a1bb [LEADER]: Queue going to LEADER mode. State: All replicated index: 0, Majority replicated index: 0, Committed index: 0, Last appended: 0.0, Last appended by leader: 0, Current term: 1, Majority size: 2, State: 1, Mode: LEADER, active raft config: opid_index: -1 OBSOLETE_local: false peers { permanent_uuid: "3a3c735705964e1badb66c37a66a9096" member_type: VOTER last_known_addr { host: "ip-172-31-12-168" port: 31200 } } peers { permanent_uuid: "b497dbd6bd1a4c998891b00d2493a1bb" member_type: VOTER last_known_addr { host: "ip-172-31-12-168" port: 31202 } } peers { permanent_uuid: "6f1af300e1d549d6b1cdd8bf3b9aeb9c" member_type: VOTER last_known_addr { host: "ip-172-31-12-168" port: 31201 } }
I0727 05:17:01.358088 20913 raft_consensus.cc:2372] T 4ee4c3f4e64e4016897f1a0f51893986 P b497dbd6bd1a4c998891b00d2493a1bb: Snoozing failure detection for election timeout plus an additional 1.758s
I0727 05:17:01.358101 20913 raft_consensus.cc:1943] T 4ee4c3f4e64e4016897f1a0f51893986 P b497dbd6bd1a4c998891b00d2493a1bb [term 0 FOLLOWER]: Leader pre-election vote request: Granting yes vote for candidate 6f1af300e1d549d6b1cdd8bf3b9aeb9c in term 0.
I0727 05:17:01.358675 20913 raft_consensus.cc:2419] T 4ee4c3f4e64e4016897f1a0f51893986 P b497dbd6bd1a4c998891b00d2493a1bb [term 0 FOLLOWER]: Advancing to term 1
I0727 05:17:01.358688 20913 raft_consensus.cc:2372] T 4ee4c3f4e64e4016897f1a0f51893986 P b497dbd6bd1a4c998891b00d2493a1bb: Snoozing failure detection for election timeout plus an additional 1.758s
I0727 05:17:01.358958 20913 raft_consensus.cc:1943] T 4ee4c3f4e64e4016897f1a0f51893986 P b497dbd6bd1a4c998891b00d2493a1bb [term 1 FOLLOWER]: Leader election vote request: Granting yes vote for candidate 6f1af300e1d549d6b1cdd8bf3b9aeb9c in term 1.
I0727 05:17:01.359496 20913 raft_consensus.cc:2372] T 2d9503271f994575aecf7d7c5e24b2d3 P b497dbd6bd1a4c998891b00d2493a1bb: Snoozing failure detection for election timeout plus an additional 1.995s
I0727 05:17:01.359508 20913 raft_consensus.cc:1943] T 2d9503271f994575aecf7d7c5e24b2d3 P b497dbd6bd1a4c998891b00d2493a1bb [term 0 FOLLOWER]: Leader pre-election vote request: Granting yes vote for candidate 6f1af300e1d549d6b1cdd8bf3b9aeb9c in term 0.
I0727 05:17:01.360163 20913 raft_consensus.cc:2419] T 2d9503271f994575aecf7d7c5e24b2d3 P b497dbd6bd1a4c998891b00d2493a1bb [term 0 FOLLOWER]: Advancing to term 1
I0727 05:17:01.360175 20913 raft_consensus.cc:2372] T 2d9503271f994575aecf7d7c5e24b2d3 P b497dbd6bd1a4c998891b00d2493a1bb: Snoozing failure detection for election timeout plus an additional 1.851s
I0727 05:17:01.360389 20913 raft_consensus.cc:1943] T 2d9503271f994575aecf7d7c5e24b2d3 P b497dbd6bd1a4c998891b00d2493a1bb [term 1 FOLLOWER]: Leader election vote request: Granting yes vote for candidate 6f1af300e1d549d6b1cdd8bf3b9aeb9c in term 1.
I0727 05:17:01.478510 50046 consensus_queue.cc:722] T 2c719b1e29f44226b3bb118c3cc45ad5 P b497dbd6bd1a4c998891b00d2493a1bb [LEADER]: Connected to new peer: Peer: 3a3c735705964e1badb66c37a66a9096, Is new: false, Last received: 0.0, Next index: 1, Last known committed idx: 0, Last exchange result: ERROR, Needs tablet copy: false
I0727 05:17:01.479245 50046 consensus_queue.cc:722] T 2c719b1e29f44226b3bb118c3cc45ad5 P b497dbd6bd1a4c998891b00d2493a1bb [LEADER]: Connected to new peer: Peer: 6f1af300e1d549d6b1cdd8bf3b9aeb9c, Is new: false, Last received: 0.0, Next index: 1, Last known committed idx: 0, Last exchange result: ERROR, Needs tablet copy: false
I0727 05:17:01.621876 20913 raft_consensus.cc:944] T 2d9503271f994575aecf7d7c5e24b2d3 P b497dbd6bd1a4c998891b00d2493a1bb [term 1 FOLLOWER]: Refusing update from remote peer 6f1af300e1d549d6b1cdd8bf3b9aeb9c: Log matching property violated. Preceding OpId in replica: term: 0 index: 0. Preceding OpId from leader: term: 1 index: 1. (index mismatch)
I0727 05:17:01.725318 20913 raft_consensus.cc:944] T 4ee4c3f4e64e4016897f1a0f51893986 P b497dbd6bd1a4c998891b00d2493a1bb [term 1 FOLLOWER]: Refusing update from remote peer 6f1af300e1d549d6b1cdd8bf3b9aeb9c: Log matching property violated. Preceding OpId in replica: term: 0 index: 0. Preceding OpId from leader: term: 1 index: 1. (index mismatch)
I0727 05:17:08.863304 20883 tablet_service.cc:713] Processing DeleteTablet for tablet 0c67c5f2899441b39a1e760276612854 with delete_type TABLET_DATA_DELETED (Table deleted at 2017-07-27 05:17:08 UTC) from {username='ubuntu'} at 127.0.0.1:34066
I0727 05:17:08.863322 20883 tablet_replica.cc:225] Initiating TabletReplica shutdown for tablet: 0c67c5f2899441b39a1e760276612854
I0727 05:17:08.863327 20883 maintenance_manager.cc:206] P b497dbd6bd1a4c998891b00d2493a1bb: Unregistered op CompactRowSetsOp(0c67c5f2899441b39a1e760276612854)
I0727 05:17:08.863332 20883 maintenance_manager.cc:206] P b497dbd6bd1a4c998891b00d2493a1bb: Unregistered op MinorDeltaCompactionOp(0c67c5f2899441b39a1e760276612854)
I0727 05:17:08.863335 20883 maintenance_manager.cc:206] P b497dbd6bd1a4c998891b00d2493a1bb: Unregistered op MajorDeltaCompactionOp(0c67c5f2899441b39a1e760276612854)
I0727 05:17:08.863349 20883 maintenance_manager.cc:206] P b497dbd6bd1a4c998891b00d2493a1bb: Unregistered op UndoDeltaBlockGCOp(0c67c5f2899441b39a1e760276612854)
I0727 05:17:08.863353 20883 maintenance_manager.cc:206] P b497dbd6bd1a4c998891b00d2493a1bb: Unregistered op FlushMRSOp(0c67c5f2899441b39a1e760276612854)
I0727 05:17:08.863356 20883 maintenance_manager.cc:206] P b497dbd6bd1a4c998891b00d2493a1bb: Unregistered op FlushDeltaMemStoresOp(0c67c5f2899441b39a1e760276612854)
I0727 05:17:08.863359 20883 maintenance_manager.cc:206] P b497dbd6bd1a4c998891b00d2493a1bb: Unregistered op LogGCOp(0c67c5f2899441b39a1e760276612854)
I0727 05:17:08.863373 20883 raft_consensus.cc:1763] T 0c67c5f2899441b39a1e760276612854 P b497dbd6bd1a4c998891b00d2493a1bb [term 1 LEADER]: Raft consensus shutting down.
I0727 05:17:08.863379 20883 consensus_peers.cc:400] T 0c67c5f2899441b39a1e760276612854 P b497dbd6bd1a4c998891b00d2493a1bb -> Peer 6f1af300e1d549d6b1cdd8bf3b9aeb9c (ip-172-31-12-168:31201): Closing peer: 6f1af300e1d549d6b1cdd8bf3b9aeb9c
I0727 05:17:08.863382 20883 consensus_peers.cc:400] T 0c67c5f2899441b39a1e760276612854 P b497dbd6bd1a4c998891b00d2493a1bb -> Peer 3a3c735705964e1badb66c37a66a9096 (ip-172-31-12-168:31200): Closing peer: 3a3c735705964e1badb66c37a66a9096
I0727 05:17:08.863386 20883 raft_consensus.cc:1778] T 0c67c5f2899441b39a1e760276612854 P b497dbd6bd1a4c998891b00d2493a1bb [term 1 LEADER]: Raft consensus is shut down!
I0727 05:17:08.863406 20880 tablet_service.cc:713] Processing DeleteTablet for tablet f2c9f342aab745f69b7ca7ff294f9a65 with delete_type TABLET_DATA_DELETED (Table deleted at 2017-07-27 05:17:08 UTC) from {username='ubuntu'} at 127.0.0.1:34066
I0727 05:17:08.863420 20880 tablet_replica.cc:225] Initiating TabletReplica shutdown for tablet: f2c9f342aab745f69b7ca7ff294f9a65
I0727 05:17:08.863426 20880 maintenance_manager.cc:206] P b497dbd6bd1a4c998891b00d2493a1bb: Unregistered op CompactRowSetsOp(f2c9f342aab745f69b7ca7ff294f9a65)
I0727 05:17:08.863425 20879 tablet_service.cc:713] Processing DeleteTablet for tablet 886a32e4a06a44248b278ff0bdb98509 with delete_type TABLET_DATA_DELETED (Table deleted at 2017-07-27 05:17:08 UTC) from {username='ubuntu'} at 127.0.0.1:34066
I0727 05:17:08.863433 20880 maintenance_manager.cc:206] P b497dbd6bd1a4c998891b00d2493a1bb: Unregistered op MinorDeltaCompactionOp(f2c9f342aab745f69b7ca7ff294f9a65)
I0727 05:17:08.863435 20879 tablet_replica.cc:225] Initiating TabletReplica shutdown for tablet: 886a32e4a06a44248b278ff0bdb98509
I0727 05:17:08.863440 20880 maintenance_manager.cc:206] P b497dbd6bd1a4c998891b00d2493a1bb: Unregistered op MajorDeltaCompactionOp(f2c9f342aab745f69b7ca7ff294f9a65)
I0727 05:17:08.863445 20879 maintenance_manager.cc:206] P b497dbd6bd1a4c998891b00d2493a1bb: Unregistered op CompactRowSetsOp(886a32e4a06a44248b278ff0bdb98509)
I0727 05:17:08.863446 20880 maintenance_manager.cc:206] P b497dbd6bd1a4c998891b00d2493a1bb: Unregistered op UndoDeltaBlockGCOp(f2c9f342aab745f69b7ca7ff294f9a65)
I0727 05:17:08.863451 20879 maintenance_manager.cc:206] P b497dbd6bd1a4c998891b00d2493a1bb: Unregistered op MinorDeltaCompactionOp(886a32e4a06a44248b278ff0bdb98509)
I0727 05:17:08.863453 20880 maintenance_manager.cc:206] P b497dbd6bd1a4c998891b00d2493a1bb: Unregistered op FlushMRSOp(f2c9f342aab745f69b7ca7ff294f9a65)
I0727 05:17:08.863456 20879 maintenance_manager.cc:206] P b497dbd6bd1a4c998891b00d2493a1bb: Unregistered op MajorDeltaCompactionOp(886a32e4a06a44248b278ff0bdb98509)
I0727 05:17:08.863459 20880 maintenance_manager.cc:206] P b497dbd6bd1a4c998891b00d2493a1bb: Unregistered op FlushDeltaMemStoresOp(f2c9f342aab745f69b7ca7ff294f9a65)
I0727 05:17:08.863462 20879 maintenance_manager.cc:206] P b497dbd6bd1a4c998891b00d2493a1bb: Unregistered op UndoDeltaBlockGCOp(886a32e4a06a44248b278ff0bdb98509)
I0727 05:17:08.863467 20879 maintenance_manager.cc:206] P b497dbd6bd1a4c998891b00d2493a1bb: Unregistered op FlushMRSOp(886a32e4a06a44248b278ff0bdb98509)
I0727 05:17:08.863463 20880 maintenance_manager.cc:206] P b497dbd6bd1a4c998891b00d2493a1bb: Unregistered op LogGCOp(f2c9f342aab745f69b7ca7ff294f9a65)
I0727 05:17:08.863503 20880 raft_consensus.cc:1763] T f2c9f342aab745f69b7ca7ff294f9a65 P b497dbd6bd1a4c998891b00d2493a1bb [term 1 FOLLOWER]: Raft consensus shutting down.
I0727 05:17:08.863517 20880 raft_consensus.cc:1778] T f2c9f342aab745f69b7ca7ff294f9a65 P b497dbd6bd1a4c998891b00d2493a1bb [term 1 FOLLOWER]: Raft consensus is shut down!
I0727 05:17:08.863487 20879 maintenance_manager.cc:206] P b497dbd6bd1a4c998891b00d2493a1bb: Unregistered op FlushDeltaMemStoresOp(886a32e4a06a44248b278ff0bdb98509)
I0727 05:17:08.863545 20879 maintenance_manager.cc:206] P b497dbd6bd1a4c998891b00d2493a1bb: Unregistered op LogGCOp(886a32e4a06a44248b278ff0bdb98509)
I0727 05:17:08.863564 20879 raft_consensus.cc:1763] T 886a32e4a06a44248b278ff0bdb98509 P b497dbd6bd1a4c998891b00d2493a1bb [term 1 FOLLOWER]: Raft consensus shutting down.
I0727 05:17:08.863581 20879 raft_consensus.cc:1778] T 886a32e4a06a44248b278ff0bdb98509 P b497dbd6bd1a4c998891b00d2493a1bb [term 1 FOLLOWER]: Raft consensus is shut down!
