I0727 04:54:21.971370 20813 maintenance_manager.cc:435] Time spent running UndoDeltaBlockGCOp(816ca4638119479982af99a501389d05): real 0.001s	user 0.000s	sys 0.000s
I0727 04:54:21.971395 20813 maintenance_manager.cc:441] P b497dbd6bd1a4c998891b00d2493a1bb: UndoDeltaBlockGCOp(816ca4638119479982af99a501389d05) metrics: {"thread_start_us":200,"threads_started":1,"wal-append.queue_time_us":215}
I0727 04:54:26.011564 20813 maintenance_manager.cc:435] Time spent running UndoDeltaBlockGCOp(9d0262b54ec643239de1d529fe97bff3): real 0.034s	user 0.000s	sys 0.000s
I0727 04:54:26.011592 20813 maintenance_manager.cc:441] P b497dbd6bd1a4c998891b00d2493a1bb: UndoDeltaBlockGCOp(9d0262b54ec643239de1d529fe97bff3) metrics: {"thread_start_us":199,"threads_started":1,"wal-append.queue_time_us":215}
I0727 04:54:30.559116 20813 maintenance_manager.cc:435] Time spent running UndoDeltaBlockGCOp(617ae0d6c4a1487a900ea97b75c75acf): real 0.041s	user 0.000s	sys 0.000s
I0727 04:54:30.559137 20813 maintenance_manager.cc:441] P b497dbd6bd1a4c998891b00d2493a1bb: UndoDeltaBlockGCOp(617ae0d6c4a1487a900ea97b75c75acf) metrics: {"thread_start_us":190,"threads_started":1,"wal-append.queue_time_us":206}
I0727 04:54:30.559870 20813 maintenance_manager.cc:435] Time spent running UndoDeltaBlockGCOp(e4c69bec998e4ad192d30fe28d2eae7c): real 0.001s	user 0.000s	sys 0.000s
I0727 04:54:30.559886 20813 maintenance_manager.cc:441] P b497dbd6bd1a4c998891b00d2493a1bb: UndoDeltaBlockGCOp(e4c69bec998e4ad192d30fe28d2eae7c) metrics: {"thread_start_us":190,"threads_started":1,"wal-append.queue_time_us":203}
I0727 04:54:30.560492 20813 maintenance_manager.cc:435] Time spent running UndoDeltaBlockGCOp(9b196d71f9ef4f74800fd3d3104360f5): real 0.000s	user 0.000s	sys 0.003s
I0727 04:54:30.560508 20813 maintenance_manager.cc:441] P b497dbd6bd1a4c998891b00d2493a1bb: UndoDeltaBlockGCOp(9b196d71f9ef4f74800fd3d3104360f5) metrics: {"thread_start_us":190,"threads_started":1,"wal-append.queue_time_us":205}
I0727 04:54:30.561089 20813 maintenance_manager.cc:435] Time spent running UndoDeltaBlockGCOp(e0031f8664294f61b6c184c192330960): real 0.000s	user 0.000s	sys 0.000s
I0727 04:54:30.561106 20813 maintenance_manager.cc:441] P b497dbd6bd1a4c998891b00d2493a1bb: UndoDeltaBlockGCOp(e0031f8664294f61b6c184c192330960) metrics: {"thread_start_us":190,"threads_started":1,"wal-append.queue_time_us":203}
I0727 05:15:48.837504 20883 tablet_service.cc:713] Processing DeleteTablet for tablet 52c30aa55acd4591bf12af03be25375a with delete_type TABLET_DATA_DELETED (Table deleted at 2017-07-27 05:15:48 UTC) from {username='ubuntu'} at 127.0.0.1:34066
I0727 05:15:48.837513 20880 tablet_service.cc:713] Processing DeleteTablet for tablet 931932129eb54fa78c24510953c33c9f with delete_type TABLET_DATA_DELETED (Table deleted at 2017-07-27 05:15:48 UTC) from {username='ubuntu'} at 127.0.0.1:34066
I0727 05:15:48.837504 20879 tablet_service.cc:713] Processing DeleteTablet for tablet 9622d8ddb3364c4886dd836776cb771d with delete_type TABLET_DATA_DELETED (Table deleted at 2017-07-27 05:15:48 UTC) from {username='ubuntu'} at 127.0.0.1:34066
I0727 05:15:48.837541 20883 tablet_replica.cc:225] Initiating TabletReplica shutdown for tablet: 52c30aa55acd4591bf12af03be25375a
I0727 05:15:48.837558 20880 tablet_replica.cc:225] Initiating TabletReplica shutdown for tablet: 931932129eb54fa78c24510953c33c9f
I0727 05:15:48.837570 20879 tablet_replica.cc:225] Initiating TabletReplica shutdown for tablet: 9622d8ddb3364c4886dd836776cb771d
I0727 05:15:48.837589 20883 maintenance_manager.cc:206] P b497dbd6bd1a4c998891b00d2493a1bb: Unregistered op CompactRowSetsOp(52c30aa55acd4591bf12af03be25375a)
I0727 05:15:48.837630 20883 maintenance_manager.cc:206] P b497dbd6bd1a4c998891b00d2493a1bb: Unregistered op MinorDeltaCompactionOp(52c30aa55acd4591bf12af03be25375a)
I0727 05:15:48.837643 20883 maintenance_manager.cc:206] P b497dbd6bd1a4c998891b00d2493a1bb: Unregistered op MajorDeltaCompactionOp(52c30aa55acd4591bf12af03be25375a)
I0727 05:15:48.837618 20879 maintenance_manager.cc:206] P b497dbd6bd1a4c998891b00d2493a1bb: Unregistered op CompactRowSetsOp(9622d8ddb3364c4886dd836776cb771d)
I0727 05:15:48.837602 20880 maintenance_manager.cc:206] P b497dbd6bd1a4c998891b00d2493a1bb: Unregistered op CompactRowSetsOp(931932129eb54fa78c24510953c33c9f)
I0727 05:15:48.837668 20879 maintenance_manager.cc:206] P b497dbd6bd1a4c998891b00d2493a1bb: Unregistered op MinorDeltaCompactionOp(9622d8ddb3364c4886dd836776cb771d)
I0727 05:15:48.837672 20880 maintenance_manager.cc:206] P b497dbd6bd1a4c998891b00d2493a1bb: Unregistered op MinorDeltaCompactionOp(931932129eb54fa78c24510953c33c9f)
I0727 05:15:48.837677 20879 maintenance_manager.cc:206] P b497dbd6bd1a4c998891b00d2493a1bb: Unregistered op MajorDeltaCompactionOp(9622d8ddb3364c4886dd836776cb771d)
I0727 05:15:48.837657 20883 maintenance_manager.cc:206] P b497dbd6bd1a4c998891b00d2493a1bb: Unregistered op UndoDeltaBlockGCOp(52c30aa55acd4591bf12af03be25375a)
I0727 05:15:48.837684 20880 maintenance_manager.cc:206] P b497dbd6bd1a4c998891b00d2493a1bb: Unregistered op MajorDeltaCompactionOp(931932129eb54fa78c24510953c33c9f)
I0727 05:15:48.837687 20883 maintenance_manager.cc:206] P b497dbd6bd1a4c998891b00d2493a1bb: Unregistered op FlushMRSOp(52c30aa55acd4591bf12af03be25375a)
I0727 05:15:48.837693 20880 maintenance_manager.cc:206] P b497dbd6bd1a4c998891b00d2493a1bb: Unregistered op UndoDeltaBlockGCOp(931932129eb54fa78c24510953c33c9f)
I0727 05:15:48.837702 20883 maintenance_manager.cc:206] P b497dbd6bd1a4c998891b00d2493a1bb: Unregistered op FlushDeltaMemStoresOp(52c30aa55acd4591bf12af03be25375a)
I0727 05:15:48.837709 20883 maintenance_manager.cc:206] P b497dbd6bd1a4c998891b00d2493a1bb: Unregistered op LogGCOp(52c30aa55acd4591bf12af03be25375a)
I0727 05:15:48.837697 20879 maintenance_manager.cc:206] P b497dbd6bd1a4c998891b00d2493a1bb: Unregistered op UndoDeltaBlockGCOp(9622d8ddb3364c4886dd836776cb771d)
I0727 05:15:48.837712 20880 maintenance_manager.cc:206] P b497dbd6bd1a4c998891b00d2493a1bb: Unregistered op FlushMRSOp(931932129eb54fa78c24510953c33c9f)
I0727 05:15:48.837716 20883 raft_consensus.cc:1763] T 52c30aa55acd4591bf12af03be25375a P b497dbd6bd1a4c998891b00d2493a1bb [term 1 FOLLOWER]: Raft consensus shutting down.
I0727 05:15:48.837729 20879 maintenance_manager.cc:206] P b497dbd6bd1a4c998891b00d2493a1bb: Unregistered op FlushMRSOp(9622d8ddb3364c4886dd836776cb771d)
I0727 05:15:48.837721 20880 maintenance_manager.cc:206] P b497dbd6bd1a4c998891b00d2493a1bb: Unregistered op FlushDeltaMemStoresOp(931932129eb54fa78c24510953c33c9f)
I0727 05:15:48.837748 20880 maintenance_manager.cc:206] P b497dbd6bd1a4c998891b00d2493a1bb: Unregistered op LogGCOp(931932129eb54fa78c24510953c33c9f)
I0727 05:15:48.837733 20879 maintenance_manager.cc:206] P b497dbd6bd1a4c998891b00d2493a1bb: Unregistered op FlushDeltaMemStoresOp(9622d8ddb3364c4886dd836776cb771d)
I0727 05:15:48.837752 20879 maintenance_manager.cc:206] P b497dbd6bd1a4c998891b00d2493a1bb: Unregistered op LogGCOp(9622d8ddb3364c4886dd836776cb771d)
I0727 05:15:48.837759 20879 raft_consensus.cc:1763] T 9622d8ddb3364c4886dd836776cb771d P b497dbd6bd1a4c998891b00d2493a1bb [term 1 FOLLOWER]: Raft consensus shutting down.
I0727 05:15:48.837752 20880 raft_consensus.cc:1763] T 931932129eb54fa78c24510953c33c9f P b497dbd6bd1a4c998891b00d2493a1bb [term 1 FOLLOWER]: Raft consensus shutting down.
I0727 05:15:48.838199 20879 raft_consensus.cc:1778] T 9622d8ddb3364c4886dd836776cb771d P b497dbd6bd1a4c998891b00d2493a1bb [term 1 FOLLOWER]: Raft consensus is shut down!
I0727 05:15:48.838207 20883 raft_consensus.cc:1778] T 52c30aa55acd4591bf12af03be25375a P b497dbd6bd1a4c998891b00d2493a1bb [term 1 FOLLOWER]: Raft consensus is shut down!
I0727 05:15:48.838212 20880 raft_consensus.cc:1778] T 931932129eb54fa78c24510953c33c9f P b497dbd6bd1a4c998891b00d2493a1bb [term 1 FOLLOWER]: Raft consensus is shut down!
I0727 05:15:48.842486 20883 ts_tablet_manager.cc:1030] T 52c30aa55acd4591bf12af03be25375a P b497dbd6bd1a4c998891b00d2493a1bb: Deleting tablet data with delete state TABLET_DATA_DELETED
I0727 05:15:48.842494 20880 ts_tablet_manager.cc:1030] T 931932129eb54fa78c24510953c33c9f P b497dbd6bd1a4c998891b00d2493a1bb: Deleting tablet data with delete state TABLET_DATA_DELETED
I0727 05:15:48.842497 20879 ts_tablet_manager.cc:1030] T 9622d8ddb3364c4886dd836776cb771d P b497dbd6bd1a4c998891b00d2493a1bb: Deleting tablet data with delete state TABLET_DATA_DELETED
I0727 05:15:48.844573 20883 ts_tablet_manager.cc:1042] T 52c30aa55acd4591bf12af03be25375a P b497dbd6bd1a4c998891b00d2493a1bb: Tablet deleted. Last logged OpId: 1.2
I0727 05:15:48.844591 20883 log.cc:974] T 52c30aa55acd4591bf12af03be25375a P b497dbd6bd1a4c998891b00d2493a1bb: Deleting WAL directory at /home/ubuntu/Impala/testdata/cluster/cdh5/node-1/var/lib/kudu/ts/wal/wals/52c30aa55acd4591bf12af03be25375a
I0727 05:15:48.844823 20880 ts_tablet_manager.cc:1042] T 931932129eb54fa78c24510953c33c9f P b497dbd6bd1a4c998891b00d2493a1bb: Tablet deleted. Last logged OpId: 1.2
I0727 05:15:48.844840 20880 log.cc:974] T 931932129eb54fa78c24510953c33c9f P b497dbd6bd1a4c998891b00d2493a1bb: Deleting WAL directory at /home/ubuntu/Impala/testdata/cluster/cdh5/node-1/var/lib/kudu/ts/wal/wals/931932129eb54fa78c24510953c33c9f
I0727 05:15:48.845037 20879 ts_tablet_manager.cc:1042] T 9622d8ddb3364c4886dd836776cb771d P b497dbd6bd1a4c998891b00d2493a1bb: Tablet deleted. Last logged OpId: 1.2
I0727 05:15:48.845059 20879 log.cc:974] T 9622d8ddb3364c4886dd836776cb771d P b497dbd6bd1a4c998891b00d2493a1bb: Deleting WAL directory at /home/ubuntu/Impala/testdata/cluster/cdh5/node-1/var/lib/kudu/ts/wal/wals/9622d8ddb3364c4886dd836776cb771d
I0727 05:15:48.845110 20880 ts_tablet_manager.cc:1060] T 931932129eb54fa78c24510953c33c9f P b497dbd6bd1a4c998891b00d2493a1bb: Deleting consensus metadata
I0727 05:15:48.845139 20883 ts_tablet_manager.cc:1060] T 52c30aa55acd4591bf12af03be25375a P b497dbd6bd1a4c998891b00d2493a1bb: Deleting consensus metadata
I0727 05:15:48.845176 20879 ts_tablet_manager.cc:1060] T 9622d8ddb3364c4886dd836776cb771d P b497dbd6bd1a4c998891b00d2493a1bb: Deleting consensus metadata
I0727 05:15:48.973793 20883 tablet_service.cc:672] Processing CreateTablet for tablet 16dd4b7edac640e689d4796409e70820 (table=impala::functional_kudu.alltypes [id=093b6acf1663479a9cd969e8b0b1e6ea]), partition=HASH (id) PARTITION 0
I0727 05:15:48.973793 20880 tablet_service.cc:672] Processing CreateTablet for tablet 38b1d6676d7e4418aab5fb22a1847900 (table=impala::functional_kudu.alltypes [id=093b6acf1663479a9cd969e8b0b1e6ea]), partition=HASH (id) PARTITION 1
I0727 05:15:48.973834 20879 tablet_service.cc:672] Processing CreateTablet for tablet 201067a9cba1421d8852e08fd0bcd8ce (table=impala::functional_kudu.alltypes [id=093b6acf1663479a9cd969e8b0b1e6ea]), partition=HASH (id) PARTITION 2
I0727 05:15:48.974398 20879 ts_tablet_manager.cc:871] T 201067a9cba1421d8852e08fd0bcd8ce P b497dbd6bd1a4c998891b00d2493a1bb: Registered tablet (data state: TABLET_DATA_READY)
I0727 05:15:48.974617 20880 ts_tablet_manager.cc:871] T 38b1d6676d7e4418aab5fb22a1847900 P b497dbd6bd1a4c998891b00d2493a1bb: Registered tablet (data state: TABLET_DATA_READY)
I0727 05:15:48.974634 111851 ts_tablet_manager.cc:741] T 201067a9cba1421d8852e08fd0bcd8ce P b497dbd6bd1a4c998891b00d2493a1bb: Bootstrapping tablet
I0727 05:15:48.974642 20883 ts_tablet_manager.cc:871] T 16dd4b7edac640e689d4796409e70820 P b497dbd6bd1a4c998891b00d2493a1bb: Registered tablet (data state: TABLET_DATA_READY)
I0727 05:15:48.974653 111851 tablet_bootstrap.cc:406] T 201067a9cba1421d8852e08fd0bcd8ce P b497dbd6bd1a4c998891b00d2493a1bb: Bootstrap starting.
I0727 05:15:48.974803 111851 tablet_bootstrap.cc:547] T 201067a9cba1421d8852e08fd0bcd8ce P b497dbd6bd1a4c998891b00d2493a1bb: No blocks or log segments found. Creating new log.
I0727 05:15:48.975754 111851 tablet_bootstrap.cc:406] T 201067a9cba1421d8852e08fd0bcd8ce P b497dbd6bd1a4c998891b00d2493a1bb: No bootstrap required, opened a new log
I0727 05:15:48.975780 111851 ts_tablet_manager.cc:746] T 201067a9cba1421d8852e08fd0bcd8ce P b497dbd6bd1a4c998891b00d2493a1bb: Time spent bootstrapping tablet: real 0.001s	user 0.000s	sys 0.000s
I0727 05:15:48.976081 111851 raft_consensus.cc:284] T 201067a9cba1421d8852e08fd0bcd8ce P b497dbd6bd1a4c998891b00d2493a1bb [term 0 FOLLOWER]: Replica starting. Triggering 0 pending transactions. Active config: opid_index: -1 OBSOLETE_local: false peers { permanent_uuid: "3a3c735705964e1badb66c37a66a9096" member_type: VOTER last_known_addr { host: "ip-172-31-12-168" port: 31200 } } peers { permanent_uuid: "6f1af300e1d549d6b1cdd8bf3b9aeb9c" member_type: VOTER last_known_addr { host: "ip-172-31-12-168" port: 31201 } } peers { permanent_uuid: "b497dbd6bd1a4c998891b00d2493a1bb" member_type: VOTER last_known_addr { host: "ip-172-31-12-168" port: 31202 } }
I0727 05:15:48.976101 111851 raft_consensus.cc:316] T 201067a9cba1421d8852e08fd0bcd8ce P b497dbd6bd1a4c998891b00d2493a1bb [term 0 FOLLOWER]: Consensus starting up: Expiring failure detector timer to make a prompt election more likely
I0727 05:15:48.976107 111851 raft_consensus.cc:560] T 201067a9cba1421d8852e08fd0bcd8ce P b497dbd6bd1a4c998891b00d2493a1bb [term 0 FOLLOWER]: Becoming Follower/Learner. State: Replica: b497dbd6bd1a4c998891b00d2493a1bb, State: Running, Role: FOLLOWER
I0727 05:15:48.976119 111851 consensus_queue.cc:186] T 201067a9cba1421d8852e08fd0bcd8ce P b497dbd6bd1a4c998891b00d2493a1bb [NON_LEADER]: Queue going to NON_LEADER mode. State: All replicated index: 0, Majority replicated index: 0, Committed index: 0, Last appended: 0.0, Last appended by leader: 0, Current term: 0, Majority size: -1, State: 1, Mode: NON_LEADER
I0727 05:15:48.976186 111851 ts_tablet_manager.cc:775] T 201067a9cba1421d8852e08fd0bcd8ce P b497dbd6bd1a4c998891b00d2493a1bb: Time spent starting tablet: real 0.000s	user 0.000s	sys 0.000s
I0727 05:15:48.976203 111851 ts_tablet_manager.cc:741] T 38b1d6676d7e4418aab5fb22a1847900 P b497dbd6bd1a4c998891b00d2493a1bb: Bootstrapping tablet
I0727 05:15:48.976210 111851 tablet_bootstrap.cc:406] T 38b1d6676d7e4418aab5fb22a1847900 P b497dbd6bd1a4c998891b00d2493a1bb: Bootstrap starting.
I0727 05:15:48.976357 111851 tablet_bootstrap.cc:547] T 38b1d6676d7e4418aab5fb22a1847900 P b497dbd6bd1a4c998891b00d2493a1bb: No blocks or log segments found. Creating new log.
I0727 05:15:48.976804 111851 tablet_bootstrap.cc:406] T 38b1d6676d7e4418aab5fb22a1847900 P b497dbd6bd1a4c998891b00d2493a1bb: No bootstrap required, opened a new log
I0727 05:15:48.976827 111851 ts_tablet_manager.cc:746] T 38b1d6676d7e4418aab5fb22a1847900 P b497dbd6bd1a4c998891b00d2493a1bb: Time spent bootstrapping tablet: real 0.001s	user 0.001s	sys 0.000s
I0727 05:15:48.977124 111851 raft_consensus.cc:284] T 38b1d6676d7e4418aab5fb22a1847900 P b497dbd6bd1a4c998891b00d2493a1bb [term 0 FOLLOWER]: Replica starting. Triggering 0 pending transactions. Active config: opid_index: -1 OBSOLETE_local: false peers { permanent_uuid: "6f1af300e1d549d6b1cdd8bf3b9aeb9c" member_type: VOTER last_known_addr { host: "ip-172-31-12-168" port: 31201 } } peers { permanent_uuid: "3a3c735705964e1badb66c37a66a9096" member_type: VOTER last_known_addr { host: "ip-172-31-12-168" port: 31200 } } peers { permanent_uuid: "b497dbd6bd1a4c998891b00d2493a1bb" member_type: VOTER last_known_addr { host: "ip-172-31-12-168" port: 31202 } }
I0727 05:15:48.977139 111851 raft_consensus.cc:316] T 38b1d6676d7e4418aab5fb22a1847900 P b497dbd6bd1a4c998891b00d2493a1bb [term 0 FOLLOWER]: Consensus starting up: Expiring failure detector timer to make a prompt election more likely
I0727 05:15:48.977143 111851 raft_consensus.cc:560] T 38b1d6676d7e4418aab5fb22a1847900 P b497dbd6bd1a4c998891b00d2493a1bb [term 0 FOLLOWER]: Becoming Follower/Learner. State: Replica: b497dbd6bd1a4c998891b00d2493a1bb, State: Running, Role: FOLLOWER
I0727 05:15:48.977147 111851 consensus_queue.cc:186] T 38b1d6676d7e4418aab5fb22a1847900 P b497dbd6bd1a4c998891b00d2493a1bb [NON_LEADER]: Queue going to NON_LEADER mode. State: All replicated index: 0, Majority replicated index: 0, Committed index: 0, Last appended: 0.0, Last appended by leader: 0, Current term: 0, Majority size: -1, State: 1, Mode: NON_LEADER
I0727 05:15:48.977190 111851 ts_tablet_manager.cc:775] T 38b1d6676d7e4418aab5fb22a1847900 P b497dbd6bd1a4c998891b00d2493a1bb: Time spent starting tablet: real 0.000s	user 0.000s	sys 0.000s
I0727 05:15:48.977202 111851 ts_tablet_manager.cc:741] T 16dd4b7edac640e689d4796409e70820 P b497dbd6bd1a4c998891b00d2493a1bb: Bootstrapping tablet
I0727 05:15:48.977207 111851 tablet_bootstrap.cc:406] T 16dd4b7edac640e689d4796409e70820 P b497dbd6bd1a4c998891b00d2493a1bb: Bootstrap starting.
I0727 05:15:48.977314 111851 tablet_bootstrap.cc:547] T 16dd4b7edac640e689d4796409e70820 P b497dbd6bd1a4c998891b00d2493a1bb: No blocks or log segments found. Creating new log.
I0727 05:15:48.977691 111851 tablet_bootstrap.cc:406] T 16dd4b7edac640e689d4796409e70820 P b497dbd6bd1a4c998891b00d2493a1bb: No bootstrap required, opened a new log
I0727 05:15:48.977706 111851 ts_tablet_manager.cc:746] T 16dd4b7edac640e689d4796409e70820 P b497dbd6bd1a4c998891b00d2493a1bb: Time spent bootstrapping tablet: real 0.000s	user 0.001s	sys 0.000s
I0727 05:15:48.977959 111851 raft_consensus.cc:284] T 16dd4b7edac640e689d4796409e70820 P b497dbd6bd1a4c998891b00d2493a1bb [term 0 FOLLOWER]: Replica starting. Triggering 0 pending transactions. Active config: opid_index: -1 OBSOLETE_local: false peers { permanent_uuid: "6f1af300e1d549d6b1cdd8bf3b9aeb9c" member_type: VOTER last_known_addr { host: "ip-172-31-12-168" port: 31201 } } peers { permanent_uuid: "b497dbd6bd1a4c998891b00d2493a1bb" member_type: VOTER last_known_addr { host: "ip-172-31-12-168" port: 31202 } } peers { permanent_uuid: "3a3c735705964e1badb66c37a66a9096" member_type: VOTER last_known_addr { host: "ip-172-31-12-168" port: 31200 } }
I0727 05:15:48.977973 111851 raft_consensus.cc:316] T 16dd4b7edac640e689d4796409e70820 P b497dbd6bd1a4c998891b00d2493a1bb [term 0 FOLLOWER]: Consensus starting up: Expiring failure detector timer to make a prompt election more likely
I0727 05:15:48.977977 111851 raft_consensus.cc:560] T 16dd4b7edac640e689d4796409e70820 P b497dbd6bd1a4c998891b00d2493a1bb [term 0 FOLLOWER]: Becoming Follower/Learner. State: Replica: b497dbd6bd1a4c998891b00d2493a1bb, State: Running, Role: FOLLOWER
I0727 05:15:48.977982 111851 consensus_queue.cc:186] T 16dd4b7edac640e689d4796409e70820 P b497dbd6bd1a4c998891b00d2493a1bb [NON_LEADER]: Queue going to NON_LEADER mode. State: All replicated index: 0, Majority replicated index: 0, Committed index: 0, Last appended: 0.0, Last appended by leader: 0, Current term: 0, Majority size: -1, State: 1, Mode: NON_LEADER
I0727 05:15:48.978014 111851 ts_tablet_manager.cc:775] T 16dd4b7edac640e689d4796409e70820 P b497dbd6bd1a4c998891b00d2493a1bb: Time spent starting tablet: real 0.000s	user 0.000s	sys 0.000s
I0727 05:15:49.140075 111863 raft_consensus.cc:411] T 38b1d6676d7e4418aab5fb22a1847900 P b497dbd6bd1a4c998891b00d2493a1bb [term 0 FOLLOWER]: Starting pre-election (no leader contacted us within the election timeout)
I0727 05:15:49.140100 111863 raft_consensus.cc:2372] T 38b1d6676d7e4418aab5fb22a1847900 P b497dbd6bd1a4c998891b00d2493a1bb: Snoozing failure detection for election timeout plus an additional 1.791s
I0727 05:15:49.140127 111863 raft_consensus.cc:435] T 38b1d6676d7e4418aab5fb22a1847900 P b497dbd6bd1a4c998891b00d2493a1bb [term 0 FOLLOWER]: Starting pre-election with config: opid_index: -1 OBSOLETE_local: false peers { permanent_uuid: "6f1af300e1d549d6b1cdd8bf3b9aeb9c" member_type: VOTER last_known_addr { host: "ip-172-31-12-168" port: 31201 } } peers { permanent_uuid: "3a3c735705964e1badb66c37a66a9096" member_type: VOTER last_known_addr { host: "ip-172-31-12-168" port: 31200 } } peers { permanent_uuid: "b497dbd6bd1a4c998891b00d2493a1bb" member_type: VOTER last_known_addr { host: "ip-172-31-12-168" port: 31202 } }
I0727 05:15:49.140288 111863 leader_election.cc:217] T 38b1d6676d7e4418aab5fb22a1847900 P b497dbd6bd1a4c998891b00d2493a1bb [CANDIDATE]: Term 1 pre-election: Requesting pre-vote from peer 6f1af300e1d549d6b1cdd8bf3b9aeb9c
I0727 05:15:49.140308 111863 leader_election.cc:217] T 38b1d6676d7e4418aab5fb22a1847900 P b497dbd6bd1a4c998891b00d2493a1bb [CANDIDATE]: Term 1 pre-election: Requesting pre-vote from peer 3a3c735705964e1badb66c37a66a9096
I0727 05:15:49.140465 20838 leader_election.cc:349] T 38b1d6676d7e4418aab5fb22a1847900 P b497dbd6bd1a4c998891b00d2493a1bb [CANDIDATE]: Term 1 pre-election: Vote granted by peer 6f1af300e1d549d6b1cdd8bf3b9aeb9c
I0727 05:15:49.140476 20838 leader_election.cc:244] T 38b1d6676d7e4418aab5fb22a1847900 P b497dbd6bd1a4c998891b00d2493a1bb [CANDIDATE]: Term 1 pre-election: Election decided. Result: candidate won.
I0727 05:15:49.140491 20838 leader_election.cc:349] T 38b1d6676d7e4418aab5fb22a1847900 P b497dbd6bd1a4c998891b00d2493a1bb [CANDIDATE]: Term 1 pre-election: Vote granted by peer 3a3c735705964e1badb66c37a66a9096
I0727 05:15:49.140504 42659 raft_consensus.cc:2372] T 38b1d6676d7e4418aab5fb22a1847900 P b497dbd6bd1a4c998891b00d2493a1bb: Snoozing failure detection for election timeout plus an additional 1.724s
I0727 05:15:49.140517 42659 raft_consensus.cc:2176] T 38b1d6676d7e4418aab5fb22a1847900 P b497dbd6bd1a4c998891b00d2493a1bb [term 0 FOLLOWER]: Leader pre-election won for term 1
I0727 05:15:49.140522 42659 raft_consensus.cc:411] T 38b1d6676d7e4418aab5fb22a1847900 P b497dbd6bd1a4c998891b00d2493a1bb [term 0 FOLLOWER]: Starting leader election (no leader contacted us within the election timeout)
I0727 05:15:49.140527 42659 raft_consensus.cc:2372] T 38b1d6676d7e4418aab5fb22a1847900 P b497dbd6bd1a4c998891b00d2493a1bb: Snoozing failure detection for election timeout plus an additional 1.648s
I0727 05:15:49.140529 42659 raft_consensus.cc:2419] T 38b1d6676d7e4418aab5fb22a1847900 P b497dbd6bd1a4c998891b00d2493a1bb [term 0 FOLLOWER]: Advancing to term 1
I0727 05:15:49.140862 42659 raft_consensus.cc:435] T 38b1d6676d7e4418aab5fb22a1847900 P b497dbd6bd1a4c998891b00d2493a1bb [term 1 FOLLOWER]: Starting leader election with config: opid_index: -1 OBSOLETE_local: false peers { permanent_uuid: "6f1af300e1d549d6b1cdd8bf3b9aeb9c" member_type: VOTER last_known_addr { host: "ip-172-31-12-168" port: 31201 } } peers { permanent_uuid: "3a3c735705964e1badb66c37a66a9096" member_type: VOTER last_known_addr { host: "ip-172-31-12-168" port: 31200 } } peers { permanent_uuid: "b497dbd6bd1a4c998891b00d2493a1bb" member_type: VOTER last_known_addr { host: "ip-172-31-12-168" port: 31202 } }
I0727 05:15:49.140974 42659 leader_election.cc:217] T 38b1d6676d7e4418aab5fb22a1847900 P b497dbd6bd1a4c998891b00d2493a1bb [CANDIDATE]: Term 1 election: Requesting vote from peer 6f1af300e1d549d6b1cdd8bf3b9aeb9c
I0727 05:15:49.140995 42659 leader_election.cc:217] T 38b1d6676d7e4418aab5fb22a1847900 P b497dbd6bd1a4c998891b00d2493a1bb [CANDIDATE]: Term 1 election: Requesting vote from peer 3a3c735705964e1badb66c37a66a9096
I0727 05:15:49.141429 20838 leader_election.cc:349] T 38b1d6676d7e4418aab5fb22a1847900 P b497dbd6bd1a4c998891b00d2493a1bb [CANDIDATE]: Term 1 election: Vote granted by peer 6f1af300e1d549d6b1cdd8bf3b9aeb9c
I0727 05:15:49.141441 20838 leader_election.cc:244] T 38b1d6676d7e4418aab5fb22a1847900 P b497dbd6bd1a4c998891b00d2493a1bb [CANDIDATE]: Term 1 election: Election decided. Result: candidate won.
I0727 05:15:49.141453 20838 leader_election.cc:349] T 38b1d6676d7e4418aab5fb22a1847900 P b497dbd6bd1a4c998891b00d2493a1bb [CANDIDATE]: Term 1 election: Vote granted by peer 3a3c735705964e1badb66c37a66a9096
I0727 05:15:49.141461 50046 raft_consensus.cc:2372] T 38b1d6676d7e4418aab5fb22a1847900 P b497dbd6bd1a4c998891b00d2493a1bb: Snoozing failure detection for election timeout plus an additional 1.861s
I0727 05:15:49.141475 50046 raft_consensus.cc:2176] T 38b1d6676d7e4418aab5fb22a1847900 P b497dbd6bd1a4c998891b00d2493a1bb [term 1 FOLLOWER]: Leader election won for term 1
I0727 05:15:49.141487 50046 raft_consensus.cc:528] T 38b1d6676d7e4418aab5fb22a1847900 P b497dbd6bd1a4c998891b00d2493a1bb [term 1 LEADER]: Becoming Leader. State: Replica: b497dbd6bd1a4c998891b00d2493a1bb, State: Running, Role: LEADER
I0727 05:15:49.141515 50046 consensus_queue.cc:165] T 38b1d6676d7e4418aab5fb22a1847900 P b497dbd6bd1a4c998891b00d2493a1bb [LEADER]: Queue going to LEADER mode. State: All replicated index: 0, Majority replicated index: 0, Committed index: 0, Last appended: 0.0, Last appended by leader: 0, Current term: 1, Majority size: 2, State: 1, Mode: LEADER, active raft config: opid_index: -1 OBSOLETE_local: false peers { permanent_uuid: "6f1af300e1d549d6b1cdd8bf3b9aeb9c" member_type: VOTER last_known_addr { host: "ip-172-31-12-168" port: 31201 } } peers { permanent_uuid: "3a3c735705964e1badb66c37a66a9096" member_type: VOTER last_known_addr { host: "ip-172-31-12-168" port: 31200 } } peers { permanent_uuid: "b497dbd6bd1a4c998891b00d2493a1bb" member_type: VOTER last_known_addr { host: "ip-172-31-12-168" port: 31202 } }
I0727 05:15:49.340912 111869 raft_consensus.cc:411] T 16dd4b7edac640e689d4796409e70820 P b497dbd6bd1a4c998891b00d2493a1bb [term 0 FOLLOWER]: Starting pre-election (no leader contacted us within the election timeout)
I0727 05:15:49.340932 111869 raft_consensus.cc:2372] T 16dd4b7edac640e689d4796409e70820 P b497dbd6bd1a4c998891b00d2493a1bb: Snoozing failure detection for election timeout plus an additional 1.705s
I0727 05:15:49.340956 111869 raft_consensus.cc:435] T 16dd4b7edac640e689d4796409e70820 P b497dbd6bd1a4c998891b00d2493a1bb [term 0 FOLLOWER]: Starting pre-election with config: opid_index: -1 OBSOLETE_local: false peers { permanent_uuid: "6f1af300e1d549d6b1cdd8bf3b9aeb9c" member_type: VOTER last_known_addr { host: "ip-172-31-12-168" port: 31201 } } peers { permanent_uuid: "b497dbd6bd1a4c998891b00d2493a1bb" member_type: VOTER last_known_addr { host: "ip-172-31-12-168" port: 31202 } } peers { permanent_uuid: "3a3c735705964e1badb66c37a66a9096" member_type: VOTER last_known_addr { host: "ip-172-31-12-168" port: 31200 } }
I0727 05:15:49.341084 111869 leader_election.cc:217] T 16dd4b7edac640e689d4796409e70820 P b497dbd6bd1a4c998891b00d2493a1bb [CANDIDATE]: Term 1 pre-election: Requesting pre-vote from peer 6f1af300e1d549d6b1cdd8bf3b9aeb9c
I0727 05:15:49.341104 111869 leader_election.cc:217] T 16dd4b7edac640e689d4796409e70820 P b497dbd6bd1a4c998891b00d2493a1bb [CANDIDATE]: Term 1 pre-election: Requesting pre-vote from peer 3a3c735705964e1badb66c37a66a9096
I0727 05:15:49.341248 20838 leader_election.cc:349] T 16dd4b7edac640e689d4796409e70820 P b497dbd6bd1a4c998891b00d2493a1bb [CANDIDATE]: Term 1 pre-election: Vote granted by peer 6f1af300e1d549d6b1cdd8bf3b9aeb9c
I0727 05:15:49.341260 20838 leader_election.cc:244] T 16dd4b7edac640e689d4796409e70820 P b497dbd6bd1a4c998891b00d2493a1bb [CANDIDATE]: Term 1 pre-election: Election decided. Result: candidate won.
I0727 05:15:49.341277 20838 leader_election.cc:349] T 16dd4b7edac640e689d4796409e70820 P b497dbd6bd1a4c998891b00d2493a1bb [CANDIDATE]: Term 1 pre-election: Vote granted by peer 3a3c735705964e1badb66c37a66a9096
I0727 05:15:49.341284 50010 raft_consensus.cc:2372] T 16dd4b7edac640e689d4796409e70820 P b497dbd6bd1a4c998891b00d2493a1bb: Snoozing failure detection for election timeout plus an additional 2.204s
I0727 05:15:49.341295 50010 raft_consensus.cc:2176] T 16dd4b7edac640e689d4796409e70820 P b497dbd6bd1a4c998891b00d2493a1bb [term 0 FOLLOWER]: Leader pre-election won for term 1
I0727 05:15:49.341297 50010 raft_consensus.cc:411] T 16dd4b7edac640e689d4796409e70820 P b497dbd6bd1a4c998891b00d2493a1bb [term 0 FOLLOWER]: Starting leader election (no leader contacted us within the election timeout)
I0727 05:15:49.341301 50010 raft_consensus.cc:2372] T 16dd4b7edac640e689d4796409e70820 P b497dbd6bd1a4c998891b00d2493a1bb: Snoozing failure detection for election timeout plus an additional 2.086s
I0727 05:15:49.341303 50010 raft_consensus.cc:2419] T 16dd4b7edac640e689d4796409e70820 P b497dbd6bd1a4c998891b00d2493a1bb [term 0 FOLLOWER]: Advancing to term 1
I0727 05:15:49.341595 50010 raft_consensus.cc:435] T 16dd4b7edac640e689d4796409e70820 P b497dbd6bd1a4c998891b00d2493a1bb [term 1 FOLLOWER]: Starting leader election with config: opid_index: -1 OBSOLETE_local: false peers { permanent_uuid: "6f1af300e1d549d6b1cdd8bf3b9aeb9c" member_type: VOTER last_known_addr { host: "ip-172-31-12-168" port: 31201 } } peers { permanent_uuid: "b497dbd6bd1a4c998891b00d2493a1bb" member_type: VOTER last_known_addr { host: "ip-172-31-12-168" port: 31202 } } peers { permanent_uuid: "3a3c735705964e1badb66c37a66a9096" member_type: VOTER last_known_addr { host: "ip-172-31-12-168" port: 31200 } }
I0727 05:15:49.341701 50010 leader_election.cc:217] T 16dd4b7edac640e689d4796409e70820 P b497dbd6bd1a4c998891b00d2493a1bb [CANDIDATE]: Term 1 election: Requesting vote from peer 6f1af300e1d549d6b1cdd8bf3b9aeb9c
I0727 05:15:49.341720 50010 leader_election.cc:217] T 16dd4b7edac640e689d4796409e70820 P b497dbd6bd1a4c998891b00d2493a1bb [CANDIDATE]: Term 1 election: Requesting vote from peer 3a3c735705964e1badb66c37a66a9096
I0727 05:15:49.342113 20838 leader_election.cc:349] T 16dd4b7edac640e689d4796409e70820 P b497dbd6bd1a4c998891b00d2493a1bb [CANDIDATE]: Term 1 election: Vote granted by peer 6f1af300e1d549d6b1cdd8bf3b9aeb9c
I0727 05:15:49.342124 20838 leader_election.cc:244] T 16dd4b7edac640e689d4796409e70820 P b497dbd6bd1a4c998891b00d2493a1bb [CANDIDATE]: Term 1 election: Election decided. Result: candidate won.
I0727 05:15:49.342140 20838 leader_election.cc:349] T 16dd4b7edac640e689d4796409e70820 P b497dbd6bd1a4c998891b00d2493a1bb [CANDIDATE]: Term 1 election: Vote granted by peer 3a3c735705964e1badb66c37a66a9096
I0727 05:15:49.342149 42659 raft_consensus.cc:2372] T 16dd4b7edac640e689d4796409e70820 P b497dbd6bd1a4c998891b00d2493a1bb: Snoozing failure detection for election timeout plus an additional 2.242s
I0727 05:15:49.342159 42659 raft_consensus.cc:2176] T 16dd4b7edac640e689d4796409e70820 P b497dbd6bd1a4c998891b00d2493a1bb [term 1 FOLLOWER]: Leader election won for term 1
I0727 05:15:49.342172 42659 raft_consensus.cc:528] T 16dd4b7edac640e689d4796409e70820 P b497dbd6bd1a4c998891b00d2493a1bb [term 1 LEADER]: Becoming Leader. State: Replica: b497dbd6bd1a4c998891b00d2493a1bb, State: Running, Role: LEADER
I0727 05:15:49.342197 42659 consensus_queue.cc:165] T 16dd4b7edac640e689d4796409e70820 P b497dbd6bd1a4c998891b00d2493a1bb [LEADER]: Queue going to LEADER mode. State: All replicated index: 0, Majority replicated index: 0, Committed index: 0, Last appended: 0.0, Last appended by leader: 0, Current term: 1, Majority size: 2, State: 1, Mode: LEADER, active raft config: opid_index: -1 OBSOLETE_local: false peers { permanent_uuid: "6f1af300e1d549d6b1cdd8bf3b9aeb9c" member_type: VOTER last_known_addr { host: "ip-172-31-12-168" port: 31201 } } peers { permanent_uuid: "b497dbd6bd1a4c998891b00d2493a1bb" member_type: VOTER last_known_addr { host: "ip-172-31-12-168" port: 31202 } } peers { permanent_uuid: "3a3c735705964e1badb66c37a66a9096" member_type: VOTER last_known_addr { host: "ip-172-31-12-168" port: 31200 } }
I0727 05:15:49.376014 111856 raft_consensus.cc:411] T 201067a9cba1421d8852e08fd0bcd8ce P b497dbd6bd1a4c998891b00d2493a1bb [term 0 FOLLOWER]: Starting pre-election (no leader contacted us within the election timeout)
I0727 05:15:49.376031 111856 raft_consensus.cc:2372] T 201067a9cba1421d8852e08fd0bcd8ce P b497dbd6bd1a4c998891b00d2493a1bb: Snoozing failure detection for election timeout plus an additional 1.901s
I0727 05:15:49.376060 111856 raft_consensus.cc:435] T 201067a9cba1421d8852e08fd0bcd8ce P b497dbd6bd1a4c998891b00d2493a1bb [term 0 FOLLOWER]: Starting pre-election with config: opid_index: -1 OBSOLETE_local: false peers { permanent_uuid: "3a3c735705964e1badb66c37a66a9096" member_type: VOTER last_known_addr { host: "ip-172-31-12-168" port: 31200 } } peers { permanent_uuid: "6f1af300e1d549d6b1cdd8bf3b9aeb9c" member_type: VOTER last_known_addr { host: "ip-172-31-12-168" port: 31201 } } peers { permanent_uuid: "b497dbd6bd1a4c998891b00d2493a1bb" member_type: VOTER last_known_addr { host: "ip-172-31-12-168" port: 31202 } }
I0727 05:15:49.376183 111856 leader_election.cc:217] T 201067a9cba1421d8852e08fd0bcd8ce P b497dbd6bd1a4c998891b00d2493a1bb [CANDIDATE]: Term 1 pre-election: Requesting pre-vote from peer 3a3c735705964e1badb66c37a66a9096
I0727 05:15:49.376202 111856 leader_election.cc:217] T 201067a9cba1421d8852e08fd0bcd8ce P b497dbd6bd1a4c998891b00d2493a1bb [CANDIDATE]: Term 1 pre-election: Requesting pre-vote from peer 6f1af300e1d549d6b1cdd8bf3b9aeb9c
I0727 05:15:49.376343 20838 leader_election.cc:349] T 201067a9cba1421d8852e08fd0bcd8ce P b497dbd6bd1a4c998891b00d2493a1bb [CANDIDATE]: Term 1 pre-election: Vote granted by peer 6f1af300e1d549d6b1cdd8bf3b9aeb9c
I0727 05:15:49.376354 20838 leader_election.cc:244] T 201067a9cba1421d8852e08fd0bcd8ce P b497dbd6bd1a4c998891b00d2493a1bb [CANDIDATE]: Term 1 pre-election: Election decided. Result: candidate won.
I0727 05:15:49.376370 20838 leader_election.cc:349] T 201067a9cba1421d8852e08fd0bcd8ce P b497dbd6bd1a4c998891b00d2493a1bb [CANDIDATE]: Term 1 pre-election: Vote granted by peer 3a3c735705964e1badb66c37a66a9096
I0727 05:15:49.376379 50046 raft_consensus.cc:2372] T 201067a9cba1421d8852e08fd0bcd8ce P b497dbd6bd1a4c998891b00d2493a1bb: Snoozing failure detection for election timeout plus an additional 1.776s
I0727 05:15:49.376389 50046 raft_consensus.cc:2176] T 201067a9cba1421d8852e08fd0bcd8ce P b497dbd6bd1a4c998891b00d2493a1bb [term 0 FOLLOWER]: Leader pre-election won for term 1
I0727 05:15:49.376394 50046 raft_consensus.cc:411] T 201067a9cba1421d8852e08fd0bcd8ce P b497dbd6bd1a4c998891b00d2493a1bb [term 0 FOLLOWER]: Starting leader election (no leader contacted us within the election timeout)
I0727 05:15:49.376396 50046 raft_consensus.cc:2372] T 201067a9cba1421d8852e08fd0bcd8ce P b497dbd6bd1a4c998891b00d2493a1bb: Snoozing failure detection for election timeout plus an additional 2.209s
I0727 05:15:49.376401 50046 raft_consensus.cc:2419] T 201067a9cba1421d8852e08fd0bcd8ce P b497dbd6bd1a4c998891b00d2493a1bb [term 0 FOLLOWER]: Advancing to term 1
I0727 05:15:49.376696 50046 raft_consensus.cc:435] T 201067a9cba1421d8852e08fd0bcd8ce P b497dbd6bd1a4c998891b00d2493a1bb [term 1 FOLLOWER]: Starting leader election with config: opid_index: -1 OBSOLETE_local: false peers { permanent_uuid: "3a3c735705964e1badb66c37a66a9096" member_type: VOTER last_known_addr { host: "ip-172-31-12-168" port: 31200 } } peers { permanent_uuid: "6f1af300e1d549d6b1cdd8bf3b9aeb9c" member_type: VOTER last_known_addr { host: "ip-172-31-12-168" port: 31201 } } peers { permanent_uuid: "b497dbd6bd1a4c998891b00d2493a1bb" member_type: VOTER last_known_addr { host: "ip-172-31-12-168" port: 31202 } }
I0727 05:15:49.376811 50046 leader_election.cc:217] T 201067a9cba1421d8852e08fd0bcd8ce P b497dbd6bd1a4c998891b00d2493a1bb [CANDIDATE]: Term 1 election: Requesting vote from peer 3a3c735705964e1badb66c37a66a9096
I0727 05:15:49.376830 50046 leader_election.cc:217] T 201067a9cba1421d8852e08fd0bcd8ce P b497dbd6bd1a4c998891b00d2493a1bb [CANDIDATE]: Term 1 election: Requesting vote from peer 6f1af300e1d549d6b1cdd8bf3b9aeb9c
I0727 05:15:49.377172 20838 leader_election.cc:349] T 201067a9cba1421d8852e08fd0bcd8ce P b497dbd6bd1a4c998891b00d2493a1bb [CANDIDATE]: Term 1 election: Vote granted by peer 6f1af300e1d549d6b1cdd8bf3b9aeb9c
I0727 05:15:49.377182 20838 leader_election.cc:244] T 201067a9cba1421d8852e08fd0bcd8ce P b497dbd6bd1a4c998891b00d2493a1bb [CANDIDATE]: Term 1 election: Election decided. Result: candidate won.
I0727 05:15:49.377199 20838 leader_election.cc:349] T 201067a9cba1421d8852e08fd0bcd8ce P b497dbd6bd1a4c998891b00d2493a1bb [CANDIDATE]: Term 1 election: Vote granted by peer 3a3c735705964e1badb66c37a66a9096
I0727 05:15:49.377207 43073 raft_consensus.cc:2372] T 201067a9cba1421d8852e08fd0bcd8ce P b497dbd6bd1a4c998891b00d2493a1bb: Snoozing failure detection for election timeout plus an additional 2.029s
I0727 05:15:49.377215 43073 raft_consensus.cc:2176] T 201067a9cba1421d8852e08fd0bcd8ce P b497dbd6bd1a4c998891b00d2493a1bb [term 1 FOLLOWER]: Leader election won for term 1
I0727 05:15:49.377229 43073 raft_consensus.cc:528] T 201067a9cba1421d8852e08fd0bcd8ce P b497dbd6bd1a4c998891b00d2493a1bb [term 1 LEADER]: Becoming Leader. State: Replica: b497dbd6bd1a4c998891b00d2493a1bb, State: Running, Role: LEADER
I0727 05:15:49.377255 43073 consensus_queue.cc:165] T 201067a9cba1421d8852e08fd0bcd8ce P b497dbd6bd1a4c998891b00d2493a1bb [LEADER]: Queue going to LEADER mode. State: All replicated index: 0, Majority replicated index: 0, Committed index: 0, Last appended: 0.0, Last appended by leader: 0, Current term: 1, Majority size: 2, State: 1, Mode: LEADER, active raft config: opid_index: -1 OBSOLETE_local: false peers { permanent_uuid: "3a3c735705964e1badb66c37a66a9096" member_type: VOTER last_known_addr { host: "ip-172-31-12-168" port: 31200 } } peers { permanent_uuid: "6f1af300e1d549d6b1cdd8bf3b9aeb9c" member_type: VOTER last_known_addr { host: "ip-172-31-12-168" port: 31201 } } peers { permanent_uuid: "b497dbd6bd1a4c998891b00d2493a1bb" member_type: VOTER last_known_addr { host: "ip-172-31-12-168" port: 31202 } }
I0727 05:15:49.497870 50046 consensus_queue.cc:722] T 38b1d6676d7e4418aab5fb22a1847900 P b497dbd6bd1a4c998891b00d2493a1bb [LEADER]: Connected to new peer: Peer: 3a3c735705964e1badb66c37a66a9096, Is new: false, Last received: 0.0, Next index: 1, Last known committed idx: 0, Last exchange result: ERROR, Needs tablet copy: false
I0727 05:15:49.498625 50010 consensus_queue.cc:722] T 38b1d6676d7e4418aab5fb22a1847900 P b497dbd6bd1a4c998891b00d2493a1bb [LEADER]: Connected to new peer: Peer: 6f1af300e1d549d6b1cdd8bf3b9aeb9c, Is new: false, Last received: 0.0, Next index: 1, Last known committed idx: 0, Last exchange result: ERROR, Needs tablet copy: false
I0727 05:15:49.604878 42659 consensus_queue.cc:722] T 16dd4b7edac640e689d4796409e70820 P b497dbd6bd1a4c998891b00d2493a1bb [LEADER]: Connected to new peer: Peer: 6f1af300e1d549d6b1cdd8bf3b9aeb9c, Is new: false, Last received: 0.0, Next index: 1, Last known committed idx: 0, Last exchange result: ERROR, Needs tablet copy: false
I0727 05:15:49.605669 50046 consensus_queue.cc:722] T 16dd4b7edac640e689d4796409e70820 P b497dbd6bd1a4c998891b00d2493a1bb [LEADER]: Connected to new peer: Peer: 3a3c735705964e1badb66c37a66a9096, Is new: false, Last received: 0.0, Next index: 1, Last known committed idx: 0, Last exchange result: ERROR, Needs tablet copy: false
I0727 05:15:49.648999 42659 consensus_queue.cc:722] T 201067a9cba1421d8852e08fd0bcd8ce P b497dbd6bd1a4c998891b00d2493a1bb [LEADER]: Connected to new peer: Peer: 3a3c735705964e1badb66c37a66a9096, Is new: false, Last received: 0.0, Next index: 1, Last known committed idx: 0, Last exchange result: ERROR, Needs tablet copy: false
I0727 05:15:49.649675 50046 consensus_queue.cc:722] T 201067a9cba1421d8852e08fd0bcd8ce P b497dbd6bd1a4c998891b00d2493a1bb [LEADER]: Connected to new peer: Peer: 6f1af300e1d549d6b1cdd8bf3b9aeb9c, Is new: false, Last received: 0.0, Next index: 1, Last known committed idx: 0, Last exchange result: ERROR, Needs tablet copy: false
I0727 05:15:56.829159 20883 tablet_service.cc:713] Processing DeleteTablet for tablet e9ab0e6c66ee4ceb968f7bdeee721e3e with delete_type TABLET_DATA_DELETED (Table deleted at 2017-07-27 05:15:56 UTC) from {username='ubuntu'} at 127.0.0.1:34066
I0727 05:15:56.829181 20883 tablet_replica.cc:225] Initiating TabletReplica shutdown for tablet: e9ab0e6c66ee4ceb968f7bdeee721e3e
I0727 05:15:56.829203 20883 maintenance_manager.cc:206] P b497dbd6bd1a4c998891b00d2493a1bb: Unregistered op CompactRowSetsOp(e9ab0e6c66ee4ceb968f7bdeee721e3e)
I0727 05:15:56.829218 20883 maintenance_manager.cc:206] P b497dbd6bd1a4c998891b00d2493a1bb: Unregistered op MinorDeltaCompactionOp(e9ab0e6c66ee4ceb968f7bdeee721e3e)
I0727 05:15:56.829233 20883 maintenance_manager.cc:206] P b497dbd6bd1a4c998891b00d2493a1bb: Unregistered op MajorDeltaCompactionOp(e9ab0e6c66ee4ceb968f7bdeee721e3e)
I0727 05:15:56.829255 20883 maintenance_manager.cc:206] P b497dbd6bd1a4c998891b00d2493a1bb: Unregistered op UndoDeltaBlockGCOp(e9ab0e6c66ee4ceb968f7bdeee721e3e)
I0727 05:15:56.829232 20880 tablet_service.cc:713] Processing DeleteTablet for tablet 899c81b2b53446e58c5dcdd5bf72ac7c with delete_type TABLET_DATA_DELETED (Table deleted at 2017-07-27 05:15:56 UTC) from {username='ubuntu'} at 127.0.0.1:34066
I0727 05:15:56.829298 20880 tablet_replica.cc:225] Initiating TabletReplica shutdown for tablet: 899c81b2b53446e58c5dcdd5bf72ac7c
I0727 05:15:56.829320 20880 maintenance_manager.cc:206] P b497dbd6bd1a4c998891b00d2493a1bb: Unregistered op CompactRowSetsOp(899c81b2b53446e58c5dcdd5bf72ac7c)
I0727 05:15:56.829339 20880 maintenance_manager.cc:206] P b497dbd6bd1a4c998891b00d2493a1bb: Unregistered op MinorDeltaCompactionOp(899c81b2b53446e58c5dcdd5bf72ac7c)
I0727 05:15:56.829361 20880 maintenance_manager.cc:206] P b497dbd6bd1a4c998891b00d2493a1bb: Unregistered op MajorDeltaCompactionOp(899c81b2b53446e58c5dcdd5bf72ac7c)
I0727 05:15:56.829381 20880 maintenance_manager.cc:206] P b497dbd6bd1a4c998891b00d2493a1bb: Unregistered op UndoDeltaBlockGCOp(899c81b2b53446e58c5dcdd5bf72ac7c)
I0727 05:15:56.829397 20880 maintenance_manager.cc:206] P b497dbd6bd1a4c998891b00d2493a1bb: Unregistered op FlushMRSOp(899c81b2b53446e58c5dcdd5bf72ac7c)
I0727 05:15:56.829419 20880 maintenance_manager.cc:206] P b497dbd6bd1a4c998891b00d2493a1bb: Unregistered op FlushDeltaMemStoresOp(899c81b2b53446e58c5dcdd5bf72ac7c)
I0727 05:15:56.829299 20879 tablet_service.cc:713] Processing DeleteTablet for tablet 728bc3b3ad4343088d2c1908ad1fe640 with delete_type TABLET_DATA_DELETED (Table deleted at 2017-07-27 05:15:56 UTC) from {username='ubuntu'} at 127.0.0.1:34066
I0727 05:15:56.829427 20880 maintenance_manager.cc:206] P b497dbd6bd1a4c998891b00d2493a1bb: Unregistered op LogGCOp(899c81b2b53446e58c5dcdd5bf72ac7c)
I0727 05:15:56.829448 20880 raft_consensus.cc:1763] T 899c81b2b53446e58c5dcdd5bf72ac7c P b497dbd6bd1a4c998891b00d2493a1bb [term 1 FOLLOWER]: Raft consensus shutting down.
I0727 05:15:56.829478 20880 raft_consensus.cc:1778] T 899c81b2b53446e58c5dcdd5bf72ac7c P b497dbd6bd1a4c998891b00d2493a1bb [term 1 FOLLOWER]: Raft consensus is shut down!
I0727 05:15:56.829277 20883 maintenance_manager.cc:206] P b497dbd6bd1a4c998891b00d2493a1bb: Unregistered op FlushMRSOp(e9ab0e6c66ee4ceb968f7bdeee721e3e)
I0727 05:15:56.829524 20883 maintenance_manager.cc:206] P b497dbd6bd1a4c998891b00d2493a1bb: Unregistered op FlushDeltaMemStoresOp(e9ab0e6c66ee4ceb968f7bdeee721e3e)
I0727 05:15:56.829546 20883 maintenance_manager.cc:206] P b497dbd6bd1a4c998891b00d2493a1bb: Unregistered op LogGCOp(e9ab0e6c66ee4ceb968f7bdeee721e3e)
I0727 05:15:56.829432 20879 tablet_replica.cc:225] Initiating TabletReplica shutdown for tablet: 728bc3b3ad4343088d2c1908ad1fe640
I0727 05:15:56.829560 20883 raft_consensus.cc:1763] T e9ab0e6c66ee4ceb968f7bdeee721e3e P b497dbd6bd1a4c998891b00d2493a1bb [term 1 LEADER]: Raft consensus shutting down.
I0727 05:15:56.829602 20883 consensus_peers.cc:400] T e9ab0e6c66ee4ceb968f7bdeee721e3e P b497dbd6bd1a4c998891b00d2493a1bb -> Peer 6f1af300e1d549d6b1cdd8bf3b9aeb9c (ip-172-31-12-168:31201): Closing peer: 6f1af300e1d549d6b1cdd8bf3b9aeb9c
I0727 05:15:56.829619 20883 consensus_peers.cc:400] T e9ab0e6c66ee4ceb968f7bdeee721e3e P b497dbd6bd1a4c998891b00d2493a1bb -> Peer 3a3c735705964e1badb66c37a66a9096 (ip-172-31-12-168:31200): Closing peer: 3a3c735705964e1badb66c37a66a9096
I0727 05:15:56.829586 20879 maintenance_manager.cc:206] P b497dbd6bd1a4c998891b00d2493a1bb: Unregistered op CompactRowSetsOp(728bc3b3ad4343088d2c1908ad1fe640)
I0727 05:15:56.829627 20883 raft_consensus.cc:1778] T e9ab0e6c66ee4ceb968f7bdeee721e3e P b497dbd6bd1a4c998891b00d2493a1bb [term 1 LEADER]: Raft consensus is shut down!
I0727 05:15:56.829632 20879 maintenance_manager.cc:206] P b497dbd6bd1a4c998891b00d2493a1bb: Unregistered op MinorDeltaCompactionOp(728bc3b3ad4343088d2c1908ad1fe640)
I0727 05:15:56.829639 20879 maintenance_manager.cc:206] P b497dbd6bd1a4c998891b00d2493a1bb: Unregistered op MajorDeltaCompactionOp(728bc3b3ad4343088d2c1908ad1fe640)
I0727 05:15:56.829644 20879 maintenance_manager.cc:206] P b497dbd6bd1a4c998891b00d2493a1bb: Unregistered op UndoDeltaBlockGCOp(728bc3b3ad4343088d2c1908ad1fe640)
I0727 05:15:56.829666 20879 maintenance_manager.cc:206] P b497dbd6bd1a4c998891b00d2493a1bb: Unregistered op FlushMRSOp(728bc3b3ad4343088d2c1908ad1fe640)
I0727 05:15:56.829672 20879 maintenance_manager.cc:206] P b497dbd6bd1a4c998891b00d2493a1bb: Unregistered op FlushDeltaMemStoresOp(728bc3b3ad4343088d2c1908ad1fe640)
I0727 05:15:56.829679 20879 maintenance_manager.cc:206] P b497dbd6bd1a4c998891b00d2493a1bb: Unregistered op LogGCOp(728bc3b3ad4343088d2c1908ad1fe640)
I0727 05:15:56.829686 20879 raft_consensus.cc:1763] T 728bc3b3ad4343088d2c1908ad1fe640 P b497dbd6bd1a4c998891b00d2493a1bb [term 1 FOLLOWER]: Raft consensus shutting down.
I0727 05:15:56.829699 20879 raft_consensus.cc:1778] T 728bc3b3ad4343088d2c1908ad1fe640 P b497dbd6bd1a4c998891b00d2493a1bb [term 1 FOLLOWER]: Raft consensus is shut down!
I0727 05:15:56.829752 20880 ts_tablet_manager.cc:1030] T 899c81b2b53446e58c5dcdd5bf72ac7c P b497dbd6bd1a4c998891b00d2493a1bb: Deleting tablet data with delete state TABLET_DATA_DELETED
I0727 05:15:56.829872 20883 ts_tablet_manager.cc:1030] T e9ab0e6c66ee4ceb968f7bdeee721e3e P b497dbd6bd1a4c998891b00d2493a1bb: Deleting tablet data with delete state TABLET_DATA_DELETED
I0727 05:15:56.829910 20879 ts_tablet_manager.cc:1030] T 728bc3b3ad4343088d2c1908ad1fe640 P b497dbd6bd1a4c998891b00d2493a1bb: Deleting tablet data with delete state TABLET_DATA_DELETED
I0727 05:15:56.833223 20880 ts_tablet_manager.cc:1042] T 899c81b2b53446e58c5dcdd5bf72ac7c P b497dbd6bd1a4c998891b00d2493a1bb: Tablet deleted. Last logged OpId: 1.2
I0727 05:15:56.833243 20880 log.cc:974] T 899c81b2b53446e58c5dcdd5bf72ac7c P b497dbd6bd1a4c998891b00d2493a1bb: Deleting WAL directory at /home/ubuntu/Impala/testdata/cluster/cdh5/node-1/var/lib/kudu/ts/wal/wals/899c81b2b53446e58c5dcdd5bf72ac7c
I0727 05:15:56.833307 20883 ts_tablet_manager.cc:1042] T e9ab0e6c66ee4ceb968f7bdeee721e3e P b497dbd6bd1a4c998891b00d2493a1bb: Tablet deleted. Last logged OpId: 1.2
I0727 05:15:56.833328 20883 log.cc:974] T e9ab0e6c66ee4ceb968f7bdeee721e3e P b497dbd6bd1a4c998891b00d2493a1bb: Deleting WAL directory at /home/ubuntu/Impala/testdata/cluster/cdh5/node-1/var/lib/kudu/ts/wal/wals/e9ab0e6c66ee4ceb968f7bdeee721e3e
I0727 05:15:56.833349 20880 ts_tablet_manager.cc:1060] T 899c81b2b53446e58c5dcdd5bf72ac7c P b497dbd6bd1a4c998891b00d2493a1bb: Deleting consensus metadata
I0727 05:15:56.833379 20879 ts_tablet_manager.cc:1042] T 728bc3b3ad4343088d2c1908ad1fe640 P b497dbd6bd1a4c998891b00d2493a1bb: Tablet deleted. Last logged OpId: 1.2
I0727 05:15:56.833397 20879 log.cc:974] T 728bc3b3ad4343088d2c1908ad1fe640 P b497dbd6bd1a4c998891b00d2493a1bb: Deleting WAL directory at /home/ubuntu/Impala/testdata/cluster/cdh5/node-1/var/lib/kudu/ts/wal/wals/728bc3b3ad4343088d2c1908ad1fe640
I0727 05:15:56.833428 20883 ts_tablet_manager.cc:1060] T e9ab0e6c66ee4ceb968f7bdeee721e3e P b497dbd6bd1a4c998891b00d2493a1bb: Deleting consensus metadata
I0727 05:15:56.833889 20879 ts_tablet_manager.cc:1060] T 728bc3b3ad4343088d2c1908ad1fe640 P b497dbd6bd1a4c998891b00d2493a1bb: Deleting consensus metadata
I0727 05:15:56.957296 20879 tablet_service.cc:672] Processing CreateTablet for tablet 254ba99f2b86400f9a2859093e15cd8c (table=impala::functional_kudu.alltypessmall [id=a668ee1c78464215ae2efc0123ebd3bf]), partition=HASH (id) PARTITION 0
I0727 05:15:56.957309 20883 tablet_service.cc:672] Processing CreateTablet for tablet 6dc8ccedf22d42e19138c2806fc52dd8 (table=impala::functional_kudu.alltypessmall [id=a668ee1c78464215ae2efc0123ebd3bf]), partition=HASH (id) PARTITION 1
I0727 05:15:56.957329 20880 tablet_service.cc:672] Processing CreateTablet for tablet 27a5b15a78254fa1890137a0f3df9276 (table=impala::functional_kudu.alltypessmall [id=a668ee1c78464215ae2efc0123ebd3bf]), partition=HASH (id) PARTITION 2
I0727 05:15:56.957876 20883 ts_tablet_manager.cc:871] T 6dc8ccedf22d42e19138c2806fc52dd8 P b497dbd6bd1a4c998891b00d2493a1bb: Registered tablet (data state: TABLET_DATA_READY)
I0727 05:15:56.958039 20879 ts_tablet_manager.cc:871] T 254ba99f2b86400f9a2859093e15cd8c P b497dbd6bd1a4c998891b00d2493a1bb: Registered tablet (data state: TABLET_DATA_READY)
I0727 05:15:56.958154 111892 ts_tablet_manager.cc:741] T 6dc8ccedf22d42e19138c2806fc52dd8 P b497dbd6bd1a4c998891b00d2493a1bb: Bootstrapping tablet
I0727 05:15:56.958175 111892 tablet_bootstrap.cc:406] T 6dc8ccedf22d42e19138c2806fc52dd8 P b497dbd6bd1a4c998891b00d2493a1bb: Bootstrap starting.
I0727 05:15:56.958222 20880 ts_tablet_manager.cc:871] T 27a5b15a78254fa1890137a0f3df9276 P b497dbd6bd1a4c998891b00d2493a1bb: Registered tablet (data state: TABLET_DATA_READY)
I0727 05:15:56.958784 111892 tablet_bootstrap.cc:547] T 6dc8ccedf22d42e19138c2806fc52dd8 P b497dbd6bd1a4c998891b00d2493a1bb: No blocks or log segments found. Creating new log.
I0727 05:15:56.959179 111892 tablet_bootstrap.cc:406] T 6dc8ccedf22d42e19138c2806fc52dd8 P b497dbd6bd1a4c998891b00d2493a1bb: No bootstrap required, opened a new log
I0727 05:15:56.959198 111892 ts_tablet_manager.cc:746] T 6dc8ccedf22d42e19138c2806fc52dd8 P b497dbd6bd1a4c998891b00d2493a1bb: Time spent bootstrapping tablet: real 0.001s	user 0.000s	sys 0.000s
