I0727 05:19:10.460713 20838 leader_election.cc:349] T 6fba03ee91f54e79aa6fcf6ded8eddb0 P b497dbd6bd1a4c998891b00d2493a1bb [CANDIDATE]: Term 1 pre-election: Vote granted by peer 6f1af300e1d549d6b1cdd8bf3b9aeb9c
I0727 05:19:10.460726 20838 leader_election.cc:244] T 6fba03ee91f54e79aa6fcf6ded8eddb0 P b497dbd6bd1a4c998891b00d2493a1bb [CANDIDATE]: Term 1 pre-election: Election decided. Result: candidate won.
I0727 05:19:10.460747 20838 leader_election.cc:349] T 6fba03ee91f54e79aa6fcf6ded8eddb0 P b497dbd6bd1a4c998891b00d2493a1bb [CANDIDATE]: Term 1 pre-election: Vote granted by peer 3a3c735705964e1badb66c37a66a9096
I0727 05:19:10.460747 43073 raft_consensus.cc:2372] T 6fba03ee91f54e79aa6fcf6ded8eddb0 P b497dbd6bd1a4c998891b00d2493a1bb: Snoozing failure detection for election timeout plus an additional 1.754s
I0727 05:19:10.460767 43073 raft_consensus.cc:2176] T 6fba03ee91f54e79aa6fcf6ded8eddb0 P b497dbd6bd1a4c998891b00d2493a1bb [term 0 FOLLOWER]: Leader pre-election won for term 1
I0727 05:19:10.460778 43073 raft_consensus.cc:411] T 6fba03ee91f54e79aa6fcf6ded8eddb0 P b497dbd6bd1a4c998891b00d2493a1bb [term 0 FOLLOWER]: Starting leader election (no leader contacted us within the election timeout)
I0727 05:19:10.460783 43073 raft_consensus.cc:2372] T 6fba03ee91f54e79aa6fcf6ded8eddb0 P b497dbd6bd1a4c998891b00d2493a1bb: Snoozing failure detection for election timeout plus an additional 2.030s
I0727 05:19:10.460785 43073 raft_consensus.cc:2419] T 6fba03ee91f54e79aa6fcf6ded8eddb0 P b497dbd6bd1a4c998891b00d2493a1bb [term 0 FOLLOWER]: Advancing to term 1
I0727 05:19:10.461057 43073 raft_consensus.cc:435] T 6fba03ee91f54e79aa6fcf6ded8eddb0 P b497dbd6bd1a4c998891b00d2493a1bb [term 1 FOLLOWER]: Starting leader election with config: opid_index: -1 OBSOLETE_local: false peers { permanent_uuid: "b497dbd6bd1a4c998891b00d2493a1bb" member_type: VOTER last_known_addr { host: "ip-172-31-12-168" port: 31202 } } peers { permanent_uuid: "3a3c735705964e1badb66c37a66a9096" member_type: VOTER last_known_addr { host: "ip-172-31-12-168" port: 31200 } } peers { permanent_uuid: "6f1af300e1d549d6b1cdd8bf3b9aeb9c" member_type: VOTER last_known_addr { host: "ip-172-31-12-168" port: 31201 } }
I0727 05:19:10.461174 43073 leader_election.cc:217] T 6fba03ee91f54e79aa6fcf6ded8eddb0 P b497dbd6bd1a4c998891b00d2493a1bb [CANDIDATE]: Term 1 election: Requesting vote from peer 3a3c735705964e1badb66c37a66a9096
I0727 05:19:10.461200 43073 leader_election.cc:217] T 6fba03ee91f54e79aa6fcf6ded8eddb0 P b497dbd6bd1a4c998891b00d2493a1bb [CANDIDATE]: Term 1 election: Requesting vote from peer 6f1af300e1d549d6b1cdd8bf3b9aeb9c
I0727 05:19:10.461519 20838 leader_election.cc:349] T 6fba03ee91f54e79aa6fcf6ded8eddb0 P b497dbd6bd1a4c998891b00d2493a1bb [CANDIDATE]: Term 1 election: Vote granted by peer 6f1af300e1d549d6b1cdd8bf3b9aeb9c
I0727 05:19:10.461529 20838 leader_election.cc:244] T 6fba03ee91f54e79aa6fcf6ded8eddb0 P b497dbd6bd1a4c998891b00d2493a1bb [CANDIDATE]: Term 1 election: Election decided. Result: candidate won.
I0727 05:19:10.461551 50046 raft_consensus.cc:2372] T 6fba03ee91f54e79aa6fcf6ded8eddb0 P b497dbd6bd1a4c998891b00d2493a1bb: Snoozing failure detection for election timeout plus an additional 1.842s
I0727 05:19:10.461563 50046 raft_consensus.cc:2176] T 6fba03ee91f54e79aa6fcf6ded8eddb0 P b497dbd6bd1a4c998891b00d2493a1bb [term 1 FOLLOWER]: Leader election won for term 1
I0727 05:19:10.461575 50046 raft_consensus.cc:528] T 6fba03ee91f54e79aa6fcf6ded8eddb0 P b497dbd6bd1a4c998891b00d2493a1bb [term 1 LEADER]: Becoming Leader. State: Replica: b497dbd6bd1a4c998891b00d2493a1bb, State: Running, Role: LEADER
I0727 05:19:10.461582 20838 leader_election.cc:349] T 6fba03ee91f54e79aa6fcf6ded8eddb0 P b497dbd6bd1a4c998891b00d2493a1bb [CANDIDATE]: Term 1 election: Vote granted by peer 3a3c735705964e1badb66c37a66a9096
I0727 05:19:10.461601 50046 consensus_queue.cc:165] T 6fba03ee91f54e79aa6fcf6ded8eddb0 P b497dbd6bd1a4c998891b00d2493a1bb [LEADER]: Queue going to LEADER mode. State: All replicated index: 0, Majority replicated index: 0, Committed index: 0, Last appended: 0.0, Last appended by leader: 0, Current term: 1, Majority size: 2, State: 1, Mode: LEADER, active raft config: opid_index: -1 OBSOLETE_local: false peers { permanent_uuid: "b497dbd6bd1a4c998891b00d2493a1bb" member_type: VOTER last_known_addr { host: "ip-172-31-12-168" port: 31202 } } peers { permanent_uuid: "3a3c735705964e1badb66c37a66a9096" member_type: VOTER last_known_addr { host: "ip-172-31-12-168" port: 31200 } } peers { permanent_uuid: "6f1af300e1d549d6b1cdd8bf3b9aeb9c" member_type: VOTER last_known_addr { host: "ip-172-31-12-168" port: 31201 } }
I0727 05:19:10.641095 114280 raft_consensus.cc:411] T 834e814840e049aeb7ff9a76ca4a2989 P b497dbd6bd1a4c998891b00d2493a1bb [term 0 FOLLOWER]: Starting pre-election (no leader contacted us within the election timeout)
I0727 05:19:10.641124 114280 raft_consensus.cc:2372] T 834e814840e049aeb7ff9a76ca4a2989 P b497dbd6bd1a4c998891b00d2493a1bb: Snoozing failure detection for election timeout plus an additional 1.860s
I0727 05:19:10.641158 114280 raft_consensus.cc:435] T 834e814840e049aeb7ff9a76ca4a2989 P b497dbd6bd1a4c998891b00d2493a1bb [term 0 FOLLOWER]: Starting pre-election with config: opid_index: -1 OBSOLETE_local: false peers { permanent_uuid: "b497dbd6bd1a4c998891b00d2493a1bb" member_type: VOTER last_known_addr { host: "ip-172-31-12-168" port: 31202 } } peers { permanent_uuid: "3a3c735705964e1badb66c37a66a9096" member_type: VOTER last_known_addr { host: "ip-172-31-12-168" port: 31200 } } peers { permanent_uuid: "6f1af300e1d549d6b1cdd8bf3b9aeb9c" member_type: VOTER last_known_addr { host: "ip-172-31-12-168" port: 31201 } }
I0727 05:19:10.641300 114280 leader_election.cc:217] T 834e814840e049aeb7ff9a76ca4a2989 P b497dbd6bd1a4c998891b00d2493a1bb [CANDIDATE]: Term 1 pre-election: Requesting pre-vote from peer 3a3c735705964e1badb66c37a66a9096
I0727 05:19:10.641322 114280 leader_election.cc:217] T 834e814840e049aeb7ff9a76ca4a2989 P b497dbd6bd1a4c998891b00d2493a1bb [CANDIDATE]: Term 1 pre-election: Requesting pre-vote from peer 6f1af300e1d549d6b1cdd8bf3b9aeb9c
I0727 05:19:10.641451 20838 leader_election.cc:349] T 834e814840e049aeb7ff9a76ca4a2989 P b497dbd6bd1a4c998891b00d2493a1bb [CANDIDATE]: Term 1 pre-election: Vote granted by peer 3a3c735705964e1badb66c37a66a9096
I0727 05:19:10.641463 20838 leader_election.cc:244] T 834e814840e049aeb7ff9a76ca4a2989 P b497dbd6bd1a4c998891b00d2493a1bb [CANDIDATE]: Term 1 pre-election: Election decided. Result: candidate won.
I0727 05:19:10.641477 20838 leader_election.cc:349] T 834e814840e049aeb7ff9a76ca4a2989 P b497dbd6bd1a4c998891b00d2493a1bb [CANDIDATE]: Term 1 pre-election: Vote granted by peer 6f1af300e1d549d6b1cdd8bf3b9aeb9c
I0727 05:19:10.641490 43073 raft_consensus.cc:2372] T 834e814840e049aeb7ff9a76ca4a2989 P b497dbd6bd1a4c998891b00d2493a1bb: Snoozing failure detection for election timeout plus an additional 1.822s
I0727 05:19:10.641504 43073 raft_consensus.cc:2176] T 834e814840e049aeb7ff9a76ca4a2989 P b497dbd6bd1a4c998891b00d2493a1bb [term 0 FOLLOWER]: Leader pre-election won for term 1
I0727 05:19:10.641506 43073 raft_consensus.cc:411] T 834e814840e049aeb7ff9a76ca4a2989 P b497dbd6bd1a4c998891b00d2493a1bb [term 0 FOLLOWER]: Starting leader election (no leader contacted us within the election timeout)
I0727 05:19:10.641515 43073 raft_consensus.cc:2372] T 834e814840e049aeb7ff9a76ca4a2989 P b497dbd6bd1a4c998891b00d2493a1bb: Snoozing failure detection for election timeout plus an additional 2.054s
I0727 05:19:10.641516 43073 raft_consensus.cc:2419] T 834e814840e049aeb7ff9a76ca4a2989 P b497dbd6bd1a4c998891b00d2493a1bb [term 0 FOLLOWER]: Advancing to term 1
I0727 05:19:10.641860 43073 raft_consensus.cc:435] T 834e814840e049aeb7ff9a76ca4a2989 P b497dbd6bd1a4c998891b00d2493a1bb [term 1 FOLLOWER]: Starting leader election with config: opid_index: -1 OBSOLETE_local: false peers { permanent_uuid: "b497dbd6bd1a4c998891b00d2493a1bb" member_type: VOTER last_known_addr { host: "ip-172-31-12-168" port: 31202 } } peers { permanent_uuid: "3a3c735705964e1badb66c37a66a9096" member_type: VOTER last_known_addr { host: "ip-172-31-12-168" port: 31200 } } peers { permanent_uuid: "6f1af300e1d549d6b1cdd8bf3b9aeb9c" member_type: VOTER last_known_addr { host: "ip-172-31-12-168" port: 31201 } }
I0727 05:19:10.641964 43073 leader_election.cc:217] T 834e814840e049aeb7ff9a76ca4a2989 P b497dbd6bd1a4c998891b00d2493a1bb [CANDIDATE]: Term 1 election: Requesting vote from peer 3a3c735705964e1badb66c37a66a9096
I0727 05:19:10.641983 43073 leader_election.cc:217] T 834e814840e049aeb7ff9a76ca4a2989 P b497dbd6bd1a4c998891b00d2493a1bb [CANDIDATE]: Term 1 election: Requesting vote from peer 6f1af300e1d549d6b1cdd8bf3b9aeb9c
I0727 05:19:10.642405 20838 leader_election.cc:349] T 834e814840e049aeb7ff9a76ca4a2989 P b497dbd6bd1a4c998891b00d2493a1bb [CANDIDATE]: Term 1 election: Vote granted by peer 6f1af300e1d549d6b1cdd8bf3b9aeb9c
I0727 05:19:10.642415 20838 leader_election.cc:244] T 834e814840e049aeb7ff9a76ca4a2989 P b497dbd6bd1a4c998891b00d2493a1bb [CANDIDATE]: Term 1 election: Election decided. Result: candidate won.
I0727 05:19:10.642436 20838 leader_election.cc:349] T 834e814840e049aeb7ff9a76ca4a2989 P b497dbd6bd1a4c998891b00d2493a1bb [CANDIDATE]: Term 1 election: Vote granted by peer 3a3c735705964e1badb66c37a66a9096
I0727 05:19:10.642436 42659 raft_consensus.cc:2372] T 834e814840e049aeb7ff9a76ca4a2989 P b497dbd6bd1a4c998891b00d2493a1bb: Snoozing failure detection for election timeout plus an additional 2.159s
I0727 05:19:10.642457 42659 raft_consensus.cc:2176] T 834e814840e049aeb7ff9a76ca4a2989 P b497dbd6bd1a4c998891b00d2493a1bb [term 1 FOLLOWER]: Leader election won for term 1
I0727 05:19:10.642472 42659 raft_consensus.cc:528] T 834e814840e049aeb7ff9a76ca4a2989 P b497dbd6bd1a4c998891b00d2493a1bb [term 1 LEADER]: Becoming Leader. State: Replica: b497dbd6bd1a4c998891b00d2493a1bb, State: Running, Role: LEADER
I0727 05:19:10.642504 42659 consensus_queue.cc:165] T 834e814840e049aeb7ff9a76ca4a2989 P b497dbd6bd1a4c998891b00d2493a1bb [LEADER]: Queue going to LEADER mode. State: All replicated index: 0, Majority replicated index: 0, Committed index: 0, Last appended: 0.0, Last appended by leader: 0, Current term: 1, Majority size: 2, State: 1, Mode: LEADER, active raft config: opid_index: -1 OBSOLETE_local: false peers { permanent_uuid: "b497dbd6bd1a4c998891b00d2493a1bb" member_type: VOTER last_known_addr { host: "ip-172-31-12-168" port: 31202 } } peers { permanent_uuid: "3a3c735705964e1badb66c37a66a9096" member_type: VOTER last_known_addr { host: "ip-172-31-12-168" port: 31200 } } peers { permanent_uuid: "6f1af300e1d549d6b1cdd8bf3b9aeb9c" member_type: VOTER last_known_addr { host: "ip-172-31-12-168" port: 31201 } }
I0727 05:19:10.729238 50029 consensus_queue.cc:722] T 6fba03ee91f54e79aa6fcf6ded8eddb0 P b497dbd6bd1a4c998891b00d2493a1bb [LEADER]: Connected to new peer: Peer: 6f1af300e1d549d6b1cdd8bf3b9aeb9c, Is new: false, Last received: 0.0, Next index: 1, Last known committed idx: 0, Last exchange result: ERROR, Needs tablet copy: false
I0727 05:19:10.730002 43073 consensus_queue.cc:722] T 6fba03ee91f54e79aa6fcf6ded8eddb0 P b497dbd6bd1a4c998891b00d2493a1bb [LEADER]: Connected to new peer: Peer: 3a3c735705964e1badb66c37a66a9096, Is new: false, Last received: 0.0, Next index: 1, Last known committed idx: 0, Last exchange result: ERROR, Needs tablet copy: false
I0727 05:19:10.740705 114292 raft_consensus.cc:411] T 61d92cfa20734741aabbbe06dbbd87ac P b497dbd6bd1a4c998891b00d2493a1bb [term 0 FOLLOWER]: Starting pre-election (no leader contacted us within the election timeout)
I0727 05:19:10.740728 114292 raft_consensus.cc:2372] T 61d92cfa20734741aabbbe06dbbd87ac P b497dbd6bd1a4c998891b00d2493a1bb: Snoozing failure detection for election timeout plus an additional 1.732s
I0727 05:19:10.740761 114292 raft_consensus.cc:435] T 61d92cfa20734741aabbbe06dbbd87ac P b497dbd6bd1a4c998891b00d2493a1bb [term 0 FOLLOWER]: Starting pre-election with config: opid_index: -1 OBSOLETE_local: false peers { permanent_uuid: "3a3c735705964e1badb66c37a66a9096" member_type: VOTER last_known_addr { host: "ip-172-31-12-168" port: 31200 } } peers { permanent_uuid: "b497dbd6bd1a4c998891b00d2493a1bb" member_type: VOTER last_known_addr { host: "ip-172-31-12-168" port: 31202 } } peers { permanent_uuid: "6f1af300e1d549d6b1cdd8bf3b9aeb9c" member_type: VOTER last_known_addr { host: "ip-172-31-12-168" port: 31201 } }
I0727 05:19:10.740914 114292 leader_election.cc:217] T 61d92cfa20734741aabbbe06dbbd87ac P b497dbd6bd1a4c998891b00d2493a1bb [CANDIDATE]: Term 1 pre-election: Requesting pre-vote from peer 3a3c735705964e1badb66c37a66a9096
I0727 05:19:10.740936 114292 leader_election.cc:217] T 61d92cfa20734741aabbbe06dbbd87ac P b497dbd6bd1a4c998891b00d2493a1bb [CANDIDATE]: Term 1 pre-election: Requesting pre-vote from peer 6f1af300e1d549d6b1cdd8bf3b9aeb9c
I0727 05:19:10.741084 20838 leader_election.cc:349] T 61d92cfa20734741aabbbe06dbbd87ac P b497dbd6bd1a4c998891b00d2493a1bb [CANDIDATE]: Term 1 pre-election: Vote granted by peer 3a3c735705964e1badb66c37a66a9096
I0727 05:19:10.741096 20838 leader_election.cc:244] T 61d92cfa20734741aabbbe06dbbd87ac P b497dbd6bd1a4c998891b00d2493a1bb [CANDIDATE]: Term 1 pre-election: Election decided. Result: candidate won.
I0727 05:19:10.741111 20838 leader_election.cc:349] T 61d92cfa20734741aabbbe06dbbd87ac P b497dbd6bd1a4c998891b00d2493a1bb [CANDIDATE]: Term 1 pre-election: Vote granted by peer 6f1af300e1d549d6b1cdd8bf3b9aeb9c
I0727 05:19:10.741122 50029 raft_consensus.cc:2372] T 61d92cfa20734741aabbbe06dbbd87ac P b497dbd6bd1a4c998891b00d2493a1bb: Snoozing failure detection for election timeout plus an additional 1.652s
I0727 05:19:10.741130 50029 raft_consensus.cc:2176] T 61d92cfa20734741aabbbe06dbbd87ac P b497dbd6bd1a4c998891b00d2493a1bb [term 0 FOLLOWER]: Leader pre-election won for term 1
I0727 05:19:10.741133 50029 raft_consensus.cc:411] T 61d92cfa20734741aabbbe06dbbd87ac P b497dbd6bd1a4c998891b00d2493a1bb [term 0 FOLLOWER]: Starting leader election (no leader contacted us within the election timeout)
I0727 05:19:10.741137 50029 raft_consensus.cc:2372] T 61d92cfa20734741aabbbe06dbbd87ac P b497dbd6bd1a4c998891b00d2493a1bb: Snoozing failure detection for election timeout plus an additional 2.081s
I0727 05:19:10.741145 50029 raft_consensus.cc:2419] T 61d92cfa20734741aabbbe06dbbd87ac P b497dbd6bd1a4c998891b00d2493a1bb [term 0 FOLLOWER]: Advancing to term 1
I0727 05:19:10.741506 50029 raft_consensus.cc:435] T 61d92cfa20734741aabbbe06dbbd87ac P b497dbd6bd1a4c998891b00d2493a1bb [term 1 FOLLOWER]: Starting leader election with config: opid_index: -1 OBSOLETE_local: false peers { permanent_uuid: "3a3c735705964e1badb66c37a66a9096" member_type: VOTER last_known_addr { host: "ip-172-31-12-168" port: 31200 } } peers { permanent_uuid: "b497dbd6bd1a4c998891b00d2493a1bb" member_type: VOTER last_known_addr { host: "ip-172-31-12-168" port: 31202 } } peers { permanent_uuid: "6f1af300e1d549d6b1cdd8bf3b9aeb9c" member_type: VOTER last_known_addr { host: "ip-172-31-12-168" port: 31201 } }
I0727 05:19:10.741612 50029 leader_election.cc:217] T 61d92cfa20734741aabbbe06dbbd87ac P b497dbd6bd1a4c998891b00d2493a1bb [CANDIDATE]: Term 1 election: Requesting vote from peer 3a3c735705964e1badb66c37a66a9096
I0727 05:19:10.741631 50029 leader_election.cc:217] T 61d92cfa20734741aabbbe06dbbd87ac P b497dbd6bd1a4c998891b00d2493a1bb [CANDIDATE]: Term 1 election: Requesting vote from peer 6f1af300e1d549d6b1cdd8bf3b9aeb9c
I0727 05:19:10.742076 20838 leader_election.cc:349] T 61d92cfa20734741aabbbe06dbbd87ac P b497dbd6bd1a4c998891b00d2493a1bb [CANDIDATE]: Term 1 election: Vote granted by peer 6f1af300e1d549d6b1cdd8bf3b9aeb9c
I0727 05:19:10.742087 20838 leader_election.cc:244] T 61d92cfa20734741aabbbe06dbbd87ac P b497dbd6bd1a4c998891b00d2493a1bb [CANDIDATE]: Term 1 election: Election decided. Result: candidate won.
I0727 05:19:10.742100 20838 leader_election.cc:349] T 61d92cfa20734741aabbbe06dbbd87ac P b497dbd6bd1a4c998891b00d2493a1bb [CANDIDATE]: Term 1 election: Vote granted by peer 3a3c735705964e1badb66c37a66a9096
I0727 05:19:10.742113 43073 raft_consensus.cc:2372] T 61d92cfa20734741aabbbe06dbbd87ac P b497dbd6bd1a4c998891b00d2493a1bb: Snoozing failure detection for election timeout plus an additional 1.622s
I0727 05:19:10.742125 43073 raft_consensus.cc:2176] T 61d92cfa20734741aabbbe06dbbd87ac P b497dbd6bd1a4c998891b00d2493a1bb [term 1 FOLLOWER]: Leader election won for term 1
I0727 05:19:10.742139 43073 raft_consensus.cc:528] T 61d92cfa20734741aabbbe06dbbd87ac P b497dbd6bd1a4c998891b00d2493a1bb [term 1 LEADER]: Becoming Leader. State: Replica: b497dbd6bd1a4c998891b00d2493a1bb, State: Running, Role: LEADER
I0727 05:19:10.742167 43073 consensus_queue.cc:165] T 61d92cfa20734741aabbbe06dbbd87ac P b497dbd6bd1a4c998891b00d2493a1bb [LEADER]: Queue going to LEADER mode. State: All replicated index: 0, Majority replicated index: 0, Committed index: 0, Last appended: 0.0, Last appended by leader: 0, Current term: 1, Majority size: 2, State: 1, Mode: LEADER, active raft config: opid_index: -1 OBSOLETE_local: false peers { permanent_uuid: "3a3c735705964e1badb66c37a66a9096" member_type: VOTER last_known_addr { host: "ip-172-31-12-168" port: 31200 } } peers { permanent_uuid: "b497dbd6bd1a4c998891b00d2493a1bb" member_type: VOTER last_known_addr { host: "ip-172-31-12-168" port: 31202 } } peers { permanent_uuid: "6f1af300e1d549d6b1cdd8bf3b9aeb9c" member_type: VOTER last_known_addr { host: "ip-172-31-12-168" port: 31201 } }
I0727 05:19:10.769577 114298 raft_consensus.cc:411] T 31cafc285b5c4b6ca4c0dcae1060a1fa P b497dbd6bd1a4c998891b00d2493a1bb [term 0 FOLLOWER]: Starting pre-election (no leader contacted us within the election timeout)
I0727 05:19:10.769605 114298 raft_consensus.cc:2372] T 31cafc285b5c4b6ca4c0dcae1060a1fa P b497dbd6bd1a4c998891b00d2493a1bb: Snoozing failure detection for election timeout plus an additional 2.018s
I0727 05:19:10.769644 114298 raft_consensus.cc:435] T 31cafc285b5c4b6ca4c0dcae1060a1fa P b497dbd6bd1a4c998891b00d2493a1bb [term 0 FOLLOWER]: Starting pre-election with config: opid_index: -1 OBSOLETE_local: false peers { permanent_uuid: "b497dbd6bd1a4c998891b00d2493a1bb" member_type: VOTER last_known_addr { host: "ip-172-31-12-168" port: 31202 } } peers { permanent_uuid: "3a3c735705964e1badb66c37a66a9096" member_type: VOTER last_known_addr { host: "ip-172-31-12-168" port: 31200 } } peers { permanent_uuid: "6f1af300e1d549d6b1cdd8bf3b9aeb9c" member_type: VOTER last_known_addr { host: "ip-172-31-12-168" port: 31201 } }
I0727 05:19:10.769807 114298 leader_election.cc:217] T 31cafc285b5c4b6ca4c0dcae1060a1fa P b497dbd6bd1a4c998891b00d2493a1bb [CANDIDATE]: Term 1 pre-election: Requesting pre-vote from peer 3a3c735705964e1badb66c37a66a9096
I0727 05:19:10.769831 114298 leader_election.cc:217] T 31cafc285b5c4b6ca4c0dcae1060a1fa P b497dbd6bd1a4c998891b00d2493a1bb [CANDIDATE]: Term 1 pre-election: Requesting pre-vote from peer 6f1af300e1d549d6b1cdd8bf3b9aeb9c
I0727 05:19:10.769953 20838 leader_election.cc:349] T 31cafc285b5c4b6ca4c0dcae1060a1fa P b497dbd6bd1a4c998891b00d2493a1bb [CANDIDATE]: Term 1 pre-election: Vote granted by peer 3a3c735705964e1badb66c37a66a9096
I0727 05:19:10.769963 20838 leader_election.cc:244] T 31cafc285b5c4b6ca4c0dcae1060a1fa P b497dbd6bd1a4c998891b00d2493a1bb [CANDIDATE]: Term 1 pre-election: Election decided. Result: candidate won.
I0727 05:19:10.769978 20838 leader_election.cc:349] T 31cafc285b5c4b6ca4c0dcae1060a1fa P b497dbd6bd1a4c998891b00d2493a1bb [CANDIDATE]: Term 1 pre-election: Vote granted by peer 6f1af300e1d549d6b1cdd8bf3b9aeb9c
I0727 05:19:10.769989 43073 raft_consensus.cc:2372] T 31cafc285b5c4b6ca4c0dcae1060a1fa P b497dbd6bd1a4c998891b00d2493a1bb: Snoozing failure detection for election timeout plus an additional 1.885s
I0727 05:19:10.770000 43073 raft_consensus.cc:2176] T 31cafc285b5c4b6ca4c0dcae1060a1fa P b497dbd6bd1a4c998891b00d2493a1bb [term 0 FOLLOWER]: Leader pre-election won for term 1
I0727 05:19:10.770004 43073 raft_consensus.cc:411] T 31cafc285b5c4b6ca4c0dcae1060a1fa P b497dbd6bd1a4c998891b00d2493a1bb [term 0 FOLLOWER]: Starting leader election (no leader contacted us within the election timeout)
I0727 05:19:10.770011 43073 raft_consensus.cc:2372] T 31cafc285b5c4b6ca4c0dcae1060a1fa P b497dbd6bd1a4c998891b00d2493a1bb: Snoozing failure detection for election timeout plus an additional 1.636s
I0727 05:19:10.770014 43073 raft_consensus.cc:2419] T 31cafc285b5c4b6ca4c0dcae1060a1fa P b497dbd6bd1a4c998891b00d2493a1bb [term 0 FOLLOWER]: Advancing to term 1
I0727 05:19:10.770352 43073 raft_consensus.cc:435] T 31cafc285b5c4b6ca4c0dcae1060a1fa P b497dbd6bd1a4c998891b00d2493a1bb [term 1 FOLLOWER]: Starting leader election with config: opid_index: -1 OBSOLETE_local: false peers { permanent_uuid: "b497dbd6bd1a4c998891b00d2493a1bb" member_type: VOTER last_known_addr { host: "ip-172-31-12-168" port: 31202 } } peers { permanent_uuid: "3a3c735705964e1badb66c37a66a9096" member_type: VOTER last_known_addr { host: "ip-172-31-12-168" port: 31200 } } peers { permanent_uuid: "6f1af300e1d549d6b1cdd8bf3b9aeb9c" member_type: VOTER last_known_addr { host: "ip-172-31-12-168" port: 31201 } }
I0727 05:19:10.770454 43073 leader_election.cc:217] T 31cafc285b5c4b6ca4c0dcae1060a1fa P b497dbd6bd1a4c998891b00d2493a1bb [CANDIDATE]: Term 1 election: Requesting vote from peer 3a3c735705964e1badb66c37a66a9096
I0727 05:19:10.770473 43073 leader_election.cc:217] T 31cafc285b5c4b6ca4c0dcae1060a1fa P b497dbd6bd1a4c998891b00d2493a1bb [CANDIDATE]: Term 1 election: Requesting vote from peer 6f1af300e1d549d6b1cdd8bf3b9aeb9c
I0727 05:19:10.770869 20838 leader_election.cc:349] T 31cafc285b5c4b6ca4c0dcae1060a1fa P b497dbd6bd1a4c998891b00d2493a1bb [CANDIDATE]: Term 1 election: Vote granted by peer 3a3c735705964e1badb66c37a66a9096
I0727 05:19:10.770877 20838 leader_election.cc:244] T 31cafc285b5c4b6ca4c0dcae1060a1fa P b497dbd6bd1a4c998891b00d2493a1bb [CANDIDATE]: Term 1 election: Election decided. Result: candidate won.
I0727 05:19:10.770887 20838 leader_election.cc:349] T 31cafc285b5c4b6ca4c0dcae1060a1fa P b497dbd6bd1a4c998891b00d2493a1bb [CANDIDATE]: Term 1 election: Vote granted by peer 6f1af300e1d549d6b1cdd8bf3b9aeb9c
I0727 05:19:10.770903 50010 raft_consensus.cc:2372] T 31cafc285b5c4b6ca4c0dcae1060a1fa P b497dbd6bd1a4c998891b00d2493a1bb: Snoozing failure detection for election timeout plus an additional 2.013s
I0727 05:19:10.770918 50010 raft_consensus.cc:2176] T 31cafc285b5c4b6ca4c0dcae1060a1fa P b497dbd6bd1a4c998891b00d2493a1bb [term 1 FOLLOWER]: Leader election won for term 1
I0727 05:19:10.770936 50010 raft_consensus.cc:528] T 31cafc285b5c4b6ca4c0dcae1060a1fa P b497dbd6bd1a4c998891b00d2493a1bb [term 1 LEADER]: Becoming Leader. State: Replica: b497dbd6bd1a4c998891b00d2493a1bb, State: Running, Role: LEADER
I0727 05:19:10.770965 50010 consensus_queue.cc:165] T 31cafc285b5c4b6ca4c0dcae1060a1fa P b497dbd6bd1a4c998891b00d2493a1bb [LEADER]: Queue going to LEADER mode. State: All replicated index: 0, Majority replicated index: 0, Committed index: 0, Last appended: 0.0, Last appended by leader: 0, Current term: 1, Majority size: 2, State: 1, Mode: LEADER, active raft config: opid_index: -1 OBSOLETE_local: false peers { permanent_uuid: "b497dbd6bd1a4c998891b00d2493a1bb" member_type: VOTER last_known_addr { host: "ip-172-31-12-168" port: 31202 } } peers { permanent_uuid: "3a3c735705964e1badb66c37a66a9096" member_type: VOTER last_known_addr { host: "ip-172-31-12-168" port: 31200 } } peers { permanent_uuid: "6f1af300e1d549d6b1cdd8bf3b9aeb9c" member_type: VOTER last_known_addr { host: "ip-172-31-12-168" port: 31201 } }
I0727 05:19:10.780802 20919 raft_consensus.cc:2372] T e99cd71d7ecf43749f75e398c62ec477 P b497dbd6bd1a4c998891b00d2493a1bb: Snoozing failure detection for election timeout plus an additional 1.637s
I0727 05:19:10.780817 20919 raft_consensus.cc:1943] T e99cd71d7ecf43749f75e398c62ec477 P b497dbd6bd1a4c998891b00d2493a1bb [term 0 FOLLOWER]: Leader pre-election vote request: Granting yes vote for candidate 6f1af300e1d549d6b1cdd8bf3b9aeb9c in term 0.
I0727 05:19:10.781420 20919 raft_consensus.cc:2419] T e99cd71d7ecf43749f75e398c62ec477 P b497dbd6bd1a4c998891b00d2493a1bb [term 0 FOLLOWER]: Advancing to term 1
I0727 05:19:10.781436 20919 raft_consensus.cc:2372] T e99cd71d7ecf43749f75e398c62ec477 P b497dbd6bd1a4c998891b00d2493a1bb: Snoozing failure detection for election timeout plus an additional 1.831s
I0727 05:19:10.781705 20919 raft_consensus.cc:1943] T e99cd71d7ecf43749f75e398c62ec477 P b497dbd6bd1a4c998891b00d2493a1bb [term 1 FOLLOWER]: Leader election vote request: Granting yes vote for candidate 6f1af300e1d549d6b1cdd8bf3b9aeb9c in term 1.
I0727 05:19:10.798774 20919 raft_consensus.cc:944] T dca01cf35daa4b6e8c4cfe3f7c383123 P b497dbd6bd1a4c998891b00d2493a1bb [term 1 FOLLOWER]: Refusing update from remote peer 3a3c735705964e1badb66c37a66a9096: Log matching property violated. Preceding OpId in replica: term: 0 index: 0. Preceding OpId from leader: term: 1 index: 1. (index mismatch)
I0727 05:19:10.813889 114286 raft_consensus.cc:411] T 99dddb081d294300a6b1d5dd18e95d6e P b497dbd6bd1a4c998891b00d2493a1bb [term 0 FOLLOWER]: Starting pre-election (no leader contacted us within the election timeout)
I0727 05:19:10.813906 114286 raft_consensus.cc:2372] T 99dddb081d294300a6b1d5dd18e95d6e P b497dbd6bd1a4c998891b00d2493a1bb: Snoozing failure detection for election timeout plus an additional 1.968s
I0727 05:19:10.813935 114286 raft_consensus.cc:435] T 99dddb081d294300a6b1d5dd18e95d6e P b497dbd6bd1a4c998891b00d2493a1bb [term 0 FOLLOWER]: Starting pre-election with config: opid_index: -1 OBSOLETE_local: false peers { permanent_uuid: "b497dbd6bd1a4c998891b00d2493a1bb" member_type: VOTER last_known_addr { host: "ip-172-31-12-168" port: 31202 } } peers { permanent_uuid: "3a3c735705964e1badb66c37a66a9096" member_type: VOTER last_known_addr { host: "ip-172-31-12-168" port: 31200 } } peers { permanent_uuid: "6f1af300e1d549d6b1cdd8bf3b9aeb9c" member_type: VOTER last_known_addr { host: "ip-172-31-12-168" port: 31201 } }
I0727 05:19:10.814064 114286 leader_election.cc:217] T 99dddb081d294300a6b1d5dd18e95d6e P b497dbd6bd1a4c998891b00d2493a1bb [CANDIDATE]: Term 1 pre-election: Requesting pre-vote from peer 3a3c735705964e1badb66c37a66a9096
I0727 05:19:10.814083 114286 leader_election.cc:217] T 99dddb081d294300a6b1d5dd18e95d6e P b497dbd6bd1a4c998891b00d2493a1bb [CANDIDATE]: Term 1 pre-election: Requesting pre-vote from peer 6f1af300e1d549d6b1cdd8bf3b9aeb9c
I0727 05:19:10.814199 20838 leader_election.cc:349] T 99dddb081d294300a6b1d5dd18e95d6e P b497dbd6bd1a4c998891b00d2493a1bb [CANDIDATE]: Term 1 pre-election: Vote granted by peer 3a3c735705964e1badb66c37a66a9096
I0727 05:19:10.814211 20838 leader_election.cc:244] T 99dddb081d294300a6b1d5dd18e95d6e P b497dbd6bd1a4c998891b00d2493a1bb [CANDIDATE]: Term 1 pre-election: Election decided. Result: candidate won.
I0727 05:19:10.814224 20838 leader_election.cc:349] T 99dddb081d294300a6b1d5dd18e95d6e P b497dbd6bd1a4c998891b00d2493a1bb [CANDIDATE]: Term 1 pre-election: Vote granted by peer 6f1af300e1d549d6b1cdd8bf3b9aeb9c
I0727 05:19:10.814234 50029 raft_consensus.cc:2372] T 99dddb081d294300a6b1d5dd18e95d6e P b497dbd6bd1a4c998891b00d2493a1bb: Snoozing failure detection for election timeout plus an additional 2.145s
I0727 05:19:10.814249 50029 raft_consensus.cc:2176] T 99dddb081d294300a6b1d5dd18e95d6e P b497dbd6bd1a4c998891b00d2493a1bb [term 0 FOLLOWER]: Leader pre-election won for term 1
I0727 05:19:10.814254 50029 raft_consensus.cc:411] T 99dddb081d294300a6b1d5dd18e95d6e P b497dbd6bd1a4c998891b00d2493a1bb [term 0 FOLLOWER]: Starting leader election (no leader contacted us within the election timeout)
I0727 05:19:10.814258 50029 raft_consensus.cc:2372] T 99dddb081d294300a6b1d5dd18e95d6e P b497dbd6bd1a4c998891b00d2493a1bb: Snoozing failure detection for election timeout plus an additional 2.108s
I0727 05:19:10.814262 50029 raft_consensus.cc:2419] T 99dddb081d294300a6b1d5dd18e95d6e P b497dbd6bd1a4c998891b00d2493a1bb [term 0 FOLLOWER]: Advancing to term 1
I0727 05:19:10.814543 50029 raft_consensus.cc:435] T 99dddb081d294300a6b1d5dd18e95d6e P b497dbd6bd1a4c998891b00d2493a1bb [term 1 FOLLOWER]: Starting leader election with config: opid_index: -1 OBSOLETE_local: false peers { permanent_uuid: "b497dbd6bd1a4c998891b00d2493a1bb" member_type: VOTER last_known_addr { host: "ip-172-31-12-168" port: 31202 } } peers { permanent_uuid: "3a3c735705964e1badb66c37a66a9096" member_type: VOTER last_known_addr { host: "ip-172-31-12-168" port: 31200 } } peers { permanent_uuid: "6f1af300e1d549d6b1cdd8bf3b9aeb9c" member_type: VOTER last_known_addr { host: "ip-172-31-12-168" port: 31201 } }
I0727 05:19:10.814642 50029 leader_election.cc:217] T 99dddb081d294300a6b1d5dd18e95d6e P b497dbd6bd1a4c998891b00d2493a1bb [CANDIDATE]: Term 1 election: Requesting vote from peer 3a3c735705964e1badb66c37a66a9096
I0727 05:19:10.814662 50029 leader_election.cc:217] T 99dddb081d294300a6b1d5dd18e95d6e P b497dbd6bd1a4c998891b00d2493a1bb [CANDIDATE]: Term 1 election: Requesting vote from peer 6f1af300e1d549d6b1cdd8bf3b9aeb9c
I0727 05:19:10.814985 20838 leader_election.cc:349] T 99dddb081d294300a6b1d5dd18e95d6e P b497dbd6bd1a4c998891b00d2493a1bb [CANDIDATE]: Term 1 election: Vote granted by peer 3a3c735705964e1badb66c37a66a9096
I0727 05:19:10.814993 20838 leader_election.cc:244] T 99dddb081d294300a6b1d5dd18e95d6e P b497dbd6bd1a4c998891b00d2493a1bb [CANDIDATE]: Term 1 election: Election decided. Result: candidate won.
I0727 05:19:10.815021 42659 raft_consensus.cc:2372] T 99dddb081d294300a6b1d5dd18e95d6e P b497dbd6bd1a4c998891b00d2493a1bb: Snoozing failure detection for election timeout plus an additional 1.655s
I0727 05:19:10.815035 42659 raft_consensus.cc:2176] T 99dddb081d294300a6b1d5dd18e95d6e P b497dbd6bd1a4c998891b00d2493a1bb [term 1 FOLLOWER]: Leader election won for term 1
I0727 05:19:10.815027 20838 leader_election.cc:349] T 99dddb081d294300a6b1d5dd18e95d6e P b497dbd6bd1a4c998891b00d2493a1bb [CANDIDATE]: Term 1 election: Vote granted by peer 6f1af300e1d549d6b1cdd8bf3b9aeb9c
I0727 05:19:10.815047 42659 raft_consensus.cc:528] T 99dddb081d294300a6b1d5dd18e95d6e P b497dbd6bd1a4c998891b00d2493a1bb [term 1 LEADER]: Becoming Leader. State: Replica: b497dbd6bd1a4c998891b00d2493a1bb, State: Running, Role: LEADER
I0727 05:19:10.815073 42659 consensus_queue.cc:165] T 99dddb081d294300a6b1d5dd18e95d6e P b497dbd6bd1a4c998891b00d2493a1bb [LEADER]: Queue going to LEADER mode. State: All replicated index: 0, Majority replicated index: 0, Committed index: 0, Last appended: 0.0, Last appended by leader: 0, Current term: 1, Majority size: 2, State: 1, Mode: LEADER, active raft config: opid_index: -1 OBSOLETE_local: false peers { permanent_uuid: "b497dbd6bd1a4c998891b00d2493a1bb" member_type: VOTER last_known_addr { host: "ip-172-31-12-168" port: 31202 } } peers { permanent_uuid: "3a3c735705964e1badb66c37a66a9096" member_type: VOTER last_known_addr { host: "ip-172-31-12-168" port: 31200 } } peers { permanent_uuid: "6f1af300e1d549d6b1cdd8bf3b9aeb9c" member_type: VOTER last_known_addr { host: "ip-172-31-12-168" port: 31201 } }
I0727 05:19:10.817279 114274 raft_consensus.cc:411] T e75ae7eab0ea498095572f8f92f9da35 P b497dbd6bd1a4c998891b00d2493a1bb [term 0 FOLLOWER]: Starting pre-election (no leader contacted us within the election timeout)
I0727 05:19:10.817296 114274 raft_consensus.cc:2372] T e75ae7eab0ea498095572f8f92f9da35 P b497dbd6bd1a4c998891b00d2493a1bb: Snoozing failure detection for election timeout plus an additional 1.924s
I0727 05:19:10.817327 114274 raft_consensus.cc:435] T e75ae7eab0ea498095572f8f92f9da35 P b497dbd6bd1a4c998891b00d2493a1bb [term 0 FOLLOWER]: Starting pre-election with config: opid_index: -1 OBSOLETE_local: false peers { permanent_uuid: "b497dbd6bd1a4c998891b00d2493a1bb" member_type: VOTER last_known_addr { host: "ip-172-31-12-168" port: 31202 } } peers { permanent_uuid: "3a3c735705964e1badb66c37a66a9096" member_type: VOTER last_known_addr { host: "ip-172-31-12-168" port: 31200 } } peers { permanent_uuid: "6f1af300e1d549d6b1cdd8bf3b9aeb9c" member_type: VOTER last_known_addr { host: "ip-172-31-12-168" port: 31201 } }
I0727 05:19:10.817448 114274 leader_election.cc:217] T e75ae7eab0ea498095572f8f92f9da35 P b497dbd6bd1a4c998891b00d2493a1bb [CANDIDATE]: Term 1 pre-election: Requesting pre-vote from peer 3a3c735705964e1badb66c37a66a9096
I0727 05:19:10.817468 114274 leader_election.cc:217] T e75ae7eab0ea498095572f8f92f9da35 P b497dbd6bd1a4c998891b00d2493a1bb [CANDIDATE]: Term 1 pre-election: Requesting pre-vote from peer 6f1af300e1d549d6b1cdd8bf3b9aeb9c
I0727 05:19:10.817577 20838 leader_election.cc:349] T e75ae7eab0ea498095572f8f92f9da35 P b497dbd6bd1a4c998891b00d2493a1bb [CANDIDATE]: Term 1 pre-election: Vote granted by peer 6f1af300e1d549d6b1cdd8bf3b9aeb9c
I0727 05:19:10.817587 20838 leader_election.cc:244] T e75ae7eab0ea498095572f8f92f9da35 P b497dbd6bd1a4c998891b00d2493a1bb [CANDIDATE]: Term 1 pre-election: Election decided. Result: candidate won.
I0727 05:19:10.817598 20838 leader_election.cc:349] T e75ae7eab0ea498095572f8f92f9da35 P b497dbd6bd1a4c998891b00d2493a1bb [CANDIDATE]: Term 1 pre-election: Vote granted by peer 3a3c735705964e1badb66c37a66a9096
I0727 05:19:10.817611 50046 raft_consensus.cc:2372] T e75ae7eab0ea498095572f8f92f9da35 P b497dbd6bd1a4c998891b00d2493a1bb: Snoozing failure detection for election timeout plus an additional 1.676s
I0727 05:19:10.817623 50046 raft_consensus.cc:2176] T e75ae7eab0ea498095572f8f92f9da35 P b497dbd6bd1a4c998891b00d2493a1bb [term 0 FOLLOWER]: Leader pre-election won for term 1
I0727 05:19:10.817626 50046 raft_consensus.cc:411] T e75ae7eab0ea498095572f8f92f9da35 P b497dbd6bd1a4c998891b00d2493a1bb [term 0 FOLLOWER]: Starting leader election (no leader contacted us within the election timeout)
I0727 05:19:10.817631 50046 raft_consensus.cc:2372] T e75ae7eab0ea498095572f8f92f9da35 P b497dbd6bd1a4c998891b00d2493a1bb: Snoozing failure detection for election timeout plus an additional 1.922s
I0727 05:19:10.817632 50046 raft_consensus.cc:2419] T e75ae7eab0ea498095572f8f92f9da35 P b497dbd6bd1a4c998891b00d2493a1bb [term 0 FOLLOWER]: Advancing to term 1
I0727 05:19:10.817904 50046 raft_consensus.cc:435] T e75ae7eab0ea498095572f8f92f9da35 P b497dbd6bd1a4c998891b00d2493a1bb [term 1 FOLLOWER]: Starting leader election with config: opid_index: -1 OBSOLETE_local: false peers { permanent_uuid: "b497dbd6bd1a4c998891b00d2493a1bb" member_type: VOTER last_known_addr { host: "ip-172-31-12-168" port: 31202 } } peers { permanent_uuid: "3a3c735705964e1badb66c37a66a9096" member_type: VOTER last_known_addr { host: "ip-172-31-12-168" port: 31200 } } peers { permanent_uuid: "6f1af300e1d549d6b1cdd8bf3b9aeb9c" member_type: VOTER last_known_addr { host: "ip-172-31-12-168" port: 31201 } }
I0727 05:19:10.818003 50046 leader_election.cc:217] T e75ae7eab0ea498095572f8f92f9da35 P b497dbd6bd1a4c998891b00d2493a1bb [CANDIDATE]: Term 1 election: Requesting vote from peer 3a3c735705964e1badb66c37a66a9096
I0727 05:19:10.818024 50046 leader_election.cc:217] T e75ae7eab0ea498095572f8f92f9da35 P b497dbd6bd1a4c998891b00d2493a1bb [CANDIDATE]: Term 1 election: Requesting vote from peer 6f1af300e1d549d6b1cdd8bf3b9aeb9c
I0727 05:19:10.818336 20838 leader_election.cc:349] T e75ae7eab0ea498095572f8f92f9da35 P b497dbd6bd1a4c998891b00d2493a1bb [CANDIDATE]: Term 1 election: Vote granted by peer 3a3c735705964e1badb66c37a66a9096
I0727 05:19:10.818346 20838 leader_election.cc:244] T e75ae7eab0ea498095572f8f92f9da35 P b497dbd6bd1a4c998891b00d2493a1bb [CANDIDATE]: Term 1 election: Election decided. Result: candidate won.
I0727 05:19:10.818357 20838 leader_election.cc:349] T e75ae7eab0ea498095572f8f92f9da35 P b497dbd6bd1a4c998891b00d2493a1bb [CANDIDATE]: Term 1 election: Vote granted by peer 6f1af300e1d549d6b1cdd8bf3b9aeb9c
I0727 05:19:10.818375 50010 raft_consensus.cc:2372] T e75ae7eab0ea498095572f8f92f9da35 P b497dbd6bd1a4c998891b00d2493a1bb: Snoozing failure detection for election timeout plus an additional 1.574s
I0727 05:19:10.818390 50010 raft_consensus.cc:2176] T e75ae7eab0ea498095572f8f92f9da35 P b497dbd6bd1a4c998891b00d2493a1bb [term 1 FOLLOWER]: Leader election won for term 1
I0727 05:19:10.818405 50010 raft_consensus.cc:528] T e75ae7eab0ea498095572f8f92f9da35 P b497dbd6bd1a4c998891b00d2493a1bb [term 1 LEADER]: Becoming Leader. State: Replica: b497dbd6bd1a4c998891b00d2493a1bb, State: Running, Role: LEADER
I0727 05:19:10.818439 50010 consensus_queue.cc:165] T e75ae7eab0ea498095572f8f92f9da35 P b497dbd6bd1a4c998891b00d2493a1bb [LEADER]: Queue going to LEADER mode. State: All replicated index: 0, Majority replicated index: 0, Committed index: 0, Last appended: 0.0, Last appended by leader: 0, Current term: 1, Majority size: 2, State: 1, Mode: LEADER, active raft config: opid_index: -1 OBSOLETE_local: false peers { permanent_uuid: "b497dbd6bd1a4c998891b00d2493a1bb" member_type: VOTER last_known_addr { host: "ip-172-31-12-168" port: 31202 } } peers { permanent_uuid: "3a3c735705964e1badb66c37a66a9096" member_type: VOTER last_known_addr { host: "ip-172-31-12-168" port: 31200 } } peers { permanent_uuid: "6f1af300e1d549d6b1cdd8bf3b9aeb9c" member_type: VOTER last_known_addr { host: "ip-172-31-12-168" port: 31201 } }
I0727 05:19:10.911963 20919 raft_consensus.cc:2372] T 991bceb3ecd643048b2612ea06d7f6f6 P b497dbd6bd1a4c998891b00d2493a1bb: Snoozing failure detection for election timeout plus an additional 1.890s
I0727 05:19:10.911980 20919 raft_consensus.cc:1943] T 991bceb3ecd643048b2612ea06d7f6f6 P b497dbd6bd1a4c998891b00d2493a1bb [term 0 FOLLOWER]: Leader pre-election vote request: Granting yes vote for candidate 3a3c735705964e1badb66c37a66a9096 in term 0.
I0727 05:19:10.912655 20919 raft_consensus.cc:2419] T 991bceb3ecd643048b2612ea06d7f6f6 P b497dbd6bd1a4c998891b00d2493a1bb [term 0 FOLLOWER]: Advancing to term 1
I0727 05:19:10.912670 20919 raft_consensus.cc:2372] T 991bceb3ecd643048b2612ea06d7f6f6 P b497dbd6bd1a4c998891b00d2493a1bb: Snoozing failure detection for election timeout plus an additional 1.842s
I0727 05:19:10.912948 20919 raft_consensus.cc:1943] T 991bceb3ecd643048b2612ea06d7f6f6 P b497dbd6bd1a4c998891b00d2493a1bb [term 1 FOLLOWER]: Leader election vote request: Granting yes vote for candidate 3a3c735705964e1badb66c37a66a9096 in term 1.
I0727 05:19:10.989661 43073 consensus_queue.cc:722] T 834e814840e049aeb7ff9a76ca4a2989 P b497dbd6bd1a4c998891b00d2493a1bb [LEADER]: Connected to new peer: Peer: 6f1af300e1d549d6b1cdd8bf3b9aeb9c, Is new: false, Last received: 0.0, Next index: 1, Last known committed idx: 0, Last exchange result: ERROR, Needs tablet copy: false
I0727 05:19:10.990319 43073 consensus_queue.cc:722] T 834e814840e049aeb7ff9a76ca4a2989 P b497dbd6bd1a4c998891b00d2493a1bb [LEADER]: Connected to new peer: Peer: 3a3c735705964e1badb66c37a66a9096, Is new: false, Last received: 0.0, Next index: 1, Last known committed idx: 0, Last exchange result: ERROR, Needs tablet copy: false
I0727 05:19:10.997234 43073 consensus_queue.cc:722] T 61d92cfa20734741aabbbe06dbbd87ac P b497dbd6bd1a4c998891b00d2493a1bb [LEADER]: Connected to new peer: Peer: 6f1af300e1d549d6b1cdd8bf3b9aeb9c, Is new: false, Last received: 0.0, Next index: 1, Last known committed idx: 0, Last exchange result: ERROR, Needs tablet copy: false
I0727 05:19:10.997905 50046 consensus_queue.cc:722] T 61d92cfa20734741aabbbe06dbbd87ac P b497dbd6bd1a4c998891b00d2493a1bb [LEADER]: Connected to new peer: Peer: 3a3c735705964e1badb66c37a66a9096, Is new: false, Last received: 0.0, Next index: 1, Last known committed idx: 0, Last exchange result: ERROR, Needs tablet copy: false
I0727 05:19:11.023219 50046 consensus_queue.cc:722] T 31cafc285b5c4b6ca4c0dcae1060a1fa P b497dbd6bd1a4c998891b00d2493a1bb [LEADER]: Connected to new peer: Peer: 6f1af300e1d549d6b1cdd8bf3b9aeb9c, Is new: false, Last received: 0.0, Next index: 1, Last known committed idx: 0, Last exchange result: ERROR, Needs tablet copy: false
I0727 05:19:11.023921 42659 consensus_queue.cc:722] T 31cafc285b5c4b6ca4c0dcae1060a1fa P b497dbd6bd1a4c998891b00d2493a1bb [LEADER]: Connected to new peer: Peer: 3a3c735705964e1badb66c37a66a9096, Is new: false, Last received: 0.0, Next index: 1, Last known committed idx: 0, Last exchange result: ERROR, Needs tablet copy: false
I0727 05:19:11.080227 20919 raft_consensus.cc:944] T e99cd71d7ecf43749f75e398c62ec477 P b497dbd6bd1a4c998891b00d2493a1bb [term 1 FOLLOWER]: Refusing update from remote peer 6f1af300e1d549d6b1cdd8bf3b9aeb9c: Log matching property violated. Preceding OpId in replica: term: 0 index: 0. Preceding OpId from leader: term: 1 index: 1. (index mismatch)
I0727 05:19:11.096287 43073 consensus_queue.cc:722] T e75ae7eab0ea498095572f8f92f9da35 P b497dbd6bd1a4c998891b00d2493a1bb [LEADER]: Connected to new peer: Peer: 3a3c735705964e1badb66c37a66a9096, Is new: false, Last received: 0.0, Next index: 1, Last known committed idx: 0, Last exchange result: ERROR, Needs tablet copy: false
I0727 05:19:11.096782 43073 consensus_queue.cc:722] T e75ae7eab0ea498095572f8f92f9da35 P b497dbd6bd1a4c998891b00d2493a1bb [LEADER]: Connected to new peer: Peer: 6f1af300e1d549d6b1cdd8bf3b9aeb9c, Is new: false, Last received: 0.0, Next index: 1, Last known committed idx: 0, Last exchange result: ERROR, Needs tablet copy: false
I0727 05:19:11.185953 42659 consensus_queue.cc:722] T 99dddb081d294300a6b1d5dd18e95d6e P b497dbd6bd1a4c998891b00d2493a1bb [LEADER]: Connected to new peer: Peer: 6f1af300e1d549d6b1cdd8bf3b9aeb9c, Is new: false, Last received: 0.0, Next index: 1, Last known committed idx: 0, Last exchange result: ERROR, Needs tablet copy: false
I0727 05:19:11.186714 42659 consensus_queue.cc:722] T 99dddb081d294300a6b1d5dd18e95d6e P b497dbd6bd1a4c998891b00d2493a1bb [LEADER]: Connected to new peer: Peer: 3a3c735705964e1badb66c37a66a9096, Is new: false, Last received: 0.0, Next index: 1, Last known committed idx: 0, Last exchange result: ERROR, Needs tablet copy: false
I0727 05:19:11.243525 20919 raft_consensus.cc:944] T 991bceb3ecd643048b2612ea06d7f6f6 P b497dbd6bd1a4c998891b00d2493a1bb [term 1 FOLLOWER]: Refusing update from remote peer 3a3c735705964e1badb66c37a66a9096: Log matching property violated. Preceding OpId in replica: term: 0 index: 0. Preceding OpId from leader: term: 1 index: 1. (index mismatch)
I0727 05:19:15.082741 20878 tablet_service.cc:672] Processing CreateTablet for tablet 6edda1f938eb4a1da73329607255049a (table=impala::tpch_kudu.part [id=ab68e5ee810c485bbe9c5352f7035655]), partition=HASH (p_partkey) PARTITION 0
I0727 05:19:15.082759 20876 tablet_service.cc:672] Processing CreateTablet for tablet 9799ed146fd8408b991ed6225dae2325 (table=impala::tpch_kudu.part [id=ab68e5ee810c485bbe9c5352f7035655]), partition=HASH (p_partkey) PARTITION 2
I0727 05:19:15.082749 20883 tablet_service.cc:672] Processing CreateTablet for tablet ce2665a886f844b7ae48ad254c99ef4c (table=impala::tpch_kudu.part [id=ab68e5ee810c485bbe9c5352f7035655]), partition=HASH (p_partkey) PARTITION 1
I0727 05:19:15.083634 20876 ts_tablet_manager.cc:871] T 9799ed146fd8408b991ed6225dae2325 P b497dbd6bd1a4c998891b00d2493a1bb: Registered tablet (data state: TABLET_DATA_READY)
I0727 05:19:15.083650 20878 ts_tablet_manager.cc:871] T 6edda1f938eb4a1da73329607255049a P b497dbd6bd1a4c998891b00d2493a1bb: Registered tablet (data state: TABLET_DATA_READY)
I0727 05:19:15.083664 20883 ts_tablet_manager.cc:871] T ce2665a886f844b7ae48ad254c99ef4c P b497dbd6bd1a4c998891b00d2493a1bb: Registered tablet (data state: TABLET_DATA_READY)
I0727 05:19:15.084022 20877 tablet_service.cc:672] Processing CreateTablet for tablet 94cb3f1df1dc40e2bf7926a44db84639 (table=impala::tpch_kudu.part [id=ab68e5ee810c485bbe9c5352f7035655]), partition=HASH (p_partkey) PARTITION 3
I0727 05:19:15.084030 20879 tablet_service.cc:672] Processing CreateTablet for tablet ada7c413be4941979ed4e6cb659de772 (table=impala::tpch_kudu.part [id=ab68e5ee810c485bbe9c5352f7035655]), partition=HASH (p_partkey) PARTITION 5
I0727 05:19:15.084028 20875 tablet_service.cc:672] Processing CreateTablet for tablet 9f5c7e4fbc6b46a79e5737d618cb7600 (table=impala::tpch_kudu.part [id=ab68e5ee810c485bbe9c5352f7035655]), partition=HASH (p_partkey) PARTITION 4
I0727 05:19:15.084048 20880 tablet_service.cc:672] Processing CreateTablet for tablet cfa015679dcd4564a5dc3c730eaa211e (table=impala::tpch_kudu.part [id=ab68e5ee810c485bbe9c5352f7035655]), partition=HASH (p_partkey) PARTITION 6
I0727 05:19:15.084591 20875 ts_tablet_manager.cc:871] T 9f5c7e4fbc6b46a79e5737d618cb7600 P b497dbd6bd1a4c998891b00d2493a1bb: Registered tablet (data state: TABLET_DATA_READY)
I0727 05:19:15.084661 20879 ts_tablet_manager.cc:871] T ada7c413be4941979ed4e6cb659de772 P b497dbd6bd1a4c998891b00d2493a1bb: Registered tablet (data state: TABLET_DATA_READY)
I0727 05:19:15.084717 20877 ts_tablet_manager.cc:871] T 94cb3f1df1dc40e2bf7926a44db84639 P b497dbd6bd1a4c998891b00d2493a1bb: Registered tablet (data state: TABLET_DATA_READY)
I0727 05:19:15.084718 114359 ts_tablet_manager.cc:741] T 9799ed146fd8408b991ed6225dae2325 P b497dbd6bd1a4c998891b00d2493a1bb: Bootstrapping tablet
I0727 05:19:15.084755 114359 tablet_bootstrap.cc:406] T 9799ed146fd8408b991ed6225dae2325 P b497dbd6bd1a4c998891b00d2493a1bb: Bootstrap starting.
I0727 05:19:15.084820 20880 ts_tablet_manager.cc:871] T cfa015679dcd4564a5dc3c730eaa211e P b497dbd6bd1a4c998891b00d2493a1bb: Registered tablet (data state: TABLET_DATA_READY)
I0727 05:19:15.084906 20880 tablet_service.cc:672] Processing CreateTablet for tablet 34be0a7b01f64d87bf6b25a5f395553a (table=impala::tpch_kudu.part [id=ab68e5ee810c485bbe9c5352f7035655]), partition=HASH (p_partkey) PARTITION 7
I0727 05:19:15.084936 20877 tablet_service.cc:672] Processing CreateTablet for tablet df6cfc0be3494e52b31b93d2298d1663 (table=impala::tpch_kudu.part [id=ab68e5ee810c485bbe9c5352f7035655]), partition=HASH (p_partkey) PARTITION 8
I0727 05:19:15.085202 114359 tablet_bootstrap.cc:547] T 9799ed146fd8408b991ed6225dae2325 P b497dbd6bd1a4c998891b00d2493a1bb: No blocks or log segments found. Creating new log.
I0727 05:19:15.085310 20880 ts_tablet_manager.cc:871] T 34be0a7b01f64d87bf6b25a5f395553a P b497dbd6bd1a4c998891b00d2493a1bb: Registered tablet (data state: TABLET_DATA_READY)
I0727 05:19:15.085330 20877 ts_tablet_manager.cc:871] T df6cfc0be3494e52b31b93d2298d1663 P b497dbd6bd1a4c998891b00d2493a1bb: Registered tablet (data state: TABLET_DATA_READY)
I0727 05:19:15.085590 114359 tablet_bootstrap.cc:406] T 9799ed146fd8408b991ed6225dae2325 P b497dbd6bd1a4c998891b00d2493a1bb: No bootstrap required, opened a new log
I0727 05:19:15.085606 114359 ts_tablet_manager.cc:746] T 9799ed146fd8408b991ed6225dae2325 P b497dbd6bd1a4c998891b00d2493a1bb: Time spent bootstrapping tablet: real 0.001s	user 0.000s	sys 0.000s
I0727 05:19:15.085857 114359 raft_consensus.cc:284] T 9799ed146fd8408b991ed6225dae2325 P b497dbd6bd1a4c998891b00d2493a1bb [term 0 FOLLOWER]: Replica starting. Triggering 0 pending transactions. Active config: opid_index: -1 OBSOLETE_local: false peers { permanent_uuid: "b497dbd6bd1a4c998891b00d2493a1bb" member_type: VOTER last_known_addr { host: "ip-172-31-12-168" port: 31202 } } peers { permanent_uuid: "3a3c735705964e1badb66c37a66a9096" member_type: VOTER last_known_addr { host: "ip-172-31-12-168" port: 31200 } } peers { permanent_uuid: "6f1af300e1d549d6b1cdd8bf3b9aeb9c" member_type: VOTER last_known_addr { host: "ip-172-31-12-168" port: 31201 } }
I0727 05:19:15.085870 114359 raft_consensus.cc:316] T 9799ed146fd8408b991ed6225dae2325 P b497dbd6bd1a4c998891b00d2493a1bb [term 0 FOLLOWER]: Consensus starting up: Expiring failure detector timer to make a prompt election more likely
I0727 05:19:15.085875 114359 raft_consensus.cc:560] T 9799ed146fd8408b991ed6225dae2325 P b497dbd6bd1a4c998891b00d2493a1bb [term 0 FOLLOWER]: Becoming Follower/Learner. State: Replica: b497dbd6bd1a4c998891b00d2493a1bb, State: Running, Role: FOLLOWER
I0727 05:19:15.085885 114359 consensus_queue.cc:186] T 9799ed146fd8408b991ed6225dae2325 P b497dbd6bd1a4c998891b00d2493a1bb [NON_LEADER]: Queue going to NON_LEADER mode. State: All replicated index: 0, Majority replicated index: 0, Committed index: 0, Last appended: 0.0, Last appended by leader: 0, Current term: 0, Majority size: -1, State: 1, Mode: NON_LEADER
I0727 05:19:15.085944 114359 ts_tablet_manager.cc:775] T 9799ed146fd8408b991ed6225dae2325 P b497dbd6bd1a4c998891b00d2493a1bb: Time spent starting tablet: real 0.000s	user 0.000s	sys 0.000s
I0727 05:19:15.085963 114359 ts_tablet_manager.cc:741] T 6edda1f938eb4a1da73329607255049a P b497dbd6bd1a4c998891b00d2493a1bb: Bootstrapping tablet
I0727 05:19:15.085968 114359 tablet_bootstrap.cc:406] T 6edda1f938eb4a1da73329607255049a P b497dbd6bd1a4c998891b00d2493a1bb: Bootstrap starting.
I0727 05:19:15.086063 114359 tablet_bootstrap.cc:547] T 6edda1f938eb4a1da73329607255049a P b497dbd6bd1a4c998891b00d2493a1bb: No blocks or log segments found. Creating new log.
I0727 05:19:15.086446 114359 tablet_bootstrap.cc:406] T 6edda1f938eb4a1da73329607255049a P b497dbd6bd1a4c998891b00d2493a1bb: No bootstrap required, opened a new log
I0727 05:19:15.086467 114359 ts_tablet_manager.cc:746] T 6edda1f938eb4a1da73329607255049a P b497dbd6bd1a4c998891b00d2493a1bb: Time spent bootstrapping tablet: real 0.000s	user 0.000s	sys 0.000s
I0727 05:19:15.086748 114359 raft_consensus.cc:284] T 6edda1f938eb4a1da73329607255049a P b497dbd6bd1a4c998891b00d2493a1bb [term 0 FOLLOWER]: Replica starting. Triggering 0 pending transactions. Active config: opid_index: -1 OBSOLETE_local: false peers { permanent_uuid: "3a3c735705964e1badb66c37a66a9096" member_type: VOTER last_known_addr { host: "ip-172-31-12-168" port: 31200 } } peers { permanent_uuid: "b497dbd6bd1a4c998891b00d2493a1bb" member_type: VOTER last_known_addr { host: "ip-172-31-12-168" port: 31202 } } peers { permanent_uuid: "6f1af300e1d549d6b1cdd8bf3b9aeb9c" member_type: VOTER last_known_addr { host: "ip-172-31-12-168" port: 31201 } }
