I0727 04:13:47.757788 20838 leader_election.cc:349] T bf867b8b6e6e453cab9ce9b7e5171c53 P b497dbd6bd1a4c998891b00d2493a1bb [CANDIDATE]: Term 1 election: Vote granted by peer 3a3c735705964e1badb66c37a66a9096
I0727 04:13:47.757817 50029 raft_consensus.cc:2372] T bf867b8b6e6e453cab9ce9b7e5171c53 P b497dbd6bd1a4c998891b00d2493a1bb: Snoozing failure detection for election timeout plus an additional 1.566s
I0727 04:13:47.757835 50029 raft_consensus.cc:2176] T bf867b8b6e6e453cab9ce9b7e5171c53 P b497dbd6bd1a4c998891b00d2493a1bb [term 1 FOLLOWER]: Leader election won for term 1
I0727 04:13:47.757856 50029 raft_consensus.cc:528] T bf867b8b6e6e453cab9ce9b7e5171c53 P b497dbd6bd1a4c998891b00d2493a1bb [term 1 LEADER]: Becoming Leader. State: Replica: b497dbd6bd1a4c998891b00d2493a1bb, State: Running, Role: LEADER
I0727 04:13:47.757894 50029 consensus_queue.cc:165] T bf867b8b6e6e453cab9ce9b7e5171c53 P b497dbd6bd1a4c998891b00d2493a1bb [LEADER]: Queue going to LEADER mode. State: All replicated index: 0, Majority replicated index: 0, Committed index: 0, Last appended: 0.0, Last appended by leader: 0, Current term: 1, Majority size: 2, State: 1, Mode: LEADER, active raft config: opid_index: -1 OBSOLETE_local: false peers { permanent_uuid: "b497dbd6bd1a4c998891b00d2493a1bb" member_type: VOTER last_known_addr { host: "ip-172-31-12-168" port: 31202 } } peers { permanent_uuid: "3a3c735705964e1badb66c37a66a9096" member_type: VOTER last_known_addr { host: "ip-172-31-12-168" port: 31200 } } peers { permanent_uuid: "6f1af300e1d549d6b1cdd8bf3b9aeb9c" member_type: VOTER last_known_addr { host: "ip-172-31-12-168" port: 31201 } }
I0727 04:13:47.904490 20917 raft_consensus.cc:944] T 610c38b258c046a58eca1490029a8eaf P b497dbd6bd1a4c998891b00d2493a1bb [term 1 FOLLOWER]: Refusing update from remote peer 3a3c735705964e1badb66c37a66a9096: Log matching property violated. Preceding OpId in replica: term: 0 index: 0. Preceding OpId from leader: term: 1 index: 1. (index mismatch)
I0727 04:13:47.913307 20917 raft_consensus.cc:2419] T fc48c1c3567d4e6b83714f1cac215c94 P b497dbd6bd1a4c998891b00d2493a1bb [term 0 FOLLOWER]: Advancing to term 1
I0727 04:13:47.913650 20917 raft_consensus.cc:944] T fc48c1c3567d4e6b83714f1cac215c94 P b497dbd6bd1a4c998891b00d2493a1bb [term 1 FOLLOWER]: Refusing update from remote peer 3a3c735705964e1badb66c37a66a9096: Log matching property violated. Preceding OpId in replica: term: 0 index: 0. Preceding OpId from leader: term: 1 index: 1. (index mismatch)
I0727 04:13:48.074952 50046 consensus_queue.cc:722] T bf867b8b6e6e453cab9ce9b7e5171c53 P b497dbd6bd1a4c998891b00d2493a1bb [LEADER]: Connected to new peer: Peer: 6f1af300e1d549d6b1cdd8bf3b9aeb9c, Is new: false, Last received: 0.0, Next index: 1, Last known committed idx: 0, Last exchange result: ERROR, Needs tablet copy: false
I0727 04:13:48.075678 50029 consensus_queue.cc:722] T bf867b8b6e6e453cab9ce9b7e5171c53 P b497dbd6bd1a4c998891b00d2493a1bb [LEADER]: Connected to new peer: Peer: 3a3c735705964e1badb66c37a66a9096, Is new: false, Last received: 0.0, Next index: 1, Last known committed idx: 0, Last exchange result: ERROR, Needs tablet copy: false
I0727 04:13:53.276573 20882 tablet_service.cc:672] Processing CreateTablet for tablet 7ee54e893cce4e749cad362104302e81 (table=impala::functional_kudu.testtbl [id=8c6279bfb9e14c1a96c350e92d9c23df]), partition=RANGE (id) PARTITION VALUES >= 1008
I0727 04:13:53.276574 20881 tablet_service.cc:672] Processing CreateTablet for tablet 3b4b9c40ec1e40639b260d5dbd2964c2 (table=impala::functional_kudu.testtbl [id=8c6279bfb9e14c1a96c350e92d9c23df]), partition=RANGE (id) PARTITION VALUES < 1004
I0727 04:13:53.276576 20883 tablet_service.cc:672] Processing CreateTablet for tablet a8e914f58b434691b64c6df7f1b7bfe8 (table=impala::functional_kudu.testtbl [id=8c6279bfb9e14c1a96c350e92d9c23df]), partition=RANGE (id) PARTITION 1004 <= VALUES < 1008
I0727 04:13:53.277099 20881 ts_tablet_manager.cc:871] T 3b4b9c40ec1e40639b260d5dbd2964c2 P b497dbd6bd1a4c998891b00d2493a1bb: Registered tablet (data state: TABLET_DATA_READY)
I0727 04:13:53.277261 20882 ts_tablet_manager.cc:871] T 7ee54e893cce4e749cad362104302e81 P b497dbd6bd1a4c998891b00d2493a1bb: Registered tablet (data state: TABLET_DATA_READY)
I0727 04:13:53.277272 20883 ts_tablet_manager.cc:871] T a8e914f58b434691b64c6df7f1b7bfe8 P b497dbd6bd1a4c998891b00d2493a1bb: Registered tablet (data state: TABLET_DATA_READY)
I0727 04:13:53.277343 50978 ts_tablet_manager.cc:741] T 3b4b9c40ec1e40639b260d5dbd2964c2 P b497dbd6bd1a4c998891b00d2493a1bb: Bootstrapping tablet
I0727 04:13:53.277364 50978 tablet_bootstrap.cc:406] T 3b4b9c40ec1e40639b260d5dbd2964c2 P b497dbd6bd1a4c998891b00d2493a1bb: Bootstrap starting.
I0727 04:13:53.277540 50978 tablet_bootstrap.cc:547] T 3b4b9c40ec1e40639b260d5dbd2964c2 P b497dbd6bd1a4c998891b00d2493a1bb: No blocks or log segments found. Creating new log.
I0727 04:13:53.277956 50978 tablet_bootstrap.cc:406] T 3b4b9c40ec1e40639b260d5dbd2964c2 P b497dbd6bd1a4c998891b00d2493a1bb: No bootstrap required, opened a new log
I0727 04:13:53.277976 50978 ts_tablet_manager.cc:746] T 3b4b9c40ec1e40639b260d5dbd2964c2 P b497dbd6bd1a4c998891b00d2493a1bb: Time spent bootstrapping tablet: real 0.001s	user 0.000s	sys 0.000s
I0727 04:13:53.278249 50978 raft_consensus.cc:284] T 3b4b9c40ec1e40639b260d5dbd2964c2 P b497dbd6bd1a4c998891b00d2493a1bb [term 0 FOLLOWER]: Replica starting. Triggering 0 pending transactions. Active config: opid_index: -1 OBSOLETE_local: false peers { permanent_uuid: "b497dbd6bd1a4c998891b00d2493a1bb" member_type: VOTER last_known_addr { host: "ip-172-31-12-168" port: 31202 } } peers { permanent_uuid: "3a3c735705964e1badb66c37a66a9096" member_type: VOTER last_known_addr { host: "ip-172-31-12-168" port: 31200 } } peers { permanent_uuid: "6f1af300e1d549d6b1cdd8bf3b9aeb9c" member_type: VOTER last_known_addr { host: "ip-172-31-12-168" port: 31201 } }
I0727 04:13:53.278272 50978 raft_consensus.cc:316] T 3b4b9c40ec1e40639b260d5dbd2964c2 P b497dbd6bd1a4c998891b00d2493a1bb [term 0 FOLLOWER]: Consensus starting up: Expiring failure detector timer to make a prompt election more likely
I0727 04:13:53.278280 50978 raft_consensus.cc:560] T 3b4b9c40ec1e40639b260d5dbd2964c2 P b497dbd6bd1a4c998891b00d2493a1bb [term 0 FOLLOWER]: Becoming Follower/Learner. State: Replica: b497dbd6bd1a4c998891b00d2493a1bb, State: Running, Role: FOLLOWER
I0727 04:13:53.278285 50978 consensus_queue.cc:186] T 3b4b9c40ec1e40639b260d5dbd2964c2 P b497dbd6bd1a4c998891b00d2493a1bb [NON_LEADER]: Queue going to NON_LEADER mode. State: All replicated index: 0, Majority replicated index: 0, Committed index: 0, Last appended: 0.0, Last appended by leader: 0, Current term: 0, Majority size: -1, State: 1, Mode: NON_LEADER
I0727 04:13:53.278338 50978 ts_tablet_manager.cc:775] T 3b4b9c40ec1e40639b260d5dbd2964c2 P b497dbd6bd1a4c998891b00d2493a1bb: Time spent starting tablet: real 0.000s	user 0.000s	sys 0.000s
I0727 04:13:53.278349 50978 ts_tablet_manager.cc:741] T 7ee54e893cce4e749cad362104302e81 P b497dbd6bd1a4c998891b00d2493a1bb: Bootstrapping tablet
I0727 04:13:53.278358 50978 tablet_bootstrap.cc:406] T 7ee54e893cce4e749cad362104302e81 P b497dbd6bd1a4c998891b00d2493a1bb: Bootstrap starting.
I0727 04:13:53.278491 50978 tablet_bootstrap.cc:547] T 7ee54e893cce4e749cad362104302e81 P b497dbd6bd1a4c998891b00d2493a1bb: No blocks or log segments found. Creating new log.
I0727 04:13:53.278872 50978 tablet_bootstrap.cc:406] T 7ee54e893cce4e749cad362104302e81 P b497dbd6bd1a4c998891b00d2493a1bb: No bootstrap required, opened a new log
I0727 04:13:53.278887 50978 ts_tablet_manager.cc:746] T 7ee54e893cce4e749cad362104302e81 P b497dbd6bd1a4c998891b00d2493a1bb: Time spent bootstrapping tablet: real 0.001s	user 0.000s	sys 0.000s
I0727 04:13:53.279145 50978 raft_consensus.cc:284] T 7ee54e893cce4e749cad362104302e81 P b497dbd6bd1a4c998891b00d2493a1bb [term 0 FOLLOWER]: Replica starting. Triggering 0 pending transactions. Active config: opid_index: -1 OBSOLETE_local: false peers { permanent_uuid: "3a3c735705964e1badb66c37a66a9096" member_type: VOTER last_known_addr { host: "ip-172-31-12-168" port: 31200 } } peers { permanent_uuid: "b497dbd6bd1a4c998891b00d2493a1bb" member_type: VOTER last_known_addr { host: "ip-172-31-12-168" port: 31202 } } peers { permanent_uuid: "6f1af300e1d549d6b1cdd8bf3b9aeb9c" member_type: VOTER last_known_addr { host: "ip-172-31-12-168" port: 31201 } }
I0727 04:13:53.279158 50978 raft_consensus.cc:316] T 7ee54e893cce4e749cad362104302e81 P b497dbd6bd1a4c998891b00d2493a1bb [term 0 FOLLOWER]: Consensus starting up: Expiring failure detector timer to make a prompt election more likely
I0727 04:13:53.279161 50978 raft_consensus.cc:560] T 7ee54e893cce4e749cad362104302e81 P b497dbd6bd1a4c998891b00d2493a1bb [term 0 FOLLOWER]: Becoming Follower/Learner. State: Replica: b497dbd6bd1a4c998891b00d2493a1bb, State: Running, Role: FOLLOWER
I0727 04:13:53.279170 50978 consensus_queue.cc:186] T 7ee54e893cce4e749cad362104302e81 P b497dbd6bd1a4c998891b00d2493a1bb [NON_LEADER]: Queue going to NON_LEADER mode. State: All replicated index: 0, Majority replicated index: 0, Committed index: 0, Last appended: 0.0, Last appended by leader: 0, Current term: 0, Majority size: -1, State: 1, Mode: NON_LEADER
I0727 04:13:53.279208 50978 ts_tablet_manager.cc:775] T 7ee54e893cce4e749cad362104302e81 P b497dbd6bd1a4c998891b00d2493a1bb: Time spent starting tablet: real 0.000s	user 0.000s	sys 0.000s
I0727 04:13:53.279220 50978 ts_tablet_manager.cc:741] T a8e914f58b434691b64c6df7f1b7bfe8 P b497dbd6bd1a4c998891b00d2493a1bb: Bootstrapping tablet
I0727 04:13:53.279228 50978 tablet_bootstrap.cc:406] T a8e914f58b434691b64c6df7f1b7bfe8 P b497dbd6bd1a4c998891b00d2493a1bb: Bootstrap starting.
I0727 04:13:53.279356 50978 tablet_bootstrap.cc:547] T a8e914f58b434691b64c6df7f1b7bfe8 P b497dbd6bd1a4c998891b00d2493a1bb: No blocks or log segments found. Creating new log.
I0727 04:13:53.279741 50978 tablet_bootstrap.cc:406] T a8e914f58b434691b64c6df7f1b7bfe8 P b497dbd6bd1a4c998891b00d2493a1bb: No bootstrap required, opened a new log
I0727 04:13:53.279755 50978 ts_tablet_manager.cc:746] T a8e914f58b434691b64c6df7f1b7bfe8 P b497dbd6bd1a4c998891b00d2493a1bb: Time spent bootstrapping tablet: real 0.001s	user 0.000s	sys 0.000s
I0727 04:13:53.280025 50978 raft_consensus.cc:284] T a8e914f58b434691b64c6df7f1b7bfe8 P b497dbd6bd1a4c998891b00d2493a1bb [term 0 FOLLOWER]: Replica starting. Triggering 0 pending transactions. Active config: opid_index: -1 OBSOLETE_local: false peers { permanent_uuid: "b497dbd6bd1a4c998891b00d2493a1bb" member_type: VOTER last_known_addr { host: "ip-172-31-12-168" port: 31202 } } peers { permanent_uuid: "3a3c735705964e1badb66c37a66a9096" member_type: VOTER last_known_addr { host: "ip-172-31-12-168" port: 31200 } } peers { permanent_uuid: "6f1af300e1d549d6b1cdd8bf3b9aeb9c" member_type: VOTER last_known_addr { host: "ip-172-31-12-168" port: 31201 } }
I0727 04:13:53.280038 50978 raft_consensus.cc:316] T a8e914f58b434691b64c6df7f1b7bfe8 P b497dbd6bd1a4c998891b00d2493a1bb [term 0 FOLLOWER]: Consensus starting up: Expiring failure detector timer to make a prompt election more likely
I0727 04:13:53.280045 50978 raft_consensus.cc:560] T a8e914f58b434691b64c6df7f1b7bfe8 P b497dbd6bd1a4c998891b00d2493a1bb [term 0 FOLLOWER]: Becoming Follower/Learner. State: Replica: b497dbd6bd1a4c998891b00d2493a1bb, State: Running, Role: FOLLOWER
I0727 04:13:53.280050 50978 consensus_queue.cc:186] T a8e914f58b434691b64c6df7f1b7bfe8 P b497dbd6bd1a4c998891b00d2493a1bb [NON_LEADER]: Queue going to NON_LEADER mode. State: All replicated index: 0, Majority replicated index: 0, Committed index: 0, Last appended: 0.0, Last appended by leader: 0, Current term: 0, Majority size: -1, State: 1, Mode: NON_LEADER
I0727 04:13:53.280082 50978 ts_tablet_manager.cc:775] T a8e914f58b434691b64c6df7f1b7bfe8 P b497dbd6bd1a4c998891b00d2493a1bb: Time spent starting tablet: real 0.000s	user 0.000s	sys 0.000s
I0727 04:13:53.300240 20917 raft_consensus.cc:2372] T a8e914f58b434691b64c6df7f1b7bfe8 P b497dbd6bd1a4c998891b00d2493a1bb: Snoozing failure detection for election timeout plus an additional 1.886s
I0727 04:13:53.300256 20917 raft_consensus.cc:1943] T a8e914f58b434691b64c6df7f1b7bfe8 P b497dbd6bd1a4c998891b00d2493a1bb [term 0 FOLLOWER]: Leader pre-election vote request: Granting yes vote for candidate 6f1af300e1d549d6b1cdd8bf3b9aeb9c in term 0.
I0727 04:13:53.300869 20917 raft_consensus.cc:2419] T a8e914f58b434691b64c6df7f1b7bfe8 P b497dbd6bd1a4c998891b00d2493a1bb [term 0 FOLLOWER]: Advancing to term 1
I0727 04:13:53.300885 20917 raft_consensus.cc:2372] T a8e914f58b434691b64c6df7f1b7bfe8 P b497dbd6bd1a4c998891b00d2493a1bb: Snoozing failure detection for election timeout plus an additional 2.136s
I0727 04:13:53.301129 20917 raft_consensus.cc:1943] T a8e914f58b434691b64c6df7f1b7bfe8 P b497dbd6bd1a4c998891b00d2493a1bb [term 1 FOLLOWER]: Leader election vote request: Granting yes vote for candidate 6f1af300e1d549d6b1cdd8bf3b9aeb9c in term 1.
I0727 04:13:53.531491 20917 raft_consensus.cc:2372] T 3b4b9c40ec1e40639b260d5dbd2964c2 P b497dbd6bd1a4c998891b00d2493a1bb: Snoozing failure detection for election timeout plus an additional 1.615s
I0727 04:13:53.531512 20917 raft_consensus.cc:1943] T 3b4b9c40ec1e40639b260d5dbd2964c2 P b497dbd6bd1a4c998891b00d2493a1bb [term 0 FOLLOWER]: Leader pre-election vote request: Granting yes vote for candidate 6f1af300e1d549d6b1cdd8bf3b9aeb9c in term 0.
I0727 04:13:53.532111 20917 raft_consensus.cc:2419] T 3b4b9c40ec1e40639b260d5dbd2964c2 P b497dbd6bd1a4c998891b00d2493a1bb [term 0 FOLLOWER]: Advancing to term 1
I0727 04:13:53.532133 20917 raft_consensus.cc:2372] T 3b4b9c40ec1e40639b260d5dbd2964c2 P b497dbd6bd1a4c998891b00d2493a1bb: Snoozing failure detection for election timeout plus an additional 1.586s
I0727 04:13:53.532502 20917 raft_consensus.cc:1943] T 3b4b9c40ec1e40639b260d5dbd2964c2 P b497dbd6bd1a4c998891b00d2493a1bb [term 1 FOLLOWER]: Leader election vote request: Granting yes vote for candidate 6f1af300e1d549d6b1cdd8bf3b9aeb9c in term 1.
I0727 04:13:53.652205 20917 raft_consensus.cc:944] T a8e914f58b434691b64c6df7f1b7bfe8 P b497dbd6bd1a4c998891b00d2493a1bb [term 1 FOLLOWER]: Refusing update from remote peer 6f1af300e1d549d6b1cdd8bf3b9aeb9c: Log matching property violated. Preceding OpId in replica: term: 0 index: 0. Preceding OpId from leader: term: 1 index: 1. (index mismatch)
I0727 04:13:53.774168 50991 raft_consensus.cc:411] T 7ee54e893cce4e749cad362104302e81 P b497dbd6bd1a4c998891b00d2493a1bb [term 0 FOLLOWER]: Starting pre-election (no leader contacted us within the election timeout)
I0727 04:13:53.774185 50991 raft_consensus.cc:2372] T 7ee54e893cce4e749cad362104302e81 P b497dbd6bd1a4c998891b00d2493a1bb: Snoozing failure detection for election timeout plus an additional 1.722s
I0727 04:13:53.774207 50991 raft_consensus.cc:435] T 7ee54e893cce4e749cad362104302e81 P b497dbd6bd1a4c998891b00d2493a1bb [term 0 FOLLOWER]: Starting pre-election with config: opid_index: -1 OBSOLETE_local: false peers { permanent_uuid: "3a3c735705964e1badb66c37a66a9096" member_type: VOTER last_known_addr { host: "ip-172-31-12-168" port: 31200 } } peers { permanent_uuid: "b497dbd6bd1a4c998891b00d2493a1bb" member_type: VOTER last_known_addr { host: "ip-172-31-12-168" port: 31202 } } peers { permanent_uuid: "6f1af300e1d549d6b1cdd8bf3b9aeb9c" member_type: VOTER last_known_addr { host: "ip-172-31-12-168" port: 31201 } }
I0727 04:13:53.774329 50991 leader_election.cc:217] T 7ee54e893cce4e749cad362104302e81 P b497dbd6bd1a4c998891b00d2493a1bb [CANDIDATE]: Term 1 pre-election: Requesting pre-vote from peer 3a3c735705964e1badb66c37a66a9096
I0727 04:13:53.774348 50991 leader_election.cc:217] T 7ee54e893cce4e749cad362104302e81 P b497dbd6bd1a4c998891b00d2493a1bb [CANDIDATE]: Term 1 pre-election: Requesting pre-vote from peer 6f1af300e1d549d6b1cdd8bf3b9aeb9c
I0727 04:13:53.774472 20838 leader_election.cc:349] T 7ee54e893cce4e749cad362104302e81 P b497dbd6bd1a4c998891b00d2493a1bb [CANDIDATE]: Term 1 pre-election: Vote granted by peer 3a3c735705964e1badb66c37a66a9096
I0727 04:13:53.774483 20838 leader_election.cc:244] T 7ee54e893cce4e749cad362104302e81 P b497dbd6bd1a4c998891b00d2493a1bb [CANDIDATE]: Term 1 pre-election: Election decided. Result: candidate won.
I0727 04:13:53.774497 20838 leader_election.cc:349] T 7ee54e893cce4e749cad362104302e81 P b497dbd6bd1a4c998891b00d2493a1bb [CANDIDATE]: Term 1 pre-election: Vote granted by peer 6f1af300e1d549d6b1cdd8bf3b9aeb9c
I0727 04:13:53.774508 50010 raft_consensus.cc:2372] T 7ee54e893cce4e749cad362104302e81 P b497dbd6bd1a4c998891b00d2493a1bb: Snoozing failure detection for election timeout plus an additional 1.625s
I0727 04:13:53.774521 50010 raft_consensus.cc:2176] T 7ee54e893cce4e749cad362104302e81 P b497dbd6bd1a4c998891b00d2493a1bb [term 0 FOLLOWER]: Leader pre-election won for term 1
I0727 04:13:53.774525 50010 raft_consensus.cc:411] T 7ee54e893cce4e749cad362104302e81 P b497dbd6bd1a4c998891b00d2493a1bb [term 0 FOLLOWER]: Starting leader election (no leader contacted us within the election timeout)
I0727 04:13:53.774533 50010 raft_consensus.cc:2372] T 7ee54e893cce4e749cad362104302e81 P b497dbd6bd1a4c998891b00d2493a1bb: Snoozing failure detection for election timeout plus an additional 1.931s
I0727 04:13:53.774536 50010 raft_consensus.cc:2419] T 7ee54e893cce4e749cad362104302e81 P b497dbd6bd1a4c998891b00d2493a1bb [term 0 FOLLOWER]: Advancing to term 1
I0727 04:13:53.774801 50010 raft_consensus.cc:435] T 7ee54e893cce4e749cad362104302e81 P b497dbd6bd1a4c998891b00d2493a1bb [term 1 FOLLOWER]: Starting leader election with config: opid_index: -1 OBSOLETE_local: false peers { permanent_uuid: "3a3c735705964e1badb66c37a66a9096" member_type: VOTER last_known_addr { host: "ip-172-31-12-168" port: 31200 } } peers { permanent_uuid: "b497dbd6bd1a4c998891b00d2493a1bb" member_type: VOTER last_known_addr { host: "ip-172-31-12-168" port: 31202 } } peers { permanent_uuid: "6f1af300e1d549d6b1cdd8bf3b9aeb9c" member_type: VOTER last_known_addr { host: "ip-172-31-12-168" port: 31201 } }
I0727 04:13:53.774906 50010 leader_election.cc:217] T 7ee54e893cce4e749cad362104302e81 P b497dbd6bd1a4c998891b00d2493a1bb [CANDIDATE]: Term 1 election: Requesting vote from peer 3a3c735705964e1badb66c37a66a9096
I0727 04:13:53.774925 50010 leader_election.cc:217] T 7ee54e893cce4e749cad362104302e81 P b497dbd6bd1a4c998891b00d2493a1bb [CANDIDATE]: Term 1 election: Requesting vote from peer 6f1af300e1d549d6b1cdd8bf3b9aeb9c
I0727 04:13:53.775267 20838 leader_election.cc:349] T 7ee54e893cce4e749cad362104302e81 P b497dbd6bd1a4c998891b00d2493a1bb [CANDIDATE]: Term 1 election: Vote granted by peer 3a3c735705964e1badb66c37a66a9096
I0727 04:13:53.775276 20838 leader_election.cc:244] T 7ee54e893cce4e749cad362104302e81 P b497dbd6bd1a4c998891b00d2493a1bb [CANDIDATE]: Term 1 election: Election decided. Result: candidate won.
I0727 04:13:53.775288 20838 leader_election.cc:349] T 7ee54e893cce4e749cad362104302e81 P b497dbd6bd1a4c998891b00d2493a1bb [CANDIDATE]: Term 1 election: Vote granted by peer 6f1af300e1d549d6b1cdd8bf3b9aeb9c
I0727 04:13:53.775297 50046 raft_consensus.cc:2372] T 7ee54e893cce4e749cad362104302e81 P b497dbd6bd1a4c998891b00d2493a1bb: Snoozing failure detection for election timeout plus an additional 2.235s
I0727 04:13:53.775311 50046 raft_consensus.cc:2176] T 7ee54e893cce4e749cad362104302e81 P b497dbd6bd1a4c998891b00d2493a1bb [term 1 FOLLOWER]: Leader election won for term 1
I0727 04:13:53.775322 50046 raft_consensus.cc:528] T 7ee54e893cce4e749cad362104302e81 P b497dbd6bd1a4c998891b00d2493a1bb [term 1 LEADER]: Becoming Leader. State: Replica: b497dbd6bd1a4c998891b00d2493a1bb, State: Running, Role: LEADER
I0727 04:13:53.775348 50046 consensus_queue.cc:165] T 7ee54e893cce4e749cad362104302e81 P b497dbd6bd1a4c998891b00d2493a1bb [LEADER]: Queue going to LEADER mode. State: All replicated index: 0, Majority replicated index: 0, Committed index: 0, Last appended: 0.0, Last appended by leader: 0, Current term: 1, Majority size: 2, State: 1, Mode: LEADER, active raft config: opid_index: -1 OBSOLETE_local: false peers { permanent_uuid: "3a3c735705964e1badb66c37a66a9096" member_type: VOTER last_known_addr { host: "ip-172-31-12-168" port: 31200 } } peers { permanent_uuid: "b497dbd6bd1a4c998891b00d2493a1bb" member_type: VOTER last_known_addr { host: "ip-172-31-12-168" port: 31202 } } peers { permanent_uuid: "6f1af300e1d549d6b1cdd8bf3b9aeb9c" member_type: VOTER last_known_addr { host: "ip-172-31-12-168" port: 31201 } }
I0727 04:13:53.850630 20917 raft_consensus.cc:944] T 3b4b9c40ec1e40639b260d5dbd2964c2 P b497dbd6bd1a4c998891b00d2493a1bb [term 1 FOLLOWER]: Refusing update from remote peer 6f1af300e1d549d6b1cdd8bf3b9aeb9c: Log matching property violated. Preceding OpId in replica: term: 0 index: 0. Preceding OpId from leader: term: 1 index: 1. (index mismatch)
I0727 04:13:54.039679 50029 consensus_queue.cc:722] T 7ee54e893cce4e749cad362104302e81 P b497dbd6bd1a4c998891b00d2493a1bb [LEADER]: Connected to new peer: Peer: 6f1af300e1d549d6b1cdd8bf3b9aeb9c, Is new: false, Last received: 0.0, Next index: 1, Last known committed idx: 0, Last exchange result: ERROR, Needs tablet copy: false
I0727 04:13:54.040393 50010 consensus_queue.cc:722] T 7ee54e893cce4e749cad362104302e81 P b497dbd6bd1a4c998891b00d2493a1bb [LEADER]: Connected to new peer: Peer: 3a3c735705964e1badb66c37a66a9096, Is new: false, Last received: 0.0, Next index: 1, Last known committed idx: 0, Last exchange result: ERROR, Needs tablet copy: false
I0727 04:13:59.443969 20883 tablet_service.cc:672] Processing CreateTablet for tablet 3115375834a4432db48c360b67bcc35b (table=impala::functional_kudu.dimtbl [id=3d8a11e45f1c4b28b9af808f799cb6ac]), partition=RANGE (id) PARTITION VALUES < 1004
I0727 04:13:59.443998 20881 tablet_service.cc:672] Processing CreateTablet for tablet 74957ed3f99a473da12b1ed943ebf9ce (table=impala::functional_kudu.dimtbl [id=3d8a11e45f1c4b28b9af808f799cb6ac]), partition=RANGE (id) PARTITION VALUES >= 1008
I0727 04:13:59.444536 20882 tablet_service.cc:672] Processing CreateTablet for tablet 1476ebdecfeb44edb9a3f6f2f1a7c78e (table=impala::functional_kudu.dimtbl [id=3d8a11e45f1c4b28b9af808f799cb6ac]), partition=RANGE (id) PARTITION 1004 <= VALUES < 1008
I0727 04:13:59.445226 20881 ts_tablet_manager.cc:871] T 74957ed3f99a473da12b1ed943ebf9ce P b497dbd6bd1a4c998891b00d2493a1bb: Registered tablet (data state: TABLET_DATA_READY)
I0727 04:13:59.445477 51127 ts_tablet_manager.cc:741] T 74957ed3f99a473da12b1ed943ebf9ce P b497dbd6bd1a4c998891b00d2493a1bb: Bootstrapping tablet
I0727 04:13:59.445493 51127 tablet_bootstrap.cc:406] T 74957ed3f99a473da12b1ed943ebf9ce P b497dbd6bd1a4c998891b00d2493a1bb: Bootstrap starting.
I0727 04:13:59.445570 20882 ts_tablet_manager.cc:871] T 1476ebdecfeb44edb9a3f6f2f1a7c78e P b497dbd6bd1a4c998891b00d2493a1bb: Registered tablet (data state: TABLET_DATA_READY)
I0727 04:13:59.445672 51127 tablet_bootstrap.cc:547] T 74957ed3f99a473da12b1ed943ebf9ce P b497dbd6bd1a4c998891b00d2493a1bb: No blocks or log segments found. Creating new log.
I0727 04:13:59.445853 20883 ts_tablet_manager.cc:871] T 3115375834a4432db48c360b67bcc35b P b497dbd6bd1a4c998891b00d2493a1bb: Registered tablet (data state: TABLET_DATA_READY)
I0727 04:13:59.446177 51127 tablet_bootstrap.cc:406] T 74957ed3f99a473da12b1ed943ebf9ce P b497dbd6bd1a4c998891b00d2493a1bb: No bootstrap required, opened a new log
I0727 04:13:59.446202 51127 ts_tablet_manager.cc:746] T 74957ed3f99a473da12b1ed943ebf9ce P b497dbd6bd1a4c998891b00d2493a1bb: Time spent bootstrapping tablet: real 0.001s	user 0.000s	sys 0.000s
I0727 04:13:59.446532 51127 raft_consensus.cc:284] T 74957ed3f99a473da12b1ed943ebf9ce P b497dbd6bd1a4c998891b00d2493a1bb [term 0 FOLLOWER]: Replica starting. Triggering 0 pending transactions. Active config: opid_index: -1 OBSOLETE_local: false peers { permanent_uuid: "3a3c735705964e1badb66c37a66a9096" member_type: VOTER last_known_addr { host: "ip-172-31-12-168" port: 31200 } } peers { permanent_uuid: "b497dbd6bd1a4c998891b00d2493a1bb" member_type: VOTER last_known_addr { host: "ip-172-31-12-168" port: 31202 } } peers { permanent_uuid: "6f1af300e1d549d6b1cdd8bf3b9aeb9c" member_type: VOTER last_known_addr { host: "ip-172-31-12-168" port: 31201 } }
I0727 04:13:59.446552 51127 raft_consensus.cc:316] T 74957ed3f99a473da12b1ed943ebf9ce P b497dbd6bd1a4c998891b00d2493a1bb [term 0 FOLLOWER]: Consensus starting up: Expiring failure detector timer to make a prompt election more likely
I0727 04:13:59.446557 51127 raft_consensus.cc:560] T 74957ed3f99a473da12b1ed943ebf9ce P b497dbd6bd1a4c998891b00d2493a1bb [term 0 FOLLOWER]: Becoming Follower/Learner. State: Replica: b497dbd6bd1a4c998891b00d2493a1bb, State: Running, Role: FOLLOWER
I0727 04:13:59.446565 51127 consensus_queue.cc:186] T 74957ed3f99a473da12b1ed943ebf9ce P b497dbd6bd1a4c998891b00d2493a1bb [NON_LEADER]: Queue going to NON_LEADER mode. State: All replicated index: 0, Majority replicated index: 0, Committed index: 0, Last appended: 0.0, Last appended by leader: 0, Current term: 0, Majority size: -1, State: 1, Mode: NON_LEADER
I0727 04:13:59.446626 51127 ts_tablet_manager.cc:775] T 74957ed3f99a473da12b1ed943ebf9ce P b497dbd6bd1a4c998891b00d2493a1bb: Time spent starting tablet: real 0.000s	user 0.000s	sys 0.000s
I0727 04:13:59.446638 51127 ts_tablet_manager.cc:741] T 1476ebdecfeb44edb9a3f6f2f1a7c78e P b497dbd6bd1a4c998891b00d2493a1bb: Bootstrapping tablet
I0727 04:13:59.446647 51127 tablet_bootstrap.cc:406] T 1476ebdecfeb44edb9a3f6f2f1a7c78e P b497dbd6bd1a4c998891b00d2493a1bb: Bootstrap starting.
I0727 04:13:59.446820 51127 tablet_bootstrap.cc:547] T 1476ebdecfeb44edb9a3f6f2f1a7c78e P b497dbd6bd1a4c998891b00d2493a1bb: No blocks or log segments found. Creating new log.
I0727 04:13:59.447270 51127 tablet_bootstrap.cc:406] T 1476ebdecfeb44edb9a3f6f2f1a7c78e P b497dbd6bd1a4c998891b00d2493a1bb: No bootstrap required, opened a new log
I0727 04:13:59.447291 51127 ts_tablet_manager.cc:746] T 1476ebdecfeb44edb9a3f6f2f1a7c78e P b497dbd6bd1a4c998891b00d2493a1bb: Time spent bootstrapping tablet: real 0.001s	user 0.000s	sys 0.001s
I0727 04:13:59.447769 51127 raft_consensus.cc:284] T 1476ebdecfeb44edb9a3f6f2f1a7c78e P b497dbd6bd1a4c998891b00d2493a1bb [term 0 FOLLOWER]: Replica starting. Triggering 0 pending transactions. Active config: opid_index: -1 OBSOLETE_local: false peers { permanent_uuid: "3a3c735705964e1badb66c37a66a9096" member_type: VOTER last_known_addr { host: "ip-172-31-12-168" port: 31200 } } peers { permanent_uuid: "b497dbd6bd1a4c998891b00d2493a1bb" member_type: VOTER last_known_addr { host: "ip-172-31-12-168" port: 31202 } } peers { permanent_uuid: "6f1af300e1d549d6b1cdd8bf3b9aeb9c" member_type: VOTER last_known_addr { host: "ip-172-31-12-168" port: 31201 } }
I0727 04:13:59.447788 51127 raft_consensus.cc:316] T 1476ebdecfeb44edb9a3f6f2f1a7c78e P b497dbd6bd1a4c998891b00d2493a1bb [term 0 FOLLOWER]: Consensus starting up: Expiring failure detector timer to make a prompt election more likely
I0727 04:13:59.447793 51127 raft_consensus.cc:560] T 1476ebdecfeb44edb9a3f6f2f1a7c78e P b497dbd6bd1a4c998891b00d2493a1bb [term 0 FOLLOWER]: Becoming Follower/Learner. State: Replica: b497dbd6bd1a4c998891b00d2493a1bb, State: Running, Role: FOLLOWER
I0727 04:13:59.447801 51127 consensus_queue.cc:186] T 1476ebdecfeb44edb9a3f6f2f1a7c78e P b497dbd6bd1a4c998891b00d2493a1bb [NON_LEADER]: Queue going to NON_LEADER mode. State: All replicated index: 0, Majority replicated index: 0, Committed index: 0, Last appended: 0.0, Last appended by leader: 0, Current term: 0, Majority size: -1, State: 1, Mode: NON_LEADER
I0727 04:13:59.447845 51127 ts_tablet_manager.cc:775] T 1476ebdecfeb44edb9a3f6f2f1a7c78e P b497dbd6bd1a4c998891b00d2493a1bb: Time spent starting tablet: real 0.001s	user 0.000s	sys 0.000s
I0727 04:13:59.447854 51127 ts_tablet_manager.cc:741] T 3115375834a4432db48c360b67bcc35b P b497dbd6bd1a4c998891b00d2493a1bb: Bootstrapping tablet
I0727 04:13:59.447860 51127 tablet_bootstrap.cc:406] T 3115375834a4432db48c360b67bcc35b P b497dbd6bd1a4c998891b00d2493a1bb: Bootstrap starting.
I0727 04:13:59.448027 51127 tablet_bootstrap.cc:547] T 3115375834a4432db48c360b67bcc35b P b497dbd6bd1a4c998891b00d2493a1bb: No blocks or log segments found. Creating new log.
I0727 04:13:59.448518 51127 tablet_bootstrap.cc:406] T 3115375834a4432db48c360b67bcc35b P b497dbd6bd1a4c998891b00d2493a1bb: No bootstrap required, opened a new log
I0727 04:13:59.448537 51127 ts_tablet_manager.cc:746] T 3115375834a4432db48c360b67bcc35b P b497dbd6bd1a4c998891b00d2493a1bb: Time spent bootstrapping tablet: real 0.001s	user 0.000s	sys 0.000s
I0727 04:13:59.448832 51127 raft_consensus.cc:284] T 3115375834a4432db48c360b67bcc35b P b497dbd6bd1a4c998891b00d2493a1bb [term 0 FOLLOWER]: Replica starting. Triggering 0 pending transactions. Active config: opid_index: -1 OBSOLETE_local: false peers { permanent_uuid: "3a3c735705964e1badb66c37a66a9096" member_type: VOTER last_known_addr { host: "ip-172-31-12-168" port: 31200 } } peers { permanent_uuid: "b497dbd6bd1a4c998891b00d2493a1bb" member_type: VOTER last_known_addr { host: "ip-172-31-12-168" port: 31202 } } peers { permanent_uuid: "6f1af300e1d549d6b1cdd8bf3b9aeb9c" member_type: VOTER last_known_addr { host: "ip-172-31-12-168" port: 31201 } }
I0727 04:13:59.448860 51127 raft_consensus.cc:316] T 3115375834a4432db48c360b67bcc35b P b497dbd6bd1a4c998891b00d2493a1bb [term 0 FOLLOWER]: Consensus starting up: Expiring failure detector timer to make a prompt election more likely
I0727 04:13:59.448874 51127 raft_consensus.cc:560] T 3115375834a4432db48c360b67bcc35b P b497dbd6bd1a4c998891b00d2493a1bb [term 0 FOLLOWER]: Becoming Follower/Learner. State: Replica: b497dbd6bd1a4c998891b00d2493a1bb, State: Running, Role: FOLLOWER
I0727 04:13:59.448907 51127 consensus_queue.cc:186] T 3115375834a4432db48c360b67bcc35b P b497dbd6bd1a4c998891b00d2493a1bb [NON_LEADER]: Queue going to NON_LEADER mode. State: All replicated index: 0, Majority replicated index: 0, Committed index: 0, Last appended: 0.0, Last appended by leader: 0, Current term: 0, Majority size: -1, State: 1, Mode: NON_LEADER
I0727 04:13:59.448962 51127 ts_tablet_manager.cc:775] T 3115375834a4432db48c360b67bcc35b P b497dbd6bd1a4c998891b00d2493a1bb: Time spent starting tablet: real 0.000s	user 0.000s	sys 0.000s
I0727 04:13:59.529486 20917 raft_consensus.cc:2372] T 1476ebdecfeb44edb9a3f6f2f1a7c78e P b497dbd6bd1a4c998891b00d2493a1bb: Snoozing failure detection for election timeout plus an additional 1.818s
I0727 04:13:59.529511 20917 raft_consensus.cc:1943] T 1476ebdecfeb44edb9a3f6f2f1a7c78e P b497dbd6bd1a4c998891b00d2493a1bb [term 0 FOLLOWER]: Leader pre-election vote request: Granting yes vote for candidate 3a3c735705964e1badb66c37a66a9096 in term 0.
I0727 04:13:59.530238 20917 raft_consensus.cc:2419] T 1476ebdecfeb44edb9a3f6f2f1a7c78e P b497dbd6bd1a4c998891b00d2493a1bb [term 0 FOLLOWER]: Advancing to term 1
I0727 04:13:59.530261 20917 raft_consensus.cc:2372] T 1476ebdecfeb44edb9a3f6f2f1a7c78e P b497dbd6bd1a4c998891b00d2493a1bb: Snoozing failure detection for election timeout plus an additional 2.075s
I0727 04:13:59.530681 20917 raft_consensus.cc:1943] T 1476ebdecfeb44edb9a3f6f2f1a7c78e P b497dbd6bd1a4c998891b00d2493a1bb [term 1 FOLLOWER]: Leader election vote request: Granting yes vote for candidate 3a3c735705964e1badb66c37a66a9096 in term 1.
I0727 04:13:59.805955 20917 raft_consensus.cc:944] T 1476ebdecfeb44edb9a3f6f2f1a7c78e P b497dbd6bd1a4c998891b00d2493a1bb [term 1 FOLLOWER]: Refusing update from remote peer 3a3c735705964e1badb66c37a66a9096: Log matching property violated. Preceding OpId in replica: term: 0 index: 0. Preceding OpId from leader: term: 1 index: 1. (index mismatch)
I0727 04:13:59.920656 20917 raft_consensus.cc:2372] T 74957ed3f99a473da12b1ed943ebf9ce P b497dbd6bd1a4c998891b00d2493a1bb: Snoozing failure detection for election timeout plus an additional 1.580s
I0727 04:13:59.920677 20917 raft_consensus.cc:1943] T 74957ed3f99a473da12b1ed943ebf9ce P b497dbd6bd1a4c998891b00d2493a1bb [term 0 FOLLOWER]: Leader pre-election vote request: Granting yes vote for candidate 6f1af300e1d549d6b1cdd8bf3b9aeb9c in term 0.
I0727 04:13:59.921386 20917 raft_consensus.cc:2419] T 74957ed3f99a473da12b1ed943ebf9ce P b497dbd6bd1a4c998891b00d2493a1bb [term 0 FOLLOWER]: Advancing to term 1
I0727 04:13:59.921399 20917 raft_consensus.cc:2372] T 74957ed3f99a473da12b1ed943ebf9ce P b497dbd6bd1a4c998891b00d2493a1bb: Snoozing failure detection for election timeout plus an additional 1.843s
I0727 04:13:59.921720 20917 raft_consensus.cc:1943] T 74957ed3f99a473da12b1ed943ebf9ce P b497dbd6bd1a4c998891b00d2493a1bb [term 1 FOLLOWER]: Leader election vote request: Granting yes vote for candidate 6f1af300e1d549d6b1cdd8bf3b9aeb9c in term 1.
I0727 04:13:59.936770 51140 raft_consensus.cc:411] T 3115375834a4432db48c360b67bcc35b P b497dbd6bd1a4c998891b00d2493a1bb [term 0 FOLLOWER]: Starting pre-election (no leader contacted us within the election timeout)
I0727 04:13:59.936795 51140 raft_consensus.cc:2372] T 3115375834a4432db48c360b67bcc35b P b497dbd6bd1a4c998891b00d2493a1bb: Snoozing failure detection for election timeout plus an additional 1.923s
I0727 04:13:59.936820 51140 raft_consensus.cc:435] T 3115375834a4432db48c360b67bcc35b P b497dbd6bd1a4c998891b00d2493a1bb [term 0 FOLLOWER]: Starting pre-election with config: opid_index: -1 OBSOLETE_local: false peers { permanent_uuid: "3a3c735705964e1badb66c37a66a9096" member_type: VOTER last_known_addr { host: "ip-172-31-12-168" port: 31200 } } peers { permanent_uuid: "b497dbd6bd1a4c998891b00d2493a1bb" member_type: VOTER last_known_addr { host: "ip-172-31-12-168" port: 31202 } } peers { permanent_uuid: "6f1af300e1d549d6b1cdd8bf3b9aeb9c" member_type: VOTER last_known_addr { host: "ip-172-31-12-168" port: 31201 } }
I0727 04:13:59.936956 51140 leader_election.cc:217] T 3115375834a4432db48c360b67bcc35b P b497dbd6bd1a4c998891b00d2493a1bb [CANDIDATE]: Term 1 pre-election: Requesting pre-vote from peer 3a3c735705964e1badb66c37a66a9096
I0727 04:13:59.936980 51140 leader_election.cc:217] T 3115375834a4432db48c360b67bcc35b P b497dbd6bd1a4c998891b00d2493a1bb [CANDIDATE]: Term 1 pre-election: Requesting pre-vote from peer 6f1af300e1d549d6b1cdd8bf3b9aeb9c
I0727 04:13:59.937131 20838 leader_election.cc:349] T 3115375834a4432db48c360b67bcc35b P b497dbd6bd1a4c998891b00d2493a1bb [CANDIDATE]: Term 1 pre-election: Vote granted by peer 3a3c735705964e1badb66c37a66a9096
I0727 04:13:59.937144 20838 leader_election.cc:244] T 3115375834a4432db48c360b67bcc35b P b497dbd6bd1a4c998891b00d2493a1bb [CANDIDATE]: Term 1 pre-election: Election decided. Result: candidate won.
I0727 04:13:59.937160 20838 leader_election.cc:349] T 3115375834a4432db48c360b67bcc35b P b497dbd6bd1a4c998891b00d2493a1bb [CANDIDATE]: Term 1 pre-election: Vote granted by peer 6f1af300e1d549d6b1cdd8bf3b9aeb9c
I0727 04:13:59.937170 50046 raft_consensus.cc:2372] T 3115375834a4432db48c360b67bcc35b P b497dbd6bd1a4c998891b00d2493a1bb: Snoozing failure detection for election timeout plus an additional 1.784s
I0727 04:13:59.937186 50046 raft_consensus.cc:2176] T 3115375834a4432db48c360b67bcc35b P b497dbd6bd1a4c998891b00d2493a1bb [term 0 FOLLOWER]: Leader pre-election won for term 1
I0727 04:13:59.937192 50046 raft_consensus.cc:411] T 3115375834a4432db48c360b67bcc35b P b497dbd6bd1a4c998891b00d2493a1bb [term 0 FOLLOWER]: Starting leader election (no leader contacted us within the election timeout)
I0727 04:13:59.937196 50046 raft_consensus.cc:2372] T 3115375834a4432db48c360b67bcc35b P b497dbd6bd1a4c998891b00d2493a1bb: Snoozing failure detection for election timeout plus an additional 1.737s
I0727 04:13:59.937202 50046 raft_consensus.cc:2419] T 3115375834a4432db48c360b67bcc35b P b497dbd6bd1a4c998891b00d2493a1bb [term 0 FOLLOWER]: Advancing to term 1
I0727 04:13:59.937491 50046 raft_consensus.cc:435] T 3115375834a4432db48c360b67bcc35b P b497dbd6bd1a4c998891b00d2493a1bb [term 1 FOLLOWER]: Starting leader election with config: opid_index: -1 OBSOLETE_local: false peers { permanent_uuid: "3a3c735705964e1badb66c37a66a9096" member_type: VOTER last_known_addr { host: "ip-172-31-12-168" port: 31200 } } peers { permanent_uuid: "b497dbd6bd1a4c998891b00d2493a1bb" member_type: VOTER last_known_addr { host: "ip-172-31-12-168" port: 31202 } } peers { permanent_uuid: "6f1af300e1d549d6b1cdd8bf3b9aeb9c" member_type: VOTER last_known_addr { host: "ip-172-31-12-168" port: 31201 } }
I0727 04:13:59.937592 50046 leader_election.cc:217] T 3115375834a4432db48c360b67bcc35b P b497dbd6bd1a4c998891b00d2493a1bb [CANDIDATE]: Term 1 election: Requesting vote from peer 3a3c735705964e1badb66c37a66a9096
I0727 04:13:59.937610 50046 leader_election.cc:217] T 3115375834a4432db48c360b67bcc35b P b497dbd6bd1a4c998891b00d2493a1bb [CANDIDATE]: Term 1 election: Requesting vote from peer 6f1af300e1d549d6b1cdd8bf3b9aeb9c
I0727 04:13:59.937906 20838 leader_election.cc:349] T 3115375834a4432db48c360b67bcc35b P b497dbd6bd1a4c998891b00d2493a1bb [CANDIDATE]: Term 1 election: Vote granted by peer 3a3c735705964e1badb66c37a66a9096
I0727 04:13:59.937914 20838 leader_election.cc:244] T 3115375834a4432db48c360b67bcc35b P b497dbd6bd1a4c998891b00d2493a1bb [CANDIDATE]: Term 1 election: Election decided. Result: candidate won.
I0727 04:13:59.937940 50029 raft_consensus.cc:2372] T 3115375834a4432db48c360b67bcc35b P b497dbd6bd1a4c998891b00d2493a1bb: Snoozing failure detection for election timeout plus an additional 1.870s
I0727 04:13:59.937954 50029 raft_consensus.cc:2176] T 3115375834a4432db48c360b67bcc35b P b497dbd6bd1a4c998891b00d2493a1bb [term 1 FOLLOWER]: Leader election won for term 1
I0727 04:13:59.937964 50029 raft_consensus.cc:528] T 3115375834a4432db48c360b67bcc35b P b497dbd6bd1a4c998891b00d2493a1bb [term 1 LEADER]: Becoming Leader. State: Replica: b497dbd6bd1a4c998891b00d2493a1bb, State: Running, Role: LEADER
I0727 04:13:59.937991 50029 consensus_queue.cc:165] T 3115375834a4432db48c360b67bcc35b P b497dbd6bd1a4c998891b00d2493a1bb [LEADER]: Queue going to LEADER mode. State: All replicated index: 0, Majority replicated index: 0, Committed index: 0, Last appended: 0.0, Last appended by leader: 0, Current term: 1, Majority size: 2, State: 1, Mode: LEADER, active raft config: opid_index: -1 OBSOLETE_local: false peers { permanent_uuid: "3a3c735705964e1badb66c37a66a9096" member_type: VOTER last_known_addr { host: "ip-172-31-12-168" port: 31200 } } peers { permanent_uuid: "b497dbd6bd1a4c998891b00d2493a1bb" member_type: VOTER last_known_addr { host: "ip-172-31-12-168" port: 31202 } } peers { permanent_uuid: "6f1af300e1d549d6b1cdd8bf3b9aeb9c" member_type: VOTER last_known_addr { host: "ip-172-31-12-168" port: 31201 } }
I0727 04:13:59.938014 20838 leader_election.cc:349] T 3115375834a4432db48c360b67bcc35b P b497dbd6bd1a4c998891b00d2493a1bb [CANDIDATE]: Term 1 election: Vote granted by peer 6f1af300e1d549d6b1cdd8bf3b9aeb9c
I0727 04:14:00.252286 20917 raft_consensus.cc:944] T 74957ed3f99a473da12b1ed943ebf9ce P b497dbd6bd1a4c998891b00d2493a1bb [term 1 FOLLOWER]: Refusing update from remote peer 6f1af300e1d549d6b1cdd8bf3b9aeb9c: Log matching property violated. Preceding OpId in replica: term: 0 index: 0. Preceding OpId from leader: term: 1 index: 1. (index mismatch)
I0727 04:14:00.256283 50010 consensus_queue.cc:722] T 3115375834a4432db48c360b67bcc35b P b497dbd6bd1a4c998891b00d2493a1bb [LEADER]: Connected to new peer: Peer: 3a3c735705964e1badb66c37a66a9096, Is new: false, Last received: 0.0, Next index: 1, Last known committed idx: 0, Last exchange result: ERROR, Needs tablet copy: false
I0727 04:14:00.256819 50029 consensus_queue.cc:722] T 3115375834a4432db48c360b67bcc35b P b497dbd6bd1a4c998891b00d2493a1bb [LEADER]: Connected to new peer: Peer: 6f1af300e1d549d6b1cdd8bf3b9aeb9c, Is new: false, Last received: 0.0, Next index: 1, Last known committed idx: 0, Last exchange result: ERROR, Needs tablet copy: false
I0727 04:14:03.411728 20883 tablet_service.cc:672] Processing CreateTablet for tablet 84c0e499f58047638b5c1056283c27f7 (table=impala::functional_kudu.jointbl [id=75544cdcb12240bdba28bf1ab3d1b1b0]), partition=RANGE (test_id) PARTITION VALUES < 1004
I0727 04:14:03.412494 20883 ts_tablet_manager.cc:871] T 84c0e499f58047638b5c1056283c27f7 P b497dbd6bd1a4c998891b00d2493a1bb: Registered tablet (data state: TABLET_DATA_READY)
I0727 04:14:03.412572 20882 tablet_service.cc:672] Processing CreateTablet for tablet c841c520cb804a7b98921ff7b62f3dd2 (table=impala::functional_kudu.jointbl [id=75544cdcb12240bdba28bf1ab3d1b1b0]), partition=RANGE (test_id) PARTITION 1004 <= VALUES < 1008
I0727 04:14:03.413152 20882 ts_tablet_manager.cc:871] T c841c520cb804a7b98921ff7b62f3dd2 P b497dbd6bd1a4c998891b00d2493a1bb: Registered tablet (data state: TABLET_DATA_READY)
I0727 04:14:03.413254 20881 tablet_service.cc:672] Processing CreateTablet for tablet 511743a273b44368a0ef3ff1441ab81a (table=impala::functional_kudu.jointbl [id=75544cdcb12240bdba28bf1ab3d1b1b0]), partition=RANGE (test_id) PARTITION VALUES >= 1008
I0727 04:14:03.413292 51238 ts_tablet_manager.cc:741] T 84c0e499f58047638b5c1056283c27f7 P b497dbd6bd1a4c998891b00d2493a1bb: Bootstrapping tablet
I0727 04:14:03.413305 51238 tablet_bootstrap.cc:406] T 84c0e499f58047638b5c1056283c27f7 P b497dbd6bd1a4c998891b00d2493a1bb: Bootstrap starting.
I0727 04:14:03.413539 51238 tablet_bootstrap.cc:547] T 84c0e499f58047638b5c1056283c27f7 P b497dbd6bd1a4c998891b00d2493a1bb: No blocks or log segments found. Creating new log.
I0727 04:14:03.413885 20881 ts_tablet_manager.cc:871] T 511743a273b44368a0ef3ff1441ab81a P b497dbd6bd1a4c998891b00d2493a1bb: Registered tablet (data state: TABLET_DATA_READY)
I0727 04:14:03.435844 51238 tablet_bootstrap.cc:406] T 84c0e499f58047638b5c1056283c27f7 P b497dbd6bd1a4c998891b00d2493a1bb: No bootstrap required, opened a new log
I0727 04:14:03.435876 51238 ts_tablet_manager.cc:746] T 84c0e499f58047638b5c1056283c27f7 P b497dbd6bd1a4c998891b00d2493a1bb: Time spent bootstrapping tablet: real 0.023s	user 0.000s	sys 0.001s
I0727 04:14:03.436218 51238 raft_consensus.cc:284] T 84c0e499f58047638b5c1056283c27f7 P b497dbd6bd1a4c998891b00d2493a1bb [term 0 FOLLOWER]: Replica starting. Triggering 0 pending transactions. Active config: opid_index: -1 OBSOLETE_local: false peers { permanent_uuid: "3a3c735705964e1badb66c37a66a9096" member_type: VOTER last_known_addr { host: "ip-172-31-12-168" port: 31200 } } peers { permanent_uuid: "b497dbd6bd1a4c998891b00d2493a1bb" member_type: VOTER last_known_addr { host: "ip-172-31-12-168" port: 31202 } } peers { permanent_uuid: "6f1af300e1d549d6b1cdd8bf3b9aeb9c" member_type: VOTER last_known_addr { host: "ip-172-31-12-168" port: 31201 } }
I0727 04:14:03.436239 51238 raft_consensus.cc:316] T 84c0e499f58047638b5c1056283c27f7 P b497dbd6bd1a4c998891b00d2493a1bb [term 0 FOLLOWER]: Consensus starting up: Expiring failure detector timer to make a prompt election more likely
I0727 04:14:03.436245 51238 raft_consensus.cc:560] T 84c0e499f58047638b5c1056283c27f7 P b497dbd6bd1a4c998891b00d2493a1bb [term 0 FOLLOWER]: Becoming Follower/Learner. State: Replica: b497dbd6bd1a4c998891b00d2493a1bb, State: Running, Role: FOLLOWER
I0727 04:14:03.436254 51238 consensus_queue.cc:186] T 84c0e499f58047638b5c1056283c27f7 P b497dbd6bd1a4c998891b00d2493a1bb [NON_LEADER]: Queue going to NON_LEADER mode. State: All replicated index: 0, Majority replicated index: 0, Committed index: 0, Last appended: 0.0, Last appended by leader: 0, Current term: 0, Majority size: -1, State: 1, Mode: NON_LEADER
I0727 04:14:03.436307 51238 ts_tablet_manager.cc:775] T 84c0e499f58047638b5c1056283c27f7 P b497dbd6bd1a4c998891b00d2493a1bb: Time spent starting tablet: real 0.000s	user 0.000s	sys 0.000s
I0727 04:14:03.436324 51238 ts_tablet_manager.cc:741] T c841c520cb804a7b98921ff7b62f3dd2 P b497dbd6bd1a4c998891b00d2493a1bb: Bootstrapping tablet
I0727 04:14:03.436332 51238 tablet_bootstrap.cc:406] T c841c520cb804a7b98921ff7b62f3dd2 P b497dbd6bd1a4c998891b00d2493a1bb: Bootstrap starting.
I0727 04:14:03.436645 51238 tablet_bootstrap.cc:547] T c841c520cb804a7b98921ff7b62f3dd2 P b497dbd6bd1a4c998891b00d2493a1bb: No blocks or log segments found. Creating new log.
I0727 04:14:03.440342 51238 tablet_bootstrap.cc:406] T c841c520cb804a7b98921ff7b62f3dd2 P b497dbd6bd1a4c998891b00d2493a1bb: No bootstrap required, opened a new log
I0727 04:14:03.440368 51238 ts_tablet_manager.cc:746] T c841c520cb804a7b98921ff7b62f3dd2 P b497dbd6bd1a4c998891b00d2493a1bb: Time spent bootstrapping tablet: real 0.004s	user 0.001s	sys 0.000s
I0727 04:14:03.440703 51238 raft_consensus.cc:284] T c841c520cb804a7b98921ff7b62f3dd2 P b497dbd6bd1a4c998891b00d2493a1bb [term 0 FOLLOWER]: Replica starting. Triggering 0 pending transactions. Active config: opid_index: -1 OBSOLETE_local: false peers { permanent_uuid: "3a3c735705964e1badb66c37a66a9096" member_type: VOTER last_known_addr { host: "ip-172-31-12-168" port: 31200 } } peers { permanent_uuid: "b497dbd6bd1a4c998891b00d2493a1bb" member_type: VOTER last_known_addr { host: "ip-172-31-12-168" port: 31202 } } peers { permanent_uuid: "6f1af300e1d549d6b1cdd8bf3b9aeb9c" member_type: VOTER last_known_addr { host: "ip-172-31-12-168" port: 31201 } }
I0727 04:14:03.440719 51238 raft_consensus.cc:316] T c841c520cb804a7b98921ff7b62f3dd2 P b497dbd6bd1a4c998891b00d2493a1bb [term 0 FOLLOWER]: Consensus starting up: Expiring failure detector timer to make a prompt election more likely
I0727 04:14:03.440722 51238 raft_consensus.cc:560] T c841c520cb804a7b98921ff7b62f3dd2 P b497dbd6bd1a4c998891b00d2493a1bb [term 0 FOLLOWER]: Becoming Follower/Learner. State: Replica: b497dbd6bd1a4c998891b00d2493a1bb, State: Running, Role: FOLLOWER
I0727 04:14:03.440728 51238 consensus_queue.cc:186] T c841c520cb804a7b98921ff7b62f3dd2 P b497dbd6bd1a4c998891b00d2493a1bb [NON_LEADER]: Queue going to NON_LEADER mode. State: All replicated index: 0, Majority replicated index: 0, Committed index: 0, Last appended: 0.0, Last appended by leader: 0, Current term: 0, Majority size: -1, State: 1, Mode: NON_LEADER
I0727 04:14:03.440779 51238 ts_tablet_manager.cc:775] T c841c520cb804a7b98921ff7b62f3dd2 P b497dbd6bd1a4c998891b00d2493a1bb: Time spent starting tablet: real 0.000s	user 0.000s	sys 0.000s
I0727 04:14:03.440793 51238 ts_tablet_manager.cc:741] T 511743a273b44368a0ef3ff1441ab81a P b497dbd6bd1a4c998891b00d2493a1bb: Bootstrapping tablet
I0727 04:14:03.440798 51238 tablet_bootstrap.cc:406] T 511743a273b44368a0ef3ff1441ab81a P b497dbd6bd1a4c998891b00d2493a1bb: Bootstrap starting.
I0727 04:14:03.440958 51238 tablet_bootstrap.cc:547] T 511743a273b44368a0ef3ff1441ab81a P b497dbd6bd1a4c998891b00d2493a1bb: No blocks or log segments found. Creating new log.
I0727 04:14:03.441375 51238 tablet_bootstrap.cc:406] T 511743a273b44368a0ef3ff1441ab81a P b497dbd6bd1a4c998891b00d2493a1bb: No bootstrap required, opened a new log
I0727 04:14:03.441390 51238 ts_tablet_manager.cc:746] T 511743a273b44368a0ef3ff1441ab81a P b497dbd6bd1a4c998891b00d2493a1bb: Time spent bootstrapping tablet: real 0.001s	user 0.000s	sys 0.000s
I0727 04:14:03.441669 51238 raft_consensus.cc:284] T 511743a273b44368a0ef3ff1441ab81a P b497dbd6bd1a4c998891b00d2493a1bb [term 0 FOLLOWER]: Replica starting. Triggering 0 pending transactions. Active config: opid_index: -1 OBSOLETE_local: false peers { permanent_uuid: "3a3c735705964e1badb66c37a66a9096" member_type: VOTER last_known_addr { host: "ip-172-31-12-168" port: 31200 } } peers { permanent_uuid: "b497dbd6bd1a4c998891b00d2493a1bb" member_type: VOTER last_known_addr { host: "ip-172-31-12-168" port: 31202 } } peers { permanent_uuid: "6f1af300e1d549d6b1cdd8bf3b9aeb9c" member_type: VOTER last_known_addr { host: "ip-172-31-12-168" port: 31201 } }
I0727 04:14:03.441686 51238 raft_consensus.cc:316] T 511743a273b44368a0ef3ff1441ab81a P b497dbd6bd1a4c998891b00d2493a1bb [term 0 FOLLOWER]: Consensus starting up: Expiring failure detector timer to make a prompt election more likely
I0727 04:14:03.441692 51238 raft_consensus.cc:560] T 511743a273b44368a0ef3ff1441ab81a P b497dbd6bd1a4c998891b00d2493a1bb [term 0 FOLLOWER]: Becoming Follower/Learner. State: Replica: b497dbd6bd1a4c998891b00d2493a1bb, State: Running, Role: FOLLOWER
I0727 04:14:03.441706 51238 consensus_queue.cc:186] T 511743a273b44368a0ef3ff1441ab81a P b497dbd6bd1a4c998891b00d2493a1bb [NON_LEADER]: Queue going to NON_LEADER mode. State: All replicated index: 0, Majority replicated index: 0, Committed index: 0, Last appended: 0.0, Last appended by leader: 0, Current term: 0, Majority size: -1, State: 1, Mode: NON_LEADER
I0727 04:14:03.441746 51238 ts_tablet_manager.cc:775] T 511743a273b44368a0ef3ff1441ab81a P b497dbd6bd1a4c998891b00d2493a1bb: Time spent starting tablet: real 0.000s	user 0.001s	sys 0.000s
I0727 04:14:03.451541 51257 raft_consensus.cc:411] T c841c520cb804a7b98921ff7b62f3dd2 P b497dbd6bd1a4c998891b00d2493a1bb [term 0 FOLLOWER]: Starting pre-election (no leader contacted us within the election timeout)
I0727 04:14:03.451572 51257 raft_consensus.cc:2372] T c841c520cb804a7b98921ff7b62f3dd2 P b497dbd6bd1a4c998891b00d2493a1bb: Snoozing failure detection for election timeout plus an additional 2.149s
I0727 04:14:03.451620 51257 raft_consensus.cc:435] T c841c520cb804a7b98921ff7b62f3dd2 P b497dbd6bd1a4c998891b00d2493a1bb [term 0 FOLLOWER]: Starting pre-election with config: opid_index: -1 OBSOLETE_local: false peers { permanent_uuid: "3a3c735705964e1badb66c37a66a9096" member_type: VOTER last_known_addr { host: "ip-172-31-12-168" port: 31200 } } peers { permanent_uuid: "b497dbd6bd1a4c998891b00d2493a1bb" member_type: VOTER last_known_addr { host: "ip-172-31-12-168" port: 31202 } } peers { permanent_uuid: "6f1af300e1d549d6b1cdd8bf3b9aeb9c" member_type: VOTER last_known_addr { host: "ip-172-31-12-168" port: 31201 } }
I0727 04:14:03.451803 51257 leader_election.cc:217] T c841c520cb804a7b98921ff7b62f3dd2 P b497dbd6bd1a4c998891b00d2493a1bb [CANDIDATE]: Term 1 pre-election: Requesting pre-vote from peer 3a3c735705964e1badb66c37a66a9096
