I0727 05:19:35.098585 114843 consensus_queue.cc:186] T 11d9393debcf480989db6d55853ffd90 P b497dbd6bd1a4c998891b00d2493a1bb [NON_LEADER]: Queue going to NON_LEADER mode. State: All replicated index: 0, Majority replicated index: 0, Committed index: 0, Last appended: 0.0, Last appended by leader: 0, Current term: 0, Majority size: -1, State: 1, Mode: NON_LEADER
I0727 05:19:35.098620 114843 ts_tablet_manager.cc:775] T 11d9393debcf480989db6d55853ffd90 P b497dbd6bd1a4c998891b00d2493a1bb: Time spent starting tablet: real 0.000s	user 0.000s	sys 0.000s
I0727 05:19:35.311790 114851 raft_consensus.cc:411] T 949896e44426498285da2c8220c550fb P b497dbd6bd1a4c998891b00d2493a1bb [term 0 FOLLOWER]: Starting pre-election (no leader contacted us within the election timeout)
I0727 05:19:35.311807 114851 raft_consensus.cc:2372] T 949896e44426498285da2c8220c550fb P b497dbd6bd1a4c998891b00d2493a1bb: Snoozing failure detection for election timeout plus an additional 2.111s
I0727 05:19:35.311830 114851 raft_consensus.cc:435] T 949896e44426498285da2c8220c550fb P b497dbd6bd1a4c998891b00d2493a1bb [term 0 FOLLOWER]: Starting pre-election with config: opid_index: -1 OBSOLETE_local: false peers { permanent_uuid: "3a3c735705964e1badb66c37a66a9096" member_type: VOTER last_known_addr { host: "ip-172-31-12-168" port: 31200 } } peers { permanent_uuid: "b497dbd6bd1a4c998891b00d2493a1bb" member_type: VOTER last_known_addr { host: "ip-172-31-12-168" port: 31202 } } peers { permanent_uuid: "6f1af300e1d549d6b1cdd8bf3b9aeb9c" member_type: VOTER last_known_addr { host: "ip-172-31-12-168" port: 31201 } }
I0727 05:19:35.311995 114851 leader_election.cc:217] T 949896e44426498285da2c8220c550fb P b497dbd6bd1a4c998891b00d2493a1bb [CANDIDATE]: Term 1 pre-election: Requesting pre-vote from peer 3a3c735705964e1badb66c37a66a9096
I0727 05:19:35.312016 114851 leader_election.cc:217] T 949896e44426498285da2c8220c550fb P b497dbd6bd1a4c998891b00d2493a1bb [CANDIDATE]: Term 1 pre-election: Requesting pre-vote from peer 6f1af300e1d549d6b1cdd8bf3b9aeb9c
I0727 05:19:35.312150 20838 leader_election.cc:349] T 949896e44426498285da2c8220c550fb P b497dbd6bd1a4c998891b00d2493a1bb [CANDIDATE]: Term 1 pre-election: Vote granted by peer 6f1af300e1d549d6b1cdd8bf3b9aeb9c
I0727 05:19:35.312160 20838 leader_election.cc:244] T 949896e44426498285da2c8220c550fb P b497dbd6bd1a4c998891b00d2493a1bb [CANDIDATE]: Term 1 pre-election: Election decided. Result: candidate won.
I0727 05:19:35.312173 20838 leader_election.cc:349] T 949896e44426498285da2c8220c550fb P b497dbd6bd1a4c998891b00d2493a1bb [CANDIDATE]: Term 1 pre-election: Vote granted by peer 3a3c735705964e1badb66c37a66a9096
I0727 05:19:35.312186 42659 raft_consensus.cc:2372] T 949896e44426498285da2c8220c550fb P b497dbd6bd1a4c998891b00d2493a1bb: Snoozing failure detection for election timeout plus an additional 2.084s
I0727 05:19:35.312198 42659 raft_consensus.cc:2176] T 949896e44426498285da2c8220c550fb P b497dbd6bd1a4c998891b00d2493a1bb [term 0 FOLLOWER]: Leader pre-election won for term 1
I0727 05:19:35.312201 42659 raft_consensus.cc:411] T 949896e44426498285da2c8220c550fb P b497dbd6bd1a4c998891b00d2493a1bb [term 0 FOLLOWER]: Starting leader election (no leader contacted us within the election timeout)
I0727 05:19:35.312207 42659 raft_consensus.cc:2372] T 949896e44426498285da2c8220c550fb P b497dbd6bd1a4c998891b00d2493a1bb: Snoozing failure detection for election timeout plus an additional 2.100s
I0727 05:19:35.312211 42659 raft_consensus.cc:2419] T 949896e44426498285da2c8220c550fb P b497dbd6bd1a4c998891b00d2493a1bb [term 0 FOLLOWER]: Advancing to term 1
I0727 05:19:35.312546 42659 raft_consensus.cc:435] T 949896e44426498285da2c8220c550fb P b497dbd6bd1a4c998891b00d2493a1bb [term 1 FOLLOWER]: Starting leader election with config: opid_index: -1 OBSOLETE_local: false peers { permanent_uuid: "3a3c735705964e1badb66c37a66a9096" member_type: VOTER last_known_addr { host: "ip-172-31-12-168" port: 31200 } } peers { permanent_uuid: "b497dbd6bd1a4c998891b00d2493a1bb" member_type: VOTER last_known_addr { host: "ip-172-31-12-168" port: 31202 } } peers { permanent_uuid: "6f1af300e1d549d6b1cdd8bf3b9aeb9c" member_type: VOTER last_known_addr { host: "ip-172-31-12-168" port: 31201 } }
I0727 05:19:35.312644 42659 leader_election.cc:217] T 949896e44426498285da2c8220c550fb P b497dbd6bd1a4c998891b00d2493a1bb [CANDIDATE]: Term 1 election: Requesting vote from peer 3a3c735705964e1badb66c37a66a9096
I0727 05:19:35.312664 42659 leader_election.cc:217] T 949896e44426498285da2c8220c550fb P b497dbd6bd1a4c998891b00d2493a1bb [CANDIDATE]: Term 1 election: Requesting vote from peer 6f1af300e1d549d6b1cdd8bf3b9aeb9c
I0727 05:19:35.313071 20838 leader_election.cc:349] T 949896e44426498285da2c8220c550fb P b497dbd6bd1a4c998891b00d2493a1bb [CANDIDATE]: Term 1 election: Vote granted by peer 6f1af300e1d549d6b1cdd8bf3b9aeb9c
I0727 05:19:35.313081 20838 leader_election.cc:244] T 949896e44426498285da2c8220c550fb P b497dbd6bd1a4c998891b00d2493a1bb [CANDIDATE]: Term 1 election: Election decided. Result: candidate won.
I0727 05:19:35.313091 20838 leader_election.cc:349] T 949896e44426498285da2c8220c550fb P b497dbd6bd1a4c998891b00d2493a1bb [CANDIDATE]: Term 1 election: Vote granted by peer 3a3c735705964e1badb66c37a66a9096
I0727 05:19:35.313104 50046 raft_consensus.cc:2372] T 949896e44426498285da2c8220c550fb P b497dbd6bd1a4c998891b00d2493a1bb: Snoozing failure detection for election timeout plus an additional 2.042s
I0727 05:19:35.313117 50046 raft_consensus.cc:2176] T 949896e44426498285da2c8220c550fb P b497dbd6bd1a4c998891b00d2493a1bb [term 1 FOLLOWER]: Leader election won for term 1
I0727 05:19:35.313130 50046 raft_consensus.cc:528] T 949896e44426498285da2c8220c550fb P b497dbd6bd1a4c998891b00d2493a1bb [term 1 LEADER]: Becoming Leader. State: Replica: b497dbd6bd1a4c998891b00d2493a1bb, State: Running, Role: LEADER
I0727 05:19:35.313159 50046 consensus_queue.cc:165] T 949896e44426498285da2c8220c550fb P b497dbd6bd1a4c998891b00d2493a1bb [LEADER]: Queue going to LEADER mode. State: All replicated index: 0, Majority replicated index: 0, Committed index: 0, Last appended: 0.0, Last appended by leader: 0, Current term: 1, Majority size: 2, State: 1, Mode: LEADER, active raft config: opid_index: -1 OBSOLETE_local: false peers { permanent_uuid: "3a3c735705964e1badb66c37a66a9096" member_type: VOTER last_known_addr { host: "ip-172-31-12-168" port: 31200 } } peers { permanent_uuid: "b497dbd6bd1a4c998891b00d2493a1bb" member_type: VOTER last_known_addr { host: "ip-172-31-12-168" port: 31202 } } peers { permanent_uuid: "6f1af300e1d549d6b1cdd8bf3b9aeb9c" member_type: VOTER last_known_addr { host: "ip-172-31-12-168" port: 31201 } }
I0727 05:19:35.317083 114872 raft_consensus.cc:411] T 7219edb290184e43bbf11f2640fb954c P b497dbd6bd1a4c998891b00d2493a1bb [term 0 FOLLOWER]: Starting pre-election (no leader contacted us within the election timeout)
I0727 05:19:35.317102 114872 raft_consensus.cc:2372] T 7219edb290184e43bbf11f2640fb954c P b497dbd6bd1a4c998891b00d2493a1bb: Snoozing failure detection for election timeout plus an additional 1.721s
I0727 05:19:35.317138 114872 raft_consensus.cc:435] T 7219edb290184e43bbf11f2640fb954c P b497dbd6bd1a4c998891b00d2493a1bb [term 0 FOLLOWER]: Starting pre-election with config: opid_index: -1 OBSOLETE_local: false peers { permanent_uuid: "3a3c735705964e1badb66c37a66a9096" member_type: VOTER last_known_addr { host: "ip-172-31-12-168" port: 31200 } } peers { permanent_uuid: "b497dbd6bd1a4c998891b00d2493a1bb" member_type: VOTER last_known_addr { host: "ip-172-31-12-168" port: 31202 } } peers { permanent_uuid: "6f1af300e1d549d6b1cdd8bf3b9aeb9c" member_type: VOTER last_known_addr { host: "ip-172-31-12-168" port: 31201 } }
I0727 05:19:35.317287 114872 leader_election.cc:217] T 7219edb290184e43bbf11f2640fb954c P b497dbd6bd1a4c998891b00d2493a1bb [CANDIDATE]: Term 1 pre-election: Requesting pre-vote from peer 3a3c735705964e1badb66c37a66a9096
I0727 05:19:35.317309 114872 leader_election.cc:217] T 7219edb290184e43bbf11f2640fb954c P b497dbd6bd1a4c998891b00d2493a1bb [CANDIDATE]: Term 1 pre-election: Requesting pre-vote from peer 6f1af300e1d549d6b1cdd8bf3b9aeb9c
I0727 05:19:35.317414 20838 leader_election.cc:349] T 7219edb290184e43bbf11f2640fb954c P b497dbd6bd1a4c998891b00d2493a1bb [CANDIDATE]: Term 1 pre-election: Vote granted by peer 3a3c735705964e1badb66c37a66a9096
I0727 05:19:35.317425 20838 leader_election.cc:244] T 7219edb290184e43bbf11f2640fb954c P b497dbd6bd1a4c998891b00d2493a1bb [CANDIDATE]: Term 1 pre-election: Election decided. Result: candidate won.
I0727 05:19:35.317435 20838 leader_election.cc:349] T 7219edb290184e43bbf11f2640fb954c P b497dbd6bd1a4c998891b00d2493a1bb [CANDIDATE]: Term 1 pre-election: Vote granted by peer 6f1af300e1d549d6b1cdd8bf3b9aeb9c
I0727 05:19:35.317446 42659 raft_consensus.cc:2372] T 7219edb290184e43bbf11f2640fb954c P b497dbd6bd1a4c998891b00d2493a1bb: Snoozing failure detection for election timeout plus an additional 2.086s
I0727 05:19:35.317457 42659 raft_consensus.cc:2176] T 7219edb290184e43bbf11f2640fb954c P b497dbd6bd1a4c998891b00d2493a1bb [term 0 FOLLOWER]: Leader pre-election won for term 1
I0727 05:19:35.317464 42659 raft_consensus.cc:411] T 7219edb290184e43bbf11f2640fb954c P b497dbd6bd1a4c998891b00d2493a1bb [term 0 FOLLOWER]: Starting leader election (no leader contacted us within the election timeout)
I0727 05:19:35.317467 42659 raft_consensus.cc:2372] T 7219edb290184e43bbf11f2640fb954c P b497dbd6bd1a4c998891b00d2493a1bb: Snoozing failure detection for election timeout plus an additional 1.766s
I0727 05:19:35.317474 42659 raft_consensus.cc:2419] T 7219edb290184e43bbf11f2640fb954c P b497dbd6bd1a4c998891b00d2493a1bb [term 0 FOLLOWER]: Advancing to term 1
I0727 05:19:35.317698 42659 raft_consensus.cc:435] T 7219edb290184e43bbf11f2640fb954c P b497dbd6bd1a4c998891b00d2493a1bb [term 1 FOLLOWER]: Starting leader election with config: opid_index: -1 OBSOLETE_local: false peers { permanent_uuid: "3a3c735705964e1badb66c37a66a9096" member_type: VOTER last_known_addr { host: "ip-172-31-12-168" port: 31200 } } peers { permanent_uuid: "b497dbd6bd1a4c998891b00d2493a1bb" member_type: VOTER last_known_addr { host: "ip-172-31-12-168" port: 31202 } } peers { permanent_uuid: "6f1af300e1d549d6b1cdd8bf3b9aeb9c" member_type: VOTER last_known_addr { host: "ip-172-31-12-168" port: 31201 } }
I0727 05:19:35.317800 42659 leader_election.cc:217] T 7219edb290184e43bbf11f2640fb954c P b497dbd6bd1a4c998891b00d2493a1bb [CANDIDATE]: Term 1 election: Requesting vote from peer 3a3c735705964e1badb66c37a66a9096
I0727 05:19:35.317818 42659 leader_election.cc:217] T 7219edb290184e43bbf11f2640fb954c P b497dbd6bd1a4c998891b00d2493a1bb [CANDIDATE]: Term 1 election: Requesting vote from peer 6f1af300e1d549d6b1cdd8bf3b9aeb9c
I0727 05:19:35.318138 20838 leader_election.cc:349] T 7219edb290184e43bbf11f2640fb954c P b497dbd6bd1a4c998891b00d2493a1bb [CANDIDATE]: Term 1 election: Vote granted by peer 6f1af300e1d549d6b1cdd8bf3b9aeb9c
I0727 05:19:35.318147 20838 leader_election.cc:244] T 7219edb290184e43bbf11f2640fb954c P b497dbd6bd1a4c998891b00d2493a1bb [CANDIDATE]: Term 1 election: Election decided. Result: candidate won.
I0727 05:19:35.318158 20838 leader_election.cc:349] T 7219edb290184e43bbf11f2640fb954c P b497dbd6bd1a4c998891b00d2493a1bb [CANDIDATE]: Term 1 election: Vote granted by peer 3a3c735705964e1badb66c37a66a9096
I0727 05:19:35.318169 43073 raft_consensus.cc:2372] T 7219edb290184e43bbf11f2640fb954c P b497dbd6bd1a4c998891b00d2493a1bb: Snoozing failure detection for election timeout plus an additional 1.645s
I0727 05:19:35.318182 43073 raft_consensus.cc:2176] T 7219edb290184e43bbf11f2640fb954c P b497dbd6bd1a4c998891b00d2493a1bb [term 1 FOLLOWER]: Leader election won for term 1
I0727 05:19:35.318197 43073 raft_consensus.cc:528] T 7219edb290184e43bbf11f2640fb954c P b497dbd6bd1a4c998891b00d2493a1bb [term 1 LEADER]: Becoming Leader. State: Replica: b497dbd6bd1a4c998891b00d2493a1bb, State: Running, Role: LEADER
I0727 05:19:35.318236 43073 consensus_queue.cc:165] T 7219edb290184e43bbf11f2640fb954c P b497dbd6bd1a4c998891b00d2493a1bb [LEADER]: Queue going to LEADER mode. State: All replicated index: 0, Majority replicated index: 0, Committed index: 0, Last appended: 0.0, Last appended by leader: 0, Current term: 1, Majority size: 2, State: 1, Mode: LEADER, active raft config: opid_index: -1 OBSOLETE_local: false peers { permanent_uuid: "3a3c735705964e1badb66c37a66a9096" member_type: VOTER last_known_addr { host: "ip-172-31-12-168" port: 31200 } } peers { permanent_uuid: "b497dbd6bd1a4c998891b00d2493a1bb" member_type: VOTER last_known_addr { host: "ip-172-31-12-168" port: 31202 } } peers { permanent_uuid: "6f1af300e1d549d6b1cdd8bf3b9aeb9c" member_type: VOTER last_known_addr { host: "ip-172-31-12-168" port: 31201 } }
I0727 05:19:35.370631 114855 raft_consensus.cc:411] T b382020a5c7d4f2a862ed850c12460b6 P b497dbd6bd1a4c998891b00d2493a1bb [term 0 FOLLOWER]: Starting pre-election (no leader contacted us within the election timeout)
I0727 05:19:35.370649 114855 raft_consensus.cc:2372] T b382020a5c7d4f2a862ed850c12460b6 P b497dbd6bd1a4c998891b00d2493a1bb: Snoozing failure detection for election timeout plus an additional 1.590s
I0727 05:19:35.370673 114855 raft_consensus.cc:435] T b382020a5c7d4f2a862ed850c12460b6 P b497dbd6bd1a4c998891b00d2493a1bb [term 0 FOLLOWER]: Starting pre-election with config: opid_index: -1 OBSOLETE_local: false peers { permanent_uuid: "b497dbd6bd1a4c998891b00d2493a1bb" member_type: VOTER last_known_addr { host: "ip-172-31-12-168" port: 31202 } } peers { permanent_uuid: "3a3c735705964e1badb66c37a66a9096" member_type: VOTER last_known_addr { host: "ip-172-31-12-168" port: 31200 } } peers { permanent_uuid: "6f1af300e1d549d6b1cdd8bf3b9aeb9c" member_type: VOTER last_known_addr { host: "ip-172-31-12-168" port: 31201 } }
I0727 05:19:35.370797 114855 leader_election.cc:217] T b382020a5c7d4f2a862ed850c12460b6 P b497dbd6bd1a4c998891b00d2493a1bb [CANDIDATE]: Term 1 pre-election: Requesting pre-vote from peer 3a3c735705964e1badb66c37a66a9096
I0727 05:19:35.370817 114855 leader_election.cc:217] T b382020a5c7d4f2a862ed850c12460b6 P b497dbd6bd1a4c998891b00d2493a1bb [CANDIDATE]: Term 1 pre-election: Requesting pre-vote from peer 6f1af300e1d549d6b1cdd8bf3b9aeb9c
I0727 05:19:35.370949 20838 leader_election.cc:349] T b382020a5c7d4f2a862ed850c12460b6 P b497dbd6bd1a4c998891b00d2493a1bb [CANDIDATE]: Term 1 pre-election: Vote granted by peer 6f1af300e1d549d6b1cdd8bf3b9aeb9c
I0727 05:19:35.370960 20838 leader_election.cc:244] T b382020a5c7d4f2a862ed850c12460b6 P b497dbd6bd1a4c998891b00d2493a1bb [CANDIDATE]: Term 1 pre-election: Election decided. Result: candidate won.
I0727 05:19:35.370975 20838 leader_election.cc:349] T b382020a5c7d4f2a862ed850c12460b6 P b497dbd6bd1a4c998891b00d2493a1bb [CANDIDATE]: Term 1 pre-election: Vote granted by peer 3a3c735705964e1badb66c37a66a9096
I0727 05:19:35.370983 43073 raft_consensus.cc:2372] T b382020a5c7d4f2a862ed850c12460b6 P b497dbd6bd1a4c998891b00d2493a1bb: Snoozing failure detection for election timeout plus an additional 1.933s
I0727 05:19:35.370996 43073 raft_consensus.cc:2176] T b382020a5c7d4f2a862ed850c12460b6 P b497dbd6bd1a4c998891b00d2493a1bb [term 0 FOLLOWER]: Leader pre-election won for term 1
I0727 05:19:35.371001 43073 raft_consensus.cc:411] T b382020a5c7d4f2a862ed850c12460b6 P b497dbd6bd1a4c998891b00d2493a1bb [term 0 FOLLOWER]: Starting leader election (no leader contacted us within the election timeout)
I0727 05:19:35.371006 43073 raft_consensus.cc:2372] T b382020a5c7d4f2a862ed850c12460b6 P b497dbd6bd1a4c998891b00d2493a1bb: Snoozing failure detection for election timeout plus an additional 1.539s
I0727 05:19:35.371009 43073 raft_consensus.cc:2419] T b382020a5c7d4f2a862ed850c12460b6 P b497dbd6bd1a4c998891b00d2493a1bb [term 0 FOLLOWER]: Advancing to term 1
I0727 05:19:35.371297 43073 raft_consensus.cc:435] T b382020a5c7d4f2a862ed850c12460b6 P b497dbd6bd1a4c998891b00d2493a1bb [term 1 FOLLOWER]: Starting leader election with config: opid_index: -1 OBSOLETE_local: false peers { permanent_uuid: "b497dbd6bd1a4c998891b00d2493a1bb" member_type: VOTER last_known_addr { host: "ip-172-31-12-168" port: 31202 } } peers { permanent_uuid: "3a3c735705964e1badb66c37a66a9096" member_type: VOTER last_known_addr { host: "ip-172-31-12-168" port: 31200 } } peers { permanent_uuid: "6f1af300e1d549d6b1cdd8bf3b9aeb9c" member_type: VOTER last_known_addr { host: "ip-172-31-12-168" port: 31201 } }
I0727 05:19:35.371398 43073 leader_election.cc:217] T b382020a5c7d4f2a862ed850c12460b6 P b497dbd6bd1a4c998891b00d2493a1bb [CANDIDATE]: Term 1 election: Requesting vote from peer 3a3c735705964e1badb66c37a66a9096
I0727 05:19:35.371417 43073 leader_election.cc:217] T b382020a5c7d4f2a862ed850c12460b6 P b497dbd6bd1a4c998891b00d2493a1bb [CANDIDATE]: Term 1 election: Requesting vote from peer 6f1af300e1d549d6b1cdd8bf3b9aeb9c
I0727 05:19:35.371742 20838 leader_election.cc:349] T b382020a5c7d4f2a862ed850c12460b6 P b497dbd6bd1a4c998891b00d2493a1bb [CANDIDATE]: Term 1 election: Vote granted by peer 6f1af300e1d549d6b1cdd8bf3b9aeb9c
I0727 05:19:35.371750 20838 leader_election.cc:244] T b382020a5c7d4f2a862ed850c12460b6 P b497dbd6bd1a4c998891b00d2493a1bb [CANDIDATE]: Term 1 election: Election decided. Result: candidate won.
I0727 05:19:35.371773 50029 raft_consensus.cc:2372] T b382020a5c7d4f2a862ed850c12460b6 P b497dbd6bd1a4c998891b00d2493a1bb: Snoozing failure detection for election timeout plus an additional 1.846s
I0727 05:19:35.371785 50029 raft_consensus.cc:2176] T b382020a5c7d4f2a862ed850c12460b6 P b497dbd6bd1a4c998891b00d2493a1bb [term 1 FOLLOWER]: Leader election won for term 1
I0727 05:19:35.371800 50029 raft_consensus.cc:528] T b382020a5c7d4f2a862ed850c12460b6 P b497dbd6bd1a4c998891b00d2493a1bb [term 1 LEADER]: Becoming Leader. State: Replica: b497dbd6bd1a4c998891b00d2493a1bb, State: Running, Role: LEADER
I0727 05:19:35.371829 50029 consensus_queue.cc:165] T b382020a5c7d4f2a862ed850c12460b6 P b497dbd6bd1a4c998891b00d2493a1bb [LEADER]: Queue going to LEADER mode. State: All replicated index: 0, Majority replicated index: 0, Committed index: 0, Last appended: 0.0, Last appended by leader: 0, Current term: 1, Majority size: 2, State: 1, Mode: LEADER, active raft config: opid_index: -1 OBSOLETE_local: false peers { permanent_uuid: "b497dbd6bd1a4c998891b00d2493a1bb" member_type: VOTER last_known_addr { host: "ip-172-31-12-168" port: 31202 } } peers { permanent_uuid: "3a3c735705964e1badb66c37a66a9096" member_type: VOTER last_known_addr { host: "ip-172-31-12-168" port: 31200 } } peers { permanent_uuid: "6f1af300e1d549d6b1cdd8bf3b9aeb9c" member_type: VOTER last_known_addr { host: "ip-172-31-12-168" port: 31201 } }
I0727 05:19:35.371839 20838 leader_election.cc:349] T b382020a5c7d4f2a862ed850c12460b6 P b497dbd6bd1a4c998891b00d2493a1bb [CANDIDATE]: Term 1 election: Vote granted by peer 3a3c735705964e1badb66c37a66a9096
I0727 05:19:35.391124 20919 raft_consensus.cc:2372] T ef3044c9b2cf4ce9ae6efddecb59e355 P b497dbd6bd1a4c998891b00d2493a1bb: Snoozing failure detection for election timeout plus an additional 1.965s
I0727 05:19:35.391139 20919 raft_consensus.cc:1943] T ef3044c9b2cf4ce9ae6efddecb59e355 P b497dbd6bd1a4c998891b00d2493a1bb [term 0 FOLLOWER]: Leader pre-election vote request: Granting yes vote for candidate 3a3c735705964e1badb66c37a66a9096 in term 0.
I0727 05:19:35.391707 20919 raft_consensus.cc:2419] T ef3044c9b2cf4ce9ae6efddecb59e355 P b497dbd6bd1a4c998891b00d2493a1bb [term 0 FOLLOWER]: Advancing to term 1
I0727 05:19:35.391724 20919 raft_consensus.cc:2372] T ef3044c9b2cf4ce9ae6efddecb59e355 P b497dbd6bd1a4c998891b00d2493a1bb: Snoozing failure detection for election timeout plus an additional 2.201s
I0727 05:19:35.391997 20919 raft_consensus.cc:1943] T ef3044c9b2cf4ce9ae6efddecb59e355 P b497dbd6bd1a4c998891b00d2493a1bb [term 1 FOLLOWER]: Leader election vote request: Granting yes vote for candidate 3a3c735705964e1badb66c37a66a9096 in term 1.
I0727 05:19:35.411427 20919 raft_consensus.cc:2372] T 1657dedf839d46b6a6e9e0d598134c4d P b497dbd6bd1a4c998891b00d2493a1bb: Snoozing failure detection for election timeout plus an additional 2.246s
I0727 05:19:35.411440 20919 raft_consensus.cc:1943] T 1657dedf839d46b6a6e9e0d598134c4d P b497dbd6bd1a4c998891b00d2493a1bb [term 0 FOLLOWER]: Leader pre-election vote request: Granting yes vote for candidate 6f1af300e1d549d6b1cdd8bf3b9aeb9c in term 0.
I0727 05:19:35.412031 20919 raft_consensus.cc:2419] T 1657dedf839d46b6a6e9e0d598134c4d P b497dbd6bd1a4c998891b00d2493a1bb [term 0 FOLLOWER]: Advancing to term 1
I0727 05:19:35.412046 20919 raft_consensus.cc:2372] T 1657dedf839d46b6a6e9e0d598134c4d P b497dbd6bd1a4c998891b00d2493a1bb: Snoozing failure detection for election timeout plus an additional 2.146s
I0727 05:19:35.412252 20919 raft_consensus.cc:1943] T 1657dedf839d46b6a6e9e0d598134c4d P b497dbd6bd1a4c998891b00d2493a1bb [term 1 FOLLOWER]: Leader election vote request: Granting yes vote for candidate 6f1af300e1d549d6b1cdd8bf3b9aeb9c in term 1.
I0727 05:19:35.439231 114867 raft_consensus.cc:411] T 0b704cc0a6f244118b60becf6169c4cf P b497dbd6bd1a4c998891b00d2493a1bb [term 0 FOLLOWER]: Starting pre-election (no leader contacted us within the election timeout)
I0727 05:19:35.439249 114867 raft_consensus.cc:2372] T 0b704cc0a6f244118b60becf6169c4cf P b497dbd6bd1a4c998891b00d2493a1bb: Snoozing failure detection for election timeout plus an additional 1.724s
I0727 05:19:35.439272 114867 raft_consensus.cc:435] T 0b704cc0a6f244118b60becf6169c4cf P b497dbd6bd1a4c998891b00d2493a1bb [term 0 FOLLOWER]: Starting pre-election with config: opid_index: -1 OBSOLETE_local: false peers { permanent_uuid: "b497dbd6bd1a4c998891b00d2493a1bb" member_type: VOTER last_known_addr { host: "ip-172-31-12-168" port: 31202 } } peers { permanent_uuid: "3a3c735705964e1badb66c37a66a9096" member_type: VOTER last_known_addr { host: "ip-172-31-12-168" port: 31200 } } peers { permanent_uuid: "6f1af300e1d549d6b1cdd8bf3b9aeb9c" member_type: VOTER last_known_addr { host: "ip-172-31-12-168" port: 31201 } }
I0727 05:19:35.439393 114867 leader_election.cc:217] T 0b704cc0a6f244118b60becf6169c4cf P b497dbd6bd1a4c998891b00d2493a1bb [CANDIDATE]: Term 1 pre-election: Requesting pre-vote from peer 3a3c735705964e1badb66c37a66a9096
I0727 05:19:35.439414 114867 leader_election.cc:217] T 0b704cc0a6f244118b60becf6169c4cf P b497dbd6bd1a4c998891b00d2493a1bb [CANDIDATE]: Term 1 pre-election: Requesting pre-vote from peer 6f1af300e1d549d6b1cdd8bf3b9aeb9c
I0727 05:19:35.439530 114896 raft_consensus.cc:411] T 11d9393debcf480989db6d55853ffd90 P b497dbd6bd1a4c998891b00d2493a1bb [term 0 FOLLOWER]: Starting pre-election (no leader contacted us within the election timeout)
I0727 05:19:35.439540 20838 leader_election.cc:349] T 0b704cc0a6f244118b60becf6169c4cf P b497dbd6bd1a4c998891b00d2493a1bb [CANDIDATE]: Term 1 pre-election: Vote granted by peer 6f1af300e1d549d6b1cdd8bf3b9aeb9c
I0727 05:19:35.439548 20838 leader_election.cc:244] T 0b704cc0a6f244118b60becf6169c4cf P b497dbd6bd1a4c998891b00d2493a1bb [CANDIDATE]: Term 1 pre-election: Election decided. Result: candidate won.
I0727 05:19:35.439548 114896 raft_consensus.cc:2372] T 11d9393debcf480989db6d55853ffd90 P b497dbd6bd1a4c998891b00d2493a1bb: Snoozing failure detection for election timeout plus an additional 1.500s
I0727 05:19:35.439568 20838 leader_election.cc:349] T 0b704cc0a6f244118b60becf6169c4cf P b497dbd6bd1a4c998891b00d2493a1bb [CANDIDATE]: Term 1 pre-election: Vote granted by peer 3a3c735705964e1badb66c37a66a9096
I0727 05:19:35.439577 50029 raft_consensus.cc:2372] T 0b704cc0a6f244118b60becf6169c4cf P b497dbd6bd1a4c998891b00d2493a1bb: Snoozing failure detection for election timeout plus an additional 1.994s
I0727 05:19:35.439584 114896 raft_consensus.cc:435] T 11d9393debcf480989db6d55853ffd90 P b497dbd6bd1a4c998891b00d2493a1bb [term 0 FOLLOWER]: Starting pre-election with config: opid_index: -1 OBSOLETE_local: false peers { permanent_uuid: "b497dbd6bd1a4c998891b00d2493a1bb" member_type: VOTER last_known_addr { host: "ip-172-31-12-168" port: 31202 } } peers { permanent_uuid: "3a3c735705964e1badb66c37a66a9096" member_type: VOTER last_known_addr { host: "ip-172-31-12-168" port: 31200 } } peers { permanent_uuid: "6f1af300e1d549d6b1cdd8bf3b9aeb9c" member_type: VOTER last_known_addr { host: "ip-172-31-12-168" port: 31201 } }
I0727 05:19:35.439585 50029 raft_consensus.cc:2176] T 0b704cc0a6f244118b60becf6169c4cf P b497dbd6bd1a4c998891b00d2493a1bb [term 0 FOLLOWER]: Leader pre-election won for term 1
I0727 05:19:35.439607 50029 raft_consensus.cc:411] T 0b704cc0a6f244118b60becf6169c4cf P b497dbd6bd1a4c998891b00d2493a1bb [term 0 FOLLOWER]: Starting leader election (no leader contacted us within the election timeout)
I0727 05:19:35.439611 50029 raft_consensus.cc:2372] T 0b704cc0a6f244118b60becf6169c4cf P b497dbd6bd1a4c998891b00d2493a1bb: Snoozing failure detection for election timeout plus an additional 1.849s
I0727 05:19:35.439615 50029 raft_consensus.cc:2419] T 0b704cc0a6f244118b60becf6169c4cf P b497dbd6bd1a4c998891b00d2493a1bb [term 0 FOLLOWER]: Advancing to term 1
I0727 05:19:35.439719 114896 leader_election.cc:217] T 11d9393debcf480989db6d55853ffd90 P b497dbd6bd1a4c998891b00d2493a1bb [CANDIDATE]: Term 1 pre-election: Requesting pre-vote from peer 3a3c735705964e1badb66c37a66a9096
I0727 05:19:35.439738 114896 leader_election.cc:217] T 11d9393debcf480989db6d55853ffd90 P b497dbd6bd1a4c998891b00d2493a1bb [CANDIDATE]: Term 1 pre-election: Requesting pre-vote from peer 6f1af300e1d549d6b1cdd8bf3b9aeb9c
I0727 05:19:35.439855 20838 leader_election.cc:349] T 11d9393debcf480989db6d55853ffd90 P b497dbd6bd1a4c998891b00d2493a1bb [CANDIDATE]: Term 1 pre-election: Vote granted by peer 6f1af300e1d549d6b1cdd8bf3b9aeb9c
I0727 05:19:35.439865 20838 leader_election.cc:244] T 11d9393debcf480989db6d55853ffd90 P b497dbd6bd1a4c998891b00d2493a1bb [CANDIDATE]: Term 1 pre-election: Election decided. Result: candidate won.
I0727 05:19:35.439875 20838 leader_election.cc:349] T 11d9393debcf480989db6d55853ffd90 P b497dbd6bd1a4c998891b00d2493a1bb [CANDIDATE]: Term 1 pre-election: Vote granted by peer 3a3c735705964e1badb66c37a66a9096
I0727 05:19:35.439888 42659 raft_consensus.cc:2372] T 11d9393debcf480989db6d55853ffd90 P b497dbd6bd1a4c998891b00d2493a1bb: Snoozing failure detection for election timeout plus an additional 1.931s
I0727 05:19:35.439900 42659 raft_consensus.cc:2176] T 11d9393debcf480989db6d55853ffd90 P b497dbd6bd1a4c998891b00d2493a1bb [term 0 FOLLOWER]: Leader pre-election won for term 1
I0727 05:19:35.439903 42659 raft_consensus.cc:411] T 11d9393debcf480989db6d55853ffd90 P b497dbd6bd1a4c998891b00d2493a1bb [term 0 FOLLOWER]: Starting leader election (no leader contacted us within the election timeout)
I0727 05:19:35.439906 42659 raft_consensus.cc:2372] T 11d9393debcf480989db6d55853ffd90 P b497dbd6bd1a4c998891b00d2493a1bb: Snoozing failure detection for election timeout plus an additional 2.155s
I0727 05:19:35.439908 42659 raft_consensus.cc:2419] T 11d9393debcf480989db6d55853ffd90 P b497dbd6bd1a4c998891b00d2493a1bb [term 0 FOLLOWER]: Advancing to term 1
I0727 05:19:35.439913 50029 raft_consensus.cc:435] T 0b704cc0a6f244118b60becf6169c4cf P b497dbd6bd1a4c998891b00d2493a1bb [term 1 FOLLOWER]: Starting leader election with config: opid_index: -1 OBSOLETE_local: false peers { permanent_uuid: "b497dbd6bd1a4c998891b00d2493a1bb" member_type: VOTER last_known_addr { host: "ip-172-31-12-168" port: 31202 } } peers { permanent_uuid: "3a3c735705964e1badb66c37a66a9096" member_type: VOTER last_known_addr { host: "ip-172-31-12-168" port: 31200 } } peers { permanent_uuid: "6f1af300e1d549d6b1cdd8bf3b9aeb9c" member_type: VOTER last_known_addr { host: "ip-172-31-12-168" port: 31201 } }
I0727 05:19:35.440032 50029 leader_election.cc:217] T 0b704cc0a6f244118b60becf6169c4cf P b497dbd6bd1a4c998891b00d2493a1bb [CANDIDATE]: Term 1 election: Requesting vote from peer 3a3c735705964e1badb66c37a66a9096
I0727 05:19:35.440048 50029 leader_election.cc:217] T 0b704cc0a6f244118b60becf6169c4cf P b497dbd6bd1a4c998891b00d2493a1bb [CANDIDATE]: Term 1 election: Requesting vote from peer 6f1af300e1d549d6b1cdd8bf3b9aeb9c
I0727 05:19:35.440184 42659 raft_consensus.cc:435] T 11d9393debcf480989db6d55853ffd90 P b497dbd6bd1a4c998891b00d2493a1bb [term 1 FOLLOWER]: Starting leader election with config: opid_index: -1 OBSOLETE_local: false peers { permanent_uuid: "b497dbd6bd1a4c998891b00d2493a1bb" member_type: VOTER last_known_addr { host: "ip-172-31-12-168" port: 31202 } } peers { permanent_uuid: "3a3c735705964e1badb66c37a66a9096" member_type: VOTER last_known_addr { host: "ip-172-31-12-168" port: 31200 } } peers { permanent_uuid: "6f1af300e1d549d6b1cdd8bf3b9aeb9c" member_type: VOTER last_known_addr { host: "ip-172-31-12-168" port: 31201 } }
I0727 05:19:35.440284 42659 leader_election.cc:217] T 11d9393debcf480989db6d55853ffd90 P b497dbd6bd1a4c998891b00d2493a1bb [CANDIDATE]: Term 1 election: Requesting vote from peer 3a3c735705964e1badb66c37a66a9096
I0727 05:19:35.440304 42659 leader_election.cc:217] T 11d9393debcf480989db6d55853ffd90 P b497dbd6bd1a4c998891b00d2493a1bb [CANDIDATE]: Term 1 election: Requesting vote from peer 6f1af300e1d549d6b1cdd8bf3b9aeb9c
I0727 05:19:35.440409 20838 leader_election.cc:349] T 0b704cc0a6f244118b60becf6169c4cf P b497dbd6bd1a4c998891b00d2493a1bb [CANDIDATE]: Term 1 election: Vote granted by peer 6f1af300e1d549d6b1cdd8bf3b9aeb9c
I0727 05:19:35.440423 20838 leader_election.cc:244] T 0b704cc0a6f244118b60becf6169c4cf P b497dbd6bd1a4c998891b00d2493a1bb [CANDIDATE]: Term 1 election: Election decided. Result: candidate won.
I0727 05:19:35.440444 50046 raft_consensus.cc:2372] T 0b704cc0a6f244118b60becf6169c4cf P b497dbd6bd1a4c998891b00d2493a1bb: Snoozing failure detection for election timeout plus an additional 2.062s
I0727 05:19:35.440454 20838 leader_election.cc:349] T 0b704cc0a6f244118b60becf6169c4cf P b497dbd6bd1a4c998891b00d2493a1bb [CANDIDATE]: Term 1 election: Vote granted by peer 3a3c735705964e1badb66c37a66a9096
I0727 05:19:35.440456 50046 raft_consensus.cc:2176] T 0b704cc0a6f244118b60becf6169c4cf P b497dbd6bd1a4c998891b00d2493a1bb [term 1 FOLLOWER]: Leader election won for term 1
I0727 05:19:35.440467 50046 raft_consensus.cc:528] T 0b704cc0a6f244118b60becf6169c4cf P b497dbd6bd1a4c998891b00d2493a1bb [term 1 LEADER]: Becoming Leader. State: Replica: b497dbd6bd1a4c998891b00d2493a1bb, State: Running, Role: LEADER
I0727 05:19:35.440491 50046 consensus_queue.cc:165] T 0b704cc0a6f244118b60becf6169c4cf P b497dbd6bd1a4c998891b00d2493a1bb [LEADER]: Queue going to LEADER mode. State: All replicated index: 0, Majority replicated index: 0, Committed index: 0, Last appended: 0.0, Last appended by leader: 0, Current term: 1, Majority size: 2, State: 1, Mode: LEADER, active raft config: opid_index: -1 OBSOLETE_local: false peers { permanent_uuid: "b497dbd6bd1a4c998891b00d2493a1bb" member_type: VOTER last_known_addr { host: "ip-172-31-12-168" port: 31202 } } peers { permanent_uuid: "3a3c735705964e1badb66c37a66a9096" member_type: VOTER last_known_addr { host: "ip-172-31-12-168" port: 31200 } } peers { permanent_uuid: "6f1af300e1d549d6b1cdd8bf3b9aeb9c" member_type: VOTER last_known_addr { host: "ip-172-31-12-168" port: 31201 } }
I0727 05:19:35.440675 20838 leader_election.cc:349] T 11d9393debcf480989db6d55853ffd90 P b497dbd6bd1a4c998891b00d2493a1bb [CANDIDATE]: Term 1 election: Vote granted by peer 6f1af300e1d549d6b1cdd8bf3b9aeb9c
I0727 05:19:35.440685 20838 leader_election.cc:244] T 11d9393debcf480989db6d55853ffd90 P b497dbd6bd1a4c998891b00d2493a1bb [CANDIDATE]: Term 1 election: Election decided. Result: candidate won.
I0727 05:19:35.440719 50010 raft_consensus.cc:2372] T 11d9393debcf480989db6d55853ffd90 P b497dbd6bd1a4c998891b00d2493a1bb: Snoozing failure detection for election timeout plus an additional 1.912s
I0727 05:19:35.440734 50010 raft_consensus.cc:2176] T 11d9393debcf480989db6d55853ffd90 P b497dbd6bd1a4c998891b00d2493a1bb [term 1 FOLLOWER]: Leader election won for term 1
I0727 05:19:35.440743 20838 leader_election.cc:349] T 11d9393debcf480989db6d55853ffd90 P b497dbd6bd1a4c998891b00d2493a1bb [CANDIDATE]: Term 1 election: Vote granted by peer 3a3c735705964e1badb66c37a66a9096
I0727 05:19:35.440752 50010 raft_consensus.cc:528] T 11d9393debcf480989db6d55853ffd90 P b497dbd6bd1a4c998891b00d2493a1bb [term 1 LEADER]: Becoming Leader. State: Replica: b497dbd6bd1a4c998891b00d2493a1bb, State: Running, Role: LEADER
I0727 05:19:35.440778 50010 consensus_queue.cc:165] T 11d9393debcf480989db6d55853ffd90 P b497dbd6bd1a4c998891b00d2493a1bb [LEADER]: Queue going to LEADER mode. State: All replicated index: 0, Majority replicated index: 0, Committed index: 0, Last appended: 0.0, Last appended by leader: 0, Current term: 1, Majority size: 2, State: 1, Mode: LEADER, active raft config: opid_index: -1 OBSOLETE_local: false peers { permanent_uuid: "b497dbd6bd1a4c998891b00d2493a1bb" member_type: VOTER last_known_addr { host: "ip-172-31-12-168" port: 31202 } } peers { permanent_uuid: "3a3c735705964e1badb66c37a66a9096" member_type: VOTER last_known_addr { host: "ip-172-31-12-168" port: 31200 } } peers { permanent_uuid: "6f1af300e1d549d6b1cdd8bf3b9aeb9c" member_type: VOTER last_known_addr { host: "ip-172-31-12-168" port: 31201 } }
I0727 05:19:35.604728 20919 raft_consensus.cc:2372] T 1c510e0d964a4698ae860452cec4e61e P b497dbd6bd1a4c998891b00d2493a1bb: Snoozing failure detection for election timeout plus an additional 1.750s
I0727 05:19:35.604743 20919 raft_consensus.cc:1943] T 1c510e0d964a4698ae860452cec4e61e P b497dbd6bd1a4c998891b00d2493a1bb [term 0 FOLLOWER]: Leader pre-election vote request: Granting yes vote for candidate 3a3c735705964e1badb66c37a66a9096 in term 0.
I0727 05:19:35.605317 20919 raft_consensus.cc:2419] T 1c510e0d964a4698ae860452cec4e61e P b497dbd6bd1a4c998891b00d2493a1bb [term 0 FOLLOWER]: Advancing to term 1
I0727 05:19:35.605335 20919 raft_consensus.cc:2372] T 1c510e0d964a4698ae860452cec4e61e P b497dbd6bd1a4c998891b00d2493a1bb: Snoozing failure detection for election timeout plus an additional 1.975s
I0727 05:19:35.605587 20919 raft_consensus.cc:1943] T 1c510e0d964a4698ae860452cec4e61e P b497dbd6bd1a4c998891b00d2493a1bb [term 1 FOLLOWER]: Leader election vote request: Granting yes vote for candidate 3a3c735705964e1badb66c37a66a9096 in term 1.
I0727 05:19:35.608182 42659 consensus_queue.cc:722] T 949896e44426498285da2c8220c550fb P b497dbd6bd1a4c998891b00d2493a1bb [LEADER]: Connected to new peer: Peer: 3a3c735705964e1badb66c37a66a9096, Is new: false, Last received: 0.0, Next index: 1, Last known committed idx: 0, Last exchange result: ERROR, Needs tablet copy: false
I0727 05:19:35.608863 50010 consensus_queue.cc:722] T 949896e44426498285da2c8220c550fb P b497dbd6bd1a4c998891b00d2493a1bb [LEADER]: Connected to new peer: Peer: 6f1af300e1d549d6b1cdd8bf3b9aeb9c, Is new: false, Last received: 0.0, Next index: 1, Last known committed idx: 0, Last exchange result: ERROR, Needs tablet copy: false
I0727 05:19:35.708781 42659 consensus_queue.cc:722] T 11d9393debcf480989db6d55853ffd90 P b497dbd6bd1a4c998891b00d2493a1bb [LEADER]: Connected to new peer: Peer: 3a3c735705964e1badb66c37a66a9096, Is new: false, Last received: 0.0, Next index: 1, Last known committed idx: 0, Last exchange result: ERROR, Needs tablet copy: false
I0727 05:19:35.709488 50046 consensus_queue.cc:722] T 11d9393debcf480989db6d55853ffd90 P b497dbd6bd1a4c998891b00d2493a1bb [LEADER]: Connected to new peer: Peer: 6f1af300e1d549d6b1cdd8bf3b9aeb9c, Is new: false, Last received: 0.0, Next index: 1, Last known committed idx: 0, Last exchange result: ERROR, Needs tablet copy: false
I0727 05:19:35.722299 20919 raft_consensus.cc:944] T 1657dedf839d46b6a6e9e0d598134c4d P b497dbd6bd1a4c998891b00d2493a1bb [term 1 FOLLOWER]: Refusing update from remote peer 6f1af300e1d549d6b1cdd8bf3b9aeb9c: Log matching property violated. Preceding OpId in replica: term: 0 index: 0. Preceding OpId from leader: term: 1 index: 1. (index mismatch)
I0727 05:19:35.743880 43073 consensus_queue.cc:722] T 0b704cc0a6f244118b60becf6169c4cf P b497dbd6bd1a4c998891b00d2493a1bb [LEADER]: Connected to new peer: Peer: 6f1af300e1d549d6b1cdd8bf3b9aeb9c, Is new: false, Last received: 0.0, Next index: 1, Last known committed idx: 0, Last exchange result: ERROR, Needs tablet copy: false
I0727 05:19:35.744565 50010 consensus_queue.cc:722] T 0b704cc0a6f244118b60becf6169c4cf P b497dbd6bd1a4c998891b00d2493a1bb [LEADER]: Connected to new peer: Peer: 3a3c735705964e1badb66c37a66a9096, Is new: false, Last received: 0.0, Next index: 1, Last known committed idx: 0, Last exchange result: ERROR, Needs tablet copy: false
I0727 05:19:35.750607 50010 consensus_queue.cc:722] T 7219edb290184e43bbf11f2640fb954c P b497dbd6bd1a4c998891b00d2493a1bb [LEADER]: Connected to new peer: Peer: 6f1af300e1d549d6b1cdd8bf3b9aeb9c, Is new: false, Last received: 0.0, Next index: 1, Last known committed idx: 0, Last exchange result: ERROR, Needs tablet copy: false
I0727 05:19:35.751253 42659 consensus_queue.cc:722] T 7219edb290184e43bbf11f2640fb954c P b497dbd6bd1a4c998891b00d2493a1bb [LEADER]: Connected to new peer: Peer: 3a3c735705964e1badb66c37a66a9096, Is new: false, Last received: 0.0, Next index: 1, Last known committed idx: 0, Last exchange result: ERROR, Needs tablet copy: false
I0727 05:19:35.758608 20919 raft_consensus.cc:944] T ef3044c9b2cf4ce9ae6efddecb59e355 P b497dbd6bd1a4c998891b00d2493a1bb [term 1 FOLLOWER]: Refusing update from remote peer 3a3c735705964e1badb66c37a66a9096: Log matching property violated. Preceding OpId in replica: term: 0 index: 0. Preceding OpId from leader: term: 1 index: 1. (index mismatch)
I0727 05:19:35.824674 20919 raft_consensus.cc:2372] T 020eb3c208fc4b37b2abc15f8cebb504 P b497dbd6bd1a4c998891b00d2493a1bb: Snoozing failure detection for election timeout plus an additional 1.712s
I0727 05:19:35.824689 20919 raft_consensus.cc:1943] T 020eb3c208fc4b37b2abc15f8cebb504 P b497dbd6bd1a4c998891b00d2493a1bb [term 0 FOLLOWER]: Leader pre-election vote request: Granting yes vote for candidate 3a3c735705964e1badb66c37a66a9096 in term 0.
I0727 05:19:35.824802 50046 consensus_queue.cc:722] T b382020a5c7d4f2a862ed850c12460b6 P b497dbd6bd1a4c998891b00d2493a1bb [LEADER]: Connected to new peer: Peer: 6f1af300e1d549d6b1cdd8bf3b9aeb9c, Is new: false, Last received: 0.0, Next index: 1, Last known committed idx: 0, Last exchange result: ERROR, Needs tablet copy: false
I0727 05:19:35.825314 20919 raft_consensus.cc:2419] T 020eb3c208fc4b37b2abc15f8cebb504 P b497dbd6bd1a4c998891b00d2493a1bb [term 0 FOLLOWER]: Advancing to term 1
I0727 05:19:35.825330 20919 raft_consensus.cc:2372] T 020eb3c208fc4b37b2abc15f8cebb504 P b497dbd6bd1a4c998891b00d2493a1bb: Snoozing failure detection for election timeout plus an additional 1.517s
I0727 05:19:35.825472 50046 consensus_queue.cc:722] T b382020a5c7d4f2a862ed850c12460b6 P b497dbd6bd1a4c998891b00d2493a1bb [LEADER]: Connected to new peer: Peer: 3a3c735705964e1badb66c37a66a9096, Is new: false, Last received: 0.0, Next index: 1, Last known committed idx: 0, Last exchange result: ERROR, Needs tablet copy: false
I0727 05:19:35.825597 20919 raft_consensus.cc:1943] T 020eb3c208fc4b37b2abc15f8cebb504 P b497dbd6bd1a4c998891b00d2493a1bb [term 1 FOLLOWER]: Leader election vote request: Granting yes vote for candidate 3a3c735705964e1badb66c37a66a9096 in term 1.
I0727 05:19:36.059185 20919 raft_consensus.cc:944] T 1c510e0d964a4698ae860452cec4e61e P b497dbd6bd1a4c998891b00d2493a1bb [term 1 FOLLOWER]: Refusing update from remote peer 3a3c735705964e1badb66c37a66a9096: Log matching property violated. Preceding OpId in replica: term: 0 index: 0. Preceding OpId from leader: term: 1 index: 1. (index mismatch)
I0727 05:19:36.103374 20919 raft_consensus.cc:944] T 020eb3c208fc4b37b2abc15f8cebb504 P b497dbd6bd1a4c998891b00d2493a1bb [term 1 FOLLOWER]: Refusing update from remote peer 3a3c735705964e1badb66c37a66a9096: Log matching property violated. Preceding OpId in replica: term: 0 index: 0. Preceding OpId from leader: term: 1 index: 1. (index mismatch)
I0727 05:19:39.090862 20878 tablet_service.cc:672] Processing CreateTablet for tablet b527d368019249599a210c7bbf525db5 (table=impala::tpch_kudu.customer [id=67406c80bcc044acb11a24126e9ea92c]), partition=HASH (c_custkey) PARTITION 0
I0727 05:19:39.090878 20879 tablet_service.cc:672] Processing CreateTablet for tablet b7f22598900d483984eba5952aea5f08 (table=impala::tpch_kudu.customer [id=67406c80bcc044acb11a24126e9ea92c]), partition=HASH (c_custkey) PARTITION 1
I0727 05:19:39.090888 20880 tablet_service.cc:672] Processing CreateTablet for tablet 77cf034c03eb4eddb529227c2b20d290 (table=impala::tpch_kudu.customer [id=67406c80bcc044acb11a24126e9ea92c]), partition=HASH (c_custkey) PARTITION 2
I0727 05:19:39.091455 20878 ts_tablet_manager.cc:871] T b527d368019249599a210c7bbf525db5 P b497dbd6bd1a4c998891b00d2493a1bb: Registered tablet (data state: TABLET_DATA_READY)
I0727 05:19:39.091680 20880 ts_tablet_manager.cc:871] T 77cf034c03eb4eddb529227c2b20d290 P b497dbd6bd1a4c998891b00d2493a1bb: Registered tablet (data state: TABLET_DATA_READY)
I0727 05:19:39.091688 114937 ts_tablet_manager.cc:741] T b527d368019249599a210c7bbf525db5 P b497dbd6bd1a4c998891b00d2493a1bb: Bootstrapping tablet
I0727 05:19:39.091733 114937 tablet_bootstrap.cc:406] T b527d368019249599a210c7bbf525db5 P b497dbd6bd1a4c998891b00d2493a1bb: Bootstrap starting.
I0727 05:19:39.091711 20879 ts_tablet_manager.cc:871] T b7f22598900d483984eba5952aea5f08 P b497dbd6bd1a4c998891b00d2493a1bb: Registered tablet (data state: TABLET_DATA_READY)
I0727 05:19:39.091791 20880 tablet_service.cc:672] Processing CreateTablet for tablet 1b3e76dbf2af4466b479aee23d5c5771 (table=impala::tpch_kudu.customer [id=67406c80bcc044acb11a24126e9ea92c]), partition=HASH (c_custkey) PARTITION 3
I0727 05:19:39.091800 20878 tablet_service.cc:672] Processing CreateTablet for tablet c92def59ea674dee8fad5c451af37680 (table=impala::tpch_kudu.customer [id=67406c80bcc044acb11a24126e9ea92c]), partition=HASH (c_custkey) PARTITION 4
I0727 05:19:39.091845 20879 tablet_service.cc:672] Processing CreateTablet for tablet 87683d05eb28433ea34685721696c514 (table=impala::tpch_kudu.customer [id=67406c80bcc044acb11a24126e9ea92c]), partition=HASH (c_custkey) PARTITION 5
I0727 05:19:39.091856 20876 tablet_service.cc:672] Processing CreateTablet for tablet fcd58aa23721482080a7e081f5a3ba82 (table=impala::tpch_kudu.customer [id=67406c80bcc044acb11a24126e9ea92c]), partition=HASH (c_custkey) PARTITION 6
I0727 05:19:39.091910 114937 tablet_bootstrap.cc:547] T b527d368019249599a210c7bbf525db5 P b497dbd6bd1a4c998891b00d2493a1bb: No blocks or log segments found. Creating new log.
I0727 05:19:39.092269 20880 ts_tablet_manager.cc:871] T 1b3e76dbf2af4466b479aee23d5c5771 P b497dbd6bd1a4c998891b00d2493a1bb: Registered tablet (data state: TABLET_DATA_READY)
I0727 05:19:39.092355 114937 tablet_bootstrap.cc:406] T b527d368019249599a210c7bbf525db5 P b497dbd6bd1a4c998891b00d2493a1bb: No bootstrap required, opened a new log
I0727 05:19:39.092372 114937 ts_tablet_manager.cc:746] T b527d368019249599a210c7bbf525db5 P b497dbd6bd1a4c998891b00d2493a1bb: Time spent bootstrapping tablet: real 0.001s	user 0.000s	sys 0.000s
I0727 05:19:39.092459 20878 ts_tablet_manager.cc:871] T c92def59ea674dee8fad5c451af37680 P b497dbd6bd1a4c998891b00d2493a1bb: Registered tablet (data state: TABLET_DATA_READY)
I0727 05:19:39.092509 20879 ts_tablet_manager.cc:871] T 87683d05eb28433ea34685721696c514 P b497dbd6bd1a4c998891b00d2493a1bb: Registered tablet (data state: TABLET_DATA_READY)
I0727 05:19:39.092633 20876 ts_tablet_manager.cc:871] T fcd58aa23721482080a7e081f5a3ba82 P b497dbd6bd1a4c998891b00d2493a1bb: Registered tablet (data state: TABLET_DATA_READY)
I0727 05:19:39.092684 114937 raft_consensus.cc:284] T b527d368019249599a210c7bbf525db5 P b497dbd6bd1a4c998891b00d2493a1bb [term 0 FOLLOWER]: Replica starting. Triggering 0 pending transactions. Active config: opid_index: -1 OBSOLETE_local: false peers { permanent_uuid: "b497dbd6bd1a4c998891b00d2493a1bb" member_type: VOTER last_known_addr { host: "ip-172-31-12-168" port: 31202 } } peers { permanent_uuid: "3a3c735705964e1badb66c37a66a9096" member_type: VOTER last_known_addr { host: "ip-172-31-12-168" port: 31200 } } peers { permanent_uuid: "6f1af300e1d549d6b1cdd8bf3b9aeb9c" member_type: VOTER last_known_addr { host: "ip-172-31-12-168" port: 31201 } }
I0727 05:19:39.092697 114937 raft_consensus.cc:316] T b527d368019249599a210c7bbf525db5 P b497dbd6bd1a4c998891b00d2493a1bb [term 0 FOLLOWER]: Consensus starting up: Expiring failure detector timer to make a prompt election more likely
I0727 05:19:39.092703 114937 raft_consensus.cc:560] T b527d368019249599a210c7bbf525db5 P b497dbd6bd1a4c998891b00d2493a1bb [term 0 FOLLOWER]: Becoming Follower/Learner. State: Replica: b497dbd6bd1a4c998891b00d2493a1bb, State: Running, Role: FOLLOWER
I0727 05:19:39.092711 114937 consensus_queue.cc:186] T b527d368019249599a210c7bbf525db5 P b497dbd6bd1a4c998891b00d2493a1bb [NON_LEADER]: Queue going to NON_LEADER mode. State: All replicated index: 0, Majority replicated index: 0, Committed index: 0, Last appended: 0.0, Last appended by leader: 0, Current term: 0, Majority size: -1, State: 1, Mode: NON_LEADER
I0727 05:19:39.092728 20876 tablet_service.cc:672] Processing CreateTablet for tablet 9e6ed7b958d744bc8124ce8c2598566e (table=impala::tpch_kudu.customer [id=67406c80bcc044acb11a24126e9ea92c]), partition=HASH (c_custkey) PARTITION 7
I0727 05:19:39.092751 20879 tablet_service.cc:672] Processing CreateTablet for tablet 8a8310ac4ee8407084fc03f93142f160 (table=impala::tpch_kudu.customer [id=67406c80bcc044acb11a24126e9ea92c]), partition=HASH (c_custkey) PARTITION 8
I0727 05:19:39.092775 114937 ts_tablet_manager.cc:775] T b527d368019249599a210c7bbf525db5 P b497dbd6bd1a4c998891b00d2493a1bb: Time spent starting tablet: real 0.000s	user 0.000s	sys 0.000s
I0727 05:19:39.092783 114937 ts_tablet_manager.cc:741] T 77cf034c03eb4eddb529227c2b20d290 P b497dbd6bd1a4c998891b00d2493a1bb: Bootstrapping tablet
I0727 05:19:39.092787 114937 tablet_bootstrap.cc:406] T 77cf034c03eb4eddb529227c2b20d290 P b497dbd6bd1a4c998891b00d2493a1bb: Bootstrap starting.
I0727 05:19:39.092897 114937 tablet_bootstrap.cc:547] T 77cf034c03eb4eddb529227c2b20d290 P b497dbd6bd1a4c998891b00d2493a1bb: No blocks or log segments found. Creating new log.
I0727 05:19:39.093277 114937 tablet_bootstrap.cc:406] T 77cf034c03eb4eddb529227c2b20d290 P b497dbd6bd1a4c998891b00d2493a1bb: No bootstrap required, opened a new log
I0727 05:19:39.093287 20876 ts_tablet_manager.cc:871] T 9e6ed7b958d744bc8124ce8c2598566e P b497dbd6bd1a4c998891b00d2493a1bb: Registered tablet (data state: TABLET_DATA_READY)
I0727 05:19:39.093293 114937 ts_tablet_manager.cc:746] T 77cf034c03eb4eddb529227c2b20d290 P b497dbd6bd1a4c998891b00d2493a1bb: Time spent bootstrapping tablet: real 0.001s	user 0.000s	sys 0.000s
I0727 05:19:39.093318 20879 ts_tablet_manager.cc:871] T 8a8310ac4ee8407084fc03f93142f160 P b497dbd6bd1a4c998891b00d2493a1bb: Registered tablet (data state: TABLET_DATA_READY)
I0727 05:19:39.093559 114937 raft_consensus.cc:284] T 77cf034c03eb4eddb529227c2b20d290 P b497dbd6bd1a4c998891b00d2493a1bb [term 0 FOLLOWER]: Replica starting. Triggering 0 pending transactions. Active config: opid_index: -1 OBSOLETE_local: false peers { permanent_uuid: "b497dbd6bd1a4c998891b00d2493a1bb" member_type: VOTER last_known_addr { host: "ip-172-31-12-168" port: 31202 } } peers { permanent_uuid: "3a3c735705964e1badb66c37a66a9096" member_type: VOTER last_known_addr { host: "ip-172-31-12-168" port: 31200 } } peers { permanent_uuid: "6f1af300e1d549d6b1cdd8bf3b9aeb9c" member_type: VOTER last_known_addr { host: "ip-172-31-12-168" port: 31201 } }
I0727 05:19:39.093575 114937 raft_consensus.cc:316] T 77cf034c03eb4eddb529227c2b20d290 P b497dbd6bd1a4c998891b00d2493a1bb [term 0 FOLLOWER]: Consensus starting up: Expiring failure detector timer to make a prompt election more likely
I0727 05:19:39.093576 114937 raft_consensus.cc:560] T 77cf034c03eb4eddb529227c2b20d290 P b497dbd6bd1a4c998891b00d2493a1bb [term 0 FOLLOWER]: Becoming Follower/Learner. State: Replica: b497dbd6bd1a4c998891b00d2493a1bb, State: Running, Role: FOLLOWER
I0727 05:19:39.093585 114937 consensus_queue.cc:186] T 77cf034c03eb4eddb529227c2b20d290 P b497dbd6bd1a4c998891b00d2493a1bb [NON_LEADER]: Queue going to NON_LEADER mode. State: All replicated index: 0, Majority replicated index: 0, Committed index: 0, Last appended: 0.0, Last appended by leader: 0, Current term: 0, Majority size: -1, State: 1, Mode: NON_LEADER
I0727 05:19:39.093628 114937 ts_tablet_manager.cc:775] T 77cf034c03eb4eddb529227c2b20d290 P b497dbd6bd1a4c998891b00d2493a1bb: Time spent starting tablet: real 0.000s	user 0.000s	sys 0.000s
I0727 05:19:39.093642 114937 ts_tablet_manager.cc:741] T b7f22598900d483984eba5952aea5f08 P b497dbd6bd1a4c998891b00d2493a1bb: Bootstrapping tablet
I0727 05:19:39.093647 114937 tablet_bootstrap.cc:406] T b7f22598900d483984eba5952aea5f08 P b497dbd6bd1a4c998891b00d2493a1bb: Bootstrap starting.
I0727 05:19:39.093741 114937 tablet_bootstrap.cc:547] T b7f22598900d483984eba5952aea5f08 P b497dbd6bd1a4c998891b00d2493a1bb: No blocks or log segments found. Creating new log.
I0727 05:19:39.094110 114937 tablet_bootstrap.cc:406] T b7f22598900d483984eba5952aea5f08 P b497dbd6bd1a4c998891b00d2493a1bb: No bootstrap required, opened a new log
I0727 05:19:39.094125 114937 ts_tablet_manager.cc:746] T b7f22598900d483984eba5952aea5f08 P b497dbd6bd1a4c998891b00d2493a1bb: Time spent bootstrapping tablet: real 0.000s	user 0.000s	sys 0.000s
