I0123 04:41:38.299783 11246 catalog-server.cc:71] ExecDdl(): response=TDdlExecResponse { 01: result (struct) = TCatalogUpdateResult { 01: catalog_service_id (struct) = TUniqueId { 01: hi (i64) = -6917924894998835703, 02: lo (i64) = -6656754584041086504, }, 02: version (i64) = 45772, 03: status (struct) = TStatus { 01: status_code (i32) = 0, 02: error_msgs (list) = list[0] { }, }, 05: removed_catalog_object_DEPRECATED (struct) = TCatalogObject { 01: type (i32) = 3, 02: catalog_version (i64) = 45772, 05: table (struct) = TTable { 01: db_name (string) = "staging", 02: tbl_name (string) = "phanal_20170123_044035_bundle", }, }, }, }
I0123 04:41:38.299878 11246 rpc-trace.cc:194] RPC call: catalog-server:CatalogService.ExecDdl from 10.153.201.20:38750 took 634.000ms
I0123 04:41:38.431377 11231 rpc-trace.cc:184] RPC call: StatestoreSubscriber.UpdateState(from 10.153.201.11:51415)
I0123 04:41:38.431594 11231 rpc-trace.cc:194] RPC call: statestore-subscriber:StatestoreSubscriber.UpdateState from 10.153.201.11:51415 took 0.000ns
I0123 04:41:38.585572 11226 catalog-server.cc:316] Publishing update: TABLE:history_staging.bundle@45771
I0123 04:41:38.603123 11226 catalog-server.cc:316] Publishing update: CATALOG:9ffe97f5f2c34e09:a39e74f98d4721d8@45772
I0123 04:41:38.603140 11226 catalog-server.cc:335] Publishing deletion: TABLE:staging.phanal_20170123_044035_bundle
I0123 04:41:38.621934 11232 rpc-trace.cc:184] RPC call: StatestoreSubscriber.Heartbeat(from 10.153.201.11:51416)
I0123 04:41:38.622027 11232 rpc-trace.cc:194] RPC call: statestore-subscriber:StatestoreSubscriber.Heartbeat from 10.153.201.11:51416 took 0.000ns
I0123 04:41:39.037768 11246 rpc-trace.cc:184] RPC call: CatalogService.ExecDdl(from 10.153.201.20:38750)
I0123 04:41:39.037907 11246 catalog-server.cc:65] ExecDdl(): request=TDdlExecRequest { 01: protocol_version (i32) = 0, 02: ddl_type (i32) = 10, 11: drop_table_or_view_params (struct) = TDropTableOrViewParams { 01: table_name (struct) = TTableName { 01: db_name (string) = "staging", 02: table_name (string) = "phanal_20170123_044035_bundle", }, 02: if_exists (bool) = true, 03: purge (bool) = false, 04: is_table (bool) = true, }, 17: header (struct) = TCatalogServiceRequestHeader { 01: requesting_user (string) = "phanalytics-staging@PHONEHOME.VMWARE.COM", }, }
I0123 04:41:39.038331 11246 CatalogOpExecutor.java:1156] Dropping table/view staging.phanal_20170123_044035_bundle
I0123 04:41:39.038512 11246 catalog-server.cc:71] ExecDdl(): response=TDdlExecResponse { 01: result (struct) = TCatalogUpdateResult { 01: catalog_service_id (struct) = TUniqueId { 01: hi (i64) = -6917924894998835703, 02: lo (i64) = -6656754584041086504, }, 02: version (i64) = 0, 03: status (struct) = TStatus { 01: status_code (i32) = 0, 02: error_msgs (list) = list[0] { }, }, }, }
I0123 04:41:39.038657 11246 rpc-trace.cc:194] RPC call: catalog-server:CatalogService.ExecDdl from 10.153.201.20:38750 took 0.000ns
I0123 04:41:39.623353 11232 rpc-trace.cc:184] RPC call: StatestoreSubscriber.Heartbeat(from 10.153.201.11:51416)
I0123 04:41:39.623531 11232 rpc-trace.cc:194] RPC call: statestore-subscriber:StatestoreSubscriber.Heartbeat from 10.153.201.11:51416 took 0.000ns
I0123 04:41:40.432397 11231 rpc-trace.cc:184] RPC call: StatestoreSubscriber.UpdateState(from 10.153.201.11:51415)
I0123 04:41:40.433264 11231 rpc-trace.cc:194] RPC call: statestore-subscriber:StatestoreSubscriber.UpdateState from 10.153.201.11:51415 took 1.000ms
I0123 04:41:40.624272 11232 rpc-trace.cc:184] RPC call: StatestoreSubscriber.Heartbeat(from 10.153.201.11:51416)
I0123 04:41:40.624461 11232 rpc-trace.cc:194] RPC call: statestore-subscriber:StatestoreSubscriber.Heartbeat from 10.153.201.11:51416 took 0.000ns
I0123 04:41:41.624851 11232 rpc-trace.cc:184] RPC call: StatestoreSubscriber.Heartbeat(from 10.153.201.11:51416)
I0123 04:41:41.624960 11232 rpc-trace.cc:194] RPC call: statestore-subscriber:StatestoreSubscriber.Heartbeat from 10.153.201.11:51416 took 0.000ns
I0123 04:41:42.435643 11231 rpc-trace.cc:184] RPC call: StatestoreSubscriber.UpdateState(from 10.153.201.11:51415)
I0123 04:41:42.438417 11231 rpc-trace.cc:194] RPC call: statestore-subscriber:StatestoreSubscriber.UpdateState from 10.153.201.11:51415 took 3.000ms
I0123 04:41:42.624577 11232 rpc-trace.cc:184] RPC call: StatestoreSubscriber.Heartbeat(from 10.153.201.11:51416)
I0123 04:41:42.624780 11232 rpc-trace.cc:194] RPC call: statestore-subscriber:StatestoreSubscriber.Heartbeat from 10.153.201.11:51416 took 1.000ms
I0123 04:41:43.625042 11232 rpc-trace.cc:184] RPC call: StatestoreSubscriber.Heartbeat(from 10.153.201.11:51416)
I0123 04:41:43.625149 11232 rpc-trace.cc:194] RPC call: statestore-subscriber:StatestoreSubscriber.Heartbeat from 10.153.201.11:51416 took 0.000ns
I0123 04:41:44.439139 11231 rpc-trace.cc:184] RPC call: StatestoreSubscriber.UpdateState(from 10.153.201.11:51415)
I0123 04:41:44.439401 11231 rpc-trace.cc:194] RPC call: statestore-subscriber:StatestoreSubscriber.UpdateState from 10.153.201.11:51415 took 0.000ns
I0123 04:41:44.625669 11232 rpc-trace.cc:184] RPC call: StatestoreSubscriber.Heartbeat(from 10.153.201.11:51416)
I0123 04:41:44.625826 11232 rpc-trace.cc:194] RPC call: statestore-subscriber:StatestoreSubscriber.Heartbeat from 10.153.201.11:51416 took 1.000ms
I0123 04:41:45.625905 11232 rpc-trace.cc:184] RPC call: StatestoreSubscriber.Heartbeat(from 10.153.201.11:51416)
I0123 04:41:45.626102 11232 rpc-trace.cc:194] RPC call: statestore-subscriber:StatestoreSubscriber.Heartbeat from 10.153.201.11:51416 took 0.000ns
I0123 04:41:45.695436 11246 rpc-trace.cc:184] RPC call: CatalogService.ExecDdl(from 10.153.201.20:38750)
I0123 04:41:45.695600 11246 catalog-server.cc:65] ExecDdl(): request=TDdlExecRequest { 01: protocol_version (i32) = 0, 02: ddl_type (i32) = 10, 11: drop_table_or_view_params (struct) = TDropTableOrViewParams { 01: table_name (struct) = TTableName { 01: db_name (string) = "staging", 02: table_name (string) = "phanal_20170123_044035_bundle_debug_info", }, 02: if_exists (bool) = true, 03: purge (bool) = false, 04: is_table (bool) = true, }, 17: header (struct) = TCatalogServiceRequestHeader { 01: requesting_user (string) = "phanalytics-staging@PHONEHOME.VMWARE.COM", }, }
I0123 04:41:45.696015 11246 CatalogOpExecutor.java:1156] Dropping table/view staging.phanal_20170123_044035_bundle_debug_info
I0123 04:41:45.696131 11246 catalog-server.cc:71] ExecDdl(): response=TDdlExecResponse { 01: result (struct) = TCatalogUpdateResult { 01: catalog_service_id (struct) = TUniqueId { 01: hi (i64) = -6917924894998835703, 02: lo (i64) = -6656754584041086504, }, 02: version (i64) = 0, 03: status (struct) = TStatus { 01: status_code (i32) = 0, 02: error_msgs (list) = list[0] { }, }, }, }
I0123 04:41:45.696187 11246 rpc-trace.cc:194] RPC call: catalog-server:CatalogService.ExecDdl from 10.153.201.20:38750 took 1.000ms
I0123 04:41:45.737635 11246 rpc-trace.cc:184] RPC call: CatalogService.ExecDdl(from 10.153.201.20:38750)
I0123 04:41:45.738054 11246 catalog-server.cc:65] ExecDdl(): request=TDdlExecRequest { 01: protocol_version (i32) = 0, 02: ddl_type (i32) = 3, 06: create_table_params (struct) = TCreateTableParams { 01: table_name (struct) = TTableName { 01: db_name (string) = "staging", 02: table_name (string) = "phanal_20170123_044035_bundle_debug_info", }, 02: columns (list) = list[12] { [0] = TColumn { 01: columnName (string) = "id", 02: columnType (struct) = TColumnType { 01: types (list) = list[1] { [0] = TTypeNode { 01: type (i32) = 0, 02: scalar_type (struct) = TScalarType { 01: type (i32) = 12, }, }, }, }, 03: comment (string) = "Inferred from Parquet file.", }, [1] = TColumn { 01: columnName (string) = "job_name", 02: columnType (struct) = TColumnType { 01: types (list) = list[1] { [0] = TTypeNode { 01: type (i32) = 0, 02: scalar_type (struct) = TScalarType { 01: type (i32) = 12, }, }, }, }, 03: comment (string) = "Inferred from Parquet file.", }, [2] = TColumn { 01: columnName (string) = "job_id", 02: columnType (struct) = TColumnType { 01: types (list) = list[1] { [0] = TTypeNode { 01: type (i32) = 0, 02: scalar_type (struct) = TScalarType { 01: type (i32) = 12, }, }, }, }, 03: comment (string) = "Inferred from Parquet file.", }, [3] = TColumn { 01: columnName (string) = "sequence_file_name", 02: columnType (struct) = TColumnType { 01: types (list) = list[1] { [0] = TTypeNode { 01: type (i32) = 0, 02: scalar_type (struct) = TScalarType { 01: type (i32) = 12, }, }, }, }, 03: comment (string) = "Inferred from Parquet file.", }, [4] = TColumn { 01: columnName (string) = "pa__is_external", 02: columnType (struct) = TColumnType { 01: types (list) = list[1] { [0] = TTypeNode { 01: type (i32) = 0, 02: scalar_type (struct) = TScalarType { 01: type (i32) = 2, }, }, }, }, 03: comment (string) = "Inferred from Parquet file.", }, [5] = TColumn { 01: columnName (string) = "pa__collector_instance_id", 02: columnType (struct) = TColumnType { 01: types (list) = list[1] { [0] = TTypeNode { 01: type (i32) = 0, 02: scalar_type (struct) = TScalarType { 01: type (i32) = 12, }, }, }, }, 03: comment (string) = "Inferred from Parquet file.", }, [6] = TColumn { 01: columnName (string) = "pa__bundle__fk", 02: columnType (struct) = TColumnType { 01: types (list) = list[1] { [0] = TTypeNode { 01: type (i32) = 0, 02: scalar_type (struct) = TScalarType { 01: type (i32) = 12, }, }, }, }, 03: comment (string) = "Inferred from Parquet file.", }, [7] = TColumn { 01: columnName (string) = "pa__arrival_ts", 02: columnType (struct) = TColumnType { 01: types (list) = list[1] { [0] = TTypeNode { 01: type (i32) = 0, 02: scalar_type (struct) = TScalarType { 01: type (i32) = 11, }, }, }, }, 03: comment (string) = "Inferred from Parquet file.", }, [8] = TColumn { 01: columnName (string) = "pa__processed_ts", 02: columnType (struct) = TColumnType { 01: types (list) = list[1] { [0] = TTypeNode { 01: type (i32) = 0, 02: scalar_type (struct) = TScalarType { 01: type (i32) = 11, }, }, }, }, 03: comment (string) = "Inferred from Parquet file.", }, [9] = TColumn { 01: columnName (string) = "pa__arrival_day", 02: columnType (struct) = TColumnType { 01: types (list) = list[1] { [0] = TTypeNode { 01: type (i32) = 0, 02: scalar_type (struct) = TScalarType { 01: type (i32) = 6, }, }, }, }, 03: comment (string) = "Inferred from Parquet file.", }, [10] = TColumn { 01: columnName (string) = "pa__collector_id", 02: columnType (struct) = TColumnType { 01: types (list) = list[1] { [0] = TTypeNode { 01: type (i32) = 0, 02: scalar_type (struct) = TScalarType { 01: type (i32) = 12, }, }, }, }, 03: comment (string) = "Inferred from Parquet file.", }, [11] = TColumn { 01: columnName (string) = "pa__schema_version", 02: columnType (struct) = TColumnType { 01: types (list) = list[1] { [0] = TTypeNode { 01: type (i32) = 0, 02: scalar_type (struct) = TScalarType { 01: type (i32) = 6, }, }, }, }, 03: comment (string) = "Inferred from Parquet file.", }, }, 04: file_format (i32) = 4, 05: is_external (bool) = true, 06: if_not_exists (bool) = false, 07: owner (string) = "phanalytics-staging@PHONEHOME.VMWARE.COM", 08: row_format (struct) = TTableRowFormat { }, 10: location (string) = "hdfs://ph-hdp-prd-nn01:8020/user/etl/staging/staging__snapshot_staging/parquet/phanalytics.dev/bundle_debug_info", }, 17: header (struct) = TCatalogServiceRequestHeader { 01: requesting_user (string) = "phanalytics-staging@PHONEHOME.VMWARE.COM", }, }
I0123 04:41:45.738781 11246 CatalogOpExecutor.java:1367] Creating table staging.phanal_20170123_044035_bundle_debug_info
I0123 04:41:45.789788 11246 catalog-server.cc:71] ExecDdl(): response=TDdlExecResponse { 01: result (struct) = TCatalogUpdateResult { 01: catalog_service_id (struct) = TUniqueId { 01: hi (i64) = -6917924894998835703, 02: lo (i64) = -6656754584041086504, }, 02: version (i64) = 45773, 03: status (struct) = TStatus { 01: status_code (i32) = 0, 02: error_msgs (list) = list[0] { }, }, 04: updated_catalog_object_DEPRECATED (struct) = TCatalogObject { 01: type (i32) = 3, 02: catalog_version (i64) = 45773, 05: table (struct) = TTable { 01: db_name (string) = "staging", 02: tbl_name (string) = "phanal_20170123_044035_bundle_debug_info", 04: id (i32) = 19558, }, }, }, }
I0123 04:41:45.789855 11246 rpc-trace.cc:194] RPC call: catalog-server:CatalogService.ExecDdl from 10.153.201.20:38750 took 53.000ms
I0123 04:41:46.036819 11246 rpc-trace.cc:184] RPC call: CatalogService.PrioritizeLoad(from 10.153.201.20:38750)
I0123 04:41:46.037158 11246 catalog-server.cc:127] PrioritizeLoad(): request=TPrioritizeLoadRequest { 01: protocol_version (i32) = 0, 02: header (struct) = TCatalogServiceRequestHeader { }, 03: object_descs (list) = list[1] { [0] = TCatalogObject { 01: type (i32) = 3, 02: catalog_version (i64) = 0, 05: table (struct) = TTable { 01: db_name (string) = "staging", 02: tbl_name (string) = "phanal_20170123_044035_bundle_debug_info", }, }, }, }
I0123 04:41:46.037353 11246 catalog-server.cc:133] PrioritizeLoad(): response=TPrioritizeLoadResponse { 01: status (struct) = TStatus { 01: status_code (i32) = 0, 02: error_msgs (list) = list[0] { }, }, }
I0123 04:41:46.037423 11246 rpc-trace.cc:194] RPC call: catalog-server:CatalogService.PrioritizeLoad from 10.153.201.20:38750 took 0.000ns
I0123 04:41:46.037591 11201 TableLoadingMgr.java:281] Loading next table. Remaining items in queue: 0
I0123 04:41:46.037853 12040 TableLoader.java:59] Loading metadata for: staging.phanal_20170123_044035_bundle_debug_info
I0123 04:41:46.060441 12040 Table.java:161] Loading column stats for table: phanal_20170123_044035_bundle_debug_info
I0123 04:41:46.085839 12040 HdfsTable.java:1030] load table from Hive Metastore: staging.phanal_20170123_044035_bundle_debug_info
I0123 04:41:46.090950 12040 MetaStoreUtil.java:129] Fetching 0 partitions for: staging.phanal_20170123_044035_bundle_debug_info using partition batch size: 1000
I0123 04:41:46.093982 12040 HdfsTable.java:348] load block md for phanal_20170123_044035_bundle_debug_info file bundle_debug_info-r-00000-d6466eca-be89-4955-a673-90123dba3860.parquet
I0123 04:41:46.095847 12040 HdfsTable.java:348] load block md for phanal_20170123_044035_bundle_debug_info file bundle_debug_info-r-00001-8ae4986d-0ba2-4f0d-84cf-d82116c5fed1.parquet
I0123 04:41:46.100164 12040 FsPermissionChecker.java:290] No ACLs retrieved, skipping ACLs check (HDFS will enforce ACLs) Java exception follows: org.apache.hadoop.hdfs.protocol.AclException: The ACL operation has been rejected. Support for ACLs has been disabled by setting dfs.namenode.acls.enabled to false.
at org.apache.hadoop.hdfs.server.namenode.NNConf.checkAclsConfigFlag(NNConf.java:85)
at org.apache.hadoop.hdfs.server.namenode.FSNamesystem.getAclStatus(FSNamesystem.java:9094)
at org.apache.hadoop.hdfs.server.namenode.NameNodeRpcServer.getAclStatus(NameNodeRpcServer.java:1617)
at org.apache.hadoop.hdfs.server.namenode.AuthorizationProviderProxyClientProtocol.getAclStatus(AuthorizationProviderProxyClientProtocol.java:907)
at org.apache.hadoop.hdfs.protocolPB.ClientNamenodeProtocolServerSideTranslatorPB.getAclStatus(ClientNamenodeProtocolServerSideTranslatorPB.java:1325)
at org.apache.hadoop.hdfs.protocol.proto.ClientNamenodeProtocolProtos$ClientNamenodeProtocol$2.callBlockingMethod(ClientNamenodeProtocolProtos.java)
at org.apache.hadoop.ipc.ProtobufRpcEngine$Server$ProtoBufRpcInvoker.call(ProtobufRpcEngine.java:617)
at org.apache.hadoop.ipc.RPC$Server.call(RPC.java:1073)
at org.apache.hadoop.ipc.Server$Handler$1.run(Server.java:2086)
at org.apache.hadoop.ipc.Server$Handler$1.run(Server.java:2082)
at java.security.AccessController.doPrivileged(Native Method)
at javax.security.auth.Subject.doAs(Subject.java:422)
at org.apache.hadoop.security.UserGroupInformation.doAs(UserGroupInformation.java:1698)
at org.apache.hadoop.ipc.Server$Handler.run(Server.java:2080)
at sun.reflect.GeneratedConstructorAccessor14.newInstance(Unknown Source)
at sun.reflect.DelegatingConstructorAccessorImpl.newInstance(DelegatingConstructorAccessorImpl.java:45)
at java.lang.reflect.Constructor.newInstance(Constructor.java:423)
at org.apache.hadoop.ipc.RemoteException.instantiateException(RemoteException.java:106)
at org.apache.hadoop.ipc.RemoteException.unwrapRemoteException(RemoteException.java:73)
at org.apache.hadoop.hdfs.DFSClient.getAclStatus(DFSClient.java:3344)
at org.apache.hadoop.hdfs.DistributedFileSystem$41.doCall(DistributedFileSystem.java:1983)
at org.apache.hadoop.hdfs.DistributedFileSystem$41.doCall(DistributedFileSystem.java:1980)
at org.apache.hadoop.fs.FileSystemLinkResolver.resolve(FileSystemLinkResolver.java:81)
at org.apache.hadoop.hdfs.DistributedFileSystem.getAclStatus(DistributedFileSystem.java:1980)
at com.cloudera.impala.util.FsPermissionChecker.getPermissions(FsPermissionChecker.java:288)
at com.cloudera.impala.catalog.HdfsTable.getAvailableAccessLevel(HdfsTable.java:760)
at com.cloudera.impala.catalog.HdfsTable.createPartition(HdfsTable.java:844)
at com.cloudera.impala.catalog.HdfsTable.loadAllPartitions(HdfsTable.java:716)
at com.cloudera.impala.catalog.HdfsTable.load(HdfsTable.java:1035)
at com.cloudera.impala.catalog.HdfsTable.load(HdfsTable.java:982)
at com.cloudera.impala.catalog.TableLoader.load(TableLoader.java:81)
at com.cloudera.impala.catalog.TableLoadingMgr$2.call(TableLoadingMgr.java:232)
at com.cloudera.impala.catalog.TableLoadingMgr$2.call(TableLoadingMgr.java:229)
at java.util.concurrent.FutureTask.run(FutureTask.java:266)
at java.util.concurrent.ThreadPoolExecutor.runWorker(ThreadPoolExecutor.java:1142)
at java.util.concurrent.ThreadPoolExecutor$Worker.run(ThreadPoolExecutor.java:617)
at java.lang.Thread.run(Thread.java:745)
Caused by: org.apache.hadoop.ipc.RemoteException(org.apache.hadoop.hdfs.protocol.AclException): The ACL operation has been rejected. Support for ACLs has been disabled by setting dfs.namenode.acls.enabled to false.
at org.apache.hadoop.hdfs.server.namenode.NNConf.checkAclsConfigFlag(NNConf.java:85)
at org.apache.hadoop.hdfs.server.namenode.FSNamesystem.getAclStatus(FSNamesystem.java:9094)
at org.apache.hadoop.hdfs.server.namenode.NameNodeRpcServer.getAclStatus(NameNodeRpcServer.java:1617)
at org.apache.hadoop.hdfs.server.namenode.AuthorizationProviderProxyClientProtocol.getAclStatus(AuthorizationProviderProxyClientProtocol.java:907)
at org.apache.hadoop.hdfs.protocolPB.ClientNamenodeProtocolServerSideTranslatorPB.getAclStatus(ClientNamenodeProtocolServerSideTranslatorPB.java:1325)
at org.apache.hadoop.hdfs.protocol.proto.ClientNamenodeProtocolProtos$ClientNamenodeProtocol$2.callBlockingMethod(ClientNamenodeProtocolProtos.java)
at org.apache.hadoop.ipc.ProtobufRpcEngine$Server$ProtoBufRpcInvoker.call(ProtobufRpcEngine.java:617)
at org.apache.hadoop.ipc.RPC$Server.call(RPC.java:1073)
at org.apache.hadoop.ipc.Server$Handler$1.run(Server.java:2086)
at org.apache.hadoop.ipc.Server$Handler$1.run(Server.java:2082)
at java.security.AccessController.doPrivileged(Native Method)
at javax.security.auth.Subject.doAs(Subject.java:422)
at org.apache.hadoop.security.UserGroupInformation.doAs(UserGroupInformation.java:1698)
at org.apache.hadoop.ipc.Server$Handler.run(Server.java:2080)
at org.apache.hadoop.ipc.Client.call(Client.java:1471)
at org.apache.hadoop.ipc.Client.call(Client.java:1408)
at org.apache.hadoop.ipc.ProtobufRpcEngine$Invoker.invoke(ProtobufRpcEngine.java:230)
at com.sun.proxy.$Proxy10.getAclStatus(Unknown Source)
at org.apache.hadoop.hdfs.protocolPB.ClientNamenodeProtocolTranslatorPB.getAclStatus(ClientNamenodeProtocolTranslatorPB.java:1327)
at sun.reflect.GeneratedMethodAccessor12.invoke(Unknown Source)
at sun.reflect.DelegatingMethodAccessorImpl.invoke(DelegatingMethodAccessorImpl.java:43)
at java.lang.reflect.Method.invoke(Method.java:498)
at org.apache.hadoop.io.retry.RetryInvocationHandler.invokeMethod(RetryInvocationHandler.java:256)
at org.apache.hadoop.io.retry.RetryInvocationHandler.invoke(RetryInvocationHandler.java:104)
at com.sun.proxy.$Proxy11.getAclStatus(Unknown Source)
at org.apache.hadoop.hdfs.DFSClient.getAclStatus(DFSClient.java:3342)
... 17 more
I0123 04:41:46.104951 12040 FsPermissionChecker.java:290] No ACLs retrieved, skipping ACLs check (HDFS will enforce ACLs) Java exception follows: org.apache.hadoop.hdfs.protocol.AclException: The ACL operation has been rejected. Support for ACLs has been disabled by setting dfs.namenode.acls.enabled to false.
at org.apache.hadoop.hdfs.server.namenode.NNConf.checkAclsConfigFlag(NNConf.java:85)
at org.apache.hadoop.hdfs.server.namenode.FSNamesystem.getAclStatus(FSNamesystem.java:9094)
at org.apache.hadoop.hdfs.server.namenode.NameNodeRpcServer.getAclStatus(NameNodeRpcServer.java:1617)
at org.apache.hadoop.hdfs.server.namenode.AuthorizationProviderProxyClientProtocol.getAclStatus(AuthorizationProviderProxyClientProtocol.java:907)
at org.apache.hadoop.hdfs.protocolPB.ClientNamenodeProtocolServerSideTranslatorPB.getAclStatus(ClientNamenodeProtocolServerSideTranslatorPB.java:1325)
at org.apache.hadoop.hdfs.protocol.proto.ClientNamenodeProtocolProtos$ClientNamenodeProtocol$2.callBlockingMethod(ClientNamenodeProtocolProtos.java)
at org.apache.hadoop.ipc.ProtobufRpcEngine$Server$ProtoBufRpcInvoker.call(ProtobufRpcEngine.java:617)
at org.apache.hadoop.ipc.RPC$Server.call(RPC.java:1073)
at org.apache.hadoop.ipc.Server$Handler$1.run(Server.java:2086)
at org.apache.hadoop.ipc.Server$Handler$1.run(Server.java:2082)
at java.security.AccessController.doPrivileged(Native Method)
at javax.security.auth.Subject.doAs(Subject.java:422)
at org.apache.hadoop.security.UserGroupInformation.doAs(UserGroupInformation.java:1698)
at org.apache.hadoop.ipc.Server$Handler.run(Server.java:2080)
at sun.reflect.GeneratedConstructorAccessor14.newInstance(Unknown Source)
at sun.reflect.DelegatingConstructorAccessorImpl.newInstance(DelegatingConstructorAccessorImpl.java:45)
at java.lang.reflect.Constructor.newInstance(Constructor.java:423)
at org.apache.hadoop.ipc.RemoteException.instantiateException(RemoteException.java:106)
at org.apache.hadoop.ipc.RemoteException.unwrapRemoteException(RemoteException.java:73)
at org.apache.hadoop.hdfs.DFSClient.getAclStatus(DFSClient.java:3344)
at org.apache.hadoop.hdfs.DistributedFileSystem$41.doCall(DistributedFileSystem.java:1983)
at org.apache.hadoop.hdfs.DistributedFileSystem$41.doCall(DistributedFileSystem.java:1980)
at org.apache.hadoop.fs.FileSystemLinkResolver.resolve(FileSystemLinkResolver.java:81)
at org.apache.hadoop.hdfs.DistributedFileSystem.getAclStatus(DistributedFileSystem.java:1980)
at com.cloudera.impala.util.FsPermissionChecker.getPermissions(FsPermissionChecker.java:288)
at com.cloudera.impala.catalog.HdfsTable.getAvailableAccessLevel(HdfsTable.java:760)
at com.cloudera.impala.catalog.HdfsTable.loadAllPartitions(HdfsTable.java:722)
at com.cloudera.impala.catalog.HdfsTable.load(HdfsTable.java:1035)
at com.cloudera.impala.catalog.HdfsTable.load(HdfsTable.java:982)
at com.cloudera.impala.catalog.TableLoader.load(TableLoader.java:81)
at com.cloudera.impala.catalog.TableLoadingMgr$2.call(TableLoadingMgr.java:232)
at com.cloudera.impala.catalog.TableLoadingMgr$2.call(TableLoadingMgr.java:229)
at java.util.concurrent.FutureTask.run(FutureTask.java:266)
at java.util.concurrent.ThreadPoolExecutor.runWorker(ThreadPoolExecutor.java:1142)
at java.util.concurrent.ThreadPoolExecutor$Worker.run(ThreadPoolExecutor.java:617)
at java.lang.Thread.run(Thread.java:745)
Caused by: org.apache.hadoop.ipc.RemoteException(org.apache.hadoop.hdfs.protocol.AclException): The ACL operation has been rejected. Support for ACLs has been disabled by setting dfs.namenode.acls.enabled to false.
at org.apache.hadoop.hdfs.server.namenode.NNConf.checkAclsConfigFlag(NNConf.java:85)
at org.apache.hadoop.hdfs.server.namenode.FSNamesystem.getAclStatus(FSNamesystem.java:9094)
at org.apache.hadoop.hdfs.server.namenode.NameNodeRpcServer.getAclStatus(NameNodeRpcServer.java:1617)
at org.apache.hadoop.hdfs.server.namenode.AuthorizationProviderProxyClientProtocol.getAclStatus(AuthorizationProviderProxyClientProtocol.java:907)
at org.apache.hadoop.hdfs.protocolPB.ClientNamenodeProtocolServerSideTranslatorPB.getAclStatus(ClientNamenodeProtocolServerSideTranslatorPB.java:1325)
at org.apache.hadoop.hdfs.protocol.proto.ClientNamenodeProtocolProtos$ClientNamenodeProtocol$2.callBlockingMethod(ClientNamenodeProtocolProtos.java)
at org.apache.hadoop.ipc.ProtobufRpcEngine$Server$ProtoBufRpcInvoker.call(ProtobufRpcEngine.java:617)
at org.apache.hadoop.ipc.RPC$Server.call(RPC.java:1073)
at org.apache.hadoop.ipc.Server$Handler$1.run(Server.java:2086)
at org.apache.hadoop.ipc.Server$Handler$1.run(Server.java:2082)
at java.security.AccessController.doPrivileged(Native Method)
at javax.security.auth.Subject.doAs(Subject.java:422)
at org.apache.hadoop.security.UserGroupInformation.doAs(UserGroupInformation.java:1698)
at org.apache.hadoop.ipc.Server$Handler.run(Server.java:2080)
at org.apache.hadoop.ipc.Client.call(Client.java:1471)
at org.apache.hadoop.ipc.Client.call(Client.java:1408)
at org.apache.hadoop.ipc.ProtobufRpcEngine$Invoker.invoke(ProtobufRpcEngine.java:230)
at com.sun.proxy.$Proxy10.getAclStatus(Unknown Source)
at org.apache.hadoop.hdfs.protocolPB.ClientNamenodeProtocolTranslatorPB.getAclStatus(ClientNamenodeProtocolTranslatorPB.java:1327)
at sun.reflect.GeneratedMethodAccessor12.invoke(Unknown Source)
at sun.reflect.DelegatingMethodAccessorImpl.invoke(DelegatingMethodAccessorImpl.java:43)
at java.lang.reflect.Method.invoke(Method.java:498)
at org.apache.hadoop.io.retry.RetryInvocationHandler.invokeMethod(RetryInvocationHandler.java:256)
at org.apache.hadoop.io.retry.RetryInvocationHandler.invoke(RetryInvocationHandler.java:104)
at com.sun.proxy.$Proxy11.getAclStatus(Unknown Source)
at org.apache.hadoop.hdfs.DFSClient.getAclStatus(DFSClient.java:3342)
... 16 more
I0123 04:41:46.105939 12040 HdfsTable.java:441] Loading disk ids for: staging.phanal_20170123_044035_bundle_debug_info. nodes: 5. filesystem: hdfs://ph-hdp-prd-nn01:8020
I0123 04:41:46.440124 11231 rpc-trace.cc:184] RPC call: StatestoreSubscriber.UpdateState(from 10.153.201.11:51415)
I0123 04:41:46.440328 11231 rpc-trace.cc:194] RPC call: statestore-subscriber:StatestoreSubscriber.UpdateState from 10.153.201.11:51415 took 0.000ns
I0123 04:41:46.476122 11226 catalog-server.cc:316] Publishing update: TABLE:staging.phanal_20170123_044035_bundle_debug_info@45774
I0123 04:41:46.478312 11226 catalog-server.cc:316] Publishing update: CATALOG:9ffe97f5f2c34e09:a39e74f98d4721d8@45774
I0123 04:41:46.627131 11232 rpc-trace.cc:184] RPC call: StatestoreSubscriber.Heartbeat(from 10.153.201.11:51416)
I0123 04:41:46.627240 11232 rpc-trace.cc:194] RPC call: statestore-subscriber:StatestoreSubscriber.Heartbeat from 10.153.201.11:51416 took 0.000ns
I0123 04:41:47.628078 11232 rpc-trace.cc:184] RPC call: StatestoreSubscriber.Heartbeat(from 10.153.201.11:51416)
I0123 04:41:47.628183 11232 rpc-trace.cc:194] RPC call: statestore-subscriber:StatestoreSubscriber.Heartbeat from 10.153.201.11:51416 took 0.000ns
I0123 04:41:48.441113 11231 rpc-trace.cc:184] RPC call: StatestoreSubscriber.UpdateState(from 10.153.201.11:51415)
I0123 04:41:48.441413 11231 rpc-trace.cc:194] RPC call: statestore-subscriber:StatestoreSubscriber.UpdateState from 10.153.201.11:51415 took 0.000ns
I0123 04:41:48.628566 11232 rpc-trace.cc:184] RPC call: StatestoreSubscriber.Heartbeat(from 10.153.201.11:51416)
I0123 04:41:48.628742 11232 rpc-trace.cc:194] RPC call: statestore-subscriber:StatestoreSubscriber.Heartbeat from 10.153.201.11:51416 took 1.000ms
I0123 04:41:49.182054 11246 rpc-trace.cc:184] RPC call: CatalogService.UpdateCatalog(from 10.153.201.20:38750)
I0123 04:41:49.182209 11246 catalog-server.cc:90] UpdateCatalog(): request=TUpdateCatalogRequest { 01: protocol_version (i32) = 0, 02: header (struct) = TCatalogServiceRequestHeader { 01: requesting_user (string) = "phanalytics-staging@PHONEHOME.VMWARE.COM", }, 03: target_table (string) = "bundle_debug_info", 04: db_name (string) = "history_staging", 05: created_partitions (set) = set[1] { "pa__arrival_day=1485129600/pa__collector_id=phanalytics.dev/pa__schema_version=1/", }, }
W0123 04:41:49.241971 11246 MetaStoreUtils.java:338] Updating partition stats fast for: bundle_debug_info
W0123 04:41:49.245806 11246 MetaStoreUtils.java:341] Updated size to 1805
I0123 04:41:49.289463 11246 CatalogOpExecutor.java:2591] Updating lastDdlTime for table: bundle_debug_info
I0123 04:41:49.448922 11246 HdfsTable.java:1038] incremental update for table: history_staging.bundle_debug_info
I0123 04:41:49.448999 11246 HdfsTable.java:1103] sync table partitions: bundle_debug_info
I0123 04:41:49.470598 11246 MetaStoreUtil.java:129] Fetching 1 partitions for: history_staging.bundle_debug_info using partition batch size: 1000
I0123 04:41:49.488308 11246 HdfsTable.java:348] load block md for bundle_debug_info file a545b57680454f27-535175f900000000_683454875_data.0.parq
I0123 04:41:49.492763 11246 FsPermissionChecker.java:290] No ACLs retrieved, skipping ACLs check (HDFS will enforce ACLs) Java exception follows: org.apache.hadoop.hdfs.protocol.AclException: The ACL operation has been rejected. Support for ACLs has been disabled by setting dfs.namenode.acls.enabled to false.
at org.apache.hadoop.hdfs.server.namenode.NNConf.checkAclsConfigFlag(NNConf.java:85)
at org.apache.hadoop.hdfs.server.namenode.FSNamesystem.getAclStatus(FSNamesystem.java:9094)
at org.apache.hadoop.hdfs.server.namenode.NameNodeRpcServer.getAclStatus(NameNodeRpcServer.java:1617)
at org.apache.hadoop.hdfs.server.namenode.AuthorizationProviderProxyClientProtocol.getAclStatus(AuthorizationProviderProxyClientProtocol.java:907)
at org.apache.hadoop.hdfs.protocolPB.ClientNamenodeProtocolServerSideTranslatorPB.getAclStatus(ClientNamenodeProtocolServerSideTranslatorPB.java:1325)
at org.apache.hadoop.hdfs.protocol.proto.ClientNamenodeProtocolProtos$ClientNamenodeProtocol$2.callBlockingMethod(ClientNamenodeProtocolProtos.java)
at org.apache.hadoop.ipc.ProtobufRpcEngine$Server$ProtoBufRpcInvoker.call(ProtobufRpcEngine.java:617)
at org.apache.hadoop.ipc.RPC$Server.call(RPC.java:1073)
at org.apache.hadoop.ipc.Server$Handler$1.run(Server.java:2086)
at org.apache.hadoop.ipc.Server$Handler$1.run(Server.java:2082)
at java.security.AccessController.doPrivileged(Native Method)
at javax.security.auth.Subject.doAs(Subject.java:422)
at org.apache.hadoop.security.UserGroupInformation.doAs(UserGroupInformation.java:1698)
at org.apache.hadoop.ipc.Server$Handler.run(Server.java:2080)
at sun.reflect.GeneratedConstructorAccessor14.newInstance(Unknown Source)
at sun.reflect.DelegatingConstructorAccessorImpl.newInstance(DelegatingConstructorAccessorImpl.java:45)
at java.lang.reflect.Constructor.newInstance(Constructor.java:423)
at org.apache.hadoop.ipc.RemoteException.instantiateException(RemoteException.java:106)
at org.apache.hadoop.ipc.RemoteException.unwrapRemoteException(RemoteException.java:73)
at org.apache.hadoop.hdfs.DFSClient.getAclStatus(DFSClient.java:3344)
at org.apache.hadoop.hdfs.DistributedFileSystem$41.doCall(DistributedFileSystem.java:1983)
at org.apache.hadoop.hdfs.DistributedFileSystem$41.doCall(DistributedFileSystem.java:1980)
at org.apache.hadoop.fs.FileSystemLinkResolver.resolve(FileSystemLinkResolver.java:81)
at org.apache.hadoop.hdfs.DistributedFileSystem.getAclStatus(DistributedFileSystem.java:1980)
at com.cloudera.impala.util.FsPermissionChecker.getPermissions(FsPermissionChecker.java:288)
at com.cloudera.impala.catalog.HdfsTable.getAvailableAccessLevel(HdfsTable.java:760)
at com.cloudera.impala.catalog.HdfsTable.createPartition(HdfsTable.java:844)
at com.cloudera.impala.catalog.HdfsTable.loadPartitionsFromMetastore(HdfsTable.java:1387)
at com.cloudera.impala.catalog.HdfsTable.updatePartitionsFromHms(HdfsTable.java:1155)
at com.cloudera.impala.catalog.HdfsTable.load(HdfsTable.java:1044)
at com.cloudera.impala.service.CatalogOpExecutor.loadTableMetadata(CatalogOpExecutor.java:477)
at com.cloudera.impala.service.CatalogOpExecutor.updateCatalog(CatalogOpExecutor.java:2932)
at com.cloudera.impala.service.JniCatalog.updateCatalog(JniCatalog.java:253)
Caused by: org.apache.hadoop.ipc.RemoteException(org.apache.hadoop.hdfs.protocol.AclException): The ACL operation has been rejected. Support for ACLs has been disabled by setting dfs.namenode.acls.enabled to false.
at org.apache.hadoop.hdfs.server.namenode.NNConf.checkAclsConfigFlag(NNConf.java:85)
at org.apache.hadoop.hdfs.server.namenode.FSNamesystem.getAclStatus(FSNamesystem.java:9094)
at org.apache.hadoop.hdfs.server.namenode.NameNodeRpcServer.getAclStatus(NameNodeRpcServer.java:1617)
at org.apache.hadoop.hdfs.server.namenode.AuthorizationProviderProxyClientProtocol.getAclStatus(AuthorizationProviderProxyClientProtocol.java:907)
at org.apache.hadoop.hdfs.protocolPB.ClientNamenodeProtocolServerSideTranslatorPB.getAclStatus(ClientNamenodeProtocolServerSideTranslatorPB.java:1325)
at org.apache.hadoop.hdfs.protocol.proto.ClientNamenodeProtocolProtos$ClientNamenodeProtocol$2.callBlockingMethod(ClientNamenodeProtocolProtos.java)
at org.apache.hadoop.ipc.ProtobufRpcEngine$Server$ProtoBufRpcInvoker.call(ProtobufRpcEngine.java:617)
at org.apache.hadoop.ipc.RPC$Server.call(RPC.java:1073)
at org.apache.hadoop.ipc.Server$Handler$1.run(Server.java:2086)
at org.apache.hadoop.ipc.Server$Handler$1.run(Server.java:2082)
at java.security.AccessController.doPrivileged(Native Method)
at javax.security.auth.Subject.doAs(Subject.java:422)
at org.apache.hadoop.security.UserGroupInformation.doAs(UserGroupInformation.java:1698)
at org.apache.hadoop.ipc.Server$Handler.run(Server.java:2080)
at org.apache.hadoop.ipc.Client.call(Client.java:1471)
at org.apache.hadoop.ipc.Client.call(Client.java:1408)
at org.apache.hadoop.ipc.ProtobufRpcEngine$Invoker.invoke(ProtobufRpcEngine.java:230)
at com.sun.proxy.$Proxy10.getAclStatus(Unknown Source)
at org.apache.hadoop.hdfs.protocolPB.ClientNamenodeProtocolTranslatorPB.getAclStatus(ClientNamenodeProtocolTranslatorPB.java:1327)
at sun.reflect.GeneratedMethodAccessor12.invoke(Unknown Source)
at sun.reflect.DelegatingMethodAccessorImpl.invoke(DelegatingMethodAccessorImpl.java:43)
at java.lang.reflect.Method.invoke(Method.java:498)
at org.apache.hadoop.io.retry.RetryInvocationHandler.invokeMethod(RetryInvocationHandler.java:256)
at org.apache.hadoop.io.retry.RetryInvocationHandler.invoke(RetryInvocationHandler.java:104)
at com.sun.proxy.$Proxy11.getAclStatus(Unknown Source)
at org.apache.hadoop.hdfs.DFSClient.getAclStatus(DFSClient.java:3342)
... 13 more
I0123 04:41:49.494225 11246 HdfsTable.java:441] Loading disk ids for: history_staging.bundle_debug_info. nodes: 14. filesystem: hdfs://ph-hdp-prd-nn01:8020
I0123 04:41:49.504354 11246 HdfsTable.java:1416] loading file metadata for 1 partitions
I0123 04:41:49.628404 11232 rpc-trace.cc:184] RPC call: StatestoreSubscriber.Heartbeat(from 10.153.201.11:51416)
I0123 04:41:49.628507 11232 rpc-trace.cc:194] RPC call: statestore-subscriber:StatestoreSubscriber.Heartbeat from 10.153.201.11:51416 took 0.000ns
