I0221 01:26:17.204545 11895 leader_election.cc:348] T 2c6176fb99ed4fb4a027584aeeb0a708 P c8ec78660e8642b4b82113d62a3042cb [CANDIDATE]: Term 1 pre-election: Vote granted by peer 33e7b3c7fdd64255b209cc8123db9646
I0221 01:26:17.204593 11895 leader_election.cc:243] T 2c6176fb99ed4fb4a027584aeeb0a708 P c8ec78660e8642b4b82113d62a3042cb [CANDIDATE]: Term 1 pre-election: Election decided. Result: candidate won.
I0221 01:26:17.204640 11826 raft_consensus.cc:2162] T 2c6176fb99ed4fb4a027584aeeb0a708 P 1eb837892f874e99a16858e7958a1356 [term 0 FOLLOWER]: Snoozing failure detection for election timeout plus an additional 1.63 s
I0221 01:26:17.204679 12152 raft_consensus.cc:2162] T 2c6176fb99ed4fb4a027584aeeb0a708 P c8ec78660e8642b4b82113d62a3042cb [term 0 FOLLOWER]: Snoozing failure detection for election timeout plus an additional 2.23 s
I0221 01:26:17.204691 11826 raft_consensus.cc:1747] T 2c6176fb99ed4fb4a027584aeeb0a708 P 1eb837892f874e99a16858e7958a1356 [term 0 FOLLOWER]: Leader pre-election vote request: Granting yes vote for candidate c8ec78660e8642b4b82113d62a3042cb in term 0.
I0221 01:26:17.204715 12152 raft_consensus.cc:1971] T 2c6176fb99ed4fb4a027584aeeb0a708 P c8ec78660e8642b4b82113d62a3042cb [term 0 FOLLOWER]: Leader pre-election won for term 1
I0221 01:26:17.204738 12152 raft_consensus.cc:411] T 2c6176fb99ed4fb4a027584aeeb0a708 P c8ec78660e8642b4b82113d62a3042cb [term 0 FOLLOWER]: Starting leader election (no leader contacted us within the election timeout)
I0221 01:26:17.204751 12152 raft_consensus.cc:2162] T 2c6176fb99ed4fb4a027584aeeb0a708 P c8ec78660e8642b4b82113d62a3042cb [term 0 FOLLOWER]: Snoozing failure detection for election timeout plus an additional 1.68 s
I0221 01:26:17.204761 12152 raft_consensus.cc:2206] T 2c6176fb99ed4fb4a027584aeeb0a708 P c8ec78660e8642b4b82113d62a3042cb [term 0 FOLLOWER]: Advancing to term 1
I0221 01:26:17.204942 11895 leader_election.cc:348] T 2c6176fb99ed4fb4a027584aeeb0a708 P c8ec78660e8642b4b82113d62a3042cb [CANDIDATE]: Term 1 pre-election: Vote granted by peer 1eb837892f874e99a16858e7958a1356
I0221 01:26:17.205332 12152 raft_consensus.cc:435] T 2c6176fb99ed4fb4a027584aeeb0a708 P c8ec78660e8642b4b82113d62a3042cb [term 1 FOLLOWER]: Starting leader election with config: opid_index: -1 OBSOLETE_local: false peers { permanent_uuid: "c8ec78660e8642b4b82113d62a3042cb" member_type: VOTER last_known_addr { host: "127.31.250.1" port: 40370 } } peers { permanent_uuid: "33e7b3c7fdd64255b209cc8123db9646" member_type: VOTER last_known_addr { host: "127.31.250.2" port: 46079 } } peers { permanent_uuid: "1eb837892f874e99a16858e7958a1356" member_type: VOTER last_known_addr { host: "127.31.250.0" port: 35707 } }
I0221 01:26:17.205541 12152 leader_election.cc:216] T 2c6176fb99ed4fb4a027584aeeb0a708 P c8ec78660e8642b4b82113d62a3042cb [CANDIDATE]: Term 1 election: Requesting vote from peer 33e7b3c7fdd64255b209cc8123db9646
I0221 01:26:17.205595 12152 leader_election.cc:216] T 2c6176fb99ed4fb4a027584aeeb0a708 P c8ec78660e8642b4b82113d62a3042cb [CANDIDATE]: Term 1 election: Requesting vote from peer 1eb837892f874e99a16858e7958a1356
I0221 01:26:17.205893 12085 raft_consensus.cc:2206] T 2c6176fb99ed4fb4a027584aeeb0a708 P 33e7b3c7fdd64255b209cc8123db9646 [term 0 FOLLOWER]: Advancing to term 1
I0221 01:26:17.205938 11826 raft_consensus.cc:2206] T 2c6176fb99ed4fb4a027584aeeb0a708 P 1eb837892f874e99a16858e7958a1356 [term 0 FOLLOWER]: Advancing to term 1
I0221 01:26:17.205955 12085 raft_consensus.cc:2162] T 2c6176fb99ed4fb4a027584aeeb0a708 P 33e7b3c7fdd64255b209cc8123db9646 [term 1 FOLLOWER]: Snoozing failure detection for election timeout plus an additional 1.91 s
I0221 01:26:17.205991 11826 raft_consensus.cc:2162] T 2c6176fb99ed4fb4a027584aeeb0a708 P 1eb837892f874e99a16858e7958a1356 [term 1 FOLLOWER]: Snoozing failure detection for election timeout plus an additional 1.8 s
I0221 01:26:17.206410 12085 raft_consensus.cc:1747] T 2c6176fb99ed4fb4a027584aeeb0a708 P 33e7b3c7fdd64255b209cc8123db9646 [term 1 FOLLOWER]: Leader election vote request: Granting yes vote for candidate c8ec78660e8642b4b82113d62a3042cb in term 1.
I0221 01:26:17.206465 11826 raft_consensus.cc:1747] T 2c6176fb99ed4fb4a027584aeeb0a708 P 1eb837892f874e99a16858e7958a1356 [term 1 FOLLOWER]: Leader election vote request: Granting yes vote for candidate c8ec78660e8642b4b82113d62a3042cb in term 1.
I0221 01:26:17.206655 11895 leader_election.cc:348] T 2c6176fb99ed4fb4a027584aeeb0a708 P c8ec78660e8642b4b82113d62a3042cb [CANDIDATE]: Term 1 election: Vote granted by peer 33e7b3c7fdd64255b209cc8123db9646
I0221 01:26:17.206681 11895 leader_election.cc:243] T 2c6176fb99ed4fb4a027584aeeb0a708 P c8ec78660e8642b4b82113d62a3042cb [CANDIDATE]: Term 1 election: Election decided. Result: candidate won.
I0221 01:26:17.206748 11895 leader_election.cc:348] T 2c6176fb99ed4fb4a027584aeeb0a708 P c8ec78660e8642b4b82113d62a3042cb [CANDIDATE]: Term 1 election: Vote granted by peer 1eb837892f874e99a16858e7958a1356
I0221 01:26:17.206776 12152 raft_consensus.cc:2162] T 2c6176fb99ed4fb4a027584aeeb0a708 P c8ec78660e8642b4b82113d62a3042cb [term 1 FOLLOWER]: Snoozing failure detection for election timeout plus an additional 1.67 s
I0221 01:26:17.206810 12152 raft_consensus.cc:1971] T 2c6176fb99ed4fb4a027584aeeb0a708 P c8ec78660e8642b4b82113d62a3042cb [term 1 FOLLOWER]: Leader election won for term 1
I0221 01:26:17.206970 12152 raft_consensus.cc:518] T 2c6176fb99ed4fb4a027584aeeb0a708 P c8ec78660e8642b4b82113d62a3042cb [term 1 LEADER]: Becoming Leader. State: Replica: c8ec78660e8642b4b82113d62a3042cb, State: 1, Role: LEADER
I0221 01:26:17.207088 12152 consensus_queue.cc:158] T 2c6176fb99ed4fb4a027584aeeb0a708 P c8ec78660e8642b4b82113d62a3042cb [LEADER]: Queue going to LEADER mode. State: All replicated index: 0, Majority replicated index: 0, Committed index: 0, Last appended: 0.0, Current term: 1, Majority size: 2, State: 1, Mode: LEADER, active raft config: opid_index: -1 OBSOLETE_local: false peers { permanent_uuid: "c8ec78660e8642b4b82113d62a3042cb" member_type: VOTER last_known_addr { host: "127.31.250.1" port: 40370 } } peers { permanent_uuid: "33e7b3c7fdd64255b209cc8123db9646" member_type: VOTER last_known_addr { host: "127.31.250.2" port: 46079 } } peers { permanent_uuid: "1eb837892f874e99a16858e7958a1356" member_type: VOTER last_known_addr { host: "127.31.250.0" port: 35707 } }
I0221 01:26:17.209662 11701 catalog_manager.cc:2265] T 2c6176fb99ed4fb4a027584aeeb0a708 reported consensus state change: term changed from 0 to 1, leader changed from to c8ec78660e8642b4b82113d62a3042cb (127.31.250.1). New consensus state: current_term: 1 leader_uuid: "c8ec78660e8642b4b82113d62a3042cb" config { opid_index: -1 OBSOLETE_local: false peers { permanent_uuid: "c8ec78660e8642b4b82113d62a3042cb" member_type: VOTER last_known_addr { host: "127.31.250.1" port: 40370 } } peers { permanent_uuid: "33e7b3c7fdd64255b209cc8123db9646" member_type: VOTER last_known_addr { host: "127.31.250.2" port: 46079 } } peers { permanent_uuid: "1eb837892f874e99a16858e7958a1356" member_type: VOTER last_known_addr { host: "127.31.250.0" port: 35707 } } }
I0221 01:26:17.358778 8186 external_mini_cluster.cc:408] 3 TS(s) registered with all masters
I0221 01:26:17.360693 8186 ts_itest-base.h:194] Waiting for 1 tablets on tserver 1eb837892f874e99a16858e7958a1356 to finish bootstrapping
I0221 01:26:17.367717 8186 ts_itest-base.h:194] Waiting for 1 tablets on tserver c8ec78660e8642b4b82113d62a3042cb to finish bootstrapping
I0221 01:26:17.374301 8186 ts_itest-base.h:194] Waiting for 1 tablets on tserver 33e7b3c7fdd64255b209cc8123db9646 to finish bootstrapping
I0221 01:26:17.378798 8186 raft_consensus-itest.cc:669] Paused one of the replicas, starting to write.
I0221 01:26:17.387207 12085 raft_consensus.cc:918] T 2c6176fb99ed4fb4a027584aeeb0a708 P 33e7b3c7fdd64255b209cc8123db9646 [term 1 FOLLOWER]: Refusing update from remote peer c8ec78660e8642b4b82113d62a3042cb: Log matching property violated. Preceding OpId in replica: term: 0 index: 0. Preceding OpId from leader: term: 1 index: 2. (index mismatch)
I0221 01:26:17.387660 12161 consensus_queue.cc:695] T 2c6176fb99ed4fb4a027584aeeb0a708 P c8ec78660e8642b4b82113d62a3042cb [LEADER]: Connected to new peer: Peer: 33e7b3c7fdd64255b209cc8123db9646, Is new: false, Last received: 0.0, Next index: 1, Last known committed idx: 0, Last exchange result: ERROR, Needs tablet copy: false
I0221 01:26:17.408660 12148 log.cc:541] T 2c6176fb99ed4fb4a027584aeeb0a708 P c8ec78660e8642b4b82113d62a3042cb: Max segment size reached. Starting new segment allocation
I0221 01:26:17.409210 12148 log.cc:426] T 2c6176fb99ed4fb4a027584aeeb0a708 P c8ec78660e8642b4b82113d62a3042cb: Rolled over to a new log segment at /tmp/kudutest-1000/raft_consensus-itest.RaftConsensusITest.TestCatchupAfterOpsEvicted.1487669166730301-8186/raft_consensus-itest-cluster/ts-1/data/wals/2c6176fb99ed4fb4a027584aeeb0a708/wal-000000002
I0221 01:26:17.409561 12146 log.cc:541] T 2c6176fb99ed4fb4a027584aeeb0a708 P 33e7b3c7fdd64255b209cc8123db9646: Max segment size reached. Starting new segment allocation
I0221 01:26:17.410074 12146 log.cc:426] T 2c6176fb99ed4fb4a027584aeeb0a708 P 33e7b3c7fdd64255b209cc8123db9646: Rolled over to a new log segment at /tmp/kudutest-1000/raft_consensus-itest.RaftConsensusITest.TestCatchupAfterOpsEvicted.1487669166730301-8186/raft_consensus-itest-cluster/ts-2/data/wals/2c6176fb99ed4fb4a027584aeeb0a708/wal-000000002
I0221 01:26:17.426504 12148 log.cc:541] T 2c6176fb99ed4fb4a027584aeeb0a708 P c8ec78660e8642b4b82113d62a3042cb: Max segment size reached. Starting new segment allocation
I0221 01:26:17.426775 12148 log.cc:426] T 2c6176fb99ed4fb4a027584aeeb0a708 P c8ec78660e8642b4b82113d62a3042cb: Rolled over to a new log segment at /tmp/kudutest-1000/raft_consensus-itest.RaftConsensusITest.TestCatchupAfterOpsEvicted.1487669166730301-8186/raft_consensus-itest-cluster/ts-1/data/wals/2c6176fb99ed4fb4a027584aeeb0a708/wal-000000003
I0221 01:26:17.427160 12146 log.cc:541] T 2c6176fb99ed4fb4a027584aeeb0a708 P 33e7b3c7fdd64255b209cc8123db9646: Max segment size reached. Starting new segment allocation
I0221 01:26:17.427434 12146 log.cc:426] T 2c6176fb99ed4fb4a027584aeeb0a708 P 33e7b3c7fdd64255b209cc8123db9646: Rolled over to a new log segment at /tmp/kudutest-1000/raft_consensus-itest.RaftConsensusITest.TestCatchupAfterOpsEvicted.1487669166730301-8186/raft_consensus-itest-cluster/ts-2/data/wals/2c6176fb99ed4fb4a027584aeeb0a708/wal-000000003
I0221 01:26:17.443451 12148 log.cc:541] T 2c6176fb99ed4fb4a027584aeeb0a708 P c8ec78660e8642b4b82113d62a3042cb: Max segment size reached. Starting new segment allocation
I0221 01:26:17.443795 12148 log.cc:426] T 2c6176fb99ed4fb4a027584aeeb0a708 P c8ec78660e8642b4b82113d62a3042cb: Rolled over to a new log segment at /tmp/kudutest-1000/raft_consensus-itest.RaftConsensusITest.TestCatchupAfterOpsEvicted.1487669166730301-8186/raft_consensus-itest-cluster/ts-1/data/wals/2c6176fb99ed4fb4a027584aeeb0a708/wal-000000004
I0221 01:26:17.444093 12146 log.cc:541] T 2c6176fb99ed4fb4a027584aeeb0a708 P 33e7b3c7fdd64255b209cc8123db9646: Max segment size reached. Starting new segment allocation
I0221 01:26:17.444396 12146 log.cc:426] T 2c6176fb99ed4fb4a027584aeeb0a708 P 33e7b3c7fdd64255b209cc8123db9646: Rolled over to a new log segment at /tmp/kudutest-1000/raft_consensus-itest.RaftConsensusITest.TestCatchupAfterOpsEvicted.1487669166730301-8186/raft_consensus-itest-cluster/ts-2/data/wals/2c6176fb99ed4fb4a027584aeeb0a708/wal-000000004
I0221 01:26:17.462019 12148 log.cc:541] T 2c6176fb99ed4fb4a027584aeeb0a708 P c8ec78660e8642b4b82113d62a3042cb: Max segment size reached. Starting new segment allocation
I0221 01:26:17.462395 12148 log.cc:426] T 2c6176fb99ed4fb4a027584aeeb0a708 P c8ec78660e8642b4b82113d62a3042cb: Rolled over to a new log segment at /tmp/kudutest-1000/raft_consensus-itest.RaftConsensusITest.TestCatchupAfterOpsEvicted.1487669166730301-8186/raft_consensus-itest-cluster/ts-1/data/wals/2c6176fb99ed4fb4a027584aeeb0a708/wal-000000005
I0221 01:26:17.462716 12146 log.cc:541] T 2c6176fb99ed4fb4a027584aeeb0a708 P 33e7b3c7fdd64255b209cc8123db9646: Max segment size reached. Starting new segment allocation
I0221 01:26:17.462975 12146 log.cc:426] T 2c6176fb99ed4fb4a027584aeeb0a708 P 33e7b3c7fdd64255b209cc8123db9646: Rolled over to a new log segment at /tmp/kudutest-1000/raft_consensus-itest.RaftConsensusITest.TestCatchupAfterOpsEvicted.1487669166730301-8186/raft_consensus-itest-cluster/ts-2/data/wals/2c6176fb99ed4fb4a027584aeeb0a708/wal-000000005
I0221 01:26:17.476363 12014 tablet.cc:933] T 2c6176fb99ed4fb4a027584aeeb0a708 P 33e7b3c7fdd64255b209cc8123db9646: Flush: entering stage 1 (old memrowset already frozen for inserts)
I0221 01:26:17.476393 12014 compaction.cc:877] Selected 1 rowsets to compact:
I0221 01:26:17.476404 12014 compaction.cc:880] memrowset(current size on disk: ~0 bytes)
I0221 01:26:17.476408 12014 tablet.cc:935] T 2c6176fb99ed4fb4a027584aeeb0a708 P 33e7b3c7fdd64255b209cc8123db9646: Memstore in-memory size: 8257801 bytes
I0221 01:26:17.476425 12014 tablet.cc:1190] T 2c6176fb99ed4fb4a027584aeeb0a708 P 33e7b3c7fdd64255b209cc8123db9646: Flush: entering phase 1 (flushing snapshot). Phase 1 snapshot: MvccSnapshot[committed={T|T < 6093492950936788992}]
I0221 01:26:17.477262 12148 log.cc:541] T 2c6176fb99ed4fb4a027584aeeb0a708 P c8ec78660e8642b4b82113d62a3042cb: Max segment size reached. Starting new segment allocation *** Aborted at 1487669177 (unix time) try "date -d @1487669177" if you are using GNU date ***
I0221 01:26:17.477612 12148 log.cc:426] T 2c6176fb99ed4fb4a027584aeeb0a708 P c8ec78660e8642b4b82113d62a3042cb: Rolled over to a new log segment at /tmp/kudutest-1000/raft_consensus-itest.RaftConsensusITest.TestCatchupAfterOpsEvicted.1487669166730301-8186/raft_consensus-itest-cluster/ts-1/data/wals/2c6176fb99ed4fb4a027584aeeb0a708/wal-000000006
I0221 01:26:17.478018 12146 log.cc:541] T 2c6176fb99ed4fb4a027584aeeb0a708 P 33e7b3c7fdd64255b209cc8123db9646: Max segment size reached. Starting new segment allocation PC: @ 0x0 (unknown)
I0221 01:26:17.478278 12146 log.cc:426] T 2c6176fb99ed4fb4a027584aeeb0a708 P 33e7b3c7fdd64255b209cc8123db9646: Rolled over to a new log segment at /tmp/kudutest-1000/raft_consensus-itest.RaftConsensusITest.TestCatchupAfterOpsEvicted.1487669166730301-8186/raft_consensus-itest-cluster/ts-2/data/wals/2c6176fb99ed4fb4a027584aeeb0a708/wal-000000006 *** SIGSEGV (@0x0) received by PID 12009 (TID 0x7fe150a20700) from PID 0; stack trace: *** @ 0x7fe1551d7390 (unknown) at ??:0 @ 0x0 (unknown) @ 0x7fe154711f05 kudu::(anonymous namespace)::ShardedLRUCache::Insert() at ??:0 @ 0x7fe154772b5b kudu::internal::BaseDescriptor<>::InsertIntoCache() at ??:0 @ 0x7fe1547728d7 kudu::internal::Descriptor<>::ReopenFileIfNecessary() at ??:0 @ 0x7fe154772540 kudu::internal::Descriptor<>::InitOnce() at ??:0 @ 0x7fe154772620 kudu::internal::InitCb<>() at ??:0 @ 0x7fe154294b0b GoogleOnceInternalInit() at ??:0 @ 0x7fe157f37069 GoogleOnceDynamic::Init<>() at ??:0 @ 0x7fe1547724f3 kudu::KuduOnceDynamic::Init<>() at ??:0 @ 0x7fe15476ec55 kudu::internal::Descriptor<>::Init() at ??:0 @ 0x7fe15476e4d9 kudu::FileCache<>::OpenExistingFile() at ??:0 @ 0x7fe154a3b26b kudu::fs::internal::LogBlockContainer::Create() at ??:0 @ 0x7fe154a4753b kudu::fs::LogBlockManager::GetOrCreateContainer() at ??:0 @ 0x7fe154a46ead kudu::fs::LogBlockManager::CreateBlock() at ??:0 @ 0x7fe154a478ce kudu::fs::LogBlockManager::CreateBlock() at ??:0 @ 0x7fe154a325ea kudu::FsManager::CreateNewBlock() at ??:0 @ 0x7fe157ee3090 kudu::tablet::MultiColumnWriter::Open() at ??:0 @ 0x7fe157eb861c kudu::tablet::DiskRowSetWriter::Open() at ??:0 @ 0x7fe157ebb936 kudu::tablet::RollingDiskRowSetWriter::RollWriter() at ??:0 @ 0x7fe157ebb4cf kudu::tablet::RollingDiskRowSetWriter::Open() at ??:0 @ 0x7fe157e024a2 kudu::tablet::Tablet::DoMergeCompactionOrFlush() at ??:0 @ 0x7fe157e019aa kudu::tablet::Tablet::FlushInternal() at ??:0 @ 0x7fe157e00bc6 kudu::tablet::Tablet::FlushUnlocked() at ??:0 @ 0x7fe157e5a0a1 kudu::tablet::FlushMRSOp::Perform() at ??:0 @ 0x7fe1547a541a kudu::MaintenanceManager::LaunchOp() at ??:0 @ 0x7fe1547abee1 boost::_mfi::mf1<>::operator()() at ??:0 @ 0x7fe1547abe3f boost::_bi::list2<>::operator()<>() at ??:0 @ 0x7fe1547abdca boost::_bi::bind_t<>::operator()() at ??:0 @ 0x7fe1547abb50 boost::detail::function::void_function_obj_invoker0<>::invoke() at ??:0 @ 0x7fe1577d0888 boost::function0<>::operator()() at ??:0 @ 0x7fe1548250f9 kudu::FunctionRunnable::Run() at ??:0
I0221 01:26:17.504663 11878 tablet.cc:933] T 2c6176fb99ed4fb4a027584aeeb0a708 P c8ec78660e8642b4b82113d62a3042cb: Flush: entering stage 1 (old memrowset already frozen for inserts)
I0221 01:26:17.504683 11878 compaction.cc:877] Selected 1 rowsets to compact:
I0221 01:26:17.504693 11878 compaction.cc:880] memrowset(current size on disk: ~0 bytes)
I0221 01:26:17.504696 11878 tablet.cc:935] T 2c6176fb99ed4fb4a027584aeeb0a708 P c8ec78660e8642b4b82113d62a3042cb: Memstore in-memory size: 8257801 bytes
I0221 01:26:17.504708 11878 tablet.cc:1190] T 2c6176fb99ed4fb4a027584aeeb0a708 P c8ec78660e8642b4b82113d62a3042cb: Flush: entering phase 1 (flushing snapshot). Phase 1 snapshot: MvccSnapshot[committed={T|T < 6093492950989471744 or (T in {6093492950989471744})}] *** Aborted at 1487669177 (unix time) try "date -d @1487669177" if you are using GNU date *** PC: @ 0x0 (unknown) *** SIGSEGV (@0x0) received by PID 11873 (TID 0x7f789ffff700) from PID 0; stack trace: *** @ 0x7f78b0f6f390 (unknown) at ??:0 @ 0x0 (unknown) @ 0x7f78b04a9f05 kudu::(anonymous namespace)::ShardedLRUCache::Insert() at ??:0 @ 0x7f78b050ab5b kudu::internal::BaseDescriptor<>::InsertIntoCache() at ??:0 @ 0x7f78b050a8d7 kudu::internal::Descriptor<>::ReopenFileIfNecessary() at ??:0 @ 0x7f78b050a540 kudu::internal::Descriptor<>::InitOnce() at ??:0 @ 0x7f78b050a620 kudu::internal::InitCb<>() at ??:0 @ 0x7f78b002cb0b GoogleOnceInternalInit() at ??:0 @ 0x7f78b3ccf069 GoogleOnceDynamic::Init<>() at ??:0 @ 0x7f78b050a4f3 kudu::KuduOnceDynamic::Init<>() at ??:0 @ 0x7f78b0506c55 kudu::internal::Descriptor<>::Init() at ??:0 @ 0x7f78b05064d9 kudu::FileCache<>::OpenExistingFile() at ??:0 @ 0x7f78b07d326b kudu::fs::internal::LogBlockContainer::Create() at ??:0 @ 0x7f78b07df53b kudu::fs::LogBlockManager::GetOrCreateContainer() at ??:0 @ 0x7f78b07deead kudu::fs::LogBlockManager::CreateBlock() at ??:0 @ 0x7f78b07df8ce kudu::fs::LogBlockManager::CreateBlock() at ??:0 @ 0x7f78b07ca5ea kudu::FsManager::CreateNewBlock() at ??:0 @ 0x7f78b3c7b090 kudu::tablet::MultiColumnWriter::Open() at ??:0 @ 0x7f78b3c5061c kudu::tablet::DiskRowSetWriter::Open() at ??:0 @ 0x7f78b3c53936 kudu::tablet::RollingDiskRowSetWriter::RollWriter() at ??:0 @ 0x7f78b3c534cf kudu::tablet::RollingDiskRowSetWriter::Open() at ??:0 @ 0x7f78b3b9a4a2 kudu::tablet::Tablet::DoMergeCompactionOrFlush() at ??:0 @ 0x7f78b3b999aa kudu::tablet::Tablet::FlushInternal() at ??:0 @ 0x7f78b3b98bc6 kudu::tablet::Tablet::FlushUnlocked() at ??:0 @ 0x7f78b3bf20a1 kudu::tablet::FlushMRSOp::Perform() at ??:0 @ 0x7f78b053d41a kudu::MaintenanceManager::LaunchOp() at ??:0 @ 0x7f78b0543ee1 boost::_mfi::mf1<>::operator()() at ??:0 @ 0x7f78b0543e3f boost::_bi::list2<>::operator()<>() at ??:0 @ 0x7f78b0543dca boost::_bi::bind_t<>::operator()() at ??:0 @ 0x7f78b0543b50 boost::detail::function::void_function_obj_invoker0<>::invoke() at ??:0 @ 0x7f78b3568888 boost::function0<>::operator()() at ??:0 @ 0x7f78b05bd0f9 kudu::FunctionRunnable::Run() at ??:0
W0221 01:26:17.658171 11676 connection.cc:466] client connection to 127.31.250.1:40370 recv error: Network error: failed to read from TLS socket: Connection reset by peer (error 104)
W0221 01:26:17.658171 11674 connection.cc:466] client connection to 127.31.250.1:40370 recv error: Network error: failed to read from TLS socket: Connection reset by peer (error 104)
W0221 01:26:17.658215 11686 connection.cc:466] server connection from 127.31.250.1:36151 recv error: Network error: failed to read from TLS socket: Connection reset by peer (error 104)
W0221 01:26:17.658515 11687 connection.cc:466] client connection to 127.31.250.1:40370 recv error: Network error: failed to read from TLS socket: Connection reset by peer (error 104)
W0221 01:26:18.490001 11759 connection.cc:466] server connection from 127.31.250.1:39428 recv error: Network error: failed to read from TLS socket: Connection reset by peer (error 104)
I0221 01:26:18.490190 11826 raft_consensus.cc:918] T 2c6176fb99ed4fb4a027584aeeb0a708 P 1eb837892f874e99a16858e7958a1356 [term 1 FOLLOWER]: Refusing update from remote peer c8ec78660e8642b4b82113d62a3042cb: Log matching property violated. Preceding OpId in replica: term: 0 index: 0. Preceding OpId from leader: term: 1 index: 2. (index mismatch)
W0221 01:26:18.490386 11759 connection.cc:380] Connection torn down before Call kudu.consensus.ConsensusService.UpdateConsensus from 127.31.250.1:39428 (request call id 3) could send its response Connected to the Master WARNING: Unable to connect to Tablet Server c8ec78660e8642b4b82113d62a3042cb (127.31.250.1:40370): Network error: could not send Ping RPC to server: Client connection negotiation failed: client connection to 127.31.250.1:40370: connect: Connection refused (error 111)
W0221 01:26:18.580319 11685 connection.cc:466] server connection from 127.31.250.2:50990 recv error: Network error: failed to read from TLS socket: Connection reset by peer (error 104)
W0221 01:26:18.580319 11676 connection.cc:466] client connection to 127.31.250.2:46079 recv error: Network error: failed to read from TLS socket: Connection reset by peer (error 104)
W0221 01:26:18.580319 11686 connection.cc:466] client connection to 127.31.250.2:46079 recv error: Network error: failed to read from TLS socket: Connection reset by peer (error 104)
W0221 01:26:18.581043 12276 negotiation.cc:250] Failed RPC negotiation. Trace: 0221 01:26:18.500986 (+ 0us) reactor.cc:373] Submitting negotiation task for client connection to 127.31.250.2:46079 0221 01:26:18.501143 (+ 157us) negotiation.cc:82] Waiting for socket to connect 0221 01:26:18.501147 (+ 4us) client_negotiation.cc:152] Beginning negotiation 0221 01:26:18.501169 (+ 22us) client_negotiation.cc:227] Sending NEGOTIATE NegotiatePB request 0221 01:26:18.580357 (+ 79188us) negotiation.cc:241] Negotiation complete: Network error: Client connection negotiation failed: client connection to 127.31.250.2:46079: BlockingRecv error: recv error: Connection reset by peer (error 104) Metrics: {"negotiator.queue_time_us":117,"thread_start_us":91,"threads_started":1} WARNING: Unable to connect to Tablet Server 33e7b3c7fdd64255b209cc8123db9646 (127.31.250.2:46079): Network error: could not send Ping RPC to server: Client connection negotiation failed: client connection to 127.31.250.2:46079: BlockingRecv error: recv error: Connection reset by peer (error 104) WARNING: Fetched info from 1 Tablet Servers, 2 weren't reachable
I0221 01:26:18.581506 8186 cluster_verifier.cc:72] Check not successful yet, sleeping and retrying: Network error: Not all Tablet Servers are reachable Connected to the Master WARNING: Unable to connect to Tablet Server c8ec78660e8642b4b82113d62a3042cb (127.31.250.1:40370): Network error: could not send Ping RPC to server: Client connection negotiation failed: client connection to 127.31.250.1:40370: connect: Connection refused (error 111) WARNING: Unable to connect to Tablet Server 33e7b3c7fdd64255b209cc8123db9646 (127.31.250.2:46079): Network error: could not send Ping RPC to server: Client connection negotiation failed: client connection to 127.31.250.2:46079: connect: Connection refused (error 111) WARNING: Fetched info from 1 Tablet Servers, 2 weren't reachable
I0221 01:26:18.757513 8186 cluster_verifier.cc:72] Check not successful yet, sleeping and retrying: Network error: Not all Tablet Servers are reachable Connected to the Master WARNING: Unable to connect to Tablet Server 33e7b3c7fdd64255b209cc8123db9646 (127.31.250.2:46079): Network error: could not send Ping RPC to server: Client connection negotiation failed: client connection to 127.31.250.2:46079: connect: Connection refused (error 111) WARNING: Unable to connect to Tablet Server c8ec78660e8642b4b82113d62a3042cb (127.31.250.1:40370): Network error: could not send Ping RPC to server: Client connection negotiation failed: client connection to 127.31.250.1:40370: connect: Connection refused (error 111) WARNING: Fetched info from 1 Tablet Servers, 2 weren't reachable
I0221 01:26:19.021263 8186 cluster_verifier.cc:72] Check not successful yet, sleeping and retrying: Network error: Not all Tablet Servers are reachable Connected to the Master WARNING: Unable to connect to Tablet Server c8ec78660e8642b4b82113d62a3042cb (127.31.250.1:40370): Network error: could not send Ping RPC to server: Client connection negotiation failed: client connection to 127.31.250.1:40370: connect: Connection refused (error 111) WARNING: Unable to connect to Tablet Server 33e7b3c7fdd64255b209cc8123db9646 (127.31.250.2:46079): Network error: could not send Ping RPC to server: Client connection negotiation failed: client connection to 127.31.250.2:46079: connect: Connection refused (error 111) WARNING: Fetched info from 1 Tablet Servers, 2 weren't reachable
I0221 01:26:19.393502 8186 cluster_verifier.cc:72] Check not successful yet, sleeping and retrying: Network error: Not all Tablet Servers are reachable Connected to the Master WARNING: Unable to connect to Tablet Server c8ec78660e8642b4b82113d62a3042cb (127.31.250.1:40370): Network error: could not send Ping RPC to server: Client connection negotiation failed: client connection to 127.31.250.1:40370: connect: Connection refused (error 111) WARNING: Unable to connect to Tablet Server 33e7b3c7fdd64255b209cc8123db9646 (127.31.250.2:46079): Network error: could not send Ping RPC to server: Client connection negotiation failed: client connection to 127.31.250.2:46079: connect: Connection refused (error 111) WARNING: Fetched info from 1 Tablet Servers, 2 weren't reachable
I0221 01:26:19.935421 8186 cluster_verifier.cc:72] Check not successful yet, sleeping and retrying: Network error: Not all Tablet Servers are reachable Connected to the Master WARNING: Unable to connect to Tablet Server c8ec78660e8642b4b82113d62a3042cb (127.31.250.1:40370): Network error: could not send Ping RPC to server: Client connection negotiation failed: client connection to 127.31.250.1:40370: connect: Connection refused (error 111) WARNING: Unable to connect to Tablet Server 33e7b3c7fdd64255b209cc8123db9646 (127.31.250.2:46079): Network error: could not send Ping RPC to server: Client connection negotiation failed: client connection to 127.31.250.2:46079: connect: Connection refused (error 111) WARNING: Fetched info from 1 Tablet Servers, 2 weren't reachable
I0221 01:26:20.733366 8186 cluster_verifier.cc:72] Check not successful yet, sleeping and retrying: Network error: Not all Tablet Servers are reachable
I0221 01:26:20.954998 12150 raft_consensus.cc:411] T 2c6176fb99ed4fb4a027584aeeb0a708 P 1eb837892f874e99a16858e7958a1356 [term 1 FOLLOWER]: Starting pre-election (no leader contacted us within the election timeout)
I0221 01:26:20.955090 12150 raft_consensus.cc:2162] T 2c6176fb99ed4fb4a027584aeeb0a708 P 1eb837892f874e99a16858e7958a1356 [term 1 FOLLOWER]: Snoozing failure detection for election timeout plus an additional 2.08 s
I0221 01:26:20.955130 12150 raft_consensus.cc:435] T 2c6176fb99ed4fb4a027584aeeb0a708 P 1eb837892f874e99a16858e7958a1356 [term 1 FOLLOWER]: Starting pre-election with config: opid_index: -1 OBSOLETE_local: false peers { permanent_uuid: "c8ec78660e8642b4b82113d62a3042cb" member_type: VOTER last_known_addr { host: "127.31.250.1" port: 40370 } } peers { permanent_uuid: "33e7b3c7fdd64255b209cc8123db9646" member_type: VOTER last_known_addr { host: "127.31.250.2" port: 46079 } } peers { permanent_uuid: "1eb837892f874e99a16858e7958a1356" member_type: VOTER last_known_addr { host: "127.31.250.0" port: 35707 } }
I0221 01:26:20.956099 12150 leader_election.cc:216] T 2c6176fb99ed4fb4a027584aeeb0a708 P 1eb837892f874e99a16858e7958a1356 [CANDIDATE]: Term 2 pre-election: Requesting pre-vote from peer c8ec78660e8642b4b82113d62a3042cb
I0221 01:26:20.956292 12150 leader_election.cc:216] T 2c6176fb99ed4fb4a027584aeeb0a708 P 1eb837892f874e99a16858e7958a1356 [CANDIDATE]: Term 2 pre-election: Requesting pre-vote from peer 33e7b3c7fdd64255b209cc8123db9646
W0221 01:26:20.957094 11759 leader_election.cc:272] T 2c6176fb99ed4fb4a027584aeeb0a708 P 1eb837892f874e99a16858e7958a1356 [CANDIDATE]: Term 2 pre-election: RPC error from VoteRequest() call to peer c8ec78660e8642b4b82113d62a3042cb: Network error: Client connection negotiation failed: client connection to 127.31.250.1:40370: connect: Connection refused (error 111)
W0221 01:26:20.957350 11758 leader_election.cc:272] T 2c6176fb99ed4fb4a027584aeeb0a708 P 1eb837892f874e99a16858e7958a1356 [CANDIDATE]: Term 2 pre-election: RPC error from VoteRequest() call to peer 33e7b3c7fdd64255b209cc8123db9646: Network error: Client connection negotiation failed: client connection to 127.31.250.2:46079: connect: Connection refused (error 111)
I0221 01:26:20.957474 11758 leader_election.cc:243] T 2c6176fb99ed4fb4a027584aeeb0a708 P 1eb837892f874e99a16858e7958a1356 [CANDIDATE]: Term 2 pre-election: Election decided. Result: candidate lost.
I0221 01:26:20.957839 12397 raft_consensus.cc:2162] T 2c6176fb99ed4fb4a027584aeeb0a708 P 1eb837892f874e99a16858e7958a1356 [term 1 FOLLOWER]: Snoozing failure detection for election timeout plus an additional 1.7 s
I0221 01:26:20.957931 12397 raft_consensus.cc:1908] T 2c6176fb99ed4fb4a027584aeeb0a708 P 1eb837892f874e99a16858e7958a1356 [term 1 FOLLOWER]: Leader pre-election lost for term 2. Reason: could not achieve majority Connected to the Master WARNING: Unable to connect to Tablet Server c8ec78660e8642b4b82113d62a3042cb (127.31.250.1:40370): Network error: could not send Ping RPC to server: Client connection negotiation failed: client connection to 127.31.250.1:40370: connect: Connection refused (error 111) WARNING: Unable to connect to Tablet Server 33e7b3c7fdd64255b209cc8123db9646 (127.31.250.2:46079): Network error: could not send Ping RPC to server: Client connection negotiation failed: client connection to 127.31.250.2:46079: connect: Connection refused (error 111) WARNING: Fetched info from 1 Tablet Servers, 2 weren't reachable
I0221 01:26:21.750715 8186 cluster_verifier.cc:72] Check not successful yet, sleeping and retrying: Network error: Not all Tablet Servers are reachable Connected to the Master WARNING: Unable to connect to Tablet Server c8ec78660e8642b4b82113d62a3042cb (127.31.250.1:40370): Network error: could not send Ping RPC to server: Client connection negotiation failed: client connection to 127.31.250.1:40370: connect: Connection refused (error 111) WARNING: Unable to connect to Tablet Server 33e7b3c7fdd64255b209cc8123db9646 (127.31.250.2:46079): Network error: could not send Ping RPC to server: Client connection negotiation failed: client connection to 127.31.250.2:46079: connect: Connection refused (error 111) WARNING: Fetched info from 1 Tablet Servers, 2 weren't reachable
I0221 01:26:22.767665 8186 cluster_verifier.cc:72] Check not successful yet, sleeping and retrying: Network error: Not all Tablet Servers are reachable Connected to the Master WARNING: Unable to connect to Tablet Server c8ec78660e8642b4b82113d62a3042cb (127.31.250.1:40370): Network error: could not send Ping RPC to server: Client connection negotiation failed: client connection to 127.31.250.1:40370: connect: Connection refused (error 111) WARNING: Unable to connect to Tablet Server 33e7b3c7fdd64255b209cc8123db9646 (127.31.250.2:46079): Network error: could not send Ping RPC to server: Client connection negotiation failed: client connection to 127.31.250.2:46079: connect: Connection refused (error 111) WARNING: Fetched info from 1 Tablet Servers, 2 weren't reachable
I0221 01:26:23.809671 8186 cluster_verifier.cc:72] Check not successful yet, sleeping and retrying: Network error: Not all Tablet Servers are reachable
I0221 01:26:24.310782 12150 raft_consensus.cc:411] T 2c6176fb99ed4fb4a027584aeeb0a708 P 1eb837892f874e99a16858e7958a1356 [term 1 FOLLOWER]: Starting pre-election (no leader contacted us within the election timeout)
I0221 01:26:24.310871 12150 raft_consensus.cc:2162] T 2c6176fb99ed4fb4a027584aeeb0a708 P 1eb837892f874e99a16858e7958a1356 [term 1 FOLLOWER]: Snoozing failure detection for election timeout plus an additional 2.5 s
I0221 01:26:24.310914 12150 raft_consensus.cc:435] T 2c6176fb99ed4fb4a027584aeeb0a708 P 1eb837892f874e99a16858e7958a1356 [term 1 FOLLOWER]: Starting pre-election with config: opid_index: -1 OBSOLETE_local: false peers { permanent_uuid: "c8ec78660e8642b4b82113d62a3042cb" member_type: VOTER last_known_addr { host: "127.31.250.1" port: 40370 } } peers { permanent_uuid: "33e7b3c7fdd64255b209cc8123db9646" member_type: VOTER last_known_addr { host: "127.31.250.2" port: 46079 } } peers { permanent_uuid: "1eb837892f874e99a16858e7958a1356" member_type: VOTER last_known_addr { host: "127.31.250.0" port: 35707 } }
I0221 01:26:24.311477 12150 leader_election.cc:216] T 2c6176fb99ed4fb4a027584aeeb0a708 P 1eb837892f874e99a16858e7958a1356 [CANDIDATE]: Term 2 pre-election: Requesting pre-vote from peer c8ec78660e8642b4b82113d62a3042cb
I0221 01:26:24.311640 12150 leader_election.cc:216] T 2c6176fb99ed4fb4a027584aeeb0a708 P 1eb837892f874e99a16858e7958a1356 [CANDIDATE]: Term 2 pre-election: Requesting pre-vote from peer 33e7b3c7fdd64255b209cc8123db9646
W0221 01:26:24.312578 11759 leader_election.cc:272] T 2c6176fb99ed4fb4a027584aeeb0a708 P 1eb837892f874e99a16858e7958a1356 [CANDIDATE]: Term 2 pre-election: RPC error from VoteRequest() call to peer c8ec78660e8642b4b82113d62a3042cb: Network error: Client connection negotiation failed: client connection to 127.31.250.1:40370: connect: Connection refused (error 111)
W0221 01:26:24.312799 11758 leader_election.cc:272] T 2c6176fb99ed4fb4a027584aeeb0a708 P 1eb837892f874e99a16858e7958a1356 [CANDIDATE]: Term 2 pre-election: RPC error from VoteRequest() call to peer 33e7b3c7fdd64255b209cc8123db9646: Network error: Client connection negotiation failed: client connection to 127.31.250.2:46079: connect: Connection refused (error 111)
I0221 01:26:24.312875 11758 leader_election.cc:243] T 2c6176fb99ed4fb4a027584aeeb0a708 P 1eb837892f874e99a16858e7958a1356 [CANDIDATE]: Term 2 pre-election: Election decided. Result: candidate lost.
I0221 01:26:24.313177 12481 raft_consensus.cc:2162] T 2c6176fb99ed4fb4a027584aeeb0a708 P 1eb837892f874e99a16858e7958a1356 [term 1 FOLLOWER]: Snoozing failure detection for election timeout plus an additional 2.17 s
I0221 01:26:24.313261 12481 raft_consensus.cc:1908] T 2c6176fb99ed4fb4a027584aeeb0a708 P 1eb837892f874e99a16858e7958a1356 [term 1 FOLLOWER]: Leader pre-election lost for term 2. Reason: could not achieve majority Connected to the Master WARNING: Unable to connect to Tablet Server c8ec78660e8642b4b82113d62a3042cb (127.31.250.1:40370): Network error: could not send Ping RPC to server: Client connection negotiation failed: client connection to 127.31.250.1:40370: connect: Connection refused (error 111) WARNING: Unable to connect to Tablet Server 33e7b3c7fdd64255b209cc8123db9646 (127.31.250.2:46079): Network error: could not send Ping RPC to server: Client connection negotiation failed: client connection to 127.31.250.2:46079: connect: Connection refused (error 111) WARNING: Fetched info from 1 Tablet Servers, 2 weren't reachable
I0221 01:26:24.852035 8186 cluster_verifier.cc:72] Check not successful yet, sleeping and retrying: Network error: Not all Tablet Servers are reachable Connected to the Master WARNING: Unable to connect to Tablet Server c8ec78660e8642b4b82113d62a3042cb (127.31.250.1:40370): Network error: could not send Ping RPC to server: Client connection negotiation failed: client connection to 127.31.250.1:40370: connect: Connection refused (error 111) WARNING: Unable to connect to Tablet Server 33e7b3c7fdd64255b209cc8123db9646 (127.31.250.2:46079): Network error: could not send Ping RPC to server: Client connection negotiation failed: client connection to 127.31.250.2:46079: connect: Connection refused (error 111) WARNING: Fetched info from 1 Tablet Servers, 2 weren't reachable
I0221 01:26:25.873232 8186 cluster_verifier.cc:72] Check not successful yet, sleeping and retrying: Network error: Not all Tablet Servers are reachable Connected to the Master WARNING: Unable to connect to Tablet Server c8ec78660e8642b4b82113d62a3042cb (127.31.250.1:40370): Network error: could not send Ping RPC to server: Client connection negotiation failed: client connection to 127.31.250.1:40370: connect: Connection refused (error 111) WARNING: Unable to connect to Tablet Server 33e7b3c7fdd64255b209cc8123db9646 (127.31.250.2:46079): Network error: could not send Ping RPC to server: Client connection negotiation failed: client connection to 127.31.250.2:46079: connect: Connection refused (error 111) WARNING: Fetched info from 1 Tablet Servers, 2 weren't reachable
I0221 01:26:26.889463 8186 cluster_verifier.cc:72] Check not successful yet, sleeping and retrying: Network error: Not all Tablet Servers are reachable Connected to the Master WARNING: Unable to connect to Tablet Server c8ec78660e8642b4b82113d62a3042cb (127.31.250.1:40370): Network error: could not send Ping RPC to server: Client connection negotiation failed: client connection to 127.31.250.1:40370: connect: Connection refused (error 111) WARNING: Unable to connect to Tablet Server 33e7b3c7fdd64255b209cc8123db9646 (127.31.250.2:46079): Network error: could not send Ping RPC to server: Client connection negotiation failed: client connection to 127.31.250.2:46079: connect: Connection refused (error 111) WARNING: Fetched info from 1 Tablet Servers, 2 weren't reachable
I0221 01:26:27.931341 8186 cluster_verifier.cc:72] Check not successful yet, sleeping and retrying: Network error: Not all Tablet Servers are reachable
I0221 01:26:28.559437 12150 raft_consensus.cc:411] T 2c6176fb99ed4fb4a027584aeeb0a708 P 1eb837892f874e99a16858e7958a1356 [term 1 FOLLOWER]: Starting pre-election (no leader contacted us within the election timeout)
I0221 01:26:28.559530 12150 raft_consensus.cc:2162] T 2c6176fb99ed4fb4a027584aeeb0a708 P 1eb837892f874e99a16858e7958a1356 [term 1 FOLLOWER]: Snoozing failure detection for election timeout plus an additional 1.96 s
I0221 01:26:28.559569 12150 raft_consensus.cc:435] T 2c6176fb99ed4fb4a027584aeeb0a708 P 1eb837892f874e99a16858e7958a1356 [term 1 FOLLOWER]: Starting pre-election with config: opid_index: -1 OBSOLETE_local: false peers { permanent_uuid: "c8ec78660e8642b4b82113d62a3042cb" member_type: VOTER last_known_addr { host: "127.31.250.1" port: 40370 } } peers { permanent_uuid: "33e7b3c7fdd64255b209cc8123db9646" member_type: VOTER last_known_addr { host: "127.31.250.2" port: 46079 } } peers { permanent_uuid: "1eb837892f874e99a16858e7958a1356" member_type: VOTER last_known_addr { host: "127.31.250.0" port: 35707 } }
I0221 01:26:28.560070 12150 leader_election.cc:216] T 2c6176fb99ed4fb4a027584aeeb0a708 P 1eb837892f874e99a16858e7958a1356 [CANDIDATE]: Term 2 pre-election: Requesting pre-vote from peer c8ec78660e8642b4b82113d62a3042cb
I0221 01:26:28.560241 12150 leader_election.cc:216] T 2c6176fb99ed4fb4a027584aeeb0a708 P 1eb837892f874e99a16858e7958a1356 [CANDIDATE]: Term 2 pre-election: Requesting pre-vote from peer 33e7b3c7fdd64255b209cc8123db9646
W0221 01:26:28.561157 11759 leader_election.cc:272] T 2c6176fb99ed4fb4a027584aeeb0a708 P 1eb837892f874e99a16858e7958a1356 [CANDIDATE]: Term 2 pre-election: RPC error from VoteRequest() call to peer c8ec78660e8642b4b82113d62a3042cb: Network error: Client connection negotiation failed: client connection to 127.31.250.1:40370: connect: Connection refused (error 111)
W0221 01:26:28.561358 11758 leader_election.cc:272] T 2c6176fb99ed4fb4a027584aeeb0a708 P 1eb837892f874e99a16858e7958a1356 [CANDIDATE]: Term 2 pre-election: RPC error from VoteRequest() call to peer 33e7b3c7fdd64255b209cc8123db9646: Network error: Client connection negotiation failed: client connection to 127.31.250.2:46079: connect: Connection refused (error 111)
I0221 01:26:28.561434 11758 leader_election.cc:243] T 2c6176fb99ed4fb4a027584aeeb0a708 P 1eb837892f874e99a16858e7958a1356 [CANDIDATE]: Term 2 pre-election: Election decided. Result: candidate lost.
I0221 01:26:28.561733 12665 raft_consensus.cc:2162] T 2c6176fb99ed4fb4a027584aeeb0a708 P 1eb837892f874e99a16858e7958a1356 [term 1 FOLLOWER]: Snoozing failure detection for election timeout plus an additional 1.57 s
I0221 01:26:28.561831 12665 raft_consensus.cc:1908] T 2c6176fb99ed4fb4a027584aeeb0a708 P 1eb837892f874e99a16858e7958a1356 [term 1 FOLLOWER]: Leader pre-election lost for term 2. Reason: could not achieve majority Connected to the Master WARNING: Unable to connect to Tablet Server 33e7b3c7fdd64255b209cc8123db9646 (127.31.250.2:46079): Network error: could not send Ping RPC to server: Client connection negotiation failed: client connection to 127.31.250.2:46079: connect: Connection refused (error 111) WARNING: Unable to connect to Tablet Server c8ec78660e8642b4b82113d62a3042cb (127.31.250.1:40370): Network error: could not send Ping RPC to server: Client connection negotiation failed: client connection to 127.31.250.1:40370: connect: Connection refused (error 111) WARNING: Fetched info from 1 Tablet Servers, 2 weren't reachable
I0221 01:26:28.973217 8186 cluster_verifier.cc:72] Check not successful yet, sleeping and retrying: Network error: Not all Tablet Servers are reachable Connected to the Master WARNING: Unable to connect to Tablet Server c8ec78660e8642b4b82113d62a3042cb (127.31.250.1:40370): Network error: could not send Ping RPC to server: Client connection negotiation failed: client connection to 127.31.250.1:40370: connect: Connection refused (error 111) WARNING: Unable to connect to Tablet Server 33e7b3c7fdd64255b209cc8123db9646 (127.31.250.2:46079): Network error: could not send Ping RPC to server: Client connection negotiation failed: client connection to 127.31.250.2:46079: connect: Connection refused (error 111) WARNING: Fetched info from 1 Tablet Servers, 2 weren't reachable
I0221 01:26:30.013222 8186 cluster_verifier.cc:72] Check not successful yet, sleeping and retrying: Network error: Not all Tablet Servers are reachable Connected to the Master WARNING: Unable to connect to Tablet Server c8ec78660e8642b4b82113d62a3042cb (127.31.250.1:40370): Network error: could not send Ping RPC to server: Client connection negotiation failed: client connection to 127.31.250.1:40370: connect: Connection refused (error 111) WARNING: Unable to connect to Tablet Server 33e7b3c7fdd64255b209cc8123db9646 (127.31.250.2:46079): Network error: could not send Ping RPC to server: Client connection negotiation failed: client connection to 127.31.250.2:46079: connect: Connection refused (error 111) WARNING: Fetched info from 1 Tablet Servers, 2 weren't reachable
I0221 01:26:31.055794 8186 cluster_verifier.cc:72] Check not successful yet, sleeping and retrying: Network error: Not all Tablet Servers are reachable
I0221 01:26:31.712813 12150 raft_consensus.cc:411] T 2c6176fb99ed4fb4a027584aeeb0a708 P 1eb837892f874e99a16858e7958a1356 [term 1 FOLLOWER]: Starting pre-election (no leader contacted us within the election timeout)
I0221 01:26:31.712913 12150 raft_consensus.cc:2162] T 2c6176fb99ed4fb4a027584aeeb0a708 P 1eb837892f874e99a16858e7958a1356 [term 1 FOLLOWER]: Snoozing failure detection for election timeout plus an additional 1.72 s
I0221 01:26:31.712954 12150 raft_consensus.cc:435] T 2c6176fb99ed4fb4a027584aeeb0a708 P 1eb837892f874e99a16858e7958a1356 [term 1 FOLLOWER]: Starting pre-election with config: opid_index: -1 OBSOLETE_local: false peers { permanent_uuid: "c8ec78660e8642b4b82113d62a3042cb" member_type: VOTER last_known_addr { host: "127.31.250.1" port: 40370 } } peers { permanent_uuid: "33e7b3c7fdd64255b209cc8123db9646" member_type: VOTER last_known_addr { host: "127.31.250.2" port: 46079 } } peers { permanent_uuid: "1eb837892f874e99a16858e7958a1356" member_type: VOTER last_known_addr { host: "127.31.250.0" port: 35707 } }
I0221 01:26:31.713436 12150 leader_election.cc:216] T 2c6176fb99ed4fb4a027584aeeb0a708 P 1eb837892f874e99a16858e7958a1356 [CANDIDATE]: Term 2 pre-election: Requesting pre-vote from peer c8ec78660e8642b4b82113d62a3042cb
I0221 01:26:31.713585 12150 leader_election.cc:216] T 2c6176fb99ed4fb4a027584aeeb0a708 P 1eb837892f874e99a16858e7958a1356 [CANDIDATE]: Term 2 pre-election: Requesting pre-vote from peer 33e7b3c7fdd64255b209cc8123db9646
W0221 01:26:31.714831 11759 leader_election.cc:272] T 2c6176fb99ed4fb4a027584aeeb0a708 P 1eb837892f874e99a16858e7958a1356 [CANDIDATE]: Term 2 pre-election: RPC error from VoteRequest() call to peer c8ec78660e8642b4b82113d62a3042cb: Network error: Client connection negotiation failed: client connection to 127.31.250.1:40370: connect: Connection refused (error 111)
W0221 01:26:31.714967 11758 leader_election.cc:272] T 2c6176fb99ed4fb4a027584aeeb0a708 P 1eb837892f874e99a16858e7958a1356 [CANDIDATE]: Term 2 pre-election: RPC error from VoteRequest() call to peer 33e7b3c7fdd64255b209cc8123db9646: Network error: Client connection negotiation failed: client connection to 127.31.250.2:46079: connect: Connection refused (error 111)
I0221 01:26:31.715049 11758 leader_election.cc:243] T 2c6176fb99ed4fb4a027584aeeb0a708 P 1eb837892f874e99a16858e7958a1356 [CANDIDATE]: Term 2 pre-election: Election decided. Result: candidate lost.
I0221 01:26:31.715462 12748 raft_consensus.cc:2162] T 2c6176fb99ed4fb4a027584aeeb0a708 P 1eb837892f874e99a16858e7958a1356 [term 1 FOLLOWER]: Snoozing failure detection for election timeout plus an additional 5.15 s
I0221 01:26:31.715569 12748 raft_consensus.cc:1908] T 2c6176fb99ed4fb4a027584aeeb0a708 P 1eb837892f874e99a16858e7958a1356 [term 1 FOLLOWER]: Leader pre-election lost for term 2. Reason: could not achieve majority Connected to the Master WARNING: Unable to connect to Tablet Server c8ec78660e8642b4b82113d62a3042cb (127.31.250.1:40370): Network error: could not send Ping RPC to server: Client connection negotiation failed: client connection to 127.31.250.1:40370: connect: Connection refused (error 111) WARNING: Unable to connect to Tablet Server 33e7b3c7fdd64255b209cc8123db9646 (127.31.250.2:46079): Network error: could not send Ping RPC to server: Client connection negotiation failed: client connection to 127.31.250.2:46079: connect: Connection refused (error 111) WARNING: Fetched info from 1 Tablet Servers, 2 weren't reachable
I0221 01:26:32.098668 8186 cluster_verifier.cc:72] Check not successful yet, sleeping and retrying: Network error: Not all Tablet Servers are reachable Connected to the Master WARNING: WARNING: Unable to connect to Tablet Server c8ec78660e8642b4b82113d62a3042cb (127.31.250.1:40370): Network error: could not send Ping RPC to server: Client connection negotiation failed: client connection to 127.31.250.1:40370: connect: Connection refused (error 111) Unable to connect to Tablet Server 33e7b3c7fdd64255b209cc8123db9646 (127.31.250.2:46079): Network error: could not send Ping RPC to server: Client connection negotiation failed: client connection to 127.31.250.2:46079: connect: Connection refused (error 111) WARNING: Fetched info from 1 Tablet Servers, 2 weren't reachable
I0221 01:26:33.138648 8186 cluster_verifier.cc:72] Check not successful yet, sleeping and retrying: Network error: Not all Tablet Servers are reachable Connected to the Master WARNING: WARNING: Unable to connect to Tablet Server c8ec78660e8642b4b82113d62a3042cb (127.31.250.1:40370): Network error: could not send Ping RPC to server: Client connection negotiation failed: client connection to 127.31.250.1:40370: connect: Connection refused (error 111) Unable to connect to Tablet Server 33e7b3c7fdd64255b209cc8123db9646 (127.31.250.2:46079): Network error: could not send Ping RPC to server: Client connection negotiation failed: client connection to 127.31.250.2:46079: connect: Connection refused (error 111) WARNING: Fetched info from 1 Tablet Servers, 2 weren't reachable
I0221 01:26:34.179771 8186 cluster_verifier.cc:72] Check not successful yet, sleeping and retrying: Network error: Not all Tablet Servers are reachable Connected to the Master WARNING: WARNING: Unable to connect to Tablet Server c8ec78660e8642b4b82113d62a3042cb (127.31.250.1:40370): Network error: could not send Ping RPC to server: Client connection negotiation failed: client connection to 127.31.250.1:40370: connect: Connection refused (error 111)Unable to connect to Tablet Server 33e7b3c7fdd64255b209cc8123db9646 (127.31.250.2:46079): Network error: could not send Ping RPC to server: Client connection negotiation failed: client connection to 127.31.250.2:46079: connect: Connection refused (error 111) WARNING: Fetched info from 1 Tablet Servers, 2 weren't reachable
I0221 01:26:35.221237 8186 cluster_verifier.cc:72] Check not successful yet, sleeping and retrying: Network error: Not all Tablet Servers are reachable Connected to the Master WARNING: Unable to connect to Tablet Server c8ec78660e8642b4b82113d62a3042cb (127.31.250.1:40370): Network error: could not send Ping RPC to server: Client connection negotiation failed: client connection to 127.31.250.1:40370: connect: Connection refused (error 111) WARNING: Unable to connect to Tablet Server 33e7b3c7fdd64255b209cc8123db9646 (127.31.250.2:46079): Network error: could not send Ping RPC to server: Client connection negotiation failed: client connection to 127.31.250.2:46079: connect: Connection refused (error 111) WARNING: Fetched info from 1 Tablet Servers, 2 weren't reachable
