I0109 07:20:10.237417 1270 tablet_server_main.cc:56] Tablet server non-default flags: --raft_heartbeat_interval_ms=50 --fs_data_dirs=/var/lib/kudu/tserver --fs_wal_dir=/var/lib/kudu/tserver --tserver_master_addrs=aserbin-kudu-jepsen-master.gce.cloudera.com:7051 --heap_profile_path=/tmp/kudu-tserver.1270 --unlock_experimental_flags=true --unlock_unsafe_flags=true --flagfile=/etc/kudu/conf/tserver.gflagfile --log_dir=/var/log/kudu --logtostderr=true Tablet server version: kudu 1.3.0-SNAPSHOT revision 3a23b058af0f4de04f8827255de405fff7bf9ee1 build type RELEASE built by jenkins at 09 Jan 2017 06:07:18 PST on aserbin-kudu-jepsen-control-node-debian8.gce.cloudera.com build id 2017-01-09_06-07-06
I0109 07:20:10.240229 1270 mem_tracker.cc:140] MemTracker: hard memory limit is 0.464404 GB
I0109 07:20:10.240281 1270 mem_tracker.cc:142] MemTracker: soft memory limit is 0.278643 GB
I0109 07:20:10.275355 1270 tablet_server_main.cc:63] Initializing tablet server...
I0109 07:20:10.325331 1270 hybrid_clock.cc:177] HybridClock initialized. Resolution in nanos?: 1 Wait times tolerance adjustment: 1.0005 Current error: 452973
I0109 07:20:10.327706 1270 env_posix.cc:1286] Not raising process file limit of 65536; it is already as high as it can go
I0109 07:20:10.327771 1270 file_cache.cc:401] Constructed file cache lbm with capacity 32768
I0109 07:20:10.329560 1270 server_base.cc:179] Could not load existing FS layout: Not found: /var/lib/kudu/tserver/instance: No such file or directory (error 2)
I0109 07:20:10.329588 1270 server_base.cc:180] Creating new FS layout
I0109 07:20:10.337239 1270 fs_manager.cc:362] Generated new instance metadata in path /var/lib/kudu/tserver/instance: uuid: "1678276a36f849c28459de6b6788965a" format_stamp: "Formatted at 2017-01-09 15:20:10 on aserbin-kudu-jepsen-ts-5"
I0109 07:20:10.345371 1270 fs_manager.cc:251] Opened local filesystem: /var/lib/kudu/tserver uuid: "1678276a36f849c28459de6b6788965a" format_stamp: "Formatted at 2017-01-09 15:20:10 on aserbin-kudu-jepsen-ts-5"
I0109 07:20:10.350301 1270 tablet_server_main.cc:66] Starting tablet server...
I0109 07:20:10.366536 1270 rpc_server.cc:164] RPC server started. Bound to: 0.0.0.0:7050
I0109 07:20:10.366681 1270 webserver.cc:126] Starting webserver on 0.0.0.0:8050
I0109 07:20:10.366694 1270 webserver.cc:137] Document root disabled
I0109 07:20:10.366901 1270 webserver.cc:221] Webserver started. Bound to: http://0.0.0.0:8050/
I0109 07:20:10.367426 1270 tablet_server_main.cc:69] Tablet server successfully started.
W0109 07:20:10.420745 1420 heartbeater.cc:453] Failed to heartbeat to aserbin-kudu-jepsen-master.gce.cloudera.com:7051: Network error: Failed to ping master at aserbin-kudu-jepsen-master.gce.cloudera.com:7051: Client connection negotiation failed: client connection to 172.31.113.125:7051: connect: Connection refused (error 111)
W0109 07:20:10.470530 1420 heartbeater.cc:453] Failed to heartbeat to aserbin-kudu-jepsen-master.gce.cloudera.com:7051: Network error: Failed to ping master at aserbin-kudu-jepsen-master.gce.cloudera.com:7051: Client connection negotiation failed: client connection to 172.31.113.125:7051: connect: Connection refused (error 111)
W0109 07:20:10.519930 1420 heartbeater.cc:453] Failed to heartbeat to aserbin-kudu-jepsen-master.gce.cloudera.com:7051: Network error: Failed to ping master at aserbin-kudu-jepsen-master.gce.cloudera.com:7051: Client connection negotiation failed: client connection to 172.31.113.125:7051: connect: Connection refused (error 111)
W0109 07:20:10.520005 1420 heartbeater.cc:323] Failed 3 heartbeats in a row: no longer allowing fast heartbeat attempts.
I0109 07:20:11.571100 1420 heartbeater.cc:292] Connected to a master server at aserbin-kudu-jepsen-master.gce.cloudera.com:7051
I0109 07:20:11.571164 1420 heartbeater.cc:359] Registering TS with master...
I0109 07:20:11.571247 1420 heartbeater.cc:373] Master aserbin-kudu-jepsen-master.gce.cloudera.com:7051 requested a full tablet report, sending...
I0109 07:20:12.571853 1420 heartbeater.cc:365] Master aserbin-kudu-jepsen-master.gce.cloudera.com:7051 was elected leader, sending a full tablet report...
I0109 07:20:16.878420 1357 tablet_service.cc:630] Processing CreateTablet for tablet 9e99b710634a44f4a948132a5a180600 (table=rw-register-1483975178870 [id=0e0bbef280744ed1a8036e11eb0aaea0]), partition=RANGE (key) PARTITION UNBOUNDED
I0109 07:20:16.885817 1357 ts_tablet_manager.cc:863] Registered tablet 9e99b710634a44f4a948132a5a180600
I0109 07:20:16.886198 1439 ts_tablet_manager.cc:725] T 9e99b710634a44f4a948132a5a180600 P 1678276a36f849c28459de6b6788965a: Bootstrapping tablet
I0109 07:20:16.886404 1439 tablet_bootstrap.cc:381] T 9e99b710634a44f4a948132a5a180600 P 1678276a36f849c28459de6b6788965a: Bootstrap starting.
I0109 07:20:16.887271 1439 tablet_bootstrap.cc:540] T 9e99b710634a44f4a948132a5a180600 P 1678276a36f849c28459de6b6788965a: Time spent opening tablet: real 0.000s user 0.000s sys 0.000s
I0109 07:20:16.887369 1439 tablet_bootstrap.cc:483] T 9e99b710634a44f4a948132a5a180600 P 1678276a36f849c28459de6b6788965a: No blocks or log segments found. Creating new log.
I0109 07:20:16.887492 1439 log.cc:351] Log is configured to *not* fsync() on all Append() calls
I0109 07:20:16.887902 1439 tablet_bootstrap.cc:381] T 9e99b710634a44f4a948132a5a180600 P 1678276a36f849c28459de6b6788965a: No bootstrap required, opened a new log
I0109 07:20:16.887925 1439 ts_tablet_manager.cc:730] T 9e99b710634a44f4a948132a5a180600 P 1678276a36f849c28459de6b6788965a: Time spent bootstrapping tablet: real 0.002s user 0.000s sys 0.000s
I0109 07:20:16.889403 1439 raft_consensus.cc:287] T 9e99b710634a44f4a948132a5a180600 P 1678276a36f849c28459de6b6788965a [term 0 FOLLOWER]: Replica starting. Triggering 0 pending transactions. Active config: opid_index: -1 OBSOLETE_local: false peers { permanent_uuid: "710c236995db46699eb9055c19ac506e" member_type: VOTER last_known_addr { host: "aserbin-kudu-jepsen-ts-4.gce.cloudera.com" port: 7050 } } peers { permanent_uuid: "1678276a36f849c28459de6b6788965a" member_type: VOTER last_known_addr { host: "aserbin-kudu-jepsen-ts-5.gce.cloudera.com" port: 7050 } } peers { permanent_uuid: "591b1a1d383d4b659d7549653f4f136e" member_type: VOTER last_known_addr { host: "aserbin-kudu-jepsen-ts-2.gce.cloudera.com" port: 7050 } } peers { permanent_uuid: "c5a3e756029444b2bf66ee0044f5bc35" member_type: VOTER last_known_addr { host: "aserbin-kudu-jepsen-ts-1.gce.cloudera.com" port: 7050 } } peers { permanent_uuid: "7897578c54854ba0a5af32eb2aa04704" member_type: VOTER last_known_addr { host: "aserbin-kudu-jepsen-ts-3.gce.cloudera.com" port: 7050 } }
I0109 07:20:16.889468 1439 raft_consensus.cc:318] T 9e99b710634a44f4a948132a5a180600 P 1678276a36f849c28459de6b6788965a [term 0 FOLLOWER]: Consensus starting up: Expiring failure detector timer to make a prompt election more likely
I0109 07:20:16.889488 1439 raft_consensus.cc:547] T 9e99b710634a44f4a948132a5a180600 P 1678276a36f849c28459de6b6788965a [term 0 FOLLOWER]: Becoming Follower/Learner. State: Replica: 1678276a36f849c28459de6b6788965a, State: 1, Role: FOLLOWER
I0109 07:20:16.889516 1439 consensus_queue.cc:175] T 9e99b710634a44f4a948132a5a180600 P 1678276a36f849c28459de6b6788965a [NON_LEADER]: Queue going to NON_LEADER mode. State: All replicated index: 0, Majority replicated index: 0, Committed index: 0, Last appended: 0.0, Current term: 0, Majority size: -1, State: 1, Mode: NON_LEADER
I0109 07:20:16.889708 1439 ts_tablet_manager.cc:757] T 9e99b710634a44f4a948132a5a180600 P 1678276a36f849c28459de6b6788965a: Time spent starting tablet: real 0.002s user 0.000s sys 0.000s
I0109 07:20:16.947499 1442 raft_consensus.cc:410] T 9e99b710634a44f4a948132a5a180600 P 1678276a36f849c28459de6b6788965a [term 0 FOLLOWER]: Starting pre-election (no leader contacted us within the election timeout)
I0109 07:20:16.947625 1442 raft_consensus.cc:2158] T 9e99b710634a44f4a948132a5a180600 P 1678276a36f849c28459de6b6788965a [term 0 FOLLOWER]: Snoozing failure detection for election timeout plus an additional 0.172s
I0109 07:20:16.947713 1442 raft_consensus.cc:434] T 9e99b710634a44f4a948132a5a180600 P 1678276a36f849c28459de6b6788965a [term 0 FOLLOWER]: Starting pre-election with config: opid_index: -1 OBSOLETE_local: false peers { permanent_uuid: "710c236995db46699eb9055c19ac506e" member_type: VOTER last_known_addr { host: "aserbin-kudu-jepsen-ts-4.gce.cloudera.com" port: 7050 } } peers { permanent_uuid: "1678276a36f849c28459de6b6788965a" member_type: VOTER last_known_addr { host: "aserbin-kudu-jepsen-ts-5.gce.cloudera.com" port: 7050 } } peers { permanent_uuid: "591b1a1d383d4b659d7549653f4f136e" member_type: VOTER last_known_addr { host: "aserbin-kudu-jepsen-ts-2.gce.cloudera.com" port: 7050 } } peers { permanent_uuid: "c5a3e756029444b2bf66ee0044f5bc35" member_type: VOTER last_known_addr { host: "aserbin-kudu-jepsen-ts-1.gce.cloudera.com" port: 7050 } } peers { permanent_uuid: "7897578c54854ba0a5af32eb2aa04704" member_type: VOTER last_known_addr { host: "aserbin-kudu-jepsen-ts-3.gce.cloudera.com" port: 7050 } }
I0109 07:20:17.146363 1377 raft_consensus.cc:2158] T 9e99b710634a44f4a948132a5a180600 P 1678276a36f849c28459de6b6788965a [term 0 FOLLOWER]: Snoozing failure detection for election timeout plus an additional 0.222s
I0109 07:20:17.146421 1377 raft_consensus.cc:1744] T 9e99b710634a44f4a948132a5a180600 P 1678276a36f849c28459de6b6788965a [term 0 FOLLOWER]: Leader pre-election vote request: Granting yes vote for candidate 710c236995db46699eb9055c19ac506e in term 0.
I0109 07:20:17.146538 1442 leader_election.cc:215] T 9e99b710634a44f4a948132a5a180600 P 1678276a36f849c28459de6b6788965a [CANDIDATE]: Term 1 pre-election: Requesting pre-vote from peer 710c236995db46699eb9055c19ac506e
I0109 07:20:17.146823 1442 leader_election.cc:215] T 9e99b710634a44f4a948132a5a180600 P 1678276a36f849c28459de6b6788965a [CANDIDATE]: Term 1 pre-election: Requesting pre-vote from peer 591b1a1d383d4b659d7549653f4f136e
I0109 07:20:17.147043 1442 leader_election.cc:215] T 9e99b710634a44f4a948132a5a180600 P 1678276a36f849c28459de6b6788965a [CANDIDATE]: Term 1 pre-election: Requesting pre-vote from peer c5a3e756029444b2bf66ee0044f5bc35
I0109 07:20:17.147152 1442 leader_election.cc:215] T 9e99b710634a44f4a948132a5a180600 P 1678276a36f849c28459de6b6788965a [CANDIDATE]: Term 1 pre-election: Requesting pre-vote from peer 7897578c54854ba0a5af32eb2aa04704
I0109 07:20:17.148349 1313 leader_election.cc:347] T 9e99b710634a44f4a948132a5a180600 P 1678276a36f849c28459de6b6788965a [CANDIDATE]: Term 1 pre-election: Vote granted by peer 710c236995db46699eb9055c19ac506e
W0109 07:20:17.149565 1314 leader_election.cc:277] T 9e99b710634a44f4a948132a5a180600 P 1678276a36f849c28459de6b6788965a [CANDIDATE]: Term 1 pre-election: Tablet error from VoteRequest() call to peer 7897578c54854ba0a5af32eb2aa04704: Not found: Tablet not found
I0109 07:20:17.255635 1314 leader_election.cc:361] T 9e99b710634a44f4a948132a5a180600 P 1678276a36f849c28459de6b6788965a [CANDIDATE]: Term 1 pre-election: Vote denied by peer 591b1a1d383d4b659d7549653f4f136e. Message: Service unavailable: T 9e99b710634a44f4a948132a5a180600 P 591b1a1d383d4b659d7549653f4f136e [term 0 FOLLOWER]: Leader pre-election vote request: Denying vote to candidate 1678276a36f849c28459de6b6788965a for term 1 because replica is already servicing an update from a current leader or another vote.
I0109 07:20:17.257464 1377 raft_consensus.cc:2158] T 9e99b710634a44f4a948132a5a180600 P 1678276a36f849c28459de6b6788965a [term 0 FOLLOWER]: Snoozing failure detection for election timeout plus an additional 0.205s
I0109 07:20:17.257483 1377 raft_consensus.cc:1744] T 9e99b710634a44f4a948132a5a180600 P 1678276a36f849c28459de6b6788965a [term 0 FOLLOWER]: Leader pre-election vote request: Granting yes vote for candidate 591b1a1d383d4b659d7549653f4f136e in term 0.
W0109 07:20:17.319833 1311 leader_election.cc:271] T 9e99b710634a44f4a948132a5a180600 P 1678276a36f849c28459de6b6788965a [CANDIDATE]: Term 1 pre-election: RPC error from VoteRequest() call to peer c5a3e756029444b2bf66ee0044f5bc35: Timed out: RequestConsensusVote RPC to 172.31.112.255:7050 timed out after 0.172s (SENT)
I0109 07:20:17.319902 1311 leader_election.cc:242] T 9e99b710634a44f4a948132a5a180600 P 1678276a36f849c28459de6b6788965a [CANDIDATE]: Term 1 pre-election: Election decided. Result: candidate lost.
I0109 07:20:17.320149 1447 raft_consensus.cc:2158] T 9e99b710634a44f4a948132a5a180600 P 1678276a36f849c28459de6b6788965a [term 0 FOLLOWER]: Snoozing failure detection for election timeout plus an additional 0.167s
I0109 07:20:17.320165 1447 raft_consensus.cc:1905] T 9e99b710634a44f4a948132a5a180600 P 1678276a36f849c28459de6b6788965a [term 0 FOLLOWER]: Leader pre-election lost for term 1. Reason: could not achieve majority
I0109 07:20:17.334667 1377 raft_consensus.cc:2158] T 9e99b710634a44f4a948132a5a180600 P 1678276a36f849c28459de6b6788965a [term 0 FOLLOWER]: Snoozing failure detection for election timeout plus an additional 0.311s
I0109 07:20:17.334717 1377 raft_consensus.cc:1744] T 9e99b710634a44f4a948132a5a180600 P 1678276a36f849c28459de6b6788965a [term 0 FOLLOWER]: Leader pre-election vote request: Granting yes vote for candidate c5a3e756029444b2bf66ee0044f5bc35 in term 0.
I0109 07:20:17.422475 1377 raft_consensus.cc:2158] T 9e99b710634a44f4a948132a5a180600 P 1678276a36f849c28459de6b6788965a [term 0 FOLLOWER]: Snoozing failure detection for election timeout plus an additional 0.259s
I0109 07:20:17.422525 1377 raft_consensus.cc:1744] T 9e99b710634a44f4a948132a5a180600 P 1678276a36f849c28459de6b6788965a [term 0 FOLLOWER]: Leader pre-election vote request: Granting yes vote for candidate 7897578c54854ba0a5af32eb2aa04704 in term 0.
I0109 07:20:17.456612 1377 raft_consensus.cc:2202] T 9e99b710634a44f4a948132a5a180600 P 1678276a36f849c28459de6b6788965a [term 0 FOLLOWER]: Advancing to term 1
I0109 07:20:17.456713 1377 raft_consensus.cc:2158] T 9e99b710634a44f4a948132a5a180600 P 1678276a36f849c28459de6b6788965a [term 1 FOLLOWER]: Snoozing failure detection for election timeout plus an additional 0.263s
I0109 07:20:17.457139 1377 raft_consensus.cc:1744] T 9e99b710634a44f4a948132a5a180600 P 1678276a36f849c28459de6b6788965a [term 1 FOLLOWER]: Leader election vote request: Granting yes vote for candidate 710c236995db46699eb9055c19ac506e in term 1.
I0109 07:20:17.457818 1377 raft_consensus.cc:1674] T 9e99b710634a44f4a948132a5a180600 P 1678276a36f849c28459de6b6788965a [term 1 FOLLOWER]: Leader election vote request: Denying vote to candidate 591b1a1d383d4b659d7549653f4f136e in current term 1: Already voted for candidate 710c236995db46699eb9055c19ac506e in this term.
I0109 07:20:17.622388 1377 raft_consensus.cc:1674] T 9e99b710634a44f4a948132a5a180600 P 1678276a36f849c28459de6b6788965a [term 1 FOLLOWER]: Leader election vote request: Denying vote to candidate 7897578c54854ba0a5af32eb2aa04704 in current term 1: Already voted for candidate 710c236995db46699eb9055c19ac506e in this term.
I0109 07:20:17.658516 1377 raft_consensus.cc:915] T 9e99b710634a44f4a948132a5a180600 P 1678276a36f849c28459de6b6788965a [term 1 FOLLOWER]: Refusing update from remote peer 710c236995db46699eb9055c19ac506e: Log matching property violated. Preceding OpId in replica: term: 0 index: 0. Preceding OpId from leader: term: 1 index: 1. (index mismatch)
I0109 07:20:17.804591 1377 raft_consensus.cc:1705] T 9e99b710634a44f4a948132a5a180600 P 1678276a36f849c28459de6b6788965a [term 1 FOLLOWER]: Leader pre-election vote request: Denying vote to candidate 591b1a1d383d4b659d7549653f4f136e for term 2 because replica is either leader or believes a valid leader to be alive.
I0109 07:20:24.392710 1442 raft_consensus.cc:410] T 9e99b710634a44f4a948132a5a180600 P 1678276a36f849c28459de6b6788965a [term 1 FOLLOWER]: Starting pre-election (detected failure of leader 710c236995db46699eb9055c19ac506e)
I0109 07:20:24.392807 1442 raft_consensus.cc:2158] T 9e99b710634a44f4a948132a5a180600 P 1678276a36f849c28459de6b6788965a [term 1 FOLLOWER]: Snoozing failure detection for election timeout plus an additional 0.199s
I0109 07:20:24.392901 1442 raft_consensus.cc:434] T 9e99b710634a44f4a948132a5a180600 P 1678276a36f849c28459de6b6788965a [term 1 FOLLOWER]: Starting pre-election with config: opid_index: -1 OBSOLETE_local: false peers { permanent_uuid: "710c236995db46699eb9055c19ac506e" member_type: VOTER last_known_addr { host: "aserbin-kudu-jepsen-ts-4.gce.cloudera.com" port: 7050 } } peers { permanent_uuid: "1678276a36f849c28459de6b6788965a" member_type: VOTER last_known_addr { host: "aserbin-kudu-jepsen-ts-5.gce.cloudera.com" port: 7050 } } peers { permanent_uuid: "591b1a1d383d4b659d7549653f4f136e" member_type: VOTER last_known_addr { host: "aserbin-kudu-jepsen-ts-2.gce.cloudera.com" port: 7050 } } peers { permanent_uuid: "c5a3e756029444b2bf66ee0044f5bc35" member_type: VOTER last_known_addr { host: "aserbin-kudu-jepsen-ts-1.gce.cloudera.com" port: 7050 } } peers { permanent_uuid: "7897578c54854ba0a5af32eb2aa04704" member_type: VOTER last_known_addr { host: "aserbin-kudu-jepsen-ts-3.gce.cloudera.com" port: 7050 } }
I0109 07:20:24.590145 1442 leader_election.cc:215] T 9e99b710634a44f4a948132a5a180600 P 1678276a36f849c28459de6b6788965a [CANDIDATE]: Term 2 pre-election: Requesting pre-vote from peer 710c236995db46699eb9055c19ac506e
I0109 07:20:24.590229 1442 leader_election.cc:215] T 9e99b710634a44f4a948132a5a180600 P 1678276a36f849c28459de6b6788965a [CANDIDATE]: Term 2 pre-election: Requesting pre-vote from peer 591b1a1d383d4b659d7549653f4f136e
I0109 07:20:24.590243 1442 leader_election.cc:215] T 9e99b710634a44f4a948132a5a180600 P 1678276a36f849c28459de6b6788965a [CANDIDATE]: Term 2 pre-election: Requesting pre-vote from peer c5a3e756029444b2bf66ee0044f5bc35
I0109 07:20:24.590258 1442 leader_election.cc:215] T 9e99b710634a44f4a948132a5a180600 P 1678276a36f849c28459de6b6788965a [CANDIDATE]: Term 2 pre-election: Requesting pre-vote from peer 7897578c54854ba0a5af32eb2aa04704
W0109 07:20:24.592454 1314 leader_election.cc:271] T 9e99b710634a44f4a948132a5a180600 P 1678276a36f849c28459de6b6788965a [CANDIDATE]: Term 2 pre-election: RPC error from VoteRequest() call to peer 591b1a1d383d4b659d7549653f4f136e: Network error: Client connection negotiation failed: client connection to 172.31.113.2:7050: connect: Connection refused (error 111)
W0109 07:20:24.592674 1313 leader_election.cc:271] T 9e99b710634a44f4a948132a5a180600 P 1678276a36f849c28459de6b6788965a [CANDIDATE]: Term 2 pre-election: RPC error from VoteRequest() call to peer 710c236995db46699eb9055c19ac506e: Network error: Client connection negotiation failed: client connection to 172.31.114.38:7050: connect: Connection refused (error 111)
W0109 07:20:24.592758 1311 leader_election.cc:271] T 9e99b710634a44f4a948132a5a180600 P 1678276a36f849c28459de6b6788965a [CANDIDATE]: Term 2 pre-election: RPC error from VoteRequest() call to peer c5a3e756029444b2bf66ee0044f5bc35: Network error: Client connection negotiation failed: client connection to 172.31.112.255:7050: connect: Connection refused (error 111)
I0109 07:20:24.592772 1311 leader_election.cc:242] T 9e99b710634a44f4a948132a5a180600 P 1678276a36f849c28459de6b6788965a [CANDIDATE]: Term 2 pre-election: Election decided. Result: candidate lost.
W0109 07:20:24.592849 1314 leader_election.cc:271] T 9e99b710634a44f4a948132a5a180600 P 1678276a36f849c28459de6b6788965a [CANDIDATE]: Term 2 pre-election: RPC error from VoteRequest() call to peer 7897578c54854ba0a5af32eb2aa04704: Network error: Client connection negotiation failed: client connection to 172.31.114.37:7050: connect: Connection refused (error 111)
I0109 07:20:24.593035 1457 raft_consensus.cc:2158] T 9e99b710634a44f4a948132a5a180600 P 1678276a36f849c28459de6b6788965a [term 1 FOLLOWER]: Snoozing failure detection for election timeout plus an additional 0.197s
I0109 07:20:24.593055 1457 raft_consensus.cc:1905] T 9e99b710634a44f4a948132a5a180600 P 1678276a36f849c28459de6b6788965a [term 1 FOLLOWER]: Leader pre-election lost for term 2. Reason: could not achieve majority
I0109 07:20:31.075708 1467 tablet_server_main.cc:56] Tablet server non-default flags: --raft_heartbeat_interval_ms=50 --fs_data_dirs=/var/lib/kudu/tserver --fs_wal_dir=/var/lib/kudu/tserver --tserver_master_addrs=aserbin-kudu-jepsen-master.gce.cloudera.com:7051 --heap_profile_path=/tmp/kudu-tserver.1467 --unlock_experimental_flags=true --unlock_unsafe_flags=true --flagfile=/etc/kudu/conf/tserver.gflagfile --log_dir=/var/log/kudu --logtostderr=true Tablet server version: kudu 1.3.0-SNAPSHOT revision 3a23b058af0f4de04f8827255de405fff7bf9ee1 build type RELEASE built by jenkins at 09 Jan 2017 06:07:18 PST on aserbin-kudu-jepsen-control-node-debian8.gce.cloudera.com build id 2017-01-09_06-07-06
I0109 07:20:31.075892 1467 mem_tracker.cc:140] MemTracker: hard memory limit is 0.464404 GB
I0109 07:20:31.075903 1467 mem_tracker.cc:142] MemTracker: soft memory limit is 0.278643 GB
I0109 07:20:31.077199 1467 tablet_server_main.cc:63] Initializing tablet server...
I0109 07:20:31.126713 1467 hybrid_clock.cc:177] HybridClock initialized. Resolution in nanos?: 1 Wait times tolerance adjustment: 1.0005 Current error: 463473
I0109 07:20:31.127518 1467 env_posix.cc:1286] Not raising process file limit of 65536; it is already as high as it can go
I0109 07:20:31.127549 1467 file_cache.cc:401] Constructed file cache lbm with capacity 32768
I0109 07:20:31.128741 1467 fs_manager.cc:251] Opened local filesystem: /var/lib/kudu/tserver uuid: "1678276a36f849c28459de6b6788965a" format_stamp: "Formatted at 2017-01-09 15:20:10 on aserbin-kudu-jepsen-ts-5"
I0109 07:20:31.132208 1467 ts_tablet_manager.cc:701] Loading metadata for tablet 9e99b710634a44f4a948132a5a180600
I0109 07:20:31.132675 1467 ts_tablet_manager.cc:863] Registered tablet 9e99b710634a44f4a948132a5a180600
I0109 07:20:31.132885 1481 ts_tablet_manager.cc:725] T 9e99b710634a44f4a948132a5a180600 P 1678276a36f849c28459de6b6788965a: Bootstrapping tablet
I0109 07:20:31.133165 1481 tablet_bootstrap.cc:381] T 9e99b710634a44f4a948132a5a180600 P 1678276a36f849c28459de6b6788965a: Bootstrap starting.
I0109 07:20:31.133529 1481 tablet_bootstrap.cc:540] T 9e99b710634a44f4a948132a5a180600 P 1678276a36f849c28459de6b6788965a: Time spent opening tablet: real 0.000s user 0.000s sys 0.000s
I0109 07:20:31.133653 1481 tablet_bootstrap.cc:596] T 9e99b710634a44f4a948132a5a180600 P 1678276a36f849c28459de6b6788965a: Will attempt to recover log segment /var/lib/kudu/tserver/wals/9e99b710634a44f4a948132a5a180600/wal-000000001 to /var/lib/kudu/tserver/wals/9e99b710634a44f4a948132a5a180600.recovery/wal-000000001
I0109 07:20:31.133719 1481 tablet_bootstrap.cc:604] T 9e99b710634a44f4a948132a5a180600 P 1678276a36f849c28459de6b6788965a: Moving log directory /var/lib/kudu/tserver/wals/9e99b710634a44f4a948132a5a180600 to recovery directory /var/lib/kudu/tserver/wals/9e99b710634a44f4a948132a5a180600.recovery in preparation for log replay
I0109 07:20:31.134001 1481 log_util.cc:315] Log segment /var/lib/kudu/tserver/wals/9e99b710634a44f4a948132a5a180600.recovery/wal-000000001 has no footer. This segment was likely being written when the server previously shut down.
I0109 07:20:31.134035 1481 log_reader.cc:160] Log segment /var/lib/kudu/tserver/wals/9e99b710634a44f4a948132a5a180600.recovery/wal-000000001 was likely left in-progress after a previous crash. Will try to rebuild footer by scanning data.
I0109 07:20:31.135290 1467 tablet_server_main.cc:66] Starting tablet server...
I0109 07:20:31.138593 1481 log_util.cc:569] Scanning /var/lib/kudu/tserver/wals/9e99b710634a44f4a948132a5a180600.recovery/wal-000000001 for valid entry headers following offset 11219...
I0109 07:20:31.246692 1481 log_util.cc:606] Found no log entry headers
I0109 07:20:31.246765 1481 log_util.cc:218] Ignoring log segment corruption in /var/lib/kudu/tserver/wals/9e99b710634a44f4a948132a5a180600.recovery/wal-000000001 because there are no log entries following the corrupted one. The server probably crashed in the middle of writing an entry to the write-ahead log or downloaded an active log via tablet copy. Error detail: Corruption: CRC mismatch in log entry header: Log file corruption detected. Failed trying to read batch #0 at offset 11207 for log segment /var/lib/kudu/tserver/wals/9e99b710634a44f4a948132a5a180600.recovery/wal-000000001: Prior entries: [off=10942 REPLICATE (1.48)] [off=10976 COMMIT (1.48)] [off=11173 REPLICATE (1.49)] [off=11207 COMMIT (1.49)]
I0109 07:20:31.246773 1481 log_util.cc:368] Successfully rebuilt footer for segment: /var/lib/kudu/tserver/wals/9e99b710634a44f4a948132a5a180600.recovery/wal-000000001 (valid entries through byte offset 11207)
I0109 07:20:31.246866 1481 tablet.cc:983] T 9e99b710634a44f4a948132a5a180600 Rewinding schema during bootstrap to Schema [ 0:key[string NOT NULL], 1:value[int32 NOT NULL] ]
I0109 07:20:31.247258 1481 log.cc:351] Log is configured to *not* fsync() on all Append() calls
I0109 07:20:31.250198 1481 tablet_bootstrap.cc:381] T 9e99b710634a44f4a948132a5a180600 P 1678276a36f849c28459de6b6788965a: Bootstrap replayed 1/1 log segments. Stats: ops{read=49 overwritten=0 applied=49 ignored=0} inserts{seen=48 ignored=0} mutations{seen=0 ignored=0} orphaned_commits=0. Pending: 0 replicates
I0109 07:20:31.250231 1481 tablet_bootstrap.cc:1017] T 9e99b710634a44f4a948132a5a180600 P 1678276a36f849c28459de6b6788965a: ReplayState: Previous OpId: 1.49, Committed OpId: 1.49, Pending Replicates: 0, Pending Commits: 0
I0109 07:20:31.250623 1481 tablet_bootstrap.cc:633] T 9e99b710634a44f4a948132a5a180600 P 1678276a36f849c28459de6b6788965a: Preparing to delete log recovery files and directory /var/lib/kudu/tserver/wals/9e99b710634a44f4a948132a5a180600.recovery
I0109 07:20:31.250635 1481 tablet_bootstrap.cc:636] T 9e99b710634a44f4a948132a5a180600 P 1678276a36f849c28459de6b6788965a: Renaming log recovery dir from /var/lib/kudu/tserver/wals/9e99b710634a44f4a948132a5a180600.recovery to /var/lib/kudu/tserver/wals/9e99b710634a44f4a948132a5a180600.recovery-1483975231250634
I0109 07:20:31.250654 1481 tablet_bootstrap.cc:646] T 9e99b710634a44f4a948132a5a180600 P 1678276a36f849c28459de6b6788965a: Deleting all files from renamed log recovery directory /var/lib/kudu/tserver/wals/9e99b710634a44f4a948132a5a180600.recovery-1483975231250634
I0109 07:20:31.250766 1481 tablet_bootstrap.cc:649] T 9e99b710634a44f4a948132a5a180600 P 1678276a36f849c28459de6b6788965a: Completed deletion of old log recovery files and directory /var/lib/kudu/tserver/wals/9e99b710634a44f4a948132a5a180600.recovery-1483975231250634
I0109 07:20:31.250777 1481 tablet_bootstrap.cc:381] T 9e99b710634a44f4a948132a5a180600 P 1678276a36f849c28459de6b6788965a: Bootstrap complete.
I0109 07:20:31.256198 1481 ts_tablet_manager.cc:730] T 9e99b710634a44f4a948132a5a180600 P 1678276a36f849c28459de6b6788965a: Time spent bootstrapping tablet: real 0.123s user 0.008s sys 0.040s
I0109 07:20:31.256919 1481 raft_consensus.cc:287] T 9e99b710634a44f4a948132a5a180600 P 1678276a36f849c28459de6b6788965a [term 1 FOLLOWER]: Replica starting. Triggering 0 pending transactions. Active config: opid_index: -1 OBSOLETE_local: false peers { permanent_uuid: "710c236995db46699eb9055c19ac506e" member_type: VOTER last_known_addr { host: "aserbin-kudu-jepsen-ts-4.gce.cloudera.com" port: 7050 } } peers { permanent_uuid: "1678276a36f849c28459de6b6788965a" member_type: VOTER last_known_addr { host: "aserbin-kudu-jepsen-ts-5.gce.cloudera.com" port: 7050 } } peers { permanent_uuid: "591b1a1d383d4b659d7549653f4f136e" member_type: VOTER last_known_addr { host: "aserbin-kudu-jepsen-ts-2.gce.cloudera.com" port: 7050 } } peers { permanent_uuid: "c5a3e756029444b2bf66ee0044f5bc35" member_type: VOTER last_known_addr { host: "aserbin-kudu-jepsen-ts-1.gce.cloudera.com" port: 7050 } } peers { permanent_uuid: "7897578c54854ba0a5af32eb2aa04704" member_type: VOTER last_known_addr { host: "aserbin-kudu-jepsen-ts-3.gce.cloudera.com" port: 7050 } }
I0109 07:20:31.256949 1481 raft_consensus.cc:547] T 9e99b710634a44f4a948132a5a180600 P 1678276a36f849c28459de6b6788965a [term 1 FOLLOWER]: Becoming Follower/Learner. State: Replica: 1678276a36f849c28459de6b6788965a, State: 1, Role: FOLLOWER
I0109 07:20:31.256963 1481 consensus_queue.cc:175] T 9e99b710634a44f4a948132a5a180600 P 1678276a36f849c28459de6b6788965a [NON_LEADER]: Queue going to NON_LEADER mode. State: All replicated index: 0, Majority replicated index: 0, Committed index: 49, Last appended: 1.49, Current term: 0, Majority size: -1, State: 1, Mode: NON_LEADER
I0109 07:20:31.257153 1481 ts_tablet_manager.cc:757] T 9e99b710634a44f4a948132a5a180600 P 1678276a36f849c28459de6b6788965a: Time spent starting tablet: real 0.001s user 0.000s sys 0.004s
I0109 07:20:31.263620 1467 rpc_server.cc:164] RPC server started. Bound to: 0.0.0.0:7050
I0109 07:20:31.263716 1467 webserver.cc:126] Starting webserver on 0.0.0.0:8050
I0109 07:20:31.263725 1467 webserver.cc:137] Document root disabled
I0109 07:20:31.263880 1467 webserver.cc:221] Webserver started. Bound to: http://0.0.0.0:8050/
I0109 07:20:31.264492 1467 tablet_server_main.cc:69] Tablet server successfully started.
I0109 07:20:31.277566 1554 raft_consensus.cc:2158] T 9e99b710634a44f4a948132a5a180600 P 1678276a36f849c28459de6b6788965a [term 1 FOLLOWER]: Snoozing failure detection for election timeout plus an additional 0.159s
I0109 07:20:31.277629 1554 raft_consensus.cc:1744] T 9e99b710634a44f4a948132a5a180600 P 1678276a36f849c28459de6b6788965a [term 1 FOLLOWER]: Leader pre-election vote request: Granting yes vote for candidate 710c236995db46699eb9055c19ac506e in term 1.
I0109 07:20:31.316293 1597 heartbeater.cc:292] Connected to a master server at aserbin-kudu-jepsen-master.gce.cloudera.com:7051
I0109 07:20:31.316359 1597 heartbeater.cc:359] Registering TS with master...
I0109 07:20:31.316488 1597 heartbeater.cc:373] Master aserbin-kudu-jepsen-master.gce.cloudera.com:7051 requested a full tablet report, sending...
I0109 07:20:31.476933 1554 raft_consensus.cc:2202] T 9e99b710634a44f4a948132a5a180600 P 1678276a36f849c28459de6b6788965a [term 1 FOLLOWER]: Advancing to term 2
I0109 07:20:31.477041 1554 raft_consensus.cc:2158] T 9e99b710634a44f4a948132a5a180600 P 1678276a36f849c28459de6b6788965a [term 2 FOLLOWER]: Snoozing failure detection for election timeout plus an additional 0.201s
I0109 07:20:31.477497 1554 raft_consensus.cc:1744] T 9e99b710634a44f4a948132a5a180600 P 1678276a36f849c28459de6b6788965a [term 2 FOLLOWER]: Leader election vote request: Granting yes vote for candidate 710c236995db46699eb9055c19ac506e in term 2.
I0109 07:20:31.842499 1529 raft_consensus.cc:410] T 9e99b710634a44f4a948132a5a180600 P 1678276a36f849c28459de6b6788965a [term 2 FOLLOWER]: Starting pre-election (no leader contacted us within the election timeout)
I0109 07:20:31.842634 1529 raft_consensus.cc:2158] T 9e99b710634a44f4a948132a5a180600 P 1678276a36f849c28459de6b6788965a [term 2 FOLLOWER]: Snoozing failure detection for election timeout plus an additional 0.223s
I0109 07:20:31.842713 1529 raft_consensus.cc:434] T 9e99b710634a44f4a948132a5a180600 P 1678276a36f849c28459de6b6788965a [term 2 FOLLOWER]: Starting pre-election with config: opid_index: -1 OBSOLETE_local: false peers { permanent_uuid: "710c236995db46699eb9055c19ac506e" member_type: VOTER last_known_addr { host: "aserbin-kudu-jepsen-ts-4.gce.cloudera.com" port: 7050 } } peers { permanent_uuid: "1678276a36f849c28459de6b6788965a" member_type: VOTER last_known_addr { host: "aserbin-kudu-jepsen-ts-5.gce.cloudera.com" port: 7050 } } peers { permanent_uuid: "591b1a1d383d4b659d7549653f4f136e" member_type: VOTER last_known_addr { host: "aserbin-kudu-jepsen-ts-2.gce.cloudera.com" port: 7050 } } peers { permanent_uuid: "c5a3e756029444b2bf66ee0044f5bc35" member_type: VOTER last_known_addr { host: "aserbin-kudu-jepsen-ts-1.gce.cloudera.com" port: 7050 } } peers { permanent_uuid: "7897578c54854ba0a5af32eb2aa04704" member_type: VOTER last_known_addr { host: "aserbin-kudu-jepsen-ts-3.gce.cloudera.com" port: 7050 } }
I0109 07:20:32.041009 1554 raft_consensus.cc:1691] T 9e99b710634a44f4a948132a5a180600 P 1678276a36f849c28459de6b6788965a [term 2 FOLLOWER]: Leader pre-election vote request: Denying vote to candidate 591b1a1d383d4b659d7549653f4f136e for term 3 because replica has last-logged OpId of term: 1 index: 49, which is greater than that of the candidate, which has last-logged OpId of term: 1 index: 46.
I0109 07:20:32.041312 1529 leader_election.cc:215] T 9e99b710634a44f4a948132a5a180600 P 1678276a36f849c28459de6b6788965a [CANDIDATE]: Term 3 pre-election: Requesting pre-vote from peer 710c236995db46699eb9055c19ac506e
I0109 07:20:32.041466 1529 leader_election.cc:215] T 9e99b710634a44f4a948132a5a180600 P 1678276a36f849c28459de6b6788965a [CANDIDATE]: Term 3 pre-election: Requesting pre-vote from peer 591b1a1d383d4b659d7549653f4f136e
I0109 07:20:32.041584 1529 leader_election.cc:215] T 9e99b710634a44f4a948132a5a180600 P 1678276a36f849c28459de6b6788965a [CANDIDATE]: Term 3 pre-election: Requesting pre-vote from peer c5a3e756029444b2bf66ee0044f5bc35
I0109 07:20:32.041707 1529 leader_election.cc:215] T 9e99b710634a44f4a948132a5a180600 P 1678276a36f849c28459de6b6788965a [CANDIDATE]: Term 3 pre-election: Requesting pre-vote from peer 7897578c54854ba0a5af32eb2aa04704
I0109 07:20:32.043242 1479 leader_election.cc:347] T 9e99b710634a44f4a948132a5a180600 P 1678276a36f849c28459de6b6788965a [CANDIDATE]: Term 3 pre-election: Vote granted by peer 591b1a1d383d4b659d7549653f4f136e
I0109 07:20:32.073900 1554 raft_consensus.cc:2158] T 9e99b710634a44f4a948132a5a180600 P 1678276a36f849c28459de6b6788965a [term 2 FOLLOWER]: Snoozing failure detection for election timeout plus an additional 0.196s
I0109 07:20:32.073961 1554 raft_consensus.cc:1744] T 9e99b710634a44f4a948132a5a180600 P 1678276a36f849c28459de6b6788965a [term 2 FOLLOWER]: Leader pre-election vote request: Granting yes vote for candidate c5a3e756029444b2bf66ee0044f5bc35 in term 2.
I0109 07:20:32.103200 1476 leader_election.cc:361] T 9e99b710634a44f4a948132a5a180600 P 1678276a36f849c28459de6b6788965a [CANDIDATE]: Term 3 pre-election: Vote denied by peer c5a3e756029444b2bf66ee0044f5bc35. Message: Service unavailable: T 9e99b710634a44f4a948132a5a180600 P c5a3e756029444b2bf66ee0044f5bc35 [term 2 FOLLOWER]: Leader pre-election vote request: Denying vote to candidate 1678276a36f849c28459de6b6788965a for term 3 because replica is already servicing an update from a current leader or another vote.
I0109 07:20:32.173131 1479 leader_election.cc:361] T 9e99b710634a44f4a948132a5a180600 P 1678276a36f849c28459de6b6788965a [CANDIDATE]: Term 3 pre-election: Vote denied by peer 7897578c54854ba0a5af32eb2aa04704. Message: Service unavailable: T 9e99b710634a44f4a948132a5a180600 P 7897578c54854ba0a5af32eb2aa04704 [term 2 FOLLOWER]: Leader pre-election vote request: Denying vote to candidate 1678276a36f849c28459de6b6788965a for term 3 because replica is already servicing an update from a current leader or another vote.
I0109 07:20:32.174243 1554 raft_consensus.cc:1691] T 9e99b710634a44f4a948132a5a180600 P 1678276a36f849c28459de6b6788965a [term 2 FOLLOWER]: Leader pre-election vote request: Denying vote to candidate 7897578c54854ba0a5af32eb2aa04704 for term 3 because replica has last-logged OpId of term: 1 index: 49, which is greater than that of the candidate, which has last-logged OpId of term: 1 index: 48.
W0109 07:20:32.264544 1478 leader_election.cc:271] T 9e99b710634a44f4a948132a5a180600 P 1678276a36f849c28459de6b6788965a [CANDIDATE]: Term 3 pre-election: RPC error from VoteRequest() call to peer 710c236995db46699eb9055c19ac506e: Timed out: RequestConsensusVote RPC to 172.31.114.38:7050 timed out after 0.223s (SENT)
I0109 07:20:32.264621 1478 leader_election.cc:242] T 9e99b710634a44f4a948132a5a180600 P 1678276a36f849c28459de6b6788965a [CANDIDATE]: Term 3 pre-election: Election decided. Result: candidate lost.
I0109 07:20:32.264930 1612 raft_consensus.cc:2158] T 9e99b710634a44f4a948132a5a180600 P 1678276a36f849c28459de6b6788965a [term 2 FOLLOWER]: Snoozing failure detection for election timeout plus an additional 0.195s
I0109 07:20:32.264950 1612 raft_consensus.cc:1905] T 9e99b710634a44f4a948132a5a180600 P 1678276a36f849c28459de6b6788965a [term 2 FOLLOWER]: Leader pre-election lost for term 3. Reason: could not achieve majority
I0109 07:20:32.317641 1597 heartbeater.cc:365] Master aserbin-kudu-jepsen-master.gce.cloudera.com:7051 was elected leader, sending a full tablet report...
I0109 07:20:32.626574 1529 raft_consensus.cc:410] T 9e99b710634a44f4a948132a5a180600 P 1678276a36f849c28459de6b6788965a [term 2 FOLLOWER]: Starting pre-election (no leader contacted us within the election timeout)
I0109 07:20:32.626673 1529 raft_consensus.cc:2158] T 9e99b710634a44f4a948132a5a180600 P 1678276a36f849c28459de6b6788965a [term 2 FOLLOWER]: Snoozing failure detection for election timeout plus an additional 0.317s
I0109 07:20:32.626749 1529 raft_consensus.cc:434] T 9e99b710634a44f4a948132a5a180600 P 1678276a36f849c28459de6b6788965a [term 2 FOLLOWER]: Starting pre-election with config: opid_index: -1 OBSOLETE_local: false peers { permanent_uuid: "710c236995db46699eb9055c19ac506e" member_type: VOTER last_known_addr { host: "aserbin-kudu-jepsen-ts-4.gce.cloudera.com" port: 7050 } } peers { permanent_uuid: "1678276a36f849c28459de6b6788965a" member_type: VOTER last_known_addr { host: "aserbin-kudu-jepsen-ts-5.gce.cloudera.com" port: 7050 } } peers { permanent_uuid: "591b1a1d383d4b659d7549653f4f136e" member_type: VOTER last_known_addr { host: "aserbin-kudu-jepsen-ts-2.gce.cloudera.com" port: 7050 } } peers { permanent_uuid: "c5a3e756029444b2bf66ee0044f5bc35" member_type: VOTER last_known_addr { host: "aserbin-kudu-jepsen-ts-1.gce.cloudera.com" port: 7050 } } peers { permanent_uuid: "7897578c54854ba0a5af32eb2aa04704" member_type: VOTER last_known_addr { host: "aserbin-kudu-jepsen-ts-3.gce.cloudera.com" port: 7050 } }
I0109 07:20:32.824329 1554 raft_consensus.cc:2202] T 9e99b710634a44f4a948132a5a180600 P 1678276a36f849c28459de6b6788965a [term 2 FOLLOWER]: Advancing to term 3
I0109 07:20:32.824434 1554 raft_consensus.cc:2158] T 9e99b710634a44f4a948132a5a180600 P 1678276a36f849c28459de6b6788965a [term 3 FOLLOWER]: Snoozing failure detection for election timeout plus an additional 0.250s
I0109 07:20:32.824857 1554 raft_consensus.cc:1744] T 9e99b710634a44f4a948132a5a180600 P 1678276a36f849c28459de6b6788965a [term 3 FOLLOWER]: Leader election vote request: Granting yes vote for candidate c5a3e756029444b2bf66ee0044f5bc35 in term 3.
W0109 07:20:32.824959 1554 rpcz_store.cc:234] Call kudu.consensus.ConsensusService.RequestConsensusVote from 172.31.112.255:55111 (request call id 2) took 185ms (client timeout 164).
W0109 07:20:32.825033 1554 rpcz_store.cc:238] Trace: 0109 07:20:32.638989 (+ 0us) service_pool.cc:143] Inserting onto call queue 0109 07:20:32.639014 (+ 25us) service_pool.cc:202] Handling call 0109 07:20:32.824932 (+185918us) spinlock_profiling.cc:255] Waited 185 ms on lock 0x45394e0. stack: 0000000001a20b21 00000000009d8b77 00000000007e48af 0000000000a8971f 0000000000a8a342 0000000001a2dc19 00007f73438340a3 00007f73420c487c ffffffffffffffff 0109 07:20:32.824944 (+ 12us) inbound_call.cc:130] Queueing success response Metrics: {"spinlock_wait_cycles":463160064}
I0109 07:20:32.825183 1552 raft_consensus.cc:1674] T 9e99b710634a44f4a948132a5a180600 P 1678276a36f849c28459de6b6788965a [term 3 FOLLOWER]: Leader pre-election vote request: Denying vote to candidate 591b1a1d383d4b659d7549653f4f136e in current term 3: Already voted for candidate c5a3e756029444b2bf66ee0044f5bc35 in this term.
I0109 07:20:32.825351 1553 raft_consensus.cc:1719] T 9e99b710634a44f4a948132a5a180600 P 1678276a36f849c28459de6b6788965a [term 3 FOLLOWER]: Leader pre-election vote request: Denying vote to candidate 7897578c54854ba0a5af32eb2aa04704 for term 3 because replica is already servicing an update from a current leader or another vote.
I0109 07:20:32.825531 1529 leader_election.cc:215] T 9e99b710634a44f4a948132a5a180600 P 1678276a36f849c28459de6b6788965a [CANDIDATE]: Term 3 pre-election: Requesting pre-vote from peer 710c236995db46699eb9055c19ac506e
I0109 07:20:32.825623 1529 leader_election.cc:215] T 9e99b710634a44f4a948132a5a180600 P 1678276a36f849c28459de6b6788965a [CANDIDATE]: Term 3 pre-election: Requesting pre-vote from peer 591b1a1d383d4b659d7549653f4f136e
I0109 07:20:32.825713 1529 leader_election.cc:215] T 9e99b710634a44f4a948132a5a180600 P 1678276a36f849c28459de6b6788965a [CANDIDATE]: Term 3 pre-election: Requesting pre-vote from peer c5a3e756029444b2bf66ee0044f5bc35
I0109 07:20:32.825790 1529 leader_election.cc:215] T 9e99b710634a44f4a948132a5a180600 P 1678276a36f849c28459de6b6788965a [CANDIDATE]: Term 3 pre-election: Requesting pre-vote from peer 7897578c54854ba0a5af32eb2aa04704
I0109 07:20:32.826078 1479 leader_election.cc:361] T 9e99b710634a44f4a948132a5a180600 P 1678276a36f849c28459de6b6788965a [CANDIDATE]: Term 3 pre-election: Vote denied by peer 591b1a1d383d4b659d7549653f4f136e. Message: Invalid argument: T 9e99b710634a44f4a948132a5a180600 P 591b1a1d383d4b659d7549653f4f136e [term 3 FOLLOWER]: Leader pre-election vote request: Denying vote to candidate 1678276a36f849c28459de6b6788965a in current term 3: Already voted for candidate c5a3e756029444b2bf66ee0044f5bc35 in this term.
I0109 07:20:32.826117 1479 leader_election.cc:361] T 9e99b710634a44f4a948132a5a180600 P 1678276a36f849c28459de6b6788965a [CANDIDATE]: Term 3 pre-election: Vote denied by peer 7897578c54854ba0a5af32eb2aa04704. Message: Invalid argument: T 9e99b710634a44f4a948132a5a180600 P 7897578c54854ba0a5af32eb2aa04704 [term 3 FOLLOWER]: Leader pre-election vote request: Denying vote to candidate 1678276a36f849c28459de6b6788965a in current term 3: Already voted for candidate c5a3e756029444b2bf66ee0044f5bc35 in this term.
I0109 07:20:32.836022 1476 leader_election.cc:361] T 9e99b710634a44f4a948132a5a180600 P 1678276a36f849c28459de6b6788965a [CANDIDATE]: Term 3 pre-election: Vote denied by peer c5a3e756029444b2bf66ee0044f5bc35. Message: Service unavailable: T 9e99b710634a44f4a948132a5a180600 P c5a3e756029444b2bf66ee0044f5bc35 [term 3 FOLLOWER]: Leader pre-election vote request: Denying vote to candidate 1678276a36f849c28459de6b6788965a for term 3 because replica is already servicing an update from a current leader or another vote.
I0109 07:20:32.836097 1476 leader_election.cc:242] T 9e99b710634a44f4a948132a5a180600 P 1678276a36f849c28459de6b6788965a [CANDIDATE]: Term 3 pre-election: Election decided. Result: candidate lost.
I0109 07:20:32.836228 1554 raft_consensus.cc:2158] T 9e99b710634a44f4a948132a5a180600 P 1678276a36f849c28459de6b6788965a [term 3 FOLLOWER]: Snoozing failure detection for election timeout plus an additional 0.292s
I0109 07:20:32.836246 1554 raft_consensus.cc:1744] T 9e99b710634a44f4a948132a5a180600 P 1678276a36f849c28459de6b6788965a [term 3 FOLLOWER]: Leader pre-election vote request: Granting yes vote for candidate c5a3e756029444b2bf66ee0044f5bc35 in term 3.
I0109 07:20:32.836496 1613 raft_consensus.cc:2158] T 9e99b710634a44f4a948132a5a180600 P 1678276a36f849c28459de6b6788965a [term 3 FOLLOWER]: Snoozing failure detection for election timeout plus an additional 0.319s
I0109 07:20:32.836511 1613 raft_consensus.cc:1905] T 9e99b710634a44f4a948132a5a180600 P 1678276a36f849c28459de6b6788965a [term 3 FOLLOWER]: Leader pre-election lost for term 3. Reason: could not achieve majority
W0109 07:20:33.143622 1478 leader_election.cc:271] T 9e99b710634a44f4a948132a5a180600 P 1678276a36f849c28459de6b6788965a [CANDIDATE]: Term 3 pre-election: RPC error from VoteRequest() call to peer 710c236995db46699eb9055c19ac506e: Timed out: RequestConsensusVote RPC to 172.31.114.38:7050 timed out after 0.317s (SENT)
I0109 07:20:33.320358 1529 raft_consensus.cc:410] T 9e99b710634a44f4a948132a5a180600 P 1678276a36f849c28459de6b6788965a [term 3 FOLLOWER]: Starting pre-election (no leader contacted us within the election timeout)
I0109 07:20:33.320441 1529 raft_consensus.cc:2158] T 9e99b710634a44f4a948132a5a180600 P 1678276a36f849c28459de6b6788965a [term 3 FOLLOWER]: Snoozing failure detection for election timeout plus an additional 0.400s
I0109 07:20:33.320502 1529 raft_consensus.cc:434] T 9e99b710634a44f4a948132a5a180600 P 1678276a36f849c28459de6b6788965a [term 3 FOLLOWER]: Starting pre-election with config: opid_index: -1 OBSOLETE_local: false peers { permanent_uuid: "710c236995db46699eb9055c19ac506e" member_type: VOTER last_known_addr { host: "aserbin-kudu-jepsen-ts-4.gce.cloudera.com" port: 7050 } } peers { permanent_uuid: "1678276a36f849c28459de6b6788965a" member_type: VOTER last_known_addr { host: "aserbin-kudu-jepsen-ts-5.gce.cloudera.com" port: 7050 } } peers { permanent_uuid: "591b1a1d383d4b659d7549653f4f136e" member_type: VOTER last_known_addr { host: "aserbin-kudu-jepsen-ts-2.gce.cloudera.com" port: 7050 } } peers { permanent_uuid: "c5a3e756029444b2bf66ee0044f5bc35" member_type: VOTER last_known_addr { host: "aserbin-kudu-jepsen-ts-1.gce.cloudera.com" port: 7050 } } peers { permanent_uuid: "7897578c54854ba0a5af32eb2aa04704" member_type: VOTER last_known_addr { host: "aserbin-kudu-jepsen-ts-3.gce.cloudera.com" port: 7050 } }
I0109 07:20:33.517554 1529 leader_election.cc:215] T 9e99b710634a44f4a948132a5a180600 P 1678276a36f849c28459de6b6788965a [CANDIDATE]: Term 4 pre-election: Requesting pre-vote from peer 710c236995db46699eb9055c19ac506e
I0109 07:20:33.517729 1529 leader_election.cc:215] T 9e99b710634a44f4a948132a5a180600 P 1678276a36f849c28459de6b6788965a [CANDIDATE]: Term 4 pre-election: Requesting pre-vote from peer 591b1a1d383d4b659d7549653f4f136e
I0109 07:20:33.517779 1529 leader_election.cc:215] T 9e99b710634a44f4a948132a5a180600 P 1678276a36f849c28459de6b6788965a [CANDIDATE]: Term 4 pre-election: Requesting pre-vote from peer c5a3e756029444b2bf66ee0044f5bc35
I0109 07:20:33.517829 1529 leader_election.cc:215] T 9e99b710634a44f4a948132a5a180600 P 1678276a36f849c28459de6b6788965a [CANDIDATE]: Term 4 pre-election: Requesting pre-vote from peer 7897578c54854ba0a5af32eb2aa04704
I0109 07:20:33.654139 1554 raft_consensus.cc:1691] T 9e99b710634a44f4a948132a5a180600 P 1678276a36f849c28459de6b6788965a [term 3 FOLLOWER]: Leader pre-election vote request: Denying vote to candidate 7897578c54854ba0a5af32eb2aa04704 for term 4 because replica has last-logged OpId of term: 1 index: 49, which is greater than that of the candidate, which has last-logged OpId of term: 1 index: 48.
I0109 07:20:33.654296 1479 leader_election.cc:347] T 9e99b710634a44f4a948132a5a180600 P 1678276a36f849c28459de6b6788965a [CANDIDATE]: Term 4 pre-election: Vote granted by peer 7897578c54854ba0a5af32eb2aa04704
I0109 07:20:33.666468 1479 leader_election.cc:347] T 9e99b710634a44f4a948132a5a180600 P 1678276a36f849c28459de6b6788965a [CANDIDATE]: Term 4 pre-election: Vote granted by peer 591b1a1d383d4b659d7549653f4f136e
I0109 07:20:33.666533 1479 leader_election.cc:242] T 9e99b710634a44f4a948132a5a180600 P 1678276a36f849c28459de6b6788965a [CANDIDATE]: Term 4 pre-election: Election decided. Result: candidate won.
I0109 07:20:33.666735 1554 raft_consensus.cc:1691] T 9e99b710634a44f4a948132a5a180600 P 1678276a36f849c28459de6b6788965a [term 3 FOLLOWER]: Leader pre-election vote request: Denying vote to candidate 591b1a1d383d4b659d7549653f4f136e for term 4 because replica has last-logged OpId of term: 1 index: 49, which is greater than that of the candidate, which has last-logged OpId of term: 1 index: 46.
I0109 07:20:33.666949 1614 raft_consensus.cc:2158] T 9e99b710634a44f4a948132a5a180600 P 1678276a36f849c28459de6b6788965a [term 3 FOLLOWER]: Snoozing failure detection for election timeout plus an additional 0.263s
I0109 07:20:33.666966 1614 raft_consensus.cc:1968] T 9e99b710634a44f4a948132a5a180600 P 1678276a36f849c28459de6b6788965a [term 3 FOLLOWER]: Leader pre-election won for term 4
I0109 07:20:33.666973 1614 raft_consensus.cc:410] T 9e99b710634a44f4a948132a5a180600 P 1678276a36f849c28459de6b6788965a [term 3 FOLLOWER]: Starting leader election (no leader contacted us within the election timeout)
I0109 07:20:33.666983 1614 raft_consensus.cc:2158] T 9e99b710634a44f4a948132a5a180600 P 1678276a36f849c28459de6b6788965a [term 3 FOLLOWER]: Snoozing failure detection for election timeout plus an additional 0.318s
I0109 07:20:33.666990 1614 raft_consensus.cc:2202] T 9e99b710634a44f4a948132a5a180600 P 1678276a36f849c28459de6b6788965a [term 3 FOLLOWER]: Advancing to term 4
I0109 07:20:33.667430 1614 raft_consensus.cc:434] T 9e99b710634a44f4a948132a5a180600 P 1678276a36f849c28459de6b6788965a [term 4 FOLLOWER]: Starting leader election with config: opid_index: -1 OBSOLETE_local: false peers { permanent_uuid: "710c236995db46699eb9055c19ac506e" member_type: VOTER last_known_addr { host: "aserbin-kudu-jepsen-ts-4.gce.cloudera.com" port: 7050 } } peers { permanent_uuid: "1678276a36f849c28459de6b6788965a" member_type: VOTER last_known_addr { host: "aserbin-kudu-jepsen-ts-5.gce.cloudera.com" port: 7050 } } peers { permanent_uuid: "591b1a1d383d4b659d7549653f4f136e" member_type: VOTER last_known_addr { host: "aserbin-kudu-jepsen-ts-2.gce.cloudera.com" port: 7050 } } peers { permanent_uuid: "c5a3e756029444b2bf66ee0044f5bc35" member_type: VOTER last_known_addr { host: "aserbin-kudu-jepsen-ts-1.gce.cloudera.com" port: 7050 } } peers { permanent_uuid: "7897578c54854ba0a5af32eb2aa04704" member_type: VOTER last_known_addr { host: "aserbin-kudu-jepsen-ts-3.gce.cloudera.com" port: 7050 } }
I0109 07:20:33.864277 1614 leader_election.cc:215] T 9e99b710634a44f4a948132a5a180600 P 1678276a36f849c28459de6b6788965a [CANDIDATE]: Term 4 election: Requesting vote from peer 710c236995db46699eb9055c19ac506e
I0109 07:20:33.864465 1614 leader_election.cc:215] T 9e99b710634a44f4a948132a5a180600 P 1678276a36f849c28459de6b6788965a [CANDIDATE]: Term 4 election: Requesting vote from peer 591b1a1d383d4b659d7549653f4f136e
