W0109 07:20:58.372233 1578 consensus_peers.cc:356] T 9e99b710634a44f4a948132a5a180600 P 710c236995db46699eb9055c19ac506e -> Peer c5a3e756029444b2bf66ee0044f5bc35 (aserbin-kudu-jepsen-ts-1.gce.cloudera.com:7050): Couldn't send request to peer c5a3e756029444b2bf66ee0044f5bc35 for tablet 9e99b710634a44f4a948132a5a180600. Status: Network error: Client connection negotiation failed: client connection to 172.31.112.255:7050: connect: Connection refused (error 111). Retrying in the next heartbeat period. Already tried 86 times.
W0109 07:20:58.409907 1578 consensus_peers.cc:356] T 9e99b710634a44f4a948132a5a180600 P 710c236995db46699eb9055c19ac506e -> Peer c5a3e756029444b2bf66ee0044f5bc35 (aserbin-kudu-jepsen-ts-1.gce.cloudera.com:7050): Couldn't send request to peer c5a3e756029444b2bf66ee0044f5bc35 for tablet 9e99b710634a44f4a948132a5a180600. Status: Network error: Client connection negotiation failed: client connection to 172.31.112.255:7050: connect: Connection refused (error 111). Retrying in the next heartbeat period. Already tried 87 times.
W0109 07:20:58.439574 1578 consensus_peers.cc:356] T 9e99b710634a44f4a948132a5a180600 P 710c236995db46699eb9055c19ac506e -> Peer c5a3e756029444b2bf66ee0044f5bc35 (aserbin-kudu-jepsen-ts-1.gce.cloudera.com:7050): Couldn't send request to peer c5a3e756029444b2bf66ee0044f5bc35 for tablet 9e99b710634a44f4a948132a5a180600. Status: Network error: Client connection negotiation failed: client connection to 172.31.112.255:7050: connect: Connection refused (error 111). Retrying in the next heartbeat period. Already tried 88 times.
W0109 07:20:58.464619 1578 consensus_peers.cc:356] T 9e99b710634a44f4a948132a5a180600 P 710c236995db46699eb9055c19ac506e -> Peer c5a3e756029444b2bf66ee0044f5bc35 (aserbin-kudu-jepsen-ts-1.gce.cloudera.com:7050): Couldn't send request to peer c5a3e756029444b2bf66ee0044f5bc35 for tablet 9e99b710634a44f4a948132a5a180600. Status: Network error: Client connection negotiation failed: client connection to 172.31.112.255:7050: connect: Connection refused (error 111). Retrying in the next heartbeat period. Already tried 89 times.
W0109 07:20:58.494839 1578 consensus_peers.cc:356] T 9e99b710634a44f4a948132a5a180600 P 710c236995db46699eb9055c19ac506e -> Peer c5a3e756029444b2bf66ee0044f5bc35 (aserbin-kudu-jepsen-ts-1.gce.cloudera.com:7050): Couldn't send request to peer c5a3e756029444b2bf66ee0044f5bc35 for tablet 9e99b710634a44f4a948132a5a180600. Status: Network error: Client connection negotiation failed: client connection to 172.31.112.255:7050: connect: Connection refused (error 111). Retrying in the next heartbeat period. Already tried 90 times.
W0109 07:20:58.526955 1578 consensus_peers.cc:356] T 9e99b710634a44f4a948132a5a180600 P 710c236995db46699eb9055c19ac506e -> Peer c5a3e756029444b2bf66ee0044f5bc35 (aserbin-kudu-jepsen-ts-1.gce.cloudera.com:7050): Couldn't send request to peer c5a3e756029444b2bf66ee0044f5bc35 for tablet 9e99b710634a44f4a948132a5a180600. Status: Network error: Client connection negotiation failed: client connection to 172.31.112.255:7050: connect: Connection refused (error 111). Retrying in the next heartbeat period. Already tried 91 times.
W0109 07:20:58.554181 1578 consensus_peers.cc:356] T 9e99b710634a44f4a948132a5a180600 P 710c236995db46699eb9055c19ac506e -> Peer c5a3e756029444b2bf66ee0044f5bc35 (aserbin-kudu-jepsen-ts-1.gce.cloudera.com:7050): Couldn't send request to peer c5a3e756029444b2bf66ee0044f5bc35 for tablet 9e99b710634a44f4a948132a5a180600. Status: Network error: Client connection negotiation failed: client connection to 172.31.112.255:7050: connect: Connection refused (error 111). Retrying in the next heartbeat period. Already tried 92 times.
W0109 07:20:58.593343 1578 consensus_peers.cc:356] T 9e99b710634a44f4a948132a5a180600 P 710c236995db46699eb9055c19ac506e -> Peer c5a3e756029444b2bf66ee0044f5bc35 (aserbin-kudu-jepsen-ts-1.gce.cloudera.com:7050): Couldn't send request to peer c5a3e756029444b2bf66ee0044f5bc35 for tablet 9e99b710634a44f4a948132a5a180600. Status: Network error: Client connection negotiation failed: client connection to 172.31.112.255:7050: connect: Connection refused (error 111). Retrying in the next heartbeat period. Already tried 93 times.
W0109 07:20:58.628515 1578 consensus_peers.cc:356] T 9e99b710634a44f4a948132a5a180600 P 710c236995db46699eb9055c19ac506e -> Peer c5a3e756029444b2bf66ee0044f5bc35 (aserbin-kudu-jepsen-ts-1.gce.cloudera.com:7050): Couldn't send request to peer c5a3e756029444b2bf66ee0044f5bc35 for tablet 9e99b710634a44f4a948132a5a180600. Status: Network error: Client connection negotiation failed: client connection to 172.31.112.255:7050: connect: Connection refused (error 111). Retrying in the next heartbeat period. Already tried 94 times.
W0109 07:20:58.654667 1578 consensus_peers.cc:356] T 9e99b710634a44f4a948132a5a180600 P 710c236995db46699eb9055c19ac506e -> Peer c5a3e756029444b2bf66ee0044f5bc35 (aserbin-kudu-jepsen-ts-1.gce.cloudera.com:7050): Couldn't send request to peer c5a3e756029444b2bf66ee0044f5bc35 for tablet 9e99b710634a44f4a948132a5a180600. Status: Network error: Client connection negotiation failed: client connection to 172.31.112.255:7050: connect: Connection refused (error 111). Retrying in the next heartbeat period. Already tried 95 times.
W0109 07:20:58.686719 1578 consensus_peers.cc:356] T 9e99b710634a44f4a948132a5a180600 P 710c236995db46699eb9055c19ac506e -> Peer c5a3e756029444b2bf66ee0044f5bc35 (aserbin-kudu-jepsen-ts-1.gce.cloudera.com:7050): Couldn't send request to peer c5a3e756029444b2bf66ee0044f5bc35 for tablet 9e99b710634a44f4a948132a5a180600. Status: Network error: Client connection negotiation failed: client connection to 172.31.112.255:7050: connect: Connection refused (error 111). Retrying in the next heartbeat period. Already tried 96 times.
W0109 07:20:58.724869 1578 consensus_peers.cc:356] T 9e99b710634a44f4a948132a5a180600 P 710c236995db46699eb9055c19ac506e -> Peer c5a3e756029444b2bf66ee0044f5bc35 (aserbin-kudu-jepsen-ts-1.gce.cloudera.com:7050): Couldn't send request to peer c5a3e756029444b2bf66ee0044f5bc35 for tablet 9e99b710634a44f4a948132a5a180600. Status: Network error: Client connection negotiation failed: client connection to 172.31.112.255:7050: connect: Connection refused (error 111). Retrying in the next heartbeat period. Already tried 97 times.
W0109 07:20:58.757295 1578 consensus_peers.cc:356] T 9e99b710634a44f4a948132a5a180600 P 710c236995db46699eb9055c19ac506e -> Peer c5a3e756029444b2bf66ee0044f5bc35 (aserbin-kudu-jepsen-ts-1.gce.cloudera.com:7050): Couldn't send request to peer c5a3e756029444b2bf66ee0044f5bc35 for tablet 9e99b710634a44f4a948132a5a180600. Status: Network error: Client connection negotiation failed: client connection to 172.31.112.255:7050: connect: Connection refused (error 111). Retrying in the next heartbeat period. Already tried 98 times.
W0109 07:20:58.802379 1578 consensus_peers.cc:356] T 9e99b710634a44f4a948132a5a180600 P 710c236995db46699eb9055c19ac506e -> Peer c5a3e756029444b2bf66ee0044f5bc35 (aserbin-kudu-jepsen-ts-1.gce.cloudera.com:7050): Couldn't send request to peer c5a3e756029444b2bf66ee0044f5bc35 for tablet 9e99b710634a44f4a948132a5a180600. Status: Network error: Client connection negotiation failed: client connection to 172.31.112.255:7050: connect: Connection refused (error 111). Retrying in the next heartbeat period. Already tried 99 times.
W0109 07:20:58.838564 1578 consensus_peers.cc:356] T 9e99b710634a44f4a948132a5a180600 P 710c236995db46699eb9055c19ac506e -> Peer c5a3e756029444b2bf66ee0044f5bc35 (aserbin-kudu-jepsen-ts-1.gce.cloudera.com:7050): Couldn't send request to peer c5a3e756029444b2bf66ee0044f5bc35 for tablet 9e99b710634a44f4a948132a5a180600. Status: Network error: Client connection negotiation failed: client connection to 172.31.112.255:7050: connect: Connection refused (error 111). Retrying in the next heartbeat period. Already tried 100 times.
W0109 07:20:58.868625 1578 consensus_peers.cc:356] T 9e99b710634a44f4a948132a5a180600 P 710c236995db46699eb9055c19ac506e -> Peer c5a3e756029444b2bf66ee0044f5bc35 (aserbin-kudu-jepsen-ts-1.gce.cloudera.com:7050): Couldn't send request to peer c5a3e756029444b2bf66ee0044f5bc35 for tablet 9e99b710634a44f4a948132a5a180600. Status: Network error: Client connection negotiation failed: client connection to 172.31.112.255:7050: connect: Connection refused (error 111). Retrying in the next heartbeat period. Already tried 101 times.
W0109 07:20:58.917807 1578 consensus_peers.cc:356] T 9e99b710634a44f4a948132a5a180600 P 710c236995db46699eb9055c19ac506e -> Peer c5a3e756029444b2bf66ee0044f5bc35 (aserbin-kudu-jepsen-ts-1.gce.cloudera.com:7050): Couldn't send request to peer c5a3e756029444b2bf66ee0044f5bc35 for tablet 9e99b710634a44f4a948132a5a180600. Status: Network error: Client connection negotiation failed: client connection to 172.31.112.255:7050: connect: Connection refused (error 111). Retrying in the next heartbeat period. Already tried 102 times.
W0109 07:20:58.952986 1578 consensus_peers.cc:356] T 9e99b710634a44f4a948132a5a180600 P 710c236995db46699eb9055c19ac506e -> Peer c5a3e756029444b2bf66ee0044f5bc35 (aserbin-kudu-jepsen-ts-1.gce.cloudera.com:7050): Couldn't send request to peer c5a3e756029444b2bf66ee0044f5bc35 for tablet 9e99b710634a44f4a948132a5a180600. Status: Network error: Client connection negotiation failed: client connection to 172.31.112.255:7050: connect: Connection refused (error 111). Retrying in the next heartbeat period. Already tried 103 times.
W0109 07:20:58.997201 1578 consensus_peers.cc:356] T 9e99b710634a44f4a948132a5a180600 P 710c236995db46699eb9055c19ac506e -> Peer c5a3e756029444b2bf66ee0044f5bc35 (aserbin-kudu-jepsen-ts-1.gce.cloudera.com:7050): Couldn't send request to peer c5a3e756029444b2bf66ee0044f5bc35 for tablet 9e99b710634a44f4a948132a5a180600. Status: Network error: Client connection negotiation failed: client connection to 172.31.112.255:7050: connect: Connection refused (error 111). Retrying in the next heartbeat period. Already tried 104 times.
W0109 07:20:59.035331 1578 consensus_peers.cc:356] T 9e99b710634a44f4a948132a5a180600 P 710c236995db46699eb9055c19ac506e -> Peer c5a3e756029444b2bf66ee0044f5bc35 (aserbin-kudu-jepsen-ts-1.gce.cloudera.com:7050): Couldn't send request to peer c5a3e756029444b2bf66ee0044f5bc35 for tablet 9e99b710634a44f4a948132a5a180600. Status: Network error: Client connection negotiation failed: client connection to 172.31.112.255:7050: connect: Connection refused (error 111). Retrying in the next heartbeat period. Already tried 105 times.
W0109 07:20:59.067574 1578 consensus_peers.cc:356] T 9e99b710634a44f4a948132a5a180600 P 710c236995db46699eb9055c19ac506e -> Peer c5a3e756029444b2bf66ee0044f5bc35 (aserbin-kudu-jepsen-ts-1.gce.cloudera.com:7050): Couldn't send request to peer c5a3e756029444b2bf66ee0044f5bc35 for tablet 9e99b710634a44f4a948132a5a180600. Status: Network error: Client connection negotiation failed: client connection to 172.31.112.255:7050: connect: Connection refused (error 111). Retrying in the next heartbeat period. Already tried 106 times.
W0109 07:20:59.102695 1578 consensus_peers.cc:356] T 9e99b710634a44f4a948132a5a180600 P 710c236995db46699eb9055c19ac506e -> Peer c5a3e756029444b2bf66ee0044f5bc35 (aserbin-kudu-jepsen-ts-1.gce.cloudera.com:7050): Couldn't send request to peer c5a3e756029444b2bf66ee0044f5bc35 for tablet 9e99b710634a44f4a948132a5a180600. Status: Network error: Client connection negotiation failed: client connection to 172.31.112.255:7050: connect: Connection refused (error 111). Retrying in the next heartbeat period. Already tried 107 times.
W0109 07:20:59.151010 1578 consensus_peers.cc:356] T 9e99b710634a44f4a948132a5a180600 P 710c236995db46699eb9055c19ac506e -> Peer c5a3e756029444b2bf66ee0044f5bc35 (aserbin-kudu-jepsen-ts-1.gce.cloudera.com:7050): Couldn't send request to peer c5a3e756029444b2bf66ee0044f5bc35 for tablet 9e99b710634a44f4a948132a5a180600. Status: Network error: Client connection negotiation failed: client connection to 172.31.112.255:7050: connect: Connection refused (error 111). Retrying in the next heartbeat period. Already tried 108 times.
W0109 07:20:59.190093 1578 consensus_peers.cc:356] T 9e99b710634a44f4a948132a5a180600 P 710c236995db46699eb9055c19ac506e -> Peer c5a3e756029444b2bf66ee0044f5bc35 (aserbin-kudu-jepsen-ts-1.gce.cloudera.com:7050): Couldn't send request to peer c5a3e756029444b2bf66ee0044f5bc35 for tablet 9e99b710634a44f4a948132a5a180600. Status: Network error: Client connection negotiation failed: client connection to 172.31.112.255:7050: connect: Connection refused (error 111). Retrying in the next heartbeat period. Already tried 109 times.
W0109 07:20:59.225291 1578 consensus_peers.cc:356] T 9e99b710634a44f4a948132a5a180600 P 710c236995db46699eb9055c19ac506e -> Peer c5a3e756029444b2bf66ee0044f5bc35 (aserbin-kudu-jepsen-ts-1.gce.cloudera.com:7050): Couldn't send request to peer c5a3e756029444b2bf66ee0044f5bc35 for tablet 9e99b710634a44f4a948132a5a180600. Status: Network error: Client connection negotiation failed: client connection to 172.31.112.255:7050: connect: Connection refused (error 111). Retrying in the next heartbeat period. Already tried 110 times.
W0109 07:20:59.269536 1578 consensus_peers.cc:356] T 9e99b710634a44f4a948132a5a180600 P 710c236995db46699eb9055c19ac506e -> Peer c5a3e756029444b2bf66ee0044f5bc35 (aserbin-kudu-jepsen-ts-1.gce.cloudera.com:7050): Couldn't send request to peer c5a3e756029444b2bf66ee0044f5bc35 for tablet 9e99b710634a44f4a948132a5a180600. Status: Network error: Client connection negotiation failed: client connection to 172.31.112.255:7050: connect: Connection refused (error 111). Retrying in the next heartbeat period. Already tried 111 times.
W0109 07:20:59.309662 1578 consensus_peers.cc:356] T 9e99b710634a44f4a948132a5a180600 P 710c236995db46699eb9055c19ac506e -> Peer c5a3e756029444b2bf66ee0044f5bc35 (aserbin-kudu-jepsen-ts-1.gce.cloudera.com:7050): Couldn't send request to peer c5a3e756029444b2bf66ee0044f5bc35 for tablet 9e99b710634a44f4a948132a5a180600. Status: Network error: Client connection negotiation failed: client connection to 172.31.112.255:7050: connect: Connection refused (error 111). Retrying in the next heartbeat period. Already tried 112 times.
W0109 07:20:59.342890 1578 consensus_peers.cc:356] T 9e99b710634a44f4a948132a5a180600 P 710c236995db46699eb9055c19ac506e -> Peer c5a3e756029444b2bf66ee0044f5bc35 (aserbin-kudu-jepsen-ts-1.gce.cloudera.com:7050): Couldn't send request to peer c5a3e756029444b2bf66ee0044f5bc35 for tablet 9e99b710634a44f4a948132a5a180600. Status: Network error: Client connection negotiation failed: client connection to 172.31.112.255:7050: connect: Connection refused (error 111). Retrying in the next heartbeat period. Already tried 113 times.
W0109 07:20:59.385998 1578 consensus_peers.cc:356] T 9e99b710634a44f4a948132a5a180600 P 710c236995db46699eb9055c19ac506e -> Peer c5a3e756029444b2bf66ee0044f5bc35 (aserbin-kudu-jepsen-ts-1.gce.cloudera.com:7050): Couldn't send request to peer c5a3e756029444b2bf66ee0044f5bc35 for tablet 9e99b710634a44f4a948132a5a180600. Status: Network error: Client connection negotiation failed: client connection to 172.31.112.255:7050: connect: Connection refused (error 111). Retrying in the next heartbeat period. Already tried 114 times.
W0109 07:20:59.435158 1578 consensus_peers.cc:356] T 9e99b710634a44f4a948132a5a180600 P 710c236995db46699eb9055c19ac506e -> Peer c5a3e756029444b2bf66ee0044f5bc35 (aserbin-kudu-jepsen-ts-1.gce.cloudera.com:7050): Couldn't send request to peer c5a3e756029444b2bf66ee0044f5bc35 for tablet 9e99b710634a44f4a948132a5a180600. Status: Network error: Client connection negotiation failed: client connection to 172.31.112.255:7050: connect: Connection refused (error 111). Retrying in the next heartbeat period. Already tried 115 times.
W0109 07:20:59.474359 1578 consensus_peers.cc:356] T 9e99b710634a44f4a948132a5a180600 P 710c236995db46699eb9055c19ac506e -> Peer c5a3e756029444b2bf66ee0044f5bc35 (aserbin-kudu-jepsen-ts-1.gce.cloudera.com:7050): Couldn't send request to peer c5a3e756029444b2bf66ee0044f5bc35 for tablet 9e99b710634a44f4a948132a5a180600. Status: Network error: Client connection negotiation failed: client connection to 172.31.112.255:7050: connect: Connection refused (error 111). Retrying in the next heartbeat period. Already tried 116 times.
W0109 07:20:59.502454 1578 consensus_peers.cc:356] T 9e99b710634a44f4a948132a5a180600 P 710c236995db46699eb9055c19ac506e -> Peer c5a3e756029444b2bf66ee0044f5bc35 (aserbin-kudu-jepsen-ts-1.gce.cloudera.com:7050): Couldn't send request to peer c5a3e756029444b2bf66ee0044f5bc35 for tablet 9e99b710634a44f4a948132a5a180600. Status: Network error: Client connection negotiation failed: client connection to 172.31.112.255:7050: connect: Connection refused (error 111). Retrying in the next heartbeat period. Already tried 117 times.
W0109 07:20:59.540063 1578 consensus_peers.cc:356] T 9e99b710634a44f4a948132a5a180600 P 710c236995db46699eb9055c19ac506e -> Peer c5a3e756029444b2bf66ee0044f5bc35 (aserbin-kudu-jepsen-ts-1.gce.cloudera.com:7050): Couldn't send request to peer c5a3e756029444b2bf66ee0044f5bc35 for tablet 9e99b710634a44f4a948132a5a180600. Status: Network error: Client connection negotiation failed: client connection to 172.31.112.255:7050: connect: Connection refused (error 111). Retrying in the next heartbeat period. Already tried 118 times.
W0109 07:20:59.581995 1578 consensus_peers.cc:356] T 9e99b710634a44f4a948132a5a180600 P 710c236995db46699eb9055c19ac506e -> Peer c5a3e756029444b2bf66ee0044f5bc35 (aserbin-kudu-jepsen-ts-1.gce.cloudera.com:7050): Couldn't send request to peer c5a3e756029444b2bf66ee0044f5bc35 for tablet 9e99b710634a44f4a948132a5a180600. Status: Network error: Client connection negotiation failed: client connection to 172.31.112.255:7050: connect: Connection refused (error 111). Retrying in the next heartbeat period. Already tried 119 times.
W0109 07:20:59.608997 1578 consensus_peers.cc:356] T 9e99b710634a44f4a948132a5a180600 P 710c236995db46699eb9055c19ac506e -> Peer c5a3e756029444b2bf66ee0044f5bc35 (aserbin-kudu-jepsen-ts-1.gce.cloudera.com:7050): Couldn't send request to peer c5a3e756029444b2bf66ee0044f5bc35 for tablet 9e99b710634a44f4a948132a5a180600. Status: Network error: Client connection negotiation failed: client connection to 172.31.112.255:7050: connect: Connection refused (error 111). Retrying in the next heartbeat period. Already tried 120 times.
W0109 07:20:59.646338 1578 consensus_peers.cc:356] T 9e99b710634a44f4a948132a5a180600 P 710c236995db46699eb9055c19ac506e -> Peer c5a3e756029444b2bf66ee0044f5bc35 (aserbin-kudu-jepsen-ts-1.gce.cloudera.com:7050): Couldn't send request to peer c5a3e756029444b2bf66ee0044f5bc35 for tablet 9e99b710634a44f4a948132a5a180600. Status: Network error: Client connection negotiation failed: client connection to 172.31.112.255:7050: connect: Connection refused (error 111). Retrying in the next heartbeat period. Already tried 121 times.
W0109 07:20:59.683441 1578 consensus_peers.cc:356] T 9e99b710634a44f4a948132a5a180600 P 710c236995db46699eb9055c19ac506e -> Peer c5a3e756029444b2bf66ee0044f5bc35 (aserbin-kudu-jepsen-ts-1.gce.cloudera.com:7050): Couldn't send request to peer c5a3e756029444b2bf66ee0044f5bc35 for tablet 9e99b710634a44f4a948132a5a180600. Status: Network error: Client connection negotiation failed: client connection to 172.31.112.255:7050: connect: Connection refused (error 111). Retrying in the next heartbeat period. Already tried 122 times.
W0109 07:20:59.716522 1578 consensus_peers.cc:356] T 9e99b710634a44f4a948132a5a180600 P 710c236995db46699eb9055c19ac506e -> Peer c5a3e756029444b2bf66ee0044f5bc35 (aserbin-kudu-jepsen-ts-1.gce.cloudera.com:7050): Couldn't send request to peer c5a3e756029444b2bf66ee0044f5bc35 for tablet 9e99b710634a44f4a948132a5a180600. Status: Network error: Client connection negotiation failed: client connection to 172.31.112.255:7050: connect: Connection refused (error 111). Retrying in the next heartbeat period. Already tried 123 times.
W0109 07:20:59.741746 1578 consensus_peers.cc:356] T 9e99b710634a44f4a948132a5a180600 P 710c236995db46699eb9055c19ac506e -> Peer c5a3e756029444b2bf66ee0044f5bc35 (aserbin-kudu-jepsen-ts-1.gce.cloudera.com:7050): Couldn't send request to peer c5a3e756029444b2bf66ee0044f5bc35 for tablet 9e99b710634a44f4a948132a5a180600. Status: Network error: Client connection negotiation failed: client connection to 172.31.112.255:7050: connect: Connection refused (error 111). Retrying in the next heartbeat period. Already tried 124 times.
W0109 07:20:59.785995 1578 consensus_peers.cc:356] T 9e99b710634a44f4a948132a5a180600 P 710c236995db46699eb9055c19ac506e -> Peer c5a3e756029444b2bf66ee0044f5bc35 (aserbin-kudu-jepsen-ts-1.gce.cloudera.com:7050): Couldn't send request to peer c5a3e756029444b2bf66ee0044f5bc35 for tablet 9e99b710634a44f4a948132a5a180600. Status: Network error: Client connection negotiation failed: client connection to 172.31.112.255:7050: connect: Connection refused (error 111). Retrying in the next heartbeat period. Already tried 125 times.
W0109 07:20:59.816115 1578 consensus_peers.cc:356] T 9e99b710634a44f4a948132a5a180600 P 710c236995db46699eb9055c19ac506e -> Peer c5a3e756029444b2bf66ee0044f5bc35 (aserbin-kudu-jepsen-ts-1.gce.cloudera.com:7050): Couldn't send request to peer c5a3e756029444b2bf66ee0044f5bc35 for tablet 9e99b710634a44f4a948132a5a180600. Status: Network error: Client connection negotiation failed: client connection to 172.31.112.255:7050: connect: Connection refused (error 111). Retrying in the next heartbeat period. Already tried 126 times.
W0109 07:20:59.854326 1578 consensus_peers.cc:356] T 9e99b710634a44f4a948132a5a180600 P 710c236995db46699eb9055c19ac506e -> Peer c5a3e756029444b2bf66ee0044f5bc35 (aserbin-kudu-jepsen-ts-1.gce.cloudera.com:7050): Couldn't send request to peer c5a3e756029444b2bf66ee0044f5bc35 for tablet 9e99b710634a44f4a948132a5a180600. Status: Network error: Client connection negotiation failed: client connection to 172.31.112.255:7050: connect: Connection refused (error 111). Retrying in the next heartbeat period. Already tried 127 times.
W0109 07:20:59.897462 1578 consensus_peers.cc:356] T 9e99b710634a44f4a948132a5a180600 P 710c236995db46699eb9055c19ac506e -> Peer c5a3e756029444b2bf66ee0044f5bc35 (aserbin-kudu-jepsen-ts-1.gce.cloudera.com:7050): Couldn't send request to peer c5a3e756029444b2bf66ee0044f5bc35 for tablet 9e99b710634a44f4a948132a5a180600. Status: Network error: Client connection negotiation failed: client connection to 172.31.112.255:7050: connect: Connection refused (error 111). Retrying in the next heartbeat period. Already tried 128 times.
W0109 07:20:59.935544 1578 consensus_peers.cc:356] T 9e99b710634a44f4a948132a5a180600 P 710c236995db46699eb9055c19ac506e -> Peer c5a3e756029444b2bf66ee0044f5bc35 (aserbin-kudu-jepsen-ts-1.gce.cloudera.com:7050): Couldn't send request to peer c5a3e756029444b2bf66ee0044f5bc35 for tablet 9e99b710634a44f4a948132a5a180600. Status: Network error: Client connection negotiation failed: client connection to 172.31.112.255:7050: connect: Connection refused (error 111). Retrying in the next heartbeat period. Already tried 129 times.
W0109 07:20:59.967828 1578 consensus_peers.cc:356] T 9e99b710634a44f4a948132a5a180600 P 710c236995db46699eb9055c19ac506e -> Peer c5a3e756029444b2bf66ee0044f5bc35 (aserbin-kudu-jepsen-ts-1.gce.cloudera.com:7050): Couldn't send request to peer c5a3e756029444b2bf66ee0044f5bc35 for tablet 9e99b710634a44f4a948132a5a180600. Status: Network error: Client connection negotiation failed: client connection to 172.31.112.255:7050: connect: Connection refused (error 111). Retrying in the next heartbeat period. Already tried 130 times.
W0109 07:20:59.994902 1578 consensus_peers.cc:356] T 9e99b710634a44f4a948132a5a180600 P 710c236995db46699eb9055c19ac506e -> Peer c5a3e756029444b2bf66ee0044f5bc35 (aserbin-kudu-jepsen-ts-1.gce.cloudera.com:7050): Couldn't send request to peer c5a3e756029444b2bf66ee0044f5bc35 for tablet 9e99b710634a44f4a948132a5a180600. Status: Network error: Client connection negotiation failed: client connection to 172.31.112.255:7050: connect: Connection refused (error 111). Retrying in the next heartbeat period. Already tried 131 times.
W0109 07:21:00.043141 1578 consensus_peers.cc:356] T 9e99b710634a44f4a948132a5a180600 P 710c236995db46699eb9055c19ac506e -> Peer c5a3e756029444b2bf66ee0044f5bc35 (aserbin-kudu-jepsen-ts-1.gce.cloudera.com:7050): Couldn't send request to peer c5a3e756029444b2bf66ee0044f5bc35 for tablet 9e99b710634a44f4a948132a5a180600. Status: Network error: Client connection negotiation failed: client connection to 172.31.112.255:7050: connect: Connection refused (error 111). Retrying in the next heartbeat period. Already tried 132 times.
W0109 07:21:00.074347 1578 consensus_peers.cc:356] T 9e99b710634a44f4a948132a5a180600 P 710c236995db46699eb9055c19ac506e -> Peer c5a3e756029444b2bf66ee0044f5bc35 (aserbin-kudu-jepsen-ts-1.gce.cloudera.com:7050): Couldn't send request to peer c5a3e756029444b2bf66ee0044f5bc35 for tablet 9e99b710634a44f4a948132a5a180600. Status: Network error: Client connection negotiation failed: client connection to 172.31.112.255:7050: connect: Connection refused (error 111). Retrying in the next heartbeat period. Already tried 133 times.
W0109 07:21:00.118479 1578 consensus_peers.cc:356] T 9e99b710634a44f4a948132a5a180600 P 710c236995db46699eb9055c19ac506e -> Peer c5a3e756029444b2bf66ee0044f5bc35 (aserbin-kudu-jepsen-ts-1.gce.cloudera.com:7050): Couldn't send request to peer c5a3e756029444b2bf66ee0044f5bc35 for tablet 9e99b710634a44f4a948132a5a180600. Status: Network error: Client connection negotiation failed: client connection to 172.31.112.255:7050: connect: Connection refused (error 111). Retrying in the next heartbeat period. Already tried 134 times.
W0109 07:21:00.159780 1578 consensus_peers.cc:356] T 9e99b710634a44f4a948132a5a180600 P 710c236995db46699eb9055c19ac506e -> Peer c5a3e756029444b2bf66ee0044f5bc35 (aserbin-kudu-jepsen-ts-1.gce.cloudera.com:7050): Couldn't send request to peer c5a3e756029444b2bf66ee0044f5bc35 for tablet 9e99b710634a44f4a948132a5a180600. Status: Network error: Client connection negotiation failed: client connection to 172.31.112.255:7050: connect: Connection refused (error 111). Retrying in the next heartbeat period. Already tried 135 times.
W0109 07:21:00.185807 1578 consensus_peers.cc:356] T 9e99b710634a44f4a948132a5a180600 P 710c236995db46699eb9055c19ac506e -> Peer c5a3e756029444b2bf66ee0044f5bc35 (aserbin-kudu-jepsen-ts-1.gce.cloudera.com:7050): Couldn't send request to peer c5a3e756029444b2bf66ee0044f5bc35 for tablet 9e99b710634a44f4a948132a5a180600. Status: Network error: Client connection negotiation failed: client connection to 172.31.112.255:7050: connect: Connection refused (error 111). Retrying in the next heartbeat period. Already tried 136 times.
W0109 07:21:00.213044 1578 consensus_peers.cc:356] T 9e99b710634a44f4a948132a5a180600 P 710c236995db46699eb9055c19ac506e -> Peer c5a3e756029444b2bf66ee0044f5bc35 (aserbin-kudu-jepsen-ts-1.gce.cloudera.com:7050): Couldn't send request to peer c5a3e756029444b2bf66ee0044f5bc35 for tablet 9e99b710634a44f4a948132a5a180600. Status: Network error: Client connection negotiation failed: client connection to 172.31.112.255:7050: connect: Connection refused (error 111). Retrying in the next heartbeat period. Already tried 137 times.
W0109 07:21:00.246248 1578 consensus_peers.cc:356] T 9e99b710634a44f4a948132a5a180600 P 710c236995db46699eb9055c19ac506e -> Peer c5a3e756029444b2bf66ee0044f5bc35 (aserbin-kudu-jepsen-ts-1.gce.cloudera.com:7050): Couldn't send request to peer c5a3e756029444b2bf66ee0044f5bc35 for tablet 9e99b710634a44f4a948132a5a180600. Status: Network error: Client connection negotiation failed: client connection to 172.31.112.255:7050: connect: Connection refused (error 111). Retrying in the next heartbeat period. Already tried 138 times.
W0109 07:21:00.295408 1578 consensus_peers.cc:356] T 9e99b710634a44f4a948132a5a180600 P 710c236995db46699eb9055c19ac506e -> Peer c5a3e756029444b2bf66ee0044f5bc35 (aserbin-kudu-jepsen-ts-1.gce.cloudera.com:7050): Couldn't send request to peer c5a3e756029444b2bf66ee0044f5bc35 for tablet 9e99b710634a44f4a948132a5a180600. Status: Network error: Client connection negotiation failed: client connection to 172.31.112.255:7050: connect: Connection refused (error 111). Retrying in the next heartbeat period. Already tried 139 times.
W0109 07:21:00.343642 1578 consensus_peers.cc:356] T 9e99b710634a44f4a948132a5a180600 P 710c236995db46699eb9055c19ac506e -> Peer c5a3e756029444b2bf66ee0044f5bc35 (aserbin-kudu-jepsen-ts-1.gce.cloudera.com:7050): Couldn't send request to peer c5a3e756029444b2bf66ee0044f5bc35 for tablet 9e99b710634a44f4a948132a5a180600. Status: Network error: Client connection negotiation failed: client connection to 172.31.112.255:7050: connect: Connection refused (error 111). Retrying in the next heartbeat period. Already tried 140 times.
W0109 07:21:00.350565 1581 consensus_peers.cc:356] T 9e99b710634a44f4a948132a5a180600 P 710c236995db46699eb9055c19ac506e -> Peer 7897578c54854ba0a5af32eb2aa04704 (aserbin-kudu-jepsen-ts-3.gce.cloudera.com:7050): Couldn't send request to peer 7897578c54854ba0a5af32eb2aa04704 for tablet 9e99b710634a44f4a948132a5a180600. Status: Network error: Client connection negotiation failed: client connection to 172.31.114.37:7050: connect: Connection refused (error 111). Retrying in the next heartbeat period. Already tried 1 times.
W0109 07:21:00.375794 1578 consensus_peers.cc:356] T 9e99b710634a44f4a948132a5a180600 P 710c236995db46699eb9055c19ac506e -> Peer c5a3e756029444b2bf66ee0044f5bc35 (aserbin-kudu-jepsen-ts-1.gce.cloudera.com:7050): Couldn't send request to peer c5a3e756029444b2bf66ee0044f5bc35 for tablet 9e99b710634a44f4a948132a5a180600. Status: Network error: Client connection negotiation failed: client connection to 172.31.112.255:7050: connect: Connection refused (error 111). Retrying in the next heartbeat period. Already tried 141 times.
W0109 07:21:00.400689 1581 consensus_peers.cc:356] T 9e99b710634a44f4a948132a5a180600 P 710c236995db46699eb9055c19ac506e -> Peer 7897578c54854ba0a5af32eb2aa04704 (aserbin-kudu-jepsen-ts-3.gce.cloudera.com:7050): Couldn't send request to peer 7897578c54854ba0a5af32eb2aa04704 for tablet 9e99b710634a44f4a948132a5a180600. Status: Network error: Client connection negotiation failed: client connection to 172.31.114.37:7050: connect: Connection refused (error 111). Retrying in the next heartbeat period. Already tried 2 times.
W0109 07:21:00.403164 1578 consensus_peers.cc:356] T 9e99b710634a44f4a948132a5a180600 P 710c236995db46699eb9055c19ac506e -> Peer c5a3e756029444b2bf66ee0044f5bc35 (aserbin-kudu-jepsen-ts-1.gce.cloudera.com:7050): Couldn't send request to peer c5a3e756029444b2bf66ee0044f5bc35 for tablet 9e99b710634a44f4a948132a5a180600. Status: Network error: Client connection negotiation failed: client connection to 172.31.112.255:7050: connect: Connection refused (error 111). Retrying in the next heartbeat period. Already tried 142 times.
W0109 07:21:00.445468 1578 consensus_peers.cc:356] T 9e99b710634a44f4a948132a5a180600 P 710c236995db46699eb9055c19ac506e -> Peer c5a3e756029444b2bf66ee0044f5bc35 (aserbin-kudu-jepsen-ts-1.gce.cloudera.com:7050): Couldn't send request to peer c5a3e756029444b2bf66ee0044f5bc35 for tablet 9e99b710634a44f4a948132a5a180600. Status: Network error: Client connection negotiation failed: client connection to 172.31.112.255:7050: connect: Connection refused (error 111). Retrying in the next heartbeat period. Already tried 143 times.
W0109 07:21:00.450798 1581 consensus_peers.cc:356] T 9e99b710634a44f4a948132a5a180600 P 710c236995db46699eb9055c19ac506e -> Peer 7897578c54854ba0a5af32eb2aa04704 (aserbin-kudu-jepsen-ts-3.gce.cloudera.com:7050): Couldn't send request to peer 7897578c54854ba0a5af32eb2aa04704 for tablet 9e99b710634a44f4a948132a5a180600. Status: Network error: Client connection negotiation failed: client connection to 172.31.114.37:7050: connect: Connection refused (error 111). Retrying in the next heartbeat period. Already tried 3 times.
W0109 07:21:00.476936 1581 consensus_peers.cc:356] T 9e99b710634a44f4a948132a5a180600 P 710c236995db46699eb9055c19ac506e -> Peer 7897578c54854ba0a5af32eb2aa04704 (aserbin-kudu-jepsen-ts-3.gce.cloudera.com:7050): Couldn't send request to peer 7897578c54854ba0a5af32eb2aa04704 for tablet 9e99b710634a44f4a948132a5a180600. Status: Network error: Client connection negotiation failed: client connection to 172.31.114.37:7050: connect: Connection refused (error 111). Retrying in the next heartbeat period. Already tried 4 times.
W0109 07:21:00.478569 1578 consensus_peers.cc:356] T 9e99b710634a44f4a948132a5a180600 P 710c236995db46699eb9055c19ac506e -> Peer c5a3e756029444b2bf66ee0044f5bc35 (aserbin-kudu-jepsen-ts-1.gce.cloudera.com:7050): Couldn't send request to peer c5a3e756029444b2bf66ee0044f5bc35 for tablet 9e99b710634a44f4a948132a5a180600. Status: Network error: Client connection negotiation failed: client connection to 172.31.112.255:7050: connect: Connection refused (error 111). Retrying in the next heartbeat period. Already tried 144 times.
W0109 07:21:00.510767 1578 consensus_peers.cc:356] T 9e99b710634a44f4a948132a5a180600 P 710c236995db46699eb9055c19ac506e -> Peer c5a3e756029444b2bf66ee0044f5bc35 (aserbin-kudu-jepsen-ts-1.gce.cloudera.com:7050): Couldn't send request to peer c5a3e756029444b2bf66ee0044f5bc35 for tablet 9e99b710634a44f4a948132a5a180600. Status: Network error: Client connection negotiation failed: client connection to 172.31.112.255:7050: connect: Connection refused (error 111). Retrying in the next heartbeat period. Already tried 145 times.
W0109 07:21:00.512989 1581 consensus_peers.cc:356] T 9e99b710634a44f4a948132a5a180600 P 710c236995db46699eb9055c19ac506e -> Peer 7897578c54854ba0a5af32eb2aa04704 (aserbin-kudu-jepsen-ts-3.gce.cloudera.com:7050): Couldn't send request to peer 7897578c54854ba0a5af32eb2aa04704 for tablet 9e99b710634a44f4a948132a5a180600. Status: Network error: Client connection negotiation failed: client connection to 172.31.114.37:7050: connect: Connection refused (error 111). Retrying in the next heartbeat period. Already tried 5 times.
W0109 07:21:00.532812 1581 consensus_peers.cc:356] T 9e99b710634a44f4a948132a5a180600 P 710c236995db46699eb9055c19ac506e -> Peer 591b1a1d383d4b659d7549653f4f136e (aserbin-kudu-jepsen-ts-2.gce.cloudera.com:7050): Couldn't send request to peer 591b1a1d383d4b659d7549653f4f136e for tablet 9e99b710634a44f4a948132a5a180600. Status: Network error: Client connection negotiation failed: client connection to 172.31.113.2:7050: connect: Connection refused (error 111). Retrying in the next heartbeat period. Already tried 1 times.
W0109 07:21:00.545994 1578 consensus_peers.cc:356] T 9e99b710634a44f4a948132a5a180600 P 710c236995db46699eb9055c19ac506e -> Peer c5a3e756029444b2bf66ee0044f5bc35 (aserbin-kudu-jepsen-ts-1.gce.cloudera.com:7050): Couldn't send request to peer c5a3e756029444b2bf66ee0044f5bc35 for tablet 9e99b710634a44f4a948132a5a180600. Status: Network error: Client connection negotiation failed: client connection to 172.31.112.255:7050: connect: Connection refused (error 111). Retrying in the next heartbeat period. Already tried 146 times.
W0109 07:21:00.560209 1581 consensus_peers.cc:356] T 9e99b710634a44f4a948132a5a180600 P 710c236995db46699eb9055c19ac506e -> Peer 7897578c54854ba0a5af32eb2aa04704 (aserbin-kudu-jepsen-ts-3.gce.cloudera.com:7050): Couldn't send request to peer 7897578c54854ba0a5af32eb2aa04704 for tablet 9e99b710634a44f4a948132a5a180600. Status: Network error: Client connection negotiation failed: client connection to 172.31.114.37:7050: connect: Connection refused (error 111). Retrying in the next heartbeat period. Already tried 6 times.
W0109 07:21:00.561822 1581 consensus_peers.cc:356] T 9e99b710634a44f4a948132a5a180600 P 710c236995db46699eb9055c19ac506e -> Peer 591b1a1d383d4b659d7549653f4f136e (aserbin-kudu-jepsen-ts-2.gce.cloudera.com:7050): Couldn't send request to peer 591b1a1d383d4b659d7549653f4f136e for tablet 9e99b710634a44f4a948132a5a180600. Status: Network error: Client connection negotiation failed: client connection to 172.31.113.2:7050: connect: Connection refused (error 111). Retrying in the next heartbeat period. Already tried 2 times.
W0109 07:21:00.586300 1578 consensus_peers.cc:356] T 9e99b710634a44f4a948132a5a180600 P 710c236995db46699eb9055c19ac506e -> Peer c5a3e756029444b2bf66ee0044f5bc35 (aserbin-kudu-jepsen-ts-1.gce.cloudera.com:7050): Couldn't send request to peer c5a3e756029444b2bf66ee0044f5bc35 for tablet 9e99b710634a44f4a948132a5a180600. Status: Network error: Client connection negotiation failed: client connection to 172.31.112.255:7050: connect: Connection refused (error 111). Retrying in the next heartbeat period. Already tried 147 times.
W0109 07:21:00.590338 1581 consensus_peers.cc:356] T 9e99b710634a44f4a948132a5a180600 P 710c236995db46699eb9055c19ac506e -> Peer 7897578c54854ba0a5af32eb2aa04704 (aserbin-kudu-jepsen-ts-3.gce.cloudera.com:7050): Couldn't send request to peer 7897578c54854ba0a5af32eb2aa04704 for tablet 9e99b710634a44f4a948132a5a180600. Status: Network error: Client connection negotiation failed: client connection to 172.31.114.37:7050: connect: Connection refused (error 111). Retrying in the next heartbeat period. Already tried 7 times.
W0109 07:21:00.593968 1581 consensus_peers.cc:356] T 9e99b710634a44f4a948132a5a180600 P 710c236995db46699eb9055c19ac506e -> Peer 591b1a1d383d4b659d7549653f4f136e (aserbin-kudu-jepsen-ts-2.gce.cloudera.com:7050): Couldn't send request to peer 591b1a1d383d4b659d7549653f4f136e for tablet 9e99b710634a44f4a948132a5a180600. Status: Network error: Client connection negotiation failed: client connection to 172.31.113.2:7050: connect: Connection refused (error 111). Retrying in the next heartbeat period. Already tried 3 times.
W0109 07:21:00.615459 1581 consensus_peers.cc:356] T 9e99b710634a44f4a948132a5a180600 P 710c236995db46699eb9055c19ac506e -> Peer 7897578c54854ba0a5af32eb2aa04704 (aserbin-kudu-jepsen-ts-3.gce.cloudera.com:7050): Couldn't send request to peer 7897578c54854ba0a5af32eb2aa04704 for tablet 9e99b710634a44f4a948132a5a180600. Status: Network error: Client connection negotiation failed: client connection to 172.31.114.37:7050: connect: Connection refused (error 111). Retrying in the next heartbeat period. Already tried 8 times.
W0109 07:21:00.628147 1581 consensus_peers.cc:356] T 9e99b710634a44f4a948132a5a180600 P 710c236995db46699eb9055c19ac506e -> Peer 591b1a1d383d4b659d7549653f4f136e (aserbin-kudu-jepsen-ts-2.gce.cloudera.com:7050): Couldn't send request to peer 591b1a1d383d4b659d7549653f4f136e for tablet 9e99b710634a44f4a948132a5a180600. Status: Network error: Client connection negotiation failed: client connection to 172.31.113.2:7050: connect: Connection refused (error 111). Retrying in the next heartbeat period. Already tried 4 times.
W0109 07:21:00.630539 1578 consensus_peers.cc:356] T 9e99b710634a44f4a948132a5a180600 P 710c236995db46699eb9055c19ac506e -> Peer c5a3e756029444b2bf66ee0044f5bc35 (aserbin-kudu-jepsen-ts-1.gce.cloudera.com:7050): Couldn't send request to peer c5a3e756029444b2bf66ee0044f5bc35 for tablet 9e99b710634a44f4a948132a5a180600. Status: Network error: Client connection negotiation failed: client connection to 172.31.112.255:7050: connect: Connection refused (error 111). Retrying in the next heartbeat period. Already tried 148 times.
W0109 07:21:00.640651 1581 consensus_peers.cc:356] T 9e99b710634a44f4a948132a5a180600 P 710c236995db46699eb9055c19ac506e -> Peer 7897578c54854ba0a5af32eb2aa04704 (aserbin-kudu-jepsen-ts-3.gce.cloudera.com:7050): Couldn't send request to peer 7897578c54854ba0a5af32eb2aa04704 for tablet 9e99b710634a44f4a948132a5a180600. Status: Network error: Client connection negotiation failed: client connection to 172.31.114.37:7050: connect: Connection refused (error 111). Retrying in the next heartbeat period. Already tried 9 times.
W0109 07:21:00.664379 1581 consensus_peers.cc:356] T 9e99b710634a44f4a948132a5a180600 P 710c236995db46699eb9055c19ac506e -> Peer 591b1a1d383d4b659d7549653f4f136e (aserbin-kudu-jepsen-ts-2.gce.cloudera.com:7050): Couldn't send request to peer 591b1a1d383d4b659d7549653f4f136e for tablet 9e99b710634a44f4a948132a5a180600. Status: Network error: Client connection negotiation failed: client connection to 172.31.113.2:7050: connect: Connection refused (error 111). Retrying in the next heartbeat period. Already tried 5 times.
W0109 07:21:00.670771 1581 consensus_peers.cc:356] T 9e99b710634a44f4a948132a5a180600 P 710c236995db46699eb9055c19ac506e -> Peer 7897578c54854ba0a5af32eb2aa04704 (aserbin-kudu-jepsen-ts-3.gce.cloudera.com:7050): Couldn't send request to peer 7897578c54854ba0a5af32eb2aa04704 for tablet 9e99b710634a44f4a948132a5a180600. Status: Network error: Client connection negotiation failed: client connection to 172.31.114.37:7050: connect: Connection refused (error 111). Retrying in the next heartbeat period. Already tried 10 times.
W0109 07:21:00.677834 1578 consensus_peers.cc:356] T 9e99b710634a44f4a948132a5a180600 P 710c236995db46699eb9055c19ac506e -> Peer c5a3e756029444b2bf66ee0044f5bc35 (aserbin-kudu-jepsen-ts-1.gce.cloudera.com:7050): Couldn't send request to peer c5a3e756029444b2bf66ee0044f5bc35 for tablet 9e99b710634a44f4a948132a5a180600. Status: Network error: Client connection negotiation failed: client connection to 172.31.112.255:7050: connect: Connection refused (error 111). Retrying in the next heartbeat period. Already tried 149 times.
W0109 07:21:00.707125 1581 consensus_peers.cc:356] T 9e99b710634a44f4a948132a5a180600 P 710c236995db46699eb9055c19ac506e -> Peer 7897578c54854ba0a5af32eb2aa04704 (aserbin-kudu-jepsen-ts-3.gce.cloudera.com:7050): Couldn't send request to peer 7897578c54854ba0a5af32eb2aa04704 for tablet 9e99b710634a44f4a948132a5a180600. Status: Network error: Client connection negotiation failed: client connection to 172.31.114.37:7050: connect: Connection refused (error 111). Retrying in the next heartbeat period. Already tried 11 times.
W0109 07:21:00.713474 1581 consensus_peers.cc:356] T 9e99b710634a44f4a948132a5a180600 P 710c236995db46699eb9055c19ac506e -> Peer 591b1a1d383d4b659d7549653f4f136e (aserbin-kudu-jepsen-ts-2.gce.cloudera.com:7050): Couldn't send request to peer 591b1a1d383d4b659d7549653f4f136e for tablet 9e99b710634a44f4a948132a5a180600. Status: Network error: Client connection negotiation failed: client connection to 172.31.113.2:7050: connect: Connection refused (error 111). Retrying in the next heartbeat period. Already tried 6 times.
W0109 07:21:00.714093 1578 consensus_peers.cc:356] T 9e99b710634a44f4a948132a5a180600 P 710c236995db46699eb9055c19ac506e -> Peer c5a3e756029444b2bf66ee0044f5bc35 (aserbin-kudu-jepsen-ts-1.gce.cloudera.com:7050): Couldn't send request to peer c5a3e756029444b2bf66ee0044f5bc35 for tablet 9e99b710634a44f4a948132a5a180600. Status: Network error: Client connection negotiation failed: client connection to 172.31.112.255:7050: connect: Connection refused (error 111). Retrying in the next heartbeat period. Already tried 150 times.
I0109 07:21:06.642036 1743 tablet_server_main.cc:56] Tablet server non-default flags: --raft_heartbeat_interval_ms=50 --fs_data_dirs=/var/lib/kudu/tserver --fs_wal_dir=/var/lib/kudu/tserver --tserver_master_addrs=aserbin-kudu-jepsen-master.gce.cloudera.com:7051 --heap_profile_path=/tmp/kudu-tserver.1743 --unlock_experimental_flags=true --unlock_unsafe_flags=true --flagfile=/etc/kudu/conf/tserver.gflagfile --log_dir=/var/log/kudu --logtostderr=true Tablet server version: kudu 1.3.0-SNAPSHOT revision 3a23b058af0f4de04f8827255de405fff7bf9ee1 build type RELEASE built by jenkins at 09 Jan 2017 06:07:18 PST on aserbin-kudu-jepsen-control-node-debian8.gce.cloudera.com build id 2017-01-09_06-07-06
I0109 07:21:06.642206 1743 mem_tracker.cc:140] MemTracker: hard memory limit is 0.464404 GB
I0109 07:21:06.642218 1743 mem_tracker.cc:142] MemTracker: soft memory limit is 0.278643 GB
I0109 07:21:06.643432 1743 tablet_server_main.cc:63] Initializing tablet server...
I0109 07:21:06.694387 1743 hybrid_clock.cc:177] HybridClock initialized. Resolution in nanos?: 1 Wait times tolerance adjustment: 1.0005 Current error: 394013
I0109 07:21:06.695171 1743 env_posix.cc:1286] Not raising process file limit of 65536; it is already as high as it can go
I0109 07:21:06.695206 1743 file_cache.cc:401] Constructed file cache lbm with capacity 32768
I0109 07:21:06.696270 1743 fs_manager.cc:251] Opened local filesystem: /var/lib/kudu/tserver uuid: "710c236995db46699eb9055c19ac506e" format_stamp: "Formatted at 2017-01-09 15:20:10 on aserbin-kudu-jepsen-ts-4"
I0109 07:21:06.699396 1743 ts_tablet_manager.cc:701] Loading metadata for tablet 9e99b710634a44f4a948132a5a180600
I0109 07:21:06.699666 1743 ts_tablet_manager.cc:863] Registered tablet 9e99b710634a44f4a948132a5a180600
I0109 07:21:06.699851 1757 ts_tablet_manager.cc:725] T 9e99b710634a44f4a948132a5a180600 P 710c236995db46699eb9055c19ac506e: Bootstrapping tablet
I0109 07:21:06.700098 1757 tablet_bootstrap.cc:381] T 9e99b710634a44f4a948132a5a180600 P 710c236995db46699eb9055c19ac506e: Bootstrap starting.
I0109 07:21:06.700415 1757 tablet_bootstrap.cc:540] T 9e99b710634a44f4a948132a5a180600 P 710c236995db46699eb9055c19ac506e: Time spent opening tablet: real 0.000s user 0.000s sys 0.000s
I0109 07:21:06.700518 1757 tablet_bootstrap.cc:596] T 9e99b710634a44f4a948132a5a180600 P 710c236995db46699eb9055c19ac506e: Will attempt to recover log segment /var/lib/kudu/tserver/wals/9e99b710634a44f4a948132a5a180600/wal-000000001 to /var/lib/kudu/tserver/wals/9e99b710634a44f4a948132a5a180600.recovery/wal-000000001
I0109 07:21:06.700557 1757 tablet_bootstrap.cc:604] T 9e99b710634a44f4a948132a5a180600 P 710c236995db46699eb9055c19ac506e: Moving log directory /var/lib/kudu/tserver/wals/9e99b710634a44f4a948132a5a180600 to recovery directory /var/lib/kudu/tserver/wals/9e99b710634a44f4a948132a5a180600.recovery in preparation for log replay
I0109 07:21:06.700765 1757 log_util.cc:315] Log segment /var/lib/kudu/tserver/wals/9e99b710634a44f4a948132a5a180600.recovery/wal-000000001 has no footer. This segment was likely being written when the server previously shut down.
I0109 07:21:06.700778 1757 log_reader.cc:160] Log segment /var/lib/kudu/tserver/wals/9e99b710634a44f4a948132a5a180600.recovery/wal-000000001 was likely left in-progress after a previous crash. Will try to rebuild footer by scanning data.
I0109 07:21:06.702214 1743 tablet_server_main.cc:66] Starting tablet server...
I0109 07:21:06.704774 1757 log_util.cc:569] Scanning /var/lib/kudu/tserver/wals/9e99b710634a44f4a948132a5a180600.recovery/wal-000000001 for valid entry headers following offset 36828...
I0109 07:21:06.775909 1757 log_util.cc:606] Found no log entry headers
I0109 07:21:06.775986 1757 log_util.cc:218] Ignoring log segment corruption in /var/lib/kudu/tserver/wals/9e99b710634a44f4a948132a5a180600.recovery/wal-000000001 because there are no log entries following the corrupted one. The server probably crashed in the middle of writing an entry to the write-ahead log or downloaded an active log via tablet copy. Error detail: Corruption: CRC mismatch in log entry header: Log file corruption detected. Failed trying to read batch #0 at offset 36816 for log segment /var/lib/kudu/tserver/wals/9e99b710634a44f4a948132a5a180600.recovery/wal-000000001: Prior entries: [off=36385 COMMIT (5.159)] [off=36583 REPLICATE (5.160)] [off=36618 COMMIT (5.160)] [off=36816 REPLICATE (5.161)]
I0109 07:21:06.776053 1757 log_util.cc:368] Successfully rebuilt footer for segment: /var/lib/kudu/tserver/wals/9e99b710634a44f4a948132a5a180600.recovery/wal-000000001 (valid entries through byte offset 36816)
I0109 07:21:06.776124 1757 tablet.cc:983] T 9e99b710634a44f4a948132a5a180600 Rewinding schema during bootstrap to Schema [ 0:key[string NOT NULL], 1:value[int32 NOT NULL] ]
I0109 07:21:06.776366 1757 log.cc:351] Log is configured to *not* fsync() on all Append() calls
I0109 07:21:06.782049 1757 tablet_bootstrap.cc:810] T 9e99b710634a44f4a948132a5a180600 P 710c236995db46699eb9055c19ac506e: Overwriting operations starting at: 2.50 up to: 2.50 with operation: 4.50
I0109 07:21:06.787969 1757 tablet_bootstrap.cc:381] T 9e99b710634a44f4a948132a5a180600 P 710c236995db46699eb9055c19ac506e: Bootstrap replayed 1/1 log segments. Stats: ops{read=162 overwritten=1 applied=160 ignored=0} inserts{seen=157 ignored=0} mutations{seen=0 ignored=0} orphaned_commits=0. Pending: 1 replicates
I0109 07:21:06.788154 1757 tablet_bootstrap.cc:1017] T 9e99b710634a44f4a948132a5a180600 P 710c236995db46699eb9055c19ac506e: ReplayState: Previous OpId: 5.161, Committed OpId: 5.160, Pending Replicates: 1, Pending Commits: 0
I0109 07:21:06.788166 1757 tablet_bootstrap.cc:1017] T 9e99b710634a44f4a948132a5a180600 P 710c236995db46699eb9055c19ac506e: Dumping REPLICATES:
I0109 07:21:06.788172 1757 tablet_bootstrap.cc:1017] T 9e99b710634a44f4a948132a5a180600 P 710c236995db46699eb9055c19ac506e: type: REPLICATE replicate { id { term: 5 index: 161 } timestamp: 6078362667140030464 op_type: WRITE_OP write_request { tablet_id: "9e99b710634a44f4a948132a5a180600" schema { columns { name: "key" type: STRING is_key: true is_nullable: false encoding: AUTO_ENCODING compression: DEFAULT_COMPRESSION cfile_block_size: 0 } columns { name: "value" type: INT32 is_key: false is_nullable: false encoding: AUTO_ENCODING compression: DEFAULT_COMPRESSION cfile_block_size: 0 } } row_operations { rows: "\005\003\000\000\000\000\000\000\000\000\001\000\000\000\000\000\000\000\007\000\000\000" indirect_data: "x" } external_consistency_mode: CLIENT_PROPAGATED propagated_timestamp: 6078362665418371072 } request_id { client_id: "a89de875ce2044048caa38631f674301" seq_no: 32 first_incomplete_seq_no: 32 attempt_no: 1 } }
