I0109 07:21:06.788555 1757 tablet_bootstrap.cc:633] T 9e99b710634a44f4a948132a5a180600 P 710c236995db46699eb9055c19ac506e: Preparing to delete log recovery files and directory /var/lib/kudu/tserver/wals/9e99b710634a44f4a948132a5a180600.recovery
I0109 07:21:06.788568 1757 tablet_bootstrap.cc:636] T 9e99b710634a44f4a948132a5a180600 P 710c236995db46699eb9055c19ac506e: Renaming log recovery dir from /var/lib/kudu/tserver/wals/9e99b710634a44f4a948132a5a180600.recovery to /var/lib/kudu/tserver/wals/9e99b710634a44f4a948132a5a180600.recovery-1483975266788567
I0109 07:21:06.788596 1757 tablet_bootstrap.cc:646] T 9e99b710634a44f4a948132a5a180600 P 710c236995db46699eb9055c19ac506e: Deleting all files from renamed log recovery directory /var/lib/kudu/tserver/wals/9e99b710634a44f4a948132a5a180600.recovery-1483975266788567
I0109 07:21:06.788738 1757 tablet_bootstrap.cc:649] T 9e99b710634a44f4a948132a5a180600 P 710c236995db46699eb9055c19ac506e: Completed deletion of old log recovery files and directory /var/lib/kudu/tserver/wals/9e99b710634a44f4a948132a5a180600.recovery-1483975266788567
I0109 07:21:06.788750 1757 tablet_bootstrap.cc:381] T 9e99b710634a44f4a948132a5a180600 P 710c236995db46699eb9055c19ac506e: Bootstrap complete.
I0109 07:21:06.793248 1757 ts_tablet_manager.cc:730] T 9e99b710634a44f4a948132a5a180600 P 710c236995db46699eb9055c19ac506e: Time spent bootstrapping tablet: real 0.093s user 0.016s sys 0.036s
I0109 07:21:06.793740 1757 raft_consensus.cc:287] T 9e99b710634a44f4a948132a5a180600 P 710c236995db46699eb9055c19ac506e [term 5 FOLLOWER]: Replica starting. Triggering 1 pending transactions. Active config: opid_index: -1 OBSOLETE_local: false peers { permanent_uuid: "710c236995db46699eb9055c19ac506e" member_type: VOTER last_known_addr { host: "aserbin-kudu-jepsen-ts-4.gce.cloudera.com" port: 7050 } } peers { permanent_uuid: "1678276a36f849c28459de6b6788965a" member_type: VOTER last_known_addr { host: "aserbin-kudu-jepsen-ts-5.gce.cloudera.com" port: 7050 } } peers { permanent_uuid: "591b1a1d383d4b659d7549653f4f136e" member_type: VOTER last_known_addr { host: "aserbin-kudu-jepsen-ts-2.gce.cloudera.com" port: 7050 } } peers { permanent_uuid: "c5a3e756029444b2bf66ee0044f5bc35" member_type: VOTER last_known_addr { host: "aserbin-kudu-jepsen-ts-1.gce.cloudera.com" port: 7050 } } peers { permanent_uuid: "7897578c54854ba0a5af32eb2aa04704" member_type: VOTER last_known_addr { host: "aserbin-kudu-jepsen-ts-3.gce.cloudera.com" port: 7050 } }
I0109 07:21:06.793980 1757 raft_consensus.cc:547] T 9e99b710634a44f4a948132a5a180600 P 710c236995db46699eb9055c19ac506e [term 5 FOLLOWER]: Becoming Follower/Learner. State: Replica: 710c236995db46699eb9055c19ac506e, State: 1, Role: FOLLOWER
I0109 07:21:06.794000 1757 consensus_queue.cc:175] T 9e99b710634a44f4a948132a5a180600 P 710c236995db46699eb9055c19ac506e [NON_LEADER]: Queue going to NON_LEADER mode. State: All replicated index: 0, Majority replicated index: 0, Committed index: 160, Last appended: 5.161, Current term: 0, Majority size: -1, State: 1, Mode: NON_LEADER
I0109 07:21:06.794244 1757 ts_tablet_manager.cc:757] T 9e99b710634a44f4a948132a5a180600 P 710c236995db46699eb9055c19ac506e: Time spent starting tablet: real 0.001s user 0.000s sys 0.000s
I0109 07:21:06.801407 1743 rpc_server.cc:164] RPC server started. Bound to: 0.0.0.0:7050
I0109 07:21:06.801483 1743 webserver.cc:126] Starting webserver on 0.0.0.0:8050
I0109 07:21:06.801492 1743 webserver.cc:137] Document root disabled
I0109 07:21:06.801643 1743 webserver.cc:221] Webserver started. Bound to: http://0.0.0.0:8050/
I0109 07:21:06.802016 1743 tablet_server_main.cc:69] Tablet server successfully started.
I0109 07:21:06.854665 1874 heartbeater.cc:292] Connected to a master server at aserbin-kudu-jepsen-master.gce.cloudera.com:7051
I0109 07:21:06.854717 1874 heartbeater.cc:359] Registering TS with master...
I0109 07:21:06.854780 1874 heartbeater.cc:373] Master aserbin-kudu-jepsen-master.gce.cloudera.com:7051 requested a full tablet report, sending...
I0109 07:21:06.977129 1798 raft_consensus.cc:410] T 9e99b710634a44f4a948132a5a180600 P 710c236995db46699eb9055c19ac506e [term 5 FOLLOWER]: Starting pre-election (no leader contacted us within the election timeout)
I0109 07:21:06.977188 1798 raft_consensus.cc:2158] T 9e99b710634a44f4a948132a5a180600 P 710c236995db46699eb9055c19ac506e [term 5 FOLLOWER]: Snoozing failure detection for election timeout plus an additional 0.188s
I0109 07:21:06.977258 1798 raft_consensus.cc:434] T 9e99b710634a44f4a948132a5a180600 P 710c236995db46699eb9055c19ac506e [term 5 FOLLOWER]: Starting pre-election with config: opid_index: -1 OBSOLETE_local: false peers { permanent_uuid: "710c236995db46699eb9055c19ac506e" member_type: VOTER last_known_addr { host: "aserbin-kudu-jepsen-ts-4.gce.cloudera.com" port: 7050 } } peers { permanent_uuid: "1678276a36f849c28459de6b6788965a" member_type: VOTER last_known_addr { host: "aserbin-kudu-jepsen-ts-5.gce.cloudera.com" port: 7050 } } peers { permanent_uuid: "591b1a1d383d4b659d7549653f4f136e" member_type: VOTER last_known_addr { host: "aserbin-kudu-jepsen-ts-2.gce.cloudera.com" port: 7050 } } peers { permanent_uuid: "c5a3e756029444b2bf66ee0044f5bc35" member_type: VOTER last_known_addr { host: "aserbin-kudu-jepsen-ts-1.gce.cloudera.com" port: 7050 } } peers { permanent_uuid: "7897578c54854ba0a5af32eb2aa04704" member_type: VOTER last_known_addr { host: "aserbin-kudu-jepsen-ts-3.gce.cloudera.com" port: 7050 } }
I0109 07:21:07.173569 1798 leader_election.cc:215] T 9e99b710634a44f4a948132a5a180600 P 710c236995db46699eb9055c19ac506e [CANDIDATE]: Term 6 pre-election: Requesting pre-vote from peer 1678276a36f849c28459de6b6788965a
I0109 07:21:07.173831 1831 raft_consensus.cc:1691] T 9e99b710634a44f4a948132a5a180600 P 710c236995db46699eb9055c19ac506e [term 5 FOLLOWER]: Leader pre-election vote request: Denying vote to candidate 7897578c54854ba0a5af32eb2aa04704 for term 6 because replica has last-logged OpId of term: 5 index: 161, which is greater than that of the candidate, which has last-logged OpId of term: 5 index: 158.
W0109 07:21:07.173969 1831 rpcz_store.cc:234] Call kudu.consensus.ConsensusService.RequestConsensusVote from 172.31.114.37:47218 (request call id 1) took 167ms (client timeout 156).
W0109 07:21:07.174017 1831 rpcz_store.cc:238] Trace: 0109 07:21:07.006397 (+ 0us) service_pool.cc:143] Inserting onto call queue 0109 07:21:07.006409 (+ 12us) service_pool.cc:202] Handling call 0109 07:21:07.173946 (+167537us) spinlock_profiling.cc:255] Waited 167 ms on lock 0x33a91b0. stack: 0000000001a20b21 00000000009d8b77 00000000007e48af 0000000000a8971f 0000000000a8a342 0000000001a2dc19 00007f53424960a3 00007f5340d2687c ffffffffffffffff 0109 07:21:07.173960 (+ 14us) inbound_call.cc:130] Queueing success response Metrics: {"spinlock_wait_cycles":418376576}
I0109 07:21:07.174091 1798 leader_election.cc:215] T 9e99b710634a44f4a948132a5a180600 P 710c236995db46699eb9055c19ac506e [CANDIDATE]: Term 6 pre-election: Requesting pre-vote from peer 591b1a1d383d4b659d7549653f4f136e
I0109 07:21:07.174206 1798 leader_election.cc:215] T 9e99b710634a44f4a948132a5a180600 P 710c236995db46699eb9055c19ac506e [CANDIDATE]: Term 6 pre-election: Requesting pre-vote from peer c5a3e756029444b2bf66ee0044f5bc35
I0109 07:21:07.174283 1798 leader_election.cc:215] T 9e99b710634a44f4a948132a5a180600 P 710c236995db46699eb9055c19ac506e [CANDIDATE]: Term 6 pre-election: Requesting pre-vote from peer 7897578c54854ba0a5af32eb2aa04704
W0109 07:21:07.175112 1755 leader_election.cc:271] T 9e99b710634a44f4a948132a5a180600 P 710c236995db46699eb9055c19ac506e [CANDIDATE]: Term 6 pre-election: RPC error from VoteRequest() call to peer 591b1a1d383d4b659d7549653f4f136e: Network error: Client connection negotiation failed: client connection to 172.31.113.2:7050: connect: Connection refused (error 111)
W0109 07:21:07.175161 1753 leader_election.cc:271] T 9e99b710634a44f4a948132a5a180600 P 710c236995db46699eb9055c19ac506e [CANDIDATE]: Term 6 pre-election: RPC error from VoteRequest() call to peer 1678276a36f849c28459de6b6788965a: Network error: Client connection negotiation failed: client connection to 172.31.114.39:7050: connect: Connection refused (error 111)
I0109 07:21:07.175997 1755 leader_election.cc:347] T 9e99b710634a44f4a948132a5a180600 P 710c236995db46699eb9055c19ac506e [CANDIDATE]: Term 6 pre-election: Vote granted by peer 7897578c54854ba0a5af32eb2aa04704
I0109 07:21:07.176822 1752 leader_election.cc:347] T 9e99b710634a44f4a948132a5a180600 P 710c236995db46699eb9055c19ac506e [CANDIDATE]: Term 6 pre-election: Vote granted by peer c5a3e756029444b2bf66ee0044f5bc35
I0109 07:21:07.176839 1752 leader_election.cc:242] T 9e99b710634a44f4a948132a5a180600 P 710c236995db46699eb9055c19ac506e [CANDIDATE]: Term 6 pre-election: Election decided. Result: candidate won.
I0109 07:21:07.176995 1880 raft_consensus.cc:2158] T 9e99b710634a44f4a948132a5a180600 P 710c236995db46699eb9055c19ac506e [term 5 FOLLOWER]: Snoozing failure detection for election timeout plus an additional 0.161s
I0109 07:21:07.177033 1880 raft_consensus.cc:1968] T 9e99b710634a44f4a948132a5a180600 P 710c236995db46699eb9055c19ac506e [term 5 FOLLOWER]: Leader pre-election won for term 6
I0109 07:21:07.177042 1880 raft_consensus.cc:410] T 9e99b710634a44f4a948132a5a180600 P 710c236995db46699eb9055c19ac506e [term 5 FOLLOWER]: Starting leader election (no leader contacted us within the election timeout)
I0109 07:21:07.177052 1880 raft_consensus.cc:2158] T 9e99b710634a44f4a948132a5a180600 P 710c236995db46699eb9055c19ac506e [term 5 FOLLOWER]: Snoozing failure detection for election timeout plus an additional 0.181s
I0109 07:21:07.177057 1880 raft_consensus.cc:2202] T 9e99b710634a44f4a948132a5a180600 P 710c236995db46699eb9055c19ac506e [term 5 FOLLOWER]: Advancing to term 6
I0109 07:21:07.177397 1880 raft_consensus.cc:434] T 9e99b710634a44f4a948132a5a180600 P 710c236995db46699eb9055c19ac506e [term 6 FOLLOWER]: Starting leader election with config: opid_index: -1 OBSOLETE_local: false peers { permanent_uuid: "710c236995db46699eb9055c19ac506e" member_type: VOTER last_known_addr { host: "aserbin-kudu-jepsen-ts-4.gce.cloudera.com" port: 7050 } } peers { permanent_uuid: "1678276a36f849c28459de6b6788965a" member_type: VOTER last_known_addr { host: "aserbin-kudu-jepsen-ts-5.gce.cloudera.com" port: 7050 } } peers { permanent_uuid: "591b1a1d383d4b659d7549653f4f136e" member_type: VOTER last_known_addr { host: "aserbin-kudu-jepsen-ts-2.gce.cloudera.com" port: 7050 } } peers { permanent_uuid: "c5a3e756029444b2bf66ee0044f5bc35" member_type: VOTER last_known_addr { host: "aserbin-kudu-jepsen-ts-1.gce.cloudera.com" port: 7050 } } peers { permanent_uuid: "7897578c54854ba0a5af32eb2aa04704" member_type: VOTER last_known_addr { host: "aserbin-kudu-jepsen-ts-3.gce.cloudera.com" port: 7050 } }
I0109 07:21:07.373360 1880 leader_election.cc:215] T 9e99b710634a44f4a948132a5a180600 P 710c236995db46699eb9055c19ac506e [CANDIDATE]: Term 6 election: Requesting vote from peer 1678276a36f849c28459de6b6788965a
I0109 07:21:07.373666 1880 leader_election.cc:215] T 9e99b710634a44f4a948132a5a180600 P 710c236995db46699eb9055c19ac506e [CANDIDATE]: Term 6 election: Requesting vote from peer 591b1a1d383d4b659d7549653f4f136e
I0109 07:21:07.373916 1880 leader_election.cc:215] T 9e99b710634a44f4a948132a5a180600 P 710c236995db46699eb9055c19ac506e [CANDIDATE]: Term 6 election: Requesting vote from peer c5a3e756029444b2bf66ee0044f5bc35
W0109 07:21:07.373975 1755 leader_election.cc:271] T 9e99b710634a44f4a948132a5a180600 P 710c236995db46699eb9055c19ac506e [CANDIDATE]: Term 6 election: RPC error from VoteRequest() call to peer 591b1a1d383d4b659d7549653f4f136e: Network error: Client connection negotiation failed: client connection to 172.31.113.2:7050: connect: Connection refused (error 111)
I0109 07:21:07.374058 1880 leader_election.cc:215] T 9e99b710634a44f4a948132a5a180600 P 710c236995db46699eb9055c19ac506e [CANDIDATE]: Term 6 election: Requesting vote from peer 7897578c54854ba0a5af32eb2aa04704
I0109 07:21:07.375074 1752 leader_election.cc:347] T 9e99b710634a44f4a948132a5a180600 P 710c236995db46699eb9055c19ac506e [CANDIDATE]: Term 6 election: Vote granted by peer c5a3e756029444b2bf66ee0044f5bc35
I0109 07:21:07.375103 1755 leader_election.cc:347] T 9e99b710634a44f4a948132a5a180600 P 710c236995db46699eb9055c19ac506e [CANDIDATE]: Term 6 election: Vote granted by peer 7897578c54854ba0a5af32eb2aa04704
I0109 07:21:07.375111 1755 leader_election.cc:242] T 9e99b710634a44f4a948132a5a180600 P 710c236995db46699eb9055c19ac506e [CANDIDATE]: Term 6 election: Election decided. Result: candidate won.
I0109 07:21:07.375154 1880 raft_consensus.cc:2158] T 9e99b710634a44f4a948132a5a180600 P 710c236995db46699eb9055c19ac506e [term 6 FOLLOWER]: Snoozing failure detection for election timeout plus an additional 0.208s
I0109 07:21:07.375167 1880 raft_consensus.cc:1968] T 9e99b710634a44f4a948132a5a180600 P 710c236995db46699eb9055c19ac506e [term 6 FOLLOWER]: Leader election won for term 6
I0109 07:21:07.375196 1880 raft_consensus.cc:517] T 9e99b710634a44f4a948132a5a180600 P 710c236995db46699eb9055c19ac506e [term 6 LEADER]: Becoming Leader. State: Replica: 710c236995db46699eb9055c19ac506e, State: 1, Role: LEADER
I0109 07:21:07.375293 1880 consensus_queue.cc:157] T 9e99b710634a44f4a948132a5a180600 P 710c236995db46699eb9055c19ac506e [LEADER]: Queue going to LEADER mode. State: All replicated index: 0, Majority replicated index: 160, Committed index: 160, Last appended: 5.161, Current term: 6, Majority size: 3, State: 1, Mode: LEADER, active raft config: opid_index: -1 OBSOLETE_local: false peers { permanent_uuid: "710c236995db46699eb9055c19ac506e" member_type: VOTER last_known_addr { host: "aserbin-kudu-jepsen-ts-4.gce.cloudera.com" port: 7050 } } peers { permanent_uuid: "1678276a36f849c28459de6b6788965a" member_type: VOTER last_known_addr { host: "aserbin-kudu-jepsen-ts-5.gce.cloudera.com" port: 7050 } } peers { permanent_uuid: "591b1a1d383d4b659d7549653f4f136e" member_type: VOTER last_known_addr { host: "aserbin-kudu-jepsen-ts-2.gce.cloudera.com" port: 7050 } } peers { permanent_uuid: "c5a3e756029444b2bf66ee0044f5bc35" member_type: VOTER last_known_addr { host: "aserbin-kudu-jepsen-ts-1.gce.cloudera.com" port: 7050 } } peers { permanent_uuid: "7897578c54854ba0a5af32eb2aa04704" member_type: VOTER last_known_addr { host: "aserbin-kudu-jepsen-ts-3.gce.cloudera.com" port: 7050 } }
I0109 07:21:07.375632 1753 leader_election.cc:347] T 9e99b710634a44f4a948132a5a180600 P 710c236995db46699eb9055c19ac506e [CANDIDATE]: Term 6 election: Vote granted by peer 1678276a36f849c28459de6b6788965a
I0109 07:21:07.572204 1874 heartbeater.cc:365] Master aserbin-kudu-jepsen-master.gce.cloudera.com:7051 was elected leader, sending a full tablet report...
I0109 07:21:07.572998 1880 consensus_queue.cc:693] T 9e99b710634a44f4a948132a5a180600 P 710c236995db46699eb9055c19ac506e [LEADER]: Connected to new peer: Peer: 1678276a36f849c28459de6b6788965a, Is new: false, Last received: 5.161, Next index: 162, Last known committed idx: 160, Last exchange result: ERROR, Needs tablet copy: false
I0109 07:21:07.573467 1880 consensus_queue.cc:693] T 9e99b710634a44f4a948132a5a180600 P 710c236995db46699eb9055c19ac506e [LEADER]: Connected to new peer: Peer: c5a3e756029444b2bf66ee0044f5bc35, Is new: false, Last received: 5.129, Next index: 130, Last known committed idx: 129, Last exchange result: ERROR, Needs tablet copy: false
I0109 07:21:07.575063 1880 consensus_queue.cc:693] T 9e99b710634a44f4a948132a5a180600 P 710c236995db46699eb9055c19ac506e [LEADER]: Connected to new peer: Peer: 591b1a1d383d4b659d7549653f4f136e, Is new: false, Last received: 5.160, Next index: 161, Last known committed idx: 160, Last exchange result: ERROR, Needs tablet copy: false
I0109 07:21:07.576283 1880 consensus_queue.cc:693] T 9e99b710634a44f4a948132a5a180600 P 710c236995db46699eb9055c19ac506e [LEADER]: Connected to new peer: Peer: 7897578c54854ba0a5af32eb2aa04704, Is new: false, Last received: 5.158, Next index: 159, Last known committed idx: 158, Last exchange result: ERROR, Needs tablet copy: false
W0109 07:21:13.577644 1755 consensus_peers.cc:356] T 9e99b710634a44f4a948132a5a180600 P 710c236995db46699eb9055c19ac506e -> Peer 7897578c54854ba0a5af32eb2aa04704 (aserbin-kudu-jepsen-ts-3.gce.cloudera.com:7050): Couldn't send request to peer 7897578c54854ba0a5af32eb2aa04704 for tablet 9e99b710634a44f4a948132a5a180600. Status: Network error: Client connection negotiation failed: client connection to 172.31.114.37:7050: connect: Connection refused (error 111). Retrying in the next heartbeat period. Already tried 1 times.
W0109 07:21:13.617537 1755 consensus_peers.cc:356] T 9e99b710634a44f4a948132a5a180600 P 710c236995db46699eb9055c19ac506e -> Peer 7897578c54854ba0a5af32eb2aa04704 (aserbin-kudu-jepsen-ts-3.gce.cloudera.com:7050): Couldn't send request to peer 7897578c54854ba0a5af32eb2aa04704 for tablet 9e99b710634a44f4a948132a5a180600. Status: Network error: Client connection negotiation failed: client connection to 172.31.114.37:7050: connect: Connection refused (error 111). Retrying in the next heartbeat period. Already tried 2 times.
W0109 07:21:13.655702 1755 consensus_peers.cc:356] T 9e99b710634a44f4a948132a5a180600 P 710c236995db46699eb9055c19ac506e -> Peer 7897578c54854ba0a5af32eb2aa04704 (aserbin-kudu-jepsen-ts-3.gce.cloudera.com:7050): Couldn't send request to peer 7897578c54854ba0a5af32eb2aa04704 for tablet 9e99b710634a44f4a948132a5a180600. Status: Network error: Client connection negotiation failed: client connection to 172.31.114.37:7050: connect: Connection refused (error 111). Retrying in the next heartbeat period. Already tried 3 times.
W0109 07:21:13.683019 1755 consensus_peers.cc:356] T 9e99b710634a44f4a948132a5a180600 P 710c236995db46699eb9055c19ac506e -> Peer 7897578c54854ba0a5af32eb2aa04704 (aserbin-kudu-jepsen-ts-3.gce.cloudera.com:7050): Couldn't send request to peer 7897578c54854ba0a5af32eb2aa04704 for tablet 9e99b710634a44f4a948132a5a180600. Status: Network error: Client connection negotiation failed: client connection to 172.31.114.37:7050: connect: Connection refused (error 111). Retrying in the next heartbeat period. Already tried 4 times.
W0109 07:21:13.728096 1755 consensus_peers.cc:356] T 9e99b710634a44f4a948132a5a180600 P 710c236995db46699eb9055c19ac506e -> Peer 7897578c54854ba0a5af32eb2aa04704 (aserbin-kudu-jepsen-ts-3.gce.cloudera.com:7050): Couldn't send request to peer 7897578c54854ba0a5af32eb2aa04704 for tablet 9e99b710634a44f4a948132a5a180600. Status: Network error: Client connection negotiation failed: client connection to 172.31.114.37:7050: connect: Connection refused (error 111). Retrying in the next heartbeat period. Already tried 5 times.
W0109 07:21:13.763247 1755 consensus_peers.cc:356] T 9e99b710634a44f4a948132a5a180600 P 710c236995db46699eb9055c19ac506e -> Peer 7897578c54854ba0a5af32eb2aa04704 (aserbin-kudu-jepsen-ts-3.gce.cloudera.com:7050): Couldn't send request to peer 7897578c54854ba0a5af32eb2aa04704 for tablet 9e99b710634a44f4a948132a5a180600. Status: Network error: Client connection negotiation failed: client connection to 172.31.114.37:7050: connect: Connection refused (error 111). Retrying in the next heartbeat period. Already tried 6 times.
W0109 07:21:13.790426 1755 consensus_peers.cc:356] T 9e99b710634a44f4a948132a5a180600 P 710c236995db46699eb9055c19ac506e -> Peer 7897578c54854ba0a5af32eb2aa04704 (aserbin-kudu-jepsen-ts-3.gce.cloudera.com:7050): Couldn't send request to peer 7897578c54854ba0a5af32eb2aa04704 for tablet 9e99b710634a44f4a948132a5a180600. Status: Network error: Client connection negotiation failed: client connection to 172.31.114.37:7050: connect: Connection refused (error 111). Retrying in the next heartbeat period. Already tried 7 times.
W0109 07:21:13.817827 1753 consensus_peers.cc:356] T 9e99b710634a44f4a948132a5a180600 P 710c236995db46699eb9055c19ac506e -> Peer 1678276a36f849c28459de6b6788965a (aserbin-kudu-jepsen-ts-5.gce.cloudera.com:7050): Couldn't send request to peer 1678276a36f849c28459de6b6788965a for tablet 9e99b710634a44f4a948132a5a180600. Status: Network error: Client connection negotiation failed: client connection to 172.31.114.39:7050: connect: Connection refused (error 111). Retrying in the next heartbeat period. Already tried 1 times.
W0109 07:21:13.835546 1755 consensus_peers.cc:356] T 9e99b710634a44f4a948132a5a180600 P 710c236995db46699eb9055c19ac506e -> Peer 7897578c54854ba0a5af32eb2aa04704 (aserbin-kudu-jepsen-ts-3.gce.cloudera.com:7050): Couldn't send request to peer 7897578c54854ba0a5af32eb2aa04704 for tablet 9e99b710634a44f4a948132a5a180600. Status: Network error: Client connection negotiation failed: client connection to 172.31.114.37:7050: connect: Connection refused (error 111). Retrying in the next heartbeat period. Already tried 8 times.
W0109 07:21:13.867952 1753 consensus_peers.cc:356] T 9e99b710634a44f4a948132a5a180600 P 710c236995db46699eb9055c19ac506e -> Peer 1678276a36f849c28459de6b6788965a (aserbin-kudu-jepsen-ts-5.gce.cloudera.com:7050): Couldn't send request to peer 1678276a36f849c28459de6b6788965a for tablet 9e99b710634a44f4a948132a5a180600. Status: Network error: Client connection negotiation failed: client connection to 172.31.114.39:7050: connect: Connection refused (error 111). Retrying in the next heartbeat period. Already tried 2 times.
W0109 07:21:13.869593 1755 consensus_peers.cc:356] T 9e99b710634a44f4a948132a5a180600 P 710c236995db46699eb9055c19ac506e -> Peer 7897578c54854ba0a5af32eb2aa04704 (aserbin-kudu-jepsen-ts-3.gce.cloudera.com:7050): Couldn't send request to peer 7897578c54854ba0a5af32eb2aa04704 for tablet 9e99b710634a44f4a948132a5a180600. Status: Network error: Client connection negotiation failed: client connection to 172.31.114.37:7050: connect: Connection refused (error 111). Retrying in the next heartbeat period. Already tried 9 times.
W0109 07:21:13.911998 1755 consensus_peers.cc:356] T 9e99b710634a44f4a948132a5a180600 P 710c236995db46699eb9055c19ac506e -> Peer 7897578c54854ba0a5af32eb2aa04704 (aserbin-kudu-jepsen-ts-3.gce.cloudera.com:7050): Couldn't send request to peer 7897578c54854ba0a5af32eb2aa04704 for tablet 9e99b710634a44f4a948132a5a180600. Status: Network error: Client connection negotiation failed: client connection to 172.31.114.37:7050: connect: Connection refused (error 111). Retrying in the next heartbeat period. Already tried 10 times.
W0109 07:21:13.917953 1753 consensus_peers.cc:356] T 9e99b710634a44f4a948132a5a180600 P 710c236995db46699eb9055c19ac506e -> Peer 1678276a36f849c28459de6b6788965a (aserbin-kudu-jepsen-ts-5.gce.cloudera.com:7050): Couldn't send request to peer 1678276a36f849c28459de6b6788965a for tablet 9e99b710634a44f4a948132a5a180600. Status: Network error: Client connection negotiation failed: client connection to 172.31.114.39:7050: connect: Connection refused (error 111). Retrying in the next heartbeat period. Already tried 3 times.
W0109 07:21:13.959056 1755 consensus_peers.cc:356] T 9e99b710634a44f4a948132a5a180600 P 710c236995db46699eb9055c19ac506e -> Peer 7897578c54854ba0a5af32eb2aa04704 (aserbin-kudu-jepsen-ts-3.gce.cloudera.com:7050): Couldn't send request to peer 7897578c54854ba0a5af32eb2aa04704 for tablet 9e99b710634a44f4a948132a5a180600. Status: Network error: Client connection negotiation failed: client connection to 172.31.114.37:7050: connect: Connection refused (error 111). Retrying in the next heartbeat period. Already tried 11 times.
W0109 07:21:13.968082 1753 consensus_peers.cc:356] T 9e99b710634a44f4a948132a5a180600 P 710c236995db46699eb9055c19ac506e -> Peer 1678276a36f849c28459de6b6788965a (aserbin-kudu-jepsen-ts-5.gce.cloudera.com:7050): Couldn't send request to peer 1678276a36f849c28459de6b6788965a for tablet 9e99b710634a44f4a948132a5a180600. Status: Network error: Client connection negotiation failed: client connection to 172.31.114.39:7050: connect: Connection refused (error 111). Retrying in the next heartbeat period. Already tried 4 times.
W0109 07:21:13.989245 1755 consensus_peers.cc:356] T 9e99b710634a44f4a948132a5a180600 P 710c236995db46699eb9055c19ac506e -> Peer 7897578c54854ba0a5af32eb2aa04704 (aserbin-kudu-jepsen-ts-3.gce.cloudera.com:7050): Couldn't send request to peer 7897578c54854ba0a5af32eb2aa04704 for tablet 9e99b710634a44f4a948132a5a180600. Status: Network error: Client connection negotiation failed: client connection to 172.31.114.37:7050: connect: Connection refused (error 111). Retrying in the next heartbeat period. Already tried 12 times.
W0109 07:21:14.018244 1753 consensus_peers.cc:356] T 9e99b710634a44f4a948132a5a180600 P 710c236995db46699eb9055c19ac506e -> Peer 1678276a36f849c28459de6b6788965a (aserbin-kudu-jepsen-ts-5.gce.cloudera.com:7050): Couldn't send request to peer 1678276a36f849c28459de6b6788965a for tablet 9e99b710634a44f4a948132a5a180600. Status: Network error: Client connection negotiation failed: client connection to 172.31.114.39:7050: connect: Connection refused (error 111). Retrying in the next heartbeat period. Already tried 5 times.
W0109 07:21:14.032481 1755 consensus_peers.cc:356] T 9e99b710634a44f4a948132a5a180600 P 710c236995db46699eb9055c19ac506e -> Peer 7897578c54854ba0a5af32eb2aa04704 (aserbin-kudu-jepsen-ts-3.gce.cloudera.com:7050): Couldn't send request to peer 7897578c54854ba0a5af32eb2aa04704 for tablet 9e99b710634a44f4a948132a5a180600. Status: Network error: Client connection negotiation failed: client connection to 172.31.114.37:7050: connect: Connection refused (error 111). Retrying in the next heartbeat period. Already tried 13 times.
W0109 07:21:14.068284 1753 consensus_peers.cc:356] T 9e99b710634a44f4a948132a5a180600 P 710c236995db46699eb9055c19ac506e -> Peer 1678276a36f849c28459de6b6788965a (aserbin-kudu-jepsen-ts-5.gce.cloudera.com:7050): Couldn't send request to peer 1678276a36f849c28459de6b6788965a for tablet 9e99b710634a44f4a948132a5a180600. Status: Network error: Client connection negotiation failed: client connection to 172.31.114.39:7050: connect: Connection refused (error 111). Retrying in the next heartbeat period. Already tried 6 times.
W0109 07:21:14.069335 1752 consensus_peers.cc:356] T 9e99b710634a44f4a948132a5a180600 P 710c236995db46699eb9055c19ac506e -> Peer c5a3e756029444b2bf66ee0044f5bc35 (aserbin-kudu-jepsen-ts-1.gce.cloudera.com:7050): Couldn't send request to peer c5a3e756029444b2bf66ee0044f5bc35 for tablet 9e99b710634a44f4a948132a5a180600. Status: Network error: Client connection negotiation failed: client connection to 172.31.112.255:7050: connect: Connection refused (error 111). Retrying in the next heartbeat period. Already tried 1 times.
W0109 07:21:14.069547 1755 consensus_peers.cc:356] T 9e99b710634a44f4a948132a5a180600 P 710c236995db46699eb9055c19ac506e -> Peer 7897578c54854ba0a5af32eb2aa04704 (aserbin-kudu-jepsen-ts-3.gce.cloudera.com:7050): Couldn't send request to peer 7897578c54854ba0a5af32eb2aa04704 for tablet 9e99b710634a44f4a948132a5a180600. Status: Network error: Client connection negotiation failed: client connection to 172.31.114.37:7050: connect: Connection refused (error 111). Retrying in the next heartbeat period. Already tried 14 times.
W0109 07:21:14.118567 1753 consensus_peers.cc:356] T 9e99b710634a44f4a948132a5a180600 P 710c236995db46699eb9055c19ac506e -> Peer 1678276a36f849c28459de6b6788965a (aserbin-kudu-jepsen-ts-5.gce.cloudera.com:7050): Couldn't send request to peer 1678276a36f849c28459de6b6788965a for tablet 9e99b710634a44f4a948132a5a180600. Status: Network error: Client connection negotiation failed: client connection to 172.31.114.39:7050: connect: Connection refused (error 111). Retrying in the next heartbeat period. Already tried 7 times.
W0109 07:21:14.118732 1755 consensus_peers.cc:356] T 9e99b710634a44f4a948132a5a180600 P 710c236995db46699eb9055c19ac506e -> Peer 7897578c54854ba0a5af32eb2aa04704 (aserbin-kudu-jepsen-ts-3.gce.cloudera.com:7050): Couldn't send request to peer 7897578c54854ba0a5af32eb2aa04704 for tablet 9e99b710634a44f4a948132a5a180600. Status: Network error: Client connection negotiation failed: client connection to 172.31.114.37:7050: connect: Connection refused (error 111). Retrying in the next heartbeat period. Already tried 15 times.
W0109 07:21:14.119307 1752 consensus_peers.cc:356] T 9e99b710634a44f4a948132a5a180600 P 710c236995db46699eb9055c19ac506e -> Peer c5a3e756029444b2bf66ee0044f5bc35 (aserbin-kudu-jepsen-ts-1.gce.cloudera.com:7050): Couldn't send request to peer c5a3e756029444b2bf66ee0044f5bc35 for tablet 9e99b710634a44f4a948132a5a180600. Status: Network error: Client connection negotiation failed: client connection to 172.31.112.255:7050: connect: Connection refused (error 111). Retrying in the next heartbeat period. Already tried 2 times.
W0109 07:21:14.156896 1753 consensus_peers.cc:356] T 9e99b710634a44f4a948132a5a180600 P 710c236995db46699eb9055c19ac506e -> Peer 1678276a36f849c28459de6b6788965a (aserbin-kudu-jepsen-ts-5.gce.cloudera.com:7050): Couldn't send request to peer 1678276a36f849c28459de6b6788965a for tablet 9e99b710634a44f4a948132a5a180600. Status: Network error: Client connection negotiation failed: client connection to 172.31.114.39:7050: connect: Connection refused (error 111). Retrying in the next heartbeat period. Already tried 8 times.
W0109 07:21:14.159842 1755 consensus_peers.cc:356] T 9e99b710634a44f4a948132a5a180600 P 710c236995db46699eb9055c19ac506e -> Peer 7897578c54854ba0a5af32eb2aa04704 (aserbin-kudu-jepsen-ts-3.gce.cloudera.com:7050): Couldn't send request to peer 7897578c54854ba0a5af32eb2aa04704 for tablet 9e99b710634a44f4a948132a5a180600. Status: Network error: Client connection negotiation failed: client connection to 172.31.114.37:7050: connect: Connection refused (error 111). Retrying in the next heartbeat period. Already tried 16 times.
W0109 07:21:14.162418 1752 consensus_peers.cc:356] T 9e99b710634a44f4a948132a5a180600 P 710c236995db46699eb9055c19ac506e -> Peer c5a3e756029444b2bf66ee0044f5bc35 (aserbin-kudu-jepsen-ts-1.gce.cloudera.com:7050): Couldn't send request to peer c5a3e756029444b2bf66ee0044f5bc35 for tablet 9e99b710634a44f4a948132a5a180600. Status: Network error: Client connection negotiation failed: client connection to 172.31.112.255:7050: connect: Connection refused (error 111). Retrying in the next heartbeat period. Already tried 3 times.
W0109 07:21:14.185968 1755 consensus_peers.cc:356] T 9e99b710634a44f4a948132a5a180600 P 710c236995db46699eb9055c19ac506e -> Peer 7897578c54854ba0a5af32eb2aa04704 (aserbin-kudu-jepsen-ts-3.gce.cloudera.com:7050): Couldn't send request to peer 7897578c54854ba0a5af32eb2aa04704 for tablet 9e99b710634a44f4a948132a5a180600. Status: Network error: Client connection negotiation failed: client connection to 172.31.114.37:7050: connect: Connection refused (error 111). Retrying in the next heartbeat period. Already tried 17 times.
W0109 07:21:14.206373 1753 consensus_peers.cc:356] T 9e99b710634a44f4a948132a5a180600 P 710c236995db46699eb9055c19ac506e -> Peer 1678276a36f849c28459de6b6788965a (aserbin-kudu-jepsen-ts-5.gce.cloudera.com:7050): Couldn't send request to peer 1678276a36f849c28459de6b6788965a for tablet 9e99b710634a44f4a948132a5a180600. Status: Network error: Client connection negotiation failed: client connection to 172.31.114.39:7050: connect: Connection refused (error 111). Retrying in the next heartbeat period. Already tried 9 times.
W0109 07:21:14.209570 1752 consensus_peers.cc:356] T 9e99b710634a44f4a948132a5a180600 P 710c236995db46699eb9055c19ac506e -> Peer c5a3e756029444b2bf66ee0044f5bc35 (aserbin-kudu-jepsen-ts-1.gce.cloudera.com:7050): Couldn't send request to peer c5a3e756029444b2bf66ee0044f5bc35 for tablet 9e99b710634a44f4a948132a5a180600. Status: Network error: Client connection negotiation failed: client connection to 172.31.112.255:7050: connect: Connection refused (error 111). Retrying in the next heartbeat period. Already tried 4 times.
W0109 07:21:14.227177 1755 consensus_peers.cc:356] T 9e99b710634a44f4a948132a5a180600 P 710c236995db46699eb9055c19ac506e -> Peer 7897578c54854ba0a5af32eb2aa04704 (aserbin-kudu-jepsen-ts-3.gce.cloudera.com:7050): Couldn't send request to peer 7897578c54854ba0a5af32eb2aa04704 for tablet 9e99b710634a44f4a948132a5a180600. Status: Network error: Client connection negotiation failed: client connection to 172.31.114.37:7050: connect: Connection refused (error 111). Retrying in the next heartbeat period. Already tried 18 times.
W0109 07:21:14.237507 1753 consensus_peers.cc:356] T 9e99b710634a44f4a948132a5a180600 P 710c236995db46699eb9055c19ac506e -> Peer 1678276a36f849c28459de6b6788965a (aserbin-kudu-jepsen-ts-5.gce.cloudera.com:7050): Couldn't send request to peer 1678276a36f849c28459de6b6788965a for tablet 9e99b710634a44f4a948132a5a180600. Status: Network error: Client connection negotiation failed: client connection to 172.31.114.39:7050: connect: Connection refused (error 111). Retrying in the next heartbeat period. Already tried 10 times.
W0109 07:21:14.237617 1752 consensus_peers.cc:356] T 9e99b710634a44f4a948132a5a180600 P 710c236995db46699eb9055c19ac506e -> Peer c5a3e756029444b2bf66ee0044f5bc35 (aserbin-kudu-jepsen-ts-1.gce.cloudera.com:7050): Couldn't send request to peer c5a3e756029444b2bf66ee0044f5bc35 for tablet 9e99b710634a44f4a948132a5a180600. Status: Network error: Client connection negotiation failed: client connection to 172.31.112.255:7050: connect: Connection refused (error 111). Retrying in the next heartbeat period. Already tried 5 times.
W0109 07:21:14.265383 1755 consensus_peers.cc:356] T 9e99b710634a44f4a948132a5a180600 P 710c236995db46699eb9055c19ac506e -> Peer 7897578c54854ba0a5af32eb2aa04704 (aserbin-kudu-jepsen-ts-3.gce.cloudera.com:7050): Couldn't send request to peer 7897578c54854ba0a5af32eb2aa04704 for tablet 9e99b710634a44f4a948132a5a180600. Status: Network error: Client connection negotiation failed: client connection to 172.31.114.37:7050: connect: Connection refused (error 111). Retrying in the next heartbeat period. Already tried 19 times.
W0109 07:21:14.273869 1752 consensus_peers.cc:356] T 9e99b710634a44f4a948132a5a180600 P 710c236995db46699eb9055c19ac506e -> Peer c5a3e756029444b2bf66ee0044f5bc35 (aserbin-kudu-jepsen-ts-1.gce.cloudera.com:7050): Couldn't send request to peer c5a3e756029444b2bf66ee0044f5bc35 for tablet 9e99b710634a44f4a948132a5a180600. Status: Network error: Client connection negotiation failed: client connection to 172.31.112.255:7050: connect: Connection refused (error 111). Retrying in the next heartbeat period. Already tried 6 times.
W0109 07:21:14.283613 1753 consensus_peers.cc:356] T 9e99b710634a44f4a948132a5a180600 P 710c236995db46699eb9055c19ac506e -> Peer 1678276a36f849c28459de6b6788965a (aserbin-kudu-jepsen-ts-5.gce.cloudera.com:7050): Couldn't send request to peer 1678276a36f849c28459de6b6788965a for tablet 9e99b710634a44f4a948132a5a180600. Status: Network error: Client connection negotiation failed: client connection to 172.31.114.39:7050: connect: Connection refused (error 111). Retrying in the next heartbeat period. Already tried 11 times.
W0109 07:21:14.285607 1755 consensus_peers.cc:356] T 9e99b710634a44f4a948132a5a180600 P 710c236995db46699eb9055c19ac506e -> Peer 591b1a1d383d4b659d7549653f4f136e (aserbin-kudu-jepsen-ts-2.gce.cloudera.com:7050): Couldn't send request to peer 591b1a1d383d4b659d7549653f4f136e for tablet 9e99b710634a44f4a948132a5a180600. Status: Network error: Client connection negotiation failed: client connection to 172.31.113.2:7050: connect: Connection refused (error 111). Retrying in the next heartbeat period. Already tried 1 times.
W0109 07:21:14.305464 1755 consensus_peers.cc:356] T 9e99b710634a44f4a948132a5a180600 P 710c236995db46699eb9055c19ac506e -> Peer 7897578c54854ba0a5af32eb2aa04704 (aserbin-kudu-jepsen-ts-3.gce.cloudera.com:7050): Couldn't send request to peer 7897578c54854ba0a5af32eb2aa04704 for tablet 9e99b710634a44f4a948132a5a180600. Status: Network error: Client connection negotiation failed: client connection to 172.31.114.37:7050: connect: Connection refused (error 111). Retrying in the next heartbeat period. Already tried 20 times.
W0109 07:21:14.311909 1753 consensus_peers.cc:356] T 9e99b710634a44f4a948132a5a180600 P 710c236995db46699eb9055c19ac506e -> Peer 1678276a36f849c28459de6b6788965a (aserbin-kudu-jepsen-ts-5.gce.cloudera.com:7050): Couldn't send request to peer 1678276a36f849c28459de6b6788965a for tablet 9e99b710634a44f4a948132a5a180600. Status: Network error: Client connection negotiation failed: client connection to 172.31.114.39:7050: connect: Connection refused (error 111). Retrying in the next heartbeat period. Already tried 12 times.
W0109 07:21:14.315280 1752 consensus_peers.cc:356] T 9e99b710634a44f4a948132a5a180600 P 710c236995db46699eb9055c19ac506e -> Peer c5a3e756029444b2bf66ee0044f5bc35 (aserbin-kudu-jepsen-ts-1.gce.cloudera.com:7050): Couldn't send request to peer c5a3e756029444b2bf66ee0044f5bc35 for tablet 9e99b710634a44f4a948132a5a180600. Status: Network error: Client connection negotiation failed: client connection to 172.31.112.255:7050: connect: Connection refused (error 111). Retrying in the next heartbeat period. Already tried 7 times.
W0109 07:21:14.335834 1755 consensus_peers.cc:356] T 9e99b710634a44f4a948132a5a180600 P 710c236995db46699eb9055c19ac506e -> Peer 591b1a1d383d4b659d7549653f4f136e (aserbin-kudu-jepsen-ts-2.gce.cloudera.com:7050): Couldn't send request to peer 591b1a1d383d4b659d7549653f4f136e for tablet 9e99b710634a44f4a948132a5a180600. Status: Network error: Client connection negotiation failed: client connection to 172.31.113.2:7050: connect: Connection refused (error 111). Retrying in the next heartbeat period. Already tried 2 times.
W0109 07:21:14.342380 1753 consensus_peers.cc:356] T 9e99b710634a44f4a948132a5a180600 P 710c236995db46699eb9055c19ac506e -> Peer 1678276a36f849c28459de6b6788965a (aserbin-kudu-jepsen-ts-5.gce.cloudera.com:7050): Couldn't send request to peer 1678276a36f849c28459de6b6788965a for tablet 9e99b710634a44f4a948132a5a180600. Status: Network error: Client connection negotiation failed: client connection to 172.31.114.39:7050: connect: Connection refused (error 111). Retrying in the next heartbeat period. Already tried 13 times.
W0109 07:21:14.344789 1755 consensus_peers.cc:356] T 9e99b710634a44f4a948132a5a180600 P 710c236995db46699eb9055c19ac506e -> Peer 7897578c54854ba0a5af32eb2aa04704 (aserbin-kudu-jepsen-ts-3.gce.cloudera.com:7050): Couldn't send request to peer 7897578c54854ba0a5af32eb2aa04704 for tablet 9e99b710634a44f4a948132a5a180600. Status: Network error: Client connection negotiation failed: client connection to 172.31.114.37:7050: connect: Connection refused (error 111). Retrying in the next heartbeat period. Already tried 21 times.
W0109 07:21:14.356873 1752 consensus_peers.cc:356] T 9e99b710634a44f4a948132a5a180600 P 710c236995db46699eb9055c19ac506e -> Peer c5a3e756029444b2bf66ee0044f5bc35 (aserbin-kudu-jepsen-ts-1.gce.cloudera.com:7050): Couldn't send request to peer c5a3e756029444b2bf66ee0044f5bc35 for tablet 9e99b710634a44f4a948132a5a180600. Status: Network error: Client connection negotiation failed: client connection to 172.31.112.255:7050: connect: Connection refused (error 111). Retrying in the next heartbeat period. Already tried 8 times.
W0109 07:21:14.383119 1755 consensus_peers.cc:356] T 9e99b710634a44f4a948132a5a180600 P 710c236995db46699eb9055c19ac506e -> Peer 7897578c54854ba0a5af32eb2aa04704 (aserbin-kudu-jepsen-ts-3.gce.cloudera.com:7050): Couldn't send request to peer 7897578c54854ba0a5af32eb2aa04704 for tablet 9e99b710634a44f4a948132a5a180600. Status: Network error: Client connection negotiation failed: client connection to 172.31.114.37:7050: connect: Connection refused (error 111). Retrying in the next heartbeat period. Already tried 22 times.
W0109 07:21:14.384305 1753 consensus_peers.cc:356] T 9e99b710634a44f4a948132a5a180600 P 710c236995db46699eb9055c19ac506e -> Peer 1678276a36f849c28459de6b6788965a (aserbin-kudu-jepsen-ts-5.gce.cloudera.com:7050): Couldn't send request to peer 1678276a36f849c28459de6b6788965a for tablet 9e99b710634a44f4a948132a5a180600. Status: Network error: Client connection negotiation failed: client connection to 172.31.114.39:7050: connect: Connection refused (error 111). Retrying in the next heartbeat period. Already tried 14 times.
W0109 07:21:14.385756 1755 consensus_peers.cc:356] T 9e99b710634a44f4a948132a5a180600 P 710c236995db46699eb9055c19ac506e -> Peer 591b1a1d383d4b659d7549653f4f136e (aserbin-kudu-jepsen-ts-2.gce.cloudera.com:7050): Couldn't send request to peer 591b1a1d383d4b659d7549653f4f136e for tablet 9e99b710634a44f4a948132a5a180600. Status: Network error: Client connection negotiation failed: client connection to 172.31.113.2:7050: connect: Connection refused (error 111). Retrying in the next heartbeat period. Already tried 3 times.
W0109 07:21:14.388084 1752 consensus_peers.cc:356] T 9e99b710634a44f4a948132a5a180600 P 710c236995db46699eb9055c19ac506e -> Peer c5a3e756029444b2bf66ee0044f5bc35 (aserbin-kudu-jepsen-ts-1.gce.cloudera.com:7050): Couldn't send request to peer c5a3e756029444b2bf66ee0044f5bc35 for tablet 9e99b710634a44f4a948132a5a180600. Status: Network error: Client connection negotiation failed: client connection to 172.31.112.255:7050: connect: Connection refused (error 111). Retrying in the next heartbeat period. Already tried 9 times.
W0109 07:21:14.419541 1755 consensus_peers.cc:356] T 9e99b710634a44f4a948132a5a180600 P 710c236995db46699eb9055c19ac506e -> Peer 7897578c54854ba0a5af32eb2aa04704 (aserbin-kudu-jepsen-ts-3.gce.cloudera.com:7050): Couldn't send request to peer 7897578c54854ba0a5af32eb2aa04704 for tablet 9e99b710634a44f4a948132a5a180600. Status: Network error: Client connection negotiation failed: client connection to 172.31.114.37:7050: connect: Connection refused (error 111). Retrying in the next heartbeat period. Already tried 23 times.
W0109 07:21:14.429476 1752 consensus_peers.cc:356] T 9e99b710634a44f4a948132a5a180600 P 710c236995db46699eb9055c19ac506e -> Peer c5a3e756029444b2bf66ee0044f5bc35 (aserbin-kudu-jepsen-ts-1.gce.cloudera.com:7050): Couldn't send request to peer c5a3e756029444b2bf66ee0044f5bc35 for tablet 9e99b710634a44f4a948132a5a180600. Status: Network error: Client connection negotiation failed: client connection to 172.31.112.255:7050: connect: Connection refused (error 111). Retrying in the next heartbeat period. Already tried 10 times.
W0109 07:21:14.433594 1753 consensus_peers.cc:356] T 9e99b710634a44f4a948132a5a180600 P 710c236995db46699eb9055c19ac506e -> Peer 1678276a36f849c28459de6b6788965a (aserbin-kudu-jepsen-ts-5.gce.cloudera.com:7050): Couldn't send request to peer 1678276a36f849c28459de6b6788965a for tablet 9e99b710634a44f4a948132a5a180600. Status: Network error: Client connection negotiation failed: client connection to 172.31.114.39:7050: connect: Connection refused (error 111). Retrying in the next heartbeat period. Already tried 15 times.
W0109 07:21:14.435940 1755 consensus_peers.cc:356] T 9e99b710634a44f4a948132a5a180600 P 710c236995db46699eb9055c19ac506e -> Peer 591b1a1d383d4b659d7549653f4f136e (aserbin-kudu-jepsen-ts-2.gce.cloudera.com:7050): Couldn't send request to peer 591b1a1d383d4b659d7549653f4f136e for tablet 9e99b710634a44f4a948132a5a180600. Status: Network error: Client connection negotiation failed: client connection to 172.31.113.2:7050: connect: Connection refused (error 111). Retrying in the next heartbeat period. Already tried 4 times.
W0109 07:21:14.445073 1755 consensus_peers.cc:356] T 9e99b710634a44f4a948132a5a180600 P 710c236995db46699eb9055c19ac506e -> Peer 7897578c54854ba0a5af32eb2aa04704 (aserbin-kudu-jepsen-ts-3.gce.cloudera.com:7050): Couldn't send request to peer 7897578c54854ba0a5af32eb2aa04704 for tablet 9e99b710634a44f4a948132a5a180600. Status: Network error: Client connection negotiation failed: client connection to 172.31.114.37:7050: connect: Connection refused (error 111). Retrying in the next heartbeat period. Already tried 24 times.
W0109 07:21:14.462813 1752 consensus_peers.cc:356] T 9e99b710634a44f4a948132a5a180600 P 710c236995db46699eb9055c19ac506e -> Peer c5a3e756029444b2bf66ee0044f5bc35 (aserbin-kudu-jepsen-ts-1.gce.cloudera.com:7050): Couldn't send request to peer c5a3e756029444b2bf66ee0044f5bc35 for tablet 9e99b710634a44f4a948132a5a180600. Status: Network error: Client connection negotiation failed: client connection to 172.31.112.255:7050: connect: Connection refused (error 111). Retrying in the next heartbeat period. Already tried 11 times.
I0109 07:21:25.654464 1916 tablet_server_main.cc:56] Tablet server non-default flags: --raft_heartbeat_interval_ms=50 --fs_data_dirs=/var/lib/kudu/tserver --fs_wal_dir=/var/lib/kudu/tserver --tserver_master_addrs=aserbin-kudu-jepsen-master.gce.cloudera.com:7051 --heap_profile_path=/tmp/kudu-tserver.1916 --unlock_experimental_flags=true --unlock_unsafe_flags=true --flagfile=/etc/kudu/conf/tserver.gflagfile --log_dir=/var/log/kudu --logtostderr=true Tablet server version: kudu 1.3.0-SNAPSHOT revision 3a23b058af0f4de04f8827255de405fff7bf9ee1 build type RELEASE built by jenkins at 09 Jan 2017 06:07:18 PST on aserbin-kudu-jepsen-control-node-debian8.gce.cloudera.com build id 2017-01-09_06-07-06
I0109 07:21:25.654610 1916 mem_tracker.cc:140] MemTracker: hard memory limit is 0.464404 GB
I0109 07:21:25.654621 1916 mem_tracker.cc:142] MemTracker: soft memory limit is 0.278643 GB
I0109 07:21:25.655719 1916 tablet_server_main.cc:63] Initializing tablet server...
I0109 07:21:25.705202 1916 hybrid_clock.cc:177] HybridClock initialized. Resolution in nanos?: 1 Wait times tolerance adjustment: 1.0005 Current error: 403513
I0109 07:21:25.705971 1916 env_posix.cc:1286] Not raising process file limit of 65536; it is already as high as it can go
I0109 07:21:25.706022 1916 file_cache.cc:401] Constructed file cache lbm with capacity 32768
I0109 07:21:25.707054 1916 fs_manager.cc:251] Opened local filesystem: /var/lib/kudu/tserver uuid: "710c236995db46699eb9055c19ac506e" format_stamp: "Formatted at 2017-01-09 15:20:10 on aserbin-kudu-jepsen-ts-4"
I0109 07:21:25.710098 1916 ts_tablet_manager.cc:701] Loading metadata for tablet 9e99b710634a44f4a948132a5a180600
I0109 07:21:25.710304 1916 ts_tablet_manager.cc:863] Registered tablet 9e99b710634a44f4a948132a5a180600
I0109 07:21:25.710459 1930 ts_tablet_manager.cc:725] T 9e99b710634a44f4a948132a5a180600 P 710c236995db46699eb9055c19ac506e: Bootstrapping tablet
I0109 07:21:25.710645 1930 tablet_bootstrap.cc:381] T 9e99b710634a44f4a948132a5a180600 P 710c236995db46699eb9055c19ac506e: Bootstrap starting.
I0109 07:21:25.710898 1930 tablet_bootstrap.cc:540] T 9e99b710634a44f4a948132a5a180600 P 710c236995db46699eb9055c19ac506e: Time spent opening tablet: real 0.000s user 0.000s sys 0.000s
I0109 07:21:25.710986 1930 tablet_bootstrap.cc:596] T 9e99b710634a44f4a948132a5a180600 P 710c236995db46699eb9055c19ac506e: Will attempt to recover log segment /var/lib/kudu/tserver/wals/9e99b710634a44f4a948132a5a180600/wal-000000001 to /var/lib/kudu/tserver/wals/9e99b710634a44f4a948132a5a180600.recovery/wal-000000001
I0109 07:21:25.711000 1930 tablet_bootstrap.cc:604] T 9e99b710634a44f4a948132a5a180600 P 710c236995db46699eb9055c19ac506e: Moving log directory /var/lib/kudu/tserver/wals/9e99b710634a44f4a948132a5a180600 to recovery directory /var/lib/kudu/tserver/wals/9e99b710634a44f4a948132a5a180600.recovery in preparation for log replay
I0109 07:21:25.711182 1930 log_util.cc:315] Log segment /var/lib/kudu/tserver/wals/9e99b710634a44f4a948132a5a180600.recovery/wal-000000001 has no footer. This segment was likely being written when the server previously shut down.
I0109 07:21:25.711194 1930 log_reader.cc:160] Log segment /var/lib/kudu/tserver/wals/9e99b710634a44f4a948132a5a180600.recovery/wal-000000001 was likely left in-progress after a previous crash. Will try to rebuild footer by scanning data.
I0109 07:21:25.712716 1916 tablet_server_main.cc:66] Starting tablet server...
I0109 07:21:25.714624 1930 log_util.cc:569] Scanning /var/lib/kudu/tserver/wals/9e99b710634a44f4a948132a5a180600.recovery/wal-000000001 for valid entry headers following offset 48078...
I0109 07:21:25.784153 1930 log_util.cc:606] Found no log entry headers
I0109 07:21:25.784214 1930 log_util.cc:218] Ignoring log segment corruption in /var/lib/kudu/tserver/wals/9e99b710634a44f4a948132a5a180600.recovery/wal-000000001 because there are no log entries following the corrupted one. The server probably crashed in the middle of writing an entry to the write-ahead log or downloaded an active log via tablet copy. Error detail: Corruption: CRC mismatch in log entry header: Log file corruption detected. Failed trying to read batch #0 at offset 48066 for log segment /var/lib/kudu/tserver/wals/9e99b710634a44f4a948132a5a180600.recovery/wal-000000001: Prior entries: [off=47635 COMMIT (6.208)] [off=47833 REPLICATE (6.209)] [off=47868 COMMIT (6.209)] [off=48066 REPLICATE (6.210)]
I0109 07:21:25.784224 1930 log_util.cc:368] Successfully rebuilt footer for segment: /var/lib/kudu/tserver/wals/9e99b710634a44f4a948132a5a180600.recovery/wal-000000001 (valid entries through byte offset 48066)
I0109 07:21:25.784284 1930 tablet.cc:983] T 9e99b710634a44f4a948132a5a180600 Rewinding schema during bootstrap to Schema [ 0:key[string NOT NULL], 1:value[int32 NOT NULL] ]
I0109 07:21:25.784523 1930 log.cc:351] Log is configured to *not* fsync() on all Append() calls
I0109 07:21:25.787786 1930 tablet_bootstrap.cc:810] T 9e99b710634a44f4a948132a5a180600 P 710c236995db46699eb9055c19ac506e: Overwriting operations starting at: 2.50 up to: 2.50 with operation: 4.50
I0109 07:21:25.799007 1930 tablet_bootstrap.cc:381] T 9e99b710634a44f4a948132a5a180600 P 710c236995db46699eb9055c19ac506e: Bootstrap replayed 1/1 log segments. Stats: ops{read=211 overwritten=1 applied=209 ignored=0} inserts{seen=205 ignored=0} mutations{seen=0 ignored=0} orphaned_commits=0. Pending: 1 replicates
