I0109 07:20:10.870523 2044 tablet_server_main.cc:56] Tablet server non-default flags: --raft_heartbeat_interval_ms=50 --fs_data_dirs=/var/lib/kudu/tserver --fs_wal_dir=/var/lib/kudu/tserver --tserver_master_addrs=aserbin-kudu-jepsen-master.gce.cloudera.com:7051 --heap_profile_path=/tmp/kudu-tserver.2044 --unlock_experimental_flags=true --unlock_unsafe_flags=true --flagfile=/etc/kudu/conf/tserver.gflagfile --log_dir=/var/log/kudu --logtostderr=true Tablet server version: kudu 1.3.0-SNAPSHOT revision 3a23b058af0f4de04f8827255de405fff7bf9ee1 build type RELEASE built by jenkins at 09 Jan 2017 06:07:18 PST on aserbin-kudu-jepsen-control-node-debian8.gce.cloudera.com build id 2017-01-09_06-07-06
I0109 07:20:10.905105 2044 mem_tracker.cc:140] MemTracker: hard memory limit is 0.464404 GB
I0109 07:20:10.905144 2044 mem_tracker.cc:142] MemTracker: soft memory limit is 0.278643 GB
I0109 07:20:10.952708 2044 tablet_server_main.cc:63] Initializing tablet server...
I0109 07:20:11.003036 2044 hybrid_clock.cc:177] HybridClock initialized. Resolution in nanos?: 1 Wait times tolerance adjustment: 1.0005 Current error: 531696
I0109 07:20:11.007120 2044 env_posix.cc:1286] Not raising process file limit of 65536; it is already as high as it can go
I0109 07:20:11.007191 2044 file_cache.cc:401] Constructed file cache lbm with capacity 32768
I0109 07:20:11.008535 2044 server_base.cc:179] Could not load existing FS layout: Not found: /var/lib/kudu/tserver/instance: No such file or directory (error 2)
I0109 07:20:11.008549 2044 server_base.cc:180] Creating new FS layout
I0109 07:20:11.045804 2044 fs_manager.cc:362] Generated new instance metadata in path /var/lib/kudu/tserver/instance: uuid: "7897578c54854ba0a5af32eb2aa04704" format_stamp: "Formatted at 2017-01-09 15:20:11 on aserbin-kudu-jepsen-ts-3"
I0109 07:20:11.053900 2044 fs_manager.cc:251] Opened local filesystem: /var/lib/kudu/tserver uuid: "7897578c54854ba0a5af32eb2aa04704" format_stamp: "Formatted at 2017-01-09 15:20:11 on aserbin-kudu-jepsen-ts-3"
I0109 07:20:11.072834 2044 tablet_server_main.cc:66] Starting tablet server...
I0109 07:20:11.085746 2044 rpc_server.cc:164] RPC server started. Bound to: 0.0.0.0:7050
I0109 07:20:11.085844 2044 webserver.cc:126] Starting webserver on 0.0.0.0:8050
I0109 07:20:11.085856 2044 webserver.cc:137] Document root disabled
I0109 07:20:11.086041 2044 webserver.cc:221] Webserver started. Bound to: http://0.0.0.0:8050/
I0109 07:20:11.086525 2044 tablet_server_main.cc:69] Tablet server successfully started.
W0109 07:20:11.142256 2171 heartbeater.cc:453] Failed to heartbeat to aserbin-kudu-jepsen-master.gce.cloudera.com:7051: Network error: Failed to ping master at aserbin-kudu-jepsen-master.gce.cloudera.com:7051: Client connection negotiation failed: client connection to 172.31.113.125:7051: connect: Connection refused (error 111)
W0109 07:20:16.199254 2171 net_util.cc:124] Time spent resolving address for aserbin-kudu-jepsen-master.gce.cloudera.com: real 5.057s user 0.000s sys 0.000s
I0109 07:20:16.201221 2171 heartbeater.cc:292] Connected to a master server at aserbin-kudu-jepsen-master.gce.cloudera.com:7051
I0109 07:20:16.201252 2171 heartbeater.cc:359] Registering TS with master...
I0109 07:20:16.201334 2171 heartbeater.cc:373] Master aserbin-kudu-jepsen-master.gce.cloudera.com:7051 requested a full tablet report, sending...
I0109 07:20:17.177718 2108 tablet_service.cc:630] Processing CreateTablet for tablet 9e99b710634a44f4a948132a5a180600 (table=rw-register-1483975178870 [id=0e0bbef280744ed1a8036e11eb0aaea0]), partition=RANGE (key) PARTITION UNBOUNDED
I0109 07:20:17.184978 2108 ts_tablet_manager.cc:863] Registered tablet 9e99b710634a44f4a948132a5a180600
I0109 07:20:17.185287 2184 ts_tablet_manager.cc:725] T 9e99b710634a44f4a948132a5a180600 P 7897578c54854ba0a5af32eb2aa04704: Bootstrapping tablet
I0109 07:20:17.185452 2184 tablet_bootstrap.cc:381] T 9e99b710634a44f4a948132a5a180600 P 7897578c54854ba0a5af32eb2aa04704: Bootstrap starting.
I0109 07:20:17.186275 2184 tablet_bootstrap.cc:540] T 9e99b710634a44f4a948132a5a180600 P 7897578c54854ba0a5af32eb2aa04704: Time spent opening tablet: real 0.000s user 0.000s sys 0.000s
I0109 07:20:17.186357 2184 tablet_bootstrap.cc:483] T 9e99b710634a44f4a948132a5a180600 P 7897578c54854ba0a5af32eb2aa04704: No blocks or log segments found. Creating new log.
I0109 07:20:17.186466 2184 log.cc:351] Log is configured to *not* fsync() on all Append() calls
I0109 07:20:17.186847 2184 tablet_bootstrap.cc:381] T 9e99b710634a44f4a948132a5a180600 P 7897578c54854ba0a5af32eb2aa04704: No bootstrap required, opened a new log
I0109 07:20:17.186872 2184 ts_tablet_manager.cc:730] T 9e99b710634a44f4a948132a5a180600 P 7897578c54854ba0a5af32eb2aa04704: Time spent bootstrapping tablet: real 0.002s user 0.000s sys 0.000s
I0109 07:20:17.188160 2184 raft_consensus.cc:287] T 9e99b710634a44f4a948132a5a180600 P 7897578c54854ba0a5af32eb2aa04704 [term 0 FOLLOWER]: Replica starting. Triggering 0 pending transactions. Active config: opid_index: -1 OBSOLETE_local: false peers { permanent_uuid: "710c236995db46699eb9055c19ac506e" member_type: VOTER last_known_addr { host: "aserbin-kudu-jepsen-ts-4.gce.cloudera.com" port: 7050 } } peers { permanent_uuid: "1678276a36f849c28459de6b6788965a" member_type: VOTER last_known_addr { host: "aserbin-kudu-jepsen-ts-5.gce.cloudera.com" port: 7050 } } peers { permanent_uuid: "591b1a1d383d4b659d7549653f4f136e" member_type: VOTER last_known_addr { host: "aserbin-kudu-jepsen-ts-2.gce.cloudera.com" port: 7050 } } peers { permanent_uuid: "c5a3e756029444b2bf66ee0044f5bc35" member_type: VOTER last_known_addr { host: "aserbin-kudu-jepsen-ts-1.gce.cloudera.com" port: 7050 } } peers { permanent_uuid: "7897578c54854ba0a5af32eb2aa04704" member_type: VOTER last_known_addr { host: "aserbin-kudu-jepsen-ts-3.gce.cloudera.com" port: 7050 } }
I0109 07:20:17.188187 2184 raft_consensus.cc:318] T 9e99b710634a44f4a948132a5a180600 P 7897578c54854ba0a5af32eb2aa04704 [term 0 FOLLOWER]: Consensus starting up: Expiring failure detector timer to make a prompt election more likely
I0109 07:20:17.188195 2184 raft_consensus.cc:547] T 9e99b710634a44f4a948132a5a180600 P 7897578c54854ba0a5af32eb2aa04704 [term 0 FOLLOWER]: Becoming Follower/Learner. State: Replica: 7897578c54854ba0a5af32eb2aa04704, State: 1, Role: FOLLOWER
I0109 07:20:17.188208 2184 consensus_queue.cc:175] T 9e99b710634a44f4a948132a5a180600 P 7897578c54854ba0a5af32eb2aa04704 [NON_LEADER]: Queue going to NON_LEADER mode. State: All replicated index: 0, Majority replicated index: 0, Committed index: 0, Last appended: 0.0, Current term: 0, Majority size: -1, State: 1, Mode: NON_LEADER
I0109 07:20:17.188357 2184 ts_tablet_manager.cc:757] T 9e99b710634a44f4a948132a5a180600 P 7897578c54854ba0a5af32eb2aa04704: Time spent starting tablet: real 0.001s user 0.000s sys 0.000s
I0109 07:20:17.188388 2171 heartbeater.cc:365] Master aserbin-kudu-jepsen-master.gce.cloudera.com:7051 was elected leader, sending a full tablet report...
I0109 07:20:17.222173 2187 raft_consensus.cc:410] T 9e99b710634a44f4a948132a5a180600 P 7897578c54854ba0a5af32eb2aa04704 [term 0 FOLLOWER]: Starting pre-election (no leader contacted us within the election timeout)
I0109 07:20:17.222250 2187 raft_consensus.cc:2158] T 9e99b710634a44f4a948132a5a180600 P 7897578c54854ba0a5af32eb2aa04704 [term 0 FOLLOWER]: Snoozing failure detection for election timeout plus an additional 0.170s
I0109 07:20:17.222312 2187 raft_consensus.cc:434] T 9e99b710634a44f4a948132a5a180600 P 7897578c54854ba0a5af32eb2aa04704 [term 0 FOLLOWER]: Starting pre-election with config: opid_index: -1 OBSOLETE_local: false peers { permanent_uuid: "710c236995db46699eb9055c19ac506e" member_type: VOTER last_known_addr { host: "aserbin-kudu-jepsen-ts-4.gce.cloudera.com" port: 7050 } } peers { permanent_uuid: "1678276a36f849c28459de6b6788965a" member_type: VOTER last_known_addr { host: "aserbin-kudu-jepsen-ts-5.gce.cloudera.com" port: 7050 } } peers { permanent_uuid: "591b1a1d383d4b659d7549653f4f136e" member_type: VOTER last_known_addr { host: "aserbin-kudu-jepsen-ts-2.gce.cloudera.com" port: 7050 } } peers { permanent_uuid: "c5a3e756029444b2bf66ee0044f5bc35" member_type: VOTER last_known_addr { host: "aserbin-kudu-jepsen-ts-1.gce.cloudera.com" port: 7050 } } peers { permanent_uuid: "7897578c54854ba0a5af32eb2aa04704" member_type: VOTER last_known_addr { host: "aserbin-kudu-jepsen-ts-3.gce.cloudera.com" port: 7050 } }
I0109 07:20:17.419868 2127 raft_consensus.cc:1719] T 9e99b710634a44f4a948132a5a180600 P 7897578c54854ba0a5af32eb2aa04704 [term 0 FOLLOWER]: Leader pre-election vote request: Denying vote to candidate c5a3e756029444b2bf66ee0044f5bc35 for term 1 because replica is already servicing an update from a current leader or another vote.
I0109 07:20:17.420083 2128 raft_consensus.cc:2158] T 9e99b710634a44f4a948132a5a180600 P 7897578c54854ba0a5af32eb2aa04704 [term 0 FOLLOWER]: Snoozing failure detection for election timeout plus an additional 0.188s
I0109 07:20:17.420104 2128 raft_consensus.cc:1744] T 9e99b710634a44f4a948132a5a180600 P 7897578c54854ba0a5af32eb2aa04704 [term 0 FOLLOWER]: Leader pre-election vote request: Granting yes vote for candidate 591b1a1d383d4b659d7549653f4f136e in term 0.
W0109 07:20:17.420147 2128 rpcz_store.cc:234] Call kudu.consensus.ConsensusService.RequestConsensusVote from 172.31.113.2:40097 (request call id 1) took 161ms (client timeout 197).
W0109 07:20:17.420205 2128 rpcz_store.cc:238] Trace: 0109 07:20:17.258330 (+ 0us) service_pool.cc:143] Inserting onto call queue 0109 07:20:17.258342 (+ 12us) service_pool.cc:202] Handling call 0109 07:20:17.420125 (+161783us) spinlock_profiling.cc:255] Waited 162 ms on lock 0x45c8f40. stack: 0109 07:20:17.420134 (+ 9us) inbound_call.cc:130] Queueing success response Metrics: {"spinlock_wait_cycles":404126464}
I0109 07:20:17.420338 2187 leader_election.cc:215] T 9e99b710634a44f4a948132a5a180600 P 7897578c54854ba0a5af32eb2aa04704 [CANDIDATE]: Term 1 pre-election: Requesting pre-vote from peer 710c236995db46699eb9055c19ac506e
I0109 07:20:17.420578 2187 leader_election.cc:215] T 9e99b710634a44f4a948132a5a180600 P 7897578c54854ba0a5af32eb2aa04704 [CANDIDATE]: Term 1 pre-election: Requesting pre-vote from peer 1678276a36f849c28459de6b6788965a
I0109 07:20:17.420691 2187 leader_election.cc:215] T 9e99b710634a44f4a948132a5a180600 P 7897578c54854ba0a5af32eb2aa04704 [CANDIDATE]: Term 1 pre-election: Requesting pre-vote from peer 591b1a1d383d4b659d7549653f4f136e
I0109 07:20:17.420888 2187 leader_election.cc:215] T 9e99b710634a44f4a948132a5a180600 P 7897578c54854ba0a5af32eb2aa04704 [CANDIDATE]: Term 1 pre-election: Requesting pre-vote from peer c5a3e756029444b2bf66ee0044f5bc35
I0109 07:20:17.422674 2063 leader_election.cc:347] T 9e99b710634a44f4a948132a5a180600 P 7897578c54854ba0a5af32eb2aa04704 [CANDIDATE]: Term 1 pre-election: Vote granted by peer 1678276a36f849c28459de6b6788965a
I0109 07:20:17.423182 2062 leader_election.cc:347] T 9e99b710634a44f4a948132a5a180600 P 7897578c54854ba0a5af32eb2aa04704 [CANDIDATE]: Term 1 pre-election: Vote granted by peer c5a3e756029444b2bf66ee0044f5bc35
I0109 07:20:17.423200 2062 leader_election.cc:242] T 9e99b710634a44f4a948132a5a180600 P 7897578c54854ba0a5af32eb2aa04704 [CANDIDATE]: Term 1 pre-election: Election decided. Result: candidate won.
I0109 07:20:17.423347 2192 raft_consensus.cc:2158] T 9e99b710634a44f4a948132a5a180600 P 7897578c54854ba0a5af32eb2aa04704 [term 0 FOLLOWER]: Snoozing failure detection for election timeout plus an additional 0.172s
I0109 07:20:17.423367 2192 raft_consensus.cc:1968] T 9e99b710634a44f4a948132a5a180600 P 7897578c54854ba0a5af32eb2aa04704 [term 0 FOLLOWER]: Leader pre-election won for term 1
I0109 07:20:17.423373 2192 raft_consensus.cc:410] T 9e99b710634a44f4a948132a5a180600 P 7897578c54854ba0a5af32eb2aa04704 [term 0 FOLLOWER]: Starting leader election (no leader contacted us within the election timeout)
I0109 07:20:17.423388 2192 raft_consensus.cc:2158] T 9e99b710634a44f4a948132a5a180600 P 7897578c54854ba0a5af32eb2aa04704 [term 0 FOLLOWER]: Snoozing failure detection for election timeout plus an additional 0.153s
I0109 07:20:17.423409 2192 raft_consensus.cc:2202] T 9e99b710634a44f4a948132a5a180600 P 7897578c54854ba0a5af32eb2aa04704 [term 0 FOLLOWER]: Advancing to term 1
I0109 07:20:17.423745 2192 raft_consensus.cc:434] T 9e99b710634a44f4a948132a5a180600 P 7897578c54854ba0a5af32eb2aa04704 [term 1 FOLLOWER]: Starting leader election with config: opid_index: -1 OBSOLETE_local: false peers { permanent_uuid: "710c236995db46699eb9055c19ac506e" member_type: VOTER last_known_addr { host: "aserbin-kudu-jepsen-ts-4.gce.cloudera.com" port: 7050 } } peers { permanent_uuid: "1678276a36f849c28459de6b6788965a" member_type: VOTER last_known_addr { host: "aserbin-kudu-jepsen-ts-5.gce.cloudera.com" port: 7050 } } peers { permanent_uuid: "591b1a1d383d4b659d7549653f4f136e" member_type: VOTER last_known_addr { host: "aserbin-kudu-jepsen-ts-2.gce.cloudera.com" port: 7050 } } peers { permanent_uuid: "c5a3e756029444b2bf66ee0044f5bc35" member_type: VOTER last_known_addr { host: "aserbin-kudu-jepsen-ts-1.gce.cloudera.com" port: 7050 } } peers { permanent_uuid: "7897578c54854ba0a5af32eb2aa04704" member_type: VOTER last_known_addr { host: "aserbin-kudu-jepsen-ts-3.gce.cloudera.com" port: 7050 } }
I0109 07:20:17.457677 2065 leader_election.cc:361] T 9e99b710634a44f4a948132a5a180600 P 7897578c54854ba0a5af32eb2aa04704 [CANDIDATE]: Term 1 pre-election: Vote denied by peer 591b1a1d383d4b659d7549653f4f136e. Message: Service unavailable: T 9e99b710634a44f4a948132a5a180600 P 591b1a1d383d4b659d7549653f4f136e [term 1 FOLLOWER]: Leader pre-election vote request: Denying vote to candidate 7897578c54854ba0a5af32eb2aa04704 for term 1 because replica is already servicing an update from a current leader or another vote.
I0109 07:20:17.458766 2064 leader_election.cc:361] T 9e99b710634a44f4a948132a5a180600 P 7897578c54854ba0a5af32eb2aa04704 [CANDIDATE]: Term 1 pre-election: Vote denied by peer 710c236995db46699eb9055c19ac506e. Message: Service unavailable: T 9e99b710634a44f4a948132a5a180600 P 710c236995db46699eb9055c19ac506e [term 1 FOLLOWER]: Leader pre-election vote request: Denying vote to candidate 7897578c54854ba0a5af32eb2aa04704 for term 1 because replica is already servicing an update from a current leader or another vote.
I0109 07:20:17.621485 2127 raft_consensus.cc:1674] T 9e99b710634a44f4a948132a5a180600 P 7897578c54854ba0a5af32eb2aa04704 [term 1 FOLLOWER]: Leader election vote request: Denying vote to candidate 710c236995db46699eb9055c19ac506e in current term 1: Already voted for candidate 7897578c54854ba0a5af32eb2aa04704 in this term.
W0109 07:20:17.621634 2127 rpcz_store.cc:234] Call kudu.consensus.ConsensusService.RequestConsensusVote from 172.31.114.38:41916 (request call id 2) took 164ms (client timeout 208).
W0109 07:20:17.621712 2127 rpcz_store.cc:238] Trace: 0109 07:20:17.456669 (+ 0us) service_pool.cc:143] Inserting onto call queue 0109 07:20:17.456690 (+ 21us) service_pool.cc:202] Handling call 0109 07:20:17.621604 (+164914us) spinlock_profiling.cc:255] Waited 165 ms on lock 0x45c8f40. stack: 0000000001a20b21 00000000009d8b77 00000000007e48af 0000000000a8971f 0000000000a8a342 0000000001a2dc19 00007faf4757c0a3 00007faf45e0c87c ffffffffffffffff 0109 07:20:17.621617 (+ 13us) inbound_call.cc:130] Queueing success response Metrics: {"spinlock_wait_cycles":411870464}
I0109 07:20:17.621763 2128 raft_consensus.cc:1719] T 9e99b710634a44f4a948132a5a180600 P 7897578c54854ba0a5af32eb2aa04704 [term 1 FOLLOWER]: Leader election vote request: Denying vote to candidate 591b1a1d383d4b659d7549653f4f136e for term 1 because replica is already servicing an update from a current leader or another vote.
W0109 07:20:17.621816 2128 rpcz_store.cc:234] Call kudu.consensus.ConsensusService.RequestConsensusVote from 172.31.113.2:40097 (request call id 2) took 163ms (client timeout 196).
W0109 07:20:17.621845 2128 rpcz_store.cc:238] Trace: 0109 07:20:17.457874 (+ 0us) service_pool.cc:143] Inserting onto call queue 0109 07:20:17.457884 (+ 10us) service_pool.cc:202] Handling call 0109 07:20:17.621801 (+163917us) spinlock_profiling.cc:255] Waited 164 ms on lock 0x45c8f40. stack: 0000000001a20b21 00000000009d8c7a 00000000007e48af 0000000000a8971f 0000000000a8a342 0000000001a2dc19 00007faf4757c0a3 00007faf45e0c87c ffffffffffffffff 0109 07:20:17.621807 (+ 6us) inbound_call.cc:130] Queueing success response Metrics: {"spinlock_wait_cycles":409648384}
I0109 07:20:17.621996 2192 leader_election.cc:215] T 9e99b710634a44f4a948132a5a180600 P 7897578c54854ba0a5af32eb2aa04704 [CANDIDATE]: Term 1 election: Requesting vote from peer 710c236995db46699eb9055c19ac506e
I0109 07:20:17.622061 2192 leader_election.cc:215] T 9e99b710634a44f4a948132a5a180600 P 7897578c54854ba0a5af32eb2aa04704 [CANDIDATE]: Term 1 election: Requesting vote from peer 1678276a36f849c28459de6b6788965a
I0109 07:20:17.622104 2192 leader_election.cc:215] T 9e99b710634a44f4a948132a5a180600 P 7897578c54854ba0a5af32eb2aa04704 [CANDIDATE]: Term 1 election: Requesting vote from peer 591b1a1d383d4b659d7549653f4f136e
I0109 07:20:17.622153 2192 leader_election.cc:215] T 9e99b710634a44f4a948132a5a180600 P 7897578c54854ba0a5af32eb2aa04704 [CANDIDATE]: Term 1 election: Requesting vote from peer c5a3e756029444b2bf66ee0044f5bc35
I0109 07:20:17.622656 2063 leader_election.cc:361] T 9e99b710634a44f4a948132a5a180600 P 7897578c54854ba0a5af32eb2aa04704 [CANDIDATE]: Term 1 election: Vote denied by peer 1678276a36f849c28459de6b6788965a. Message: Invalid argument: T 9e99b710634a44f4a948132a5a180600 P 1678276a36f849c28459de6b6788965a [term 1 FOLLOWER]: Leader election vote request: Denying vote to candidate 7897578c54854ba0a5af32eb2aa04704 in current term 1: Already voted for candidate 710c236995db46699eb9055c19ac506e in this term.
I0109 07:20:17.622890 2062 leader_election.cc:361] T 9e99b710634a44f4a948132a5a180600 P 7897578c54854ba0a5af32eb2aa04704 [CANDIDATE]: Term 1 election: Vote denied by peer c5a3e756029444b2bf66ee0044f5bc35. Message: Invalid argument: T 9e99b710634a44f4a948132a5a180600 P c5a3e756029444b2bf66ee0044f5bc35 [term 1 FOLLOWER]: Leader election vote request: Denying vote to candidate 7897578c54854ba0a5af32eb2aa04704 in current term 1: Already voted for candidate 710c236995db46699eb9055c19ac506e in this term.
I0109 07:20:17.658215 2064 leader_election.cc:361] T 9e99b710634a44f4a948132a5a180600 P 7897578c54854ba0a5af32eb2aa04704 [CANDIDATE]: Term 1 election: Vote denied by peer 710c236995db46699eb9055c19ac506e. Message: Service unavailable: T 9e99b710634a44f4a948132a5a180600 P 710c236995db46699eb9055c19ac506e [term 1 LEADER]: Leader election vote request: Denying vote to candidate 7897578c54854ba0a5af32eb2aa04704 for term 1 because replica is already servicing an update from a current leader or another vote.
I0109 07:20:17.658270 2064 leader_election.cc:242] T 9e99b710634a44f4a948132a5a180600 P 7897578c54854ba0a5af32eb2aa04704 [CANDIDATE]: Term 1 election: Election decided. Result: candidate lost.
I0109 07:20:17.658340 2192 raft_consensus.cc:2158] T 9e99b710634a44f4a948132a5a180600 P 7897578c54854ba0a5af32eb2aa04704 [term 1 FOLLOWER]: Snoozing failure detection for election timeout plus an additional 0.222s
I0109 07:20:17.658354 2192 raft_consensus.cc:1905] T 9e99b710634a44f4a948132a5a180600 P 7897578c54854ba0a5af32eb2aa04704 [term 1 FOLLOWER]: Leader election lost for term 1. Reason: could not achieve majority
I0109 07:20:17.662119 2128 raft_consensus.cc:915] T 9e99b710634a44f4a948132a5a180600 P 7897578c54854ba0a5af32eb2aa04704 [term 1 FOLLOWER]: Refusing update from remote peer 710c236995db46699eb9055c19ac506e: Log matching property violated. Preceding OpId in replica: term: 0 index: 0. Preceding OpId from leader: term: 1 index: 1. (index mismatch)
W0109 07:20:17.775588 2065 leader_election.cc:271] T 9e99b710634a44f4a948132a5a180600 P 7897578c54854ba0a5af32eb2aa04704 [CANDIDATE]: Term 1 election: RPC error from VoteRequest() call to peer 591b1a1d383d4b659d7549653f4f136e: Timed out: RequestConsensusVote RPC to 172.31.113.2:7050 timed out after 0.153s (SENT)
I0109 07:20:17.805172 2128 raft_consensus.cc:1705] T 9e99b710634a44f4a948132a5a180600 P 7897578c54854ba0a5af32eb2aa04704 [term 1 FOLLOWER]: Leader pre-election vote request: Denying vote to candidate 591b1a1d383d4b659d7549653f4f136e for term 2 because replica is either leader or believes a valid leader to be alive.
I0109 07:20:30.365918 2209 tablet_server_main.cc:56] Tablet server non-default flags: --raft_heartbeat_interval_ms=50 --fs_data_dirs=/var/lib/kudu/tserver --fs_wal_dir=/var/lib/kudu/tserver --tserver_master_addrs=aserbin-kudu-jepsen-master.gce.cloudera.com:7051 --heap_profile_path=/tmp/kudu-tserver.2209 --unlock_experimental_flags=true --unlock_unsafe_flags=true --flagfile=/etc/kudu/conf/tserver.gflagfile --log_dir=/var/log/kudu --logtostderr=true Tablet server version: kudu 1.3.0-SNAPSHOT revision 3a23b058af0f4de04f8827255de405fff7bf9ee1 build type RELEASE built by jenkins at 09 Jan 2017 06:07:18 PST on aserbin-kudu-jepsen-control-node-debian8.gce.cloudera.com build id 2017-01-09_06-07-06
I0109 07:20:30.366065 2209 mem_tracker.cc:140] MemTracker: hard memory limit is 0.464404 GB
I0109 07:20:30.366075 2209 mem_tracker.cc:142] MemTracker: soft memory limit is 0.278643 GB
I0109 07:20:30.367205 2209 tablet_server_main.cc:63] Initializing tablet server...
I0109 07:20:30.416787 2209 hybrid_clock.cc:177] HybridClock initialized. Resolution in nanos?: 1 Wait times tolerance adjustment: 1.0005 Current error: 541196
I0109 07:20:30.417577 2209 env_posix.cc:1286] Not raising process file limit of 65536; it is already as high as it can go
I0109 07:20:30.417605 2209 file_cache.cc:401] Constructed file cache lbm with capacity 32768
I0109 07:20:30.418586 2209 fs_manager.cc:251] Opened local filesystem: /var/lib/kudu/tserver uuid: "7897578c54854ba0a5af32eb2aa04704" format_stamp: "Formatted at 2017-01-09 15:20:11 on aserbin-kudu-jepsen-ts-3"
I0109 07:20:30.421910 2209 ts_tablet_manager.cc:701] Loading metadata for tablet 9e99b710634a44f4a948132a5a180600
I0109 07:20:30.422206 2209 ts_tablet_manager.cc:863] Registered tablet 9e99b710634a44f4a948132a5a180600
I0109 07:20:30.422372 2223 ts_tablet_manager.cc:725] T 9e99b710634a44f4a948132a5a180600 P 7897578c54854ba0a5af32eb2aa04704: Bootstrapping tablet
I0109 07:20:30.422544 2223 tablet_bootstrap.cc:381] T 9e99b710634a44f4a948132a5a180600 P 7897578c54854ba0a5af32eb2aa04704: Bootstrap starting.
I0109 07:20:30.422762 2223 tablet_bootstrap.cc:540] T 9e99b710634a44f4a948132a5a180600 P 7897578c54854ba0a5af32eb2aa04704: Time spent opening tablet: real 0.000s user 0.000s sys 0.000s
I0109 07:20:30.422839 2223 tablet_bootstrap.cc:596] T 9e99b710634a44f4a948132a5a180600 P 7897578c54854ba0a5af32eb2aa04704: Will attempt to recover log segment /var/lib/kudu/tserver/wals/9e99b710634a44f4a948132a5a180600/wal-000000001 to /var/lib/kudu/tserver/wals/9e99b710634a44f4a948132a5a180600.recovery/wal-000000001
I0109 07:20:30.422852 2223 tablet_bootstrap.cc:604] T 9e99b710634a44f4a948132a5a180600 P 7897578c54854ba0a5af32eb2aa04704: Moving log directory /var/lib/kudu/tserver/wals/9e99b710634a44f4a948132a5a180600 to recovery directory /var/lib/kudu/tserver/wals/9e99b710634a44f4a948132a5a180600.recovery in preparation for log replay
I0109 07:20:30.423044 2223 log_util.cc:315] Log segment /var/lib/kudu/tserver/wals/9e99b710634a44f4a948132a5a180600.recovery/wal-000000001 has no footer. This segment was likely being written when the server previously shut down.
I0109 07:20:30.423056 2223 log_reader.cc:160] Log segment /var/lib/kudu/tserver/wals/9e99b710634a44f4a948132a5a180600.recovery/wal-000000001 was likely left in-progress after a previous crash. Will try to rebuild footer by scanning data.
I0109 07:20:30.424685 2209 tablet_server_main.cc:66] Starting tablet server...
I0109 07:20:30.425588 2223 log_util.cc:569] Scanning /var/lib/kudu/tserver/wals/9e99b710634a44f4a948132a5a180600.recovery/wal-000000001 for valid entry headers following offset 10988...
I0109 07:20:30.497942 2223 log_util.cc:606] Found no log entry headers
I0109 07:20:30.498004 2223 log_util.cc:218] Ignoring log segment corruption in /var/lib/kudu/tserver/wals/9e99b710634a44f4a948132a5a180600.recovery/wal-000000001 because there are no log entries following the corrupted one. The server probably crashed in the middle of writing an entry to the write-ahead log or downloaded an active log via tablet copy. Error detail: Corruption: CRC mismatch in log entry header: Log file corruption detected. Failed trying to read batch #0 at offset 10976 for log segment /var/lib/kudu/tserver/wals/9e99b710634a44f4a948132a5a180600.recovery/wal-000000001: Prior entries: [off=10711 REPLICATE (1.47)] [off=10745 COMMIT (1.47)] [off=10942 REPLICATE (1.48)] [off=10976 COMMIT (1.48)]
I0109 07:20:30.498029 2223 log_util.cc:368] Successfully rebuilt footer for segment: /var/lib/kudu/tserver/wals/9e99b710634a44f4a948132a5a180600.recovery/wal-000000001 (valid entries through byte offset 10976)
I0109 07:20:30.498095 2223 tablet.cc:983] T 9e99b710634a44f4a948132a5a180600 Rewinding schema during bootstrap to Schema [ 0:key[string NOT NULL], 1:value[int32 NOT NULL] ]
I0109 07:20:30.498323 2223 log.cc:351] Log is configured to *not* fsync() on all Append() calls
I0109 07:20:30.502234 2223 tablet_bootstrap.cc:381] T 9e99b710634a44f4a948132a5a180600 P 7897578c54854ba0a5af32eb2aa04704: Bootstrap replayed 1/1 log segments. Stats: ops{read=48 overwritten=0 applied=48 ignored=0} inserts{seen=47 ignored=0} mutations{seen=0 ignored=0} orphaned_commits=0. Pending: 0 replicates
I0109 07:20:30.502282 2223 tablet_bootstrap.cc:1017] T 9e99b710634a44f4a948132a5a180600 P 7897578c54854ba0a5af32eb2aa04704: ReplayState: Previous OpId: 1.48, Committed OpId: 1.48, Pending Replicates: 0, Pending Commits: 0
I0109 07:20:30.502723 2223 tablet_bootstrap.cc:633] T 9e99b710634a44f4a948132a5a180600 P 7897578c54854ba0a5af32eb2aa04704: Preparing to delete log recovery files and directory /var/lib/kudu/tserver/wals/9e99b710634a44f4a948132a5a180600.recovery
I0109 07:20:30.502779 2223 tablet_bootstrap.cc:636] T 9e99b710634a44f4a948132a5a180600 P 7897578c54854ba0a5af32eb2aa04704: Renaming log recovery dir from /var/lib/kudu/tserver/wals/9e99b710634a44f4a948132a5a180600.recovery to /var/lib/kudu/tserver/wals/9e99b710634a44f4a948132a5a180600.recovery-1483975230502775
I0109 07:20:30.502841 2223 tablet_bootstrap.cc:646] T 9e99b710634a44f4a948132a5a180600 P 7897578c54854ba0a5af32eb2aa04704: Deleting all files from renamed log recovery directory /var/lib/kudu/tserver/wals/9e99b710634a44f4a948132a5a180600.recovery-1483975230502775
I0109 07:20:30.503072 2223 tablet_bootstrap.cc:649] T 9e99b710634a44f4a948132a5a180600 P 7897578c54854ba0a5af32eb2aa04704: Completed deletion of old log recovery files and directory /var/lib/kudu/tserver/wals/9e99b710634a44f4a948132a5a180600.recovery-1483975230502775
I0109 07:20:30.503110 2223 tablet_bootstrap.cc:381] T 9e99b710634a44f4a948132a5a180600 P 7897578c54854ba0a5af32eb2aa04704: Bootstrap complete.
I0109 07:20:30.510079 2223 ts_tablet_manager.cc:730] T 9e99b710634a44f4a948132a5a180600 P 7897578c54854ba0a5af32eb2aa04704: Time spent bootstrapping tablet: real 0.088s user 0.020s sys 0.024s
I0109 07:20:30.510628 2223 raft_consensus.cc:287] T 9e99b710634a44f4a948132a5a180600 P 7897578c54854ba0a5af32eb2aa04704 [term 1 FOLLOWER]: Replica starting. Triggering 0 pending transactions. Active config: opid_index: -1 OBSOLETE_local: false peers { permanent_uuid: "710c236995db46699eb9055c19ac506e" member_type: VOTER last_known_addr { host: "aserbin-kudu-jepsen-ts-4.gce.cloudera.com" port: 7050 } } peers { permanent_uuid: "1678276a36f849c28459de6b6788965a" member_type: VOTER last_known_addr { host: "aserbin-kudu-jepsen-ts-5.gce.cloudera.com" port: 7050 } } peers { permanent_uuid: "591b1a1d383d4b659d7549653f4f136e" member_type: VOTER last_known_addr { host: "aserbin-kudu-jepsen-ts-2.gce.cloudera.com" port: 7050 } } peers { permanent_uuid: "c5a3e756029444b2bf66ee0044f5bc35" member_type: VOTER last_known_addr { host: "aserbin-kudu-jepsen-ts-1.gce.cloudera.com" port: 7050 } } peers { permanent_uuid: "7897578c54854ba0a5af32eb2aa04704" member_type: VOTER last_known_addr { host: "aserbin-kudu-jepsen-ts-3.gce.cloudera.com" port: 7050 } }
I0109 07:20:30.510665 2223 raft_consensus.cc:547] T 9e99b710634a44f4a948132a5a180600 P 7897578c54854ba0a5af32eb2aa04704 [term 1 FOLLOWER]: Becoming Follower/Learner. State: Replica: 7897578c54854ba0a5af32eb2aa04704, State: 1, Role: FOLLOWER
I0109 07:20:30.510677 2223 consensus_queue.cc:175] T 9e99b710634a44f4a948132a5a180600 P 7897578c54854ba0a5af32eb2aa04704 [NON_LEADER]: Queue going to NON_LEADER mode. State: All replicated index: 0, Majority replicated index: 0, Committed index: 48, Last appended: 1.48, Current term: 0, Majority size: -1, State: 1, Mode: NON_LEADER
I0109 07:20:30.510849 2223 ts_tablet_manager.cc:757] T 9e99b710634a44f4a948132a5a180600 P 7897578c54854ba0a5af32eb2aa04704: Time spent starting tablet: real 0.001s user 0.000s sys 0.000s
I0109 07:20:30.518244 2209 rpc_server.cc:164] RPC server started. Bound to: 0.0.0.0:7050
I0109 07:20:30.518317 2209 webserver.cc:126] Starting webserver on 0.0.0.0:8050
I0109 07:20:30.518323 2209 webserver.cc:137] Document root disabled
I0109 07:20:30.518470 2209 webserver.cc:221] Webserver started. Bound to: http://0.0.0.0:8050/
I0109 07:20:30.518849 2209 tablet_server_main.cc:69] Tablet server successfully started.
I0109 07:20:30.570869 2339 heartbeater.cc:292] Connected to a master server at aserbin-kudu-jepsen-master.gce.cloudera.com:7051
I0109 07:20:30.570915 2339 heartbeater.cc:359] Registering TS with master...
I0109 07:20:30.570984 2339 heartbeater.cc:373] Master aserbin-kudu-jepsen-master.gce.cloudera.com:7051 requested a full tablet report, sending...
I0109 07:20:30.668668 2296 raft_consensus.cc:2158] T 9e99b710634a44f4a948132a5a180600 P 7897578c54854ba0a5af32eb2aa04704 [term 1 FOLLOWER]: Snoozing failure detection for election timeout plus an additional 0.177s
I0109 07:20:30.668715 2296 raft_consensus.cc:1744] T 9e99b710634a44f4a948132a5a180600 P 7897578c54854ba0a5af32eb2aa04704 [term 1 FOLLOWER]: Leader pre-election vote request: Granting yes vote for candidate 710c236995db46699eb9055c19ac506e in term 1.
I0109 07:20:31.006983 2261 raft_consensus.cc:410] T 9e99b710634a44f4a948132a5a180600 P 7897578c54854ba0a5af32eb2aa04704 [term 1 FOLLOWER]: Starting pre-election (no leader contacted us within the election timeout)
I0109 07:20:31.007060 2261 raft_consensus.cc:2158] T 9e99b710634a44f4a948132a5a180600 P 7897578c54854ba0a5af32eb2aa04704 [term 1 FOLLOWER]: Snoozing failure detection for election timeout plus an additional 0.158s
I0109 07:20:31.007200 2261 raft_consensus.cc:434] T 9e99b710634a44f4a948132a5a180600 P 7897578c54854ba0a5af32eb2aa04704 [term 1 FOLLOWER]: Starting pre-election with config: opid_index: -1 OBSOLETE_local: false peers { permanent_uuid: "710c236995db46699eb9055c19ac506e" member_type: VOTER last_known_addr { host: "aserbin-kudu-jepsen-ts-4.gce.cloudera.com" port: 7050 } } peers { permanent_uuid: "1678276a36f849c28459de6b6788965a" member_type: VOTER last_known_addr { host: "aserbin-kudu-jepsen-ts-5.gce.cloudera.com" port: 7050 } } peers { permanent_uuid: "591b1a1d383d4b659d7549653f4f136e" member_type: VOTER last_known_addr { host: "aserbin-kudu-jepsen-ts-2.gce.cloudera.com" port: 7050 } } peers { permanent_uuid: "c5a3e756029444b2bf66ee0044f5bc35" member_type: VOTER last_known_addr { host: "aserbin-kudu-jepsen-ts-1.gce.cloudera.com" port: 7050 } } peers { permanent_uuid: "7897578c54854ba0a5af32eb2aa04704" member_type: VOTER last_known_addr { host: "aserbin-kudu-jepsen-ts-3.gce.cloudera.com" port: 7050 } }
I0109 07:20:31.205550 2261 leader_election.cc:215] T 9e99b710634a44f4a948132a5a180600 P 7897578c54854ba0a5af32eb2aa04704 [CANDIDATE]: Term 2 pre-election: Requesting pre-vote from peer 710c236995db46699eb9055c19ac506e
I0109 07:20:31.205601 2261 leader_election.cc:215] T 9e99b710634a44f4a948132a5a180600 P 7897578c54854ba0a5af32eb2aa04704 [CANDIDATE]: Term 2 pre-election: Requesting pre-vote from peer 1678276a36f849c28459de6b6788965a
I0109 07:20:31.205616 2261 leader_election.cc:215] T 9e99b710634a44f4a948132a5a180600 P 7897578c54854ba0a5af32eb2aa04704 [CANDIDATE]: Term 2 pre-election: Requesting pre-vote from peer 591b1a1d383d4b659d7549653f4f136e
I0109 07:20:31.205642 2261 leader_election.cc:215] T 9e99b710634a44f4a948132a5a180600 P 7897578c54854ba0a5af32eb2aa04704 [CANDIDATE]: Term 2 pre-election: Requesting pre-vote from peer c5a3e756029444b2bf66ee0044f5bc35
I0109 07:20:31.206014 2296 raft_consensus.cc:1691] T 9e99b710634a44f4a948132a5a180600 P 7897578c54854ba0a5af32eb2aa04704 [term 1 FOLLOWER]: Leader pre-election vote request: Denying vote to candidate 591b1a1d383d4b659d7549653f4f136e for term 2 because replica has last-logged OpId of term: 1 index: 48, which is greater than that of the candidate, which has last-logged OpId of term: 1 index: 46.
W0109 07:20:31.207319 2219 leader_election.cc:271] T 9e99b710634a44f4a948132a5a180600 P 7897578c54854ba0a5af32eb2aa04704 [CANDIDATE]: Term 2 pre-election: RPC error from VoteRequest() call to peer 1678276a36f849c28459de6b6788965a: Network error: Client connection negotiation failed: client connection to 172.31.114.39:7050: connect: Connection refused (error 111)
I0109 07:20:31.208328 2221 leader_election.cc:347] T 9e99b710634a44f4a948132a5a180600 P 7897578c54854ba0a5af32eb2aa04704 [CANDIDATE]: Term 2 pre-election: Vote granted by peer 591b1a1d383d4b659d7549653f4f136e
I0109 07:20:31.208686 2218 leader_election.cc:361] T 9e99b710634a44f4a948132a5a180600 P 7897578c54854ba0a5af32eb2aa04704 [CANDIDATE]: Term 2 pre-election: Vote denied by peer c5a3e756029444b2bf66ee0044f5bc35. Message: Invalid argument: T 9e99b710634a44f4a948132a5a180600 P c5a3e756029444b2bf66ee0044f5bc35 [term 1 FOLLOWER]: Leader pre-election vote request: Denying vote to candidate 7897578c54854ba0a5af32eb2aa04704 for term 2 because replica has last-logged OpId of term: 1 index: 49, which is greater than that of the candidate, which has last-logged OpId of term: 1 index: 48.
I0109 07:20:31.275632 2220 leader_election.cc:361] T 9e99b710634a44f4a948132a5a180600 P 7897578c54854ba0a5af32eb2aa04704 [CANDIDATE]: Term 2 pre-election: Vote denied by peer 710c236995db46699eb9055c19ac506e. Message: Service unavailable: T 9e99b710634a44f4a948132a5a180600 P 710c236995db46699eb9055c19ac506e [term 1 FOLLOWER]: Leader pre-election vote request: Denying vote to candidate 7897578c54854ba0a5af32eb2aa04704 for term 2 because replica is already servicing an update from a current leader or another vote.
I0109 07:20:31.275696 2220 leader_election.cc:242] T 9e99b710634a44f4a948132a5a180600 P 7897578c54854ba0a5af32eb2aa04704 [CANDIDATE]: Term 2 pre-election: Election decided. Result: candidate lost.
I0109 07:20:31.275902 2353 raft_consensus.cc:2158] T 9e99b710634a44f4a948132a5a180600 P 7897578c54854ba0a5af32eb2aa04704 [term 1 FOLLOWER]: Snoozing failure detection for election timeout plus an additional 0.161s
I0109 07:20:31.275918 2353 raft_consensus.cc:1905] T 9e99b710634a44f4a948132a5a180600 P 7897578c54854ba0a5af32eb2aa04704 [term 1 FOLLOWER]: Leader pre-election lost for term 2. Reason: could not achieve majority
I0109 07:20:31.276376 2296 raft_consensus.cc:2158] T 9e99b710634a44f4a948132a5a180600 P 7897578c54854ba0a5af32eb2aa04704 [term 1 FOLLOWER]: Snoozing failure detection for election timeout plus an additional 0.290s
I0109 07:20:31.276391 2296 raft_consensus.cc:1744] T 9e99b710634a44f4a948132a5a180600 P 7897578c54854ba0a5af32eb2aa04704 [term 1 FOLLOWER]: Leader pre-election vote request: Granting yes vote for candidate 710c236995db46699eb9055c19ac506e in term 1.
I0109 07:20:31.477047 2296 raft_consensus.cc:2202] T 9e99b710634a44f4a948132a5a180600 P 7897578c54854ba0a5af32eb2aa04704 [term 1 FOLLOWER]: Advancing to term 2
I0109 07:20:31.477161 2296 raft_consensus.cc:2158] T 9e99b710634a44f4a948132a5a180600 P 7897578c54854ba0a5af32eb2aa04704 [term 2 FOLLOWER]: Snoozing failure detection for election timeout plus an additional 0.332s
I0109 07:20:31.477627 2296 raft_consensus.cc:1744] T 9e99b710634a44f4a948132a5a180600 P 7897578c54854ba0a5af32eb2aa04704 [term 2 FOLLOWER]: Leader election vote request: Granting yes vote for candidate 710c236995db46699eb9055c19ac506e in term 2.
I0109 07:20:31.572273 2339 heartbeater.cc:365] Master aserbin-kudu-jepsen-master.gce.cloudera.com:7051 was elected leader, sending a full tablet report...
I0109 07:20:31.976325 2261 raft_consensus.cc:410] T 9e99b710634a44f4a948132a5a180600 P 7897578c54854ba0a5af32eb2aa04704 [term 2 FOLLOWER]: Starting pre-election (no leader contacted us within the election timeout)
I0109 07:20:31.976395 2261 raft_consensus.cc:2158] T 9e99b710634a44f4a948132a5a180600 P 7897578c54854ba0a5af32eb2aa04704 [term 2 FOLLOWER]: Snoozing failure detection for election timeout plus an additional 0.303s
I0109 07:20:31.976457 2261 raft_consensus.cc:434] T 9e99b710634a44f4a948132a5a180600 P 7897578c54854ba0a5af32eb2aa04704 [term 2 FOLLOWER]: Starting pre-election with config: opid_index: -1 OBSOLETE_local: false peers { permanent_uuid: "710c236995db46699eb9055c19ac506e" member_type: VOTER last_known_addr { host: "aserbin-kudu-jepsen-ts-4.gce.cloudera.com" port: 7050 } } peers { permanent_uuid: "1678276a36f849c28459de6b6788965a" member_type: VOTER last_known_addr { host: "aserbin-kudu-jepsen-ts-5.gce.cloudera.com" port: 7050 } } peers { permanent_uuid: "591b1a1d383d4b659d7549653f4f136e" member_type: VOTER last_known_addr { host: "aserbin-kudu-jepsen-ts-2.gce.cloudera.com" port: 7050 } } peers { permanent_uuid: "c5a3e756029444b2bf66ee0044f5bc35" member_type: VOTER last_known_addr { host: "aserbin-kudu-jepsen-ts-1.gce.cloudera.com" port: 7050 } } peers { permanent_uuid: "7897578c54854ba0a5af32eb2aa04704" member_type: VOTER last_known_addr { host: "aserbin-kudu-jepsen-ts-3.gce.cloudera.com" port: 7050 } }
I0109 07:20:32.172302 2261 leader_election.cc:215] T 9e99b710634a44f4a948132a5a180600 P 7897578c54854ba0a5af32eb2aa04704 [CANDIDATE]: Term 3 pre-election: Requesting pre-vote from peer 710c236995db46699eb9055c19ac506e
I0109 07:20:32.172369 2261 leader_election.cc:215] T 9e99b710634a44f4a948132a5a180600 P 7897578c54854ba0a5af32eb2aa04704 [CANDIDATE]: Term 3 pre-election: Requesting pre-vote from peer 1678276a36f849c28459de6b6788965a
I0109 07:20:32.172382 2261 leader_election.cc:215] T 9e99b710634a44f4a948132a5a180600 P 7897578c54854ba0a5af32eb2aa04704 [CANDIDATE]: Term 3 pre-election: Requesting pre-vote from peer 591b1a1d383d4b659d7549653f4f136e
I0109 07:20:32.172396 2261 leader_election.cc:215] T 9e99b710634a44f4a948132a5a180600 P 7897578c54854ba0a5af32eb2aa04704 [CANDIDATE]: Term 3 pre-election: Requesting pre-vote from peer c5a3e756029444b2bf66ee0044f5bc35
I0109 07:20:32.172685 2294 raft_consensus.cc:1719] T 9e99b710634a44f4a948132a5a180600 P 7897578c54854ba0a5af32eb2aa04704 [term 2 FOLLOWER]: Leader pre-election vote request: Denying vote to candidate c5a3e756029444b2bf66ee0044f5bc35 for term 3 because replica is already servicing an update from a current leader or another vote.
I0109 07:20:32.172880 2295 raft_consensus.cc:1719] T 9e99b710634a44f4a948132a5a180600 P 7897578c54854ba0a5af32eb2aa04704 [term 2 FOLLOWER]: Leader pre-election vote request: Denying vote to candidate 1678276a36f849c28459de6b6788965a for term 3 because replica is already servicing an update from a current leader or another vote.
I0109 07:20:32.172984 2296 raft_consensus.cc:1691] T 9e99b710634a44f4a948132a5a180600 P 7897578c54854ba0a5af32eb2aa04704 [term 2 FOLLOWER]: Leader pre-election vote request: Denying vote to candidate 591b1a1d383d4b659d7549653f4f136e for term 3 because replica has last-logged OpId of term: 1 index: 48, which is greater than that of the candidate, which has last-logged OpId of term: 1 index: 46.
I0109 07:20:32.173137 2221 leader_election.cc:347] T 9e99b710634a44f4a948132a5a180600 P 7897578c54854ba0a5af32eb2aa04704 [CANDIDATE]: Term 3 pre-election: Vote granted by peer 591b1a1d383d4b659d7549653f4f136e
I0109 07:20:32.174415 2219 leader_election.cc:361] T 9e99b710634a44f4a948132a5a180600 P 7897578c54854ba0a5af32eb2aa04704 [CANDIDATE]: Term 3 pre-election: Vote denied by peer 1678276a36f849c28459de6b6788965a. Message: Invalid argument: T 9e99b710634a44f4a948132a5a180600 P 1678276a36f849c28459de6b6788965a [term 2 FOLLOWER]: Leader pre-election vote request: Denying vote to candidate 7897578c54854ba0a5af32eb2aa04704 for term 3 because replica has last-logged OpId of term: 1 index: 49, which is greater than that of the candidate, which has last-logged OpId of term: 1 index: 48.
I0109 07:20:32.453196 2261 raft_consensus.cc:410] T 9e99b710634a44f4a948132a5a180600 P 7897578c54854ba0a5af32eb2aa04704 [term 2 FOLLOWER]: Starting pre-election (no leader contacted us within the election timeout)
I0109 07:20:32.453268 2261 raft_consensus.cc:2158] T 9e99b710634a44f4a948132a5a180600 P 7897578c54854ba0a5af32eb2aa04704 [term 2 FOLLOWER]: Snoozing failure detection for election timeout plus an additional 0.320s
I0109 07:20:32.453325 2261 raft_consensus.cc:434] T 9e99b710634a44f4a948132a5a180600 P 7897578c54854ba0a5af32eb2aa04704 [term 2 FOLLOWER]: Starting pre-election with config: opid_index: -1 OBSOLETE_local: false peers { permanent_uuid: "710c236995db46699eb9055c19ac506e" member_type: VOTER last_known_addr { host: "aserbin-kudu-jepsen-ts-4.gce.cloudera.com" port: 7050 } } peers { permanent_uuid: "1678276a36f849c28459de6b6788965a" member_type: VOTER last_known_addr { host: "aserbin-kudu-jepsen-ts-5.gce.cloudera.com" port: 7050 } } peers { permanent_uuid: "591b1a1d383d4b659d7549653f4f136e" member_type: VOTER last_known_addr { host: "aserbin-kudu-jepsen-ts-2.gce.cloudera.com" port: 7050 } } peers { permanent_uuid: "c5a3e756029444b2bf66ee0044f5bc35" member_type: VOTER last_known_addr { host: "aserbin-kudu-jepsen-ts-1.gce.cloudera.com" port: 7050 } } peers { permanent_uuid: "7897578c54854ba0a5af32eb2aa04704" member_type: VOTER last_known_addr { host: "aserbin-kudu-jepsen-ts-3.gce.cloudera.com" port: 7050 } }
W0109 07:20:32.475890 2218 leader_election.cc:271] T 9e99b710634a44f4a948132a5a180600 P 7897578c54854ba0a5af32eb2aa04704 [CANDIDATE]: Term 3 pre-election: RPC error from VoteRequest() call to peer c5a3e756029444b2bf66ee0044f5bc35: Timed out: RequestConsensusVote RPC to 172.31.112.255:7050 timed out after 0.303s (SENT)
W0109 07:20:32.476191 2220 leader_election.cc:271] T 9e99b710634a44f4a948132a5a180600 P 7897578c54854ba0a5af32eb2aa04704 [CANDIDATE]: Term 3 pre-election: RPC error from VoteRequest() call to peer 710c236995db46699eb9055c19ac506e: Timed out: RequestConsensusVote RPC to 172.31.114.38:7050 timed out after 0.303s (SENT)
I0109 07:20:32.476204 2220 leader_election.cc:242] T 9e99b710634a44f4a948132a5a180600 P 7897578c54854ba0a5af32eb2aa04704 [CANDIDATE]: Term 3 pre-election: Election decided. Result: candidate lost.
I0109 07:20:32.649698 2261 leader_election.cc:215] T 9e99b710634a44f4a948132a5a180600 P 7897578c54854ba0a5af32eb2aa04704 [CANDIDATE]: Term 3 pre-election: Requesting pre-vote from peer 710c236995db46699eb9055c19ac506e
I0109 07:20:32.649770 2261 leader_election.cc:215] T 9e99b710634a44f4a948132a5a180600 P 7897578c54854ba0a5af32eb2aa04704 [CANDIDATE]: Term 3 pre-election: Requesting pre-vote from peer 1678276a36f849c28459de6b6788965a
I0109 07:20:32.649785 2261 leader_election.cc:215] T 9e99b710634a44f4a948132a5a180600 P 7897578c54854ba0a5af32eb2aa04704 [CANDIDATE]: Term 3 pre-election: Requesting pre-vote from peer 591b1a1d383d4b659d7549653f4f136e
I0109 07:20:32.649801 2261 leader_election.cc:215] T 9e99b710634a44f4a948132a5a180600 P 7897578c54854ba0a5af32eb2aa04704 [CANDIDATE]: Term 3 pre-election: Requesting pre-vote from peer c5a3e756029444b2bf66ee0044f5bc35
I0109 07:20:32.650040 2355 raft_consensus.cc:2158] T 9e99b710634a44f4a948132a5a180600 P 7897578c54854ba0a5af32eb2aa04704 [term 2 FOLLOWER]: Snoozing failure detection for election timeout plus an additional 0.252s
I0109 07:20:32.650056 2355 raft_consensus.cc:1905] T 9e99b710634a44f4a948132a5a180600 P 7897578c54854ba0a5af32eb2aa04704 [term 2 FOLLOWER]: Leader pre-election lost for term 3. Reason: could not achieve majority
I0109 07:20:32.650074 2296 raft_consensus.cc:2202] T 9e99b710634a44f4a948132a5a180600 P 7897578c54854ba0a5af32eb2aa04704 [term 2 FOLLOWER]: Advancing to term 3
I0109 07:20:32.650110 2296 raft_consensus.cc:2158] T 9e99b710634a44f4a948132a5a180600 P 7897578c54854ba0a5af32eb2aa04704 [term 3 FOLLOWER]: Snoozing failure detection for election timeout plus an additional 0.476s
I0109 07:20:32.650473 2296 raft_consensus.cc:1744] T 9e99b710634a44f4a948132a5a180600 P 7897578c54854ba0a5af32eb2aa04704 [term 3 FOLLOWER]: Leader election vote request: Granting yes vote for candidate c5a3e756029444b2bf66ee0044f5bc35 in term 3.
I0109 07:20:32.825100 2221 leader_election.cc:361] T 9e99b710634a44f4a948132a5a180600 P 7897578c54854ba0a5af32eb2aa04704 [CANDIDATE]: Term 3 pre-election: Vote denied by peer 591b1a1d383d4b659d7549653f4f136e. Message: Service unavailable: T 9e99b710634a44f4a948132a5a180600 P 591b1a1d383d4b659d7549653f4f136e [term 3 FOLLOWER]: Leader pre-election vote request: Denying vote to candidate 7897578c54854ba0a5af32eb2aa04704 for term 3 because replica is already servicing an update from a current leader or another vote.
I0109 07:20:32.825312 2296 raft_consensus.cc:1674] T 9e99b710634a44f4a948132a5a180600 P 7897578c54854ba0a5af32eb2aa04704 [term 3 FOLLOWER]: Leader pre-election vote request: Denying vote to candidate 591b1a1d383d4b659d7549653f4f136e in current term 3: Already voted for candidate c5a3e756029444b2bf66ee0044f5bc35 in this term.
I0109 07:20:32.825541 2219 leader_election.cc:361] T 9e99b710634a44f4a948132a5a180600 P 7897578c54854ba0a5af32eb2aa04704 [CANDIDATE]: Term 3 pre-election: Vote denied by peer 1678276a36f849c28459de6b6788965a. Message: Service unavailable: T 9e99b710634a44f4a948132a5a180600 P 1678276a36f849c28459de6b6788965a [term 3 FOLLOWER]: Leader pre-election vote request: Denying vote to candidate 7897578c54854ba0a5af32eb2aa04704 for term 3 because replica is already servicing an update from a current leader or another vote.
I0109 07:20:32.825922 2296 raft_consensus.cc:1674] T 9e99b710634a44f4a948132a5a180600 P 7897578c54854ba0a5af32eb2aa04704 [term 3 FOLLOWER]: Leader pre-election vote request: Denying vote to candidate 1678276a36f849c28459de6b6788965a in current term 3: Already voted for candidate c5a3e756029444b2bf66ee0044f5bc35 in this term.
I0109 07:20:32.836185 2218 leader_election.cc:361] T 9e99b710634a44f4a948132a5a180600 P 7897578c54854ba0a5af32eb2aa04704 [CANDIDATE]: Term 3 pre-election: Vote denied by peer c5a3e756029444b2bf66ee0044f5bc35. Message: Invalid argument: T 9e99b710634a44f4a948132a5a180600 P c5a3e756029444b2bf66ee0044f5bc35 [term 3 FOLLOWER]: Leader pre-election vote request: Denying vote to candidate 7897578c54854ba0a5af32eb2aa04704 in current term 3: Already voted for candidate c5a3e756029444b2bf66ee0044f5bc35 in this term.
I0109 07:20:32.836241 2218 leader_election.cc:242] T 9e99b710634a44f4a948132a5a180600 P 7897578c54854ba0a5af32eb2aa04704 [CANDIDATE]: Term 3 pre-election: Election decided. Result: candidate lost.
I0109 07:20:32.836345 2296 raft_consensus.cc:2158] T 9e99b710634a44f4a948132a5a180600 P 7897578c54854ba0a5af32eb2aa04704 [term 3 FOLLOWER]: Snoozing failure detection for election timeout plus an additional 0.282s
I0109 07:20:32.836360 2296 raft_consensus.cc:1744] T 9e99b710634a44f4a948132a5a180600 P 7897578c54854ba0a5af32eb2aa04704 [term 3 FOLLOWER]: Leader pre-election vote request: Granting yes vote for candidate c5a3e756029444b2bf66ee0044f5bc35 in term 3.
I0109 07:20:32.836587 2356 raft_consensus.cc:2158] T 9e99b710634a44f4a948132a5a180600 P 7897578c54854ba0a5af32eb2aa04704 [term 3 FOLLOWER]: Snoozing failure detection for election timeout plus an additional 0.466s
I0109 07:20:32.836603 2356 raft_consensus.cc:1905] T 9e99b710634a44f4a948132a5a180600 P 7897578c54854ba0a5af32eb2aa04704 [term 3 FOLLOWER]: Leader pre-election lost for term 3. Reason: could not achieve majority
W0109 07:20:32.970664 2220 leader_election.cc:271] T 9e99b710634a44f4a948132a5a180600 P 7897578c54854ba0a5af32eb2aa04704 [CANDIDATE]: Term 3 pre-election: RPC error from VoteRequest() call to peer 710c236995db46699eb9055c19ac506e: Timed out: RequestConsensusVote RPC to 172.31.114.38:7050 timed out after 0.320s (SENT)
I0109 07:20:33.456398 2261 raft_consensus.cc:410] T 9e99b710634a44f4a948132a5a180600 P 7897578c54854ba0a5af32eb2aa04704 [term 3 FOLLOWER]: Starting pre-election (no leader contacted us within the election timeout)
I0109 07:20:33.456490 2261 raft_consensus.cc:2158] T 9e99b710634a44f4a948132a5a180600 P 7897578c54854ba0a5af32eb2aa04704 [term 3 FOLLOWER]: Snoozing failure detection for election timeout plus an additional 0.378s
I0109 07:20:33.456548 2261 raft_consensus.cc:434] T 9e99b710634a44f4a948132a5a180600 P 7897578c54854ba0a5af32eb2aa04704 [term 3 FOLLOWER]: Starting pre-election with config: opid_index: -1 OBSOLETE_local: false peers { permanent_uuid: "710c236995db46699eb9055c19ac506e" member_type: VOTER last_known_addr { host: "aserbin-kudu-jepsen-ts-4.gce.cloudera.com" port: 7050 } } peers { permanent_uuid: "1678276a36f849c28459de6b6788965a" member_type: VOTER last_known_addr { host: "aserbin-kudu-jepsen-ts-5.gce.cloudera.com" port: 7050 } } peers { permanent_uuid: "591b1a1d383d4b659d7549653f4f136e" member_type: VOTER last_known_addr { host: "aserbin-kudu-jepsen-ts-2.gce.cloudera.com" port: 7050 } } peers { permanent_uuid: "c5a3e756029444b2bf66ee0044f5bc35" member_type: VOTER last_known_addr { host: "aserbin-kudu-jepsen-ts-1.gce.cloudera.com" port: 7050 } } peers { permanent_uuid: "7897578c54854ba0a5af32eb2aa04704" member_type: VOTER last_known_addr { host: "aserbin-kudu-jepsen-ts-3.gce.cloudera.com" port: 7050 } }
