I0109 07:21:25.485257 29871 hybrid_clock.cc:177] HybridClock initialized. Resolution in nanos?: 1 Wait times tolerance adjustment: 1.0005 Current error: 937540
I0109 07:21:25.486083 29871 env_posix.cc:1286] Not raising process file limit of 65536; it is already as high as it can go
I0109 07:21:25.486119 29871 file_cache.cc:401] Constructed file cache lbm with capacity 32768
I0109 07:21:25.487257 29871 fs_manager.cc:251] Opened local filesystem: /var/lib/kudu/tserver uuid: "591b1a1d383d4b659d7549653f4f136e" format_stamp: "Formatted at 2017-01-09 15:20:10 on aserbin-kudu-jepsen-ts-2"
I0109 07:21:25.490545 29871 ts_tablet_manager.cc:701] Loading metadata for tablet 9e99b710634a44f4a948132a5a180600
I0109 07:21:25.490825 29871 ts_tablet_manager.cc:863] Registered tablet 9e99b710634a44f4a948132a5a180600
I0109 07:21:25.490983 29885 ts_tablet_manager.cc:725] T 9e99b710634a44f4a948132a5a180600 P 591b1a1d383d4b659d7549653f4f136e: Bootstrapping tablet
I0109 07:21:25.491197 29885 tablet_bootstrap.cc:381] T 9e99b710634a44f4a948132a5a180600 P 591b1a1d383d4b659d7549653f4f136e: Bootstrap starting.
I0109 07:21:25.491451 29885 tablet_bootstrap.cc:540] T 9e99b710634a44f4a948132a5a180600 P 591b1a1d383d4b659d7549653f4f136e: Time spent opening tablet: real 0.000s user 0.000s sys 0.000s
I0109 07:21:25.491523 29885 tablet_bootstrap.cc:596] T 9e99b710634a44f4a948132a5a180600 P 591b1a1d383d4b659d7549653f4f136e: Will attempt to recover log segment /var/lib/kudu/tserver/wals/9e99b710634a44f4a948132a5a180600/wal-000000001 to /var/lib/kudu/tserver/wals/9e99b710634a44f4a948132a5a180600.recovery/wal-000000001
I0109 07:21:25.491535 29885 tablet_bootstrap.cc:604] T 9e99b710634a44f4a948132a5a180600 P 591b1a1d383d4b659d7549653f4f136e: Moving log directory /var/lib/kudu/tserver/wals/9e99b710634a44f4a948132a5a180600 to recovery directory /var/lib/kudu/tserver/wals/9e99b710634a44f4a948132a5a180600.recovery in preparation for log replay
I0109 07:21:25.491740 29885 log_util.cc:315] Log segment /var/lib/kudu/tserver/wals/9e99b710634a44f4a948132a5a180600.recovery/wal-000000001 has no footer. This segment was likely being written when the server previously shut down.
I0109 07:21:25.491750 29885 log_reader.cc:160] Log segment /var/lib/kudu/tserver/wals/9e99b710634a44f4a948132a5a180600.recovery/wal-000000001 was likely left in-progress after a previous crash. Will try to rebuild footer by scanning data.
I0109 07:21:25.493257 29871 tablet_server_main.cc:66] Starting tablet server...
I0109 07:21:25.495798 29885 log_util.cc:569] Scanning /var/lib/kudu/tserver/wals/9e99b710634a44f4a948132a5a180600.recovery/wal-000000001 for valid entry headers following offset 48028...
I0109 07:21:25.566491 29885 log_util.cc:606] Found no log entry headers
I0109 07:21:25.566596 29885 log_util.cc:218] Ignoring log segment corruption in /var/lib/kudu/tserver/wals/9e99b710634a44f4a948132a5a180600.recovery/wal-000000001 because there are no log entries following the corrupted one. The server probably crashed in the middle of writing an entry to the write-ahead log or downloaded an active log via tablet copy. Error detail: Corruption: CRC mismatch in log entry header: Log file corruption detected. Failed trying to read batch #0 at offset 48016 for log segment /var/lib/kudu/tserver/wals/9e99b710634a44f4a948132a5a180600.recovery/wal-000000001: Prior entries: [off=47585 COMMIT (6.208)] [off=47783 REPLICATE (6.209)] [off=47818 COMMIT (6.209)] [off=48016 REPLICATE (6.210)]
I0109 07:21:25.566611 29885 log_util.cc:368] Successfully rebuilt footer for segment: /var/lib/kudu/tserver/wals/9e99b710634a44f4a948132a5a180600.recovery/wal-000000001 (valid entries through byte offset 48016)
I0109 07:21:25.566673 29885 tablet.cc:983] T 9e99b710634a44f4a948132a5a180600 Rewinding schema during bootstrap to Schema [ 0:key[string NOT NULL], 1:value[int32 NOT NULL] ]
I0109 07:21:25.566975 29885 log.cc:351] Log is configured to *not* fsync() on all Append() calls
I0109 07:21:25.581609 29885 tablet_bootstrap.cc:381] T 9e99b710634a44f4a948132a5a180600 P 591b1a1d383d4b659d7549653f4f136e: Bootstrap replayed 1/1 log segments. Stats: ops{read=210 overwritten=0 applied=209 ignored=0} inserts{seen=205 ignored=0} mutations{seen=0 ignored=0} orphaned_commits=0. Pending: 1 replicates
I0109 07:21:25.581792 29885 tablet_bootstrap.cc:1017] T 9e99b710634a44f4a948132a5a180600 P 591b1a1d383d4b659d7549653f4f136e: ReplayState: Previous OpId: 6.210, Committed OpId: 6.209, Pending Replicates: 1, Pending Commits: 0
I0109 07:21:25.581804 29885 tablet_bootstrap.cc:1017] T 9e99b710634a44f4a948132a5a180600 P 591b1a1d383d4b659d7549653f4f136e: Dumping REPLICATES:
I0109 07:21:25.581809 29885 tablet_bootstrap.cc:1017] T 9e99b710634a44f4a948132a5a180600 P 591b1a1d383d4b659d7549653f4f136e: type: REPLICATE replicate { id { term: 6 index: 210 } timestamp: 6078362722740658176 op_type: WRITE_OP write_request { tablet_id: "9e99b710634a44f4a948132a5a180600" schema { columns { name: "key" type: STRING is_key: true is_nullable: false encoding: AUTO_ENCODING compression: DEFAULT_COMPRESSION cfile_block_size: 0 } columns { name: "value" type: INT32 is_key: false is_nullable: false encoding: AUTO_ENCODING compression: DEFAULT_COMPRESSION cfile_block_size: 0 } } row_operations { rows: "\005\003\000\000\000\000\000\000\000\000\001\000\000\000\000\000\000\000\004\000\000\000" indirect_data: "x" } external_consistency_mode: CLIENT_PROPAGATED propagated_timestamp: 6078362720224337920 } request_id { client_id: "551b04fdc262441283af896460477398" seq_no: 41 first_incomplete_seq_no: 41 attempt_no: 1 } }
I0109 07:21:25.582262 29885 tablet_bootstrap.cc:633] T 9e99b710634a44f4a948132a5a180600 P 591b1a1d383d4b659d7549653f4f136e: Preparing to delete log recovery files and directory /var/lib/kudu/tserver/wals/9e99b710634a44f4a948132a5a180600.recovery
I0109 07:21:25.582293 29885 tablet_bootstrap.cc:636] T 9e99b710634a44f4a948132a5a180600 P 591b1a1d383d4b659d7549653f4f136e: Renaming log recovery dir from /var/lib/kudu/tserver/wals/9e99b710634a44f4a948132a5a180600.recovery to /var/lib/kudu/tserver/wals/9e99b710634a44f4a948132a5a180600.recovery-1483975285582292
I0109 07:21:25.582314 29885 tablet_bootstrap.cc:646] T 9e99b710634a44f4a948132a5a180600 P 591b1a1d383d4b659d7549653f4f136e: Deleting all files from renamed log recovery directory /var/lib/kudu/tserver/wals/9e99b710634a44f4a948132a5a180600.recovery-1483975285582292
I0109 07:21:25.582482 29885 tablet_bootstrap.cc:649] T 9e99b710634a44f4a948132a5a180600 P 591b1a1d383d4b659d7549653f4f136e: Completed deletion of old log recovery files and directory /var/lib/kudu/tserver/wals/9e99b710634a44f4a948132a5a180600.recovery-1483975285582292
I0109 07:21:25.582494 29885 tablet_bootstrap.cc:381] T 9e99b710634a44f4a948132a5a180600 P 591b1a1d383d4b659d7549653f4f136e: Bootstrap complete.
I0109 07:21:25.587955 29885 ts_tablet_manager.cc:730] T 9e99b710634a44f4a948132a5a180600 P 591b1a1d383d4b659d7549653f4f136e: Time spent bootstrapping tablet: real 0.097s user 0.016s sys 0.040s
I0109 07:21:25.588529 29885 raft_consensus.cc:287] T 9e99b710634a44f4a948132a5a180600 P 591b1a1d383d4b659d7549653f4f136e [term 6 FOLLOWER]: Replica starting. Triggering 1 pending transactions. Active config: opid_index: -1 OBSOLETE_local: false peers { permanent_uuid: "710c236995db46699eb9055c19ac506e" member_type: VOTER last_known_addr { host: "aserbin-kudu-jepsen-ts-4.gce.cloudera.com" port: 7050 } } peers { permanent_uuid: "1678276a36f849c28459de6b6788965a" member_type: VOTER last_known_addr { host: "aserbin-kudu-jepsen-ts-5.gce.cloudera.com" port: 7050 } } peers { permanent_uuid: "591b1a1d383d4b659d7549653f4f136e" member_type: VOTER last_known_addr { host: "aserbin-kudu-jepsen-ts-2.gce.cloudera.com" port: 7050 } } peers { permanent_uuid: "c5a3e756029444b2bf66ee0044f5bc35" member_type: VOTER last_known_addr { host: "aserbin-kudu-jepsen-ts-1.gce.cloudera.com" port: 7050 } } peers { permanent_uuid: "7897578c54854ba0a5af32eb2aa04704" member_type: VOTER last_known_addr { host: "aserbin-kudu-jepsen-ts-3.gce.cloudera.com" port: 7050 } }
I0109 07:21:25.588723 29885 raft_consensus.cc:547] T 9e99b710634a44f4a948132a5a180600 P 591b1a1d383d4b659d7549653f4f136e [term 6 FOLLOWER]: Becoming Follower/Learner. State: Replica: 591b1a1d383d4b659d7549653f4f136e, State: 1, Role: FOLLOWER
I0109 07:21:25.588742 29885 consensus_queue.cc:175] T 9e99b710634a44f4a948132a5a180600 P 591b1a1d383d4b659d7549653f4f136e [NON_LEADER]: Queue going to NON_LEADER mode. State: All replicated index: 0, Majority replicated index: 0, Committed index: 209, Last appended: 6.210, Current term: 0, Majority size: -1, State: 1, Mode: NON_LEADER
I0109 07:21:25.588989 29885 ts_tablet_manager.cc:757] T 9e99b710634a44f4a948132a5a180600 P 591b1a1d383d4b659d7549653f4f136e: Time spent starting tablet: real 0.001s user 0.000s sys 0.000s
I0109 07:21:25.595695 29871 rpc_server.cc:164] RPC server started. Bound to: 0.0.0.0:7050
I0109 07:21:25.595784 29871 webserver.cc:126] Starting webserver on 0.0.0.0:8050
I0109 07:21:25.595791 29871 webserver.cc:137] Document root disabled
I0109 07:21:25.595979 29871 webserver.cc:221] Webserver started. Bound to: http://0.0.0.0:8050/
I0109 07:21:25.596405 29871 tablet_server_main.cc:69] Tablet server successfully started.
I0109 07:21:25.648402 30002 heartbeater.cc:292] Connected to a master server at aserbin-kudu-jepsen-master.gce.cloudera.com:7051
I0109 07:21:25.648449 30002 heartbeater.cc:359] Registering TS with master...
I0109 07:21:25.648527 30002 heartbeater.cc:373] Master aserbin-kudu-jepsen-master.gce.cloudera.com:7051 requested a full tablet report, sending...
I0109 07:21:25.745122 29930 raft_consensus.cc:410] T 9e99b710634a44f4a948132a5a180600 P 591b1a1d383d4b659d7549653f4f136e [term 6 FOLLOWER]: Starting pre-election (no leader contacted us within the election timeout)
I0109 07:21:25.745214 29930 raft_consensus.cc:2158] T 9e99b710634a44f4a948132a5a180600 P 591b1a1d383d4b659d7549653f4f136e [term 6 FOLLOWER]: Snoozing failure detection for election timeout plus an additional 0.213s
I0109 07:21:25.745292 29930 raft_consensus.cc:434] T 9e99b710634a44f4a948132a5a180600 P 591b1a1d383d4b659d7549653f4f136e [term 6 FOLLOWER]: Starting pre-election with config: opid_index: -1 OBSOLETE_local: false peers { permanent_uuid: "710c236995db46699eb9055c19ac506e" member_type: VOTER last_known_addr { host: "aserbin-kudu-jepsen-ts-4.gce.cloudera.com" port: 7050 } } peers { permanent_uuid: "1678276a36f849c28459de6b6788965a" member_type: VOTER last_known_addr { host: "aserbin-kudu-jepsen-ts-5.gce.cloudera.com" port: 7050 } } peers { permanent_uuid: "591b1a1d383d4b659d7549653f4f136e" member_type: VOTER last_known_addr { host: "aserbin-kudu-jepsen-ts-2.gce.cloudera.com" port: 7050 } } peers { permanent_uuid: "c5a3e756029444b2bf66ee0044f5bc35" member_type: VOTER last_known_addr { host: "aserbin-kudu-jepsen-ts-1.gce.cloudera.com" port: 7050 } } peers { permanent_uuid: "7897578c54854ba0a5af32eb2aa04704" member_type: VOTER last_known_addr { host: "aserbin-kudu-jepsen-ts-3.gce.cloudera.com" port: 7050 } }
I0109 07:21:25.941777 29930 leader_election.cc:215] T 9e99b710634a44f4a948132a5a180600 P 591b1a1d383d4b659d7549653f4f136e [CANDIDATE]: Term 7 pre-election: Requesting pre-vote from peer 710c236995db46699eb9055c19ac506e
I0109 07:21:25.942052 29959 raft_consensus.cc:1691] T 9e99b710634a44f4a948132a5a180600 P 591b1a1d383d4b659d7549653f4f136e [term 6 FOLLOWER]: Leader pre-election vote request: Denying vote to candidate c5a3e756029444b2bf66ee0044f5bc35 for term 7 because replica has last-logged OpId of term: 6 index: 210, which is greater than that of the candidate, which has last-logged OpId of term: 6 index: 209.
W0109 07:21:25.942201 29959 rpcz_store.cc:234] Call kudu.consensus.ConsensusService.RequestConsensusVote from 172.31.112.255:41921 (request call id 1) took 131ms (client timeout 150).
W0109 07:21:25.942260 29959 rpcz_store.cc:238] Trace: 0109 07:21:25.810616 (+ 0us) service_pool.cc:143] Inserting onto call queue 0109 07:21:25.810626 (+ 10us) service_pool.cc:202] Handling call 0109 07:21:25.942172 (+131546us) spinlock_profiling.cc:255] Waited 131 ms on lock 0x45ff300. stack: 0000000001a20b21 00000000009d8b77 00000000007e48af 0000000000a8971f 0000000000a8a342 0000000001a2dc19 00007fc75718d0a3 00007fc755a1d87c ffffffffffffffff 0109 07:21:25.942189 (+ 17us) inbound_call.cc:130] Queueing success response Metrics: {"spinlock_wait_cycles":328354560}
I0109 07:21:25.942334 29930 leader_election.cc:215] T 9e99b710634a44f4a948132a5a180600 P 591b1a1d383d4b659d7549653f4f136e [CANDIDATE]: Term 7 pre-election: Requesting pre-vote from peer 1678276a36f849c28459de6b6788965a
I0109 07:21:25.942451 29930 leader_election.cc:215] T 9e99b710634a44f4a948132a5a180600 P 591b1a1d383d4b659d7549653f4f136e [CANDIDATE]: Term 7 pre-election: Requesting pre-vote from peer c5a3e756029444b2bf66ee0044f5bc35
I0109 07:21:25.942525 29930 leader_election.cc:215] T 9e99b710634a44f4a948132a5a180600 P 591b1a1d383d4b659d7549653f4f136e [CANDIDATE]: Term 7 pre-election: Requesting pre-vote from peer 7897578c54854ba0a5af32eb2aa04704
I0109 07:21:25.944577 29882 leader_election.cc:347] T 9e99b710634a44f4a948132a5a180600 P 591b1a1d383d4b659d7549653f4f136e [CANDIDATE]: Term 7 pre-election: Vote granted by peer 710c236995db46699eb9055c19ac506e
I0109 07:21:25.944777 29881 leader_election.cc:347] T 9e99b710634a44f4a948132a5a180600 P 591b1a1d383d4b659d7549653f4f136e [CANDIDATE]: Term 7 pre-election: Vote granted by peer 1678276a36f849c28459de6b6788965a
I0109 07:21:25.944792 29881 leader_election.cc:242] T 9e99b710634a44f4a948132a5a180600 P 591b1a1d383d4b659d7549653f4f136e [CANDIDATE]: Term 7 pre-election: Election decided. Result: candidate won.
I0109 07:21:25.944877 29883 leader_election.cc:347] T 9e99b710634a44f4a948132a5a180600 P 591b1a1d383d4b659d7549653f4f136e [CANDIDATE]: Term 7 pre-election: Vote granted by peer 7897578c54854ba0a5af32eb2aa04704
I0109 07:21:25.945003 30008 raft_consensus.cc:2158] T 9e99b710634a44f4a948132a5a180600 P 591b1a1d383d4b659d7549653f4f136e [term 6 FOLLOWER]: Snoozing failure detection for election timeout plus an additional 0.217s
I0109 07:21:25.945020 30008 raft_consensus.cc:1968] T 9e99b710634a44f4a948132a5a180600 P 591b1a1d383d4b659d7549653f4f136e [term 6 FOLLOWER]: Leader pre-election won for term 7
I0109 07:21:25.945027 30008 raft_consensus.cc:410] T 9e99b710634a44f4a948132a5a180600 P 591b1a1d383d4b659d7549653f4f136e [term 6 FOLLOWER]: Starting leader election (no leader contacted us within the election timeout)
I0109 07:21:25.945036 30008 raft_consensus.cc:2158] T 9e99b710634a44f4a948132a5a180600 P 591b1a1d383d4b659d7549653f4f136e [term 6 FOLLOWER]: Snoozing failure detection for election timeout plus an additional 0.172s
I0109 07:21:25.945042 30008 raft_consensus.cc:2202] T 9e99b710634a44f4a948132a5a180600 P 591b1a1d383d4b659d7549653f4f136e [term 6 FOLLOWER]: Advancing to term 7
I0109 07:21:25.945406 30008 raft_consensus.cc:434] T 9e99b710634a44f4a948132a5a180600 P 591b1a1d383d4b659d7549653f4f136e [term 7 FOLLOWER]: Starting leader election with config: opid_index: -1 OBSOLETE_local: false peers { permanent_uuid: "710c236995db46699eb9055c19ac506e" member_type: VOTER last_known_addr { host: "aserbin-kudu-jepsen-ts-4.gce.cloudera.com" port: 7050 } } peers { permanent_uuid: "1678276a36f849c28459de6b6788965a" member_type: VOTER last_known_addr { host: "aserbin-kudu-jepsen-ts-5.gce.cloudera.com" port: 7050 } } peers { permanent_uuid: "591b1a1d383d4b659d7549653f4f136e" member_type: VOTER last_known_addr { host: "aserbin-kudu-jepsen-ts-2.gce.cloudera.com" port: 7050 } } peers { permanent_uuid: "c5a3e756029444b2bf66ee0044f5bc35" member_type: VOTER last_known_addr { host: "aserbin-kudu-jepsen-ts-1.gce.cloudera.com" port: 7050 } } peers { permanent_uuid: "7897578c54854ba0a5af32eb2aa04704" member_type: VOTER last_known_addr { host: "aserbin-kudu-jepsen-ts-3.gce.cloudera.com" port: 7050 } }
I0109 07:21:26.010327 29880 leader_election.cc:361] T 9e99b710634a44f4a948132a5a180600 P 591b1a1d383d4b659d7549653f4f136e [CANDIDATE]: Term 7 pre-election: Vote denied by peer c5a3e756029444b2bf66ee0044f5bc35. Message: Invalid argument: T 9e99b710634a44f4a948132a5a180600 P c5a3e756029444b2bf66ee0044f5bc35 [term 7 FOLLOWER]: Leader pre-election vote request: Denying vote to candidate 591b1a1d383d4b659d7549653f4f136e in current term 7: Already voted for candidate c5a3e756029444b2bf66ee0044f5bc35 in this term.
I0109 07:21:26.142189 29959 raft_consensus.cc:1674] T 9e99b710634a44f4a948132a5a180600 P 591b1a1d383d4b659d7549653f4f136e [term 7 FOLLOWER]: Leader election vote request: Denying vote to candidate c5a3e756029444b2bf66ee0044f5bc35 in current term 7: Already voted for candidate 591b1a1d383d4b659d7549653f4f136e in this term.
W0109 07:21:26.142326 29959 rpcz_store.cc:234] Call kudu.consensus.ConsensusService.RequestConsensusVote from 172.31.112.255:41921 (request call id 2) took 132ms (client timeout 165).
W0109 07:21:26.142357 29959 rpcz_store.cc:238] Trace: 0109 07:21:26.009882 (+ 0us) service_pool.cc:143] Inserting onto call queue 0109 07:21:26.009908 (+ 26us) service_pool.cc:202] Handling call 0109 07:21:26.142299 (+132391us) spinlock_profiling.cc:255] Waited 132 ms on lock 0x45ff300. stack: 0000000001a20b21 00000000009d8b77 00000000007e48af 0000000000a8971f 0000000000a8a342 0000000001a2dc19 00007fc75718d0a3 00007fc755a1d87c ffffffffffffffff 0109 07:21:26.142311 (+ 12us) inbound_call.cc:130] Queueing success response Metrics: {"spinlock_wait_cycles":330529536}
I0109 07:21:26.142467 30008 leader_election.cc:215] T 9e99b710634a44f4a948132a5a180600 P 591b1a1d383d4b659d7549653f4f136e [CANDIDATE]: Term 7 election: Requesting vote from peer 710c236995db46699eb9055c19ac506e
I0109 07:21:26.142536 30008 leader_election.cc:215] T 9e99b710634a44f4a948132a5a180600 P 591b1a1d383d4b659d7549653f4f136e [CANDIDATE]: Term 7 election: Requesting vote from peer 1678276a36f849c28459de6b6788965a
I0109 07:21:26.142583 30008 leader_election.cc:215] T 9e99b710634a44f4a948132a5a180600 P 591b1a1d383d4b659d7549653f4f136e [CANDIDATE]: Term 7 election: Requesting vote from peer c5a3e756029444b2bf66ee0044f5bc35
I0109 07:21:26.142627 30008 leader_election.cc:215] T 9e99b710634a44f4a948132a5a180600 P 591b1a1d383d4b659d7549653f4f136e [CANDIDATE]: Term 7 election: Requesting vote from peer 7897578c54854ba0a5af32eb2aa04704
I0109 07:21:26.143141 29881 leader_election.cc:361] T 9e99b710634a44f4a948132a5a180600 P 591b1a1d383d4b659d7549653f4f136e [CANDIDATE]: Term 7 election: Vote denied by peer 1678276a36f849c28459de6b6788965a. Message: Invalid argument: T 9e99b710634a44f4a948132a5a180600 P 1678276a36f849c28459de6b6788965a [term 7 FOLLOWER]: Leader election vote request: Denying vote to candidate 591b1a1d383d4b659d7549653f4f136e in current term 7: Already voted for candidate c5a3e756029444b2bf66ee0044f5bc35 in this term.
I0109 07:21:26.143234 29883 leader_election.cc:361] T 9e99b710634a44f4a948132a5a180600 P 591b1a1d383d4b659d7549653f4f136e [CANDIDATE]: Term 7 election: Vote denied by peer 7897578c54854ba0a5af32eb2aa04704. Message: Invalid argument: T 9e99b710634a44f4a948132a5a180600 P 7897578c54854ba0a5af32eb2aa04704 [term 7 FOLLOWER]: Leader election vote request: Denying vote to candidate 591b1a1d383d4b659d7549653f4f136e in current term 7: Already voted for candidate c5a3e756029444b2bf66ee0044f5bc35 in this term.
I0109 07:21:26.143582 29882 leader_election.cc:347] T 9e99b710634a44f4a948132a5a180600 P 591b1a1d383d4b659d7549653f4f136e [CANDIDATE]: Term 7 election: Vote granted by peer 710c236995db46699eb9055c19ac506e
I0109 07:21:26.210288 29880 leader_election.cc:361] T 9e99b710634a44f4a948132a5a180600 P 591b1a1d383d4b659d7549653f4f136e [CANDIDATE]: Term 7 election: Vote denied by peer c5a3e756029444b2bf66ee0044f5bc35. Message: Invalid argument: T 9e99b710634a44f4a948132a5a180600 P c5a3e756029444b2bf66ee0044f5bc35 [term 7 LEADER]: Leader election vote request: Denying vote to candidate 591b1a1d383d4b659d7549653f4f136e for term 7 because replica is either leader or believes a valid leader to be alive.
I0109 07:21:26.210340 29880 leader_election.cc:242] T 9e99b710634a44f4a948132a5a180600 P 591b1a1d383d4b659d7549653f4f136e [CANDIDATE]: Term 7 election: Election decided. Result: candidate lost.
I0109 07:21:26.210464 29959 raft_consensus.cc:915] T 9e99b710634a44f4a948132a5a180600 P 591b1a1d383d4b659d7549653f4f136e [term 7 FOLLOWER]: Refusing update from remote peer c5a3e756029444b2bf66ee0044f5bc35: Log matching property violated. Preceding OpId in replica: term: 6 index: 210. Preceding OpId from leader: term: 7 index: 210. (term mismatch)
I0109 07:21:26.210474 29959 raft_consensus_state.cc:382] T 9e99b710634a44f4a948132a5a180600 P 591b1a1d383d4b659d7549653f4f136e: Aborting all transactions after (but not including) 209
I0109 07:21:26.210481 29959 raft_consensus_state.cc:403] T 9e99b710634a44f4a948132a5a180600 P 591b1a1d383d4b659d7549653f4f136e: Aborting uncommitted WRITE_OP operation due to leader change: 6.210
I0109 07:21:26.210597 30008 raft_consensus.cc:2158] T 9e99b710634a44f4a948132a5a180600 P 591b1a1d383d4b659d7549653f4f136e [term 7 FOLLOWER]: Snoozing failure detection for election timeout plus an additional 0.177s
I0109 07:21:26.210609 30008 raft_consensus.cc:1905] T 9e99b710634a44f4a948132a5a180600 P 591b1a1d383d4b659d7549653f4f136e [term 7 FOLLOWER]: Leader election lost for term 7. Reason: could not achieve majority
I0109 07:21:26.211091 30002 heartbeater.cc:365] Master aserbin-kudu-jepsen-master.gce.cloudera.com:7051 was elected leader, sending a full tablet report...