I0109 07:20:32.824462 29447 raft_consensus.cc:1744] T 9e99b710634a44f4a948132a5a180600 P 591b1a1d383d4b659d7549653f4f136e [term 3 FOLLOWER]: Leader election vote request: Granting yes vote for candidate c5a3e756029444b2bf66ee0044f5bc35 in term 3.
W0109 07:20:32.824615 29447 rpcz_store.cc:234] Call kudu.consensus.ConsensusService.RequestConsensusVote from 172.31.112.255:41899 (request call id 2) took 185ms (client timeout 164).
W0109 07:20:32.824688 29447 rpcz_store.cc:238] Trace: 0109 07:20:32.639029 (+ 0us) service_pool.cc:143] Inserting onto call queue 0109 07:20:32.639052 (+ 23us) service_pool.cc:202] Handling call 0109 07:20:32.824592 (+185540us) spinlock_profiling.cc:255] Waited 185 ms on lock 0x3dbcf70. stack: 0000000001a20b21 00000000009d8b77 00000000007e48af 0000000000a8971f 0000000000a8a342 0000000001a2dc19 00007f2122dae0a3 00007f212163e87c ffffffffffffffff 0109 07:20:32.824600 (+ 8us) inbound_call.cc:130] Queueing success response Metrics: {"spinlock_wait_cycles":462376704}
I0109 07:20:32.824728 29446 raft_consensus.cc:1719] T 9e99b710634a44f4a948132a5a180600 P 591b1a1d383d4b659d7549653f4f136e [term 3 FOLLOWER]: Leader pre-election vote request: Denying vote to candidate 7897578c54854ba0a5af32eb2aa04704 for term 3 because replica is already servicing an update from a current leader or another vote.
I0109 07:20:32.824867 29414 leader_election.cc:215] T 9e99b710634a44f4a948132a5a180600 P 591b1a1d383d4b659d7549653f4f136e [CANDIDATE]: Term 3 pre-election: Requesting pre-vote from peer 710c236995db46699eb9055c19ac506e
I0109 07:20:32.824924 29414 leader_election.cc:215] T 9e99b710634a44f4a948132a5a180600 P 591b1a1d383d4b659d7549653f4f136e [CANDIDATE]: Term 3 pre-election: Requesting pre-vote from peer 1678276a36f849c28459de6b6788965a
I0109 07:20:32.824968 29414 leader_election.cc:215] T 9e99b710634a44f4a948132a5a180600 P 591b1a1d383d4b659d7549653f4f136e [CANDIDATE]: Term 3 pre-election: Requesting pre-vote from peer c5a3e756029444b2bf66ee0044f5bc35
I0109 07:20:32.825021 29414 leader_election.cc:215] T 9e99b710634a44f4a948132a5a180600 P 591b1a1d383d4b659d7549653f4f136e [CANDIDATE]: Term 3 pre-election: Requesting pre-vote from peer 7897578c54854ba0a5af32eb2aa04704
I0109 07:20:32.825469 29370 leader_election.cc:361] T 9e99b710634a44f4a948132a5a180600 P 591b1a1d383d4b659d7549653f4f136e [CANDIDATE]: Term 3 pre-election: Vote denied by peer 1678276a36f849c28459de6b6788965a. Message: Invalid argument: T 9e99b710634a44f4a948132a5a180600 P 1678276a36f849c28459de6b6788965a [term 3 FOLLOWER]: Leader pre-election vote request: Denying vote to candidate 591b1a1d383d4b659d7549653f4f136e in current term 3: Already voted for candidate c5a3e756029444b2bf66ee0044f5bc35 in this term.
I0109 07:20:32.825506 29372 leader_election.cc:361] T 9e99b710634a44f4a948132a5a180600 P 591b1a1d383d4b659d7549653f4f136e [CANDIDATE]: Term 3 pre-election: Vote denied by peer 7897578c54854ba0a5af32eb2aa04704. Message: Invalid argument: T 9e99b710634a44f4a948132a5a180600 P 7897578c54854ba0a5af32eb2aa04704 [term 3 FOLLOWER]: Leader pre-election vote request: Denying vote to candidate 591b1a1d383d4b659d7549653f4f136e in current term 3: Already voted for candidate c5a3e756029444b2bf66ee0044f5bc35 in this term.
I0109 07:20:32.825805 29446 raft_consensus.cc:1674] T 9e99b710634a44f4a948132a5a180600 P 591b1a1d383d4b659d7549653f4f136e [term 3 FOLLOWER]: Leader pre-election vote request: Denying vote to candidate 1678276a36f849c28459de6b6788965a in current term 3: Already voted for candidate c5a3e756029444b2bf66ee0044f5bc35 in this term.
I0109 07:20:32.836242 29446 raft_consensus.cc:2158] T 9e99b710634a44f4a948132a5a180600 P 591b1a1d383d4b659d7549653f4f136e [term 3 FOLLOWER]: Snoozing failure detection for election timeout plus an additional 0.271s
I0109 07:20:32.836305 29446 raft_consensus.cc:1744] T 9e99b710634a44f4a948132a5a180600 P 591b1a1d383d4b659d7549653f4f136e [term 3 FOLLOWER]: Leader pre-election vote request: Granting yes vote for candidate c5a3e756029444b2bf66ee0044f5bc35 in term 3.
I0109 07:20:32.836369 29369 leader_election.cc:361] T 9e99b710634a44f4a948132a5a180600 P 591b1a1d383d4b659d7549653f4f136e [CANDIDATE]: Term 3 pre-election: Vote denied by peer c5a3e756029444b2bf66ee0044f5bc35. Message: Service unavailable: T 9e99b710634a44f4a948132a5a180600 P c5a3e756029444b2bf66ee0044f5bc35 [term 3 FOLLOWER]: Leader pre-election vote request: Denying vote to candidate 591b1a1d383d4b659d7549653f4f136e for term 3 because replica is already servicing an update from a current leader or another vote.
I0109 07:20:32.836382 29369 leader_election.cc:242] T 9e99b710634a44f4a948132a5a180600 P 591b1a1d383d4b659d7549653f4f136e [CANDIDATE]: Term 3 pre-election: Election decided. Result: candidate lost.
I0109 07:20:32.836661 29507 raft_consensus.cc:2158] T 9e99b710634a44f4a948132a5a180600 P 591b1a1d383d4b659d7549653f4f136e [term 3 FOLLOWER]: Snoozing failure detection for election timeout plus an additional 0.457s
I0109 07:20:32.836678 29507 raft_consensus.cc:1905] T 9e99b710634a44f4a948132a5a180600 P 591b1a1d383d4b659d7549653f4f136e [term 3 FOLLOWER]: Leader pre-election lost for term 3. Reason: could not achieve majority
W0109 07:20:33.142796 29371 leader_election.cc:271] T 9e99b710634a44f4a948132a5a180600 P 591b1a1d383d4b659d7549653f4f136e [CANDIDATE]: Term 3 pre-election: RPC error from VoteRequest() call to peer 710c236995db46699eb9055c19ac506e: Timed out: RequestConsensusVote RPC to 172.31.114.38:7050 timed out after 0.317s (SENT)
I0109 07:20:33.469704 29414 raft_consensus.cc:410] T 9e99b710634a44f4a948132a5a180600 P 591b1a1d383d4b659d7549653f4f136e [term 3 FOLLOWER]: Starting pre-election (no leader contacted us within the election timeout)
I0109 07:20:33.469785 29414 raft_consensus.cc:2158] T 9e99b710634a44f4a948132a5a180600 P 591b1a1d383d4b659d7549653f4f136e [term 3 FOLLOWER]: Snoozing failure detection for election timeout plus an additional 0.444s
I0109 07:20:33.469852 29414 raft_consensus.cc:434] T 9e99b710634a44f4a948132a5a180600 P 591b1a1d383d4b659d7549653f4f136e [term 3 FOLLOWER]: Starting pre-election with config: opid_index: -1 OBSOLETE_local: false peers { permanent_uuid: "710c236995db46699eb9055c19ac506e" member_type: VOTER last_known_addr { host: "aserbin-kudu-jepsen-ts-4.gce.cloudera.com" port: 7050 } } peers { permanent_uuid: "1678276a36f849c28459de6b6788965a" member_type: VOTER last_known_addr { host: "aserbin-kudu-jepsen-ts-5.gce.cloudera.com" port: 7050 } } peers { permanent_uuid: "591b1a1d383d4b659d7549653f4f136e" member_type: VOTER last_known_addr { host: "aserbin-kudu-jepsen-ts-2.gce.cloudera.com" port: 7050 } } peers { permanent_uuid: "c5a3e756029444b2bf66ee0044f5bc35" member_type: VOTER last_known_addr { host: "aserbin-kudu-jepsen-ts-1.gce.cloudera.com" port: 7050 } } peers { permanent_uuid: "7897578c54854ba0a5af32eb2aa04704" member_type: VOTER last_known_addr { host: "aserbin-kudu-jepsen-ts-3.gce.cloudera.com" port: 7050 } }
I0109 07:20:33.665841 29446 raft_consensus.cc:2158] T 9e99b710634a44f4a948132a5a180600 P 591b1a1d383d4b659d7549653f4f136e [term 3 FOLLOWER]: Snoozing failure detection for election timeout plus an additional 0.705s
I0109 07:20:33.665889 29446 raft_consensus.cc:1744] T 9e99b710634a44f4a948132a5a180600 P 591b1a1d383d4b659d7549653f4f136e [term 3 FOLLOWER]: Leader pre-election vote request: Granting yes vote for candidate 1678276a36f849c28459de6b6788965a in term 3.
I0109 07:20:33.665983 29447 raft_consensus.cc:1719] T 9e99b710634a44f4a948132a5a180600 P 591b1a1d383d4b659d7549653f4f136e [term 3 FOLLOWER]: Leader pre-election vote request: Denying vote to candidate 7897578c54854ba0a5af32eb2aa04704 for term 4 because replica is already servicing an update from a current leader or another vote.
I0109 07:20:33.666147 29414 leader_election.cc:215] T 9e99b710634a44f4a948132a5a180600 P 591b1a1d383d4b659d7549653f4f136e [CANDIDATE]: Term 4 pre-election: Requesting pre-vote from peer 710c236995db46699eb9055c19ac506e
I0109 07:20:33.666227 29414 leader_election.cc:215] T 9e99b710634a44f4a948132a5a180600 P 591b1a1d383d4b659d7549653f4f136e [CANDIDATE]: Term 4 pre-election: Requesting pre-vote from peer 1678276a36f849c28459de6b6788965a
I0109 07:20:33.666272 29414 leader_election.cc:215] T 9e99b710634a44f4a948132a5a180600 P 591b1a1d383d4b659d7549653f4f136e [CANDIDATE]: Term 4 pre-election: Requesting pre-vote from peer c5a3e756029444b2bf66ee0044f5bc35
I0109 07:20:33.666345 29414 leader_election.cc:215] T 9e99b710634a44f4a948132a5a180600 P 591b1a1d383d4b659d7549653f4f136e [CANDIDATE]: Term 4 pre-election: Requesting pre-vote from peer 7897578c54854ba0a5af32eb2aa04704
I0109 07:20:33.666785 29372 leader_election.cc:361] T 9e99b710634a44f4a948132a5a180600 P 591b1a1d383d4b659d7549653f4f136e [CANDIDATE]: Term 4 pre-election: Vote denied by peer 7897578c54854ba0a5af32eb2aa04704. Message: Invalid argument: T 9e99b710634a44f4a948132a5a180600 P 7897578c54854ba0a5af32eb2aa04704 [term 3 FOLLOWER]: Leader pre-election vote request: Denying vote to candidate 591b1a1d383d4b659d7549653f4f136e for term 4 because replica has last-logged OpId of term: 1 index: 48, which is greater than that of the candidate, which has last-logged OpId of term: 1 index: 46.
I0109 07:20:33.666860 29370 leader_election.cc:361] T 9e99b710634a44f4a948132a5a180600 P 591b1a1d383d4b659d7549653f4f136e [CANDIDATE]: Term 4 pre-election: Vote denied by peer 1678276a36f849c28459de6b6788965a. Message: Invalid argument: T 9e99b710634a44f4a948132a5a180600 P 1678276a36f849c28459de6b6788965a [term 3 FOLLOWER]: Leader pre-election vote request: Denying vote to candidate 591b1a1d383d4b659d7549653f4f136e for term 4 because replica has last-logged OpId of term: 1 index: 49, which is greater than that of the candidate, which has last-logged OpId of term: 1 index: 46.
I0109 07:20:33.864814 29447 raft_consensus.cc:2202] T 9e99b710634a44f4a948132a5a180600 P 591b1a1d383d4b659d7549653f4f136e [term 3 FOLLOWER]: Advancing to term 4
I0109 07:20:33.864912 29447 raft_consensus.cc:2158] T 9e99b710634a44f4a948132a5a180600 P 591b1a1d383d4b659d7549653f4f136e [term 4 FOLLOWER]: Snoozing failure detection for election timeout plus an additional 0.386s
I0109 07:20:33.865278 29447 raft_consensus.cc:1744] T 9e99b710634a44f4a948132a5a180600 P 591b1a1d383d4b659d7549653f4f136e [term 4 FOLLOWER]: Leader election vote request: Granting yes vote for candidate 1678276a36f849c28459de6b6788965a in term 4.
I0109 07:20:34.106195 29447 raft_consensus.cc:915] T 9e99b710634a44f4a948132a5a180600 P 591b1a1d383d4b659d7549653f4f136e [term 4 FOLLOWER]: Refusing update from remote peer 1678276a36f849c28459de6b6788965a: Log matching property violated. Preceding OpId in replica: term: 1 index: 46. Preceding OpId from leader: term: 4 index: 50. (index mismatch)
W0109 07:20:34.110288 29371 leader_election.cc:271] T 9e99b710634a44f4a948132a5a180600 P 591b1a1d383d4b659d7549653f4f136e [CANDIDATE]: Term 4 pre-election: RPC error from VoteRequest() call to peer 710c236995db46699eb9055c19ac506e: Timed out: RequestConsensusVote RPC to 172.31.114.38:7050 timed out after 0.444s (SENT)
I0109 07:20:34.110328 29371 leader_election.cc:242] T 9e99b710634a44f4a948132a5a180600 P 591b1a1d383d4b659d7549653f4f136e [CANDIDATE]: Term 4 pre-election: Election decided. Result: candidate lost.
I0109 07:20:34.110378 29509 raft_consensus.cc:2158] T 9e99b710634a44f4a948132a5a180600 P 591b1a1d383d4b659d7549653f4f136e [term 4 FOLLOWER]: Snoozing failure detection for election timeout plus an additional 0.215s
I0109 07:20:34.110390 29509 raft_consensus.cc:1905] T 9e99b710634a44f4a948132a5a180600 P 591b1a1d383d4b659d7549653f4f136e [term 4 FOLLOWER]: Leader pre-election lost for term 4. Reason: could not achieve majority
W0109 07:20:34.110554 29369 leader_election.cc:271] T 9e99b710634a44f4a948132a5a180600 P 591b1a1d383d4b659d7549653f4f136e [CANDIDATE]: Term 4 pre-election: RPC error from VoteRequest() call to peer c5a3e756029444b2bf66ee0044f5bc35: Timed out: RequestConsensusVote RPC to 172.31.112.255:7050 timed out after 0.444s (SENT)
I0109 07:20:36.685364 29447 raft_consensus.cc:884] T 9e99b710634a44f4a948132a5a180600 P 591b1a1d383d4b659d7549653f4f136e [term 4 FOLLOWER]: Rejecting Update request from peer 710c236995db46699eb9055c19ac506e for earlier term 2. Current term is 4. Ops: []
I0109 07:20:37.429045 29414 raft_consensus.cc:410] T 9e99b710634a44f4a948132a5a180600 P 591b1a1d383d4b659d7549653f4f136e [term 4 FOLLOWER]: Starting pre-election (detected failure of leader 1678276a36f849c28459de6b6788965a)
I0109 07:20:37.429118 29414 raft_consensus.cc:2158] T 9e99b710634a44f4a948132a5a180600 P 591b1a1d383d4b659d7549653f4f136e [term 4 FOLLOWER]: Snoozing failure detection for election timeout plus an additional 0.313s
I0109 07:20:37.429184 29414 raft_consensus.cc:434] T 9e99b710634a44f4a948132a5a180600 P 591b1a1d383d4b659d7549653f4f136e [term 4 FOLLOWER]: Starting pre-election with config: opid_index: -1 OBSOLETE_local: false peers { permanent_uuid: "710c236995db46699eb9055c19ac506e" member_type: VOTER last_known_addr { host: "aserbin-kudu-jepsen-ts-4.gce.cloudera.com" port: 7050 } } peers { permanent_uuid: "1678276a36f849c28459de6b6788965a" member_type: VOTER last_known_addr { host: "aserbin-kudu-jepsen-ts-5.gce.cloudera.com" port: 7050 } } peers { permanent_uuid: "591b1a1d383d4b659d7549653f4f136e" member_type: VOTER last_known_addr { host: "aserbin-kudu-jepsen-ts-2.gce.cloudera.com" port: 7050 } } peers { permanent_uuid: "c5a3e756029444b2bf66ee0044f5bc35" member_type: VOTER last_known_addr { host: "aserbin-kudu-jepsen-ts-1.gce.cloudera.com" port: 7050 } } peers { permanent_uuid: "7897578c54854ba0a5af32eb2aa04704" member_type: VOTER last_known_addr { host: "aserbin-kudu-jepsen-ts-3.gce.cloudera.com" port: 7050 } }
I0109 07:20:43.632985 29530 tablet_server_main.cc:56] Tablet server non-default flags: --raft_heartbeat_interval_ms=50 --fs_data_dirs=/var/lib/kudu/tserver --fs_wal_dir=/var/lib/kudu/tserver --tserver_master_addrs=aserbin-kudu-jepsen-master.gce.cloudera.com:7051 --heap_profile_path=/tmp/kudu-tserver.29530 --unlock_experimental_flags=true --unlock_unsafe_flags=true --flagfile=/etc/kudu/conf/tserver.gflagfile --log_dir=/var/log/kudu --logtostderr=true Tablet server version: kudu 1.3.0-SNAPSHOT revision 3a23b058af0f4de04f8827255de405fff7bf9ee1 build type RELEASE built by jenkins at 09 Jan 2017 06:07:18 PST on aserbin-kudu-jepsen-control-node-debian8.gce.cloudera.com build id 2017-01-09_06-07-06
I0109 07:20:43.633153 29530 mem_tracker.cc:140] MemTracker: hard memory limit is 0.464404 GB
I0109 07:20:43.633164 29530 mem_tracker.cc:142] MemTracker: soft memory limit is 0.278643 GB
I0109 07:20:43.634373 29530 tablet_server_main.cc:63] Initializing tablet server...
I0109 07:20:43.684483 29530 hybrid_clock.cc:177] HybridClock initialized. Resolution in nanos?: 1 Wait times tolerance adjustment: 1.0005 Current error: 916540
I0109 07:20:43.685277 29530 env_posix.cc:1286] Not raising process file limit of 65536; it is already as high as it can go
I0109 07:20:43.685309 29530 file_cache.cc:401] Constructed file cache lbm with capacity 32768
I0109 07:20:43.686338 29530 fs_manager.cc:251] Opened local filesystem: /var/lib/kudu/tserver uuid: "591b1a1d383d4b659d7549653f4f136e" format_stamp: "Formatted at 2017-01-09 15:20:10 on aserbin-kudu-jepsen-ts-2"
I0109 07:20:43.689476 29530 ts_tablet_manager.cc:701] Loading metadata for tablet 9e99b710634a44f4a948132a5a180600
I0109 07:20:43.689725 29530 ts_tablet_manager.cc:863] Registered tablet 9e99b710634a44f4a948132a5a180600
I0109 07:20:43.689885 29544 ts_tablet_manager.cc:725] T 9e99b710634a44f4a948132a5a180600 P 591b1a1d383d4b659d7549653f4f136e: Bootstrapping tablet
I0109 07:20:43.690079 29544 tablet_bootstrap.cc:381] T 9e99b710634a44f4a948132a5a180600 P 591b1a1d383d4b659d7549653f4f136e: Bootstrap starting.
I0109 07:20:43.690331 29544 tablet_bootstrap.cc:540] T 9e99b710634a44f4a948132a5a180600 P 591b1a1d383d4b659d7549653f4f136e: Time spent opening tablet: real 0.000s user 0.000s sys 0.000s
I0109 07:20:43.690433 29544 tablet_bootstrap.cc:596] T 9e99b710634a44f4a948132a5a180600 P 591b1a1d383d4b659d7549653f4f136e: Will attempt to recover log segment /var/lib/kudu/tserver/wals/9e99b710634a44f4a948132a5a180600/wal-000000001 to /var/lib/kudu/tserver/wals/9e99b710634a44f4a948132a5a180600.recovery/wal-000000001
I0109 07:20:43.690445 29544 tablet_bootstrap.cc:604] T 9e99b710634a44f4a948132a5a180600 P 591b1a1d383d4b659d7549653f4f136e: Moving log directory /var/lib/kudu/tserver/wals/9e99b710634a44f4a948132a5a180600 to recovery directory /var/lib/kudu/tserver/wals/9e99b710634a44f4a948132a5a180600.recovery in preparation for log replay
I0109 07:20:43.690615 29544 log_util.cc:315] Log segment /var/lib/kudu/tserver/wals/9e99b710634a44f4a948132a5a180600.recovery/wal-000000001 has no footer. This segment was likely being written when the server previously shut down.
I0109 07:20:43.690625 29544 log_reader.cc:160] Log segment /var/lib/kudu/tserver/wals/9e99b710634a44f4a948132a5a180600.recovery/wal-000000001 was likely left in-progress after a previous crash. Will try to rebuild footer by scanning data.
I0109 07:20:43.692191 29530 tablet_server_main.cc:66] Starting tablet server...
I0109 07:20:43.693543 29544 log_util.cc:569] Scanning /var/lib/kudu/tserver/wals/9e99b710634a44f4a948132a5a180600.recovery/wal-000000001 for valid entry headers following offset 13788...
I0109 07:20:43.760820 29544 log_util.cc:606] Found no log entry headers
I0109 07:20:43.760960 29544 log_util.cc:218] Ignoring log segment corruption in /var/lib/kudu/tserver/wals/9e99b710634a44f4a948132a5a180600.recovery/wal-000000001 because there are no log entries following the corrupted one. The server probably crashed in the middle of writing an entry to the write-ahead log or downloaded an active log via tablet copy. Error detail: Corruption: CRC mismatch in log entry header: Log file corruption detected. Failed trying to read batch #0 at offset 13776 for log segment /var/lib/kudu/tserver/wals/9e99b710634a44f4a948132a5a180600.recovery/wal-000000001: Prior entries: [off=13511 REPLICATE (4.60)] [off=13545 COMMIT (4.60)] [off=13742 REPLICATE (4.61)] [off=13776 COMMIT (4.61)]
I0109 07:20:43.760980 29544 log_util.cc:368] Successfully rebuilt footer for segment: /var/lib/kudu/tserver/wals/9e99b710634a44f4a948132a5a180600.recovery/wal-000000001 (valid entries through byte offset 13776)
I0109 07:20:43.761049 29544 tablet.cc:983] T 9e99b710634a44f4a948132a5a180600 Rewinding schema during bootstrap to Schema [ 0:key[string NOT NULL], 1:value[int32 NOT NULL] ]
I0109 07:20:43.761324 29544 log.cc:351] Log is configured to *not* fsync() on all Append() calls
I0109 07:20:43.765453 29544 tablet_bootstrap.cc:381] T 9e99b710634a44f4a948132a5a180600 P 591b1a1d383d4b659d7549653f4f136e: Bootstrap replayed 1/1 log segments. Stats: ops{read=61 overwritten=0 applied=61 ignored=0} inserts{seen=59 ignored=0} mutations{seen=0 ignored=0} orphaned_commits=0. Pending: 0 replicates
I0109 07:20:43.765478 29544 tablet_bootstrap.cc:1017] T 9e99b710634a44f4a948132a5a180600 P 591b1a1d383d4b659d7549653f4f136e: ReplayState: Previous OpId: 4.61, Committed OpId: 4.61, Pending Replicates: 0, Pending Commits: 0
I0109 07:20:43.766199 29544 tablet_bootstrap.cc:633] T 9e99b710634a44f4a948132a5a180600 P 591b1a1d383d4b659d7549653f4f136e: Preparing to delete log recovery files and directory /var/lib/kudu/tserver/wals/9e99b710634a44f4a948132a5a180600.recovery
I0109 07:20:43.766274 29544 tablet_bootstrap.cc:636] T 9e99b710634a44f4a948132a5a180600 P 591b1a1d383d4b659d7549653f4f136e: Renaming log recovery dir from /var/lib/kudu/tserver/wals/9e99b710634a44f4a948132a5a180600.recovery to /var/lib/kudu/tserver/wals/9e99b710634a44f4a948132a5a180600.recovery-1483975243766270
I0109 07:20:43.766314 29544 tablet_bootstrap.cc:646] T 9e99b710634a44f4a948132a5a180600 P 591b1a1d383d4b659d7549653f4f136e: Deleting all files from renamed log recovery directory /var/lib/kudu/tserver/wals/9e99b710634a44f4a948132a5a180600.recovery-1483975243766270
I0109 07:20:43.766446 29544 tablet_bootstrap.cc:649] T 9e99b710634a44f4a948132a5a180600 P 591b1a1d383d4b659d7549653f4f136e: Completed deletion of old log recovery files and directory /var/lib/kudu/tserver/wals/9e99b710634a44f4a948132a5a180600.recovery-1483975243766270
I0109 07:20:43.766458 29544 tablet_bootstrap.cc:381] T 9e99b710634a44f4a948132a5a180600 P 591b1a1d383d4b659d7549653f4f136e: Bootstrap complete.
I0109 07:20:43.773864 29544 ts_tablet_manager.cc:730] T 9e99b710634a44f4a948132a5a180600 P 591b1a1d383d4b659d7549653f4f136e: Time spent bootstrapping tablet: real 0.084s user 0.016s sys 0.028s
I0109 07:20:43.774377 29544 raft_consensus.cc:287] T 9e99b710634a44f4a948132a5a180600 P 591b1a1d383d4b659d7549653f4f136e [term 4 FOLLOWER]: Replica starting. Triggering 0 pending transactions. Active config: opid_index: -1 OBSOLETE_local: false peers { permanent_uuid: "710c236995db46699eb9055c19ac506e" member_type: VOTER last_known_addr { host: "aserbin-kudu-jepsen-ts-4.gce.cloudera.com" port: 7050 } } peers { permanent_uuid: "1678276a36f849c28459de6b6788965a" member_type: VOTER last_known_addr { host: "aserbin-kudu-jepsen-ts-5.gce.cloudera.com" port: 7050 } } peers { permanent_uuid: "591b1a1d383d4b659d7549653f4f136e" member_type: VOTER last_known_addr { host: "aserbin-kudu-jepsen-ts-2.gce.cloudera.com" port: 7050 } } peers { permanent_uuid: "c5a3e756029444b2bf66ee0044f5bc35" member_type: VOTER last_known_addr { host: "aserbin-kudu-jepsen-ts-1.gce.cloudera.com" port: 7050 } } peers { permanent_uuid: "7897578c54854ba0a5af32eb2aa04704" member_type: VOTER last_known_addr { host: "aserbin-kudu-jepsen-ts-3.gce.cloudera.com" port: 7050 } }
I0109 07:20:43.774406 29544 raft_consensus.cc:547] T 9e99b710634a44f4a948132a5a180600 P 591b1a1d383d4b659d7549653f4f136e [term 4 FOLLOWER]: Becoming Follower/Learner. State: Replica: 591b1a1d383d4b659d7549653f4f136e, State: 1, Role: FOLLOWER
I0109 07:20:43.774420 29544 consensus_queue.cc:175] T 9e99b710634a44f4a948132a5a180600 P 591b1a1d383d4b659d7549653f4f136e [NON_LEADER]: Queue going to NON_LEADER mode. State: All replicated index: 0, Majority replicated index: 0, Committed index: 61, Last appended: 4.61, Current term: 0, Majority size: -1, State: 1, Mode: NON_LEADER
I0109 07:20:43.774602 29544 ts_tablet_manager.cc:757] T 9e99b710634a44f4a948132a5a180600 P 591b1a1d383d4b659d7549653f4f136e: Time spent starting tablet: real 0.001s user 0.000s sys 0.000s
I0109 07:20:43.782438 29530 rpc_server.cc:164] RPC server started. Bound to: 0.0.0.0:7050
I0109 07:20:43.782519 29530 webserver.cc:126] Starting webserver on 0.0.0.0:8050
I0109 07:20:43.782528 29530 webserver.cc:137] Document root disabled
I0109 07:20:43.782721 29530 webserver.cc:221] Webserver started. Bound to: http://0.0.0.0:8050/
I0109 07:20:43.783107 29530 tablet_server_main.cc:69] Tablet server successfully started.
I0109 07:20:43.840617 29660 heartbeater.cc:292] Connected to a master server at aserbin-kudu-jepsen-master.gce.cloudera.com:7051
I0109 07:20:43.840664 29660 heartbeater.cc:359] Registering TS with master...
I0109 07:20:43.840807 29660 heartbeater.cc:373] Master aserbin-kudu-jepsen-master.gce.cloudera.com:7051 requested a full tablet report, sending...
I0109 07:20:43.981036 29583 raft_consensus.cc:410] T 9e99b710634a44f4a948132a5a180600 P 591b1a1d383d4b659d7549653f4f136e [term 4 FOLLOWER]: Starting pre-election (no leader contacted us within the election timeout)
I0109 07:20:43.981123 29583 raft_consensus.cc:2158] T 9e99b710634a44f4a948132a5a180600 P 591b1a1d383d4b659d7549653f4f136e [term 4 FOLLOWER]: Snoozing failure detection for election timeout plus an additional 0.215s
I0109 07:20:43.981206 29583 raft_consensus.cc:434] T 9e99b710634a44f4a948132a5a180600 P 591b1a1d383d4b659d7549653f4f136e [term 4 FOLLOWER]: Starting pre-election with config: opid_index: -1 OBSOLETE_local: false peers { permanent_uuid: "710c236995db46699eb9055c19ac506e" member_type: VOTER last_known_addr { host: "aserbin-kudu-jepsen-ts-4.gce.cloudera.com" port: 7050 } } peers { permanent_uuid: "1678276a36f849c28459de6b6788965a" member_type: VOTER last_known_addr { host: "aserbin-kudu-jepsen-ts-5.gce.cloudera.com" port: 7050 } } peers { permanent_uuid: "591b1a1d383d4b659d7549653f4f136e" member_type: VOTER last_known_addr { host: "aserbin-kudu-jepsen-ts-2.gce.cloudera.com" port: 7050 } } peers { permanent_uuid: "c5a3e756029444b2bf66ee0044f5bc35" member_type: VOTER last_known_addr { host: "aserbin-kudu-jepsen-ts-1.gce.cloudera.com" port: 7050 } } peers { permanent_uuid: "7897578c54854ba0a5af32eb2aa04704" member_type: VOTER last_known_addr { host: "aserbin-kudu-jepsen-ts-3.gce.cloudera.com" port: 7050 } }
I0109 07:20:44.179824 29583 leader_election.cc:215] T 9e99b710634a44f4a948132a5a180600 P 591b1a1d383d4b659d7549653f4f136e [CANDIDATE]: Term 5 pre-election: Requesting pre-vote from peer 710c236995db46699eb9055c19ac506e
I0109 07:20:44.180078 29583 leader_election.cc:215] T 9e99b710634a44f4a948132a5a180600 P 591b1a1d383d4b659d7549653f4f136e [CANDIDATE]: Term 5 pre-election: Requesting pre-vote from peer 1678276a36f849c28459de6b6788965a
I0109 07:20:44.180203 29583 leader_election.cc:215] T 9e99b710634a44f4a948132a5a180600 P 591b1a1d383d4b659d7549653f4f136e [CANDIDATE]: Term 5 pre-election: Requesting pre-vote from peer c5a3e756029444b2bf66ee0044f5bc35
I0109 07:20:44.180289 29583 leader_election.cc:215] T 9e99b710634a44f4a948132a5a180600 P 591b1a1d383d4b659d7549653f4f136e [CANDIDATE]: Term 5 pre-election: Requesting pre-vote from peer 7897578c54854ba0a5af32eb2aa04704
W0109 07:20:44.181008 29541 leader_election.cc:271] T 9e99b710634a44f4a948132a5a180600 P 591b1a1d383d4b659d7549653f4f136e [CANDIDATE]: Term 5 pre-election: RPC error from VoteRequest() call to peer 710c236995db46699eb9055c19ac506e: Network error: Client connection negotiation failed: client connection to 172.31.114.38:7050: connect: Connection refused (error 111)
W0109 07:20:44.181331 29540 leader_election.cc:271] T 9e99b710634a44f4a948132a5a180600 P 591b1a1d383d4b659d7549653f4f136e [CANDIDATE]: Term 5 pre-election: RPC error from VoteRequest() call to peer 1678276a36f849c28459de6b6788965a: Network error: Client connection negotiation failed: client connection to 172.31.114.39:7050: connect: Connection refused (error 111)
W0109 07:20:44.181382 29542 leader_election.cc:271] T 9e99b710634a44f4a948132a5a180600 P 591b1a1d383d4b659d7549653f4f136e [CANDIDATE]: Term 5 pre-election: RPC error from VoteRequest() call to peer 7897578c54854ba0a5af32eb2aa04704: Network error: Client connection negotiation failed: client connection to 172.31.114.37:7050: connect: Connection refused (error 111)
I0109 07:20:44.181393 29542 leader_election.cc:242] T 9e99b710634a44f4a948132a5a180600 P 591b1a1d383d4b659d7549653f4f136e [CANDIDATE]: Term 5 pre-election: Election decided. Result: candidate lost.
I0109 07:20:44.181548 29666 raft_consensus.cc:2158] T 9e99b710634a44f4a948132a5a180600 P 591b1a1d383d4b659d7549653f4f136e [term 4 FOLLOWER]: Snoozing failure detection for election timeout plus an additional 0.176s
I0109 07:20:44.181565 29666 raft_consensus.cc:1905] T 9e99b710634a44f4a948132a5a180600 P 591b1a1d383d4b659d7549653f4f136e [term 4 FOLLOWER]: Leader pre-election lost for term 5. Reason: could not achieve majority
I0109 07:20:44.182471 29539 leader_election.cc:347] T 9e99b710634a44f4a948132a5a180600 P 591b1a1d383d4b659d7549653f4f136e [CANDIDATE]: Term 5 pre-election: Vote granted by peer c5a3e756029444b2bf66ee0044f5bc35
I0109 07:20:44.507603 29583 raft_consensus.cc:410] T 9e99b710634a44f4a948132a5a180600 P 591b1a1d383d4b659d7549653f4f136e [term 4 FOLLOWER]: Starting pre-election (no leader contacted us within the election timeout)
I0109 07:20:44.507686 29583 raft_consensus.cc:2158] T 9e99b710634a44f4a948132a5a180600 P 591b1a1d383d4b659d7549653f4f136e [term 4 FOLLOWER]: Snoozing failure detection for election timeout plus an additional 0.198s
I0109 07:20:44.507753 29583 raft_consensus.cc:434] T 9e99b710634a44f4a948132a5a180600 P 591b1a1d383d4b659d7549653f4f136e [term 4 FOLLOWER]: Starting pre-election with config: opid_index: -1 OBSOLETE_local: false peers { permanent_uuid: "710c236995db46699eb9055c19ac506e" member_type: VOTER last_known_addr { host: "aserbin-kudu-jepsen-ts-4.gce.cloudera.com" port: 7050 } } peers { permanent_uuid: "1678276a36f849c28459de6b6788965a" member_type: VOTER last_known_addr { host: "aserbin-kudu-jepsen-ts-5.gce.cloudera.com" port: 7050 } } peers { permanent_uuid: "591b1a1d383d4b659d7549653f4f136e" member_type: VOTER last_known_addr { host: "aserbin-kudu-jepsen-ts-2.gce.cloudera.com" port: 7050 } } peers { permanent_uuid: "c5a3e756029444b2bf66ee0044f5bc35" member_type: VOTER last_known_addr { host: "aserbin-kudu-jepsen-ts-1.gce.cloudera.com" port: 7050 } } peers { permanent_uuid: "7897578c54854ba0a5af32eb2aa04704" member_type: VOTER last_known_addr { host: "aserbin-kudu-jepsen-ts-3.gce.cloudera.com" port: 7050 } }
I0109 07:20:44.704118 29617 raft_consensus.cc:2158] T 9e99b710634a44f4a948132a5a180600 P 591b1a1d383d4b659d7549653f4f136e [term 4 FOLLOWER]: Snoozing failure detection for election timeout plus an additional 0.225s
I0109 07:20:44.704174 29617 raft_consensus.cc:1744] T 9e99b710634a44f4a948132a5a180600 P 591b1a1d383d4b659d7549653f4f136e [term 4 FOLLOWER]: Leader pre-election vote request: Granting yes vote for candidate 710c236995db46699eb9055c19ac506e in term 4.
I0109 07:20:44.704411 29583 leader_election.cc:215] T 9e99b710634a44f4a948132a5a180600 P 591b1a1d383d4b659d7549653f4f136e [CANDIDATE]: Term 5 pre-election: Requesting pre-vote from peer 710c236995db46699eb9055c19ac506e
I0109 07:20:44.704728 29583 leader_election.cc:215] T 9e99b710634a44f4a948132a5a180600 P 591b1a1d383d4b659d7549653f4f136e [CANDIDATE]: Term 5 pre-election: Requesting pre-vote from peer 1678276a36f849c28459de6b6788965a
I0109 07:20:44.704876 29583 leader_election.cc:215] T 9e99b710634a44f4a948132a5a180600 P 591b1a1d383d4b659d7549653f4f136e [CANDIDATE]: Term 5 pre-election: Requesting pre-vote from peer c5a3e756029444b2bf66ee0044f5bc35
I0109 07:20:44.704931 29583 leader_election.cc:215] T 9e99b710634a44f4a948132a5a180600 P 591b1a1d383d4b659d7549653f4f136e [CANDIDATE]: Term 5 pre-election: Requesting pre-vote from peer 7897578c54854ba0a5af32eb2aa04704
I0109 07:20:44.706470 29540 leader_election.cc:347] T 9e99b710634a44f4a948132a5a180600 P 591b1a1d383d4b659d7549653f4f136e [CANDIDATE]: Term 5 pre-election: Vote granted by peer 1678276a36f849c28459de6b6788965a
I0109 07:20:44.706544 29542 leader_election.cc:347] T 9e99b710634a44f4a948132a5a180600 P 591b1a1d383d4b659d7549653f4f136e [CANDIDATE]: Term 5 pre-election: Vote granted by peer 7897578c54854ba0a5af32eb2aa04704
I0109 07:20:44.706557 29542 leader_election.cc:242] T 9e99b710634a44f4a948132a5a180600 P 591b1a1d383d4b659d7549653f4f136e [CANDIDATE]: Term 5 pre-election: Election decided. Result: candidate won.
I0109 07:20:44.706684 29676 raft_consensus.cc:2158] T 9e99b710634a44f4a948132a5a180600 P 591b1a1d383d4b659d7549653f4f136e [term 4 FOLLOWER]: Snoozing failure detection for election timeout plus an additional 0.217s
I0109 07:20:44.706702 29676 raft_consensus.cc:1968] T 9e99b710634a44f4a948132a5a180600 P 591b1a1d383d4b659d7549653f4f136e [term 4 FOLLOWER]: Leader pre-election won for term 5
I0109 07:20:44.706708 29676 raft_consensus.cc:410] T 9e99b710634a44f4a948132a5a180600 P 591b1a1d383d4b659d7549653f4f136e [term 4 FOLLOWER]: Starting leader election (no leader contacted us within the election timeout)
I0109 07:20:44.706718 29676 raft_consensus.cc:2158] T 9e99b710634a44f4a948132a5a180600 P 591b1a1d383d4b659d7549653f4f136e [term 4 FOLLOWER]: Snoozing failure detection for election timeout plus an additional 0.179s
I0109 07:20:44.706724 29676 raft_consensus.cc:2202] T 9e99b710634a44f4a948132a5a180600 P 591b1a1d383d4b659d7549653f4f136e [term 4 FOLLOWER]: Advancing to term 5
I0109 07:20:44.707118 29676 raft_consensus.cc:434] T 9e99b710634a44f4a948132a5a180600 P 591b1a1d383d4b659d7549653f4f136e [term 5 FOLLOWER]: Starting leader election with config: opid_index: -1 OBSOLETE_local: false peers { permanent_uuid: "710c236995db46699eb9055c19ac506e" member_type: VOTER last_known_addr { host: "aserbin-kudu-jepsen-ts-4.gce.cloudera.com" port: 7050 } } peers { permanent_uuid: "1678276a36f849c28459de6b6788965a" member_type: VOTER last_known_addr { host: "aserbin-kudu-jepsen-ts-5.gce.cloudera.com" port: 7050 } } peers { permanent_uuid: "591b1a1d383d4b659d7549653f4f136e" member_type: VOTER last_known_addr { host: "aserbin-kudu-jepsen-ts-2.gce.cloudera.com" port: 7050 } } peers { permanent_uuid: "c5a3e756029444b2bf66ee0044f5bc35" member_type: VOTER last_known_addr { host: "aserbin-kudu-jepsen-ts-1.gce.cloudera.com" port: 7050 } } peers { permanent_uuid: "7897578c54854ba0a5af32eb2aa04704" member_type: VOTER last_known_addr { host: "aserbin-kudu-jepsen-ts-3.gce.cloudera.com" port: 7050 } }
I0109 07:20:44.736623 29539 leader_election.cc:361] T 9e99b710634a44f4a948132a5a180600 P 591b1a1d383d4b659d7549653f4f136e [CANDIDATE]: Term 5 pre-election: Vote denied by peer c5a3e756029444b2bf66ee0044f5bc35. Message: Service unavailable: T 9e99b710634a44f4a948132a5a180600 P c5a3e756029444b2bf66ee0044f5bc35 [term 4 FOLLOWER]: Leader pre-election vote request: Denying vote to candidate 591b1a1d383d4b659d7549653f4f136e for term 5 because replica is already servicing an update from a current leader or another vote.
I0109 07:20:44.842250 29660 heartbeater.cc:365] Master aserbin-kudu-jepsen-master.gce.cloudera.com:7051 was elected leader, sending a full tablet report...
I0109 07:20:44.902997 29617 raft_consensus.cc:1674] T 9e99b710634a44f4a948132a5a180600 P 591b1a1d383d4b659d7549653f4f136e [term 5 FOLLOWER]: Leader pre-election vote request: Denying vote to candidate c5a3e756029444b2bf66ee0044f5bc35 in current term 5: Already voted for candidate 591b1a1d383d4b659d7549653f4f136e in this term.
W0109 07:20:44.903126 29617 rpcz_store.cc:234] Call kudu.consensus.ConsensusService.RequestConsensusVote from 172.31.112.255:41908 (request call id 1) took 166ms (client timeout 201).
W0109 07:20:44.903177 29617 rpcz_store.cc:238] Trace: 0109 07:20:44.737070 (+ 0us) service_pool.cc:143] Inserting onto call queue 0109 07:20:44.737080 (+ 10us) service_pool.cc:202] Handling call 0109 07:20:44.903097 (+166017us) spinlock_profiling.cc:255] Waited 166 ms on lock 0x3ee6ee0. stack: 0000000001a20b21 00000000009d8b77 00000000007e48af 0000000000a8971f 0000000000a8a342 0000000001a2dc19 00007fe00dade0a3 00007fe00c36e87c ffffffffffffffff 0109 07:20:44.903111 (+ 14us) inbound_call.cc:130] Queueing success response Metrics: {"spinlock_wait_cycles":414651136}
W0109 07:20:44.903450 29541 leader_election.cc:271] T 9e99b710634a44f4a948132a5a180600 P 591b1a1d383d4b659d7549653f4f136e [CANDIDATE]: Term 5 pre-election: RPC error from VoteRequest() call to peer 710c236995db46699eb9055c19ac506e: Timed out: RequestConsensusVote RPC to 172.31.114.38:7050 timed out after 0.198s (SENT)
I0109 07:20:44.903550 29617 raft_consensus.cc:1674] T 9e99b710634a44f4a948132a5a180600 P 591b1a1d383d4b659d7549653f4f136e [term 5 FOLLOWER]: Leader election vote request: Denying vote to candidate 710c236995db46699eb9055c19ac506e in current term 5: Already voted for candidate 591b1a1d383d4b659d7549653f4f136e in this term.
I0109 07:20:44.903602 29676 leader_election.cc:215] T 9e99b710634a44f4a948132a5a180600 P 591b1a1d383d4b659d7549653f4f136e [CANDIDATE]: Term 5 election: Requesting vote from peer 710c236995db46699eb9055c19ac506e
I0109 07:20:44.903690 29676 leader_election.cc:215] T 9e99b710634a44f4a948132a5a180600 P 591b1a1d383d4b659d7549653f4f136e [CANDIDATE]: Term 5 election: Requesting vote from peer 1678276a36f849c28459de6b6788965a
I0109 07:20:44.903750 29676 leader_election.cc:215] T 9e99b710634a44f4a948132a5a180600 P 591b1a1d383d4b659d7549653f4f136e [CANDIDATE]: Term 5 election: Requesting vote from peer c5a3e756029444b2bf66ee0044f5bc35
I0109 07:20:44.903792 29676 leader_election.cc:215] T 9e99b710634a44f4a948132a5a180600 P 591b1a1d383d4b659d7549653f4f136e [CANDIDATE]: Term 5 election: Requesting vote from peer 7897578c54854ba0a5af32eb2aa04704
I0109 07:20:44.903872 29541 leader_election.cc:361] T 9e99b710634a44f4a948132a5a180600 P 591b1a1d383d4b659d7549653f4f136e [CANDIDATE]: Term 5 election: Vote denied by peer 710c236995db46699eb9055c19ac506e. Message: Invalid argument: T 9e99b710634a44f4a948132a5a180600 P 710c236995db46699eb9055c19ac506e [term 5 FOLLOWER]: Leader election vote request: Denying vote to candidate 591b1a1d383d4b659d7549653f4f136e in current term 5: Already voted for candidate 710c236995db46699eb9055c19ac506e in this term.
I0109 07:20:44.904551 29542 leader_election.cc:347] T 9e99b710634a44f4a948132a5a180600 P 591b1a1d383d4b659d7549653f4f136e [CANDIDATE]: Term 5 election: Vote granted by peer 7897578c54854ba0a5af32eb2aa04704
I0109 07:20:44.904691 29539 leader_election.cc:361] T 9e99b710634a44f4a948132a5a180600 P 591b1a1d383d4b659d7549653f4f136e [CANDIDATE]: Term 5 election: Vote denied by peer c5a3e756029444b2bf66ee0044f5bc35. Message: Invalid argument: T 9e99b710634a44f4a948132a5a180600 P c5a3e756029444b2bf66ee0044f5bc35 [term 5 FOLLOWER]: Leader election vote request: Denying vote to candidate 591b1a1d383d4b659d7549653f4f136e in current term 5: Already voted for candidate 710c236995db46699eb9055c19ac506e in this term.
I0109 07:20:44.904995 29540 leader_election.cc:361] T 9e99b710634a44f4a948132a5a180600 P 591b1a1d383d4b659d7549653f4f136e [CANDIDATE]: Term 5 election: Vote denied by peer 1678276a36f849c28459de6b6788965a. Message: Invalid argument: T 9e99b710634a44f4a948132a5a180600 P 1678276a36f849c28459de6b6788965a [term 5 FOLLOWER]: Leader election vote request: Denying vote to candidate 591b1a1d383d4b659d7549653f4f136e in current term 5: Already voted for candidate 710c236995db46699eb9055c19ac506e in this term.
I0109 07:20:44.905007 29540 leader_election.cc:242] T 9e99b710634a44f4a948132a5a180600 P 591b1a1d383d4b659d7549653f4f136e [CANDIDATE]: Term 5 election: Election decided. Result: candidate lost.
I0109 07:20:44.905046 29676 raft_consensus.cc:2158] T 9e99b710634a44f4a948132a5a180600 P 591b1a1d383d4b659d7549653f4f136e [term 5 FOLLOWER]: Snoozing failure detection for election timeout plus an additional 0.298s
I0109 07:20:44.905058 29676 raft_consensus.cc:1905] T 9e99b710634a44f4a948132a5a180600 P 591b1a1d383d4b659d7549653f4f136e [term 5 FOLLOWER]: Leader election lost for term 5. Reason: could not achieve majority
I0109 07:20:45.103729 29617 raft_consensus.cc:915] T 9e99b710634a44f4a948132a5a180600 P 591b1a1d383d4b659d7549653f4f136e [term 5 FOLLOWER]: Refusing update from remote peer 710c236995db46699eb9055c19ac506e: Log matching property violated. Preceding OpId in replica: term: 4 index: 61. Preceding OpId from leader: term: 5 index: 62. (index mismatch)
I0109 07:21:07.338804 29713 tablet_server_main.cc:56] Tablet server non-default flags: --raft_heartbeat_interval_ms=50 --fs_data_dirs=/var/lib/kudu/tserver --fs_wal_dir=/var/lib/kudu/tserver --tserver_master_addrs=aserbin-kudu-jepsen-master.gce.cloudera.com:7051 --heap_profile_path=/tmp/kudu-tserver.29713 --unlock_experimental_flags=true --unlock_unsafe_flags=true --flagfile=/etc/kudu/conf/tserver.gflagfile --log_dir=/var/log/kudu --logtostderr=true Tablet server version: kudu 1.3.0-SNAPSHOT revision 3a23b058af0f4de04f8827255de405fff7bf9ee1 build type RELEASE built by jenkins at 09 Jan 2017 06:07:18 PST on aserbin-kudu-jepsen-control-node-debian8.gce.cloudera.com build id 2017-01-09_06-07-06
I0109 07:21:07.338968 29713 mem_tracker.cc:140] MemTracker: hard memory limit is 0.464404 GB
I0109 07:21:07.338984 29713 mem_tracker.cc:142] MemTracker: soft memory limit is 0.278643 GB
I0109 07:21:07.340387 29713 tablet_server_main.cc:63] Initializing tablet server...
I0109 07:21:07.390039 29713 hybrid_clock.cc:177] HybridClock initialized. Resolution in nanos?: 1 Wait times tolerance adjustment: 1.0005 Current error: 928540
I0109 07:21:07.390858 29713 env_posix.cc:1286] Not raising process file limit of 65536; it is already as high as it can go
I0109 07:21:07.390889 29713 file_cache.cc:401] Constructed file cache lbm with capacity 32768
I0109 07:21:07.391923 29713 fs_manager.cc:251] Opened local filesystem: /var/lib/kudu/tserver uuid: "591b1a1d383d4b659d7549653f4f136e" format_stamp: "Formatted at 2017-01-09 15:20:10 on aserbin-kudu-jepsen-ts-2"
I0109 07:21:07.395262 29713 ts_tablet_manager.cc:701] Loading metadata for tablet 9e99b710634a44f4a948132a5a180600
I0109 07:21:07.395571 29713 ts_tablet_manager.cc:863] Registered tablet 9e99b710634a44f4a948132a5a180600
I0109 07:21:07.395740 29727 ts_tablet_manager.cc:725] T 9e99b710634a44f4a948132a5a180600 P 591b1a1d383d4b659d7549653f4f136e: Bootstrapping tablet
I0109 07:21:07.395927 29727 tablet_bootstrap.cc:381] T 9e99b710634a44f4a948132a5a180600 P 591b1a1d383d4b659d7549653f4f136e: Bootstrap starting.
I0109 07:21:07.396216 29727 tablet_bootstrap.cc:540] T 9e99b710634a44f4a948132a5a180600 P 591b1a1d383d4b659d7549653f4f136e: Time spent opening tablet: real 0.000s user 0.000s sys 0.000s
I0109 07:21:07.396294 29727 tablet_bootstrap.cc:596] T 9e99b710634a44f4a948132a5a180600 P 591b1a1d383d4b659d7549653f4f136e: Will attempt to recover log segment /var/lib/kudu/tserver/wals/9e99b710634a44f4a948132a5a180600/wal-000000001 to /var/lib/kudu/tserver/wals/9e99b710634a44f4a948132a5a180600.recovery/wal-000000001
I0109 07:21:07.396322 29727 tablet_bootstrap.cc:604] T 9e99b710634a44f4a948132a5a180600 P 591b1a1d383d4b659d7549653f4f136e: Moving log directory /var/lib/kudu/tserver/wals/9e99b710634a44f4a948132a5a180600 to recovery directory /var/lib/kudu/tserver/wals/9e99b710634a44f4a948132a5a180600.recovery in preparation for log replay
I0109 07:21:07.396553 29727 log_util.cc:315] Log segment /var/lib/kudu/tserver/wals/9e99b710634a44f4a948132a5a180600.recovery/wal-000000001 has no footer. This segment was likely being written when the server previously shut down.
I0109 07:21:07.396589 29727 log_reader.cc:160] Log segment /var/lib/kudu/tserver/wals/9e99b710634a44f4a948132a5a180600.recovery/wal-000000001 was likely left in-progress after a previous crash. Will try to rebuild footer by scanning data.
I0109 07:21:07.398061 29713 tablet_server_main.cc:66] Starting tablet server...
I0109 07:21:07.400012 29727 log_util.cc:569] Scanning /var/lib/kudu/tserver/wals/9e99b710634a44f4a948132a5a180600.recovery/wal-000000001 for valid entry headers following offset 36592...
I0109 07:21:07.485064 29727 log_util.cc:606] Found no log entry headers
I0109 07:21:07.485137 29727 log_util.cc:218] Ignoring log segment corruption in /var/lib/kudu/tserver/wals/9e99b710634a44f4a948132a5a180600.recovery/wal-000000001 because there are no log entries following the corrupted one. The server probably crashed in the middle of writing an entry to the write-ahead log or downloaded an active log via tablet copy. Error detail: Corruption: CRC mismatch in log entry header: Log file corruption detected. Failed trying to read batch #0 at offset 36580 for log segment /var/lib/kudu/tserver/wals/9e99b710634a44f4a948132a5a180600.recovery/wal-000000001: Prior entries: [off=36312 REPLICATE (5.159)] [off=36347 COMMIT (5.159)] [off=36545 REPLICATE (5.160)] [off=36580 COMMIT (5.160)]
I0109 07:21:07.485155 29727 log_util.cc:368] Successfully rebuilt footer for segment: /var/lib/kudu/tserver/wals/9e99b710634a44f4a948132a5a180600.recovery/wal-000000001 (valid entries through byte offset 36580)
I0109 07:21:07.485261 29727 tablet.cc:983] T 9e99b710634a44f4a948132a5a180600 Rewinding schema during bootstrap to Schema [ 0:key[string NOT NULL], 1:value[int32 NOT NULL] ]
I0109 07:21:07.485594 29727 log.cc:351] Log is configured to *not* fsync() on all Append() calls
I0109 07:21:07.505926 29727 tablet_bootstrap.cc:381] T 9e99b710634a44f4a948132a5a180600 P 591b1a1d383d4b659d7549653f4f136e: Bootstrap replayed 1/1 log segments. Stats: ops{read=160 overwritten=0 applied=160 ignored=0} inserts{seen=157 ignored=0} mutations{seen=0 ignored=0} orphaned_commits=0. Pending: 0 replicates
I0109 07:21:07.505990 29727 tablet_bootstrap.cc:1017] T 9e99b710634a44f4a948132a5a180600 P 591b1a1d383d4b659d7549653f4f136e: ReplayState: Previous OpId: 5.160, Committed OpId: 5.160, Pending Replicates: 0, Pending Commits: 0
I0109 07:21:07.506649 29727 tablet_bootstrap.cc:633] T 9e99b710634a44f4a948132a5a180600 P 591b1a1d383d4b659d7549653f4f136e: Preparing to delete log recovery files and directory /var/lib/kudu/tserver/wals/9e99b710634a44f4a948132a5a180600.recovery
I0109 07:21:07.506703 29727 tablet_bootstrap.cc:636] T 9e99b710634a44f4a948132a5a180600 P 591b1a1d383d4b659d7549653f4f136e: Renaming log recovery dir from /var/lib/kudu/tserver/wals/9e99b710634a44f4a948132a5a180600.recovery to /var/lib/kudu/tserver/wals/9e99b710634a44f4a948132a5a180600.recovery-1483975267506700
I0109 07:21:07.506758 29727 tablet_bootstrap.cc:646] T 9e99b710634a44f4a948132a5a180600 P 591b1a1d383d4b659d7549653f4f136e: Deleting all files from renamed log recovery directory /var/lib/kudu/tserver/wals/9e99b710634a44f4a948132a5a180600.recovery-1483975267506700
I0109 07:21:07.506983 29727 tablet_bootstrap.cc:649] T 9e99b710634a44f4a948132a5a180600 P 591b1a1d383d4b659d7549653f4f136e: Completed deletion of old log recovery files and directory /var/lib/kudu/tserver/wals/9e99b710634a44f4a948132a5a180600.recovery-1483975267506700
I0109 07:21:07.507020 29727 tablet_bootstrap.cc:381] T 9e99b710634a44f4a948132a5a180600 P 591b1a1d383d4b659d7549653f4f136e: Bootstrap complete.
I0109 07:21:07.515557 29727 ts_tablet_manager.cc:730] T 9e99b710634a44f4a948132a5a180600 P 591b1a1d383d4b659d7549653f4f136e: Time spent bootstrapping tablet: real 0.120s user 0.024s sys 0.040s
I0109 07:21:07.516511 29727 raft_consensus.cc:287] T 9e99b710634a44f4a948132a5a180600 P 591b1a1d383d4b659d7549653f4f136e [term 5 FOLLOWER]: Replica starting. Triggering 0 pending transactions. Active config: opid_index: -1 OBSOLETE_local: false peers { permanent_uuid: "710c236995db46699eb9055c19ac506e" member_type: VOTER last_known_addr { host: "aserbin-kudu-jepsen-ts-4.gce.cloudera.com" port: 7050 } } peers { permanent_uuid: "1678276a36f849c28459de6b6788965a" member_type: VOTER last_known_addr { host: "aserbin-kudu-jepsen-ts-5.gce.cloudera.com" port: 7050 } } peers { permanent_uuid: "591b1a1d383d4b659d7549653f4f136e" member_type: VOTER last_known_addr { host: "aserbin-kudu-jepsen-ts-2.gce.cloudera.com" port: 7050 } } peers { permanent_uuid: "c5a3e756029444b2bf66ee0044f5bc35" member_type: VOTER last_known_addr { host: "aserbin-kudu-jepsen-ts-1.gce.cloudera.com" port: 7050 } } peers { permanent_uuid: "7897578c54854ba0a5af32eb2aa04704" member_type: VOTER last_known_addr { host: "aserbin-kudu-jepsen-ts-3.gce.cloudera.com" port: 7050 } }
I0109 07:21:07.516554 29727 raft_consensus.cc:547] T 9e99b710634a44f4a948132a5a180600 P 591b1a1d383d4b659d7549653f4f136e [term 5 FOLLOWER]: Becoming Follower/Learner. State: Replica: 591b1a1d383d4b659d7549653f4f136e, State: 1, Role: FOLLOWER
I0109 07:21:07.516580 29727 consensus_queue.cc:175] T 9e99b710634a44f4a948132a5a180600 P 591b1a1d383d4b659d7549653f4f136e [NON_LEADER]: Queue going to NON_LEADER mode. State: All replicated index: 0, Majority replicated index: 0, Committed index: 160, Last appended: 5.160, Current term: 0, Majority size: -1, State: 1, Mode: NON_LEADER
I0109 07:21:07.516801 29727 ts_tablet_manager.cc:757] T 9e99b710634a44f4a948132a5a180600 P 591b1a1d383d4b659d7549653f4f136e: Time spent starting tablet: real 0.001s user 0.000s sys 0.000s
I0109 07:21:07.523469 29713 rpc_server.cc:164] RPC server started. Bound to: 0.0.0.0:7050
I0109 07:21:07.523551 29713 webserver.cc:126] Starting webserver on 0.0.0.0:8050
I0109 07:21:07.523558 29713 webserver.cc:137] Document root disabled
I0109 07:21:07.523712 29713 webserver.cc:221] Webserver started. Bound to: http://0.0.0.0:8050/
I0109 07:21:07.524133 29713 tablet_server_main.cc:69] Tablet server successfully started.
I0109 07:21:07.574290 29800 raft_consensus.cc:2202] T 9e99b710634a44f4a948132a5a180600 P 591b1a1d383d4b659d7549653f4f136e [term 5 FOLLOWER]: Advancing to term 6
I0109 07:21:07.574724 29800 raft_consensus.cc:915] T 9e99b710634a44f4a948132a5a180600 P 591b1a1d383d4b659d7549653f4f136e [term 6 FOLLOWER]: Refusing update from remote peer 710c236995db46699eb9055c19ac506e: Log matching property violated. Preceding OpId in replica: term: 5 index: 160. Preceding OpId from leader: term: 6 index: 162. (index mismatch)
I0109 07:21:07.575999 29843 heartbeater.cc:292] Connected to a master server at aserbin-kudu-jepsen-master.gce.cloudera.com:7051
I0109 07:21:07.576040 29843 heartbeater.cc:359] Registering TS with master...
I0109 07:21:07.576114 29843 heartbeater.cc:373] Master aserbin-kudu-jepsen-master.gce.cloudera.com:7051 requested a full tablet report, sending...
I0109 07:21:07.576817 29843 heartbeater.cc:365] Master aserbin-kudu-jepsen-master.gce.cloudera.com:7051 was elected leader, sending a full tablet report...
I0109 07:21:25.434722 29871 tablet_server_main.cc:56] Tablet server non-default flags: --raft_heartbeat_interval_ms=50 --fs_data_dirs=/var/lib/kudu/tserver --fs_wal_dir=/var/lib/kudu/tserver --tserver_master_addrs=aserbin-kudu-jepsen-master.gce.cloudera.com:7051 --heap_profile_path=/tmp/kudu-tserver.29871 --unlock_experimental_flags=true --unlock_unsafe_flags=true --flagfile=/etc/kudu/conf/tserver.gflagfile --log_dir=/var/log/kudu --logtostderr=true Tablet server version: kudu 1.3.0-SNAPSHOT revision 3a23b058af0f4de04f8827255de405fff7bf9ee1 build type RELEASE built by jenkins at 09 Jan 2017 06:07:18 PST on aserbin-kudu-jepsen-control-node-debian8.gce.cloudera.com build id 2017-01-09_06-07-06
I0109 07:21:25.434888 29871 mem_tracker.cc:140] MemTracker: hard memory limit is 0.464404 GB
I0109 07:21:25.434900 29871 mem_tracker.cc:142] MemTracker: soft memory limit is 0.278643 GB
I0109 07:21:25.436105 29871 tablet_server_main.cc:63] Initializing tablet server...
