I1010 20:58:51.926901 2447 leader_election.cc:361] T 19f492d94e864f1ebd1c70810b0470f7 P 84bde34331b94c4ea003e48f9317f792 [CANDIDATE]: Term 1 election: Vote denied by peer 33ef4317e50042ba95e517992caa6531. Message: Service unavailable: T 19f492d94e864f1ebd1c70810b0470f7 P 33ef4317e50042ba95e517992caa6531 [term 1 FOLLOWER]: Leader election vote request: Denying vote to candidate 84bde34331b94c4ea003e48f9317f792 for term 1 because replica is already servicing an update from a current leader or another vote.
I1010 20:58:51.927456 2860 raft_consensus.cc:1584] T 19f492d94e864f1ebd1c70810b0470f7 P 8de6cfa864d64c58bf4eafb689517c93 [term 2 FOLLOWER]: Leader election vote request: Denying vote to candidate 33ef4317e50042ba95e517992caa6531 for earlier term 1. Current term is 2.
W1010 20:58:51.927573 3039 leader_election.cc:333] T 19f492d94e864f1ebd1c70810b0470f7 P 33ef4317e50042ba95e517992caa6531 [CANDIDATE]: Term 1 election: Vote denied by peer 8de6cfa864d64c58bf4eafb689517c93 with higher term. Message: Invalid argument: T 19f492d94e864f1ebd1c70810b0470f7 P 8de6cfa864d64c58bf4eafb689517c93 [term 2 FOLLOWER]: Leader election vote request: Denying vote to candidate 33ef4317e50042ba95e517992caa6531 for earlier term 1. Current term is 2.
I1010 20:58:51.927584 3039 leader_election.cc:336] T 19f492d94e864f1ebd1c70810b0470f7 P 33ef4317e50042ba95e517992caa6531 [CANDIDATE]: Term 1 election: Cancelling election due to peer responding with higher term
I1010 20:58:51.927717 4076 raft_consensus.cc:1981] T 19f492d94e864f1ebd1c70810b0470f7 P 33ef4317e50042ba95e517992caa6531 [term 1 FOLLOWER]: Snoozing failure detection for election timeout plus an additional 1.634s
I1010 20:58:51.927743 4076 raft_consensus.cc:1823] T 19f492d94e864f1ebd1c70810b0470f7 P 33ef4317e50042ba95e517992caa6531 [term 1 FOLLOWER]: Leader election lost for term 1. Reason: Vote denied by peer 8de6cfa864d64c58bf4eafb689517c93 with higher term. Message: Invalid argument: T 19f492d94e864f1ebd1c70810b0470f7 P 8de6cfa864d64c58bf4eafb689517c93 [term 2 FOLLOWER]: Leader election vote request: Denying vote to candidate 33ef4317e50042ba95e517992caa6531 for earlier term 1. Current term is 2.
W1010 20:58:51.928689 3836 consensus_meta.cc:188] T 7836528275cb45aab827361611bb3bbe P 8de6cfa864d64c58bf4eafb689517c93: Time spent flushing consensus metadata: real 1.533s user 0.000s sys 0.000s
W1010 20:58:51.928710 3882 consensus_meta.cc:188] T 8da5904fd56d441ea29e61eb9d2b0b2f P b8062d66fd284035ae3bc2567bc11e7c: Time spent flushing consensus metadata: real 1.533s user 0.000s sys 0.000s
I1010 20:58:51.928858 3836 leader_election.cc:223] T 7836528275cb45aab827361611bb3bbe P 8de6cfa864d64c58bf4eafb689517c93 [CANDIDATE]: Term 1 election: Requesting vote from peer 580cbaf7092444dfbc6fb344da88d7b6
I1010 20:58:51.928870 3836 leader_election.cc:223] T 7836528275cb45aab827361611bb3bbe P 8de6cfa864d64c58bf4eafb689517c93 [CANDIDATE]: Term 1 election: Requesting vote from peer 42e94fc3adbb419591836d222d946978
I1010 20:58:51.928889 3882 leader_election.cc:223] T 8da5904fd56d441ea29e61eb9d2b0b2f P b8062d66fd284035ae3bc2567bc11e7c [CANDIDATE]: Term 2 election: Requesting vote from peer 33ef4317e50042ba95e517992caa6531
I1010 20:58:51.928896 2866 raft_consensus.cc:1609] T 7836528275cb45aab827361611bb3bbe P 8de6cfa864d64c58bf4eafb689517c93 [term 1 FOLLOWER]: Leader election vote request: Denying vote to candidate 580cbaf7092444dfbc6fb344da88d7b6 in current term 1: Already voted for candidate 8de6cfa864d64c58bf4eafb689517c93 in this term.
I1010 20:58:51.928910 3882 leader_election.cc:223] T 8da5904fd56d441ea29e61eb9d2b0b2f P b8062d66fd284035ae3bc2567bc11e7c [CANDIDATE]: Term 2 election: Requesting vote from peer 84bde34331b94c4ea003e48f9317f792
W1010 20:58:51.928913 3863 consensus_meta.cc:188] T 981834f5e88f4585b6420fca7ddcb289 P 8de6cfa864d64c58bf4eafb689517c93: Time spent flushing consensus metadata: real 3.263s user 0.000s sys 0.000s
W1010 20:58:51.928939 2866 rpcz_store.cc:234] Call kudu.consensus.ConsensusService.RequestConsensusVote from 127.6.150.9:41775 (request call id 1) took 3258ms (client timeout 1585).
W1010 20:58:51.928952 2866 rpcz_store.cc:238] Trace: 1010 20:58:48.670364 (+ 0us) service_pool.cc:143] Inserting onto call queue 1010 20:58:48.670377 (+ 13us) service_pool.cc:202] Handling call 1010 20:58:51.928932 (+3258555us) spinlock_profiling.cc:255] Waited 3.26 s on lock 0x3f9e710. stack: 00000000019065e1 0000000000976813 000000000078868f 0000000000a22fbf 0000000000a23be2 0000000001911c69 00007f9e2c5b9181 00007f9e2b4a147c ffffffffffffffff 1010 20:58:51.928935 (+ 3us) inbound_call.cc:130] Queueing success response Metrics: {"spinlock_wait_cycles":7494569344}
I1010 20:58:51.929016 2863 raft_consensus.cc:1654] T 7836528275cb45aab827361611bb3bbe P 8de6cfa864d64c58bf4eafb689517c93 [term 1 FOLLOWER]: Leader election vote request: Denying vote to candidate 42e94fc3adbb419591836d222d946978 for term 1 because replica is already servicing an update from a current leader or another vote.
I1010 20:58:51.929026 3863 leader_election.cc:223] T 981834f5e88f4585b6420fca7ddcb289 P 8de6cfa864d64c58bf4eafb689517c93 [CANDIDATE]: Term 1 election: Requesting vote from peer 1031512f5120422e9e22a0afabd78f61
I1010 20:58:51.929054 3863 leader_election.cc:223] T 981834f5e88f4585b6420fca7ddcb289 P 8de6cfa864d64c58bf4eafb689517c93 [CANDIDATE]: Term 1 election: Requesting vote from peer 1380a27d6b824575a3a5e139bee139f4
W1010 20:58:51.929071 2863 rpcz_store.cc:234] Call kudu.consensus.ConsensusService.RequestConsensusVote from 127.6.150.8:60818 (request call id 1) took 3257ms (client timeout 1607).
I1010 20:58:51.929093 2865 raft_consensus.cc:1654] T 981834f5e88f4585b6420fca7ddcb289 P 8de6cfa864d64c58bf4eafb689517c93 [term 1 FOLLOWER]: Leader election vote request: Denying vote to candidate 1031512f5120422e9e22a0afabd78f61 for term 1 because replica is already servicing an update from a current leader or another vote.
W1010 20:58:51.929095 2863 rpcz_store.cc:238] Trace: 1010 20:58:48.671619 (+ 0us) service_pool.cc:143] Inserting onto call queue 1010 20:58:48.671639 (+ 20us) service_pool.cc:202] Handling call 1010 20:58:51.929050 (+3257411us) spinlock_profiling.cc:255] Waited 3.26 s on lock 0x3f9e710. stack: 00000000019065e1 0000000000976852 000000000078868f 0000000000a22fbf 0000000000a23be2 0000000001911c69 00007f9e2c5b9181 00007f9e2b4a147c ffffffffffffffff 1010 20:58:51.929059 (+ 9us) inbound_call.cc:130] Queueing success response Metrics: {"spinlock_wait_cycles":7491946240}
W1010 20:58:51.929121 3753 consensus_meta.cc:188] T 4aa163baddb74c4998157964dd55b1f4 P 8de6cfa864d64c58bf4eafb689517c93: Time spent flushing consensus metadata: real 2.547s user 0.000s sys 0.000s
I1010 20:58:51.929131 2861 raft_consensus.cc:1654] T 7836528275cb45aab827361611bb3bbe P 8de6cfa864d64c58bf4eafb689517c93 [term 1 FOLLOWER]: Leader election vote request: Denying vote to candidate 42e94fc3adbb419591836d222d946978 for term 2 because replica is already servicing an update from a current leader or another vote.
I1010 20:58:51.929137 3753 raft_consensus.cc:1981] T 4aa163baddb74c4998157964dd55b1f4 P 8de6cfa864d64c58bf4eafb689517c93 [term 2 FOLLOWER]: Snoozing failure detection for election timeout plus an additional 1.574s
W1010 20:58:51.929152 2865 rpcz_store.cc:234] Call kudu.consensus.ConsensusService.RequestConsensusVote from 127.6.150.1:58515 (request call id 1) took 1531ms (client timeout 1550).
W1010 20:58:51.929177 2865 rpcz_store.cc:238] Trace: 1010 20:58:50.397299 (+ 0us) service_pool.cc:143] Inserting onto call queue 1010 20:58:50.397311 (+ 12us) service_pool.cc:202] Handling call 1010 20:58:51.929137 (+1531826us) spinlock_profiling.cc:255] Waited 1.53 s on lock 0x3f9e9b0. stack: 00000000019065e1 0000000000976852 000000000078868f 0000000000a22fbf 0000000000a23be2 0000000001911c69 00007f9e2c5b9181 00007f9e2b4a147c ffffffffffffffff 1010 20:58:51.929140 (+ 3us) inbound_call.cc:130] Queueing success response Metrics: {"spinlock_wait_cycles":3523069312,"tcmalloc_contention_cycles":1792}
I1010 20:58:51.929181 3753 raft_consensus.cc:391] T 4aa163baddb74c4998157964dd55b1f4 P 8de6cfa864d64c58bf4eafb689517c93 [term 2 FOLLOWER]: Starting election with config: opid_index: -1 OBSOLETE_local: false peers { permanent_uuid: "8de6cfa864d64c58bf4eafb689517c93" member_type: VOTER last_known_addr { host: "127.6.150.3" port: 40117 } } peers { permanent_uuid: "84bde34331b94c4ea003e48f9317f792" member_type: VOTER last_known_addr { host: "127.6.150.0" port: 40113 } } peers { permanent_uuid: "1031512f5120422e9e22a0afabd78f61" member_type: VOTER last_known_addr { host: "127.6.150.1" port: 46963 } }
I1010 20:58:51.929311 2864 raft_consensus.cc:1609] T 981834f5e88f4585b6420fca7ddcb289 P 8de6cfa864d64c58bf4eafb689517c93 [term 1 FOLLOWER]: Leader election vote request: Denying vote to candidate 1380a27d6b824575a3a5e139bee139f4 in current term 1: Already voted for candidate 8de6cfa864d64c58bf4eafb689517c93 in this term.
W1010 20:58:51.929339 2864 rpcz_store.cc:234] Call kudu.consensus.ConsensusService.RequestConsensusVote from 127.6.150.6:47110 (request call id 1) took 4974ms (client timeout 1505).
W1010 20:58:51.929358 2864 rpcz_store.cc:238] Trace: 1010 20:58:46.954472 (+ 0us) service_pool.cc:143] Inserting onto call queue 1010 20:58:46.954515 (+ 43us) service_pool.cc:202] Handling call 1010 20:58:51.929333 (+4974818us) spinlock_profiling.cc:255] Waited 4.97 s on lock 0x3f9e9b0. stack: 00000000019065e1 0000000000976813 000000000078868f 0000000000a22fbf 0000000000a23be2 0000000001911c69 00007f9e2c5b9181 00007f9e2b4a147c ffffffffffffffff 1010 20:58:51.929336 (+ 3us) inbound_call.cc:130] Queueing success response Metrics: {"spinlock_wait_cycles":11441949952}
I1010 20:58:51.929512 2568 leader_election.cc:361] T 981834f5e88f4585b6420fca7ddcb289 P 1031512f5120422e9e22a0afabd78f61 [CANDIDATE]: Term 1 election: Vote denied by peer 8de6cfa864d64c58bf4eafb689517c93. Message: Service unavailable: T 981834f5e88f4585b6420fca7ddcb289 P 8de6cfa864d64c58bf4eafb689517c93 [term 1 FOLLOWER]: Leader election vote request: Denying vote to candidate 1031512f5120422e9e22a0afabd78f61 for term 1 because replica is already servicing an update from a current leader or another vote.
I1010 20:58:51.929522 2568 leader_election.cc:248] T 981834f5e88f4585b6420fca7ddcb289 P 1031512f5120422e9e22a0afabd78f61 [CANDIDATE]: Term 1 election: Election decided. Result: candidate lost.
I1010 20:58:51.929605 3453 raft_consensus.cc:1584] T 7836528275cb45aab827361611bb3bbe P 42e94fc3adbb419591836d222d946978 [term 2 FOLLOWER]: Leader election vote request: Denying vote to candidate 8de6cfa864d64c58bf4eafb689517c93 for earlier term 1. Current term is 2.
I1010 20:58:51.929658 3390 leader_election.cc:361] T 7836528275cb45aab827361611bb3bbe P 42e94fc3adbb419591836d222d946978 [CANDIDATE]: Term 2 election: Vote denied by peer 8de6cfa864d64c58bf4eafb689517c93. Message: Service unavailable: T 7836528275cb45aab827361611bb3bbe P 8de6cfa864d64c58bf4eafb689517c93 [term 1 FOLLOWER]: Leader election vote request: Denying vote to candidate 42e94fc3adbb419591836d222d946978 for term 2 because replica is already servicing an update from a current leader or another vote.
W1010 20:58:51.929723 2801 leader_election.cc:333] T 7836528275cb45aab827361611bb3bbe P 8de6cfa864d64c58bf4eafb689517c93 [CANDIDATE]: Term 1 election: Vote denied by peer 42e94fc3adbb419591836d222d946978 with higher term. Message: Invalid argument: T 7836528275cb45aab827361611bb3bbe P 42e94fc3adbb419591836d222d946978 [term 2 FOLLOWER]: Leader election vote request: Denying vote to candidate 8de6cfa864d64c58bf4eafb689517c93 for earlier term 1. Current term is 2.
I1010 20:58:51.929730 2801 leader_election.cc:336] T 7836528275cb45aab827361611bb3bbe P 8de6cfa864d64c58bf4eafb689517c93 [CANDIDATE]: Term 1 election: Cancelling election due to peer responding with higher term
I1010 20:58:51.929944 4079 raft_consensus.cc:1981] T 7836528275cb45aab827361611bb3bbe P 8de6cfa864d64c58bf4eafb689517c93 [term 1 FOLLOWER]: Snoozing failure detection for election timeout plus an additional 1.559s
I1010 20:58:51.929996 4079 raft_consensus.cc:1823] T 7836528275cb45aab827361611bb3bbe P 8de6cfa864d64c58bf4eafb689517c93 [term 1 FOLLOWER]: Leader election lost for term 1. Reason: Vote denied by peer 42e94fc3adbb419591836d222d946978 with higher term. Message: Invalid argument: T 7836528275cb45aab827361611bb3bbe P 42e94fc3adbb419591836d222d946978 [term 2 FOLLOWER]: Leader election vote request: Denying vote to candidate 8de6cfa864d64c58bf4eafb689517c93 for earlier term 1. Current term is 2.
W1010 20:58:51.930044 3720 consensus_meta.cc:188] T f2289fb138ea4a5ab6c02803c4e9aa51 P b8062d66fd284035ae3bc2567bc11e7c: Time spent flushing consensus metadata: real 1.534s user 0.000s sys 0.000s
I1010 20:58:51.930166 3720 leader_election.cc:223] T f2289fb138ea4a5ab6c02803c4e9aa51 P b8062d66fd284035ae3bc2567bc11e7c [CANDIDATE]: Term 2 election: Requesting vote from peer 42e94fc3adbb419591836d222d946978
I1010 20:58:51.930178 2985 raft_consensus.cc:1609] T f2289fb138ea4a5ab6c02803c4e9aa51 P b8062d66fd284035ae3bc2567bc11e7c [term 2 FOLLOWER]: Leader election vote request: Denying vote to candidate 42e94fc3adbb419591836d222d946978 in current term 2: Already voted for candidate b8062d66fd284035ae3bc2567bc11e7c in this term.
I1010 20:58:51.930198 3720 leader_election.cc:223] T f2289fb138ea4a5ab6c02803c4e9aa51 P b8062d66fd284035ae3bc2567bc11e7c [CANDIDATE]: Term 2 election: Requesting vote from peer 7f623b00f5ae4b9c8e8940692d5dfd44
W1010 20:58:51.930229 2985 rpcz_store.cc:234] Call kudu.consensus.ConsensusService.RequestConsensusVote from 127.6.150.8:46146 (request call id 3) took 1532ms (client timeout 1519).
W1010 20:58:51.930244 2985 rpcz_store.cc:238] Trace: 1010 20:58:50.397591 (+ 0us) service_pool.cc:143] Inserting onto call queue 1010 20:58:50.397600 (+ 9us) service_pool.cc:202] Handling call 1010 20:58:51.930216 (+1532616us) spinlock_profiling.cc:255] Waited 1.53 s on lock 0x4a3b970. stack: 00000000019065e1 0000000000976813 000000000078868f 0000000000a22fbf 0000000000a23be2 0000000001911c69 00007fe1aafaf181 00007fe1a9e9747c ffffffffffffffff 1010 20:58:51.930225 (+ 9us) inbound_call.cc:130] Queueing success response Metrics: {"spinlock_wait_cycles":3524892032}
W1010 20:58:51.930297 3805 consensus_meta.cc:188] T 949b26dfeadc4de38868bf4ed994d184 P b8062d66fd284035ae3bc2567bc11e7c: Time spent flushing consensus metadata: real 1.534s user 0.000s sys 0.000s
I1010 20:58:51.930384 3805 leader_election.cc:223] T 949b26dfeadc4de38868bf4ed994d184 P b8062d66fd284035ae3bc2567bc11e7c [CANDIDATE]: Term 2 election: Requesting vote from peer 1380a27d6b824575a3a5e139bee139f4
I1010 20:58:51.930402 3805 leader_election.cc:223] T 949b26dfeadc4de38868bf4ed994d184 P b8062d66fd284035ae3bc2567bc11e7c [CANDIDATE]: Term 2 election: Requesting vote from peer 8de6cfa864d64c58bf4eafb689517c93
W1010 20:58:51.930507 3894 consensus_meta.cc:188] T efe8fb09a1234c9fb1dc99948737a894 P b8062d66fd284035ae3bc2567bc11e7c: Time spent flushing consensus metadata: real 1.489s user 0.000s sys 0.000s
I1010 20:58:51.930531 3894 raft_consensus.cc:1981] T efe8fb09a1234c9fb1dc99948737a894 P b8062d66fd284035ae3bc2567bc11e7c [term 2 FOLLOWER]: Snoozing failure detection for election timeout plus an additional 1.690s
I1010 20:58:51.930583 3894 raft_consensus.cc:391] T efe8fb09a1234c9fb1dc99948737a894 P b8062d66fd284035ae3bc2567bc11e7c [term 2 FOLLOWER]: Starting election with config: opid_index: -1 OBSOLETE_local: false peers { permanent_uuid: "580cbaf7092444dfbc6fb344da88d7b6" member_type: VOTER last_known_addr { host: "127.6.150.9" port: 51743 } } peers { permanent_uuid: "b8062d66fd284035ae3bc2567bc11e7c" member_type: VOTER last_known_addr { host: "127.6.150.4" port: 44055 } } peers { permanent_uuid: "f6d15ccd64ec49be8396ed78e2a88377" member_type: VOTER last_known_addr { host: "127.6.150.2" port: 33554 } }
W1010 20:58:51.930753 3789 consensus_meta.cc:188] T 949b26dfeadc4de38868bf4ed994d184 P 1380a27d6b824575a3a5e139bee139f4: Time spent flushing consensus metadata: real 1.535s user 0.000s sys 0.000s
I1010 20:58:51.930898 3789 leader_election.cc:223] T 949b26dfeadc4de38868bf4ed994d184 P 1380a27d6b824575a3a5e139bee139f4 [CANDIDATE]: Term 2 election: Requesting vote from peer b8062d66fd284035ae3bc2567bc11e7c
I1010 20:58:51.930919 3789 leader_election.cc:223] T 949b26dfeadc4de38868bf4ed994d184 P 1380a27d6b824575a3a5e139bee139f4 [CANDIDATE]: Term 2 election: Requesting vote from peer 8de6cfa864d64c58bf4eafb689517c93
I1010 20:58:51.930925 3220 raft_consensus.cc:1609] T 949b26dfeadc4de38868bf4ed994d184 P 1380a27d6b824575a3a5e139bee139f4 [term 2 FOLLOWER]: Leader election vote request: Denying vote to candidate b8062d66fd284035ae3bc2567bc11e7c in current term 2: Already voted for candidate 1380a27d6b824575a3a5e139bee139f4 in this term.
I1010 20:58:51.931013 2985 raft_consensus.cc:1609] T 949b26dfeadc4de38868bf4ed994d184 P b8062d66fd284035ae3bc2567bc11e7c [term 2 FOLLOWER]: Leader election vote request: Denying vote to candidate 1380a27d6b824575a3a5e139bee139f4 in current term 2: Already voted for candidate b8062d66fd284035ae3bc2567bc11e7c in this term.
I1010 20:58:51.931077 3156 leader_election.cc:361] T 949b26dfeadc4de38868bf4ed994d184 P 1380a27d6b824575a3a5e139bee139f4 [CANDIDATE]: Term 2 election: Vote denied by peer b8062d66fd284035ae3bc2567bc11e7c. Message: Invalid argument: T 949b26dfeadc4de38868bf4ed994d184 P b8062d66fd284035ae3bc2567bc11e7c [term 2 FOLLOWER]: Leader election vote request: Denying vote to candidate 1380a27d6b824575a3a5e139bee139f4 in current term 2: Already voted for candidate b8062d66fd284035ae3bc2567bc11e7c in this term.
I1010 20:58:51.931133 3761 raft_consensus.cc:1981] T 7d680e6840854bca9daef77d506408e9 P 1380a27d6b824575a3a5e139bee139f4 [term 3 FOLLOWER]: Snoozing failure detection for election timeout plus an additional 1.584s
I1010 20:58:51.931169 3761 raft_consensus.cc:391] T 7d680e6840854bca9daef77d506408e9 P 1380a27d6b824575a3a5e139bee139f4 [term 3 FOLLOWER]: Starting election with config: opid_index: -1 OBSOLETE_local: false peers { permanent_uuid: "84bde34331b94c4ea003e48f9317f792" member_type: VOTER last_known_addr { host: "127.6.150.0" port: 40113 } } peers { permanent_uuid: "33ef4317e50042ba95e517992caa6531" member_type: VOTER last_known_addr { host: "127.6.150.5" port: 40764 } } peers { permanent_uuid: "1380a27d6b824575a3a5e139bee139f4" member_type: VOTER last_known_addr { host: "127.6.150.6" port: 46774 } }
I1010 20:58:51.931434 2918 leader_election.cc:361] T 949b26dfeadc4de38868bf4ed994d184 P b8062d66fd284035ae3bc2567bc11e7c [CANDIDATE]: Term 2 election: Vote denied by peer 1380a27d6b824575a3a5e139bee139f4. Message: Invalid argument: T 949b26dfeadc4de38868bf4ed994d184 P 1380a27d6b824575a3a5e139bee139f4 [term 2 FOLLOWER]: Leader election vote request: Denying vote to candidate b8062d66fd284035ae3bc2567bc11e7c in current term 2: Already voted for candidate 1380a27d6b824575a3a5e139bee139f4 in this term.
W1010 20:58:51.931951 3804 consensus_meta.cc:188] T 4aa163baddb74c4998157964dd55b1f4 P 1031512f5120422e9e22a0afabd78f61: Time spent flushing consensus metadata: real 1.535s user 0.000s sys 0.000s
I1010 20:58:51.932085 3804 leader_election.cc:223] T 4aa163baddb74c4998157964dd55b1f4 P 1031512f5120422e9e22a0afabd78f61 [CANDIDATE]: Term 1 election: Requesting vote from peer 8de6cfa864d64c58bf4eafb689517c93
I1010 20:58:51.932102 3804 leader_election.cc:223] T 4aa163baddb74c4998157964dd55b1f4 P 1031512f5120422e9e22a0afabd78f61 [CANDIDATE]: Term 1 election: Requesting vote from peer 84bde34331b94c4ea003e48f9317f792
I1010 20:58:51.932142 2631 raft_consensus.cc:1609] T 4aa163baddb74c4998157964dd55b1f4 P 1031512f5120422e9e22a0afabd78f61 [term 1 FOLLOWER]: Leader election vote request: Denying vote to candidate 8de6cfa864d64c58bf4eafb689517c93 in current term 1: Already voted for candidate 1031512f5120422e9e22a0afabd78f61 in this term.
W1010 20:58:51.932183 2631 rpcz_store.cc:234] Call kudu.consensus.ConsensusService.RequestConsensusVote from 127.6.150.3:51480 (request call id 1) took 3260ms (client timeout 1600).
W1010 20:58:51.932212 3748 consensus_meta.cc:188] T 05a5666441ec49d792222a3e8674edf7 P 1031512f5120422e9e22a0afabd78f61: Time spent flushing consensus metadata: real 3.084s user 0.000s sys 0.000s
W1010 20:58:51.932231 2631 rpcz_store.cc:238] Trace: 1010 20:58:48.671762 (+ 0us) service_pool.cc:143] Inserting onto call queue 1010 20:58:48.671769 (+ 7us) service_pool.cc:202] Handling call 1010 20:58:51.932176 (+3260407us) spinlock_profiling.cc:255] Waited 3.26 s on lock 0x3f85eb0. stack: 00000000019065e1 0000000000976813 000000000078868f 0000000000a22fbf 0000000000a23be2 0000000001911c69 00007f324f2ae181 00007f324e19647c ffffffffffffffff 1010 20:58:51.932179 (+ 3us) inbound_call.cc:130] Queueing success response Metrics: {"spinlock_wait_cycles":7498827520}
I1010 20:58:51.932236 3748 raft_consensus.cc:1981] T 05a5666441ec49d792222a3e8674edf7 P 1031512f5120422e9e22a0afabd78f61 [term 2 FOLLOWER]: Snoozing failure detection for election timeout plus an additional 1.762s
I1010 20:58:51.932257 3748 raft_consensus.cc:391] T 05a5666441ec49d792222a3e8674edf7 P 1031512f5120422e9e22a0afabd78f61 [term 2 FOLLOWER]: Starting election with config: opid_index: -1 OBSOLETE_local: false peers { permanent_uuid: "33ef4317e50042ba95e517992caa6531" member_type: VOTER last_known_addr { host: "127.6.150.5" port: 40764 } } peers { permanent_uuid: "f6d15ccd64ec49be8396ed78e2a88377" member_type: VOTER last_known_addr { host: "127.6.150.2" port: 33554 } } peers { permanent_uuid: "1031512f5120422e9e22a0afabd78f61" member_type: VOTER last_known_addr { host: "127.6.150.1" port: 46963 } }
I1010 20:58:51.932263 2627 raft_consensus.cc:1654] T 4aa163baddb74c4998157964dd55b1f4 P 1031512f5120422e9e22a0afabd78f61 [term 1 FOLLOWER]: Leader election vote request: Denying vote to candidate 84bde34331b94c4ea003e48f9317f792 for term 1 because replica is already servicing an update from a current leader or another vote.
I1010 20:58:51.932265 2509 raft_consensus.cc:1609] T 4aa163baddb74c4998157964dd55b1f4 P 84bde34331b94c4ea003e48f9317f792 [term 1 FOLLOWER]: Leader election vote request: Denying vote to candidate 1031512f5120422e9e22a0afabd78f61 in current term 1: Already voted for candidate 84bde34331b94c4ea003e48f9317f792 in this term.
I1010 20:58:51.932335 2568 leader_election.cc:361] T 4aa163baddb74c4998157964dd55b1f4 P 1031512f5120422e9e22a0afabd78f61 [CANDIDATE]: Term 1 election: Vote denied by peer 84bde34331b94c4ea003e48f9317f792. Message: Invalid argument: T 4aa163baddb74c4998157964dd55b1f4 P 84bde34331b94c4ea003e48f9317f792 [term 1 FOLLOWER]: Leader election vote request: Denying vote to candidate 1031512f5120422e9e22a0afabd78f61 in current term 1: Already voted for candidate 84bde34331b94c4ea003e48f9317f792 in this term.
I1010 20:58:51.932377 2448 leader_election.cc:361] T 4aa163baddb74c4998157964dd55b1f4 P 84bde34331b94c4ea003e48f9317f792 [CANDIDATE]: Term 1 election: Vote denied by peer 1031512f5120422e9e22a0afabd78f61. Message: Service unavailable: T 4aa163baddb74c4998157964dd55b1f4 P 1031512f5120422e9e22a0afabd78f61 [term 1 FOLLOWER]: Leader election vote request: Denying vote to candidate 84bde34331b94c4ea003e48f9317f792 for term 1 because replica is already servicing an update from a current leader or another vote.
W1010 20:58:51.932262 3715 consensus_meta.cc:188] T 95e7c143b0524a9b9ade2cfcc081e679 P 1031512f5120422e9e22a0afabd78f61: Time spent flushing consensus metadata: real 1.583s user 0.000s sys 0.000s
I1010 20:58:51.932464 3715 raft_consensus.cc:1981] T 95e7c143b0524a9b9ade2cfcc081e679 P 1031512f5120422e9e22a0afabd78f61 [term 2 FOLLOWER]: Snoozing failure detection for election timeout plus an additional 1.720s
I1010 20:58:51.932487 3715 raft_consensus.cc:391] T 95e7c143b0524a9b9ade2cfcc081e679 P 1031512f5120422e9e22a0afabd78f61 [term 2 FOLLOWER]: Starting election with config: opid_index: -1 OBSOLETE_local: false peers { permanent_uuid: "7f623b00f5ae4b9c8e8940692d5dfd44" member_type: VOTER last_known_addr { host: "127.6.150.7" port: 45436 } } peers { permanent_uuid: "84bde34331b94c4ea003e48f9317f792" member_type: VOTER last_known_addr { host: "127.6.150.0" port: 40113 } } peers { permanent_uuid: "1031512f5120422e9e22a0afabd78f61" member_type: VOTER last_known_addr { host: "127.6.150.1" port: 46963 } }
W1010 20:58:51.933466 3271 leader_election.cc:275] T 95e7c143b0524a9b9ade2cfcc081e679 P 7f623b00f5ae4b9c8e8940692d5dfd44 [CANDIDATE]: Term 1 election: RPC error from VoteRequest() call to peer 1031512f5120422e9e22a0afabd78f61: Timed out: RequestConsensusVote RPC to 127.6.150.1:46963 timed out after 1.537s
I1010 20:58:51.933480 3271 leader_election.cc:248] T 95e7c143b0524a9b9ade2cfcc081e679 P 7f623b00f5ae4b9c8e8940692d5dfd44 [CANDIDATE]: Term 1 election: Election decided. Result: candidate lost.
W1010 20:58:51.933782 3454 consensus_meta.cc:188] T 90fa7ae3643e4575a6be1c4936b6cc11 P 42e94fc3adbb419591836d222d946978: Time spent flushing consensus metadata: real 1.536s user 0.000s sys 0.000s
I1010 20:58:51.933799 3454 raft_consensus.cc:1677] T 90fa7ae3643e4575a6be1c4936b6cc11 P 42e94fc3adbb419591836d222d946978 [term 2 FOLLOWER]: Leader election vote request: Granting yes vote for candidate 1380a27d6b824575a3a5e139bee139f4 in term 2.
W1010 20:58:51.933815 3454 rpcz_store.cc:234] Call kudu.consensus.ConsensusService.RequestConsensusVote from 127.6.150.6:42979 (request call id 3) took 3265ms (client timeout 1714).
W1010 20:58:51.933851 3454 rpcz_store.cc:238] Trace: 1010 20:58:48.668795 (+ 0us) service_pool.cc:143] Inserting onto call queue 1010 20:58:48.668870 (+ 75us) service_pool.cc:202] Handling call 1010 20:58:51.933811 (+3264941us) inbound_call.cc:130] Queueing success response Metrics: {"tcmalloc_contention_cycles":896}
I1010 20:58:51.933874 3779 raft_consensus.cc:375] T 90fa7ae3643e4575a6be1c4936b6cc11 P 42e94fc3adbb419591836d222d946978 [term 2 FOLLOWER]: No leader contacted us within the election timeout. Triggering leader election
I1010 20:58:51.933907 3779 raft_consensus.cc:2031] T 90fa7ae3643e4575a6be1c4936b6cc11 P 42e94fc3adbb419591836d222d946978 [term 2 FOLLOWER]: Advancing to term 3
W1010 20:58:51.933950 3452 consensus_meta.cc:188] T 84fcfff9fdef4acf8c2b47f36330567f P 42e94fc3adbb419591836d222d946978: Time spent flushing consensus metadata: real 1.536s user 0.000s sys 0.000s
I1010 20:58:51.933969 3452 raft_consensus.cc:1677] T 84fcfff9fdef4acf8c2b47f36330567f P 42e94fc3adbb419591836d222d946978 [term 2 FOLLOWER]: Leader election vote request: Granting yes vote for candidate b8062d66fd284035ae3bc2567bc11e7c in term 2.
W1010 20:58:51.933977 3452 rpcz_store.cc:234] Call kudu.consensus.ConsensusService.RequestConsensusVote from 127.6.150.4:56561 (request call id 3) took 1537ms (client timeout 1726).
W1010 20:58:51.933990 3452 rpcz_store.cc:238] Trace: 1010 20:58:50.396653 (+ 0us) service_pool.cc:143] Inserting onto call queue 1010 20:58:50.396682 (+ 29us) service_pool.cc:202] Handling call 1010 20:58:51.933973 (+1537291us) inbound_call.cc:130] Queueing success response Metrics: {"tcmalloc_contention_cycles":1920}
I1010 20:58:51.934043 2920 leader_election.cc:347] T 84fcfff9fdef4acf8c2b47f36330567f P b8062d66fd284035ae3bc2567bc11e7c [CANDIDATE]: Term 2 election: Vote granted by peer 42e94fc3adbb419591836d222d946978
I1010 20:58:51.934051 2920 leader_election.cc:248] T 84fcfff9fdef4acf8c2b47f36330567f P b8062d66fd284035ae3bc2567bc11e7c [CANDIDATE]: Term 2 election: Election decided. Result: candidate won.
I1010 20:58:51.934170 4081 raft_consensus.cc:1981] T 84fcfff9fdef4acf8c2b47f36330567f P b8062d66fd284035ae3bc2567bc11e7c [term 2 FOLLOWER]: Snoozing failure detection for election timeout plus an additional 1.520s
I1010 20:58:51.934180 4081 raft_consensus.cc:1861] T 84fcfff9fdef4acf8c2b47f36330567f P b8062d66fd284035ae3bc2567bc11e7c [term 2 FOLLOWER]: Leader election won for term 2
W1010 20:58:51.933893 3891 consensus_meta.cc:188] T f689db1eddb54b1f85b7df38d14534b4 P 42e94fc3adbb419591836d222d946978: Time spent flushing consensus metadata: real 1.536s user 0.000s sys 0.000s
I1010 20:58:51.934304 3891 leader_election.cc:223] T f689db1eddb54b1f85b7df38d14534b4 P 42e94fc3adbb419591836d222d946978 [CANDIDATE]: Term 2 election: Requesting vote from peer f6d15ccd64ec49be8396ed78e2a88377
I1010 20:58:51.934329 3891 leader_election.cc:223] T f689db1eddb54b1f85b7df38d14534b4 P 42e94fc3adbb419591836d222d946978 [CANDIDATE]: Term 2 election: Requesting vote from peer 1380a27d6b824575a3a5e139bee139f4
I1010 20:58:51.934417 3220 raft_consensus.cc:2031] T f689db1eddb54b1f85b7df38d14534b4 P 1380a27d6b824575a3a5e139bee139f4 [term 1 FOLLOWER]: Advancing to term 2
I1010 20:58:51.934444 4081 raft_consensus.cc:467] T 84fcfff9fdef4acf8c2b47f36330567f P b8062d66fd284035ae3bc2567bc11e7c [term 2 LEADER]: Becoming Leader. State: Replica: b8062d66fd284035ae3bc2567bc11e7c, State: 1, Role: LEADER Watermarks: {Received: term: 0 index: 0 Committed: term: 0 index: 0}
I1010 20:58:51.934484 4081 consensus_queue.cc:151] T 84fcfff9fdef4acf8c2b47f36330567f P b8062d66fd284035ae3bc2567bc11e7c [LEADER]: Queue going to LEADER mode. State: All replicated index: 0, Majority replicated index: 0, Committed index: 0, Last appended: 0.0, Current term: 2, Majority size: 2, State: 1, Mode: LEADER, active raft config: opid_index: -1 OBSOLETE_local: false peers { permanent_uuid: "b8062d66fd284035ae3bc2567bc11e7c" member_type: VOTER last_known_addr { host: "127.6.150.4" port: 44055 } } peers { permanent_uuid: "1031512f5120422e9e22a0afabd78f61" member_type: VOTER last_known_addr { host: "127.6.150.1" port: 46963 } } peers { permanent_uuid: "42e94fc3adbb419591836d222d946978" member_type: VOTER last_known_addr { host: "127.6.150.8" port: 35299 } }
I1010 20:58:51.936164 2403 catalog_manager.cc:2018] T 84fcfff9fdef4acf8c2b47f36330567f reported consensus state change: term changed from 0 to 2, leader changed from to b8062d66fd284035ae3bc2567bc11e7c (127.6.150.4). New consensus state: current_term: 2 leader_uuid: "b8062d66fd284035ae3bc2567bc11e7c" config { opid_index: -1 OBSOLETE_local: false peers { permanent_uuid: "b8062d66fd284035ae3bc2567bc11e7c" member_type: VOTER last_known_addr { host: "127.6.150.4" port: 44055 } } peers { permanent_uuid: "1031512f5120422e9e22a0afabd78f61" member_type: VOTER last_known_addr { host: "127.6.150.1" port: 46963 } } peers { permanent_uuid: "42e94fc3adbb419591836d222d946978" member_type: VOTER last_known_addr { host: "127.6.150.8" port: 35299 } } }
W1010 20:58:51.949332 3273 leader_election.cc:275] T ed24ca4817744964991178277119b367 P 7f623b00f5ae4b9c8e8940692d5dfd44 [CANDIDATE]: Term 1 election: RPC error from VoteRequest() call to peer 580cbaf7092444dfbc6fb344da88d7b6: Timed out: RequestConsensusVote RPC to 127.6.150.9:51743 timed out after 1.552s
I1010 20:58:51.949345 3273 leader_election.cc:248] T ed24ca4817744964991178277119b367 P 7f623b00f5ae4b9c8e8940692d5dfd44 [CANDIDATE]: Term 1 election: Election decided. Result: candidate lost.
W1010 20:58:51.971318 3507 leader_election.cc:275] T 970154c84d6849cc83af1d9e5ad6980d P 580cbaf7092444dfbc6fb344da88d7b6 [CANDIDATE]: Term 1 election: RPC error from VoteRequest() call to peer 84bde34331b94c4ea003e48f9317f792: Timed out: RequestConsensusVote RPC to 127.6.150.0:40113 timed out after 1.576s
I1010 20:58:51.971329 3507 leader_election.cc:248] T 970154c84d6849cc83af1d9e5ad6980d P 580cbaf7092444dfbc6fb344da88d7b6 [CANDIDATE]: Term 1 election: Election decided. Result: candidate lost.
I1010 20:58:51.971532 4089 raft_consensus.cc:1981] T 970154c84d6849cc83af1d9e5ad6980d P 580cbaf7092444dfbc6fb344da88d7b6 [term 1 FOLLOWER]: Snoozing failure detection for election timeout plus an additional 1.501s
I1010 20:58:51.971550 4089 raft_consensus.cc:1823] T 970154c84d6849cc83af1d9e5ad6980d P 580cbaf7092444dfbc6fb344da88d7b6 [term 1 FOLLOWER]: Leader election lost for term 1. Reason: None given
I1010 20:58:51.972985 3898 raft_consensus.cc:375] T 970154c84d6849cc83af1d9e5ad6980d P b8062d66fd284035ae3bc2567bc11e7c [term 1 FOLLOWER]: No leader contacted us within the election timeout. Triggering leader election
I1010 20:58:51.972996 3898 raft_consensus.cc:2031] T 970154c84d6849cc83af1d9e5ad6980d P b8062d66fd284035ae3bc2567bc11e7c [term 1 FOLLOWER]: Advancing to term 2
I1010 20:58:51.989109 3817 raft_consensus.cc:375] T de9d164718e74d3db902ea603ab32407 P 8de6cfa864d64c58bf4eafb689517c93 [term 1 FOLLOWER]: No leader contacted us within the election timeout. Triggering leader election
I1010 20:58:51.989137 3817 raft_consensus.cc:2031] T de9d164718e74d3db902ea603ab32407 P 8de6cfa864d64c58bf4eafb689517c93 [term 1 FOLLOWER]: Advancing to term 2
W1010 20:58:52.022490 2802 leader_election.cc:275] T 19f492d94e864f1ebd1c70810b0470f7 P 8de6cfa864d64c58bf4eafb689517c93 [CANDIDATE]: Term 2 election: RPC error from VoteRequest() call to peer 84bde34331b94c4ea003e48f9317f792: Timed out: RequestConsensusVote RPC to 127.6.150.0:40113 timed out after 1.626s
I1010 20:58:52.022512 2802 leader_election.cc:248] T 19f492d94e864f1ebd1c70810b0470f7 P 8de6cfa864d64c58bf4eafb689517c93 [CANDIDATE]: Term 2 election: Election decided. Result: candidate lost.
I1010 20:58:52.022687 4090 raft_consensus.cc:1981] T 19f492d94e864f1ebd1c70810b0470f7 P 8de6cfa864d64c58bf4eafb689517c93 [term 2 FOLLOWER]: Snoozing failure detection for election timeout plus an additional 1.566s
I1010 20:58:52.022701 4090 raft_consensus.cc:1823] T 19f492d94e864f1ebd1c70810b0470f7 P 8de6cfa864d64c58bf4eafb689517c93 [term 2 FOLLOWER]: Leader election lost for term 2. Reason: None given
W1010 20:58:52.045752 3153 leader_election.cc:275] T 7d680e6840854bca9daef77d506408e9 P 1380a27d6b824575a3a5e139bee139f4 [CANDIDATE]: Term 2 election: RPC error from VoteRequest() call to peer 33ef4317e50042ba95e517992caa6531: Timed out: RequestConsensusVote RPC to 127.6.150.5:40764 timed out after 1.650s
W1010 20:58:52.046715 3156 leader_election.cc:275] T 7d680e6840854bca9daef77d506408e9 P 1380a27d6b824575a3a5e139bee139f4 [CANDIDATE]: Term 2 election: RPC error from VoteRequest() call to peer 84bde34331b94c4ea003e48f9317f792: Timed out: RequestConsensusVote RPC to 127.6.150.0:40113 timed out after 1.650s
I1010 20:58:52.046728 3156 leader_election.cc:248] T 7d680e6840854bca9daef77d506408e9 P 1380a27d6b824575a3a5e139bee139f4 [CANDIDATE]: Term 2 election: Election decided. Result: candidate lost.
I1010 20:58:52.073577 3794 raft_consensus.cc:375] T 95e7c143b0524a9b9ade2cfcc081e679 P 84bde34331b94c4ea003e48f9317f792 [term 1 FOLLOWER]: No leader contacted us within the election timeout. Triggering leader election
I1010 20:58:52.073604 3794 raft_consensus.cc:2031] T 95e7c143b0524a9b9ade2cfcc081e679 P 84bde34331b94c4ea003e48f9317f792 [term 1 FOLLOWER]: Advancing to term 2
I1010 20:58:52.104848 3713 raft_consensus.cc:375] T 05a5666441ec49d792222a3e8674edf7 P 33ef4317e50042ba95e517992caa6531 [term 1 FOLLOWER]: No leader contacted us within the election timeout. Triggering leader election
I1010 20:58:52.104861 3713 raft_consensus.cc:2031] T 05a5666441ec49d792222a3e8674edf7 P 33ef4317e50042ba95e517992caa6531 [term 1 FOLLOWER]: Advancing to term 2
W1010 20:58:52.125185 2919 leader_election.cc:275] T 84fcfff9fdef4acf8c2b47f36330567f P b8062d66fd284035ae3bc2567bc11e7c [CANDIDATE]: Term 2 election: RPC error from VoteRequest() call to peer 1031512f5120422e9e22a0afabd78f61: Timed out: RequestConsensusVote RPC to 127.6.150.1:46963 timed out after 1.726s
I1010 20:58:52.220203 3863 raft_consensus.cc:375] T 981834f5e88f4585b6420fca7ddcb289 P 8de6cfa864d64c58bf4eafb689517c93 [term 1 FOLLOWER]: No leader contacted us within the election timeout. Triggering leader election
I1010 20:58:52.220235 3863 raft_consensus.cc:2031] T 981834f5e88f4585b6420fca7ddcb289 P 8de6cfa864d64c58bf4eafb689517c93 [term 1 FOLLOWER]: Advancing to term 2
I1010 20:58:52.269722 3881 raft_consensus.cc:375] T 872042177fee42c9b6c380a1b657755e P 42e94fc3adbb419591836d222d946978 [term 1 FOLLOWER]: No leader contacted us within the election timeout. Triggering leader election
I1010 20:58:52.269768 3881 raft_consensus.cc:2031] T 872042177fee42c9b6c380a1b657755e P 42e94fc3adbb419591836d222d946978 [term 1 FOLLOWER]: Advancing to term 2
I1010 20:58:52.434936 3452 raft_consensus.cc:857] T 84fcfff9fdef4acf8c2b47f36330567f P 42e94fc3adbb419591836d222d946978 [term 2 FOLLOWER]: Refusing update from remote peer b8062d66fd284035ae3bc2567bc11e7c: Log matching property violated. Preceding OpId in replica: term: 0 index: 0. Preceding OpId from leader: term: 2 index: 1. (index mismatch)
I1010 20:58:52.435031 4081 consensus_queue.cc:652] T 84fcfff9fdef4acf8c2b47f36330567f P b8062d66fd284035ae3bc2567bc11e7c [LEADER]: Connected to new peer: Peer: 42e94fc3adbb419591836d222d946978, Is new: false, Last received: 0.0, Next index: 1, Last known committed idx: 0, Last exchange result: ERROR, Needs tablet copy: false
I1010 20:58:52.730701 3819 raft_consensus.cc:375] T 05a5666441ec49d792222a3e8674edf7 P f6d15ccd64ec49be8396ed78e2a88377 [term 1 FOLLOWER]: No leader contacted us within the election timeout. Triggering leader election
I1010 20:58:52.730717 3819 raft_consensus.cc:2031] T 05a5666441ec49d792222a3e8674edf7 P f6d15ccd64ec49be8396ed78e2a88377 [term 1 FOLLOWER]: Advancing to term 2
W1010 20:58:53.435320 2919 consensus_peers.cc:332] T 84fcfff9fdef4acf8c2b47f36330567f P b8062d66fd284035ae3bc2567bc11e7c -> Peer 1031512f5120422e9e22a0afabd78f61 (127.6.150.1:46963): Couldn't send request to peer 1031512f5120422e9e22a0afabd78f61 for tablet 84fcfff9fdef4acf8c2b47f36330567f. Status: Timed out: UpdateConsensus RPC to 127.6.150.1:46963 timed out after 1.000s. Retrying in the next heartbeat period. Already tried 1 times.
W1010 20:58:53.440454 3505 leader_election.cc:275] T 17a4ac4e4e164cebb4d88f59511cf926 P 580cbaf7092444dfbc6fb344da88d7b6 [CANDIDATE]: Term 2 election: RPC error from VoteRequest() call to peer 1031512f5120422e9e22a0afabd78f61: Timed out: RequestConsensusVote RPC to 127.6.150.1:46963 timed out after 1.515s
I1010 20:58:53.440476 3505 leader_election.cc:248] T 17a4ac4e4e164cebb4d88f59511cf926 P 580cbaf7092444dfbc6fb344da88d7b6 [CANDIDATE]: Term 2 election: Election decided. Result: candidate lost.
I1010 20:58:53.440723 4098 raft_consensus.cc:1981] T 17a4ac4e4e164cebb4d88f59511cf926 P 580cbaf7092444dfbc6fb344da88d7b6 [term 2 FOLLOWER]: Snoozing failure detection for election timeout plus an additional 1.732s
I1010 20:58:53.440759 4098 raft_consensus.cc:1823] T 17a4ac4e4e164cebb4d88f59511cf926 P 580cbaf7092444dfbc6fb344da88d7b6 [term 2 FOLLOWER]: Leader election lost for term 2. Reason: None given
W1010 20:58:53.465598 2802 leader_election.cc:275] T 7836528275cb45aab827361611bb3bbe P 8de6cfa864d64c58bf4eafb689517c93 [CANDIDATE]: Term 1 election: RPC error from VoteRequest() call to peer 580cbaf7092444dfbc6fb344da88d7b6: Timed out: RequestConsensusVote RPC to 127.6.150.9:51743 timed out after 1.535s
W1010 20:58:53.471019 3156 leader_election.cc:275] T 949b26dfeadc4de38868bf4ed994d184 P 1380a27d6b824575a3a5e139bee139f4 [CANDIDATE]: Term 2 election: RPC error from VoteRequest() call to peer 8de6cfa864d64c58bf4eafb689517c93: Timed out: RequestConsensusVote RPC to 127.6.150.3:40117 timed out after 1.539s
I1010 20:58:53.471035 3156 leader_election.cc:248] T 949b26dfeadc4de38868bf4ed994d184 P 1380a27d6b824575a3a5e139bee139f4 [CANDIDATE]: Term 2 election: Election decided. Result: candidate lost.
I1010 20:58:53.471174 4099 raft_consensus.cc:1981] T 949b26dfeadc4de38868bf4ed994d184 P 1380a27d6b824575a3a5e139bee139f4 [term 2 FOLLOWER]: Snoozing failure detection for election timeout plus an additional 1.748s
I1010 20:58:53.471192 4099 raft_consensus.cc:1823] T 949b26dfeadc4de38868bf4ed994d184 P 1380a27d6b824575a3a5e139bee139f4 [term 2 FOLLOWER]: Leader election lost for term 2. Reason: None given
W1010 20:58:53.480849 3039 leader_election.cc:275] T 19f492d94e864f1ebd1c70810b0470f7 P 33ef4317e50042ba95e517992caa6531 [CANDIDATE]: Term 1 election: RPC error from VoteRequest() call to peer 84bde34331b94c4ea003e48f9317f792: Timed out: RequestConsensusVote RPC to 127.6.150.0:40113 timed out after 1.553s
I1010 20:58:53.487098 3834 raft_consensus.cc:375] T 4c179cfa32ee4128ad57d34140e5320f P f6d15ccd64ec49be8396ed78e2a88377 [term 1 FOLLOWER]: No leader contacted us within the election timeout. Triggering leader election
I1010 20:58:53.487112 3834 raft_consensus.cc:2031] T 4c179cfa32ee4128ad57d34140e5320f P f6d15ccd64ec49be8396ed78e2a88377 [term 1 FOLLOWER]: Advancing to term 2
W1010 20:58:53.487855 2684 leader_election.cc:275] T 90fa7ae3643e4575a6be1c4936b6cc11 P f6d15ccd64ec49be8396ed78e2a88377 [CANDIDATE]: Term 2 election: RPC error from VoteRequest() call to peer 42e94fc3adbb419591836d222d946978: Timed out: RequestConsensusVote RPC to 127.6.150.8:35299 timed out after 1.563s
I1010 20:58:53.487866 2684 leader_election.cc:248] T 90fa7ae3643e4575a6be1c4936b6cc11 P f6d15ccd64ec49be8396ed78e2a88377 [CANDIDATE]: Term 2 election: Election decided. Result: candidate lost.
I1010 20:58:53.488072 4100 raft_consensus.cc:1981] T 90fa7ae3643e4575a6be1c4936b6cc11 P f6d15ccd64ec49be8396ed78e2a88377 [term 2 FOLLOWER]: Snoozing failure detection for election timeout plus an additional 1.649s
I1010 20:58:53.488092 4100 raft_consensus.cc:1823] T 90fa7ae3643e4575a6be1c4936b6cc11 P f6d15ccd64ec49be8396ed78e2a88377 [term 2 FOLLOWER]: Leader election lost for term 2. Reason: None given
W1010 20:58:53.494035 2568 leader_election.cc:275] T 4aa163baddb74c4998157964dd55b1f4 P 1031512f5120422e9e22a0afabd78f61 [CANDIDATE]: Term 1 election: RPC error from VoteRequest() call to peer 8de6cfa864d64c58bf4eafb689517c93: Timed out: RequestConsensusVote RPC to 127.6.150.3:40117 timed out after 1.561s
I1010 20:58:53.494052 2568 leader_election.cc:248] T 4aa163baddb74c4998157964dd55b1f4 P 1031512f5120422e9e22a0afabd78f61 [CANDIDATE]: Term 1 election: Election decided. Result: candidate lost.
I1010 20:58:53.494215 4101 raft_consensus.cc:1981] T 4aa163baddb74c4998157964dd55b1f4 P 1031512f5120422e9e22a0afabd78f61 [term 1 FOLLOWER]: Snoozing failure detection for election timeout plus an additional 1.627s
I1010 20:58:53.494233 4101 raft_consensus.cc:1823] T 4aa163baddb74c4998157964dd55b1f4 P 1031512f5120422e9e22a0afabd78f61 [term 1 FOLLOWER]: Leader election lost for term 1. Reason: None given
W1010 20:58:53.499368 2799 leader_election.cc:275] T 981834f5e88f4585b6420fca7ddcb289 P 8de6cfa864d64c58bf4eafb689517c93 [CANDIDATE]: Term 1 election: RPC error from VoteRequest() call to peer 1380a27d6b824575a3a5e139bee139f4: Timed out: RequestConsensusVote RPC to 127.6.150.6:46774 timed out after 1.569s
W1010 20:58:53.499527 2800 leader_election.cc:275] T 981834f5e88f4585b6420fca7ddcb289 P 8de6cfa864d64c58bf4eafb689517c93 [CANDIDATE]: Term 1 election: RPC error from VoteRequest() call to peer 1031512f5120422e9e22a0afabd78f61: Timed out: RequestConsensusVote RPC to 127.6.150.1:46963 timed out after 1.569s
I1010 20:58:53.499562 2800 leader_election.cc:248] T 981834f5e88f4585b6420fca7ddcb289 P 8de6cfa864d64c58bf4eafb689517c93 [CANDIDATE]: Term 1 election: Election decided. Result: candidate lost.
W1010 20:58:53.502621 2450 leader_election.cc:275] T 4aa163baddb74c4998157964dd55b1f4 P 84bde34331b94c4ea003e48f9317f792 [CANDIDATE]: Term 1 election: RPC error from VoteRequest() call to peer 8de6cfa864d64c58bf4eafb689517c93: Timed out: RequestConsensusVote RPC to 127.6.150.3:40117 timed out after 1.576s
I1010 20:58:53.502637 2450 leader_election.cc:248] T 4aa163baddb74c4998157964dd55b1f4 P 84bde34331b94c4ea003e48f9317f792 [CANDIDATE]: Term 1 election: Election decided. Result: candidate lost.
I1010 20:58:53.502794 4103 raft_consensus.cc:1981] T 4aa163baddb74c4998157964dd55b1f4 P 84bde34331b94c4ea003e48f9317f792 [term 1 FOLLOWER]: Snoozing failure detection for election timeout plus an additional 1.562s
I1010 20:58:53.502813 4103 raft_consensus.cc:1823] T 4aa163baddb74c4998157964dd55b1f4 P 84bde34331b94c4ea003e48f9317f792 [term 1 FOLLOWER]: Leader election lost for term 1. Reason: None given
W1010 20:58:53.540344 3389 leader_election.cc:275] T f689db1eddb54b1f85b7df38d14534b4 P 42e94fc3adbb419591836d222d946978 [CANDIDATE]: Term 2 election: RPC error from VoteRequest() call to peer f6d15ccd64ec49be8396ed78e2a88377: Timed out: RequestConsensusVote RPC to 127.6.150.2:33554 timed out after 1.605s
W1010 20:58:53.540539 3387 leader_election.cc:275] T f689db1eddb54b1f85b7df38d14534b4 P 42e94fc3adbb419591836d222d946978 [CANDIDATE]: Term 2 election: RPC error from VoteRequest() call to peer 1380a27d6b824575a3a5e139bee139f4: Timed out: RequestConsensusVote RPC to 127.6.150.6:46774 timed out after 1.605s
I1010 20:58:53.540554 3387 leader_election.cc:248] T f689db1eddb54b1f85b7df38d14534b4 P 42e94fc3adbb419591836d222d946978 [CANDIDATE]: Term 2 election: Election decided. Result: candidate lost.
I1010 20:58:53.540693 4104 raft_consensus.cc:1981] T f689db1eddb54b1f85b7df38d14534b4 P 42e94fc3adbb419591836d222d946978 [term 2 FOLLOWER]: Snoozing failure detection for election timeout plus an additional 1.636s
I1010 20:58:53.540709 4104 raft_consensus.cc:1823] T f689db1eddb54b1f85b7df38d14534b4 P 42e94fc3adbb419591836d222d946978 [term 2 FOLLOWER]: Leader election lost for term 2. Reason: None given
W1010 20:58:53.548104 2683 leader_election.cc:275] T 05a5666441ec49d792222a3e8674edf7 P f6d15ccd64ec49be8396ed78e2a88377 [CANDIDATE]: Term 1 election: RPC error from VoteRequest() call to peer 1031512f5120422e9e22a0afabd78f61: Timed out: RequestConsensusVote RPC to 127.6.150.1:46963 timed out after 1.623s
I1010 20:58:53.548141 2683 leader_election.cc:248] T 05a5666441ec49d792222a3e8674edf7 P f6d15ccd64ec49be8396ed78e2a88377 [CANDIDATE]: Term 1 election: Election decided. Result: candidate lost.
I1010 20:58:53.573181 3889 raft_consensus.cc:375] T 4c179cfa32ee4128ad57d34140e5320f P 7f623b00f5ae4b9c8e8940692d5dfd44 [term 1 FOLLOWER]: No leader contacted us within the election timeout. Triggering leader election
I1010 20:58:53.573196 3889 raft_consensus.cc:2031] T 4c179cfa32ee4128ad57d34140e5320f P 7f623b00f5ae4b9c8e8940692d5dfd44 [term 1 FOLLOWER]: Advancing to term 2
W1010 20:58:53.599568 3390 leader_election.cc:275] T 7836528275cb45aab827361611bb3bbe P 42e94fc3adbb419591836d222d946978 [CANDIDATE]: Term 2 election: RPC error from VoteRequest() call to peer 580cbaf7092444dfbc6fb344da88d7b6: Timed out: RequestConsensusVote RPC to 127.6.150.9:51743 timed out after 1.673s
I1010 20:58:53.599582 3390 leader_election.cc:248] T 7836528275cb45aab827361611bb3bbe P 42e94fc3adbb419591836d222d946978 [CANDIDATE]: Term 2 election: Election decided. Result: candidate lost.
I1010 20:58:53.599725 4106 raft_consensus.cc:1981] T 7836528275cb45aab827361611bb3bbe P 42e94fc3adbb419591836d222d946978 [term 2 FOLLOWER]: Snoozing failure detection for election timeout plus an additional 1.689s
I1010 20:58:53.599742 4106 raft_consensus.cc:1823] T 7836528275cb45aab827361611bb3bbe P 42e94fc3adbb419591836d222d946978 [term 2 FOLLOWER]: Leader election lost for term 2. Reason: None given
W1010 20:58:53.631286 3894 consensus_meta.cc:188] T efe8fb09a1234c9fb1dc99948737a894 P b8062d66fd284035ae3bc2567bc11e7c: Time spent flushing consensus metadata: real 1.701s user 0.000s sys 0.000s
W1010 20:58:53.631288 3753 consensus_meta.cc:188] T 4aa163baddb74c4998157964dd55b1f4 P 8de6cfa864d64c58bf4eafb689517c93: Time spent flushing consensus metadata: real 1.702s user 0.000s sys 0.000s
W1010 20:58:53.631347 3870 consensus_meta.cc:188] T f2289fb138ea4a5ab6c02803c4e9aa51 P 7f623b00f5ae4b9c8e8940692d5dfd44: Time spent flushing consensus metadata: real 1.707s user 0.000s sys 0.000s
W1010 20:58:53.631352 3737 consensus_meta.cc:188] T ed24ca4817744964991178277119b367 P 580cbaf7092444dfbc6fb344da88d7b6: Time spent flushing consensus metadata: real 1.707s user 0.000s sys 0.000s
W1010 20:58:53.631362 3738 consensus_meta.cc:188] T f689db1eddb54b1f85b7df38d14534b4 P f6d15ccd64ec49be8396ed78e2a88377: Time spent flushing consensus metadata: real 1.707s user 0.000s sys 0.000s
W1010 20:58:53.631577 3722 consensus_meta.cc:188] T efe8fb09a1234c9fb1dc99948737a894 P 580cbaf7092444dfbc6fb344da88d7b6: Time spent flushing consensus metadata: real 3.208s user 0.000s sys 0.000s
W1010 20:58:53.631584 3744 consensus_meta.cc:188] T de9d164718e74d3db902ea603ab32407 P 7f623b00f5ae4b9c8e8940692d5dfd44: Time spent flushing consensus metadata: real 5.197s user 0.000s sys 0.000s
I1010 20:58:53.631605 3722 raft_consensus.cc:1981] T efe8fb09a1234c9fb1dc99948737a894 P 580cbaf7092444dfbc6fb344da88d7b6 [term 2 FOLLOWER]: Snoozing failure detection for election timeout plus an additional 1.657s
I1010 20:58:53.631611 3744 raft_consensus.cc:1981] T de9d164718e74d3db902ea603ab32407 P 7f623b00f5ae4b9c8e8940692d5dfd44 [term 2 FOLLOWER]: Snoozing failure detection for election timeout plus an additional 1.534s
I1010 20:58:53.631644 3722 raft_consensus.cc:391] T efe8fb09a1234c9fb1dc99948737a894 P 580cbaf7092444dfbc6fb344da88d7b6 [term 2 FOLLOWER]: Starting election with config: opid_index: -1 OBSOLETE_local: false peers { permanent_uuid: "580cbaf7092444dfbc6fb344da88d7b6" member_type: VOTER last_known_addr { host: "127.6.150.9" port: 51743 } } peers { permanent_uuid: "b8062d66fd284035ae3bc2567bc11e7c" member_type: VOTER last_known_addr { host: "127.6.150.4" port: 44055 } } peers { permanent_uuid: "f6d15ccd64ec49be8396ed78e2a88377" member_type: VOTER last_known_addr { host: "127.6.150.2" port: 33554 } }
I1010 20:58:53.631646 3744 raft_consensus.cc:391] T de9d164718e74d3db902ea603ab32407 P 7f623b00f5ae4b9c8e8940692d5dfd44 [term 2 FOLLOWER]: Starting election with config: opid_index: -1 OBSOLETE_local: false peers { permanent_uuid: "7f623b00f5ae4b9c8e8940692d5dfd44" member_type: VOTER last_known_addr { host: "127.6.150.7" port: 45436 } } peers { permanent_uuid: "b8062d66fd284035ae3bc2567bc11e7c" member_type: VOTER last_known_addr { host: "127.6.150.4" port: 44055 } } peers { permanent_uuid: "8de6cfa864d64c58bf4eafb689517c93" member_type: VOTER last_known_addr { host: "127.6.150.3" port: 40117 } }
