[==========] Running 3 tests from 1 test case. [----------] Global test environment set-up. [----------] 3 tests from CreateTableITest [ RUN ] CreateTableITest.TestCreateWhenMajorityOfReplicasFailCreation
I1010 20:58:34.083943 1686 external_mini_cluster.cc:586] Running /tmp/run_tha_testXiwMYW/build/release/bin/kudu-master kudu-master --fs_wal_dir=/tmp/kudutest-1000/create-table-itest.CreateTableITest.TestCreateWhenMajorityOfReplicasFailCreation.1476133114077700-1686/minicluster-data/master-0 --fs_data_dirs=/tmp/kudutest-1000/create-table-itest.CreateTableITest.TestCreateWhenMajorityOfReplicasFailCreation.1476133114077700-1686/minicluster-data/master-0 --rpc_bind_addresses=127.0.0.1:0 --webserver_interface=localhost --webserver_port=0 --metrics_log_interval_ms=1000 --log_dir=/tmp/kudutest-1000/create-table-itest.CreateTableITest.TestCreateWhenMajorityOfReplicasFailCreation.1476133114077700-1686/minicluster-data/master-0 --tablet_creation_timeout_ms=1000 --server_dump_info_path=/tmp/kudutest-1000/create-table-itest.CreateTableITest.TestCreateWhenMajorityOfReplicasFailCreation.1476133114077700-1686/minicluster-data/master-0/info.pb --server_dump_info_format=pb --rpc_server_allow_ephemeral_ports --logtostderr --logbuflevel=-1 --unlock_experimental_flags --unlock_unsafe_flags WARNING: Logging before InitGoogleLogging() is written to STDERR
W1010 20:58:34.088894 1691 flags.cc:294] Enabled unsafe flag: --rpc_server_allow_ephemeral_ports=true
I1010 20:58:34.089530 1691 mem_tracker.cc:140] MemTracker: hard memory limit is 11.777661 GB
I1010 20:58:34.089543 1691 mem_tracker.cc:142] MemTracker: soft memory limit is 7.066597 GB
I1010 20:58:34.090481 1691 master_main.cc:58] Initializing master server...
I1010 20:58:34.090622 1691 hybrid_clock.cc:177] HybridClock initialized. Resolution in nanos?: 1 Wait times tolerance adjustment: 1.0005 Current error: 968115
I1010 20:58:34.091334 1691 server_base.cc:167] Could not load existing FS layout: Not found: /tmp/kudutest-1000/create-table-itest.CreateTableITest.TestCreateWhenMajorityOfReplicasFailCreation.1476133114077700-1686/minicluster-data/master-0/instance: No such file or directory (error 2)
I1010 20:58:34.091346 1691 server_base.cc:168] Creating new FS layout
I1010 20:58:34.291821 1691 fs_manager.cc:354] Generated new instance metadata in path /tmp/kudutest-1000/create-table-itest.CreateTableITest.TestCreateWhenMajorityOfReplicasFailCreation.1476133114077700-1686/minicluster-data/master-0/instance: uuid: "d4cf8c406c3b4693b9535068d9267967" format_stamp: "Formatted at 2016-10-10 20:58:34 on dist-test-slave-dist-test-slave-ymsa"
I1010 20:58:34.297667 1691 fs_manager.cc:243] Opened local filesystem: /tmp/kudutest-1000/create-table-itest.CreateTableITest.TestCreateWhenMajorityOfReplicasFailCreation.1476133114077700-1686/minicluster-data/master-0 uuid: "d4cf8c406c3b4693b9535068d9267967" format_stamp: "Formatted at 2016-10-10 20:58:34 on dist-test-slave-dist-test-slave-ymsa"
I1010 20:58:34.300099 1691 master_main.cc:61] Starting Master server...
I1010 20:58:34.303762 1691 rpc_server.cc:164] RPC server started. Bound to: 127.0.0.1:46501
I1010 20:58:34.303809 1691 webserver.cc:125] Starting webserver on localhost:0
I1010 20:58:34.303817 1691 webserver.cc:136] Document root disabled
I1010 20:58:34.304065 1691 net_util.cc:195] Address 127.0.0.1:0 for localhost:0 duplicates an earlier resolved entry.
I1010 20:58:34.304234 1691 webserver.cc:220] Webserver started. Bound to: http://127.0.0.1:33610/
I1010 20:58:34.304344 1691 server_base.cc:239] Dumped server information to /tmp/kudutest-1000/create-table-itest.CreateTableITest.TestCreateWhenMajorityOfReplicasFailCreation.1476133114077700-1686/minicluster-data/master-0/info.pb
I1010 20:58:34.309262 1745 tablet_bootstrap.cc:380] T 00000000000000000000000000000000 P d4cf8c406c3b4693b9535068d9267967: Bootstrap starting.
I1010 20:58:34.309408 1745 tablet_bootstrap.cc:542] T 00000000000000000000000000000000 P d4cf8c406c3b4693b9535068d9267967: Time spent opening tablet: real 0.000s user 0.000s sys 0.000s
I1010 20:58:34.309495 1745 tablet_bootstrap.cc:482] T 00000000000000000000000000000000 P d4cf8c406c3b4693b9535068d9267967: No blocks or log segments found. Creating new log.
I1010 20:58:34.309602 1745 log.cc:347] Log is configured to *not* fsync() on all Append() calls
I1010 20:58:34.310008 1745 tablet_bootstrap.cc:380] T 00000000000000000000000000000000 P d4cf8c406c3b4693b9535068d9267967: No bootstrap required, opened a new log
I1010 20:58:34.310313 1745 raft_consensus.cc:275] T 00000000000000000000000000000000 P d4cf8c406c3b4693b9535068d9267967 [term 0 FOLLOWER]: Replica starting. Triggering 0 pending transactions. Active config: opid_index: -1 OBSOLETE_local: true peers { permanent_uuid: "d4cf8c406c3b4693b9535068d9267967" member_type: VOTER }
I1010 20:58:34.310335 1745 raft_consensus.cc:306] T 00000000000000000000000000000000 P d4cf8c406c3b4693b9535068d9267967 [term 0 FOLLOWER]: Consensus starting up: Expiring failure detector timer to make a prompt election more likely
I1010 20:58:34.310343 1745 raft_consensus.cc:502] T 00000000000000000000000000000000 P d4cf8c406c3b4693b9535068d9267967 [term 0 FOLLOWER]: Becoming Follower/Learner. State: Replica: d4cf8c406c3b4693b9535068d9267967, State: 1, Role: FOLLOWER Watermarks: {Received: term: 0 index: 0 Committed: term: 0 index: 0}
I1010 20:58:34.310349 1745 consensus_queue.cc:168] T 00000000000000000000000000000000 P d4cf8c406c3b4693b9535068d9267967 [NON_LEADER]: Queue going to NON_LEADER mode. State: All replicated index: 0, Majority replicated index: 0, Committed index: 0, Last appended: 0.0, Current term: 0, Majority size: -1, State: 1, Mode: NON_LEADER
I1010 20:58:34.310353 1745 raft_consensus.cc:319] T 00000000000000000000000000000000 P d4cf8c406c3b4693b9535068d9267967 [term 0 FOLLOWER]: Only one voter in the Raft config. Triggering election immediately
I1010 20:58:34.310356 1745 raft_consensus.cc:375] T 00000000000000000000000000000000 P d4cf8c406c3b4693b9535068d9267967 [term 0 FOLLOWER]: No leader contacted us within the election timeout. Triggering leader election
I1010 20:58:34.310359 1745 raft_consensus.cc:2031] T 00000000000000000000000000000000 P d4cf8c406c3b4693b9535068d9267967 [term 0 FOLLOWER]: Advancing to term 1
I1010 20:58:34.310520 1745 raft_consensus.cc:1981] T 00000000000000000000000000000000 P d4cf8c406c3b4693b9535068d9267967 [term 1 FOLLOWER]: Snoozing failure detection for election timeout plus an additional 1.512s
I1010 20:58:34.310540 1745 raft_consensus.cc:391] T 00000000000000000000000000000000 P d4cf8c406c3b4693b9535068d9267967 [term 1 FOLLOWER]: Starting election with config: opid_index: -1 OBSOLETE_local: true peers { permanent_uuid: "d4cf8c406c3b4693b9535068d9267967" member_type: VOTER }
I1010 20:58:34.312047 1686 external_mini_cluster.cc:622] Started /tmp/run_tha_testXiwMYW/build/release/bin/kudu-master as pid 1691
I1010 20:58:34.312145 1686 external_mini_cluster.cc:586] Running /tmp/run_tha_testXiwMYW/build/release/bin/kudu-tserver kudu-tserver --fs_wal_dir=/tmp/kudutest-1000/create-table-itest.CreateTableITest.TestCreateWhenMajorityOfReplicasFailCreation.1476133114077700-1686/minicluster-data/ts-0 --fs_data_dirs=/tmp/kudutest-1000/create-table-itest.CreateTableITest.TestCreateWhenMajorityOfReplicasFailCreation.1476133114077700-1686/minicluster-data/ts-0 --rpc_bind_addresses=127.6.150.0:0 --local_ip_for_outbound_sockets=127.6.150.0 --webserver_interface=127.6.150.0 --webserver_port=0 --tserver_master_addrs=127.0.0.1:46501 --metrics_log_interval_ms=1000 --log_dir=/tmp/kudutest-1000/create-table-itest.CreateTableITest.TestCreateWhenMajorityOfReplicasFailCreation.1476133114077700-1686/minicluster-data/ts-0 --never_fsync --server_dump_info_path=/tmp/kudutest-1000/create-table-itest.CreateTableITest.TestCreateWhenMajorityOfReplicasFailCreation.1476133114077700-1686/minicluster-data/ts-0/info.pb --server_dump_info_format=pb --rpc_server_allow_ephemeral_ports --logtostderr --logbuflevel=-1 --unlock_experimental_flags --unlock_unsafe_flags WARNING: Logging before InitGoogleLogging() is written to STDERR
W1010 20:58:34.316886 1749 flags.cc:294] Enabled unsafe flag: --rpc_server_allow_ephemeral_ports=true
W1010 20:58:34.316956 1749 flags.cc:294] Enabled unsafe flag: --never_fsync=true
W1010 20:58:34.317415 1749 flags.cc:294] Enabled experimental flag: --local_ip_for_outbound_sockets=127.6.150.0
I1010 20:58:34.317509 1749 mem_tracker.cc:140] MemTracker: hard memory limit is 11.777661 GB
I1010 20:58:34.317520 1749 mem_tracker.cc:142] MemTracker: soft memory limit is 7.066597 GB
I1010 20:58:34.318480 1749 tablet_server_main.cc:54] Initializing tablet server...
I1010 20:58:34.318626 1749 hybrid_clock.cc:177] HybridClock initialized. Resolution in nanos?: 1 Wait times tolerance adjustment: 1.0005 Current error: 968115
I1010 20:58:34.319367 1749 server_base.cc:167] Could not load existing FS layout: Not found: /tmp/kudutest-1000/create-table-itest.CreateTableITest.TestCreateWhenMajorityOfReplicasFailCreation.1476133114077700-1686/minicluster-data/ts-0/instance: No such file or directory (error 2)
I1010 20:58:34.319380 1749 server_base.cc:168] Creating new FS layout
I1010 20:58:34.320413 1749 fs_manager.cc:354] Generated new instance metadata in path /tmp/kudutest-1000/create-table-itest.CreateTableITest.TestCreateWhenMajorityOfReplicasFailCreation.1476133114077700-1686/minicluster-data/ts-0/instance: uuid: "d09b95f9213649f6ac7f29f92d8e3f11" format_stamp: "Formatted at 2016-10-10 20:58:34 on dist-test-slave-dist-test-slave-ymsa"
I1010 20:58:34.321082 1749 fs_manager.cc:243] Opened local filesystem: /tmp/kudutest-1000/create-table-itest.CreateTableITest.TestCreateWhenMajorityOfReplicasFailCreation.1476133114077700-1686/minicluster-data/ts-0 uuid: "d09b95f9213649f6ac7f29f92d8e3f11" format_stamp: "Formatted at 2016-10-10 20:58:34 on dist-test-slave-dist-test-slave-ymsa"
I1010 20:58:34.322780 1745 leader_election.cc:248] T 00000000000000000000000000000000 P d4cf8c406c3b4693b9535068d9267967 [CANDIDATE]: Term 1 election: Election decided. Result: candidate won.
I1010 20:58:34.323547 1749 tablet_server_main.cc:57] Starting tablet server...
I1010 20:58:34.323556 1745 sys_catalog.cc:257] T 00000000000000000000000000000000 P d4cf8c406c3b4693b9535068d9267967 [sys.catalog]: SysCatalogTable state changed. Reason: Started TabletPeer. Latest consensus state: current_term: 1 config { opid_index: -1 OBSOLETE_local: true peers { permanent_uuid: "d4cf8c406c3b4693b9535068d9267967" member_type: VOTER } }
I1010 20:58:34.323566 1745 sys_catalog.cc:260] T 00000000000000000000000000000000 P d4cf8c406c3b4693b9535068d9267967 [sys.catalog]: This master's current role is: FOLLOWER
I1010 20:58:34.323580 1759 raft_consensus.cc:1981] T 00000000000000000000000000000000 P d4cf8c406c3b4693b9535068d9267967 [term 1 FOLLOWER]: Snoozing failure detection for election timeout plus an additional 1.602s
I1010 20:58:34.323604 1745 sys_catalog.cc:335] T 00000000000000000000000000000000 P d4cf8c406c3b4693b9535068d9267967 [sys.catalog]: configured and running, proceeding with master startup.
I1010 20:58:34.323612 1759 raft_consensus.cc:1861] T 00000000000000000000000000000000 P d4cf8c406c3b4693b9535068d9267967 [term 1 FOLLOWER]: Leader election won for term 1
W1010 20:58:34.323711 1762 catalog_manager.cc:365] Catalog manager background task thread going to sleep: Service unavailable: Catalog manager is not initialized. State: 1
I1010 20:58:34.323727 1691 master_main.cc:64] Master server successfully started.
I1010 20:58:34.324141 1759 raft_consensus.cc:467] T 00000000000000000000000000000000 P d4cf8c406c3b4693b9535068d9267967 [term 1 LEADER]: Becoming Leader. State: Replica: d4cf8c406c3b4693b9535068d9267967, State: 1, Role: LEADER Watermarks: {Received: term: 0 index: 0 Committed: term: 0 index: 0}
I1010 20:58:34.324162 1759 consensus_queue.cc:151] T 00000000000000000000000000000000 P d4cf8c406c3b4693b9535068d9267967 [LEADER]: Queue going to LEADER mode. State: All replicated index: 0, Majority replicated index: 0, Committed index: 0, Last appended: 0.0, Current term: 1, Majority size: 1, State: 1, Mode: LEADER, active raft config: opid_index: -1 OBSOLETE_local: true peers { permanent_uuid: "d4cf8c406c3b4693b9535068d9267967" member_type: VOTER }
I1010 20:58:34.325377 1760 sys_catalog.cc:257] T 00000000000000000000000000000000 P d4cf8c406c3b4693b9535068d9267967 [sys.catalog]: SysCatalogTable state changed. Reason: RaftConsensus started. Latest consensus state: current_term: 1 leader_uuid: "d4cf8c406c3b4693b9535068d9267967" config { opid_index: -1 OBSOLETE_local: true peers { permanent_uuid: "d4cf8c406c3b4693b9535068d9267967" member_type: VOTER } }
I1010 20:58:34.325389 1760 sys_catalog.cc:260] T 00000000000000000000000000000000 P d4cf8c406c3b4693b9535068d9267967 [sys.catalog]: This master's current role is: LEADER
I1010 20:58:34.325392 1763 sys_catalog.cc:257] T 00000000000000000000000000000000 P d4cf8c406c3b4693b9535068d9267967 [sys.catalog]: SysCatalogTable state changed. Reason: New leader d4cf8c406c3b4693b9535068d9267967. Latest consensus state: current_term: 1 leader_uuid: "d4cf8c406c3b4693b9535068d9267967" config { opid_index: -1 OBSOLETE_local: true peers { permanent_uuid: "d4cf8c406c3b4693b9535068d9267967" member_type: VOTER } }
I1010 20:58:34.325398 1763 sys_catalog.cc:260] T 00000000000000000000000000000000 P d4cf8c406c3b4693b9535068d9267967 [sys.catalog]: This master's current role is: LEADER
I1010 20:58:34.325666 1781 catalog_manager.cc:660] Loading table and tablet metadata into memory...
I1010 20:58:34.414142 1749 rpc_server.cc:164] RPC server started. Bound to: 127.6.150.0:51431
I1010 20:58:34.414212 1749 webserver.cc:125] Starting webserver on 127.6.150.0:0
I1010 20:58:34.414242 1749 webserver.cc:136] Document root disabled
I1010 20:58:34.414364 1749 webserver.cc:220] Webserver started. Bound to: http://127.6.150.0:55339/
I1010 20:58:34.414489 1749 server_base.cc:239] Dumped server information to /tmp/kudutest-1000/create-table-itest.CreateTableITest.TestCreateWhenMajorityOfReplicasFailCreation.1476133114077700-1686/minicluster-data/ts-0/info.pb
I1010 20:58:34.414708 1749 tablet_server_main.cc:60] Tablet server successfully started.
I1010 20:58:34.415859 1870 heartbeater.cc:292] Connected to a master server at 127.0.0.1:46501
I1010 20:58:34.415875 1870 heartbeater.cc:359] Registering TS with master...
I1010 20:58:34.415884 1870 heartbeater.cc:373] Master 127.0.0.1:46501 requested a full tablet report, sending...
I1010 20:58:34.416008 1712 ts_manager.cc:76] Registered new tserver with Master: d09b95f9213649f6ac7f29f92d8e3f11 (127.6.150.0:51431)
I1010 20:58:34.423637 1686 external_mini_cluster.cc:622] Started /tmp/run_tha_testXiwMYW/build/release/bin/kudu-tserver as pid 1749
I1010 20:58:34.423745 1686 external_mini_cluster.cc:586] Running /tmp/run_tha_testXiwMYW/build/release/bin/kudu-tserver kudu-tserver --fs_wal_dir=/tmp/kudutest-1000/create-table-itest.CreateTableITest.TestCreateWhenMajorityOfReplicasFailCreation.1476133114077700-1686/minicluster-data/ts-1 --fs_data_dirs=/tmp/kudutest-1000/create-table-itest.CreateTableITest.TestCreateWhenMajorityOfReplicasFailCreation.1476133114077700-1686/minicluster-data/ts-1 --rpc_bind_addresses=127.6.150.1:0 --local_ip_for_outbound_sockets=127.6.150.1 --webserver_interface=127.6.150.1 --webserver_port=0 --tserver_master_addrs=127.0.0.1:46501 --metrics_log_interval_ms=1000 --log_dir=/tmp/kudutest-1000/create-table-itest.CreateTableITest.TestCreateWhenMajorityOfReplicasFailCreation.1476133114077700-1686/minicluster-data/ts-1 --never_fsync --server_dump_info_path=/tmp/kudutest-1000/create-table-itest.CreateTableITest.TestCreateWhenMajorityOfReplicasFailCreation.1476133114077700-1686/minicluster-data/ts-1/info.pb --server_dump_info_format=pb --rpc_server_allow_ephemeral_ports --logtostderr --logbuflevel=-1 --unlock_experimental_flags --unlock_unsafe_flags WARNING: Logging before InitGoogleLogging() is written to STDERR
W1010 20:58:34.428082 1874 flags.cc:294] Enabled unsafe flag: --rpc_server_allow_ephemeral_ports=true
W1010 20:58:34.428155 1874 flags.cc:294] Enabled unsafe flag: --never_fsync=true
W1010 20:58:34.428593 1874 flags.cc:294] Enabled experimental flag: --local_ip_for_outbound_sockets=127.6.150.1
I1010 20:58:34.428706 1874 mem_tracker.cc:140] MemTracker: hard memory limit is 11.777661 GB
I1010 20:58:34.428714 1874 mem_tracker.cc:142] MemTracker: soft memory limit is 7.066597 GB
I1010 20:58:34.429685 1874 tablet_server_main.cc:54] Initializing tablet server...
I1010 20:58:34.429811 1874 hybrid_clock.cc:177] HybridClock initialized. Resolution in nanos?: 1 Wait times tolerance adjustment: 1.0005 Current error: 968115
I1010 20:58:34.430443 1874 server_base.cc:167] Could not load existing FS layout: Not found: /tmp/kudutest-1000/create-table-itest.CreateTableITest.TestCreateWhenMajorityOfReplicasFailCreation.1476133114077700-1686/minicluster-data/ts-1/instance: No such file or directory (error 2)
I1010 20:58:34.430452 1874 server_base.cc:168] Creating new FS layout
I1010 20:58:34.431577 1874 fs_manager.cc:354] Generated new instance metadata in path /tmp/kudutest-1000/create-table-itest.CreateTableITest.TestCreateWhenMajorityOfReplicasFailCreation.1476133114077700-1686/minicluster-data/ts-1/instance: uuid: "7160a237fa2e437da8305b75ed2e6ec8" format_stamp: "Formatted at 2016-10-10 20:58:34 on dist-test-slave-dist-test-slave-ymsa"
I1010 20:58:34.432162 1874 fs_manager.cc:243] Opened local filesystem: /tmp/kudutest-1000/create-table-itest.CreateTableITest.TestCreateWhenMajorityOfReplicasFailCreation.1476133114077700-1686/minicluster-data/ts-1 uuid: "7160a237fa2e437da8305b75ed2e6ec8" format_stamp: "Formatted at 2016-10-10 20:58:34 on dist-test-slave-dist-test-slave-ymsa"
I1010 20:58:34.434703 1874 tablet_server_main.cc:57] Starting tablet server...
I1010 20:58:34.444339 1874 rpc_server.cc:164] RPC server started. Bound to: 127.6.150.1:57815
I1010 20:58:34.444388 1874 webserver.cc:125] Starting webserver on 127.6.150.1:0
I1010 20:58:34.444398 1874 webserver.cc:136] Document root disabled
I1010 20:58:34.444553 1874 webserver.cc:220] Webserver started. Bound to: http://127.6.150.1:37972/
I1010 20:58:34.444669 1874 server_base.cc:239] Dumped server information to /tmp/kudutest-1000/create-table-itest.CreateTableITest.TestCreateWhenMajorityOfReplicasFailCreation.1476133114077700-1686/minicluster-data/ts-1/info.pb
I1010 20:58:34.444942 1874 tablet_server_main.cc:60] Tablet server successfully started.
I1010 20:58:34.445998 1988 heartbeater.cc:292] Connected to a master server at 127.0.0.1:46501
I1010 20:58:34.446017 1988 heartbeater.cc:359] Registering TS with master...
I1010 20:58:34.446030 1988 heartbeater.cc:373] Master 127.0.0.1:46501 requested a full tablet report, sending...
I1010 20:58:34.446125 1712 ts_manager.cc:76] Registered new tserver with Master: 7160a237fa2e437da8305b75ed2e6ec8 (127.6.150.1:57815)
I1010 20:58:34.454457 1686 external_mini_cluster.cc:622] Started /tmp/run_tha_testXiwMYW/build/release/bin/kudu-tserver as pid 1874
I1010 20:58:34.454536 1686 external_mini_cluster.cc:586] Running /tmp/run_tha_testXiwMYW/build/release/bin/kudu-tserver kudu-tserver --fs_wal_dir=/tmp/kudutest-1000/create-table-itest.CreateTableITest.TestCreateWhenMajorityOfReplicasFailCreation.1476133114077700-1686/minicluster-data/ts-2 --fs_data_dirs=/tmp/kudutest-1000/create-table-itest.CreateTableITest.TestCreateWhenMajorityOfReplicasFailCreation.1476133114077700-1686/minicluster-data/ts-2 --rpc_bind_addresses=127.6.150.2:0 --local_ip_for_outbound_sockets=127.6.150.2 --webserver_interface=127.6.150.2 --webserver_port=0 --tserver_master_addrs=127.0.0.1:46501 --metrics_log_interval_ms=1000 --log_dir=/tmp/kudutest-1000/create-table-itest.CreateTableITest.TestCreateWhenMajorityOfReplicasFailCreation.1476133114077700-1686/minicluster-data/ts-2 --never_fsync --server_dump_info_path=/tmp/kudutest-1000/create-table-itest.CreateTableITest.TestCreateWhenMajorityOfReplicasFailCreation.1476133114077700-1686/minicluster-data/ts-2/info.pb --server_dump_info_format=pb --rpc_server_allow_ephemeral_ports --logtostderr --logbuflevel=-1 --unlock_experimental_flags --unlock_unsafe_flags WARNING: Logging before InitGoogleLogging() is written to STDERR
W1010 20:58:34.459756 1991 flags.cc:294] Enabled unsafe flag: --rpc_server_allow_ephemeral_ports=true
W1010 20:58:34.459821 1991 flags.cc:294] Enabled unsafe flag: --never_fsync=true
W1010 20:58:34.460327 1991 flags.cc:294] Enabled experimental flag: --local_ip_for_outbound_sockets=127.6.150.2
I1010 20:58:34.460444 1991 mem_tracker.cc:140] MemTracker: hard memory limit is 11.777661 GB
I1010 20:58:34.460458 1991 mem_tracker.cc:142] MemTracker: soft memory limit is 7.066597 GB
I1010 20:58:34.461577 1991 tablet_server_main.cc:54] Initializing tablet server...
I1010 20:58:34.461730 1991 hybrid_clock.cc:177] HybridClock initialized. Resolution in nanos?: 1 Wait times tolerance adjustment: 1.0005 Current error: 968115
I1010 20:58:34.462570 1991 server_base.cc:167] Could not load existing FS layout: Not found: /tmp/kudutest-1000/create-table-itest.CreateTableITest.TestCreateWhenMajorityOfReplicasFailCreation.1476133114077700-1686/minicluster-data/ts-2/instance: No such file or directory (error 2)
I1010 20:58:34.462582 1991 server_base.cc:168] Creating new FS layout
I1010 20:58:34.463738 1991 fs_manager.cc:354] Generated new instance metadata in path /tmp/kudutest-1000/create-table-itest.CreateTableITest.TestCreateWhenMajorityOfReplicasFailCreation.1476133114077700-1686/minicluster-data/ts-2/instance: uuid: "75e56306e836413685f502a571284009" format_stamp: "Formatted at 2016-10-10 20:58:34 on dist-test-slave-dist-test-slave-ymsa"
I1010 20:58:34.464395 1991 fs_manager.cc:243] Opened local filesystem: /tmp/kudutest-1000/create-table-itest.CreateTableITest.TestCreateWhenMajorityOfReplicasFailCreation.1476133114077700-1686/minicluster-data/ts-2 uuid: "75e56306e836413685f502a571284009" format_stamp: "Formatted at 2016-10-10 20:58:34 on dist-test-slave-dist-test-slave-ymsa"
I1010 20:58:34.467049 1991 tablet_server_main.cc:57] Starting tablet server...
I1010 20:58:34.475998 1991 rpc_server.cc:164] RPC server started. Bound to: 127.6.150.2:38018
I1010 20:58:34.476050 1991 webserver.cc:125] Starting webserver on 127.6.150.2:0
I1010 20:58:34.476068 1991 webserver.cc:136] Document root disabled
I1010 20:58:34.476167 1991 webserver.cc:220] Webserver started. Bound to: http://127.6.150.2:36092/
I1010 20:58:34.476272 1991 server_base.cc:239] Dumped server information to /tmp/kudutest-1000/create-table-itest.CreateTableITest.TestCreateWhenMajorityOfReplicasFailCreation.1476133114077700-1686/minicluster-data/ts-2/info.pb
I1010 20:58:34.476444 1991 tablet_server_main.cc:60] Tablet server successfully started.
I1010 20:58:34.477280 2105 heartbeater.cc:292] Connected to a master server at 127.0.0.1:46501
I1010 20:58:34.477296 2105 heartbeater.cc:359] Registering TS with master...
I1010 20:58:34.477306 2105 heartbeater.cc:373] Master 127.0.0.1:46501 requested a full tablet report, sending...
I1010 20:58:34.477459 1712 ts_manager.cc:76] Registered new tserver with Master: 75e56306e836413685f502a571284009 (127.6.150.2:38018)
I1010 20:58:34.485374 1686 external_mini_cluster.cc:622] Started /tmp/run_tha_testXiwMYW/build/release/bin/kudu-tserver as pid 1991
I1010 20:58:34.486888 1686 external_mini_cluster.cc:341] 3 TS(s) registered with all masters
I1010 20:58:34.489796 1686 external_mini_cluster.cc:687] Killing /tmp/run_tha_testXiwMYW/build/release/bin/kudu-tserver with pid 1874
I1010 20:58:34.492161 1686 external_mini_cluster.cc:687] Killing /tmp/run_tha_testXiwMYW/build/release/bin/kudu-tserver with pid 1991
I1010 20:58:34.494557 1712 catalog_manager.cc:789] CreateTable from {real_user=slave, eff_user=} at 127.0.0.1:46414: name: "test-table" schema { columns { name: "key" type: INT32 is_key: true is_nullable: false encoding: AUTO_ENCODING compression: DEFAULT_COMPRESSION cfile_block_size: 0 } columns { name: "int_val" type: INT32 is_key: false is_nullable: false encoding: AUTO_ENCODING compression: DEFAULT_COMPRESSION cfile_block_size: 0 } columns { name: "string_val" type: STRING is_key: false is_nullable: true encoding: AUTO_ENCODING compression: DEFAULT_COMPRESSION cfile_block_size: 0 } } num_replicas: 3 split_rows_range_bounds { } partition_schema { range_schema { columns { name: "key" } } }
W1010 20:58:34.495874 1696 catalog_manager.cc:2301] TS 7160a237fa2e437da8305b75ed2e6ec8 (127.6.150.1:57815): Create Tablet RPC failed for tablet b1e6a7b25cce46d9a64325794390ab21: Network error: Client connection negotiation failed: client connection to 127.6.150.1:57815: connect: Connection refused (error 111)
I1010 20:58:34.495896 1696 catalog_manager.cc:2355] Scheduling retry of CreateTablet RPC for tablet b1e6a7b25cce46d9a64325794390ab21 on TS 7160a237fa2e437da8305b75ed2e6ec8 with a delay of 60ms (attempt = 1)...
W1010 20:58:34.495964 1695 catalog_manager.cc:2301] TS 75e56306e836413685f502a571284009 (127.6.150.2:38018): Create Tablet RPC failed for tablet b1e6a7b25cce46d9a64325794390ab21: Network error: Client connection negotiation failed: client connection to 127.6.150.2:38018: connect: Connection refused (error 111)
I1010 20:58:34.495980 1695 catalog_manager.cc:2355] Scheduling retry of CreateTablet RPC for tablet b1e6a7b25cce46d9a64325794390ab21 on TS 75e56306e836413685f502a571284009 with a delay of 35ms (attempt = 1)...
I1010 20:58:34.496637 1807 tablet_service.cc:619] Processing CreateTablet for tablet b1e6a7b25cce46d9a64325794390ab21 (table=test-table [id=cdc4846c3fe84fb7b1522be60094eca9]), partition=range: [, )
I1010 20:58:34.497520 1807 ts_tablet_manager.cc:766] Registered tablet b1e6a7b25cce46d9a64325794390ab21
I1010 20:58:34.497689 2116 ts_tablet_manager.cc:632] T b1e6a7b25cce46d9a64325794390ab21 P d09b95f9213649f6ac7f29f92d8e3f11: Bootstrapping tablet
I1010 20:58:34.497865 2116 tablet_bootstrap.cc:380] T b1e6a7b25cce46d9a64325794390ab21 P d09b95f9213649f6ac7f29f92d8e3f11: Bootstrap starting.
I1010 20:58:34.498054 2116 tablet_bootstrap.cc:542] T b1e6a7b25cce46d9a64325794390ab21 P d09b95f9213649f6ac7f29f92d8e3f11: Time spent opening tablet: real 0.000s user 0.000s sys 0.000s
I1010 20:58:34.498183 2116 tablet_bootstrap.cc:482] T b1e6a7b25cce46d9a64325794390ab21 P d09b95f9213649f6ac7f29f92d8e3f11: No blocks or log segments found. Creating new log.
I1010 20:58:34.498343 2116 log.cc:347] Log is configured to *not* fsync() on all Append() calls
I1010 20:58:34.498829 2116 tablet_bootstrap.cc:380] T b1e6a7b25cce46d9a64325794390ab21 P d09b95f9213649f6ac7f29f92d8e3f11: No bootstrap required, opened a new log
I1010 20:58:34.498853 2116 ts_tablet_manager.cc:637] T b1e6a7b25cce46d9a64325794390ab21 P d09b95f9213649f6ac7f29f92d8e3f11: Time spent bootstrapping tablet: real 0.001s user 0.000s sys 0.000s
I1010 20:58:34.499231 2116 raft_consensus.cc:275] T b1e6a7b25cce46d9a64325794390ab21 P d09b95f9213649f6ac7f29f92d8e3f11 [term 0 FOLLOWER]: Replica starting. Triggering 0 pending transactions. Active config: opid_index: -1 OBSOLETE_local: false peers { permanent_uuid: "7160a237fa2e437da8305b75ed2e6ec8" member_type: VOTER last_known_addr { host: "127.6.150.1" port: 57815 } } peers { permanent_uuid: "75e56306e836413685f502a571284009" member_type: VOTER last_known_addr { host: "127.6.150.2" port: 38018 } } peers { permanent_uuid: "d09b95f9213649f6ac7f29f92d8e3f11" member_type: VOTER last_known_addr { host: "127.6.150.0" port: 51431 } }
I1010 20:58:34.499251 2116 raft_consensus.cc:306] T b1e6a7b25cce46d9a64325794390ab21 P d09b95f9213649f6ac7f29f92d8e3f11 [term 0 FOLLOWER]: Consensus starting up: Expiring failure detector timer to make a prompt election more likely
I1010 20:58:34.499260 2116 raft_consensus.cc:502] T b1e6a7b25cce46d9a64325794390ab21 P d09b95f9213649f6ac7f29f92d8e3f11 [term 0 FOLLOWER]: Becoming Follower/Learner. State: Replica: d09b95f9213649f6ac7f29f92d8e3f11, State: 1, Role: FOLLOWER Watermarks: {Received: term: 0 index: 0 Committed: term: 0 index: 0}
I1010 20:58:34.499270 2116 consensus_queue.cc:168] T b1e6a7b25cce46d9a64325794390ab21 P d09b95f9213649f6ac7f29f92d8e3f11 [NON_LEADER]: Queue going to NON_LEADER mode. State: All replicated index: 0, Majority replicated index: 0, Committed index: 0, Last appended: 0.0, Current term: 0, Majority size: -1, State: 1, Mode: NON_LEADER
I1010 20:58:34.499416 2116 ts_tablet_manager.cc:664] T b1e6a7b25cce46d9a64325794390ab21 P d09b95f9213649f6ac7f29f92d8e3f11: Time spent starting tablet: real 0.001s user 0.000s sys 0.000s
I1010 20:58:34.499426 1870 heartbeater.cc:365] Master 127.0.0.1:46501 was elected leader, sending a full tablet report...
W1010 20:58:34.531499 1695 catalog_manager.cc:2301] TS 75e56306e836413685f502a571284009 (127.6.150.2:38018): Create Tablet RPC failed for tablet b1e6a7b25cce46d9a64325794390ab21: Network error: Client connection negotiation failed: client connection to 127.6.150.2:38018: connect: Connection refused (error 111)
I1010 20:58:34.531524 1695 catalog_manager.cc:2355] Scheduling retry of CreateTablet RPC for tablet b1e6a7b25cce46d9a64325794390ab21 on TS 75e56306e836413685f502a571284009 with a delay of 70ms (attempt = 2)...
W1010 20:58:34.556161 1696 catalog_manager.cc:2301] TS 7160a237fa2e437da8305b75ed2e6ec8 (127.6.150.1:57815): Create Tablet RPC failed for tablet b1e6a7b25cce46d9a64325794390ab21: Network error: Client connection negotiation failed: client connection to 127.6.150.1:57815: connect: Connection refused (error 111)
I1010 20:58:34.556176 1696 catalog_manager.cc:2355] Scheduling retry of CreateTablet RPC for tablet b1e6a7b25cce46d9a64325794390ab21 on TS 7160a237fa2e437da8305b75ed2e6ec8 with a delay of 33ms (attempt = 2)...
W1010 20:58:34.589473 1696 catalog_manager.cc:2301] TS 7160a237fa2e437da8305b75ed2e6ec8 (127.6.150.1:57815): Create Tablet RPC failed for tablet b1e6a7b25cce46d9a64325794390ab21: Network error: Client connection negotiation failed: client connection to 127.6.150.1:57815: connect: Connection refused (error 111)
I1010 20:58:34.589489 1696 catalog_manager.cc:2355] Scheduling retry of CreateTablet RPC for tablet b1e6a7b25cce46d9a64325794390ab21 on TS 7160a237fa2e437da8305b75ed2e6ec8 with a delay of 90ms (attempt = 3)...
I1010 20:58:34.596321 1686 create-table-itest.cc:83] Waiting for the master to retry creating the tablet 3 times... 1 RPCs seen so far
W1010 20:58:34.602066 1695 catalog_manager.cc:2301] TS 75e56306e836413685f502a571284009 (127.6.150.2:38018): Create Tablet RPC failed for tablet b1e6a7b25cce46d9a64325794390ab21: Network error: Client connection negotiation failed: client connection to 127.6.150.2:38018: connect: Connection refused (error 111)
I1010 20:58:34.602082 1695 catalog_manager.cc:2355] Scheduling retry of CreateTablet RPC for tablet b1e6a7b25cce46d9a64325794390ab21 on TS 75e56306e836413685f502a571284009 with a delay of 97ms (attempt = 3)...
W1010 20:58:34.680122 1696 catalog_manager.cc:2301] TS 7160a237fa2e437da8305b75ed2e6ec8 (127.6.150.1:57815): Create Tablet RPC failed for tablet b1e6a7b25cce46d9a64325794390ab21: Network error: Client connection negotiation failed: client connection to 127.6.150.1:57815: connect: Connection refused (error 111)
I1010 20:58:34.680182 1696 catalog_manager.cc:2355] Scheduling retry of CreateTablet RPC for tablet b1e6a7b25cce46d9a64325794390ab21 on TS 7160a237fa2e437da8305b75ed2e6ec8 with a delay of 147ms (attempt = 4)...
I1010 20:58:34.697093 1686 create-table-itest.cc:83] Waiting for the master to retry creating the tablet 3 times... 1 RPCs seen so far
W1010 20:58:34.699456 1695 catalog_manager.cc:2301] TS 75e56306e836413685f502a571284009 (127.6.150.2:38018): Create Tablet RPC failed for tablet b1e6a7b25cce46d9a64325794390ab21: Network error: Client connection negotiation failed: client connection to 127.6.150.2:38018: connect: Connection refused (error 111)
I1010 20:58:34.699471 1695 catalog_manager.cc:2355] Scheduling retry of CreateTablet RPC for tablet b1e6a7b25cce46d9a64325794390ab21 on TS 75e56306e836413685f502a571284009 with a delay of 161ms (attempt = 4)...
I1010 20:58:34.797880 1686 create-table-itest.cc:83] Waiting for the master to retry creating the tablet 3 times... 1 RPCs seen so far
W1010 20:58:34.827528 1696 catalog_manager.cc:2301] TS 7160a237fa2e437da8305b75ed2e6ec8 (127.6.150.1:57815): Create Tablet RPC failed for tablet b1e6a7b25cce46d9a64325794390ab21: Network error: Client connection negotiation failed: client connection to 127.6.150.1:57815: connect: Connection refused (error 111)
I1010 20:58:34.827550 1696 catalog_manager.cc:2355] Scheduling retry of CreateTablet RPC for tablet b1e6a7b25cce46d9a64325794390ab21 on TS 7160a237fa2e437da8305b75ed2e6ec8 with a delay of 299ms (attempt = 5)...
W1010 20:58:34.861059 1695 catalog_manager.cc:2301] TS 75e56306e836413685f502a571284009 (127.6.150.2:38018): Create Tablet RPC failed for tablet b1e6a7b25cce46d9a64325794390ab21: Network error: Client connection negotiation failed: client connection to 127.6.150.2:38018: connect: Connection refused (error 111)
I1010 20:58:34.861083 1695 catalog_manager.cc:2355] Scheduling retry of CreateTablet RPC for tablet b1e6a7b25cce46d9a64325794390ab21 on TS 75e56306e836413685f502a571284009 with a delay of 260ms (attempt = 5)...
I1010 20:58:34.898669 1686 create-table-itest.cc:83] Waiting for the master to retry creating the tablet 3 times... 1 RPCs seen so far
I1010 20:58:34.906276 2119 raft_consensus.cc:375] T b1e6a7b25cce46d9a64325794390ab21 P d09b95f9213649f6ac7f29f92d8e3f11 [term 0 FOLLOWER]: No leader contacted us within the election timeout. Triggering leader election
I1010 20:58:34.906297 2119 raft_consensus.cc:2031] T b1e6a7b25cce46d9a64325794390ab21 P d09b95f9213649f6ac7f29f92d8e3f11 [term 0 FOLLOWER]: Advancing to term 1
I1010 20:58:34.906622 2119 raft_consensus.cc:1981] T b1e6a7b25cce46d9a64325794390ab21 P d09b95f9213649f6ac7f29f92d8e3f11 [term 1 FOLLOWER]: Snoozing failure detection for election timeout plus an additional 1.614s
I1010 20:58:34.906690 2119 raft_consensus.cc:391] T b1e6a7b25cce46d9a64325794390ab21 P d09b95f9213649f6ac7f29f92d8e3f11 [term 1 FOLLOWER]: Starting election with config: opid_index: -1 OBSOLETE_local: false peers { permanent_uuid: "7160a237fa2e437da8305b75ed2e6ec8" member_type: VOTER last_known_addr { host: "127.6.150.1" port: 57815 } } peers { permanent_uuid: "75e56306e836413685f502a571284009" member_type: VOTER last_known_addr { host: "127.6.150.2" port: 38018 } } peers { permanent_uuid: "d09b95f9213649f6ac7f29f92d8e3f11" member_type: VOTER last_known_addr { host: "127.6.150.0" port: 51431 } }
I1010 20:58:34.999398 1686 create-table-itest.cc:83] Waiting for the master to retry creating the tablet 3 times... 1 RPCs seen so far
I1010 20:58:35.055634 2119 leader_election.cc:223] T b1e6a7b25cce46d9a64325794390ab21 P d09b95f9213649f6ac7f29f92d8e3f11 [CANDIDATE]: Term 1 election: Requesting vote from peer 7160a237fa2e437da8305b75ed2e6ec8
I1010 20:58:35.055680 2119 leader_election.cc:223] T b1e6a7b25cce46d9a64325794390ab21 P d09b95f9213649f6ac7f29f92d8e3f11 [CANDIDATE]: Term 1 election: Requesting vote from peer 75e56306e836413685f502a571284009
W1010 20:58:35.056236 1754 leader_election.cc:275] T b1e6a7b25cce46d9a64325794390ab21 P d09b95f9213649f6ac7f29f92d8e3f11 [CANDIDATE]: Term 1 election: RPC error from VoteRequest() call to peer 7160a237fa2e437da8305b75ed2e6ec8: Network error: Client connection negotiation failed: client connection to 127.6.150.1:57815: connect: Connection refused (error 111)
W1010 20:58:35.056287 1753 leader_election.cc:275] T b1e6a7b25cce46d9a64325794390ab21 P d09b95f9213649f6ac7f29f92d8e3f11 [CANDIDATE]: Term 1 election: RPC error from VoteRequest() call to peer 75e56306e836413685f502a571284009: Network error: Client connection negotiation failed: client connection to 127.6.150.2:38018: connect: Connection refused (error 111)
I1010 20:58:35.056318 1753 leader_election.cc:248] T b1e6a7b25cce46d9a64325794390ab21 P d09b95f9213649f6ac7f29f92d8e3f11 [CANDIDATE]: Term 1 election: Election decided. Result: candidate lost.
I1010 20:58:35.056473 2124 raft_consensus.cc:1981] T b1e6a7b25cce46d9a64325794390ab21 P d09b95f9213649f6ac7f29f92d8e3f11 [term 1 FOLLOWER]: Snoozing failure detection for election timeout plus an additional 1.525s
I1010 20:58:35.056491 2124 raft_consensus.cc:1823] T b1e6a7b25cce46d9a64325794390ab21 P d09b95f9213649f6ac7f29f92d8e3f11 [term 1 FOLLOWER]: Leader election lost for term 1. Reason: None given
I1010 20:58:35.100250 1686 create-table-itest.cc:83] Waiting for the master to retry creating the tablet 3 times... 1 RPCs seen so far
W1010 20:58:35.122014 1695 catalog_manager.cc:2301] TS 75e56306e836413685f502a571284009 (127.6.150.2:38018): Create Tablet RPC failed for tablet b1e6a7b25cce46d9a64325794390ab21: Network error: Client connection negotiation failed: client connection to 127.6.150.2:38018: connect: Connection refused (error 111)
I1010 20:58:35.122041 1695 catalog_manager.cc:2355] Scheduling retry of CreateTablet RPC for tablet b1e6a7b25cce46d9a64325794390ab21 on TS 75e56306e836413685f502a571284009 with a delay of 363ms (attempt = 6)...
W1010 20:58:35.126839 1696 catalog_manager.cc:2301] TS 7160a237fa2e437da8305b75ed2e6ec8 (127.6.150.1:57815): Create Tablet RPC failed for tablet b1e6a7b25cce46d9a64325794390ab21: Network error: Client connection negotiation failed: client connection to 127.6.150.1:57815: connect: Connection refused (error 111)
I1010 20:58:35.126858 1696 catalog_manager.cc:2355] Scheduling retry of CreateTablet RPC for tablet b1e6a7b25cce46d9a64325794390ab21 on TS 7160a237fa2e437da8305b75ed2e6ec8 with a delay of 358ms (attempt = 6)...
I1010 20:58:35.201036 1686 create-table-itest.cc:83] Waiting for the master to retry creating the tablet 3 times... 1 RPCs seen so far
I1010 20:58:35.301945 1686 create-table-itest.cc:83] Waiting for the master to retry creating the tablet 3 times... 1 RPCs seen so far
I1010 20:58:35.403030 1686 create-table-itest.cc:83] Waiting for the master to retry creating the tablet 3 times... 1 RPCs seen so far
W1010 20:58:35.485818 1696 catalog_manager.cc:2301] TS 7160a237fa2e437da8305b75ed2e6ec8 (127.6.150.1:57815): Create Tablet RPC failed for tablet b1e6a7b25cce46d9a64325794390ab21: Network error: Client connection negotiation failed: client connection to 127.6.150.1:57815: connect: Connection refused (error 111)
W1010 20:58:35.485852 1696 catalog_manager.cc:2352] Request timed out: CreateTablet RPC for tablet b1e6a7b25cce46d9a64325794390ab21 on TS 7160a237fa2e437da8305b75ed2e6ec8
W1010 20:58:35.486068 1695 catalog_manager.cc:2301] TS 75e56306e836413685f502a571284009 (127.6.150.2:38018): Create Tablet RPC failed for tablet b1e6a7b25cce46d9a64325794390ab21: Network error: Client connection negotiation failed: client connection to 127.6.150.2:38018: connect: Connection refused (error 111)
W1010 20:58:35.486099 1695 catalog_manager.cc:2352] Request timed out: CreateTablet RPC for tablet b1e6a7b25cce46d9a64325794390ab21 on TS 75e56306e836413685f502a571284009
W1010 20:58:35.496055 1762 catalog_manager.cc:2975] Tablet b1e6a7b25cce46d9a64325794390ab21 (table test-table [id=cdc4846c3fe84fb7b1522be60094eca9]) was not created within the allowed timeout. Replacing with a new tablet 6e8c16ee547a46c2ae96a84f02357575
I1010 20:58:35.496831 1762 catalog_manager.cc:2864] Sending DeleteTablet for 3 replicas of tablet b1e6a7b25cce46d9a64325794390ab21
I1010 20:58:35.496856 1762 catalog_manager.cc:2591] Sending DeleteTablet(TABLET_DATA_DELETED) for tablet b1e6a7b25cce46d9a64325794390ab21 on 7160a237fa2e437da8305b75ed2e6ec8 (127.6.150.1:57815) (Replaced by 6e8c16ee547a46c2ae96a84f02357575 at 2016-10-10 20:58:35 UTC)
I1010 20:58:35.496875 1762 catalog_manager.cc:2591] Sending DeleteTablet(TABLET_DATA_DELETED) for tablet b1e6a7b25cce46d9a64325794390ab21 on 75e56306e836413685f502a571284009 (127.6.150.2:38018) (Replaced by 6e8c16ee547a46c2ae96a84f02357575 at 2016-10-10 20:58:35 UTC)
I1010 20:58:35.496886 1762 catalog_manager.cc:2591] Sending DeleteTablet(TABLET_DATA_DELETED) for tablet b1e6a7b25cce46d9a64325794390ab21 on d09b95f9213649f6ac7f29f92d8e3f11 (127.6.150.0:51431) (Replaced by 6e8c16ee547a46c2ae96a84f02357575 at 2016-10-10 20:58:35 UTC)
I1010 20:58:35.497114 1807 tablet_service.cc:660] Processing DeleteTablet for tablet b1e6a7b25cce46d9a64325794390ab21 with delete_type TABLET_DATA_DELETED (Replaced by 6e8c16ee547a46c2ae96a84f02357575 at 2016-10-10 20:58:35 UTC) from {real_user=slave, eff_user=} at 127.0.0.1:43898
W1010 20:58:35.497125 1695 catalog_manager.cc:2301] TS 75e56306e836413685f502a571284009 (127.6.150.2:38018): Create Tablet RPC failed for tablet 6e8c16ee547a46c2ae96a84f02357575: Network error: Client connection negotiation failed: client connection to 127.6.150.2:38018: connect: Connection refused (error 111)
I1010 20:58:35.497136 1695 catalog_manager.cc:2355] Scheduling retry of CreateTablet RPC for tablet 6e8c16ee547a46c2ae96a84f02357575 on TS 75e56306e836413685f502a571284009 with a delay of 27ms (attempt = 1)...
I1010 20:58:35.497139 1807 tablet_peer.cc:215] Initiating TabletPeer shutdown for tablet: b1e6a7b25cce46d9a64325794390ab21
W1010 20:58:35.497145 1695 catalog_manager.cc:2301] TS 75e56306e836413685f502a571284009 (127.6.150.2:38018): Delete Tablet RPC failed for tablet b1e6a7b25cce46d9a64325794390ab21: Network error: Client connection negotiation failed: client connection to 127.6.150.2:38018: connect: Connection refused (error 111)
I1010 20:58:35.497148 1807 maintenance_manager.cc:182] Unregistered op CompactRowSetsOp(b1e6a7b25cce46d9a64325794390ab21)
I1010 20:58:35.497150 1695 catalog_manager.cc:2355] Scheduling retry of b1e6a7b25cce46d9a64325794390ab21 Delete Tablet RPC for TS=75e56306e836413685f502a571284009 with a delay of 33ms (attempt = 1)...
I1010 20:58:35.497153 1807 maintenance_manager.cc:182] Unregistered op MinorDeltaCompactionOp(b1e6a7b25cce46d9a64325794390ab21)
I1010 20:58:35.497149 1806 tablet_service.cc:619] Processing CreateTablet for tablet 6e8c16ee547a46c2ae96a84f02357575 (table=test-table [id=cdc4846c3fe84fb7b1522be60094eca9]), partition=range: [, )
W1010 20:58:35.497215 1696 catalog_manager.cc:2301] TS 7160a237fa2e437da8305b75ed2e6ec8 (127.6.150.1:57815): Create Tablet RPC failed for tablet 6e8c16ee547a46c2ae96a84f02357575: Network error: Client connection negotiation failed: client connection to 127.6.150.1:57815: connect: Connection refused (error 111)
I1010 20:58:35.497228 1696 catalog_manager.cc:2355] Scheduling retry of CreateTablet RPC for tablet 6e8c16ee547a46c2ae96a84f02357575 on TS 7160a237fa2e437da8305b75ed2e6ec8 with a delay of 28ms (attempt = 1)...
W1010 20:58:35.497236 1696 catalog_manager.cc:2301] TS 7160a237fa2e437da8305b75ed2e6ec8 (127.6.150.1:57815): Delete Tablet RPC failed for tablet b1e6a7b25cce46d9a64325794390ab21: Network error: Client connection negotiation failed: client connection to 127.6.150.1:57815: connect: Connection refused (error 111)
I1010 20:58:35.497239 1696 catalog_manager.cc:2355] Scheduling retry of b1e6a7b25cce46d9a64325794390ab21 Delete Tablet RPC for TS=7160a237fa2e437da8305b75ed2e6ec8 with a delay of 58ms (attempt = 1)...
I1010 20:58:35.497619 1806 ts_tablet_manager.cc:766] Registered tablet 6e8c16ee547a46c2ae96a84f02357575
I1010 20:58:35.497159 1807 maintenance_manager.cc:182] Unregistered op MajorDeltaCompactionOp(b1e6a7b25cce46d9a64325794390ab21)
I1010 20:58:35.497668 1807 maintenance_manager.cc:182] Unregistered op FlushMRSOp(b1e6a7b25cce46d9a64325794390ab21)
I1010 20:58:35.497673 1807 maintenance_manager.cc:182] Unregistered op FlushDeltaMemStoresOp(b1e6a7b25cce46d9a64325794390ab21)
I1010 20:58:35.497680 1807 maintenance_manager.cc:182] Unregistered op LogGCOp(b1e6a7b25cce46d9a64325794390ab21)
I1010 20:58:35.497695 1807 raft_consensus.cc:1495] T b1e6a7b25cce46d9a64325794390ab21 P d09b95f9213649f6ac7f29f92d8e3f11 [term 1 FOLLOWER]: Raft consensus shutting down.
I1010 20:58:35.497704 1807 raft_consensus.cc:1511] T b1e6a7b25cce46d9a64325794390ab21 P d09b95f9213649f6ac7f29f92d8e3f11 [term 1 FOLLOWER]: Raft consensus is shut down!
I1010 20:58:35.497838 2128 ts_tablet_manager.cc:632] T 6e8c16ee547a46c2ae96a84f02357575 P d09b95f9213649f6ac7f29f92d8e3f11: Bootstrapping tablet
I1010 20:58:35.497992 2128 tablet_bootstrap.cc:380] T 6e8c16ee547a46c2ae96a84f02357575 P d09b95f9213649f6ac7f29f92d8e3f11: Bootstrap starting.
I1010 20:58:35.498019 1807 ts_tablet_manager.cc:916] T b1e6a7b25cce46d9a64325794390ab21 P d09b95f9213649f6ac7f29f92d8e3f11: Deleting tablet data with delete state TABLET_DATA_DELETED
I1010 20:58:35.498095 2128 tablet_bootstrap.cc:542] T 6e8c16ee547a46c2ae96a84f02357575 P d09b95f9213649f6ac7f29f92d8e3f11: Time spent opening tablet: real 0.000s user 0.000s sys 0.000s
I1010 20:58:35.498231 2128 tablet_bootstrap.cc:482] T 6e8c16ee547a46c2ae96a84f02357575 P d09b95f9213649f6ac7f29f92d8e3f11: No blocks or log segments found. Creating new log.
I1010 20:58:35.498759 2128 tablet_bootstrap.cc:380] T 6e8c16ee547a46c2ae96a84f02357575 P d09b95f9213649f6ac7f29f92d8e3f11: No bootstrap required, opened a new log
I1010 20:58:35.498886 2128 ts_tablet_manager.cc:637] T 6e8c16ee547a46c2ae96a84f02357575 P d09b95f9213649f6ac7f29f92d8e3f11: Time spent bootstrapping tablet: real 0.001s user 0.000s sys 0.000s
I1010 20:58:35.499228 2128 raft_consensus.cc:275] T 6e8c16ee547a46c2ae96a84f02357575 P d09b95f9213649f6ac7f29f92d8e3f11 [term 0 FOLLOWER]: Replica starting. Triggering 0 pending transactions. Active config: opid_index: -1 OBSOLETE_local: false peers { permanent_uuid: "75e56306e836413685f502a571284009" member_type: VOTER last_known_addr { host: "127.6.150.2" port: 38018 } } peers { permanent_uuid: "7160a237fa2e437da8305b75ed2e6ec8" member_type: VOTER last_known_addr { host: "127.6.150.1" port: 57815 } } peers { permanent_uuid: "d09b95f9213649f6ac7f29f92d8e3f11" member_type: VOTER last_known_addr { host: "127.6.150.0" port: 51431 } }
I1010 20:58:35.499243 2128 raft_consensus.cc:306] T 6e8c16ee547a46c2ae96a84f02357575 P d09b95f9213649f6ac7f29f92d8e3f11 [term 0 FOLLOWER]: Consensus starting up: Expiring failure detector timer to make a prompt election more likely
I1010 20:58:35.499263 2128 raft_consensus.cc:502] T 6e8c16ee547a46c2ae96a84f02357575 P d09b95f9213649f6ac7f29f92d8e3f11 [term 0 FOLLOWER]: Becoming Follower/Learner. State: Replica: d09b95f9213649f6ac7f29f92d8e3f11, State: 1, Role: FOLLOWER Watermarks: {Received: term: 0 index: 0 Committed: term: 0 index: 0}
I1010 20:58:35.499281 2128 consensus_queue.cc:168] T 6e8c16ee547a46c2ae96a84f02357575 P d09b95f9213649f6ac7f29f92d8e3f11 [NON_LEADER]: Queue going to NON_LEADER mode. State: All replicated index: 0, Majority replicated index: 0, Committed index: 0, Last appended: 0.0, Current term: 0, Majority size: -1, State: 1, Mode: NON_LEADER
I1010 20:58:35.499445 2128 ts_tablet_manager.cc:664] T 6e8c16ee547a46c2ae96a84f02357575 P d09b95f9213649f6ac7f29f92d8e3f11: Time spent starting tablet: real 0.001s user 0.000s sys 0.000s
I1010 20:58:35.503948 1686 create-table-itest.cc:83] Waiting for the master to retry creating the tablet 3 times... 2 RPCs seen so far
W1010 20:58:35.524653 1695 catalog_manager.cc:2301] TS 75e56306e836413685f502a571284009 (127.6.150.2:38018): Create Tablet RPC failed for tablet 6e8c16ee547a46c2ae96a84f02357575: Network error: Client connection negotiation failed: client connection to 127.6.150.2:38018: connect: Connection refused (error 111)
I1010 20:58:35.524669 1695 catalog_manager.cc:2355] Scheduling retry of CreateTablet RPC for tablet 6e8c16ee547a46c2ae96a84f02357575 on TS 75e56306e836413685f502a571284009 with a delay of 61ms (attempt = 2)...
W1010 20:58:35.526463 1696 catalog_manager.cc:2301] TS 7160a237fa2e437da8305b75ed2e6ec8 (127.6.150.1:57815): Create Tablet RPC failed for tablet 6e8c16ee547a46c2ae96a84f02357575: Network error: Client connection negotiation failed: client connection to 127.6.150.1:57815: connect: Connection refused (error 111)
I1010 20:58:35.526476 1696 catalog_manager.cc:2355] Scheduling retry of CreateTablet RPC for tablet 6e8c16ee547a46c2ae96a84f02357575 on TS 7160a237fa2e437da8305b75ed2e6ec8 with a delay of 34ms (attempt = 2)...
I1010 20:58:35.530872 1695 catalog_manager.cc:2591] Sending DeleteTablet(TABLET_DATA_DELETED) for tablet b1e6a7b25cce46d9a64325794390ab21 on 75e56306e836413685f502a571284009 (127.6.150.2:38018) (Replaced by 6e8c16ee547a46c2ae96a84f02357575 at 2016-10-10 20:58:35 UTC)
W1010 20:58:35.531051 1695 catalog_manager.cc:2301] TS 75e56306e836413685f502a571284009 (127.6.150.2:38018): Delete Tablet RPC failed for tablet b1e6a7b25cce46d9a64325794390ab21: Network error: Client connection negotiation failed: client connection to 127.6.150.2:38018: connect: Connection refused (error 111)
I1010 20:58:35.531075 1695 catalog_manager.cc:2355] Scheduling retry of b1e6a7b25cce46d9a64325794390ab21 Delete Tablet RPC for TS=75e56306e836413685f502a571284009 with a delay of 50ms (attempt = 2)...
I1010 20:58:35.555661 1696 catalog_manager.cc:2591] Sending DeleteTablet(TABLET_DATA_DELETED) for tablet b1e6a7b25cce46d9a64325794390ab21 on 7160a237fa2e437da8305b75ed2e6ec8 (127.6.150.1:57815) (Replaced by 6e8c16ee547a46c2ae96a84f02357575 at 2016-10-10 20:58:35 UTC)
W1010 20:58:35.555791 1696 catalog_manager.cc:2301] TS 7160a237fa2e437da8305b75ed2e6ec8 (127.6.150.1:57815): Delete Tablet RPC failed for tablet b1e6a7b25cce46d9a64325794390ab21: Network error: Client connection negotiation failed: client connection to 127.6.150.1:57815: connect: Connection refused (error 111)
I1010 20:58:35.555804 1696 catalog_manager.cc:2355] Scheduling retry of b1e6a7b25cce46d9a64325794390ab21 Delete Tablet RPC for TS=7160a237fa2e437da8305b75ed2e6ec8 with a delay of 63ms (attempt = 2)...
W1010 20:58:35.561095 1696 catalog_manager.cc:2301] TS 7160a237fa2e437da8305b75ed2e6ec8 (127.6.150.1:57815): Create Tablet RPC failed for tablet 6e8c16ee547a46c2ae96a84f02357575: Network error: Client connection negotiation failed: client connection to 127.6.150.1:57815: connect: Connection refused (error 111)
