I1010 20:58:41.920851 3656 ts_tablet_manager.cc:637] T 970154c84d6849cc83af1d9e5ad6980d P 580cbaf7092444dfbc6fb344da88d7b6: Time spent bootstrapping tablet: real 0.001s user 0.000s sys 0.000s
I1010 20:58:41.920966 3146 heartbeater.cc:365] Master 127.0.0.1:51244 was elected leader, sending a full tablet report...
I1010 20:58:41.921062 3649 ts_tablet_manager.cc:664] T 7d680e6840854bca9daef77d506408e9 P 33ef4317e50042ba95e517992caa6531: Time spent starting tablet: real 0.001s user 0.000s sys 0.000s
I1010 20:58:41.921077 3649 ts_tablet_manager.cc:632] T 05a5666441ec49d792222a3e8674edf7 P 33ef4317e50042ba95e517992caa6531: Bootstrapping tablet
I1010 20:58:41.921159 3656 raft_consensus.cc:275] T 970154c84d6849cc83af1d9e5ad6980d P 580cbaf7092444dfbc6fb344da88d7b6 [term 0 FOLLOWER]: Replica starting. Triggering 0 pending transactions. Active config: opid_index: -1 OBSOLETE_local: false peers { permanent_uuid: "580cbaf7092444dfbc6fb344da88d7b6" member_type: VOTER last_known_addr { host: "127.6.150.9" port: 51743 } } peers { permanent_uuid: "84bde34331b94c4ea003e48f9317f792" member_type: VOTER last_known_addr { host: "127.6.150.0" port: 40113 } } peers { permanent_uuid: "b8062d66fd284035ae3bc2567bc11e7c" member_type: VOTER last_known_addr { host: "127.6.150.4" port: 44055 } }
I1010 20:58:41.921176 3656 raft_consensus.cc:306] T 970154c84d6849cc83af1d9e5ad6980d P 580cbaf7092444dfbc6fb344da88d7b6 [term 0 FOLLOWER]: Consensus starting up: Expiring failure detector timer to make a prompt election more likely
I1010 20:58:41.921185 3656 raft_consensus.cc:502] T 970154c84d6849cc83af1d9e5ad6980d P 580cbaf7092444dfbc6fb344da88d7b6 [term 0 FOLLOWER]: Becoming Follower/Learner. State: Replica: 580cbaf7092444dfbc6fb344da88d7b6, State: 1, Role: FOLLOWER Watermarks: {Received: term: 0 index: 0 Committed: term: 0 index: 0}
I1010 20:58:41.921195 3649 tablet_bootstrap.cc:380] T 05a5666441ec49d792222a3e8674edf7 P 33ef4317e50042ba95e517992caa6531: Bootstrap starting.
I1010 20:58:41.921198 3656 consensus_queue.cc:168] T 970154c84d6849cc83af1d9e5ad6980d P 580cbaf7092444dfbc6fb344da88d7b6 [NON_LEADER]: Queue going to NON_LEADER mode. State: All replicated index: 0, Majority replicated index: 0, Committed index: 0, Last appended: 0.0, Current term: 0, Majority size: -1, State: 1, Mode: NON_LEADER
I1010 20:58:41.921310 3649 tablet_bootstrap.cc:542] T 05a5666441ec49d792222a3e8674edf7 P 33ef4317e50042ba95e517992caa6531: Time spent opening tablet: real 0.000s user 0.000s sys 0.000s
I1010 20:58:41.921340 3656 ts_tablet_manager.cc:664] T 970154c84d6849cc83af1d9e5ad6980d P 580cbaf7092444dfbc6fb344da88d7b6: Time spent starting tablet: real 0.000s user 0.000s sys 0.000s
I1010 20:58:41.921360 3656 ts_tablet_manager.cc:632] T 7836528275cb45aab827361611bb3bbe P 580cbaf7092444dfbc6fb344da88d7b6: Bootstrapping tablet
I1010 20:58:41.921407 3649 tablet_bootstrap.cc:482] T 05a5666441ec49d792222a3e8674edf7 P 33ef4317e50042ba95e517992caa6531: No blocks or log segments found. Creating new log.
I1010 20:58:41.921469 3656 tablet_bootstrap.cc:380] T 7836528275cb45aab827361611bb3bbe P 580cbaf7092444dfbc6fb344da88d7b6: Bootstrap starting.
I1010 20:58:41.921578 3656 tablet_bootstrap.cc:542] T 7836528275cb45aab827361611bb3bbe P 580cbaf7092444dfbc6fb344da88d7b6: Time spent opening tablet: real 0.000s user 0.000s sys 0.000s
I1010 20:58:41.921691 3656 tablet_bootstrap.cc:482] T 7836528275cb45aab827361611bb3bbe P 580cbaf7092444dfbc6fb344da88d7b6: No blocks or log segments found. Creating new log.
I1010 20:58:41.921957 3651 tablet_bootstrap.cc:380] T 970154c84d6849cc83af1d9e5ad6980d P 84bde34331b94c4ea003e48f9317f792: No bootstrap required, opened a new log
I1010 20:58:41.921980 3651 ts_tablet_manager.cc:637] T 970154c84d6849cc83af1d9e5ad6980d P 84bde34331b94c4ea003e48f9317f792: Time spent bootstrapping tablet: real 0.002s user 0.000s sys 0.000s
I1010 20:58:41.922235 3656 tablet_bootstrap.cc:380] T 7836528275cb45aab827361611bb3bbe P 580cbaf7092444dfbc6fb344da88d7b6: No bootstrap required, opened a new log
I1010 20:58:41.922279 3656 ts_tablet_manager.cc:637] T 7836528275cb45aab827361611bb3bbe P 580cbaf7092444dfbc6fb344da88d7b6: Time spent bootstrapping tablet: real 0.001s user 0.000s sys 0.000s
I1010 20:58:41.922559 3654 ts_tablet_manager.cc:632] T f2289fb138ea4a5ab6c02803c4e9aa51 P b8062d66fd284035ae3bc2567bc11e7c: Bootstrapping tablet
I1010 20:58:41.922585 3651 raft_consensus.cc:275] T 970154c84d6849cc83af1d9e5ad6980d P 84bde34331b94c4ea003e48f9317f792 [term 0 FOLLOWER]: Replica starting. Triggering 0 pending transactions. Active config: opid_index: -1 OBSOLETE_local: false peers { permanent_uuid: "580cbaf7092444dfbc6fb344da88d7b6" member_type: VOTER last_known_addr { host: "127.6.150.9" port: 51743 } } peers { permanent_uuid: "84bde34331b94c4ea003e48f9317f792" member_type: VOTER last_known_addr { host: "127.6.150.0" port: 40113 } } peers { permanent_uuid: "b8062d66fd284035ae3bc2567bc11e7c" member_type: VOTER last_known_addr { host: "127.6.150.4" port: 44055 } }
I1010 20:58:41.922644 3651 raft_consensus.cc:306] T 970154c84d6849cc83af1d9e5ad6980d P 84bde34331b94c4ea003e48f9317f792 [term 0 FOLLOWER]: Consensus starting up: Expiring failure detector timer to make a prompt election more likely
I1010 20:58:41.922693 3651 raft_consensus.cc:502] T 970154c84d6849cc83af1d9e5ad6980d P 84bde34331b94c4ea003e48f9317f792 [term 0 FOLLOWER]: Becoming Follower/Learner. State: Replica: 84bde34331b94c4ea003e48f9317f792, State: 1, Role: FOLLOWER Watermarks: {Received: term: 0 index: 0 Committed: term: 0 index: 0}
I1010 20:58:41.922729 3656 raft_consensus.cc:275] T 7836528275cb45aab827361611bb3bbe P 580cbaf7092444dfbc6fb344da88d7b6 [term 0 FOLLOWER]: Replica starting. Triggering 0 pending transactions. Active config: opid_index: -1 OBSOLETE_local: false peers { permanent_uuid: "580cbaf7092444dfbc6fb344da88d7b6" member_type: VOTER last_known_addr { host: "127.6.150.9" port: 51743 } } peers { permanent_uuid: "42e94fc3adbb419591836d222d946978" member_type: VOTER last_known_addr { host: "127.6.150.8" port: 35299 } } peers { permanent_uuid: "8de6cfa864d64c58bf4eafb689517c93" member_type: VOTER last_known_addr { host: "127.6.150.3" port: 40117 } }
I1010 20:58:41.922732 3651 consensus_queue.cc:168] T 970154c84d6849cc83af1d9e5ad6980d P 84bde34331b94c4ea003e48f9317f792 [NON_LEADER]: Queue going to NON_LEADER mode. State: All replicated index: 0, Majority replicated index: 0, Committed index: 0, Last appended: 0.0, Current term: 0, Majority size: -1, State: 1, Mode: NON_LEADER
I1010 20:58:41.922793 3648 tablet_bootstrap.cc:380] T efe8fb09a1234c9fb1dc99948737a894 P f6d15ccd64ec49be8396ed78e2a88377: No bootstrap required, opened a new log
I1010 20:58:41.922794 3647 tablet_bootstrap.cc:380] T 949b26dfeadc4de38868bf4ed994d184 P 8de6cfa864d64c58bf4eafb689517c93: No bootstrap required, opened a new log
I1010 20:58:41.922803 3653 ts_tablet_manager.cc:632] T de9d164718e74d3db902ea603ab32407 P 7f623b00f5ae4b9c8e8940692d5dfd44: Bootstrapping tablet
I1010 20:58:41.922812 3648 ts_tablet_manager.cc:637] T efe8fb09a1234c9fb1dc99948737a894 P f6d15ccd64ec49be8396ed78e2a88377: Time spent bootstrapping tablet: real 0.015s user 0.000s sys 0.000s
I1010 20:58:41.922813 3647 ts_tablet_manager.cc:637] T 949b26dfeadc4de38868bf4ed994d184 P 8de6cfa864d64c58bf4eafb689517c93: Time spent bootstrapping tablet: real 0.004s user 0.000s sys 0.000s
I1010 20:58:41.923002 3653 tablet_bootstrap.cc:380] T de9d164718e74d3db902ea603ab32407 P 7f623b00f5ae4b9c8e8940692d5dfd44: Bootstrap starting.
I1010 20:58:41.923032 3651 ts_tablet_manager.cc:664] T 970154c84d6849cc83af1d9e5ad6980d P 84bde34331b94c4ea003e48f9317f792: Time spent starting tablet: real 0.001s user 0.000s sys 0.000s
I1010 20:58:41.923046 3651 ts_tablet_manager.cc:632] T 8da5904fd56d441ea29e61eb9d2b0b2f P 84bde34331b94c4ea003e48f9317f792: Bootstrapping tablet
I1010 20:58:41.923130 3648 raft_consensus.cc:275] T efe8fb09a1234c9fb1dc99948737a894 P f6d15ccd64ec49be8396ed78e2a88377 [term 0 FOLLOWER]: Replica starting. Triggering 0 pending transactions. Active config: opid_index: -1 OBSOLETE_local: false peers { permanent_uuid: "580cbaf7092444dfbc6fb344da88d7b6" member_type: VOTER last_known_addr { host: "127.6.150.9" port: 51743 } } peers { permanent_uuid: "b8062d66fd284035ae3bc2567bc11e7c" member_type: VOTER last_known_addr { host: "127.6.150.4" port: 44055 } } peers { permanent_uuid: "f6d15ccd64ec49be8396ed78e2a88377" member_type: VOTER last_known_addr { host: "127.6.150.2" port: 33554 } }
I1010 20:58:41.923143 3648 raft_consensus.cc:306] T efe8fb09a1234c9fb1dc99948737a894 P f6d15ccd64ec49be8396ed78e2a88377 [term 0 FOLLOWER]: Consensus starting up: Expiring failure detector timer to make a prompt election more likely
I1010 20:58:41.923153 3648 raft_consensus.cc:502] T efe8fb09a1234c9fb1dc99948737a894 P f6d15ccd64ec49be8396ed78e2a88377 [term 0 FOLLOWER]: Becoming Follower/Learner. State: Replica: f6d15ccd64ec49be8396ed78e2a88377, State: 1, Role: FOLLOWER Watermarks: {Received: term: 0 index: 0 Committed: term: 0 index: 0}
I1010 20:58:41.923152 3651 tablet_bootstrap.cc:380] T 8da5904fd56d441ea29e61eb9d2b0b2f P 84bde34331b94c4ea003e48f9317f792: Bootstrap starting.
I1010 20:58:41.923161 3648 consensus_queue.cc:168] T efe8fb09a1234c9fb1dc99948737a894 P f6d15ccd64ec49be8396ed78e2a88377 [NON_LEADER]: Queue going to NON_LEADER mode. State: All replicated index: 0, Majority replicated index: 0, Committed index: 0, Last appended: 0.0, Current term: 0, Majority size: -1, State: 1, Mode: NON_LEADER
I1010 20:58:41.923254 3648 ts_tablet_manager.cc:664] T efe8fb09a1234c9fb1dc99948737a894 P f6d15ccd64ec49be8396ed78e2a88377: Time spent starting tablet: real 0.000s user 0.000s sys 0.000s
I1010 20:58:41.923269 3648 ts_tablet_manager.cc:632] T 872042177fee42c9b6c380a1b657755e P f6d15ccd64ec49be8396ed78e2a88377: Bootstrapping tablet
I1010 20:58:41.923387 3648 tablet_bootstrap.cc:380] T 872042177fee42c9b6c380a1b657755e P f6d15ccd64ec49be8396ed78e2a88377: Bootstrap starting.
I1010 20:58:41.924383 3651 tablet_bootstrap.cc:542] T 8da5904fd56d441ea29e61eb9d2b0b2f P 84bde34331b94c4ea003e48f9317f792: Time spent opening tablet: real 0.000s user 0.000s sys 0.000s
I1010 20:58:41.924391 3653 tablet_bootstrap.cc:542] T de9d164718e74d3db902ea603ab32407 P 7f623b00f5ae4b9c8e8940692d5dfd44: Time spent opening tablet: real 0.000s user 0.000s sys 0.000s
I1010 20:58:41.924394 3648 tablet_bootstrap.cc:542] T 872042177fee42c9b6c380a1b657755e P f6d15ccd64ec49be8396ed78e2a88377: Time spent opening tablet: real 0.000s user 0.000s sys 0.000s
I1010 20:58:41.924482 3651 tablet_bootstrap.cc:482] T 8da5904fd56d441ea29e61eb9d2b0b2f P 84bde34331b94c4ea003e48f9317f792: No blocks or log segments found. Creating new log.
I1010 20:58:41.924487 3653 tablet_bootstrap.cc:482] T de9d164718e74d3db902ea603ab32407 P 7f623b00f5ae4b9c8e8940692d5dfd44: No blocks or log segments found. Creating new log.
I1010 20:58:41.924504 3648 tablet_bootstrap.cc:482] T 872042177fee42c9b6c380a1b657755e P f6d15ccd64ec49be8396ed78e2a88377: No blocks or log segments found. Creating new log.
I1010 20:58:41.924732 2792 heartbeater.cc:365] Master 127.0.0.1:51244 was elected leader, sending a full tablet report...
I1010 20:58:41.924734 3653 log.cc:347] Log is configured to *not* fsync() on all Append() calls
I1010 20:58:41.924762 3647 raft_consensus.cc:275] T 949b26dfeadc4de38868bf4ed994d184 P 8de6cfa864d64c58bf4eafb689517c93 [term 0 FOLLOWER]: Replica starting. Triggering 0 pending transactions. Active config: opid_index: -1 OBSOLETE_local: false peers { permanent_uuid: "1380a27d6b824575a3a5e139bee139f4" member_type: VOTER last_known_addr { host: "127.6.150.6" port: 46774 } } peers { permanent_uuid: "b8062d66fd284035ae3bc2567bc11e7c" member_type: VOTER last_known_addr { host: "127.6.150.4" port: 44055 } } peers { permanent_uuid: "8de6cfa864d64c58bf4eafb689517c93" member_type: VOTER last_known_addr { host: "127.6.150.3" port: 40117 } }
I1010 20:58:41.924774 3647 raft_consensus.cc:306] T 949b26dfeadc4de38868bf4ed994d184 P 8de6cfa864d64c58bf4eafb689517c93 [term 0 FOLLOWER]: Consensus starting up: Expiring failure detector timer to make a prompt election more likely
I1010 20:58:41.924783 3647 raft_consensus.cc:502] T 949b26dfeadc4de38868bf4ed994d184 P 8de6cfa864d64c58bf4eafb689517c93 [term 0 FOLLOWER]: Becoming Follower/Learner. State: Replica: 8de6cfa864d64c58bf4eafb689517c93, State: 1, Role: FOLLOWER Watermarks: {Received: term: 0 index: 0 Committed: term: 0 index: 0}
I1010 20:58:41.924793 3647 consensus_queue.cc:168] T 949b26dfeadc4de38868bf4ed994d184 P 8de6cfa864d64c58bf4eafb689517c93 [NON_LEADER]: Queue going to NON_LEADER mode. State: All replicated index: 0, Majority replicated index: 0, Committed index: 0, Last appended: 0.0, Current term: 0, Majority size: -1, State: 1, Mode: NON_LEADER
I1010 20:58:41.924940 3650 ts_tablet_manager.cc:632] T f2289fb138ea4a5ab6c02803c4e9aa51 P 42e94fc3adbb419591836d222d946978: Bootstrapping tablet
I1010 20:58:41.925071 3654 tablet_bootstrap.cc:380] T f2289fb138ea4a5ab6c02803c4e9aa51 P b8062d66fd284035ae3bc2567bc11e7c: Bootstrap starting.
I1010 20:58:41.925246 3656 raft_consensus.cc:306] T 7836528275cb45aab827361611bb3bbe P 580cbaf7092444dfbc6fb344da88d7b6 [term 0 FOLLOWER]: Consensus starting up: Expiring failure detector timer to make a prompt election more likely
I1010 20:58:41.925292 3650 tablet_bootstrap.cc:380] T f2289fb138ea4a5ab6c02803c4e9aa51 P 42e94fc3adbb419591836d222d946978: Bootstrap starting.
I1010 20:58:41.925302 3656 raft_consensus.cc:502] T 7836528275cb45aab827361611bb3bbe P 580cbaf7092444dfbc6fb344da88d7b6 [term 0 FOLLOWER]: Becoming Follower/Learner. State: Replica: 580cbaf7092444dfbc6fb344da88d7b6, State: 1, Role: FOLLOWER Watermarks: {Received: term: 0 index: 0 Committed: term: 0 index: 0}
I1010 20:58:41.925324 3656 consensus_queue.cc:168] T 7836528275cb45aab827361611bb3bbe P 580cbaf7092444dfbc6fb344da88d7b6 [NON_LEADER]: Queue going to NON_LEADER mode. State: All replicated index: 0, Majority replicated index: 0, Committed index: 0, Last appended: 0.0, Current term: 0, Majority size: -1, State: 1, Mode: NON_LEADER
I1010 20:58:41.925451 3650 tablet_bootstrap.cc:542] T f2289fb138ea4a5ab6c02803c4e9aa51 P 42e94fc3adbb419591836d222d946978: Time spent opening tablet: real 0.000s user 0.000s sys 0.000s
I1010 20:58:41.925561 3650 tablet_bootstrap.cc:482] T f2289fb138ea4a5ab6c02803c4e9aa51 P 42e94fc3adbb419591836d222d946978: No blocks or log segments found. Creating new log.
I1010 20:58:41.925647 3654 tablet_bootstrap.cc:542] T f2289fb138ea4a5ab6c02803c4e9aa51 P b8062d66fd284035ae3bc2567bc11e7c: Time spent opening tablet: real 0.000s user 0.000s sys 0.000s
I1010 20:58:41.925683 3650 log.cc:347] Log is configured to *not* fsync() on all Append() calls
I1010 20:58:41.925782 3654 tablet_bootstrap.cc:482] T f2289fb138ea4a5ab6c02803c4e9aa51 P b8062d66fd284035ae3bc2567bc11e7c: No blocks or log segments found. Creating new log.
I1010 20:58:41.925789 3647 ts_tablet_manager.cc:664] T 949b26dfeadc4de38868bf4ed994d184 P 8de6cfa864d64c58bf4eafb689517c93: Time spent starting tablet: real 0.003s user 0.000s sys 0.000s
I1010 20:58:41.925806 3647 ts_tablet_manager.cc:632] T 4aa163baddb74c4998157964dd55b1f4 P 8de6cfa864d64c58bf4eafb689517c93: Bootstrapping tablet
I1010 20:58:41.925914 3654 log.cc:347] Log is configured to *not* fsync() on all Append() calls
I1010 20:58:41.925927 3647 tablet_bootstrap.cc:380] T 4aa163baddb74c4998157964dd55b1f4 P 8de6cfa864d64c58bf4eafb689517c93: Bootstrap starting.
I1010 20:58:41.926002 3656 ts_tablet_manager.cc:664] T 7836528275cb45aab827361611bb3bbe P 580cbaf7092444dfbc6fb344da88d7b6: Time spent starting tablet: real 0.004s user 0.000s sys 0.000s
I1010 20:58:41.926017 3656 ts_tablet_manager.cc:632] T efe8fb09a1234c9fb1dc99948737a894 P 580cbaf7092444dfbc6fb344da88d7b6: Bootstrapping tablet
I1010 20:58:41.926028 3647 tablet_bootstrap.cc:542] T 4aa163baddb74c4998157964dd55b1f4 P 8de6cfa864d64c58bf4eafb689517c93: Time spent opening tablet: real 0.000s user 0.000s sys 0.000s
I1010 20:58:41.926122 3647 tablet_bootstrap.cc:482] T 4aa163baddb74c4998157964dd55b1f4 P 8de6cfa864d64c58bf4eafb689517c93: No blocks or log segments found. Creating new log.
I1010 20:58:41.926131 3656 tablet_bootstrap.cc:380] T efe8fb09a1234c9fb1dc99948737a894 P 580cbaf7092444dfbc6fb344da88d7b6: Bootstrap starting.
I1010 20:58:41.926141 3649 tablet_bootstrap.cc:380] T 05a5666441ec49d792222a3e8674edf7 P 33ef4317e50042ba95e517992caa6531: No bootstrap required, opened a new log
I1010 20:58:41.926157 3649 ts_tablet_manager.cc:637] T 05a5666441ec49d792222a3e8674edf7 P 33ef4317e50042ba95e517992caa6531: Time spent bootstrapping tablet: real 0.005s user 0.000s sys 0.000s
I1010 20:58:41.926232 3656 tablet_bootstrap.cc:542] T efe8fb09a1234c9fb1dc99948737a894 P 580cbaf7092444dfbc6fb344da88d7b6: Time spent opening tablet: real 0.000s user 0.000s sys 0.000s
I1010 20:58:41.926254 3655 tablet_bootstrap.cc:380] T 95e7c143b0524a9b9ade2cfcc081e679 P 1031512f5120422e9e22a0afabd78f61: No bootstrap required, opened a new log
I1010 20:58:41.926271 3655 ts_tablet_manager.cc:637] T 95e7c143b0524a9b9ade2cfcc081e679 P 1031512f5120422e9e22a0afabd78f61: Time spent bootstrapping tablet: real 0.008s user 0.000s sys 0.000s
I1010 20:58:41.926333 3656 tablet_bootstrap.cc:482] T efe8fb09a1234c9fb1dc99948737a894 P 580cbaf7092444dfbc6fb344da88d7b6: No blocks or log segments found. Creating new log.
I1010 20:58:41.926476 3651 tablet_bootstrap.cc:380] T 8da5904fd56d441ea29e61eb9d2b0b2f P 84bde34331b94c4ea003e48f9317f792: No bootstrap required, opened a new log
I1010 20:58:41.926492 3651 ts_tablet_manager.cc:637] T 8da5904fd56d441ea29e61eb9d2b0b2f P 84bde34331b94c4ea003e48f9317f792: Time spent bootstrapping tablet: real 0.003s user 0.004s sys 0.000s
I1010 20:58:41.926704 3648 tablet_bootstrap.cc:380] T 872042177fee42c9b6c380a1b657755e P f6d15ccd64ec49be8396ed78e2a88377: No bootstrap required, opened a new log
I1010 20:58:41.926722 3648 ts_tablet_manager.cc:637] T 872042177fee42c9b6c380a1b657755e P f6d15ccd64ec49be8396ed78e2a88377: Time spent bootstrapping tablet: real 0.003s user 0.000s sys 0.000s
I1010 20:58:41.926899 3654 tablet_bootstrap.cc:380] T f2289fb138ea4a5ab6c02803c4e9aa51 P b8062d66fd284035ae3bc2567bc11e7c: No bootstrap required, opened a new log
I1010 20:58:41.926925 3654 ts_tablet_manager.cc:637] T f2289fb138ea4a5ab6c02803c4e9aa51 P b8062d66fd284035ae3bc2567bc11e7c: Time spent bootstrapping tablet: real 0.004s user 0.000s sys 0.000s
I1010 20:58:41.927956 3655 raft_consensus.cc:275] T 95e7c143b0524a9b9ade2cfcc081e679 P 1031512f5120422e9e22a0afabd78f61 [term 0 FOLLOWER]: Replica starting. Triggering 0 pending transactions. Active config: opid_index: -1 OBSOLETE_local: false peers { permanent_uuid: "7f623b00f5ae4b9c8e8940692d5dfd44" member_type: VOTER last_known_addr { host: "127.6.150.7" port: 45436 } } peers { permanent_uuid: "84bde34331b94c4ea003e48f9317f792" member_type: VOTER last_known_addr { host: "127.6.150.0" port: 40113 } } peers { permanent_uuid: "1031512f5120422e9e22a0afabd78f61" member_type: VOTER last_known_addr { host: "127.6.150.1" port: 46963 } }
I1010 20:58:41.927991 3655 raft_consensus.cc:306] T 95e7c143b0524a9b9ade2cfcc081e679 P 1031512f5120422e9e22a0afabd78f61 [term 0 FOLLOWER]: Consensus starting up: Expiring failure detector timer to make a prompt election more likely
I1010 20:58:41.928004 3655 raft_consensus.cc:502] T 95e7c143b0524a9b9ade2cfcc081e679 P 1031512f5120422e9e22a0afabd78f61 [term 0 FOLLOWER]: Becoming Follower/Learner. State: Replica: 1031512f5120422e9e22a0afabd78f61, State: 1, Role: FOLLOWER Watermarks: {Received: term: 0 index: 0 Committed: term: 0 index: 0}
I1010 20:58:41.928014 3655 consensus_queue.cc:168] T 95e7c143b0524a9b9ade2cfcc081e679 P 1031512f5120422e9e22a0afabd78f61 [NON_LEADER]: Queue going to NON_LEADER mode. State: All replicated index: 0, Majority replicated index: 0, Committed index: 0, Last appended: 0.0, Current term: 0, Majority size: -1, State: 1, Mode: NON_LEADER
I1010 20:58:41.928107 3651 raft_consensus.cc:275] T 8da5904fd56d441ea29e61eb9d2b0b2f P 84bde34331b94c4ea003e48f9317f792 [term 0 FOLLOWER]: Replica starting. Triggering 0 pending transactions. Active config: opid_index: -1 OBSOLETE_local: false peers { permanent_uuid: "b8062d66fd284035ae3bc2567bc11e7c" member_type: VOTER last_known_addr { host: "127.6.150.4" port: 44055 } } peers { permanent_uuid: "33ef4317e50042ba95e517992caa6531" member_type: VOTER last_known_addr { host: "127.6.150.5" port: 40764 } } peers { permanent_uuid: "84bde34331b94c4ea003e48f9317f792" member_type: VOTER last_known_addr { host: "127.6.150.0" port: 40113 } }
I1010 20:58:41.928112 3656 tablet_bootstrap.cc:380] T efe8fb09a1234c9fb1dc99948737a894 P 580cbaf7092444dfbc6fb344da88d7b6: No bootstrap required, opened a new log
I1010 20:58:41.928119 3651 raft_consensus.cc:306] T 8da5904fd56d441ea29e61eb9d2b0b2f P 84bde34331b94c4ea003e48f9317f792 [term 0 FOLLOWER]: Consensus starting up: Expiring failure detector timer to make a prompt election more likely
I1010 20:58:41.928128 3651 raft_consensus.cc:502] T 8da5904fd56d441ea29e61eb9d2b0b2f P 84bde34331b94c4ea003e48f9317f792 [term 0 FOLLOWER]: Becoming Follower/Learner. State: Replica: 84bde34331b94c4ea003e48f9317f792, State: 1, Role: FOLLOWER Watermarks: {Received: term: 0 index: 0 Committed: term: 0 index: 0}
I1010 20:58:41.928129 3656 ts_tablet_manager.cc:637] T efe8fb09a1234c9fb1dc99948737a894 P 580cbaf7092444dfbc6fb344da88d7b6: Time spent bootstrapping tablet: real 0.002s user 0.000s sys 0.000s
I1010 20:58:41.928136 3651 consensus_queue.cc:168] T 8da5904fd56d441ea29e61eb9d2b0b2f P 84bde34331b94c4ea003e48f9317f792 [NON_LEADER]: Queue going to NON_LEADER mode. State: All replicated index: 0, Majority replicated index: 0, Committed index: 0, Last appended: 0.0, Current term: 0, Majority size: -1, State: 1, Mode: NON_LEADER
I1010 20:58:41.928228 3655 ts_tablet_manager.cc:664] T 95e7c143b0524a9b9ade2cfcc081e679 P 1031512f5120422e9e22a0afabd78f61: Time spent starting tablet: real 0.002s user 0.000s sys 0.000s
I1010 20:58:41.928246 3655 ts_tablet_manager.cc:632] T 05a5666441ec49d792222a3e8674edf7 P 1031512f5120422e9e22a0afabd78f61: Bootstrapping tablet
I1010 20:58:41.928352 3655 tablet_bootstrap.cc:380] T 05a5666441ec49d792222a3e8674edf7 P 1031512f5120422e9e22a0afabd78f61: Bootstrap starting.
I1010 20:58:41.928354 3654 raft_consensus.cc:275] T f2289fb138ea4a5ab6c02803c4e9aa51 P b8062d66fd284035ae3bc2567bc11e7c [term 0 FOLLOWER]: Replica starting. Triggering 0 pending transactions. Active config: opid_index: -1 OBSOLETE_local: false peers { permanent_uuid: "42e94fc3adbb419591836d222d946978" member_type: VOTER last_known_addr { host: "127.6.150.8" port: 35299 } } peers { permanent_uuid: "b8062d66fd284035ae3bc2567bc11e7c" member_type: VOTER last_known_addr { host: "127.6.150.4" port: 44055 } } peers { permanent_uuid: "7f623b00f5ae4b9c8e8940692d5dfd44" member_type: VOTER last_known_addr { host: "127.6.150.7" port: 45436 } }
I1010 20:58:41.928372 3654 raft_consensus.cc:306] T f2289fb138ea4a5ab6c02803c4e9aa51 P b8062d66fd284035ae3bc2567bc11e7c [term 0 FOLLOWER]: Consensus starting up: Expiring failure detector timer to make a prompt election more likely
I1010 20:58:41.928383 3654 raft_consensus.cc:502] T f2289fb138ea4a5ab6c02803c4e9aa51 P b8062d66fd284035ae3bc2567bc11e7c [term 0 FOLLOWER]: Becoming Follower/Learner. State: Replica: b8062d66fd284035ae3bc2567bc11e7c, State: 1, Role: FOLLOWER Watermarks: {Received: term: 0 index: 0 Committed: term: 0 index: 0}
I1010 20:58:41.928395 3654 consensus_queue.cc:168] T f2289fb138ea4a5ab6c02803c4e9aa51 P b8062d66fd284035ae3bc2567bc11e7c [NON_LEADER]: Queue going to NON_LEADER mode. State: All replicated index: 0, Majority replicated index: 0, Committed index: 0, Last appended: 0.0, Current term: 0, Majority size: -1, State: 1, Mode: NON_LEADER
I1010 20:58:41.928458 3655 tablet_bootstrap.cc:542] T 05a5666441ec49d792222a3e8674edf7 P 1031512f5120422e9e22a0afabd78f61: Time spent opening tablet: real 0.000s user 0.000s sys 0.000s
I1010 20:58:41.928499 3656 raft_consensus.cc:275] T efe8fb09a1234c9fb1dc99948737a894 P 580cbaf7092444dfbc6fb344da88d7b6 [term 0 FOLLOWER]: Replica starting. Triggering 0 pending transactions. Active config: opid_index: -1 OBSOLETE_local: false peers { permanent_uuid: "580cbaf7092444dfbc6fb344da88d7b6" member_type: VOTER last_known_addr { host: "127.6.150.9" port: 51743 } } peers { permanent_uuid: "b8062d66fd284035ae3bc2567bc11e7c" member_type: VOTER last_known_addr { host: "127.6.150.4" port: 44055 } } peers { permanent_uuid: "f6d15ccd64ec49be8396ed78e2a88377" member_type: VOTER last_known_addr { host: "127.6.150.2" port: 33554 } }
I1010 20:58:41.928513 3656 raft_consensus.cc:306] T efe8fb09a1234c9fb1dc99948737a894 P 580cbaf7092444dfbc6fb344da88d7b6 [term 0 FOLLOWER]: Consensus starting up: Expiring failure detector timer to make a prompt election more likely
I1010 20:58:41.928520 3656 raft_consensus.cc:502] T efe8fb09a1234c9fb1dc99948737a894 P 580cbaf7092444dfbc6fb344da88d7b6 [term 0 FOLLOWER]: Becoming Follower/Learner. State: Replica: 580cbaf7092444dfbc6fb344da88d7b6, State: 1, Role: FOLLOWER Watermarks: {Received: term: 0 index: 0 Committed: term: 0 index: 0}
I1010 20:58:41.928529 3656 consensus_queue.cc:168] T efe8fb09a1234c9fb1dc99948737a894 P 580cbaf7092444dfbc6fb344da88d7b6 [NON_LEADER]: Queue going to NON_LEADER mode. State: All replicated index: 0, Majority replicated index: 0, Committed index: 0, Last appended: 0.0, Current term: 0, Majority size: -1, State: 1, Mode: NON_LEADER
I1010 20:58:41.928544 3655 tablet_bootstrap.cc:482] T 05a5666441ec49d792222a3e8674edf7 P 1031512f5120422e9e22a0afabd78f61: No blocks or log segments found. Creating new log.
I1010 20:58:41.928591 3029 heartbeater.cc:365] Master 127.0.0.1:51244 was elected leader, sending a full tablet report...
I1010 20:58:41.928715 3654 ts_tablet_manager.cc:664] T f2289fb138ea4a5ab6c02803c4e9aa51 P b8062d66fd284035ae3bc2567bc11e7c: Time spent starting tablet: real 0.002s user 0.000s sys 0.000s
I1010 20:58:41.928716 3651 ts_tablet_manager.cc:664] T 8da5904fd56d441ea29e61eb9d2b0b2f P 84bde34331b94c4ea003e48f9317f792: Time spent starting tablet: real 0.002s user 0.000s sys 0.000s
I1010 20:58:41.928735 3654 ts_tablet_manager.cc:632] T 84fcfff9fdef4acf8c2b47f36330567f P b8062d66fd284035ae3bc2567bc11e7c: Bootstrapping tablet
I1010 20:58:41.928735 3651 ts_tablet_manager.cc:632] T 7d680e6840854bca9daef77d506408e9 P 84bde34331b94c4ea003e48f9317f792: Bootstrapping tablet
I1010 20:58:41.928848 3654 tablet_bootstrap.cc:380] T 84fcfff9fdef4acf8c2b47f36330567f P b8062d66fd284035ae3bc2567bc11e7c: Bootstrap starting.
I1010 20:58:41.928851 3651 tablet_bootstrap.cc:380] T 7d680e6840854bca9daef77d506408e9 P 84bde34331b94c4ea003e48f9317f792: Bootstrap starting.
I1010 20:58:41.928947 3651 tablet_bootstrap.cc:542] T 7d680e6840854bca9daef77d506408e9 P 84bde34331b94c4ea003e48f9317f792: Time spent opening tablet: real 0.000s user 0.000s sys 0.000s
I1010 20:58:41.928973 3654 tablet_bootstrap.cc:542] T 84fcfff9fdef4acf8c2b47f36330567f P b8062d66fd284035ae3bc2567bc11e7c: Time spent opening tablet: real 0.000s user 0.000s sys 0.000s
I1010 20:58:41.929038 3651 tablet_bootstrap.cc:482] T 7d680e6840854bca9daef77d506408e9 P 84bde34331b94c4ea003e48f9317f792: No blocks or log segments found. Creating new log.
I1010 20:58:41.929083 3654 tablet_bootstrap.cc:482] T 84fcfff9fdef4acf8c2b47f36330567f P b8062d66fd284035ae3bc2567bc11e7c: No blocks or log segments found. Creating new log.
I1010 20:58:41.929252 3656 ts_tablet_manager.cc:664] T efe8fb09a1234c9fb1dc99948737a894 P 580cbaf7092444dfbc6fb344da88d7b6: Time spent starting tablet: real 0.001s user 0.000s sys 0.004s
I1010 20:58:41.929298 3656 ts_tablet_manager.cc:632] T ed24ca4817744964991178277119b367 P 580cbaf7092444dfbc6fb344da88d7b6: Bootstrapping tablet
I1010 20:58:41.929428 3656 tablet_bootstrap.cc:380] T ed24ca4817744964991178277119b367 P 580cbaf7092444dfbc6fb344da88d7b6: Bootstrap starting.
I1010 20:58:41.929513 3648 raft_consensus.cc:275] T 872042177fee42c9b6c380a1b657755e P f6d15ccd64ec49be8396ed78e2a88377 [term 0 FOLLOWER]: Replica starting. Triggering 0 pending transactions. Active config: opid_index: -1 OBSOLETE_local: false peers { permanent_uuid: "8de6cfa864d64c58bf4eafb689517c93" member_type: VOTER last_known_addr { host: "127.6.150.3" port: 40117 } } peers { permanent_uuid: "f6d15ccd64ec49be8396ed78e2a88377" member_type: VOTER last_known_addr { host: "127.6.150.2" port: 33554 } } peers { permanent_uuid: "42e94fc3adbb419591836d222d946978" member_type: VOTER last_known_addr { host: "127.6.150.8" port: 35299 } }
I1010 20:58:41.929528 3648 raft_consensus.cc:306] T 872042177fee42c9b6c380a1b657755e P f6d15ccd64ec49be8396ed78e2a88377 [term 0 FOLLOWER]: Consensus starting up: Expiring failure detector timer to make a prompt election more likely
I1010 20:58:41.929538 3648 raft_consensus.cc:502] T 872042177fee42c9b6c380a1b657755e P f6d15ccd64ec49be8396ed78e2a88377 [term 0 FOLLOWER]: Becoming Follower/Learner. State: Replica: f6d15ccd64ec49be8396ed78e2a88377, State: 1, Role: FOLLOWER Watermarks: {Received: term: 0 index: 0 Committed: term: 0 index: 0}
I1010 20:58:41.929546 3648 consensus_queue.cc:168] T 872042177fee42c9b6c380a1b657755e P f6d15ccd64ec49be8396ed78e2a88377 [NON_LEADER]: Queue going to NON_LEADER mode. State: All replicated index: 0, Majority replicated index: 0, Committed index: 0, Last appended: 0.0, Current term: 0, Majority size: -1, State: 1, Mode: NON_LEADER
I1010 20:58:41.929571 3656 tablet_bootstrap.cc:542] T ed24ca4817744964991178277119b367 P 580cbaf7092444dfbc6fb344da88d7b6: Time spent opening tablet: real 0.000s user 0.000s sys 0.000s
I1010 20:58:41.929646 3648 ts_tablet_manager.cc:664] T 872042177fee42c9b6c380a1b657755e P f6d15ccd64ec49be8396ed78e2a88377: Time spent starting tablet: real 0.003s user 0.000s sys 0.004s
I1010 20:58:41.929662 3648 ts_tablet_manager.cc:632] T f689db1eddb54b1f85b7df38d14534b4 P f6d15ccd64ec49be8396ed78e2a88377: Bootstrapping tablet
I1010 20:58:41.929662 3656 tablet_bootstrap.cc:482] T ed24ca4817744964991178277119b367 P 580cbaf7092444dfbc6fb344da88d7b6: No blocks or log segments found. Creating new log.
I1010 20:58:41.929839 3648 tablet_bootstrap.cc:380] T f689db1eddb54b1f85b7df38d14534b4 P f6d15ccd64ec49be8396ed78e2a88377: Bootstrap starting.
I1010 20:58:41.929955 3648 tablet_bootstrap.cc:542] T f689db1eddb54b1f85b7df38d14534b4 P f6d15ccd64ec49be8396ed78e2a88377: Time spent opening tablet: real 0.000s user 0.000s sys 0.000s
I1010 20:58:41.930054 3648 tablet_bootstrap.cc:482] T f689db1eddb54b1f85b7df38d14534b4 P f6d15ccd64ec49be8396ed78e2a88377: No blocks or log segments found. Creating new log.
I1010 20:58:41.930357 3656 tablet_bootstrap.cc:380] T ed24ca4817744964991178277119b367 P 580cbaf7092444dfbc6fb344da88d7b6: No bootstrap required, opened a new log
I1010 20:58:41.930404 3656 ts_tablet_manager.cc:637] T ed24ca4817744964991178277119b367 P 580cbaf7092444dfbc6fb344da88d7b6: Time spent bootstrapping tablet: real 0.001s user 0.000s sys 0.000s
I1010 20:58:41.930716 3648 tablet_bootstrap.cc:380] T f689db1eddb54b1f85b7df38d14534b4 P f6d15ccd64ec49be8396ed78e2a88377: No bootstrap required, opened a new log
I1010 20:58:41.930748 3648 ts_tablet_manager.cc:637] T f689db1eddb54b1f85b7df38d14534b4 P f6d15ccd64ec49be8396ed78e2a88377: Time spent bootstrapping tablet: real 0.001s user 0.000s sys 0.000s
I1010 20:58:41.931049 3648 raft_consensus.cc:275] T f689db1eddb54b1f85b7df38d14534b4 P f6d15ccd64ec49be8396ed78e2a88377 [term 0 FOLLOWER]: Replica starting. Triggering 0 pending transactions. Active config: opid_index: -1 OBSOLETE_local: false peers { permanent_uuid: "f6d15ccd64ec49be8396ed78e2a88377" member_type: VOTER last_known_addr { host: "127.6.150.2" port: 33554 } } peers { permanent_uuid: "1380a27d6b824575a3a5e139bee139f4" member_type: VOTER last_known_addr { host: "127.6.150.6" port: 46774 } } peers { permanent_uuid: "42e94fc3adbb419591836d222d946978" member_type: VOTER last_known_addr { host: "127.6.150.8" port: 35299 } }
I1010 20:58:41.931064 3648 raft_consensus.cc:306] T f689db1eddb54b1f85b7df38d14534b4 P f6d15ccd64ec49be8396ed78e2a88377 [term 0 FOLLOWER]: Consensus starting up: Expiring failure detector timer to make a prompt election more likely
I1010 20:58:41.931073 3648 raft_consensus.cc:502] T f689db1eddb54b1f85b7df38d14534b4 P f6d15ccd64ec49be8396ed78e2a88377 [term 0 FOLLOWER]: Becoming Follower/Learner. State: Replica: f6d15ccd64ec49be8396ed78e2a88377, State: 1, Role: FOLLOWER Watermarks: {Received: term: 0 index: 0 Committed: term: 0 index: 0}
I1010 20:58:41.931082 3648 consensus_queue.cc:168] T f689db1eddb54b1f85b7df38d14534b4 P f6d15ccd64ec49be8396ed78e2a88377 [NON_LEADER]: Queue going to NON_LEADER mode. State: All replicated index: 0, Majority replicated index: 0, Committed index: 0, Last appended: 0.0, Current term: 0, Majority size: -1, State: 1, Mode: NON_LEADER
I1010 20:58:41.931205 3648 ts_tablet_manager.cc:664] T f689db1eddb54b1f85b7df38d14534b4 P f6d15ccd64ec49be8396ed78e2a88377: Time spent starting tablet: real 0.000s user 0.000s sys 0.000s
I1010 20:58:41.931221 3648 ts_tablet_manager.cc:632] T 90fa7ae3643e4575a6be1c4936b6cc11 P f6d15ccd64ec49be8396ed78e2a88377: Bootstrapping tablet
I1010 20:58:41.931242 3653 tablet_bootstrap.cc:380] T de9d164718e74d3db902ea603ab32407 P 7f623b00f5ae4b9c8e8940692d5dfd44: No bootstrap required, opened a new log
I1010 20:58:41.931258 3653 ts_tablet_manager.cc:637] T de9d164718e74d3db902ea603ab32407 P 7f623b00f5ae4b9c8e8940692d5dfd44: Time spent bootstrapping tablet: real 0.008s user 0.000s sys 0.000s
I1010 20:58:41.931298 3650 tablet_bootstrap.cc:380] T f2289fb138ea4a5ab6c02803c4e9aa51 P 42e94fc3adbb419591836d222d946978: No bootstrap required, opened a new log
I1010 20:58:41.931313 3650 ts_tablet_manager.cc:637] T f2289fb138ea4a5ab6c02803c4e9aa51 P 42e94fc3adbb419591836d222d946978: Time spent bootstrapping tablet: real 0.006s user 0.000s sys 0.000s
I1010 20:58:41.931337 3648 tablet_bootstrap.cc:380] T 90fa7ae3643e4575a6be1c4936b6cc11 P f6d15ccd64ec49be8396ed78e2a88377: Bootstrap starting.
I1010 20:58:41.931462 3648 tablet_bootstrap.cc:542] T 90fa7ae3643e4575a6be1c4936b6cc11 P f6d15ccd64ec49be8396ed78e2a88377: Time spent opening tablet: real 0.000s user 0.000s sys 0.000s
I1010 20:58:41.931546 3648 tablet_bootstrap.cc:482] T 90fa7ae3643e4575a6be1c4936b6cc11 P f6d15ccd64ec49be8396ed78e2a88377: No blocks or log segments found. Creating new log.
I1010 20:58:41.931865 3650 raft_consensus.cc:275] T f2289fb138ea4a5ab6c02803c4e9aa51 P 42e94fc3adbb419591836d222d946978 [term 0 FOLLOWER]: Replica starting. Triggering 0 pending transactions. Active config: opid_index: -1 OBSOLETE_local: false peers { permanent_uuid: "42e94fc3adbb419591836d222d946978" member_type: VOTER last_known_addr { host: "127.6.150.8" port: 35299 } } peers { permanent_uuid: "b8062d66fd284035ae3bc2567bc11e7c" member_type: VOTER last_known_addr { host: "127.6.150.4" port: 44055 } } peers { permanent_uuid: "7f623b00f5ae4b9c8e8940692d5dfd44" member_type: VOTER last_known_addr { host: "127.6.150.7" port: 45436 } }
I1010 20:58:41.931895 3650 raft_consensus.cc:306] T f2289fb138ea4a5ab6c02803c4e9aa51 P 42e94fc3adbb419591836d222d946978 [term 0 FOLLOWER]: Consensus starting up: Expiring failure detector timer to make a prompt election more likely
I1010 20:58:41.931908 3650 raft_consensus.cc:502] T f2289fb138ea4a5ab6c02803c4e9aa51 P 42e94fc3adbb419591836d222d946978 [term 0 FOLLOWER]: Becoming Follower/Learner. State: Replica: 42e94fc3adbb419591836d222d946978, State: 1, Role: FOLLOWER Watermarks: {Received: term: 0 index: 0 Committed: term: 0 index: 0}
I1010 20:58:41.931921 3650 consensus_queue.cc:168] T f2289fb138ea4a5ab6c02803c4e9aa51 P 42e94fc3adbb419591836d222d946978 [NON_LEADER]: Queue going to NON_LEADER mode. State: All replicated index: 0, Majority replicated index: 0, Committed index: 0, Last appended: 0.0, Current term: 0, Majority size: -1, State: 1, Mode: NON_LEADER
I1010 20:58:41.932065 3655 tablet_bootstrap.cc:380] T 05a5666441ec49d792222a3e8674edf7 P 1031512f5120422e9e22a0afabd78f61: No bootstrap required, opened a new log
I1010 20:58:41.932075 3653 raft_consensus.cc:275] T de9d164718e74d3db902ea603ab32407 P 7f623b00f5ae4b9c8e8940692d5dfd44 [term 0 FOLLOWER]: Replica starting. Triggering 0 pending transactions. Active config: opid_index: -1 OBSOLETE_local: false peers { permanent_uuid: "7f623b00f5ae4b9c8e8940692d5dfd44" member_type: VOTER last_known_addr { host: "127.6.150.7" port: 45436 } } peers { permanent_uuid: "b8062d66fd284035ae3bc2567bc11e7c" member_type: VOTER last_known_addr { host: "127.6.150.4" port: 44055 } } peers { permanent_uuid: "8de6cfa864d64c58bf4eafb689517c93" member_type: VOTER last_known_addr { host: "127.6.150.3" port: 40117 } }
I1010 20:58:41.932088 3655 ts_tablet_manager.cc:637] T 05a5666441ec49d792222a3e8674edf7 P 1031512f5120422e9e22a0afabd78f61: Time spent bootstrapping tablet: real 0.004s user 0.000s sys 0.000s
I1010 20:58:41.932090 3653 raft_consensus.cc:306] T de9d164718e74d3db902ea603ab32407 P 7f623b00f5ae4b9c8e8940692d5dfd44 [term 0 FOLLOWER]: Consensus starting up: Expiring failure detector timer to make a prompt election more likely
I1010 20:58:41.932114 3653 raft_consensus.cc:502] T de9d164718e74d3db902ea603ab32407 P 7f623b00f5ae4b9c8e8940692d5dfd44 [term 0 FOLLOWER]: Becoming Follower/Learner. State: Replica: 7f623b00f5ae4b9c8e8940692d5dfd44, State: 1, Role: FOLLOWER Watermarks: {Received: term: 0 index: 0 Committed: term: 0 index: 0}
I1010 20:58:41.932137 3653 consensus_queue.cc:168] T de9d164718e74d3db902ea603ab32407 P 7f623b00f5ae4b9c8e8940692d5dfd44 [NON_LEADER]: Queue going to NON_LEADER mode. State: All replicated index: 0, Majority replicated index: 0, Committed index: 0, Last appended: 0.0, Current term: 0, Majority size: -1, State: 1, Mode: NON_LEADER
I1010 20:58:41.932312 3380 heartbeater.cc:365] Master 127.0.0.1:51244 was elected leader, sending a full tablet report...
I1010 20:58:41.932462 3653 ts_tablet_manager.cc:664] T de9d164718e74d3db902ea603ab32407 P 7f623b00f5ae4b9c8e8940692d5dfd44: Time spent starting tablet: real 0.001s user 0.000s sys 0.000s
I1010 20:58:41.932472 3649 raft_consensus.cc:275] T 05a5666441ec49d792222a3e8674edf7 P 33ef4317e50042ba95e517992caa6531 [term 0 FOLLOWER]: Replica starting. Triggering 0 pending transactions. Active config: opid_index: -1 OBSOLETE_local: false peers { permanent_uuid: "33ef4317e50042ba95e517992caa6531" member_type: VOTER last_known_addr { host: "127.6.150.5" port: 40764 } } peers { permanent_uuid: "f6d15ccd64ec49be8396ed78e2a88377" member_type: VOTER last_known_addr { host: "127.6.150.2" port: 33554 } } peers { permanent_uuid: "1031512f5120422e9e22a0afabd78f61" member_type: VOTER last_known_addr { host: "127.6.150.1" port: 46963 } }
I1010 20:58:41.932476 3653 ts_tablet_manager.cc:632] T 95e7c143b0524a9b9ade2cfcc081e679 P 7f623b00f5ae4b9c8e8940692d5dfd44: Bootstrapping tablet
I1010 20:58:41.932487 3649 raft_consensus.cc:306] T 05a5666441ec49d792222a3e8674edf7 P 33ef4317e50042ba95e517992caa6531 [term 0 FOLLOWER]: Consensus starting up: Expiring failure detector timer to make a prompt election more likely
I1010 20:58:41.932508 3649 raft_consensus.cc:502] T 05a5666441ec49d792222a3e8674edf7 P 33ef4317e50042ba95e517992caa6531 [term 0 FOLLOWER]: Becoming Follower/Learner. State: Replica: 33ef4317e50042ba95e517992caa6531, State: 1, Role: FOLLOWER Watermarks: {Received: term: 0 index: 0 Committed: term: 0 index: 0}
I1010 20:58:41.932518 3649 consensus_queue.cc:168] T 05a5666441ec49d792222a3e8674edf7 P 33ef4317e50042ba95e517992caa6531 [NON_LEADER]: Queue going to NON_LEADER mode. State: All replicated index: 0, Majority replicated index: 0, Committed index: 0, Last appended: 0.0, Current term: 0, Majority size: -1, State: 1, Mode: NON_LEADER
I1010 20:58:41.932641 3653 tablet_bootstrap.cc:380] T 95e7c143b0524a9b9ade2cfcc081e679 P 7f623b00f5ae4b9c8e8940692d5dfd44: Bootstrap starting.
I1010 20:58:41.932771 3653 tablet_bootstrap.cc:542] T 95e7c143b0524a9b9ade2cfcc081e679 P 7f623b00f5ae4b9c8e8940692d5dfd44: Time spent opening tablet: real 0.000s user 0.000s sys 0.000s
I1010 20:58:41.932863 3653 tablet_bootstrap.cc:482] T 95e7c143b0524a9b9ade2cfcc081e679 P 7f623b00f5ae4b9c8e8940692d5dfd44: No blocks or log segments found. Creating new log.
I1010 20:58:41.933121 3647 tablet_bootstrap.cc:380] T 4aa163baddb74c4998157964dd55b1f4 P 8de6cfa864d64c58bf4eafb689517c93: No bootstrap required, opened a new log
I1010 20:58:41.933145 3647 ts_tablet_manager.cc:637] T 4aa163baddb74c4998157964dd55b1f4 P 8de6cfa864d64c58bf4eafb689517c93: Time spent bootstrapping tablet: real 0.007s user 0.000s sys 0.000s
I1010 20:58:41.933329 3651 tablet_bootstrap.cc:380] T 7d680e6840854bca9daef77d506408e9 P 84bde34331b94c4ea003e48f9317f792: No bootstrap required, opened a new log
I1010 20:58:41.933344 3653 tablet_bootstrap.cc:380] T 95e7c143b0524a9b9ade2cfcc081e679 P 7f623b00f5ae4b9c8e8940692d5dfd44: No bootstrap required, opened a new log
I1010 20:58:41.933349 3651 ts_tablet_manager.cc:637] T 7d680e6840854bca9daef77d506408e9 P 84bde34331b94c4ea003e48f9317f792: Time spent bootstrapping tablet: real 0.005s user 0.000s sys 0.000s
I1010 20:58:41.933363 3653 ts_tablet_manager.cc:637] T 95e7c143b0524a9b9ade2cfcc081e679 P 7f623b00f5ae4b9c8e8940692d5dfd44: Time spent bootstrapping tablet: real 0.001s user 0.000s sys 0.000s
I1010 20:58:41.933508 3650 ts_tablet_manager.cc:664] T f2289fb138ea4a5ab6c02803c4e9aa51 P 42e94fc3adbb419591836d222d946978: Time spent starting tablet: real 0.002s user 0.000s sys 0.000s
I1010 20:58:41.933523 3650 ts_tablet_manager.cc:632] T 90fa7ae3643e4575a6be1c4936b6cc11 P 42e94fc3adbb419591836d222d946978: Bootstrapping tablet
I1010 20:58:41.933632 3651 raft_consensus.cc:275] T 7d680e6840854bca9daef77d506408e9 P 84bde34331b94c4ea003e48f9317f792 [term 0 FOLLOWER]: Replica starting. Triggering 0 pending transactions. Active config: opid_index: -1 OBSOLETE_local: false peers { permanent_uuid: "84bde34331b94c4ea003e48f9317f792" member_type: VOTER last_known_addr { host: "127.6.150.0" port: 40113 } } peers { permanent_uuid: "33ef4317e50042ba95e517992caa6531" member_type: VOTER last_known_addr { host: "127.6.150.5" port: 40764 } } peers { permanent_uuid: "1380a27d6b824575a3a5e139bee139f4" member_type: VOTER last_known_addr { host: "127.6.150.6" port: 46774 } }
I1010 20:58:41.933645 3650 tablet_bootstrap.cc:380] T 90fa7ae3643e4575a6be1c4936b6cc11 P 42e94fc3adbb419591836d222d946978: Bootstrap starting.
I1010 20:58:41.933655 3651 raft_consensus.cc:306] T 7d680e6840854bca9daef77d506408e9 P 84bde34331b94c4ea003e48f9317f792 [term 0 FOLLOWER]: Consensus starting up: Expiring failure detector timer to make a prompt election more likely
I1010 20:58:41.933667 3651 raft_consensus.cc:502] T 7d680e6840854bca9daef77d506408e9 P 84bde34331b94c4ea003e48f9317f792 [term 0 FOLLOWER]: Becoming Follower/Learner. State: Replica: 84bde34331b94c4ea003e48f9317f792, State: 1, Role: FOLLOWER Watermarks: {Received: term: 0 index: 0 Committed: term: 0 index: 0}
I1010 20:58:41.933676 3651 consensus_queue.cc:168] T 7d680e6840854bca9daef77d506408e9 P 84bde34331b94c4ea003e48f9317f792 [NON_LEADER]: Queue going to NON_LEADER mode. State: All replicated index: 0, Majority replicated index: 0, Committed index: 0, Last appended: 0.0, Current term: 0, Majority size: -1, State: 1, Mode: NON_LEADER
I1010 20:58:41.933686 3649 ts_tablet_manager.cc:664] T 05a5666441ec49d792222a3e8674edf7 P 33ef4317e50042ba95e517992caa6531: Time spent starting tablet: real 0.008s user 0.000s sys 0.000s
I1010 20:58:41.933702 3649 ts_tablet_manager.cc:632] T 8da5904fd56d441ea29e61eb9d2b0b2f P 33ef4317e50042ba95e517992caa6531: Bootstrapping tablet
I1010 20:58:41.933792 3650 tablet_bootstrap.cc:542] T 90fa7ae3643e4575a6be1c4936b6cc11 P 42e94fc3adbb419591836d222d946978: Time spent opening tablet: real 0.000s user 0.000s sys 0.000s
I1010 20:58:41.933817 3651 ts_tablet_manager.cc:664] T 7d680e6840854bca9daef77d506408e9 P 84bde34331b94c4ea003e48f9317f792: Time spent starting tablet: real 0.000s user 0.000s sys 0.000s
I1010 20:58:41.933832 3651 ts_tablet_manager.cc:632] T 95e7c143b0524a9b9ade2cfcc081e679 P 84bde34331b94c4ea003e48f9317f792: Bootstrapping tablet
I1010 20:58:41.933850 3649 tablet_bootstrap.cc:380] T 8da5904fd56d441ea29e61eb9d2b0b2f P 33ef4317e50042ba95e517992caa6531: Bootstrap starting.
I1010 20:58:41.933902 3650 tablet_bootstrap.cc:482] T 90fa7ae3643e4575a6be1c4936b6cc11 P 42e94fc3adbb419591836d222d946978: No blocks or log segments found. Creating new log.
I1010 20:58:41.934010 3651 tablet_bootstrap.cc:380] T 95e7c143b0524a9b9ade2cfcc081e679 P 84bde34331b94c4ea003e48f9317f792: Bootstrap starting.
I1010 20:58:41.934026 3649 tablet_bootstrap.cc:542] T 8da5904fd56d441ea29e61eb9d2b0b2f P 33ef4317e50042ba95e517992caa6531: Time spent opening tablet: real 0.000s user 0.000s sys 0.000s
I1010 20:58:41.934114 3497 heartbeater.cc:365] Master 127.0.0.1:51244 was elected leader, sending a full tablet report...
I1010 20:58:41.934123 3649 tablet_bootstrap.cc:482] T 8da5904fd56d441ea29e61eb9d2b0b2f P 33ef4317e50042ba95e517992caa6531: No blocks or log segments found. Creating new log.
I1010 20:58:41.934140 3651 tablet_bootstrap.cc:542] T 95e7c143b0524a9b9ade2cfcc081e679 P 84bde34331b94c4ea003e48f9317f792: Time spent opening tablet: real 0.000s user 0.000s sys 0.000s
I1010 20:58:41.934222 3651 tablet_bootstrap.cc:482] T 95e7c143b0524a9b9ade2cfcc081e679 P 84bde34331b94c4ea003e48f9317f792: No blocks or log segments found. Creating new log.
I1010 20:58:41.934222 3652 tablet_bootstrap.cc:380] T 7d680e6840854bca9daef77d506408e9 P 1380a27d6b824575a3a5e139bee139f4: No bootstrap required, opened a new log
I1010 20:58:41.934243 3652 ts_tablet_manager.cc:637] T 7d680e6840854bca9daef77d506408e9 P 1380a27d6b824575a3a5e139bee139f4: Time spent bootstrapping tablet: real 0.020s user 0.000s sys 0.000s
I1010 20:58:41.934293 3647 raft_consensus.cc:275] T 4aa163baddb74c4998157964dd55b1f4 P 8de6cfa864d64c58bf4eafb689517c93 [term 0 FOLLOWER]: Replica starting. Triggering 0 pending transactions. Active config: opid_index: -1 OBSOLETE_local: false peers { permanent_uuid: "8de6cfa864d64c58bf4eafb689517c93" member_type: VOTER last_known_addr { host: "127.6.150.3" port: 40117 } } peers { permanent_uuid: "84bde34331b94c4ea003e48f9317f792" member_type: VOTER last_known_addr { host: "127.6.150.0" port: 40113 } } peers { permanent_uuid: "1031512f5120422e9e22a0afabd78f61" member_type: VOTER last_known_addr { host: "127.6.150.1" port: 46963 } }
I1010 20:58:41.934308 3647 raft_consensus.cc:306] T 4aa163baddb74c4998157964dd55b1f4 P 8de6cfa864d64c58bf4eafb689517c93 [term 0 FOLLOWER]: Consensus starting up: Expiring failure detector timer to make a prompt election more likely
I1010 20:58:41.934317 3647 raft_consensus.cc:502] T 4aa163baddb74c4998157964dd55b1f4 P 8de6cfa864d64c58bf4eafb689517c93 [term 0 FOLLOWER]: Becoming Follower/Learner. State: Replica: 8de6cfa864d64c58bf4eafb689517c93, State: 1, Role: FOLLOWER Watermarks: {Received: term: 0 index: 0 Committed: term: 0 index: 0}
I1010 20:58:41.934327 3647 consensus_queue.cc:168] T 4aa163baddb74c4998157964dd55b1f4 P 8de6cfa864d64c58bf4eafb689517c93 [NON_LEADER]: Queue going to NON_LEADER mode. State: All replicated index: 0, Majority replicated index: 0, Committed index: 0, Last appended: 0.0, Current term: 0, Majority size: -1, State: 1, Mode: NON_LEADER
I1010 20:58:41.934367 3648 tablet_bootstrap.cc:380] T 90fa7ae3643e4575a6be1c4936b6cc11 P f6d15ccd64ec49be8396ed78e2a88377: No bootstrap required, opened a new log
I1010 20:58:41.934384 3648 ts_tablet_manager.cc:637] T 90fa7ae3643e4575a6be1c4936b6cc11 P f6d15ccd64ec49be8396ed78e2a88377: Time spent bootstrapping tablet: real 0.003s user 0.000s sys 0.000s
I1010 20:58:41.934398 3655 raft_consensus.cc:275] T 05a5666441ec49d792222a3e8674edf7 P 1031512f5120422e9e22a0afabd78f61 [term 0 FOLLOWER]: Replica starting. Triggering 0 pending transactions. Active config: opid_index: -1 OBSOLETE_local: false peers { permanent_uuid: "33ef4317e50042ba95e517992caa6531" member_type: VOTER last_known_addr { host: "127.6.150.5" port: 40764 } } peers { permanent_uuid: "f6d15ccd64ec49be8396ed78e2a88377" member_type: VOTER last_known_addr { host: "127.6.150.2" port: 33554 } } peers { permanent_uuid: "1031512f5120422e9e22a0afabd78f61" member_type: VOTER last_known_addr { host: "127.6.150.1" port: 46963 } }
I1010 20:58:41.934412 3655 raft_consensus.cc:306] T 05a5666441ec49d792222a3e8674edf7 P 1031512f5120422e9e22a0afabd78f61 [term 0 FOLLOWER]: Consensus starting up: Expiring failure detector timer to make a prompt election more likely
I1010 20:58:41.934430 3655 raft_consensus.cc:502] T 05a5666441ec49d792222a3e8674edf7 P 1031512f5120422e9e22a0afabd78f61 [term 0 FOLLOWER]: Becoming Follower/Learner. State: Replica: 1031512f5120422e9e22a0afabd78f61, State: 1, Role: FOLLOWER Watermarks: {Received: term: 0 index: 0 Committed: term: 0 index: 0}
I1010 20:58:41.934442 3655 consensus_queue.cc:168] T 05a5666441ec49d792222a3e8674edf7 P 1031512f5120422e9e22a0afabd78f61 [NON_LEADER]: Queue going to NON_LEADER mode. State: All replicated index: 0, Majority replicated index: 0, Committed index: 0, Last appended: 0.0, Current term: 0, Majority size: -1, State: 1, Mode: NON_LEADER
I1010 20:58:41.934486 3654 tablet_bootstrap.cc:380] T 84fcfff9fdef4acf8c2b47f36330567f P b8062d66fd284035ae3bc2567bc11e7c: No bootstrap required, opened a new log
I1010 20:58:41.934502 3654 ts_tablet_manager.cc:637] T 84fcfff9fdef4acf8c2b47f36330567f P b8062d66fd284035ae3bc2567bc11e7c: Time spent bootstrapping tablet: real 0.006s user 0.000s sys 0.000s
I1010 20:58:41.934757 3647 ts_tablet_manager.cc:664] T 4aa163baddb74c4998157964dd55b1f4 P 8de6cfa864d64c58bf4eafb689517c93: Time spent starting tablet: real 0.002s user 0.000s sys 0.004s
I1010 20:58:41.934777 3647 ts_tablet_manager.cc:632] T 19f492d94e864f1ebd1c70810b0470f7 P 8de6cfa864d64c58bf4eafb689517c93: Bootstrapping tablet
