I1010 20:58:59.616026 2629 raft_consensus.cc:1654] T 981834f5e88f4585b6420fca7ddcb289 P 1031512f5120422e9e22a0afabd78f61 [term 2 FOLLOWER]: Leader election vote request: Denying vote to candidate 1380a27d6b824575a3a5e139bee139f4 for term 2 because replica is already servicing an update from a current leader or another vote.
W1010 20:58:59.616341 2629 rpcz_store.cc:234] Call kudu.consensus.ConsensusService.RequestConsensusVote from 127.6.150.6:47001 (request call id 2) took 4449ms (client timeout 1591).
I1010 20:58:59.616351 2568 leader_election.cc:361] T 17a4ac4e4e164cebb4d88f59511cf926 P 1031512f5120422e9e22a0afabd78f61 [CANDIDATE]: Term 3 election: Vote denied by peer 580cbaf7092444dfbc6fb344da88d7b6. Message: Invalid argument: T 17a4ac4e4e164cebb4d88f59511cf926 P 580cbaf7092444dfbc6fb344da88d7b6 [term 3 FOLLOWER]: Leader election vote request: Denying vote to candidate 1031512f5120422e9e22a0afabd78f61 in current term 3: Already voted for candidate 580cbaf7092444dfbc6fb344da88d7b6 in this term.
W1010 20:58:59.616376 2629 rpcz_store.cc:238] Trace: 1010 20:58:55.166857 (+ 0us) service_pool.cc:143] Inserting onto call queue 1010 20:58:55.166927 (+ 70us) service_pool.cc:202] Handling call 1010 20:58:59.616332 (+4449405us) spinlock_profiling.cc:255] Waited 4.45 s on lock 0x43401d0. stack: 00000000019065e1 0000000000976852 000000000078868f 0000000000a22fbf 0000000000a23be2 0000000001911c69 00007f324f2ae181 00007f324e19647c ffffffffffffffff 1010 20:58:59.616336 (+ 4us) inbound_call.cc:130] Queueing success response Metrics: {"spinlock_wait_cycles":10232902016}
I1010 20:58:59.616442 3569 raft_consensus.cc:2031] T 7836528275cb45aab827361611bb3bbe P 580cbaf7092444dfbc6fb344da88d7b6 [term 2 FOLLOWER]: Advancing to term 3
I1010 20:58:59.616508 4180 raft_consensus.cc:1981] T 981834f5e88f4585b6420fca7ddcb289 P 8de6cfa864d64c58bf4eafb689517c93 [term 2 FOLLOWER]: Snoozing failure detection for election timeout plus an additional 1.668s
I1010 20:58:59.616518 4180 raft_consensus.cc:1823] T 981834f5e88f4585b6420fca7ddcb289 P 8de6cfa864d64c58bf4eafb689517c93 [term 2 FOLLOWER]: Leader election lost for term 2. Reason: None given
W1010 20:58:59.616919 3722 consensus_meta.cc:188] T efe8fb09a1234c9fb1dc99948737a894 P 580cbaf7092444dfbc6fb344da88d7b6: Time spent flushing consensus metadata: real 1.025s user 0.000s sys 0.000s
I1010 20:58:59.616931 3836 raft_consensus.cc:1981] T 7836528275cb45aab827361611bb3bbe P 8de6cfa864d64c58bf4eafb689517c93 [term 3 FOLLOWER]: Snoozing failure detection for election timeout plus an additional 1.922s
I1010 20:58:59.616971 3836 raft_consensus.cc:391] T 7836528275cb45aab827361611bb3bbe P 8de6cfa864d64c58bf4eafb689517c93 [term 3 FOLLOWER]: Starting election with config: opid_index: -1 OBSOLETE_local: false peers { permanent_uuid: "580cbaf7092444dfbc6fb344da88d7b6" member_type: VOTER last_known_addr { host: "127.6.150.9" port: 51743 } } peers { permanent_uuid: "42e94fc3adbb419591836d222d946978" member_type: VOTER last_known_addr { host: "127.6.150.8" port: 35299 } } peers { permanent_uuid: "8de6cfa864d64c58bf4eafb689517c93" member_type: VOTER last_known_addr { host: "127.6.150.3" port: 40117 } }
W1010 20:58:59.617013 3781 consensus_meta.cc:188] T 19f492d94e864f1ebd1c70810b0470f7 P 8de6cfa864d64c58bf4eafb689517c93: Time spent flushing consensus metadata: real 1.709s user 0.000s sys 0.000s
I1010 20:58:59.617074 3722 leader_election.cc:223] T efe8fb09a1234c9fb1dc99948737a894 P 580cbaf7092444dfbc6fb344da88d7b6 [CANDIDATE]: Term 3 election: Requesting vote from peer b8062d66fd284035ae3bc2567bc11e7c
I1010 20:58:59.617103 3722 leader_election.cc:223] T efe8fb09a1234c9fb1dc99948737a894 P 580cbaf7092444dfbc6fb344da88d7b6 [CANDIDATE]: Term 3 election: Requesting vote from peer f6d15ccd64ec49be8396ed78e2a88377
I1010 20:58:59.617131 3781 leader_election.cc:223] T 19f492d94e864f1ebd1c70810b0470f7 P 8de6cfa864d64c58bf4eafb689517c93 [CANDIDATE]: Term 3 election: Requesting vote from peer 33ef4317e50042ba95e517992caa6531
I1010 20:58:59.617157 3781 leader_election.cc:223] T 19f492d94e864f1ebd1c70810b0470f7 P 8de6cfa864d64c58bf4eafb689517c93 [CANDIDATE]: Term 3 election: Requesting vote from peer 84bde34331b94c4ea003e48f9317f792
I1010 20:58:59.617177 2864 raft_consensus.cc:1584] T 19f492d94e864f1ebd1c70810b0470f7 P 8de6cfa864d64c58bf4eafb689517c93 [term 3 FOLLOWER]: Leader election vote request: Denying vote to candidate 33ef4317e50042ba95e517992caa6531 for earlier term 2. Current term is 3.
W1010 20:58:59.617203 2864 rpcz_store.cc:234] Call kudu.consensus.ConsensusService.RequestConsensusVote from 127.6.150.5:39587 (request call id 2) took 1705ms (client timeout 1650).
W1010 20:58:59.617218 2864 rpcz_store.cc:238] Trace: 1010 20:58:57.911914 (+ 0us) service_pool.cc:143] Inserting onto call queue 1010 20:58:57.911926 (+ 12us) service_pool.cc:202] Handling call 1010 20:58:59.617197 (+1705271us) spinlock_profiling.cc:255] Waited 1.71 s on lock 0x3f9e1d0. stack: 00000000019065e1 0000000000976813 000000000078868f 0000000000a22fbf 0000000000a23be2 0000000001911c69 00007f9e2c5b9181 00007f9e2b4a147c ffffffffffffffff 1010 20:58:59.617199 (+ 2us) inbound_call.cc:130] Queueing success response Metrics: {"spinlock_wait_cycles":3922054528}
I1010 20:58:59.617224 3569 raft_consensus.cc:1981] T 7836528275cb45aab827361611bb3bbe P 580cbaf7092444dfbc6fb344da88d7b6 [term 3 FOLLOWER]: Snoozing failure detection for election timeout plus an additional 1.626s
I1010 20:58:59.617328 3102 raft_consensus.cc:2031] T 19f492d94e864f1ebd1c70810b0470f7 P 33ef4317e50042ba95e517992caa6531 [term 2 FOLLOWER]: Advancing to term 3
W1010 20:58:59.617444 3848 consensus_meta.cc:188] T 90fa7ae3643e4575a6be1c4936b6cc11 P 1380a27d6b824575a3a5e139bee139f4: Time spent flushing consensus metadata: real 1.704s user 0.000s sys 0.000s
I1010 20:58:59.617544 3848 leader_election.cc:223] T 90fa7ae3643e4575a6be1c4936b6cc11 P 1380a27d6b824575a3a5e139bee139f4 [CANDIDATE]: Term 4 election: Requesting vote from peer 42e94fc3adbb419591836d222d946978
I1010 20:58:59.617583 3848 leader_election.cc:223] T 90fa7ae3643e4575a6be1c4936b6cc11 P 1380a27d6b824575a3a5e139bee139f4 [CANDIDATE]: Term 4 election: Requesting vote from peer f6d15ccd64ec49be8396ed78e2a88377
I1010 20:58:59.617697 2745 raft_consensus.cc:2031] T 90fa7ae3643e4575a6be1c4936b6cc11 P f6d15ccd64ec49be8396ed78e2a88377 [term 3 FOLLOWER]: Advancing to term 4
W1010 20:58:59.617892 3761 consensus_meta.cc:188] T 7d680e6840854bca9daef77d506408e9 P 1380a27d6b824575a3a5e139bee139f4: Time spent flushing consensus metadata: real 0.947s user 0.000s sys 0.000s
I1010 20:58:59.617913 3761 raft_consensus.cc:1981] T 7d680e6840854bca9daef77d506408e9 P 1380a27d6b824575a3a5e139bee139f4 [term 4 FOLLOWER]: Snoozing failure detection for election timeout plus an additional 2.048s
I1010 20:58:59.617935 3761 raft_consensus.cc:391] T 7d680e6840854bca9daef77d506408e9 P 1380a27d6b824575a3a5e139bee139f4 [term 4 FOLLOWER]: Starting election with config: opid_index: -1 OBSOLETE_local: false peers { permanent_uuid: "84bde34331b94c4ea003e48f9317f792" member_type: VOTER last_known_addr { host: "127.6.150.0" port: 40113 } } peers { permanent_uuid: "33ef4317e50042ba95e517992caa6531" member_type: VOTER last_known_addr { host: "127.6.150.5" port: 40764 } } peers { permanent_uuid: "1380a27d6b824575a3a5e139bee139f4" member_type: VOTER last_known_addr { host: "127.6.150.6" port: 46774 } }
W1010 20:58:59.618046 2746 consensus_meta.cc:188] T f689db1eddb54b1f85b7df38d14534b4 P f6d15ccd64ec49be8396ed78e2a88377: Time spent flushing consensus metadata: real 1.707s user 0.000s sys 0.000s
I1010 20:58:59.618090 3859 raft_consensus.cc:1981] T f689db1eddb54b1f85b7df38d14534b4 P 1380a27d6b824575a3a5e139bee139f4 [term 4 FOLLOWER]: Snoozing failure detection for election timeout plus an additional 1.612s
I1010 20:58:59.618104 2746 raft_consensus.cc:1677] T f689db1eddb54b1f85b7df38d14534b4 P f6d15ccd64ec49be8396ed78e2a88377 [term 3 FOLLOWER]: Leader election vote request: Granting yes vote for candidate 1380a27d6b824575a3a5e139bee139f4 in term 3.
W1010 20:58:59.618121 2746 rpcz_store.cc:234] Call kudu.consensus.ConsensusService.RequestConsensusVote from 127.6.150.6:49570 (request call id 4) took 1707ms (client timeout 1714).
I1010 20:58:59.618127 3859 raft_consensus.cc:391] T f689db1eddb54b1f85b7df38d14534b4 P 1380a27d6b824575a3a5e139bee139f4 [term 4 FOLLOWER]: Starting election with config: opid_index: -1 OBSOLETE_local: false peers { permanent_uuid: "f6d15ccd64ec49be8396ed78e2a88377" member_type: VOTER last_known_addr { host: "127.6.150.2" port: 33554 } } peers { permanent_uuid: "1380a27d6b824575a3a5e139bee139f4" member_type: VOTER last_known_addr { host: "127.6.150.6" port: 46774 } } peers { permanent_uuid: "42e94fc3adbb419591836d222d946978" member_type: VOTER last_known_addr { host: "127.6.150.8" port: 35299 } }
W1010 20:58:59.618134 2746 rpcz_store.cc:238] Trace: 1010 20:58:57.910193 (+ 0us) service_pool.cc:143] Inserting onto call queue 1010 20:58:57.910224 (+ 31us) service_pool.cc:202] Handling call 1010 20:58:59.618117 (+1707893us) inbound_call.cc:130] Queueing success response Metrics: {}
I1010 20:58:59.618160 2748 raft_consensus.cc:1654] T f689db1eddb54b1f85b7df38d14534b4 P f6d15ccd64ec49be8396ed78e2a88377 [term 3 FOLLOWER]: Leader election vote request: Denying vote to candidate 42e94fc3adbb419591836d222d946978 for term 3 because replica is already servicing an update from a current leader or another vote.
W1010 20:58:59.618206 2748 rpcz_store.cc:234] Call kudu.consensus.ConsensusService.RequestConsensusVote from 127.6.150.8:42100 (request call id 7) took 1704ms (client timeout 1641).
W1010 20:58:59.618224 2748 rpcz_store.cc:238] Trace: 1010 20:58:57.913743 (+ 0us) service_pool.cc:143] Inserting onto call queue 1010 20:58:57.913753 (+ 10us) service_pool.cc:202] Handling call 1010 20:58:59.618199 (+1704446us) spinlock_profiling.cc:255] Waited 1.7 s on lock 0x3419c10. stack: 00000000019065e1 0000000000976852 000000000078868f 0000000000a22fbf 0000000000a23be2 0000000001911c69 00007f7357684181 00007f735656c47c ffffffffffffffff 1010 20:58:59.618203 (+ 4us) inbound_call.cc:130] Queueing success response Metrics: {"spinlock_wait_cycles":3920113920}
W1010 20:58:59.618353 3698 consensus_meta.cc:188] T efe8fb09a1234c9fb1dc99948737a894 P f6d15ccd64ec49be8396ed78e2a88377: Time spent flushing consensus metadata: real 1.188s user 0.000s sys 0.000s
I1010 20:58:59.618376 3698 raft_consensus.cc:1981] T efe8fb09a1234c9fb1dc99948737a894 P f6d15ccd64ec49be8396ed78e2a88377 [term 3 FOLLOWER]: Snoozing failure detection for election timeout plus an additional 1.546s
I1010 20:58:59.618403 3698 raft_consensus.cc:391] T efe8fb09a1234c9fb1dc99948737a894 P f6d15ccd64ec49be8396ed78e2a88377 [term 3 FOLLOWER]: Starting election with config: opid_index: -1 OBSOLETE_local: false peers { permanent_uuid: "580cbaf7092444dfbc6fb344da88d7b6" member_type: VOTER last_known_addr { host: "127.6.150.9" port: 51743 } } peers { permanent_uuid: "b8062d66fd284035ae3bc2567bc11e7c" member_type: VOTER last_known_addr { host: "127.6.150.4" port: 44055 } } peers { permanent_uuid: "f6d15ccd64ec49be8396ed78e2a88377" member_type: VOTER last_known_addr { host: "127.6.150.2" port: 33554 } }
I1010 20:58:59.618705 3155 leader_election.cc:347] T f689db1eddb54b1f85b7df38d14534b4 P 1380a27d6b824575a3a5e139bee139f4 [CANDIDATE]: Term 3 election: Vote granted by peer f6d15ccd64ec49be8396ed78e2a88377
I1010 20:58:59.618719 3155 leader_election.cc:248] T f689db1eddb54b1f85b7df38d14534b4 P 1380a27d6b824575a3a5e139bee139f4 [CANDIDATE]: Term 3 election: Election decided. Result: candidate won.
I1010 20:58:59.766660 3819 raft_consensus.cc:375] T 05a5666441ec49d792222a3e8674edf7 P f6d15ccd64ec49be8396ed78e2a88377 [term 2 FOLLOWER]: No leader contacted us within the election timeout. Triggering leader election
I1010 20:58:59.766680 3819 raft_consensus.cc:2031] T 05a5666441ec49d792222a3e8674edf7 P f6d15ccd64ec49be8396ed78e2a88377 [term 2 FOLLOWER]: Advancing to term 3
I1010 20:58:59.787113 3837 raft_consensus.cc:375] T 981834f5e88f4585b6420fca7ddcb289 P 1380a27d6b824575a3a5e139bee139f4 [term 2 FOLLOWER]: No leader contacted us within the election timeout. Triggering leader election
I1010 20:58:59.787127 3837 raft_consensus.cc:2031] T 981834f5e88f4585b6420fca7ddcb289 P 1380a27d6b824575a3a5e139bee139f4 [term 2 FOLLOWER]: Advancing to term 3
I1010 20:58:59.888780 3671 raft_consensus.cc:375] T 872042177fee42c9b6c380a1b657755e P 8de6cfa864d64c58bf4eafb689517c93 [term 2 FOLLOWER]: No leader contacted us within the election timeout. Triggering leader election
I1010 20:58:59.888815 3671 raft_consensus.cc:2031] T 872042177fee42c9b6c380a1b657755e P 8de6cfa864d64c58bf4eafb689517c93 [term 2 FOLLOWER]: Advancing to term 3
I1010 20:59:00.097026 3729 raft_consensus.cc:375] T 872042177fee42c9b6c380a1b657755e P f6d15ccd64ec49be8396ed78e2a88377 [term 2 FOLLOWER]: No leader contacted us within the election timeout. Triggering leader election
I1010 20:59:00.097055 3729 raft_consensus.cc:2031] T 872042177fee42c9b6c380a1b657755e P f6d15ccd64ec49be8396ed78e2a88377 [term 2 FOLLOWER]: Advancing to term 3
I1010 20:59:00.260479 3742 raft_consensus.cc:375] T f2289fb138ea4a5ab6c02803c4e9aa51 P 42e94fc3adbb419591836d222d946978 [term 3 FOLLOWER]: No leader contacted us within the election timeout. Triggering leader election
I1010 20:59:00.260499 3742 raft_consensus.cc:2031] T f2289fb138ea4a5ab6c02803c4e9aa51 P 42e94fc3adbb419591836d222d946978 [term 3 FOLLOWER]: Advancing to term 4
W1010 20:59:00.830762 2919 consensus_peers.cc:332] T 84fcfff9fdef4acf8c2b47f36330567f P b8062d66fd284035ae3bc2567bc11e7c -> Peer 1031512f5120422e9e22a0afabd78f61 (127.6.150.1:46963): Couldn't send request to peer 1031512f5120422e9e22a0afabd78f61 for tablet 84fcfff9fdef4acf8c2b47f36330567f. Status: Timed out: UpdateConsensus RPC to 127.6.150.1:46963 timed out after 1.000s. Retrying in the next heartbeat period. Already tried 6 times.
W1010 20:59:01.019942 3779 consensus_meta.cc:188] T 90fa7ae3643e4575a6be1c4936b6cc11 P 42e94fc3adbb419591836d222d946978: Time spent flushing consensus metadata: real 1.404s user 0.000s sys 0.000s
W1010 20:59:01.019923 2514 consensus_meta.cc:188] T 95e7c143b0524a9b9ade2cfcc081e679 P 84bde34331b94c4ea003e48f9317f792: Time spent flushing consensus metadata: real 1.405s user 0.000s sys 0.004s
I1010 20:59:01.019981 2514 raft_consensus.cc:1677] T 95e7c143b0524a9b9ade2cfcc081e679 P 84bde34331b94c4ea003e48f9317f792 [term 3 FOLLOWER]: Leader election vote request: Granting yes vote for candidate 1031512f5120422e9e22a0afabd78f61 in term 3.
W1010 20:59:01.019995 2514 rpcz_store.cc:234] Call kudu.consensus.ConsensusService.RequestConsensusVote from 127.6.150.1:38540 (request call id 4) took 1405ms (client timeout 1791).
W1010 20:59:01.019990 3894 consensus_meta.cc:188] T efe8fb09a1234c9fb1dc99948737a894 P b8062d66fd284035ae3bc2567bc11e7c: Time spent flushing consensus metadata: real 1.408s user 0.000s sys 0.000s
W1010 20:59:01.020028 2514 rpcz_store.cc:238] Trace: 1010 20:58:59.614743 (+ 0us) service_pool.cc:143] Inserting onto call queue 1010 20:58:59.614753 (+ 10us) service_pool.cc:202] Handling call 1010 20:59:01.019989 (+1405236us) inbound_call.cc:130] Queueing success response Metrics: {"tcmalloc_contention_cycles":65536}
W1010 20:59:01.020275 3805 consensus_meta.cc:188] T 949b26dfeadc4de38868bf4ed994d184 P b8062d66fd284035ae3bc2567bc11e7c: Time spent flushing consensus metadata: real 1.408s user 0.000s sys 0.000s
W1010 20:59:01.020370 3881 consensus_meta.cc:188] T 872042177fee42c9b6c380a1b657755e P 42e94fc3adbb419591836d222d946978: Time spent flushing consensus metadata: real 1.561s user 0.000s sys 0.000s
I1010 20:59:01.020404 3881 raft_consensus.cc:1981] T 872042177fee42c9b6c380a1b657755e P 42e94fc3adbb419591836d222d946978 [term 3 FOLLOWER]: Snoozing failure detection for election timeout plus an additional 1.855s
I1010 20:59:01.020416 2568 leader_election.cc:347] T 95e7c143b0524a9b9ade2cfcc081e679 P 1031512f5120422e9e22a0afabd78f61 [CANDIDATE]: Term 3 election: Vote granted by peer 84bde34331b94c4ea003e48f9317f792
I1010 20:59:01.020437 2568 leader_election.cc:248] T 95e7c143b0524a9b9ade2cfcc081e679 P 1031512f5120422e9e22a0afabd78f61 [CANDIDATE]: Term 3 election: Election decided. Result: candidate won.
I1010 20:59:01.020447 3881 raft_consensus.cc:391] T 872042177fee42c9b6c380a1b657755e P 42e94fc3adbb419591836d222d946978 [term 3 FOLLOWER]: Starting election with config: opid_index: -1 OBSOLETE_local: false peers { permanent_uuid: "8de6cfa864d64c58bf4eafb689517c93" member_type: VOTER last_known_addr { host: "127.6.150.3" port: 40117 } } peers { permanent_uuid: "f6d15ccd64ec49be8396ed78e2a88377" member_type: VOTER last_known_addr { host: "127.6.150.2" port: 33554 } } peers { permanent_uuid: "42e94fc3adbb419591836d222d946978" member_type: VOTER last_known_addr { host: "127.6.150.8" port: 35299 } }
W1010 20:59:01.020444 3829 consensus_meta.cc:188] T 17a4ac4e4e164cebb4d88f59511cf926 P 7f623b00f5ae4b9c8e8940692d5dfd44: Time spent flushing consensus metadata: real 1.408s user 0.000s sys 0.000s
I1010 20:59:01.020473 3779 leader_election.cc:223] T 90fa7ae3643e4575a6be1c4936b6cc11 P 42e94fc3adbb419591836d222d946978 [CANDIDATE]: Term 4 election: Requesting vote from peer 1380a27d6b824575a3a5e139bee139f4
I1010 20:59:01.020508 3779 leader_election.cc:223] T 90fa7ae3643e4575a6be1c4936b6cc11 P 42e94fc3adbb419591836d222d946978 [CANDIDATE]: Term 4 election: Requesting vote from peer f6d15ccd64ec49be8396ed78e2a88377
I1010 20:59:01.020570 3452 raft_consensus.cc:1609] T 90fa7ae3643e4575a6be1c4936b6cc11 P 42e94fc3adbb419591836d222d946978 [term 4 FOLLOWER]: Leader election vote request: Denying vote to candidate 1380a27d6b824575a3a5e139bee139f4 in current term 4: Already voted for candidate 42e94fc3adbb419591836d222d946978 in this term.
I1010 20:59:01.020656 3452 rpcz_store.cc:248] Call kudu.consensus.ConsensusService.RequestConsensusVote from 127.6.150.6:42979 (request call id 5) took 1402ms. Request Metrics: {"spinlock_wait_cycles":3226598144}
I1010 20:59:01.020668 3220 raft_consensus.cc:1609] T 90fa7ae3643e4575a6be1c4936b6cc11 P 1380a27d6b824575a3a5e139bee139f4 [term 4 FOLLOWER]: Leader election vote request: Denying vote to candidate 42e94fc3adbb419591836d222d946978 in current term 4: Already voted for candidate 1380a27d6b824575a3a5e139bee139f4 in this term.
I1010 20:59:01.020773 3387 leader_election.cc:361] T 90fa7ae3643e4575a6be1c4936b6cc11 P 42e94fc3adbb419591836d222d946978 [CANDIDATE]: Term 4 election: Vote denied by peer 1380a27d6b824575a3a5e139bee139f4. Message: Invalid argument: T 90fa7ae3643e4575a6be1c4936b6cc11 P 1380a27d6b824575a3a5e139bee139f4 [term 4 FOLLOWER]: Leader election vote request: Denying vote to candidate 42e94fc3adbb419591836d222d946978 in current term 4: Already voted for candidate 1380a27d6b824575a3a5e139bee139f4 in this term.
I1010 20:59:01.020797 3155 leader_election.cc:361] T 90fa7ae3643e4575a6be1c4936b6cc11 P 1380a27d6b824575a3a5e139bee139f4 [CANDIDATE]: Term 4 election: Vote denied by peer 42e94fc3adbb419591836d222d946978. Message: Invalid argument: T 90fa7ae3643e4575a6be1c4936b6cc11 P 42e94fc3adbb419591836d222d946978 [term 4 FOLLOWER]: Leader election vote request: Denying vote to candidate 1380a27d6b824575a3a5e139bee139f4 in current term 4: Already voted for candidate 42e94fc3adbb419591836d222d946978 in this term.
W1010 20:59:01.020817 3332 consensus_meta.cc:188] T de9d164718e74d3db902ea603ab32407 P 7f623b00f5ae4b9c8e8940692d5dfd44: Time spent flushing consensus metadata: real 3.114s user 0.000s sys 0.000s
I1010 20:59:01.020841 3332 raft_consensus.cc:1677] T de9d164718e74d3db902ea603ab32407 P 7f623b00f5ae4b9c8e8940692d5dfd44 [term 3 FOLLOWER]: Leader election vote request: Granting yes vote for candidate b8062d66fd284035ae3bc2567bc11e7c in term 3.
W1010 20:59:01.020855 3332 rpcz_store.cc:234] Call kudu.consensus.ConsensusService.RequestConsensusVote from 127.6.150.4:46735 (request call id 5) took 4770ms (client timeout 1996).
I1010 20:59:01.020855 4182 raft_consensus.cc:1981] T 95e7c143b0524a9b9ade2cfcc081e679 P 1031512f5120422e9e22a0afabd78f61 [term 3 FOLLOWER]: Snoozing failure detection for election timeout plus an additional 1.817s
I1010 20:59:01.020866 4182 raft_consensus.cc:1861] T 95e7c143b0524a9b9ade2cfcc081e679 P 1031512f5120422e9e22a0afabd78f61 [term 3 FOLLOWER]: Leader election won for term 3
W1010 20:59:01.020867 3332 rpcz_store.cc:238] Trace: 1010 20:58:56.250562 (+ 0us) service_pool.cc:143] Inserting onto call queue 1010 20:58:56.250572 (+ 10us) service_pool.cc:202] Handling call 1010 20:59:01.020851 (+4770279us) inbound_call.cc:130] Queueing success response Metrics: {"tcmalloc_contention_cycles":3328}
W1010 20:59:01.021031 3889 consensus_meta.cc:188] T 4c179cfa32ee4128ad57d34140e5320f P 7f623b00f5ae4b9c8e8940692d5dfd44: Time spent flushing consensus metadata: real 3.114s user 0.000s sys 0.000s
I1010 20:59:01.021141 4182 raft_consensus.cc:467] T 95e7c143b0524a9b9ade2cfcc081e679 P 1031512f5120422e9e22a0afabd78f61 [term 3 LEADER]: Becoming Leader. State: Replica: 1031512f5120422e9e22a0afabd78f61, State: 1, Role: LEADER Watermarks: {Received: term: 0 index: 0 Committed: term: 0 index: 0}
I1010 20:59:01.021082 3829 leader_election.cc:223] T 17a4ac4e4e164cebb4d88f59511cf926 P 7f623b00f5ae4b9c8e8940692d5dfd44 [CANDIDATE]: Term 3 election: Requesting vote from peer 580cbaf7092444dfbc6fb344da88d7b6
I1010 20:59:01.021190 4182 consensus_queue.cc:151] T 95e7c143b0524a9b9ade2cfcc081e679 P 1031512f5120422e9e22a0afabd78f61 [LEADER]: Queue going to LEADER mode. State: All replicated index: 0, Majority replicated index: 0, Committed index: 0, Last appended: 0.0, Current term: 3, Majority size: 2, State: 1, Mode: LEADER, active raft config: opid_index: -1 OBSOLETE_local: false peers { permanent_uuid: "7f623b00f5ae4b9c8e8940692d5dfd44" member_type: VOTER last_known_addr { host: "127.6.150.7" port: 45436 } } peers { permanent_uuid: "84bde34331b94c4ea003e48f9317f792" member_type: VOTER last_known_addr { host: "127.6.150.0" port: 40113 } } peers { permanent_uuid: "1031512f5120422e9e22a0afabd78f61" member_type: VOTER last_known_addr { host: "127.6.150.1" port: 46963 } }
W1010 20:59:01.021186 3569 consensus_meta.cc:188] T 7836528275cb45aab827361611bb3bbe P 580cbaf7092444dfbc6fb344da88d7b6: Time spent flushing consensus metadata: real 1.404s user 0.004s sys 0.000s
I1010 20:59:01.021211 3569 raft_consensus.cc:1677] T 7836528275cb45aab827361611bb3bbe P 580cbaf7092444dfbc6fb344da88d7b6 [term 3 FOLLOWER]: Leader election vote request: Granting yes vote for candidate 42e94fc3adbb419591836d222d946978 in term 3.
I1010 20:59:01.021220 3829 leader_election.cc:223] T 17a4ac4e4e164cebb4d88f59511cf926 P 7f623b00f5ae4b9c8e8940692d5dfd44 [CANDIDATE]: Term 3 election: Requesting vote from peer 1031512f5120422e9e22a0afabd78f61
W1010 20:59:01.021222 3569 rpcz_store.cc:234] Call kudu.consensus.ConsensusService.RequestConsensusVote from 127.6.150.8:57555 (request call id 3) took 1404ms (client timeout 1680).
W1010 20:59:01.021235 3569 rpcz_store.cc:238] Trace: 1010 20:58:59.616424 (+ 0us) service_pool.cc:143] Inserting onto call queue 1010 20:58:59.616434 (+ 10us) service_pool.cc:202] Handling call 1010 20:59:01.021218 (+1404784us) inbound_call.cc:130] Queueing success response Metrics: {"tcmalloc_contention_cycles":4864}
W1010 20:59:01.021277 3761 consensus_meta.cc:188] T 7d680e6840854bca9daef77d506408e9 P 1380a27d6b824575a3a5e139bee139f4: Time spent flushing consensus metadata: real 1.403s user 0.000s sys 0.000s
I1010 20:59:01.021332 3390 leader_election.cc:347] T 7836528275cb45aab827361611bb3bbe P 42e94fc3adbb419591836d222d946978 [CANDIDATE]: Term 3 election: Vote granted by peer 580cbaf7092444dfbc6fb344da88d7b6
I1010 20:59:01.021340 3390 leader_election.cc:248] T 7836528275cb45aab827361611bb3bbe P 42e94fc3adbb419591836d222d946978 [CANDIDATE]: Term 3 election: Election decided. Result: candidate won.
W1010 20:59:01.021386 3333 consensus_meta.cc:188] T 95e7c143b0524a9b9ade2cfcc081e679 P 7f623b00f5ae4b9c8e8940692d5dfd44: Time spent flushing consensus metadata: real 1.407s user 0.000s sys 0.000s
I1010 20:59:01.021401 3333 raft_consensus.cc:1981] T 95e7c143b0524a9b9ade2cfcc081e679 P 7f623b00f5ae4b9c8e8940692d5dfd44 [term 3 FOLLOWER]: Snoozing failure detection for election timeout plus an additional 1.785s
I1010 20:59:01.021404 3761 leader_election.cc:223] T 7d680e6840854bca9daef77d506408e9 P 1380a27d6b824575a3a5e139bee139f4 [CANDIDATE]: Term 4 election: Requesting vote from peer 84bde34331b94c4ea003e48f9317f792
I1010 20:59:01.021433 3761 leader_election.cc:223] T 7d680e6840854bca9daef77d506408e9 P 1380a27d6b824575a3a5e139bee139f4 [CANDIDATE]: Term 4 election: Requesting vote from peer 33ef4317e50042ba95e517992caa6531
W1010 20:59:01.021484 3698 consensus_meta.cc:188] T efe8fb09a1234c9fb1dc99948737a894 P f6d15ccd64ec49be8396ed78e2a88377: Time spent flushing consensus metadata: real 1.403s user 0.000s sys 0.000s
I1010 20:59:01.021510 2514 raft_consensus.cc:2031] T 7d680e6840854bca9daef77d506408e9 P 84bde34331b94c4ea003e48f9317f792 [term 3 FOLLOWER]: Advancing to term 4
I1010 20:59:01.021553 3744 raft_consensus.cc:375] T de9d164718e74d3db902ea603ab32407 P 7f623b00f5ae4b9c8e8940692d5dfd44 [term 3 FOLLOWER]: No leader contacted us within the election timeout. Triggering leader election
I1010 20:59:01.021572 3744 raft_consensus.cc:2031] T de9d164718e74d3db902ea603ab32407 P 7f623b00f5ae4b9c8e8940692d5dfd44 [term 3 FOLLOWER]: Advancing to term 4
I1010 20:59:01.021596 3698 leader_election.cc:223] T efe8fb09a1234c9fb1dc99948737a894 P f6d15ccd64ec49be8396ed78e2a88377 [CANDIDATE]: Term 3 election: Requesting vote from peer 580cbaf7092444dfbc6fb344da88d7b6
I1010 20:59:01.021601 3336 raft_consensus.cc:1609] T 4c179cfa32ee4128ad57d34140e5320f P 7f623b00f5ae4b9c8e8940692d5dfd44 [term 2 FOLLOWER]: Leader election vote request: Denying vote to candidate 33ef4317e50042ba95e517992caa6531 in current term 2: Already voted for candidate 7f623b00f5ae4b9c8e8940692d5dfd44 in this term.
I1010 20:59:01.021613 3698 leader_election.cc:223] T efe8fb09a1234c9fb1dc99948737a894 P f6d15ccd64ec49be8396ed78e2a88377 [CANDIDATE]: Term 3 election: Requesting vote from peer b8062d66fd284035ae3bc2567bc11e7c
I1010 20:59:01.021610 2749 raft_consensus.cc:1609] T efe8fb09a1234c9fb1dc99948737a894 P f6d15ccd64ec49be8396ed78e2a88377 [term 3 FOLLOWER]: Leader election vote request: Denying vote to candidate 580cbaf7092444dfbc6fb344da88d7b6 in current term 3: Already voted for candidate f6d15ccd64ec49be8396ed78e2a88377 in this term.
W1010 20:59:01.021638 3336 rpcz_store.cc:234] Call kudu.consensus.ConsensusService.RequestConsensusVote from 127.6.150.5:60329 (request call id 3) took 4770ms (client timeout 1513).
W1010 20:59:01.021651 3336 rpcz_store.cc:238] Trace: 1010 20:58:56.251600 (+ 0us) service_pool.cc:143] Inserting onto call queue 1010 20:58:56.251612 (+ 12us) service_pool.cc:202] Handling call 1010 20:59:01.021630 (+4770018us) spinlock_profiling.cc:255] Waited 4.77 s on lock 0x4216470. stack: 00000000019065e1 0000000000976813 000000000078868f 0000000000a22fbf 0000000000a23be2 0000000001911c69 00007f3fb2fbf181 00007f3fb1ea747c ffffffffffffffff 1010 20:59:01.021634 (+ 4us) inbound_call.cc:130] Queueing success response Metrics: {"spinlock_wait_cycles":10970923776}
W1010 20:59:01.021658 2749 rpcz_store.cc:234] Call kudu.consensus.ConsensusService.RequestConsensusVote from 127.6.150.9:48803 (request call id 3) took 1404ms (client timeout 1568).
I1010 20:59:01.021664 3334 raft_consensus.cc:1654] T 4c179cfa32ee4128ad57d34140e5320f P 7f623b00f5ae4b9c8e8940692d5dfd44 [term 2 FOLLOWER]: Leader election vote request: Denying vote to candidate f6d15ccd64ec49be8396ed78e2a88377 for term 2 because replica is already servicing an update from a current leader or another vote.
W1010 20:59:01.021674 2749 rpcz_store.cc:238] Trace: 1010 20:58:59.617174 (+ 0us) service_pool.cc:143] Inserting onto call queue 1010 20:58:59.617185 (+ 11us) service_pool.cc:202] Handling call 1010 20:59:01.021650 (+1404465us) spinlock_profiling.cc:255] Waited 1.4 s on lock 0x34196d0. stack: 00000000019065e1 0000000000976813 000000000078868f 0000000000a22fbf 0000000000a23be2 0000000001911c69 00007f7357684181 00007f735656c47c ffffffffffffffff 1010 20:59:01.021654 (+ 4us) inbound_call.cc:130] Queueing success response Metrics: {"spinlock_wait_cycles":3230135040}
W1010 20:59:01.021682 3334 rpcz_store.cc:234] Call kudu.consensus.ConsensusService.RequestConsensusVote from 127.6.150.2:52606 (request call id 2) took 4769ms (client timeout 1573).
W1010 20:59:01.021692 3334 rpcz_store.cc:238] Trace: 1010 20:58:56.251832 (+ 0us) service_pool.cc:143] Inserting onto call queue 1010 20:58:56.251841 (+ 9us) service_pool.cc:202] Handling call 1010 20:59:01.021679 (+4769838us) spinlock_profiling.cc:255] Waited 4.77 s on lock 0x4216470. stack: 00000000019065e1 0000000000976852 000000000078868f 0000000000a22fbf 0000000000a23be2 0000000001911c69 00007f3fb2fbf181 00007f3fb1ea747c ffffffffffffffff 1010 20:59:01.021681 (+ 2us) inbound_call.cc:130] Queueing success response Metrics: {"spinlock_wait_cycles":10970572160}
I1010 20:59:01.021733 3506 leader_election.cc:361] T efe8fb09a1234c9fb1dc99948737a894 P 580cbaf7092444dfbc6fb344da88d7b6 [CANDIDATE]: Term 3 election: Vote denied by peer f6d15ccd64ec49be8396ed78e2a88377. Message: Invalid argument: T efe8fb09a1234c9fb1dc99948737a894 P f6d15ccd64ec49be8396ed78e2a88377 [term 3 FOLLOWER]: Leader election vote request: Denying vote to candidate 580cbaf7092444dfbc6fb344da88d7b6 in current term 3: Already voted for candidate f6d15ccd64ec49be8396ed78e2a88377 in this term.
W1010 20:59:01.021741 3859 consensus_meta.cc:188] T f689db1eddb54b1f85b7df38d14534b4 P 1380a27d6b824575a3a5e139bee139f4: Time spent flushing consensus metadata: real 1.404s user 0.000s sys 0.000s
I1010 20:59:01.021811 3859 leader_election.cc:223] T f689db1eddb54b1f85b7df38d14534b4 P 1380a27d6b824575a3a5e139bee139f4 [CANDIDATE]: Term 4 election: Requesting vote from peer f6d15ccd64ec49be8396ed78e2a88377
I1010 20:59:01.021826 3859 leader_election.cc:223] T f689db1eddb54b1f85b7df38d14534b4 P 1380a27d6b824575a3a5e139bee139f4 [CANDIDATE]: Term 4 election: Requesting vote from peer 42e94fc3adbb419591836d222d946978
I1010 20:59:01.021842 4181 raft_consensus.cc:1981] T f689db1eddb54b1f85b7df38d14534b4 P 1380a27d6b824575a3a5e139bee139f4 [term 4 FOLLOWER]: Snoozing failure detection for election timeout plus an additional 2.010s
I1010 20:59:01.021884 4181 raft_consensus.cc:1839] T f689db1eddb54b1f85b7df38d14534b4 P 1380a27d6b824575a3a5e139bee139f4 [term 4 FOLLOWER]: Leader election decision for defunct term 3: won
W1010 20:59:01.022089 3819 consensus_meta.cc:188] T 05a5666441ec49d792222a3e8674edf7 P f6d15ccd64ec49be8396ed78e2a88377: Time spent flushing consensus metadata: real 1.255s user 0.000s sys 0.000s
I1010 20:59:01.022114 3819 raft_consensus.cc:1981] T 05a5666441ec49d792222a3e8674edf7 P f6d15ccd64ec49be8396ed78e2a88377 [term 3 FOLLOWER]: Snoozing failure detection for election timeout plus an additional 1.774s
I1010 20:59:01.022136 3819 raft_consensus.cc:391] T 05a5666441ec49d792222a3e8674edf7 P f6d15ccd64ec49be8396ed78e2a88377 [term 3 FOLLOWER]: Starting election with config: opid_index: -1 OBSOLETE_local: false peers { permanent_uuid: "33ef4317e50042ba95e517992caa6531" member_type: VOTER last_known_addr { host: "127.6.150.5" port: 40764 } } peers { permanent_uuid: "f6d15ccd64ec49be8396ed78e2a88377" member_type: VOTER last_known_addr { host: "127.6.150.2" port: 33554 } } peers { permanent_uuid: "1031512f5120422e9e22a0afabd78f61" member_type: VOTER last_known_addr { host: "127.6.150.1" port: 46963 } }
W1010 20:59:01.022137 2745 consensus_meta.cc:188] T 90fa7ae3643e4575a6be1c4936b6cc11 P f6d15ccd64ec49be8396ed78e2a88377: Time spent flushing consensus metadata: real 1.404s user 0.000s sys 0.000s
I1010 20:59:01.022346 2745 raft_consensus.cc:1981] T 90fa7ae3643e4575a6be1c4936b6cc11 P f6d15ccd64ec49be8396ed78e2a88377 [term 4 FOLLOWER]: Snoozing failure detection for election timeout plus an additional 1.966s
W1010 20:59:01.022403 3837 consensus_meta.cc:188] T 981834f5e88f4585b6420fca7ddcb289 P 1380a27d6b824575a3a5e139bee139f4: Time spent flushing consensus metadata: real 1.235s user 0.000s sys 0.000s
I1010 20:59:01.022428 3837 raft_consensus.cc:1981] T 981834f5e88f4585b6420fca7ddcb289 P 1380a27d6b824575a3a5e139bee139f4 [term 3 FOLLOWER]: Snoozing failure detection for election timeout plus an additional 1.819s
I1010 20:59:01.021579 4185 raft_consensus.cc:1981] T 7836528275cb45aab827361611bb3bbe P 42e94fc3adbb419591836d222d946978 [term 3 FOLLOWER]: Snoozing failure detection for election timeout plus an additional 1.617s
I1010 20:59:01.022459 3837 raft_consensus.cc:391] T 981834f5e88f4585b6420fca7ddcb289 P 1380a27d6b824575a3a5e139bee139f4 [term 3 FOLLOWER]: Starting election with config: opid_index: -1 OBSOLETE_local: false peers { permanent_uuid: "8de6cfa864d64c58bf4eafb689517c93" member_type: VOTER last_known_addr { host: "127.6.150.3" port: 40117 } } peers { permanent_uuid: "1031512f5120422e9e22a0afabd78f61" member_type: VOTER last_known_addr { host: "127.6.150.1" port: 46963 } } peers { permanent_uuid: "1380a27d6b824575a3a5e139bee139f4" member_type: VOTER last_known_addr { host: "127.6.150.6" port: 46774 } }
I1010 20:59:01.022467 4185 raft_consensus.cc:1861] T 7836528275cb45aab827361611bb3bbe P 42e94fc3adbb419591836d222d946978 [term 3 FOLLOWER]: Leader election won for term 3
I1010 20:59:01.022591 2409 catalog_manager.cc:2018] T 95e7c143b0524a9b9ade2cfcc081e679 reported consensus state change: term changed from 0 to 3, leader changed from to 1031512f5120422e9e22a0afabd78f61 (127.6.150.1). New consensus state: current_term: 3 leader_uuid: "1031512f5120422e9e22a0afabd78f61" config { opid_index: -1 OBSOLETE_local: false peers { permanent_uuid: "7f623b00f5ae4b9c8e8940692d5dfd44" member_type: VOTER last_known_addr { host: "127.6.150.7" port: 45436 } } peers { permanent_uuid: "84bde34331b94c4ea003e48f9317f792" member_type: VOTER last_known_addr { host: "127.6.150.0" port: 40113 } } peers { permanent_uuid: "1031512f5120422e9e22a0afabd78f61" member_type: VOTER last_known_addr { host: "127.6.150.1" port: 46963 } } }
I1010 20:59:01.022598 4185 raft_consensus.cc:467] T 7836528275cb45aab827361611bb3bbe P 42e94fc3adbb419591836d222d946978 [term 3 LEADER]: Becoming Leader. State: Replica: 42e94fc3adbb419591836d222d946978, State: 1, Role: LEADER Watermarks: {Received: term: 0 index: 0 Committed: term: 0 index: 0}
I1010 20:59:01.021106 3337 raft_consensus.cc:1609] T 17a4ac4e4e164cebb4d88f59511cf926 P 7f623b00f5ae4b9c8e8940692d5dfd44 [term 3 FOLLOWER]: Leader election vote request: Denying vote to candidate 580cbaf7092444dfbc6fb344da88d7b6 in current term 3: Already voted for candidate 7f623b00f5ae4b9c8e8940692d5dfd44 in this term.
I1010 20:59:01.022629 4185 consensus_queue.cc:151] T 7836528275cb45aab827361611bb3bbe P 42e94fc3adbb419591836d222d946978 [LEADER]: Queue going to LEADER mode. State: All replicated index: 0, Majority replicated index: 0, Committed index: 0, Last appended: 0.0, Current term: 3, Majority size: 2, State: 1, Mode: LEADER, active raft config: opid_index: -1 OBSOLETE_local: false peers { permanent_uuid: "580cbaf7092444dfbc6fb344da88d7b6" member_type: VOTER last_known_addr { host: "127.6.150.9" port: 51743 } } peers { permanent_uuid: "42e94fc3adbb419591836d222d946978" member_type: VOTER last_known_addr { host: "127.6.150.8" port: 35299 } } peers { permanent_uuid: "8de6cfa864d64c58bf4eafb689517c93" member_type: VOTER last_known_addr { host: "127.6.150.3" port: 40117 } }
W1010 20:59:01.022645 3337 rpcz_store.cc:234] Call kudu.consensus.ConsensusService.RequestConsensusVote from 127.6.150.9:42466 (request call id 10) took 3110ms (client timeout 1513).
W1010 20:59:01.022666 3337 rpcz_store.cc:238] Trace: 1010 20:58:57.912452 (+ 0us) service_pool.cc:143] Inserting onto call queue 1010 20:58:57.912459 (+ 7us) service_pool.cc:202] Handling call 1010 20:59:01.022634 (+3110175us) spinlock_profiling.cc:255] Waited 3.11 s on lock 0x3e5beb0. stack: 00000000019065e1 0000000000976813 000000000078868f 0000000000a22fbf 0000000000a23be2 0000000001911c69 00007f3fb2fbf181 00007f3fb1ea747c ffffffffffffffff 1010 20:59:01.022639 (+ 5us) inbound_call.cc:130] Queueing success response Metrics: {"spinlock_wait_cycles":7149829504}
I1010 20:59:01.022716 3331 raft_consensus.cc:1654] T 17a4ac4e4e164cebb4d88f59511cf926 P 7f623b00f5ae4b9c8e8940692d5dfd44 [term 3 FOLLOWER]: Leader election vote request: Denying vote to candidate 1031512f5120422e9e22a0afabd78f61 for term 3 because replica is already servicing an update from a current leader or another vote.
W1010 20:59:01.022747 3331 rpcz_store.cc:234] Call kudu.consensus.ConsensusService.RequestConsensusVote from 127.6.150.1:46701 (request call id 5) took 1406ms (client timeout 1733).
W1010 20:59:01.022773 3331 rpcz_store.cc:238] Trace: 1010 20:58:59.616224 (+ 0us) service_pool.cc:143] Inserting onto call queue 1010 20:58:59.616250 (+ 26us) service_pool.cc:202] Handling call 1010 20:59:01.022741 (+1406491us) spinlock_profiling.cc:255] Waited 1.41 s on lock 0x3e5beb0. stack: 00000000019065e1 0000000000976852 000000000078868f 0000000000a22fbf 0000000000a23be2 0000000001911c69 00007f3fb2fbf181 00007f3fb1ea747c ffffffffffffffff 1010 20:59:01.022743 (+ 2us) inbound_call.cc:130] Queueing success response Metrics: {"spinlock_wait_cycles":3234801536}
I1010 20:59:01.022841 2568 leader_election.cc:361] T 17a4ac4e4e164cebb4d88f59511cf926 P 1031512f5120422e9e22a0afabd78f61 [CANDIDATE]: Term 3 election: Vote denied by peer 7f623b00f5ae4b9c8e8940692d5dfd44. Message: Service unavailable: T 17a4ac4e4e164cebb4d88f59511cf926 P 7f623b00f5ae4b9c8e8940692d5dfd44 [term 3 FOLLOWER]: Leader election vote request: Denying vote to candidate 1031512f5120422e9e22a0afabd78f61 for term 3 because replica is already servicing an update from a current leader or another vote.
I1010 20:59:01.022855 2568 leader_election.cc:248] T 17a4ac4e4e164cebb4d88f59511cf926 P 1031512f5120422e9e22a0afabd78f61 [CANDIDATE]: Term 3 election: Election decided. Result: candidate lost.
I1010 20:59:01.022930 3218 raft_consensus.cc:1584] T 7d680e6840854bca9daef77d506408e9 P 1380a27d6b824575a3a5e139bee139f4 [term 4 FOLLOWER]: Leader election vote request: Denying vote to candidate 33ef4317e50042ba95e517992caa6531 for earlier term 3. Current term is 4.
I1010 20:59:01.022960 3217 raft_consensus.cc:1654] T 7d680e6840854bca9daef77d506408e9 P 1380a27d6b824575a3a5e139bee139f4 [term 4 FOLLOWER]: Leader election vote request: Denying vote to candidate 84bde34331b94c4ea003e48f9317f792 for term 3 because replica is already servicing an update from a current leader or another vote.
I1010 20:59:01.022963 3569 raft_consensus.cc:1609] T 17a4ac4e4e164cebb4d88f59511cf926 P 580cbaf7092444dfbc6fb344da88d7b6 [term 3 FOLLOWER]: Leader election vote request: Denying vote to candidate 7f623b00f5ae4b9c8e8940692d5dfd44 in current term 3: Already voted for candidate 580cbaf7092444dfbc6fb344da88d7b6 in this term.
W1010 20:59:01.022972 3218 rpcz_store.cc:234] Call kudu.consensus.ConsensusService.RequestConsensusVote from 127.6.150.5:44141 (request call id 3) took 1409ms (client timeout 1759).
W1010 20:59:01.022987 3218 rpcz_store.cc:238] Trace: 1010 20:58:59.613555 (+ 0us) service_pool.cc:143] Inserting onto call queue 1010 20:58:59.613563 (+ 8us) service_pool.cc:202] Handling call 1010 20:59:01.022965 (+1409402us) spinlock_profiling.cc:255] Waited 1.41 s on lock 0x3b75430. stack: 00000000019065e1 0000000000976813 000000000078868f 0000000000a22fbf 0000000000a23be2 0000000001911c69 00007f8ce19fe181 00007f8ce08e647c ffffffffffffffff 1010 20:59:01.022968 (+ 3us) inbound_call.cc:130] Queueing success response Metrics: {"spinlock_wait_cycles":3241494784}
W1010 20:59:01.022991 3217 rpcz_store.cc:234] Call kudu.consensus.ConsensusService.RequestConsensusVote from 127.6.150.0:60940 (request call id 3) took 1407ms (client timeout 1868).
W1010 20:59:01.023005 3217 rpcz_store.cc:238] Trace: 1010 20:58:59.615070 (+ 0us) service_pool.cc:143] Inserting onto call queue 1010 20:58:59.615089 (+ 19us) service_pool.cc:202] Handling call 1010 20:59:01.022984 (+1407895us) spinlock_profiling.cc:255] Waited 1.41 s on lock 0x3b75430. stack: 00000000019065e1 0000000000976852 000000000078868f 0000000000a22fbf 0000000000a23be2 0000000001911c69 00007f8ce19fe181 00007f8ce08e647c ffffffffffffffff 1010 20:59:01.022987 (+ 3us) inbound_call.cc:130] Queueing success response Metrics: {"spinlock_wait_cycles":3238073728}
W1010 20:59:01.023066 3036 leader_election.cc:333] T 7d680e6840854bca9daef77d506408e9 P 33ef4317e50042ba95e517992caa6531 [CANDIDATE]: Term 3 election: Vote denied by peer 1380a27d6b824575a3a5e139bee139f4 with higher term. Message: Invalid argument: T 7d680e6840854bca9daef77d506408e9 P 1380a27d6b824575a3a5e139bee139f4 [term 4 FOLLOWER]: Leader election vote request: Denying vote to candidate 33ef4317e50042ba95e517992caa6531 for earlier term 3. Current term is 4.
I1010 20:59:01.023077 3036 leader_election.cc:336] T 7d680e6840854bca9daef77d506408e9 P 33ef4317e50042ba95e517992caa6531 [CANDIDATE]: Term 3 election: Cancelling election due to peer responding with higher term
W1010 20:59:01.023092 2447 leader_election.cc:333] T 7d680e6840854bca9daef77d506408e9 P 84bde34331b94c4ea003e48f9317f792 [CANDIDATE]: Term 3 election: Vote denied by peer 1380a27d6b824575a3a5e139bee139f4 with higher term. Message: Service unavailable: T 7d680e6840854bca9daef77d506408e9 P 1380a27d6b824575a3a5e139bee139f4 [term 4 FOLLOWER]: Leader election vote request: Denying vote to candidate 84bde34331b94c4ea003e48f9317f792 for term 3 because replica is already servicing an update from a current leader or another vote.
I1010 20:59:01.023100 2447 leader_election.cc:336] T 7d680e6840854bca9daef77d506408e9 P 84bde34331b94c4ea003e48f9317f792 [CANDIDATE]: Term 3 election: Cancelling election due to peer responding with higher term
I1010 20:59:01.023156 4191 raft_consensus.cc:1981] T 17a4ac4e4e164cebb4d88f59511cf926 P 1031512f5120422e9e22a0afabd78f61 [term 3 FOLLOWER]: Snoozing failure detection for election timeout plus an additional 1.604s
I1010 20:59:01.023177 2749 raft_consensus.cc:2031] T f689db1eddb54b1f85b7df38d14534b4 P f6d15ccd64ec49be8396ed78e2a88377 [term 3 FOLLOWER]: Advancing to term 4
I1010 20:59:01.023226 4191 raft_consensus.cc:1823] T 17a4ac4e4e164cebb4d88f59511cf926 P 1031512f5120422e9e22a0afabd78f61 [term 3 FOLLOWER]: Leader election lost for term 3. Reason: None given
I1010 20:59:01.023250 3452 raft_consensus.cc:2031] T f689db1eddb54b1f85b7df38d14534b4 P 42e94fc3adbb419591836d222d946978 [term 3 FOLLOWER]: Advancing to term 4
I1010 20:59:01.023258 3273 leader_election.cc:361] T 17a4ac4e4e164cebb4d88f59511cf926 P 7f623b00f5ae4b9c8e8940692d5dfd44 [CANDIDATE]: Term 3 election: Vote denied by peer 580cbaf7092444dfbc6fb344da88d7b6. Message: Invalid argument: T 17a4ac4e4e164cebb4d88f59511cf926 P 580cbaf7092444dfbc6fb344da88d7b6 [term 3 FOLLOWER]: Leader election vote request: Denying vote to candidate 7f623b00f5ae4b9c8e8940692d5dfd44 in current term 3: Already voted for candidate 580cbaf7092444dfbc6fb344da88d7b6 in this term.
I1010 20:59:01.023344 2625 raft_consensus.cc:1609] T 17a4ac4e4e164cebb4d88f59511cf926 P 1031512f5120422e9e22a0afabd78f61 [term 3 FOLLOWER]: Leader election vote request: Denying vote to candidate 7f623b00f5ae4b9c8e8940692d5dfd44 in current term 3: Already voted for candidate 1031512f5120422e9e22a0afabd78f61 in this term.
I1010 20:59:01.023432 2403 catalog_manager.cc:2018] T 7836528275cb45aab827361611bb3bbe reported consensus state change: term changed from 0 to 3, leader changed from to 42e94fc3adbb419591836d222d946978 (127.6.150.8). New consensus state: current_term: 3 leader_uuid: "42e94fc3adbb419591836d222d946978" config { opid_index: -1 OBSOLETE_local: false peers { permanent_uuid: "580cbaf7092444dfbc6fb344da88d7b6" member_type: VOTER last_known_addr { host: "127.6.150.9" port: 51743 } } peers { permanent_uuid: "42e94fc3adbb419591836d222d946978" member_type: VOTER last_known_addr { host: "127.6.150.8" port: 35299 } } peers { permanent_uuid: "8de6cfa864d64c58bf4eafb689517c93" member_type: VOTER last_known_addr { host: "127.6.150.3" port: 40117 } } }
I1010 20:59:01.023444 3101 raft_consensus.cc:2031] T 7d680e6840854bca9daef77d506408e9 P 33ef4317e50042ba95e517992caa6531 [term 3 FOLLOWER]: Advancing to term 4
I1010 20:59:01.023465 3271 leader_election.cc:361] T 17a4ac4e4e164cebb4d88f59511cf926 P 7f623b00f5ae4b9c8e8940692d5dfd44 [CANDIDATE]: Term 3 election: Vote denied by peer 1031512f5120422e9e22a0afabd78f61. Message: Invalid argument: T 17a4ac4e4e164cebb4d88f59511cf926 P 1031512f5120422e9e22a0afabd78f61 [term 3 FOLLOWER]: Leader election vote request: Denying vote to candidate 7f623b00f5ae4b9c8e8940692d5dfd44 in current term 3: Already voted for candidate 1031512f5120422e9e22a0afabd78f61 in this term.
I1010 20:59:01.023475 3271 leader_election.cc:248] T 17a4ac4e4e164cebb4d88f59511cf926 P 7f623b00f5ae4b9c8e8940692d5dfd44 [CANDIDATE]: Term 3 election: Election decided. Result: candidate lost.
I1010 20:59:01.021162 3889 leader_election.cc:223] T 4c179cfa32ee4128ad57d34140e5320f P 7f623b00f5ae4b9c8e8940692d5dfd44 [CANDIDATE]: Term 2 election: Requesting vote from peer f6d15ccd64ec49be8396ed78e2a88377
I1010 20:59:01.023567 3889 leader_election.cc:223] T 4c179cfa32ee4128ad57d34140e5320f P 7f623b00f5ae4b9c8e8940692d5dfd44 [CANDIDATE]: Term 2 election: Requesting vote from peer 33ef4317e50042ba95e517992caa6531
I1010 20:59:01.023701 3099 raft_consensus.cc:1609] T 4c179cfa32ee4128ad57d34140e5320f P 33ef4317e50042ba95e517992caa6531 [term 2 FOLLOWER]: Leader election vote request: Denying vote to candidate 7f623b00f5ae4b9c8e8940692d5dfd44 in current term 2: Already voted for candidate 33ef4317e50042ba95e517992caa6531 in this term.
I1010 20:59:01.023711 2746 raft_consensus.cc:1609] T 4c179cfa32ee4128ad57d34140e5320f P f6d15ccd64ec49be8396ed78e2a88377 [term 2 FOLLOWER]: Leader election vote request: Denying vote to candidate 7f623b00f5ae4b9c8e8940692d5dfd44 in current term 2: Already voted for candidate f6d15ccd64ec49be8396ed78e2a88377 in this term.
I1010 20:59:01.023808 3270 leader_election.cc:361] T 4c179cfa32ee4128ad57d34140e5320f P 7f623b00f5ae4b9c8e8940692d5dfd44 [CANDIDATE]: Term 2 election: Vote denied by peer 33ef4317e50042ba95e517992caa6531. Message: Invalid argument: T 4c179cfa32ee4128ad57d34140e5320f P 33ef4317e50042ba95e517992caa6531 [term 2 FOLLOWER]: Leader election vote request: Denying vote to candidate 7f623b00f5ae4b9c8e8940692d5dfd44 in current term 2: Already voted for candidate 33ef4317e50042ba95e517992caa6531 in this term.
I1010 20:59:01.023835 3272 leader_election.cc:361] T 4c179cfa32ee4128ad57d34140e5320f P 7f623b00f5ae4b9c8e8940692d5dfd44 [CANDIDATE]: Term 2 election: Vote denied by peer f6d15ccd64ec49be8396ed78e2a88377. Message: Invalid argument: T 4c179cfa32ee4128ad57d34140e5320f P f6d15ccd64ec49be8396ed78e2a88377 [term 2 FOLLOWER]: Leader election vote request: Denying vote to candidate 7f623b00f5ae4b9c8e8940692d5dfd44 in current term 2: Already voted for candidate f6d15ccd64ec49be8396ed78e2a88377 in this term.
I1010 20:59:01.023854 3272 leader_election.cc:248] T 4c179cfa32ee4128ad57d34140e5320f P 7f623b00f5ae4b9c8e8940692d5dfd44 [CANDIDATE]: Term 2 election: Election decided. Result: candidate lost.
W1010 20:59:01.023910 3748 consensus_meta.cc:188] T 05a5666441ec49d792222a3e8674edf7 P 1031512f5120422e9e22a0afabd78f61: Time spent flushing consensus metadata: real 1.409s user 0.000s sys 0.000s
I1010 20:59:01.023977 4197 raft_consensus.cc:1981] T 4c179cfa32ee4128ad57d34140e5320f P 7f623b00f5ae4b9c8e8940692d5dfd44 [term 2 FOLLOWER]: Snoozing failure detection for election timeout plus an additional 1.744s
I1010 20:59:01.023994 4197 raft_consensus.cc:1823] T 4c179cfa32ee4128ad57d34140e5320f P 7f623b00f5ae4b9c8e8940692d5dfd44 [term 2 FOLLOWER]: Leader election lost for term 2. Reason: None given
I1010 20:59:01.024036 3748 leader_election.cc:223] T 05a5666441ec49d792222a3e8674edf7 P 1031512f5120422e9e22a0afabd78f61 [CANDIDATE]: Term 3 election: Requesting vote from peer 33ef4317e50042ba95e517992caa6531
I1010 20:59:01.024054 3748 leader_election.cc:223] T 05a5666441ec49d792222a3e8674edf7 P 1031512f5120422e9e22a0afabd78f61 [CANDIDATE]: Term 3 election: Requesting vote from peer f6d15ccd64ec49be8396ed78e2a88377
W1010 20:59:01.024137 3815 consensus_meta.cc:188] T 19f492d94e864f1ebd1c70810b0470f7 P 84bde34331b94c4ea003e48f9317f792: Time spent flushing consensus metadata: real 1.409s user 0.000s sys 0.000s
I1010 20:59:01.024175 3815 raft_consensus.cc:1981] T 19f492d94e864f1ebd1c70810b0470f7 P 84bde34331b94c4ea003e48f9317f792 [term 3 FOLLOWER]: Snoozing failure detection for election timeout plus an additional 1.713s
I1010 20:59:01.024220 3815 raft_consensus.cc:391] T 19f492d94e864f1ebd1c70810b0470f7 P 84bde34331b94c4ea003e48f9317f792 [term 3 FOLLOWER]: Starting election with config: opid_index: -1 OBSOLETE_local: false peers { permanent_uuid: "33ef4317e50042ba95e517992caa6531" member_type: VOTER last_known_addr { host: "127.6.150.5" port: 40764 } } peers { permanent_uuid: "84bde34331b94c4ea003e48f9317f792" member_type: VOTER last_known_addr { host: "127.6.150.0" port: 40113 } } peers { permanent_uuid: "8de6cfa864d64c58bf4eafb689517c93" member_type: VOTER last_known_addr { host: "127.6.150.3" port: 40117 } }
W1010 20:59:01.024551 3780 consensus_meta.cc:188] T 8da5904fd56d441ea29e61eb9d2b0b2f P 33ef4317e50042ba95e517992caa6531: Time spent flushing consensus metadata: real 1.411s user 0.000s sys 0.000s
W1010 20:59:01.024615 3836 consensus_meta.cc:188] T 7836528275cb45aab827361611bb3bbe P 8de6cfa864d64c58bf4eafb689517c93: Time spent flushing consensus metadata: real 1.408s user 0.000s sys 0.000s
W1010 20:59:01.024668 3713 consensus_meta.cc:188] T 05a5666441ec49d792222a3e8674edf7 P 33ef4317e50042ba95e517992caa6531: Time spent flushing consensus metadata: real 1.411s user 0.000s sys 0.000s
