I1010 20:59:06.291193 2409 catalog_manager.cc:2018] T 7d680e6840854bca9daef77d506408e9 reported consensus state change: term changed from 0 to 5, leader changed from to 33ef4317e50042ba95e517992caa6531 (127.6.150.5). New consensus state: current_term: 5 leader_uuid: "33ef4317e50042ba95e517992caa6531" config { opid_index: -1 OBSOLETE_local: false peers { permanent_uuid: "84bde34331b94c4ea003e48f9317f792" member_type: VOTER last_known_addr { host: "127.6.150.0" port: 40113 } } peers { permanent_uuid: "33ef4317e50042ba95e517992caa6531" member_type: VOTER last_known_addr { host: "127.6.150.5" port: 40764 } } peers { permanent_uuid: "1380a27d6b824575a3a5e139bee139f4" member_type: VOTER last_known_addr { host: "127.6.150.6" port: 46774 } } }
I1010 20:59:06.291405 2985 raft_consensus.cc:1609] T efe8fb09a1234c9fb1dc99948737a894 P b8062d66fd284035ae3bc2567bc11e7c [term 4 FOLLOWER]: Leader election vote request: Denying vote to candidate f6d15ccd64ec49be8396ed78e2a88377 in current term 4: Already voted for candidate b8062d66fd284035ae3bc2567bc11e7c in this term.
I1010 20:59:06.291429 3569 raft_consensus.cc:1609] T efe8fb09a1234c9fb1dc99948737a894 P 580cbaf7092444dfbc6fb344da88d7b6 [term 4 FOLLOWER]: Leader election vote request: Denying vote to candidate f6d15ccd64ec49be8396ed78e2a88377 in current term 4: Already voted for candidate 580cbaf7092444dfbc6fb344da88d7b6 in this term.
W1010 20:59:06.291581 3781 consensus_meta.cc:188] T 19f492d94e864f1ebd1c70810b0470f7 P 8de6cfa864d64c58bf4eafb689517c93: Time spent flushing consensus metadata: real 0.544s user 0.000s sys 0.000s
I1010 20:59:06.291609 3452 raft_consensus.cc:1981] T 84fcfff9fdef4acf8c2b47f36330567f P 42e94fc3adbb419591836d222d946978 [term 4 FOLLOWER]: Snoozing failure detection for election timeout plus an additional 1.750s
W1010 20:59:06.291646 2861 consensus_meta.cc:188] T 949b26dfeadc4de38868bf4ed994d184 P 8de6cfa864d64c58bf4eafb689517c93: Time spent flushing consensus metadata: real 0.544s user 0.000s sys 0.000s
I1010 20:59:06.291664 2861 raft_consensus.cc:1677] T 949b26dfeadc4de38868bf4ed994d184 P 8de6cfa864d64c58bf4eafb689517c93 [term 4 FOLLOWER]: Leader election vote request: Granting yes vote for candidate 1380a27d6b824575a3a5e139bee139f4 in term 4.
I1010 20:59:06.291702 3781 leader_election.cc:223] T 19f492d94e864f1ebd1c70810b0470f7 P 8de6cfa864d64c58bf4eafb689517c93 [CANDIDATE]: Term 4 election: Requesting vote from peer 33ef4317e50042ba95e517992caa6531
I1010 20:59:06.291736 3781 leader_election.cc:223] T 19f492d94e864f1ebd1c70810b0470f7 P 8de6cfa864d64c58bf4eafb689517c93 [CANDIDATE]: Term 4 election: Requesting vote from peer 84bde34331b94c4ea003e48f9317f792
I1010 20:59:06.291841 2685 leader_election.cc:361] T efe8fb09a1234c9fb1dc99948737a894 P f6d15ccd64ec49be8396ed78e2a88377 [CANDIDATE]: Term 4 election: Vote denied by peer b8062d66fd284035ae3bc2567bc11e7c. Message: Invalid argument: T efe8fb09a1234c9fb1dc99948737a894 P b8062d66fd284035ae3bc2567bc11e7c [term 4 FOLLOWER]: Leader election vote request: Denying vote to candidate f6d15ccd64ec49be8396ed78e2a88377 in current term 4: Already voted for candidate b8062d66fd284035ae3bc2567bc11e7c in this term.
I1010 20:59:06.291872 2685 leader_election.cc:361] T efe8fb09a1234c9fb1dc99948737a894 P f6d15ccd64ec49be8396ed78e2a88377 [CANDIDATE]: Term 4 election: Vote denied by peer 580cbaf7092444dfbc6fb344da88d7b6. Message: Invalid argument: T efe8fb09a1234c9fb1dc99948737a894 P 580cbaf7092444dfbc6fb344da88d7b6 [term 4 FOLLOWER]: Leader election vote request: Denying vote to candidate f6d15ccd64ec49be8396ed78e2a88377 in current term 4: Already voted for candidate 580cbaf7092444dfbc6fb344da88d7b6 in this term.
I1010 20:59:06.291870 3156 leader_election.cc:347] T 949b26dfeadc4de38868bf4ed994d184 P 1380a27d6b824575a3a5e139bee139f4 [CANDIDATE]: Term 4 election: Vote granted by peer 8de6cfa864d64c58bf4eafb689517c93
I1010 20:59:06.291878 3156 leader_election.cc:248] T 949b26dfeadc4de38868bf4ed994d184 P 1380a27d6b824575a3a5e139bee139f4 [CANDIDATE]: Term 4 election: Election decided. Result: candidate won.
I1010 20:59:06.291875 2685 leader_election.cc:248] T efe8fb09a1234c9fb1dc99948737a894 P f6d15ccd64ec49be8396ed78e2a88377 [CANDIDATE]: Term 4 election: Election decided. Result: candidate lost.
I1010 20:59:06.291893 3451 raft_consensus.cc:1981] T f2289fb138ea4a5ab6c02803c4e9aa51 P 42e94fc3adbb419591836d222d946978 [term 5 FOLLOWER]: Snoozing failure detection for election timeout plus an additional 1.889s
W1010 20:59:06.292096 2865 consensus_meta.cc:188] T de9d164718e74d3db902ea603ab32407 P 8de6cfa864d64c58bf4eafb689517c93: Time spent flushing consensus metadata: real 0.545s user 0.000s sys 0.000s
I1010 20:59:06.292112 2865 raft_consensus.cc:1981] T de9d164718e74d3db902ea603ab32407 P 8de6cfa864d64c58bf4eafb689517c93 [term 4 FOLLOWER]: Snoozing failure detection for election timeout plus an additional 2.136s
I1010 20:59:06.292131 4271 raft_consensus.cc:1981] T efe8fb09a1234c9fb1dc99948737a894 P f6d15ccd64ec49be8396ed78e2a88377 [term 4 FOLLOWER]: Snoozing failure detection for election timeout plus an additional 1.767s
I1010 20:59:06.292142 4271 raft_consensus.cc:1823] T efe8fb09a1234c9fb1dc99948737a894 P f6d15ccd64ec49be8396ed78e2a88377 [term 4 FOLLOWER]: Leader election lost for term 4. Reason: None given
I1010 20:59:06.292426 4270 raft_consensus.cc:1981] T 949b26dfeadc4de38868bf4ed994d184 P 1380a27d6b824575a3a5e139bee139f4 [term 4 FOLLOWER]: Snoozing failure detection for election timeout plus an additional 1.684s
I1010 20:59:06.292441 4270 raft_consensus.cc:1861] T 949b26dfeadc4de38868bf4ed994d184 P 1380a27d6b824575a3a5e139bee139f4 [term 4 FOLLOWER]: Leader election won for term 4
I1010 20:59:06.292615 4270 raft_consensus.cc:467] T 949b26dfeadc4de38868bf4ed994d184 P 1380a27d6b824575a3a5e139bee139f4 [term 4 LEADER]: Becoming Leader. State: Replica: 1380a27d6b824575a3a5e139bee139f4, State: 1, Role: LEADER Watermarks: {Received: term: 0 index: 0 Committed: term: 0 index: 0}
I1010 20:59:06.292654 3452 raft_consensus.cc:1677] T 84fcfff9fdef4acf8c2b47f36330567f P 42e94fc3adbb419591836d222d946978 [term 4 FOLLOWER]: Leader election vote request: Granting yes vote for candidate b8062d66fd284035ae3bc2567bc11e7c in term 4.
I1010 20:59:06.292696 4270 consensus_queue.cc:151] T 949b26dfeadc4de38868bf4ed994d184 P 1380a27d6b824575a3a5e139bee139f4 [LEADER]: Queue going to LEADER mode. State: All replicated index: 0, Majority replicated index: 0, Committed index: 0, Last appended: 0.0, Current term: 4, Majority size: 2, State: 1, Mode: LEADER, active raft config: opid_index: -1 OBSOLETE_local: false peers { permanent_uuid: "1380a27d6b824575a3a5e139bee139f4" member_type: VOTER last_known_addr { host: "127.6.150.6" port: 46774 } } peers { permanent_uuid: "b8062d66fd284035ae3bc2567bc11e7c" member_type: VOTER last_known_addr { host: "127.6.150.4" port: 44055 } } peers { permanent_uuid: "8de6cfa864d64c58bf4eafb689517c93" member_type: VOTER last_known_addr { host: "127.6.150.3" port: 40117 } }
I1010 20:59:06.292757 2920 leader_election.cc:347] T 84fcfff9fdef4acf8c2b47f36330567f P b8062d66fd284035ae3bc2567bc11e7c [CANDIDATE]: Term 4 election: Vote granted by peer 42e94fc3adbb419591836d222d946978
I1010 20:59:06.292768 2920 leader_election.cc:248] T 84fcfff9fdef4acf8c2b47f36330567f P b8062d66fd284035ae3bc2567bc11e7c [CANDIDATE]: Term 4 election: Election decided. Result: candidate won.
I1010 20:59:06.292773 3453 raft_consensus.cc:1677] T 90fa7ae3643e4575a6be1c4936b6cc11 P 42e94fc3adbb419591836d222d946978 [term 5 FOLLOWER]: Leader election vote request: Granting yes vote for candidate f6d15ccd64ec49be8396ed78e2a88377 in term 5.
I1010 20:59:06.292804 3779 raft_consensus.cc:375] T 90fa7ae3643e4575a6be1c4936b6cc11 P 42e94fc3adbb419591836d222d946978 [term 5 FOLLOWER]: No leader contacted us within the election timeout. Triggering leader election
I1010 20:59:06.292829 3779 raft_consensus.cc:2031] T 90fa7ae3643e4575a6be1c4936b6cc11 P 42e94fc3adbb419591836d222d946978 [term 5 FOLLOWER]: Advancing to term 6
I1010 20:59:06.292925 2684 leader_election.cc:347] T 90fa7ae3643e4575a6be1c4936b6cc11 P f6d15ccd64ec49be8396ed78e2a88377 [CANDIDATE]: Term 5 election: Vote granted by peer 42e94fc3adbb419591836d222d946978
I1010 20:59:06.292928 4273 raft_consensus.cc:1981] T 84fcfff9fdef4acf8c2b47f36330567f P b8062d66fd284035ae3bc2567bc11e7c [term 4 FOLLOWER]: Snoozing failure detection for election timeout plus an additional 1.680s
I1010 20:59:06.292933 2684 leader_election.cc:248] T 90fa7ae3643e4575a6be1c4936b6cc11 P f6d15ccd64ec49be8396ed78e2a88377 [CANDIDATE]: Term 5 election: Election decided. Result: candidate won.
I1010 20:59:06.292938 4273 raft_consensus.cc:1861] T 84fcfff9fdef4acf8c2b47f36330567f P b8062d66fd284035ae3bc2567bc11e7c [term 4 FOLLOWER]: Leader election won for term 4
I1010 20:59:06.293212 4275 raft_consensus.cc:1981] T 90fa7ae3643e4575a6be1c4936b6cc11 P f6d15ccd64ec49be8396ed78e2a88377 [term 5 FOLLOWER]: Snoozing failure detection for election timeout plus an additional 2.182s
I1010 20:59:06.293227 4273 raft_consensus.cc:467] T 84fcfff9fdef4acf8c2b47f36330567f P b8062d66fd284035ae3bc2567bc11e7c [term 4 LEADER]: Becoming Leader. State: Replica: b8062d66fd284035ae3bc2567bc11e7c, State: 1, Role: LEADER Watermarks: {Received: term: 2 index: 1 Committed: term: 2 index: 1}
I1010 20:59:06.293251 4275 raft_consensus.cc:1861] T 90fa7ae3643e4575a6be1c4936b6cc11 P f6d15ccd64ec49be8396ed78e2a88377 [term 5 FOLLOWER]: Leader election won for term 5
I1010 20:59:06.293315 4273 consensus_queue.cc:151] T 84fcfff9fdef4acf8c2b47f36330567f P b8062d66fd284035ae3bc2567bc11e7c [LEADER]: Queue going to LEADER mode. State: All replicated index: 0, Majority replicated index: 1, Committed index: 1, Last appended: 2.1, Current term: 4, Majority size: 2, State: 1, Mode: LEADER, active raft config: opid_index: -1 OBSOLETE_local: false peers { permanent_uuid: "b8062d66fd284035ae3bc2567bc11e7c" member_type: VOTER last_known_addr { host: "127.6.150.4" port: 44055 } } peers { permanent_uuid: "1031512f5120422e9e22a0afabd78f61" member_type: VOTER last_known_addr { host: "127.6.150.1" port: 46963 } } peers { permanent_uuid: "42e94fc3adbb419591836d222d946978" member_type: VOTER last_known_addr { host: "127.6.150.8" port: 35299 } }
I1010 20:59:06.293342 2409 catalog_manager.cc:2018] T 949b26dfeadc4de38868bf4ed994d184 reported consensus state change: term changed from 0 to 4, leader changed from to 1380a27d6b824575a3a5e139bee139f4 (127.6.150.6). New consensus state: current_term: 4 leader_uuid: "1380a27d6b824575a3a5e139bee139f4" config { opid_index: -1 OBSOLETE_local: false peers { permanent_uuid: "1380a27d6b824575a3a5e139bee139f4" member_type: VOTER last_known_addr { host: "127.6.150.6" port: 46774 } } peers { permanent_uuid: "b8062d66fd284035ae3bc2567bc11e7c" member_type: VOTER last_known_addr { host: "127.6.150.4" port: 44055 } } peers { permanent_uuid: "8de6cfa864d64c58bf4eafb689517c93" member_type: VOTER last_known_addr { host: "127.6.150.3" port: 40117 } } }
I1010 20:59:06.293390 4275 raft_consensus.cc:467] T 90fa7ae3643e4575a6be1c4936b6cc11 P f6d15ccd64ec49be8396ed78e2a88377 [term 5 LEADER]: Becoming Leader. State: Replica: f6d15ccd64ec49be8396ed78e2a88377, State: 1, Role: LEADER Watermarks: {Received: term: 0 index: 0 Committed: term: 0 index: 0}
I1010 20:59:06.293453 4275 consensus_queue.cc:151] T 90fa7ae3643e4575a6be1c4936b6cc11 P f6d15ccd64ec49be8396ed78e2a88377 [LEADER]: Queue going to LEADER mode. State: All replicated index: 0, Majority replicated index: 0, Committed index: 0, Last appended: 0.0, Current term: 5, Majority size: 2, State: 1, Mode: LEADER, active raft config: opid_index: -1 OBSOLETE_local: false peers { permanent_uuid: "1380a27d6b824575a3a5e139bee139f4" member_type: VOTER last_known_addr { host: "127.6.150.6" port: 46774 } } peers { permanent_uuid: "42e94fc3adbb419591836d222d946978" member_type: VOTER last_known_addr { host: "127.6.150.8" port: 35299 } } peers { permanent_uuid: "f6d15ccd64ec49be8396ed78e2a88377" member_type: VOTER last_known_addr { host: "127.6.150.2" port: 33554 } }
I1010 20:59:06.293494 3815 leader_election.cc:223] T 19f492d94e864f1ebd1c70810b0470f7 P 84bde34331b94c4ea003e48f9317f792 [CANDIDATE]: Term 4 election: Requesting vote from peer 33ef4317e50042ba95e517992caa6531
I1010 20:59:06.293503 2514 raft_consensus.cc:1609] T 19f492d94e864f1ebd1c70810b0470f7 P 84bde34331b94c4ea003e48f9317f792 [term 4 FOLLOWER]: Leader election vote request: Denying vote to candidate 8de6cfa864d64c58bf4eafb689517c93 in current term 4: Already voted for candidate 84bde34331b94c4ea003e48f9317f792 in this term.
I1010 20:59:06.293514 3815 leader_election.cc:223] T 19f492d94e864f1ebd1c70810b0470f7 P 84bde34331b94c4ea003e48f9317f792 [CANDIDATE]: Term 4 election: Requesting vote from peer 8de6cfa864d64c58bf4eafb689517c93
I1010 20:59:06.293613 2802 leader_election.cc:361] T 19f492d94e864f1ebd1c70810b0470f7 P 8de6cfa864d64c58bf4eafb689517c93 [CANDIDATE]: Term 4 election: Vote denied by peer 84bde34331b94c4ea003e48f9317f792. Message: Invalid argument: T 19f492d94e864f1ebd1c70810b0470f7 P 84bde34331b94c4ea003e48f9317f792 [term 4 FOLLOWER]: Leader election vote request: Denying vote to candidate 8de6cfa864d64c58bf4eafb689517c93 in current term 4: Already voted for candidate 84bde34331b94c4ea003e48f9317f792 in this term.
I1010 20:59:06.293622 2861 raft_consensus.cc:1609] T 19f492d94e864f1ebd1c70810b0470f7 P 8de6cfa864d64c58bf4eafb689517c93 [term 4 FOLLOWER]: Leader election vote request: Denying vote to candidate 84bde34331b94c4ea003e48f9317f792 in current term 4: Already voted for candidate 8de6cfa864d64c58bf4eafb689517c93 in this term.
I1010 20:59:06.293690 2450 leader_election.cc:361] T 19f492d94e864f1ebd1c70810b0470f7 P 84bde34331b94c4ea003e48f9317f792 [CANDIDATE]: Term 4 election: Vote denied by peer 8de6cfa864d64c58bf4eafb689517c93. Message: Invalid argument: T 19f492d94e864f1ebd1c70810b0470f7 P 8de6cfa864d64c58bf4eafb689517c93 [term 4 FOLLOWER]: Leader election vote request: Denying vote to candidate 84bde34331b94c4ea003e48f9317f792 in current term 4: Already voted for candidate 8de6cfa864d64c58bf4eafb689517c93 in this term.
I1010 20:59:06.293926 2409 catalog_manager.cc:2018] T 84fcfff9fdef4acf8c2b47f36330567f reported consensus state change: term changed from 2 to 4. New consensus state: current_term: 4 leader_uuid: "b8062d66fd284035ae3bc2567bc11e7c" config { opid_index: -1 OBSOLETE_local: false peers { permanent_uuid: "b8062d66fd284035ae3bc2567bc11e7c" member_type: VOTER last_known_addr { host: "127.6.150.4" port: 44055 } } peers { permanent_uuid: "1031512f5120422e9e22a0afabd78f61" member_type: VOTER last_known_addr { host: "127.6.150.1" port: 46963 } } peers { permanent_uuid: "42e94fc3adbb419591836d222d946978" member_type: VOTER last_known_addr { host: "127.6.150.8" port: 35299 } } }
I1010 20:59:06.295061 2409 catalog_manager.cc:2018] T 90fa7ae3643e4575a6be1c4936b6cc11 reported consensus state change: term changed from 0 to 5, leader changed from to f6d15ccd64ec49be8396ed78e2a88377 (127.6.150.2). New consensus state: current_term: 5 leader_uuid: "f6d15ccd64ec49be8396ed78e2a88377" config { opid_index: -1 OBSOLETE_local: false peers { permanent_uuid: "1380a27d6b824575a3a5e139bee139f4" member_type: VOTER last_known_addr { host: "127.6.150.6" port: 46774 } } peers { permanent_uuid: "42e94fc3adbb419591836d222d946978" member_type: VOTER last_known_addr { host: "127.6.150.8" port: 35299 } } peers { permanent_uuid: "f6d15ccd64ec49be8396ed78e2a88377" member_type: VOTER last_known_addr { host: "127.6.150.2" port: 33554 } } }
W1010 20:59:06.409598 3273 leader_election.cc:275] T de9d164718e74d3db902ea603ab32407 P 7f623b00f5ae4b9c8e8940692d5dfd44 [CANDIDATE]: Term 4 election: RPC error from VoteRequest() call to peer 8de6cfa864d64c58bf4eafb689517c93: Timed out: RequestConsensusVote RPC to 127.6.150.3:40117 timed out after 2.094s
I1010 20:59:06.409615 3273 leader_election.cc:248] T de9d164718e74d3db902ea603ab32407 P 7f623b00f5ae4b9c8e8940692d5dfd44 [CANDIDATE]: Term 4 election: Election decided. Result: candidate lost.
I1010 20:59:06.409759 4283 raft_consensus.cc:1981] T de9d164718e74d3db902ea603ab32407 P 7f623b00f5ae4b9c8e8940692d5dfd44 [term 4 FOLLOWER]: Snoozing failure detection for election timeout plus an additional 1.593s
I1010 20:59:06.409771 4283 raft_consensus.cc:1823] T de9d164718e74d3db902ea603ab32407 P 7f623b00f5ae4b9c8e8940692d5dfd44 [term 4 FOLLOWER]: Leader election lost for term 4. Reason: None given
I1010 20:59:06.680902 3748 raft_consensus.cc:375] T 05a5666441ec49d792222a3e8674edf7 P 1031512f5120422e9e22a0afabd78f61 [term 3 FOLLOWER]: No leader contacted us within the election timeout. Triggering leader election
I1010 20:59:06.680915 3748 raft_consensus.cc:2031] T 05a5666441ec49d792222a3e8674edf7 P 1031512f5120422e9e22a0afabd78f61 [term 3 FOLLOWER]: Advancing to term 4
I1010 20:59:06.681183 3748 raft_consensus.cc:1981] T 05a5666441ec49d792222a3e8674edf7 P 1031512f5120422e9e22a0afabd78f61 [term 4 FOLLOWER]: Snoozing failure detection for election timeout plus an additional 2.126s
I1010 20:59:06.681215 3748 raft_consensus.cc:391] T 05a5666441ec49d792222a3e8674edf7 P 1031512f5120422e9e22a0afabd78f61 [term 4 FOLLOWER]: Starting election with config: opid_index: -1 OBSOLETE_local: false peers { permanent_uuid: "33ef4317e50042ba95e517992caa6531" member_type: VOTER last_known_addr { host: "127.6.150.5" port: 40764 } } peers { permanent_uuid: "f6d15ccd64ec49be8396ed78e2a88377" member_type: VOTER last_known_addr { host: "127.6.150.2" port: 33554 } } peers { permanent_uuid: "1031512f5120422e9e22a0afabd78f61" member_type: VOTER last_known_addr { host: "127.6.150.1" port: 46963 } }
I1010 20:59:06.779067 3713 raft_consensus.cc:375] T 05a5666441ec49d792222a3e8674edf7 P 33ef4317e50042ba95e517992caa6531 [term 3 FOLLOWER]: No leader contacted us within the election timeout. Triggering leader election
I1010 20:59:06.779081 3713 raft_consensus.cc:2031] T 05a5666441ec49d792222a3e8674edf7 P 33ef4317e50042ba95e517992caa6531 [term 3 FOLLOWER]: Advancing to term 4
I1010 20:59:06.791023 2514 raft_consensus.cc:857] T 7d680e6840854bca9daef77d506408e9 P 84bde34331b94c4ea003e48f9317f792 [term 5 FOLLOWER]: Refusing update from remote peer 33ef4317e50042ba95e517992caa6531: Log matching property violated. Preceding OpId in replica: term: 0 index: 0. Preceding OpId from leader: term: 5 index: 1. (index mismatch)
I1010 20:59:06.791074 3218 raft_consensus.cc:857] T 7d680e6840854bca9daef77d506408e9 P 1380a27d6b824575a3a5e139bee139f4 [term 5 FOLLOWER]: Refusing update from remote peer 33ef4317e50042ba95e517992caa6531: Log matching property violated. Preceding OpId in replica: term: 0 index: 0. Preceding OpId from leader: term: 5 index: 1. (index mismatch)
I1010 20:59:06.791153 4263 consensus_queue.cc:652] T 7d680e6840854bca9daef77d506408e9 P 33ef4317e50042ba95e517992caa6531 [LEADER]: Connected to new peer: Peer: 84bde34331b94c4ea003e48f9317f792, Is new: false, Last received: 0.0, Next index: 1, Last known committed idx: 0, Last exchange result: ERROR, Needs tablet copy: false
I1010 20:59:06.791313 4263 consensus_queue.cc:652] T 7d680e6840854bca9daef77d506408e9 P 33ef4317e50042ba95e517992caa6531 [LEADER]: Connected to new peer: Peer: 1380a27d6b824575a3a5e139bee139f4, Is new: false, Last received: 0.0, Next index: 1, Last known committed idx: 0, Last exchange result: ERROR, Needs tablet copy: false
I1010 20:59:06.793424 2861 raft_consensus.cc:857] T 949b26dfeadc4de38868bf4ed994d184 P 8de6cfa864d64c58bf4eafb689517c93 [term 4 FOLLOWER]: Refusing update from remote peer 1380a27d6b824575a3a5e139bee139f4: Log matching property violated. Preceding OpId in replica: term: 0 index: 0. Preceding OpId from leader: term: 4 index: 1. (index mismatch)
I1010 20:59:06.793548 4270 consensus_queue.cc:652] T 949b26dfeadc4de38868bf4ed994d184 P 1380a27d6b824575a3a5e139bee139f4 [LEADER]: Connected to new peer: Peer: 8de6cfa864d64c58bf4eafb689517c93, Is new: false, Last received: 0.0, Next index: 1, Last known committed idx: 0, Last exchange result: ERROR, Needs tablet copy: false
I1010 20:59:06.793740 3218 raft_consensus.cc:857] T 90fa7ae3643e4575a6be1c4936b6cc11 P 1380a27d6b824575a3a5e139bee139f4 [term 5 FOLLOWER]: Refusing update from remote peer f6d15ccd64ec49be8396ed78e2a88377: Log matching property violated. Preceding OpId in replica: term: 0 index: 0. Preceding OpId from leader: term: 5 index: 1. (index mismatch)
I1010 20:59:06.793776 2628 raft_consensus.cc:857] T 84fcfff9fdef4acf8c2b47f36330567f P 1031512f5120422e9e22a0afabd78f61 [term 4 FOLLOWER]: Refusing update from remote peer b8062d66fd284035ae3bc2567bc11e7c: Log matching property violated. Preceding OpId in replica: term: 0 index: 0. Preceding OpId from leader: term: 4 index: 2. (index mismatch)
I1010 20:59:06.793877 4273 consensus_queue.cc:652] T 84fcfff9fdef4acf8c2b47f36330567f P b8062d66fd284035ae3bc2567bc11e7c [LEADER]: Connected to new peer: Peer: 1031512f5120422e9e22a0afabd78f61, Is new: false, Last received: 0.0, Next index: 1, Last known committed idx: 0, Last exchange result: ERROR, Needs tablet copy: false
I1010 20:59:06.793925 3452 raft_consensus.cc:857] T 84fcfff9fdef4acf8c2b47f36330567f P 42e94fc3adbb419591836d222d946978 [term 4 FOLLOWER]: Refusing update from remote peer b8062d66fd284035ae3bc2567bc11e7c: Log matching property violated. Preceding OpId in replica: term: 2 index: 1. Preceding OpId from leader: term: 4 index: 2. (index mismatch)
I1010 20:59:06.793949 4275 consensus_queue.cc:652] T 90fa7ae3643e4575a6be1c4936b6cc11 P f6d15ccd64ec49be8396ed78e2a88377 [LEADER]: Connected to new peer: Peer: 1380a27d6b824575a3a5e139bee139f4, Is new: false, Last received: 0.0, Next index: 1, Last known committed idx: 0, Last exchange result: ERROR, Needs tablet copy: false
I1010 20:59:06.794023 4273 consensus_queue.cc:652] T 84fcfff9fdef4acf8c2b47f36330567f P b8062d66fd284035ae3bc2567bc11e7c [LEADER]: Connected to new peer: Peer: 42e94fc3adbb419591836d222d946978, Is new: false, Last received: 2.1, Next index: 2, Last known committed idx: 1, Last exchange result: ERROR, Needs tablet copy: false
W1010 20:59:07.456557 3808 consensus_meta.cc:188] T 19f492d94e864f1ebd1c70810b0470f7 P 33ef4317e50042ba95e517992caa6531: Time spent flushing consensus metadata: real 1.551s user 0.000s sys 0.000s
I1010 20:59:07.456810 3808 leader_election.cc:223] T 19f492d94e864f1ebd1c70810b0470f7 P 33ef4317e50042ba95e517992caa6531 [CANDIDATE]: Term 4 election: Requesting vote from peer 84bde34331b94c4ea003e48f9317f792
I1010 20:59:07.456825 3808 leader_election.cc:223] T 19f492d94e864f1ebd1c70810b0470f7 P 33ef4317e50042ba95e517992caa6531 [CANDIDATE]: Term 4 election: Requesting vote from peer 8de6cfa864d64c58bf4eafb689517c93
I1010 20:59:07.457056 3101 raft_consensus.cc:1609] T 19f492d94e864f1ebd1c70810b0470f7 P 33ef4317e50042ba95e517992caa6531 [term 4 FOLLOWER]: Leader election vote request: Denying vote to candidate 8de6cfa864d64c58bf4eafb689517c93 in current term 4: Already voted for candidate 33ef4317e50042ba95e517992caa6531 in this term.
W1010 20:59:07.457061 3780 consensus_meta.cc:188] T 8da5904fd56d441ea29e61eb9d2b0b2f P 33ef4317e50042ba95e517992caa6531: Time spent flushing consensus metadata: real 1.205s user 0.000s sys 0.000s
I1010 20:59:07.457062 2514 raft_consensus.cc:1609] T 19f492d94e864f1ebd1c70810b0470f7 P 84bde34331b94c4ea003e48f9317f792 [term 4 FOLLOWER]: Leader election vote request: Denying vote to candidate 33ef4317e50042ba95e517992caa6531 in current term 4: Already voted for candidate 84bde34331b94c4ea003e48f9317f792 in this term.
I1010 20:59:07.457082 3780 raft_consensus.cc:1981] T 8da5904fd56d441ea29e61eb9d2b0b2f P 33ef4317e50042ba95e517992caa6531 [term 4 FOLLOWER]: Snoozing failure detection for election timeout plus an additional 1.859s
I1010 20:59:07.457111 3780 raft_consensus.cc:391] T 8da5904fd56d441ea29e61eb9d2b0b2f P 33ef4317e50042ba95e517992caa6531 [term 4 FOLLOWER]: Starting election with config: opid_index: -1 OBSOLETE_local: false peers { permanent_uuid: "b8062d66fd284035ae3bc2567bc11e7c" member_type: VOTER last_known_addr { host: "127.6.150.4" port: 44055 } } peers { permanent_uuid: "33ef4317e50042ba95e517992caa6531" member_type: VOTER last_known_addr { host: "127.6.150.5" port: 40764 } } peers { permanent_uuid: "84bde34331b94c4ea003e48f9317f792" member_type: VOTER last_known_addr { host: "127.6.150.0" port: 40113 } }
I1010 20:59:07.457128 3101 rpcz_store.cc:248] Call kudu.consensus.ConsensusService.RequestConsensusVote from 127.6.150.3:53121 (request call id 4) took 1164ms. Request Metrics: {"spinlock_wait_cycles":2678609152}
W1010 20:59:07.457137 3713 consensus_meta.cc:188] T 05a5666441ec49d792222a3e8674edf7 P 33ef4317e50042ba95e517992caa6531: Time spent flushing consensus metadata: real 0.678s user 0.000s sys 0.000s
I1010 20:59:07.457159 3039 leader_election.cc:361] T 19f492d94e864f1ebd1c70810b0470f7 P 33ef4317e50042ba95e517992caa6531 [CANDIDATE]: Term 4 election: Vote denied by peer 84bde34331b94c4ea003e48f9317f792. Message: Invalid argument: T 19f492d94e864f1ebd1c70810b0470f7 P 84bde34331b94c4ea003e48f9317f792 [term 4 FOLLOWER]: Leader election vote request: Denying vote to candidate 33ef4317e50042ba95e517992caa6531 in current term 4: Already voted for candidate 84bde34331b94c4ea003e48f9317f792 in this term.
I1010 20:59:07.457165 3713 raft_consensus.cc:1981] T 05a5666441ec49d792222a3e8674edf7 P 33ef4317e50042ba95e517992caa6531 [term 4 FOLLOWER]: Snoozing failure detection for election timeout plus an additional 1.740s
I1010 20:59:07.457190 3713 raft_consensus.cc:391] T 05a5666441ec49d792222a3e8674edf7 P 33ef4317e50042ba95e517992caa6531 [term 4 FOLLOWER]: Starting election with config: opid_index: -1 OBSOLETE_local: false peers { permanent_uuid: "33ef4317e50042ba95e517992caa6531" member_type: VOTER last_known_addr { host: "127.6.150.5" port: 40764 } } peers { permanent_uuid: "f6d15ccd64ec49be8396ed78e2a88377" member_type: VOTER last_known_addr { host: "127.6.150.2" port: 33554 } } peers { permanent_uuid: "1031512f5120422e9e22a0afabd78f61" member_type: VOTER last_known_addr { host: "127.6.150.1" port: 46963 } }
W1010 20:59:07.457216 3882 consensus_meta.cc:188] T 8da5904fd56d441ea29e61eb9d2b0b2f P b8062d66fd284035ae3bc2567bc11e7c: Time spent flushing consensus metadata: real 1.171s user 0.000s sys 0.000s
I1010 20:59:07.457403 3882 leader_election.cc:223] T 8da5904fd56d441ea29e61eb9d2b0b2f P b8062d66fd284035ae3bc2567bc11e7c [CANDIDATE]: Term 4 election: Requesting vote from peer 33ef4317e50042ba95e517992caa6531
I1010 20:59:07.457422 3882 leader_election.cc:223] T 8da5904fd56d441ea29e61eb9d2b0b2f P b8062d66fd284035ae3bc2567bc11e7c [CANDIDATE]: Term 4 election: Requesting vote from peer 84bde34331b94c4ea003e48f9317f792
W1010 20:59:07.457571 2984 consensus_meta.cc:188] T 949b26dfeadc4de38868bf4ed994d184 P b8062d66fd284035ae3bc2567bc11e7c: Time spent flushing consensus metadata: real 1.709s user 0.000s sys 0.000s
I1010 20:59:07.457595 2984 raft_consensus.cc:1677] T 949b26dfeadc4de38868bf4ed994d184 P b8062d66fd284035ae3bc2567bc11e7c [term 4 FOLLOWER]: Leader election vote request: Granting yes vote for candidate 1380a27d6b824575a3a5e139bee139f4 in term 4.
W1010 20:59:07.457617 2984 rpcz_store.cc:234] Call kudu.consensus.ConsensusService.RequestConsensusVote from 127.6.150.6:46028 (request call id 4) took 1715ms (client timeout 2059).
W1010 20:59:07.457638 2984 rpcz_store.cc:238] Trace: 1010 20:59:05.742164 (+ 0us) service_pool.cc:143] Inserting onto call queue 1010 20:59:05.742172 (+ 8us) service_pool.cc:202] Handling call 1010 20:59:07.457613 (+1715441us) inbound_call.cc:130] Queueing success response Metrics: {}
I1010 20:59:07.457653 2985 raft_consensus.cc:857] T 949b26dfeadc4de38868bf4ed994d184 P b8062d66fd284035ae3bc2567bc11e7c [term 4 FOLLOWER]: Refusing update from remote peer 1380a27d6b824575a3a5e139bee139f4: Log matching property violated. Preceding OpId in replica: term: 0 index: 0. Preceding OpId from leader: term: 4 index: 1. (index mismatch)
I1010 20:59:07.457923 3156 leader_election.cc:347] T 949b26dfeadc4de38868bf4ed994d184 P 1380a27d6b824575a3a5e139bee139f4 [CANDIDATE]: Term 4 election: Vote granted by peer b8062d66fd284035ae3bc2567bc11e7c
W1010 20:59:07.457937 3869 consensus_meta.cc:188] T de9d164718e74d3db902ea603ab32407 P b8062d66fd284035ae3bc2567bc11e7c: Time spent flushing consensus metadata: real 1.366s user 0.000s sys 0.000s
I1010 20:59:07.457978 3869 raft_consensus.cc:1981] T de9d164718e74d3db902ea603ab32407 P b8062d66fd284035ae3bc2567bc11e7c [term 5 FOLLOWER]: Snoozing failure detection for election timeout plus an additional 1.728s
I1010 20:59:07.458008 3869 raft_consensus.cc:391] T de9d164718e74d3db902ea603ab32407 P b8062d66fd284035ae3bc2567bc11e7c [term 5 FOLLOWER]: Starting election with config: opid_index: -1 OBSOLETE_local: false peers { permanent_uuid: "7f623b00f5ae4b9c8e8940692d5dfd44" member_type: VOTER last_known_addr { host: "127.6.150.7" port: 45436 } } peers { permanent_uuid: "b8062d66fd284035ae3bc2567bc11e7c" member_type: VOTER last_known_addr { host: "127.6.150.4" port: 44055 } } peers { permanent_uuid: "8de6cfa864d64c58bf4eafb689517c93" member_type: VOTER last_known_addr { host: "127.6.150.3" port: 40117 } }
I1010 20:59:07.458050 4288 consensus_queue.cc:652] T 949b26dfeadc4de38868bf4ed994d184 P 1380a27d6b824575a3a5e139bee139f4 [LEADER]: Connected to new peer: Peer: b8062d66fd284035ae3bc2567bc11e7c, Is new: false, Last received: 0.0, Next index: 1, Last known committed idx: 0, Last exchange result: ERROR, Needs tablet copy: false
W1010 20:59:07.458081 2986 consensus_meta.cc:188] T f2289fb138ea4a5ab6c02803c4e9aa51 P b8062d66fd284035ae3bc2567bc11e7c: Time spent flushing consensus metadata: real 1.171s user 0.000s sys 0.000s
I1010 20:59:07.458151 2986 raft_consensus.cc:1981] T f2289fb138ea4a5ab6c02803c4e9aa51 P b8062d66fd284035ae3bc2567bc11e7c [term 5 FOLLOWER]: Snoozing failure detection for election timeout plus an additional 1.821s
W1010 20:59:07.458232 3748 consensus_meta.cc:188] T 05a5666441ec49d792222a3e8674edf7 P 1031512f5120422e9e22a0afabd78f61: Time spent flushing consensus metadata: real 0.777s user 0.000s sys 0.000s
I1010 20:59:07.458341 2799 leader_election.cc:361] T 19f492d94e864f1ebd1c70810b0470f7 P 8de6cfa864d64c58bf4eafb689517c93 [CANDIDATE]: Term 4 election: Vote denied by peer 33ef4317e50042ba95e517992caa6531. Message: Invalid argument: T 19f492d94e864f1ebd1c70810b0470f7 P 33ef4317e50042ba95e517992caa6531 [term 4 FOLLOWER]: Leader election vote request: Denying vote to candidate 8de6cfa864d64c58bf4eafb689517c93 in current term 4: Already voted for candidate 33ef4317e50042ba95e517992caa6531 in this term.
I1010 20:59:07.458359 2799 leader_election.cc:248] T 19f492d94e864f1ebd1c70810b0470f7 P 8de6cfa864d64c58bf4eafb689517c93 [CANDIDATE]: Term 4 election: Election decided. Result: candidate lost.
I1010 20:59:07.458385 3748 leader_election.cc:223] T 05a5666441ec49d792222a3e8674edf7 P 1031512f5120422e9e22a0afabd78f61 [CANDIDATE]: Term 4 election: Requesting vote from peer 33ef4317e50042ba95e517992caa6531
I1010 20:59:07.458400 3748 leader_election.cc:223] T 05a5666441ec49d792222a3e8674edf7 P 1031512f5120422e9e22a0afabd78f61 [CANDIDATE]: Term 4 election: Requesting vote from peer f6d15ccd64ec49be8396ed78e2a88377
I1010 20:59:07.458410 2861 raft_consensus.cc:1609] T 19f492d94e864f1ebd1c70810b0470f7 P 8de6cfa864d64c58bf4eafb689517c93 [term 4 FOLLOWER]: Leader election vote request: Denying vote to candidate 33ef4317e50042ba95e517992caa6531 in current term 4: Already voted for candidate 8de6cfa864d64c58bf4eafb689517c93 in this term.
I1010 20:59:07.458487 3039 leader_election.cc:361] T 19f492d94e864f1ebd1c70810b0470f7 P 33ef4317e50042ba95e517992caa6531 [CANDIDATE]: Term 4 election: Vote denied by peer 8de6cfa864d64c58bf4eafb689517c93. Message: Invalid argument: T 19f492d94e864f1ebd1c70810b0470f7 P 8de6cfa864d64c58bf4eafb689517c93 [term 4 FOLLOWER]: Leader election vote request: Denying vote to candidate 33ef4317e50042ba95e517992caa6531 in current term 4: Already voted for candidate 8de6cfa864d64c58bf4eafb689517c93 in this term.
I1010 20:59:07.458494 3039 leader_election.cc:248] T 19f492d94e864f1ebd1c70810b0470f7 P 33ef4317e50042ba95e517992caa6531 [CANDIDATE]: Term 4 election: Election decided. Result: candidate lost.
I1010 20:59:07.458611 4300 raft_consensus.cc:1981] T 19f492d94e864f1ebd1c70810b0470f7 P 33ef4317e50042ba95e517992caa6531 [term 4 FOLLOWER]: Snoozing failure detection for election timeout plus an additional 1.932s
I1010 20:59:07.458612 4299 raft_consensus.cc:1981] T 19f492d94e864f1ebd1c70810b0470f7 P 8de6cfa864d64c58bf4eafb689517c93 [term 4 FOLLOWER]: Snoozing failure detection for election timeout plus an additional 1.509s
I1010 20:59:07.458627 4299 raft_consensus.cc:1823] T 19f492d94e864f1ebd1c70810b0470f7 P 8de6cfa864d64c58bf4eafb689517c93 [term 4 FOLLOWER]: Leader election lost for term 4. Reason: None given
I1010 20:59:07.458642 3099 raft_consensus.cc:1654] T 19f492d94e864f1ebd1c70810b0470f7 P 33ef4317e50042ba95e517992caa6531 [term 4 FOLLOWER]: Leader election vote request: Denying vote to candidate 84bde34331b94c4ea003e48f9317f792 for term 4 because replica is already servicing an update from a current leader or another vote.
I1010 20:59:07.458672 2514 raft_consensus.cc:2031] T 8da5904fd56d441ea29e61eb9d2b0b2f P 84bde34331b94c4ea003e48f9317f792 [term 3 FOLLOWER]: Advancing to term 4
I1010 20:59:07.458724 3099 rpcz_store.cc:248] Call kudu.consensus.ConsensusService.RequestConsensusVote from 127.6.150.0:46745 (request call id 10) took 1165ms. Request Metrics: {"spinlock_wait_cycles":2679631616}
I1010 20:59:07.458775 4300 raft_consensus.cc:1823] T 19f492d94e864f1ebd1c70810b0470f7 P 33ef4317e50042ba95e517992caa6531 [term 4 FOLLOWER]: Leader election lost for term 4. Reason: None given
I1010 20:59:07.458783 2447 leader_election.cc:361] T 19f492d94e864f1ebd1c70810b0470f7 P 84bde34331b94c4ea003e48f9317f792 [CANDIDATE]: Term 4 election: Vote denied by peer 33ef4317e50042ba95e517992caa6531. Message: Service unavailable: T 19f492d94e864f1ebd1c70810b0470f7 P 33ef4317e50042ba95e517992caa6531 [term 4 FOLLOWER]: Leader election vote request: Denying vote to candidate 84bde34331b94c4ea003e48f9317f792 for term 4 because replica is already servicing an update from a current leader or another vote.
I1010 20:59:07.458791 2447 leader_election.cc:248] T 19f492d94e864f1ebd1c70810b0470f7 P 84bde34331b94c4ea003e48f9317f792 [CANDIDATE]: Term 4 election: Election decided. Result: candidate lost.
I1010 20:59:07.458932 4302 raft_consensus.cc:1981] T 19f492d94e864f1ebd1c70810b0470f7 P 84bde34331b94c4ea003e48f9317f792 [term 4 FOLLOWER]: Snoozing failure detection for election timeout plus an additional 2.142s
I1010 20:59:07.458945 4302 raft_consensus.cc:1823] T 19f492d94e864f1ebd1c70810b0470f7 P 84bde34331b94c4ea003e48f9317f792 [term 4 FOLLOWER]: Leader election lost for term 4. Reason: None given
I1010 20:59:07.458950 2514 raft_consensus.cc:1981] T 8da5904fd56d441ea29e61eb9d2b0b2f P 84bde34331b94c4ea003e48f9317f792 [term 4 FOLLOWER]: Snoozing failure detection for election timeout plus an additional 2.076s
I1010 20:59:07.468894 3881 raft_consensus.cc:375] T 872042177fee42c9b6c380a1b657755e P 42e94fc3adbb419591836d222d946978 [term 3 FOLLOWER]: No leader contacted us within the election timeout. Triggering leader election
I1010 20:59:07.468907 3881 raft_consensus.cc:2031] T 872042177fee42c9b6c380a1b657755e P 42e94fc3adbb419591836d222d946978 [term 3 FOLLOWER]: Advancing to term 4
I1010 20:59:07.625851 3729 raft_consensus.cc:375] T 872042177fee42c9b6c380a1b657755e P f6d15ccd64ec49be8396ed78e2a88377 [term 3 FOLLOWER]: No leader contacted us within the election timeout. Triggering leader election
I1010 20:59:07.625865 3729 raft_consensus.cc:2031] T 872042177fee42c9b6c380a1b657755e P f6d15ccd64ec49be8396ed78e2a88377 [term 3 FOLLOWER]: Advancing to term 4
W1010 20:59:07.748522 3220 consensus_meta.cc:188] T f689db1eddb54b1f85b7df38d14534b4 P 1380a27d6b824575a3a5e139bee139f4: Time spent flushing consensus metadata: real 1.458s user 0.000s sys 0.000s
I1010 20:59:07.748569 3220 raft_consensus.cc:1677] T f689db1eddb54b1f85b7df38d14534b4 P 1380a27d6b824575a3a5e139bee139f4 [term 5 FOLLOWER]: Leader election vote request: Granting yes vote for candidate 42e94fc3adbb419591836d222d946978 in term 5.
W1010 20:59:07.748582 3220 rpcz_store.cc:234] Call kudu.consensus.ConsensusService.RequestConsensusVote from 127.6.150.8:57074 (request call id 7) took 1458ms (client timeout 1566).
W1010 20:59:07.748597 3220 rpcz_store.cc:238] Trace: 1010 20:59:06.289611 (+ 0us) service_pool.cc:143] Inserting onto call queue 1010 20:59:06.289688 (+ 77us) service_pool.cc:202] Handling call 1010 20:59:07.748577 (+1458889us) inbound_call.cc:130] Queueing success response Metrics: {}
I1010 20:59:07.748775 3387 leader_election.cc:347] T f689db1eddb54b1f85b7df38d14534b4 P 42e94fc3adbb419591836d222d946978 [CANDIDATE]: Term 5 election: Vote granted by peer 1380a27d6b824575a3a5e139bee139f4
I1010 20:59:07.748788 3387 leader_election.cc:248] T f689db1eddb54b1f85b7df38d14534b4 P 42e94fc3adbb419591836d222d946978 [CANDIDATE]: Term 5 election: Election decided. Result: candidate won.
I1010 20:59:07.748910 4306 raft_consensus.cc:1981] T f689db1eddb54b1f85b7df38d14534b4 P 42e94fc3adbb419591836d222d946978 [term 5 FOLLOWER]: Snoozing failure detection for election timeout plus an additional 1.817s
I1010 20:59:07.748929 4306 raft_consensus.cc:1861] T f689db1eddb54b1f85b7df38d14534b4 P 42e94fc3adbb419591836d222d946978 [term 5 FOLLOWER]: Leader election won for term 5
I1010 20:59:07.749171 4306 raft_consensus.cc:467] T f689db1eddb54b1f85b7df38d14534b4 P 42e94fc3adbb419591836d222d946978 [term 5 LEADER]: Becoming Leader. State: Replica: 42e94fc3adbb419591836d222d946978, State: 1, Role: LEADER Watermarks: {Received: term: 0 index: 0 Committed: term: 0 index: 0}
I1010 20:59:07.749236 4306 consensus_queue.cc:151] T f689db1eddb54b1f85b7df38d14534b4 P 42e94fc3adbb419591836d222d946978 [LEADER]: Queue going to LEADER mode. State: All replicated index: 0, Majority replicated index: 0, Committed index: 0, Last appended: 0.0, Current term: 5, Majority size: 2, State: 1, Mode: LEADER, active raft config: opid_index: -1 OBSOLETE_local: false peers { permanent_uuid: "f6d15ccd64ec49be8396ed78e2a88377" member_type: VOTER last_known_addr { host: "127.6.150.2" port: 33554 } } peers { permanent_uuid: "1380a27d6b824575a3a5e139bee139f4" member_type: VOTER last_known_addr { host: "127.6.150.6" port: 46774 } } peers { permanent_uuid: "42e94fc3adbb419591836d222d946978" member_type: VOTER last_known_addr { host: "127.6.150.8" port: 35299 } }
W1010 20:59:07.749433 3819 consensus_meta.cc:188] T 05a5666441ec49d792222a3e8674edf7 P f6d15ccd64ec49be8396ed78e2a88377: Time spent flushing consensus metadata: real 1.458s user 0.000s sys 0.000s
W1010 20:59:07.749588 3738 consensus_meta.cc:188] T f689db1eddb54b1f85b7df38d14534b4 P f6d15ccd64ec49be8396ed78e2a88377: Time spent flushing consensus metadata: real 1.459s user 0.000s sys 0.000s
I1010 20:59:07.749691 3819 leader_election.cc:223] T 05a5666441ec49d792222a3e8674edf7 P f6d15ccd64ec49be8396ed78e2a88377 [CANDIDATE]: Term 4 election: Requesting vote from peer 33ef4317e50042ba95e517992caa6531
I1010 20:59:07.749701 2749 raft_consensus.cc:1609] T 05a5666441ec49d792222a3e8674edf7 P f6d15ccd64ec49be8396ed78e2a88377 [term 4 FOLLOWER]: Leader election vote request: Denying vote to candidate 1031512f5120422e9e22a0afabd78f61 in current term 4: Already voted for candidate f6d15ccd64ec49be8396ed78e2a88377 in this term.
I1010 20:59:07.749722 3819 leader_election.cc:223] T 05a5666441ec49d792222a3e8674edf7 P f6d15ccd64ec49be8396ed78e2a88377 [CANDIDATE]: Term 4 election: Requesting vote from peer 1031512f5120422e9e22a0afabd78f61
I1010 20:59:07.749754 3738 leader_election.cc:223] T f689db1eddb54b1f85b7df38d14534b4 P f6d15ccd64ec49be8396ed78e2a88377 [CANDIDATE]: Term 5 election: Requesting vote from peer 1380a27d6b824575a3a5e139bee139f4
I1010 20:59:07.749764 3738 leader_election.cc:223] T f689db1eddb54b1f85b7df38d14534b4 P f6d15ccd64ec49be8396ed78e2a88377 [CANDIDATE]: Term 5 election: Requesting vote from peer 42e94fc3adbb419591836d222d946978
I1010 20:59:07.749784 2748 raft_consensus.cc:1609] T f689db1eddb54b1f85b7df38d14534b4 P f6d15ccd64ec49be8396ed78e2a88377 [term 5 FOLLOWER]: Leader election vote request: Denying vote to candidate 42e94fc3adbb419591836d222d946978 in current term 5: Already voted for candidate f6d15ccd64ec49be8396ed78e2a88377 in this term.
W1010 20:59:07.749814 2748 rpcz_store.cc:234] Call kudu.consensus.ConsensusService.RequestConsensusVote from 127.6.150.8:42100 (request call id 10) took 1460ms (client timeout 1566).
I1010 20:59:07.749821 3220 raft_consensus.cc:1609] T f689db1eddb54b1f85b7df38d14534b4 P 1380a27d6b824575a3a5e139bee139f4 [term 5 FOLLOWER]: Leader election vote request: Denying vote to candidate f6d15ccd64ec49be8396ed78e2a88377 in current term 5: Already voted for candidate 42e94fc3adbb419591836d222d946978 in this term.
W1010 20:59:07.749828 2748 rpcz_store.cc:238] Trace: 1010 20:59:06.289691 (+ 0us) service_pool.cc:143] Inserting onto call queue 1010 20:59:06.289700 (+ 9us) service_pool.cc:202] Handling call 1010 20:59:07.749807 (+1460107us) spinlock_profiling.cc:255] Waited 1.46 s on lock 0x3419c10. stack: 00000000019065e1 0000000000976813 000000000078868f 0000000000a22fbf 0000000000a23be2 0000000001911c69 00007f7357684181 00007f735656c47c ffffffffffffffff 1010 20:59:07.749810 (+ 3us) inbound_call.cc:130] Queueing success response Metrics: {"spinlock_wait_cycles":3358171520}
I1010 20:59:07.749864 3729 raft_consensus.cc:1981] T 872042177fee42c9b6c380a1b657755e P f6d15ccd64ec49be8396ed78e2a88377 [term 4 FOLLOWER]: Snoozing failure detection for election timeout plus an additional 1.839s
I1010 20:59:07.749887 3729 raft_consensus.cc:391] T 872042177fee42c9b6c380a1b657755e P f6d15ccd64ec49be8396ed78e2a88377 [term 4 FOLLOWER]: Starting election with config: opid_index: -1 OBSOLETE_local: false peers { permanent_uuid: "8de6cfa864d64c58bf4eafb689517c93" member_type: VOTER last_known_addr { host: "127.6.150.3" port: 40117 } } peers { permanent_uuid: "f6d15ccd64ec49be8396ed78e2a88377" member_type: VOTER last_known_addr { host: "127.6.150.2" port: 33554 } } peers { permanent_uuid: "42e94fc3adbb419591836d222d946978" member_type: VOTER last_known_addr { host: "127.6.150.8" port: 35299 } }
I1010 20:59:07.749912 2567 leader_election.cc:361] T 05a5666441ec49d792222a3e8674edf7 P 1031512f5120422e9e22a0afabd78f61 [CANDIDATE]: Term 4 election: Vote denied by peer f6d15ccd64ec49be8396ed78e2a88377. Message: Invalid argument: T 05a5666441ec49d792222a3e8674edf7 P f6d15ccd64ec49be8396ed78e2a88377 [term 4 FOLLOWER]: Leader election vote request: Denying vote to candidate 1031512f5120422e9e22a0afabd78f61 in current term 4: Already voted for candidate f6d15ccd64ec49be8396ed78e2a88377 in this term.
I1010 20:59:07.749968 3389 leader_election.cc:361] T f689db1eddb54b1f85b7df38d14534b4 P 42e94fc3adbb419591836d222d946978 [CANDIDATE]: Term 5 election: Vote denied by peer f6d15ccd64ec49be8396ed78e2a88377. Message: Invalid argument: T f689db1eddb54b1f85b7df38d14534b4 P f6d15ccd64ec49be8396ed78e2a88377 [term 5 FOLLOWER]: Leader election vote request: Denying vote to candidate 42e94fc3adbb419591836d222d946978 in current term 5: Already voted for candidate f6d15ccd64ec49be8396ed78e2a88377 in this term.
I1010 20:59:07.750010 2682 leader_election.cc:361] T f689db1eddb54b1f85b7df38d14534b4 P f6d15ccd64ec49be8396ed78e2a88377 [CANDIDATE]: Term 5 election: Vote denied by peer 1380a27d6b824575a3a5e139bee139f4. Message: Invalid argument: T f689db1eddb54b1f85b7df38d14534b4 P 1380a27d6b824575a3a5e139bee139f4 [term 5 FOLLOWER]: Leader election vote request: Denying vote to candidate f6d15ccd64ec49be8396ed78e2a88377 in current term 5: Already voted for candidate 42e94fc3adbb419591836d222d946978 in this term.
I1010 20:59:07.749996 2628 raft_consensus.cc:1609] T 05a5666441ec49d792222a3e8674edf7 P 1031512f5120422e9e22a0afabd78f61 [term 4 FOLLOWER]: Leader election vote request: Denying vote to candidate f6d15ccd64ec49be8396ed78e2a88377 in current term 4: Already voted for candidate 1031512f5120422e9e22a0afabd78f61 in this term.
I1010 20:59:07.750121 2683 leader_election.cc:361] T 05a5666441ec49d792222a3e8674edf7 P f6d15ccd64ec49be8396ed78e2a88377 [CANDIDATE]: Term 4 election: Vote denied by peer 1031512f5120422e9e22a0afabd78f61. Message: Invalid argument: T 05a5666441ec49d792222a3e8674edf7 P 1031512f5120422e9e22a0afabd78f61 [term 4 FOLLOWER]: Leader election vote request: Denying vote to candidate f6d15ccd64ec49be8396ed78e2a88377 in current term 4: Already voted for candidate 1031512f5120422e9e22a0afabd78f61 in this term.
I1010 20:59:07.750232 3452 raft_consensus.cc:1640] T f689db1eddb54b1f85b7df38d14534b4 P 42e94fc3adbb419591836d222d946978 [term 5 LEADER]: Leader election vote request: Denying vote to candidate f6d15ccd64ec49be8396ed78e2a88377 for term 5 because replica is either leader or believes a valid leader to be alive.
I1010 20:59:07.750321 2684 leader_election.cc:361] T f689db1eddb54b1f85b7df38d14534b4 P f6d15ccd64ec49be8396ed78e2a88377 [CANDIDATE]: Term 5 election: Vote denied by peer 42e94fc3adbb419591836d222d946978. Message: Invalid argument: T f689db1eddb54b1f85b7df38d14534b4 P 42e94fc3adbb419591836d222d946978 [term 5 LEADER]: Leader election vote request: Denying vote to candidate f6d15ccd64ec49be8396ed78e2a88377 for term 5 because replica is either leader or believes a valid leader to be alive.
I1010 20:59:07.750334 2684 leader_election.cc:248] T f689db1eddb54b1f85b7df38d14534b4 P f6d15ccd64ec49be8396ed78e2a88377 [CANDIDATE]: Term 5 election: Election decided. Result: candidate lost.
I1010 20:59:07.750427 2402 catalog_manager.cc:2018] T f689db1eddb54b1f85b7df38d14534b4 reported consensus state change: term changed from 0 to 5, leader changed from to 42e94fc3adbb419591836d222d946978 (127.6.150.8). New consensus state: current_term: 5 leader_uuid: "42e94fc3adbb419591836d222d946978" config { opid_index: -1 OBSOLETE_local: false peers { permanent_uuid: "f6d15ccd64ec49be8396ed78e2a88377" member_type: VOTER last_known_addr { host: "127.6.150.2" port: 33554 } } peers { permanent_uuid: "1380a27d6b824575a3a5e139bee139f4" member_type: VOTER last_known_addr { host: "127.6.150.6" port: 46774 } } peers { permanent_uuid: "42e94fc3adbb419591836d222d946978" member_type: VOTER last_known_addr { host: "127.6.150.8" port: 35299 } } }
I1010 20:59:07.750514 4310 raft_consensus.cc:1981] T f689db1eddb54b1f85b7df38d14534b4 P f6d15ccd64ec49be8396ed78e2a88377 [term 5 FOLLOWER]: Snoozing failure detection for election timeout plus an additional 2.263s
I1010 20:59:07.750529 4310 raft_consensus.cc:1823] T f689db1eddb54b1f85b7df38d14534b4 P f6d15ccd64ec49be8396ed78e2a88377 [term 5 FOLLOWER]: Leader election lost for term 5. Reason: None given
W1010 20:59:07.750777 3451 consensus_meta.cc:188] T f2289fb138ea4a5ab6c02803c4e9aa51 P 42e94fc3adbb419591836d222d946978: Time spent flushing consensus metadata: real 1.459s user 0.000s sys 0.000s
I1010 20:59:07.750793 3451 raft_consensus.cc:1677] T f2289fb138ea4a5ab6c02803c4e9aa51 P 42e94fc3adbb419591836d222d946978 [term 5 FOLLOWER]: Leader election vote request: Granting yes vote for candidate 7f623b00f5ae4b9c8e8940692d5dfd44 in term 5.
W1010 20:59:07.750803 3451 rpcz_store.cc:234] Call kudu.consensus.ConsensusService.RequestConsensusVote from 127.6.150.7:59528 (request call id 4) took 1463ms (client timeout 1946).
W1010 20:59:07.750815 3451 rpcz_store.cc:238] Trace: 1010 20:59:06.286961 (+ 0us) service_pool.cc:143] Inserting onto call queue 1010 20:59:06.286972 (+ 11us) service_pool.cc:202] Handling call 1010 20:59:07.750799 (+1463827us) inbound_call.cc:130] Queueing success response Metrics: {"tcmalloc_contention_cycles":384}
W1010 20:59:07.750856 3779 consensus_meta.cc:188] T 90fa7ae3643e4575a6be1c4936b6cc11 P 42e94fc3adbb419591836d222d946978: Time spent flushing consensus metadata: real 1.458s user 0.000s sys 0.000s
I1010 20:59:07.750892 3779 raft_consensus.cc:1981] T 90fa7ae3643e4575a6be1c4936b6cc11 P 42e94fc3adbb419591836d222d946978 [term 6 FOLLOWER]: Snoozing failure detection for election timeout plus an additional 1.784s
I1010 20:59:07.750895 3272 leader_election.cc:347] T f2289fb138ea4a5ab6c02803c4e9aa51 P 7f623b00f5ae4b9c8e8940692d5dfd44 [CANDIDATE]: Term 5 election: Vote granted by peer 42e94fc3adbb419591836d222d946978
I1010 20:59:07.750905 3272 leader_election.cc:248] T f2289fb138ea4a5ab6c02803c4e9aa51 P 7f623b00f5ae4b9c8e8940692d5dfd44 [CANDIDATE]: Term 5 election: Election decided. Result: candidate won.
I1010 20:59:07.750926 3779 raft_consensus.cc:391] T 90fa7ae3643e4575a6be1c4936b6cc11 P 42e94fc3adbb419591836d222d946978 [term 6 FOLLOWER]: Starting election with config: opid_index: -1 OBSOLETE_local: false peers { permanent_uuid: "1380a27d6b824575a3a5e139bee139f4" member_type: VOTER last_known_addr { host: "127.6.150.6" port: 46774 } } peers { permanent_uuid: "42e94fc3adbb419591836d222d946978" member_type: VOTER last_known_addr { host: "127.6.150.8" port: 35299 } } peers { permanent_uuid: "f6d15ccd64ec49be8396ed78e2a88377" member_type: VOTER last_known_addr { host: "127.6.150.2" port: 33554 } }
I1010 20:59:07.751107 4311 raft_consensus.cc:1981] T f2289fb138ea4a5ab6c02803c4e9aa51 P 7f623b00f5ae4b9c8e8940692d5dfd44 [term 5 FOLLOWER]: Snoozing failure detection for election timeout plus an additional 1.972s
I1010 20:59:07.751127 4311 raft_consensus.cc:1861] T f2289fb138ea4a5ab6c02803c4e9aa51 P 7f623b00f5ae4b9c8e8940692d5dfd44 [term 5 FOLLOWER]: Leader election won for term 5
I1010 20:59:07.751236 3881 raft_consensus.cc:1981] T 872042177fee42c9b6c380a1b657755e P 42e94fc3adbb419591836d222d946978 [term 4 FOLLOWER]: Snoozing failure detection for election timeout plus an additional 1.562s
