I1010 20:58:35.561107 1696 catalog_manager.cc:2355] Scheduling retry of CreateTablet RPC for tablet 6e8c16ee547a46c2ae96a84f02357575 on TS 7160a237fa2e437da8305b75ed2e6ec8 with a delay of 66ms (attempt = 3)...
I1010 20:58:35.572461 1807 ts_tablet_manager.cc:926] T b1e6a7b25cce46d9a64325794390ab21 P d09b95f9213649f6ac7f29f92d8e3f11: Tablet deleted. Last logged OpId: 0.0
I1010 20:58:35.572937 1697 catalog_manager.cc:2567] TS d09b95f9213649f6ac7f29f92d8e3f11 (127.6.150.0:51431): tablet b1e6a7b25cce46d9a64325794390ab21 (table test-table [id=cdc4846c3fe84fb7b1522be60094eca9]) successfully deleted
I1010 20:58:35.581266 1695 catalog_manager.cc:2591] Sending DeleteTablet(TABLET_DATA_DELETED) for tablet b1e6a7b25cce46d9a64325794390ab21 on 75e56306e836413685f502a571284009 (127.6.150.2:38018) (Replaced by 6e8c16ee547a46c2ae96a84f02357575 at 2016-10-10 20:58:35 UTC)
W1010 20:58:35.581403 1695 catalog_manager.cc:2301] TS 75e56306e836413685f502a571284009 (127.6.150.2:38018): Delete Tablet RPC failed for tablet b1e6a7b25cce46d9a64325794390ab21: Network error: Client connection negotiation failed: client connection to 127.6.150.2:38018: connect: Connection refused (error 111)
I1010 20:58:35.581424 1695 catalog_manager.cc:2355] Scheduling retry of b1e6a7b25cce46d9a64325794390ab21 Delete Tablet RPC for TS=75e56306e836413685f502a571284009 with a delay of 88ms (attempt = 3)...
W1010 20:58:35.586814 1695 catalog_manager.cc:2301] TS 75e56306e836413685f502a571284009 (127.6.150.2:38018): Create Tablet RPC failed for tablet 6e8c16ee547a46c2ae96a84f02357575: Network error: Client connection negotiation failed: client connection to 127.6.150.2:38018: connect: Connection refused (error 111)
I1010 20:58:35.586830 1695 catalog_manager.cc:2355] Scheduling retry of CreateTablet RPC for tablet 6e8c16ee547a46c2ae96a84f02357575 on TS 75e56306e836413685f502a571284009 with a delay of 71ms (attempt = 3)...
I1010 20:58:35.604681 1686 create-table-itest.cc:83] Waiting for the master to retry creating the tablet 3 times... 2 RPCs seen so far
I1010 20:58:35.619079 1696 catalog_manager.cc:2591] Sending DeleteTablet(TABLET_DATA_DELETED) for tablet b1e6a7b25cce46d9a64325794390ab21 on 7160a237fa2e437da8305b75ed2e6ec8 (127.6.150.1:57815) (Replaced by 6e8c16ee547a46c2ae96a84f02357575 at 2016-10-10 20:58:35 UTC)
W1010 20:58:35.619261 1696 catalog_manager.cc:2301] TS 7160a237fa2e437da8305b75ed2e6ec8 (127.6.150.1:57815): Delete Tablet RPC failed for tablet b1e6a7b25cce46d9a64325794390ab21: Network error: Client connection negotiation failed: client connection to 127.6.150.1:57815: connect: Connection refused (error 111)
I1010 20:58:35.619271 1696 catalog_manager.cc:2355] Scheduling retry of b1e6a7b25cce46d9a64325794390ab21 Delete Tablet RPC for TS=7160a237fa2e437da8305b75ed2e6ec8 with a delay of 82ms (attempt = 3)...
W1010 20:58:35.627645 1696 catalog_manager.cc:2301] TS 7160a237fa2e437da8305b75ed2e6ec8 (127.6.150.1:57815): Create Tablet RPC failed for tablet 6e8c16ee547a46c2ae96a84f02357575: Network error: Client connection negotiation failed: client connection to 127.6.150.1:57815: connect: Connection refused (error 111)
I1010 20:58:35.627662 1696 catalog_manager.cc:2355] Scheduling retry of CreateTablet RPC for tablet 6e8c16ee547a46c2ae96a84f02357575 on TS 7160a237fa2e437da8305b75ed2e6ec8 with a delay of 144ms (attempt = 4)...
W1010 20:58:35.658319 1695 catalog_manager.cc:2301] TS 75e56306e836413685f502a571284009 (127.6.150.2:38018): Create Tablet RPC failed for tablet 6e8c16ee547a46c2ae96a84f02357575: Network error: Client connection negotiation failed: client connection to 127.6.150.2:38018: connect: Connection refused (error 111)
I1010 20:58:35.658334 1695 catalog_manager.cc:2355] Scheduling retry of CreateTablet RPC for tablet 6e8c16ee547a46c2ae96a84f02357575 on TS 75e56306e836413685f502a571284009 with a delay of 161ms (attempt = 4)...
I1010 20:58:35.670541 1695 catalog_manager.cc:2591] Sending DeleteTablet(TABLET_DATA_DELETED) for tablet b1e6a7b25cce46d9a64325794390ab21 on 75e56306e836413685f502a571284009 (127.6.150.2:38018) (Replaced by 6e8c16ee547a46c2ae96a84f02357575 at 2016-10-10 20:58:35 UTC)
W1010 20:58:35.670671 1695 catalog_manager.cc:2301] TS 75e56306e836413685f502a571284009 (127.6.150.2:38018): Delete Tablet RPC failed for tablet b1e6a7b25cce46d9a64325794390ab21: Network error: Client connection negotiation failed: client connection to 127.6.150.2:38018: connect: Connection refused (error 111)
I1010 20:58:35.670691 1695 catalog_manager.cc:2355] Scheduling retry of b1e6a7b25cce46d9a64325794390ab21 Delete Tablet RPC for TS=75e56306e836413685f502a571284009 with a delay of 155ms (attempt = 4)...
I1010 20:58:35.701949 1696 catalog_manager.cc:2591] Sending DeleteTablet(TABLET_DATA_DELETED) for tablet b1e6a7b25cce46d9a64325794390ab21 on 7160a237fa2e437da8305b75ed2e6ec8 (127.6.150.1:57815) (Replaced by 6e8c16ee547a46c2ae96a84f02357575 at 2016-10-10 20:58:35 UTC)
W1010 20:58:35.702085 1696 catalog_manager.cc:2301] TS 7160a237fa2e437da8305b75ed2e6ec8 (127.6.150.1:57815): Delete Tablet RPC failed for tablet b1e6a7b25cce46d9a64325794390ab21: Network error: Client connection negotiation failed: client connection to 127.6.150.1:57815: connect: Connection refused (error 111)
I1010 20:58:35.702097 1696 catalog_manager.cc:2355] Scheduling retry of b1e6a7b25cce46d9a64325794390ab21 Delete Tablet RPC for TS=7160a237fa2e437da8305b75ed2e6ec8 with a delay of 165ms (attempt = 4)...
I1010 20:58:35.705468 1686 create-table-itest.cc:83] Waiting for the master to retry creating the tablet 3 times... 2 RPCs seen so far
W1010 20:58:35.772006 1696 catalog_manager.cc:2301] TS 7160a237fa2e437da8305b75ed2e6ec8 (127.6.150.1:57815): Create Tablet RPC failed for tablet 6e8c16ee547a46c2ae96a84f02357575: Network error: Client connection negotiation failed: client connection to 127.6.150.1:57815: connect: Connection refused (error 111)
I1010 20:58:35.772022 1696 catalog_manager.cc:2355] Scheduling retry of CreateTablet RPC for tablet 6e8c16ee547a46c2ae96a84f02357575 on TS 7160a237fa2e437da8305b75ed2e6ec8 with a delay of 278ms (attempt = 5)...
I1010 20:58:35.806377 1686 create-table-itest.cc:83] Waiting for the master to retry creating the tablet 3 times... 2 RPCs seen so far
W1010 20:58:35.820402 1695 catalog_manager.cc:2301] TS 75e56306e836413685f502a571284009 (127.6.150.2:38018): Create Tablet RPC failed for tablet 6e8c16ee547a46c2ae96a84f02357575: Network error: Client connection negotiation failed: client connection to 127.6.150.2:38018: connect: Connection refused (error 111)
I1010 20:58:35.820417 1695 catalog_manager.cc:2355] Scheduling retry of CreateTablet RPC for tablet 6e8c16ee547a46c2ae96a84f02357575 on TS 75e56306e836413685f502a571284009 with a delay of 279ms (attempt = 5)...
I1010 20:58:35.826603 1695 catalog_manager.cc:2591] Sending DeleteTablet(TABLET_DATA_DELETED) for tablet b1e6a7b25cce46d9a64325794390ab21 on 75e56306e836413685f502a571284009 (127.6.150.2:38018) (Replaced by 6e8c16ee547a46c2ae96a84f02357575 at 2016-10-10 20:58:35 UTC)
W1010 20:58:35.826764 1695 catalog_manager.cc:2301] TS 75e56306e836413685f502a571284009 (127.6.150.2:38018): Delete Tablet RPC failed for tablet b1e6a7b25cce46d9a64325794390ab21: Network error: Client connection negotiation failed: client connection to 127.6.150.2:38018: connect: Connection refused (error 111)
I1010 20:58:35.826786 1695 catalog_manager.cc:2355] Scheduling retry of b1e6a7b25cce46d9a64325794390ab21 Delete Tablet RPC for TS=75e56306e836413685f502a571284009 with a delay of 263ms (attempt = 5)...
I1010 20:58:35.853268 2131 raft_consensus.cc:375] T 6e8c16ee547a46c2ae96a84f02357575 P d09b95f9213649f6ac7f29f92d8e3f11 [term 0 FOLLOWER]: No leader contacted us within the election timeout. Triggering leader election
I1010 20:58:35.853289 2131 raft_consensus.cc:2031] T 6e8c16ee547a46c2ae96a84f02357575 P d09b95f9213649f6ac7f29f92d8e3f11 [term 0 FOLLOWER]: Advancing to term 1
I1010 20:58:35.853590 2131 raft_consensus.cc:1981] T 6e8c16ee547a46c2ae96a84f02357575 P d09b95f9213649f6ac7f29f92d8e3f11 [term 1 FOLLOWER]: Snoozing failure detection for election timeout plus an additional 1.532s
I1010 20:58:35.853646 2131 raft_consensus.cc:391] T 6e8c16ee547a46c2ae96a84f02357575 P d09b95f9213649f6ac7f29f92d8e3f11 [term 1 FOLLOWER]: Starting election with config: opid_index: -1 OBSOLETE_local: false peers { permanent_uuid: "75e56306e836413685f502a571284009" member_type: VOTER last_known_addr { host: "127.6.150.2" port: 38018 } } peers { permanent_uuid: "7160a237fa2e437da8305b75ed2e6ec8" member_type: VOTER last_known_addr { host: "127.6.150.1" port: 57815 } } peers { permanent_uuid: "d09b95f9213649f6ac7f29f92d8e3f11" member_type: VOTER last_known_addr { host: "127.6.150.0" port: 51431 } }
I1010 20:58:35.867913 1696 catalog_manager.cc:2591] Sending DeleteTablet(TABLET_DATA_DELETED) for tablet b1e6a7b25cce46d9a64325794390ab21 on 7160a237fa2e437da8305b75ed2e6ec8 (127.6.150.1:57815) (Replaced by 6e8c16ee547a46c2ae96a84f02357575 at 2016-10-10 20:58:35 UTC)
W1010 20:58:35.868098 1696 catalog_manager.cc:2301] TS 7160a237fa2e437da8305b75ed2e6ec8 (127.6.150.1:57815): Delete Tablet RPC failed for tablet b1e6a7b25cce46d9a64325794390ab21: Network error: Client connection negotiation failed: client connection to 127.6.150.1:57815: connect: Connection refused (error 111)
I1010 20:58:35.868109 1696 catalog_manager.cc:2355] Scheduling retry of b1e6a7b25cce46d9a64325794390ab21 Delete Tablet RPC for TS=7160a237fa2e437da8305b75ed2e6ec8 with a delay of 268ms (attempt = 5)...
I1010 20:58:35.907222 1686 create-table-itest.cc:83] Waiting for the master to retry creating the tablet 3 times... 2 RPCs seen so far
I1010 20:58:35.978509 2131 leader_election.cc:223] T 6e8c16ee547a46c2ae96a84f02357575 P d09b95f9213649f6ac7f29f92d8e3f11 [CANDIDATE]: Term 1 election: Requesting vote from peer 75e56306e836413685f502a571284009
I1010 20:58:35.978549 2131 leader_election.cc:223] T 6e8c16ee547a46c2ae96a84f02357575 P d09b95f9213649f6ac7f29f92d8e3f11 [CANDIDATE]: Term 1 election: Requesting vote from peer 7160a237fa2e437da8305b75ed2e6ec8
W1010 20:58:35.979039 1753 leader_election.cc:275] T 6e8c16ee547a46c2ae96a84f02357575 P d09b95f9213649f6ac7f29f92d8e3f11 [CANDIDATE]: Term 1 election: RPC error from VoteRequest() call to peer 75e56306e836413685f502a571284009: Network error: Client connection negotiation failed: client connection to 127.6.150.2:38018: connect: Connection refused (error 111)
W1010 20:58:35.979073 1754 leader_election.cc:275] T 6e8c16ee547a46c2ae96a84f02357575 P d09b95f9213649f6ac7f29f92d8e3f11 [CANDIDATE]: Term 1 election: RPC error from VoteRequest() call to peer 7160a237fa2e437da8305b75ed2e6ec8: Network error: Client connection negotiation failed: client connection to 127.6.150.1:57815: connect: Connection refused (error 111)
I1010 20:58:35.979091 1754 leader_election.cc:248] T 6e8c16ee547a46c2ae96a84f02357575 P d09b95f9213649f6ac7f29f92d8e3f11 [CANDIDATE]: Term 1 election: Election decided. Result: candidate lost.
I1010 20:58:35.979192 2132 raft_consensus.cc:1981] T 6e8c16ee547a46c2ae96a84f02357575 P d09b95f9213649f6ac7f29f92d8e3f11 [term 1 FOLLOWER]: Snoozing failure detection for election timeout plus an additional 1.531s
I1010 20:58:35.979210 2132 raft_consensus.cc:1823] T 6e8c16ee547a46c2ae96a84f02357575 P d09b95f9213649f6ac7f29f92d8e3f11 [term 1 FOLLOWER]: Leader election lost for term 1. Reason: None given
I1010 20:58:36.008018 1686 create-table-itest.cc:83] Waiting for the master to retry creating the tablet 3 times... 2 RPCs seen so far
W1010 20:58:36.050711 1696 catalog_manager.cc:2301] TS 7160a237fa2e437da8305b75ed2e6ec8 (127.6.150.1:57815): Create Tablet RPC failed for tablet 6e8c16ee547a46c2ae96a84f02357575: Network error: Client connection negotiation failed: client connection to 127.6.150.1:57815: connect: Connection refused (error 111)
I1010 20:58:36.050737 1696 catalog_manager.cc:2355] Scheduling retry of CreateTablet RPC for tablet 6e8c16ee547a46c2ae96a84f02357575 on TS 7160a237fa2e437da8305b75ed2e6ec8 with a delay of 436ms (attempt = 6)...
I1010 20:58:36.090404 1695 catalog_manager.cc:2591] Sending DeleteTablet(TABLET_DATA_DELETED) for tablet b1e6a7b25cce46d9a64325794390ab21 on 75e56306e836413685f502a571284009 (127.6.150.2:38018) (Replaced by 6e8c16ee547a46c2ae96a84f02357575 at 2016-10-10 20:58:35 UTC)
W1010 20:58:36.090657 1695 catalog_manager.cc:2301] TS 75e56306e836413685f502a571284009 (127.6.150.2:38018): Delete Tablet RPC failed for tablet b1e6a7b25cce46d9a64325794390ab21: Network error: Client connection negotiation failed: client connection to 127.6.150.2:38018: connect: Connection refused (error 111)
I1010 20:58:36.090670 1695 catalog_manager.cc:2355] Scheduling retry of b1e6a7b25cce46d9a64325794390ab21 Delete Tablet RPC for TS=75e56306e836413685f502a571284009 with a delay of 545ms (attempt = 6)...
W1010 20:58:36.100044 1695 catalog_manager.cc:2301] TS 75e56306e836413685f502a571284009 (127.6.150.2:38018): Create Tablet RPC failed for tablet 6e8c16ee547a46c2ae96a84f02357575: Network error: Client connection negotiation failed: client connection to 127.6.150.2:38018: connect: Connection refused (error 111)
I1010 20:58:36.100059 1695 catalog_manager.cc:2355] Scheduling retry of CreateTablet RPC for tablet 6e8c16ee547a46c2ae96a84f02357575 on TS 75e56306e836413685f502a571284009 with a delay of 386ms (attempt = 6)...
I1010 20:58:36.108916 1686 create-table-itest.cc:83] Waiting for the master to retry creating the tablet 3 times... 2 RPCs seen so far
I1010 20:58:36.136425 1696 catalog_manager.cc:2591] Sending DeleteTablet(TABLET_DATA_DELETED) for tablet b1e6a7b25cce46d9a64325794390ab21 on 7160a237fa2e437da8305b75ed2e6ec8 (127.6.150.1:57815) (Replaced by 6e8c16ee547a46c2ae96a84f02357575 at 2016-10-10 20:58:35 UTC)
W1010 20:58:36.136577 1696 catalog_manager.cc:2301] TS 7160a237fa2e437da8305b75ed2e6ec8 (127.6.150.1:57815): Delete Tablet RPC failed for tablet b1e6a7b25cce46d9a64325794390ab21: Network error: Client connection negotiation failed: client connection to 127.6.150.1:57815: connect: Connection refused (error 111)
I1010 20:58:36.136596 1696 catalog_manager.cc:2355] Scheduling retry of b1e6a7b25cce46d9a64325794390ab21 Delete Tablet RPC for TS=7160a237fa2e437da8305b75ed2e6ec8 with a delay of 558ms (attempt = 6)...
I1010 20:58:36.209733 1686 create-table-itest.cc:83] Waiting for the master to retry creating the tablet 3 times... 2 RPCs seen so far
I1010 20:58:36.310614 1686 create-table-itest.cc:83] Waiting for the master to retry creating the tablet 3 times... 2 RPCs seen so far
I1010 20:58:36.411401 1686 create-table-itest.cc:83] Waiting for the master to retry creating the tablet 3 times... 2 RPCs seen so far
W1010 20:58:36.487020 1695 catalog_manager.cc:2301] TS 75e56306e836413685f502a571284009 (127.6.150.2:38018): Create Tablet RPC failed for tablet 6e8c16ee547a46c2ae96a84f02357575: Network error: Client connection negotiation failed: client connection to 127.6.150.2:38018: connect: Connection refused (error 111)
W1010 20:58:36.487040 1695 catalog_manager.cc:2352] Request timed out: CreateTablet RPC for tablet 6e8c16ee547a46c2ae96a84f02357575 on TS 75e56306e836413685f502a571284009
W1010 20:58:36.487926 1696 catalog_manager.cc:2301] TS 7160a237fa2e437da8305b75ed2e6ec8 (127.6.150.1:57815): Create Tablet RPC failed for tablet 6e8c16ee547a46c2ae96a84f02357575: Network error: Client connection negotiation failed: client connection to 127.6.150.1:57815: connect: Connection refused (error 111)
W1010 20:58:36.487943 1696 catalog_manager.cc:2352] Request timed out: CreateTablet RPC for tablet 6e8c16ee547a46c2ae96a84f02357575 on TS 7160a237fa2e437da8305b75ed2e6ec8
W1010 20:58:36.497088 1762 catalog_manager.cc:2975] Tablet 6e8c16ee547a46c2ae96a84f02357575 (table test-table [id=cdc4846c3fe84fb7b1522be60094eca9]) was not created within the allowed timeout. Replacing with a new tablet 16ca418029b24d288343c959bb8f7b50
I1010 20:58:36.497774 1762 catalog_manager.cc:2864] Sending DeleteTablet for 3 replicas of tablet 6e8c16ee547a46c2ae96a84f02357575
I1010 20:58:36.497797 1762 catalog_manager.cc:2591] Sending DeleteTablet(TABLET_DATA_DELETED) for tablet 6e8c16ee547a46c2ae96a84f02357575 on 75e56306e836413685f502a571284009 (127.6.150.2:38018) (Replaced by 16ca418029b24d288343c959bb8f7b50 at 2016-10-10 20:58:36 UTC)
I1010 20:58:36.497822 1762 catalog_manager.cc:2591] Sending DeleteTablet(TABLET_DATA_DELETED) for tablet 6e8c16ee547a46c2ae96a84f02357575 on 7160a237fa2e437da8305b75ed2e6ec8 (127.6.150.1:57815) (Replaced by 16ca418029b24d288343c959bb8f7b50 at 2016-10-10 20:58:36 UTC)
I1010 20:58:36.497843 1762 catalog_manager.cc:2591] Sending DeleteTablet(TABLET_DATA_DELETED) for tablet 6e8c16ee547a46c2ae96a84f02357575 on d09b95f9213649f6ac7f29f92d8e3f11 (127.6.150.0:51431) (Replaced by 16ca418029b24d288343c959bb8f7b50 at 2016-10-10 20:58:36 UTC)
W1010 20:58:36.497920 1695 catalog_manager.cc:2301] TS 75e56306e836413685f502a571284009 (127.6.150.2:38018): Create Tablet RPC failed for tablet 16ca418029b24d288343c959bb8f7b50: Network error: Client connection negotiation failed: client connection to 127.6.150.2:38018: connect: Connection refused (error 111)
I1010 20:58:36.497931 1695 catalog_manager.cc:2355] Scheduling retry of CreateTablet RPC for tablet 16ca418029b24d288343c959bb8f7b50 on TS 75e56306e836413685f502a571284009 with a delay of 19ms (attempt = 1)...
W1010 20:58:36.497939 1695 catalog_manager.cc:2301] TS 75e56306e836413685f502a571284009 (127.6.150.2:38018): Delete Tablet RPC failed for tablet 6e8c16ee547a46c2ae96a84f02357575: Network error: Client connection negotiation failed: client connection to 127.6.150.2:38018: connect: Connection refused (error 111)
I1010 20:58:36.497943 1695 catalog_manager.cc:2355] Scheduling retry of 6e8c16ee547a46c2ae96a84f02357575 Delete Tablet RPC for TS=75e56306e836413685f502a571284009 with a delay of 42ms (attempt = 1)...
I1010 20:58:36.498023 1807 tablet_service.cc:660] Processing DeleteTablet for tablet 6e8c16ee547a46c2ae96a84f02357575 with delete_type TABLET_DATA_DELETED (Replaced by 16ca418029b24d288343c959bb8f7b50 at 2016-10-10 20:58:36 UTC) from {real_user=slave, eff_user=} at 127.0.0.1:43898
I1010 20:58:36.498033 1806 tablet_service.cc:619] Processing CreateTablet for tablet 16ca418029b24d288343c959bb8f7b50 (table=test-table [id=cdc4846c3fe84fb7b1522be60094eca9]), partition=range: [, )
W1010 20:58:36.498039 1696 catalog_manager.cc:2301] TS 7160a237fa2e437da8305b75ed2e6ec8 (127.6.150.1:57815): Create Tablet RPC failed for tablet 16ca418029b24d288343c959bb8f7b50: Network error: Client connection negotiation failed: client connection to 127.6.150.1:57815: connect: Connection refused (error 111)
I1010 20:58:36.498047 1807 tablet_peer.cc:215] Initiating TabletPeer shutdown for tablet: 6e8c16ee547a46c2ae96a84f02357575
I1010 20:58:36.498049 1696 catalog_manager.cc:2355] Scheduling retry of CreateTablet RPC for tablet 16ca418029b24d288343c959bb8f7b50 on TS 7160a237fa2e437da8305b75ed2e6ec8 with a delay of 40ms (attempt = 1)...
I1010 20:58:36.498054 1807 maintenance_manager.cc:182] Unregistered op CompactRowSetsOp(6e8c16ee547a46c2ae96a84f02357575)
W1010 20:58:36.498055 1696 catalog_manager.cc:2301] TS 7160a237fa2e437da8305b75ed2e6ec8 (127.6.150.1:57815): Delete Tablet RPC failed for tablet 6e8c16ee547a46c2ae96a84f02357575: Network error: Client connection negotiation failed: client connection to 127.6.150.1:57815: connect: Connection refused (error 111)
I1010 20:58:36.498060 1807 maintenance_manager.cc:182] Unregistered op MinorDeltaCompactionOp(6e8c16ee547a46c2ae96a84f02357575)
I1010 20:58:36.498060 1696 catalog_manager.cc:2355] Scheduling retry of 6e8c16ee547a46c2ae96a84f02357575 Delete Tablet RPC for TS=7160a237fa2e437da8305b75ed2e6ec8 with a delay of 46ms (attempt = 1)...
I1010 20:58:36.498064 1807 maintenance_manager.cc:182] Unregistered op MajorDeltaCompactionOp(6e8c16ee547a46c2ae96a84f02357575)
I1010 20:58:36.498073 1807 maintenance_manager.cc:182] Unregistered op FlushMRSOp(6e8c16ee547a46c2ae96a84f02357575)
I1010 20:58:36.498077 1807 maintenance_manager.cc:182] Unregistered op FlushDeltaMemStoresOp(6e8c16ee547a46c2ae96a84f02357575)
I1010 20:58:36.498080 1807 maintenance_manager.cc:182] Unregistered op LogGCOp(6e8c16ee547a46c2ae96a84f02357575)
I1010 20:58:36.498088 1807 raft_consensus.cc:1495] T 6e8c16ee547a46c2ae96a84f02357575 P d09b95f9213649f6ac7f29f92d8e3f11 [term 1 FOLLOWER]: Raft consensus shutting down.
I1010 20:58:36.498095 1807 raft_consensus.cc:1511] T 6e8c16ee547a46c2ae96a84f02357575 P d09b95f9213649f6ac7f29f92d8e3f11 [term 1 FOLLOWER]: Raft consensus is shut down!
I1010 20:58:36.498446 1807 ts_tablet_manager.cc:916] T 6e8c16ee547a46c2ae96a84f02357575 P d09b95f9213649f6ac7f29f92d8e3f11: Deleting tablet data with delete state TABLET_DATA_DELETED
I1010 20:58:36.498625 1806 ts_tablet_manager.cc:766] Registered tablet 16ca418029b24d288343c959bb8f7b50
I1010 20:58:36.498888 2138 ts_tablet_manager.cc:632] T 16ca418029b24d288343c959bb8f7b50 P d09b95f9213649f6ac7f29f92d8e3f11: Bootstrapping tablet
I1010 20:58:36.499022 2138 tablet_bootstrap.cc:380] T 16ca418029b24d288343c959bb8f7b50 P d09b95f9213649f6ac7f29f92d8e3f11: Bootstrap starting.
I1010 20:58:36.499147 2138 tablet_bootstrap.cc:542] T 16ca418029b24d288343c959bb8f7b50 P d09b95f9213649f6ac7f29f92d8e3f11: Time spent opening tablet: real 0.000s user 0.000s sys 0.000s
I1010 20:58:36.499243 2138 tablet_bootstrap.cc:482] T 16ca418029b24d288343c959bb8f7b50 P d09b95f9213649f6ac7f29f92d8e3f11: No blocks or log segments found. Creating new log.
I1010 20:58:36.499755 2138 tablet_bootstrap.cc:380] T 16ca418029b24d288343c959bb8f7b50 P d09b95f9213649f6ac7f29f92d8e3f11: No bootstrap required, opened a new log
I1010 20:58:36.499830 2138 ts_tablet_manager.cc:637] T 16ca418029b24d288343c959bb8f7b50 P d09b95f9213649f6ac7f29f92d8e3f11: Time spent bootstrapping tablet: real 0.001s user 0.000s sys 0.000s
I1010 20:58:36.500202 2138 raft_consensus.cc:275] T 16ca418029b24d288343c959bb8f7b50 P d09b95f9213649f6ac7f29f92d8e3f11 [term 0 FOLLOWER]: Replica starting. Triggering 0 pending transactions. Active config: opid_index: -1 OBSOLETE_local: false peers { permanent_uuid: "7160a237fa2e437da8305b75ed2e6ec8" member_type: VOTER last_known_addr { host: "127.6.150.1" port: 57815 } } peers { permanent_uuid: "75e56306e836413685f502a571284009" member_type: VOTER last_known_addr { host: "127.6.150.2" port: 38018 } } peers { permanent_uuid: "d09b95f9213649f6ac7f29f92d8e3f11" member_type: VOTER last_known_addr { host: "127.6.150.0" port: 51431 } }
I1010 20:58:36.500221 2138 raft_consensus.cc:306] T 16ca418029b24d288343c959bb8f7b50 P d09b95f9213649f6ac7f29f92d8e3f11 [term 0 FOLLOWER]: Consensus starting up: Expiring failure detector timer to make a prompt election more likely
I1010 20:58:36.500228 2138 raft_consensus.cc:502] T 16ca418029b24d288343c959bb8f7b50 P d09b95f9213649f6ac7f29f92d8e3f11 [term 0 FOLLOWER]: Becoming Follower/Learner. State: Replica: d09b95f9213649f6ac7f29f92d8e3f11, State: 1, Role: FOLLOWER Watermarks: {Received: term: 0 index: 0 Committed: term: 0 index: 0}
I1010 20:58:36.500236 2138 consensus_queue.cc:168] T 16ca418029b24d288343c959bb8f7b50 P d09b95f9213649f6ac7f29f92d8e3f11 [NON_LEADER]: Queue going to NON_LEADER mode. State: All replicated index: 0, Majority replicated index: 0, Committed index: 0, Last appended: 0.0, Current term: 0, Majority size: -1, State: 1, Mode: NON_LEADER
I1010 20:58:36.500449 2138 ts_tablet_manager.cc:664] T 16ca418029b24d288343c959bb8f7b50 P d09b95f9213649f6ac7f29f92d8e3f11: Time spent starting tablet: real 0.001s user 0.000s sys 0.000s
I1010 20:58:36.512137 1686 create-table-itest.cc:83] Waiting for the master to retry creating the tablet 3 times... 3 RPCs seen so far
I1010 20:58:36.512473 1686 external_mini_cluster.cc:586] Running /tmp/run_tha_testXiwMYW/build/release/bin/kudu-tserver kudu-tserver --fs_wal_dir=/tmp/kudutest-1000/create-table-itest.CreateTableITest.TestCreateWhenMajorityOfReplicasFailCreation.1476133114077700-1686/minicluster-data/ts-1 --fs_data_dirs=/tmp/kudutest-1000/create-table-itest.CreateTableITest.TestCreateWhenMajorityOfReplicasFailCreation.1476133114077700-1686/minicluster-data/ts-1 --rpc_bind_addresses=127.6.150.1:57815 --local_ip_for_outbound_sockets=127.6.150.1 --webserver_port=37972 --webserver_interface=127.6.150.1 --tserver_master_addrs=127.0.0.1:46501 --metrics_log_interval_ms=1000 --log_dir=/tmp/kudutest-1000/create-table-itest.CreateTableITest.TestCreateWhenMajorityOfReplicasFailCreation.1476133114077700-1686/minicluster-data/ts-1 --never_fsync --server_dump_info_path=/tmp/kudutest-1000/create-table-itest.CreateTableITest.TestCreateWhenMajorityOfReplicasFailCreation.1476133114077700-1686/minicluster-data/ts-1/info.pb --server_dump_info_format=pb --rpc_server_allow_ephemeral_ports --logtostderr --logbuflevel=-1 --unlock_experimental_flags --unlock_unsafe_flags
W1010 20:58:36.517396 1695 catalog_manager.cc:2301] TS 75e56306e836413685f502a571284009 (127.6.150.2:38018): Create Tablet RPC failed for tablet 16ca418029b24d288343c959bb8f7b50: Network error: Client connection negotiation failed: client connection to 127.6.150.2:38018: connect: Connection refused (error 111)
I1010 20:58:36.517416 1695 catalog_manager.cc:2355] Scheduling retry of CreateTablet RPC for tablet 16ca418029b24d288343c959bb8f7b50 on TS 75e56306e836413685f502a571284009 with a delay of 75ms (attempt = 2)... WARNING: Logging before InitGoogleLogging() is written to STDERR
W1010 20:58:36.517699 2143 flags.cc:294] Enabled unsafe flag: --rpc_server_allow_ephemeral_ports=true
W1010 20:58:36.517771 2143 flags.cc:294] Enabled unsafe flag: --never_fsync=true
W1010 20:58:36.518242 2143 flags.cc:294] Enabled experimental flag: --local_ip_for_outbound_sockets=127.6.150.1
I1010 20:58:36.518343 2143 mem_tracker.cc:140] MemTracker: hard memory limit is 11.777661 GB
I1010 20:58:36.518373 2143 mem_tracker.cc:142] MemTracker: soft memory limit is 7.066597 GB
I1010 20:58:36.519654 2143 tablet_server_main.cc:54] Initializing tablet server...
I1010 20:58:36.519804 2143 hybrid_clock.cc:177] HybridClock initialized. Resolution in nanos?: 1 Wait times tolerance adjustment: 1.0005 Current error: 969115
I1010 20:58:36.521178 2143 fs_manager.cc:243] Opened local filesystem: /tmp/kudutest-1000/create-table-itest.CreateTableITest.TestCreateWhenMajorityOfReplicasFailCreation.1476133114077700-1686/minicluster-data/ts-1 uuid: "7160a237fa2e437da8305b75ed2e6ec8" format_stamp: "Formatted at 2016-10-10 20:58:34 on dist-test-slave-dist-test-slave-ymsa"
I1010 20:58:36.523795 2143 tablet_server_main.cc:57] Starting tablet server...
I1010 20:58:36.531750 2143 rpc_server.cc:164] RPC server started. Bound to: 127.6.150.1:57815
I1010 20:58:36.531805 2143 webserver.cc:125] Starting webserver on 127.6.150.1:37972
I1010 20:58:36.531821 2143 webserver.cc:136] Document root disabled
I1010 20:58:36.531949 2143 webserver.cc:220] Webserver started. Bound to: http://127.6.150.1:37972/
I1010 20:58:36.532073 2143 server_base.cc:239] Dumped server information to /tmp/kudutest-1000/create-table-itest.CreateTableITest.TestCreateWhenMajorityOfReplicasFailCreation.1476133114077700-1686/minicluster-data/ts-1/info.pb
I1010 20:58:36.532318 2143 tablet_server_main.cc:60] Tablet server successfully started.
I1010 20:58:36.532629 1807 ts_tablet_manager.cc:926] T 6e8c16ee547a46c2ae96a84f02357575 P d09b95f9213649f6ac7f29f92d8e3f11: Tablet deleted. Last logged OpId: 0.0
I1010 20:58:36.533069 1697 catalog_manager.cc:2567] TS d09b95f9213649f6ac7f29f92d8e3f11 (127.6.150.0:51431): tablet 6e8c16ee547a46c2ae96a84f02357575 (table test-table [id=cdc4846c3fe84fb7b1522be60094eca9]) successfully deleted
I1010 20:58:36.533089 1686 external_mini_cluster.cc:622] Started /tmp/run_tha_testXiwMYW/build/release/bin/kudu-tserver as pid 2143
I1010 20:58:36.533192 1686 external_mini_cluster.cc:586] Running /tmp/run_tha_testXiwMYW/build/release/bin/kudu-tserver kudu-tserver --fs_wal_dir=/tmp/kudutest-1000/create-table-itest.CreateTableITest.TestCreateWhenMajorityOfReplicasFailCreation.1476133114077700-1686/minicluster-data/ts-2 --fs_data_dirs=/tmp/kudutest-1000/create-table-itest.CreateTableITest.TestCreateWhenMajorityOfReplicasFailCreation.1476133114077700-1686/minicluster-data/ts-2 --rpc_bind_addresses=127.6.150.2:38018 --local_ip_for_outbound_sockets=127.6.150.2 --webserver_port=36092 --webserver_interface=127.6.150.2 --tserver_master_addrs=127.0.0.1:46501 --metrics_log_interval_ms=1000 --log_dir=/tmp/kudutest-1000/create-table-itest.CreateTableITest.TestCreateWhenMajorityOfReplicasFailCreation.1476133114077700-1686/minicluster-data/ts-2 --never_fsync --server_dump_info_path=/tmp/kudutest-1000/create-table-itest.CreateTableITest.TestCreateWhenMajorityOfReplicasFailCreation.1476133114077700-1686/minicluster-data/ts-2/info.pb --server_dump_info_format=pb --rpc_server_allow_ephemeral_ports --logtostderr --logbuflevel=-1 --unlock_experimental_flags --unlock_unsafe_flags
I1010 20:58:36.533344 2257 heartbeater.cc:292] Connected to a master server at 127.0.0.1:46501
I1010 20:58:36.533362 2257 heartbeater.cc:359] Registering TS with master...
I1010 20:58:36.533377 2257 heartbeater.cc:373] Master 127.0.0.1:46501 requested a full tablet report, sending...
I1010 20:58:36.533501 1712 ts_manager.cc:82] Re-registered known tserver with Master: 7160a237fa2e437da8305b75ed2e6ec8 (127.6.150.1:57815) WARNING: Logging before InitGoogleLogging() is written to STDERR
W1010 20:58:36.537796 2260 flags.cc:294] Enabled unsafe flag: --rpc_server_allow_ephemeral_ports=true
W1010 20:58:36.537863 2260 flags.cc:294] Enabled unsafe flag: --never_fsync=true
W1010 20:58:36.538328 2260 flags.cc:294] Enabled experimental flag: --local_ip_for_outbound_sockets=127.6.150.2
I1010 20:58:36.538429 2260 mem_tracker.cc:140] MemTracker: hard memory limit is 11.777661 GB
I1010 20:58:36.538452 2260 mem_tracker.cc:142] MemTracker: soft memory limit is 7.066597 GB
I1010 20:58:36.539175 2194 tablet_service.cc:619] Processing CreateTablet for tablet 16ca418029b24d288343c959bb8f7b50 (table=test-table [id=cdc4846c3fe84fb7b1522be60094eca9]), partition=range: [, )
I1010 20:58:36.539696 2260 tablet_server_main.cc:54] Initializing tablet server...
I1010 20:58:36.539840 2260 hybrid_clock.cc:177] HybridClock initialized. Resolution in nanos?: 1 Wait times tolerance adjustment: 1.0005 Current error: 969115
I1010 20:58:36.539933 2194 ts_tablet_manager.cc:766] Registered tablet 16ca418029b24d288343c959bb8f7b50
I1010 20:58:36.540751 1695 catalog_manager.cc:2591] Sending DeleteTablet(TABLET_DATA_DELETED) for tablet 6e8c16ee547a46c2ae96a84f02357575 on 75e56306e836413685f502a571284009 (127.6.150.2:38018) (Replaced by 16ca418029b24d288343c959bb8f7b50 at 2016-10-10 20:58:36 UTC)
W1010 20:58:36.540899 1695 catalog_manager.cc:2301] TS 75e56306e836413685f502a571284009 (127.6.150.2:38018): Delete Tablet RPC failed for tablet 6e8c16ee547a46c2ae96a84f02357575: Network error: Client connection negotiation failed: client connection to 127.6.150.2:38018: connect: Connection refused (error 111)
I1010 20:58:36.540913 1695 catalog_manager.cc:2355] Scheduling retry of 6e8c16ee547a46c2ae96a84f02357575 Delete Tablet RPC for TS=75e56306e836413685f502a571284009 with a delay of 67ms (attempt = 2)...
I1010 20:58:36.541013 2263 ts_tablet_manager.cc:632] T 16ca418029b24d288343c959bb8f7b50 P 7160a237fa2e437da8305b75ed2e6ec8: Bootstrapping tablet
I1010 20:58:36.541187 2263 tablet_bootstrap.cc:380] T 16ca418029b24d288343c959bb8f7b50 P 7160a237fa2e437da8305b75ed2e6ec8: Bootstrap starting.
I1010 20:58:36.541219 2260 fs_manager.cc:243] Opened local filesystem: /tmp/kudutest-1000/create-table-itest.CreateTableITest.TestCreateWhenMajorityOfReplicasFailCreation.1476133114077700-1686/minicluster-data/ts-2 uuid: "75e56306e836413685f502a571284009" format_stamp: "Formatted at 2016-10-10 20:58:34 on dist-test-slave-dist-test-slave-ymsa"
I1010 20:58:36.541352 2263 tablet_bootstrap.cc:542] T 16ca418029b24d288343c959bb8f7b50 P 7160a237fa2e437da8305b75ed2e6ec8: Time spent opening tablet: real 0.000s user 0.000s sys 0.000s
I1010 20:58:36.541494 2263 tablet_bootstrap.cc:482] T 16ca418029b24d288343c959bb8f7b50 P 7160a237fa2e437da8305b75ed2e6ec8: No blocks or log segments found. Creating new log.
I1010 20:58:36.541631 2263 log.cc:347] Log is configured to *not* fsync() on all Append() calls
I1010 20:58:36.543006 2263 tablet_bootstrap.cc:380] T 16ca418029b24d288343c959bb8f7b50 P 7160a237fa2e437da8305b75ed2e6ec8: No bootstrap required, opened a new log
I1010 20:58:36.543032 2263 ts_tablet_manager.cc:637] T 16ca418029b24d288343c959bb8f7b50 P 7160a237fa2e437da8305b75ed2e6ec8: Time spent bootstrapping tablet: real 0.002s user 0.000s sys 0.000s
I1010 20:58:36.543416 2263 raft_consensus.cc:275] T 16ca418029b24d288343c959bb8f7b50 P 7160a237fa2e437da8305b75ed2e6ec8 [term 0 FOLLOWER]: Replica starting. Triggering 0 pending transactions. Active config: opid_index: -1 OBSOLETE_local: false peers { permanent_uuid: "7160a237fa2e437da8305b75ed2e6ec8" member_type: VOTER last_known_addr { host: "127.6.150.1" port: 57815 } } peers { permanent_uuid: "75e56306e836413685f502a571284009" member_type: VOTER last_known_addr { host: "127.6.150.2" port: 38018 } } peers { permanent_uuid: "d09b95f9213649f6ac7f29f92d8e3f11" member_type: VOTER last_known_addr { host: "127.6.150.0" port: 51431 } }
I1010 20:58:36.543443 2263 raft_consensus.cc:306] T 16ca418029b24d288343c959bb8f7b50 P 7160a237fa2e437da8305b75ed2e6ec8 [term 0 FOLLOWER]: Consensus starting up: Expiring failure detector timer to make a prompt election more likely
I1010 20:58:36.543457 2263 raft_consensus.cc:502] T 16ca418029b24d288343c959bb8f7b50 P 7160a237fa2e437da8305b75ed2e6ec8 [term 0 FOLLOWER]: Becoming Follower/Learner. State: Replica: 7160a237fa2e437da8305b75ed2e6ec8, State: 1, Role: FOLLOWER Watermarks: {Received: term: 0 index: 0 Committed: term: 0 index: 0}
I1010 20:58:36.543473 2263 consensus_queue.cc:168] T 16ca418029b24d288343c959bb8f7b50 P 7160a237fa2e437da8305b75ed2e6ec8 [NON_LEADER]: Queue going to NON_LEADER mode. State: All replicated index: 0, Majority replicated index: 0, Committed index: 0, Last appended: 0.0, Current term: 0, Majority size: -1, State: 1, Mode: NON_LEADER
I1010 20:58:36.543604 2257 heartbeater.cc:365] Master 127.0.0.1:46501 was elected leader, sending a full tablet report...
I1010 20:58:36.543805 2263 ts_tablet_manager.cc:664] T 16ca418029b24d288343c959bb8f7b50 P 7160a237fa2e437da8305b75ed2e6ec8: Time spent starting tablet: real 0.001s user 0.000s sys 0.000s
I1010 20:58:36.544085 2260 tablet_server_main.cc:57] Starting tablet server...
I1010 20:58:36.544260 1696 catalog_manager.cc:2591] Sending DeleteTablet(TABLET_DATA_DELETED) for tablet 6e8c16ee547a46c2ae96a84f02357575 on 7160a237fa2e437da8305b75ed2e6ec8 (127.6.150.1:57815) (Replaced by 16ca418029b24d288343c959bb8f7b50 at 2016-10-10 20:58:36 UTC)
I1010 20:58:36.544348 2194 tablet_service.cc:660] Processing DeleteTablet for tablet 6e8c16ee547a46c2ae96a84f02357575 with delete_type TABLET_DATA_DELETED (Replaced by 16ca418029b24d288343c959bb8f7b50 at 2016-10-10 20:58:36 UTC) from {real_user=slave, eff_user=} at 127.0.0.1:40792
W1010 20:58:36.544425 1696 catalog_manager.cc:2545] TS 7160a237fa2e437da8305b75ed2e6ec8 (127.6.150.1:57815): delete failed for tablet 6e8c16ee547a46c2ae96a84f02357575 because the tablet was not found. No further retry: Not found: Tablet not found: 6e8c16ee547a46c2ae96a84f02357575
I1010 20:58:36.553596 2260 rpc_server.cc:164] RPC server started. Bound to: 127.6.150.2:38018
I1010 20:58:36.553637 2260 webserver.cc:125] Starting webserver on 127.6.150.2:36092
I1010 20:58:36.553649 2260 webserver.cc:136] Document root disabled
I1010 20:58:36.553741 2260 webserver.cc:220] Webserver started. Bound to: http://127.6.150.2:36092/
I1010 20:58:36.553848 2260 server_base.cc:239] Dumped server information to /tmp/kudutest-1000/create-table-itest.CreateTableITest.TestCreateWhenMajorityOfReplicasFailCreation.1476133114077700-1686/minicluster-data/ts-2/info.pb
I1010 20:58:36.553907 1686 external_mini_cluster.cc:622] Started /tmp/run_tha_testXiwMYW/build/release/bin/kudu-tserver as pid 2260
I1010 20:58:36.553964 1686 create-table-itest.cc:112] Waiting for only one tablet to be left on TS 0. Currently have:
I1010 20:58:36.554126 2260 tablet_server_main.cc:60] Tablet server successfully started.
I1010 20:58:36.554847 2379 heartbeater.cc:292] Connected to a master server at 127.0.0.1:46501
I1010 20:58:36.554862 2379 heartbeater.cc:359] Registering TS with master...
I1010 20:58:36.554872 2379 heartbeater.cc:373] Master 127.0.0.1:46501 requested a full tablet report, sending...
I1010 20:58:36.554998 1712 ts_manager.cc:82] Re-registered known tserver with Master: 75e56306e836413685f502a571284009 (127.6.150.2:38018)
I1010 20:58:36.594208 2316 tablet_service.cc:619] Processing CreateTablet for tablet 16ca418029b24d288343c959bb8f7b50 (table=test-table [id=cdc4846c3fe84fb7b1522be60094eca9]), partition=range: [, )
I1010 20:58:36.594961 2316 ts_tablet_manager.cc:766] Registered tablet 16ca418029b24d288343c959bb8f7b50
I1010 20:58:36.595111 2382 ts_tablet_manager.cc:632] T 16ca418029b24d288343c959bb8f7b50 P 75e56306e836413685f502a571284009: Bootstrapping tablet
I1010 20:58:36.595263 2382 tablet_bootstrap.cc:380] T 16ca418029b24d288343c959bb8f7b50 P 75e56306e836413685f502a571284009: Bootstrap starting.
I1010 20:58:36.595399 2382 tablet_bootstrap.cc:542] T 16ca418029b24d288343c959bb8f7b50 P 75e56306e836413685f502a571284009: Time spent opening tablet: real 0.000s user 0.000s sys 0.000s
I1010 20:58:36.595506 2382 tablet_bootstrap.cc:482] T 16ca418029b24d288343c959bb8f7b50 P 75e56306e836413685f502a571284009: No blocks or log segments found. Creating new log.
I1010 20:58:36.595631 2382 log.cc:347] Log is configured to *not* fsync() on all Append() calls
I1010 20:58:36.596035 2382 tablet_bootstrap.cc:380] T 16ca418029b24d288343c959bb8f7b50 P 75e56306e836413685f502a571284009: No bootstrap required, opened a new log
I1010 20:58:36.596055 2382 ts_tablet_manager.cc:637] T 16ca418029b24d288343c959bb8f7b50 P 75e56306e836413685f502a571284009: Time spent bootstrapping tablet: real 0.001s user 0.000s sys 0.000s
I1010 20:58:36.596366 2382 raft_consensus.cc:275] T 16ca418029b24d288343c959bb8f7b50 P 75e56306e836413685f502a571284009 [term 0 FOLLOWER]: Replica starting. Triggering 0 pending transactions. Active config: opid_index: -1 OBSOLETE_local: false peers { permanent_uuid: "7160a237fa2e437da8305b75ed2e6ec8" member_type: VOTER last_known_addr { host: "127.6.150.1" port: 57815 } } peers { permanent_uuid: "75e56306e836413685f502a571284009" member_type: VOTER last_known_addr { host: "127.6.150.2" port: 38018 } } peers { permanent_uuid: "d09b95f9213649f6ac7f29f92d8e3f11" member_type: VOTER last_known_addr { host: "127.6.150.0" port: 51431 } }
I1010 20:58:36.596387 2382 raft_consensus.cc:306] T 16ca418029b24d288343c959bb8f7b50 P 75e56306e836413685f502a571284009 [term 0 FOLLOWER]: Consensus starting up: Expiring failure detector timer to make a prompt election more likely
I1010 20:58:36.596400 2382 raft_consensus.cc:502] T 16ca418029b24d288343c959bb8f7b50 P 75e56306e836413685f502a571284009 [term 0 FOLLOWER]: Becoming Follower/Learner. State: Replica: 75e56306e836413685f502a571284009, State: 1, Role: FOLLOWER Watermarks: {Received: term: 0 index: 0 Committed: term: 0 index: 0}
I1010 20:58:36.596411 2382 consensus_queue.cc:168] T 16ca418029b24d288343c959bb8f7b50 P 75e56306e836413685f502a571284009 [NON_LEADER]: Queue going to NON_LEADER mode. State: All replicated index: 0, Majority replicated index: 0, Committed index: 0, Last appended: 0.0, Current term: 0, Majority size: -1, State: 1, Mode: NON_LEADER
I1010 20:58:36.596586 2379 heartbeater.cc:365] Master 127.0.0.1:46501 was elected leader, sending a full tablet report...
I1010 20:58:36.596587 2382 ts_tablet_manager.cc:664] T 16ca418029b24d288343c959bb8f7b50 P 75e56306e836413685f502a571284009: Time spent starting tablet: real 0.001s user 0.000s sys 0.000s
I1010 20:58:36.608551 1695 catalog_manager.cc:2591] Sending DeleteTablet(TABLET_DATA_DELETED) for tablet 6e8c16ee547a46c2ae96a84f02357575 on 75e56306e836413685f502a571284009 (127.6.150.2:38018) (Replaced by 16ca418029b24d288343c959bb8f7b50 at 2016-10-10 20:58:36 UTC)
I1010 20:58:36.608660 2316 tablet_service.cc:660] Processing DeleteTablet for tablet 6e8c16ee547a46c2ae96a84f02357575 with delete_type TABLET_DATA_DELETED (Replaced by 16ca418029b24d288343c959bb8f7b50 at 2016-10-10 20:58:36 UTC) from {real_user=slave, eff_user=} at 127.0.0.1:34203
W1010 20:58:36.608752 1695 catalog_manager.cc:2545] TS 75e56306e836413685f502a571284009 (127.6.150.2:38018): delete failed for tablet 6e8c16ee547a46c2ae96a84f02357575 because the tablet was not found. No further retry: Not found: Tablet not found: 6e8c16ee547a46c2ae96a84f02357575
I1010 20:58:36.635920 1695 catalog_manager.cc:2591] Sending DeleteTablet(TABLET_DATA_DELETED) for tablet b1e6a7b25cce46d9a64325794390ab21 on 75e56306e836413685f502a571284009 (127.6.150.2:38018) (Replaced by 6e8c16ee547a46c2ae96a84f02357575 at 2016-10-10 20:58:35 UTC)
I1010 20:58:36.636016 2316 tablet_service.cc:660] Processing DeleteTablet for tablet b1e6a7b25cce46d9a64325794390ab21 with delete_type TABLET_DATA_DELETED (Replaced by 6e8c16ee547a46c2ae96a84f02357575 at 2016-10-10 20:58:35 UTC) from {real_user=slave, eff_user=} at 127.0.0.1:34203
W1010 20:58:36.636137 1695 catalog_manager.cc:2545] TS 75e56306e836413685f502a571284009 (127.6.150.2:38018): delete failed for tablet b1e6a7b25cce46d9a64325794390ab21 because the tablet was not found. No further retry: Not found: Tablet not found: b1e6a7b25cce46d9a64325794390ab21
I1010 20:58:36.654145 1686 external_mini_cluster.cc:687] Killing /tmp/run_tha_testXiwMYW/build/release/bin/kudu-tserver with pid 1749
I1010 20:58:36.656051 1686 external_mini_cluster.cc:687] Killing /tmp/run_tha_testXiwMYW/build/release/bin/kudu-tserver with pid 2143
I1010 20:58:36.657376 1686 external_mini_cluster.cc:687] Killing /tmp/run_tha_testXiwMYW/build/release/bin/kudu-tserver with pid 2260
I1010 20:58:36.658841 1686 external_mini_cluster.cc:687] Killing /tmp/run_tha_testXiwMYW/build/release/bin/kudu-master with pid 1691 [ OK ] CreateTableITest.TestCreateWhenMajorityOfReplicasFailCreation (2582 ms) [ RUN ] CreateTableITest.TestSpreadReplicasEvenly
I1010 20:58:36.663610 1686 external_mini_cluster.cc:586] Running /tmp/run_tha_testXiwMYW/build/release/bin/kudu-master kudu-master --fs_wal_dir=/tmp/kudutest-1000/create-table-itest.CreateTableITest.TestSpreadReplicasEvenly.1476133114077700-1686/minicluster-data/master-0 --fs_data_dirs=/tmp/kudutest-1000/create-table-itest.CreateTableITest.TestSpreadReplicasEvenly.1476133114077700-1686/minicluster-data/master-0 --rpc_bind_addresses=127.0.0.1:0 --webserver_interface=localhost --webserver_port=0 --metrics_log_interval_ms=1000 --log_dir=/tmp/kudutest-1000/create-table-itest.CreateTableITest.TestSpreadReplicasEvenly.1476133114077700-1686/minicluster-data/master-0 --server_dump_info_path=/tmp/kudutest-1000/create-table-itest.CreateTableITest.TestSpreadReplicasEvenly.1476133114077700-1686/minicluster-data/master-0/info.pb --server_dump_info_format=pb --rpc_server_allow_ephemeral_ports --logtostderr --logbuflevel=-1 --unlock_experimental_flags --unlock_unsafe_flags WARNING: Logging before InitGoogleLogging() is written to STDERR
W1010 20:58:36.668830 2388 flags.cc:294] Enabled unsafe flag: --rpc_server_allow_ephemeral_ports=true
I1010 20:58:36.669510 2388 mem_tracker.cc:140] MemTracker: hard memory limit is 11.777661 GB
I1010 20:58:36.669525 2388 mem_tracker.cc:142] MemTracker: soft memory limit is 7.066597 GB
I1010 20:58:36.670663 2388 master_main.cc:58] Initializing master server...
I1010 20:58:36.670881 2388 hybrid_clock.cc:177] HybridClock initialized. Resolution in nanos?: 1 Wait times tolerance adjustment: 1.0005 Current error: 969115
I1010 20:58:36.671703 2388 server_base.cc:167] Could not load existing FS layout: Not found: /tmp/kudutest-1000/create-table-itest.CreateTableITest.TestSpreadReplicasEvenly.1476133114077700-1686/minicluster-data/master-0/instance: No such file or directory (error 2)
I1010 20:58:36.671715 2388 server_base.cc:168] Creating new FS layout
I1010 20:58:37.008450 2388 fs_manager.cc:354] Generated new instance metadata in path /tmp/kudutest-1000/create-table-itest.CreateTableITest.TestSpreadReplicasEvenly.1476133114077700-1686/minicluster-data/master-0/instance: uuid: "89d5c63c41ed40f5b968d37d123c09c4" format_stamp: "Formatted at 2016-10-10 20:58:36 on dist-test-slave-dist-test-slave-ymsa"
I1010 20:58:38.647297 2388 fs_manager.cc:243] Opened local filesystem: /tmp/kudutest-1000/create-table-itest.CreateTableITest.TestSpreadReplicasEvenly.1476133114077700-1686/minicluster-data/master-0 uuid: "89d5c63c41ed40f5b968d37d123c09c4" format_stamp: "Formatted at 2016-10-10 20:58:36 on dist-test-slave-dist-test-slave-ymsa"
I1010 20:58:38.649662 2388 master_main.cc:61] Starting Master server...
I1010 20:58:38.653467 2388 rpc_server.cc:164] RPC server started. Bound to: 127.0.0.1:51244
I1010 20:58:38.653508 2388 webserver.cc:125] Starting webserver on localhost:0
I1010 20:58:38.653514 2388 webserver.cc:136] Document root disabled
I1010 20:58:38.653694 2388 net_util.cc:195] Address 127.0.0.1:0 for localhost:0 duplicates an earlier resolved entry.
I1010 20:58:38.653791 2388 webserver.cc:220] Webserver started. Bound to: http://127.0.0.1:43824/
I1010 20:58:38.653898 2388 server_base.cc:239] Dumped server information to /tmp/kudutest-1000/create-table-itest.CreateTableITest.TestSpreadReplicasEvenly.1476133114077700-1686/minicluster-data/master-0/info.pb
I1010 20:58:38.657033 1686 external_mini_cluster.cc:622] Started /tmp/run_tha_testXiwMYW/build/release/bin/kudu-master as pid 2388
I1010 20:58:38.657097 1686 external_mini_cluster.cc:586] Running /tmp/run_tha_testXiwMYW/build/release/bin/kudu-tserver kudu-tserver --fs_wal_dir=/tmp/kudutest-1000/create-table-itest.CreateTableITest.TestSpreadReplicasEvenly.1476133114077700-1686/minicluster-data/ts-0 --fs_data_dirs=/tmp/kudutest-1000/create-table-itest.CreateTableITest.TestSpreadReplicasEvenly.1476133114077700-1686/minicluster-data/ts-0 --rpc_bind_addresses=127.6.150.0:0 --local_ip_for_outbound_sockets=127.6.150.0 --webserver_interface=127.6.150.0 --webserver_port=0 --tserver_master_addrs=127.0.0.1:51244 --metrics_log_interval_ms=1000 --log_dir=/tmp/kudutest-1000/create-table-itest.CreateTableITest.TestSpreadReplicasEvenly.1476133114077700-1686/minicluster-data/ts-0 --never_fsync --never_fsync --server_dump_info_path=/tmp/kudutest-1000/create-table-itest.CreateTableITest.TestSpreadReplicasEvenly.1476133114077700-1686/minicluster-data/ts-0/info.pb --server_dump_info_format=pb --rpc_server_allow_ephemeral_ports --logtostderr --logbuflevel=-1 --unlock_experimental_flags --unlock_unsafe_flags WARNING: Logging before InitGoogleLogging() is written to STDERR
W1010 20:58:38.661711 2443 flags.cc:294] Enabled unsafe flag: --rpc_server_allow_ephemeral_ports=true
W1010 20:58:38.661782 2443 flags.cc:294] Enabled unsafe flag: --never_fsync=true
W1010 20:58:38.662166 2443 flags.cc:294] Enabled experimental flag: --local_ip_for_outbound_sockets=127.6.150.0
I1010 20:58:38.662252 2443 mem_tracker.cc:140] MemTracker: hard memory limit is 11.777661 GB
I1010 20:58:38.662263 2443 mem_tracker.cc:142] MemTracker: soft memory limit is 7.066597 GB
I1010 20:58:38.663264 2443 tablet_server_main.cc:54] Initializing tablet server...
I1010 20:58:38.663401 2443 hybrid_clock.cc:177] HybridClock initialized. Resolution in nanos?: 1 Wait times tolerance adjustment: 1.0005 Current error: 970115
I1010 20:58:38.663981 2443 server_base.cc:167] Could not load existing FS layout: Not found: /tmp/kudutest-1000/create-table-itest.CreateTableITest.TestSpreadReplicasEvenly.1476133114077700-1686/minicluster-data/ts-0/instance: No such file or directory (error 2)
I1010 20:58:38.663992 2443 server_base.cc:168] Creating new FS layout
I1010 20:58:38.664947 2443 fs_manager.cc:354] Generated new instance metadata in path /tmp/kudutest-1000/create-table-itest.CreateTableITest.TestSpreadReplicasEvenly.1476133114077700-1686/minicluster-data/ts-0/instance: uuid: "84bde34331b94c4ea003e48f9317f792" format_stamp: "Formatted at 2016-10-10 20:58:38 on dist-test-slave-dist-test-slave-ymsa"
I1010 20:58:38.665524 2443 fs_manager.cc:243] Opened local filesystem: /tmp/kudutest-1000/create-table-itest.CreateTableITest.TestSpreadReplicasEvenly.1476133114077700-1686/minicluster-data/ts-0 uuid: "84bde34331b94c4ea003e48f9317f792" format_stamp: "Formatted at 2016-10-10 20:58:38 on dist-test-slave-dist-test-slave-ymsa"
I1010 20:58:38.882259 2443 tablet_server_main.cc:57] Starting tablet server...
I1010 20:58:38.890432 2443 rpc_server.cc:164] RPC server started. Bound to: 127.6.150.0:40113
I1010 20:58:38.890502 2443 webserver.cc:125] Starting webserver on 127.6.150.0:0
I1010 20:58:38.890508 2443 webserver.cc:136] Document root disabled
I1010 20:58:38.890635 2443 webserver.cc:220] Webserver started. Bound to: http://127.6.150.0:49931/
I1010 20:58:38.890777 2443 server_base.cc:239] Dumped server information to /tmp/kudutest-1000/create-table-itest.CreateTableITest.TestSpreadReplicasEvenly.1476133114077700-1686/minicluster-data/ts-0/info.pb
I1010 20:58:38.891008 2443 tablet_server_main.cc:60] Tablet server successfully started.
I1010 20:58:38.891810 2557 heartbeater.cc:292] Connected to a master server at 127.0.0.1:51244
I1010 20:58:38.891827 2557 heartbeater.cc:359] Registering TS with master...
I1010 20:58:38.891836 2557 heartbeater.cc:373] Master 127.0.0.1:51244 requested a full tablet report, sending...
W1010 20:58:38.892045 2557 heartbeater.cc:453] Failed to heartbeat to 127.0.0.1:51244: Service unavailable: Catalog manager is not initialized. State: 1
I1010 20:58:38.892073 2557 heartbeater.cc:359] Registering TS with master...
I1010 20:58:38.892079 2557 heartbeater.cc:373] Master 127.0.0.1:51244 requested a full tablet report, sending...
