I1010 20:58:55.160280 2685 leader_election.cc:361] T efe8fb09a1234c9fb1dc99948737a894 P f6d15ccd64ec49be8396ed78e2a88377 [CANDIDATE]: Term 2 election: Vote denied by peer b8062d66fd284035ae3bc2567bc11e7c. Message: Invalid argument: T efe8fb09a1234c9fb1dc99948737a894 P b8062d66fd284035ae3bc2567bc11e7c [term 2 FOLLOWER]: Leader election vote request: Denying vote to candidate f6d15ccd64ec49be8396ed78e2a88377 in current term 2: Already voted for candidate b8062d66fd284035ae3bc2567bc11e7c in this term.
I1010 20:58:55.160315 3569 raft_consensus.cc:2031] T 970154c84d6849cc83af1d9e5ad6980d P 580cbaf7092444dfbc6fb344da88d7b6 [term 1 FOLLOWER]: Advancing to term 2
W1010 20:58:55.164333 2629 consensus_meta.cc:188] T 17a4ac4e4e164cebb4d88f59511cf926 P 1031512f5120422e9e22a0afabd78f61: Time spent flushing consensus metadata: real 1.530s user 0.000s sys 0.000s
I1010 20:58:55.164353 2629 raft_consensus.cc:1677] T 17a4ac4e4e164cebb4d88f59511cf926 P 1031512f5120422e9e22a0afabd78f61 [term 2 FOLLOWER]: Leader election vote request: Granting yes vote for candidate 580cbaf7092444dfbc6fb344da88d7b6 in term 2.
W1010 20:58:55.164355 3869 consensus_meta.cc:188] T de9d164718e74d3db902ea603ab32407 P b8062d66fd284035ae3bc2567bc11e7c: Time spent flushing consensus metadata: real 1.377s user 0.000s sys 0.000s
W1010 20:58:55.164368 2629 rpcz_store.cc:234] Call kudu.consensus.ConsensusService.RequestConsensusVote from 127.6.150.9:55298 (request call id 2) took 3239ms (client timeout 1515).
I1010 20:58:55.164376 3869 raft_consensus.cc:1981] T de9d164718e74d3db902ea603ab32407 P b8062d66fd284035ae3bc2567bc11e7c [term 3 FOLLOWER]: Snoozing failure detection for election timeout plus an additional 1.996s
W1010 20:58:55.164389 2629 rpcz_store.cc:238] Trace: 1010 20:58:51.924715 (+ 0us) service_pool.cc:143] Inserting onto call queue 1010 20:58:51.924731 (+ 16us) service_pool.cc:202] Handling call 1010 20:58:55.164364 (+3239633us) inbound_call.cc:130] Queueing success response Metrics: {"tcmalloc_contention_cycles":3456}
I1010 20:58:55.164403 3869 raft_consensus.cc:391] T de9d164718e74d3db902ea603ab32407 P b8062d66fd284035ae3bc2567bc11e7c [term 3 FOLLOWER]: Starting election with config: opid_index: -1 OBSOLETE_local: false peers { permanent_uuid: "7f623b00f5ae4b9c8e8940692d5dfd44" member_type: VOTER last_known_addr { host: "127.6.150.7" port: 45436 } } peers { permanent_uuid: "b8062d66fd284035ae3bc2567bc11e7c" member_type: VOTER last_known_addr { host: "127.6.150.4" port: 44055 } } peers { permanent_uuid: "8de6cfa864d64c58bf4eafb689517c93" member_type: VOTER last_known_addr { host: "127.6.150.3" port: 40117 } }
W1010 20:58:55.164531 2630 consensus_meta.cc:188] T 84fcfff9fdef4acf8c2b47f36330567f P 1031512f5120422e9e22a0afabd78f61: Time spent flushing consensus metadata: real 4.766s user 0.000s sys 0.000s
I1010 20:58:55.164546 2630 raft_consensus.cc:1981] T 84fcfff9fdef4acf8c2b47f36330567f P 1031512f5120422e9e22a0afabd78f61 [term 2 FOLLOWER]: Snoozing failure detection for election timeout plus an additional 1.616s
W1010 20:58:55.164644 3729 consensus_meta.cc:188] T 872042177fee42c9b6c380a1b657755e P f6d15ccd64ec49be8396ed78e2a88377: Time spent flushing consensus metadata: real 3.252s user 0.000s sys 0.000s
W1010 20:58:55.164645 3697 consensus_meta.cc:188] T 949b26dfeadc4de38868bf4ed994d184 P 8de6cfa864d64c58bf4eafb689517c93: Time spent flushing consensus metadata: real 1.533s user 0.000s sys 0.000s
I1010 20:58:55.164662 3729 raft_consensus.cc:1981] T 872042177fee42c9b6c380a1b657755e P f6d15ccd64ec49be8396ed78e2a88377 [term 2 FOLLOWER]: Snoozing failure detection for election timeout plus an additional 1.512s
I1010 20:58:55.164681 3729 raft_consensus.cc:391] T 872042177fee42c9b6c380a1b657755e P f6d15ccd64ec49be8396ed78e2a88377 [term 2 FOLLOWER]: Starting election with config: opid_index: -1 OBSOLETE_local: false peers { permanent_uuid: "8de6cfa864d64c58bf4eafb689517c93" member_type: VOTER last_known_addr { host: "127.6.150.3" port: 40117 } } peers { permanent_uuid: "f6d15ccd64ec49be8396ed78e2a88377" member_type: VOTER last_known_addr { host: "127.6.150.2" port: 33554 } } peers { permanent_uuid: "42e94fc3adbb419591836d222d946978" member_type: VOTER last_known_addr { host: "127.6.150.8" port: 35299 } }
I1010 20:58:55.164726 3697 leader_election.cc:223] T 949b26dfeadc4de38868bf4ed994d184 P 8de6cfa864d64c58bf4eafb689517c93 [CANDIDATE]: Term 2 election: Requesting vote from peer 1380a27d6b824575a3a5e139bee139f4
I1010 20:58:55.164739 3697 leader_election.cc:223] T 949b26dfeadc4de38868bf4ed994d184 P 8de6cfa864d64c58bf4eafb689517c93 [CANDIDATE]: Term 2 election: Requesting vote from peer b8062d66fd284035ae3bc2567bc11e7c
I1010 20:58:55.164741 3667 raft_consensus.cc:375] T 17a4ac4e4e164cebb4d88f59511cf926 P 1031512f5120422e9e22a0afabd78f61 [term 2 FOLLOWER]: No leader contacted us within the election timeout. Triggering leader election
I1010 20:58:55.164749 3667 raft_consensus.cc:2031] T 17a4ac4e4e164cebb4d88f59511cf926 P 1031512f5120422e9e22a0afabd78f61 [term 2 FOLLOWER]: Advancing to term 3
W1010 20:58:55.164930 3671 consensus_meta.cc:188] T 872042177fee42c9b6c380a1b657755e P 8de6cfa864d64c58bf4eafb689517c93: Time spent flushing consensus metadata: real 3.374s user 0.000s sys 0.000s
I1010 20:58:55.164952 3671 raft_consensus.cc:1981] T 872042177fee42c9b6c380a1b657755e P 8de6cfa864d64c58bf4eafb689517c93 [term 2 FOLLOWER]: Snoozing failure detection for election timeout plus an additional 1.562s
W1010 20:58:55.164957 3834 consensus_meta.cc:188] T 4c179cfa32ee4128ad57d34140e5320f P f6d15ccd64ec49be8396ed78e2a88377: Time spent flushing consensus metadata: real 1.678s user 0.000s sys 0.000s
I1010 20:58:55.164970 3671 raft_consensus.cc:391] T 872042177fee42c9b6c380a1b657755e P 8de6cfa864d64c58bf4eafb689517c93 [term 2 FOLLOWER]: Starting election with config: opid_index: -1 OBSOLETE_local: false peers { permanent_uuid: "8de6cfa864d64c58bf4eafb689517c93" member_type: VOTER last_known_addr { host: "127.6.150.3" port: 40117 } } peers { permanent_uuid: "f6d15ccd64ec49be8396ed78e2a88377" member_type: VOTER last_known_addr { host: "127.6.150.2" port: 33554 } } peers { permanent_uuid: "42e94fc3adbb419591836d222d946978" member_type: VOTER last_known_addr { host: "127.6.150.8" port: 35299 } }
I1010 20:58:55.164971 3834 raft_consensus.cc:1981] T 4c179cfa32ee4128ad57d34140e5320f P f6d15ccd64ec49be8396ed78e2a88377 [term 2 FOLLOWER]: Snoozing failure detection for election timeout plus an additional 1.573s
I1010 20:58:55.164995 3834 raft_consensus.cc:391] T 4c179cfa32ee4128ad57d34140e5320f P f6d15ccd64ec49be8396ed78e2a88377 [term 2 FOLLOWER]: Starting election with config: opid_index: -1 OBSOLETE_local: false peers { permanent_uuid: "f6d15ccd64ec49be8396ed78e2a88377" member_type: VOTER last_known_addr { host: "127.6.150.2" port: 33554 } } peers { permanent_uuid: "33ef4317e50042ba95e517992caa6531" member_type: VOTER last_known_addr { host: "127.6.150.5" port: 40764 } } peers { permanent_uuid: "7f623b00f5ae4b9c8e8940692d5dfd44" member_type: VOTER last_known_addr { host: "127.6.150.7" port: 45436 } }
I1010 20:58:55.165139 2864 raft_consensus.cc:1609] T 949b26dfeadc4de38868bf4ed994d184 P 8de6cfa864d64c58bf4eafb689517c93 [term 2 FOLLOWER]: Leader election vote request: Denying vote to candidate b8062d66fd284035ae3bc2567bc11e7c in current term 2: Already voted for candidate 8de6cfa864d64c58bf4eafb689517c93 in this term.
W1010 20:58:55.165206 2864 rpcz_store.cc:234] Call kudu.consensus.ConsensusService.RequestConsensusVote from 127.6.150.4:46161 (request call id 4) took 3234ms (client timeout 1715).
W1010 20:58:55.165211 3722 consensus_meta.cc:188] T efe8fb09a1234c9fb1dc99948737a894 P 580cbaf7092444dfbc6fb344da88d7b6: Time spent flushing consensus metadata: real 1.534s user 0.000s sys 0.000s
W1010 20:58:55.165232 2864 rpcz_store.cc:238] Trace: 1010 20:58:51.930461 (+ 0us) service_pool.cc:143] Inserting onto call queue 1010 20:58:51.930469 (+ 8us) service_pool.cc:202] Handling call 1010 20:58:55.165198 (+3234729us) spinlock_profiling.cc:255] Waited 3.23 s on lock 0x3c2dc10. stack: 00000000019065e1 0000000000976813 000000000078868f 0000000000a22fbf 0000000000a23be2 0000000001911c69 00007f9e2c5b9181 00007f9e2b4a147c ffffffffffffffff 1010 20:58:55.165202 (+ 4us) inbound_call.cc:130] Queueing success response Metrics: {"spinlock_wait_cycles":7439707392}
W1010 20:58:55.165246 2748 consensus_meta.cc:188] T 90fa7ae3643e4575a6be1c4936b6cc11 P f6d15ccd64ec49be8396ed78e2a88377: Time spent flushing consensus metadata: real 1.531s user 0.000s sys 0.000s
I1010 20:58:55.165256 2861 raft_consensus.cc:1654] T 949b26dfeadc4de38868bf4ed994d184 P 8de6cfa864d64c58bf4eafb689517c93 [term 2 FOLLOWER]: Leader election vote request: Denying vote to candidate 1380a27d6b824575a3a5e139bee139f4 for term 2 because replica is already servicing an update from a current leader or another vote.
I1010 20:58:55.165262 2748 raft_consensus.cc:1981] T 90fa7ae3643e4575a6be1c4936b6cc11 P f6d15ccd64ec49be8396ed78e2a88377 [term 3 FOLLOWER]: Snoozing failure detection for election timeout plus an additional 1.668s
W1010 20:58:55.165287 2861 rpcz_store.cc:234] Call kudu.consensus.ConsensusService.RequestConsensusVote from 127.6.150.6:47110 (request call id 3) took 3234ms (client timeout 1539).
W1010 20:58:55.165314 2861 rpcz_store.cc:238] Trace: 1010 20:58:51.931008 (+ 0us) service_pool.cc:143] Inserting onto call queue 1010 20:58:51.931013 (+ 5us) service_pool.cc:202] Handling call 1010 20:58:55.165283 (+3234270us) spinlock_profiling.cc:255] Waited 3.23 s on lock 0x3c2dc10. stack: 00000000019065e1 0000000000976852 000000000078868f 0000000000a22fbf 0000000000a23be2 0000000001911c69 00007f9e2c5b9181 00007f9e2b4a147c ffffffffffffffff 1010 20:58:55.165286 (+ 3us) inbound_call.cc:130] Queueing success response Metrics: {"spinlock_wait_cycles":7438730496}
I1010 20:58:55.165329 3722 leader_election.cc:223] T efe8fb09a1234c9fb1dc99948737a894 P 580cbaf7092444dfbc6fb344da88d7b6 [CANDIDATE]: Term 2 election: Requesting vote from peer b8062d66fd284035ae3bc2567bc11e7c
I1010 20:58:55.165343 3722 leader_election.cc:223] T efe8fb09a1234c9fb1dc99948737a894 P 580cbaf7092444dfbc6fb344da88d7b6 [CANDIDATE]: Term 2 election: Requesting vote from peer f6d15ccd64ec49be8396ed78e2a88377
W1010 20:58:55.165385 3819 consensus_meta.cc:188] T 05a5666441ec49d792222a3e8674edf7 P f6d15ccd64ec49be8396ed78e2a88377: Time spent flushing consensus metadata: real 2.435s user 0.000s sys 0.000s
W1010 20:58:55.165385 3742 consensus_meta.cc:188] T f2289fb138ea4a5ab6c02803c4e9aa51 P 42e94fc3adbb419591836d222d946978: Time spent flushing consensus metadata: real 1.531s user 0.000s sys 0.000s
I1010 20:58:55.165416 3819 raft_consensus.cc:1981] T 05a5666441ec49d792222a3e8674edf7 P f6d15ccd64ec49be8396ed78e2a88377 [term 2 FOLLOWER]: Snoozing failure detection for election timeout plus an additional 1.750s
I1010 20:58:55.165437 3819 raft_consensus.cc:391] T 05a5666441ec49d792222a3e8674edf7 P f6d15ccd64ec49be8396ed78e2a88377 [term 2 FOLLOWER]: Starting election with config: opid_index: -1 OBSOLETE_local: false peers { permanent_uuid: "33ef4317e50042ba95e517992caa6531" member_type: VOTER last_known_addr { host: "127.6.150.5" port: 40764 } } peers { permanent_uuid: "f6d15ccd64ec49be8396ed78e2a88377" member_type: VOTER last_known_addr { host: "127.6.150.2" port: 33554 } } peers { permanent_uuid: "1031512f5120422e9e22a0afabd78f61" member_type: VOTER last_known_addr { host: "127.6.150.1" port: 46963 } }
I1010 20:58:55.165472 3742 leader_election.cc:223] T f2289fb138ea4a5ab6c02803c4e9aa51 P 42e94fc3adbb419591836d222d946978 [CANDIDATE]: Term 3 election: Requesting vote from peer b8062d66fd284035ae3bc2567bc11e7c
I1010 20:58:55.165503 3742 leader_election.cc:223] T f2289fb138ea4a5ab6c02803c4e9aa51 P 42e94fc3adbb419591836d222d946978 [CANDIDATE]: Term 3 election: Requesting vote from peer 7f623b00f5ae4b9c8e8940692d5dfd44
I1010 20:58:55.165648 2985 raft_consensus.cc:2031] T f2289fb138ea4a5ab6c02803c4e9aa51 P b8062d66fd284035ae3bc2567bc11e7c [term 2 FOLLOWER]: Advancing to term 3
W1010 20:58:55.165731 3881 consensus_meta.cc:188] T 872042177fee42c9b6c380a1b657755e P 42e94fc3adbb419591836d222d946978: Time spent flushing consensus metadata: real 2.896s user 0.000s sys 0.000s
I1010 20:58:55.165753 3881 raft_consensus.cc:1981] T 872042177fee42c9b6c380a1b657755e P 42e94fc3adbb419591836d222d946978 [term 2 FOLLOWER]: Snoozing failure detection for election timeout plus an additional 1.523s
I1010 20:58:55.165772 3881 raft_consensus.cc:391] T 872042177fee42c9b6c380a1b657755e P 42e94fc3adbb419591836d222d946978 [term 2 FOLLOWER]: Starting election with config: opid_index: -1 OBSOLETE_local: false peers { permanent_uuid: "8de6cfa864d64c58bf4eafb689517c93" member_type: VOTER last_known_addr { host: "127.6.150.3" port: 40117 } } peers { permanent_uuid: "f6d15ccd64ec49be8396ed78e2a88377" member_type: VOTER last_known_addr { host: "127.6.150.2" port: 33554 } } peers { permanent_uuid: "42e94fc3adbb419591836d222d946978" member_type: VOTER last_known_addr { host: "127.6.150.8" port: 35299 } }
W1010 20:58:55.165954 3837 consensus_meta.cc:188] T 981834f5e88f4585b6420fca7ddcb289 P 1380a27d6b824575a3a5e139bee139f4: Time spent flushing consensus metadata: real 1.533s user 0.000s sys 0.000s
W1010 20:58:55.165983 3744 consensus_meta.cc:188] T de9d164718e74d3db902ea603ab32407 P 7f623b00f5ae4b9c8e8940692d5dfd44: Time spent flushing consensus metadata: real 1.534s user 0.000s sys 0.000s
W1010 20:58:55.165990 3713 consensus_meta.cc:188] T 05a5666441ec49d792222a3e8674edf7 P 33ef4317e50042ba95e517992caa6531: Time spent flushing consensus metadata: real 1.529s user 0.000s sys 0.000s
I1010 20:58:55.166076 3837 leader_election.cc:223] T 981834f5e88f4585b6420fca7ddcb289 P 1380a27d6b824575a3a5e139bee139f4 [CANDIDATE]: Term 2 election: Requesting vote from peer 8de6cfa864d64c58bf4eafb689517c93
I1010 20:58:55.166108 3837 leader_election.cc:223] T 981834f5e88f4585b6420fca7ddcb289 P 1380a27d6b824575a3a5e139bee139f4 [CANDIDATE]: Term 2 election: Requesting vote from peer 1031512f5120422e9e22a0afabd78f61
I1010 20:58:55.166165 3453 raft_consensus.cc:1584] T f2289fb138ea4a5ab6c02803c4e9aa51 P 42e94fc3adbb419591836d222d946978 [term 3 FOLLOWER]: Leader election vote request: Denying vote to candidate b8062d66fd284035ae3bc2567bc11e7c for earlier term 2. Current term is 3.
I1010 20:58:55.166193 3713 leader_election.cc:223] T 05a5666441ec49d792222a3e8674edf7 P 33ef4317e50042ba95e517992caa6531 [CANDIDATE]: Term 2 election: Requesting vote from peer f6d15ccd64ec49be8396ed78e2a88377
W1010 20:58:55.166211 3453 rpcz_store.cc:234] Call kudu.consensus.ConsensusService.RequestConsensusVote from 127.6.150.4:56561 (request call id 4) took 3235ms (client timeout 1735).
W1010 20:58:55.166213 3220 consensus_meta.cc:188] T f689db1eddb54b1f85b7df38d14534b4 P 1380a27d6b824575a3a5e139bee139f4: Time spent flushing consensus metadata: real 3.232s user 0.000s sys 0.000s
I1010 20:58:55.166219 3713 leader_election.cc:223] T 05a5666441ec49d792222a3e8674edf7 P 33ef4317e50042ba95e517992caa6531 [CANDIDATE]: Term 2 election: Requesting vote from peer 1031512f5120422e9e22a0afabd78f61
W1010 20:58:55.166225 3453 rpcz_store.cc:238] Trace: 1010 20:58:51.930631 (+ 0us) service_pool.cc:143] Inserting onto call queue 1010 20:58:51.930702 (+ 71us) service_pool.cc:202] Handling call 1010 20:58:55.166195 (+3235493us) spinlock_profiling.cc:255] Waited 3.24 s on lock 0x3e4f6d0. stack: 00000000019065e1 0000000000976813 000000000078868f 0000000000a22fbf 0000000000a23be2 0000000001911c69 00007fd760afa181 00007fd75f9e247c ffffffffffffffff 1010 20:58:55.166207 (+ 12us) inbound_call.cc:130] Queueing success response Metrics: {"spinlock_wait_cycles":7441532160}
I1010 20:58:55.166241 3220 raft_consensus.cc:1981] T f689db1eddb54b1f85b7df38d14534b4 P 1380a27d6b824575a3a5e139bee139f4 [term 2 FOLLOWER]: Snoozing failure detection for election timeout plus an additional 1.763s
I1010 20:58:55.166270 3219 raft_consensus.cc:1584] T 981834f5e88f4585b6420fca7ddcb289 P 1380a27d6b824575a3a5e139bee139f4 [term 2 FOLLOWER]: Leader election vote request: Denying vote to candidate 8de6cfa864d64c58bf4eafb689517c93 for earlier term 1. Current term is 2.
W1010 20:58:55.166296 3818 consensus_meta.cc:188] T ed24ca4817744964991178277119b367 P 7f623b00f5ae4b9c8e8940692d5dfd44: Time spent flushing consensus metadata: real 4.107s user 0.000s sys 0.000s
W1010 20:58:55.166302 3219 rpcz_store.cc:234] Call kudu.consensus.ConsensusService.RequestConsensusVote from 127.6.150.3:52871 (request call id 2) took 3237ms (client timeout 1569).
I1010 20:58:55.166311 3818 raft_consensus.cc:1981] T ed24ca4817744964991178277119b367 P 7f623b00f5ae4b9c8e8940692d5dfd44 [term 2 FOLLOWER]: Snoozing failure detection for election timeout plus an additional 1.558s
W1010 20:58:55.166316 3219 rpcz_store.cc:238] Trace: 1010 20:58:51.929127 (+ 0us) service_pool.cc:143] Inserting onto call queue 1010 20:58:51.929133 (+ 6us) service_pool.cc:202] Handling call 1010 20:58:55.166295 (+3237162us) spinlock_profiling.cc:255] Waited 3.24 s on lock 0x3b75970. stack: 00000000019065e1 0000000000976813 000000000078868f 0000000000a22fbf 0000000000a23be2 0000000001911c69 00007f8ce19fe181 00007f8ce08e647c ffffffffffffffff 1010 20:58:55.166299 (+ 4us) inbound_call.cc:130] Queueing success response Metrics: {"spinlock_wait_cycles":7445394816}
I1010 20:58:55.166329 3818 raft_consensus.cc:391] T ed24ca4817744964991178277119b367 P 7f623b00f5ae4b9c8e8940692d5dfd44 [term 2 FOLLOWER]: Starting election with config: opid_index: -1 OBSOLETE_local: false peers { permanent_uuid: "580cbaf7092444dfbc6fb344da88d7b6" member_type: VOTER last_known_addr { host: "127.6.150.9" port: 51743 } } peers { permanent_uuid: "33ef4317e50042ba95e517992caa6531" member_type: VOTER last_known_addr { host: "127.6.150.5" port: 40764 } } peers { permanent_uuid: "7f623b00f5ae4b9c8e8940692d5dfd44" member_type: VOTER last_known_addr { host: "127.6.150.7" port: 45436 } }
I1010 20:58:55.166332 3100 raft_consensus.cc:1609] T 05a5666441ec49d792222a3e8674edf7 P 33ef4317e50042ba95e517992caa6531 [term 2 FOLLOWER]: Leader election vote request: Denying vote to candidate 1031512f5120422e9e22a0afabd78f61 in current term 2: Already voted for candidate 33ef4317e50042ba95e517992caa6531 in this term.
W1010 20:58:55.166386 3100 rpcz_store.cc:234] Call kudu.consensus.ConsensusService.RequestConsensusVote from 127.6.150.1:45293 (request call id 2) took 1533ms (client timeout 1762).
W1010 20:58:55.166404 3100 rpcz_store.cc:238] Trace: 1010 20:58:53.633335 (+ 0us) service_pool.cc:143] Inserting onto call queue 1010 20:58:53.633343 (+ 8us) service_pool.cc:202] Handling call 1010 20:58:55.166377 (+1533034us) spinlock_profiling.cc:255] Waited 1.53 s on lock 0x4d75970. stack: 00000000019065e1 0000000000976813 000000000078868f 0000000000a22fbf 0000000000a23be2 0000000001911c69 00007fc8aa54b181 00007fc8a943347c ffffffffffffffff 1010 20:58:55.166382 (+ 5us) inbound_call.cc:130] Queueing success response Metrics: {"spinlock_wait_cycles":3525841152}
I1010 20:58:55.166476 2565 leader_election.cc:361] T 05a5666441ec49d792222a3e8674edf7 P 1031512f5120422e9e22a0afabd78f61 [CANDIDATE]: Term 2 election: Vote denied by peer 33ef4317e50042ba95e517992caa6531. Message: Invalid argument: T 05a5666441ec49d792222a3e8674edf7 P 33ef4317e50042ba95e517992caa6531 [term 2 FOLLOWER]: Leader election vote request: Denying vote to candidate 1031512f5120422e9e22a0afabd78f61 in current term 2: Already voted for candidate 33ef4317e50042ba95e517992caa6531 in this term.
I1010 20:58:55.166503 3744 leader_election.cc:223] T de9d164718e74d3db902ea603ab32407 P 7f623b00f5ae4b9c8e8940692d5dfd44 [CANDIDATE]: Term 2 election: Requesting vote from peer b8062d66fd284035ae3bc2567bc11e7c
I1010 20:58:55.166518 3744 leader_election.cc:223] T de9d164718e74d3db902ea603ab32407 P 7f623b00f5ae4b9c8e8940692d5dfd44 [CANDIDATE]: Term 2 election: Requesting vote from peer 8de6cfa864d64c58bf4eafb689517c93
I1010 20:58:55.166528 3332 raft_consensus.cc:1654] T de9d164718e74d3db902ea603ab32407 P 7f623b00f5ae4b9c8e8940692d5dfd44 [term 2 FOLLOWER]: Leader election vote request: Denying vote to candidate 8de6cfa864d64c58bf4eafb689517c93 for term 1 because replica is already servicing an update from a current leader or another vote.
W1010 20:58:55.166549 2509 consensus_meta.cc:188] T 4aa163baddb74c4998157964dd55b1f4 P 84bde34331b94c4ea003e48f9317f792: Time spent flushing consensus metadata: real 1.532s user 0.000s sys 0.000s
I1010 20:58:55.166566 2509 raft_consensus.cc:1677] T 4aa163baddb74c4998157964dd55b1f4 P 84bde34331b94c4ea003e48f9317f792 [term 2 FOLLOWER]: Leader election vote request: Granting yes vote for candidate 8de6cfa864d64c58bf4eafb689517c93 in term 2.
W1010 20:58:55.166573 3332 rpcz_store.cc:234] Call kudu.consensus.ConsensusService.RequestConsensusVote from 127.6.150.3:47101 (request call id 1) took 6494ms (client timeout 1511).
W1010 20:58:55.166576 2509 rpcz_store.cc:234] Call kudu.consensus.ConsensusService.RequestConsensusVote from 127.6.150.3:38215 (request call id 4) took 1532ms (client timeout 1574).
I1010 20:58:55.166574 3569 raft_consensus.cc:1981] T 970154c84d6849cc83af1d9e5ad6980d P 580cbaf7092444dfbc6fb344da88d7b6 [term 2 FOLLOWER]: Snoozing failure detection for election timeout plus an additional 1.673s
W1010 20:58:55.166591 3332 rpcz_store.cc:238] Trace: 1010 20:58:48.671708 (+ 0us) service_pool.cc:143] Inserting onto call queue 1010 20:58:48.671718 (+ 10us) service_pool.cc:202] Handling call 1010 20:58:55.166564 (+6494846us) spinlock_profiling.cc:255] Waited 6.49 s on lock 0x3e5b6d0. stack: 00000000019065e1 0000000000976852 000000000078868f 0000000000a22fbf 0000000000a23be2 0000000001911c69 00007f3fb2fbf181 00007f3fb1ea747c ffffffffffffffff 1010 20:58:55.166568 (+ 4us) inbound_call.cc:130] Queueing success response Metrics: {"spinlock_wait_cycles":14938013568}
W1010 20:58:55.166591 2509 rpcz_store.cc:238] Trace: 1010 20:58:53.633836 (+ 0us) service_pool.cc:143] Inserting onto call queue 1010 20:58:53.633858 (+ 22us) service_pool.cc:202] Handling call 1010 20:58:55.166572 (+1532714us) inbound_call.cc:130] Queueing success response Metrics: {"tcmalloc_contention_cycles":3456}
I1010 20:58:55.166613 3336 raft_consensus.cc:1609] T de9d164718e74d3db902ea603ab32407 P 7f623b00f5ae4b9c8e8940692d5dfd44 [term 2 FOLLOWER]: Leader election vote request: Denying vote to candidate b8062d66fd284035ae3bc2567bc11e7c in current term 2: Already voted for candidate 7f623b00f5ae4b9c8e8940692d5dfd44 in this term.
W1010 20:58:55.166635 3336 rpcz_store.cc:234] Call kudu.consensus.ConsensusService.RequestConsensusVote from 127.6.150.4:46735 (request call id 3) took 6497ms (client timeout 1675).
W1010 20:58:55.166645 3336 rpcz_store.cc:238] Trace: 1010 20:58:48.669074 (+ 0us) service_pool.cc:143] Inserting onto call queue 1010 20:58:48.669100 (+ 26us) service_pool.cc:202] Handling call 1010 20:58:55.166629 (+6497529us) spinlock_profiling.cc:255] Waited 6.5 s on lock 0x3e5b6d0. stack: 00000000019065e1 0000000000976813 000000000078868f 0000000000a22fbf 0000000000a23be2 0000000001911c69 00007f3fb2fbf181 00007f3fb1ea747c ffffffffffffffff 1010 20:58:55.166632 (+ 3us) inbound_call.cc:130] Queueing success response Metrics: {"spinlock_wait_cycles":14944257408}
I1010 20:58:55.166726 2746 raft_consensus.cc:1609] T efe8fb09a1234c9fb1dc99948737a894 P f6d15ccd64ec49be8396ed78e2a88377 [term 2 FOLLOWER]: Leader election vote request: Denying vote to candidate 580cbaf7092444dfbc6fb344da88d7b6 in current term 2: Already voted for candidate f6d15ccd64ec49be8396ed78e2a88377 in this term.
I1010 20:58:55.166790 3506 leader_election.cc:361] T efe8fb09a1234c9fb1dc99948737a894 P 580cbaf7092444dfbc6fb344da88d7b6 [CANDIDATE]: Term 2 election: Vote denied by peer f6d15ccd64ec49be8396ed78e2a88377. Message: Invalid argument: T efe8fb09a1234c9fb1dc99948737a894 P f6d15ccd64ec49be8396ed78e2a88377 [term 2 FOLLOWER]: Leader election vote request: Denying vote to candidate 580cbaf7092444dfbc6fb344da88d7b6 in current term 2: Already voted for candidate f6d15ccd64ec49be8396ed78e2a88377 in this term.
I1010 20:58:55.166812 3219 raft_consensus.cc:1609] T 949b26dfeadc4de38868bf4ed994d184 P 1380a27d6b824575a3a5e139bee139f4 [term 2 FOLLOWER]: Leader election vote request: Denying vote to candidate 8de6cfa864d64c58bf4eafb689517c93 in current term 2: Already voted for candidate 1380a27d6b824575a3a5e139bee139f4 in this term.
W1010 20:58:55.166815 3692 consensus_meta.cc:188] T 970154c84d6849cc83af1d9e5ad6980d P 84bde34331b94c4ea003e48f9317f792: Time spent flushing consensus metadata: real 5.070s user 0.000s sys 0.000s
I1010 20:58:55.166828 3692 raft_consensus.cc:1981] T 970154c84d6849cc83af1d9e5ad6980d P 84bde34331b94c4ea003e48f9317f792 [term 2 FOLLOWER]: Snoozing failure detection for election timeout plus an additional 1.749s
I1010 20:58:55.166847 3692 raft_consensus.cc:391] T 970154c84d6849cc83af1d9e5ad6980d P 84bde34331b94c4ea003e48f9317f792 [term 2 FOLLOWER]: Starting election with config: opid_index: -1 OBSOLETE_local: false peers { permanent_uuid: "580cbaf7092444dfbc6fb344da88d7b6" member_type: VOTER last_known_addr { host: "127.6.150.9" port: 51743 } } peers { permanent_uuid: "84bde34331b94c4ea003e48f9317f792" member_type: VOTER last_known_addr { host: "127.6.150.0" port: 40113 } } peers { permanent_uuid: "b8062d66fd284035ae3bc2567bc11e7c" member_type: VOTER last_known_addr { host: "127.6.150.4" port: 44055 } }
I1010 20:58:55.166872 3570 raft_consensus.cc:1609] T efe8fb09a1234c9fb1dc99948737a894 P 580cbaf7092444dfbc6fb344da88d7b6 [term 2 FOLLOWER]: Leader election vote request: Denying vote to candidate b8062d66fd284035ae3bc2567bc11e7c in current term 2: Already voted for candidate 580cbaf7092444dfbc6fb344da88d7b6 in this term.
I1010 20:58:55.166873 2799 leader_election.cc:361] T 949b26dfeadc4de38868bf4ed994d184 P 8de6cfa864d64c58bf4eafb689517c93 [CANDIDATE]: Term 2 election: Vote denied by peer 1380a27d6b824575a3a5e139bee139f4. Message: Invalid argument: T 949b26dfeadc4de38868bf4ed994d184 P 1380a27d6b824575a3a5e139bee139f4 [term 2 FOLLOWER]: Leader election vote request: Denying vote to candidate 8de6cfa864d64c58bf4eafb689517c93 in current term 2: Already voted for candidate 1380a27d6b824575a3a5e139bee139f4 in this term.
I1010 20:58:55.166890 2628 raft_consensus.cc:1609] T 05a5666441ec49d792222a3e8674edf7 P 1031512f5120422e9e22a0afabd78f61 [term 2 FOLLOWER]: Leader election vote request: Denying vote to candidate 33ef4317e50042ba95e517992caa6531 in current term 2: Already voted for candidate 1031512f5120422e9e22a0afabd78f61 in this term.
W1010 20:58:55.166903 3570 rpcz_store.cc:234] Call kudu.consensus.ConsensusService.RequestConsensusVote from 127.6.150.4:54236 (request call id 3) took 1532ms (client timeout 1690).
W1010 20:58:55.166916 3570 rpcz_store.cc:238] Trace: 1010 20:58:53.634611 (+ 0us) service_pool.cc:143] Inserting onto call queue 1010 20:58:53.634623 (+ 12us) service_pool.cc:202] Handling call 1010 20:58:55.166897 (+1532274us) spinlock_profiling.cc:255] Waited 1.53 s on lock 0x44ffc10. stack: 00000000019065e1 0000000000976813 000000000078868f 0000000000a22fbf 0000000000a23be2 0000000001911c69 00007f6cf36a4181 00007f6cf258c47c ffffffffffffffff 1010 20:58:55.166900 (+ 3us) inbound_call.cc:130] Queueing success response Metrics: {"spinlock_wait_cycles":3524116736}
I1010 20:58:55.166934 3571 raft_consensus.cc:1654] T efe8fb09a1234c9fb1dc99948737a894 P 580cbaf7092444dfbc6fb344da88d7b6 [term 2 FOLLOWER]: Leader election vote request: Denying vote to candidate f6d15ccd64ec49be8396ed78e2a88377 for term 2 because replica is already servicing an update from a current leader or another vote.
I1010 20:58:55.166965 2921 leader_election.cc:361] T efe8fb09a1234c9fb1dc99948737a894 P b8062d66fd284035ae3bc2567bc11e7c [CANDIDATE]: Term 2 election: Vote denied by peer 580cbaf7092444dfbc6fb344da88d7b6. Message: Invalid argument: T efe8fb09a1234c9fb1dc99948737a894 P 580cbaf7092444dfbc6fb344da88d7b6 [term 2 FOLLOWER]: Leader election vote request: Denying vote to candidate b8062d66fd284035ae3bc2567bc11e7c in current term 2: Already voted for candidate 580cbaf7092444dfbc6fb344da88d7b6 in this term.
I1010 20:58:55.166971 2921 leader_election.cc:248] T efe8fb09a1234c9fb1dc99948737a894 P b8062d66fd284035ae3bc2567bc11e7c [CANDIDATE]: Term 2 election: Election decided. Result: candidate lost.
I1010 20:58:55.166981 3037 leader_election.cc:361] T 05a5666441ec49d792222a3e8674edf7 P 33ef4317e50042ba95e517992caa6531 [CANDIDATE]: Term 2 election: Vote denied by peer 1031512f5120422e9e22a0afabd78f61. Message: Invalid argument: T 05a5666441ec49d792222a3e8674edf7 P 1031512f5120422e9e22a0afabd78f61 [term 2 FOLLOWER]: Leader election vote request: Denying vote to candidate 33ef4317e50042ba95e517992caa6531 in current term 2: Already voted for candidate 1031512f5120422e9e22a0afabd78f61 in this term.
I1010 20:58:55.166990 2685 leader_election.cc:361] T efe8fb09a1234c9fb1dc99948737a894 P f6d15ccd64ec49be8396ed78e2a88377 [CANDIDATE]: Term 2 election: Vote denied by peer 580cbaf7092444dfbc6fb344da88d7b6. Message: Service unavailable: T efe8fb09a1234c9fb1dc99948737a894 P 580cbaf7092444dfbc6fb344da88d7b6 [term 2 FOLLOWER]: Leader election vote request: Denying vote to candidate f6d15ccd64ec49be8396ed78e2a88377 for term 2 because replica is already servicing an update from a current leader or another vote.
I1010 20:58:55.166998 2685 leader_election.cc:248] T efe8fb09a1234c9fb1dc99948737a894 P f6d15ccd64ec49be8396ed78e2a88377 [CANDIDATE]: Term 2 election: Election decided. Result: candidate lost.
W1010 20:58:55.167104 3678 consensus_meta.cc:188] T 7d680e6840854bca9daef77d506408e9 P 33ef4317e50042ba95e517992caa6531: Time spent flushing consensus metadata: real 1.530s user 0.000s sys 0.000s
I1010 20:58:55.167155 3452 raft_consensus.cc:1654] T f2289fb138ea4a5ab6c02803c4e9aa51 P 42e94fc3adbb419591836d222d946978 [term 3 FOLLOWER]: Leader election vote request: Denying vote to candidate 7f623b00f5ae4b9c8e8940692d5dfd44 for term 2 because replica is already servicing an update from a current leader or another vote.
I1010 20:58:55.167176 3678 leader_election.cc:223] T 7d680e6840854bca9daef77d506408e9 P 33ef4317e50042ba95e517992caa6531 [CANDIDATE]: Term 2 election: Requesting vote from peer 84bde34331b94c4ea003e48f9317f792
W1010 20:58:55.167187 3452 rpcz_store.cc:234] Call kudu.consensus.ConsensusService.RequestConsensusVote from 127.6.150.7:59528 (request call id 2) took 1533ms (client timeout 1503).
I1010 20:58:55.167192 3678 leader_election.cc:223] T 7d680e6840854bca9daef77d506408e9 P 33ef4317e50042ba95e517992caa6531 [CANDIDATE]: Term 2 election: Requesting vote from peer 1380a27d6b824575a3a5e139bee139f4
W1010 20:58:55.167201 3452 rpcz_store.cc:238] Trace: 1010 20:58:53.633620 (+ 0us) service_pool.cc:143] Inserting onto call queue 1010 20:58:53.634867 (+ 1247us) service_pool.cc:202] Handling call 1010 20:58:55.167180 (+1532313us) spinlock_profiling.cc:255] Waited 1.53 s on lock 0x3e4f6d0. stack: 00000000019065e1 0000000000976852 000000000078868f 0000000000a22fbf 0000000000a23be2 0000000001911c69 00007fd760afa181 00007fd75f9e247c ffffffffffffffff 1010 20:58:55.167183 (+ 3us) inbound_call.cc:130] Queueing success response Metrics: {"spinlock_wait_cycles":3524231936}
I1010 20:58:55.167203 4113 raft_consensus.cc:1981] T efe8fb09a1234c9fb1dc99948737a894 P b8062d66fd284035ae3bc2567bc11e7c [term 2 FOLLOWER]: Snoozing failure detection for election timeout plus an additional 1.663s
I1010 20:58:55.167212 4113 raft_consensus.cc:1823] T efe8fb09a1234c9fb1dc99948737a894 P b8062d66fd284035ae3bc2567bc11e7c [term 2 FOLLOWER]: Leader election lost for term 2. Reason: None given
I1010 20:58:55.167222 4071 raft_consensus.cc:1981] T f2289fb138ea4a5ab6c02803c4e9aa51 P 42e94fc3adbb419591836d222d946978 [term 3 FOLLOWER]: Snoozing failure detection for election timeout plus an additional 1.823s
I1010 20:58:55.167235 4071 raft_consensus.cc:1823] T f2289fb138ea4a5ab6c02803c4e9aa51 P 42e94fc3adbb419591836d222d946978 [term 3 FOLLOWER]: Leader election lost for term 2. Reason: None given
I1010 20:58:55.167315 3099 raft_consensus.cc:1654] T 7d680e6840854bca9daef77d506408e9 P 33ef4317e50042ba95e517992caa6531 [term 2 FOLLOWER]: Leader election vote request: Denying vote to candidate 1380a27d6b824575a3a5e139bee139f4 for term 3 because replica is already servicing an update from a current leader or another vote.
I1010 20:58:55.167346 3102 raft_consensus.cc:1609] T 7d680e6840854bca9daef77d506408e9 P 33ef4317e50042ba95e517992caa6531 [term 2 FOLLOWER]: Leader election vote request: Denying vote to candidate 1380a27d6b824575a3a5e139bee139f4 in current term 2: Already voted for candidate 33ef4317e50042ba95e517992caa6531 in this term.
W1010 20:58:55.167352 3099 rpcz_store.cc:234] Call kudu.consensus.ConsensusService.RequestConsensusVote from 127.6.150.6:59112 (request call id 3) took 1533ms (client timeout 1584).
W1010 20:58:55.167353 3101 consensus_meta.cc:188] T ed24ca4817744964991178277119b367 P 33ef4317e50042ba95e517992caa6531: Time spent flushing consensus metadata: real 1.531s user 0.000s sys 0.000s
I1010 20:58:55.167366 3101 raft_consensus.cc:1677] T ed24ca4817744964991178277119b367 P 33ef4317e50042ba95e517992caa6531 [term 2 FOLLOWER]: Leader election vote request: Granting yes vote for candidate 580cbaf7092444dfbc6fb344da88d7b6 in term 2.
W1010 20:58:55.167373 3099 rpcz_store.cc:238] Trace: 1010 20:58:53.633587 (+ 0us) service_pool.cc:143] Inserting onto call queue 1010 20:58:53.633597 (+ 10us) service_pool.cc:202] Handling call 1010 20:58:55.167345 (+1533748us) spinlock_profiling.cc:255] Waited 1.53 s on lock 0x4d756d0. stack: 00000000019065e1 0000000000976852 000000000078868f 0000000000a22fbf 0000000000a23be2 0000000001911c69 00007fc8aa54b181 00007fc8a943347c ffffffffffffffff 1010 20:58:55.167348 (+ 3us) inbound_call.cc:130] Queueing success response Metrics: {"spinlock_wait_cycles":3527527168}
I1010 20:58:55.167373 2802 leader_election.cc:347] T 4aa163baddb74c4998157964dd55b1f4 P 8de6cfa864d64c58bf4eafb689517c93 [CANDIDATE]: Term 2 election: Vote granted by peer 84bde34331b94c4ea003e48f9317f792
W1010 20:58:55.167379 3101 rpcz_store.cc:234] Call kudu.consensus.ConsensusService.RequestConsensusVote from 127.6.150.9:54865 (request call id 2) took 1534ms (client timeout 1681).
I1010 20:58:55.167381 2802 leader_election.cc:248] T 4aa163baddb74c4998157964dd55b1f4 P 8de6cfa864d64c58bf4eafb689517c93 [CANDIDATE]: Term 2 election: Election decided. Result: candidate won.
W1010 20:58:55.167387 3102 rpcz_store.cc:234] Call kudu.consensus.ConsensusService.RequestConsensusVote from 127.6.150.6:59112 (request call id 2) took 4771ms (client timeout 1650).
W1010 20:58:55.167392 3101 rpcz_store.cc:238] Trace: 1010 20:58:53.632628 (+ 0us) service_pool.cc:143] Inserting onto call queue 1010 20:58:53.632664 (+ 36us) service_pool.cc:202] Handling call 1010 20:58:55.167373 (+1534709us) inbound_call.cc:130] Queueing success response Metrics: {"tcmalloc_contention_cycles":1017088}
W1010 20:58:55.167400 3102 rpcz_store.cc:238] Trace: 1010 20:58:50.395423 (+ 0us) service_pool.cc:143] Inserting onto call queue 1010 20:58:50.395438 (+ 15us) service_pool.cc:202] Handling call 1010 20:58:55.167379 (+4771941us) spinlock_profiling.cc:255] Waited 4.77 s on lock 0x4d756d0. stack: 00000000019065e1 0000000000976813 000000000078868f 0000000000a22fbf 0000000000a23be2 0000000001911c69 00007fc8aa54b181 00007fc8a943347c ffffffffffffffff 1010 20:58:55.167383 (+ 4us) inbound_call.cc:130] Queueing success response Metrics: {"spinlock_wait_cycles":10975344896}
I1010 20:58:55.167420 3098 raft_consensus.cc:1654] T 7d680e6840854bca9daef77d506408e9 P 33ef4317e50042ba95e517992caa6531 [term 2 FOLLOWER]: Leader election vote request: Denying vote to candidate 84bde34331b94c4ea003e48f9317f792 for term 2 because replica is already servicing an update from a current leader or another vote.
W1010 20:58:55.167445 3098 rpcz_store.cc:234] Call kudu.consensus.ConsensusService.RequestConsensusVote from 127.6.150.0:46745 (request call id 4) took 1533ms (client timeout 1521).
I1010 20:58:55.167450 2984 raft_consensus.cc:1609] T efe8fb09a1234c9fb1dc99948737a894 P b8062d66fd284035ae3bc2567bc11e7c [term 2 FOLLOWER]: Leader election vote request: Denying vote to candidate 580cbaf7092444dfbc6fb344da88d7b6 in current term 2: Already voted for candidate b8062d66fd284035ae3bc2567bc11e7c in this term.
W1010 20:58:55.167461 3098 rpcz_store.cc:238] Trace: 1010 20:58:53.634128 (+ 0us) service_pool.cc:143] Inserting onto call queue 1010 20:58:53.634136 (+ 8us) service_pool.cc:202] Handling call 1010 20:58:55.167438 (+1533302us) spinlock_profiling.cc:255] Waited 1.53 s on lock 0x4d756d0. stack: 00000000019065e1 0000000000976852 000000000078868f 0000000000a22fbf 0000000000a23be2 0000000001911c69 00007fc8aa54b181 00007fc8a943347c ffffffffffffffff 1010 20:58:55.167440 (+ 2us) inbound_call.cc:130] Queueing success response Metrics: {"spinlock_wait_cycles":3526518656,"tcmalloc_contention_cycles":3328}
I1010 20:58:55.167459 3153 leader_election.cc:361] T 7d680e6840854bca9daef77d506408e9 P 1380a27d6b824575a3a5e139bee139f4 [CANDIDATE]: Term 3 election: Vote denied by peer 33ef4317e50042ba95e517992caa6531. Message: Service unavailable: T 7d680e6840854bca9daef77d506408e9 P 33ef4317e50042ba95e517992caa6531 [term 2 FOLLOWER]: Leader election vote request: Denying vote to candidate 1380a27d6b824575a3a5e139bee139f4 for term 3 because replica is already servicing an update from a current leader or another vote.
I1010 20:58:55.167471 3153 leader_election.cc:248] T 7d680e6840854bca9daef77d506408e9 P 1380a27d6b824575a3a5e139bee139f4 [CANDIDATE]: Term 3 election: Election decided. Result: candidate lost.
I1010 20:58:55.167502 3507 leader_election.cc:361] T efe8fb09a1234c9fb1dc99948737a894 P 580cbaf7092444dfbc6fb344da88d7b6 [CANDIDATE]: Term 2 election: Vote denied by peer b8062d66fd284035ae3bc2567bc11e7c. Message: Invalid argument: T efe8fb09a1234c9fb1dc99948737a894 P b8062d66fd284035ae3bc2567bc11e7c [term 2 FOLLOWER]: Leader election vote request: Denying vote to candidate 580cbaf7092444dfbc6fb344da88d7b6 in current term 2: Already voted for candidate b8062d66fd284035ae3bc2567bc11e7c in this term.
W1010 20:58:55.167505 3842 consensus_meta.cc:188] T 4c179cfa32ee4128ad57d34140e5320f P 33ef4317e50042ba95e517992caa6531: Time spent flushing consensus metadata: real 1.428s user 0.000s sys 0.000s
I1010 20:58:55.167510 3507 leader_election.cc:248] T efe8fb09a1234c9fb1dc99948737a894 P 580cbaf7092444dfbc6fb344da88d7b6 [CANDIDATE]: Term 2 election: Election decided. Result: candidate lost.
I1010 20:58:55.167528 3842 raft_consensus.cc:1981] T 4c179cfa32ee4128ad57d34140e5320f P 33ef4317e50042ba95e517992caa6531 [term 2 FOLLOWER]: Snoozing failure detection for election timeout plus an additional 1.513s
I1010 20:58:55.167549 3842 raft_consensus.cc:391] T 4c179cfa32ee4128ad57d34140e5320f P 33ef4317e50042ba95e517992caa6531 [term 2 FOLLOWER]: Starting election with config: opid_index: -1 OBSOLETE_local: false peers { permanent_uuid: "f6d15ccd64ec49be8396ed78e2a88377" member_type: VOTER last_known_addr { host: "127.6.150.2" port: 33554 } } peers { permanent_uuid: "33ef4317e50042ba95e517992caa6531" member_type: VOTER last_known_addr { host: "127.6.150.5" port: 40764 } } peers { permanent_uuid: "7f623b00f5ae4b9c8e8940692d5dfd44" member_type: VOTER last_known_addr { host: "127.6.150.7" port: 45436 } }
I1010 20:58:55.167582 3219 raft_consensus.cc:1584] T 7d680e6840854bca9daef77d506408e9 P 1380a27d6b824575a3a5e139bee139f4 [term 3 FOLLOWER]: Leader election vote request: Denying vote to candidate 33ef4317e50042ba95e517992caa6531 for earlier term 2. Current term is 3.
W1010 20:58:55.167651 3036 leader_election.cc:333] T 7d680e6840854bca9daef77d506408e9 P 33ef4317e50042ba95e517992caa6531 [CANDIDATE]: Term 2 election: Vote denied by peer 1380a27d6b824575a3a5e139bee139f4 with higher term. Message: Invalid argument: T 7d680e6840854bca9daef77d506408e9 P 1380a27d6b824575a3a5e139bee139f4 [term 3 FOLLOWER]: Leader election vote request: Denying vote to candidate 33ef4317e50042ba95e517992caa6531 for earlier term 2. Current term is 3.
I1010 20:58:55.167660 3036 leader_election.cc:336] T 7d680e6840854bca9daef77d506408e9 P 33ef4317e50042ba95e517992caa6531 [CANDIDATE]: Term 2 election: Cancelling election due to peer responding with higher term
I1010 20:58:55.167692 3504 leader_election.cc:347] T ed24ca4817744964991178277119b367 P 580cbaf7092444dfbc6fb344da88d7b6 [CANDIDATE]: Term 2 election: Vote granted by peer 33ef4317e50042ba95e517992caa6531
I1010 20:58:55.167701 3504 leader_election.cc:248] T ed24ca4817744964991178277119b367 P 580cbaf7092444dfbc6fb344da88d7b6 [CANDIDATE]: Term 2 election: Election decided. Result: candidate won.
I1010 20:58:55.167747 4114 raft_consensus.cc:1981] T efe8fb09a1234c9fb1dc99948737a894 P f6d15ccd64ec49be8396ed78e2a88377 [term 2 FOLLOWER]: Snoozing failure detection for election timeout plus an additional 1.722s
I1010 20:58:55.167748 2984 raft_consensus.cc:1609] T 949b26dfeadc4de38868bf4ed994d184 P b8062d66fd284035ae3bc2567bc11e7c [term 2 FOLLOWER]: Leader election vote request: Denying vote to candidate 8de6cfa864d64c58bf4eafb689517c93 in current term 2: Already voted for candidate b8062d66fd284035ae3bc2567bc11e7c in this term.
I1010 20:58:55.167753 2509 raft_consensus.cc:1609] T 7d680e6840854bca9daef77d506408e9 P 84bde34331b94c4ea003e48f9317f792 [term 2 FOLLOWER]: Leader election vote request: Denying vote to candidate 33ef4317e50042ba95e517992caa6531 in current term 2: Already voted for candidate 84bde34331b94c4ea003e48f9317f792 in this term.
I1010 20:58:55.167757 4114 raft_consensus.cc:1823] T efe8fb09a1234c9fb1dc99948737a894 P f6d15ccd64ec49be8396ed78e2a88377 [term 2 FOLLOWER]: Leader election lost for term 2. Reason: None given
I1010 20:58:55.167800 4115 raft_consensus.cc:1981] T 4aa163baddb74c4998157964dd55b1f4 P 8de6cfa864d64c58bf4eafb689517c93 [term 2 FOLLOWER]: Snoozing failure detection for election timeout plus an additional 1.777s
I1010 20:58:55.167826 4117 raft_consensus.cc:1981] T efe8fb09a1234c9fb1dc99948737a894 P 580cbaf7092444dfbc6fb344da88d7b6 [term 2 FOLLOWER]: Snoozing failure detection for election timeout plus an additional 1.733s
I1010 20:58:55.167839 4117 raft_consensus.cc:1823] T efe8fb09a1234c9fb1dc99948737a894 P 580cbaf7092444dfbc6fb344da88d7b6 [term 2 FOLLOWER]: Leader election lost for term 2. Reason: None given
I1010 20:58:55.167837 3039 leader_election.cc:361] T 7d680e6840854bca9daef77d506408e9 P 33ef4317e50042ba95e517992caa6531 [CANDIDATE]: Term 2 election: Vote denied by peer 84bde34331b94c4ea003e48f9317f792. Message: Invalid argument: T 7d680e6840854bca9daef77d506408e9 P 84bde34331b94c4ea003e48f9317f792 [term 2 FOLLOWER]: Leader election vote request: Denying vote to candidate 33ef4317e50042ba95e517992caa6531 in current term 2: Already voted for candidate 84bde34331b94c4ea003e48f9317f792 in this term.
I1010 20:58:55.167857 4118 raft_consensus.cc:1981] T 7d680e6840854bca9daef77d506408e9 P 33ef4317e50042ba95e517992caa6531 [term 2 FOLLOWER]: Snoozing failure detection for election timeout plus an additional 1.669s
I1010 20:58:55.167867 4118 raft_consensus.cc:1823] T 7d680e6840854bca9daef77d506408e9 P 33ef4317e50042ba95e517992caa6531 [term 2 FOLLOWER]: Leader election lost for term 2. Reason: Vote denied by peer 1380a27d6b824575a3a5e139bee139f4 with higher term. Message: Invalid argument: T 7d680e6840854bca9daef77d506408e9 P 1380a27d6b824575a3a5e139bee139f4 [term 3 FOLLOWER]: Leader election vote request: Denying vote to candidate 33ef4317e50042ba95e517992caa6531 for earlier term 2. Current term is 3.
I1010 20:58:55.167812 2802 leader_election.cc:361] T 949b26dfeadc4de38868bf4ed994d184 P 8de6cfa864d64c58bf4eafb689517c93 [CANDIDATE]: Term 2 election: Vote denied by peer b8062d66fd284035ae3bc2567bc11e7c. Message: Invalid argument: T 949b26dfeadc4de38868bf4ed994d184 P b8062d66fd284035ae3bc2567bc11e7c [term 2 FOLLOWER]: Leader election vote request: Denying vote to candidate 8de6cfa864d64c58bf4eafb689517c93 in current term 2: Already voted for candidate b8062d66fd284035ae3bc2567bc11e7c in this term.
I1010 20:58:55.167886 4115 raft_consensus.cc:1861] T 4aa163baddb74c4998157964dd55b1f4 P 8de6cfa864d64c58bf4eafb689517c93 [term 2 FOLLOWER]: Leader election won for term 2
I1010 20:58:55.167937 2802 leader_election.cc:248] T 949b26dfeadc4de38868bf4ed994d184 P 8de6cfa864d64c58bf4eafb689517c93 [CANDIDATE]: Term 2 election: Election decided. Result: candidate lost.
I1010 20:58:55.168015 4119 raft_consensus.cc:1981] T ed24ca4817744964991178277119b367 P 580cbaf7092444dfbc6fb344da88d7b6 [term 2 FOLLOWER]: Snoozing failure detection for election timeout plus an additional 1.597s
I1010 20:58:55.168027 4119 raft_consensus.cc:1861] T ed24ca4817744964991178277119b367 P 580cbaf7092444dfbc6fb344da88d7b6 [term 2 FOLLOWER]: Leader election won for term 2
I1010 20:58:55.168092 4121 raft_consensus.cc:1981] T 949b26dfeadc4de38868bf4ed994d184 P 8de6cfa864d64c58bf4eafb689517c93 [term 2 FOLLOWER]: Snoozing failure detection for election timeout plus an additional 1.500s
I1010 20:58:55.168107 4121 raft_consensus.cc:1823] T 949b26dfeadc4de38868bf4ed994d184 P 8de6cfa864d64c58bf4eafb689517c93 [term 2 FOLLOWER]: Leader election lost for term 2. Reason: None given
I1010 20:58:55.168105 4116 raft_consensus.cc:1981] T 7d680e6840854bca9daef77d506408e9 P 1380a27d6b824575a3a5e139bee139f4 [term 3 FOLLOWER]: Snoozing failure detection for election timeout plus an additional 1.741s
I1010 20:58:55.168117 4116 raft_consensus.cc:1823] T 7d680e6840854bca9daef77d506408e9 P 1380a27d6b824575a3a5e139bee139f4 [term 3 FOLLOWER]: Leader election lost for term 3. Reason: None given
I1010 20:58:55.168094 4115 raft_consensus.cc:467] T 4aa163baddb74c4998157964dd55b1f4 P 8de6cfa864d64c58bf4eafb689517c93 [term 2 LEADER]: Becoming Leader. State: Replica: 8de6cfa864d64c58bf4eafb689517c93, State: 1, Role: LEADER Watermarks: {Received: term: 0 index: 0 Committed: term: 0 index: 0}
I1010 20:58:55.168182 4115 consensus_queue.cc:151] T 4aa163baddb74c4998157964dd55b1f4 P 8de6cfa864d64c58bf4eafb689517c93 [LEADER]: Queue going to LEADER mode. State: All replicated index: 0, Majority replicated index: 0, Committed index: 0, Last appended: 0.0, Current term: 2, Majority size: 2, State: 1, Mode: LEADER, active raft config: opid_index: -1 OBSOLETE_local: false peers { permanent_uuid: "8de6cfa864d64c58bf4eafb689517c93" member_type: VOTER last_known_addr { host: "127.6.150.3" port: 40117 } } peers { permanent_uuid: "84bde34331b94c4ea003e48f9317f792" member_type: VOTER last_known_addr { host: "127.6.150.0" port: 40113 } } peers { permanent_uuid: "1031512f5120422e9e22a0afabd78f61" member_type: VOTER last_known_addr { host: "127.6.150.1" port: 46963 } }
I1010 20:58:55.168421 4119 raft_consensus.cc:467] T ed24ca4817744964991178277119b367 P 580cbaf7092444dfbc6fb344da88d7b6 [term 2 LEADER]: Becoming Leader. State: Replica: 580cbaf7092444dfbc6fb344da88d7b6, State: 1, Role: LEADER Watermarks: {Received: term: 0 index: 0 Committed: term: 0 index: 0}
I1010 20:58:55.168520 4119 consensus_queue.cc:151] T ed24ca4817744964991178277119b367 P 580cbaf7092444dfbc6fb344da88d7b6 [LEADER]: Queue going to LEADER mode. State: All replicated index: 0, Majority replicated index: 0, Committed index: 0, Last appended: 0.0, Current term: 2, Majority size: 2, State: 1, Mode: LEADER, active raft config: opid_index: -1 OBSOLETE_local: false peers { permanent_uuid: "580cbaf7092444dfbc6fb344da88d7b6" member_type: VOTER last_known_addr { host: "127.6.150.9" port: 51743 } } peers { permanent_uuid: "33ef4317e50042ba95e517992caa6531" member_type: VOTER last_known_addr { host: "127.6.150.5" port: 40764 } } peers { permanent_uuid: "7f623b00f5ae4b9c8e8940692d5dfd44" member_type: VOTER last_known_addr { host: "127.6.150.7" port: 45436 } }
I1010 20:58:55.170699 2409 catalog_manager.cc:2018] T ed24ca4817744964991178277119b367 reported consensus state change: term changed from 0 to 2, leader changed from to 580cbaf7092444dfbc6fb344da88d7b6 (127.6.150.9). New consensus state: current_term: 2 leader_uuid: "580cbaf7092444dfbc6fb344da88d7b6" config { opid_index: -1 OBSOLETE_local: false peers { permanent_uuid: "580cbaf7092444dfbc6fb344da88d7b6" member_type: VOTER last_known_addr { host: "127.6.150.9" port: 51743 } } peers { permanent_uuid: "33ef4317e50042ba95e517992caa6531" member_type: VOTER last_known_addr { host: "127.6.150.5" port: 40764 } } peers { permanent_uuid: "7f623b00f5ae4b9c8e8940692d5dfd44" member_type: VOTER last_known_addr { host: "127.6.150.7" port: 45436 } } }
I1010 20:58:55.170773 2403 catalog_manager.cc:2018] T 4aa163baddb74c4998157964dd55b1f4 reported consensus state change: term changed from 0 to 2, leader changed from to 8de6cfa864d64c58bf4eafb689517c93 (127.6.150.3). New consensus state: current_term: 2 leader_uuid: "8de6cfa864d64c58bf4eafb689517c93" config { opid_index: -1 OBSOLETE_local: false peers { permanent_uuid: "8de6cfa864d64c58bf4eafb689517c93" member_type: VOTER last_known_addr { host: "127.6.150.3" port: 40117 } } peers { permanent_uuid: "84bde34331b94c4ea003e48f9317f792" member_type: VOTER last_known_addr { host: "127.6.150.0" port: 40113 } } peers { permanent_uuid: "1031512f5120422e9e22a0afabd78f61" member_type: VOTER last_known_addr { host: "127.6.150.1" port: 46963 } } }
I1010 20:58:55.199079 3715 raft_consensus.cc:375] T 95e7c143b0524a9b9ade2cfcc081e679 P 1031512f5120422e9e22a0afabd78f61 [term 2 FOLLOWER]: No leader contacted us within the election timeout. Triggering leader election
I1010 20:58:55.199090 3715 raft_consensus.cc:2031] T 95e7c143b0524a9b9ade2cfcc081e679 P 1031512f5120422e9e22a0afabd78f61 [term 2 FOLLOWER]: Advancing to term 3
W1010 20:58:55.208984 2800 leader_election.cc:275] T 4aa163baddb74c4998157964dd55b1f4 P 8de6cfa864d64c58bf4eafb689517c93 [CANDIDATE]: Term 2 election: RPC error from VoteRequest() call to peer 1031512f5120422e9e22a0afabd78f61: Timed out: RequestConsensusVote RPC to 127.6.150.1:46963 timed out after 1.574s
