I1010 20:59:09.457833 3842 leader_election.cc:223] T 4c179cfa32ee4128ad57d34140e5320f P 33ef4317e50042ba95e517992caa6531 [CANDIDATE]: Term 4 election: Requesting vote from peer f6d15ccd64ec49be8396ed78e2a88377
I1010 20:59:09.457867 3842 leader_election.cc:223] T 4c179cfa32ee4128ad57d34140e5320f P 33ef4317e50042ba95e517992caa6531 [CANDIDATE]: Term 4 election: Requesting vote from peer 7f623b00f5ae4b9c8e8940692d5dfd44
I1010 20:59:09.458055 2748 raft_consensus.cc:2031] T 4c179cfa32ee4128ad57d34140e5320f P f6d15ccd64ec49be8396ed78e2a88377 [term 3 FOLLOWER]: Advancing to term 4
I1010 20:59:09.458082 3337 raft_consensus.cc:2031] T 4c179cfa32ee4128ad57d34140e5320f P 7f623b00f5ae4b9c8e8940692d5dfd44 [term 3 FOLLOWER]: Advancing to term 4
I1010 20:59:09.458367 2748 raft_consensus.cc:1981] T 4c179cfa32ee4128ad57d34140e5320f P f6d15ccd64ec49be8396ed78e2a88377 [term 4 FOLLOWER]: Snoozing failure detection for election timeout plus an additional 2.020s
I1010 20:59:09.458469 3337 raft_consensus.cc:1981] T 4c179cfa32ee4128ad57d34140e5320f P 7f623b00f5ae4b9c8e8940692d5dfd44 [term 4 FOLLOWER]: Snoozing failure detection for election timeout plus an additional 2.041s
I1010 20:59:09.459044 3337 raft_consensus.cc:1677] T 4c179cfa32ee4128ad57d34140e5320f P 7f623b00f5ae4b9c8e8940692d5dfd44 [term 4 FOLLOWER]: Leader election vote request: Granting yes vote for candidate 33ef4317e50042ba95e517992caa6531 in term 4.
I1010 20:59:09.459065 2748 raft_consensus.cc:1677] T 4c179cfa32ee4128ad57d34140e5320f P f6d15ccd64ec49be8396ed78e2a88377 [term 4 FOLLOWER]: Leader election vote request: Granting yes vote for candidate 33ef4317e50042ba95e517992caa6531 in term 4.
I1010 20:59:09.459148 3039 leader_election.cc:347] T 4c179cfa32ee4128ad57d34140e5320f P 33ef4317e50042ba95e517992caa6531 [CANDIDATE]: Term 4 election: Vote granted by peer 7f623b00f5ae4b9c8e8940692d5dfd44
I1010 20:59:09.459177 3039 leader_election.cc:248] T 4c179cfa32ee4128ad57d34140e5320f P 33ef4317e50042ba95e517992caa6531 [CANDIDATE]: Term 4 election: Election decided. Result: candidate won.
I1010 20:59:09.459210 3038 leader_election.cc:347] T 4c179cfa32ee4128ad57d34140e5320f P 33ef4317e50042ba95e517992caa6531 [CANDIDATE]: Term 4 election: Vote granted by peer f6d15ccd64ec49be8396ed78e2a88377
I1010 20:59:09.459354 4347 raft_consensus.cc:1981] T 4c179cfa32ee4128ad57d34140e5320f P 33ef4317e50042ba95e517992caa6531 [term 4 FOLLOWER]: Snoozing failure detection for election timeout plus an additional 1.566s
I1010 20:59:09.459369 4347 raft_consensus.cc:1861] T 4c179cfa32ee4128ad57d34140e5320f P 33ef4317e50042ba95e517992caa6531 [term 4 FOLLOWER]: Leader election won for term 4
I1010 20:59:09.459559 4347 raft_consensus.cc:467] T 4c179cfa32ee4128ad57d34140e5320f P 33ef4317e50042ba95e517992caa6531 [term 4 LEADER]: Becoming Leader. State: Replica: 33ef4317e50042ba95e517992caa6531, State: 1, Role: LEADER Watermarks: {Received: term: 0 index: 0 Committed: term: 0 index: 0}
I1010 20:59:09.459600 4347 consensus_queue.cc:151] T 4c179cfa32ee4128ad57d34140e5320f P 33ef4317e50042ba95e517992caa6531 [LEADER]: Queue going to LEADER mode. State: All replicated index: 0, Majority replicated index: 0, Committed index: 0, Last appended: 0.0, Current term: 4, Majority size: 2, State: 1, Mode: LEADER, active raft config: opid_index: -1 OBSOLETE_local: false peers { permanent_uuid: "f6d15ccd64ec49be8396ed78e2a88377" member_type: VOTER last_known_addr { host: "127.6.150.2" port: 33554 } } peers { permanent_uuid: "33ef4317e50042ba95e517992caa6531" member_type: VOTER last_known_addr { host: "127.6.150.5" port: 40764 } } peers { permanent_uuid: "7f623b00f5ae4b9c8e8940692d5dfd44" member_type: VOTER last_known_addr { host: "127.6.150.7" port: 45436 } }
I1010 20:59:09.460151 2402 catalog_manager.cc:2018] T 4c179cfa32ee4128ad57d34140e5320f reported consensus state change: term changed from 0 to 4, leader changed from to 33ef4317e50042ba95e517992caa6531 (127.6.150.5). New consensus state: current_term: 4 leader_uuid: "33ef4317e50042ba95e517992caa6531" config { opid_index: -1 OBSOLETE_local: false peers { permanent_uuid: "f6d15ccd64ec49be8396ed78e2a88377" member_type: VOTER last_known_addr { host: "127.6.150.2" port: 33554 } } peers { permanent_uuid: "33ef4317e50042ba95e517992caa6531" member_type: VOTER last_known_addr { host: "127.6.150.5" port: 40764 } } peers { permanent_uuid: "7f623b00f5ae4b9c8e8940692d5dfd44" member_type: VOTER last_known_addr { host: "127.6.150.7" port: 45436 } } }
I1010 20:59:09.824326 3722 raft_consensus.cc:375] T efe8fb09a1234c9fb1dc99948737a894 P 580cbaf7092444dfbc6fb344da88d7b6 [term 4 FOLLOWER]: No leader contacted us within the election timeout. Triggering leader election
I1010 20:59:09.824342 3722 raft_consensus.cc:2031] T efe8fb09a1234c9fb1dc99948737a894 P 580cbaf7092444dfbc6fb344da88d7b6 [term 4 FOLLOWER]: Advancing to term 5
I1010 20:59:09.824592 3722 raft_consensus.cc:1981] T efe8fb09a1234c9fb1dc99948737a894 P 580cbaf7092444dfbc6fb344da88d7b6 [term 5 FOLLOWER]: Snoozing failure detection for election timeout plus an additional 2.380s
I1010 20:59:09.824637 3722 raft_consensus.cc:391] T efe8fb09a1234c9fb1dc99948737a894 P 580cbaf7092444dfbc6fb344da88d7b6 [term 5 FOLLOWER]: Starting election with config: opid_index: -1 OBSOLETE_local: false peers { permanent_uuid: "580cbaf7092444dfbc6fb344da88d7b6" member_type: VOTER last_known_addr { host: "127.6.150.9" port: 51743 } } peers { permanent_uuid: "b8062d66fd284035ae3bc2567bc11e7c" member_type: VOTER last_known_addr { host: "127.6.150.4" port: 44055 } } peers { permanent_uuid: "f6d15ccd64ec49be8396ed78e2a88377" member_type: VOTER last_known_addr { host: "127.6.150.2" port: 33554 } }
I1010 20:59:09.825413 3722 leader_election.cc:223] T efe8fb09a1234c9fb1dc99948737a894 P 580cbaf7092444dfbc6fb344da88d7b6 [CANDIDATE]: Term 5 election: Requesting vote from peer b8062d66fd284035ae3bc2567bc11e7c
I1010 20:59:09.825445 3722 leader_election.cc:223] T efe8fb09a1234c9fb1dc99948737a894 P 580cbaf7092444dfbc6fb344da88d7b6 [CANDIDATE]: Term 5 election: Requesting vote from peer f6d15ccd64ec49be8396ed78e2a88377
I1010 20:59:09.825601 2748 raft_consensus.cc:2031] T efe8fb09a1234c9fb1dc99948737a894 P f6d15ccd64ec49be8396ed78e2a88377 [term 4 FOLLOWER]: Advancing to term 5
I1010 20:59:09.825609 2986 raft_consensus.cc:2031] T efe8fb09a1234c9fb1dc99948737a894 P b8062d66fd284035ae3bc2567bc11e7c [term 4 FOLLOWER]: Advancing to term 5
I1010 20:59:09.826004 2748 raft_consensus.cc:1981] T efe8fb09a1234c9fb1dc99948737a894 P f6d15ccd64ec49be8396ed78e2a88377 [term 5 FOLLOWER]: Snoozing failure detection for election timeout plus an additional 1.734s
I1010 20:59:09.826022 2986 raft_consensus.cc:1981] T efe8fb09a1234c9fb1dc99948737a894 P b8062d66fd284035ae3bc2567bc11e7c [term 5 FOLLOWER]: Snoozing failure detection for election timeout plus an additional 1.794s
I1010 20:59:09.826761 2986 raft_consensus.cc:1677] T efe8fb09a1234c9fb1dc99948737a894 P b8062d66fd284035ae3bc2567bc11e7c [term 5 FOLLOWER]: Leader election vote request: Granting yes vote for candidate 580cbaf7092444dfbc6fb344da88d7b6 in term 5.
I1010 20:59:09.826854 3507 leader_election.cc:347] T efe8fb09a1234c9fb1dc99948737a894 P 580cbaf7092444dfbc6fb344da88d7b6 [CANDIDATE]: Term 5 election: Vote granted by peer b8062d66fd284035ae3bc2567bc11e7c
I1010 20:59:09.826876 3507 leader_election.cc:248] T efe8fb09a1234c9fb1dc99948737a894 P 580cbaf7092444dfbc6fb344da88d7b6 [CANDIDATE]: Term 5 election: Election decided. Result: candidate won.
I1010 20:59:09.827040 4351 raft_consensus.cc:1981] T efe8fb09a1234c9fb1dc99948737a894 P 580cbaf7092444dfbc6fb344da88d7b6 [term 5 FOLLOWER]: Snoozing failure detection for election timeout plus an additional 1.547s
I1010 20:59:09.827066 4351 raft_consensus.cc:1861] T efe8fb09a1234c9fb1dc99948737a894 P 580cbaf7092444dfbc6fb344da88d7b6 [term 5 FOLLOWER]: Leader election won for term 5
I1010 20:59:09.827200 2748 raft_consensus.cc:1677] T efe8fb09a1234c9fb1dc99948737a894 P f6d15ccd64ec49be8396ed78e2a88377 [term 5 FOLLOWER]: Leader election vote request: Granting yes vote for candidate 580cbaf7092444dfbc6fb344da88d7b6 in term 5.
I1010 20:59:09.827203 4351 raft_consensus.cc:467] T efe8fb09a1234c9fb1dc99948737a894 P 580cbaf7092444dfbc6fb344da88d7b6 [term 5 LEADER]: Becoming Leader. State: Replica: 580cbaf7092444dfbc6fb344da88d7b6, State: 1, Role: LEADER Watermarks: {Received: term: 0 index: 0 Committed: term: 0 index: 0}
I1010 20:59:09.827246 4351 consensus_queue.cc:151] T efe8fb09a1234c9fb1dc99948737a894 P 580cbaf7092444dfbc6fb344da88d7b6 [LEADER]: Queue going to LEADER mode. State: All replicated index: 0, Majority replicated index: 0, Committed index: 0, Last appended: 0.0, Current term: 5, Majority size: 2, State: 1, Mode: LEADER, active raft config: opid_index: -1 OBSOLETE_local: false peers { permanent_uuid: "580cbaf7092444dfbc6fb344da88d7b6" member_type: VOTER last_known_addr { host: "127.6.150.9" port: 51743 } } peers { permanent_uuid: "b8062d66fd284035ae3bc2567bc11e7c" member_type: VOTER last_known_addr { host: "127.6.150.4" port: 44055 } } peers { permanent_uuid: "f6d15ccd64ec49be8396ed78e2a88377" member_type: VOTER last_known_addr { host: "127.6.150.2" port: 33554 } }
I1010 20:59:09.827286 3506 leader_election.cc:347] T efe8fb09a1234c9fb1dc99948737a894 P 580cbaf7092444dfbc6fb344da88d7b6 [CANDIDATE]: Term 5 election: Vote granted by peer f6d15ccd64ec49be8396ed78e2a88377
I1010 20:59:09.827988 2402 catalog_manager.cc:2018] T efe8fb09a1234c9fb1dc99948737a894 reported consensus state change: term changed from 0 to 5, leader changed from to 580cbaf7092444dfbc6fb344da88d7b6 (127.6.150.9). New consensus state: current_term: 5 leader_uuid: "580cbaf7092444dfbc6fb344da88d7b6" config { opid_index: -1 OBSOLETE_local: false peers { permanent_uuid: "580cbaf7092444dfbc6fb344da88d7b6" member_type: VOTER last_known_addr { host: "127.6.150.9" port: 51743 } } peers { permanent_uuid: "b8062d66fd284035ae3bc2567bc11e7c" member_type: VOTER last_known_addr { host: "127.6.150.4" port: 44055 } } peers { permanent_uuid: "f6d15ccd64ec49be8396ed78e2a88377" member_type: VOTER last_known_addr { host: "127.6.150.2" port: 33554 } } }
I1010 20:59:09.960001 2748 raft_consensus.cc:857] T 4c179cfa32ee4128ad57d34140e5320f P f6d15ccd64ec49be8396ed78e2a88377 [term 4 FOLLOWER]: Refusing update from remote peer 33ef4317e50042ba95e517992caa6531: Log matching property violated. Preceding OpId in replica: term: 0 index: 0. Preceding OpId from leader: term: 4 index: 1. (index mismatch)
I1010 20:59:09.960062 3337 raft_consensus.cc:857] T 4c179cfa32ee4128ad57d34140e5320f P 7f623b00f5ae4b9c8e8940692d5dfd44 [term 4 FOLLOWER]: Refusing update from remote peer 33ef4317e50042ba95e517992caa6531: Log matching property violated. Preceding OpId in replica: term: 0 index: 0. Preceding OpId from leader: term: 4 index: 1. (index mismatch)
I1010 20:59:09.960093 4347 consensus_queue.cc:652] T 4c179cfa32ee4128ad57d34140e5320f P 33ef4317e50042ba95e517992caa6531 [LEADER]: Connected to new peer: Peer: f6d15ccd64ec49be8396ed78e2a88377, Is new: false, Last received: 0.0, Next index: 1, Last known committed idx: 0, Last exchange result: ERROR, Needs tablet copy: false
I1010 20:59:09.960278 4347 consensus_queue.cc:652] T 4c179cfa32ee4128ad57d34140e5320f P 33ef4317e50042ba95e517992caa6531 [LEADER]: Connected to new peer: Peer: 7f623b00f5ae4b9c8e8940692d5dfd44, Is new: false, Last received: 0.0, Next index: 1, Last known committed idx: 0, Last exchange result: ERROR, Needs tablet copy: false
I1010 20:59:10.327697 2986 raft_consensus.cc:857] T efe8fb09a1234c9fb1dc99948737a894 P b8062d66fd284035ae3bc2567bc11e7c [term 5 FOLLOWER]: Refusing update from remote peer 580cbaf7092444dfbc6fb344da88d7b6: Log matching property violated. Preceding OpId in replica: term: 0 index: 0. Preceding OpId from leader: term: 5 index: 1. (index mismatch)
I1010 20:59:10.327776 2748 raft_consensus.cc:857] T efe8fb09a1234c9fb1dc99948737a894 P f6d15ccd64ec49be8396ed78e2a88377 [term 5 FOLLOWER]: Refusing update from remote peer 580cbaf7092444dfbc6fb344da88d7b6: Log matching property violated. Preceding OpId in replica: term: 0 index: 0. Preceding OpId from leader: term: 5 index: 1. (index mismatch)
I1010 20:59:10.327819 4351 consensus_queue.cc:652] T efe8fb09a1234c9fb1dc99948737a894 P 580cbaf7092444dfbc6fb344da88d7b6 [LEADER]: Connected to new peer: Peer: b8062d66fd284035ae3bc2567bc11e7c, Is new: false, Last received: 0.0, Next index: 1, Last known committed idx: 0, Last exchange result: ERROR, Needs tablet copy: false
I1010 20:59:10.327968 4351 consensus_queue.cc:652] T efe8fb09a1234c9fb1dc99948737a894 P 580cbaf7092444dfbc6fb344da88d7b6 [LEADER]: Connected to new peer: Peer: f6d15ccd64ec49be8396ed78e2a88377, Is new: false, Last received: 0.0, Next index: 1, Last known committed idx: 0, Last exchange result: ERROR, Needs tablet copy: false
I1010 20:59:10.479666 3763 raft_consensus.cc:375] T 90fa7ae3643e4575a6be1c4936b6cc11 P f6d15ccd64ec49be8396ed78e2a88377 [term 6 FOLLOWER]: No leader contacted us within the election timeout. Triggering leader election
I1010 20:59:10.479683 3763 raft_consensus.cc:2031] T 90fa7ae3643e4575a6be1c4936b6cc11 P f6d15ccd64ec49be8396ed78e2a88377 [term 6 FOLLOWER]: Advancing to term 7
I1010 20:59:10.480058 3763 raft_consensus.cc:1981] T 90fa7ae3643e4575a6be1c4936b6cc11 P f6d15ccd64ec49be8396ed78e2a88377 [term 7 FOLLOWER]: Snoozing failure detection for election timeout plus an additional 1.715s
I1010 20:59:10.480105 3763 raft_consensus.cc:391] T 90fa7ae3643e4575a6be1c4936b6cc11 P f6d15ccd64ec49be8396ed78e2a88377 [term 7 FOLLOWER]: Starting election with config: opid_index: -1 OBSOLETE_local: false peers { permanent_uuid: "1380a27d6b824575a3a5e139bee139f4" member_type: VOTER last_known_addr { host: "127.6.150.6" port: 46774 } } peers { permanent_uuid: "42e94fc3adbb419591836d222d946978" member_type: VOTER last_known_addr { host: "127.6.150.8" port: 35299 } } peers { permanent_uuid: "f6d15ccd64ec49be8396ed78e2a88377" member_type: VOTER last_known_addr { host: "127.6.150.2" port: 33554 } }
I1010 20:59:10.480900 3763 leader_election.cc:223] T 90fa7ae3643e4575a6be1c4936b6cc11 P f6d15ccd64ec49be8396ed78e2a88377 [CANDIDATE]: Term 7 election: Requesting vote from peer 1380a27d6b824575a3a5e139bee139f4
I1010 20:59:10.480964 3763 leader_election.cc:223] T 90fa7ae3643e4575a6be1c4936b6cc11 P f6d15ccd64ec49be8396ed78e2a88377 [CANDIDATE]: Term 7 election: Requesting vote from peer 42e94fc3adbb419591836d222d946978
I1010 20:59:10.481137 3220 raft_consensus.cc:2031] T 90fa7ae3643e4575a6be1c4936b6cc11 P 1380a27d6b824575a3a5e139bee139f4 [term 5 FOLLOWER]: Advancing to term 7
I1010 20:59:10.481194 3451 raft_consensus.cc:2031] T 90fa7ae3643e4575a6be1c4936b6cc11 P 42e94fc3adbb419591836d222d946978 [term 6 FOLLOWER]: Advancing to term 7
I1010 20:59:10.481515 3451 raft_consensus.cc:1981] T 90fa7ae3643e4575a6be1c4936b6cc11 P 42e94fc3adbb419591836d222d946978 [term 7 FOLLOWER]: Snoozing failure detection for election timeout plus an additional 2.813s
I1010 20:59:10.481530 3220 raft_consensus.cc:1981] T 90fa7ae3643e4575a6be1c4936b6cc11 P 1380a27d6b824575a3a5e139bee139f4 [term 7 FOLLOWER]: Snoozing failure detection for election timeout plus an additional 1.560s
I1010 20:59:10.482197 3220 raft_consensus.cc:1677] T 90fa7ae3643e4575a6be1c4936b6cc11 P 1380a27d6b824575a3a5e139bee139f4 [term 7 FOLLOWER]: Leader election vote request: Granting yes vote for candidate f6d15ccd64ec49be8396ed78e2a88377 in term 7.
I1010 20:59:10.482223 3451 raft_consensus.cc:1677] T 90fa7ae3643e4575a6be1c4936b6cc11 P 42e94fc3adbb419591836d222d946978 [term 7 FOLLOWER]: Leader election vote request: Granting yes vote for candidate f6d15ccd64ec49be8396ed78e2a88377 in term 7.
I1010 20:59:10.482329 2682 leader_election.cc:347] T 90fa7ae3643e4575a6be1c4936b6cc11 P f6d15ccd64ec49be8396ed78e2a88377 [CANDIDATE]: Term 7 election: Vote granted by peer 1380a27d6b824575a3a5e139bee139f4
I1010 20:59:10.482341 2682 leader_election.cc:248] T 90fa7ae3643e4575a6be1c4936b6cc11 P f6d15ccd64ec49be8396ed78e2a88377 [CANDIDATE]: Term 7 election: Election decided. Result: candidate won.
I1010 20:59:10.482393 2684 leader_election.cc:347] T 90fa7ae3643e4575a6be1c4936b6cc11 P f6d15ccd64ec49be8396ed78e2a88377 [CANDIDATE]: Term 7 election: Vote granted by peer 42e94fc3adbb419591836d222d946978
I1010 20:59:10.482523 4363 raft_consensus.cc:1981] T 90fa7ae3643e4575a6be1c4936b6cc11 P f6d15ccd64ec49be8396ed78e2a88377 [term 7 FOLLOWER]: Snoozing failure detection for election timeout plus an additional 1.566s
I1010 20:59:10.482542 4363 raft_consensus.cc:1861] T 90fa7ae3643e4575a6be1c4936b6cc11 P f6d15ccd64ec49be8396ed78e2a88377 [term 7 FOLLOWER]: Leader election won for term 7
I1010 20:59:10.482745 4363 raft_consensus.cc:467] T 90fa7ae3643e4575a6be1c4936b6cc11 P f6d15ccd64ec49be8396ed78e2a88377 [term 7 LEADER]: Becoming Leader. State: Replica: f6d15ccd64ec49be8396ed78e2a88377, State: 1, Role: LEADER Watermarks: {Received: term: 5 index: 1 Committed: term: 5 index: 1}
I1010 20:59:10.482795 4363 consensus_queue.cc:151] T 90fa7ae3643e4575a6be1c4936b6cc11 P f6d15ccd64ec49be8396ed78e2a88377 [LEADER]: Queue going to LEADER mode. State: All replicated index: 0, Majority replicated index: 1, Committed index: 1, Last appended: 5.1, Current term: 7, Majority size: 2, State: 1, Mode: LEADER, active raft config: opid_index: -1 OBSOLETE_local: false peers { permanent_uuid: "1380a27d6b824575a3a5e139bee139f4" member_type: VOTER last_known_addr { host: "127.6.150.6" port: 46774 } } peers { permanent_uuid: "42e94fc3adbb419591836d222d946978" member_type: VOTER last_known_addr { host: "127.6.150.8" port: 35299 } } peers { permanent_uuid: "f6d15ccd64ec49be8396ed78e2a88377" member_type: VOTER last_known_addr { host: "127.6.150.2" port: 33554 } }
I1010 20:59:10.483377 2402 catalog_manager.cc:2018] T 90fa7ae3643e4575a6be1c4936b6cc11 reported consensus state change: term changed from 5 to 7. New consensus state: current_term: 7 leader_uuid: "f6d15ccd64ec49be8396ed78e2a88377" config { opid_index: -1 OBSOLETE_local: false peers { permanent_uuid: "1380a27d6b824575a3a5e139bee139f4" member_type: VOTER last_known_addr { host: "127.6.150.6" port: 46774 } } peers { permanent_uuid: "42e94fc3adbb419591836d222d946978" member_type: VOTER last_known_addr { host: "127.6.150.8" port: 35299 } } peers { permanent_uuid: "f6d15ccd64ec49be8396ed78e2a88377" member_type: VOTER last_known_addr { host: "127.6.150.2" port: 33554 } } }
I1010 20:59:10.641121 3781 raft_consensus.cc:375] T 19f492d94e864f1ebd1c70810b0470f7 P 8de6cfa864d64c58bf4eafb689517c93 [term 4 FOLLOWER]: No leader contacted us within the election timeout. Triggering leader election
I1010 20:59:10.641154 3781 raft_consensus.cc:2031] T 19f492d94e864f1ebd1c70810b0470f7 P 8de6cfa864d64c58bf4eafb689517c93 [term 4 FOLLOWER]: Advancing to term 5
I1010 20:59:10.641518 3781 raft_consensus.cc:1981] T 19f492d94e864f1ebd1c70810b0470f7 P 8de6cfa864d64c58bf4eafb689517c93 [term 5 FOLLOWER]: Snoozing failure detection for election timeout plus an additional 1.550s
I1010 20:59:10.641561 3781 raft_consensus.cc:391] T 19f492d94e864f1ebd1c70810b0470f7 P 8de6cfa864d64c58bf4eafb689517c93 [term 5 FOLLOWER]: Starting election with config: opid_index: -1 OBSOLETE_local: false peers { permanent_uuid: "33ef4317e50042ba95e517992caa6531" member_type: VOTER last_known_addr { host: "127.6.150.5" port: 40764 } } peers { permanent_uuid: "84bde34331b94c4ea003e48f9317f792" member_type: VOTER last_known_addr { host: "127.6.150.0" port: 40113 } } peers { permanent_uuid: "8de6cfa864d64c58bf4eafb689517c93" member_type: VOTER last_known_addr { host: "127.6.150.3" port: 40117 } }
I1010 20:59:10.642349 3781 leader_election.cc:223] T 19f492d94e864f1ebd1c70810b0470f7 P 8de6cfa864d64c58bf4eafb689517c93 [CANDIDATE]: Term 5 election: Requesting vote from peer 33ef4317e50042ba95e517992caa6531
I1010 20:59:10.642418 3781 leader_election.cc:223] T 19f492d94e864f1ebd1c70810b0470f7 P 8de6cfa864d64c58bf4eafb689517c93 [CANDIDATE]: Term 5 election: Requesting vote from peer 84bde34331b94c4ea003e48f9317f792
I1010 20:59:10.642550 3099 raft_consensus.cc:2031] T 19f492d94e864f1ebd1c70810b0470f7 P 33ef4317e50042ba95e517992caa6531 [term 4 FOLLOWER]: Advancing to term 5
I1010 20:59:10.642622 2508 raft_consensus.cc:2031] T 19f492d94e864f1ebd1c70810b0470f7 P 84bde34331b94c4ea003e48f9317f792 [term 4 FOLLOWER]: Advancing to term 5
I1010 20:59:10.642873 3099 raft_consensus.cc:1981] T 19f492d94e864f1ebd1c70810b0470f7 P 33ef4317e50042ba95e517992caa6531 [term 5 FOLLOWER]: Snoozing failure detection for election timeout plus an additional 1.821s
I1010 20:59:10.642972 2508 raft_consensus.cc:1981] T 19f492d94e864f1ebd1c70810b0470f7 P 84bde34331b94c4ea003e48f9317f792 [term 5 FOLLOWER]: Snoozing failure detection for election timeout plus an additional 2.016s
I1010 20:59:10.643488 3099 raft_consensus.cc:1677] T 19f492d94e864f1ebd1c70810b0470f7 P 33ef4317e50042ba95e517992caa6531 [term 5 FOLLOWER]: Leader election vote request: Granting yes vote for candidate 8de6cfa864d64c58bf4eafb689517c93 in term 5.
I1010 20:59:10.643502 2508 raft_consensus.cc:1677] T 19f492d94e864f1ebd1c70810b0470f7 P 84bde34331b94c4ea003e48f9317f792 [term 5 FOLLOWER]: Leader election vote request: Granting yes vote for candidate 8de6cfa864d64c58bf4eafb689517c93 in term 5.
I1010 20:59:10.643589 2799 leader_election.cc:347] T 19f492d94e864f1ebd1c70810b0470f7 P 8de6cfa864d64c58bf4eafb689517c93 [CANDIDATE]: Term 5 election: Vote granted by peer 33ef4317e50042ba95e517992caa6531
I1010 20:59:10.643610 2799 leader_election.cc:248] T 19f492d94e864f1ebd1c70810b0470f7 P 8de6cfa864d64c58bf4eafb689517c93 [CANDIDATE]: Term 5 election: Election decided. Result: candidate won.
I1010 20:59:10.643620 2802 leader_election.cc:347] T 19f492d94e864f1ebd1c70810b0470f7 P 8de6cfa864d64c58bf4eafb689517c93 [CANDIDATE]: Term 5 election: Vote granted by peer 84bde34331b94c4ea003e48f9317f792
I1010 20:59:10.643756 4367 raft_consensus.cc:1981] T 19f492d94e864f1ebd1c70810b0470f7 P 8de6cfa864d64c58bf4eafb689517c93 [term 5 FOLLOWER]: Snoozing failure detection for election timeout plus an additional 2.349s
I1010 20:59:10.643774 4367 raft_consensus.cc:1861] T 19f492d94e864f1ebd1c70810b0470f7 P 8de6cfa864d64c58bf4eafb689517c93 [term 5 FOLLOWER]: Leader election won for term 5
I1010 20:59:10.643930 4367 raft_consensus.cc:467] T 19f492d94e864f1ebd1c70810b0470f7 P 8de6cfa864d64c58bf4eafb689517c93 [term 5 LEADER]: Becoming Leader. State: Replica: 8de6cfa864d64c58bf4eafb689517c93, State: 1, Role: LEADER Watermarks: {Received: term: 0 index: 0 Committed: term: 0 index: 0}
I1010 20:59:10.644023 4367 consensus_queue.cc:151] T 19f492d94e864f1ebd1c70810b0470f7 P 8de6cfa864d64c58bf4eafb689517c93 [LEADER]: Queue going to LEADER mode. State: All replicated index: 0, Majority replicated index: 0, Committed index: 0, Last appended: 0.0, Current term: 5, Majority size: 2, State: 1, Mode: LEADER, active raft config: opid_index: -1 OBSOLETE_local: false peers { permanent_uuid: "33ef4317e50042ba95e517992caa6531" member_type: VOTER last_known_addr { host: "127.6.150.5" port: 40764 } } peers { permanent_uuid: "84bde34331b94c4ea003e48f9317f792" member_type: VOTER last_known_addr { host: "127.6.150.0" port: 40113 } } peers { permanent_uuid: "8de6cfa864d64c58bf4eafb689517c93" member_type: VOTER last_known_addr { host: "127.6.150.3" port: 40117 } }
I1010 20:59:10.644556 2402 catalog_manager.cc:2018] T 19f492d94e864f1ebd1c70810b0470f7 reported consensus state change: term changed from 0 to 5, leader changed from to 8de6cfa864d64c58bf4eafb689517c93 (127.6.150.3). New consensus state: current_term: 5 leader_uuid: "8de6cfa864d64c58bf4eafb689517c93" config { opid_index: -1 OBSOLETE_local: false peers { permanent_uuid: "33ef4317e50042ba95e517992caa6531" member_type: VOTER last_known_addr { host: "127.6.150.5" port: 40764 } } peers { permanent_uuid: "84bde34331b94c4ea003e48f9317f792" member_type: VOTER last_known_addr { host: "127.6.150.0" port: 40113 } } peers { permanent_uuid: "8de6cfa864d64c58bf4eafb689517c93" member_type: VOTER last_known_addr { host: "127.6.150.3" port: 40117 } } }
I1010 20:59:10.983259 3220 raft_consensus.cc:857] T 90fa7ae3643e4575a6be1c4936b6cc11 P 1380a27d6b824575a3a5e139bee139f4 [term 7 FOLLOWER]: Refusing update from remote peer f6d15ccd64ec49be8396ed78e2a88377: Log matching property violated. Preceding OpId in replica: term: 5 index: 1. Preceding OpId from leader: term: 7 index: 2. (index mismatch)
I1010 20:59:10.983331 3451 raft_consensus.cc:857] T 90fa7ae3643e4575a6be1c4936b6cc11 P 42e94fc3adbb419591836d222d946978 [term 7 FOLLOWER]: Refusing update from remote peer f6d15ccd64ec49be8396ed78e2a88377: Log matching property violated. Preceding OpId in replica: term: 0 index: 0. Preceding OpId from leader: term: 7 index: 2. (index mismatch)
I1010 20:59:10.983376 4363 consensus_queue.cc:652] T 90fa7ae3643e4575a6be1c4936b6cc11 P f6d15ccd64ec49be8396ed78e2a88377 [LEADER]: Connected to new peer: Peer: 1380a27d6b824575a3a5e139bee139f4, Is new: false, Last received: 5.1, Next index: 2, Last known committed idx: 1, Last exchange result: ERROR, Needs tablet copy: false
I1010 20:59:10.983563 4363 consensus_queue.cc:652] T 90fa7ae3643e4575a6be1c4936b6cc11 P f6d15ccd64ec49be8396ed78e2a88377 [LEADER]: Connected to new peer: Peer: 42e94fc3adbb419591836d222d946978, Is new: false, Last received: 0.0, Next index: 1, Last known committed idx: 0, Last exchange result: ERROR, Needs tablet copy: false
I1010 20:59:11.144457 3099 raft_consensus.cc:857] T 19f492d94e864f1ebd1c70810b0470f7 P 33ef4317e50042ba95e517992caa6531 [term 5 FOLLOWER]: Refusing update from remote peer 8de6cfa864d64c58bf4eafb689517c93: Log matching property violated. Preceding OpId in replica: term: 0 index: 0. Preceding OpId from leader: term: 5 index: 1. (index mismatch)
I1010 20:59:11.144531 2508 raft_consensus.cc:857] T 19f492d94e864f1ebd1c70810b0470f7 P 84bde34331b94c4ea003e48f9317f792 [term 5 FOLLOWER]: Refusing update from remote peer 8de6cfa864d64c58bf4eafb689517c93: Log matching property violated. Preceding OpId in replica: term: 0 index: 0. Preceding OpId from leader: term: 5 index: 1. (index mismatch)
I1010 20:59:11.144587 4367 consensus_queue.cc:652] T 19f492d94e864f1ebd1c70810b0470f7 P 8de6cfa864d64c58bf4eafb689517c93 [LEADER]: Connected to new peer: Peer: 33ef4317e50042ba95e517992caa6531, Is new: false, Last received: 0.0, Next index: 1, Last known committed idx: 0, Last exchange result: ERROR, Needs tablet copy: false
I1010 20:59:11.144712 4367 consensus_queue.cc:652] T 19f492d94e864f1ebd1c70810b0470f7 P 8de6cfa864d64c58bf4eafb689517c93 [LEADER]: Connected to new peer: Peer: 84bde34331b94c4ea003e48f9317f792, Is new: false, Last received: 0.0, Next index: 1, Last known committed idx: 0, Last exchange result: ERROR, Needs tablet copy: false /data/10/dinesh/1.0.1/apache-kudu-1.0.1/src/kudu/integration-tests/create-table-itest.cc:138: Failure Failed Bad status: Timed out: Timed out waiting for Table Creation
I1010 20:59:11.777585 1686 external_mini_cluster-itest-base.h:43] Found fatal failure
I1010 20:59:11.777601 1686 external_mini_cluster-itest-base.h:49] Attempting to dump stacks of TS 0 with UUID 84bde34331b94c4ea003e48f9317f792 and pid 2443 ************************ BEGIN STACKS **************************
I1010 20:59:11.883447 3713 raft_consensus.cc:375] T 05a5666441ec49d792222a3e8674edf7 P 33ef4317e50042ba95e517992caa6531 [term 4 FOLLOWER]: No leader contacted us within the election timeout. Triggering leader election
I1010 20:59:11.883492 3713 raft_consensus.cc:2031] T 05a5666441ec49d792222a3e8674edf7 P 33ef4317e50042ba95e517992caa6531 [term 4 FOLLOWER]: Advancing to term 5
I1010 20:59:11.883955 3713 raft_consensus.cc:1981] T 05a5666441ec49d792222a3e8674edf7 P 33ef4317e50042ba95e517992caa6531 [term 5 FOLLOWER]: Snoozing failure detection for election timeout plus an additional 1.779s
I1010 20:59:11.884006 3713 raft_consensus.cc:391] T 05a5666441ec49d792222a3e8674edf7 P 33ef4317e50042ba95e517992caa6531 [term 5 FOLLOWER]: Starting election with config: opid_index: -1 OBSOLETE_local: false peers { permanent_uuid: "33ef4317e50042ba95e517992caa6531" member_type: VOTER last_known_addr { host: "127.6.150.5" port: 40764 } } peers { permanent_uuid: "f6d15ccd64ec49be8396ed78e2a88377" member_type: VOTER last_known_addr { host: "127.6.150.2" port: 33554 } } peers { permanent_uuid: "1031512f5120422e9e22a0afabd78f61" member_type: VOTER last_known_addr { host: "127.6.150.1" port: 46963 } }
I1010 20:59:11.885082 3713 leader_election.cc:223] T 05a5666441ec49d792222a3e8674edf7 P 33ef4317e50042ba95e517992caa6531 [CANDIDATE]: Term 5 election: Requesting vote from peer f6d15ccd64ec49be8396ed78e2a88377
I1010 20:59:11.885113 3713 leader_election.cc:223] T 05a5666441ec49d792222a3e8674edf7 P 33ef4317e50042ba95e517992caa6531 [CANDIDATE]: Term 5 election: Requesting vote from peer 1031512f5120422e9e22a0afabd78f61
I1010 20:59:11.885242 2628 raft_consensus.cc:2031] T 05a5666441ec49d792222a3e8674edf7 P 1031512f5120422e9e22a0afabd78f61 [term 4 FOLLOWER]: Advancing to term 5
I1010 20:59:11.885269 2748 raft_consensus.cc:2031] T 05a5666441ec49d792222a3e8674edf7 P f6d15ccd64ec49be8396ed78e2a88377 [term 4 FOLLOWER]: Advancing to term 5
I1010 20:59:11.885578 2628 raft_consensus.cc:1981] T 05a5666441ec49d792222a3e8674edf7 P 1031512f5120422e9e22a0afabd78f61 [term 5 FOLLOWER]: Snoozing failure detection for election timeout plus an additional 1.654s
I1010 20:59:11.885684 2748 raft_consensus.cc:1981] T 05a5666441ec49d792222a3e8674edf7 P f6d15ccd64ec49be8396ed78e2a88377 [term 5 FOLLOWER]: Snoozing failure detection for election timeout plus an additional 1.884s
I1010 20:59:11.886152 2628 raft_consensus.cc:1677] T 05a5666441ec49d792222a3e8674edf7 P 1031512f5120422e9e22a0afabd78f61 [term 5 FOLLOWER]: Leader election vote request: Granting yes vote for candidate 33ef4317e50042ba95e517992caa6531 in term 5.
I1010 20:59:11.886257 3037 leader_election.cc:347] T 05a5666441ec49d792222a3e8674edf7 P 33ef4317e50042ba95e517992caa6531 [CANDIDATE]: Term 5 election: Vote granted by peer 1031512f5120422e9e22a0afabd78f61
I1010 20:59:11.886271 3037 leader_election.cc:248] T 05a5666441ec49d792222a3e8674edf7 P 33ef4317e50042ba95e517992caa6531 [CANDIDATE]: Term 5 election: Election decided. Result: candidate won.
I1010 20:59:11.886277 2748 raft_consensus.cc:1677] T 05a5666441ec49d792222a3e8674edf7 P f6d15ccd64ec49be8396ed78e2a88377 [term 5 FOLLOWER]: Leader election vote request: Granting yes vote for candidate 33ef4317e50042ba95e517992caa6531 in term 5.
I1010 20:59:11.886360 3038 leader_election.cc:347] T 05a5666441ec49d792222a3e8674edf7 P 33ef4317e50042ba95e517992caa6531 [CANDIDATE]: Term 5 election: Vote granted by peer f6d15ccd64ec49be8396ed78e2a88377
I1010 20:59:11.886445 4382 raft_consensus.cc:1981] T 05a5666441ec49d792222a3e8674edf7 P 33ef4317e50042ba95e517992caa6531 [term 5 FOLLOWER]: Snoozing failure detection for election timeout plus an additional 2.303s
I1010 20:59:11.886466 4382 raft_consensus.cc:1861] T 05a5666441ec49d792222a3e8674edf7 P 33ef4317e50042ba95e517992caa6531 [term 5 FOLLOWER]: Leader election won for term 5
I1010 20:59:11.886706 4382 raft_consensus.cc:467] T 05a5666441ec49d792222a3e8674edf7 P 33ef4317e50042ba95e517992caa6531 [term 5 LEADER]: Becoming Leader. State: Replica: 33ef4317e50042ba95e517992caa6531, State: 1, Role: LEADER Watermarks: {Received: term: 0 index: 0 Committed: term: 0 index: 0}
I1010 20:59:11.886791 4382 consensus_queue.cc:151] T 05a5666441ec49d792222a3e8674edf7 P 33ef4317e50042ba95e517992caa6531 [LEADER]: Queue going to LEADER mode. State: All replicated index: 0, Majority replicated index: 0, Committed index: 0, Last appended: 0.0, Current term: 5, Majority size: 2, State: 1, Mode: LEADER, active raft config: opid_index: -1 OBSOLETE_local: false peers { permanent_uuid: "33ef4317e50042ba95e517992caa6531" member_type: VOTER last_known_addr { host: "127.6.150.5" port: 40764 } } peers { permanent_uuid: "f6d15ccd64ec49be8396ed78e2a88377" member_type: VOTER last_known_addr { host: "127.6.150.2" port: 33554 } } peers { permanent_uuid: "1031512f5120422e9e22a0afabd78f61" member_type: VOTER last_known_addr { host: "127.6.150.1" port: 46963 } }
I1010 20:59:11.887384 2406 catalog_manager.cc:2018] T 05a5666441ec49d792222a3e8674edf7 reported consensus state change: term changed from 0 to 5, leader changed from to 33ef4317e50042ba95e517992caa6531 (127.6.150.5). New consensus state: current_term: 5 leader_uuid: "33ef4317e50042ba95e517992caa6531" config { opid_index: -1 OBSOLETE_local: false peers { permanent_uuid: "33ef4317e50042ba95e517992caa6531" member_type: VOTER last_known_addr { host: "127.6.150.5" port: 40764 } } peers { permanent_uuid: "f6d15ccd64ec49be8396ed78e2a88377" member_type: VOTER last_known_addr { host: "127.6.150.2" port: 33554 } } peers { permanent_uuid: "1031512f5120422e9e22a0afabd78f61" member_type: VOTER last_known_addr { host: "127.6.150.1" port: 46963 } } }
W1010 20:59:11.906469 3622 catalog_manager.cc:2975] Tablet 872042177fee42c9b6c380a1b657755e (table test-table [id=6095d493aa4d412a8ffc0874a373d7f6]) was not created within the allowed timeout. Replacing with a new tablet 2f7a8f9befa745c2969913bbbe3e6b0c
I1010 20:59:11.906850 3622 catalog_manager.cc:2864] Sending DeleteTablet for 3 replicas of tablet 872042177fee42c9b6c380a1b657755e
I1010 20:59:11.906868 3622 catalog_manager.cc:2591] Sending DeleteTablet(TABLET_DATA_DELETED) for tablet 872042177fee42c9b6c380a1b657755e on 8de6cfa864d64c58bf4eafb689517c93 (127.6.150.3:40117) (Replaced by 2f7a8f9befa745c2969913bbbe3e6b0c at 2016-10-10 20:59:11 UTC)
I1010 20:59:11.906882 3622 catalog_manager.cc:2591] Sending DeleteTablet(TABLET_DATA_DELETED) for tablet 872042177fee42c9b6c380a1b657755e on f6d15ccd64ec49be8396ed78e2a88377 (127.6.150.2:33554) (Replaced by 2f7a8f9befa745c2969913bbbe3e6b0c at 2016-10-10 20:59:11 UTC)
I1010 20:59:11.906898 3622 catalog_manager.cc:2591] Sending DeleteTablet(TABLET_DATA_DELETED) for tablet 872042177fee42c9b6c380a1b657755e on 42e94fc3adbb419591836d222d946978 (127.6.150.8:35299) (Replaced by 2f7a8f9befa745c2969913bbbe3e6b0c at 2016-10-10 20:59:11 UTC)
I1010 20:59:11.907023 2843 tablet_service.cc:660] Processing DeleteTablet for tablet 872042177fee42c9b6c380a1b657755e with delete_type TABLET_DATA_DELETED (Replaced by 2f7a8f9befa745c2969913bbbe3e6b0c at 2016-10-10 20:59:11 UTC) from {real_user=slave, eff_user=} at 127.0.0.1:35643
I1010 20:59:11.907066 2843 tablet_peer.cc:215] Initiating TabletPeer shutdown for tablet: 872042177fee42c9b6c380a1b657755e
I1010 20:59:11.907073 2843 maintenance_manager.cc:182] Unregistered op CompactRowSetsOp(872042177fee42c9b6c380a1b657755e)
I1010 20:59:11.907076 2843 maintenance_manager.cc:182] Unregistered op MinorDeltaCompactionOp(872042177fee42c9b6c380a1b657755e)
I1010 20:59:11.907080 2843 maintenance_manager.cc:182] Unregistered op MajorDeltaCompactionOp(872042177fee42c9b6c380a1b657755e)
I1010 20:59:11.907085 2843 maintenance_manager.cc:182] Unregistered op FlushMRSOp(872042177fee42c9b6c380a1b657755e)
I1010 20:59:11.907080 2607 tablet_service.cc:619] Processing CreateTablet for tablet 2f7a8f9befa745c2969913bbbe3e6b0c (table=test-table [id=6095d493aa4d412a8ffc0874a373d7f6]), partition=hash buckets: (0), range: [, )
I1010 20:59:11.907089 2843 maintenance_manager.cc:182] Unregistered op FlushDeltaMemStoresOp(872042177fee42c9b6c380a1b657755e)
I1010 20:59:11.907093 2843 maintenance_manager.cc:182] Unregistered op LogGCOp(872042177fee42c9b6c380a1b657755e)
I1010 20:59:11.907104 2843 raft_consensus.cc:1495] T 872042177fee42c9b6c380a1b657755e P 8de6cfa864d64c58bf4eafb689517c93 [term 4 FOLLOWER]: Raft consensus shutting down.
I1010 20:59:11.907112 2843 raft_consensus.cc:1511] T 872042177fee42c9b6c380a1b657755e P 8de6cfa864d64c58bf4eafb689517c93 [term 4 FOLLOWER]: Raft consensus is shut down!
I1010 20:59:11.907217 3430 tablet_service.cc:660] Processing DeleteTablet for tablet 872042177fee42c9b6c380a1b657755e with delete_type TABLET_DATA_DELETED (Replaced by 2f7a8f9befa745c2969913bbbe3e6b0c at 2016-10-10 20:59:11 UTC) from {real_user=slave, eff_user=} at 127.0.0.1:37365
I1010 20:59:11.907223 2724 tablet_service.cc:660] Processing DeleteTablet for tablet 872042177fee42c9b6c380a1b657755e with delete_type TABLET_DATA_DELETED (Replaced by 2f7a8f9befa745c2969913bbbe3e6b0c at 2016-10-10 20:59:11 UTC) from {real_user=slave, eff_user=} at 127.0.0.1:49508
I1010 20:59:11.907239 3430 tablet_peer.cc:215] Initiating TabletPeer shutdown for tablet: 872042177fee42c9b6c380a1b657755e
I1010 20:59:11.907244 2724 tablet_peer.cc:215] Initiating TabletPeer shutdown for tablet: 872042177fee42c9b6c380a1b657755e
I1010 20:59:11.907248 3430 maintenance_manager.cc:182] Unregistered op CompactRowSetsOp(872042177fee42c9b6c380a1b657755e)
I1010 20:59:11.907253 2724 maintenance_manager.cc:182] Unregistered op CompactRowSetsOp(872042177fee42c9b6c380a1b657755e)
I1010 20:59:11.907253 3430 maintenance_manager.cc:182] Unregistered op MinorDeltaCompactionOp(872042177fee42c9b6c380a1b657755e)
I1010 20:59:11.907258 2724 maintenance_manager.cc:182] Unregistered op MinorDeltaCompactionOp(872042177fee42c9b6c380a1b657755e)
I1010 20:59:11.907263 2724 maintenance_manager.cc:182] Unregistered op MajorDeltaCompactionOp(872042177fee42c9b6c380a1b657755e)
I1010 20:59:11.907263 3430 maintenance_manager.cc:182] Unregistered op MajorDeltaCompactionOp(872042177fee42c9b6c380a1b657755e)
I1010 20:59:11.907269 2724 maintenance_manager.cc:182] Unregistered op FlushMRSOp(872042177fee42c9b6c380a1b657755e)
I1010 20:59:11.907270 3430 maintenance_manager.cc:182] Unregistered op FlushMRSOp(872042177fee42c9b6c380a1b657755e)
I1010 20:59:11.907272 2724 maintenance_manager.cc:182] Unregistered op FlushDeltaMemStoresOp(872042177fee42c9b6c380a1b657755e)
I1010 20:59:11.907274 3430 maintenance_manager.cc:182] Unregistered op FlushDeltaMemStoresOp(872042177fee42c9b6c380a1b657755e)
I1010 20:59:11.907277 2724 maintenance_manager.cc:182] Unregistered op LogGCOp(872042177fee42c9b6c380a1b657755e)
I1010 20:59:11.907280 3430 maintenance_manager.cc:182] Unregistered op LogGCOp(872042177fee42c9b6c380a1b657755e)
I1010 20:59:11.907285 2724 raft_consensus.cc:1495] T 872042177fee42c9b6c380a1b657755e P f6d15ccd64ec49be8396ed78e2a88377 [term 4 FOLLOWER]: Raft consensus shutting down.
I1010 20:59:11.907290 3430 raft_consensus.cc:1495] T 872042177fee42c9b6c380a1b657755e P 42e94fc3adbb419591836d222d946978 [term 4 FOLLOWER]: Raft consensus shutting down.
I1010 20:59:11.907291 2724 raft_consensus.cc:1511] T 872042177fee42c9b6c380a1b657755e P f6d15ccd64ec49be8396ed78e2a88377 [term 4 FOLLOWER]: Raft consensus is shut down!
I1010 20:59:11.907296 3430 raft_consensus.cc:1511] T 872042177fee42c9b6c380a1b657755e P 42e94fc3adbb419591836d222d946978 [term 4 FOLLOWER]: Raft consensus is shut down!
I1010 20:59:11.907424 2843 ts_tablet_manager.cc:916] T 872042177fee42c9b6c380a1b657755e P 8de6cfa864d64c58bf4eafb689517c93: Deleting tablet data with delete state TABLET_DATA_DELETED
I1010 20:59:11.907502 3314 tablet_service.cc:619] Processing CreateTablet for tablet 2f7a8f9befa745c2969913bbbe3e6b0c (table=test-table [id=6095d493aa4d412a8ffc0874a373d7f6]), partition=hash buckets: (0), range: [, )
I1010 20:59:11.907572 2607 ts_tablet_manager.cc:766] Registered tablet 2f7a8f9befa745c2969913bbbe3e6b0c
I1010 20:59:11.907964 2724 ts_tablet_manager.cc:916] T 872042177fee42c9b6c380a1b657755e P f6d15ccd64ec49be8396ed78e2a88377: Deleting tablet data with delete state TABLET_DATA_DELETED
I1010 20:59:11.907974 3314 ts_tablet_manager.cc:766] Registered tablet 2f7a8f9befa745c2969913bbbe3e6b0c
I1010 20:59:11.908171 3549 tablet_service.cc:619] Processing CreateTablet for tablet 2f7a8f9befa745c2969913bbbe3e6b0c (table=test-table [id=6095d493aa4d412a8ffc0874a373d7f6]), partition=hash buckets: (0), range: [, )
I1010 20:59:11.908563 2843 ts_tablet_manager.cc:926] T 872042177fee42c9b6c380a1b657755e P 8de6cfa864d64c58bf4eafb689517c93: Tablet deleted. Last logged OpId: 0.0
I1010 20:59:11.908674 4389 ts_tablet_manager.cc:632] T 2f7a8f9befa745c2969913bbbe3e6b0c P 1031512f5120422e9e22a0afabd78f61: Bootstrapping tablet
I1010 20:59:11.908808 4389 tablet_bootstrap.cc:380] T 2f7a8f9befa745c2969913bbbe3e6b0c P 1031512f5120422e9e22a0afabd78f61: Bootstrap starting.
I1010 20:59:11.908902 3549 ts_tablet_manager.cc:766] Registered tablet 2f7a8f9befa745c2969913bbbe3e6b0c
I1010 20:59:11.909018 4389 tablet_bootstrap.cc:542] T 2f7a8f9befa745c2969913bbbe3e6b0c P 1031512f5120422e9e22a0afabd78f61: Time spent opening tablet: real 0.000s user 0.000s sys 0.000s
I1010 20:59:11.909137 4389 tablet_bootstrap.cc:482] T 2f7a8f9befa745c2969913bbbe3e6b0c P 1031512f5120422e9e22a0afabd78f61: No blocks or log segments found. Creating new log.
I1010 20:59:11.909137 2395 catalog_manager.cc:2567] TS 8de6cfa864d64c58bf4eafb689517c93 (127.6.150.3:40117): tablet 872042177fee42c9b6c380a1b657755e (table test-table [id=6095d493aa4d412a8ffc0874a373d7f6]) successfully deleted
I1010 20:59:11.909333 3430 ts_tablet_manager.cc:916] T 872042177fee42c9b6c380a1b657755e P 42e94fc3adbb419591836d222d946978: Deleting tablet data with delete state TABLET_DATA_DELETED
I1010 20:59:11.909389 2724 ts_tablet_manager.cc:926] T 872042177fee42c9b6c380a1b657755e P f6d15ccd64ec49be8396ed78e2a88377: Tablet deleted. Last logged OpId: 0.0
I1010 20:59:11.909721 2394 catalog_manager.cc:2567] TS f6d15ccd64ec49be8396ed78e2a88377 (127.6.150.2:33554): tablet 872042177fee42c9b6c380a1b657755e (table test-table [id=6095d493aa4d412a8ffc0874a373d7f6]) successfully deleted
I1010 20:59:11.910025 4391 ts_tablet_manager.cc:632] T 2f7a8f9befa745c2969913bbbe3e6b0c P 580cbaf7092444dfbc6fb344da88d7b6: Bootstrapping tablet
I1010 20:59:11.910153 4390 ts_tablet_manager.cc:632] T 2f7a8f9befa745c2969913bbbe3e6b0c P 7f623b00f5ae4b9c8e8940692d5dfd44: Bootstrapping tablet
I1010 20:59:11.910207 3430 ts_tablet_manager.cc:926] T 872042177fee42c9b6c380a1b657755e P 42e94fc3adbb419591836d222d946978: Tablet deleted. Last logged OpId: 0.0
I1010 20:59:11.910264 4391 tablet_bootstrap.cc:380] T 2f7a8f9befa745c2969913bbbe3e6b0c P 580cbaf7092444dfbc6fb344da88d7b6: Bootstrap starting.
I1010 20:59:11.910353 4390 tablet_bootstrap.cc:380] T 2f7a8f9befa745c2969913bbbe3e6b0c P 7f623b00f5ae4b9c8e8940692d5dfd44: Bootstrap starting.
I1010 20:59:11.910461 4391 tablet_bootstrap.cc:542] T 2f7a8f9befa745c2969913bbbe3e6b0c P 580cbaf7092444dfbc6fb344da88d7b6: Time spent opening tablet: real 0.000s user 0.000s sys 0.000s
I1010 20:59:11.910536 4390 tablet_bootstrap.cc:542] T 2f7a8f9befa745c2969913bbbe3e6b0c P 7f623b00f5ae4b9c8e8940692d5dfd44: Time spent opening tablet: real 0.000s user 0.000s sys 0.000s
I1010 20:59:11.910544 4391 tablet_bootstrap.cc:482] T 2f7a8f9befa745c2969913bbbe3e6b0c P 580cbaf7092444dfbc6fb344da88d7b6: No blocks or log segments found. Creating new log.
I1010 20:59:11.910660 4390 tablet_bootstrap.cc:482] T 2f7a8f9befa745c2969913bbbe3e6b0c P 7f623b00f5ae4b9c8e8940692d5dfd44: No blocks or log segments found. Creating new log.
I1010 20:59:11.910687 2394 catalog_manager.cc:2567] TS 42e94fc3adbb419591836d222d946978 (127.6.150.8:35299): tablet 872042177fee42c9b6c380a1b657755e (table test-table [id=6095d493aa4d412a8ffc0874a373d7f6]) successfully deleted
I1010 20:59:11.911140 4389 tablet_bootstrap.cc:380] T 2f7a8f9befa745c2969913bbbe3e6b0c P 1031512f5120422e9e22a0afabd78f61: No bootstrap required, opened a new log
I1010 20:59:11.911161 4389 ts_tablet_manager.cc:637] T 2f7a8f9befa745c2969913bbbe3e6b0c P 1031512f5120422e9e22a0afabd78f61: Time spent bootstrapping tablet: real 0.002s user 0.000s sys 0.000s
I1010 20:59:11.911358 4391 tablet_bootstrap.cc:380] T 2f7a8f9befa745c2969913bbbe3e6b0c P 580cbaf7092444dfbc6fb344da88d7b6: No bootstrap required, opened a new log
I1010 20:59:11.911378 4391 ts_tablet_manager.cc:637] T 2f7a8f9befa745c2969913bbbe3e6b0c P 580cbaf7092444dfbc6fb344da88d7b6: Time spent bootstrapping tablet: real 0.001s user 0.000s sys 0.000s
I1010 20:59:11.911569 4389 raft_consensus.cc:275] T 2f7a8f9befa745c2969913bbbe3e6b0c P 1031512f5120422e9e22a0afabd78f61 [term 0 FOLLOWER]: Replica starting. Triggering 0 pending transactions. Active config: opid_index: -1 OBSOLETE_local: false peers { permanent_uuid: "580cbaf7092444dfbc6fb344da88d7b6" member_type: VOTER last_known_addr { host: "127.6.150.9" port: 51743 } } peers { permanent_uuid: "1031512f5120422e9e22a0afabd78f61" member_type: VOTER last_known_addr { host: "127.6.150.1" port: 46963 } } peers { permanent_uuid: "7f623b00f5ae4b9c8e8940692d5dfd44" member_type: VOTER last_known_addr { host: "127.6.150.7" port: 45436 } }
I1010 20:59:11.911604 4389 raft_consensus.cc:306] T 2f7a8f9befa745c2969913bbbe3e6b0c P 1031512f5120422e9e22a0afabd78f61 [term 0 FOLLOWER]: Consensus starting up: Expiring failure detector timer to make a prompt election more likely
I1010 20:59:11.911617 4389 raft_consensus.cc:502] T 2f7a8f9befa745c2969913bbbe3e6b0c P 1031512f5120422e9e22a0afabd78f61 [term 0 FOLLOWER]: Becoming Follower/Learner. State: Replica: 1031512f5120422e9e22a0afabd78f61, State: 1, Role: FOLLOWER Watermarks: {Received: term: 0 index: 0 Committed: term: 0 index: 0}
I1010 20:59:11.911625 4389 consensus_queue.cc:168] T 2f7a8f9befa745c2969913bbbe3e6b0c P 1031512f5120422e9e22a0afabd78f61 [NON_LEADER]: Queue going to NON_LEADER mode. State: All replicated index: 0, Majority replicated index: 0, Committed index: 0, Last appended: 0.0, Current term: 0, Majority size: -1, State: 1, Mode: NON_LEADER
I1010 20:59:11.911691 4391 raft_consensus.cc:275] T 2f7a8f9befa745c2969913bbbe3e6b0c P 580cbaf7092444dfbc6fb344da88d7b6 [term 0 FOLLOWER]: Replica starting. Triggering 0 pending transactions. Active config: opid_index: -1 OBSOLETE_local: false peers { permanent_uuid: "580cbaf7092444dfbc6fb344da88d7b6" member_type: VOTER last_known_addr { host: "127.6.150.9" port: 51743 } } peers { permanent_uuid: "1031512f5120422e9e22a0afabd78f61" member_type: VOTER last_known_addr { host: "127.6.150.1" port: 46963 } } peers { permanent_uuid: "7f623b00f5ae4b9c8e8940692d5dfd44" member_type: VOTER last_known_addr { host: "127.6.150.7" port: 45436 } }
I1010 20:59:11.911722 4391 raft_consensus.cc:306] T 2f7a8f9befa745c2969913bbbe3e6b0c P 580cbaf7092444dfbc6fb344da88d7b6 [term 0 FOLLOWER]: Consensus starting up: Expiring failure detector timer to make a prompt election more likely
I1010 20:59:11.911734 4391 raft_consensus.cc:502] T 2f7a8f9befa745c2969913bbbe3e6b0c P 580cbaf7092444dfbc6fb344da88d7b6 [term 0 FOLLOWER]: Becoming Follower/Learner. State: Replica: 580cbaf7092444dfbc6fb344da88d7b6, State: 1, Role: FOLLOWER Watermarks: {Received: term: 0 index: 0 Committed: term: 0 index: 0}
I1010 20:59:11.911741 4391 consensus_queue.cc:168] T 2f7a8f9befa745c2969913bbbe3e6b0c P 580cbaf7092444dfbc6fb344da88d7b6 [NON_LEADER]: Queue going to NON_LEADER mode. State: All replicated index: 0, Majority replicated index: 0, Committed index: 0, Last appended: 0.0, Current term: 0, Majority size: -1, State: 1, Mode: NON_LEADER
I1010 20:59:11.912374 4389 ts_tablet_manager.cc:664] T 2f7a8f9befa745c2969913bbbe3e6b0c P 1031512f5120422e9e22a0afabd78f61: Time spent starting tablet: real 0.001s user 0.000s sys 0.000s
I1010 20:59:11.912595 4391 ts_tablet_manager.cc:664] T 2f7a8f9befa745c2969913bbbe3e6b0c P 580cbaf7092444dfbc6fb344da88d7b6: Time spent starting tablet: real 0.001s user 0.000s sys 0.000s
I1010 20:59:11.912703 4390 tablet_bootstrap.cc:380] T 2f7a8f9befa745c2969913bbbe3e6b0c P 7f623b00f5ae4b9c8e8940692d5dfd44: No bootstrap required, opened a new log
I1010 20:59:11.912719 4390 ts_tablet_manager.cc:637] T 2f7a8f9befa745c2969913bbbe3e6b0c P 7f623b00f5ae4b9c8e8940692d5dfd44: Time spent bootstrapping tablet: real 0.003s user 0.000s sys 0.000s
I1010 20:59:11.913206 4390 raft_consensus.cc:275] T 2f7a8f9befa745c2969913bbbe3e6b0c P 7f623b00f5ae4b9c8e8940692d5dfd44 [term 0 FOLLOWER]: Replica starting. Triggering 0 pending transactions. Active config: opid_index: -1 OBSOLETE_local: false peers { permanent_uuid: "580cbaf7092444dfbc6fb344da88d7b6" member_type: VOTER last_known_addr { host: "127.6.150.9" port: 51743 } } peers { permanent_uuid: "1031512f5120422e9e22a0afabd78f61" member_type: VOTER last_known_addr { host: "127.6.150.1" port: 46963 } } peers { permanent_uuid: "7f623b00f5ae4b9c8e8940692d5dfd44" member_type: VOTER last_known_addr { host: "127.6.150.7" port: 45436 } }
I1010 20:59:11.913220 4390 raft_consensus.cc:306] T 2f7a8f9befa745c2969913bbbe3e6b0c P 7f623b00f5ae4b9c8e8940692d5dfd44 [term 0 FOLLOWER]: Consensus starting up: Expiring failure detector timer to make a prompt election more likely
I1010 20:59:11.913233 4390 raft_consensus.cc:502] T 2f7a8f9befa745c2969913bbbe3e6b0c P 7f623b00f5ae4b9c8e8940692d5dfd44 [term 0 FOLLOWER]: Becoming Follower/Learner. State: Replica: 7f623b00f5ae4b9c8e8940692d5dfd44, State: 1, Role: FOLLOWER Watermarks: {Received: term: 0 index: 0 Committed: term: 0 index: 0}
I1010 20:59:11.913239 4390 consensus_queue.cc:168] T 2f7a8f9befa745c2969913bbbe3e6b0c P 7f623b00f5ae4b9c8e8940692d5dfd44 [NON_LEADER]: Queue going to NON_LEADER mode. State: All replicated index: 0, Majority replicated index: 0, Committed index: 0, Last appended: 0.0, Current term: 0, Majority size: -1, State: 1, Mode: NON_LEADER
I1010 20:59:11.913511 4390 ts_tablet_manager.cc:664] T 2f7a8f9befa745c2969913bbbe3e6b0c P 7f623b00f5ae4b9c8e8940692d5dfd44: Time spent starting tablet: real 0.001s user 0.000s sys 0.000s
I1010 20:59:12.197203 4402 raft_consensus.cc:375] T 2f7a8f9befa745c2969913bbbe3e6b0c P 7f623b00f5ae4b9c8e8940692d5dfd44 [term 0 FOLLOWER]: No leader contacted us within the election timeout. Triggering leader election
I1010 20:59:12.197237 4402 raft_consensus.cc:2031] T 2f7a8f9befa745c2969913bbbe3e6b0c P 7f623b00f5ae4b9c8e8940692d5dfd44 [term 0 FOLLOWER]: Advancing to term 1
I1010 20:59:12.197679 4402 raft_consensus.cc:1981] T 2f7a8f9befa745c2969913bbbe3e6b0c P 7f623b00f5ae4b9c8e8940692d5dfd44 [term 1 FOLLOWER]: Snoozing failure detection for election timeout plus an additional 1.634s
