I1010 20:59:05.746970 3817 leader_election.cc:223] T de9d164718e74d3db902ea603ab32407 P 8de6cfa864d64c58bf4eafb689517c93 [CANDIDATE]: Term 3 election: Requesting vote from peer b8062d66fd284035ae3bc2567bc11e7c
I1010 20:59:05.746973 3848 raft_consensus.cc:391] T 90fa7ae3643e4575a6be1c4936b6cc11 P 1380a27d6b824575a3a5e139bee139f4 [term 5 FOLLOWER]: Starting election with config: opid_index: -1 OBSOLETE_local: false peers { permanent_uuid: "1380a27d6b824575a3a5e139bee139f4" member_type: VOTER last_known_addr { host: "127.6.150.6" port: 46774 } } peers { permanent_uuid: "42e94fc3adbb419591836d222d946978" member_type: VOTER last_known_addr { host: "127.6.150.8" port: 35299 } } peers { permanent_uuid: "f6d15ccd64ec49be8396ed78e2a88377" member_type: VOTER last_known_addr { host: "127.6.150.2" port: 33554 } }
I1010 20:59:05.747145 3867 raft_consensus.cc:1981] T 84fcfff9fdef4acf8c2b47f36330567f P 1031512f5120422e9e22a0afabd78f61 [term 4 FOLLOWER]: Snoozing failure detection for election timeout plus an additional 1.881s
I1010 20:59:05.747179 3867 raft_consensus.cc:391] T 84fcfff9fdef4acf8c2b47f36330567f P 1031512f5120422e9e22a0afabd78f61 [term 4 FOLLOWER]: Starting election with config: opid_index: -1 OBSOLETE_local: false peers { permanent_uuid: "b8062d66fd284035ae3bc2567bc11e7c" member_type: VOTER last_known_addr { host: "127.6.150.4" port: 44055 } } peers { permanent_uuid: "1031512f5120422e9e22a0afabd78f61" member_type: VOTER last_known_addr { host: "127.6.150.1" port: 46963 } } peers { permanent_uuid: "42e94fc3adbb419591836d222d946978" member_type: VOTER last_known_addr { host: "127.6.150.8" port: 35299 } }
W1010 20:59:05.747262 3781 consensus_meta.cc:188] T 19f492d94e864f1ebd1c70810b0470f7 P 8de6cfa864d64c58bf4eafb689517c93: Time spent flushing consensus metadata: real 1.081s user 0.000s sys 0.000s
I1010 20:59:05.747277 3781 raft_consensus.cc:1981] T 19f492d94e864f1ebd1c70810b0470f7 P 8de6cfa864d64c58bf4eafb689517c93 [term 4 FOLLOWER]: Snoozing failure detection for election timeout plus an additional 2.132s
I1010 20:59:05.747301 3781 raft_consensus.cc:391] T 19f492d94e864f1ebd1c70810b0470f7 P 8de6cfa864d64c58bf4eafb689517c93 [term 4 FOLLOWER]: Starting election with config: opid_index: -1 OBSOLETE_local: false peers { permanent_uuid: "33ef4317e50042ba95e517992caa6531" member_type: VOTER last_known_addr { host: "127.6.150.5" port: 40764 } } peers { permanent_uuid: "84bde34331b94c4ea003e48f9317f792" member_type: VOTER last_known_addr { host: "127.6.150.0" port: 40113 } } peers { permanent_uuid: "8de6cfa864d64c58bf4eafb689517c93" member_type: VOTER last_known_addr { host: "127.6.150.3" port: 40117 } }
I1010 20:59:05.747321 2861 raft_consensus.cc:1981] T 949b26dfeadc4de38868bf4ed994d184 P 8de6cfa864d64c58bf4eafb689517c93 [term 4 FOLLOWER]: Snoozing failure detection for election timeout plus an additional 2.033s
W1010 20:59:05.747480 3763 consensus_meta.cc:188] T 90fa7ae3643e4575a6be1c4936b6cc11 P f6d15ccd64ec49be8396ed78e2a88377: Time spent flushing consensus metadata: real 1.424s user 0.000s sys 0.000s
I1010 20:59:05.747550 2865 raft_consensus.cc:2031] T de9d164718e74d3db902ea603ab32407 P 8de6cfa864d64c58bf4eafb689517c93 [term 3 FOLLOWER]: Advancing to term 4
I1010 20:59:05.747580 2985 raft_consensus.cc:1584] T de9d164718e74d3db902ea603ab32407 P b8062d66fd284035ae3bc2567bc11e7c [term 4 FOLLOWER]: Leader election vote request: Denying vote to candidate 8de6cfa864d64c58bf4eafb689517c93 for earlier term 3. Current term is 4.
I1010 20:59:05.747594 3891 raft_consensus.cc:391] T f689db1eddb54b1f85b7df38d14534b4 P 42e94fc3adbb419591836d222d946978 [term 5 FOLLOWER]: Starting election with config: opid_index: -1 OBSOLETE_local: false peers { permanent_uuid: "f6d15ccd64ec49be8396ed78e2a88377" member_type: VOTER last_known_addr { host: "127.6.150.2" port: 33554 } } peers { permanent_uuid: "1380a27d6b824575a3a5e139bee139f4" member_type: VOTER last_known_addr { host: "127.6.150.6" port: 46774 } } peers { permanent_uuid: "42e94fc3adbb419591836d222d946978" member_type: VOTER last_known_addr { host: "127.6.150.8" port: 35299 } }
I1010 20:59:05.747603 3763 leader_election.cc:223] T 90fa7ae3643e4575a6be1c4936b6cc11 P f6d15ccd64ec49be8396ed78e2a88377 [CANDIDATE]: Term 5 election: Requesting vote from peer 1380a27d6b824575a3a5e139bee139f4
I1010 20:59:05.747627 3763 leader_election.cc:223] T 90fa7ae3643e4575a6be1c4936b6cc11 P f6d15ccd64ec49be8396ed78e2a88377 [CANDIDATE]: Term 5 election: Requesting vote from peer 42e94fc3adbb419591836d222d946978
I1010 20:59:05.747639 3337 raft_consensus.cc:1584] T de9d164718e74d3db902ea603ab32407 P 7f623b00f5ae4b9c8e8940692d5dfd44 [term 4 FOLLOWER]: Leader election vote request: Denying vote to candidate 8de6cfa864d64c58bf4eafb689517c93 for earlier term 3. Current term is 4.
W1010 20:59:05.747709 2802 leader_election.cc:333] T de9d164718e74d3db902ea603ab32407 P 8de6cfa864d64c58bf4eafb689517c93 [CANDIDATE]: Term 3 election: Vote denied by peer 7f623b00f5ae4b9c8e8940692d5dfd44 with higher term. Message: Invalid argument: T de9d164718e74d3db902ea603ab32407 P 7f623b00f5ae4b9c8e8940692d5dfd44 [term 4 FOLLOWER]: Leader election vote request: Denying vote to candidate 8de6cfa864d64c58bf4eafb689517c93 for earlier term 3. Current term is 4.
W1010 20:59:05.747714 2749 consensus_meta.cc:188] T f689db1eddb54b1f85b7df38d14534b4 P f6d15ccd64ec49be8396ed78e2a88377: Time spent flushing consensus metadata: real 1.438s user 0.000s sys 0.004s
I1010 20:59:05.747717 2802 leader_election.cc:336] T de9d164718e74d3db902ea603ab32407 P 8de6cfa864d64c58bf4eafb689517c93 [CANDIDATE]: Term 3 election: Cancelling election due to peer responding with higher term
I1010 20:59:05.747725 2749 raft_consensus.cc:1677] T f689db1eddb54b1f85b7df38d14534b4 P f6d15ccd64ec49be8396ed78e2a88377 [term 4 FOLLOWER]: Leader election vote request: Granting yes vote for candidate 1380a27d6b824575a3a5e139bee139f4 in term 4.
W1010 20:59:05.747735 2749 rpcz_store.cc:234] Call kudu.consensus.ConsensusService.RequestConsensusVote from 127.6.150.6:49570 (request call id 6) took 4724ms (client timeout 1612).
W1010 20:59:05.747747 2749 rpcz_store.cc:238] Trace: 1010 20:59:01.023144 (+ 0us) service_pool.cc:143] Inserting onto call queue 1010 20:59:01.023164 (+ 20us) service_pool.cc:202] Handling call 1010 20:59:05.747732 (+4724568us) inbound_call.cc:130] Queueing success response Metrics: {"tcmalloc_contention_cycles":4864}
W1010 20:59:05.747936 3698 consensus_meta.cc:188] T efe8fb09a1234c9fb1dc99948737a894 P f6d15ccd64ec49be8396ed78e2a88377: Time spent flushing consensus metadata: real 1.172s user 0.000s sys 0.000s
I1010 20:59:05.747956 3698 raft_consensus.cc:1981] T efe8fb09a1234c9fb1dc99948737a894 P f6d15ccd64ec49be8396ed78e2a88377 [term 4 FOLLOWER]: Snoozing failure detection for election timeout plus an additional 1.921s
I1010 20:59:05.747975 3698 raft_consensus.cc:391] T efe8fb09a1234c9fb1dc99948737a894 P f6d15ccd64ec49be8396ed78e2a88377 [term 4 FOLLOWER]: Starting election with config: opid_index: -1 OBSOLETE_local: false peers { permanent_uuid: "580cbaf7092444dfbc6fb344da88d7b6" member_type: VOTER last_known_addr { host: "127.6.150.9" port: 51743 } } peers { permanent_uuid: "b8062d66fd284035ae3bc2567bc11e7c" member_type: VOTER last_known_addr { host: "127.6.150.4" port: 44055 } } peers { permanent_uuid: "f6d15ccd64ec49be8396ed78e2a88377" member_type: VOTER last_known_addr { host: "127.6.150.2" port: 33554 } }
I1010 20:59:05.748109 3738 raft_consensus.cc:375] T f689db1eddb54b1f85b7df38d14534b4 P f6d15ccd64ec49be8396ed78e2a88377 [term 4 FOLLOWER]: No leader contacted us within the election timeout. Triggering leader election
I1010 20:59:05.748116 3738 raft_consensus.cc:2031] T f689db1eddb54b1f85b7df38d14534b4 P f6d15ccd64ec49be8396ed78e2a88377 [term 4 FOLLOWER]: Advancing to term 5
I1010 20:59:05.748232 3453 raft_consensus.cc:2031] T 90fa7ae3643e4575a6be1c4936b6cc11 P 42e94fc3adbb419591836d222d946978 [term 4 FOLLOWER]: Advancing to term 5
I1010 20:59:05.748280 3217 raft_consensus.cc:1981] T 7d680e6840854bca9daef77d506408e9 P 1380a27d6b824575a3a5e139bee139f4 [term 5 FOLLOWER]: Snoozing failure detection for election timeout plus an additional 1.553s
W1010 20:59:05.748309 3894 consensus_meta.cc:188] T efe8fb09a1234c9fb1dc99948737a894 P b8062d66fd284035ae3bc2567bc11e7c: Time spent flushing consensus metadata: real 1.227s user 0.000s sys 0.000s
I1010 20:59:05.748325 3894 raft_consensus.cc:1981] T efe8fb09a1234c9fb1dc99948737a894 P b8062d66fd284035ae3bc2567bc11e7c [term 4 FOLLOWER]: Snoozing failure detection for election timeout plus an additional 1.649s
I1010 20:59:05.748349 3894 raft_consensus.cc:391] T efe8fb09a1234c9fb1dc99948737a894 P b8062d66fd284035ae3bc2567bc11e7c [term 4 FOLLOWER]: Starting election with config: opid_index: -1 OBSOLETE_local: false peers { permanent_uuid: "580cbaf7092444dfbc6fb344da88d7b6" member_type: VOTER last_known_addr { host: "127.6.150.9" port: 51743 } } peers { permanent_uuid: "b8062d66fd284035ae3bc2567bc11e7c" member_type: VOTER last_known_addr { host: "127.6.150.4" port: 44055 } } peers { permanent_uuid: "f6d15ccd64ec49be8396ed78e2a88377" member_type: VOTER last_known_addr { host: "127.6.150.2" port: 33554 } }
W1010 20:59:05.748448 3842 consensus_meta.cc:188] T 4c179cfa32ee4128ad57d34140e5320f P 33ef4317e50042ba95e517992caa6531: Time spent flushing consensus metadata: real 1.399s user 0.000s sys 0.000s
I1010 20:59:05.748533 2984 raft_consensus.cc:1981] T 949b26dfeadc4de38868bf4ed994d184 P b8062d66fd284035ae3bc2567bc11e7c [term 4 FOLLOWER]: Snoozing failure detection for election timeout plus an additional 2.154s
I1010 20:59:05.748559 3842 leader_election.cc:223] T 4c179cfa32ee4128ad57d34140e5320f P 33ef4317e50042ba95e517992caa6531 [CANDIDATE]: Term 3 election: Requesting vote from peer f6d15ccd64ec49be8396ed78e2a88377
I1010 20:59:05.748574 3842 leader_election.cc:223] T 4c179cfa32ee4128ad57d34140e5320f P 33ef4317e50042ba95e517992caa6531 [CANDIDATE]: Term 3 election: Requesting vote from peer 7f623b00f5ae4b9c8e8940692d5dfd44
I1010 20:59:05.748574 3101 raft_consensus.cc:1609] T 4c179cfa32ee4128ad57d34140e5320f P 33ef4317e50042ba95e517992caa6531 [term 3 FOLLOWER]: Leader election vote request: Denying vote to candidate f6d15ccd64ec49be8396ed78e2a88377 in current term 3: Already voted for candidate 33ef4317e50042ba95e517992caa6531 in this term.
I1010 20:59:05.748718 2682 leader_election.cc:361] T 4c179cfa32ee4128ad57d34140e5320f P f6d15ccd64ec49be8396ed78e2a88377 [CANDIDATE]: Term 3 election: Vote denied by peer 33ef4317e50042ba95e517992caa6531. Message: Invalid argument: T 4c179cfa32ee4128ad57d34140e5320f P 33ef4317e50042ba95e517992caa6531 [term 3 FOLLOWER]: Leader election vote request: Denying vote to candidate f6d15ccd64ec49be8396ed78e2a88377 in current term 3: Already voted for candidate 33ef4317e50042ba95e517992caa6531 in this term.
I1010 20:59:05.748730 2749 raft_consensus.cc:1609] T 4c179cfa32ee4128ad57d34140e5320f P f6d15ccd64ec49be8396ed78e2a88377 [term 3 FOLLOWER]: Leader election vote request: Denying vote to candidate 33ef4317e50042ba95e517992caa6531 in current term 3: Already voted for candidate f6d15ccd64ec49be8396ed78e2a88377 in this term.
I1010 20:59:05.748802 3038 leader_election.cc:361] T 4c179cfa32ee4128ad57d34140e5320f P 33ef4317e50042ba95e517992caa6531 [CANDIDATE]: Term 3 election: Vote denied by peer f6d15ccd64ec49be8396ed78e2a88377. Message: Invalid argument: T 4c179cfa32ee4128ad57d34140e5320f P f6d15ccd64ec49be8396ed78e2a88377 [term 3 FOLLOWER]: Leader election vote request: Denying vote to candidate 33ef4317e50042ba95e517992caa6531 in current term 3: Already voted for candidate f6d15ccd64ec49be8396ed78e2a88377 in this term.
W1010 20:59:05.748867 2802 leader_election.cc:333] T de9d164718e74d3db902ea603ab32407 P 8de6cfa864d64c58bf4eafb689517c93 [CANDIDATE]: Term 3 election: Vote denied by peer b8062d66fd284035ae3bc2567bc11e7c with higher term. Message: Invalid argument: T de9d164718e74d3db902ea603ab32407 P b8062d66fd284035ae3bc2567bc11e7c [term 4 FOLLOWER]: Leader election vote request: Denying vote to candidate 8de6cfa864d64c58bf4eafb689517c93 for earlier term 3. Current term is 4.
I1010 20:59:05.905251 3808 raft_consensus.cc:375] T 19f492d94e864f1ebd1c70810b0470f7 P 33ef4317e50042ba95e517992caa6531 [term 3 FOLLOWER]: No leader contacted us within the election timeout. Triggering leader election
I1010 20:59:05.905305 3808 raft_consensus.cc:2031] T 19f492d94e864f1ebd1c70810b0470f7 P 33ef4317e50042ba95e517992caa6531 [term 3 FOLLOWER]: Advancing to term 4
I1010 20:59:05.905541 3808 raft_consensus.cc:1981] T 19f492d94e864f1ebd1c70810b0470f7 P 33ef4317e50042ba95e517992caa6531 [term 4 FOLLOWER]: Snoozing failure detection for election timeout plus an additional 1.697s
I1010 20:59:05.905596 3808 raft_consensus.cc:391] T 19f492d94e864f1ebd1c70810b0470f7 P 33ef4317e50042ba95e517992caa6531 [term 4 FOLLOWER]: Starting election with config: opid_index: -1 OBSOLETE_local: false peers { permanent_uuid: "33ef4317e50042ba95e517992caa6531" member_type: VOTER last_known_addr { host: "127.6.150.5" port: 40764 } } peers { permanent_uuid: "84bde34331b94c4ea003e48f9317f792" member_type: VOTER last_known_addr { host: "127.6.150.0" port: 40113 } } peers { permanent_uuid: "8de6cfa864d64c58bf4eafb689517c93" member_type: VOTER last_known_addr { host: "127.6.150.3" port: 40117 } }
W1010 20:59:06.091823 2921 leader_election.cc:275] T de9d164718e74d3db902ea603ab32407 P b8062d66fd284035ae3bc2567bc11e7c [CANDIDATE]: Term 4 election: RPC error from VoteRequest() call to peer 8de6cfa864d64c58bf4eafb689517c93: Timed out: RequestConsensusVote RPC to 127.6.150.3:40117 timed out after 1.780s
I1010 20:59:06.091855 2921 leader_election.cc:248] T de9d164718e74d3db902ea603ab32407 P b8062d66fd284035ae3bc2567bc11e7c [CANDIDATE]: Term 4 election: Election decided. Result: candidate lost.
I1010 20:59:06.091918 3869 raft_consensus.cc:375] T de9d164718e74d3db902ea603ab32407 P b8062d66fd284035ae3bc2567bc11e7c [term 4 FOLLOWER]: No leader contacted us within the election timeout. Triggering leader election
I1010 20:59:06.091953 3869 raft_consensus.cc:2031] T de9d164718e74d3db902ea603ab32407 P b8062d66fd284035ae3bc2567bc11e7c [term 4 FOLLOWER]: Advancing to term 5
I1010 20:59:06.147127 3815 raft_consensus.cc:375] T 19f492d94e864f1ebd1c70810b0470f7 P 84bde34331b94c4ea003e48f9317f792 [term 3 FOLLOWER]: No leader contacted us within the election timeout. Triggering leader election
I1010 20:59:06.147171 3815 raft_consensus.cc:2031] T 19f492d94e864f1ebd1c70810b0470f7 P 84bde34331b94c4ea003e48f9317f792 [term 3 FOLLOWER]: Advancing to term 4
I1010 20:59:06.192283 3819 raft_consensus.cc:375] T 05a5666441ec49d792222a3e8674edf7 P f6d15ccd64ec49be8396ed78e2a88377 [term 3 FOLLOWER]: No leader contacted us within the election timeout. Triggering leader election
I1010 20:59:06.192299 3819 raft_consensus.cc:2031] T 05a5666441ec49d792222a3e8674edf7 P f6d15ccd64ec49be8396ed78e2a88377 [term 3 FOLLOWER]: Advancing to term 4
I1010 20:59:06.242754 3331 raft_consensus.cc:857] T 17a4ac4e4e164cebb4d88f59511cf926 P 7f623b00f5ae4b9c8e8940692d5dfd44 [term 4 FOLLOWER]: Refusing update from remote peer 580cbaf7092444dfbc6fb344da88d7b6: Log matching property violated. Preceding OpId in replica: term: 0 index: 0. Preceding OpId from leader: term: 4 index: 1. (index mismatch)
I1010 20:59:06.242810 2632 raft_consensus.cc:857] T 17a4ac4e4e164cebb4d88f59511cf926 P 1031512f5120422e9e22a0afabd78f61 [term 4 FOLLOWER]: Refusing update from remote peer 580cbaf7092444dfbc6fb344da88d7b6: Log matching property violated. Preceding OpId in replica: term: 0 index: 0. Preceding OpId from leader: term: 4 index: 1. (index mismatch)
I1010 20:59:06.243122 4241 consensus_queue.cc:652] T 17a4ac4e4e164cebb4d88f59511cf926 P 580cbaf7092444dfbc6fb344da88d7b6 [LEADER]: Connected to new peer: Peer: 7f623b00f5ae4b9c8e8940692d5dfd44, Is new: false, Last received: 0.0, Next index: 1, Last known committed idx: 0, Last exchange result: ERROR, Needs tablet copy: false
I1010 20:59:06.243214 4250 consensus_queue.cc:652] T 17a4ac4e4e164cebb4d88f59511cf926 P 580cbaf7092444dfbc6fb344da88d7b6 [LEADER]: Connected to new peer: Peer: 1031512f5120422e9e22a0afabd78f61, Is new: false, Last received: 0.0, Next index: 1, Last known committed idx: 0, Last exchange result: ERROR, Needs tablet copy: false
I1010 20:59:06.251988 3780 raft_consensus.cc:375] T 8da5904fd56d441ea29e61eb9d2b0b2f P 33ef4317e50042ba95e517992caa6531 [term 3 FOLLOWER]: No leader contacted us within the election timeout. Triggering leader election
I1010 20:59:06.252005 3780 raft_consensus.cc:2031] T 8da5904fd56d441ea29e61eb9d2b0b2f P 33ef4317e50042ba95e517992caa6531 [term 3 FOLLOWER]: Advancing to term 4
W1010 20:59:06.284529 3816 consensus_meta.cc:188] T 84fcfff9fdef4acf8c2b47f36330567f P 42e94fc3adbb419591836d222d946978: Time spent flushing consensus metadata: real 1.344s user 0.000s sys 0.000s
W1010 20:59:06.284541 3867 consensus_meta.cc:188] T 84fcfff9fdef4acf8c2b47f36330567f P 1031512f5120422e9e22a0afabd78f61: Time spent flushing consensus metadata: real 0.537s user 0.000s sys 0.000s
I1010 20:59:06.284806 3816 leader_election.cc:223] T 84fcfff9fdef4acf8c2b47f36330567f P 42e94fc3adbb419591836d222d946978 [CANDIDATE]: Term 3 election: Requesting vote from peer b8062d66fd284035ae3bc2567bc11e7c
I1010 20:59:06.284831 3816 leader_election.cc:223] T 84fcfff9fdef4acf8c2b47f36330567f P 42e94fc3adbb419591836d222d946978 [CANDIDATE]: Term 3 election: Requesting vote from peer 1031512f5120422e9e22a0afabd78f61
I1010 20:59:06.284917 2985 raft_consensus.cc:1584] T 84fcfff9fdef4acf8c2b47f36330567f P b8062d66fd284035ae3bc2567bc11e7c [term 4 FOLLOWER]: Leader election vote request: Denying vote to candidate 42e94fc3adbb419591836d222d946978 for earlier term 3. Current term is 4.
W1010 20:59:06.285019 3390 leader_election.cc:333] T 84fcfff9fdef4acf8c2b47f36330567f P 42e94fc3adbb419591836d222d946978 [CANDIDATE]: Term 3 election: Vote denied by peer b8062d66fd284035ae3bc2567bc11e7c with higher term. Message: Invalid argument: T 84fcfff9fdef4acf8c2b47f36330567f P b8062d66fd284035ae3bc2567bc11e7c [term 4 FOLLOWER]: Leader election vote request: Denying vote to candidate 42e94fc3adbb419591836d222d946978 for earlier term 3. Current term is 4.
I1010 20:59:06.285027 3390 leader_election.cc:336] T 84fcfff9fdef4acf8c2b47f36330567f P 42e94fc3adbb419591836d222d946978 [CANDIDATE]: Term 3 election: Cancelling election due to peer responding with higher term
I1010 20:59:06.285040 3867 leader_election.cc:223] T 84fcfff9fdef4acf8c2b47f36330567f P 1031512f5120422e9e22a0afabd78f61 [CANDIDATE]: Term 4 election: Requesting vote from peer b8062d66fd284035ae3bc2567bc11e7c
I1010 20:59:06.285068 3867 leader_election.cc:223] T 84fcfff9fdef4acf8c2b47f36330567f P 1031512f5120422e9e22a0afabd78f61 [CANDIDATE]: Term 4 election: Requesting vote from peer 42e94fc3adbb419591836d222d946978
I1010 20:59:06.285073 2628 raft_consensus.cc:1609] T 84fcfff9fdef4acf8c2b47f36330567f P 1031512f5120422e9e22a0afabd78f61 [term 4 FOLLOWER]: Leader election vote request: Denying vote to candidate b8062d66fd284035ae3bc2567bc11e7c in current term 4: Already voted for candidate 1031512f5120422e9e22a0afabd78f61 in this term.
I1010 20:59:06.285145 2985 raft_consensus.cc:1609] T 84fcfff9fdef4acf8c2b47f36330567f P b8062d66fd284035ae3bc2567bc11e7c [term 4 FOLLOWER]: Leader election vote request: Denying vote to candidate 1031512f5120422e9e22a0afabd78f61 in current term 4: Already voted for candidate b8062d66fd284035ae3bc2567bc11e7c in this term.
I1010 20:59:06.285187 3451 raft_consensus.cc:1654] T 84fcfff9fdef4acf8c2b47f36330567f P 42e94fc3adbb419591836d222d946978 [term 3 FOLLOWER]: Leader election vote request: Denying vote to candidate 1031512f5120422e9e22a0afabd78f61 for term 4 because replica is already servicing an update from a current leader or another vote.
I1010 20:59:06.285261 2568 leader_election.cc:361] T 84fcfff9fdef4acf8c2b47f36330567f P 1031512f5120422e9e22a0afabd78f61 [CANDIDATE]: Term 4 election: Vote denied by peer b8062d66fd284035ae3bc2567bc11e7c. Message: Invalid argument: T 84fcfff9fdef4acf8c2b47f36330567f P b8062d66fd284035ae3bc2567bc11e7c [term 4 FOLLOWER]: Leader election vote request: Denying vote to candidate 1031512f5120422e9e22a0afabd78f61 in current term 4: Already voted for candidate b8062d66fd284035ae3bc2567bc11e7c in this term.
I1010 20:59:06.285279 2567 leader_election.cc:361] T 84fcfff9fdef4acf8c2b47f36330567f P 1031512f5120422e9e22a0afabd78f61 [CANDIDATE]: Term 4 election: Vote denied by peer 42e94fc3adbb419591836d222d946978. Message: Service unavailable: T 84fcfff9fdef4acf8c2b47f36330567f P 42e94fc3adbb419591836d222d946978 [term 3 FOLLOWER]: Leader election vote request: Denying vote to candidate 1031512f5120422e9e22a0afabd78f61 for term 4 because replica is already servicing an update from a current leader or another vote.
I1010 20:59:06.285300 2567 leader_election.cc:248] T 84fcfff9fdef4acf8c2b47f36330567f P 1031512f5120422e9e22a0afabd78f61 [CANDIDATE]: Term 4 election: Election decided. Result: candidate lost.
I1010 20:59:06.285301 2919 leader_election.cc:361] T 84fcfff9fdef4acf8c2b47f36330567f P b8062d66fd284035ae3bc2567bc11e7c [CANDIDATE]: Term 4 election: Vote denied by peer 1031512f5120422e9e22a0afabd78f61. Message: Invalid argument: T 84fcfff9fdef4acf8c2b47f36330567f P 1031512f5120422e9e22a0afabd78f61 [term 4 FOLLOWER]: Leader election vote request: Denying vote to candidate b8062d66fd284035ae3bc2567bc11e7c in current term 4: Already voted for candidate 1031512f5120422e9e22a0afabd78f61 in this term.
I1010 20:59:06.285356 2628 raft_consensus.cc:1584] T 84fcfff9fdef4acf8c2b47f36330567f P 1031512f5120422e9e22a0afabd78f61 [term 4 FOLLOWER]: Leader election vote request: Denying vote to candidate 42e94fc3adbb419591836d222d946978 for earlier term 3. Current term is 4.
I1010 20:59:06.285410 4258 raft_consensus.cc:1981] T 84fcfff9fdef4acf8c2b47f36330567f P 42e94fc3adbb419591836d222d946978 [term 3 FOLLOWER]: Snoozing failure detection for election timeout plus an additional 1.567s
I1010 20:59:06.285419 4258 raft_consensus.cc:1823] T 84fcfff9fdef4acf8c2b47f36330567f P 42e94fc3adbb419591836d222d946978 [term 3 FOLLOWER]: Leader election lost for term 3. Reason: Vote denied by peer b8062d66fd284035ae3bc2567bc11e7c with higher term. Message: Invalid argument: T 84fcfff9fdef4acf8c2b47f36330567f P b8062d66fd284035ae3bc2567bc11e7c [term 4 FOLLOWER]: Leader election vote request: Denying vote to candidate 42e94fc3adbb419591836d222d946978 for earlier term 3. Current term is 4.
W1010 20:59:06.285424 3388 leader_election.cc:333] T 84fcfff9fdef4acf8c2b47f36330567f P 42e94fc3adbb419591836d222d946978 [CANDIDATE]: Term 3 election: Vote denied by peer 1031512f5120422e9e22a0afabd78f61 with higher term. Message: Invalid argument: T 84fcfff9fdef4acf8c2b47f36330567f P 1031512f5120422e9e22a0afabd78f61 [term 4 FOLLOWER]: Leader election vote request: Denying vote to candidate 42e94fc3adbb419591836d222d946978 for earlier term 3. Current term is 4.
I1010 20:59:06.285451 3452 raft_consensus.cc:2031] T 84fcfff9fdef4acf8c2b47f36330567f P 42e94fc3adbb419591836d222d946978 [term 3 FOLLOWER]: Advancing to term 4
W1010 20:59:06.285555 3894 consensus_meta.cc:188] T efe8fb09a1234c9fb1dc99948737a894 P b8062d66fd284035ae3bc2567bc11e7c: Time spent flushing consensus metadata: real 0.537s user 0.004s sys 0.000s
I1010 20:59:06.285678 3894 leader_election.cc:223] T efe8fb09a1234c9fb1dc99948737a894 P b8062d66fd284035ae3bc2567bc11e7c [CANDIDATE]: Term 4 election: Requesting vote from peer 580cbaf7092444dfbc6fb344da88d7b6
I1010 20:59:06.285698 2986 raft_consensus.cc:1609] T efe8fb09a1234c9fb1dc99948737a894 P b8062d66fd284035ae3bc2567bc11e7c [term 4 FOLLOWER]: Leader election vote request: Denying vote to candidate 580cbaf7092444dfbc6fb344da88d7b6 in current term 4: Already voted for candidate b8062d66fd284035ae3bc2567bc11e7c in this term.
I1010 20:59:06.285728 3894 leader_election.cc:223] T efe8fb09a1234c9fb1dc99948737a894 P b8062d66fd284035ae3bc2567bc11e7c [CANDIDATE]: Term 4 election: Requesting vote from peer f6d15ccd64ec49be8396ed78e2a88377
I1010 20:59:06.285895 3507 leader_election.cc:361] T efe8fb09a1234c9fb1dc99948737a894 P 580cbaf7092444dfbc6fb344da88d7b6 [CANDIDATE]: Term 4 election: Vote denied by peer b8062d66fd284035ae3bc2567bc11e7c. Message: Invalid argument: T efe8fb09a1234c9fb1dc99948737a894 P b8062d66fd284035ae3bc2567bc11e7c [term 4 FOLLOWER]: Leader election vote request: Denying vote to candidate 580cbaf7092444dfbc6fb344da88d7b6 in current term 4: Already voted for candidate b8062d66fd284035ae3bc2567bc11e7c in this term.
W1010 20:59:06.286022 3889 consensus_meta.cc:188] T 4c179cfa32ee4128ad57d34140e5320f P 7f623b00f5ae4b9c8e8940692d5dfd44: Time spent flushing consensus metadata: real 0.544s user 0.000s sys 0.000s
W1010 20:59:06.286036 3882 consensus_meta.cc:188] T 8da5904fd56d441ea29e61eb9d2b0b2f P b8062d66fd284035ae3bc2567bc11e7c: Time spent flushing consensus metadata: real 1.599s user 0.000s sys 0.000s
I1010 20:59:06.286059 3882 raft_consensus.cc:1981] T 8da5904fd56d441ea29e61eb9d2b0b2f P b8062d66fd284035ae3bc2567bc11e7c [term 4 FOLLOWER]: Snoozing failure detection for election timeout plus an additional 1.819s
I1010 20:59:06.286108 3882 raft_consensus.cc:391] T 8da5904fd56d441ea29e61eb9d2b0b2f P b8062d66fd284035ae3bc2567bc11e7c [term 4 FOLLOWER]: Starting election with config: opid_index: -1 OBSOLETE_local: false peers { permanent_uuid: "b8062d66fd284035ae3bc2567bc11e7c" member_type: VOTER last_known_addr { host: "127.6.150.4" port: 44055 } } peers { permanent_uuid: "33ef4317e50042ba95e517992caa6531" member_type: VOTER last_known_addr { host: "127.6.150.5" port: 40764 } } peers { permanent_uuid: "84bde34331b94c4ea003e48f9317f792" member_type: VOTER last_known_addr { host: "127.6.150.0" port: 40113 } }
I1010 20:59:06.286157 3889 leader_election.cc:223] T 4c179cfa32ee4128ad57d34140e5320f P 7f623b00f5ae4b9c8e8940692d5dfd44 [CANDIDATE]: Term 3 election: Requesting vote from peer f6d15ccd64ec49be8396ed78e2a88377
I1010 20:59:06.286183 3334 raft_consensus.cc:1609] T 4c179cfa32ee4128ad57d34140e5320f P 7f623b00f5ae4b9c8e8940692d5dfd44 [term 3 FOLLOWER]: Leader election vote request: Denying vote to candidate f6d15ccd64ec49be8396ed78e2a88377 in current term 3: Already voted for candidate 7f623b00f5ae4b9c8e8940692d5dfd44 in this term.
I1010 20:59:06.286206 3889 leader_election.cc:223] T 4c179cfa32ee4128ad57d34140e5320f P 7f623b00f5ae4b9c8e8940692d5dfd44 [CANDIDATE]: Term 3 election: Requesting vote from peer 33ef4317e50042ba95e517992caa6531
I1010 20:59:06.286257 3337 raft_consensus.cc:1654] T 4c179cfa32ee4128ad57d34140e5320f P 7f623b00f5ae4b9c8e8940692d5dfd44 [term 3 FOLLOWER]: Leader election vote request: Denying vote to candidate 33ef4317e50042ba95e517992caa6531 for term 3 because replica is already servicing an update from a current leader or another vote.
I1010 20:59:06.286299 3101 raft_consensus.cc:1609] T 4c179cfa32ee4128ad57d34140e5320f P 33ef4317e50042ba95e517992caa6531 [term 3 FOLLOWER]: Leader election vote request: Denying vote to candidate 7f623b00f5ae4b9c8e8940692d5dfd44 in current term 3: Already voted for candidate 33ef4317e50042ba95e517992caa6531 in this term.
I1010 20:59:06.286344 3039 leader_election.cc:361] T 4c179cfa32ee4128ad57d34140e5320f P 33ef4317e50042ba95e517992caa6531 [CANDIDATE]: Term 3 election: Vote denied by peer 7f623b00f5ae4b9c8e8940692d5dfd44. Message: Service unavailable: T 4c179cfa32ee4128ad57d34140e5320f P 7f623b00f5ae4b9c8e8940692d5dfd44 [term 3 FOLLOWER]: Leader election vote request: Denying vote to candidate 33ef4317e50042ba95e517992caa6531 for term 3 because replica is already servicing an update from a current leader or another vote.
I1010 20:59:06.286348 2685 leader_election.cc:361] T 4c179cfa32ee4128ad57d34140e5320f P f6d15ccd64ec49be8396ed78e2a88377 [CANDIDATE]: Term 3 election: Vote denied by peer 7f623b00f5ae4b9c8e8940692d5dfd44. Message: Invalid argument: T 4c179cfa32ee4128ad57d34140e5320f P 7f623b00f5ae4b9c8e8940692d5dfd44 [term 3 FOLLOWER]: Leader election vote request: Denying vote to candidate f6d15ccd64ec49be8396ed78e2a88377 in current term 3: Already voted for candidate 7f623b00f5ae4b9c8e8940692d5dfd44 in this term.
I1010 20:59:06.286362 3039 leader_election.cc:248] T 4c179cfa32ee4128ad57d34140e5320f P 33ef4317e50042ba95e517992caa6531 [CANDIDATE]: Term 3 election: Election decided. Result: candidate lost.
I1010 20:59:06.286365 2685 leader_election.cc:248] T 4c179cfa32ee4128ad57d34140e5320f P f6d15ccd64ec49be8396ed78e2a88377 [CANDIDATE]: Term 3 election: Election decided. Result: candidate lost.
I1010 20:59:06.286391 3270 leader_election.cc:361] T 4c179cfa32ee4128ad57d34140e5320f P 7f623b00f5ae4b9c8e8940692d5dfd44 [CANDIDATE]: Term 3 election: Vote denied by peer 33ef4317e50042ba95e517992caa6531. Message: Invalid argument: T 4c179cfa32ee4128ad57d34140e5320f P 33ef4317e50042ba95e517992caa6531 [term 3 FOLLOWER]: Leader election vote request: Denying vote to candidate 7f623b00f5ae4b9c8e8940692d5dfd44 in current term 3: Already voted for candidate 33ef4317e50042ba95e517992caa6531 in this term.
I1010 20:59:06.286408 3569 raft_consensus.cc:1609] T efe8fb09a1234c9fb1dc99948737a894 P 580cbaf7092444dfbc6fb344da88d7b6 [term 4 FOLLOWER]: Leader election vote request: Denying vote to candidate b8062d66fd284035ae3bc2567bc11e7c in current term 4: Already voted for candidate 580cbaf7092444dfbc6fb344da88d7b6 in this term.
I1010 20:59:06.286489 2749 raft_consensus.cc:1609] T 4c179cfa32ee4128ad57d34140e5320f P f6d15ccd64ec49be8396ed78e2a88377 [term 3 FOLLOWER]: Leader election vote request: Denying vote to candidate 7f623b00f5ae4b9c8e8940692d5dfd44 in current term 3: Already voted for candidate f6d15ccd64ec49be8396ed78e2a88377 in this term.
I1010 20:59:06.286545 2921 leader_election.cc:361] T efe8fb09a1234c9fb1dc99948737a894 P b8062d66fd284035ae3bc2567bc11e7c [CANDIDATE]: Term 4 election: Vote denied by peer 580cbaf7092444dfbc6fb344da88d7b6. Message: Invalid argument: T efe8fb09a1234c9fb1dc99948737a894 P 580cbaf7092444dfbc6fb344da88d7b6 [term 4 FOLLOWER]: Leader election vote request: Denying vote to candidate b8062d66fd284035ae3bc2567bc11e7c in current term 4: Already voted for candidate 580cbaf7092444dfbc6fb344da88d7b6 in this term.
I1010 20:59:06.286592 3272 leader_election.cc:361] T 4c179cfa32ee4128ad57d34140e5320f P 7f623b00f5ae4b9c8e8940692d5dfd44 [CANDIDATE]: Term 3 election: Vote denied by peer f6d15ccd64ec49be8396ed78e2a88377. Message: Invalid argument: T 4c179cfa32ee4128ad57d34140e5320f P f6d15ccd64ec49be8396ed78e2a88377 [term 3 FOLLOWER]: Leader election vote request: Denying vote to candidate 7f623b00f5ae4b9c8e8940692d5dfd44 in current term 3: Already voted for candidate f6d15ccd64ec49be8396ed78e2a88377 in this term.
I1010 20:59:06.286593 4259 raft_consensus.cc:1981] T 84fcfff9fdef4acf8c2b47f36330567f P 1031512f5120422e9e22a0afabd78f61 [term 4 FOLLOWER]: Snoozing failure detection for election timeout plus an additional 1.586s
I1010 20:59:06.286602 3272 leader_election.cc:248] T 4c179cfa32ee4128ad57d34140e5320f P 7f623b00f5ae4b9c8e8940692d5dfd44 [CANDIDATE]: Term 3 election: Election decided. Result: candidate lost.
I1010 20:59:06.286604 4259 raft_consensus.cc:1823] T 84fcfff9fdef4acf8c2b47f36330567f P 1031512f5120422e9e22a0afabd78f61 [term 4 FOLLOWER]: Leader election lost for term 4. Reason: None given
I1010 20:59:06.286715 4262 raft_consensus.cc:1981] T 4c179cfa32ee4128ad57d34140e5320f P 7f623b00f5ae4b9c8e8940692d5dfd44 [term 3 FOLLOWER]: Snoozing failure detection for election timeout plus an additional 1.929s
W1010 20:59:06.286721 3870 consensus_meta.cc:188] T f2289fb138ea4a5ab6c02803c4e9aa51 P 7f623b00f5ae4b9c8e8940692d5dfd44: Time spent flushing consensus metadata: real 0.545s user 0.000s sys 0.000s
I1010 20:59:06.286728 4262 raft_consensus.cc:1823] T 4c179cfa32ee4128ad57d34140e5320f P 7f623b00f5ae4b9c8e8940692d5dfd44 [term 3 FOLLOWER]: Leader election lost for term 3. Reason: None given
I1010 20:59:06.286819 4260 raft_consensus.cc:1981] T 4c179cfa32ee4128ad57d34140e5320f P 33ef4317e50042ba95e517992caa6531 [term 3 FOLLOWER]: Snoozing failure detection for election timeout plus an additional 1.593s
I1010 20:59:06.286845 4260 raft_consensus.cc:1823] T 4c179cfa32ee4128ad57d34140e5320f P 33ef4317e50042ba95e517992caa6531 [term 3 FOLLOWER]: Leader election lost for term 3. Reason: None given
I1010 20:59:06.286857 3870 leader_election.cc:223] T f2289fb138ea4a5ab6c02803c4e9aa51 P 7f623b00f5ae4b9c8e8940692d5dfd44 [CANDIDATE]: Term 5 election: Requesting vote from peer 42e94fc3adbb419591836d222d946978
I1010 20:59:06.286875 3870 leader_election.cc:223] T f2289fb138ea4a5ab6c02803c4e9aa51 P 7f623b00f5ae4b9c8e8940692d5dfd44 [CANDIDATE]: Term 5 election: Requesting vote from peer b8062d66fd284035ae3bc2567bc11e7c
I1010 20:59:06.286952 4261 raft_consensus.cc:1981] T 4c179cfa32ee4128ad57d34140e5320f P f6d15ccd64ec49be8396ed78e2a88377 [term 3 FOLLOWER]: Snoozing failure detection for election timeout plus an additional 1.535s
I1010 20:59:06.286989 3451 raft_consensus.cc:2031] T f2289fb138ea4a5ab6c02803c4e9aa51 P 42e94fc3adbb419591836d222d946978 [term 4 FOLLOWER]: Advancing to term 5
I1010 20:59:06.286999 2986 raft_consensus.cc:2031] T f2289fb138ea4a5ab6c02803c4e9aa51 P b8062d66fd284035ae3bc2567bc11e7c [term 4 FOLLOWER]: Advancing to term 5
I1010 20:59:06.287009 4261 raft_consensus.cc:1823] T 4c179cfa32ee4128ad57d34140e5320f P f6d15ccd64ec49be8396ed78e2a88377 [term 3 FOLLOWER]: Leader election lost for term 3. Reason: None given
W1010 20:59:06.288475 3891 consensus_meta.cc:188] T f689db1eddb54b1f85b7df38d14534b4 P 42e94fc3adbb419591836d222d946978: Time spent flushing consensus metadata: real 0.541s user 0.000s sys 0.000s
W1010 20:59:06.288497 3754 consensus_meta.cc:188] T 7d680e6840854bca9daef77d506408e9 P 84bde34331b94c4ea003e48f9317f792: Time spent flushing consensus metadata: real 0.547s user 0.000s sys 0.000s
W1010 20:59:06.288635 3453 consensus_meta.cc:188] T 90fa7ae3643e4575a6be1c4936b6cc11 P 42e94fc3adbb419591836d222d946978: Time spent flushing consensus metadata: real 0.540s user 0.004s sys 0.000s
I1010 20:59:06.288653 3453 raft_consensus.cc:1981] T 90fa7ae3643e4575a6be1c4936b6cc11 P 42e94fc3adbb419591836d222d946978 [term 5 FOLLOWER]: Snoozing failure detection for election timeout plus an additional 2.164s
I1010 20:59:06.288810 3754 leader_election.cc:223] T 7d680e6840854bca9daef77d506408e9 P 84bde34331b94c4ea003e48f9317f792 [CANDIDATE]: Term 5 election: Requesting vote from peer 33ef4317e50042ba95e517992caa6531
I1010 20:59:06.288847 3754 leader_election.cc:223] T 7d680e6840854bca9daef77d506408e9 P 84bde34331b94c4ea003e48f9317f792 [CANDIDATE]: Term 5 election: Requesting vote from peer 1380a27d6b824575a3a5e139bee139f4
I1010 20:59:06.288961 3815 raft_consensus.cc:1981] T 19f492d94e864f1ebd1c70810b0470f7 P 84bde34331b94c4ea003e48f9317f792 [term 4 FOLLOWER]: Snoozing failure detection for election timeout plus an additional 1.975s
I1010 20:59:06.289000 3815 raft_consensus.cc:391] T 19f492d94e864f1ebd1c70810b0470f7 P 84bde34331b94c4ea003e48f9317f792 [term 4 FOLLOWER]: Starting election with config: opid_index: -1 OBSOLETE_local: false peers { permanent_uuid: "33ef4317e50042ba95e517992caa6531" member_type: VOTER last_known_addr { host: "127.6.150.5" port: 40764 } } peers { permanent_uuid: "84bde34331b94c4ea003e48f9317f792" member_type: VOTER last_known_addr { host: "127.6.150.0" port: 40113 } } peers { permanent_uuid: "8de6cfa864d64c58bf4eafb689517c93" member_type: VOTER last_known_addr { host: "127.6.150.3" port: 40117 } }
I1010 20:59:06.289024 3101 raft_consensus.cc:1609] T 7d680e6840854bca9daef77d506408e9 P 33ef4317e50042ba95e517992caa6531 [term 5 FOLLOWER]: Leader election vote request: Denying vote to candidate 84bde34331b94c4ea003e48f9317f792 in current term 5: Already voted for candidate 33ef4317e50042ba95e517992caa6531 in this term.
W1010 20:59:06.289156 3217 consensus_meta.cc:188] T 7d680e6840854bca9daef77d506408e9 P 1380a27d6b824575a3a5e139bee139f4: Time spent flushing consensus metadata: real 0.541s user 0.000s sys 0.000s
I1010 20:59:06.289172 3217 raft_consensus.cc:1677] T 7d680e6840854bca9daef77d506408e9 P 1380a27d6b824575a3a5e139bee139f4 [term 5 FOLLOWER]: Leader election vote request: Granting yes vote for candidate 33ef4317e50042ba95e517992caa6531 in term 5.
I1010 20:59:06.289217 2447 leader_election.cc:361] T 7d680e6840854bca9daef77d506408e9 P 84bde34331b94c4ea003e48f9317f792 [CANDIDATE]: Term 5 election: Vote denied by peer 33ef4317e50042ba95e517992caa6531. Message: Invalid argument: T 7d680e6840854bca9daef77d506408e9 P 33ef4317e50042ba95e517992caa6531 [term 5 FOLLOWER]: Leader election vote request: Denying vote to candidate 84bde34331b94c4ea003e48f9317f792 in current term 5: Already voted for candidate 33ef4317e50042ba95e517992caa6531 in this term.
I1010 20:59:06.289265 2514 raft_consensus.cc:1609] T 7d680e6840854bca9daef77d506408e9 P 84bde34331b94c4ea003e48f9317f792 [term 5 FOLLOWER]: Leader election vote request: Denying vote to candidate 33ef4317e50042ba95e517992caa6531 in current term 5: Already voted for candidate 84bde34331b94c4ea003e48f9317f792 in this term.
I1010 20:59:06.289309 3036 leader_election.cc:347] T 7d680e6840854bca9daef77d506408e9 P 33ef4317e50042ba95e517992caa6531 [CANDIDATE]: Term 5 election: Vote granted by peer 1380a27d6b824575a3a5e139bee139f4
I1010 20:59:06.289329 3036 leader_election.cc:248] T 7d680e6840854bca9daef77d506408e9 P 33ef4317e50042ba95e517992caa6531 [CANDIDATE]: Term 5 election: Election decided. Result: candidate won.
I1010 20:59:06.289361 3220 raft_consensus.cc:1654] T 7d680e6840854bca9daef77d506408e9 P 1380a27d6b824575a3a5e139bee139f4 [term 5 FOLLOWER]: Leader election vote request: Denying vote to candidate 84bde34331b94c4ea003e48f9317f792 for term 5 because replica is already servicing an update from a current leader or another vote.
I1010 20:59:06.289402 3891 leader_election.cc:223] T f689db1eddb54b1f85b7df38d14534b4 P 42e94fc3adbb419591836d222d946978 [CANDIDATE]: Term 5 election: Requesting vote from peer f6d15ccd64ec49be8396ed78e2a88377
I1010 20:59:06.289409 3039 leader_election.cc:361] T 7d680e6840854bca9daef77d506408e9 P 33ef4317e50042ba95e517992caa6531 [CANDIDATE]: Term 5 election: Vote denied by peer 84bde34331b94c4ea003e48f9317f792. Message: Invalid argument: T 7d680e6840854bca9daef77d506408e9 P 84bde34331b94c4ea003e48f9317f792 [term 5 FOLLOWER]: Leader election vote request: Denying vote to candidate 33ef4317e50042ba95e517992caa6531 in current term 5: Already voted for candidate 84bde34331b94c4ea003e48f9317f792 in this term.
I1010 20:59:06.289422 3891 leader_election.cc:223] T f689db1eddb54b1f85b7df38d14534b4 P 42e94fc3adbb419591836d222d946978 [CANDIDATE]: Term 5 election: Requesting vote from peer 1380a27d6b824575a3a5e139bee139f4
W1010 20:59:06.289419 3848 consensus_meta.cc:188] T 90fa7ae3643e4575a6be1c4936b6cc11 P 1380a27d6b824575a3a5e139bee139f4: Time spent flushing consensus metadata: real 0.542s user 0.000s sys 0.000s
I1010 20:59:06.289430 2447 leader_election.cc:361] T 7d680e6840854bca9daef77d506408e9 P 84bde34331b94c4ea003e48f9317f792 [CANDIDATE]: Term 5 election: Vote denied by peer 1380a27d6b824575a3a5e139bee139f4. Message: Service unavailable: T 7d680e6840854bca9daef77d506408e9 P 1380a27d6b824575a3a5e139bee139f4 [term 5 FOLLOWER]: Leader election vote request: Denying vote to candidate 84bde34331b94c4ea003e48f9317f792 for term 5 because replica is already servicing an update from a current leader or another vote.
I1010 20:59:06.289448 2447 leader_election.cc:248] T 7d680e6840854bca9daef77d506408e9 P 84bde34331b94c4ea003e48f9317f792 [CANDIDATE]: Term 5 election: Election decided. Result: candidate lost.
I1010 20:59:06.289564 3848 leader_election.cc:223] T 90fa7ae3643e4575a6be1c4936b6cc11 P 1380a27d6b824575a3a5e139bee139f4 [CANDIDATE]: Term 5 election: Requesting vote from peer 42e94fc3adbb419591836d222d946978
I1010 20:59:06.289578 3848 leader_election.cc:223] T 90fa7ae3643e4575a6be1c4936b6cc11 P 1380a27d6b824575a3a5e139bee139f4 [CANDIDATE]: Term 5 election: Requesting vote from peer f6d15ccd64ec49be8396ed78e2a88377
I1010 20:59:06.289605 3218 raft_consensus.cc:1609] T 90fa7ae3643e4575a6be1c4936b6cc11 P 1380a27d6b824575a3a5e139bee139f4 [term 5 FOLLOWER]: Leader election vote request: Denying vote to candidate f6d15ccd64ec49be8396ed78e2a88377 in current term 5: Already voted for candidate 1380a27d6b824575a3a5e139bee139f4 in this term.
I1010 20:59:06.289703 3220 raft_consensus.cc:2031] T f689db1eddb54b1f85b7df38d14534b4 P 1380a27d6b824575a3a5e139bee139f4 [term 4 FOLLOWER]: Advancing to term 5
I1010 20:59:06.289710 4263 raft_consensus.cc:1981] T 7d680e6840854bca9daef77d506408e9 P 33ef4317e50042ba95e517992caa6531 [term 5 FOLLOWER]: Snoozing failure detection for election timeout plus an additional 2.279s
I1010 20:59:06.289721 4263 raft_consensus.cc:1861] T 7d680e6840854bca9daef77d506408e9 P 33ef4317e50042ba95e517992caa6531 [term 5 FOLLOWER]: Leader election won for term 5
I1010 20:59:06.289760 4264 raft_consensus.cc:1981] T 7d680e6840854bca9daef77d506408e9 P 84bde34331b94c4ea003e48f9317f792 [term 5 FOLLOWER]: Snoozing failure detection for election timeout plus an additional 1.854s
I1010 20:59:06.289767 4264 raft_consensus.cc:1823] T 7d680e6840854bca9daef77d506408e9 P 84bde34331b94c4ea003e48f9317f792 [term 5 FOLLOWER]: Leader election lost for term 5. Reason: None given
I1010 20:59:06.289784 2745 raft_consensus.cc:1609] T 90fa7ae3643e4575a6be1c4936b6cc11 P f6d15ccd64ec49be8396ed78e2a88377 [term 5 FOLLOWER]: Leader election vote request: Denying vote to candidate 1380a27d6b824575a3a5e139bee139f4 in current term 5: Already voted for candidate f6d15ccd64ec49be8396ed78e2a88377 in this term.
I1010 20:59:06.289877 2682 leader_election.cc:361] T 90fa7ae3643e4575a6be1c4936b6cc11 P f6d15ccd64ec49be8396ed78e2a88377 [CANDIDATE]: Term 5 election: Vote denied by peer 1380a27d6b824575a3a5e139bee139f4. Message: Invalid argument: T 90fa7ae3643e4575a6be1c4936b6cc11 P 1380a27d6b824575a3a5e139bee139f4 [term 5 FOLLOWER]: Leader election vote request: Denying vote to candidate f6d15ccd64ec49be8396ed78e2a88377 in current term 5: Already voted for candidate 1380a27d6b824575a3a5e139bee139f4 in this term.
I1010 20:59:06.289880 3155 leader_election.cc:361] T 90fa7ae3643e4575a6be1c4936b6cc11 P 1380a27d6b824575a3a5e139bee139f4 [CANDIDATE]: Term 5 election: Vote denied by peer f6d15ccd64ec49be8396ed78e2a88377. Message: Invalid argument: T 90fa7ae3643e4575a6be1c4936b6cc11 P f6d15ccd64ec49be8396ed78e2a88377 [term 5 FOLLOWER]: Leader election vote request: Denying vote to candidate 1380a27d6b824575a3a5e139bee139f4 in current term 5: Already voted for candidate f6d15ccd64ec49be8396ed78e2a88377 in this term.
W1010 20:59:06.289891 3698 consensus_meta.cc:188] T efe8fb09a1234c9fb1dc99948737a894 P f6d15ccd64ec49be8396ed78e2a88377: Time spent flushing consensus metadata: real 0.542s user 0.000s sys 0.000s
I1010 20:59:06.290007 3220 raft_consensus.cc:1981] T f689db1eddb54b1f85b7df38d14534b4 P 1380a27d6b824575a3a5e139bee139f4 [term 5 FOLLOWER]: Snoozing failure detection for election timeout plus an additional 2.212s
I1010 20:59:06.290012 3698 leader_election.cc:223] T efe8fb09a1234c9fb1dc99948737a894 P f6d15ccd64ec49be8396ed78e2a88377 [CANDIDATE]: Term 4 election: Requesting vote from peer 580cbaf7092444dfbc6fb344da88d7b6
I1010 20:59:06.290032 3698 leader_election.cc:223] T efe8fb09a1234c9fb1dc99948737a894 P f6d15ccd64ec49be8396ed78e2a88377 [CANDIDATE]: Term 4 election: Requesting vote from peer b8062d66fd284035ae3bc2567bc11e7c
I1010 20:59:06.290055 2744 raft_consensus.cc:1609] T efe8fb09a1234c9fb1dc99948737a894 P f6d15ccd64ec49be8396ed78e2a88377 [term 4 FOLLOWER]: Leader election vote request: Denying vote to candidate 580cbaf7092444dfbc6fb344da88d7b6 in current term 4: Already voted for candidate f6d15ccd64ec49be8396ed78e2a88377 in this term.
I1010 20:59:06.290159 2749 raft_consensus.cc:1654] T efe8fb09a1234c9fb1dc99948737a894 P f6d15ccd64ec49be8396ed78e2a88377 [term 4 FOLLOWER]: Leader election vote request: Denying vote to candidate b8062d66fd284035ae3bc2567bc11e7c for term 4 because replica is already servicing an update from a current leader or another vote.
I1010 20:59:06.290267 3506 leader_election.cc:361] T efe8fb09a1234c9fb1dc99948737a894 P 580cbaf7092444dfbc6fb344da88d7b6 [CANDIDATE]: Term 4 election: Vote denied by peer f6d15ccd64ec49be8396ed78e2a88377. Message: Invalid argument: T efe8fb09a1234c9fb1dc99948737a894 P f6d15ccd64ec49be8396ed78e2a88377 [term 4 FOLLOWER]: Leader election vote request: Denying vote to candidate 580cbaf7092444dfbc6fb344da88d7b6 in current term 4: Already voted for candidate f6d15ccd64ec49be8396ed78e2a88377 in this term.
I1010 20:59:06.290277 3506 leader_election.cc:248] T efe8fb09a1234c9fb1dc99948737a894 P 580cbaf7092444dfbc6fb344da88d7b6 [CANDIDATE]: Term 4 election: Election decided. Result: candidate lost.
I1010 20:59:06.290316 2920 leader_election.cc:361] T efe8fb09a1234c9fb1dc99948737a894 P b8062d66fd284035ae3bc2567bc11e7c [CANDIDATE]: Term 4 election: Vote denied by peer f6d15ccd64ec49be8396ed78e2a88377. Message: Service unavailable: T efe8fb09a1234c9fb1dc99948737a894 P f6d15ccd64ec49be8396ed78e2a88377 [term 4 FOLLOWER]: Leader election vote request: Denying vote to candidate b8062d66fd284035ae3bc2567bc11e7c for term 4 because replica is already servicing an update from a current leader or another vote.
I1010 20:59:06.290339 2920 leader_election.cc:248] T efe8fb09a1234c9fb1dc99948737a894 P b8062d66fd284035ae3bc2567bc11e7c [CANDIDATE]: Term 4 election: Election decided. Result: candidate lost.
I1010 20:59:06.290452 4266 raft_consensus.cc:1981] T efe8fb09a1234c9fb1dc99948737a894 P 580cbaf7092444dfbc6fb344da88d7b6 [term 4 FOLLOWER]: Snoozing failure detection for election timeout plus an additional 1.970s
I1010 20:59:06.290463 4267 raft_consensus.cc:1981] T efe8fb09a1234c9fb1dc99948737a894 P b8062d66fd284035ae3bc2567bc11e7c [term 4 FOLLOWER]: Snoozing failure detection for election timeout plus an additional 2.090s
I1010 20:59:06.290482 4266 raft_consensus.cc:1823] T efe8fb09a1234c9fb1dc99948737a894 P 580cbaf7092444dfbc6fb344da88d7b6 [term 4 FOLLOWER]: Leader election lost for term 4. Reason: None given
W1010 20:59:06.290480 3738 consensus_meta.cc:188] T f689db1eddb54b1f85b7df38d14534b4 P f6d15ccd64ec49be8396ed78e2a88377: Time spent flushing consensus metadata: real 0.542s user 0.000s sys 0.000s
I1010 20:59:06.290482 4263 raft_consensus.cc:467] T 7d680e6840854bca9daef77d506408e9 P 33ef4317e50042ba95e517992caa6531 [term 5 LEADER]: Becoming Leader. State: Replica: 33ef4317e50042ba95e517992caa6531, State: 1, Role: LEADER Watermarks: {Received: term: 0 index: 0 Committed: term: 0 index: 0}
I1010 20:59:06.290500 3738 raft_consensus.cc:1981] T f689db1eddb54b1f85b7df38d14534b4 P f6d15ccd64ec49be8396ed78e2a88377 [term 5 FOLLOWER]: Snoozing failure detection for election timeout plus an additional 1.812s
I1010 20:59:06.290500 4267 raft_consensus.cc:1823] T efe8fb09a1234c9fb1dc99948737a894 P b8062d66fd284035ae3bc2567bc11e7c [term 4 FOLLOWER]: Leader election lost for term 4. Reason: None given
I1010 20:59:06.290523 4263 consensus_queue.cc:151] T 7d680e6840854bca9daef77d506408e9 P 33ef4317e50042ba95e517992caa6531 [LEADER]: Queue going to LEADER mode. State: All replicated index: 0, Majority replicated index: 0, Committed index: 0, Last appended: 0.0, Current term: 5, Majority size: 2, State: 1, Mode: LEADER, active raft config: opid_index: -1 OBSOLETE_local: false peers { permanent_uuid: "84bde34331b94c4ea003e48f9317f792" member_type: VOTER last_known_addr { host: "127.6.150.0" port: 40113 } } peers { permanent_uuid: "33ef4317e50042ba95e517992caa6531" member_type: VOTER last_known_addr { host: "127.6.150.5" port: 40764 } } peers { permanent_uuid: "1380a27d6b824575a3a5e139bee139f4" member_type: VOTER last_known_addr { host: "127.6.150.6" port: 46774 } }
I1010 20:59:06.290532 3738 raft_consensus.cc:391] T f689db1eddb54b1f85b7df38d14534b4 P f6d15ccd64ec49be8396ed78e2a88377 [term 5 FOLLOWER]: Starting election with config: opid_index: -1 OBSOLETE_local: false peers { permanent_uuid: "f6d15ccd64ec49be8396ed78e2a88377" member_type: VOTER last_known_addr { host: "127.6.150.2" port: 33554 } } peers { permanent_uuid: "1380a27d6b824575a3a5e139bee139f4" member_type: VOTER last_known_addr { host: "127.6.150.6" port: 46774 } } peers { permanent_uuid: "42e94fc3adbb419591836d222d946978" member_type: VOTER last_known_addr { host: "127.6.150.8" port: 35299 } }
I1010 20:59:06.291033 3819 raft_consensus.cc:1981] T 05a5666441ec49d792222a3e8674edf7 P f6d15ccd64ec49be8396ed78e2a88377 [term 4 FOLLOWER]: Snoozing failure detection for election timeout plus an additional 1.651s
I1010 20:59:06.291064 3819 raft_consensus.cc:391] T 05a5666441ec49d792222a3e8674edf7 P f6d15ccd64ec49be8396ed78e2a88377 [term 4 FOLLOWER]: Starting election with config: opid_index: -1 OBSOLETE_local: false peers { permanent_uuid: "33ef4317e50042ba95e517992caa6531" member_type: VOTER last_known_addr { host: "127.6.150.5" port: 40764 } } peers { permanent_uuid: "f6d15ccd64ec49be8396ed78e2a88377" member_type: VOTER last_known_addr { host: "127.6.150.2" port: 33554 } } peers { permanent_uuid: "1031512f5120422e9e22a0afabd78f61" member_type: VOTER last_known_addr { host: "127.6.150.1" port: 46963 } }
