I1010 20:59:18.472152 1686 external_mini_cluster.cc:586] Running /tmp/run_tha_testXiwMYW/build/release/bin/kudu-master kudu-master --fs_wal_dir=/tmp/kudutest-1000/create-table-itest.CreateTableITest.TestCreateTableWithDeadTServers.1476133114077700-1686/minicluster-data/master-0 --fs_data_dirs=/tmp/kudutest-1000/create-table-itest.CreateTableITest.TestCreateTableWithDeadTServers.1476133114077700-1686/minicluster-data/master-0 --rpc_bind_addresses=127.0.0.1:0 --webserver_interface=localhost --webserver_port=0 --metrics_log_interval_ms=1000 --log_dir=/tmp/kudutest-1000/create-table-itest.CreateTableITest.TestCreateTableWithDeadTServers.1476133114077700-1686/minicluster-data/master-0 --tablet_creation_timeout_ms=1000 --tserver_unresponsive_timeout_ms=5000 --server_dump_info_path=/tmp/kudutest-1000/create-table-itest.CreateTableITest.TestCreateTableWithDeadTServers.1476133114077700-1686/minicluster-data/master-0/info.pb --server_dump_info_format=pb --rpc_server_allow_ephemeral_ports --logtostderr --logbuflevel=-1 --unlock_experimental_flags --unlock_unsafe_flags WARNING: Logging before InitGoogleLogging() is written to STDERR
W1010 20:59:18.476563 4491 flags.cc:294] Enabled unsafe flag: --rpc_server_allow_ephemeral_ports=true
I1010 20:59:18.477087 4491 mem_tracker.cc:140] MemTracker: hard memory limit is 11.777661 GB
I1010 20:59:18.477099 4491 mem_tracker.cc:142] MemTracker: soft memory limit is 7.066597 GB
I1010 20:59:18.478142 4491 master_main.cc:58] Initializing master server...
I1010 20:59:18.478238 4491 hybrid_clock.cc:177] HybridClock initialized. Resolution in nanos?: 1 Wait times tolerance adjustment: 1.0005 Current error: 990115
I1010 20:59:18.478921 4491 server_base.cc:167] Could not load existing FS layout: Not found: /tmp/kudutest-1000/create-table-itest.CreateTableITest.TestCreateTableWithDeadTServers.1476133114077700-1686/minicluster-data/master-0/instance: No such file or directory (error 2)
I1010 20:59:18.478934 4491 server_base.cc:168] Creating new FS layout
I1010 20:59:18.485074 4491 fs_manager.cc:354] Generated new instance metadata in path /tmp/kudutest-1000/create-table-itest.CreateTableITest.TestCreateTableWithDeadTServers.1476133114077700-1686/minicluster-data/master-0/instance: uuid: "c7eb565e98d74df4b890199f2e895330" format_stamp: "Formatted at 2016-10-10 20:59:18 on dist-test-slave-dist-test-slave-ymsa"
I1010 20:59:18.491117 4491 fs_manager.cc:243] Opened local filesystem: /tmp/kudutest-1000/create-table-itest.CreateTableITest.TestCreateTableWithDeadTServers.1476133114077700-1686/minicluster-data/master-0 uuid: "c7eb565e98d74df4b890199f2e895330" format_stamp: "Formatted at 2016-10-10 20:59:18 on dist-test-slave-dist-test-slave-ymsa"
I1010 20:59:18.493100 4491 master_main.cc:61] Starting Master server...
I1010 20:59:18.496611 4491 rpc_server.cc:164] RPC server started. Bound to: 127.0.0.1:33283
I1010 20:59:18.496644 4491 webserver.cc:125] Starting webserver on localhost:0
I1010 20:59:18.496647 4491 webserver.cc:136] Document root disabled
I1010 20:59:18.496814 4491 net_util.cc:195] Address 127.0.0.1:0 for localhost:0 duplicates an earlier resolved entry.
I1010 20:59:18.496897 4491 webserver.cc:220] Webserver started. Bound to: http://127.0.0.1:53220/
I1010 20:59:18.496992 4491 server_base.cc:239] Dumped server information to /tmp/kudutest-1000/create-table-itest.CreateTableITest.TestCreateTableWithDeadTServers.1476133114077700-1686/minicluster-data/master-0/info.pb
I1010 20:59:18.501930 4545 tablet_bootstrap.cc:380] T 00000000000000000000000000000000 P c7eb565e98d74df4b890199f2e895330: Bootstrap starting.
I1010 20:59:18.502055 4545 tablet_bootstrap.cc:542] T 00000000000000000000000000000000 P c7eb565e98d74df4b890199f2e895330: Time spent opening tablet: real 0.000s user 0.000s sys 0.000s
I1010 20:59:18.502159 4545 tablet_bootstrap.cc:482] T 00000000000000000000000000000000 P c7eb565e98d74df4b890199f2e895330: No blocks or log segments found. Creating new log.
I1010 20:59:18.502249 4545 log.cc:347] Log is configured to *not* fsync() on all Append() calls
I1010 20:59:18.502650 4545 tablet_bootstrap.cc:380] T 00000000000000000000000000000000 P c7eb565e98d74df4b890199f2e895330: No bootstrap required, opened a new log
I1010 20:59:18.502923 4545 raft_consensus.cc:275] T 00000000000000000000000000000000 P c7eb565e98d74df4b890199f2e895330 [term 0 FOLLOWER]: Replica starting. Triggering 0 pending transactions. Active config: opid_index: -1 OBSOLETE_local: true peers { permanent_uuid: "c7eb565e98d74df4b890199f2e895330" member_type: VOTER }
I1010 20:59:18.502941 4545 raft_consensus.cc:306] T 00000000000000000000000000000000 P c7eb565e98d74df4b890199f2e895330 [term 0 FOLLOWER]: Consensus starting up: Expiring failure detector timer to make a prompt election more likely
I1010 20:59:18.502950 4545 raft_consensus.cc:502] T 00000000000000000000000000000000 P c7eb565e98d74df4b890199f2e895330 [term 0 FOLLOWER]: Becoming Follower/Learner. State: Replica: c7eb565e98d74df4b890199f2e895330, State: 1, Role: FOLLOWER Watermarks: {Received: term: 0 index: 0 Committed: term: 0 index: 0}
I1010 20:59:18.502957 4545 consensus_queue.cc:168] T 00000000000000000000000000000000 P c7eb565e98d74df4b890199f2e895330 [NON_LEADER]: Queue going to NON_LEADER mode. State: All replicated index: 0, Majority replicated index: 0, Committed index: 0, Last appended: 0.0, Current term: 0, Majority size: -1, State: 1, Mode: NON_LEADER
I1010 20:59:18.502961 4545 raft_consensus.cc:319] T 00000000000000000000000000000000 P c7eb565e98d74df4b890199f2e895330 [term 0 FOLLOWER]: Only one voter in the Raft config. Triggering election immediately
I1010 20:59:18.502969 1686 external_mini_cluster.cc:622] Started /tmp/run_tha_testXiwMYW/build/release/bin/kudu-master as pid 4491
I1010 20:59:18.502993 4545 raft_consensus.cc:375] T 00000000000000000000000000000000 P c7eb565e98d74df4b890199f2e895330 [term 0 FOLLOWER]: No leader contacted us within the election timeout. Triggering leader election
I1010 20:59:18.503000 4545 raft_consensus.cc:2031] T 00000000000000000000000000000000 P c7eb565e98d74df4b890199f2e895330 [term 0 FOLLOWER]: Advancing to term 1
I1010 20:59:18.503036 1686 external_mini_cluster.cc:586] Running /tmp/run_tha_testXiwMYW/build/release/bin/kudu-tserver kudu-tserver --fs_wal_dir=/tmp/kudutest-1000/create-table-itest.CreateTableITest.TestCreateTableWithDeadTServers.1476133114077700-1686/minicluster-data/ts-0 --fs_data_dirs=/tmp/kudutest-1000/create-table-itest.CreateTableITest.TestCreateTableWithDeadTServers.1476133114077700-1686/minicluster-data/ts-0 --rpc_bind_addresses=127.6.150.0:0 --local_ip_for_outbound_sockets=127.6.150.0 --webserver_interface=127.6.150.0 --webserver_port=0 --tserver_master_addrs=127.0.0.1:33283 --metrics_log_interval_ms=1000 --log_dir=/tmp/kudutest-1000/create-table-itest.CreateTableITest.TestCreateTableWithDeadTServers.1476133114077700-1686/minicluster-data/ts-0 --never_fsync --server_dump_info_path=/tmp/kudutest-1000/create-table-itest.CreateTableITest.TestCreateTableWithDeadTServers.1476133114077700-1686/minicluster-data/ts-0/info.pb --server_dump_info_format=pb --rpc_server_allow_ephemeral_ports --logtostderr --logbuflevel=-1 --unlock_experimental_flags --unlock_unsafe_flags
I1010 20:59:18.503237 4545 raft_consensus.cc:1981] T 00000000000000000000000000000000 P c7eb565e98d74df4b890199f2e895330 [term 1 FOLLOWER]: Snoozing failure detection for election timeout plus an additional 1.531s
I1010 20:59:18.503259 4545 raft_consensus.cc:391] T 00000000000000000000000000000000 P c7eb565e98d74df4b890199f2e895330 [term 1 FOLLOWER]: Starting election with config: opid_index: -1 OBSOLETE_local: true peers { permanent_uuid: "c7eb565e98d74df4b890199f2e895330" member_type: VOTER }
I1010 20:59:18.503876 4545 leader_election.cc:248] T 00000000000000000000000000000000 P c7eb565e98d74df4b890199f2e895330 [CANDIDATE]: Term 1 election: Election decided. Result: candidate won. WARNING: Logging before InitGoogleLogging() is written to STDERR
W1010 20:59:18.507845 4549 flags.cc:294] Enabled unsafe flag: --rpc_server_allow_ephemeral_ports=true
W1010 20:59:18.507910 4549 flags.cc:294] Enabled unsafe flag: --never_fsync=true
W1010 20:59:18.508294 4549 flags.cc:294] Enabled experimental flag: --local_ip_for_outbound_sockets=127.6.150.0
I1010 20:59:18.508370 4549 mem_tracker.cc:140] MemTracker: hard memory limit is 11.777661 GB
I1010 20:59:18.508380 4549 mem_tracker.cc:142] MemTracker: soft memory limit is 7.066597 GB
I1010 20:59:18.509260 4550 raft_consensus.cc:1981] T 00000000000000000000000000000000 P c7eb565e98d74df4b890199f2e895330 [term 1 FOLLOWER]: Snoozing failure detection for election timeout plus an additional 1.596s
I1010 20:59:18.509277 4550 raft_consensus.cc:1861] T 00000000000000000000000000000000 P c7eb565e98d74df4b890199f2e895330 [term 1 FOLLOWER]: Leader election won for term 1
I1010 20:59:18.509310 4549 tablet_server_main.cc:54] Initializing tablet server...
I1010 20:59:18.509433 4549 hybrid_clock.cc:177] HybridClock initialized. Resolution in nanos?: 1 Wait times tolerance adjustment: 1.0005 Current error: 990115
I1010 20:59:18.510059 4549 server_base.cc:167] Could not load existing FS layout: Not found: /tmp/kudutest-1000/create-table-itest.CreateTableITest.TestCreateTableWithDeadTServers.1476133114077700-1686/minicluster-data/ts-0/instance: No such file or directory (error 2)
I1010 20:59:18.510071 4549 server_base.cc:168] Creating new FS layout
I1010 20:59:18.511114 4549 fs_manager.cc:354] Generated new instance metadata in path /tmp/kudutest-1000/create-table-itest.CreateTableITest.TestCreateTableWithDeadTServers.1476133114077700-1686/minicluster-data/ts-0/instance: uuid: "d28b59bf702d4784a663d8e6458ffe07" format_stamp: "Formatted at 2016-10-10 20:59:18 on dist-test-slave-dist-test-slave-ymsa"
I1010 20:59:18.511678 4550 raft_consensus.cc:467] T 00000000000000000000000000000000 P c7eb565e98d74df4b890199f2e895330 [term 1 LEADER]: Becoming Leader. State: Replica: c7eb565e98d74df4b890199f2e895330, State: 1, Role: LEADER Watermarks: {Received: term: 0 index: 0 Committed: term: 0 index: 0}
I1010 20:59:18.511698 4550 consensus_queue.cc:151] T 00000000000000000000000000000000 P c7eb565e98d74df4b890199f2e895330 [LEADER]: Queue going to LEADER mode. State: All replicated index: 0, Majority replicated index: 0, Committed index: 0, Last appended: 0.0, Current term: 1, Majority size: 1, State: 1, Mode: LEADER, active raft config: opid_index: -1 OBSOLETE_local: true peers { permanent_uuid: "c7eb565e98d74df4b890199f2e895330" member_type: VOTER }
I1010 20:59:18.511736 4549 fs_manager.cc:243] Opened local filesystem: /tmp/kudutest-1000/create-table-itest.CreateTableITest.TestCreateTableWithDeadTServers.1476133114077700-1686/minicluster-data/ts-0 uuid: "d28b59bf702d4784a663d8e6458ffe07" format_stamp: "Formatted at 2016-10-10 20:59:18 on dist-test-slave-dist-test-slave-ymsa"
I1010 20:59:18.512768 4553 sys_catalog.cc:257] T 00000000000000000000000000000000 P c7eb565e98d74df4b890199f2e895330 [sys.catalog]: SysCatalogTable state changed. Reason: RaftConsensus started. Latest consensus state: current_term: 1 leader_uuid: "c7eb565e98d74df4b890199f2e895330" config { opid_index: -1 OBSOLETE_local: true peers { permanent_uuid: "c7eb565e98d74df4b890199f2e895330" member_type: VOTER } }
I1010 20:59:18.512783 4553 sys_catalog.cc:260] T 00000000000000000000000000000000 P c7eb565e98d74df4b890199f2e895330 [sys.catalog]: This master's current role is: LEADER
I1010 20:59:18.512897 4545 sys_catalog.cc:257] T 00000000000000000000000000000000 P c7eb565e98d74df4b890199f2e895330 [sys.catalog]: SysCatalogTable state changed. Reason: Started TabletPeer. Latest consensus state: current_term: 1 leader_uuid: "c7eb565e98d74df4b890199f2e895330" config { opid_index: -1 OBSOLETE_local: true peers { permanent_uuid: "c7eb565e98d74df4b890199f2e895330" member_type: VOTER } }
I1010 20:59:18.512914 4545 sys_catalog.cc:260] T 00000000000000000000000000000000 P c7eb565e98d74df4b890199f2e895330 [sys.catalog]: This master's current role is: LEADER
I1010 20:59:18.512945 4555 sys_catalog.cc:257] T 00000000000000000000000000000000 P c7eb565e98d74df4b890199f2e895330 [sys.catalog]: SysCatalogTable state changed. Reason: New leader c7eb565e98d74df4b890199f2e895330. Latest consensus state: current_term: 1 leader_uuid: "c7eb565e98d74df4b890199f2e895330" config { opid_index: -1 OBSOLETE_local: true peers { permanent_uuid: "c7eb565e98d74df4b890199f2e895330" member_type: VOTER } }
I1010 20:59:18.512969 4545 sys_catalog.cc:335] T 00000000000000000000000000000000 P c7eb565e98d74df4b890199f2e895330 [sys.catalog]: configured and running, proceeding with master startup.
I1010 20:59:18.512977 4555 sys_catalog.cc:260] T 00000000000000000000000000000000 P c7eb565e98d74df4b890199f2e895330 [sys.catalog]: This master's current role is: LEADER
W1010 20:59:18.513038 4562 catalog_manager.cc:365] Catalog manager background task thread going to sleep: Service unavailable: Catalog manager is not initialized. State: 1
I1010 20:59:18.513057 4491 master_main.cc:64] Master server successfully started.
I1010 20:59:18.513057 4558 catalog_manager.cc:660] Loading table and tablet metadata into memory...
I1010 20:59:18.513835 4549 tablet_server_main.cc:57] Starting tablet server...
I1010 20:59:18.522300 4549 rpc_server.cc:164] RPC server started. Bound to: 127.6.150.0:48341
I1010 20:59:18.522367 4549 webserver.cc:125] Starting webserver on 127.6.150.0:0
I1010 20:59:18.522375 4549 webserver.cc:136] Document root disabled
I1010 20:59:18.522467 4549 webserver.cc:220] Webserver started. Bound to: http://127.6.150.0:32964/
I1010 20:59:18.522572 4549 server_base.cc:239] Dumped server information to /tmp/kudutest-1000/create-table-itest.CreateTableITest.TestCreateTableWithDeadTServers.1476133114077700-1686/minicluster-data/ts-0/info.pb
I1010 20:59:18.523591 1686 external_mini_cluster.cc:622] Started /tmp/run_tha_testXiwMYW/build/release/bin/kudu-tserver as pid 4549
I1010 20:59:18.523655 1686 external_mini_cluster.cc:586] Running /tmp/run_tha_testXiwMYW/build/release/bin/kudu-tserver kudu-tserver --fs_wal_dir=/tmp/kudutest-1000/create-table-itest.CreateTableITest.TestCreateTableWithDeadTServers.1476133114077700-1686/minicluster-data/ts-1 --fs_data_dirs=/tmp/kudutest-1000/create-table-itest.CreateTableITest.TestCreateTableWithDeadTServers.1476133114077700-1686/minicluster-data/ts-1 --rpc_bind_addresses=127.6.150.1:0 --local_ip_for_outbound_sockets=127.6.150.1 --webserver_interface=127.6.150.1 --webserver_port=0 --tserver_master_addrs=127.0.0.1:33283 --metrics_log_interval_ms=1000 --log_dir=/tmp/kudutest-1000/create-table-itest.CreateTableITest.TestCreateTableWithDeadTServers.1476133114077700-1686/minicluster-data/ts-1 --never_fsync --server_dump_info_path=/tmp/kudutest-1000/create-table-itest.CreateTableITest.TestCreateTableWithDeadTServers.1476133114077700-1686/minicluster-data/ts-1/info.pb --server_dump_info_format=pb --rpc_server_allow_ephemeral_ports --logtostderr --logbuflevel=-1 --unlock_experimental_flags --unlock_unsafe_flags WARNING: Logging before InitGoogleLogging() is written to STDERR
W1010 20:59:18.527717 4671 flags.cc:294] Enabled unsafe flag: --rpc_server_allow_ephemeral_ports=true
W1010 20:59:18.527778 4671 flags.cc:294] Enabled unsafe flag: --never_fsync=true
W1010 20:59:18.528134 4671 flags.cc:294] Enabled experimental flag: --local_ip_for_outbound_sockets=127.6.150.1
I1010 20:59:18.528208 4671 mem_tracker.cc:140] MemTracker: hard memory limit is 11.777661 GB
I1010 20:59:18.528216 4671 mem_tracker.cc:142] MemTracker: soft memory limit is 7.066597 GB
I1010 20:59:18.529121 4671 tablet_server_main.cc:54] Initializing tablet server...
I1010 20:59:18.529304 4671 hybrid_clock.cc:177] HybridClock initialized. Resolution in nanos?: 1 Wait times tolerance adjustment: 1.0005 Current error: 990115
I1010 20:59:18.529917 4671 server_base.cc:167] Could not load existing FS layout: Not found: /tmp/kudutest-1000/create-table-itest.CreateTableITest.TestCreateTableWithDeadTServers.1476133114077700-1686/minicluster-data/ts-1/instance: No such file or directory (error 2)
I1010 20:59:18.529927 4671 server_base.cc:168] Creating new FS layout
I1010 20:59:18.530900 4671 fs_manager.cc:354] Generated new instance metadata in path /tmp/kudutest-1000/create-table-itest.CreateTableITest.TestCreateTableWithDeadTServers.1476133114077700-1686/minicluster-data/ts-1/instance: uuid: "b875591ca76f403cb24fdc708bf09ffe" format_stamp: "Formatted at 2016-10-10 20:59:18 on dist-test-slave-dist-test-slave-ymsa"
I1010 20:59:18.531147 4549 tablet_server_main.cc:60] Tablet server successfully started.
I1010 20:59:18.531503 4671 fs_manager.cc:243] Opened local filesystem: /tmp/kudutest-1000/create-table-itest.CreateTableITest.TestCreateTableWithDeadTServers.1476133114077700-1686/minicluster-data/ts-1 uuid: "b875591ca76f403cb24fdc708bf09ffe" format_stamp: "Formatted at 2016-10-10 20:59:18 on dist-test-slave-dist-test-slave-ymsa"
I1010 20:59:18.539289 4670 heartbeater.cc:292] Connected to a master server at 127.0.0.1:33283
I1010 20:59:18.539304 4670 heartbeater.cc:359] Registering TS with master...
I1010 20:59:18.539314 4670 heartbeater.cc:373] Master 127.0.0.1:33283 requested a full tablet report, sending...
I1010 20:59:18.539419 4512 ts_manager.cc:76] Registered new tserver with Master: d28b59bf702d4784a663d8e6458ffe07 (127.6.150.0:48341)
I1010 20:59:18.550889 4671 tablet_server_main.cc:57] Starting tablet server...
I1010 20:59:18.558497 4671 rpc_server.cc:164] RPC server started. Bound to: 127.6.150.1:44212
I1010 20:59:18.558533 4671 webserver.cc:125] Starting webserver on 127.6.150.1:0
I1010 20:59:18.558537 4671 webserver.cc:136] Document root disabled
I1010 20:59:18.558607 4671 webserver.cc:220] Webserver started. Bound to: http://127.6.150.1:36208/
I1010 20:59:18.558701 4671 server_base.cc:239] Dumped server information to /tmp/kudutest-1000/create-table-itest.CreateTableITest.TestCreateTableWithDeadTServers.1476133114077700-1686/minicluster-data/ts-1/info.pb
I1010 20:59:18.564354 1686 external_mini_cluster.cc:622] Started /tmp/run_tha_testXiwMYW/build/release/bin/kudu-tserver as pid 4671
I1010 20:59:18.564419 1686 external_mini_cluster.cc:586] Running /tmp/run_tha_testXiwMYW/build/release/bin/kudu-tserver kudu-tserver --fs_wal_dir=/tmp/kudutest-1000/create-table-itest.CreateTableITest.TestCreateTableWithDeadTServers.1476133114077700-1686/minicluster-data/ts-2 --fs_data_dirs=/tmp/kudutest-1000/create-table-itest.CreateTableITest.TestCreateTableWithDeadTServers.1476133114077700-1686/minicluster-data/ts-2 --rpc_bind_addresses=127.6.150.2:0 --local_ip_for_outbound_sockets=127.6.150.2 --webserver_interface=127.6.150.2 --webserver_port=0 --tserver_master_addrs=127.0.0.1:33283 --metrics_log_interval_ms=1000 --log_dir=/tmp/kudutest-1000/create-table-itest.CreateTableITest.TestCreateTableWithDeadTServers.1476133114077700-1686/minicluster-data/ts-2 --never_fsync --server_dump_info_path=/tmp/kudutest-1000/create-table-itest.CreateTableITest.TestCreateTableWithDeadTServers.1476133114077700-1686/minicluster-data/ts-2/info.pb --server_dump_info_format=pb --rpc_server_allow_ephemeral_ports --logtostderr --logbuflevel=-1 --unlock_experimental_flags --unlock_unsafe_flags WARNING: Logging before InitGoogleLogging() is written to STDERR
W1010 20:59:18.568583 4789 flags.cc:294] Enabled unsafe flag: --rpc_server_allow_ephemeral_ports=true
W1010 20:59:18.568639 4789 flags.cc:294] Enabled unsafe flag: --never_fsync=true
W1010 20:59:18.568991 4789 flags.cc:294] Enabled experimental flag: --local_ip_for_outbound_sockets=127.6.150.2
I1010 20:59:18.569111 4789 mem_tracker.cc:140] MemTracker: hard memory limit is 11.777661 GB
I1010 20:59:18.569121 4789 mem_tracker.cc:142] MemTracker: soft memory limit is 7.066597 GB
I1010 20:59:18.570050 4789 tablet_server_main.cc:54] Initializing tablet server...
I1010 20:59:18.570178 4789 hybrid_clock.cc:177] HybridClock initialized. Resolution in nanos?: 1 Wait times tolerance adjustment: 1.0005 Current error: 990115
I1010 20:59:18.570845 4789 server_base.cc:167] Could not load existing FS layout: Not found: /tmp/kudutest-1000/create-table-itest.CreateTableITest.TestCreateTableWithDeadTServers.1476133114077700-1686/minicluster-data/ts-2/instance: No such file or directory (error 2)
I1010 20:59:18.570845 4671 tablet_server_main.cc:60] Tablet server successfully started.
I1010 20:59:18.570855 4789 server_base.cc:168] Creating new FS layout
I1010 20:59:18.571854 4788 heartbeater.cc:292] Connected to a master server at 127.0.0.1:33283
I1010 20:59:18.571885 4788 heartbeater.cc:359] Registering TS with master...
I1010 20:59:18.571914 4788 heartbeater.cc:373] Master 127.0.0.1:33283 requested a full tablet report, sending...
I1010 20:59:18.571990 4789 fs_manager.cc:354] Generated new instance metadata in path /tmp/kudutest-1000/create-table-itest.CreateTableITest.TestCreateTableWithDeadTServers.1476133114077700-1686/minicluster-data/ts-2/instance: uuid: "56563ca504254721af39bb1b55e0af86" format_stamp: "Formatted at 2016-10-10 20:59:18 on dist-test-slave-dist-test-slave-ymsa"
I1010 20:59:18.572005 4512 ts_manager.cc:76] Registered new tserver with Master: b875591ca76f403cb24fdc708bf09ffe (127.6.150.1:44212)
I1010 20:59:18.572556 4789 fs_manager.cc:243] Opened local filesystem: /tmp/kudutest-1000/create-table-itest.CreateTableITest.TestCreateTableWithDeadTServers.1476133114077700-1686/minicluster-data/ts-2 uuid: "56563ca504254721af39bb1b55e0af86" format_stamp: "Formatted at 2016-10-10 20:59:18 on dist-test-slave-dist-test-slave-ymsa"
I1010 20:59:18.574828 4789 tablet_server_main.cc:57] Starting tablet server...
I1010 20:59:18.583186 4789 rpc_server.cc:164] RPC server started. Bound to: 127.6.150.2:41850
I1010 20:59:18.583221 4789 webserver.cc:125] Starting webserver on 127.6.150.2:0
I1010 20:59:18.583225 4789 webserver.cc:136] Document root disabled
I1010 20:59:18.583317 4789 webserver.cc:220] Webserver started. Bound to: http://127.6.150.2:45935/
I1010 20:59:18.583451 4789 server_base.cc:239] Dumped server information to /tmp/kudutest-1000/create-table-itest.CreateTableITest.TestCreateTableWithDeadTServers.1476133114077700-1686/minicluster-data/ts-2/info.pb
I1010 20:59:18.583658 4789 tablet_server_main.cc:60] Tablet server successfully started.
I1010 20:59:18.584388 4905 heartbeater.cc:292] Connected to a master server at 127.0.0.1:33283
I1010 20:59:18.584405 4905 heartbeater.cc:359] Registering TS with master...
I1010 20:59:18.584419 4905 heartbeater.cc:373] Master 127.0.0.1:33283 requested a full tablet report, sending...
I1010 20:59:18.584507 4512 ts_manager.cc:76] Registered new tserver with Master: 56563ca504254721af39bb1b55e0af86 (127.6.150.2:41850)
I1010 20:59:18.584893 1686 external_mini_cluster.cc:622] Started /tmp/run_tha_testXiwMYW/build/release/bin/kudu-tserver as pid 4789
I1010 20:59:18.585628 1686 external_mini_cluster.cc:341] 3 TS(s) registered with all masters
I1010 20:59:18.587211 1686 external_mini_cluster.cc:687] Killing /tmp/run_tha_testXiwMYW/build/release/bin/kudu-tserver with pid 4549
I1010 20:59:18.588821 1686 external_mini_cluster.cc:687] Killing /tmp/run_tha_testXiwMYW/build/release/bin/kudu-tserver with pid 4671
I1010 20:59:18.590306 1686 external_mini_cluster.cc:687] Killing /tmp/run_tha_testXiwMYW/build/release/bin/kudu-tserver with pid 4789
I1010 20:59:18.592829 4512 catalog_manager.cc:789] CreateTable from {real_user=slave, eff_user=} at 127.0.0.1:51300: name: "test" schema { columns { name: "key" type: INT32 is_key: true is_nullable: false encoding: AUTO_ENCODING compression: DEFAULT_COMPRESSION cfile_block_size: 0 } columns { name: "int_val" type: INT32 is_key: false is_nullable: false encoding: AUTO_ENCODING compression: DEFAULT_COMPRESSION cfile_block_size: 0 } columns { name: "string_val" type: STRING is_key: false is_nullable: true encoding: AUTO_ENCODING compression: DEFAULT_COMPRESSION cfile_block_size: 0 } } split_rows_range_bounds { } partition_schema { range_schema { columns { name: "key" } } }
W1010 20:59:18.594099 4498 catalog_manager.cc:2301] TS b875591ca76f403cb24fdc708bf09ffe (127.6.150.1:44212): Create Tablet RPC failed for tablet 017f3e822a354318bfbd0c20954f50cc: Network error: Client connection negotiation failed: client connection to 127.6.150.1:44212: connect: Connection refused (error 111)
I1010 20:59:18.594113 4498 catalog_manager.cc:2355] Scheduling retry of CreateTablet RPC for tablet 017f3e822a354318bfbd0c20954f50cc on TS b875591ca76f403cb24fdc708bf09ffe with a delay of 60ms (attempt = 1)...
W1010 20:59:18.594529 4496 catalog_manager.cc:2301] TS d28b59bf702d4784a663d8e6458ffe07 (127.6.150.0:48341): Create Tablet RPC failed for tablet 017f3e822a354318bfbd0c20954f50cc: Network error: Client connection negotiation failed: client connection to 127.6.150.0:48341: connect: Connection refused (error 111)
W1010 20:59:18.594537 4497 catalog_manager.cc:2301] TS 56563ca504254721af39bb1b55e0af86 (127.6.150.2:41850): Create Tablet RPC failed for tablet 017f3e822a354318bfbd0c20954f50cc: Network error: Client connection negotiation failed: client connection to 127.6.150.2:41850: connect: Connection refused (error 111)
I1010 20:59:18.594550 4497 catalog_manager.cc:2355] Scheduling retry of CreateTablet RPC for tablet 017f3e822a354318bfbd0c20954f50cc on TS 56563ca504254721af39bb1b55e0af86 with a delay of 54ms (attempt = 1)...
I1010 20:59:18.594540 4496 catalog_manager.cc:2355] Scheduling retry of CreateTablet RPC for tablet 017f3e822a354318bfbd0c20954f50cc on TS d28b59bf702d4784a663d8e6458ffe07 with a delay of 35ms (attempt = 1)...
W1010 20:59:18.629719 4496 catalog_manager.cc:2301] TS d28b59bf702d4784a663d8e6458ffe07 (127.6.150.0:48341): Create Tablet RPC failed for tablet 017f3e822a354318bfbd0c20954f50cc: Network error: Client connection negotiation failed: client connection to 127.6.150.0:48341: connect: Connection refused (error 111)
I1010 20:59:18.629730 4496 catalog_manager.cc:2355] Scheduling retry of CreateTablet RPC for tablet 017f3e822a354318bfbd0c20954f50cc on TS d28b59bf702d4784a663d8e6458ffe07 with a delay of 33ms (attempt = 2)...
W1010 20:59:18.648808 4497 catalog_manager.cc:2301] TS 56563ca504254721af39bb1b55e0af86 (127.6.150.2:41850): Create Tablet RPC failed for tablet 017f3e822a354318bfbd0c20954f50cc: Network error: Client connection negotiation failed: client connection to 127.6.150.2:41850: connect: Connection refused (error 111)
I1010 20:59:18.648819 4497 catalog_manager.cc:2355] Scheduling retry of CreateTablet RPC for tablet 017f3e822a354318bfbd0c20954f50cc on TS 56563ca504254721af39bb1b55e0af86 with a delay of 58ms (attempt = 2)...
W1010 20:59:18.654353 4498 catalog_manager.cc:2301] TS b875591ca76f403cb24fdc708bf09ffe (127.6.150.1:44212): Create Tablet RPC failed for tablet 017f3e822a354318bfbd0c20954f50cc: Network error: Client connection negotiation failed: client connection to 127.6.150.1:44212: connect: Connection refused (error 111)
I1010 20:59:18.654373 4498 catalog_manager.cc:2355] Scheduling retry of CreateTablet RPC for tablet 017f3e822a354318bfbd0c20954f50cc on TS b875591ca76f403cb24fdc708bf09ffe with a delay of 65ms (attempt = 2)...
W1010 20:59:18.662880 4496 catalog_manager.cc:2301] TS d28b59bf702d4784a663d8e6458ffe07 (127.6.150.0:48341): Create Tablet RPC failed for tablet 017f3e822a354318bfbd0c20954f50cc: Network error: Client connection negotiation failed: client connection to 127.6.150.0:48341: connect: Connection refused (error 111)
I1010 20:59:18.662894 4496 catalog_manager.cc:2355] Scheduling retry of CreateTablet RPC for tablet 017f3e822a354318bfbd0c20954f50cc on TS d28b59bf702d4784a663d8e6458ffe07 with a delay of 83ms (attempt = 3)...
W1010 20:59:18.707247 4497 catalog_manager.cc:2301] TS 56563ca504254721af39bb1b55e0af86 (127.6.150.2:41850): Create Tablet RPC failed for tablet 017f3e822a354318bfbd0c20954f50cc: Network error: Client connection negotiation failed: client connection to 127.6.150.2:41850: connect: Connection refused (error 111)
I1010 20:59:18.707258 4497 catalog_manager.cc:2355] Scheduling retry of CreateTablet RPC for tablet 017f3e822a354318bfbd0c20954f50cc on TS 56563ca504254721af39bb1b55e0af86 with a delay of 97ms (attempt = 3)...
W1010 20:59:18.719749 4498 catalog_manager.cc:2301] TS b875591ca76f403cb24fdc708bf09ffe (127.6.150.1:44212): Create Tablet RPC failed for tablet 017f3e822a354318bfbd0c20954f50cc: Network error: Client connection negotiation failed: client connection to 127.6.150.1:44212: connect: Connection refused (error 111)
I1010 20:59:18.719760 4498 catalog_manager.cc:2355] Scheduling retry of CreateTablet RPC for tablet 017f3e822a354318bfbd0c20954f50cc on TS b875591ca76f403cb24fdc708bf09ffe with a delay of 107ms (attempt = 3)...
W1010 20:59:18.746054 4496 catalog_manager.cc:2301] TS d28b59bf702d4784a663d8e6458ffe07 (127.6.150.0:48341): Create Tablet RPC failed for tablet 017f3e822a354318bfbd0c20954f50cc: Network error: Client connection negotiation failed: client connection to 127.6.150.0:48341: connect: Connection refused (error 111)
I1010 20:59:18.746068 4496 catalog_manager.cc:2355] Scheduling retry of CreateTablet RPC for tablet 017f3e822a354318bfbd0c20954f50cc on TS d28b59bf702d4784a663d8e6458ffe07 with a delay of 132ms (attempt = 4)...
W1010 20:59:18.804664 4497 catalog_manager.cc:2301] TS 56563ca504254721af39bb1b55e0af86 (127.6.150.2:41850): Create Tablet RPC failed for tablet 017f3e822a354318bfbd0c20954f50cc: Network error: Client connection negotiation failed: client connection to 127.6.150.2:41850: connect: Connection refused (error 111)
I1010 20:59:18.804674 4497 catalog_manager.cc:2355] Scheduling retry of CreateTablet RPC for tablet 017f3e822a354318bfbd0c20954f50cc on TS 56563ca504254721af39bb1b55e0af86 with a delay of 134ms (attempt = 4)...
W1010 20:59:18.827160 4498 catalog_manager.cc:2301] TS b875591ca76f403cb24fdc708bf09ffe (127.6.150.1:44212): Create Tablet RPC failed for tablet 017f3e822a354318bfbd0c20954f50cc: Network error: Client connection negotiation failed: client connection to 127.6.150.1:44212: connect: Connection refused (error 111)
I1010 20:59:18.827170 4498 catalog_manager.cc:2355] Scheduling retry of CreateTablet RPC for tablet 017f3e822a354318bfbd0c20954f50cc on TS b875591ca76f403cb24fdc708bf09ffe with a delay of 159ms (attempt = 4)...
W1010 20:59:18.878212 4496 catalog_manager.cc:2301] TS d28b59bf702d4784a663d8e6458ffe07 (127.6.150.0:48341): Create Tablet RPC failed for tablet 017f3e822a354318bfbd0c20954f50cc: Network error: Client connection negotiation failed: client connection to 127.6.150.0:48341: connect: Connection refused (error 111)
I1010 20:59:18.878238 4496 catalog_manager.cc:2355] Scheduling retry of CreateTablet RPC for tablet 017f3e822a354318bfbd0c20954f50cc on TS d28b59bf702d4784a663d8e6458ffe07 with a delay of 281ms (attempt = 5)...
W1010 20:59:18.939074 4497 catalog_manager.cc:2301] TS 56563ca504254721af39bb1b55e0af86 (127.6.150.2:41850): Create Tablet RPC failed for tablet 017f3e822a354318bfbd0c20954f50cc: Network error: Client connection negotiation failed: client connection to 127.6.150.2:41850: connect: Connection refused (error 111)
I1010 20:59:18.939085 4497 catalog_manager.cc:2355] Scheduling retry of CreateTablet RPC for tablet 017f3e822a354318bfbd0c20954f50cc on TS 56563ca504254721af39bb1b55e0af86 with a delay of 272ms (attempt = 5)...
W1010 20:59:18.986629 4498 catalog_manager.cc:2301] TS b875591ca76f403cb24fdc708bf09ffe (127.6.150.1:44212): Create Tablet RPC failed for tablet 017f3e822a354318bfbd0c20954f50cc: Network error: Client connection negotiation failed: client connection to 127.6.150.1:44212: connect: Connection refused (error 111)
I1010 20:59:18.986641 4498 catalog_manager.cc:2355] Scheduling retry of CreateTablet RPC for tablet 017f3e822a354318bfbd0c20954f50cc on TS b875591ca76f403cb24fdc708bf09ffe with a delay of 267ms (attempt = 5)...
W1010 20:59:19.159409 4496 catalog_manager.cc:2301] TS d28b59bf702d4784a663d8e6458ffe07 (127.6.150.0:48341): Create Tablet RPC failed for tablet 017f3e822a354318bfbd0c20954f50cc: Network error: Client connection negotiation failed: client connection to 127.6.150.0:48341: connect: Connection refused (error 111)
I1010 20:59:19.159471 4496 catalog_manager.cc:2355] Scheduling retry of CreateTablet RPC for tablet 017f3e822a354318bfbd0c20954f50cc on TS d28b59bf702d4784a663d8e6458ffe07 with a delay of 424ms (attempt = 6)...
W1010 20:59:19.211771 4497 catalog_manager.cc:2301] TS 56563ca504254721af39bb1b55e0af86 (127.6.150.2:41850): Create Tablet RPC failed for tablet 017f3e822a354318bfbd0c20954f50cc: Network error: Client connection negotiation failed: client connection to 127.6.150.2:41850: connect: Connection refused (error 111)
I1010 20:59:19.211786 4497 catalog_manager.cc:2355] Scheduling retry of CreateTablet RPC for tablet 017f3e822a354318bfbd0c20954f50cc on TS 56563ca504254721af39bb1b55e0af86 with a delay of 372ms (attempt = 6)...
W1010 20:59:19.254428 4498 catalog_manager.cc:2301] TS b875591ca76f403cb24fdc708bf09ffe (127.6.150.1:44212): Create Tablet RPC failed for tablet 017f3e822a354318bfbd0c20954f50cc: Network error: Client connection negotiation failed: client connection to 127.6.150.1:44212: connect: Connection refused (error 111)
I1010 20:59:19.254437 4498 catalog_manager.cc:2355] Scheduling retry of CreateTablet RPC for tablet 017f3e822a354318bfbd0c20954f50cc on TS b875591ca76f403cb24fdc708bf09ffe with a delay of 329ms (attempt = 6)...
W1010 20:59:19.583678 4496 catalog_manager.cc:2301] TS d28b59bf702d4784a663d8e6458ffe07 (127.6.150.0:48341): Create Tablet RPC failed for tablet 017f3e822a354318bfbd0c20954f50cc: Network error: Client connection negotiation failed: client connection to 127.6.150.0:48341: connect: Connection refused (error 111)
W1010 20:59:19.583708 4496 catalog_manager.cc:2352] Request timed out: CreateTablet RPC for tablet 017f3e822a354318bfbd0c20954f50cc on TS d28b59bf702d4784a663d8e6458ffe07
W1010 20:59:19.584249 4498 catalog_manager.cc:2301] TS b875591ca76f403cb24fdc708bf09ffe (127.6.150.1:44212): Create Tablet RPC failed for tablet 017f3e822a354318bfbd0c20954f50cc: Network error: Client connection negotiation failed: client connection to 127.6.150.1:44212: connect: Connection refused (error 111)
W1010 20:59:19.584257 4498 catalog_manager.cc:2352] Request timed out: CreateTablet RPC for tablet 017f3e822a354318bfbd0c20954f50cc on TS b875591ca76f403cb24fdc708bf09ffe
W1010 20:59:19.584632 4497 catalog_manager.cc:2301] TS 56563ca504254721af39bb1b55e0af86 (127.6.150.2:41850): Create Tablet RPC failed for tablet 017f3e822a354318bfbd0c20954f50cc: Network error: Client connection negotiation failed: client connection to 127.6.150.2:41850: connect: Connection refused (error 111)
W1010 20:59:19.584650 4497 catalog_manager.cc:2352] Request timed out: CreateTablet RPC for tablet 017f3e822a354318bfbd0c20954f50cc on TS 56563ca504254721af39bb1b55e0af86
W1010 20:59:19.594108 4562 catalog_manager.cc:2975] Tablet 017f3e822a354318bfbd0c20954f50cc (table test [id=2914731f866e47ad82213516818cfda0]) was not created within the allowed timeout. Replacing with a new tablet 7bad6c8ea22e4974be4ee6cab57e0d5a
I1010 20:59:19.600724 4562 catalog_manager.cc:2864] Sending DeleteTablet for 3 replicas of tablet 017f3e822a354318bfbd0c20954f50cc
I1010 20:59:19.600741 4562 catalog_manager.cc:2591] Sending DeleteTablet(TABLET_DATA_DELETED) for tablet 017f3e822a354318bfbd0c20954f50cc on 56563ca504254721af39bb1b55e0af86 (127.6.150.2:41850) (Replaced by 7bad6c8ea22e4974be4ee6cab57e0d5a at 2016-10-10 20:59:19 UTC)
I1010 20:59:19.600752 4562 catalog_manager.cc:2591] Sending DeleteTablet(TABLET_DATA_DELETED) for tablet 017f3e822a354318bfbd0c20954f50cc on b875591ca76f403cb24fdc708bf09ffe (127.6.150.1:44212) (Replaced by 7bad6c8ea22e4974be4ee6cab57e0d5a at 2016-10-10 20:59:19 UTC)
I1010 20:59:19.600769 4562 catalog_manager.cc:2591] Sending DeleteTablet(TABLET_DATA_DELETED) for tablet 017f3e822a354318bfbd0c20954f50cc on d28b59bf702d4784a663d8e6458ffe07 (127.6.150.0:48341) (Replaced by 7bad6c8ea22e4974be4ee6cab57e0d5a at 2016-10-10 20:59:19 UTC)
W1010 20:59:19.601032 4496 catalog_manager.cc:2301] TS d28b59bf702d4784a663d8e6458ffe07 (127.6.150.0:48341): Create Tablet RPC failed for tablet 7bad6c8ea22e4974be4ee6cab57e0d5a: Network error: Client connection negotiation failed: client connection to 127.6.150.0:48341: connect: Connection refused (error 111)
W1010 20:59:19.601055 4497 catalog_manager.cc:2301] TS 56563ca504254721af39bb1b55e0af86 (127.6.150.2:41850): Create Tablet RPC failed for tablet 7bad6c8ea22e4974be4ee6cab57e0d5a: Network error: Client connection negotiation failed: client connection to 127.6.150.2:41850: connect: Connection refused (error 111)
I1010 20:59:19.601086 4496 catalog_manager.cc:2355] Scheduling retry of CreateTablet RPC for tablet 7bad6c8ea22e4974be4ee6cab57e0d5a on TS d28b59bf702d4784a663d8e6458ffe07 with a delay of 47ms (attempt = 1)...
I1010 20:59:19.601100 4497 catalog_manager.cc:2355] Scheduling retry of CreateTablet RPC for tablet 7bad6c8ea22e4974be4ee6cab57e0d5a on TS 56563ca504254721af39bb1b55e0af86 with a delay of 18ms (attempt = 1)...
W1010 20:59:19.601106 4497 catalog_manager.cc:2301] TS 56563ca504254721af39bb1b55e0af86 (127.6.150.2:41850): Delete Tablet RPC failed for tablet 017f3e822a354318bfbd0c20954f50cc: Network error: Client connection negotiation failed: client connection to 127.6.150.2:41850: connect: Connection refused (error 111)
I1010 20:59:19.601109 4497 catalog_manager.cc:2355] Scheduling retry of 017f3e822a354318bfbd0c20954f50cc Delete Tablet RPC for TS=56563ca504254721af39bb1b55e0af86 with a delay of 40ms (attempt = 1)...
W1010 20:59:19.601107 4496 catalog_manager.cc:2301] TS d28b59bf702d4784a663d8e6458ffe07 (127.6.150.0:48341): Delete Tablet RPC failed for tablet 017f3e822a354318bfbd0c20954f50cc: Network error: Client connection negotiation failed: client connection to 127.6.150.0:48341: connect: Connection refused (error 111)
I1010 20:59:19.601122 4496 catalog_manager.cc:2355] Scheduling retry of 017f3e822a354318bfbd0c20954f50cc Delete Tablet RPC for TS=d28b59bf702d4784a663d8e6458ffe07 with a delay of 23ms (attempt = 1)...
W1010 20:59:19.601065 4498 catalog_manager.cc:2301] TS b875591ca76f403cb24fdc708bf09ffe (127.6.150.1:44212): Create Tablet RPC failed for tablet 7bad6c8ea22e4974be4ee6cab57e0d5a: Network error: Client connection negotiation failed: client connection to 127.6.150.1:44212: connect: Connection refused (error 111)
I1010 20:59:19.601207 4498 catalog_manager.cc:2355] Scheduling retry of CreateTablet RPC for tablet 7bad6c8ea22e4974be4ee6cab57e0d5a on TS b875591ca76f403cb24fdc708bf09ffe with a delay of 34ms (attempt = 1)...
W1010 20:59:19.601217 4498 catalog_manager.cc:2301] TS b875591ca76f403cb24fdc708bf09ffe (127.6.150.1:44212): Delete Tablet RPC failed for tablet 017f3e822a354318bfbd0c20954f50cc: Network error: Client connection negotiation failed: client connection to 127.6.150.1:44212: connect: Connection refused (error 111)
I1010 20:59:19.601218 4498 catalog_manager.cc:2355] Scheduling retry of 017f3e822a354318bfbd0c20954f50cc Delete Tablet RPC for TS=b875591ca76f403cb24fdc708bf09ffe with a delay of 32ms (attempt = 1)...
W1010 20:59:19.619359 4497 catalog_manager.cc:2301] TS 56563ca504254721af39bb1b55e0af86 (127.6.150.2:41850): Create Tablet RPC failed for tablet 7bad6c8ea22e4974be4ee6cab57e0d5a: Network error: Client connection negotiation failed: client connection to 127.6.150.2:41850: connect: Connection refused (error 111)
I1010 20:59:19.619369 4497 catalog_manager.cc:2355] Scheduling retry of CreateTablet RPC for tablet 7bad6c8ea22e4974be4ee6cab57e0d5a on TS 56563ca504254721af39bb1b55e0af86 with a delay of 65ms (attempt = 2)...
I1010 20:59:19.624174 4496 catalog_manager.cc:2591] Sending DeleteTablet(TABLET_DATA_DELETED) for tablet 017f3e822a354318bfbd0c20954f50cc on d28b59bf702d4784a663d8e6458ffe07 (127.6.150.0:48341) (Replaced by 7bad6c8ea22e4974be4ee6cab57e0d5a at 2016-10-10 20:59:19 UTC)
W1010 20:59:19.624289 4496 catalog_manager.cc:2301] TS d28b59bf702d4784a663d8e6458ffe07 (127.6.150.0:48341): Delete Tablet RPC failed for tablet 017f3e822a354318bfbd0c20954f50cc: Network error: Client connection negotiation failed: client connection to 127.6.150.0:48341: connect: Connection refused (error 111)
I1010 20:59:19.624299 4496 catalog_manager.cc:2355] Scheduling retry of 017f3e822a354318bfbd0c20954f50cc Delete Tablet RPC for TS=d28b59bf702d4784a663d8e6458ffe07 with a delay of 59ms (attempt = 2)...
I1010 20:59:19.633366 4498 catalog_manager.cc:2591] Sending DeleteTablet(TABLET_DATA_DELETED) for tablet 017f3e822a354318bfbd0c20954f50cc on b875591ca76f403cb24fdc708bf09ffe (127.6.150.1:44212) (Replaced by 7bad6c8ea22e4974be4ee6cab57e0d5a at 2016-10-10 20:59:19 UTC)
W1010 20:59:19.633468 4498 catalog_manager.cc:2301] TS b875591ca76f403cb24fdc708bf09ffe (127.6.150.1:44212): Delete Tablet RPC failed for tablet 017f3e822a354318bfbd0c20954f50cc: Network error: Client connection negotiation failed: client connection to 127.6.150.1:44212: connect: Connection refused (error 111)
I1010 20:59:19.633477 4498 catalog_manager.cc:2355] Scheduling retry of 017f3e822a354318bfbd0c20954f50cc Delete Tablet RPC for TS=b875591ca76f403cb24fdc708bf09ffe with a delay of 69ms (attempt = 2)...
W1010 20:59:19.635737 4498 catalog_manager.cc:2301] TS b875591ca76f403cb24fdc708bf09ffe (127.6.150.1:44212): Create Tablet RPC failed for tablet 7bad6c8ea22e4974be4ee6cab57e0d5a: Network error: Client connection negotiation failed: client connection to 127.6.150.1:44212: connect: Connection refused (error 111)
I1010 20:59:19.635746 4498 catalog_manager.cc:2355] Scheduling retry of CreateTablet RPC for tablet 7bad6c8ea22e4974be4ee6cab57e0d5a on TS b875591ca76f403cb24fdc708bf09ffe with a delay of 54ms (attempt = 2)...
I1010 20:59:19.641513 4497 catalog_manager.cc:2591] Sending DeleteTablet(TABLET_DATA_DELETED) for tablet 017f3e822a354318bfbd0c20954f50cc on 56563ca504254721af39bb1b55e0af86 (127.6.150.2:41850) (Replaced by 7bad6c8ea22e4974be4ee6cab57e0d5a at 2016-10-10 20:59:19 UTC)
W1010 20:59:19.641611 4497 catalog_manager.cc:2301] TS 56563ca504254721af39bb1b55e0af86 (127.6.150.2:41850): Delete Tablet RPC failed for tablet 017f3e822a354318bfbd0c20954f50cc: Network error: Client connection negotiation failed: client connection to 127.6.150.2:41850: connect: Connection refused (error 111)
I1010 20:59:19.641618 4497 catalog_manager.cc:2355] Scheduling retry of 017f3e822a354318bfbd0c20954f50cc Delete Tablet RPC for TS=56563ca504254721af39bb1b55e0af86 with a delay of 55ms (attempt = 2)...
W1010 20:59:19.648282 4496 catalog_manager.cc:2301] TS d28b59bf702d4784a663d8e6458ffe07 (127.6.150.0:48341): Create Tablet RPC failed for tablet 7bad6c8ea22e4974be4ee6cab57e0d5a: Network error: Client connection negotiation failed: client connection to 127.6.150.0:48341: connect: Connection refused (error 111)
I1010 20:59:19.648303 4496 catalog_manager.cc:2355] Scheduling retry of CreateTablet RPC for tablet 7bad6c8ea22e4974be4ee6cab57e0d5a on TS d28b59bf702d4784a663d8e6458ffe07 with a delay of 39ms (attempt = 2)...
I1010 20:59:19.683329 4496 catalog_manager.cc:2591] Sending DeleteTablet(TABLET_DATA_DELETED) for tablet 017f3e822a354318bfbd0c20954f50cc on d28b59bf702d4784a663d8e6458ffe07 (127.6.150.0:48341) (Replaced by 7bad6c8ea22e4974be4ee6cab57e0d5a at 2016-10-10 20:59:19 UTC)
W1010 20:59:19.683456 4496 catalog_manager.cc:2301] TS d28b59bf702d4784a663d8e6458ffe07 (127.6.150.0:48341): Delete Tablet RPC failed for tablet 017f3e822a354318bfbd0c20954f50cc: Network error: Client connection negotiation failed: client connection to 127.6.150.0:48341: connect: Connection refused (error 111)
I1010 20:59:19.683492 4496 catalog_manager.cc:2355] Scheduling retry of 017f3e822a354318bfbd0c20954f50cc Delete Tablet RPC for TS=d28b59bf702d4784a663d8e6458ffe07 with a delay of 76ms (attempt = 3)...
W1010 20:59:19.684880 4497 catalog_manager.cc:2301] TS 56563ca504254721af39bb1b55e0af86 (127.6.150.2:41850): Create Tablet RPC failed for tablet 7bad6c8ea22e4974be4ee6cab57e0d5a: Network error: Client connection negotiation failed: client connection to 127.6.150.2:41850: connect: Connection refused (error 111)
I1010 20:59:19.684891 4497 catalog_manager.cc:2355] Scheduling retry of CreateTablet RPC for tablet 7bad6c8ea22e4974be4ee6cab57e0d5a on TS 56563ca504254721af39bb1b55e0af86 with a delay of 89ms (attempt = 3)...
W1010 20:59:19.687433 4496 catalog_manager.cc:2301] TS d28b59bf702d4784a663d8e6458ffe07 (127.6.150.0:48341): Create Tablet RPC failed for tablet 7bad6c8ea22e4974be4ee6cab57e0d5a: Network error: Client connection negotiation failed: client connection to 127.6.150.0:48341: connect: Connection refused (error 111)
I1010 20:59:19.687444 4496 catalog_manager.cc:2355] Scheduling retry of CreateTablet RPC for tablet 7bad6c8ea22e4974be4ee6cab57e0d5a on TS d28b59bf702d4784a663d8e6458ffe07 with a delay of 97ms (attempt = 3)...
W1010 20:59:19.689990 4498 catalog_manager.cc:2301] TS b875591ca76f403cb24fdc708bf09ffe (127.6.150.1:44212): Create Tablet RPC failed for tablet 7bad6c8ea22e4974be4ee6cab57e0d5a: Network error: Client connection negotiation failed: client connection to 127.6.150.1:44212: connect: Connection refused (error 111)
I1010 20:59:19.689999 4498 catalog_manager.cc:2355] Scheduling retry of CreateTablet RPC for tablet 7bad6c8ea22e4974be4ee6cab57e0d5a on TS b875591ca76f403cb24fdc708bf09ffe with a delay of 111ms (attempt = 3)...
I1010 20:59:19.697183 4497 catalog_manager.cc:2591] Sending DeleteTablet(TABLET_DATA_DELETED) for tablet 017f3e822a354318bfbd0c20954f50cc on 56563ca504254721af39bb1b55e0af86 (127.6.150.2:41850) (Replaced by 7bad6c8ea22e4974be4ee6cab57e0d5a at 2016-10-10 20:59:19 UTC)
W1010 20:59:19.697336 4497 catalog_manager.cc:2301] TS 56563ca504254721af39bb1b55e0af86 (127.6.150.2:41850): Delete Tablet RPC failed for tablet 017f3e822a354318bfbd0c20954f50cc: Network error: Client connection negotiation failed: client connection to 127.6.150.2:41850: connect: Connection refused (error 111)
I1010 20:59:19.697345 4497 catalog_manager.cc:2355] Scheduling retry of 017f3e822a354318bfbd0c20954f50cc Delete Tablet RPC for TS=56563ca504254721af39bb1b55e0af86 with a delay of 110ms (attempt = 3)...
I1010 20:59:19.703272 4498 catalog_manager.cc:2591] Sending DeleteTablet(TABLET_DATA_DELETED) for tablet 017f3e822a354318bfbd0c20954f50cc on b875591ca76f403cb24fdc708bf09ffe (127.6.150.1:44212) (Replaced by 7bad6c8ea22e4974be4ee6cab57e0d5a at 2016-10-10 20:59:19 UTC)
W1010 20:59:19.703389 4498 catalog_manager.cc:2301] TS b875591ca76f403cb24fdc708bf09ffe (127.6.150.1:44212): Delete Tablet RPC failed for tablet 017f3e822a354318bfbd0c20954f50cc: Network error: Client connection negotiation failed: client connection to 127.6.150.1:44212: connect: Connection refused (error 111)
I1010 20:59:19.703402 4498 catalog_manager.cc:2355] Scheduling retry of 017f3e822a354318bfbd0c20954f50cc Delete Tablet RPC for TS=b875591ca76f403cb24fdc708bf09ffe with a delay of 82ms (attempt = 3)...
I1010 20:59:19.759539 4496 catalog_manager.cc:2591] Sending DeleteTablet(TABLET_DATA_DELETED) for tablet 017f3e822a354318bfbd0c20954f50cc on d28b59bf702d4784a663d8e6458ffe07 (127.6.150.0:48341) (Replaced by 7bad6c8ea22e4974be4ee6cab57e0d5a at 2016-10-10 20:59:19 UTC)
W1010 20:59:19.759639 4496 catalog_manager.cc:2301] TS d28b59bf702d4784a663d8e6458ffe07 (127.6.150.0:48341): Delete Tablet RPC failed for tablet 017f3e822a354318bfbd0c20954f50cc: Network error: Client connection negotiation failed: client connection to 127.6.150.0:48341: connect: Connection refused (error 111)
I1010 20:59:19.759667 4496 catalog_manager.cc:2355] Scheduling retry of 017f3e822a354318bfbd0c20954f50cc Delete Tablet RPC for TS=d28b59bf702d4784a663d8e6458ffe07 with a delay of 169ms (attempt = 4)...
W1010 20:59:19.774626 4497 catalog_manager.cc:2301] TS 56563ca504254721af39bb1b55e0af86 (127.6.150.2:41850): Create Tablet RPC failed for tablet 7bad6c8ea22e4974be4ee6cab57e0d5a: Network error: Client connection negotiation failed: client connection to 127.6.150.2:41850: connect: Connection refused (error 111)
I1010 20:59:19.774647 4497 catalog_manager.cc:2355] Scheduling retry of CreateTablet RPC for tablet 7bad6c8ea22e4974be4ee6cab57e0d5a on TS 56563ca504254721af39bb1b55e0af86 with a delay of 131ms (attempt = 4)...
W1010 20:59:19.784584 4496 catalog_manager.cc:2301] TS d28b59bf702d4784a663d8e6458ffe07 (127.6.150.0:48341): Create Tablet RPC failed for tablet 7bad6c8ea22e4974be4ee6cab57e0d5a: Network error: Client connection negotiation failed: client connection to 127.6.150.0:48341: connect: Connection refused (error 111)
I1010 20:59:19.784597 4496 catalog_manager.cc:2355] Scheduling retry of CreateTablet RPC for tablet 7bad6c8ea22e4974be4ee6cab57e0d5a on TS d28b59bf702d4784a663d8e6458ffe07 with a delay of 154ms (attempt = 4)...
I1010 20:59:19.785593 4498 catalog_manager.cc:2591] Sending DeleteTablet(TABLET_DATA_DELETED) for tablet 017f3e822a354318bfbd0c20954f50cc on b875591ca76f403cb24fdc708bf09ffe (127.6.150.1:44212) (Replaced by 7bad6c8ea22e4974be4ee6cab57e0d5a at 2016-10-10 20:59:19 UTC)
W1010 20:59:19.785790 4498 catalog_manager.cc:2301] TS b875591ca76f403cb24fdc708bf09ffe (127.6.150.1:44212): Delete Tablet RPC failed for tablet 017f3e822a354318bfbd0c20954f50cc: Network error: Client connection negotiation failed: client connection to 127.6.150.1:44212: connect: Connection refused (error 111)
I1010 20:59:19.785815 4498 catalog_manager.cc:2355] Scheduling retry of 017f3e822a354318bfbd0c20954f50cc Delete Tablet RPC for TS=b875591ca76f403cb24fdc708bf09ffe with a delay of 152ms (attempt = 4)...
W1010 20:59:19.801136 4498 catalog_manager.cc:2301] TS b875591ca76f403cb24fdc708bf09ffe (127.6.150.1:44212): Create Tablet RPC failed for tablet 7bad6c8ea22e4974be4ee6cab57e0d5a: Network error: Client connection negotiation failed: client connection to 127.6.150.1:44212: connect: Connection refused (error 111)
