I1010 20:59:07.751286 3881 raft_consensus.cc:391] T 872042177fee42c9b6c380a1b657755e P 42e94fc3adbb419591836d222d946978 [term 4 FOLLOWER]: Starting election with config: opid_index: -1 OBSOLETE_local: false peers { permanent_uuid: "8de6cfa864d64c58bf4eafb689517c93" member_type: VOTER last_known_addr { host: "127.6.150.3" port: 40117 } } peers { permanent_uuid: "f6d15ccd64ec49be8396ed78e2a88377" member_type: VOTER last_known_addr { host: "127.6.150.2" port: 33554 } } peers { permanent_uuid: "42e94fc3adbb419591836d222d946978" member_type: VOTER last_known_addr { host: "127.6.150.8" port: 35299 } }
I1010 20:59:07.751284 4311 raft_consensus.cc:467] T f2289fb138ea4a5ab6c02803c4e9aa51 P 7f623b00f5ae4b9c8e8940692d5dfd44 [term 5 LEADER]: Becoming Leader. State: Replica: 7f623b00f5ae4b9c8e8940692d5dfd44, State: 1, Role: LEADER Watermarks: {Received: term: 0 index: 0 Committed: term: 0 index: 0}
I1010 20:59:07.751340 4311 consensus_queue.cc:151] T f2289fb138ea4a5ab6c02803c4e9aa51 P 7f623b00f5ae4b9c8e8940692d5dfd44 [LEADER]: Queue going to LEADER mode. State: All replicated index: 0, Majority replicated index: 0, Committed index: 0, Last appended: 0.0, Current term: 5, Majority size: 2, State: 1, Mode: LEADER, active raft config: opid_index: -1 OBSOLETE_local: false peers { permanent_uuid: "42e94fc3adbb419591836d222d946978" member_type: VOTER last_known_addr { host: "127.6.150.8" port: 35299 } } peers { permanent_uuid: "b8062d66fd284035ae3bc2567bc11e7c" member_type: VOTER last_known_addr { host: "127.6.150.4" port: 44055 } } peers { permanent_uuid: "7f623b00f5ae4b9c8e8940692d5dfd44" member_type: VOTER last_known_addr { host: "127.6.150.7" port: 45436 } }
W1010 20:59:07.752084 2865 consensus_meta.cc:188] T de9d164718e74d3db902ea603ab32407 P 8de6cfa864d64c58bf4eafb689517c93: Time spent flushing consensus metadata: real 1.460s user 0.000s sys 0.000s
I1010 20:59:07.752112 2402 catalog_manager.cc:2018] T f2289fb138ea4a5ab6c02803c4e9aa51 reported consensus state change: term changed from 0 to 5, leader changed from to 7f623b00f5ae4b9c8e8940692d5dfd44 (127.6.150.7). New consensus state: current_term: 5 leader_uuid: "7f623b00f5ae4b9c8e8940692d5dfd44" config { opid_index: -1 OBSOLETE_local: false peers { permanent_uuid: "42e94fc3adbb419591836d222d946978" member_type: VOTER last_known_addr { host: "127.6.150.8" port: 35299 } } peers { permanent_uuid: "b8062d66fd284035ae3bc2567bc11e7c" member_type: VOTER last_known_addr { host: "127.6.150.4" port: 44055 } } peers { permanent_uuid: "7f623b00f5ae4b9c8e8940692d5dfd44" member_type: VOTER last_known_addr { host: "127.6.150.7" port: 45436 } } }
I1010 20:59:07.752120 2865 raft_consensus.cc:1677] T de9d164718e74d3db902ea603ab32407 P 8de6cfa864d64c58bf4eafb689517c93 [term 4 FOLLOWER]: Leader election vote request: Granting yes vote for candidate b8062d66fd284035ae3bc2567bc11e7c in term 4.
I1010 20:59:07.752177 2862 raft_consensus.cc:1654] T de9d164718e74d3db902ea603ab32407 P 8de6cfa864d64c58bf4eafb689517c93 [term 4 FOLLOWER]: Leader election vote request: Denying vote to candidate 7f623b00f5ae4b9c8e8940692d5dfd44 for term 4 because replica is already servicing an update from a current leader or another vote.
W1010 20:59:07.752182 2865 rpcz_store.cc:234] Call kudu.consensus.ConsensusService.RequestConsensusVote from 127.6.150.4:46161 (request call id 7) took 3441ms (client timeout 1780).
W1010 20:59:07.752267 2862 rpcz_store.cc:234] Call kudu.consensus.ConsensusService.RequestConsensusVote from 127.6.150.7:50821 (request call id 3) took 3437ms (client timeout 2094).
W1010 20:59:07.752270 2865 rpcz_store.cc:238] Trace: 1010 20:59:04.310823 (+ 0us) service_pool.cc:143] Inserting onto call queue 1010 20:59:04.310847 (+ 24us) service_pool.cc:202] Handling call 1010 20:59:07.752174 (+3441327us) spinlock_profiling.cc:255] Waited 1.44 s on lock 0x3f9e470. stack: 00000000019065e1 0000000000976813 000000000078868f 0000000000a22fbf 0000000000a23be2 0000000001911c69 00007f9e2c5b9181 00007f9e2b4a147c ffffffffffffffff 1010 20:59:07.752178 (+ 4us) inbound_call.cc:130] Queueing success response Metrics: {"spinlock_wait_cycles":3304392064}
W1010 20:59:07.752281 2862 rpcz_store.cc:238] Trace: 1010 20:59:04.315182 (+ 0us) service_pool.cc:143] Inserting onto call queue 1010 20:59:04.315193 (+ 11us) service_pool.cc:202] Handling call 1010 20:59:07.752259 (+3437066us) spinlock_profiling.cc:255] Waited 3.44 s on lock 0x3f9e470. stack: 00000000019065e1 0000000000976852 000000000078868f 0000000000a22fbf 0000000000a23be2 0000000001911c69 00007f9e2c5b9181 00007f9e2b4a147c ffffffffffffffff 1010 20:59:07.752263 (+ 4us) inbound_call.cc:130] Queueing success response Metrics: {"spinlock_wait_cycles":7904997632}
I1010 20:59:07.752370 4248 raft_consensus.cc:1981] T de9d164718e74d3db902ea603ab32407 P 8de6cfa864d64c58bf4eafb689517c93 [term 4 FOLLOWER]: Snoozing failure detection for election timeout plus an additional 1.968s
I1010 20:59:07.752396 4248 raft_consensus.cc:1823] T de9d164718e74d3db902ea603ab32407 P 8de6cfa864d64c58bf4eafb689517c93 [term 4 FOLLOWER]: Leader election lost for term 3. Reason: Vote denied by peer 7f623b00f5ae4b9c8e8940692d5dfd44 with higher term. Message: Invalid argument: T de9d164718e74d3db902ea603ab32407 P 7f623b00f5ae4b9c8e8940692d5dfd44 [term 4 FOLLOWER]: Leader election vote request: Denying vote to candidate 8de6cfa864d64c58bf4eafb689517c93 for earlier term 3. Current term is 4.
I1010 20:59:07.752774 2986 raft_consensus.cc:1677] T f2289fb138ea4a5ab6c02803c4e9aa51 P b8062d66fd284035ae3bc2567bc11e7c [term 5 FOLLOWER]: Leader election vote request: Granting yes vote for candidate 7f623b00f5ae4b9c8e8940692d5dfd44 in term 5.
W1010 20:59:07.752804 2986 rpcz_store.cc:234] Call kudu.consensus.ConsensusService.RequestConsensusVote from 127.6.150.7:55183 (request call id 7) took 1465ms (client timeout 1946).
W1010 20:59:07.752825 2986 rpcz_store.cc:238] Trace: 1010 20:59:06.286973 (+ 0us) service_pool.cc:143] Inserting onto call queue 1010 20:59:06.286992 (+ 19us) service_pool.cc:202] Handling call 1010 20:59:07.752799 (+1465807us) inbound_call.cc:130] Queueing success response Metrics: {}
I1010 20:59:07.752915 3273 leader_election.cc:347] T f2289fb138ea4a5ab6c02803c4e9aa51 P 7f623b00f5ae4b9c8e8940692d5dfd44 [CANDIDATE]: Term 5 election: Vote granted by peer b8062d66fd284035ae3bc2567bc11e7c
I1010 20:59:07.769038 3671 raft_consensus.cc:375] T 872042177fee42c9b6c380a1b657755e P 8de6cfa864d64c58bf4eafb689517c93 [term 3 FOLLOWER]: No leader contacted us within the election timeout. Triggering leader election
I1010 20:59:07.769052 3671 raft_consensus.cc:2031] T 872042177fee42c9b6c380a1b657755e P 8de6cfa864d64c58bf4eafb689517c93 [term 3 FOLLOWER]: Advancing to term 4
I1010 20:59:07.769243 3671 raft_consensus.cc:1981] T 872042177fee42c9b6c380a1b657755e P 8de6cfa864d64c58bf4eafb689517c93 [term 4 FOLLOWER]: Snoozing failure detection for election timeout plus an additional 1.963s
I1010 20:59:07.769273 3671 raft_consensus.cc:391] T 872042177fee42c9b6c380a1b657755e P 8de6cfa864d64c58bf4eafb689517c93 [term 4 FOLLOWER]: Starting election with config: opid_index: -1 OBSOLETE_local: false peers { permanent_uuid: "8de6cfa864d64c58bf4eafb689517c93" member_type: VOTER last_known_addr { host: "127.6.150.3" port: 40117 } } peers { permanent_uuid: "f6d15ccd64ec49be8396ed78e2a88377" member_type: VOTER last_known_addr { host: "127.6.150.2" port: 33554 } } peers { permanent_uuid: "42e94fc3adbb419591836d222d946978" member_type: VOTER last_known_addr { host: "127.6.150.8" port: 35299 } }
W1010 20:59:07.794904 2684 consensus_peers.cc:332] T 90fa7ae3643e4575a6be1c4936b6cc11 P f6d15ccd64ec49be8396ed78e2a88377 -> Peer 42e94fc3adbb419591836d222d946978 (127.6.150.8:35299): Couldn't send request to peer 42e94fc3adbb419591836d222d946978 for tablet 90fa7ae3643e4575a6be1c4936b6cc11. Status: Timed out: UpdateConsensus RPC to 127.6.150.8:35299 timed out after 1.000s. Retrying in the next heartbeat period. Already tried 1 times.
I1010 20:59:08.249727 2748 raft_consensus.cc:857] T f689db1eddb54b1f85b7df38d14534b4 P f6d15ccd64ec49be8396ed78e2a88377 [term 5 FOLLOWER]: Refusing update from remote peer 42e94fc3adbb419591836d222d946978: Log matching property violated. Preceding OpId in replica: term: 0 index: 0. Preceding OpId from leader: term: 5 index: 1. (index mismatch)
I1010 20:59:08.249845 4306 consensus_queue.cc:652] T f689db1eddb54b1f85b7df38d14534b4 P 42e94fc3adbb419591836d222d946978 [LEADER]: Connected to new peer: Peer: f6d15ccd64ec49be8396ed78e2a88377, Is new: false, Last received: 0.0, Next index: 1, Last known committed idx: 0, Last exchange result: ERROR, Needs tablet copy: false
I1010 20:59:08.250378 3220 raft_consensus.cc:857] T f689db1eddb54b1f85b7df38d14534b4 P 1380a27d6b824575a3a5e139bee139f4 [term 5 FOLLOWER]: Refusing update from remote peer 42e94fc3adbb419591836d222d946978: Log matching property violated. Preceding OpId in replica: term: 0 index: 0. Preceding OpId from leader: term: 5 index: 1. (index mismatch)
I1010 20:59:08.250744 4306 consensus_queue.cc:652] T f689db1eddb54b1f85b7df38d14534b4 P 42e94fc3adbb419591836d222d946978 [LEADER]: Connected to new peer: Peer: 1380a27d6b824575a3a5e139bee139f4, Is new: false, Last received: 0.0, Next index: 1, Last known committed idx: 0, Last exchange result: ERROR, Needs tablet copy: false
I1010 20:59:08.251727 3451 raft_consensus.cc:857] T f2289fb138ea4a5ab6c02803c4e9aa51 P 42e94fc3adbb419591836d222d946978 [term 5 FOLLOWER]: Refusing update from remote peer 7f623b00f5ae4b9c8e8940692d5dfd44: Log matching property violated. Preceding OpId in replica: term: 0 index: 0. Preceding OpId from leader: term: 5 index: 1. (index mismatch)
I1010 20:59:08.251798 2986 raft_consensus.cc:857] T f2289fb138ea4a5ab6c02803c4e9aa51 P b8062d66fd284035ae3bc2567bc11e7c [term 5 FOLLOWER]: Refusing update from remote peer 7f623b00f5ae4b9c8e8940692d5dfd44: Log matching property violated. Preceding OpId in replica: term: 0 index: 0. Preceding OpId from leader: term: 5 index: 1. (index mismatch)
I1010 20:59:08.251866 4311 consensus_queue.cc:652] T f2289fb138ea4a5ab6c02803c4e9aa51 P 7f623b00f5ae4b9c8e8940692d5dfd44 [LEADER]: Connected to new peer: Peer: 42e94fc3adbb419591836d222d946978, Is new: false, Last received: 0.0, Next index: 1, Last known committed idx: 0, Last exchange result: ERROR, Needs tablet copy: false
I1010 20:59:08.251991 4311 consensus_queue.cc:652] T f2289fb138ea4a5ab6c02803c4e9aa51 P 7f623b00f5ae4b9c8e8940692d5dfd44 [LEADER]: Connected to new peer: Peer: b8062d66fd284035ae3bc2567bc11e7c, Is new: false, Last received: 0.0, Next index: 1, Last known committed idx: 0, Last exchange result: ERROR, Needs tablet copy: false
W1010 20:59:08.559175 3780 consensus_meta.cc:188] T 8da5904fd56d441ea29e61eb9d2b0b2f P 33ef4317e50042ba95e517992caa6531: Time spent flushing consensus metadata: real 1.102s user 0.000s sys 0.004s
I1010 20:59:08.559486 3780 leader_election.cc:223] T 8da5904fd56d441ea29e61eb9d2b0b2f P 33ef4317e50042ba95e517992caa6531 [CANDIDATE]: Term 4 election: Requesting vote from peer b8062d66fd284035ae3bc2567bc11e7c
W1010 20:59:08.559499 3713 consensus_meta.cc:188] T 05a5666441ec49d792222a3e8674edf7 P 33ef4317e50042ba95e517992caa6531: Time spent flushing consensus metadata: real 1.102s user 0.000s sys 0.004s
I1010 20:59:08.559535 3780 leader_election.cc:223] T 8da5904fd56d441ea29e61eb9d2b0b2f P 33ef4317e50042ba95e517992caa6531 [CANDIDATE]: Term 4 election: Requesting vote from peer 84bde34331b94c4ea003e48f9317f792
I1010 20:59:08.559536 3101 raft_consensus.cc:1609] T 8da5904fd56d441ea29e61eb9d2b0b2f P 33ef4317e50042ba95e517992caa6531 [term 4 FOLLOWER]: Leader election vote request: Denying vote to candidate b8062d66fd284035ae3bc2567bc11e7c in current term 4: Already voted for candidate 33ef4317e50042ba95e517992caa6531 in this term.
I1010 20:59:08.559612 3101 rpcz_store.cc:248] Call kudu.consensus.ConsensusService.RequestConsensusVote from 127.6.150.4:56288 (request call id 4) took 1101ms. Request Metrics: {"spinlock_wait_cycles":2532127104}
I1010 20:59:08.559702 3713 leader_election.cc:223] T 05a5666441ec49d792222a3e8674edf7 P 33ef4317e50042ba95e517992caa6531 [CANDIDATE]: Term 4 election: Requesting vote from peer f6d15ccd64ec49be8396ed78e2a88377
I1010 20:59:08.559722 3713 leader_election.cc:223] T 05a5666441ec49d792222a3e8674edf7 P 33ef4317e50042ba95e517992caa6531 [CANDIDATE]: Term 4 election: Requesting vote from peer 1031512f5120422e9e22a0afabd78f61
I1010 20:59:08.559725 2986 raft_consensus.cc:1609] T 8da5904fd56d441ea29e61eb9d2b0b2f P b8062d66fd284035ae3bc2567bc11e7c [term 4 FOLLOWER]: Leader election vote request: Denying vote to candidate 33ef4317e50042ba95e517992caa6531 in current term 4: Already voted for candidate b8062d66fd284035ae3bc2567bc11e7c in this term.
W1010 20:59:08.559763 3869 consensus_meta.cc:188] T de9d164718e74d3db902ea603ab32407 P b8062d66fd284035ae3bc2567bc11e7c: Time spent flushing consensus metadata: real 1.102s user 0.000s sys 0.004s
I1010 20:59:08.559767 2918 leader_election.cc:361] T 8da5904fd56d441ea29e61eb9d2b0b2f P b8062d66fd284035ae3bc2567bc11e7c [CANDIDATE]: Term 4 election: Vote denied by peer 33ef4317e50042ba95e517992caa6531. Message: Invalid argument: T 8da5904fd56d441ea29e61eb9d2b0b2f P 33ef4317e50042ba95e517992caa6531 [term 4 FOLLOWER]: Leader election vote request: Denying vote to candidate b8062d66fd284035ae3bc2567bc11e7c in current term 4: Already voted for candidate 33ef4317e50042ba95e517992caa6531 in this term.
I1010 20:59:08.559811 2748 raft_consensus.cc:1609] T 05a5666441ec49d792222a3e8674edf7 P f6d15ccd64ec49be8396ed78e2a88377 [term 4 FOLLOWER]: Leader election vote request: Denying vote to candidate 33ef4317e50042ba95e517992caa6531 in current term 4: Already voted for candidate f6d15ccd64ec49be8396ed78e2a88377 in this term.
I1010 20:59:08.559837 2628 raft_consensus.cc:1609] T 05a5666441ec49d792222a3e8674edf7 P 1031512f5120422e9e22a0afabd78f61 [term 4 FOLLOWER]: Leader election vote request: Denying vote to candidate 33ef4317e50042ba95e517992caa6531 in current term 4: Already voted for candidate 1031512f5120422e9e22a0afabd78f61 in this term.
I1010 20:59:08.559854 3039 leader_election.cc:361] T 8da5904fd56d441ea29e61eb9d2b0b2f P 33ef4317e50042ba95e517992caa6531 [CANDIDATE]: Term 4 election: Vote denied by peer b8062d66fd284035ae3bc2567bc11e7c. Message: Invalid argument: T 8da5904fd56d441ea29e61eb9d2b0b2f P b8062d66fd284035ae3bc2567bc11e7c [term 4 FOLLOWER]: Leader election vote request: Denying vote to candidate 33ef4317e50042ba95e517992caa6531 in current term 4: Already voted for candidate b8062d66fd284035ae3bc2567bc11e7c in this term.
I1010 20:59:08.559872 3869 leader_election.cc:223] T de9d164718e74d3db902ea603ab32407 P b8062d66fd284035ae3bc2567bc11e7c [CANDIDATE]: Term 5 election: Requesting vote from peer 7f623b00f5ae4b9c8e8940692d5dfd44
I1010 20:59:08.559880 3038 leader_election.cc:361] T 05a5666441ec49d792222a3e8674edf7 P 33ef4317e50042ba95e517992caa6531 [CANDIDATE]: Term 4 election: Vote denied by peer f6d15ccd64ec49be8396ed78e2a88377. Message: Invalid argument: T 05a5666441ec49d792222a3e8674edf7 P f6d15ccd64ec49be8396ed78e2a88377 [term 4 FOLLOWER]: Leader election vote request: Denying vote to candidate 33ef4317e50042ba95e517992caa6531 in current term 4: Already voted for candidate f6d15ccd64ec49be8396ed78e2a88377 in this term.
I1010 20:59:08.559895 3869 leader_election.cc:223] T de9d164718e74d3db902ea603ab32407 P b8062d66fd284035ae3bc2567bc11e7c [CANDIDATE]: Term 5 election: Requesting vote from peer 8de6cfa864d64c58bf4eafb689517c93
I1010 20:59:08.559901 3037 leader_election.cc:361] T 05a5666441ec49d792222a3e8674edf7 P 33ef4317e50042ba95e517992caa6531 [CANDIDATE]: Term 4 election: Vote denied by peer 1031512f5120422e9e22a0afabd78f61. Message: Invalid argument: T 05a5666441ec49d792222a3e8674edf7 P 1031512f5120422e9e22a0afabd78f61 [term 4 FOLLOWER]: Leader election vote request: Denying vote to candidate 33ef4317e50042ba95e517992caa6531 in current term 4: Already voted for candidate 1031512f5120422e9e22a0afabd78f61 in this term.
I1010 20:59:08.559909 3037 leader_election.cc:248] T 05a5666441ec49d792222a3e8674edf7 P 33ef4317e50042ba95e517992caa6531 [CANDIDATE]: Term 4 election: Election decided. Result: candidate lost.
I1010 20:59:08.559926 4249 raft_consensus.cc:1981] T de9d164718e74d3db902ea603ab32407 P b8062d66fd284035ae3bc2567bc11e7c [term 5 FOLLOWER]: Snoozing failure detection for election timeout plus an additional 1.775s
I1010 20:59:08.559965 4249 raft_consensus.cc:1823] T de9d164718e74d3db902ea603ab32407 P b8062d66fd284035ae3bc2567bc11e7c [term 5 FOLLOWER]: Leader election lost for term 4. Reason: None given
I1010 20:59:08.560021 3337 raft_consensus.cc:2031] T de9d164718e74d3db902ea603ab32407 P 7f623b00f5ae4b9c8e8940692d5dfd44 [term 4 FOLLOWER]: Advancing to term 5
I1010 20:59:08.560061 3102 raft_consensus.cc:1609] T 05a5666441ec49d792222a3e8674edf7 P 33ef4317e50042ba95e517992caa6531 [term 4 FOLLOWER]: Leader election vote request: Denying vote to candidate 1031512f5120422e9e22a0afabd78f61 in current term 4: Already voted for candidate 33ef4317e50042ba95e517992caa6531 in this term.
I1010 20:59:08.560134 3099 raft_consensus.cc:1654] T 05a5666441ec49d792222a3e8674edf7 P 33ef4317e50042ba95e517992caa6531 [term 4 FOLLOWER]: Leader election vote request: Denying vote to candidate f6d15ccd64ec49be8396ed78e2a88377 for term 4 because replica is already servicing an update from a current leader or another vote.
I1010 20:59:08.560166 3102 rpcz_store.cc:248] Call kudu.consensus.ConsensusService.RequestConsensusVote from 127.6.150.1:45293 (request call id 4) took 1101ms. Request Metrics: {"spinlock_wait_cycles":2533609856}
I1010 20:59:08.560300 2682 leader_election.cc:361] T 05a5666441ec49d792222a3e8674edf7 P f6d15ccd64ec49be8396ed78e2a88377 [CANDIDATE]: Term 4 election: Vote denied by peer 33ef4317e50042ba95e517992caa6531. Message: Service unavailable: T 05a5666441ec49d792222a3e8674edf7 P 33ef4317e50042ba95e517992caa6531 [term 4 FOLLOWER]: Leader election vote request: Denying vote to candidate f6d15ccd64ec49be8396ed78e2a88377 for term 4 because replica is already servicing an update from a current leader or another vote.
I1010 20:59:08.560303 2565 leader_election.cc:361] T 05a5666441ec49d792222a3e8674edf7 P 1031512f5120422e9e22a0afabd78f61 [CANDIDATE]: Term 4 election: Vote denied by peer 33ef4317e50042ba95e517992caa6531. Message: Invalid argument: T 05a5666441ec49d792222a3e8674edf7 P 33ef4317e50042ba95e517992caa6531 [term 4 FOLLOWER]: Leader election vote request: Denying vote to candidate 1031512f5120422e9e22a0afabd78f61 in current term 4: Already voted for candidate 33ef4317e50042ba95e517992caa6531 in this term.
I1010 20:59:08.560323 2682 leader_election.cc:248] T 05a5666441ec49d792222a3e8674edf7 P f6d15ccd64ec49be8396ed78e2a88377 [CANDIDATE]: Term 4 election: Election decided. Result: candidate lost.
I1010 20:59:08.560324 2565 leader_election.cc:248] T 05a5666441ec49d792222a3e8674edf7 P 1031512f5120422e9e22a0afabd78f61 [CANDIDATE]: Term 4 election: Election decided. Result: candidate lost.
I1010 20:59:08.560396 4322 raft_consensus.cc:1981] T 05a5666441ec49d792222a3e8674edf7 P 33ef4317e50042ba95e517992caa6531 [term 4 FOLLOWER]: Snoozing failure detection for election timeout plus an additional 1.761s
I1010 20:59:08.560416 4322 raft_consensus.cc:1823] T 05a5666441ec49d792222a3e8674edf7 P 33ef4317e50042ba95e517992caa6531 [term 4 FOLLOWER]: Leader election lost for term 4. Reason: None given
I1010 20:59:08.560473 4323 raft_consensus.cc:1981] T 05a5666441ec49d792222a3e8674edf7 P f6d15ccd64ec49be8396ed78e2a88377 [term 4 FOLLOWER]: Snoozing failure detection for election timeout plus an additional 2.029s
I1010 20:59:08.560503 4323 raft_consensus.cc:1823] T 05a5666441ec49d792222a3e8674edf7 P f6d15ccd64ec49be8396ed78e2a88377 [term 4 FOLLOWER]: Leader election lost for term 4. Reason: None given
I1010 20:59:08.560506 4324 raft_consensus.cc:1981] T 05a5666441ec49d792222a3e8674edf7 P 1031512f5120422e9e22a0afabd78f61 [term 4 FOLLOWER]: Snoozing failure detection for election timeout plus an additional 2.144s
I1010 20:59:08.560539 4324 raft_consensus.cc:1823] T 05a5666441ec49d792222a3e8674edf7 P 1031512f5120422e9e22a0afabd78f61 [term 4 FOLLOWER]: Leader election lost for term 4. Reason: None given
I1010 20:59:08.560556 3337 raft_consensus.cc:1981] T de9d164718e74d3db902ea603ab32407 P 7f623b00f5ae4b9c8e8940692d5dfd44 [term 5 FOLLOWER]: Snoozing failure detection for election timeout plus an additional 2.374s
W1010 20:59:08.560856 2514 consensus_meta.cc:188] T 8da5904fd56d441ea29e61eb9d2b0b2f P 84bde34331b94c4ea003e48f9317f792: Time spent flushing consensus metadata: real 1.102s user 0.000s sys 0.000s
I1010 20:59:08.560907 2514 raft_consensus.cc:1677] T 8da5904fd56d441ea29e61eb9d2b0b2f P 84bde34331b94c4ea003e48f9317f792 [term 4 FOLLOWER]: Leader election vote request: Granting yes vote for candidate b8062d66fd284035ae3bc2567bc11e7c in term 4.
I1010 20:59:08.560961 2514 rpcz_store.cc:248] Call kudu.consensus.ConsensusService.RequestConsensusVote from 127.6.150.4:40901 (request call id 30) took 1102ms. Request Metrics: {}
I1010 20:59:08.560999 2508 raft_consensus.cc:1654] T 8da5904fd56d441ea29e61eb9d2b0b2f P 84bde34331b94c4ea003e48f9317f792 [term 4 FOLLOWER]: Leader election vote request: Denying vote to candidate 33ef4317e50042ba95e517992caa6531 for term 4 because replica is already servicing an update from a current leader or another vote.
I1010 20:59:08.561103 2921 leader_election.cc:347] T 8da5904fd56d441ea29e61eb9d2b0b2f P b8062d66fd284035ae3bc2567bc11e7c [CANDIDATE]: Term 4 election: Vote granted by peer 84bde34331b94c4ea003e48f9317f792
I1010 20:59:08.561136 2921 leader_election.cc:248] T 8da5904fd56d441ea29e61eb9d2b0b2f P b8062d66fd284035ae3bc2567bc11e7c [CANDIDATE]: Term 4 election: Election decided. Result: candidate won.
I1010 20:59:08.561240 3039 leader_election.cc:361] T 8da5904fd56d441ea29e61eb9d2b0b2f P 33ef4317e50042ba95e517992caa6531 [CANDIDATE]: Term 4 election: Vote denied by peer 84bde34331b94c4ea003e48f9317f792. Message: Service unavailable: T 8da5904fd56d441ea29e61eb9d2b0b2f P 84bde34331b94c4ea003e48f9317f792 [term 4 FOLLOWER]: Leader election vote request: Denying vote to candidate 33ef4317e50042ba95e517992caa6531 for term 4 because replica is already servicing an update from a current leader or another vote.
I1010 20:59:08.561261 3039 leader_election.cc:248] T 8da5904fd56d441ea29e61eb9d2b0b2f P 33ef4317e50042ba95e517992caa6531 [CANDIDATE]: Term 4 election: Election decided. Result: candidate lost.
I1010 20:59:08.561261 2862 raft_consensus.cc:2031] T de9d164718e74d3db902ea603ab32407 P 8de6cfa864d64c58bf4eafb689517c93 [term 4 FOLLOWER]: Advancing to term 5
I1010 20:59:08.561504 4325 raft_consensus.cc:1981] T 8da5904fd56d441ea29e61eb9d2b0b2f P b8062d66fd284035ae3bc2567bc11e7c [term 4 FOLLOWER]: Snoozing failure detection for election timeout plus an additional 1.593s
I1010 20:59:08.561509 4326 raft_consensus.cc:1981] T 8da5904fd56d441ea29e61eb9d2b0b2f P 33ef4317e50042ba95e517992caa6531 [term 4 FOLLOWER]: Snoozing failure detection for election timeout plus an additional 1.705s
I1010 20:59:08.561519 4326 raft_consensus.cc:1823] T 8da5904fd56d441ea29e61eb9d2b0b2f P 33ef4317e50042ba95e517992caa6531 [term 4 FOLLOWER]: Leader election lost for term 4. Reason: None given
I1010 20:59:08.561522 4325 raft_consensus.cc:1861] T 8da5904fd56d441ea29e61eb9d2b0b2f P b8062d66fd284035ae3bc2567bc11e7c [term 4 FOLLOWER]: Leader election won for term 4
I1010 20:59:08.561699 4325 raft_consensus.cc:467] T 8da5904fd56d441ea29e61eb9d2b0b2f P b8062d66fd284035ae3bc2567bc11e7c [term 4 LEADER]: Becoming Leader. State: Replica: b8062d66fd284035ae3bc2567bc11e7c, State: 1, Role: LEADER Watermarks: {Received: term: 0 index: 0 Committed: term: 0 index: 0}
I1010 20:59:08.561743 4325 consensus_queue.cc:151] T 8da5904fd56d441ea29e61eb9d2b0b2f P b8062d66fd284035ae3bc2567bc11e7c [LEADER]: Queue going to LEADER mode. State: All replicated index: 0, Majority replicated index: 0, Committed index: 0, Last appended: 0.0, Current term: 4, Majority size: 2, State: 1, Mode: LEADER, active raft config: opid_index: -1 OBSOLETE_local: false peers { permanent_uuid: "b8062d66fd284035ae3bc2567bc11e7c" member_type: VOTER last_known_addr { host: "127.6.150.4" port: 44055 } } peers { permanent_uuid: "33ef4317e50042ba95e517992caa6531" member_type: VOTER last_known_addr { host: "127.6.150.5" port: 40764 } } peers { permanent_uuid: "84bde34331b94c4ea003e48f9317f792" member_type: VOTER last_known_addr { host: "127.6.150.0" port: 40113 } }
I1010 20:59:08.562269 2402 catalog_manager.cc:2018] T 8da5904fd56d441ea29e61eb9d2b0b2f reported consensus state change: term changed from 0 to 4, leader changed from to b8062d66fd284035ae3bc2567bc11e7c (127.6.150.4). New consensus state: current_term: 4 leader_uuid: "b8062d66fd284035ae3bc2567bc11e7c" config { opid_index: -1 OBSOLETE_local: false peers { permanent_uuid: "b8062d66fd284035ae3bc2567bc11e7c" member_type: VOTER last_known_addr { host: "127.6.150.4" port: 44055 } } peers { permanent_uuid: "33ef4317e50042ba95e517992caa6531" member_type: VOTER last_known_addr { host: "127.6.150.5" port: 40764 } } peers { permanent_uuid: "84bde34331b94c4ea003e48f9317f792" member_type: VOTER last_known_addr { host: "127.6.150.0" port: 40113 } } }
W1010 20:59:08.563077 3779 consensus_meta.cc:188] T 90fa7ae3643e4575a6be1c4936b6cc11 P 42e94fc3adbb419591836d222d946978: Time spent flushing consensus metadata: real 0.812s user 0.000s sys 0.000s
W1010 20:59:08.563117 3729 consensus_meta.cc:188] T 872042177fee42c9b6c380a1b657755e P f6d15ccd64ec49be8396ed78e2a88377: Time spent flushing consensus metadata: real 0.813s user 0.004s sys 0.000s
I1010 20:59:08.563253 3779 leader_election.cc:223] T 90fa7ae3643e4575a6be1c4936b6cc11 P 42e94fc3adbb419591836d222d946978 [CANDIDATE]: Term 6 election: Requesting vote from peer 1380a27d6b824575a3a5e139bee139f4
I1010 20:59:08.563258 3453 raft_consensus.cc:825] T 90fa7ae3643e4575a6be1c4936b6cc11 P 42e94fc3adbb419591836d222d946978 [term 6 FOLLOWER]: Rejecting Update request from peer f6d15ccd64ec49be8396ed78e2a88377 for earlier term 5. Current term is 6. Ops: []
I1010 20:59:08.563280 3779 leader_election.cc:223] T 90fa7ae3643e4575a6be1c4936b6cc11 P 42e94fc3adbb419591836d222d946978 [CANDIDATE]: Term 6 election: Requesting vote from peer f6d15ccd64ec49be8396ed78e2a88377
I1010 20:59:08.563282 3729 leader_election.cc:223] T 872042177fee42c9b6c380a1b657755e P f6d15ccd64ec49be8396ed78e2a88377 [CANDIDATE]: Term 4 election: Requesting vote from peer 8de6cfa864d64c58bf4eafb689517c93
I1010 20:59:08.563328 3729 leader_election.cc:223] T 872042177fee42c9b6c380a1b657755e P f6d15ccd64ec49be8396ed78e2a88377 [CANDIDATE]: Term 4 election: Requesting vote from peer 42e94fc3adbb419591836d222d946978
W1010 20:59:08.563375 3453 rpcz_store.cc:234] Call kudu.consensus.ConsensusService.UpdateConsensus from 127.6.150.2:40678 (request call id 9) took 1769ms (client timeout 1000).
W1010 20:59:08.563395 3453 rpcz_store.cc:238] Trace: 1010 20:59:06.793860 (+ 0us) service_pool.cc:143] Inserting onto call queue 1010 20:59:06.793867 (+ 7us) service_pool.cc:202] Handling call 1010 20:59:06.793873 (+ 6us) raft_consensus.cc:1068] Updating replica for 0 ops 1010 20:59:08.563282 (+1769409us) raft_consensus.cc:1270] Filling consensus response to leader. 1010 20:59:08.563363 (+ 81us) spinlock_profiling.cc:255] Waited 1.77 s on lock 0x3e4f970. stack: 00000000019065e1 0000000000978c4a 000000000097a5b3 00000000007880ea 0000000000a22fbf 0000000000a23be2 0000000001911c69 00007fd760afa181 00007fd75f9e247c ffffffffffffffff 1010 20:59:08.563371 (+ 8us) inbound_call.cc:130] Queueing success response Metrics: {"spinlock_wait_cycles":4069540224}
I1010 20:59:08.563423 3454 raft_consensus.cc:1654] T 90fa7ae3643e4575a6be1c4936b6cc11 P 42e94fc3adbb419591836d222d946978 [term 6 FOLLOWER]: Leader election vote request: Denying vote to candidate 1380a27d6b824575a3a5e139bee139f4 for term 5 because replica is already servicing an update from a current leader or another vote.
I1010 20:59:08.563436 3220 raft_consensus.cc:1640] T 90fa7ae3643e4575a6be1c4936b6cc11 P 1380a27d6b824575a3a5e139bee139f4 [term 5 FOLLOWER]: Leader election vote request: Denying vote to candidate 42e94fc3adbb419591836d222d946978 for term 6 because replica is either leader or believes a valid leader to be alive.
W1010 20:59:08.563465 3454 rpcz_store.cc:234] Call kudu.consensus.ConsensusService.RequestConsensusVote from 127.6.150.6:42979 (request call id 7) took 2273ms (client timeout 2301).
W1010 20:59:08.563477 3454 rpcz_store.cc:238] Trace: 1010 20:59:06.289825 (+ 0us) service_pool.cc:143] Inserting onto call queue 1010 20:59:06.289833 (+ 8us) service_pool.cc:202] Handling call 1010 20:59:08.563460 (+2273627us) spinlock_profiling.cc:255] Waited 2.27 s on lock 0x3e4f970. stack: 00000000019065e1 0000000000976852 000000000078868f 0000000000a22fbf 0000000000a23be2 0000000001911c69 00007fd760afa181 00007fd75f9e247c ffffffffffffffff 1010 20:59:08.563463 (+ 3us) inbound_call.cc:130] Queueing success response Metrics: {"spinlock_wait_cycles":5229219712}
I1010 20:59:08.563486 2748 raft_consensus.cc:1640] T 90fa7ae3643e4575a6be1c4936b6cc11 P f6d15ccd64ec49be8396ed78e2a88377 [term 5 LEADER]: Leader election vote request: Denying vote to candidate 42e94fc3adbb419591836d222d946978 for term 6 because replica is either leader or believes a valid leader to be alive.
I1010 20:59:08.563549 3451 raft_consensus.cc:825] T 90fa7ae3643e4575a6be1c4936b6cc11 P 42e94fc3adbb419591836d222d946978 [term 6 FOLLOWER]: Rejecting Update request from peer f6d15ccd64ec49be8396ed78e2a88377 for earlier term 5. Current term is 6. Ops: []
I1010 20:59:08.563583 3389 leader_election.cc:361] T 90fa7ae3643e4575a6be1c4936b6cc11 P 42e94fc3adbb419591836d222d946978 [CANDIDATE]: Term 6 election: Vote denied by peer f6d15ccd64ec49be8396ed78e2a88377. Message: Invalid argument: T 90fa7ae3643e4575a6be1c4936b6cc11 P f6d15ccd64ec49be8396ed78e2a88377 [term 5 LEADER]: Leader election vote request: Denying vote to candidate 42e94fc3adbb419591836d222d946978 for term 6 because replica is either leader or believes a valid leader to be alive.
W1010 20:59:08.563616 3155 leader_election.cc:333] T 90fa7ae3643e4575a6be1c4936b6cc11 P 1380a27d6b824575a3a5e139bee139f4 [CANDIDATE]: Term 5 election: Vote denied by peer 42e94fc3adbb419591836d222d946978 with higher term. Message: Service unavailable: T 90fa7ae3643e4575a6be1c4936b6cc11 P 42e94fc3adbb419591836d222d946978 [term 6 FOLLOWER]: Leader election vote request: Denying vote to candidate 1380a27d6b824575a3a5e139bee139f4 for term 5 because replica is already servicing an update from a current leader or another vote.
I1010 20:59:08.563628 3155 leader_election.cc:336] T 90fa7ae3643e4575a6be1c4936b6cc11 P 1380a27d6b824575a3a5e139bee139f4 [CANDIDATE]: Term 5 election: Cancelling election due to peer responding with higher term
I1010 20:59:08.563633 3387 leader_election.cc:361] T 90fa7ae3643e4575a6be1c4936b6cc11 P 42e94fc3adbb419591836d222d946978 [CANDIDATE]: Term 6 election: Vote denied by peer 1380a27d6b824575a3a5e139bee139f4. Message: Invalid argument: T 90fa7ae3643e4575a6be1c4936b6cc11 P 1380a27d6b824575a3a5e139bee139f4 [term 5 FOLLOWER]: Leader election vote request: Denying vote to candidate 42e94fc3adbb419591836d222d946978 for term 6 because replica is either leader or believes a valid leader to be alive.
I1010 20:59:08.563647 3387 leader_election.cc:248] T 90fa7ae3643e4575a6be1c4936b6cc11 P 42e94fc3adbb419591836d222d946978 [CANDIDATE]: Term 6 election: Election decided. Result: candidate lost.
W1010 20:59:08.563683 3881 consensus_meta.cc:188] T 872042177fee42c9b6c380a1b657755e P 42e94fc3adbb419591836d222d946978: Time spent flushing consensus metadata: real 0.812s user 0.000s sys 0.004s
I1010 20:59:08.564002 3881 leader_election.cc:223] T 872042177fee42c9b6c380a1b657755e P 42e94fc3adbb419591836d222d946978 [CANDIDATE]: Term 4 election: Requesting vote from peer 8de6cfa864d64c58bf4eafb689517c93
I1010 20:59:08.564028 4275 consensus_queue.cc:662] T 90fa7ae3643e4575a6be1c4936b6cc11 P f6d15ccd64ec49be8396ed78e2a88377 [LEADER]: Peer responded invalid term: Peer: 42e94fc3adbb419591836d222d946978, Is new: false, Last received: 0.0, Next index: 1, Last known committed idx: 0, Last exchange result: ERROR, Needs tablet copy: false
I1010 20:59:08.564036 3881 leader_election.cc:223] T 872042177fee42c9b6c380a1b657755e P 42e94fc3adbb419591836d222d946978 [CANDIDATE]: Term 4 election: Requesting vote from peer f6d15ccd64ec49be8396ed78e2a88377
I1010 20:59:08.564112 3451 raft_consensus.cc:1609] T 872042177fee42c9b6c380a1b657755e P 42e94fc3adbb419591836d222d946978 [term 4 FOLLOWER]: Leader election vote request: Denying vote to candidate f6d15ccd64ec49be8396ed78e2a88377 in current term 4: Already voted for candidate 42e94fc3adbb419591836d222d946978 in this term.
W1010 20:59:08.564111 3671 consensus_meta.cc:188] T 872042177fee42c9b6c380a1b657755e P 8de6cfa864d64c58bf4eafb689517c93: Time spent flushing consensus metadata: real 0.795s user 0.000s sys 0.000s
I1010 20:59:08.564132 4330 raft_consensus.cc:1981] T 90fa7ae3643e4575a6be1c4936b6cc11 P 1380a27d6b824575a3a5e139bee139f4 [term 5 FOLLOWER]: Snoozing failure detection for election timeout plus an additional 1.500s
I1010 20:59:08.564134 2748 raft_consensus.cc:1609] T 872042177fee42c9b6c380a1b657755e P f6d15ccd64ec49be8396ed78e2a88377 [term 4 FOLLOWER]: Leader election vote request: Denying vote to candidate 42e94fc3adbb419591836d222d946978 in current term 4: Already voted for candidate f6d15ccd64ec49be8396ed78e2a88377 in this term.
I1010 20:59:08.564142 4330 raft_consensus.cc:1823] T 90fa7ae3643e4575a6be1c4936b6cc11 P 1380a27d6b824575a3a5e139bee139f4 [term 5 FOLLOWER]: Leader election lost for term 5. Reason: Vote denied by peer 42e94fc3adbb419591836d222d946978 with higher term. Message: Service unavailable: T 90fa7ae3643e4575a6be1c4936b6cc11 P 42e94fc3adbb419591836d222d946978 [term 6 FOLLOWER]: Leader election vote request: Denying vote to candidate 1380a27d6b824575a3a5e139bee139f4 for term 5 because replica is already servicing an update from a current leader or another vote.
I1010 20:59:08.564194 3389 leader_election.cc:361] T 872042177fee42c9b6c380a1b657755e P 42e94fc3adbb419591836d222d946978 [CANDIDATE]: Term 4 election: Vote denied by peer f6d15ccd64ec49be8396ed78e2a88377. Message: Invalid argument: T 872042177fee42c9b6c380a1b657755e P f6d15ccd64ec49be8396ed78e2a88377 [term 4 FOLLOWER]: Leader election vote request: Denying vote to candidate 42e94fc3adbb419591836d222d946978 in current term 4: Already voted for candidate f6d15ccd64ec49be8396ed78e2a88377 in this term.
I1010 20:59:08.564198 2684 leader_election.cc:361] T 872042177fee42c9b6c380a1b657755e P f6d15ccd64ec49be8396ed78e2a88377 [CANDIDATE]: Term 4 election: Vote denied by peer 42e94fc3adbb419591836d222d946978. Message: Invalid argument: T 872042177fee42c9b6c380a1b657755e P 42e94fc3adbb419591836d222d946978 [term 4 FOLLOWER]: Leader election vote request: Denying vote to candidate f6d15ccd64ec49be8396ed78e2a88377 in current term 4: Already voted for candidate 42e94fc3adbb419591836d222d946978 in this term.
I1010 20:59:08.564229 4331 raft_consensus.cc:1981] T 90fa7ae3643e4575a6be1c4936b6cc11 P 42e94fc3adbb419591836d222d946978 [term 6 FOLLOWER]: Snoozing failure detection for election timeout plus an additional 2.537s
I1010 20:59:08.564261 4331 raft_consensus.cc:1823] T 90fa7ae3643e4575a6be1c4936b6cc11 P 42e94fc3adbb419591836d222d946978 [term 6 FOLLOWER]: Leader election lost for term 6. Reason: None given
I1010 20:59:08.564260 3671 leader_election.cc:223] T 872042177fee42c9b6c380a1b657755e P 8de6cfa864d64c58bf4eafb689517c93 [CANDIDATE]: Term 4 election: Requesting vote from peer f6d15ccd64ec49be8396ed78e2a88377
I1010 20:59:08.564280 2861 raft_consensus.cc:1654] T 872042177fee42c9b6c380a1b657755e P 8de6cfa864d64c58bf4eafb689517c93 [term 4 FOLLOWER]: Leader election vote request: Denying vote to candidate 42e94fc3adbb419591836d222d946978 for term 4 because replica is already servicing an update from a current leader or another vote.
I1010 20:59:08.564335 4332 raft_consensus.cc:2026] T 90fa7ae3643e4575a6be1c4936b6cc11 P f6d15ccd64ec49be8396ed78e2a88377 [term 5 LEADER]: Stepping down as leader of term 5
I1010 20:59:08.564350 4332 raft_consensus.cc:502] T 90fa7ae3643e4575a6be1c4936b6cc11 P f6d15ccd64ec49be8396ed78e2a88377 [term 5 LEADER]: Becoming Follower/Learner. State: Replica: f6d15ccd64ec49be8396ed78e2a88377, State: 1, Role: LEADER Watermarks: {Received: term: 5 index: 1 Committed: term: 5 index: 1}
I1010 20:59:08.564371 4332 consensus_queue.cc:168] T 90fa7ae3643e4575a6be1c4936b6cc11 P f6d15ccd64ec49be8396ed78e2a88377 [NON_LEADER]: Queue going to NON_LEADER mode. State: All replicated index: 0, Majority replicated index: 1, Committed index: 1, Last appended: 5.1, Current term: 5, Majority size: -1, State: 1, Mode: NON_LEADER
I1010 20:59:08.564378 3390 leader_election.cc:361] T 872042177fee42c9b6c380a1b657755e P 42e94fc3adbb419591836d222d946978 [CANDIDATE]: Term 4 election: Vote denied by peer 8de6cfa864d64c58bf4eafb689517c93. Message: Service unavailable: T 872042177fee42c9b6c380a1b657755e P 8de6cfa864d64c58bf4eafb689517c93 [term 4 FOLLOWER]: Leader election vote request: Denying vote to candidate 42e94fc3adbb419591836d222d946978 for term 4 because replica is already servicing an update from a current leader or another vote.
I1010 20:59:08.564390 3390 leader_election.cc:248] T 872042177fee42c9b6c380a1b657755e P 42e94fc3adbb419591836d222d946978 [CANDIDATE]: Term 4 election: Election decided. Result: candidate lost.
I1010 20:59:08.564450 4332 consensus_peers.cc:357] T 90fa7ae3643e4575a6be1c4936b6cc11 P f6d15ccd64ec49be8396ed78e2a88377 -> Peer 42e94fc3adbb419591836d222d946978 (127.6.150.8:35299): Closing peer: 42e94fc3adbb419591836d222d946978
I1010 20:59:08.564287 3671 leader_election.cc:223] T 872042177fee42c9b6c380a1b657755e P 8de6cfa864d64c58bf4eafb689517c93 [CANDIDATE]: Term 4 election: Requesting vote from peer 42e94fc3adbb419591836d222d946978
I1010 20:59:08.564502 4332 consensus_peers.cc:357] T 90fa7ae3643e4575a6be1c4936b6cc11 P f6d15ccd64ec49be8396ed78e2a88377 -> Peer 1380a27d6b824575a3a5e139bee139f4 (127.6.150.6:46774): Closing peer: 1380a27d6b824575a3a5e139bee139f4
I1010 20:59:08.564539 4332 raft_consensus.cc:2031] T 90fa7ae3643e4575a6be1c4936b6cc11 P f6d15ccd64ec49be8396ed78e2a88377 [term 5 FOLLOWER]: Advancing to term 6
I1010 20:59:08.564680 2862 raft_consensus.cc:1981] T de9d164718e74d3db902ea603ab32407 P 8de6cfa864d64c58bf4eafb689517c93 [term 5 FOLLOWER]: Snoozing failure detection for election timeout plus an additional 1.764s
I1010 20:59:08.564893 2865 raft_consensus.cc:1609] T 872042177fee42c9b6c380a1b657755e P 8de6cfa864d64c58bf4eafb689517c93 [term 4 FOLLOWER]: Leader election vote request: Denying vote to candidate f6d15ccd64ec49be8396ed78e2a88377 in current term 4: Already voted for candidate 8de6cfa864d64c58bf4eafb689517c93 in this term.
I1010 20:59:08.565014 2685 leader_election.cc:361] T 872042177fee42c9b6c380a1b657755e P f6d15ccd64ec49be8396ed78e2a88377 [CANDIDATE]: Term 4 election: Vote denied by peer 8de6cfa864d64c58bf4eafb689517c93. Message: Invalid argument: T 872042177fee42c9b6c380a1b657755e P 8de6cfa864d64c58bf4eafb689517c93 [term 4 FOLLOWER]: Leader election vote request: Denying vote to candidate f6d15ccd64ec49be8396ed78e2a88377 in current term 4: Already voted for candidate 8de6cfa864d64c58bf4eafb689517c93 in this term.
I1010 20:59:08.565033 2685 leader_election.cc:248] T 872042177fee42c9b6c380a1b657755e P f6d15ccd64ec49be8396ed78e2a88377 [CANDIDATE]: Term 4 election: Election decided. Result: candidate lost.
I1010 20:59:08.565048 3451 raft_consensus.cc:1609] T 872042177fee42c9b6c380a1b657755e P 42e94fc3adbb419591836d222d946978 [term 4 FOLLOWER]: Leader election vote request: Denying vote to candidate 8de6cfa864d64c58bf4eafb689517c93 in current term 4: Already voted for candidate 42e94fc3adbb419591836d222d946978 in this term.
I1010 20:59:08.565101 2748 raft_consensus.cc:1609] T 872042177fee42c9b6c380a1b657755e P f6d15ccd64ec49be8396ed78e2a88377 [term 4 FOLLOWER]: Leader election vote request: Denying vote to candidate 8de6cfa864d64c58bf4eafb689517c93 in current term 4: Already voted for candidate f6d15ccd64ec49be8396ed78e2a88377 in this term.
I1010 20:59:08.565198 2801 leader_election.cc:361] T 872042177fee42c9b6c380a1b657755e P 8de6cfa864d64c58bf4eafb689517c93 [CANDIDATE]: Term 4 election: Vote denied by peer f6d15ccd64ec49be8396ed78e2a88377. Message: Invalid argument: T 872042177fee42c9b6c380a1b657755e P f6d15ccd64ec49be8396ed78e2a88377 [term 4 FOLLOWER]: Leader election vote request: Denying vote to candidate 8de6cfa864d64c58bf4eafb689517c93 in current term 4: Already voted for candidate f6d15ccd64ec49be8396ed78e2a88377 in this term.
I1010 20:59:08.565237 2801 leader_election.cc:361] T 872042177fee42c9b6c380a1b657755e P 8de6cfa864d64c58bf4eafb689517c93 [CANDIDATE]: Term 4 election: Vote denied by peer 42e94fc3adbb419591836d222d946978. Message: Invalid argument: T 872042177fee42c9b6c380a1b657755e P 42e94fc3adbb419591836d222d946978 [term 4 FOLLOWER]: Leader election vote request: Denying vote to candidate 8de6cfa864d64c58bf4eafb689517c93 in current term 4: Already voted for candidate 42e94fc3adbb419591836d222d946978 in this term.
I1010 20:59:08.565246 2801 leader_election.cc:248] T 872042177fee42c9b6c380a1b657755e P 8de6cfa864d64c58bf4eafb689517c93 [CANDIDATE]: Term 4 election: Election decided. Result: candidate lost.
I1010 20:59:08.565304 4333 raft_consensus.cc:1981] T 872042177fee42c9b6c380a1b657755e P 42e94fc3adbb419591836d222d946978 [term 4 FOLLOWER]: Snoozing failure detection for election timeout plus an additional 1.797s
I1010 20:59:08.565318 4333 raft_consensus.cc:1823] T 872042177fee42c9b6c380a1b657755e P 42e94fc3adbb419591836d222d946978 [term 4 FOLLOWER]: Leader election lost for term 4. Reason: None given
I1010 20:59:08.565351 4335 raft_consensus.cc:1981] T 872042177fee42c9b6c380a1b657755e P 8de6cfa864d64c58bf4eafb689517c93 [term 4 FOLLOWER]: Snoozing failure detection for election timeout plus an additional 2.065s
I1010 20:59:08.565363 4334 raft_consensus.cc:1981] T 872042177fee42c9b6c380a1b657755e P f6d15ccd64ec49be8396ed78e2a88377 [term 4 FOLLOWER]: Snoozing failure detection for election timeout plus an additional 1.980s
I1010 20:59:08.565366 4335 raft_consensus.cc:1823] T 872042177fee42c9b6c380a1b657755e P 8de6cfa864d64c58bf4eafb689517c93 [term 4 FOLLOWER]: Leader election lost for term 4. Reason: None given
I1010 20:59:08.565372 4334 raft_consensus.cc:1823] T 872042177fee42c9b6c380a1b657755e P f6d15ccd64ec49be8396ed78e2a88377 [term 4 FOLLOWER]: Leader election lost for term 4. Reason: None given
I1010 20:59:08.565933 3337 raft_consensus.cc:1677] T de9d164718e74d3db902ea603ab32407 P 7f623b00f5ae4b9c8e8940692d5dfd44 [term 5 FOLLOWER]: Leader election vote request: Granting yes vote for candidate b8062d66fd284035ae3bc2567bc11e7c in term 5.
I1010 20:59:08.566047 2921 leader_election.cc:347] T de9d164718e74d3db902ea603ab32407 P b8062d66fd284035ae3bc2567bc11e7c [CANDIDATE]: Term 5 election: Vote granted by peer 7f623b00f5ae4b9c8e8940692d5dfd44
I1010 20:59:08.566072 2921 leader_election.cc:248] T de9d164718e74d3db902ea603ab32407 P b8062d66fd284035ae3bc2567bc11e7c [CANDIDATE]: Term 5 election: Election decided. Result: candidate won.
I1010 20:59:08.566112 4249 raft_consensus.cc:1981] T de9d164718e74d3db902ea603ab32407 P b8062d66fd284035ae3bc2567bc11e7c [term 5 FOLLOWER]: Snoozing failure detection for election timeout plus an additional 2.383s
I1010 20:59:08.566126 4249 raft_consensus.cc:1861] T de9d164718e74d3db902ea603ab32407 P b8062d66fd284035ae3bc2567bc11e7c [term 5 FOLLOWER]: Leader election won for term 5
I1010 20:59:08.566256 4249 raft_consensus.cc:467] T de9d164718e74d3db902ea603ab32407 P b8062d66fd284035ae3bc2567bc11e7c [term 5 LEADER]: Becoming Leader. State: Replica: b8062d66fd284035ae3bc2567bc11e7c, State: 1, Role: LEADER Watermarks: {Received: term: 0 index: 0 Committed: term: 0 index: 0}
I1010 20:59:08.566290 4249 consensus_queue.cc:151] T de9d164718e74d3db902ea603ab32407 P b8062d66fd284035ae3bc2567bc11e7c [LEADER]: Queue going to LEADER mode. State: All replicated index: 0, Majority replicated index: 0, Committed index: 0, Last appended: 0.0, Current term: 5, Majority size: 2, State: 1, Mode: LEADER, active raft config: opid_index: -1 OBSOLETE_local: false peers { permanent_uuid: "7f623b00f5ae4b9c8e8940692d5dfd44" member_type: VOTER last_known_addr { host: "127.6.150.7" port: 45436 } } peers { permanent_uuid: "b8062d66fd284035ae3bc2567bc11e7c" member_type: VOTER last_known_addr { host: "127.6.150.4" port: 44055 } } peers { permanent_uuid: "8de6cfa864d64c58bf4eafb689517c93" member_type: VOTER last_known_addr { host: "127.6.150.3" port: 40117 } }
I1010 20:59:08.566737 2402 catalog_manager.cc:2018] T de9d164718e74d3db902ea603ab32407 reported consensus state change: term changed from 0 to 5, leader changed from to b8062d66fd284035ae3bc2567bc11e7c (127.6.150.4). New consensus state: current_term: 5 leader_uuid: "b8062d66fd284035ae3bc2567bc11e7c" config { opid_index: -1 OBSOLETE_local: false peers { permanent_uuid: "7f623b00f5ae4b9c8e8940692d5dfd44" member_type: VOTER last_known_addr { host: "127.6.150.7" port: 45436 } } peers { permanent_uuid: "b8062d66fd284035ae3bc2567bc11e7c" member_type: VOTER last_known_addr { host: "127.6.150.4" port: 44055 } } peers { permanent_uuid: "8de6cfa864d64c58bf4eafb689517c93" member_type: VOTER last_known_addr { host: "127.6.150.3" port: 40117 } } }
I1010 20:59:08.568199 2862 raft_consensus.cc:1677] T de9d164718e74d3db902ea603ab32407 P 8de6cfa864d64c58bf4eafb689517c93 [term 5 FOLLOWER]: Leader election vote request: Granting yes vote for candidate b8062d66fd284035ae3bc2567bc11e7c in term 5.
I1010 20:59:08.568342 2921 leader_election.cc:347] T de9d164718e74d3db902ea603ab32407 P b8062d66fd284035ae3bc2567bc11e7c [CANDIDATE]: Term 5 election: Vote granted by peer 8de6cfa864d64c58bf4eafb689517c93
I1010 20:59:09.062263 3099 raft_consensus.cc:857] T 8da5904fd56d441ea29e61eb9d2b0b2f P 33ef4317e50042ba95e517992caa6531 [term 4 FOLLOWER]: Refusing update from remote peer b8062d66fd284035ae3bc2567bc11e7c: Log matching property violated. Preceding OpId in replica: term: 0 index: 0. Preceding OpId from leader: term: 4 index: 1. (index mismatch)
I1010 20:59:09.062321 2508 raft_consensus.cc:857] T 8da5904fd56d441ea29e61eb9d2b0b2f P 84bde34331b94c4ea003e48f9317f792 [term 4 FOLLOWER]: Refusing update from remote peer b8062d66fd284035ae3bc2567bc11e7c: Log matching property violated. Preceding OpId in replica: term: 0 index: 0. Preceding OpId from leader: term: 4 index: 1. (index mismatch)
I1010 20:59:09.062412 4325 consensus_queue.cc:652] T 8da5904fd56d441ea29e61eb9d2b0b2f P b8062d66fd284035ae3bc2567bc11e7c [LEADER]: Connected to new peer: Peer: 33ef4317e50042ba95e517992caa6531, Is new: false, Last received: 0.0, Next index: 1, Last known committed idx: 0, Last exchange result: ERROR, Needs tablet copy: false
I1010 20:59:09.062599 4339 consensus_queue.cc:652] T 8da5904fd56d441ea29e61eb9d2b0b2f P b8062d66fd284035ae3bc2567bc11e7c [LEADER]: Connected to new peer: Peer: 84bde34331b94c4ea003e48f9317f792, Is new: false, Last received: 0.0, Next index: 1, Last known committed idx: 0, Last exchange result: ERROR, Needs tablet copy: false
I1010 20:59:09.066771 2862 raft_consensus.cc:857] T de9d164718e74d3db902ea603ab32407 P 8de6cfa864d64c58bf4eafb689517c93 [term 5 FOLLOWER]: Refusing update from remote peer b8062d66fd284035ae3bc2567bc11e7c: Log matching property violated. Preceding OpId in replica: term: 0 index: 0. Preceding OpId from leader: term: 5 index: 1. (index mismatch)
I1010 20:59:09.066784 3337 raft_consensus.cc:857] T de9d164718e74d3db902ea603ab32407 P 7f623b00f5ae4b9c8e8940692d5dfd44 [term 5 FOLLOWER]: Refusing update from remote peer b8062d66fd284035ae3bc2567bc11e7c: Log matching property violated. Preceding OpId in replica: term: 0 index: 0. Preceding OpId from leader: term: 5 index: 1. (index mismatch)
I1010 20:59:09.066889 4249 consensus_queue.cc:652] T de9d164718e74d3db902ea603ab32407 P b8062d66fd284035ae3bc2567bc11e7c [LEADER]: Connected to new peer: Peer: 8de6cfa864d64c58bf4eafb689517c93, Is new: false, Last received: 0.0, Next index: 1, Last known committed idx: 0, Last exchange result: ERROR, Needs tablet copy: false
I1010 20:59:09.067028 4249 consensus_queue.cc:652] T de9d164718e74d3db902ea603ab32407 P b8062d66fd284035ae3bc2567bc11e7c [LEADER]: Connected to new peer: Peer: 7f623b00f5ae4b9c8e8940692d5dfd44, Is new: false, Last received: 0.0, Next index: 1, Last known committed idx: 0, Last exchange result: ERROR, Needs tablet copy: false
I1010 20:59:09.456318 3842 raft_consensus.cc:375] T 4c179cfa32ee4128ad57d34140e5320f P 33ef4317e50042ba95e517992caa6531 [term 3 FOLLOWER]: No leader contacted us within the election timeout. Triggering leader election
I1010 20:59:09.456334 3842 raft_consensus.cc:2031] T 4c179cfa32ee4128ad57d34140e5320f P 33ef4317e50042ba95e517992caa6531 [term 3 FOLLOWER]: Advancing to term 4
I1010 20:59:09.456724 3842 raft_consensus.cc:1981] T 4c179cfa32ee4128ad57d34140e5320f P 33ef4317e50042ba95e517992caa6531 [term 4 FOLLOWER]: Snoozing failure detection for election timeout plus an additional 1.809s
I1010 20:59:09.456789 3842 raft_consensus.cc:391] T 4c179cfa32ee4128ad57d34140e5320f P 33ef4317e50042ba95e517992caa6531 [term 4 FOLLOWER]: Starting election with config: opid_index: -1 OBSOLETE_local: false peers { permanent_uuid: "f6d15ccd64ec49be8396ed78e2a88377" member_type: VOTER last_known_addr { host: "127.6.150.2" port: 33554 } } peers { permanent_uuid: "33ef4317e50042ba95e517992caa6531" member_type: VOTER last_known_addr { host: "127.6.150.5" port: 40764 } } peers { permanent_uuid: "7f623b00f5ae4b9c8e8940692d5dfd44" member_type: VOTER last_known_addr { host: "127.6.150.7" port: 45436 } }
