I1010 20:58:42.329248 3654 raft_consensus.cc:306] T efe8fb09a1234c9fb1dc99948737a894 P b8062d66fd284035ae3bc2567bc11e7c [term 0 FOLLOWER]: Consensus starting up: Expiring failure detector timer to make a prompt election more likely
I1010 20:58:42.329257 3654 raft_consensus.cc:502] T efe8fb09a1234c9fb1dc99948737a894 P b8062d66fd284035ae3bc2567bc11e7c [term 0 FOLLOWER]: Becoming Follower/Learner. State: Replica: b8062d66fd284035ae3bc2567bc11e7c, State: 1, Role: FOLLOWER Watermarks: {Received: term: 0 index: 0 Committed: term: 0 index: 0}
I1010 20:58:42.329270 3654 consensus_queue.cc:168] T efe8fb09a1234c9fb1dc99948737a894 P b8062d66fd284035ae3bc2567bc11e7c [NON_LEADER]: Queue going to NON_LEADER mode. State: All replicated index: 0, Majority replicated index: 0, Committed index: 0, Last appended: 0.0, Current term: 0, Majority size: -1, State: 1, Mode: NON_LEADER
I1010 20:58:42.329396 3650 ts_tablet_manager.cc:664] T f689db1eddb54b1f85b7df38d14534b4 P 42e94fc3adbb419591836d222d946978: Time spent starting tablet: real 0.002s user 0.000s sys 0.004s
I1010 20:58:42.329406 3654 ts_tablet_manager.cc:664] T efe8fb09a1234c9fb1dc99948737a894 P b8062d66fd284035ae3bc2567bc11e7c: Time spent starting tablet: real 0.000s user 0.000s sys 0.000s
I1010 20:58:42.329421 3654 ts_tablet_manager.cc:632] T 970154c84d6849cc83af1d9e5ad6980d P b8062d66fd284035ae3bc2567bc11e7c: Bootstrapping tablet
I1010 20:58:42.329532 3654 tablet_bootstrap.cc:380] T 970154c84d6849cc83af1d9e5ad6980d P b8062d66fd284035ae3bc2567bc11e7c: Bootstrap starting.
I1010 20:58:42.329653 3654 tablet_bootstrap.cc:542] T 970154c84d6849cc83af1d9e5ad6980d P b8062d66fd284035ae3bc2567bc11e7c: Time spent opening tablet: real 0.000s user 0.000s sys 0.000s
I1010 20:58:42.329741 3654 tablet_bootstrap.cc:482] T 970154c84d6849cc83af1d9e5ad6980d P b8062d66fd284035ae3bc2567bc11e7c: No blocks or log segments found. Creating new log.
I1010 20:58:42.329898 3848 raft_consensus.cc:375] T 90fa7ae3643e4575a6be1c4936b6cc11 P 1380a27d6b824575a3a5e139bee139f4 [term 0 FOLLOWER]: No leader contacted us within the election timeout. Triggering leader election
I1010 20:58:42.329913 3848 raft_consensus.cc:2031] T 90fa7ae3643e4575a6be1c4936b6cc11 P 1380a27d6b824575a3a5e139bee139f4 [term 0 FOLLOWER]: Advancing to term 1
I1010 20:58:42.339025 3891 raft_consensus.cc:375] T f689db1eddb54b1f85b7df38d14534b4 P 42e94fc3adbb419591836d222d946978 [term 0 FOLLOWER]: No leader contacted us within the election timeout. Triggering leader election
I1010 20:58:42.339040 3891 raft_consensus.cc:2031] T f689db1eddb54b1f85b7df38d14534b4 P 42e94fc3adbb419591836d222d946978 [term 0 FOLLOWER]: Advancing to term 1
I1010 20:58:42.341497 3654 tablet_bootstrap.cc:380] T 970154c84d6849cc83af1d9e5ad6980d P b8062d66fd284035ae3bc2567bc11e7c: No bootstrap required, opened a new log
I1010 20:58:42.341526 3654 ts_tablet_manager.cc:637] T 970154c84d6849cc83af1d9e5ad6980d P b8062d66fd284035ae3bc2567bc11e7c: Time spent bootstrapping tablet: real 0.012s user 0.000s sys 0.000s
I1010 20:58:42.341573 3755 raft_consensus.cc:375] T 95e7c143b0524a9b9ade2cfcc081e679 P 7f623b00f5ae4b9c8e8940692d5dfd44 [term 0 FOLLOWER]: No leader contacted us within the election timeout. Triggering leader election
I1010 20:58:42.341612 3755 raft_consensus.cc:2031] T 95e7c143b0524a9b9ade2cfcc081e679 P 7f623b00f5ae4b9c8e8940692d5dfd44 [term 0 FOLLOWER]: Advancing to term 1
I1010 20:58:42.341814 3654 raft_consensus.cc:275] T 970154c84d6849cc83af1d9e5ad6980d P b8062d66fd284035ae3bc2567bc11e7c [term 0 FOLLOWER]: Replica starting. Triggering 0 pending transactions. Active config: opid_index: -1 OBSOLETE_local: false peers { permanent_uuid: "580cbaf7092444dfbc6fb344da88d7b6" member_type: VOTER last_known_addr { host: "127.6.150.9" port: 51743 } } peers { permanent_uuid: "84bde34331b94c4ea003e48f9317f792" member_type: VOTER last_known_addr { host: "127.6.150.0" port: 40113 } } peers { permanent_uuid: "b8062d66fd284035ae3bc2567bc11e7c" member_type: VOTER last_known_addr { host: "127.6.150.4" port: 44055 } }
I1010 20:58:42.341838 3654 raft_consensus.cc:306] T 970154c84d6849cc83af1d9e5ad6980d P b8062d66fd284035ae3bc2567bc11e7c [term 0 FOLLOWER]: Consensus starting up: Expiring failure detector timer to make a prompt election more likely
I1010 20:58:42.341845 3654 raft_consensus.cc:502] T 970154c84d6849cc83af1d9e5ad6980d P b8062d66fd284035ae3bc2567bc11e7c [term 0 FOLLOWER]: Becoming Follower/Learner. State: Replica: b8062d66fd284035ae3bc2567bc11e7c, State: 1, Role: FOLLOWER Watermarks: {Received: term: 0 index: 0 Committed: term: 0 index: 0}
I1010 20:58:42.341862 3654 consensus_queue.cc:168] T 970154c84d6849cc83af1d9e5ad6980d P b8062d66fd284035ae3bc2567bc11e7c [NON_LEADER]: Queue going to NON_LEADER mode. State: All replicated index: 0, Majority replicated index: 0, Committed index: 0, Last appended: 0.0, Current term: 0, Majority size: -1, State: 1, Mode: NON_LEADER
I1010 20:58:42.341995 3654 ts_tablet_manager.cc:664] T 970154c84d6849cc83af1d9e5ad6980d P b8062d66fd284035ae3bc2567bc11e7c: Time spent starting tablet: real 0.000s user 0.000s sys 0.000s
I1010 20:58:42.343827 3717 raft_consensus.cc:375] T 8da5904fd56d441ea29e61eb9d2b0b2f P 84bde34331b94c4ea003e48f9317f792 [term 0 FOLLOWER]: No leader contacted us within the election timeout. Triggering leader election
I1010 20:58:42.343840 3717 raft_consensus.cc:2031] T 8da5904fd56d441ea29e61eb9d2b0b2f P 84bde34331b94c4ea003e48f9317f792 [term 0 FOLLOWER]: Advancing to term 1
I1010 20:58:42.344060 3717 raft_consensus.cc:1981] T 8da5904fd56d441ea29e61eb9d2b0b2f P 84bde34331b94c4ea003e48f9317f792 [term 1 FOLLOWER]: Snoozing failure detection for election timeout plus an additional 1.511s
I1010 20:58:42.344094 3717 raft_consensus.cc:391] T 8da5904fd56d441ea29e61eb9d2b0b2f P 84bde34331b94c4ea003e48f9317f792 [term 1 FOLLOWER]: Starting election with config: opid_index: -1 OBSOLETE_local: false peers { permanent_uuid: "b8062d66fd284035ae3bc2567bc11e7c" member_type: VOTER last_known_addr { host: "127.6.150.4" port: 44055 } } peers { permanent_uuid: "33ef4317e50042ba95e517992caa6531" member_type: VOTER last_known_addr { host: "127.6.150.5" port: 40764 } } peers { permanent_uuid: "84bde34331b94c4ea003e48f9317f792" member_type: VOTER last_known_addr { host: "127.6.150.0" port: 40113 } }
I1010 20:58:42.349930 3779 raft_consensus.cc:375] T 90fa7ae3643e4575a6be1c4936b6cc11 P 42e94fc3adbb419591836d222d946978 [term 0 FOLLOWER]: No leader contacted us within the election timeout. Triggering leader election
I1010 20:58:42.349946 3779 raft_consensus.cc:2031] T 90fa7ae3643e4575a6be1c4936b6cc11 P 42e94fc3adbb419591836d222d946978 [term 0 FOLLOWER]: Advancing to term 1
I1010 20:58:42.362063 3738 raft_consensus.cc:375] T f689db1eddb54b1f85b7df38d14534b4 P f6d15ccd64ec49be8396ed78e2a88377 [term 0 FOLLOWER]: No leader contacted us within the election timeout. Triggering leader election
I1010 20:58:42.362077 3738 raft_consensus.cc:2031] T f689db1eddb54b1f85b7df38d14534b4 P f6d15ccd64ec49be8396ed78e2a88377 [term 0 FOLLOWER]: Advancing to term 1
I1010 20:58:42.362277 3738 raft_consensus.cc:1981] T f689db1eddb54b1f85b7df38d14534b4 P f6d15ccd64ec49be8396ed78e2a88377 [term 1 FOLLOWER]: Snoozing failure detection for election timeout plus an additional 1.564s
I1010 20:58:42.362308 3738 raft_consensus.cc:391] T f689db1eddb54b1f85b7df38d14534b4 P f6d15ccd64ec49be8396ed78e2a88377 [term 1 FOLLOWER]: Starting election with config: opid_index: -1 OBSOLETE_local: false peers { permanent_uuid: "f6d15ccd64ec49be8396ed78e2a88377" member_type: VOTER last_known_addr { host: "127.6.150.2" port: 33554 } } peers { permanent_uuid: "1380a27d6b824575a3a5e139bee139f4" member_type: VOTER last_known_addr { host: "127.6.150.6" port: 46774 } } peers { permanent_uuid: "42e94fc3adbb419591836d222d946978" member_type: VOTER last_known_addr { host: "127.6.150.8" port: 35299 } }
I1010 20:58:42.402698 3763 raft_consensus.cc:375] T 90fa7ae3643e4575a6be1c4936b6cc11 P f6d15ccd64ec49be8396ed78e2a88377 [term 0 FOLLOWER]: No leader contacted us within the election timeout. Triggering leader election
I1010 20:58:42.402712 3763 raft_consensus.cc:2031] T 90fa7ae3643e4575a6be1c4936b6cc11 P f6d15ccd64ec49be8396ed78e2a88377 [term 0 FOLLOWER]: Advancing to term 1
I1010 20:58:42.407985 3780 raft_consensus.cc:375] T 8da5904fd56d441ea29e61eb9d2b0b2f P 33ef4317e50042ba95e517992caa6531 [term 0 FOLLOWER]: No leader contacted us within the election timeout. Triggering leader election
I1010 20:58:42.408000 3780 raft_consensus.cc:2031] T 8da5904fd56d441ea29e61eb9d2b0b2f P 33ef4317e50042ba95e517992caa6531 [term 0 FOLLOWER]: Advancing to term 1
I1010 20:58:42.408200 3780 raft_consensus.cc:1981] T 8da5904fd56d441ea29e61eb9d2b0b2f P 33ef4317e50042ba95e517992caa6531 [term 1 FOLLOWER]: Snoozing failure detection for election timeout plus an additional 1.589s
I1010 20:58:42.408236 3780 raft_consensus.cc:391] T 8da5904fd56d441ea29e61eb9d2b0b2f P 33ef4317e50042ba95e517992caa6531 [term 1 FOLLOWER]: Starting election with config: opid_index: -1 OBSOLETE_local: false peers { permanent_uuid: "b8062d66fd284035ae3bc2567bc11e7c" member_type: VOTER last_known_addr { host: "127.6.150.4" port: 44055 } } peers { permanent_uuid: "33ef4317e50042ba95e517992caa6531" member_type: VOTER last_known_addr { host: "127.6.150.5" port: 40764 } } peers { permanent_uuid: "84bde34331b94c4ea003e48f9317f792" member_type: VOTER last_known_addr { host: "127.6.150.0" port: 40113 } }
I1010 20:58:42.430708 3754 raft_consensus.cc:375] T 7d680e6840854bca9daef77d506408e9 P 84bde34331b94c4ea003e48f9317f792 [term 0 FOLLOWER]: No leader contacted us within the election timeout. Triggering leader election
I1010 20:58:42.430726 3754 raft_consensus.cc:2031] T 7d680e6840854bca9daef77d506408e9 P 84bde34331b94c4ea003e48f9317f792 [term 0 FOLLOWER]: Advancing to term 1
I1010 20:58:42.439013 3781 raft_consensus.cc:375] T 19f492d94e864f1ebd1c70810b0470f7 P 8de6cfa864d64c58bf4eafb689517c93 [term 0 FOLLOWER]: No leader contacted us within the election timeout. Triggering leader election
I1010 20:58:42.439028 3781 raft_consensus.cc:2031] T 19f492d94e864f1ebd1c70810b0470f7 P 8de6cfa864d64c58bf4eafb689517c93 [term 0 FOLLOWER]: Advancing to term 1
I1010 20:58:42.439317 3781 raft_consensus.cc:1981] T 19f492d94e864f1ebd1c70810b0470f7 P 8de6cfa864d64c58bf4eafb689517c93 [term 1 FOLLOWER]: Snoozing failure detection for election timeout plus an additional 1.620s
I1010 20:58:42.439348 3781 raft_consensus.cc:391] T 19f492d94e864f1ebd1c70810b0470f7 P 8de6cfa864d64c58bf4eafb689517c93 [term 1 FOLLOWER]: Starting election with config: opid_index: -1 OBSOLETE_local: false peers { permanent_uuid: "33ef4317e50042ba95e517992caa6531" member_type: VOTER last_known_addr { host: "127.6.150.5" port: 40764 } } peers { permanent_uuid: "84bde34331b94c4ea003e48f9317f792" member_type: VOTER last_known_addr { host: "127.6.150.0" port: 40113 } } peers { permanent_uuid: "8de6cfa864d64c58bf4eafb689517c93" member_type: VOTER last_known_addr { host: "127.6.150.3" port: 40117 } }
I1010 20:58:42.441063 3678 raft_consensus.cc:375] T 7d680e6840854bca9daef77d506408e9 P 33ef4317e50042ba95e517992caa6531 [term 0 FOLLOWER]: No leader contacted us within the election timeout. Triggering leader election
I1010 20:58:42.441077 3678 raft_consensus.cc:2031] T 7d680e6840854bca9daef77d506408e9 P 33ef4317e50042ba95e517992caa6531 [term 0 FOLLOWER]: Advancing to term 1
I1010 20:58:42.441795 3881 raft_consensus.cc:375] T 872042177fee42c9b6c380a1b657755e P 42e94fc3adbb419591836d222d946978 [term 0 FOLLOWER]: No leader contacted us within the election timeout. Triggering leader election
I1010 20:58:42.441823 3881 raft_consensus.cc:2031] T 872042177fee42c9b6c380a1b657755e P 42e94fc3adbb419591836d222d946978 [term 0 FOLLOWER]: Advancing to term 1
I1010 20:58:42.452683 3715 raft_consensus.cc:375] T 95e7c143b0524a9b9ade2cfcc081e679 P 1031512f5120422e9e22a0afabd78f61 [term 0 FOLLOWER]: No leader contacted us within the election timeout. Triggering leader election
I1010 20:58:42.452698 3715 raft_consensus.cc:2031] T 95e7c143b0524a9b9ade2cfcc081e679 P 1031512f5120422e9e22a0afabd78f61 [term 0 FOLLOWER]: Advancing to term 1
I1010 20:58:42.455122 3794 raft_consensus.cc:375] T 95e7c143b0524a9b9ade2cfcc081e679 P 84bde34331b94c4ea003e48f9317f792 [term 0 FOLLOWER]: No leader contacted us within the election timeout. Triggering leader election
I1010 20:58:42.455135 3794 raft_consensus.cc:2031] T 95e7c143b0524a9b9ade2cfcc081e679 P 84bde34331b94c4ea003e48f9317f792 [term 0 FOLLOWER]: Advancing to term 1
I1010 20:58:42.456456 3722 raft_consensus.cc:375] T efe8fb09a1234c9fb1dc99948737a894 P 580cbaf7092444dfbc6fb344da88d7b6 [term 0 FOLLOWER]: No leader contacted us within the election timeout. Triggering leader election
I1010 20:58:42.456468 3722 raft_consensus.cc:2031] T efe8fb09a1234c9fb1dc99948737a894 P 580cbaf7092444dfbc6fb344da88d7b6 [term 0 FOLLOWER]: Advancing to term 1
I1010 20:58:42.504125 3697 raft_consensus.cc:375] T 949b26dfeadc4de38868bf4ed994d184 P 8de6cfa864d64c58bf4eafb689517c93 [term 0 FOLLOWER]: No leader contacted us within the election timeout. Triggering leader election
I1010 20:58:42.504140 3697 raft_consensus.cc:2031] T 949b26dfeadc4de38868bf4ed994d184 P 8de6cfa864d64c58bf4eafb689517c93 [term 0 FOLLOWER]: Advancing to term 1
I1010 20:58:42.504778 3694 raft_consensus.cc:375] T 7836528275cb45aab827361611bb3bbe P 580cbaf7092444dfbc6fb344da88d7b6 [term 0 FOLLOWER]: No leader contacted us within the election timeout. Triggering leader election
I1010 20:58:42.504791 3694 raft_consensus.cc:2031] T 7836528275cb45aab827361611bb3bbe P 580cbaf7092444dfbc6fb344da88d7b6 [term 0 FOLLOWER]: Advancing to term 1
I1010 20:58:42.517493 3667 raft_consensus.cc:375] T 17a4ac4e4e164cebb4d88f59511cf926 P 1031512f5120422e9e22a0afabd78f61 [term 0 FOLLOWER]: No leader contacted us within the election timeout. Triggering leader election
I1010 20:58:42.517506 3667 raft_consensus.cc:2031] T 17a4ac4e4e164cebb4d88f59511cf926 P 1031512f5120422e9e22a0afabd78f61 [term 0 FOLLOWER]: Advancing to term 1
I1010 20:58:42.522805 3867 raft_consensus.cc:375] T 84fcfff9fdef4acf8c2b47f36330567f P 1031512f5120422e9e22a0afabd78f61 [term 0 FOLLOWER]: No leader contacted us within the election timeout. Triggering leader election
I1010 20:58:42.522822 3867 raft_consensus.cc:2031] T 84fcfff9fdef4acf8c2b47f36330567f P 1031512f5120422e9e22a0afabd78f61 [term 0 FOLLOWER]: Advancing to term 1
I1010 20:58:42.525313 3692 raft_consensus.cc:375] T 970154c84d6849cc83af1d9e5ad6980d P 84bde34331b94c4ea003e48f9317f792 [term 0 FOLLOWER]: No leader contacted us within the election timeout. Triggering leader election
I1010 20:58:42.525338 3692 raft_consensus.cc:2031] T 970154c84d6849cc83af1d9e5ad6980d P 84bde34331b94c4ea003e48f9317f792 [term 0 FOLLOWER]: Advancing to term 1
I1010 20:58:42.540215 3684 raft_consensus.cc:375] T 970154c84d6849cc83af1d9e5ad6980d P 580cbaf7092444dfbc6fb344da88d7b6 [term 0 FOLLOWER]: No leader contacted us within the election timeout. Triggering leader election
I1010 20:58:42.540226 3684 raft_consensus.cc:2031] T 970154c84d6849cc83af1d9e5ad6980d P 580cbaf7092444dfbc6fb344da88d7b6 [term 0 FOLLOWER]: Advancing to term 1
I1010 20:58:42.544893 3671 raft_consensus.cc:375] T 872042177fee42c9b6c380a1b657755e P 8de6cfa864d64c58bf4eafb689517c93 [term 0 FOLLOWER]: No leader contacted us within the election timeout. Triggering leader election
I1010 20:58:42.544905 3671 raft_consensus.cc:2031] T 872042177fee42c9b6c380a1b657755e P 8de6cfa864d64c58bf4eafb689517c93 [term 0 FOLLOWER]: Advancing to term 1
I1010 20:58:42.546808 3753 raft_consensus.cc:375] T 4aa163baddb74c4998157964dd55b1f4 P 8de6cfa864d64c58bf4eafb689517c93 [term 0 FOLLOWER]: No leader contacted us within the election timeout. Triggering leader election
I1010 20:58:42.546823 3753 raft_consensus.cc:2031] T 4aa163baddb74c4998157964dd55b1f4 P 8de6cfa864d64c58bf4eafb689517c93 [term 0 FOLLOWER]: Advancing to term 1
I1010 20:58:42.549527 3829 raft_consensus.cc:375] T 17a4ac4e4e164cebb4d88f59511cf926 P 7f623b00f5ae4b9c8e8940692d5dfd44 [term 0 FOLLOWER]: No leader contacted us within the election timeout. Triggering leader election
I1010 20:58:42.549540 3829 raft_consensus.cc:2031] T 17a4ac4e4e164cebb4d88f59511cf926 P 7f623b00f5ae4b9c8e8940692d5dfd44 [term 0 FOLLOWER]: Advancing to term 1
I1010 20:58:42.615828 3815 raft_consensus.cc:375] T 19f492d94e864f1ebd1c70810b0470f7 P 84bde34331b94c4ea003e48f9317f792 [term 0 FOLLOWER]: No leader contacted us within the election timeout. Triggering leader election
I1010 20:58:42.615841 3815 raft_consensus.cc:2031] T 19f492d94e864f1ebd1c70810b0470f7 P 84bde34331b94c4ea003e48f9317f792 [term 0 FOLLOWER]: Advancing to term 1
I1010 20:58:42.623962 3853 raft_consensus.cc:375] T 981834f5e88f4585b6420fca7ddcb289 P 1031512f5120422e9e22a0afabd78f61 [term 0 FOLLOWER]: No leader contacted us within the election timeout. Triggering leader election
I1010 20:58:42.623975 3853 raft_consensus.cc:2031] T 981834f5e88f4585b6420fca7ddcb289 P 1031512f5120422e9e22a0afabd78f61 [term 0 FOLLOWER]: Advancing to term 1
I1010 20:58:42.630223 3789 raft_consensus.cc:375] T 949b26dfeadc4de38868bf4ed994d184 P 1380a27d6b824575a3a5e139bee139f4 [term 0 FOLLOWER]: No leader contacted us within the election timeout. Triggering leader election
I1010 20:58:42.630236 3789 raft_consensus.cc:2031] T 949b26dfeadc4de38868bf4ed994d184 P 1380a27d6b824575a3a5e139bee139f4 [term 0 FOLLOWER]: Advancing to term 1
I1010 20:58:42.637351 3837 raft_consensus.cc:375] T 981834f5e88f4585b6420fca7ddcb289 P 1380a27d6b824575a3a5e139bee139f4 [term 0 FOLLOWER]: No leader contacted us within the election timeout. Triggering leader election
I1010 20:58:42.637374 3837 raft_consensus.cc:2031] T 981834f5e88f4585b6420fca7ddcb289 P 1380a27d6b824575a3a5e139bee139f4 [term 0 FOLLOWER]: Advancing to term 1
I1010 20:58:42.692097 3672 raft_consensus.cc:375] T 4aa163baddb74c4998157964dd55b1f4 P 84bde34331b94c4ea003e48f9317f792 [term 0 FOLLOWER]: No leader contacted us within the election timeout. Triggering leader election
I1010 20:58:42.692111 3672 raft_consensus.cc:2031] T 4aa163baddb74c4998157964dd55b1f4 P 84bde34331b94c4ea003e48f9317f792 [term 0 FOLLOWER]: Advancing to term 1
I1010 20:58:42.713407 3804 raft_consensus.cc:375] T 4aa163baddb74c4998157964dd55b1f4 P 1031512f5120422e9e22a0afabd78f61 [term 0 FOLLOWER]: No leader contacted us within the election timeout. Triggering leader election
I1010 20:58:42.713421 3804 raft_consensus.cc:2031] T 4aa163baddb74c4998157964dd55b1f4 P 1031512f5120422e9e22a0afabd78f61 [term 0 FOLLOWER]: Advancing to term 1
I1010 20:58:42.744174 3817 raft_consensus.cc:375] T de9d164718e74d3db902ea603ab32407 P 8de6cfa864d64c58bf4eafb689517c93 [term 0 FOLLOWER]: No leader contacted us within the election timeout. Triggering leader election
I1010 20:58:42.744189 3817 raft_consensus.cc:2031] T de9d164718e74d3db902ea603ab32407 P 8de6cfa864d64c58bf4eafb689517c93 [term 0 FOLLOWER]: Advancing to term 1
I1010 20:58:42.756724 3870 raft_consensus.cc:375] T f2289fb138ea4a5ab6c02803c4e9aa51 P 7f623b00f5ae4b9c8e8940692d5dfd44 [term 0 FOLLOWER]: No leader contacted us within the election timeout. Triggering leader election
I1010 20:58:42.756738 3870 raft_consensus.cc:2031] T f2289fb138ea4a5ab6c02803c4e9aa51 P 7f623b00f5ae4b9c8e8940692d5dfd44 [term 0 FOLLOWER]: Advancing to term 1
I1010 20:58:42.777951 3859 raft_consensus.cc:375] T f689db1eddb54b1f85b7df38d14534b4 P 1380a27d6b824575a3a5e139bee139f4 [term 0 FOLLOWER]: No leader contacted us within the election timeout. Triggering leader election
I1010 20:58:42.777966 3859 raft_consensus.cc:2031] T f689db1eddb54b1f85b7df38d14534b4 P 1380a27d6b824575a3a5e139bee139f4 [term 0 FOLLOWER]: Advancing to term 1
I1010 20:58:42.800173 3698 raft_consensus.cc:375] T efe8fb09a1234c9fb1dc99948737a894 P f6d15ccd64ec49be8396ed78e2a88377 [term 0 FOLLOWER]: No leader contacted us within the election timeout. Triggering leader election
I1010 20:58:42.800186 3698 raft_consensus.cc:2031] T efe8fb09a1234c9fb1dc99948737a894 P f6d15ccd64ec49be8396ed78e2a88377 [term 0 FOLLOWER]: Advancing to term 1
I1010 20:58:42.853337 3713 raft_consensus.cc:375] T 05a5666441ec49d792222a3e8674edf7 P 33ef4317e50042ba95e517992caa6531 [term 0 FOLLOWER]: No leader contacted us within the election timeout. Triggering leader election
I1010 20:58:42.853359 3713 raft_consensus.cc:2031] T 05a5666441ec49d792222a3e8674edf7 P 33ef4317e50042ba95e517992caa6531 [term 0 FOLLOWER]: Advancing to term 1
I1010 20:58:42.860491 3863 raft_consensus.cc:375] T 981834f5e88f4585b6420fca7ddcb289 P 8de6cfa864d64c58bf4eafb689517c93 [term 0 FOLLOWER]: No leader contacted us within the election timeout. Triggering leader election
I1010 20:58:42.860507 3863 raft_consensus.cc:2031] T 981834f5e88f4585b6420fca7ddcb289 P 8de6cfa864d64c58bf4eafb689517c93 [term 0 FOLLOWER]: Advancing to term 1
I1010 20:58:42.866744 3857 raft_consensus.cc:375] T ed24ca4817744964991178277119b367 P 33ef4317e50042ba95e517992caa6531 [term 0 FOLLOWER]: No leader contacted us within the election timeout. Triggering leader election
I1010 20:58:42.866763 3857 raft_consensus.cc:2031] T ed24ca4817744964991178277119b367 P 33ef4317e50042ba95e517992caa6531 [term 0 FOLLOWER]: Advancing to term 1
I1010 20:58:42.909606 3729 raft_consensus.cc:375] T 872042177fee42c9b6c380a1b657755e P f6d15ccd64ec49be8396ed78e2a88377 [term 0 FOLLOWER]: No leader contacted us within the election timeout. Triggering leader election
I1010 20:58:42.909624 3729 raft_consensus.cc:2031] T 872042177fee42c9b6c380a1b657755e P f6d15ccd64ec49be8396ed78e2a88377 [term 0 FOLLOWER]: Advancing to term 1
I1010 20:58:42.953398 3819 raft_consensus.cc:375] T 05a5666441ec49d792222a3e8674edf7 P f6d15ccd64ec49be8396ed78e2a88377 [term 0 FOLLOWER]: No leader contacted us within the election timeout. Triggering leader election
I1010 20:58:42.953411 3819 raft_consensus.cc:2031] T 05a5666441ec49d792222a3e8674edf7 P f6d15ccd64ec49be8396ed78e2a88377 [term 0 FOLLOWER]: Advancing to term 1
I1010 20:58:42.986662 3834 raft_consensus.cc:375] T 4c179cfa32ee4128ad57d34140e5320f P f6d15ccd64ec49be8396ed78e2a88377 [term 0 FOLLOWER]: No leader contacted us within the election timeout. Triggering leader election
I1010 20:58:42.986690 3834 raft_consensus.cc:2031] T 4c179cfa32ee4128ad57d34140e5320f P f6d15ccd64ec49be8396ed78e2a88377 [term 0 FOLLOWER]: Advancing to term 1
I1010 20:58:43.009929 3869 raft_consensus.cc:375] T de9d164718e74d3db902ea603ab32407 P b8062d66fd284035ae3bc2567bc11e7c [term 0 FOLLOWER]: No leader contacted us within the election timeout. Triggering leader election
I1010 20:58:43.009948 3869 raft_consensus.cc:2031] T de9d164718e74d3db902ea603ab32407 P b8062d66fd284035ae3bc2567bc11e7c [term 0 FOLLOWER]: Advancing to term 1
I1010 20:58:43.087895 3882 raft_consensus.cc:375] T 8da5904fd56d441ea29e61eb9d2b0b2f P b8062d66fd284035ae3bc2567bc11e7c [term 0 FOLLOWER]: No leader contacted us within the election timeout. Triggering leader election
I1010 20:58:43.087913 3882 raft_consensus.cc:2031] T 8da5904fd56d441ea29e61eb9d2b0b2f P b8062d66fd284035ae3bc2567bc11e7c [term 0 FOLLOWER]: Advancing to term 1
I1010 20:58:43.088259 3836 raft_consensus.cc:375] T 7836528275cb45aab827361611bb3bbe P 8de6cfa864d64c58bf4eafb689517c93 [term 0 FOLLOWER]: No leader contacted us within the election timeout. Triggering leader election
I1010 20:58:43.088287 3836 raft_consensus.cc:2031] T 7836528275cb45aab827361611bb3bbe P 8de6cfa864d64c58bf4eafb689517c93 [term 0 FOLLOWER]: Advancing to term 1
I1010 20:58:43.115123 3816 raft_consensus.cc:375] T 84fcfff9fdef4acf8c2b47f36330567f P 42e94fc3adbb419591836d222d946978 [term 0 FOLLOWER]: No leader contacted us within the election timeout. Triggering leader election
I1010 20:58:43.115147 3816 raft_consensus.cc:2031] T 84fcfff9fdef4acf8c2b47f36330567f P 42e94fc3adbb419591836d222d946978 [term 0 FOLLOWER]: Advancing to term 1
I1010 20:58:43.130084 3889 raft_consensus.cc:375] T 4c179cfa32ee4128ad57d34140e5320f P 7f623b00f5ae4b9c8e8940692d5dfd44 [term 0 FOLLOWER]: No leader contacted us within the election timeout. Triggering leader election
I1010 20:58:43.130100 3889 raft_consensus.cc:2031] T 4c179cfa32ee4128ad57d34140e5320f P 7f623b00f5ae4b9c8e8940692d5dfd44 [term 0 FOLLOWER]: Advancing to term 1
I1010 20:58:43.156390 3805 raft_consensus.cc:375] T 949b26dfeadc4de38868bf4ed994d184 P b8062d66fd284035ae3bc2567bc11e7c [term 0 FOLLOWER]: No leader contacted us within the election timeout. Triggering leader election
I1010 20:58:43.156404 3805 raft_consensus.cc:2031] T 949b26dfeadc4de38868bf4ed994d184 P b8062d66fd284035ae3bc2567bc11e7c [term 0 FOLLOWER]: Advancing to term 1
I1010 20:58:43.157338 3818 raft_consensus.cc:375] T ed24ca4817744964991178277119b367 P 7f623b00f5ae4b9c8e8940692d5dfd44 [term 0 FOLLOWER]: No leader contacted us within the election timeout. Triggering leader election
I1010 20:58:43.157362 3818 raft_consensus.cc:2031] T ed24ca4817744964991178277119b367 P 7f623b00f5ae4b9c8e8940692d5dfd44 [term 0 FOLLOWER]: Advancing to term 1
I1010 20:58:43.177309 3894 raft_consensus.cc:375] T efe8fb09a1234c9fb1dc99948737a894 P b8062d66fd284035ae3bc2567bc11e7c [term 0 FOLLOWER]: No leader contacted us within the election timeout. Triggering leader election
I1010 20:58:43.177321 3894 raft_consensus.cc:2031] T efe8fb09a1234c9fb1dc99948737a894 P b8062d66fd284035ae3bc2567bc11e7c [term 0 FOLLOWER]: Advancing to term 1
I1010 20:58:43.241829 3898 raft_consensus.cc:375] T 970154c84d6849cc83af1d9e5ad6980d P b8062d66fd284035ae3bc2567bc11e7c [term 0 FOLLOWER]: No leader contacted us within the election timeout. Triggering leader election
I1010 20:58:43.241842 3898 raft_consensus.cc:2031] T 970154c84d6849cc83af1d9e5ad6980d P b8062d66fd284035ae3bc2567bc11e7c [term 0 FOLLOWER]: Advancing to term 1
I1010 20:58:43.312111 3842 raft_consensus.cc:375] T 4c179cfa32ee4128ad57d34140e5320f P 33ef4317e50042ba95e517992caa6531 [term 0 FOLLOWER]: No leader contacted us within the election timeout. Triggering leader election
I1010 20:58:43.312129 3842 raft_consensus.cc:2031] T 4c179cfa32ee4128ad57d34140e5320f P 33ef4317e50042ba95e517992caa6531 [term 0 FOLLOWER]: Advancing to term 1
I1010 20:58:43.351649 3808 raft_consensus.cc:375] T 19f492d94e864f1ebd1c70810b0470f7 P 33ef4317e50042ba95e517992caa6531 [term 0 FOLLOWER]: No leader contacted us within the election timeout. Triggering leader election
I1010 20:58:43.351665 3808 raft_consensus.cc:2031] T 19f492d94e864f1ebd1c70810b0470f7 P 33ef4317e50042ba95e517992caa6531 [term 0 FOLLOWER]: Advancing to term 1
I1010 20:58:43.368152 3871 raft_consensus.cc:375] T 7836528275cb45aab827361611bb3bbe P 42e94fc3adbb419591836d222d946978 [term 0 FOLLOWER]: No leader contacted us within the election timeout. Triggering leader election
I1010 20:58:43.368168 3871 raft_consensus.cc:2031] T 7836528275cb45aab827361611bb3bbe P 42e94fc3adbb419591836d222d946978 [term 0 FOLLOWER]: Advancing to term 1
W1010 20:58:43.664747 3761 consensus_meta.cc:188] T 7d680e6840854bca9daef77d506408e9 P 1380a27d6b824575a3a5e139bee139f4: Time spent flushing consensus metadata: real 1.720s user 0.000s sys 0.000s
W1010 20:58:43.664747 3742 consensus_meta.cc:188] T f2289fb138ea4a5ab6c02803c4e9aa51 P 42e94fc3adbb419591836d222d946978: Time spent flushing consensus metadata: real 1.597s user 0.000s sys 0.000s
W1010 20:58:43.664783 3764 consensus_meta.cc:188] T 84fcfff9fdef4acf8c2b47f36330567f P b8062d66fd284035ae3bc2567bc11e7c: Time spent flushing consensus metadata: real 1.579s user 0.000s sys 0.000s
W1010 20:58:43.664783 3744 consensus_meta.cc:188] T de9d164718e74d3db902ea603ab32407 P 7f623b00f5ae4b9c8e8940692d5dfd44: Time spent flushing consensus metadata: real 1.363s user 0.000s sys 0.000s
W1010 20:58:43.664880 3737 consensus_meta.cc:188] T ed24ca4817744964991178277119b367 P 580cbaf7092444dfbc6fb344da88d7b6: Time spent flushing consensus metadata: real 1.495s user 0.000s sys 0.000s
W1010 20:58:43.664898 3717 consensus_meta.cc:188] T 8da5904fd56d441ea29e61eb9d2b0b2f P 84bde34331b94c4ea003e48f9317f792: Time spent flushing consensus metadata: real 1.321s user 0.000s sys 0.000s
W1010 20:58:43.664980 3748 consensus_meta.cc:188] T 05a5666441ec49d792222a3e8674edf7 P 1031512f5120422e9e22a0afabd78f61: Time spent flushing consensus metadata: real 1.390s user 0.000s sys 0.000s
W1010 20:58:43.665180 3891 consensus_meta.cc:188] T f689db1eddb54b1f85b7df38d14534b4 P 42e94fc3adbb419591836d222d946978: Time spent flushing consensus metadata: real 1.326s user 0.000s sys 0.000s
I1010 20:58:43.665202 3891 raft_consensus.cc:1981] T f689db1eddb54b1f85b7df38d14534b4 P 42e94fc3adbb419591836d222d946978 [term 1 FOLLOWER]: Snoozing failure detection for election timeout plus an additional 1.512s
W1010 20:58:43.665213 3754 consensus_meta.cc:188] T 7d680e6840854bca9daef77d506408e9 P 84bde34331b94c4ea003e48f9317f792: Time spent flushing consensus metadata: real 1.234s user 0.000s sys 0.000s
I1010 20:58:43.665232 3754 raft_consensus.cc:1981] T 7d680e6840854bca9daef77d506408e9 P 84bde34331b94c4ea003e48f9317f792 [term 1 FOLLOWER]: Snoozing failure detection for election timeout plus an additional 1.565s
I1010 20:58:43.665236 3891 raft_consensus.cc:391] T f689db1eddb54b1f85b7df38d14534b4 P 42e94fc3adbb419591836d222d946978 [term 1 FOLLOWER]: Starting election with config: opid_index: -1 OBSOLETE_local: false peers { permanent_uuid: "f6d15ccd64ec49be8396ed78e2a88377" member_type: VOTER last_known_addr { host: "127.6.150.2" port: 33554 } } peers { permanent_uuid: "1380a27d6b824575a3a5e139bee139f4" member_type: VOTER last_known_addr { host: "127.6.150.6" port: 46774 } } peers { permanent_uuid: "42e94fc3adbb419591836d222d946978" member_type: VOTER last_known_addr { host: "127.6.150.8" port: 35299 } }
W1010 20:58:43.665233 3673 consensus_meta.cc:188] T 17a4ac4e4e164cebb4d88f59511cf926 P 580cbaf7092444dfbc6fb344da88d7b6: Time spent flushing consensus metadata: real 1.380s user 0.000s sys 0.000s
I1010 20:58:43.665251 3673 raft_consensus.cc:1981] T 17a4ac4e4e164cebb4d88f59511cf926 P 580cbaf7092444dfbc6fb344da88d7b6 [term 1 FOLLOWER]: Snoozing failure detection for election timeout plus an additional 1.593s
I1010 20:58:43.665259 3754 raft_consensus.cc:391] T 7d680e6840854bca9daef77d506408e9 P 84bde34331b94c4ea003e48f9317f792 [term 1 FOLLOWER]: Starting election with config: opid_index: -1 OBSOLETE_local: false peers { permanent_uuid: "84bde34331b94c4ea003e48f9317f792" member_type: VOTER last_known_addr { host: "127.6.150.0" port: 40113 } } peers { permanent_uuid: "33ef4317e50042ba95e517992caa6531" member_type: VOTER last_known_addr { host: "127.6.150.5" port: 40764 } } peers { permanent_uuid: "1380a27d6b824575a3a5e139bee139f4" member_type: VOTER last_known_addr { host: "127.6.150.6" port: 46774 } }
I1010 20:58:43.665283 3673 raft_consensus.cc:391] T 17a4ac4e4e164cebb4d88f59511cf926 P 580cbaf7092444dfbc6fb344da88d7b6 [term 1 FOLLOWER]: Starting election with config: opid_index: -1 OBSOLETE_local: false peers { permanent_uuid: "580cbaf7092444dfbc6fb344da88d7b6" member_type: VOTER last_known_addr { host: "127.6.150.9" port: 51743 } } peers { permanent_uuid: "7f623b00f5ae4b9c8e8940692d5dfd44" member_type: VOTER last_known_addr { host: "127.6.150.7" port: 45436 } } peers { permanent_uuid: "1031512f5120422e9e22a0afabd78f61" member_type: VOTER last_known_addr { host: "127.6.150.1" port: 46963 } }
W1010 20:58:43.665288 3869 consensus_meta.cc:188] T de9d164718e74d3db902ea603ab32407 P b8062d66fd284035ae3bc2567bc11e7c: Time spent flushing consensus metadata: real 0.655s user 0.000s sys 0.000s
I1010 20:58:43.665307 3869 raft_consensus.cc:1981] T de9d164718e74d3db902ea603ab32407 P b8062d66fd284035ae3bc2567bc11e7c [term 1 FOLLOWER]: Snoozing failure detection for election timeout plus an additional 1.571s
I1010 20:58:43.665334 3869 raft_consensus.cc:391] T de9d164718e74d3db902ea603ab32407 P b8062d66fd284035ae3bc2567bc11e7c [term 1 FOLLOWER]: Starting election with config: opid_index: -1 OBSOLETE_local: false peers { permanent_uuid: "7f623b00f5ae4b9c8e8940692d5dfd44" member_type: VOTER last_known_addr { host: "127.6.150.7" port: 45436 } } peers { permanent_uuid: "b8062d66fd284035ae3bc2567bc11e7c" member_type: VOTER last_known_addr { host: "127.6.150.4" port: 44055 } } peers { permanent_uuid: "8de6cfa864d64c58bf4eafb689517c93" member_type: VOTER last_known_addr { host: "127.6.150.3" port: 40117 } }
W1010 20:58:43.665565 3720 consensus_meta.cc:188] T f2289fb138ea4a5ab6c02803c4e9aa51 P b8062d66fd284035ae3bc2567bc11e7c: Time spent flushing consensus metadata: real 1.511s user 0.000s sys 0.000s
I1010 20:58:43.665596 3720 raft_consensus.cc:1981] T f2289fb138ea4a5ab6c02803c4e9aa51 P b8062d66fd284035ae3bc2567bc11e7c [term 1 FOLLOWER]: Snoozing failure detection for election timeout plus an additional 1.558s
W1010 20:58:43.665606 3781 consensus_meta.cc:188] T 19f492d94e864f1ebd1c70810b0470f7 P 8de6cfa864d64c58bf4eafb689517c93: Time spent flushing consensus metadata: real 1.226s user 0.000s sys 0.000s
I1010 20:58:43.665627 3720 raft_consensus.cc:391] T f2289fb138ea4a5ab6c02803c4e9aa51 P b8062d66fd284035ae3bc2567bc11e7c [term 1 FOLLOWER]: Starting election with config: opid_index: -1 OBSOLETE_local: false peers { permanent_uuid: "42e94fc3adbb419591836d222d946978" member_type: VOTER last_known_addr { host: "127.6.150.8" port: 35299 } } peers { permanent_uuid: "b8062d66fd284035ae3bc2567bc11e7c" member_type: VOTER last_known_addr { host: "127.6.150.4" port: 44055 } } peers { permanent_uuid: "7f623b00f5ae4b9c8e8940692d5dfd44" member_type: VOTER last_known_addr { host: "127.6.150.7" port: 45436 } }
W1010 20:58:43.665735 3738 consensus_meta.cc:188] T f689db1eddb54b1f85b7df38d14534b4 P f6d15ccd64ec49be8396ed78e2a88377: Time spent flushing consensus metadata: real 1.303s user 0.000s sys 0.000s
W1010 20:58:43.665827 3715 consensus_meta.cc:188] T 95e7c143b0524a9b9ade2cfcc081e679 P 1031512f5120422e9e22a0afabd78f61: Time spent flushing consensus metadata: real 1.213s user 0.000s sys 0.000s
I1010 20:58:43.665848 3715 raft_consensus.cc:1981] T 95e7c143b0524a9b9ade2cfcc081e679 P 1031512f5120422e9e22a0afabd78f61 [term 1 FOLLOWER]: Snoozing failure detection for election timeout plus an additional 1.559s
W1010 20:58:43.665853 3829 consensus_meta.cc:188] T 17a4ac4e4e164cebb4d88f59511cf926 P 7f623b00f5ae4b9c8e8940692d5dfd44: Time spent flushing consensus metadata: real 1.116s user 0.000s sys 0.000s
I1010 20:58:43.665885 3829 raft_consensus.cc:1981] T 17a4ac4e4e164cebb4d88f59511cf926 P 7f623b00f5ae4b9c8e8940692d5dfd44 [term 1 FOLLOWER]: Snoozing failure detection for election timeout plus an additional 1.537s
I1010 20:58:43.665885 3715 raft_consensus.cc:391] T 95e7c143b0524a9b9ade2cfcc081e679 P 1031512f5120422e9e22a0afabd78f61 [term 1 FOLLOWER]: Starting election with config: opid_index: -1 OBSOLETE_local: false peers { permanent_uuid: "7f623b00f5ae4b9c8e8940692d5dfd44" member_type: VOTER last_known_addr { host: "127.6.150.7" port: 45436 } } peers { permanent_uuid: "84bde34331b94c4ea003e48f9317f792" member_type: VOTER last_known_addr { host: "127.6.150.0" port: 40113 } } peers { permanent_uuid: "1031512f5120422e9e22a0afabd78f61" member_type: VOTER last_known_addr { host: "127.6.150.1" port: 46963 } }
I1010 20:58:43.665913 3829 raft_consensus.cc:391] T 17a4ac4e4e164cebb4d88f59511cf926 P 7f623b00f5ae4b9c8e8940692d5dfd44 [term 1 FOLLOWER]: Starting election with config: opid_index: -1 OBSOLETE_local: false peers { permanent_uuid: "580cbaf7092444dfbc6fb344da88d7b6" member_type: VOTER last_known_addr { host: "127.6.150.9" port: 51743 } } peers { permanent_uuid: "7f623b00f5ae4b9c8e8940692d5dfd44" member_type: VOTER last_known_addr { host: "127.6.150.7" port: 45436 } } peers { permanent_uuid: "1031512f5120422e9e22a0afabd78f61" member_type: VOTER last_known_addr { host: "127.6.150.1" port: 46963 } }
W1010 20:58:43.666013 3697 consensus_meta.cc:188] T 949b26dfeadc4de38868bf4ed994d184 P 8de6cfa864d64c58bf4eafb689517c93: Time spent flushing consensus metadata: real 1.162s user 0.000s sys 0.000s
I1010 20:58:43.666048 3697 raft_consensus.cc:1981] T 949b26dfeadc4de38868bf4ed994d184 P 8de6cfa864d64c58bf4eafb689517c93 [term 1 FOLLOWER]: Snoozing failure detection for election timeout plus an additional 1.517s
I1010 20:58:43.666142 3697 raft_consensus.cc:391] T 949b26dfeadc4de38868bf4ed994d184 P 8de6cfa864d64c58bf4eafb689517c93 [term 1 FOLLOWER]: Starting election with config: opid_index: -1 OBSOLETE_local: false peers { permanent_uuid: "1380a27d6b824575a3a5e139bee139f4" member_type: VOTER last_known_addr { host: "127.6.150.6" port: 46774 } } peers { permanent_uuid: "b8062d66fd284035ae3bc2567bc11e7c" member_type: VOTER last_known_addr { host: "127.6.150.4" port: 44055 } } peers { permanent_uuid: "8de6cfa864d64c58bf4eafb689517c93" member_type: VOTER last_known_addr { host: "127.6.150.3" port: 40117 } }
W1010 20:58:43.666172 3763 consensus_meta.cc:188] T 90fa7ae3643e4575a6be1c4936b6cc11 P f6d15ccd64ec49be8396ed78e2a88377: Time spent flushing consensus metadata: real 1.263s user 0.000s sys 0.000s
I1010 20:58:43.666206 3763 raft_consensus.cc:1981] T 90fa7ae3643e4575a6be1c4936b6cc11 P f6d15ccd64ec49be8396ed78e2a88377 [term 1 FOLLOWER]: Snoozing failure detection for election timeout plus an additional 1.538s
I1010 20:58:43.666249 3763 raft_consensus.cc:391] T 90fa7ae3643e4575a6be1c4936b6cc11 P f6d15ccd64ec49be8396ed78e2a88377 [term 1 FOLLOWER]: Starting election with config: opid_index: -1 OBSOLETE_local: false peers { permanent_uuid: "1380a27d6b824575a3a5e139bee139f4" member_type: VOTER last_known_addr { host: "127.6.150.6" port: 46774 } } peers { permanent_uuid: "42e94fc3adbb419591836d222d946978" member_type: VOTER last_known_addr { host: "127.6.150.8" port: 35299 } } peers { permanent_uuid: "f6d15ccd64ec49be8396ed78e2a88377" member_type: VOTER last_known_addr { host: "127.6.150.2" port: 33554 } }
W1010 20:58:43.666532 3848 consensus_meta.cc:188] T 90fa7ae3643e4575a6be1c4936b6cc11 P 1380a27d6b824575a3a5e139bee139f4: Time spent flushing consensus metadata: real 1.337s user 0.000s sys 0.000s
I1010 20:58:43.666563 3848 raft_consensus.cc:1981] T 90fa7ae3643e4575a6be1c4936b6cc11 P 1380a27d6b824575a3a5e139bee139f4 [term 1 FOLLOWER]: Snoozing failure detection for election timeout plus an additional 1.618s
I1010 20:58:43.666584 3848 raft_consensus.cc:391] T 90fa7ae3643e4575a6be1c4936b6cc11 P 1380a27d6b824575a3a5e139bee139f4 [term 1 FOLLOWER]: Starting election with config: opid_index: -1 OBSOLETE_local: false peers { permanent_uuid: "1380a27d6b824575a3a5e139bee139f4" member_type: VOTER last_known_addr { host: "127.6.150.6" port: 46774 } } peers { permanent_uuid: "42e94fc3adbb419591836d222d946978" member_type: VOTER last_known_addr { host: "127.6.150.8" port: 35299 } } peers { permanent_uuid: "f6d15ccd64ec49be8396ed78e2a88377" member_type: VOTER last_known_addr { host: "127.6.150.2" port: 33554 } }
W1010 20:58:43.666661 3789 consensus_meta.cc:188] T 949b26dfeadc4de38868bf4ed994d184 P 1380a27d6b824575a3a5e139bee139f4: Time spent flushing consensus metadata: real 1.036s user 0.000s sys 0.000s
I1010 20:58:43.666710 3789 raft_consensus.cc:1981] T 949b26dfeadc4de38868bf4ed994d184 P 1380a27d6b824575a3a5e139bee139f4 [term 1 FOLLOWER]: Snoozing failure detection for election timeout plus an additional 1.508s
I1010 20:58:43.666751 3789 raft_consensus.cc:391] T 949b26dfeadc4de38868bf4ed994d184 P 1380a27d6b824575a3a5e139bee139f4 [term 1 FOLLOWER]: Starting election with config: opid_index: -1 OBSOLETE_local: false peers { permanent_uuid: "1380a27d6b824575a3a5e139bee139f4" member_type: VOTER last_known_addr { host: "127.6.150.6" port: 46774 } } peers { permanent_uuid: "b8062d66fd284035ae3bc2567bc11e7c" member_type: VOTER last_known_addr { host: "127.6.150.4" port: 44055 } } peers { permanent_uuid: "8de6cfa864d64c58bf4eafb689517c93" member_type: VOTER last_known_addr { host: "127.6.150.3" port: 40117 } }
W1010 20:58:43.666942 3780 consensus_meta.cc:188] T 8da5904fd56d441ea29e61eb9d2b0b2f P 33ef4317e50042ba95e517992caa6531: Time spent flushing consensus metadata: real 1.259s user 0.000s sys 0.000s
W1010 20:58:43.667007 3882 consensus_meta.cc:188] T 8da5904fd56d441ea29e61eb9d2b0b2f P b8062d66fd284035ae3bc2567bc11e7c: Time spent flushing consensus metadata: real 0.579s user 0.000s sys 0.000s
I1010 20:58:43.667027 3882 raft_consensus.cc:1981] T 8da5904fd56d441ea29e61eb9d2b0b2f P b8062d66fd284035ae3bc2567bc11e7c [term 1 FOLLOWER]: Snoozing failure detection for election timeout plus an additional 1.538s
I1010 20:58:43.667050 3882 raft_consensus.cc:391] T 8da5904fd56d441ea29e61eb9d2b0b2f P b8062d66fd284035ae3bc2567bc11e7c [term 1 FOLLOWER]: Starting election with config: opid_index: -1 OBSOLETE_local: false peers { permanent_uuid: "b8062d66fd284035ae3bc2567bc11e7c" member_type: VOTER last_known_addr { host: "127.6.150.4" port: 44055 } } peers { permanent_uuid: "33ef4317e50042ba95e517992caa6531" member_type: VOTER last_known_addr { host: "127.6.150.5" port: 40764 } } peers { permanent_uuid: "84bde34331b94c4ea003e48f9317f792" member_type: VOTER last_known_addr { host: "127.6.150.0" port: 40113 } }
W1010 20:58:43.667086 3805 consensus_meta.cc:188] T 949b26dfeadc4de38868bf4ed994d184 P b8062d66fd284035ae3bc2567bc11e7c: Time spent flushing consensus metadata: real 0.511s user 0.000s sys 0.000s
I1010 20:58:43.667105 3805 raft_consensus.cc:1981] T 949b26dfeadc4de38868bf4ed994d184 P b8062d66fd284035ae3bc2567bc11e7c [term 1 FOLLOWER]: Snoozing failure detection for election timeout plus an additional 1.608s
I1010 20:58:43.667131 3805 raft_consensus.cc:391] T 949b26dfeadc4de38868bf4ed994d184 P b8062d66fd284035ae3bc2567bc11e7c [term 1 FOLLOWER]: Starting election with config: opid_index: -1 OBSOLETE_local: false peers { permanent_uuid: "1380a27d6b824575a3a5e139bee139f4" member_type: VOTER last_known_addr { host: "127.6.150.6" port: 46774 } } peers { permanent_uuid: "b8062d66fd284035ae3bc2567bc11e7c" member_type: VOTER last_known_addr { host: "127.6.150.4" port: 44055 } } peers { permanent_uuid: "8de6cfa864d64c58bf4eafb689517c93" member_type: VOTER last_known_addr { host: "127.6.150.3" port: 40117 } }
I1010 20:58:43.667176 3894 raft_consensus.cc:1981] T efe8fb09a1234c9fb1dc99948737a894 P b8062d66fd284035ae3bc2567bc11e7c [term 1 FOLLOWER]: Snoozing failure detection for election timeout plus an additional 1.638s
I1010 20:58:43.667201 3894 raft_consensus.cc:391] T efe8fb09a1234c9fb1dc99948737a894 P b8062d66fd284035ae3bc2567bc11e7c [term 1 FOLLOWER]: Starting election with config: opid_index: -1 OBSOLETE_local: false peers { permanent_uuid: "580cbaf7092444dfbc6fb344da88d7b6" member_type: VOTER last_known_addr { host: "127.6.150.9" port: 51743 } } peers { permanent_uuid: "b8062d66fd284035ae3bc2567bc11e7c" member_type: VOTER last_known_addr { host: "127.6.150.4" port: 44055 } } peers { permanent_uuid: "f6d15ccd64ec49be8396ed78e2a88377" member_type: VOTER last_known_addr { host: "127.6.150.2" port: 33554 } }
W1010 20:58:43.667210 3678 consensus_meta.cc:188] T 7d680e6840854bca9daef77d506408e9 P 33ef4317e50042ba95e517992caa6531: Time spent flushing consensus metadata: real 1.226s user 0.000s sys 0.000s
I1010 20:58:43.667229 3678 raft_consensus.cc:1981] T 7d680e6840854bca9daef77d506408e9 P 33ef4317e50042ba95e517992caa6531 [term 1 FOLLOWER]: Snoozing failure detection for election timeout plus an additional 1.500s
I1010 20:58:43.667256 3678 raft_consensus.cc:391] T 7d680e6840854bca9daef77d506408e9 P 33ef4317e50042ba95e517992caa6531 [term 1 FOLLOWER]: Starting election with config: opid_index: -1 OBSOLETE_local: false peers { permanent_uuid: "84bde34331b94c4ea003e48f9317f792" member_type: VOTER last_known_addr { host: "127.6.150.0" port: 40113 } } peers { permanent_uuid: "33ef4317e50042ba95e517992caa6531" member_type: VOTER last_known_addr { host: "127.6.150.5" port: 40764 } } peers { permanent_uuid: "1380a27d6b824575a3a5e139bee139f4" member_type: VOTER last_known_addr { host: "127.6.150.6" port: 46774 } }
I1010 20:58:43.667798 3761 leader_election.cc:223] T 7d680e6840854bca9daef77d506408e9 P 1380a27d6b824575a3a5e139bee139f4 [CANDIDATE]: Term 1 election: Requesting vote from peer 84bde34331b94c4ea003e48f9317f792
I1010 20:58:43.667821 3761 leader_election.cc:223] T 7d680e6840854bca9daef77d506408e9 P 1380a27d6b824575a3a5e139bee139f4 [CANDIDATE]: Term 1 election: Requesting vote from peer 33ef4317e50042ba95e517992caa6531
I1010 20:58:43.667820 3742 leader_election.cc:223] T f2289fb138ea4a5ab6c02803c4e9aa51 P 42e94fc3adbb419591836d222d946978 [CANDIDATE]: Term 1 election: Requesting vote from peer b8062d66fd284035ae3bc2567bc11e7c
I1010 20:58:43.667820 3780 leader_election.cc:223] T 8da5904fd56d441ea29e61eb9d2b0b2f P 33ef4317e50042ba95e517992caa6531 [CANDIDATE]: Term 1 election: Requesting vote from peer b8062d66fd284035ae3bc2567bc11e7c
I1010 20:58:43.667826 3781 leader_election.cc:223] T 19f492d94e864f1ebd1c70810b0470f7 P 8de6cfa864d64c58bf4eafb689517c93 [CANDIDATE]: Term 1 election: Requesting vote from peer 33ef4317e50042ba95e517992caa6531
I1010 20:58:43.667841 3742 leader_election.cc:223] T f2289fb138ea4a5ab6c02803c4e9aa51 P 42e94fc3adbb419591836d222d946978 [CANDIDATE]: Term 1 election: Requesting vote from peer 7f623b00f5ae4b9c8e8940692d5dfd44
I1010 20:58:43.667841 3780 leader_election.cc:223] T 8da5904fd56d441ea29e61eb9d2b0b2f P 33ef4317e50042ba95e517992caa6531 [CANDIDATE]: Term 1 election: Requesting vote from peer 84bde34331b94c4ea003e48f9317f792
I1010 20:58:43.667845 3781 leader_election.cc:223] T 19f492d94e864f1ebd1c70810b0470f7 P 8de6cfa864d64c58bf4eafb689517c93 [CANDIDATE]: Term 1 election: Requesting vote from peer 84bde34331b94c4ea003e48f9317f792
I1010 20:58:43.668098 3737 leader_election.cc:223] T ed24ca4817744964991178277119b367 P 580cbaf7092444dfbc6fb344da88d7b6 [CANDIDATE]: Term 1 election: Requesting vote from peer 33ef4317e50042ba95e517992caa6531
I1010 20:58:43.668118 3737 leader_election.cc:223] T ed24ca4817744964991178277119b367 P 580cbaf7092444dfbc6fb344da88d7b6 [CANDIDATE]: Term 1 election: Requesting vote from peer 7f623b00f5ae4b9c8e8940692d5dfd44
I1010 20:58:43.668107 3744 leader_election.cc:223] T de9d164718e74d3db902ea603ab32407 P 7f623b00f5ae4b9c8e8940692d5dfd44 [CANDIDATE]: Term 1 election: Requesting vote from peer b8062d66fd284035ae3bc2567bc11e7c
I1010 20:58:43.668138 3744 leader_election.cc:223] T de9d164718e74d3db902ea603ab32407 P 7f623b00f5ae4b9c8e8940692d5dfd44 [CANDIDATE]: Term 1 election: Requesting vote from peer 8de6cfa864d64c58bf4eafb689517c93
I1010 20:58:43.668138 3764 leader_election.cc:223] T 84fcfff9fdef4acf8c2b47f36330567f P b8062d66fd284035ae3bc2567bc11e7c [CANDIDATE]: Term 1 election: Requesting vote from peer 1031512f5120422e9e22a0afabd78f61
I1010 20:58:43.668154 3764 leader_election.cc:223] T 84fcfff9fdef4acf8c2b47f36330567f P b8062d66fd284035ae3bc2567bc11e7c [CANDIDATE]: Term 1 election: Requesting vote from peer 42e94fc3adbb419591836d222d946978
I1010 20:58:43.668287 3738 leader_election.cc:223] T f689db1eddb54b1f85b7df38d14534b4 P f6d15ccd64ec49be8396ed78e2a88377 [CANDIDATE]: Term 1 election: Requesting vote from peer 1380a27d6b824575a3a5e139bee139f4
I1010 20:58:43.668309 3738 leader_election.cc:223] T f689db1eddb54b1f85b7df38d14534b4 P f6d15ccd64ec49be8396ed78e2a88377 [CANDIDATE]: Term 1 election: Requesting vote from peer 42e94fc3adbb419591836d222d946978
I1010 20:58:43.668406 3748 leader_election.cc:223] T 05a5666441ec49d792222a3e8674edf7 P 1031512f5120422e9e22a0afabd78f61 [CANDIDATE]: Term 1 election: Requesting vote from peer 33ef4317e50042ba95e517992caa6531
I1010 20:58:43.668453 3748 leader_election.cc:223] T 05a5666441ec49d792222a3e8674edf7 P 1031512f5120422e9e22a0afabd78f61 [CANDIDATE]: Term 1 election: Requesting vote from peer f6d15ccd64ec49be8396ed78e2a88377
I1010 20:58:43.670717 3717 leader_election.cc:223] T 8da5904fd56d441ea29e61eb9d2b0b2f P 84bde34331b94c4ea003e48f9317f792 [CANDIDATE]: Term 1 election: Requesting vote from peer b8062d66fd284035ae3bc2567bc11e7c
I1010 20:58:43.670743 3717 leader_election.cc:223] T 8da5904fd56d441ea29e61eb9d2b0b2f P 84bde34331b94c4ea003e48f9317f792 [CANDIDATE]: Term 1 election: Requesting vote from peer 33ef4317e50042ba95e517992caa6531
I1010 20:58:43.674268 2512 raft_consensus.cc:1609] T 8da5904fd56d441ea29e61eb9d2b0b2f P 84bde34331b94c4ea003e48f9317f792 [term 1 FOLLOWER]: Leader election vote request: Denying vote to candidate 33ef4317e50042ba95e517992caa6531 in current term 1: Already voted for candidate 84bde34331b94c4ea003e48f9317f792 in this term.
I1010 20:58:43.674365 3039 leader_election.cc:361] T 8da5904fd56d441ea29e61eb9d2b0b2f P 33ef4317e50042ba95e517992caa6531 [CANDIDATE]: Term 1 election: Vote denied by peer 84bde34331b94c4ea003e48f9317f792. Message: Invalid argument: T 8da5904fd56d441ea29e61eb9d2b0b2f P 84bde34331b94c4ea003e48f9317f792 [term 1 FOLLOWER]: Leader election vote request: Denying vote to candidate 33ef4317e50042ba95e517992caa6531 in current term 1: Already voted for candidate 84bde34331b94c4ea003e48f9317f792 in this term.
I1010 20:58:43.674582 3099 raft_consensus.cc:1609] T 8da5904fd56d441ea29e61eb9d2b0b2f P 33ef4317e50042ba95e517992caa6531 [term 1 FOLLOWER]: Leader election vote request: Denying vote to candidate 84bde34331b94c4ea003e48f9317f792 in current term 1: Already voted for candidate 33ef4317e50042ba95e517992caa6531 in this term.
I1010 20:58:43.674662 2447 leader_election.cc:361] T 8da5904fd56d441ea29e61eb9d2b0b2f P 84bde34331b94c4ea003e48f9317f792 [CANDIDATE]: Term 1 election: Vote denied by peer 33ef4317e50042ba95e517992caa6531. Message: Invalid argument: T 8da5904fd56d441ea29e61eb9d2b0b2f P 33ef4317e50042ba95e517992caa6531 [term 1 FOLLOWER]: Leader election vote request: Denying vote to candidate 84bde34331b94c4ea003e48f9317f792 in current term 1: Already voted for candidate 33ef4317e50042ba95e517992caa6531 in this term.
W1010 20:58:45.182921 2450 leader_election.cc:275] T 8da5904fd56d441ea29e61eb9d2b0b2f P 84bde34331b94c4ea003e48f9317f792 [CANDIDATE]: Term 1 election: RPC error from VoteRequest() call to peer b8062d66fd284035ae3bc2567bc11e7c: Timed out: RequestConsensusVote RPC to 127.6.150.4:44055 timed out after 1.511s
