I1010 20:58:58.248214 2921 leader_election.cc:248] T de9d164718e74d3db902ea603ab32407 P b8062d66fd284035ae3bc2567bc11e7c [CANDIDATE]: Term 3 election: Election decided. Result: candidate lost.
I1010 20:58:58.248366 4172 raft_consensus.cc:1981] T de9d164718e74d3db902ea603ab32407 P b8062d66fd284035ae3bc2567bc11e7c [term 3 FOLLOWER]: Snoozing failure detection for election timeout plus an additional 1.634s
I1010 20:58:58.248383 4172 raft_consensus.cc:1823] T de9d164718e74d3db902ea603ab32407 P b8062d66fd284035ae3bc2567bc11e7c [term 3 FOLLOWER]: Leader election lost for term 3. Reason: None given
I1010 20:58:58.415724 3678 raft_consensus.cc:375] T 7d680e6840854bca9daef77d506408e9 P 33ef4317e50042ba95e517992caa6531 [term 2 FOLLOWER]: No leader contacted us within the election timeout. Triggering leader election
I1010 20:58:58.415743 3678 raft_consensus.cc:2031] T 7d680e6840854bca9daef77d506408e9 P 33ef4317e50042ba95e517992caa6531 [term 2 FOLLOWER]: Advancing to term 3
I1010 20:58:58.416159 3678 raft_consensus.cc:1981] T 7d680e6840854bca9daef77d506408e9 P 33ef4317e50042ba95e517992caa6531 [term 3 FOLLOWER]: Snoozing failure detection for election timeout plus an additional 1.759s
I1010 20:58:58.416208 3678 raft_consensus.cc:391] T 7d680e6840854bca9daef77d506408e9 P 33ef4317e50042ba95e517992caa6531 [term 3 FOLLOWER]: Starting election with config: opid_index: -1 OBSOLETE_local: false peers { permanent_uuid: "84bde34331b94c4ea003e48f9317f792" member_type: VOTER last_known_addr { host: "127.6.150.0" port: 40113 } } peers { permanent_uuid: "33ef4317e50042ba95e517992caa6531" member_type: VOTER last_known_addr { host: "127.6.150.5" port: 40764 } } peers { permanent_uuid: "1380a27d6b824575a3a5e139bee139f4" member_type: VOTER last_known_addr { host: "127.6.150.6" port: 46774 } }
I1010 20:58:58.430367 3698 raft_consensus.cc:375] T efe8fb09a1234c9fb1dc99948737a894 P f6d15ccd64ec49be8396ed78e2a88377 [term 2 FOLLOWER]: No leader contacted us within the election timeout. Triggering leader election
I1010 20:58:58.430385 3698 raft_consensus.cc:2031] T efe8fb09a1234c9fb1dc99948737a894 P f6d15ccd64ec49be8396ed78e2a88377 [term 2 FOLLOWER]: Advancing to term 3
I1010 20:58:58.500324 3748 raft_consensus.cc:375] T 05a5666441ec49d792222a3e8674edf7 P 1031512f5120422e9e22a0afabd78f61 [term 2 FOLLOWER]: No leader contacted us within the election timeout. Triggering leader election
I1010 20:58:58.500341 3748 raft_consensus.cc:2031] T 05a5666441ec49d792222a3e8674edf7 P 1031512f5120422e9e22a0afabd78f61 [term 2 FOLLOWER]: Advancing to term 3
I1010 20:58:58.548454 3894 raft_consensus.cc:375] T efe8fb09a1234c9fb1dc99948737a894 P b8062d66fd284035ae3bc2567bc11e7c [term 2 FOLLOWER]: No leader contacted us within the election timeout. Triggering leader election
I1010 20:58:58.548467 3894 raft_consensus.cc:2031] T efe8fb09a1234c9fb1dc99948737a894 P b8062d66fd284035ae3bc2567bc11e7c [term 2 FOLLOWER]: Advancing to term 3
I1010 20:58:58.591081 3722 raft_consensus.cc:375] T efe8fb09a1234c9fb1dc99948737a894 P 580cbaf7092444dfbc6fb344da88d7b6 [term 2 FOLLOWER]: No leader contacted us within the election timeout. Triggering leader election
I1010 20:58:58.591096 3722 raft_consensus.cc:2031] T efe8fb09a1234c9fb1dc99948737a894 P 580cbaf7092444dfbc6fb344da88d7b6 [term 2 FOLLOWER]: Advancing to term 3
I1010 20:58:58.591431 3722 raft_consensus.cc:1981] T efe8fb09a1234c9fb1dc99948737a894 P 580cbaf7092444dfbc6fb344da88d7b6 [term 3 FOLLOWER]: Snoozing failure detection for election timeout plus an additional 1.568s
I1010 20:58:58.591480 3722 raft_consensus.cc:391] T efe8fb09a1234c9fb1dc99948737a894 P 580cbaf7092444dfbc6fb344da88d7b6 [term 3 FOLLOWER]: Starting election with config: opid_index: -1 OBSOLETE_local: false peers { permanent_uuid: "580cbaf7092444dfbc6fb344da88d7b6" member_type: VOTER last_known_addr { host: "127.6.150.9" port: 51743 } } peers { permanent_uuid: "b8062d66fd284035ae3bc2567bc11e7c" member_type: VOTER last_known_addr { host: "127.6.150.4" port: 44055 } } peers { permanent_uuid: "f6d15ccd64ec49be8396ed78e2a88377" member_type: VOTER last_known_addr { host: "127.6.150.2" port: 33554 } }
I1010 20:58:58.662116 3780 raft_consensus.cc:375] T 8da5904fd56d441ea29e61eb9d2b0b2f P 33ef4317e50042ba95e517992caa6531 [term 2 FOLLOWER]: No leader contacted us within the election timeout. Triggering leader election
I1010 20:58:58.662132 3780 raft_consensus.cc:2031] T 8da5904fd56d441ea29e61eb9d2b0b2f P 33ef4317e50042ba95e517992caa6531 [term 2 FOLLOWER]: Advancing to term 3
I1010 20:58:58.670651 3761 raft_consensus.cc:375] T 7d680e6840854bca9daef77d506408e9 P 1380a27d6b824575a3a5e139bee139f4 [term 3 FOLLOWER]: No leader contacted us within the election timeout. Triggering leader election
I1010 20:58:58.670699 3761 raft_consensus.cc:2031] T 7d680e6840854bca9daef77d506408e9 P 1380a27d6b824575a3a5e139bee139f4 [term 3 FOLLOWER]: Advancing to term 4
I1010 20:58:58.681334 3697 raft_consensus.cc:375] T 949b26dfeadc4de38868bf4ed994d184 P 8de6cfa864d64c58bf4eafb689517c93 [term 2 FOLLOWER]: No leader contacted us within the election timeout. Triggering leader election
I1010 20:58:58.681362 3697 raft_consensus.cc:2031] T 949b26dfeadc4de38868bf4ed994d184 P 8de6cfa864d64c58bf4eafb689517c93 [term 2 FOLLOWER]: Advancing to term 3
I1010 20:58:59.194593 3779 raft_consensus.cc:375] T 90fa7ae3643e4575a6be1c4936b6cc11 P 42e94fc3adbb419591836d222d946978 [term 3 FOLLOWER]: No leader contacted us within the election timeout. Triggering leader election
I1010 20:58:59.194615 3779 raft_consensus.cc:2031] T 90fa7ae3643e4575a6be1c4936b6cc11 P 42e94fc3adbb419591836d222d946978 [term 3 FOLLOWER]: Advancing to term 4
I1010 20:58:59.325793 3717 raft_consensus.cc:375] T 8da5904fd56d441ea29e61eb9d2b0b2f P 84bde34331b94c4ea003e48f9317f792 [term 2 FOLLOWER]: No leader contacted us within the election timeout. Triggering leader election
I1010 20:58:59.325824 3717 raft_consensus.cc:2031] T 8da5904fd56d441ea29e61eb9d2b0b2f P 84bde34331b94c4ea003e48f9317f792 [term 2 FOLLOWER]: Advancing to term 3
W1010 20:58:59.331118 2919 consensus_peers.cc:332] T 84fcfff9fdef4acf8c2b47f36330567f P b8062d66fd284035ae3bc2567bc11e7c -> Peer 1031512f5120422e9e22a0afabd78f61 (127.6.150.1:46963): Couldn't send request to peer 1031512f5120422e9e22a0afabd78f61 for tablet 84fcfff9fdef4acf8c2b47f36330567f. Status: Timed out: UpdateConsensus RPC to 127.6.150.1:46963 timed out after 1.000s. Retrying in the next heartbeat period. Already tried 5 times.
I1010 20:58:59.410006 3713 raft_consensus.cc:375] T 05a5666441ec49d792222a3e8674edf7 P 33ef4317e50042ba95e517992caa6531 [term 2 FOLLOWER]: No leader contacted us within the election timeout. Triggering leader election
I1010 20:58:59.410022 3713 raft_consensus.cc:2031] T 05a5666441ec49d792222a3e8674edf7 P 33ef4317e50042ba95e517992caa6531 [term 2 FOLLOWER]: Advancing to term 3
W1010 20:58:59.414794 3271 leader_election.cc:275] T 95e7c143b0524a9b9ade2cfcc081e679 P 7f623b00f5ae4b9c8e8940692d5dfd44 [CANDIDATE]: Term 2 election: RPC error from VoteRequest() call to peer 1031512f5120422e9e22a0afabd78f61: Timed out: RequestConsensusVote RPC to 127.6.150.1:46963 timed out after 1.506s
I1010 20:58:59.414814 3271 leader_election.cc:248] T 95e7c143b0524a9b9ade2cfcc081e679 P 7f623b00f5ae4b9c8e8940692d5dfd44 [CANDIDATE]: Term 2 election: Election decided. Result: candidate lost.
I1010 20:58:59.414958 4173 raft_consensus.cc:1981] T 95e7c143b0524a9b9ade2cfcc081e679 P 7f623b00f5ae4b9c8e8940692d5dfd44 [term 2 FOLLOWER]: Snoozing failure detection for election timeout plus an additional 1.566s
I1010 20:58:59.414974 4173 raft_consensus.cc:1823] T 95e7c143b0524a9b9ade2cfcc081e679 P 7f623b00f5ae4b9c8e8940692d5dfd44 [term 2 FOLLOWER]: Leader election lost for term 2. Reason: None given
W1010 20:58:59.426081 3505 leader_election.cc:275] T 17a4ac4e4e164cebb4d88f59511cf926 P 580cbaf7092444dfbc6fb344da88d7b6 [CANDIDATE]: Term 3 election: RPC error from VoteRequest() call to peer 1031512f5120422e9e22a0afabd78f61: Timed out: RequestConsensusVote RPC to 127.6.150.1:46963 timed out after 1.513s
W1010 20:58:59.426861 3507 leader_election.cc:275] T 17a4ac4e4e164cebb4d88f59511cf926 P 580cbaf7092444dfbc6fb344da88d7b6 [CANDIDATE]: Term 3 election: RPC error from VoteRequest() call to peer 7f623b00f5ae4b9c8e8940692d5dfd44: Timed out: RequestConsensusVote RPC to 127.6.150.7:45436 timed out after 1.513s
I1010 20:58:59.426874 3507 leader_election.cc:248] T 17a4ac4e4e164cebb4d88f59511cf926 P 580cbaf7092444dfbc6fb344da88d7b6 [CANDIDATE]: Term 3 election: Election decided. Result: candidate lost.
I1010 20:58:59.427006 4174 raft_consensus.cc:1981] T 17a4ac4e4e164cebb4d88f59511cf926 P 580cbaf7092444dfbc6fb344da88d7b6 [term 3 FOLLOWER]: Snoozing failure detection for election timeout plus an additional 1.626s
I1010 20:58:59.427019 4174 raft_consensus.cc:1823] T 17a4ac4e4e164cebb4d88f59511cf926 P 580cbaf7092444dfbc6fb344da88d7b6 [term 3 FOLLOWER]: Leader election lost for term 3. Reason: None given
I1010 20:58:59.459033 3881 raft_consensus.cc:375] T 872042177fee42c9b6c380a1b657755e P 42e94fc3adbb419591836d222d946978 [term 2 FOLLOWER]: No leader contacted us within the election timeout. Triggering leader election
I1010 20:58:59.459048 3881 raft_consensus.cc:2031] T 872042177fee42c9b6c380a1b657755e P 42e94fc3adbb419591836d222d946978 [term 2 FOLLOWER]: Advancing to term 3
W1010 20:58:59.477705 2450 leader_election.cc:275] T 8da5904fd56d441ea29e61eb9d2b0b2f P 84bde34331b94c4ea003e48f9317f792 [CANDIDATE]: Term 2 election: RPC error from VoteRequest() call to peer b8062d66fd284035ae3bc2567bc11e7c: Timed out: RequestConsensusVote RPC to 127.6.150.4:44055 timed out after 1.567s
I1010 20:58:59.477721 2450 leader_election.cc:248] T 8da5904fd56d441ea29e61eb9d2b0b2f P 84bde34331b94c4ea003e48f9317f792 [CANDIDATE]: Term 2 election: Election decided. Result: candidate lost.
I1010 20:58:59.495265 3859 raft_consensus.cc:375] T f689db1eddb54b1f85b7df38d14534b4 P 1380a27d6b824575a3a5e139bee139f4 [term 3 FOLLOWER]: No leader contacted us within the election timeout. Triggering leader election
I1010 20:58:59.495313 3859 raft_consensus.cc:2031] T f689db1eddb54b1f85b7df38d14534b4 P 1380a27d6b824575a3a5e139bee139f4 [term 3 FOLLOWER]: Advancing to term 4
W1010 20:58:59.555521 3389 leader_election.cc:275] T f689db1eddb54b1f85b7df38d14534b4 P 42e94fc3adbb419591836d222d946978 [CANDIDATE]: Term 3 election: RPC error from VoteRequest() call to peer f6d15ccd64ec49be8396ed78e2a88377: Timed out: RequestConsensusVote RPC to 127.6.150.2:33554 timed out after 1.641s
I1010 20:58:59.555536 3389 leader_election.cc:248] T f689db1eddb54b1f85b7df38d14534b4 P 42e94fc3adbb419591836d222d946978 [CANDIDATE]: Term 3 election: Election decided. Result: candidate lost.
I1010 20:58:59.555681 4176 raft_consensus.cc:1981] T f689db1eddb54b1f85b7df38d14534b4 P 42e94fc3adbb419591836d222d946978 [term 3 FOLLOWER]: Snoozing failure detection for election timeout plus an additional 1.881s
I1010 20:58:59.555716 4176 raft_consensus.cc:1823] T f689db1eddb54b1f85b7df38d14534b4 P 42e94fc3adbb419591836d222d946978 [term 3 FOLLOWER]: Leader election lost for term 3. Reason: None given
W1010 20:58:59.562914 3039 leader_election.cc:275] T 19f492d94e864f1ebd1c70810b0470f7 P 33ef4317e50042ba95e517992caa6531 [CANDIDATE]: Term 2 election: RPC error from VoteRequest() call to peer 84bde34331b94c4ea003e48f9317f792: Timed out: RequestConsensusVote RPC to 127.6.150.0:40113 timed out after 1.650s
W1010 20:58:59.562934 3039 leader_election.cc:275] T 19f492d94e864f1ebd1c70810b0470f7 P 33ef4317e50042ba95e517992caa6531 [CANDIDATE]: Term 2 election: RPC error from VoteRequest() call to peer 8de6cfa864d64c58bf4eafb689517c93: Timed out: RequestConsensusVote RPC to 127.6.150.3:40117 timed out after 1.650s
I1010 20:58:59.562937 3039 leader_election.cc:248] T 19f492d94e864f1ebd1c70810b0470f7 P 33ef4317e50042ba95e517992caa6531 [CANDIDATE]: Term 2 election: Election decided. Result: candidate lost.
I1010 20:58:59.563062 4177 raft_consensus.cc:1981] T 19f492d94e864f1ebd1c70810b0470f7 P 33ef4317e50042ba95e517992caa6531 [term 2 FOLLOWER]: Snoozing failure detection for election timeout plus an additional 1.619s
I1010 20:58:59.563078 4177 raft_consensus.cc:1823] T 19f492d94e864f1ebd1c70810b0470f7 P 33ef4317e50042ba95e517992caa6531 [term 2 FOLLOWER]: Leader election lost for term 2. Reason: None given
W1010 20:58:59.585247 2448 leader_election.cc:275] T 95e7c143b0524a9b9ade2cfcc081e679 P 84bde34331b94c4ea003e48f9317f792 [CANDIDATE]: Term 2 election: RPC error from VoteRequest() call to peer 1031512f5120422e9e22a0afabd78f61: Timed out: RequestConsensusVote RPC to 127.6.150.1:46963 timed out after 1.674s
I1010 20:58:59.585263 2448 leader_election.cc:248] T 95e7c143b0524a9b9ade2cfcc081e679 P 84bde34331b94c4ea003e48f9317f792 [CANDIDATE]: Term 2 election: Election decided. Result: candidate lost.
I1010 20:58:59.585420 4178 raft_consensus.cc:1981] T 95e7c143b0524a9b9ade2cfcc081e679 P 84bde34331b94c4ea003e48f9317f792 [term 2 FOLLOWER]: Snoozing failure detection for election timeout plus an additional 1.672s
I1010 20:58:59.585435 4178 raft_consensus.cc:1823] T 95e7c143b0524a9b9ade2cfcc081e679 P 84bde34331b94c4ea003e48f9317f792 [term 2 FOLLOWER]: Leader election lost for term 2. Reason: None given
W1010 20:58:59.611153 3882 consensus_meta.cc:188] T 8da5904fd56d441ea29e61eb9d2b0b2f P b8062d66fd284035ae3bc2567bc11e7c: Time spent flushing consensus metadata: real 1.706s user 0.000s sys 0.000s
I1010 20:58:59.611372 3882 leader_election.cc:223] T 8da5904fd56d441ea29e61eb9d2b0b2f P b8062d66fd284035ae3bc2567bc11e7c [CANDIDATE]: Term 3 election: Requesting vote from peer 33ef4317e50042ba95e517992caa6531
I1010 20:58:59.611392 3882 leader_election.cc:223] T 8da5904fd56d441ea29e61eb9d2b0b2f P b8062d66fd284035ae3bc2567bc11e7c [CANDIDATE]: Term 3 election: Requesting vote from peer 84bde34331b94c4ea003e48f9317f792
I1010 20:58:59.611397 2985 raft_consensus.cc:1584] T 8da5904fd56d441ea29e61eb9d2b0b2f P b8062d66fd284035ae3bc2567bc11e7c [term 3 FOLLOWER]: Leader election vote request: Denying vote to candidate 84bde34331b94c4ea003e48f9317f792 for earlier term 2. Current term is 3.
W1010 20:58:59.611450 2985 rpcz_store.cc:234] Call kudu.consensus.ConsensusService.RequestConsensusVote from 127.6.150.0:43796 (request call id 4) took 1701ms (client timeout 1567).
W1010 20:58:59.611487 2985 rpcz_store.cc:238] Trace: 1010 20:58:57.909998 (+ 0us) service_pool.cc:143] Inserting onto call queue 1010 20:58:57.910041 (+ 43us) service_pool.cc:202] Handling call 1010 20:58:59.611433 (+1701392us) spinlock_profiling.cc:255] Waited 1.7 s on lock 0x4dbe470. stack: 00000000019065e1 0000000000976813 000000000078868f 0000000000a22fbf 0000000000a23be2 0000000001911c69 00007fe1aafaf181 00007fe1a9e9747c ffffffffffffffff 1010 20:58:59.611438 (+ 5us) inbound_call.cc:130] Queueing success response Metrics: {"spinlock_wait_cycles":3913081728}
W1010 20:58:59.611796 3805 consensus_meta.cc:188] T 949b26dfeadc4de38868bf4ed994d184 P b8062d66fd284035ae3bc2567bc11e7c: Time spent flushing consensus metadata: real 2.238s user 0.000s sys 0.000s
I1010 20:58:59.611836 3805 raft_consensus.cc:1981] T 949b26dfeadc4de38868bf4ed994d184 P b8062d66fd284035ae3bc2567bc11e7c [term 3 FOLLOWER]: Snoozing failure detection for election timeout plus an additional 1.836s
W1010 20:58:59.611855 3894 consensus_meta.cc:188] T efe8fb09a1234c9fb1dc99948737a894 P b8062d66fd284035ae3bc2567bc11e7c: Time spent flushing consensus metadata: real 1.063s user 0.000s sys 0.000s
I1010 20:58:59.611871 3805 raft_consensus.cc:391] T 949b26dfeadc4de38868bf4ed994d184 P b8062d66fd284035ae3bc2567bc11e7c [term 3 FOLLOWER]: Starting election with config: opid_index: -1 OBSOLETE_local: false peers { permanent_uuid: "1380a27d6b824575a3a5e139bee139f4" member_type: VOTER last_known_addr { host: "127.6.150.6" port: 46774 } } peers { permanent_uuid: "b8062d66fd284035ae3bc2567bc11e7c" member_type: VOTER last_known_addr { host: "127.6.150.4" port: 44055 } } peers { permanent_uuid: "8de6cfa864d64c58bf4eafb689517c93" member_type: VOTER last_known_addr { host: "127.6.150.3" port: 40117 } }
I1010 20:58:59.611881 3894 raft_consensus.cc:1981] T efe8fb09a1234c9fb1dc99948737a894 P b8062d66fd284035ae3bc2567bc11e7c [term 3 FOLLOWER]: Snoozing failure detection for election timeout plus an additional 1.779s
I1010 20:58:59.611909 3894 raft_consensus.cc:391] T efe8fb09a1234c9fb1dc99948737a894 P b8062d66fd284035ae3bc2567bc11e7c [term 3 FOLLOWER]: Starting election with config: opid_index: -1 OBSOLETE_local: false peers { permanent_uuid: "580cbaf7092444dfbc6fb344da88d7b6" member_type: VOTER last_known_addr { host: "127.6.150.9" port: 51743 } } peers { permanent_uuid: "b8062d66fd284035ae3bc2567bc11e7c" member_type: VOTER last_known_addr { host: "127.6.150.4" port: 44055 } } peers { permanent_uuid: "f6d15ccd64ec49be8396ed78e2a88377" member_type: VOTER last_known_addr { host: "127.6.150.2" port: 33554 } }
W1010 20:58:59.612027 3870 consensus_meta.cc:188] T f2289fb138ea4a5ab6c02803c4e9aa51 P 7f623b00f5ae4b9c8e8940692d5dfd44: Time spent flushing consensus metadata: real 1.705s user 0.000s sys 0.000s
I1010 20:58:59.612149 3870 leader_election.cc:223] T f2289fb138ea4a5ab6c02803c4e9aa51 P 7f623b00f5ae4b9c8e8940692d5dfd44 [CANDIDATE]: Term 3 election: Requesting vote from peer 42e94fc3adbb419591836d222d946978
I1010 20:58:59.612162 3870 leader_election.cc:223] T f2289fb138ea4a5ab6c02803c4e9aa51 P 7f623b00f5ae4b9c8e8940692d5dfd44 [CANDIDATE]: Term 3 election: Requesting vote from peer b8062d66fd284035ae3bc2567bc11e7c
I1010 20:58:59.612210 3335 raft_consensus.cc:1609] T f2289fb138ea4a5ab6c02803c4e9aa51 P 7f623b00f5ae4b9c8e8940692d5dfd44 [term 3 FOLLOWER]: Leader election vote request: Denying vote to candidate 42e94fc3adbb419591836d222d946978 in current term 3: Already voted for candidate 7f623b00f5ae4b9c8e8940692d5dfd44 in this term.
W1010 20:58:59.612272 3335 rpcz_store.cc:234] Call kudu.consensus.ConsensusService.RequestConsensusVote from 127.6.150.8:39867 (request call id 3) took 4446ms (client timeout 1614).
I1010 20:58:59.612278 4112 raft_consensus.cc:1981] T f2289fb138ea4a5ab6c02803c4e9aa51 P 7f623b00f5ae4b9c8e8940692d5dfd44 [term 3 FOLLOWER]: Snoozing failure detection for election timeout plus an additional 1.664s
W1010 20:58:59.612287 3335 rpcz_store.cc:238] Trace: 1010 20:58:55.165607 (+ 0us) service_pool.cc:143] Inserting onto call queue 1010 20:58:55.165615 (+ 8us) service_pool.cc:202] Handling call 1010 20:58:59.612265 (+4446650us) spinlock_profiling.cc:255] Waited 4.45 s on lock 0x42161d0. stack: 00000000019065e1 0000000000976813 000000000078868f 0000000000a22fbf 0000000000a23be2 0000000001911c69 00007f3fb2fbf181 00007f3fb1ea747c ffffffffffffffff 1010 20:58:59.612269 (+ 4us) inbound_call.cc:130] Queueing success response Metrics: {"spinlock_wait_cycles":10227113344}
I1010 20:58:59.612300 4112 raft_consensus.cc:1823] T f2289fb138ea4a5ab6c02803c4e9aa51 P 7f623b00f5ae4b9c8e8940692d5dfd44 [term 3 FOLLOWER]: Leader election lost for term 2. Reason: None given
W1010 20:58:59.612344 3829 consensus_meta.cc:188] T 17a4ac4e4e164cebb4d88f59511cf926 P 7f623b00f5ae4b9c8e8940692d5dfd44: Time spent flushing consensus metadata: real 2.489s user 0.000s sys 0.000s
I1010 20:58:59.612396 3829 raft_consensus.cc:1981] T 17a4ac4e4e164cebb4d88f59511cf926 P 7f623b00f5ae4b9c8e8940692d5dfd44 [term 3 FOLLOWER]: Snoozing failure detection for election timeout plus an additional 1.711s
I1010 20:58:59.612426 3829 raft_consensus.cc:391] T 17a4ac4e4e164cebb4d88f59511cf926 P 7f623b00f5ae4b9c8e8940692d5dfd44 [term 3 FOLLOWER]: Starting election with config: opid_index: -1 OBSOLETE_local: false peers { permanent_uuid: "580cbaf7092444dfbc6fb344da88d7b6" member_type: VOTER last_known_addr { host: "127.6.150.9" port: 51743 } } peers { permanent_uuid: "7f623b00f5ae4b9c8e8940692d5dfd44" member_type: VOTER last_known_addr { host: "127.6.150.7" port: 45436 } } peers { permanent_uuid: "1031512f5120422e9e22a0afabd78f61" member_type: VOTER last_known_addr { host: "127.6.150.1" port: 46963 } }
I1010 20:58:59.612437 3452 raft_consensus.cc:1609] T f2289fb138ea4a5ab6c02803c4e9aa51 P 42e94fc3adbb419591836d222d946978 [term 3 FOLLOWER]: Leader election vote request: Denying vote to candidate 7f623b00f5ae4b9c8e8940692d5dfd44 in current term 3: Already voted for candidate 42e94fc3adbb419591836d222d946978 in this term.
I1010 20:58:59.612483 2985 raft_consensus.cc:1609] T f2289fb138ea4a5ab6c02803c4e9aa51 P b8062d66fd284035ae3bc2567bc11e7c [term 3 FOLLOWER]: Leader election vote request: Denying vote to candidate 7f623b00f5ae4b9c8e8940692d5dfd44 in current term 3: Already voted for candidate 42e94fc3adbb419591836d222d946978 in this term.
I1010 20:58:59.612565 3272 leader_election.cc:361] T f2289fb138ea4a5ab6c02803c4e9aa51 P 7f623b00f5ae4b9c8e8940692d5dfd44 [CANDIDATE]: Term 3 election: Vote denied by peer 42e94fc3adbb419591836d222d946978. Message: Invalid argument: T f2289fb138ea4a5ab6c02803c4e9aa51 P 42e94fc3adbb419591836d222d946978 [term 3 FOLLOWER]: Leader election vote request: Denying vote to candidate 7f623b00f5ae4b9c8e8940692d5dfd44 in current term 3: Already voted for candidate 42e94fc3adbb419591836d222d946978 in this term.
I1010 20:58:59.612607 3273 leader_election.cc:361] T f2289fb138ea4a5ab6c02803c4e9aa51 P 7f623b00f5ae4b9c8e8940692d5dfd44 [CANDIDATE]: Term 3 election: Vote denied by peer b8062d66fd284035ae3bc2567bc11e7c. Message: Invalid argument: T f2289fb138ea4a5ab6c02803c4e9aa51 P b8062d66fd284035ae3bc2567bc11e7c [term 3 FOLLOWER]: Leader election vote request: Denying vote to candidate 7f623b00f5ae4b9c8e8940692d5dfd44 in current term 3: Already voted for candidate 42e94fc3adbb419591836d222d946978 in this term.
I1010 20:58:59.612632 3273 leader_election.cc:248] T f2289fb138ea4a5ab6c02803c4e9aa51 P 7f623b00f5ae4b9c8e8940692d5dfd44 [CANDIDATE]: Term 3 election: Election decided. Result: candidate lost.
I1010 20:58:59.612661 4112 raft_consensus.cc:1981] T f2289fb138ea4a5ab6c02803c4e9aa51 P 7f623b00f5ae4b9c8e8940692d5dfd44 [term 3 FOLLOWER]: Snoozing failure detection for election timeout plus an additional 1.601s
I1010 20:58:59.612679 4112 raft_consensus.cc:1823] T f2289fb138ea4a5ab6c02803c4e9aa51 P 7f623b00f5ae4b9c8e8940692d5dfd44 [term 3 FOLLOWER]: Leader election lost for term 3. Reason: None given
W1010 20:58:59.612747 3678 consensus_meta.cc:188] T 7d680e6840854bca9daef77d506408e9 P 33ef4317e50042ba95e517992caa6531: Time spent flushing consensus metadata: real 1.197s user 0.000s sys 0.000s
W1010 20:58:59.612758 2865 consensus_meta.cc:188] T 7836528275cb45aab827361611bb3bbe P 8de6cfa864d64c58bf4eafb689517c93: Time spent flushing consensus metadata: real 1.705s user 0.000s sys 0.000s
I1010 20:58:59.612776 2865 raft_consensus.cc:1677] T 7836528275cb45aab827361611bb3bbe P 8de6cfa864d64c58bf4eafb689517c93 [term 2 FOLLOWER]: Leader election vote request: Granting yes vote for candidate 580cbaf7092444dfbc6fb344da88d7b6 in term 2.
W1010 20:58:59.612790 2865 rpcz_store.cc:234] Call kudu.consensus.ConsensusService.RequestConsensusVote from 127.6.150.9:41775 (request call id 2) took 4452ms (client timeout 1564).
W1010 20:58:59.612808 2865 rpcz_store.cc:238] Trace: 1010 20:58:55.159942 (+ 0us) service_pool.cc:143] Inserting onto call queue 1010 20:58:55.159957 (+ 15us) service_pool.cc:202] Handling call 1010 20:58:59.612786 (+4452829us) inbound_call.cc:130] Queueing success response Metrics: {"tcmalloc_contention_cycles":896}
I1010 20:58:59.612844 3678 leader_election.cc:223] T 7d680e6840854bca9daef77d506408e9 P 33ef4317e50042ba95e517992caa6531 [CANDIDATE]: Term 3 election: Requesting vote from peer 84bde34331b94c4ea003e48f9317f792
I1010 20:58:59.612865 3678 leader_election.cc:223] T 7d680e6840854bca9daef77d506408e9 P 33ef4317e50042ba95e517992caa6531 [CANDIDATE]: Term 3 election: Requesting vote from peer 1380a27d6b824575a3a5e139bee139f4
W1010 20:58:59.613087 3817 consensus_meta.cc:188] T de9d164718e74d3db902ea603ab32407 P 8de6cfa864d64c58bf4eafb689517c93: Time spent flushing consensus metadata: real 3.364s user 0.000s sys 0.000s
I1010 20:58:59.613207 3817 leader_election.cc:223] T de9d164718e74d3db902ea603ab32407 P 8de6cfa864d64c58bf4eafb689517c93 [CANDIDATE]: Term 2 election: Requesting vote from peer 7f623b00f5ae4b9c8e8940692d5dfd44
W1010 20:58:59.613220 3780 consensus_meta.cc:188] T 8da5904fd56d441ea29e61eb9d2b0b2f P 33ef4317e50042ba95e517992caa6531: Time spent flushing consensus metadata: real 0.951s user 0.000s sys 0.000s
I1010 20:58:59.613225 3817 leader_election.cc:223] T de9d164718e74d3db902ea603ab32407 P 8de6cfa864d64c58bf4eafb689517c93 [CANDIDATE]: Term 2 election: Requesting vote from peer b8062d66fd284035ae3bc2567bc11e7c
I1010 20:58:59.613250 3780 raft_consensus.cc:1981] T 8da5904fd56d441ea29e61eb9d2b0b2f P 33ef4317e50042ba95e517992caa6531 [term 3 FOLLOWER]: Snoozing failure detection for election timeout plus an additional 1.953s
I1010 20:58:59.613253 3836 raft_consensus.cc:375] T 7836528275cb45aab827361611bb3bbe P 8de6cfa864d64c58bf4eafb689517c93 [term 2 FOLLOWER]: No leader contacted us within the election timeout. Triggering leader election
I1010 20:58:59.613257 3836 raft_consensus.cc:2031] T 7836528275cb45aab827361611bb3bbe P 8de6cfa864d64c58bf4eafb689517c93 [term 2 FOLLOWER]: Advancing to term 3
I1010 20:58:59.613281 3780 raft_consensus.cc:391] T 8da5904fd56d441ea29e61eb9d2b0b2f P 33ef4317e50042ba95e517992caa6531 [term 3 FOLLOWER]: Starting election with config: opid_index: -1 OBSOLETE_local: false peers { permanent_uuid: "b8062d66fd284035ae3bc2567bc11e7c" member_type: VOTER last_known_addr { host: "127.6.150.4" port: 44055 } } peers { permanent_uuid: "33ef4317e50042ba95e517992caa6531" member_type: VOTER last_known_addr { host: "127.6.150.5" port: 40764 } } peers { permanent_uuid: "84bde34331b94c4ea003e48f9317f792" member_type: VOTER last_known_addr { host: "127.6.150.0" port: 40113 } }
I1010 20:58:59.613363 3713 raft_consensus.cc:1981] T 05a5666441ec49d792222a3e8674edf7 P 33ef4317e50042ba95e517992caa6531 [term 3 FOLLOWER]: Snoozing failure detection for election timeout plus an additional 1.829s
I1010 20:58:59.613414 3713 raft_consensus.cc:391] T 05a5666441ec49d792222a3e8674edf7 P 33ef4317e50042ba95e517992caa6531 [term 3 FOLLOWER]: Starting election with config: opid_index: -1 OBSOLETE_local: false peers { permanent_uuid: "33ef4317e50042ba95e517992caa6531" member_type: VOTER last_known_addr { host: "127.6.150.5" port: 40764 } } peers { permanent_uuid: "f6d15ccd64ec49be8396ed78e2a88377" member_type: VOTER last_known_addr { host: "127.6.150.2" port: 33554 } } peers { permanent_uuid: "1031512f5120422e9e22a0afabd78f61" member_type: VOTER last_known_addr { host: "127.6.150.1" port: 46963 } }
I1010 20:58:59.613513 2861 raft_consensus.cc:1609] T de9d164718e74d3db902ea603ab32407 P 8de6cfa864d64c58bf4eafb689517c93 [term 2 FOLLOWER]: Leader election vote request: Denying vote to candidate 7f623b00f5ae4b9c8e8940692d5dfd44 in current term 2: Already voted for candidate 8de6cfa864d64c58bf4eafb689517c93 in this term.
W1010 20:58:59.613561 2861 rpcz_store.cc:234] Call kudu.consensus.ConsensusService.RequestConsensusVote from 127.6.150.7:50821 (request call id 2) took 4446ms (client timeout 1534).
W1010 20:58:59.613579 2861 rpcz_store.cc:238] Trace: 1010 20:58:55.167095 (+ 0us) service_pool.cc:143] Inserting onto call queue 1010 20:58:55.167101 (+ 6us) service_pool.cc:202] Handling call 1010 20:58:59.613555 (+4446454us) spinlock_profiling.cc:255] Waited 4.45 s on lock 0x3f9e470. stack: 00000000019065e1 0000000000976813 000000000078868f 0000000000a22fbf 0000000000a23be2 0000000001911c69 00007f9e2c5b9181 00007f9e2b4a147c ffffffffffffffff 1010 20:58:59.613558 (+ 3us) inbound_call.cc:130] Queueing success response Metrics: {"spinlock_wait_cycles":10226661120}
I1010 20:58:59.613636 2862 raft_consensus.cc:1654] T de9d164718e74d3db902ea603ab32407 P 8de6cfa864d64c58bf4eafb689517c93 [term 2 FOLLOWER]: Leader election vote request: Denying vote to candidate b8062d66fd284035ae3bc2567bc11e7c for term 3 because replica is already servicing an update from a current leader or another vote.
W1010 20:58:59.613672 2862 rpcz_store.cc:234] Call kudu.consensus.ConsensusService.RequestConsensusVote from 127.6.150.4:46161 (request call id 5) took 3363ms (client timeout 1996).
W1010 20:58:59.613698 2862 rpcz_store.cc:238] Trace: 1010 20:58:56.250527 (+ 0us) service_pool.cc:143] Inserting onto call queue 1010 20:58:56.250546 (+ 19us) service_pool.cc:202] Handling call 1010 20:58:59.613665 (+3363119us) spinlock_profiling.cc:255] Waited 3.36 s on lock 0x3f9e470. stack: 00000000019065e1 0000000000976852 000000000078868f 0000000000a22fbf 0000000000a23be2 0000000001911c69 00007f9e2c5b9181 00007f9e2b4a147c ffffffffffffffff 1010 20:58:59.613668 (+ 3us) inbound_call.cc:130] Queueing success response Metrics: {"spinlock_wait_cycles":7735041280}
I1010 20:58:59.613863 2985 raft_consensus.cc:1584] T de9d164718e74d3db902ea603ab32407 P b8062d66fd284035ae3bc2567bc11e7c [term 3 FOLLOWER]: Leader election vote request: Denying vote to candidate 8de6cfa864d64c58bf4eafb689517c93 for earlier term 2. Current term is 3.
W1010 20:58:59.613956 2802 leader_election.cc:333] T de9d164718e74d3db902ea603ab32407 P 8de6cfa864d64c58bf4eafb689517c93 [CANDIDATE]: Term 2 election: Vote denied by peer b8062d66fd284035ae3bc2567bc11e7c with higher term. Message: Invalid argument: T de9d164718e74d3db902ea603ab32407 P b8062d66fd284035ae3bc2567bc11e7c [term 3 FOLLOWER]: Leader election vote request: Denying vote to candidate 8de6cfa864d64c58bf4eafb689517c93 for earlier term 2. Current term is 3.
I1010 20:58:59.613981 2802 leader_election.cc:336] T de9d164718e74d3db902ea603ab32407 P 8de6cfa864d64c58bf4eafb689517c93 [CANDIDATE]: Term 2 election: Cancelling election due to peer responding with higher term
W1010 20:58:59.614132 3715 consensus_meta.cc:188] T 95e7c143b0524a9b9ade2cfcc081e679 P 1031512f5120422e9e22a0afabd78f61: Time spent flushing consensus metadata: real 1.706s user 0.000s sys 0.000s
W1010 20:58:59.614140 3789 consensus_meta.cc:188] T 949b26dfeadc4de38868bf4ed994d184 P 1380a27d6b824575a3a5e139bee139f4: Time spent flushing consensus metadata: real 1.705s user 0.000s sys 0.000s
W1010 20:58:59.614194 3853 consensus_meta.cc:188] T 981834f5e88f4585b6420fca7ddcb289 P 1031512f5120422e9e22a0afabd78f61: Time spent flushing consensus metadata: real 3.366s user 0.000s sys 0.000s
I1010 20:58:59.614280 4179 raft_consensus.cc:1981] T de9d164718e74d3db902ea603ab32407 P 8de6cfa864d64c58bf4eafb689517c93 [term 2 FOLLOWER]: Snoozing failure detection for election timeout plus an additional 1.553s
I1010 20:58:59.614302 4179 raft_consensus.cc:1823] T de9d164718e74d3db902ea603ab32407 P 8de6cfa864d64c58bf4eafb689517c93 [term 2 FOLLOWER]: Leader election lost for term 2. Reason: Vote denied by peer b8062d66fd284035ae3bc2567bc11e7c with higher term. Message: Invalid argument: T de9d164718e74d3db902ea603ab32407 P b8062d66fd284035ae3bc2567bc11e7c [term 3 FOLLOWER]: Leader election vote request: Denying vote to candidate 8de6cfa864d64c58bf4eafb689517c93 for earlier term 2. Current term is 3.
W1010 20:58:59.614300 3667 consensus_meta.cc:188] T 17a4ac4e4e164cebb4d88f59511cf926 P 1031512f5120422e9e22a0afabd78f61: Time spent flushing consensus metadata: real 1.706s user 0.000s sys 0.000s
I1010 20:58:59.614305 3789 leader_election.cc:223] T 949b26dfeadc4de38868bf4ed994d184 P 1380a27d6b824575a3a5e139bee139f4 [CANDIDATE]: Term 3 election: Requesting vote from peer b8062d66fd284035ae3bc2567bc11e7c
I1010 20:58:59.614352 3789 leader_election.cc:223] T 949b26dfeadc4de38868bf4ed994d184 P 1380a27d6b824575a3a5e139bee139f4 [CANDIDATE]: Term 3 election: Requesting vote from peer 8de6cfa864d64c58bf4eafb689517c93
W1010 20:58:59.614481 3867 consensus_meta.cc:188] T 84fcfff9fdef4acf8c2b47f36330567f P 1031512f5120422e9e22a0afabd78f61: Time spent flushing consensus metadata: real 3.366s user 0.000s sys 0.000s
I1010 20:58:59.614529 3867 raft_consensus.cc:1981] T 84fcfff9fdef4acf8c2b47f36330567f P 1031512f5120422e9e22a0afabd78f61 [term 3 FOLLOWER]: Snoozing failure detection for election timeout plus an additional 1.610s
I1010 20:58:59.614567 3867 raft_consensus.cc:391] T 84fcfff9fdef4acf8c2b47f36330567f P 1031512f5120422e9e22a0afabd78f61 [term 3 FOLLOWER]: Starting election with config: opid_index: -1 OBSOLETE_local: false peers { permanent_uuid: "b8062d66fd284035ae3bc2567bc11e7c" member_type: VOTER last_known_addr { host: "127.6.150.4" port: 44055 } } peers { permanent_uuid: "1031512f5120422e9e22a0afabd78f61" member_type: VOTER last_known_addr { host: "127.6.150.1" port: 46963 } } peers { permanent_uuid: "42e94fc3adbb419591836d222d946978" member_type: VOTER last_known_addr { host: "127.6.150.8" port: 35299 } }
I1010 20:58:59.614598 3715 leader_election.cc:223] T 95e7c143b0524a9b9ade2cfcc081e679 P 1031512f5120422e9e22a0afabd78f61 [CANDIDATE]: Term 3 election: Requesting vote from peer 7f623b00f5ae4b9c8e8940692d5dfd44
I1010 20:58:59.614622 3715 leader_election.cc:223] T 95e7c143b0524a9b9ade2cfcc081e679 P 1031512f5120422e9e22a0afabd78f61 [CANDIDATE]: Term 3 election: Requesting vote from peer 84bde34331b94c4ea003e48f9317f792
I1010 20:58:59.614763 2514 raft_consensus.cc:2031] T 95e7c143b0524a9b9ade2cfcc081e679 P 84bde34331b94c4ea003e48f9317f792 [term 2 FOLLOWER]: Advancing to term 3
I1010 20:58:59.614786 3333 raft_consensus.cc:2031] T 95e7c143b0524a9b9ade2cfcc081e679 P 7f623b00f5ae4b9c8e8940692d5dfd44 [term 2 FOLLOWER]: Advancing to term 3
W1010 20:58:59.614794 3754 consensus_meta.cc:188] T 7d680e6840854bca9daef77d506408e9 P 84bde34331b94c4ea003e48f9317f792: Time spent flushing consensus metadata: real 1.705s user 0.000s sys 0.000s
I1010 20:58:59.614966 3754 leader_election.cc:223] T 7d680e6840854bca9daef77d506408e9 P 84bde34331b94c4ea003e48f9317f792 [CANDIDATE]: Term 3 election: Requesting vote from peer 33ef4317e50042ba95e517992caa6531
I1010 20:58:59.614995 3754 leader_election.cc:223] T 7d680e6840854bca9daef77d506408e9 P 84bde34331b94c4ea003e48f9317f792 [CANDIDATE]: Term 3 election: Requesting vote from peer 1380a27d6b824575a3a5e139bee139f4
W1010 20:58:59.615056 3748 consensus_meta.cc:188] T 05a5666441ec49d792222a3e8674edf7 P 1031512f5120422e9e22a0afabd78f61: Time spent flushing consensus metadata: real 1.115s user 0.000s sys 0.000s
I1010 20:58:59.615083 3748 raft_consensus.cc:1981] T 05a5666441ec49d792222a3e8674edf7 P 1031512f5120422e9e22a0afabd78f61 [term 3 FOLLOWER]: Snoozing failure detection for election timeout plus an additional 1.792s
W1010 20:58:59.615100 2512 consensus_meta.cc:188] T 19f492d94e864f1ebd1c70810b0470f7 P 84bde34331b94c4ea003e48f9317f792: Time spent flushing consensus metadata: real 1.707s user 0.000s sys 0.000s
I1010 20:58:59.615111 2512 raft_consensus.cc:1677] T 19f492d94e864f1ebd1c70810b0470f7 P 84bde34331b94c4ea003e48f9317f792 [term 2 FOLLOWER]: Leader election vote request: Granting yes vote for candidate 8de6cfa864d64c58bf4eafb689517c93 in term 2.
I1010 20:58:59.615110 3748 raft_consensus.cc:391] T 05a5666441ec49d792222a3e8674edf7 P 1031512f5120422e9e22a0afabd78f61 [term 3 FOLLOWER]: Starting election with config: opid_index: -1 OBSOLETE_local: false peers { permanent_uuid: "33ef4317e50042ba95e517992caa6531" member_type: VOTER last_known_addr { host: "127.6.150.5" port: 40764 } } peers { permanent_uuid: "f6d15ccd64ec49be8396ed78e2a88377" member_type: VOTER last_known_addr { host: "127.6.150.2" port: 33554 } } peers { permanent_uuid: "1031512f5120422e9e22a0afabd78f61" member_type: VOTER last_known_addr { host: "127.6.150.1" port: 46963 } }
W1010 20:58:59.615124 2512 rpcz_store.cc:234] Call kudu.consensus.ConsensusService.RequestConsensusVote from 127.6.150.3:38215 (request call id 3) took 9218ms (client timeout 1626).
I1010 20:58:59.615128 3102 raft_consensus.cc:1609] T 7d680e6840854bca9daef77d506408e9 P 33ef4317e50042ba95e517992caa6531 [term 3 FOLLOWER]: Leader election vote request: Denying vote to candidate 84bde34331b94c4ea003e48f9317f792 in current term 3: Already voted for candidate 33ef4317e50042ba95e517992caa6531 in this term.
W1010 20:58:59.615146 2512 rpcz_store.cc:238] Trace: 1010 20:58:50.396523 (+ 0us) service_pool.cc:143] Inserting onto call queue 1010 20:58:50.396548 (+ 25us) service_pool.cc:202] Handling call 1010 20:58:59.615119 (+9218571us) inbound_call.cc:130] Queueing success response Metrics: {}
I1010 20:58:59.615190 2514 raft_consensus.cc:1981] T 95e7c143b0524a9b9ade2cfcc081e679 P 84bde34331b94c4ea003e48f9317f792 [term 3 FOLLOWER]: Snoozing failure detection for election timeout plus an additional 1.735s
I1010 20:58:59.615192 2447 leader_election.cc:361] T 7d680e6840854bca9daef77d506408e9 P 84bde34331b94c4ea003e48f9317f792 [CANDIDATE]: Term 3 election: Vote denied by peer 33ef4317e50042ba95e517992caa6531. Message: Invalid argument: T 7d680e6840854bca9daef77d506408e9 P 33ef4317e50042ba95e517992caa6531 [term 3 FOLLOWER]: Leader election vote request: Denying vote to candidate 84bde34331b94c4ea003e48f9317f792 in current term 3: Already voted for candidate 33ef4317e50042ba95e517992caa6531 in this term.
I1010 20:58:59.615346 2622 raft_consensus.cc:1584] T 95e7c143b0524a9b9ade2cfcc081e679 P 1031512f5120422e9e22a0afabd78f61 [term 3 FOLLOWER]: Leader election vote request: Denying vote to candidate 7f623b00f5ae4b9c8e8940692d5dfd44 for earlier term 2. Current term is 3.
I1010 20:58:59.615352 3853 leader_election.cc:223] T 981834f5e88f4585b6420fca7ddcb289 P 1031512f5120422e9e22a0afabd78f61 [CANDIDATE]: Term 2 election: Requesting vote from peer 8de6cfa864d64c58bf4eafb689517c93
I1010 20:58:59.615365 3853 leader_election.cc:223] T 981834f5e88f4585b6420fca7ddcb289 P 1031512f5120422e9e22a0afabd78f61 [CANDIDATE]: Term 2 election: Requesting vote from peer 1380a27d6b824575a3a5e139bee139f4
W1010 20:58:59.615396 2622 rpcz_store.cc:234] Call kudu.consensus.ConsensusService.RequestConsensusVote from 127.6.150.7:33193 (request call id 4) took 1708ms (client timeout 1506).
I1010 20:58:59.615418 4078 raft_consensus.cc:1981] T 981834f5e88f4585b6420fca7ddcb289 P 1031512f5120422e9e22a0afabd78f61 [term 2 FOLLOWER]: Snoozing failure detection for election timeout plus an additional 1.724s
I1010 20:58:59.615438 4078 raft_consensus.cc:1823] T 981834f5e88f4585b6420fca7ddcb289 P 1031512f5120422e9e22a0afabd78f61 [term 2 FOLLOWER]: Leader election lost for term 1. Reason: None given
W1010 20:58:59.615438 2622 rpcz_store.cc:238] Trace: 1010 20:58:57.906821 (+ 0us) service_pool.cc:143] Inserting onto call queue 1010 20:58:57.906831 (+ 10us) service_pool.cc:202] Handling call 1010 20:58:59.615367 (+1708536us) spinlock_profiling.cc:255] Waited 1.71 s on lock 0x3f85970. stack: 1010 20:58:59.615390 (+ 23us) inbound_call.cc:130] Queueing success response Metrics: {"spinlock_wait_cycles":3927921920}
I1010 20:58:59.615458 4132 raft_consensus.cc:1981] T 95e7c143b0524a9b9ade2cfcc081e679 P 1031512f5120422e9e22a0afabd78f61 [term 3 FOLLOWER]: Snoozing failure detection for election timeout plus an additional 1.934s
I1010 20:58:59.615474 4132 raft_consensus.cc:1823] T 95e7c143b0524a9b9ade2cfcc081e679 P 1031512f5120422e9e22a0afabd78f61 [term 3 FOLLOWER]: Leader election lost for term 2. Reason: None given
I1010 20:58:59.615483 2623 raft_consensus.cc:1654] T 95e7c143b0524a9b9ade2cfcc081e679 P 1031512f5120422e9e22a0afabd78f61 [term 3 FOLLOWER]: Leader election vote request: Denying vote to candidate 84bde34331b94c4ea003e48f9317f792 for term 2 because replica is already servicing an update from a current leader or another vote.
I1010 20:58:59.615494 3815 raft_consensus.cc:375] T 19f492d94e864f1ebd1c70810b0470f7 P 84bde34331b94c4ea003e48f9317f792 [term 2 FOLLOWER]: No leader contacted us within the election timeout. Triggering leader election
W1010 20:58:59.615499 2623 rpcz_store.cc:234] Call kudu.consensus.ConsensusService.RequestConsensusVote from 127.6.150.0:58503 (request call id 3) took 1705ms (client timeout 1674).
I1010 20:58:59.615500 3815 raft_consensus.cc:2031] T 19f492d94e864f1ebd1c70810b0470f7 P 84bde34331b94c4ea003e48f9317f792 [term 2 FOLLOWER]: Advancing to term 3
W1010 20:58:59.615520 2623 rpcz_store.cc:238] Trace: 1010 20:58:57.910185 (+ 0us) service_pool.cc:143] Inserting onto call queue 1010 20:58:57.910202 (+ 17us) service_pool.cc:202] Handling call 1010 20:58:59.615493 (+1705291us) spinlock_profiling.cc:255] Waited 1.71 s on lock 0x3f85970. stack: 1010 20:58:59.615495 (+ 2us) inbound_call.cc:130] Queueing success response Metrics: {"spinlock_wait_cycles":3922075392}
I1010 20:58:59.615527 2626 raft_consensus.cc:1654] T 17a4ac4e4e164cebb4d88f59511cf926 P 1031512f5120422e9e22a0afabd78f61 [term 3 FOLLOWER]: Leader election vote request: Denying vote to candidate 7f623b00f5ae4b9c8e8940692d5dfd44 for term 2 because replica is already servicing an update from a current leader or another vote.
I1010 20:58:59.615559 2631 raft_consensus.cc:1609] T 17a4ac4e4e164cebb4d88f59511cf926 P 1031512f5120422e9e22a0afabd78f61 [term 3 FOLLOWER]: Leader election vote request: Denying vote to candidate 580cbaf7092444dfbc6fb344da88d7b6 in current term 3: Already voted for candidate 1031512f5120422e9e22a0afabd78f61 in this term.
W1010 20:58:59.615573 2626 rpcz_store.cc:234] Call kudu.consensus.ConsensusService.RequestConsensusVote from 127.6.150.7:33193 (request call id 3) took 7689ms (client timeout 1749).
W1010 20:58:59.615592 2631 rpcz_store.cc:234] Call kudu.consensus.ConsensusService.RequestConsensusVote from 127.6.150.9:55298 (request call id 3) took 1703ms (client timeout 1513).
W1010 20:58:59.615614 2631 rpcz_store.cc:238] Trace: 1010 20:58:57.912489 (+ 0us) service_pool.cc:143] Inserting onto call queue 1010 20:58:57.912497 (+ 8us) service_pool.cc:202] Handling call 1010 20:58:59.615575 (+1703078us) spinlock_profiling.cc:255] Waited 1.7 s on lock 0x3f856d0. stack: 1010 20:58:59.615589 (+ 14us) inbound_call.cc:130] Queueing success response Metrics: {"spinlock_wait_cycles":3916933376}
W1010 20:58:59.615615 2626 rpcz_store.cc:238] Trace: 1010 20:58:51.926241 (+ 0us) service_pool.cc:143] Inserting onto call queue 1010 20:58:51.926273 (+ 32us) service_pool.cc:202] Handling call 1010 20:58:59.615545 (+7689272us) spinlock_profiling.cc:255] Waited 7.69 s on lock 0x3f856d0. stack: 1010 20:58:59.615569 (+ 24us) inbound_call.cc:130] Queueing success response Metrics: {"spinlock_wait_cycles":17683652992}
I1010 20:58:59.615548 2511 raft_consensus.cc:1609] T 7d680e6840854bca9daef77d506408e9 P 84bde34331b94c4ea003e48f9317f792 [term 3 FOLLOWER]: Leader election vote request: Denying vote to candidate 33ef4317e50042ba95e517992caa6531 in current term 3: Already voted for candidate 84bde34331b94c4ea003e48f9317f792 in this term.
W1010 20:58:59.615633 3871 consensus_meta.cc:188] T 7836528275cb45aab827361611bb3bbe P 42e94fc3adbb419591836d222d946978: Time spent flushing consensus metadata: real 1.702s user 0.000s sys 0.000s
I1010 20:58:59.615710 3220 raft_consensus.cc:1609] T 981834f5e88f4585b6420fca7ddcb289 P 1380a27d6b824575a3a5e139bee139f4 [term 2 FOLLOWER]: Leader election vote request: Denying vote to candidate 1031512f5120422e9e22a0afabd78f61 in current term 2: Already voted for candidate 1380a27d6b824575a3a5e139bee139f4 in this term.
I1010 20:58:59.615711 3871 leader_election.cc:223] T 7836528275cb45aab827361611bb3bbe P 42e94fc3adbb419591836d222d946978 [CANDIDATE]: Term 3 election: Requesting vote from peer 580cbaf7092444dfbc6fb344da88d7b6
I1010 20:58:59.615726 3871 leader_election.cc:223] T 7836528275cb45aab827361611bb3bbe P 42e94fc3adbb419591836d222d946978 [CANDIDATE]: Term 3 election: Requesting vote from peer 8de6cfa864d64c58bf4eafb689517c93
I1010 20:58:59.615778 2861 raft_consensus.cc:1609] T 981834f5e88f4585b6420fca7ddcb289 P 8de6cfa864d64c58bf4eafb689517c93 [term 2 FOLLOWER]: Leader election vote request: Denying vote to candidate 1031512f5120422e9e22a0afabd78f61 in current term 2: Already voted for candidate 8de6cfa864d64c58bf4eafb689517c93 in this term.
I1010 20:58:59.615826 2565 leader_election.cc:361] T 981834f5e88f4585b6420fca7ddcb289 P 1031512f5120422e9e22a0afabd78f61 [CANDIDATE]: Term 2 election: Vote denied by peer 1380a27d6b824575a3a5e139bee139f4. Message: Invalid argument: T 981834f5e88f4585b6420fca7ddcb289 P 1380a27d6b824575a3a5e139bee139f4 [term 2 FOLLOWER]: Leader election vote request: Denying vote to candidate 1031512f5120422e9e22a0afabd78f61 in current term 2: Already voted for candidate 1380a27d6b824575a3a5e139bee139f4 in this term.
I1010 20:58:59.615869 2568 leader_election.cc:361] T 981834f5e88f4585b6420fca7ddcb289 P 1031512f5120422e9e22a0afabd78f61 [CANDIDATE]: Term 2 election: Vote denied by peer 8de6cfa864d64c58bf4eafb689517c93. Message: Invalid argument: T 981834f5e88f4585b6420fca7ddcb289 P 8de6cfa864d64c58bf4eafb689517c93 [term 2 FOLLOWER]: Leader election vote request: Denying vote to candidate 1031512f5120422e9e22a0afabd78f61 in current term 2: Already voted for candidate 8de6cfa864d64c58bf4eafb689517c93 in this term.
I1010 20:58:59.615890 2568 leader_election.cc:248] T 981834f5e88f4585b6420fca7ddcb289 P 1031512f5120422e9e22a0afabd78f61 [CANDIDATE]: Term 2 election: Election decided. Result: candidate lost.
I1010 20:58:59.615895 2624 raft_consensus.cc:1654] T 981834f5e88f4585b6420fca7ddcb289 P 1031512f5120422e9e22a0afabd78f61 [term 2 FOLLOWER]: Leader election vote request: Denying vote to candidate 8de6cfa864d64c58bf4eafb689517c93 for term 2 because replica is already servicing an update from a current leader or another vote.
W1010 20:58:59.615927 2624 rpcz_store.cc:234] Call kudu.consensus.ConsensusService.RequestConsensusVote from 127.6.150.3:51480 (request call id 6) took 1706ms (client timeout 1754).
I1010 20:58:59.615947 4078 raft_consensus.cc:1981] T 981834f5e88f4585b6420fca7ddcb289 P 1031512f5120422e9e22a0afabd78f61 [term 2 FOLLOWER]: Snoozing failure detection for election timeout plus an additional 1.506s
I1010 20:58:59.615952 4078 raft_consensus.cc:1823] T 981834f5e88f4585b6420fca7ddcb289 P 1031512f5120422e9e22a0afabd78f61 [term 2 FOLLOWER]: Leader election lost for term 2. Reason: None given
W1010 20:58:59.615958 2624 rpcz_store.cc:238] Trace: 1010 20:58:57.909723 (+ 0us) service_pool.cc:143] Inserting onto call queue 1010 20:58:57.909763 (+ 40us) service_pool.cc:202] Handling call 1010 20:58:59.615921 (+1706158us) spinlock_profiling.cc:255] Waited 1.71 s on lock 0x43401d0. stack: 1010 20:58:59.615923 (+ 2us) inbound_call.cc:130] Queueing success response Metrics: {"spinlock_wait_cycles":3924029696}
I1010 20:58:59.615986 2625 raft_consensus.cc:1584] T 981834f5e88f4585b6420fca7ddcb289 P 1031512f5120422e9e22a0afabd78f61 [term 2 FOLLOWER]: Leader election vote request: Denying vote to candidate 8de6cfa864d64c58bf4eafb689517c93 for earlier term 1. Current term is 2.
I1010 20:58:59.615998 3039 leader_election.cc:361] T 7d680e6840854bca9daef77d506408e9 P 33ef4317e50042ba95e517992caa6531 [CANDIDATE]: Term 3 election: Vote denied by peer 84bde34331b94c4ea003e48f9317f792. Message: Invalid argument: T 7d680e6840854bca9daef77d506408e9 P 84bde34331b94c4ea003e48f9317f792 [term 3 FOLLOWER]: Leader election vote request: Denying vote to candidate 33ef4317e50042ba95e517992caa6531 in current term 3: Already voted for candidate 84bde34331b94c4ea003e48f9317f792 in this term.
W1010 20:58:59.616015 2625 rpcz_store.cc:234] Call kudu.consensus.ConsensusService.RequestConsensusVote from 127.6.150.3:51480 (request call id 2) took 7686ms (client timeout 1569).
W1010 20:58:59.616027 2625 rpcz_store.cc:238] Trace: 1010 20:58:51.929384 (+ 0us) service_pool.cc:143] Inserting onto call queue 1010 20:58:51.929395 (+ 11us) service_pool.cc:202] Handling call 1010 20:58:59.615998 (+7686603us) spinlock_profiling.cc:255] Waited 7.69 s on lock 0x43401d0. stack: 1010 20:58:59.616012 (+ 14us) inbound_call.cc:130] Queueing success response Metrics: {"spinlock_wait_cycles":17679126400}
I1010 20:58:59.616031 2800 leader_election.cc:361] T 981834f5e88f4585b6420fca7ddcb289 P 8de6cfa864d64c58bf4eafb689517c93 [CANDIDATE]: Term 2 election: Vote denied by peer 1031512f5120422e9e22a0afabd78f61. Message: Service unavailable: T 981834f5e88f4585b6420fca7ddcb289 P 1031512f5120422e9e22a0afabd78f61 [term 2 FOLLOWER]: Leader election vote request: Denying vote to candidate 8de6cfa864d64c58bf4eafb689517c93 for term 2 because replica is already servicing an update from a current leader or another vote.
I1010 20:58:59.616053 2800 leader_election.cc:248] T 981834f5e88f4585b6420fca7ddcb289 P 8de6cfa864d64c58bf4eafb689517c93 [CANDIDATE]: Term 2 election: Election decided. Result: candidate lost.
I1010 20:58:59.616078 3779 raft_consensus.cc:1981] T 90fa7ae3643e4575a6be1c4936b6cc11 P 42e94fc3adbb419591836d222d946978 [term 4 FOLLOWER]: Snoozing failure detection for election timeout plus an additional 2.029s
I1010 20:58:59.616096 3667 leader_election.cc:223] T 17a4ac4e4e164cebb4d88f59511cf926 P 1031512f5120422e9e22a0afabd78f61 [CANDIDATE]: Term 3 election: Requesting vote from peer 580cbaf7092444dfbc6fb344da88d7b6
I1010 20:58:59.616106 3667 leader_election.cc:223] T 17a4ac4e4e164cebb4d88f59511cf926 P 1031512f5120422e9e22a0afabd78f61 [CANDIDATE]: Term 3 election: Requesting vote from peer 7f623b00f5ae4b9c8e8940692d5dfd44
I1010 20:58:59.616111 3779 raft_consensus.cc:391] T 90fa7ae3643e4575a6be1c4936b6cc11 P 42e94fc3adbb419591836d222d946978 [term 4 FOLLOWER]: Starting election with config: opid_index: -1 OBSOLETE_local: false peers { permanent_uuid: "1380a27d6b824575a3a5e139bee139f4" member_type: VOTER last_known_addr { host: "127.6.150.6" port: 46774 } } peers { permanent_uuid: "42e94fc3adbb419591836d222d946978" member_type: VOTER last_known_addr { host: "127.6.150.8" port: 35299 } } peers { permanent_uuid: "f6d15ccd64ec49be8396ed78e2a88377" member_type: VOTER last_known_addr { host: "127.6.150.2" port: 33554 } }
I1010 20:58:59.616268 3569 raft_consensus.cc:1609] T 17a4ac4e4e164cebb4d88f59511cf926 P 580cbaf7092444dfbc6fb344da88d7b6 [term 3 FOLLOWER]: Leader election vote request: Denying vote to candidate 1031512f5120422e9e22a0afabd78f61 in current term 3: Already voted for candidate 580cbaf7092444dfbc6fb344da88d7b6 in this term.
