I1010 20:58:41.934808 3648 raft_consensus.cc:275] T 90fa7ae3643e4575a6be1c4936b6cc11 P f6d15ccd64ec49be8396ed78e2a88377 [term 0 FOLLOWER]: Replica starting. Triggering 0 pending transactions. Active config: opid_index: -1 OBSOLETE_local: false peers { permanent_uuid: "1380a27d6b824575a3a5e139bee139f4" member_type: VOTER last_known_addr { host: "127.6.150.6" port: 46774 } } peers { permanent_uuid: "42e94fc3adbb419591836d222d946978" member_type: VOTER last_known_addr { host: "127.6.150.8" port: 35299 } } peers { permanent_uuid: "f6d15ccd64ec49be8396ed78e2a88377" member_type: VOTER last_known_addr { host: "127.6.150.2" port: 33554 } }
I1010 20:58:41.934814 3652 raft_consensus.cc:275] T 7d680e6840854bca9daef77d506408e9 P 1380a27d6b824575a3a5e139bee139f4 [term 0 FOLLOWER]: Replica starting. Triggering 0 pending transactions. Active config: opid_index: -1 OBSOLETE_local: false peers { permanent_uuid: "84bde34331b94c4ea003e48f9317f792" member_type: VOTER last_known_addr { host: "127.6.150.0" port: 40113 } } peers { permanent_uuid: "33ef4317e50042ba95e517992caa6531" member_type: VOTER last_known_addr { host: "127.6.150.5" port: 40764 } } peers { permanent_uuid: "1380a27d6b824575a3a5e139bee139f4" member_type: VOTER last_known_addr { host: "127.6.150.6" port: 46774 } }
I1010 20:58:41.934821 3648 raft_consensus.cc:306] T 90fa7ae3643e4575a6be1c4936b6cc11 P f6d15ccd64ec49be8396ed78e2a88377 [term 0 FOLLOWER]: Consensus starting up: Expiring failure detector timer to make a prompt election more likely
I1010 20:58:41.934829 3652 raft_consensus.cc:306] T 7d680e6840854bca9daef77d506408e9 P 1380a27d6b824575a3a5e139bee139f4 [term 0 FOLLOWER]: Consensus starting up: Expiring failure detector timer to make a prompt election more likely
I1010 20:58:41.934830 3648 raft_consensus.cc:502] T 90fa7ae3643e4575a6be1c4936b6cc11 P f6d15ccd64ec49be8396ed78e2a88377 [term 0 FOLLOWER]: Becoming Follower/Learner. State: Replica: f6d15ccd64ec49be8396ed78e2a88377, State: 1, Role: FOLLOWER Watermarks: {Received: term: 0 index: 0 Committed: term: 0 index: 0}
I1010 20:58:41.934839 3648 consensus_queue.cc:168] T 90fa7ae3643e4575a6be1c4936b6cc11 P f6d15ccd64ec49be8396ed78e2a88377 [NON_LEADER]: Queue going to NON_LEADER mode. State: All replicated index: 0, Majority replicated index: 0, Committed index: 0, Last appended: 0.0, Current term: 0, Majority size: -1, State: 1, Mode: NON_LEADER
I1010 20:58:41.934840 3652 raft_consensus.cc:502] T 7d680e6840854bca9daef77d506408e9 P 1380a27d6b824575a3a5e139bee139f4 [term 0 FOLLOWER]: Becoming Follower/Learner. State: Replica: 1380a27d6b824575a3a5e139bee139f4, State: 1, Role: FOLLOWER Watermarks: {Received: term: 0 index: 0 Committed: term: 0 index: 0}
I1010 20:58:41.934851 3652 consensus_queue.cc:168] T 7d680e6840854bca9daef77d506408e9 P 1380a27d6b824575a3a5e139bee139f4 [NON_LEADER]: Queue going to NON_LEADER mode. State: All replicated index: 0, Majority replicated index: 0, Committed index: 0, Last appended: 0.0, Current term: 0, Majority size: -1, State: 1, Mode: NON_LEADER
I1010 20:58:41.934903 3647 tablet_bootstrap.cc:380] T 19f492d94e864f1ebd1c70810b0470f7 P 8de6cfa864d64c58bf4eafb689517c93: Bootstrap starting.
I1010 20:58:41.935039 3647 tablet_bootstrap.cc:542] T 19f492d94e864f1ebd1c70810b0470f7 P 8de6cfa864d64c58bf4eafb689517c93: Time spent opening tablet: real 0.000s user 0.000s sys 0.000s
I1010 20:58:41.935140 3647 tablet_bootstrap.cc:482] T 19f492d94e864f1ebd1c70810b0470f7 P 8de6cfa864d64c58bf4eafb689517c93: No blocks or log segments found. Creating new log.
I1010 20:58:41.936529 3655 ts_tablet_manager.cc:664] T 05a5666441ec49d792222a3e8674edf7 P 1031512f5120422e9e22a0afabd78f61: Time spent starting tablet: real 0.004s user 0.000s sys 0.004s
I1010 20:58:41.936539 3653 raft_consensus.cc:275] T 95e7c143b0524a9b9ade2cfcc081e679 P 7f623b00f5ae4b9c8e8940692d5dfd44 [term 0 FOLLOWER]: Replica starting. Triggering 0 pending transactions. Active config: opid_index: -1 OBSOLETE_local: false peers { permanent_uuid: "7f623b00f5ae4b9c8e8940692d5dfd44" member_type: VOTER last_known_addr { host: "127.6.150.7" port: 45436 } } peers { permanent_uuid: "84bde34331b94c4ea003e48f9317f792" member_type: VOTER last_known_addr { host: "127.6.150.0" port: 40113 } } peers { permanent_uuid: "1031512f5120422e9e22a0afabd78f61" member_type: VOTER last_known_addr { host: "127.6.150.1" port: 46963 } }
I1010 20:58:41.936547 3655 ts_tablet_manager.cc:632] T 4aa163baddb74c4998157964dd55b1f4 P 1031512f5120422e9e22a0afabd78f61: Bootstrapping tablet
I1010 20:58:41.936553 3653 raft_consensus.cc:306] T 95e7c143b0524a9b9ade2cfcc081e679 P 7f623b00f5ae4b9c8e8940692d5dfd44 [term 0 FOLLOWER]: Consensus starting up: Expiring failure detector timer to make a prompt election more likely
I1010 20:58:41.936563 3653 raft_consensus.cc:502] T 95e7c143b0524a9b9ade2cfcc081e679 P 7f623b00f5ae4b9c8e8940692d5dfd44 [term 0 FOLLOWER]: Becoming Follower/Learner. State: Replica: 7f623b00f5ae4b9c8e8940692d5dfd44, State: 1, Role: FOLLOWER Watermarks: {Received: term: 0 index: 0 Committed: term: 0 index: 0}
I1010 20:58:41.936573 3653 consensus_queue.cc:168] T 95e7c143b0524a9b9ade2cfcc081e679 P 7f623b00f5ae4b9c8e8940692d5dfd44 [NON_LEADER]: Queue going to NON_LEADER mode. State: All replicated index: 0, Majority replicated index: 0, Committed index: 0, Last appended: 0.0, Current term: 0, Majority size: -1, State: 1, Mode: NON_LEADER
I1010 20:58:41.936694 3655 tablet_bootstrap.cc:380] T 4aa163baddb74c4998157964dd55b1f4 P 1031512f5120422e9e22a0afabd78f61: Bootstrap starting.
I1010 20:58:41.936856 3655 tablet_bootstrap.cc:542] T 4aa163baddb74c4998157964dd55b1f4 P 1031512f5120422e9e22a0afabd78f61: Time spent opening tablet: real 0.000s user 0.000s sys 0.000s
I1010 20:58:41.936980 3655 tablet_bootstrap.cc:482] T 4aa163baddb74c4998157964dd55b1f4 P 1031512f5120422e9e22a0afabd78f61: No blocks or log segments found. Creating new log.
I1010 20:58:41.937206 3654 raft_consensus.cc:275] T 84fcfff9fdef4acf8c2b47f36330567f P b8062d66fd284035ae3bc2567bc11e7c [term 0 FOLLOWER]: Replica starting. Triggering 0 pending transactions. Active config: opid_index: -1 OBSOLETE_local: false peers { permanent_uuid: "b8062d66fd284035ae3bc2567bc11e7c" member_type: VOTER last_known_addr { host: "127.6.150.4" port: 44055 } } peers { permanent_uuid: "1031512f5120422e9e22a0afabd78f61" member_type: VOTER last_known_addr { host: "127.6.150.1" port: 46963 } } peers { permanent_uuid: "42e94fc3adbb419591836d222d946978" member_type: VOTER last_known_addr { host: "127.6.150.8" port: 35299 } }
I1010 20:58:41.937222 3654 raft_consensus.cc:306] T 84fcfff9fdef4acf8c2b47f36330567f P b8062d66fd284035ae3bc2567bc11e7c [term 0 FOLLOWER]: Consensus starting up: Expiring failure detector timer to make a prompt election more likely
I1010 20:58:41.937232 3654 raft_consensus.cc:502] T 84fcfff9fdef4acf8c2b47f36330567f P b8062d66fd284035ae3bc2567bc11e7c [term 0 FOLLOWER]: Becoming Follower/Learner. State: Replica: b8062d66fd284035ae3bc2567bc11e7c, State: 1, Role: FOLLOWER Watermarks: {Received: term: 0 index: 0 Committed: term: 0 index: 0}
I1010 20:58:41.937240 3654 consensus_queue.cc:168] T 84fcfff9fdef4acf8c2b47f36330567f P b8062d66fd284035ae3bc2567bc11e7c [NON_LEADER]: Queue going to NON_LEADER mode. State: All replicated index: 0, Majority replicated index: 0, Committed index: 0, Last appended: 0.0, Current term: 0, Majority size: -1, State: 1, Mode: NON_LEADER
I1010 20:58:41.937386 3652 ts_tablet_manager.cc:664] T 7d680e6840854bca9daef77d506408e9 P 1380a27d6b824575a3a5e139bee139f4: Time spent starting tablet: real 0.003s user 0.000s sys 0.004s
I1010 20:58:41.937403 3652 ts_tablet_manager.cc:632] T 949b26dfeadc4de38868bf4ed994d184 P 1380a27d6b824575a3a5e139bee139f4: Bootstrapping tablet
I1010 20:58:41.937537 3652 tablet_bootstrap.cc:380] T 949b26dfeadc4de38868bf4ed994d184 P 1380a27d6b824575a3a5e139bee139f4: Bootstrap starting.
I1010 20:58:41.937610 3656 raft_consensus.cc:275] T ed24ca4817744964991178277119b367 P 580cbaf7092444dfbc6fb344da88d7b6 [term 0 FOLLOWER]: Replica starting. Triggering 0 pending transactions. Active config: opid_index: -1 OBSOLETE_local: false peers { permanent_uuid: "580cbaf7092444dfbc6fb344da88d7b6" member_type: VOTER last_known_addr { host: "127.6.150.9" port: 51743 } } peers { permanent_uuid: "33ef4317e50042ba95e517992caa6531" member_type: VOTER last_known_addr { host: "127.6.150.5" port: 40764 } } peers { permanent_uuid: "7f623b00f5ae4b9c8e8940692d5dfd44" member_type: VOTER last_known_addr { host: "127.6.150.7" port: 45436 } }
I1010 20:58:41.937636 3656 raft_consensus.cc:306] T ed24ca4817744964991178277119b367 P 580cbaf7092444dfbc6fb344da88d7b6 [term 0 FOLLOWER]: Consensus starting up: Expiring failure detector timer to make a prompt election more likely
I1010 20:58:41.937646 3656 raft_consensus.cc:502] T ed24ca4817744964991178277119b367 P 580cbaf7092444dfbc6fb344da88d7b6 [term 0 FOLLOWER]: Becoming Follower/Learner. State: Replica: 580cbaf7092444dfbc6fb344da88d7b6, State: 1, Role: FOLLOWER Watermarks: {Received: term: 0 index: 0 Committed: term: 0 index: 0}
I1010 20:58:41.937655 3656 consensus_queue.cc:168] T ed24ca4817744964991178277119b367 P 580cbaf7092444dfbc6fb344da88d7b6 [NON_LEADER]: Queue going to NON_LEADER mode. State: All replicated index: 0, Majority replicated index: 0, Committed index: 0, Last appended: 0.0, Current term: 0, Majority size: -1, State: 1, Mode: NON_LEADER
I1010 20:58:41.938665 3654 ts_tablet_manager.cc:664] T 84fcfff9fdef4acf8c2b47f36330567f P b8062d66fd284035ae3bc2567bc11e7c: Time spent starting tablet: real 0.004s user 0.000s sys 0.000s
I1010 20:58:41.938690 3652 tablet_bootstrap.cc:542] T 949b26dfeadc4de38868bf4ed994d184 P 1380a27d6b824575a3a5e139bee139f4: Time spent opening tablet: real 0.000s user 0.000s sys 0.000s
I1010 20:58:41.938709 3654 ts_tablet_manager.cc:632] T 949b26dfeadc4de38868bf4ed994d184 P b8062d66fd284035ae3bc2567bc11e7c: Bootstrapping tablet
I1010 20:58:41.938786 3652 tablet_bootstrap.cc:482] T 949b26dfeadc4de38868bf4ed994d184 P 1380a27d6b824575a3a5e139bee139f4: No blocks or log segments found. Creating new log.
I1010 20:58:41.938829 3654 tablet_bootstrap.cc:380] T 949b26dfeadc4de38868bf4ed994d184 P b8062d66fd284035ae3bc2567bc11e7c: Bootstrap starting.
I1010 20:58:41.938920 3263 heartbeater.cc:365] Master 127.0.0.1:51244 was elected leader, sending a full tablet report...
I1010 20:58:41.938935 3654 tablet_bootstrap.cc:542] T 949b26dfeadc4de38868bf4ed994d184 P b8062d66fd284035ae3bc2567bc11e7c: Time spent opening tablet: real 0.000s user 0.000s sys 0.000s
I1010 20:58:41.939029 3654 tablet_bootstrap.cc:482] T 949b26dfeadc4de38868bf4ed994d184 P b8062d66fd284035ae3bc2567bc11e7c: No blocks or log segments found. Creating new log.
I1010 20:58:41.939098 3650 tablet_bootstrap.cc:380] T 90fa7ae3643e4575a6be1c4936b6cc11 P 42e94fc3adbb419591836d222d946978: No bootstrap required, opened a new log
I1010 20:58:41.939117 3650 ts_tablet_manager.cc:637] T 90fa7ae3643e4575a6be1c4936b6cc11 P 42e94fc3adbb419591836d222d946978: Time spent bootstrapping tablet: real 0.006s user 0.000s sys 0.000s
I1010 20:58:41.939172 3649 tablet_bootstrap.cc:380] T 8da5904fd56d441ea29e61eb9d2b0b2f P 33ef4317e50042ba95e517992caa6531: No bootstrap required, opened a new log
I1010 20:58:41.939188 3649 ts_tablet_manager.cc:637] T 8da5904fd56d441ea29e61eb9d2b0b2f P 33ef4317e50042ba95e517992caa6531: Time spent bootstrapping tablet: real 0.005s user 0.004s sys 0.000s
I1010 20:58:41.939509 3656 ts_tablet_manager.cc:664] T ed24ca4817744964991178277119b367 P 580cbaf7092444dfbc6fb344da88d7b6: Time spent starting tablet: real 0.009s user 0.000s sys 0.000s
I1010 20:58:41.939568 3647 tablet_bootstrap.cc:380] T 19f492d94e864f1ebd1c70810b0470f7 P 8de6cfa864d64c58bf4eafb689517c93: No bootstrap required, opened a new log
I1010 20:58:41.939589 3647 ts_tablet_manager.cc:637] T 19f492d94e864f1ebd1c70810b0470f7 P 8de6cfa864d64c58bf4eafb689517c93: Time spent bootstrapping tablet: real 0.005s user 0.000s sys 0.000s
I1010 20:58:41.939908 3650 raft_consensus.cc:275] T 90fa7ae3643e4575a6be1c4936b6cc11 P 42e94fc3adbb419591836d222d946978 [term 0 FOLLOWER]: Replica starting. Triggering 0 pending transactions. Active config: opid_index: -1 OBSOLETE_local: false peers { permanent_uuid: "1380a27d6b824575a3a5e139bee139f4" member_type: VOTER last_known_addr { host: "127.6.150.6" port: 46774 } } peers { permanent_uuid: "42e94fc3adbb419591836d222d946978" member_type: VOTER last_known_addr { host: "127.6.150.8" port: 35299 } } peers { permanent_uuid: "f6d15ccd64ec49be8396ed78e2a88377" member_type: VOTER last_known_addr { host: "127.6.150.2" port: 33554 } }
I1010 20:58:41.939925 3650 raft_consensus.cc:306] T 90fa7ae3643e4575a6be1c4936b6cc11 P 42e94fc3adbb419591836d222d946978 [term 0 FOLLOWER]: Consensus starting up: Expiring failure detector timer to make a prompt election more likely
I1010 20:58:41.939936 3649 raft_consensus.cc:275] T 8da5904fd56d441ea29e61eb9d2b0b2f P 33ef4317e50042ba95e517992caa6531 [term 0 FOLLOWER]: Replica starting. Triggering 0 pending transactions. Active config: opid_index: -1 OBSOLETE_local: false peers { permanent_uuid: "b8062d66fd284035ae3bc2567bc11e7c" member_type: VOTER last_known_addr { host: "127.6.150.4" port: 44055 } } peers { permanent_uuid: "33ef4317e50042ba95e517992caa6531" member_type: VOTER last_known_addr { host: "127.6.150.5" port: 40764 } } peers { permanent_uuid: "84bde34331b94c4ea003e48f9317f792" member_type: VOTER last_known_addr { host: "127.6.150.0" port: 40113 } }
I1010 20:58:41.939944 3650 raft_consensus.cc:502] T 90fa7ae3643e4575a6be1c4936b6cc11 P 42e94fc3adbb419591836d222d946978 [term 0 FOLLOWER]: Becoming Follower/Learner. State: Replica: 42e94fc3adbb419591836d222d946978, State: 1, Role: FOLLOWER Watermarks: {Received: term: 0 index: 0 Committed: term: 0 index: 0}
I1010 20:58:41.939950 3649 raft_consensus.cc:306] T 8da5904fd56d441ea29e61eb9d2b0b2f P 33ef4317e50042ba95e517992caa6531 [term 0 FOLLOWER]: Consensus starting up: Expiring failure detector timer to make a prompt election more likely
I1010 20:58:41.939954 3650 consensus_queue.cc:168] T 90fa7ae3643e4575a6be1c4936b6cc11 P 42e94fc3adbb419591836d222d946978 [NON_LEADER]: Queue going to NON_LEADER mode. State: All replicated index: 0, Majority replicated index: 0, Committed index: 0, Last appended: 0.0, Current term: 0, Majority size: -1, State: 1, Mode: NON_LEADER
I1010 20:58:41.939961 3649 raft_consensus.cc:502] T 8da5904fd56d441ea29e61eb9d2b0b2f P 33ef4317e50042ba95e517992caa6531 [term 0 FOLLOWER]: Becoming Follower/Learner. State: Replica: 33ef4317e50042ba95e517992caa6531, State: 1, Role: FOLLOWER Watermarks: {Received: term: 0 index: 0 Committed: term: 0 index: 0}
I1010 20:58:41.939971 3649 consensus_queue.cc:168] T 8da5904fd56d441ea29e61eb9d2b0b2f P 33ef4317e50042ba95e517992caa6531 [NON_LEADER]: Queue going to NON_LEADER mode. State: All replicated index: 0, Majority replicated index: 0, Committed index: 0, Last appended: 0.0, Current term: 0, Majority size: -1, State: 1, Mode: NON_LEADER
I1010 20:58:41.940045 3647 raft_consensus.cc:275] T 19f492d94e864f1ebd1c70810b0470f7 P 8de6cfa864d64c58bf4eafb689517c93 [term 0 FOLLOWER]: Replica starting. Triggering 0 pending transactions. Active config: opid_index: -1 OBSOLETE_local: false peers { permanent_uuid: "33ef4317e50042ba95e517992caa6531" member_type: VOTER last_known_addr { host: "127.6.150.5" port: 40764 } } peers { permanent_uuid: "84bde34331b94c4ea003e48f9317f792" member_type: VOTER last_known_addr { host: "127.6.150.0" port: 40113 } } peers { permanent_uuid: "8de6cfa864d64c58bf4eafb689517c93" member_type: VOTER last_known_addr { host: "127.6.150.3" port: 40117 } }
I1010 20:58:41.940063 3647 raft_consensus.cc:306] T 19f492d94e864f1ebd1c70810b0470f7 P 8de6cfa864d64c58bf4eafb689517c93 [term 0 FOLLOWER]: Consensus starting up: Expiring failure detector timer to make a prompt election more likely
I1010 20:58:41.940073 3647 raft_consensus.cc:502] T 19f492d94e864f1ebd1c70810b0470f7 P 8de6cfa864d64c58bf4eafb689517c93 [term 0 FOLLOWER]: Becoming Follower/Learner. State: Replica: 8de6cfa864d64c58bf4eafb689517c93, State: 1, Role: FOLLOWER Watermarks: {Received: term: 0 index: 0 Committed: term: 0 index: 0}
I1010 20:58:41.940083 3647 consensus_queue.cc:168] T 19f492d94e864f1ebd1c70810b0470f7 P 8de6cfa864d64c58bf4eafb689517c93 [NON_LEADER]: Queue going to NON_LEADER mode. State: All replicated index: 0, Majority replicated index: 0, Committed index: 0, Last appended: 0.0, Current term: 0, Majority size: -1, State: 1, Mode: NON_LEADER
I1010 20:58:41.940187 3649 ts_tablet_manager.cc:664] T 8da5904fd56d441ea29e61eb9d2b0b2f P 33ef4317e50042ba95e517992caa6531: Time spent starting tablet: real 0.001s user 0.000s sys 0.000s
I1010 20:58:41.940217 3649 ts_tablet_manager.cc:632] T 19f492d94e864f1ebd1c70810b0470f7 P 33ef4317e50042ba95e517992caa6531: Bootstrapping tablet
I1010 20:58:41.940218 3650 ts_tablet_manager.cc:664] T 90fa7ae3643e4575a6be1c4936b6cc11 P 42e94fc3adbb419591836d222d946978: Time spent starting tablet: real 0.001s user 0.000s sys 0.000s
I1010 20:58:41.940232 3650 ts_tablet_manager.cc:632] T 84fcfff9fdef4acf8c2b47f36330567f P 42e94fc3adbb419591836d222d946978: Bootstrapping tablet
I1010 20:58:41.940343 3649 tablet_bootstrap.cc:380] T 19f492d94e864f1ebd1c70810b0470f7 P 33ef4317e50042ba95e517992caa6531: Bootstrap starting.
I1010 20:58:41.940359 3650 tablet_bootstrap.cc:380] T 84fcfff9fdef4acf8c2b47f36330567f P 42e94fc3adbb419591836d222d946978: Bootstrap starting.
I1010 20:58:41.940459 3649 tablet_bootstrap.cc:542] T 19f492d94e864f1ebd1c70810b0470f7 P 33ef4317e50042ba95e517992caa6531: Time spent opening tablet: real 0.000s user 0.000s sys 0.000s
I1010 20:58:41.940460 3650 tablet_bootstrap.cc:542] T 84fcfff9fdef4acf8c2b47f36330567f P 42e94fc3adbb419591836d222d946978: Time spent opening tablet: real 0.000s user 0.000s sys 0.000s
I1010 20:58:41.940553 3650 tablet_bootstrap.cc:482] T 84fcfff9fdef4acf8c2b47f36330567f P 42e94fc3adbb419591836d222d946978: No blocks or log segments found. Creating new log.
I1010 20:58:41.940562 3649 tablet_bootstrap.cc:482] T 19f492d94e864f1ebd1c70810b0470f7 P 33ef4317e50042ba95e517992caa6531: No blocks or log segments found. Creating new log.
I1010 20:58:41.940767 3647 ts_tablet_manager.cc:664] T 19f492d94e864f1ebd1c70810b0470f7 P 8de6cfa864d64c58bf4eafb689517c93: Time spent starting tablet: real 0.001s user 0.000s sys 0.000s
I1010 20:58:41.940784 3647 ts_tablet_manager.cc:632] T de9d164718e74d3db902ea603ab32407 P 8de6cfa864d64c58bf4eafb689517c93: Bootstrapping tablet
I1010 20:58:41.940898 3647 tablet_bootstrap.cc:380] T de9d164718e74d3db902ea603ab32407 P 8de6cfa864d64c58bf4eafb689517c93: Bootstrap starting.
I1010 20:58:41.941012 3647 tablet_bootstrap.cc:542] T de9d164718e74d3db902ea603ab32407 P 8de6cfa864d64c58bf4eafb689517c93: Time spent opening tablet: real 0.000s user 0.000s sys 0.000s
I1010 20:58:41.941107 3647 tablet_bootstrap.cc:482] T de9d164718e74d3db902ea603ab32407 P 8de6cfa864d64c58bf4eafb689517c93: No blocks or log segments found. Creating new log.
I1010 20:58:41.941718 3648 ts_tablet_manager.cc:664] T 90fa7ae3643e4575a6be1c4936b6cc11 P f6d15ccd64ec49be8396ed78e2a88377: Time spent starting tablet: real 0.007s user 0.000s sys 0.004s
I1010 20:58:41.941738 3648 ts_tablet_manager.cc:632] T 05a5666441ec49d792222a3e8674edf7 P f6d15ccd64ec49be8396ed78e2a88377: Bootstrapping tablet
I1010 20:58:41.941850 3648 tablet_bootstrap.cc:380] T 05a5666441ec49d792222a3e8674edf7 P f6d15ccd64ec49be8396ed78e2a88377: Bootstrap starting.
I1010 20:58:41.941897 3652 tablet_bootstrap.cc:380] T 949b26dfeadc4de38868bf4ed994d184 P 1380a27d6b824575a3a5e139bee139f4: No bootstrap required, opened a new log
I1010 20:58:41.941915 3652 ts_tablet_manager.cc:637] T 949b26dfeadc4de38868bf4ed994d184 P 1380a27d6b824575a3a5e139bee139f4: Time spent bootstrapping tablet: real 0.004s user 0.000s sys 0.000s
I1010 20:58:41.941972 3648 tablet_bootstrap.cc:542] T 05a5666441ec49d792222a3e8674edf7 P f6d15ccd64ec49be8396ed78e2a88377: Time spent opening tablet: real 0.000s user 0.000s sys 0.000s
I1010 20:58:41.942044 3648 tablet_bootstrap.cc:482] T 05a5666441ec49d792222a3e8674edf7 P f6d15ccd64ec49be8396ed78e2a88377: No blocks or log segments found. Creating new log.
I1010 20:58:41.942170 3652 raft_consensus.cc:275] T 949b26dfeadc4de38868bf4ed994d184 P 1380a27d6b824575a3a5e139bee139f4 [term 0 FOLLOWER]: Replica starting. Triggering 0 pending transactions. Active config: opid_index: -1 OBSOLETE_local: false peers { permanent_uuid: "1380a27d6b824575a3a5e139bee139f4" member_type: VOTER last_known_addr { host: "127.6.150.6" port: 46774 } } peers { permanent_uuid: "b8062d66fd284035ae3bc2567bc11e7c" member_type: VOTER last_known_addr { host: "127.6.150.4" port: 44055 } } peers { permanent_uuid: "8de6cfa864d64c58bf4eafb689517c93" member_type: VOTER last_known_addr { host: "127.6.150.3" port: 40117 } }
I1010 20:58:41.942181 3652 raft_consensus.cc:306] T 949b26dfeadc4de38868bf4ed994d184 P 1380a27d6b824575a3a5e139bee139f4 [term 0 FOLLOWER]: Consensus starting up: Expiring failure detector timer to make a prompt election more likely
I1010 20:58:41.942189 3652 raft_consensus.cc:502] T 949b26dfeadc4de38868bf4ed994d184 P 1380a27d6b824575a3a5e139bee139f4 [term 0 FOLLOWER]: Becoming Follower/Learner. State: Replica: 1380a27d6b824575a3a5e139bee139f4, State: 1, Role: FOLLOWER Watermarks: {Received: term: 0 index: 0 Committed: term: 0 index: 0}
I1010 20:58:41.942196 3652 consensus_queue.cc:168] T 949b26dfeadc4de38868bf4ed994d184 P 1380a27d6b824575a3a5e139bee139f4 [NON_LEADER]: Queue going to NON_LEADER mode. State: All replicated index: 0, Majority replicated index: 0, Committed index: 0, Last appended: 0.0, Current term: 0, Majority size: -1, State: 1, Mode: NON_LEADER
I1010 20:58:41.942319 3652 ts_tablet_manager.cc:664] T 949b26dfeadc4de38868bf4ed994d184 P 1380a27d6b824575a3a5e139bee139f4: Time spent starting tablet: real 0.000s user 0.000s sys 0.000s
I1010 20:58:41.942332 3652 ts_tablet_manager.cc:632] T 981834f5e88f4585b6420fca7ddcb289 P 1380a27d6b824575a3a5e139bee139f4: Bootstrapping tablet
I1010 20:58:41.942435 3652 tablet_bootstrap.cc:380] T 981834f5e88f4585b6420fca7ddcb289 P 1380a27d6b824575a3a5e139bee139f4: Bootstrap starting.
I1010 20:58:41.942912 3652 tablet_bootstrap.cc:542] T 981834f5e88f4585b6420fca7ddcb289 P 1380a27d6b824575a3a5e139bee139f4: Time spent opening tablet: real 0.000s user 0.000s sys 0.000s
I1010 20:58:41.943006 3652 tablet_bootstrap.cc:482] T 981834f5e88f4585b6420fca7ddcb289 P 1380a27d6b824575a3a5e139bee139f4: No blocks or log segments found. Creating new log.
I1010 20:58:41.943240 3653 ts_tablet_manager.cc:664] T 95e7c143b0524a9b9ade2cfcc081e679 P 7f623b00f5ae4b9c8e8940692d5dfd44: Time spent starting tablet: real 0.010s user 0.000s sys 0.004s
I1010 20:58:41.943259 3653 ts_tablet_manager.cc:632] T ed24ca4817744964991178277119b367 P 7f623b00f5ae4b9c8e8940692d5dfd44: Bootstrapping tablet
I1010 20:58:41.943377 3653 tablet_bootstrap.cc:380] T ed24ca4817744964991178277119b367 P 7f623b00f5ae4b9c8e8940692d5dfd44: Bootstrap starting.
I1010 20:58:41.943464 3653 tablet_bootstrap.cc:542] T ed24ca4817744964991178277119b367 P 7f623b00f5ae4b9c8e8940692d5dfd44: Time spent opening tablet: real 0.000s user 0.000s sys 0.000s
I1010 20:58:41.943543 3653 tablet_bootstrap.cc:482] T ed24ca4817744964991178277119b367 P 7f623b00f5ae4b9c8e8940692d5dfd44: No blocks or log segments found. Creating new log.
I1010 20:58:41.943732 3651 tablet_bootstrap.cc:380] T 95e7c143b0524a9b9ade2cfcc081e679 P 84bde34331b94c4ea003e48f9317f792: No bootstrap required, opened a new log
I1010 20:58:41.943754 3651 ts_tablet_manager.cc:637] T 95e7c143b0524a9b9ade2cfcc081e679 P 84bde34331b94c4ea003e48f9317f792: Time spent bootstrapping tablet: real 0.010s user 0.000s sys 0.004s
I1010 20:58:41.944200 3651 raft_consensus.cc:275] T 95e7c143b0524a9b9ade2cfcc081e679 P 84bde34331b94c4ea003e48f9317f792 [term 0 FOLLOWER]: Replica starting. Triggering 0 pending transactions. Active config: opid_index: -1 OBSOLETE_local: false peers { permanent_uuid: "7f623b00f5ae4b9c8e8940692d5dfd44" member_type: VOTER last_known_addr { host: "127.6.150.7" port: 45436 } } peers { permanent_uuid: "84bde34331b94c4ea003e48f9317f792" member_type: VOTER last_known_addr { host: "127.6.150.0" port: 40113 } } peers { permanent_uuid: "1031512f5120422e9e22a0afabd78f61" member_type: VOTER last_known_addr { host: "127.6.150.1" port: 46963 } }
I1010 20:58:41.944229 3651 raft_consensus.cc:306] T 95e7c143b0524a9b9ade2cfcc081e679 P 84bde34331b94c4ea003e48f9317f792 [term 0 FOLLOWER]: Consensus starting up: Expiring failure detector timer to make a prompt election more likely
I1010 20:58:41.944241 3651 raft_consensus.cc:502] T 95e7c143b0524a9b9ade2cfcc081e679 P 84bde34331b94c4ea003e48f9317f792 [term 0 FOLLOWER]: Becoming Follower/Learner. State: Replica: 84bde34331b94c4ea003e48f9317f792, State: 1, Role: FOLLOWER Watermarks: {Received: term: 0 index: 0 Committed: term: 0 index: 0}
I1010 20:58:41.944249 3651 consensus_queue.cc:168] T 95e7c143b0524a9b9ade2cfcc081e679 P 84bde34331b94c4ea003e48f9317f792 [NON_LEADER]: Queue going to NON_LEADER mode. State: All replicated index: 0, Majority replicated index: 0, Committed index: 0, Last appended: 0.0, Current term: 0, Majority size: -1, State: 1, Mode: NON_LEADER
I1010 20:58:41.944631 3761 raft_consensus.cc:375] T 7d680e6840854bca9daef77d506408e9 P 1380a27d6b824575a3a5e139bee139f4 [term 0 FOLLOWER]: No leader contacted us within the election timeout. Triggering leader election
I1010 20:58:41.944658 3761 raft_consensus.cc:2031] T 7d680e6840854bca9daef77d506408e9 P 1380a27d6b824575a3a5e139bee139f4 [term 0 FOLLOWER]: Advancing to term 1
I1010 20:58:41.944986 3761 raft_consensus.cc:1981] T 7d680e6840854bca9daef77d506408e9 P 1380a27d6b824575a3a5e139bee139f4 [term 1 FOLLOWER]: Snoozing failure detection for election timeout plus an additional 1.643s
I1010 20:58:41.945044 3761 raft_consensus.cc:391] T 7d680e6840854bca9daef77d506408e9 P 1380a27d6b824575a3a5e139bee139f4 [term 1 FOLLOWER]: Starting election with config: opid_index: -1 OBSOLETE_local: false peers { permanent_uuid: "84bde34331b94c4ea003e48f9317f792" member_type: VOTER last_known_addr { host: "127.6.150.0" port: 40113 } } peers { permanent_uuid: "33ef4317e50042ba95e517992caa6531" member_type: VOTER last_known_addr { host: "127.6.150.5" port: 40764 } } peers { permanent_uuid: "1380a27d6b824575a3a5e139bee139f4" member_type: VOTER last_known_addr { host: "127.6.150.6" port: 46774 } }
I1010 20:58:41.945438 3651 ts_tablet_manager.cc:664] T 95e7c143b0524a9b9ade2cfcc081e679 P 84bde34331b94c4ea003e48f9317f792: Time spent starting tablet: real 0.002s user 0.000s sys 0.000s
I1010 20:58:41.945469 3651 ts_tablet_manager.cc:632] T 19f492d94e864f1ebd1c70810b0470f7 P 84bde34331b94c4ea003e48f9317f792: Bootstrapping tablet
I1010 20:58:41.945610 3651 tablet_bootstrap.cc:380] T 19f492d94e864f1ebd1c70810b0470f7 P 84bde34331b94c4ea003e48f9317f792: Bootstrap starting.
I1010 20:58:41.945756 3651 tablet_bootstrap.cc:542] T 19f492d94e864f1ebd1c70810b0470f7 P 84bde34331b94c4ea003e48f9317f792: Time spent opening tablet: real 0.000s user 0.000s sys 0.000s
I1010 20:58:41.945870 3651 tablet_bootstrap.cc:482] T 19f492d94e864f1ebd1c70810b0470f7 P 84bde34331b94c4ea003e48f9317f792: No blocks or log segments found. Creating new log.
I1010 20:58:42.066865 3742 raft_consensus.cc:375] T f2289fb138ea4a5ab6c02803c4e9aa51 P 42e94fc3adbb419591836d222d946978 [term 0 FOLLOWER]: No leader contacted us within the election timeout. Triggering leader election
I1010 20:58:42.066884 3742 raft_consensus.cc:2031] T f2289fb138ea4a5ab6c02803c4e9aa51 P 42e94fc3adbb419591836d222d946978 [term 0 FOLLOWER]: Advancing to term 1
I1010 20:58:42.067195 3742 raft_consensus.cc:1981] T f2289fb138ea4a5ab6c02803c4e9aa51 P 42e94fc3adbb419591836d222d946978 [term 1 FOLLOWER]: Snoozing failure detection for election timeout plus an additional 1.525s
I1010 20:58:42.067256 3742 raft_consensus.cc:391] T f2289fb138ea4a5ab6c02803c4e9aa51 P 42e94fc3adbb419591836d222d946978 [term 1 FOLLOWER]: Starting election with config: opid_index: -1 OBSOLETE_local: false peers { permanent_uuid: "42e94fc3adbb419591836d222d946978" member_type: VOTER last_known_addr { host: "127.6.150.8" port: 35299 } } peers { permanent_uuid: "b8062d66fd284035ae3bc2567bc11e7c" member_type: VOTER last_known_addr { host: "127.6.150.4" port: 44055 } } peers { permanent_uuid: "7f623b00f5ae4b9c8e8940692d5dfd44" member_type: VOTER last_known_addr { host: "127.6.150.7" port: 45436 } }
I1010 20:58:42.085882 3764 raft_consensus.cc:375] T 84fcfff9fdef4acf8c2b47f36330567f P b8062d66fd284035ae3bc2567bc11e7c [term 0 FOLLOWER]: No leader contacted us within the election timeout. Triggering leader election
I1010 20:58:42.085901 3764 raft_consensus.cc:2031] T 84fcfff9fdef4acf8c2b47f36330567f P b8062d66fd284035ae3bc2567bc11e7c [term 0 FOLLOWER]: Advancing to term 1
I1010 20:58:42.086154 3764 raft_consensus.cc:1981] T 84fcfff9fdef4acf8c2b47f36330567f P b8062d66fd284035ae3bc2567bc11e7c [term 1 FOLLOWER]: Snoozing failure detection for election timeout plus an additional 1.526s
I1010 20:58:42.086190 3764 raft_consensus.cc:391] T 84fcfff9fdef4acf8c2b47f36330567f P b8062d66fd284035ae3bc2567bc11e7c [term 1 FOLLOWER]: Starting election with config: opid_index: -1 OBSOLETE_local: false peers { permanent_uuid: "b8062d66fd284035ae3bc2567bc11e7c" member_type: VOTER last_known_addr { host: "127.6.150.4" port: 44055 } } peers { permanent_uuid: "1031512f5120422e9e22a0afabd78f61" member_type: VOTER last_known_addr { host: "127.6.150.1" port: 46963 } } peers { permanent_uuid: "42e94fc3adbb419591836d222d946978" member_type: VOTER last_known_addr { host: "127.6.150.8" port: 35299 } }
I1010 20:58:42.154217 3720 raft_consensus.cc:375] T f2289fb138ea4a5ab6c02803c4e9aa51 P b8062d66fd284035ae3bc2567bc11e7c [term 0 FOLLOWER]: No leader contacted us within the election timeout. Triggering leader election
I1010 20:58:42.154229 3720 raft_consensus.cc:2031] T f2289fb138ea4a5ab6c02803c4e9aa51 P b8062d66fd284035ae3bc2567bc11e7c [term 0 FOLLOWER]: Advancing to term 1
I1010 20:58:42.169792 3737 raft_consensus.cc:375] T ed24ca4817744964991178277119b367 P 580cbaf7092444dfbc6fb344da88d7b6 [term 0 FOLLOWER]: No leader contacted us within the election timeout. Triggering leader election
I1010 20:58:42.169811 3737 raft_consensus.cc:2031] T ed24ca4817744964991178277119b367 P 580cbaf7092444dfbc6fb344da88d7b6 [term 0 FOLLOWER]: Advancing to term 1
I1010 20:58:42.170161 3737 raft_consensus.cc:1981] T ed24ca4817744964991178277119b367 P 580cbaf7092444dfbc6fb344da88d7b6 [term 1 FOLLOWER]: Snoozing failure detection for election timeout plus an additional 1.648s
I1010 20:58:42.170204 3737 raft_consensus.cc:391] T ed24ca4817744964991178277119b367 P 580cbaf7092444dfbc6fb344da88d7b6 [term 1 FOLLOWER]: Starting election with config: opid_index: -1 OBSOLETE_local: false peers { permanent_uuid: "580cbaf7092444dfbc6fb344da88d7b6" member_type: VOTER last_known_addr { host: "127.6.150.9" port: 51743 } } peers { permanent_uuid: "33ef4317e50042ba95e517992caa6531" member_type: VOTER last_known_addr { host: "127.6.150.5" port: 40764 } } peers { permanent_uuid: "7f623b00f5ae4b9c8e8940692d5dfd44" member_type: VOTER last_known_addr { host: "127.6.150.7" port: 45436 } }
I1010 20:58:42.274718 3748 raft_consensus.cc:375] T 05a5666441ec49d792222a3e8674edf7 P 1031512f5120422e9e22a0afabd78f61 [term 0 FOLLOWER]: No leader contacted us within the election timeout. Triggering leader election
I1010 20:58:42.274734 3748 raft_consensus.cc:2031] T 05a5666441ec49d792222a3e8674edf7 P 1031512f5120422e9e22a0afabd78f61 [term 0 FOLLOWER]: Advancing to term 1
I1010 20:58:42.274958 3748 raft_consensus.cc:1981] T 05a5666441ec49d792222a3e8674edf7 P 1031512f5120422e9e22a0afabd78f61 [term 1 FOLLOWER]: Snoozing failure detection for election timeout plus an additional 1.576s
I1010 20:58:42.274994 3748 raft_consensus.cc:391] T 05a5666441ec49d792222a3e8674edf7 P 1031512f5120422e9e22a0afabd78f61 [term 1 FOLLOWER]: Starting election with config: opid_index: -1 OBSOLETE_local: false peers { permanent_uuid: "33ef4317e50042ba95e517992caa6531" member_type: VOTER last_known_addr { host: "127.6.150.5" port: 40764 } } peers { permanent_uuid: "f6d15ccd64ec49be8396ed78e2a88377" member_type: VOTER last_known_addr { host: "127.6.150.2" port: 33554 } } peers { permanent_uuid: "1031512f5120422e9e22a0afabd78f61" member_type: VOTER last_known_addr { host: "127.6.150.1" port: 46963 } }
I1010 20:58:42.285156 3673 raft_consensus.cc:375] T 17a4ac4e4e164cebb4d88f59511cf926 P 580cbaf7092444dfbc6fb344da88d7b6 [term 0 FOLLOWER]: No leader contacted us within the election timeout. Triggering leader election
I1010 20:58:42.285168 3673 raft_consensus.cc:2031] T 17a4ac4e4e164cebb4d88f59511cf926 P 580cbaf7092444dfbc6fb344da88d7b6 [term 0 FOLLOWER]: Advancing to term 1
I1010 20:58:42.300998 3744 raft_consensus.cc:375] T de9d164718e74d3db902ea603ab32407 P 7f623b00f5ae4b9c8e8940692d5dfd44 [term 0 FOLLOWER]: No leader contacted us within the election timeout. Triggering leader election
I1010 20:58:42.301018 3744 raft_consensus.cc:2031] T de9d164718e74d3db902ea603ab32407 P 7f623b00f5ae4b9c8e8940692d5dfd44 [term 0 FOLLOWER]: Advancing to term 1
I1010 20:58:42.301363 3744 raft_consensus.cc:1981] T de9d164718e74d3db902ea603ab32407 P 7f623b00f5ae4b9c8e8940692d5dfd44 [term 1 FOLLOWER]: Snoozing failure detection for election timeout plus an additional 1.590s
I1010 20:58:42.301398 3744 raft_consensus.cc:391] T de9d164718e74d3db902ea603ab32407 P 7f623b00f5ae4b9c8e8940692d5dfd44 [term 1 FOLLOWER]: Starting election with config: opid_index: -1 OBSOLETE_local: false peers { permanent_uuid: "7f623b00f5ae4b9c8e8940692d5dfd44" member_type: VOTER last_known_addr { host: "127.6.150.7" port: 45436 } } peers { permanent_uuid: "b8062d66fd284035ae3bc2567bc11e7c" member_type: VOTER last_known_addr { host: "127.6.150.4" port: 44055 } } peers { permanent_uuid: "8de6cfa864d64c58bf4eafb689517c93" member_type: VOTER last_known_addr { host: "127.6.150.3" port: 40117 } }
I1010 20:58:42.308909 3654 tablet_bootstrap.cc:380] T 949b26dfeadc4de38868bf4ed994d184 P b8062d66fd284035ae3bc2567bc11e7c: No bootstrap required, opened a new log
I1010 20:58:42.308912 3655 tablet_bootstrap.cc:380] T 4aa163baddb74c4998157964dd55b1f4 P 1031512f5120422e9e22a0afabd78f61: No bootstrap required, opened a new log
I1010 20:58:42.308941 3654 ts_tablet_manager.cc:637] T 949b26dfeadc4de38868bf4ed994d184 P b8062d66fd284035ae3bc2567bc11e7c: Time spent bootstrapping tablet: real 0.370s user 0.000s sys 0.000s
I1010 20:58:42.308944 3655 ts_tablet_manager.cc:637] T 4aa163baddb74c4998157964dd55b1f4 P 1031512f5120422e9e22a0afabd78f61: Time spent bootstrapping tablet: real 0.372s user 0.000s sys 0.000s
I1010 20:58:42.309238 3649 tablet_bootstrap.cc:380] T 19f492d94e864f1ebd1c70810b0470f7 P 33ef4317e50042ba95e517992caa6531: No bootstrap required, opened a new log
I1010 20:58:42.309260 3649 ts_tablet_manager.cc:637] T 19f492d94e864f1ebd1c70810b0470f7 P 33ef4317e50042ba95e517992caa6531: Time spent bootstrapping tablet: real 0.369s user 0.000s sys 0.000s
I1010 20:58:42.309326 3655 raft_consensus.cc:275] T 4aa163baddb74c4998157964dd55b1f4 P 1031512f5120422e9e22a0afabd78f61 [term 0 FOLLOWER]: Replica starting. Triggering 0 pending transactions. Active config: opid_index: -1 OBSOLETE_local: false peers { permanent_uuid: "8de6cfa864d64c58bf4eafb689517c93" member_type: VOTER last_known_addr { host: "127.6.150.3" port: 40117 } } peers { permanent_uuid: "84bde34331b94c4ea003e48f9317f792" member_type: VOTER last_known_addr { host: "127.6.150.0" port: 40113 } } peers { permanent_uuid: "1031512f5120422e9e22a0afabd78f61" member_type: VOTER last_known_addr { host: "127.6.150.1" port: 46963 } }
I1010 20:58:42.309340 3655 raft_consensus.cc:306] T 4aa163baddb74c4998157964dd55b1f4 P 1031512f5120422e9e22a0afabd78f61 [term 0 FOLLOWER]: Consensus starting up: Expiring failure detector timer to make a prompt election more likely
I1010 20:58:42.309350 3655 raft_consensus.cc:502] T 4aa163baddb74c4998157964dd55b1f4 P 1031512f5120422e9e22a0afabd78f61 [term 0 FOLLOWER]: Becoming Follower/Learner. State: Replica: 1031512f5120422e9e22a0afabd78f61, State: 1, Role: FOLLOWER Watermarks: {Received: term: 0 index: 0 Committed: term: 0 index: 0}
I1010 20:58:42.309358 3655 consensus_queue.cc:168] T 4aa163baddb74c4998157964dd55b1f4 P 1031512f5120422e9e22a0afabd78f61 [NON_LEADER]: Queue going to NON_LEADER mode. State: All replicated index: 0, Majority replicated index: 0, Committed index: 0, Last appended: 0.0, Current term: 0, Majority size: -1, State: 1, Mode: NON_LEADER
I1010 20:58:42.309504 3655 ts_tablet_manager.cc:664] T 4aa163baddb74c4998157964dd55b1f4 P 1031512f5120422e9e22a0afabd78f61: Time spent starting tablet: real 0.001s user 0.000s sys 0.000s
I1010 20:58:42.309521 3655 ts_tablet_manager.cc:632] T 981834f5e88f4585b6420fca7ddcb289 P 1031512f5120422e9e22a0afabd78f61: Bootstrapping tablet
I1010 20:58:42.309533 3654 raft_consensus.cc:275] T 949b26dfeadc4de38868bf4ed994d184 P b8062d66fd284035ae3bc2567bc11e7c [term 0 FOLLOWER]: Replica starting. Triggering 0 pending transactions. Active config: opid_index: -1 OBSOLETE_local: false peers { permanent_uuid: "1380a27d6b824575a3a5e139bee139f4" member_type: VOTER last_known_addr { host: "127.6.150.6" port: 46774 } } peers { permanent_uuid: "b8062d66fd284035ae3bc2567bc11e7c" member_type: VOTER last_known_addr { host: "127.6.150.4" port: 44055 } } peers { permanent_uuid: "8de6cfa864d64c58bf4eafb689517c93" member_type: VOTER last_known_addr { host: "127.6.150.3" port: 40117 } }
I1010 20:58:42.309557 3654 raft_consensus.cc:306] T 949b26dfeadc4de38868bf4ed994d184 P b8062d66fd284035ae3bc2567bc11e7c [term 0 FOLLOWER]: Consensus starting up: Expiring failure detector timer to make a prompt election more likely
I1010 20:58:42.309566 3654 raft_consensus.cc:502] T 949b26dfeadc4de38868bf4ed994d184 P b8062d66fd284035ae3bc2567bc11e7c [term 0 FOLLOWER]: Becoming Follower/Learner. State: Replica: b8062d66fd284035ae3bc2567bc11e7c, State: 1, Role: FOLLOWER Watermarks: {Received: term: 0 index: 0 Committed: term: 0 index: 0}
I1010 20:58:42.309576 3654 consensus_queue.cc:168] T 949b26dfeadc4de38868bf4ed994d184 P b8062d66fd284035ae3bc2567bc11e7c [NON_LEADER]: Queue going to NON_LEADER mode. State: All replicated index: 0, Majority replicated index: 0, Committed index: 0, Last appended: 0.0, Current term: 0, Majority size: -1, State: 1, Mode: NON_LEADER
I1010 20:58:42.309639 3655 tablet_bootstrap.cc:380] T 981834f5e88f4585b6420fca7ddcb289 P 1031512f5120422e9e22a0afabd78f61: Bootstrap starting.
I1010 20:58:42.309648 3649 raft_consensus.cc:275] T 19f492d94e864f1ebd1c70810b0470f7 P 33ef4317e50042ba95e517992caa6531 [term 0 FOLLOWER]: Replica starting. Triggering 0 pending transactions. Active config: opid_index: -1 OBSOLETE_local: false peers { permanent_uuid: "33ef4317e50042ba95e517992caa6531" member_type: VOTER last_known_addr { host: "127.6.150.5" port: 40764 } } peers { permanent_uuid: "84bde34331b94c4ea003e48f9317f792" member_type: VOTER last_known_addr { host: "127.6.150.0" port: 40113 } } peers { permanent_uuid: "8de6cfa864d64c58bf4eafb689517c93" member_type: VOTER last_known_addr { host: "127.6.150.3" port: 40117 } }
I1010 20:58:42.309667 3649 raft_consensus.cc:306] T 19f492d94e864f1ebd1c70810b0470f7 P 33ef4317e50042ba95e517992caa6531 [term 0 FOLLOWER]: Consensus starting up: Expiring failure detector timer to make a prompt election more likely
I1010 20:58:42.309677 3649 raft_consensus.cc:502] T 19f492d94e864f1ebd1c70810b0470f7 P 33ef4317e50042ba95e517992caa6531 [term 0 FOLLOWER]: Becoming Follower/Learner. State: Replica: 33ef4317e50042ba95e517992caa6531, State: 1, Role: FOLLOWER Watermarks: {Received: term: 0 index: 0 Committed: term: 0 index: 0}
I1010 20:58:42.309685 3649 consensus_queue.cc:168] T 19f492d94e864f1ebd1c70810b0470f7 P 33ef4317e50042ba95e517992caa6531 [NON_LEADER]: Queue going to NON_LEADER mode. State: All replicated index: 0, Majority replicated index: 0, Committed index: 0, Last appended: 0.0, Current term: 0, Majority size: -1, State: 1, Mode: NON_LEADER
I1010 20:58:42.309756 3654 ts_tablet_manager.cc:664] T 949b26dfeadc4de38868bf4ed994d184 P b8062d66fd284035ae3bc2567bc11e7c: Time spent starting tablet: real 0.001s user 0.004s sys 0.000s
I1010 20:58:42.309770 3654 ts_tablet_manager.cc:632] T de9d164718e74d3db902ea603ab32407 P b8062d66fd284035ae3bc2567bc11e7c: Bootstrapping tablet
I1010 20:58:42.309783 3655 tablet_bootstrap.cc:542] T 981834f5e88f4585b6420fca7ddcb289 P 1031512f5120422e9e22a0afabd78f61: Time spent opening tablet: real 0.000s user 0.000s sys 0.000s
I1010 20:58:42.309983 3655 tablet_bootstrap.cc:482] T 981834f5e88f4585b6420fca7ddcb289 P 1031512f5120422e9e22a0afabd78f61: No blocks or log segments found. Creating new log.
I1010 20:58:42.309983 3654 tablet_bootstrap.cc:380] T de9d164718e74d3db902ea603ab32407 P b8062d66fd284035ae3bc2567bc11e7c: Bootstrap starting.
I1010 20:58:42.310143 3654 tablet_bootstrap.cc:542] T de9d164718e74d3db902ea603ab32407 P b8062d66fd284035ae3bc2567bc11e7c: Time spent opening tablet: real 0.000s user 0.000s sys 0.000s
I1010 20:58:42.310287 3654 tablet_bootstrap.cc:482] T de9d164718e74d3db902ea603ab32407 P b8062d66fd284035ae3bc2567bc11e7c: No blocks or log segments found. Creating new log.
I1010 20:58:42.311578 3649 ts_tablet_manager.cc:664] T 19f492d94e864f1ebd1c70810b0470f7 P 33ef4317e50042ba95e517992caa6531: Time spent starting tablet: real 0.002s user 0.000s sys 0.000s
I1010 20:58:42.311594 3649 ts_tablet_manager.cc:632] T 4c179cfa32ee4128ad57d34140e5320f P 33ef4317e50042ba95e517992caa6531: Bootstrapping tablet
I1010 20:58:42.311707 3649 tablet_bootstrap.cc:380] T 4c179cfa32ee4128ad57d34140e5320f P 33ef4317e50042ba95e517992caa6531: Bootstrap starting.
I1010 20:58:42.311818 3649 tablet_bootstrap.cc:542] T 4c179cfa32ee4128ad57d34140e5320f P 33ef4317e50042ba95e517992caa6531: Time spent opening tablet: real 0.000s user 0.000s sys 0.000s
I1010 20:58:42.311911 3649 tablet_bootstrap.cc:482] T 4c179cfa32ee4128ad57d34140e5320f P 33ef4317e50042ba95e517992caa6531: No blocks or log segments found. Creating new log.
I1010 20:58:42.312340 3651 tablet_bootstrap.cc:380] T 19f492d94e864f1ebd1c70810b0470f7 P 84bde34331b94c4ea003e48f9317f792: No bootstrap required, opened a new log
I1010 20:58:42.312364 3651 ts_tablet_manager.cc:637] T 19f492d94e864f1ebd1c70810b0470f7 P 84bde34331b94c4ea003e48f9317f792: Time spent bootstrapping tablet: real 0.367s user 0.000s sys 0.000s
I1010 20:58:42.312507 3650 tablet_bootstrap.cc:380] T 84fcfff9fdef4acf8c2b47f36330567f P 42e94fc3adbb419591836d222d946978: No bootstrap required, opened a new log
I1010 20:58:42.312543 3650 ts_tablet_manager.cc:637] T 84fcfff9fdef4acf8c2b47f36330567f P 42e94fc3adbb419591836d222d946978: Time spent bootstrapping tablet: real 0.372s user 0.000s sys 0.004s
I1010 20:58:42.312683 3647 tablet_bootstrap.cc:380] T de9d164718e74d3db902ea603ab32407 P 8de6cfa864d64c58bf4eafb689517c93: No bootstrap required, opened a new log
I1010 20:58:42.312711 3647 ts_tablet_manager.cc:637] T de9d164718e74d3db902ea603ab32407 P 8de6cfa864d64c58bf4eafb689517c93: Time spent bootstrapping tablet: real 0.372s user 0.000s sys 0.004s
I1010 20:58:42.312906 3653 tablet_bootstrap.cc:380] T ed24ca4817744964991178277119b367 P 7f623b00f5ae4b9c8e8940692d5dfd44: No bootstrap required, opened a new log
I1010 20:58:42.312937 3653 ts_tablet_manager.cc:637] T ed24ca4817744964991178277119b367 P 7f623b00f5ae4b9c8e8940692d5dfd44: Time spent bootstrapping tablet: real 0.370s user 0.000s sys 0.000s
I1010 20:58:42.313045 3648 tablet_bootstrap.cc:380] T 05a5666441ec49d792222a3e8674edf7 P f6d15ccd64ec49be8396ed78e2a88377: No bootstrap required, opened a new log
I1010 20:58:42.313082 3648 ts_tablet_manager.cc:637] T 05a5666441ec49d792222a3e8674edf7 P f6d15ccd64ec49be8396ed78e2a88377: Time spent bootstrapping tablet: real 0.371s user 0.000s sys 0.000s
I1010 20:58:42.313244 3650 raft_consensus.cc:275] T 84fcfff9fdef4acf8c2b47f36330567f P 42e94fc3adbb419591836d222d946978 [term 0 FOLLOWER]: Replica starting. Triggering 0 pending transactions. Active config: opid_index: -1 OBSOLETE_local: false peers { permanent_uuid: "b8062d66fd284035ae3bc2567bc11e7c" member_type: VOTER last_known_addr { host: "127.6.150.4" port: 44055 } } peers { permanent_uuid: "1031512f5120422e9e22a0afabd78f61" member_type: VOTER last_known_addr { host: "127.6.150.1" port: 46963 } } peers { permanent_uuid: "42e94fc3adbb419591836d222d946978" member_type: VOTER last_known_addr { host: "127.6.150.8" port: 35299 } }
I1010 20:58:42.313263 3650 raft_consensus.cc:306] T 84fcfff9fdef4acf8c2b47f36330567f P 42e94fc3adbb419591836d222d946978 [term 0 FOLLOWER]: Consensus starting up: Expiring failure detector timer to make a prompt election more likely
I1010 20:58:42.313272 3650 raft_consensus.cc:502] T 84fcfff9fdef4acf8c2b47f36330567f P 42e94fc3adbb419591836d222d946978 [term 0 FOLLOWER]: Becoming Follower/Learner. State: Replica: 42e94fc3adbb419591836d222d946978, State: 1, Role: FOLLOWER Watermarks: {Received: term: 0 index: 0 Committed: term: 0 index: 0}
I1010 20:58:42.313288 3650 consensus_queue.cc:168] T 84fcfff9fdef4acf8c2b47f36330567f P 42e94fc3adbb419591836d222d946978 [NON_LEADER]: Queue going to NON_LEADER mode. State: All replicated index: 0, Majority replicated index: 0, Committed index: 0, Last appended: 0.0, Current term: 0, Majority size: -1, State: 1, Mode: NON_LEADER
I1010 20:58:42.313314 3647 raft_consensus.cc:275] T de9d164718e74d3db902ea603ab32407 P 8de6cfa864d64c58bf4eafb689517c93 [term 0 FOLLOWER]: Replica starting. Triggering 0 pending transactions. Active config: opid_index: -1 OBSOLETE_local: false peers { permanent_uuid: "7f623b00f5ae4b9c8e8940692d5dfd44" member_type: VOTER last_known_addr { host: "127.6.150.7" port: 45436 } } peers { permanent_uuid: "b8062d66fd284035ae3bc2567bc11e7c" member_type: VOTER last_known_addr { host: "127.6.150.4" port: 44055 } } peers { permanent_uuid: "8de6cfa864d64c58bf4eafb689517c93" member_type: VOTER last_known_addr { host: "127.6.150.3" port: 40117 } }
I1010 20:58:42.313331 3647 raft_consensus.cc:306] T de9d164718e74d3db902ea603ab32407 P 8de6cfa864d64c58bf4eafb689517c93 [term 0 FOLLOWER]: Consensus starting up: Expiring failure detector timer to make a prompt election more likely
I1010 20:58:42.313345 3647 raft_consensus.cc:502] T de9d164718e74d3db902ea603ab32407 P 8de6cfa864d64c58bf4eafb689517c93 [term 0 FOLLOWER]: Becoming Follower/Learner. State: Replica: 8de6cfa864d64c58bf4eafb689517c93, State: 1, Role: FOLLOWER Watermarks: {Received: term: 0 index: 0 Committed: term: 0 index: 0}
I1010 20:58:42.313354 3647 consensus_queue.cc:168] T de9d164718e74d3db902ea603ab32407 P 8de6cfa864d64c58bf4eafb689517c93 [NON_LEADER]: Queue going to NON_LEADER mode. State: All replicated index: 0, Majority replicated index: 0, Committed index: 0, Last appended: 0.0, Current term: 0, Majority size: -1, State: 1, Mode: NON_LEADER
I1010 20:58:42.313359 3653 raft_consensus.cc:275] T ed24ca4817744964991178277119b367 P 7f623b00f5ae4b9c8e8940692d5dfd44 [term 0 FOLLOWER]: Replica starting. Triggering 0 pending transactions. Active config: opid_index: -1 OBSOLETE_local: false peers { permanent_uuid: "580cbaf7092444dfbc6fb344da88d7b6" member_type: VOTER last_known_addr { host: "127.6.150.9" port: 51743 } } peers { permanent_uuid: "33ef4317e50042ba95e517992caa6531" member_type: VOTER last_known_addr { host: "127.6.150.5" port: 40764 } } peers { permanent_uuid: "7f623b00f5ae4b9c8e8940692d5dfd44" member_type: VOTER last_known_addr { host: "127.6.150.7" port: 45436 } }
I1010 20:58:42.313375 3653 raft_consensus.cc:306] T ed24ca4817744964991178277119b367 P 7f623b00f5ae4b9c8e8940692d5dfd44 [term 0 FOLLOWER]: Consensus starting up: Expiring failure detector timer to make a prompt election more likely
I1010 20:58:42.313385 3653 raft_consensus.cc:502] T ed24ca4817744964991178277119b367 P 7f623b00f5ae4b9c8e8940692d5dfd44 [term 0 FOLLOWER]: Becoming Follower/Learner. State: Replica: 7f623b00f5ae4b9c8e8940692d5dfd44, State: 1, Role: FOLLOWER Watermarks: {Received: term: 0 index: 0 Committed: term: 0 index: 0}
I1010 20:58:42.313393 3653 consensus_queue.cc:168] T ed24ca4817744964991178277119b367 P 7f623b00f5ae4b9c8e8940692d5dfd44 [NON_LEADER]: Queue going to NON_LEADER mode. State: All replicated index: 0, Majority replicated index: 0, Committed index: 0, Last appended: 0.0, Current term: 0, Majority size: -1, State: 1, Mode: NON_LEADER
I1010 20:58:42.313426 3648 raft_consensus.cc:275] T 05a5666441ec49d792222a3e8674edf7 P f6d15ccd64ec49be8396ed78e2a88377 [term 0 FOLLOWER]: Replica starting. Triggering 0 pending transactions. Active config: opid_index: -1 OBSOLETE_local: false peers { permanent_uuid: "33ef4317e50042ba95e517992caa6531" member_type: VOTER last_known_addr { host: "127.6.150.5" port: 40764 } } peers { permanent_uuid: "f6d15ccd64ec49be8396ed78e2a88377" member_type: VOTER last_known_addr { host: "127.6.150.2" port: 33554 } } peers { permanent_uuid: "1031512f5120422e9e22a0afabd78f61" member_type: VOTER last_known_addr { host: "127.6.150.1" port: 46963 } }
I1010 20:58:42.313444 3648 raft_consensus.cc:306] T 05a5666441ec49d792222a3e8674edf7 P f6d15ccd64ec49be8396ed78e2a88377 [term 0 FOLLOWER]: Consensus starting up: Expiring failure detector timer to make a prompt election more likely
I1010 20:58:42.313454 3648 raft_consensus.cc:502] T 05a5666441ec49d792222a3e8674edf7 P f6d15ccd64ec49be8396ed78e2a88377 [term 0 FOLLOWER]: Becoming Follower/Learner. State: Replica: f6d15ccd64ec49be8396ed78e2a88377, State: 1, Role: FOLLOWER Watermarks: {Received: term: 0 index: 0 Committed: term: 0 index: 0}
I1010 20:58:42.313464 3648 consensus_queue.cc:168] T 05a5666441ec49d792222a3e8674edf7 P f6d15ccd64ec49be8396ed78e2a88377 [NON_LEADER]: Queue going to NON_LEADER mode. State: All replicated index: 0, Majority replicated index: 0, Committed index: 0, Last appended: 0.0, Current term: 0, Majority size: -1, State: 1, Mode: NON_LEADER
