I1010 20:58:56.253584 2801 leader_election.cc:361] T 872042177fee42c9b6c380a1b657755e P 8de6cfa864d64c58bf4eafb689517c93 [CANDIDATE]: Term 2 election: Vote denied by peer f6d15ccd64ec49be8396ed78e2a88377. Message: Service unavailable: T 872042177fee42c9b6c380a1b657755e P f6d15ccd64ec49be8396ed78e2a88377 [term 2 FOLLOWER]: Leader election vote request: Denying vote to candidate 8de6cfa864d64c58bf4eafb689517c93 for term 2 because replica is already servicing an update from a current leader or another vote.
I1010 20:58:56.253603 2801 leader_election.cc:248] T 872042177fee42c9b6c380a1b657755e P 8de6cfa864d64c58bf4eafb689517c93 [CANDIDATE]: Term 2 election: Election decided. Result: candidate lost.
I1010 20:58:56.253706 4156 raft_consensus.cc:1981] T 872042177fee42c9b6c380a1b657755e P 8de6cfa864d64c58bf4eafb689517c93 [term 2 FOLLOWER]: Snoozing failure detection for election timeout plus an additional 1.705s
I1010 20:58:56.253720 4151 raft_consensus.cc:1981] T 872042177fee42c9b6c380a1b657755e P 42e94fc3adbb419591836d222d946978 [term 2 FOLLOWER]: Snoozing failure detection for election timeout plus an additional 1.543s
I1010 20:58:56.253741 4156 raft_consensus.cc:1823] T 872042177fee42c9b6c380a1b657755e P 8de6cfa864d64c58bf4eafb689517c93 [term 2 FOLLOWER]: Leader election lost for term 2. Reason: None given
I1010 20:58:56.253748 4105 raft_consensus.cc:1981] T 05a5666441ec49d792222a3e8674edf7 P f6d15ccd64ec49be8396ed78e2a88377 [term 2 FOLLOWER]: Snoozing failure detection for election timeout plus an additional 1.508s
I1010 20:58:56.253753 4151 raft_consensus.cc:1823] T 872042177fee42c9b6c380a1b657755e P 42e94fc3adbb419591836d222d946978 [term 2 FOLLOWER]: Leader election lost for term 2. Reason: None given
I1010 20:58:56.253758 4105 raft_consensus.cc:1823] T 05a5666441ec49d792222a3e8674edf7 P f6d15ccd64ec49be8396ed78e2a88377 [term 2 FOLLOWER]: Leader election lost for term 2. Reason: None given
I1010 20:58:56.253793 4153 raft_consensus.cc:1981] T 872042177fee42c9b6c380a1b657755e P f6d15ccd64ec49be8396ed78e2a88377 [term 2 FOLLOWER]: Snoozing failure detection for election timeout plus an additional 1.717s
I1010 20:58:56.253829 4150 raft_consensus.cc:1981] T 05a5666441ec49d792222a3e8674edf7 P 33ef4317e50042ba95e517992caa6531 [term 2 FOLLOWER]: Snoozing failure detection for election timeout plus an additional 1.650s
I1010 20:58:56.253844 4150 raft_consensus.cc:1823] T 05a5666441ec49d792222a3e8674edf7 P 33ef4317e50042ba95e517992caa6531 [term 2 FOLLOWER]: Leader election lost for term 2. Reason: None given
I1010 20:58:56.253855 4153 raft_consensus.cc:1823] T 872042177fee42c9b6c380a1b657755e P f6d15ccd64ec49be8396ed78e2a88377 [term 2 FOLLOWER]: Leader election lost for term 2. Reason: None given
W1010 20:58:56.330180 2919 consensus_peers.cc:332] T 84fcfff9fdef4acf8c2b47f36330567f P b8062d66fd284035ae3bc2567bc11e7c -> Peer 1031512f5120422e9e22a0afabd78f61 (127.6.150.1:46963): Couldn't send request to peer 1031512f5120422e9e22a0afabd78f61 for tablet 84fcfff9fdef4acf8c2b47f36330567f. Status: Timed out: UpdateConsensus RPC to 127.6.150.1:46963 timed out after 1.000s. Retrying in the next heartbeat period. Already tried 3 times.
W1010 20:58:56.670840 2800 consensus_peers.cc:332] T 4aa163baddb74c4998157964dd55b1f4 P 8de6cfa864d64c58bf4eafb689517c93 -> Peer 1031512f5120422e9e22a0afabd78f61 (127.6.150.1:46963): Couldn't send request to peer 1031512f5120422e9e22a0afabd78f61 for tablet 4aa163baddb74c4998157964dd55b1f4. Status: Timed out: UpdateConsensus RPC to 127.6.150.1:46963 timed out after 1.000s. Retrying in the next heartbeat period. Already tried 1 times.
W1010 20:58:56.702596 3273 leader_election.cc:275] T de9d164718e74d3db902ea603ab32407 P 7f623b00f5ae4b9c8e8940692d5dfd44 [CANDIDATE]: Term 2 election: RPC error from VoteRequest() call to peer 8de6cfa864d64c58bf4eafb689517c93: Timed out: RequestConsensusVote RPC to 127.6.150.3:40117 timed out after 1.534s
W1010 20:58:56.725730 3507 leader_election.cc:275] T 7836528275cb45aab827361611bb3bbe P 580cbaf7092444dfbc6fb344da88d7b6 [CANDIDATE]: Term 2 election: RPC error from VoteRequest() call to peer 8de6cfa864d64c58bf4eafb689517c93: Timed out: RequestConsensusVote RPC to 127.6.150.3:40117 timed out after 1.564s
I1010 20:58:56.725772 3507 leader_election.cc:248] T 7836528275cb45aab827361611bb3bbe P 580cbaf7092444dfbc6fb344da88d7b6 [CANDIDATE]: Term 2 election: Election decided. Result: candidate lost.
I1010 20:58:56.725982 4159 raft_consensus.cc:1981] T 7836528275cb45aab827361611bb3bbe P 580cbaf7092444dfbc6fb344da88d7b6 [term 2 FOLLOWER]: Snoozing failure detection for election timeout plus an additional 1.788s
I1010 20:58:56.725999 4159 raft_consensus.cc:1823] T 7836528275cb45aab827361611bb3bbe P 580cbaf7092444dfbc6fb344da88d7b6 [term 2 FOLLOWER]: Leader election lost for term 2. Reason: None given
I1010 20:58:56.752178 3569 raft_consensus.cc:857] T 970154c84d6849cc83af1d9e5ad6980d P 580cbaf7092444dfbc6fb344da88d7b6 [term 2 FOLLOWER]: Refusing update from remote peer b8062d66fd284035ae3bc2567bc11e7c: Log matching property violated. Preceding OpId in replica: term: 0 index: 0. Preceding OpId from leader: term: 2 index: 1. (index mismatch)
I1010 20:58:56.752255 2514 raft_consensus.cc:857] T 970154c84d6849cc83af1d9e5ad6980d P 84bde34331b94c4ea003e48f9317f792 [term 2 FOLLOWER]: Refusing update from remote peer b8062d66fd284035ae3bc2567bc11e7c: Log matching property violated. Preceding OpId in replica: term: 0 index: 0. Preceding OpId from leader: term: 2 index: 1. (index mismatch)
I1010 20:58:56.752347 4144 consensus_queue.cc:652] T 970154c84d6849cc83af1d9e5ad6980d P b8062d66fd284035ae3bc2567bc11e7c [LEADER]: Connected to new peer: Peer: 580cbaf7092444dfbc6fb344da88d7b6, Is new: false, Last received: 0.0, Next index: 1, Last known committed idx: 0, Last exchange result: ERROR, Needs tablet copy: false
I1010 20:58:56.752506 4160 consensus_queue.cc:652] T 970154c84d6849cc83af1d9e5ad6980d P b8062d66fd284035ae3bc2567bc11e7c [LEADER]: Connected to new peer: Peer: 84bde34331b94c4ea003e48f9317f792, Is new: false, Last received: 0.0, Next index: 1, Last known committed idx: 0, Last exchange result: ERROR, Needs tablet copy: false
W1010 20:58:56.758087 3156 leader_election.cc:275] T 981834f5e88f4585b6420fca7ddcb289 P 1380a27d6b824575a3a5e139bee139f4 [CANDIDATE]: Term 2 election: RPC error from VoteRequest() call to peer 8de6cfa864d64c58bf4eafb689517c93: Timed out: RequestConsensusVote RPC to 127.6.150.3:40117 timed out after 1.591s
W1010 20:58:56.758832 3154 leader_election.cc:275] T 981834f5e88f4585b6420fca7ddcb289 P 1380a27d6b824575a3a5e139bee139f4 [CANDIDATE]: Term 2 election: RPC error from VoteRequest() call to peer 1031512f5120422e9e22a0afabd78f61: Timed out: RequestConsensusVote RPC to 127.6.150.1:46963 timed out after 1.591s
I1010 20:58:56.758846 3154 leader_election.cc:248] T 981834f5e88f4585b6420fca7ddcb289 P 1380a27d6b824575a3a5e139bee139f4 [CANDIDATE]: Term 2 election: Election decided. Result: candidate lost.
I1010 20:58:56.758970 4164 raft_consensus.cc:1981] T 981834f5e88f4585b6420fca7ddcb289 P 1380a27d6b824575a3a5e139bee139f4 [term 2 FOLLOWER]: Snoozing failure detection for election timeout plus an additional 1.522s
I1010 20:58:56.758985 4164 raft_consensus.cc:1823] T 981834f5e88f4585b6420fca7ddcb289 P 1380a27d6b824575a3a5e139bee139f4 [term 2 FOLLOWER]: Leader election lost for term 2. Reason: None given
W1010 20:58:56.780542 3390 leader_election.cc:275] T f2289fb138ea4a5ab6c02803c4e9aa51 P 42e94fc3adbb419591836d222d946978 [CANDIDATE]: Term 3 election: RPC error from VoteRequest() call to peer b8062d66fd284035ae3bc2567bc11e7c: Timed out: RequestConsensusVote RPC to 127.6.150.4:44055 timed out after 1.614s
W1010 20:58:56.780586 3390 leader_election.cc:275] T f2289fb138ea4a5ab6c02803c4e9aa51 P 42e94fc3adbb419591836d222d946978 [CANDIDATE]: Term 3 election: RPC error from VoteRequest() call to peer 7f623b00f5ae4b9c8e8940692d5dfd44: Timed out: RequestConsensusVote RPC to 127.6.150.7:45436 timed out after 1.614s
I1010 20:58:56.780593 3390 leader_election.cc:248] T f2289fb138ea4a5ab6c02803c4e9aa51 P 42e94fc3adbb419591836d222d946978 [CANDIDATE]: Term 3 election: Election decided. Result: candidate lost.
I1010 20:58:56.780773 4165 raft_consensus.cc:1981] T f2289fb138ea4a5ab6c02803c4e9aa51 P 42e94fc3adbb419591836d222d946978 [term 3 FOLLOWER]: Snoozing failure detection for election timeout plus an additional 1.520s
I1010 20:58:56.780787 4165 raft_consensus.cc:1823] T f2289fb138ea4a5ab6c02803c4e9aa51 P 42e94fc3adbb419591836d222d946978 [term 3 FOLLOWER]: Leader election lost for term 3. Reason: None given
I1010 20:58:56.804744 3882 raft_consensus.cc:375] T 8da5904fd56d441ea29e61eb9d2b0b2f P b8062d66fd284035ae3bc2567bc11e7c [term 2 FOLLOWER]: No leader contacted us within the election timeout. Triggering leader election
I1010 20:58:56.804756 3882 raft_consensus.cc:2031] T 8da5904fd56d441ea29e61eb9d2b0b2f P b8062d66fd284035ae3bc2567bc11e7c [term 2 FOLLOWER]: Advancing to term 3
I1010 20:58:56.806427 3891 raft_consensus.cc:375] T f689db1eddb54b1f85b7df38d14534b4 P 42e94fc3adbb419591836d222d946978 [term 2 FOLLOWER]: No leader contacted us within the election timeout. Triggering leader election
I1010 20:58:56.806439 3891 raft_consensus.cc:2031] T f689db1eddb54b1f85b7df38d14534b4 P 42e94fc3adbb419591836d222d946978 [term 2 FOLLOWER]: Advancing to term 3
I1010 20:58:56.806779 3891 raft_consensus.cc:1981] T f689db1eddb54b1f85b7df38d14534b4 P 42e94fc3adbb419591836d222d946978 [term 3 FOLLOWER]: Snoozing failure detection for election timeout plus an additional 1.641s
I1010 20:58:56.806844 3891 raft_consensus.cc:391] T f689db1eddb54b1f85b7df38d14534b4 P 42e94fc3adbb419591836d222d946978 [term 3 FOLLOWER]: Starting election with config: opid_index: -1 OBSOLETE_local: false peers { permanent_uuid: "f6d15ccd64ec49be8396ed78e2a88377" member_type: VOTER last_known_addr { host: "127.6.150.2" port: 33554 } } peers { permanent_uuid: "1380a27d6b824575a3a5e139bee139f4" member_type: VOTER last_known_addr { host: "127.6.150.6" port: 46774 } } peers { permanent_uuid: "42e94fc3adbb419591836d222d946978" member_type: VOTER last_known_addr { host: "127.6.150.8" port: 35299 } }
I1010 20:58:56.825356 3754 raft_consensus.cc:375] T 7d680e6840854bca9daef77d506408e9 P 84bde34331b94c4ea003e48f9317f792 [term 2 FOLLOWER]: No leader contacted us within the election timeout. Triggering leader election
I1010 20:58:56.825397 3754 raft_consensus.cc:2031] T 7d680e6840854bca9daef77d506408e9 P 84bde34331b94c4ea003e48f9317f792 [term 2 FOLLOWER]: Advancing to term 3
I1010 20:58:56.879410 3673 raft_consensus.cc:375] T 17a4ac4e4e164cebb4d88f59511cf926 P 580cbaf7092444dfbc6fb344da88d7b6 [term 2 FOLLOWER]: No leader contacted us within the election timeout. Triggering leader election
I1010 20:58:56.879426 3673 raft_consensus.cc:2031] T 17a4ac4e4e164cebb4d88f59511cf926 P 580cbaf7092444dfbc6fb344da88d7b6 [term 2 FOLLOWER]: Advancing to term 3
I1010 20:58:56.879685 3673 raft_consensus.cc:1981] T 17a4ac4e4e164cebb4d88f59511cf926 P 580cbaf7092444dfbc6fb344da88d7b6 [term 3 FOLLOWER]: Snoozing failure detection for election timeout plus an additional 1.513s
I1010 20:58:56.879721 3673 raft_consensus.cc:391] T 17a4ac4e4e164cebb4d88f59511cf926 P 580cbaf7092444dfbc6fb344da88d7b6 [term 3 FOLLOWER]: Starting election with config: opid_index: -1 OBSOLETE_local: false peers { permanent_uuid: "580cbaf7092444dfbc6fb344da88d7b6" member_type: VOTER last_known_addr { host: "127.6.150.9" port: 51743 } } peers { permanent_uuid: "7f623b00f5ae4b9c8e8940692d5dfd44" member_type: VOTER last_known_addr { host: "127.6.150.7" port: 45436 } } peers { permanent_uuid: "1031512f5120422e9e22a0afabd78f61" member_type: VOTER last_known_addr { host: "127.6.150.1" port: 46963 } }
I1010 20:58:56.937952 3871 raft_consensus.cc:375] T 7836528275cb45aab827361611bb3bbe P 42e94fc3adbb419591836d222d946978 [term 2 FOLLOWER]: No leader contacted us within the election timeout. Triggering leader election
I1010 20:58:56.937968 3871 raft_consensus.cc:2031] T 7836528275cb45aab827361611bb3bbe P 42e94fc3adbb419591836d222d946978 [term 2 FOLLOWER]: Advancing to term 3
I1010 20:58:57.123172 3829 raft_consensus.cc:375] T 17a4ac4e4e164cebb4d88f59511cf926 P 7f623b00f5ae4b9c8e8940692d5dfd44 [term 2 FOLLOWER]: No leader contacted us within the election timeout. Triggering leader election
I1010 20:58:57.123212 3829 raft_consensus.cc:2031] T 17a4ac4e4e164cebb4d88f59511cf926 P 7f623b00f5ae4b9c8e8940692d5dfd44 [term 2 FOLLOWER]: Advancing to term 3
I1010 20:58:57.269773 3789 raft_consensus.cc:375] T 949b26dfeadc4de38868bf4ed994d184 P 1380a27d6b824575a3a5e139bee139f4 [term 2 FOLLOWER]: No leader contacted us within the election timeout. Triggering leader election
I1010 20:58:57.269791 3789 raft_consensus.cc:2031] T 949b26dfeadc4de38868bf4ed994d184 P 1380a27d6b824575a3a5e139bee139f4 [term 2 FOLLOWER]: Advancing to term 3
I1010 20:58:57.373584 3805 raft_consensus.cc:375] T 949b26dfeadc4de38868bf4ed994d184 P b8062d66fd284035ae3bc2567bc11e7c [term 2 FOLLOWER]: No leader contacted us within the election timeout. Triggering leader election
I1010 20:58:57.373600 3805 raft_consensus.cc:2031] T 949b26dfeadc4de38868bf4ed994d184 P b8062d66fd284035ae3bc2567bc11e7c [term 2 FOLLOWER]: Advancing to term 3
W1010 20:58:57.765588 3039 leader_election.cc:275] T 4c179cfa32ee4128ad57d34140e5320f P 33ef4317e50042ba95e517992caa6531 [CANDIDATE]: Term 2 election: RPC error from VoteRequest() call to peer 7f623b00f5ae4b9c8e8940692d5dfd44: Timed out: RequestConsensusVote RPC to 127.6.150.7:45436 timed out after 1.513s
I1010 20:58:57.765609 3039 leader_election.cc:248] T 4c179cfa32ee4128ad57d34140e5320f P 33ef4317e50042ba95e517992caa6531 [CANDIDATE]: Term 2 election: Election decided. Result: candidate lost.
I1010 20:58:57.765851 4166 raft_consensus.cc:1981] T 4c179cfa32ee4128ad57d34140e5320f P 33ef4317e50042ba95e517992caa6531 [term 2 FOLLOWER]: Snoozing failure detection for election timeout plus an additional 1.708s
I1010 20:58:57.765867 4166 raft_consensus.cc:1823] T 4c179cfa32ee4128ad57d34140e5320f P 33ef4317e50042ba95e517992caa6531 [term 2 FOLLOWER]: Leader election lost for term 2. Reason: None given
W1010 20:58:57.825301 2685 leader_election.cc:275] T 4c179cfa32ee4128ad57d34140e5320f P f6d15ccd64ec49be8396ed78e2a88377 [CANDIDATE]: Term 2 election: RPC error from VoteRequest() call to peer 7f623b00f5ae4b9c8e8940692d5dfd44: Timed out: RequestConsensusVote RPC to 127.6.150.7:45436 timed out after 1.573s
I1010 20:58:57.825317 2685 leader_election.cc:248] T 4c179cfa32ee4128ad57d34140e5320f P f6d15ccd64ec49be8396ed78e2a88377 [CANDIDATE]: Term 2 election: Election decided. Result: candidate lost.
I1010 20:58:57.825479 4167 raft_consensus.cc:1981] T 4c179cfa32ee4128ad57d34140e5320f P f6d15ccd64ec49be8396ed78e2a88377 [term 2 FOLLOWER]: Snoozing failure detection for election timeout plus an additional 1.792s
I1010 20:58:57.825495 4167 raft_consensus.cc:1823] T 4c179cfa32ee4128ad57d34140e5320f P f6d15ccd64ec49be8396ed78e2a88377 [term 2 FOLLOWER]: Leader election lost for term 2. Reason: None given
W1010 20:58:57.830025 2919 consensus_peers.cc:332] T 84fcfff9fdef4acf8c2b47f36330567f P b8062d66fd284035ae3bc2567bc11e7c -> Peer 1031512f5120422e9e22a0afabd78f61 (127.6.150.1:46963): Couldn't send request to peer 1031512f5120422e9e22a0afabd78f61 for tablet 84fcfff9fdef4acf8c2b47f36330567f. Status: Timed out: UpdateConsensus RPC to 127.6.150.1:46963 timed out after 1.000s. Retrying in the next heartbeat period. Already tried 4 times.
W1010 20:58:57.905129 2985 consensus_meta.cc:188] T f2289fb138ea4a5ab6c02803c4e9aa51 P b8062d66fd284035ae3bc2567bc11e7c: Time spent flushing consensus metadata: real 1.657s user 0.000s sys 0.000s
I1010 20:58:57.905161 2985 raft_consensus.cc:1677] T f2289fb138ea4a5ab6c02803c4e9aa51 P b8062d66fd284035ae3bc2567bc11e7c [term 3 FOLLOWER]: Leader election vote request: Granting yes vote for candidate 42e94fc3adbb419591836d222d946978 in term 3.
W1010 20:58:57.905174 2985 rpcz_store.cc:234] Call kudu.consensus.ConsensusService.RequestConsensusVote from 127.6.150.8:46146 (request call id 4) took 2739ms (client timeout 1614).
W1010 20:58:57.905185 2985 rpcz_store.cc:238] Trace: 1010 20:58:55.165637 (+ 0us) service_pool.cc:143] Inserting onto call queue 1010 20:58:55.165641 (+ 4us) service_pool.cc:202] Handling call 1010 20:58:57.905169 (+2739528us) inbound_call.cc:130] Queueing success response Metrics: {}
W1010 20:58:57.905479 3882 consensus_meta.cc:188] T 8da5904fd56d441ea29e61eb9d2b0b2f P b8062d66fd284035ae3bc2567bc11e7c: Time spent flushing consensus metadata: real 1.101s user 0.000s sys 0.000s
I1010 20:58:57.905505 3882 raft_consensus.cc:1981] T 8da5904fd56d441ea29e61eb9d2b0b2f P b8062d66fd284035ae3bc2567bc11e7c [term 3 FOLLOWER]: Snoozing failure detection for election timeout plus an additional 1.602s
I1010 20:58:57.905530 3882 raft_consensus.cc:391] T 8da5904fd56d441ea29e61eb9d2b0b2f P b8062d66fd284035ae3bc2567bc11e7c [term 3 FOLLOWER]: Starting election with config: opid_index: -1 OBSOLETE_local: false peers { permanent_uuid: "b8062d66fd284035ae3bc2567bc11e7c" member_type: VOTER last_known_addr { host: "127.6.150.4" port: 44055 } } peers { permanent_uuid: "33ef4317e50042ba95e517992caa6531" member_type: VOTER last_known_addr { host: "127.6.150.5" port: 40764 } } peers { permanent_uuid: "84bde34331b94c4ea003e48f9317f792" member_type: VOTER last_known_addr { host: "127.6.150.0" port: 40113 } }
W1010 20:58:57.905835 3217 consensus_meta.cc:188] T 90fa7ae3643e4575a6be1c4936b6cc11 P 1380a27d6b824575a3a5e139bee139f4: Time spent flushing consensus metadata: real 1.656s user 0.000s sys 0.000s
I1010 20:58:57.905886 3217 raft_consensus.cc:1677] T 90fa7ae3643e4575a6be1c4936b6cc11 P 1380a27d6b824575a3a5e139bee139f4 [term 3 FOLLOWER]: Leader election vote request: Granting yes vote for candidate 42e94fc3adbb419591836d222d946978 in term 3.
W1010 20:58:57.905915 3217 rpcz_store.cc:234] Call kudu.consensus.ConsensusService.RequestConsensusVote from 127.6.150.8:57074 (request call id 4) took 4271ms (client timeout 1757).
W1010 20:58:57.905956 3217 rpcz_store.cc:238] Trace: 1010 20:58:53.634518 (+ 0us) service_pool.cc:143] Inserting onto call queue 1010 20:58:53.634523 (+ 5us) service_pool.cc:202] Handling call 1010 20:58:57.905909 (+4271386us) inbound_call.cc:130] Queueing success response Metrics: {}
I1010 20:58:57.906015 3848 raft_consensus.cc:375] T 90fa7ae3643e4575a6be1c4936b6cc11 P 1380a27d6b824575a3a5e139bee139f4 [term 3 FOLLOWER]: No leader contacted us within the election timeout. Triggering leader election
I1010 20:58:57.906033 3848 raft_consensus.cc:2031] T 90fa7ae3643e4575a6be1c4936b6cc11 P 1380a27d6b824575a3a5e139bee139f4 [term 3 FOLLOWER]: Advancing to term 4
W1010 20:58:57.906406 3755 consensus_meta.cc:188] T 95e7c143b0524a9b9ade2cfcc081e679 P 7f623b00f5ae4b9c8e8940692d5dfd44: Time spent flushing consensus metadata: real 1.658s user 0.000s sys 0.000s
I1010 20:58:57.906600 3755 leader_election.cc:223] T 95e7c143b0524a9b9ade2cfcc081e679 P 7f623b00f5ae4b9c8e8940692d5dfd44 [CANDIDATE]: Term 2 election: Requesting vote from peer 84bde34331b94c4ea003e48f9317f792
I1010 20:58:57.906616 3755 leader_election.cc:223] T 95e7c143b0524a9b9ade2cfcc081e679 P 7f623b00f5ae4b9c8e8940692d5dfd44 [CANDIDATE]: Term 2 election: Requesting vote from peer 1031512f5120422e9e22a0afabd78f61
I1010 20:58:57.906641 3337 raft_consensus.cc:1609] T 95e7c143b0524a9b9ade2cfcc081e679 P 7f623b00f5ae4b9c8e8940692d5dfd44 [term 2 FOLLOWER]: Leader election vote request: Denying vote to candidate 1031512f5120422e9e22a0afabd78f61 in current term 2: Already voted for candidate 7f623b00f5ae4b9c8e8940692d5dfd44 in this term.
I1010 20:58:57.906728 4080 raft_consensus.cc:1981] T 95e7c143b0524a9b9ade2cfcc081e679 P 7f623b00f5ae4b9c8e8940692d5dfd44 [term 2 FOLLOWER]: Snoozing failure detection for election timeout plus an additional 1.727s
I1010 20:58:57.906738 4080 raft_consensus.cc:1823] T 95e7c143b0524a9b9ade2cfcc081e679 P 7f623b00f5ae4b9c8e8940692d5dfd44 [term 2 FOLLOWER]: Leader election lost for term 1. Reason: None given
W1010 20:58:57.906764 3870 consensus_meta.cc:188] T f2289fb138ea4a5ab6c02803c4e9aa51 P 7f623b00f5ae4b9c8e8940692d5dfd44: Time spent flushing consensus metadata: real 2.905s user 0.000s sys 0.000s
I1010 20:58:57.906781 3870 raft_consensus.cc:1981] T f2289fb138ea4a5ab6c02803c4e9aa51 P 7f623b00f5ae4b9c8e8940692d5dfd44 [term 3 FOLLOWER]: Snoozing failure detection for election timeout plus an additional 1.660s
I1010 20:58:57.906803 3870 raft_consensus.cc:391] T f2289fb138ea4a5ab6c02803c4e9aa51 P 7f623b00f5ae4b9c8e8940692d5dfd44 [term 3 FOLLOWER]: Starting election with config: opid_index: -1 OBSOLETE_local: false peers { permanent_uuid: "42e94fc3adbb419591836d222d946978" member_type: VOTER last_known_addr { host: "127.6.150.8" port: 35299 } } peers { permanent_uuid: "b8062d66fd284035ae3bc2567bc11e7c" member_type: VOTER last_known_addr { host: "127.6.150.4" port: 44055 } } peers { permanent_uuid: "7f623b00f5ae4b9c8e8940692d5dfd44" member_type: VOTER last_known_addr { host: "127.6.150.7" port: 45436 } }
W1010 20:58:57.906816 3889 consensus_meta.cc:188] T 4c179cfa32ee4128ad57d34140e5320f P 7f623b00f5ae4b9c8e8940692d5dfd44: Time spent flushing consensus metadata: real 4.334s user 0.000s sys 0.000s
I1010 20:58:57.906833 3889 raft_consensus.cc:1981] T 4c179cfa32ee4128ad57d34140e5320f P 7f623b00f5ae4b9c8e8940692d5dfd44 [term 2 FOLLOWER]: Snoozing failure detection for election timeout plus an additional 1.769s
I1010 20:58:57.906857 3889 raft_consensus.cc:391] T 4c179cfa32ee4128ad57d34140e5320f P 7f623b00f5ae4b9c8e8940692d5dfd44 [term 2 FOLLOWER]: Starting election with config: opid_index: -1 OBSOLETE_local: false peers { permanent_uuid: "f6d15ccd64ec49be8396ed78e2a88377" member_type: VOTER last_known_addr { host: "127.6.150.2" port: 33554 } } peers { permanent_uuid: "33ef4317e50042ba95e517992caa6531" member_type: VOTER last_known_addr { host: "127.6.150.5" port: 40764 } } peers { permanent_uuid: "7f623b00f5ae4b9c8e8940692d5dfd44" member_type: VOTER last_known_addr { host: "127.6.150.7" port: 45436 } }
W1010 20:58:57.906904 3337 rpcz_store.cc:234] Call kudu.consensus.ConsensusService.RequestConsensusVote from 127.6.150.1:46701 (request call id 3) took 4272ms (client timeout 1720).
W1010 20:58:57.906980 3332 consensus_meta.cc:188] T de9d164718e74d3db902ea603ab32407 P 7f623b00f5ae4b9c8e8940692d5dfd44: Time spent flushing consensus metadata: real 1.656s user 0.000s sys 0.000s
I1010 20:58:57.907004 3332 raft_consensus.cc:1981] T de9d164718e74d3db902ea603ab32407 P 7f623b00f5ae4b9c8e8940692d5dfd44 [term 3 FOLLOWER]: Snoozing failure detection for election timeout plus an additional 1.995s
W1010 20:58:57.907014 3337 rpcz_store.cc:238] Trace: 1010 20:58:53.634328 (+ 0us) service_pool.cc:143] Inserting onto call queue 1010 20:58:53.634339 (+ 11us) service_pool.cc:202] Handling call 1010 20:58:57.906876 (+4272537us) spinlock_profiling.cc:255] Waited 4.27 s on lock 0x3e5b970. stack: 00000000019065e1 0000000000976813 000000000078868f 0000000000a22fbf 0000000000a23be2 0000000001911c69 00007f3fb2fbf181 00007f3fb1ea747c ffffffffffffffff 1010 20:58:57.906881 (+ 5us) inbound_call.cc:130] Queueing success response Metrics: {"spinlock_wait_cycles":9826269568}
W1010 20:58:57.907090 3863 consensus_meta.cc:188] T 981834f5e88f4585b6420fca7ddcb289 P 8de6cfa864d64c58bf4eafb689517c93: Time spent flushing consensus metadata: real 1.659s user 0.000s sys 0.000s
I1010 20:58:57.907261 3863 leader_election.cc:223] T 981834f5e88f4585b6420fca7ddcb289 P 8de6cfa864d64c58bf4eafb689517c93 [CANDIDATE]: Term 2 election: Requesting vote from peer 1031512f5120422e9e22a0afabd78f61
I1010 20:58:57.907284 3863 leader_election.cc:223] T 981834f5e88f4585b6420fca7ddcb289 P 8de6cfa864d64c58bf4eafb689517c93 [CANDIDATE]: Term 2 election: Requesting vote from peer 1380a27d6b824575a3a5e139bee139f4
I1010 20:58:57.907322 4102 raft_consensus.cc:1981] T 981834f5e88f4585b6420fca7ddcb289 P 8de6cfa864d64c58bf4eafb689517c93 [term 2 FOLLOWER]: Snoozing failure detection for election timeout plus an additional 1.526s
W1010 20:58:57.907367 3794 consensus_meta.cc:188] T 95e7c143b0524a9b9ade2cfcc081e679 P 84bde34331b94c4ea003e48f9317f792: Time spent flushing consensus metadata: real 1.657s user 0.000s sys 0.000s
I1010 20:58:57.907385 4102 raft_consensus.cc:1823] T 981834f5e88f4585b6420fca7ddcb289 P 8de6cfa864d64c58bf4eafb689517c93 [term 2 FOLLOWER]: Leader election lost for term 1. Reason: None given
I1010 20:58:57.907412 2864 raft_consensus.cc:1609] T 981834f5e88f4585b6420fca7ddcb289 P 8de6cfa864d64c58bf4eafb689517c93 [term 2 FOLLOWER]: Leader election vote request: Denying vote to candidate 1380a27d6b824575a3a5e139bee139f4 in current term 2: Already voted for candidate 8de6cfa864d64c58bf4eafb689517c93 in this term.
W1010 20:58:57.907446 2864 rpcz_store.cc:234] Call kudu.consensus.ConsensusService.RequestConsensusVote from 127.6.150.6:47110 (request call id 4) took 2739ms (client timeout 1591).
W1010 20:58:57.907445 2865 consensus_meta.cc:188] T 7836528275cb45aab827361611bb3bbe P 8de6cfa864d64c58bf4eafb689517c93: Time spent flushing consensus metadata: real 2.747s user 0.000s sys 0.000s
I1010 20:58:57.907467 2865 raft_consensus.cc:1981] T 7836528275cb45aab827361611bb3bbe P 8de6cfa864d64c58bf4eafb689517c93 [term 2 FOLLOWER]: Snoozing failure detection for election timeout plus an additional 1.667s
W1010 20:58:57.907469 2864 rpcz_store.cc:238] Trace: 1010 20:58:55.167558 (+ 0us) service_pool.cc:143] Inserting onto call queue 1010 20:58:55.167597 (+ 39us) service_pool.cc:202] Handling call 1010 20:58:57.907428 (+2739831us) spinlock_profiling.cc:255] Waited 2.74 s on lock 0x3f9e9b0. stack: 00000000019065e1 0000000000976813 000000000078868f 0000000000a22fbf 0000000000a23be2 0000000001911c69 00007f9e2c5b9181 00007f9e2b4a147c ffffffffffffffff 1010 20:58:57.907433 (+ 5us) inbound_call.cc:130] Queueing success response Metrics: {"spinlock_wait_cycles":6301550848}
I1010 20:58:57.907551 3794 leader_election.cc:223] T 95e7c143b0524a9b9ade2cfcc081e679 P 84bde34331b94c4ea003e48f9317f792 [CANDIDATE]: Term 2 election: Requesting vote from peer 7f623b00f5ae4b9c8e8940692d5dfd44
W1010 20:58:57.907558 3781 consensus_meta.cc:188] T 19f492d94e864f1ebd1c70810b0470f7 P 8de6cfa864d64c58bf4eafb689517c93: Time spent flushing consensus metadata: real 2.681s user 0.000s sys 0.000s
I1010 20:58:57.907568 3794 leader_election.cc:223] T 95e7c143b0524a9b9ade2cfcc081e679 P 84bde34331b94c4ea003e48f9317f792 [CANDIDATE]: Term 2 election: Requesting vote from peer 1031512f5120422e9e22a0afabd78f61
I1010 20:58:57.907577 3781 raft_consensus.cc:1981] T 19f492d94e864f1ebd1c70810b0470f7 P 8de6cfa864d64c58bf4eafb689517c93 [term 3 FOLLOWER]: Snoozing failure detection for election timeout plus an additional 1.670s
I1010 20:58:57.907601 3781 raft_consensus.cc:391] T 19f492d94e864f1ebd1c70810b0470f7 P 8de6cfa864d64c58bf4eafb689517c93 [term 3 FOLLOWER]: Starting election with config: opid_index: -1 OBSOLETE_local: false peers { permanent_uuid: "33ef4317e50042ba95e517992caa6531" member_type: VOTER last_known_addr { host: "127.6.150.5" port: 40764 } } peers { permanent_uuid: "84bde34331b94c4ea003e48f9317f792" member_type: VOTER last_known_addr { host: "127.6.150.0" port: 40113 } } peers { permanent_uuid: "8de6cfa864d64c58bf4eafb689517c93" member_type: VOTER last_known_addr { host: "127.6.150.3" port: 40117 } }
W1010 20:58:57.907618 2631 consensus_meta.cc:188] T 4aa163baddb74c4998157964dd55b1f4 P 1031512f5120422e9e22a0afabd78f61: Time spent flushing consensus metadata: real 1.659s user 0.000s sys 0.000s
I1010 20:58:57.907670 2631 raft_consensus.cc:1677] T 4aa163baddb74c4998157964dd55b1f4 P 1031512f5120422e9e22a0afabd78f61 [term 2 FOLLOWER]: Leader election vote request: Granting yes vote for candidate 8de6cfa864d64c58bf4eafb689517c93 in term 2.
I1010 20:58:57.907673 3337 raft_consensus.cc:1609] T 95e7c143b0524a9b9ade2cfcc081e679 P 7f623b00f5ae4b9c8e8940692d5dfd44 [term 2 FOLLOWER]: Leader election vote request: Denying vote to candidate 84bde34331b94c4ea003e48f9317f792 in current term 2: Already voted for candidate 7f623b00f5ae4b9c8e8940692d5dfd44 in this term.
W1010 20:58:57.907685 2631 rpcz_store.cc:234] Call kudu.consensus.ConsensusService.RequestConsensusVote from 127.6.150.3:51480 (request call id 3) took 4274ms (client timeout 1574).
W1010 20:58:57.907707 2631 rpcz_store.cc:238] Trace: 1010 20:58:53.633392 (+ 0us) service_pool.cc:143] Inserting onto call queue 1010 20:58:53.633418 (+ 26us) service_pool.cc:202] Handling call 1010 20:58:57.907680 (+4274262us) inbound_call.cc:130] Queueing success response Metrics: {}
I1010 20:58:57.907781 2450 leader_election.cc:361] T 95e7c143b0524a9b9ade2cfcc081e679 P 84bde34331b94c4ea003e48f9317f792 [CANDIDATE]: Term 2 election: Vote denied by peer 7f623b00f5ae4b9c8e8940692d5dfd44. Message: Invalid argument: T 95e7c143b0524a9b9ade2cfcc081e679 P 7f623b00f5ae4b9c8e8940692d5dfd44 [term 2 FOLLOWER]: Leader election vote request: Denying vote to candidate 84bde34331b94c4ea003e48f9317f792 in current term 2: Already voted for candidate 7f623b00f5ae4b9c8e8940692d5dfd44 in this term.
W1010 20:58:57.907932 2512 consensus_meta.cc:188] T 19f492d94e864f1ebd1c70810b0470f7 P 84bde34331b94c4ea003e48f9317f792: Time spent flushing consensus metadata: real 7.511s user 0.000s sys 0.000s
I1010 20:58:57.907963 2512 raft_consensus.cc:1981] T 19f492d94e864f1ebd1c70810b0470f7 P 84bde34331b94c4ea003e48f9317f792 [term 2 FOLLOWER]: Snoozing failure detection for election timeout plus an additional 1.738s
I1010 20:58:57.908438 2511 raft_consensus.cc:1609] T 95e7c143b0524a9b9ade2cfcc081e679 P 84bde34331b94c4ea003e48f9317f792 [term 2 FOLLOWER]: Leader election vote request: Denying vote to candidate 1031512f5120422e9e22a0afabd78f61 in current term 2: Already voted for candidate 84bde34331b94c4ea003e48f9317f792 in this term.
W1010 20:58:57.908524 3715 consensus_meta.cc:188] T 95e7c143b0524a9b9ade2cfcc081e679 P 1031512f5120422e9e22a0afabd78f61: Time spent flushing consensus metadata: real 2.709s user 0.000s sys 0.000s
W1010 20:58:57.908529 2511 rpcz_store.cc:234] Call kudu.consensus.ConsensusService.RequestConsensusVote from 127.6.150.1:38540 (request call id 3) took 4274ms (client timeout 1720).
W1010 20:58:57.908553 2511 rpcz_store.cc:238] Trace: 1010 20:58:53.634297 (+ 0us) service_pool.cc:143] Inserting onto call queue 1010 20:58:53.634306 (+ 9us) service_pool.cc:202] Handling call 1010 20:58:57.908501 (+4274195us) spinlock_profiling.cc:255] Waited 4.27 s on lock 0x444c1d0. stack: 00000000019065e1 0000000000976813 000000000078868f 0000000000a22fbf 0000000000a23be2 0000000001911c69 00007ff4d62cf181 00007ff4d51b747c ffffffffffffffff 1010 20:58:57.908525 (+ 24us) inbound_call.cc:130] Queueing success response Metrics: {"spinlock_wait_cycles":9830443264}
I1010 20:58:57.908556 3715 raft_consensus.cc:1981] T 95e7c143b0524a9b9ade2cfcc081e679 P 1031512f5120422e9e22a0afabd78f61 [term 3 FOLLOWER]: Snoozing failure detection for election timeout plus an additional 1.791s
I1010 20:58:57.908581 3715 raft_consensus.cc:391] T 95e7c143b0524a9b9ade2cfcc081e679 P 1031512f5120422e9e22a0afabd78f61 [term 3 FOLLOWER]: Starting election with config: opid_index: -1 OBSOLETE_local: false peers { permanent_uuid: "7f623b00f5ae4b9c8e8940692d5dfd44" member_type: VOTER last_known_addr { host: "127.6.150.7" port: 45436 } } peers { permanent_uuid: "84bde34331b94c4ea003e48f9317f792" member_type: VOTER last_known_addr { host: "127.6.150.0" port: 40113 } } peers { permanent_uuid: "1031512f5120422e9e22a0afabd78f61" member_type: VOTER last_known_addr { host: "127.6.150.1" port: 46963 } }
W1010 20:58:57.908604 3667 consensus_meta.cc:188] T 17a4ac4e4e164cebb4d88f59511cf926 P 1031512f5120422e9e22a0afabd78f61: Time spent flushing consensus metadata: real 2.744s user 0.000s sys 0.000s
I1010 20:58:57.908638 3667 raft_consensus.cc:1981] T 17a4ac4e4e164cebb4d88f59511cf926 P 1031512f5120422e9e22a0afabd78f61 [term 3 FOLLOWER]: Snoozing failure detection for election timeout plus an additional 1.733s
I1010 20:58:57.908676 3667 raft_consensus.cc:391] T 17a4ac4e4e164cebb4d88f59511cf926 P 1031512f5120422e9e22a0afabd78f61 [term 3 FOLLOWER]: Starting election with config: opid_index: -1 OBSOLETE_local: false peers { permanent_uuid: "580cbaf7092444dfbc6fb344da88d7b6" member_type: VOTER last_known_addr { host: "127.6.150.9" port: 51743 } } peers { permanent_uuid: "7f623b00f5ae4b9c8e8940692d5dfd44" member_type: VOTER last_known_addr { host: "127.6.150.7" port: 45436 } } peers { permanent_uuid: "1031512f5120422e9e22a0afabd78f61" member_type: VOTER last_known_addr { host: "127.6.150.1" port: 46963 } }
W1010 20:58:57.908781 3859 consensus_meta.cc:188] T f689db1eddb54b1f85b7df38d14534b4 P 1380a27d6b824575a3a5e139bee139f4: Time spent flushing consensus metadata: real 1.659s user 0.000s sys 0.000s
I1010 20:58:57.908939 3859 leader_election.cc:223] T f689db1eddb54b1f85b7df38d14534b4 P 1380a27d6b824575a3a5e139bee139f4 [CANDIDATE]: Term 3 election: Requesting vote from peer f6d15ccd64ec49be8396ed78e2a88377
I1010 20:58:57.908953 3859 leader_election.cc:223] T f689db1eddb54b1f85b7df38d14534b4 P 1380a27d6b824575a3a5e139bee139f4 [CANDIDATE]: Term 3 election: Requesting vote from peer 42e94fc3adbb419591836d222d946978
W1010 20:58:57.909413 3717 consensus_meta.cc:188] T 8da5904fd56d441ea29e61eb9d2b0b2f P 84bde34331b94c4ea003e48f9317f792: Time spent flushing consensus metadata: real 1.659s user 0.000s sys 0.000s
W1010 20:58:57.909420 3789 consensus_meta.cc:188] T 949b26dfeadc4de38868bf4ed994d184 P 1380a27d6b824575a3a5e139bee139f4: Time spent flushing consensus metadata: real 0.640s user 0.000s sys 0.000s
I1010 20:58:57.909437 3789 raft_consensus.cc:1981] T 949b26dfeadc4de38868bf4ed994d184 P 1380a27d6b824575a3a5e139bee139f4 [term 3 FOLLOWER]: Snoozing failure detection for election timeout plus an additional 1.717s
I1010 20:58:57.909464 3789 raft_consensus.cc:391] T 949b26dfeadc4de38868bf4ed994d184 P 1380a27d6b824575a3a5e139bee139f4 [term 3 FOLLOWER]: Starting election with config: opid_index: -1 OBSOLETE_local: false peers { permanent_uuid: "1380a27d6b824575a3a5e139bee139f4" member_type: VOTER last_known_addr { host: "127.6.150.6" port: 46774 } } peers { permanent_uuid: "b8062d66fd284035ae3bc2567bc11e7c" member_type: VOTER last_known_addr { host: "127.6.150.4" port: 44055 } } peers { permanent_uuid: "8de6cfa864d64c58bf4eafb689517c93" member_type: VOTER last_known_addr { host: "127.6.150.3" port: 40117 } }
I1010 20:58:57.909503 3717 leader_election.cc:223] T 8da5904fd56d441ea29e61eb9d2b0b2f P 84bde34331b94c4ea003e48f9317f792 [CANDIDATE]: Term 2 election: Requesting vote from peer b8062d66fd284035ae3bc2567bc11e7c
I1010 20:58:57.909515 3717 leader_election.cc:223] T 8da5904fd56d441ea29e61eb9d2b0b2f P 84bde34331b94c4ea003e48f9317f792 [CANDIDATE]: Term 2 election: Requesting vote from peer 33ef4317e50042ba95e517992caa6531
I1010 20:58:57.909529 2508 raft_consensus.cc:1654] T 8da5904fd56d441ea29e61eb9d2b0b2f P 84bde34331b94c4ea003e48f9317f792 [term 2 FOLLOWER]: Leader election vote request: Denying vote to candidate 33ef4317e50042ba95e517992caa6531 for term 2 because replica is already servicing an update from a current leader or another vote.
I1010 20:58:57.909543 2624 raft_consensus.cc:857] T 4aa163baddb74c4998157964dd55b1f4 P 1031512f5120422e9e22a0afabd78f61 [term 2 FOLLOWER]: Refusing update from remote peer 8de6cfa864d64c58bf4eafb689517c93: Log matching property violated. Preceding OpId in replica: term: 0 index: 0. Preceding OpId from leader: term: 2 index: 1. (index mismatch)
W1010 20:58:57.909577 2508 rpcz_store.cc:234] Call kudu.consensus.ConsensusService.RequestConsensusVote from 127.6.150.5:46021 (request call id 4) took 4273ms (client timeout 1703).
I1010 20:58:57.909586 2510 raft_consensus.cc:1609] T 8da5904fd56d441ea29e61eb9d2b0b2f P 84bde34331b94c4ea003e48f9317f792 [term 2 FOLLOWER]: Leader election vote request: Denying vote to candidate b8062d66fd284035ae3bc2567bc11e7c in current term 2: Already voted for candidate 84bde34331b94c4ea003e48f9317f792 in this term.
W1010 20:58:57.909610 2508 rpcz_store.cc:238] Trace: 1010 20:58:53.636316 (+ 0us) service_pool.cc:143] Inserting onto call queue 1010 20:58:53.636325 (+ 9us) service_pool.cc:202] Handling call 1010 20:58:57.909568 (+4273243us) spinlock_profiling.cc:255] Waited 4.27 s on lock 0x409bc10. stack: 00000000019065e1 0000000000976852 000000000078868f 0000000000a22fbf 0000000000a23be2 0000000001911c69 00007ff4d62cf181 00007ff4d51b747c ffffffffffffffff 1010 20:58:57.909572 (+ 4us) inbound_call.cc:130] Queueing success response Metrics: {"spinlock_wait_cycles":9828292992}
W1010 20:58:57.909627 2624 rpcz_store.cc:234] Call kudu.consensus.ConsensusService.UpdateConsensus from 127.6.150.3:51480 (request call id 4) took 2240ms (client timeout 1000).
W1010 20:58:57.909636 3754 consensus_meta.cc:188] T 7d680e6840854bca9daef77d506408e9 P 84bde34331b94c4ea003e48f9317f792: Time spent flushing consensus metadata: real 1.084s user 0.000s sys 0.000s
W1010 20:58:57.909656 2510 rpcz_store.cc:234] Call kudu.consensus.ConsensusService.RequestConsensusVote from 127.6.150.4:40901 (request call id 3) took 5980ms (client timeout 1746).
I1010 20:58:57.909665 3754 raft_consensus.cc:1981] T 7d680e6840854bca9daef77d506408e9 P 84bde34331b94c4ea003e48f9317f792 [term 3 FOLLOWER]: Snoozing failure detection for election timeout plus an additional 1.868s
W1010 20:58:57.909670 2624 rpcz_store.cc:238] Trace: 1010 20:58:55.669401 (+ 0us) service_pool.cc:143] Inserting onto call queue 1010 20:58:55.669408 (+ 7us) service_pool.cc:202] Handling call 1010 20:58:57.909509 (+2240101us) raft_consensus.cc:1068] Updating replica for 0 ops 1010 20:58:57.909553 (+ 44us) raft_consensus.cc:1270] Filling consensus response to leader. 1010 20:58:57.909607 (+ 54us) spinlock_profiling.cc:255] Waited 2.24 s on lock 0x425f4d8. stack: 00000000019065e1 000000000097a767 00000000007880ea 0000000000a22fbf 0000000000a23be2 0000000001911c69 00007f324f2ae181 00007f324e19647c ffffffffffffffff 1010 20:58:57.909615 (+ 8us) inbound_call.cc:130] Queueing success response Metrics: {"spinlock_wait_cycles":5152207232}
W1010 20:58:57.909677 2510 rpcz_store.cc:238] Trace: 1010 20:58:51.929035 (+ 0us) service_pool.cc:143] Inserting onto call queue 1010 20:58:51.929055 (+ 20us) service_pool.cc:202] Handling call 1010 20:58:57.909634 (+5980579us) spinlock_profiling.cc:255] Waited 5.98 s on lock 0x409bc10. stack: 00000000019065e1 0000000000976813 000000000078868f 0000000000a22fbf 0000000000a23be2 0000000001911c69 00007ff4d62cf181 00007ff4d51b747c ffffffffffffffff 1010 20:58:57.909638 (+ 4us) inbound_call.cc:130] Queueing success response Metrics: {"spinlock_wait_cycles":13755194240}
I1010 20:58:57.909685 3754 raft_consensus.cc:391] T 7d680e6840854bca9daef77d506408e9 P 84bde34331b94c4ea003e48f9317f792 [term 3 FOLLOWER]: Starting election with config: opid_index: -1 OBSOLETE_local: false peers { permanent_uuid: "84bde34331b94c4ea003e48f9317f792" member_type: VOTER last_known_addr { host: "127.6.150.0" port: 40113 } } peers { permanent_uuid: "33ef4317e50042ba95e517992caa6531" member_type: VOTER last_known_addr { host: "127.6.150.5" port: 40764 } } peers { permanent_uuid: "1380a27d6b824575a3a5e139bee139f4" member_type: VOTER last_known_addr { host: "127.6.150.6" port: 46774 } }
I1010 20:58:57.909996 2623 raft_consensus.cc:857] T 4aa163baddb74c4998157964dd55b1f4 P 1031512f5120422e9e22a0afabd78f61 [term 2 FOLLOWER]: Refusing update from remote peer 8de6cfa864d64c58bf4eafb689517c93: Log matching property violated. Preceding OpId in replica: term: 0 index: 0. Preceding OpId from leader: term: 2 index: 1. (index mismatch)
I1010 20:58:57.910074 3098 raft_consensus.cc:1609] T 8da5904fd56d441ea29e61eb9d2b0b2f P 33ef4317e50042ba95e517992caa6531 [term 2 FOLLOWER]: Leader election vote request: Denying vote to candidate 84bde34331b94c4ea003e48f9317f792 in current term 2: Already voted for candidate 33ef4317e50042ba95e517992caa6531 in this term.
I1010 20:58:57.910184 4115 consensus_queue.cc:652] T 4aa163baddb74c4998157964dd55b1f4 P 8de6cfa864d64c58bf4eafb689517c93 [LEADER]: Connected to new peer: Peer: 1031512f5120422e9e22a0afabd78f61, Is new: false, Last received: 0.0, Next index: 1, Last known committed idx: 0, Last exchange result: ERROR, Needs tablet copy: false
I1010 20:58:57.910239 2746 raft_consensus.cc:2031] T f689db1eddb54b1f85b7df38d14534b4 P f6d15ccd64ec49be8396ed78e2a88377 [term 2 FOLLOWER]: Advancing to term 3
I1010 20:58:57.910327 2447 leader_election.cc:361] T 8da5904fd56d441ea29e61eb9d2b0b2f P 84bde34331b94c4ea003e48f9317f792 [CANDIDATE]: Term 2 election: Vote denied by peer 33ef4317e50042ba95e517992caa6531. Message: Invalid argument: T 8da5904fd56d441ea29e61eb9d2b0b2f P 33ef4317e50042ba95e517992caa6531 [term 2 FOLLOWER]: Leader election vote request: Denying vote to candidate 84bde34331b94c4ea003e48f9317f792 in current term 2: Already voted for candidate 33ef4317e50042ba95e517992caa6531 in this term.
I1010 20:58:57.910567 2746 raft_consensus.cc:1981] T f689db1eddb54b1f85b7df38d14534b4 P f6d15ccd64ec49be8396ed78e2a88377 [term 3 FOLLOWER]: Snoozing failure detection for election timeout plus an additional 1.770s
I1010 20:58:57.910812 3217 raft_consensus.cc:1609] T 981834f5e88f4585b6420fca7ddcb289 P 1380a27d6b824575a3a5e139bee139f4 [term 2 FOLLOWER]: Leader election vote request: Denying vote to candidate 8de6cfa864d64c58bf4eafb689517c93 in current term 2: Already voted for candidate 1380a27d6b824575a3a5e139bee139f4 in this term.
I1010 20:58:57.910820 2510 raft_consensus.cc:1609] T 95e7c143b0524a9b9ade2cfcc081e679 P 84bde34331b94c4ea003e48f9317f792 [term 2 FOLLOWER]: Leader election vote request: Denying vote to candidate 7f623b00f5ae4b9c8e8940692d5dfd44 in current term 2: Already voted for candidate 84bde34331b94c4ea003e48f9317f792 in this term.
I1010 20:58:57.910879 2799 leader_election.cc:361] T 981834f5e88f4585b6420fca7ddcb289 P 8de6cfa864d64c58bf4eafb689517c93 [CANDIDATE]: Term 2 election: Vote denied by peer 1380a27d6b824575a3a5e139bee139f4. Message: Invalid argument: T 981834f5e88f4585b6420fca7ddcb289 P 1380a27d6b824575a3a5e139bee139f4 [term 2 FOLLOWER]: Leader election vote request: Denying vote to candidate 8de6cfa864d64c58bf4eafb689517c93 in current term 2: Already voted for candidate 1380a27d6b824575a3a5e139bee139f4 in this term.
I1010 20:58:57.910881 3273 leader_election.cc:361] T 95e7c143b0524a9b9ade2cfcc081e679 P 7f623b00f5ae4b9c8e8940692d5dfd44 [CANDIDATE]: Term 2 election: Vote denied by peer 84bde34331b94c4ea003e48f9317f792. Message: Invalid argument: T 95e7c143b0524a9b9ade2cfcc081e679 P 84bde34331b94c4ea003e48f9317f792 [term 2 FOLLOWER]: Leader election vote request: Denying vote to candidate 7f623b00f5ae4b9c8e8940692d5dfd44 in current term 2: Already voted for candidate 84bde34331b94c4ea003e48f9317f792 in this term.
I1010 20:58:57.910900 3218 raft_consensus.cc:1654] T f689db1eddb54b1f85b7df38d14534b4 P 1380a27d6b824575a3a5e139bee139f4 [term 3 FOLLOWER]: Leader election vote request: Denying vote to candidate f6d15ccd64ec49be8396ed78e2a88377 for term 2 because replica is already servicing an update from a current leader or another vote.
W1010 20:58:57.910929 3218 rpcz_store.cc:234] Call kudu.consensus.ConsensusService.RequestConsensusVote from 127.6.150.2:40008 (request call id 4) took 4277ms (client timeout 1780).
W1010 20:58:57.910943 3218 rpcz_store.cc:238] Trace: 1010 20:58:53.633017 (+ 0us) service_pool.cc:143] Inserting onto call queue 1010 20:58:53.633025 (+ 8us) service_pool.cc:202] Handling call 1010 20:58:57.910922 (+4277897us) spinlock_profiling.cc:255] Waited 4.28 s on lock 0x3b75eb0. stack: 00000000019065e1 0000000000976852 000000000078868f 0000000000a22fbf 0000000000a23be2 0000000001911c69 00007f8ce19fe181 00007f8ce08e647c ffffffffffffffff 1010 20:58:57.910925 (+ 3us) inbound_call.cc:130] Queueing success response Metrics: {"spinlock_wait_cycles":9839083776}
W1010 20:58:57.911742 3808 consensus_meta.cc:188] T 19f492d94e864f1ebd1c70810b0470f7 P 33ef4317e50042ba95e517992caa6531: Time spent flushing consensus metadata: real 1.662s user 0.000s sys 0.000s
I1010 20:58:57.911839 3808 leader_election.cc:223] T 19f492d94e864f1ebd1c70810b0470f7 P 33ef4317e50042ba95e517992caa6531 [CANDIDATE]: Term 2 election: Requesting vote from peer 84bde34331b94c4ea003e48f9317f792
I1010 20:58:57.911855 3808 leader_election.cc:223] T 19f492d94e864f1ebd1c70810b0470f7 P 33ef4317e50042ba95e517992caa6531 [CANDIDATE]: Term 2 election: Requesting vote from peer 8de6cfa864d64c58bf4eafb689517c93
W1010 20:58:57.912267 3673 consensus_meta.cc:188] T 17a4ac4e4e164cebb4d88f59511cf926 P 580cbaf7092444dfbc6fb344da88d7b6: Time spent flushing consensus metadata: real 1.033s user 0.000s sys 0.000s
I1010 20:58:57.912363 3673 leader_election.cc:223] T 17a4ac4e4e164cebb4d88f59511cf926 P 580cbaf7092444dfbc6fb344da88d7b6 [CANDIDATE]: Term 3 election: Requesting vote from peer 7f623b00f5ae4b9c8e8940692d5dfd44
I1010 20:58:57.912397 3673 leader_election.cc:223] T 17a4ac4e4e164cebb4d88f59511cf926 P 580cbaf7092444dfbc6fb344da88d7b6 [CANDIDATE]: Term 3 election: Requesting vote from peer 1031512f5120422e9e22a0afabd78f61
I1010 20:58:57.913460 3848 raft_consensus.cc:1981] T 90fa7ae3643e4575a6be1c4936b6cc11 P 1380a27d6b824575a3a5e139bee139f4 [term 4 FOLLOWER]: Snoozing failure detection for election timeout plus an additional 1.875s
I1010 20:58:57.913491 3848 raft_consensus.cc:391] T 90fa7ae3643e4575a6be1c4936b6cc11 P 1380a27d6b824575a3a5e139bee139f4 [term 4 FOLLOWER]: Starting election with config: opid_index: -1 OBSOLETE_local: false peers { permanent_uuid: "1380a27d6b824575a3a5e139bee139f4" member_type: VOTER last_known_addr { host: "127.6.150.6" port: 46774 } } peers { permanent_uuid: "42e94fc3adbb419591836d222d946978" member_type: VOTER last_known_addr { host: "127.6.150.8" port: 35299 } } peers { permanent_uuid: "f6d15ccd64ec49be8396ed78e2a88377" member_type: VOTER last_known_addr { host: "127.6.150.2" port: 33554 } }
W1010 20:58:57.913486 3891 consensus_meta.cc:188] T f689db1eddb54b1f85b7df38d14534b4 P 42e94fc3adbb419591836d222d946978: Time spent flushing consensus metadata: real 1.107s user 0.000s sys 0.000s
I1010 20:58:57.913588 3891 leader_election.cc:223] T f689db1eddb54b1f85b7df38d14534b4 P 42e94fc3adbb419591836d222d946978 [CANDIDATE]: Term 3 election: Requesting vote from peer f6d15ccd64ec49be8396ed78e2a88377
I1010 20:58:57.913601 3891 leader_election.cc:223] T f689db1eddb54b1f85b7df38d14534b4 P 42e94fc3adbb419591836d222d946978 [CANDIDATE]: Term 3 election: Requesting vote from peer 1380a27d6b824575a3a5e139bee139f4
I1010 20:58:57.913648 3452 raft_consensus.cc:1609] T f689db1eddb54b1f85b7df38d14534b4 P 42e94fc3adbb419591836d222d946978 [term 3 FOLLOWER]: Leader election vote request: Denying vote to candidate 1380a27d6b824575a3a5e139bee139f4 in current term 3: Already voted for candidate 42e94fc3adbb419591836d222d946978 in this term.
W1010 20:58:57.913710 3871 consensus_meta.cc:188] T 7836528275cb45aab827361611bb3bbe P 42e94fc3adbb419591836d222d946978: Time spent flushing consensus metadata: real 0.976s user 0.000s sys 0.000s
I1010 20:58:57.913738 3871 raft_consensus.cc:1981] T 7836528275cb45aab827361611bb3bbe P 42e94fc3adbb419591836d222d946978 [term 3 FOLLOWER]: Snoozing failure detection for election timeout plus an additional 1.680s
I1010 20:58:57.913753 3155 leader_election.cc:361] T f689db1eddb54b1f85b7df38d14534b4 P 1380a27d6b824575a3a5e139bee139f4 [CANDIDATE]: Term 3 election: Vote denied by peer 42e94fc3adbb419591836d222d946978. Message: Invalid argument: T f689db1eddb54b1f85b7df38d14534b4 P 42e94fc3adbb419591836d222d946978 [term 3 FOLLOWER]: Leader election vote request: Denying vote to candidate 1380a27d6b824575a3a5e139bee139f4 in current term 3: Already voted for candidate 42e94fc3adbb419591836d222d946978 in this term.
I1010 20:58:57.913760 3871 raft_consensus.cc:391] T 7836528275cb45aab827361611bb3bbe P 42e94fc3adbb419591836d222d946978 [term 3 FOLLOWER]: Starting election with config: opid_index: -1 OBSOLETE_local: false peers { permanent_uuid: "580cbaf7092444dfbc6fb344da88d7b6" member_type: VOTER last_known_addr { host: "127.6.150.9" port: 51743 } } peers { permanent_uuid: "42e94fc3adbb419591836d222d946978" member_type: VOTER last_known_addr { host: "127.6.150.8" port: 35299 } } peers { permanent_uuid: "8de6cfa864d64c58bf4eafb689517c93" member_type: VOTER last_known_addr { host: "127.6.150.3" port: 40117 } }
I1010 20:58:57.913836 3218 raft_consensus.cc:1609] T f689db1eddb54b1f85b7df38d14534b4 P 1380a27d6b824575a3a5e139bee139f4 [term 3 FOLLOWER]: Leader election vote request: Denying vote to candidate 42e94fc3adbb419591836d222d946978 in current term 3: Already voted for candidate 1380a27d6b824575a3a5e139bee139f4 in this term.
I1010 20:58:57.913897 3387 leader_election.cc:361] T f689db1eddb54b1f85b7df38d14534b4 P 42e94fc3adbb419591836d222d946978 [CANDIDATE]: Term 3 election: Vote denied by peer 1380a27d6b824575a3a5e139bee139f4. Message: Invalid argument: T f689db1eddb54b1f85b7df38d14534b4 P 1380a27d6b824575a3a5e139bee139f4 [term 3 FOLLOWER]: Leader election vote request: Denying vote to candidate 42e94fc3adbb419591836d222d946978 in current term 3: Already voted for candidate 1380a27d6b824575a3a5e139bee139f4 in this term.
W1010 20:58:58.248183 2921 leader_election.cc:275] T de9d164718e74d3db902ea603ab32407 P b8062d66fd284035ae3bc2567bc11e7c [CANDIDATE]: Term 3 election: RPC error from VoteRequest() call to peer 8de6cfa864d64c58bf4eafb689517c93: Timed out: RequestConsensusVote RPC to 127.6.150.3:40117 timed out after 1.996s
W1010 20:58:58.248210 2921 leader_election.cc:275] T de9d164718e74d3db902ea603ab32407 P b8062d66fd284035ae3bc2567bc11e7c [CANDIDATE]: Term 3 election: RPC error from VoteRequest() call to peer 7f623b00f5ae4b9c8e8940692d5dfd44: Timed out: RequestConsensusVote RPC to 127.6.150.7:45436 timed out after 1.996s
