I1010 20:59:04.310375 2865 raft_consensus.cc:1609] T 872042177fee42c9b6c380a1b657755e P 8de6cfa864d64c58bf4eafb689517c93 [term 3 FOLLOWER]: Leader election vote request: Denying vote to candidate f6d15ccd64ec49be8396ed78e2a88377 in current term 3: Already voted for candidate 8de6cfa864d64c58bf4eafb689517c93 in this term.
I1010 20:59:04.310390 3156 leader_election.cc:347] T 981834f5e88f4585b6420fca7ddcb289 P 1380a27d6b824575a3a5e139bee139f4 [CANDIDATE]: Term 3 election: Vote granted by peer 8de6cfa864d64c58bf4eafb689517c93
I1010 20:59:04.310428 3156 leader_election.cc:248] T 981834f5e88f4585b6420fca7ddcb289 P 1380a27d6b824575a3a5e139bee139f4 [CANDIDATE]: Term 3 election: Election decided. Result: candidate won.
I1010 20:59:04.310431 3389 leader_election.cc:361] T 872042177fee42c9b6c380a1b657755e P 42e94fc3adbb419591836d222d946978 [CANDIDATE]: Term 3 election: Vote denied by peer f6d15ccd64ec49be8396ed78e2a88377. Message: Invalid argument: T 872042177fee42c9b6c380a1b657755e P f6d15ccd64ec49be8396ed78e2a88377 [term 3 FOLLOWER]: Leader election vote request: Denying vote to candidate 42e94fc3adbb419591836d222d946978 in current term 3: Already voted for candidate f6d15ccd64ec49be8396ed78e2a88377 in this term.
I1010 20:59:04.310453 3389 leader_election.cc:248] T 872042177fee42c9b6c380a1b657755e P 42e94fc3adbb419591836d222d946978 [CANDIDATE]: Term 3 election: Election decided. Result: candidate lost.
I1010 20:59:04.310530 3869 leader_election.cc:223] T de9d164718e74d3db902ea603ab32407 P b8062d66fd284035ae3bc2567bc11e7c [CANDIDATE]: Term 4 election: Requesting vote from peer 7f623b00f5ae4b9c8e8940692d5dfd44
I1010 20:59:04.310560 2685 leader_election.cc:361] T 872042177fee42c9b6c380a1b657755e P f6d15ccd64ec49be8396ed78e2a88377 [CANDIDATE]: Term 3 election: Vote denied by peer 8de6cfa864d64c58bf4eafb689517c93. Message: Invalid argument: T 872042177fee42c9b6c380a1b657755e P 8de6cfa864d64c58bf4eafb689517c93 [term 3 FOLLOWER]: Leader election vote request: Denying vote to candidate f6d15ccd64ec49be8396ed78e2a88377 in current term 3: Already voted for candidate 8de6cfa864d64c58bf4eafb689517c93 in this term.
I1010 20:59:04.310564 3869 leader_election.cc:223] T de9d164718e74d3db902ea603ab32407 P b8062d66fd284035ae3bc2567bc11e7c [CANDIDATE]: Term 4 election: Requesting vote from peer 8de6cfa864d64c58bf4eafb689517c93
I1010 20:59:04.310602 3673 leader_election.cc:223] T 17a4ac4e4e164cebb4d88f59511cf926 P 580cbaf7092444dfbc6fb344da88d7b6 [CANDIDATE]: Term 4 election: Requesting vote from peer 7f623b00f5ae4b9c8e8940692d5dfd44
I1010 20:59:04.310626 3673 leader_election.cc:223] T 17a4ac4e4e164cebb4d88f59511cf926 P 580cbaf7092444dfbc6fb344da88d7b6 [CANDIDATE]: Term 4 election: Requesting vote from peer 1031512f5120422e9e22a0afabd78f61
I1010 20:59:04.310708 2984 raft_consensus.cc:1609] T f2289fb138ea4a5ab6c02803c4e9aa51 P b8062d66fd284035ae3bc2567bc11e7c [term 4 FOLLOWER]: Leader election vote request: Denying vote to candidate 42e94fc3adbb419591836d222d946978 in current term 4: Already voted for candidate b8062d66fd284035ae3bc2567bc11e7c in this term.
W1010 20:59:04.310706 3817 consensus_meta.cc:188] T de9d164718e74d3db902ea603ab32407 P 8de6cfa864d64c58bf4eafb689517c93: Time spent flushing consensus metadata: real 1.165s user 0.000s sys 0.000s
I1010 20:59:04.310750 3817 raft_consensus.cc:1981] T de9d164718e74d3db902ea603ab32407 P 8de6cfa864d64c58bf4eafb689517c93 [term 3 FOLLOWER]: Snoozing failure detection for election timeout plus an additional 1.645s
I1010 20:59:04.310788 3817 raft_consensus.cc:391] T de9d164718e74d3db902ea603ab32407 P 8de6cfa864d64c58bf4eafb689517c93 [term 3 FOLLOWER]: Starting election with config: opid_index: -1 OBSOLETE_local: false peers { permanent_uuid: "7f623b00f5ae4b9c8e8940692d5dfd44" member_type: VOTER last_known_addr { host: "127.6.150.7" port: 45436 } } peers { permanent_uuid: "b8062d66fd284035ae3bc2567bc11e7c" member_type: VOTER last_known_addr { host: "127.6.150.4" port: 44055 } } peers { permanent_uuid: "8de6cfa864d64c58bf4eafb689517c93" member_type: VOTER last_known_addr { host: "127.6.150.3" port: 40117 } }
I1010 20:59:04.310793 2632 raft_consensus.cc:2031] T 17a4ac4e4e164cebb4d88f59511cf926 P 1031512f5120422e9e22a0afabd78f61 [term 3 FOLLOWER]: Advancing to term 4
I1010 20:59:04.310860 3390 leader_election.cc:361] T f2289fb138ea4a5ab6c02803c4e9aa51 P 42e94fc3adbb419591836d222d946978 [CANDIDATE]: Term 4 election: Vote denied by peer b8062d66fd284035ae3bc2567bc11e7c. Message: Invalid argument: T f2289fb138ea4a5ab6c02803c4e9aa51 P b8062d66fd284035ae3bc2567bc11e7c [term 4 FOLLOWER]: Leader election vote request: Denying vote to candidate 42e94fc3adbb419591836d222d946978 in current term 4: Already voted for candidate b8062d66fd284035ae3bc2567bc11e7c in this term.
I1010 20:59:04.310966 4228 raft_consensus.cc:1981] T 981834f5e88f4585b6420fca7ddcb289 P 1380a27d6b824575a3a5e139bee139f4 [term 3 FOLLOWER]: Snoozing failure detection for election timeout plus an additional 1.535s
I1010 20:59:04.310977 4228 raft_consensus.cc:1861] T 981834f5e88f4585b6420fca7ddcb289 P 1380a27d6b824575a3a5e139bee139f4 [term 3 FOLLOWER]: Leader election won for term 3
I1010 20:59:04.311085 3453 raft_consensus.cc:1609] T 872042177fee42c9b6c380a1b657755e P 42e94fc3adbb419591836d222d946978 [term 3 FOLLOWER]: Leader election vote request: Denying vote to candidate f6d15ccd64ec49be8396ed78e2a88377 in current term 3: Already voted for candidate 42e94fc3adbb419591836d222d946978 in this term.
I1010 20:59:04.311111 4228 raft_consensus.cc:467] T 981834f5e88f4585b6420fca7ddcb289 P 1380a27d6b824575a3a5e139bee139f4 [term 3 LEADER]: Becoming Leader. State: Replica: 1380a27d6b824575a3a5e139bee139f4, State: 1, Role: LEADER Watermarks: {Received: term: 0 index: 0 Committed: term: 0 index: 0}
I1010 20:59:04.311131 4229 raft_consensus.cc:1981] T 872042177fee42c9b6c380a1b657755e P 42e94fc3adbb419591836d222d946978 [term 3 FOLLOWER]: Snoozing failure detection for election timeout plus an additional 1.553s
I1010 20:59:04.311141 4229 raft_consensus.cc:1823] T 872042177fee42c9b6c380a1b657755e P 42e94fc3adbb419591836d222d946978 [term 3 FOLLOWER]: Leader election lost for term 3. Reason: None given
I1010 20:59:04.311144 2508 raft_consensus.cc:1609] T 8da5904fd56d441ea29e61eb9d2b0b2f P 84bde34331b94c4ea003e48f9317f792 [term 3 FOLLOWER]: Leader election vote request: Denying vote to candidate b8062d66fd284035ae3bc2567bc11e7c in current term 3: Already voted for candidate 84bde34331b94c4ea003e48f9317f792 in this term.
I1010 20:59:04.311156 4228 consensus_queue.cc:151] T 981834f5e88f4585b6420fca7ddcb289 P 1380a27d6b824575a3a5e139bee139f4 [LEADER]: Queue going to LEADER mode. State: All replicated index: 0, Majority replicated index: 0, Committed index: 0, Last appended: 0.0, Current term: 3, Majority size: 2, State: 1, Mode: LEADER, active raft config: opid_index: -1 OBSOLETE_local: false peers { permanent_uuid: "8de6cfa864d64c58bf4eafb689517c93" member_type: VOTER last_known_addr { host: "127.6.150.3" port: 40117 } } peers { permanent_uuid: "1031512f5120422e9e22a0afabd78f61" member_type: VOTER last_known_addr { host: "127.6.150.1" port: 46963 } } peers { permanent_uuid: "1380a27d6b824575a3a5e139bee139f4" member_type: VOTER last_known_addr { host: "127.6.150.6" port: 46774 } }
W1010 20:59:04.311202 2508 rpcz_store.cc:234] Call kudu.consensus.ConsensusService.RequestConsensusVote from 127.6.150.4:40901 (request call id 13) took 4699ms (client timeout 1602).
W1010 20:59:04.311228 2508 rpcz_store.cc:238] Trace: 1010 20:58:59.611689 (+ 0us) service_pool.cc:143] Inserting onto call queue 1010 20:58:59.611723 (+ 34us) service_pool.cc:202] Handling call 1010 20:59:04.311194 (+4699471us) spinlock_profiling.cc:255] Waited 4.7 s on lock 0x409bc10. stack: 00000000019065e1 0000000000976813 000000000078868f 0000000000a22fbf 0000000000a23be2 0000000001911c69 00007ff4d62cf181 00007ff4d51b747c ffffffffffffffff 1010 20:59:04.311198 (+ 4us) inbound_call.cc:130] Queueing success response Metrics: {"spinlock_wait_cycles":10808633216}
I1010 20:59:04.311348 2684 leader_election.cc:361] T 872042177fee42c9b6c380a1b657755e P f6d15ccd64ec49be8396ed78e2a88377 [CANDIDATE]: Term 3 election: Vote denied by peer 42e94fc3adbb419591836d222d946978. Message: Invalid argument: T 872042177fee42c9b6c380a1b657755e P 42e94fc3adbb419591836d222d946978 [term 3 FOLLOWER]: Leader election vote request: Denying vote to candidate f6d15ccd64ec49be8396ed78e2a88377 in current term 3: Already voted for candidate 42e94fc3adbb419591836d222d946978 in this term.
I1010 20:59:04.311370 2684 leader_election.cc:248] T 872042177fee42c9b6c380a1b657755e P f6d15ccd64ec49be8396ed78e2a88377 [CANDIDATE]: Term 3 election: Election decided. Result: candidate lost.
I1010 20:59:04.311494 2984 raft_consensus.cc:1609] T 8da5904fd56d441ea29e61eb9d2b0b2f P b8062d66fd284035ae3bc2567bc11e7c [term 3 FOLLOWER]: Leader election vote request: Denying vote to candidate 84bde34331b94c4ea003e48f9317f792 in current term 3: Already voted for candidate b8062d66fd284035ae3bc2567bc11e7c in this term.
I1010 20:59:04.311542 4232 raft_consensus.cc:1981] T 872042177fee42c9b6c380a1b657755e P f6d15ccd64ec49be8396ed78e2a88377 [term 3 FOLLOWER]: Snoozing failure detection for election timeout plus an additional 1.578s
I1010 20:59:04.311552 4232 raft_consensus.cc:1823] T 872042177fee42c9b6c380a1b657755e P f6d15ccd64ec49be8396ed78e2a88377 [term 3 FOLLOWER]: Leader election lost for term 3. Reason: None given
I1010 20:59:04.311583 2450 leader_election.cc:361] T 8da5904fd56d441ea29e61eb9d2b0b2f P 84bde34331b94c4ea003e48f9317f792 [CANDIDATE]: Term 3 election: Vote denied by peer b8062d66fd284035ae3bc2567bc11e7c. Message: Invalid argument: T 8da5904fd56d441ea29e61eb9d2b0b2f P b8062d66fd284035ae3bc2567bc11e7c [term 3 FOLLOWER]: Leader election vote request: Denying vote to candidate 84bde34331b94c4ea003e48f9317f792 in current term 3: Already voted for candidate b8062d66fd284035ae3bc2567bc11e7c in this term.
I1010 20:59:04.311640 3099 raft_consensus.cc:1609] T 8da5904fd56d441ea29e61eb9d2b0b2f P 33ef4317e50042ba95e517992caa6531 [term 3 FOLLOWER]: Leader election vote request: Denying vote to candidate 84bde34331b94c4ea003e48f9317f792 in current term 3: Already voted for candidate 33ef4317e50042ba95e517992caa6531 in this term.
I1010 20:59:04.311754 3334 raft_consensus.cc:2031] T 17a4ac4e4e164cebb4d88f59511cf926 P 7f623b00f5ae4b9c8e8940692d5dfd44 [term 3 FOLLOWER]: Advancing to term 4
I1010 20:59:04.311856 2447 leader_election.cc:361] T 8da5904fd56d441ea29e61eb9d2b0b2f P 84bde34331b94c4ea003e48f9317f792 [CANDIDATE]: Term 3 election: Vote denied by peer 33ef4317e50042ba95e517992caa6531. Message: Invalid argument: T 8da5904fd56d441ea29e61eb9d2b0b2f P 33ef4317e50042ba95e517992caa6531 [term 3 FOLLOWER]: Leader election vote request: Denying vote to candidate 84bde34331b94c4ea003e48f9317f792 in current term 3: Already voted for candidate 33ef4317e50042ba95e517992caa6531 in this term.
I1010 20:59:04.311864 2447 leader_election.cc:248] T 8da5904fd56d441ea29e61eb9d2b0b2f P 84bde34331b94c4ea003e48f9317f792 [CANDIDATE]: Term 3 election: Election decided. Result: candidate lost.
I1010 20:59:04.311933 4175 raft_consensus.cc:1981] T 8da5904fd56d441ea29e61eb9d2b0b2f P 84bde34331b94c4ea003e48f9317f792 [term 3 FOLLOWER]: Snoozing failure detection for election timeout plus an additional 1.940s
I1010 20:59:04.311945 4175 raft_consensus.cc:1823] T 8da5904fd56d441ea29e61eb9d2b0b2f P 84bde34331b94c4ea003e48f9317f792 [term 3 FOLLOWER]: Leader election lost for term 3. Reason: None given
I1010 20:59:04.313563 2409 catalog_manager.cc:2018] T 981834f5e88f4585b6420fca7ddcb289 reported consensus state change: term changed from 0 to 3, leader changed from to 1380a27d6b824575a3a5e139bee139f4 (127.6.150.6). New consensus state: current_term: 3 leader_uuid: "1380a27d6b824575a3a5e139bee139f4" config { opid_index: -1 OBSOLETE_local: false peers { permanent_uuid: "8de6cfa864d64c58bf4eafb689517c93" member_type: VOTER last_known_addr { host: "127.6.150.3" port: 40117 } } peers { permanent_uuid: "1031512f5120422e9e22a0afabd78f61" member_type: VOTER last_known_addr { host: "127.6.150.1" port: 46963 } } peers { permanent_uuid: "1380a27d6b824575a3a5e139bee139f4" member_type: VOTER last_known_addr { host: "127.6.150.6" port: 46774 } } }
W1010 20:59:04.314749 3744 consensus_meta.cc:188] T de9d164718e74d3db902ea603ab32407 P 7f623b00f5ae4b9c8e8940692d5dfd44: Time spent flushing consensus metadata: real 1.752s user 0.004s sys 0.000s
I1010 20:59:04.314944 4146 raft_consensus.cc:1981] T de9d164718e74d3db902ea603ab32407 P 7f623b00f5ae4b9c8e8940692d5dfd44 [term 4 FOLLOWER]: Snoozing failure detection for election timeout plus an additional 1.911s
I1010 20:59:04.314955 3744 leader_election.cc:223] T de9d164718e74d3db902ea603ab32407 P 7f623b00f5ae4b9c8e8940692d5dfd44 [CANDIDATE]: Term 4 election: Requesting vote from peer b8062d66fd284035ae3bc2567bc11e7c
I1010 20:59:04.314980 3744 leader_election.cc:223] T de9d164718e74d3db902ea603ab32407 P 7f623b00f5ae4b9c8e8940692d5dfd44 [CANDIDATE]: Term 4 election: Requesting vote from peer 8de6cfa864d64c58bf4eafb689517c93
I1010 20:59:04.315009 4146 raft_consensus.cc:1823] T de9d164718e74d3db902ea603ab32407 P 7f623b00f5ae4b9c8e8940692d5dfd44 [term 4 FOLLOWER]: Leader election lost for term 2. Reason: Vote denied by peer b8062d66fd284035ae3bc2567bc11e7c with higher term. Message: Invalid argument: T de9d164718e74d3db902ea603ab32407 P b8062d66fd284035ae3bc2567bc11e7c [term 3 FOLLOWER]: Leader election vote request: Denying vote to candidate 7f623b00f5ae4b9c8e8940692d5dfd44 for earlier term 2. Current term is 3.
I1010 20:59:04.315052 3335 raft_consensus.cc:1654] T de9d164718e74d3db902ea603ab32407 P 7f623b00f5ae4b9c8e8940692d5dfd44 [term 4 FOLLOWER]: Leader election vote request: Denying vote to candidate 8de6cfa864d64c58bf4eafb689517c93 for term 2 because replica is already servicing an update from a current leader or another vote.
W1010 20:59:04.315052 3331 consensus_meta.cc:188] T f2289fb138ea4a5ab6c02803c4e9aa51 P 7f623b00f5ae4b9c8e8940692d5dfd44: Time spent flushing consensus metadata: real 1.750s user 0.000s sys 0.000s
I1010 20:59:04.315069 3331 raft_consensus.cc:1981] T f2289fb138ea4a5ab6c02803c4e9aa51 P 7f623b00f5ae4b9c8e8940692d5dfd44 [term 4 FOLLOWER]: Snoozing failure detection for election timeout plus an additional 1.977s
W1010 20:59:04.315094 3335 rpcz_store.cc:234] Call kudu.consensus.ConsensusService.RequestConsensusVote from 127.6.150.3:47101 (request call id 2) took 4701ms (client timeout 1672).
W1010 20:59:04.315116 3335 rpcz_store.cc:238] Trace: 1010 20:58:59.613822 (+ 0us) service_pool.cc:143] Inserting onto call queue 1010 20:58:59.613829 (+ 7us) service_pool.cc:202] Handling call 1010 20:59:04.315075 (+4701246us) spinlock_profiling.cc:255] Waited 4.7 s on lock 0x3e5b6d0. stack: 00000000019065e1 0000000000976852 000000000078868f 0000000000a22fbf 0000000000a23be2 0000000001911c69 00007f3fb2fbf181 00007f3fb1ea747c ffffffffffffffff 1010 20:59:04.315078 (+ 3us) inbound_call.cc:130] Queueing success response Metrics: {"spinlock_wait_cycles":10812791168}
I1010 20:59:04.315104 2984 raft_consensus.cc:1609] T de9d164718e74d3db902ea603ab32407 P b8062d66fd284035ae3bc2567bc11e7c [term 4 FOLLOWER]: Leader election vote request: Denying vote to candidate 7f623b00f5ae4b9c8e8940692d5dfd44 in current term 4: Already voted for candidate b8062d66fd284035ae3bc2567bc11e7c in this term.
I1010 20:59:04.315131 3334 raft_consensus.cc:1981] T 17a4ac4e4e164cebb4d88f59511cf926 P 7f623b00f5ae4b9c8e8940692d5dfd44 [term 4 FOLLOWER]: Snoozing failure detection for election timeout plus an additional 1.504s
I1010 20:59:04.315145 3333 raft_consensus.cc:1609] T de9d164718e74d3db902ea603ab32407 P 7f623b00f5ae4b9c8e8940692d5dfd44 [term 4 FOLLOWER]: Leader election vote request: Denying vote to candidate b8062d66fd284035ae3bc2567bc11e7c in current term 4: Already voted for candidate 7f623b00f5ae4b9c8e8940692d5dfd44 in this term.
I1010 20:59:04.315264 3273 leader_election.cc:361] T de9d164718e74d3db902ea603ab32407 P 7f623b00f5ae4b9c8e8940692d5dfd44 [CANDIDATE]: Term 4 election: Vote denied by peer b8062d66fd284035ae3bc2567bc11e7c. Message: Invalid argument: T de9d164718e74d3db902ea603ab32407 P b8062d66fd284035ae3bc2567bc11e7c [term 4 FOLLOWER]: Leader election vote request: Denying vote to candidate 7f623b00f5ae4b9c8e8940692d5dfd44 in current term 4: Already voted for candidate b8062d66fd284035ae3bc2567bc11e7c in this term.
I1010 20:59:04.315301 2921 leader_election.cc:361] T de9d164718e74d3db902ea603ab32407 P b8062d66fd284035ae3bc2567bc11e7c [CANDIDATE]: Term 4 election: Vote denied by peer 7f623b00f5ae4b9c8e8940692d5dfd44. Message: Invalid argument: T de9d164718e74d3db902ea603ab32407 P 7f623b00f5ae4b9c8e8940692d5dfd44 [term 4 FOLLOWER]: Leader election vote request: Denying vote to candidate b8062d66fd284035ae3bc2567bc11e7c in current term 4: Already voted for candidate 7f623b00f5ae4b9c8e8940692d5dfd44 in this term.
W1010 20:59:04.323143 3763 consensus_meta.cc:188] T 90fa7ae3643e4575a6be1c4936b6cc11 P f6d15ccd64ec49be8396ed78e2a88377: Time spent flushing consensus metadata: real 1.759s user 0.000s sys 0.000s
I1010 20:59:04.323182 3763 raft_consensus.cc:1981] T 90fa7ae3643e4575a6be1c4936b6cc11 P f6d15ccd64ec49be8396ed78e2a88377 [term 5 FOLLOWER]: Snoozing failure detection for election timeout plus an additional 1.659s
I1010 20:59:04.323243 3763 raft_consensus.cc:391] T 90fa7ae3643e4575a6be1c4936b6cc11 P f6d15ccd64ec49be8396ed78e2a88377 [term 5 FOLLOWER]: Starting election with config: opid_index: -1 OBSOLETE_local: false peers { permanent_uuid: "1380a27d6b824575a3a5e139bee139f4" member_type: VOTER last_known_addr { host: "127.6.150.6" port: 46774 } } peers { permanent_uuid: "42e94fc3adbb419591836d222d946978" member_type: VOTER last_known_addr { host: "127.6.150.8" port: 35299 } } peers { permanent_uuid: "f6d15ccd64ec49be8396ed78e2a88377" member_type: VOTER last_known_addr { host: "127.6.150.2" port: 33554 } }
W1010 20:59:04.323274 3834 consensus_meta.cc:188] T 4c179cfa32ee4128ad57d34140e5320f P f6d15ccd64ec49be8396ed78e2a88377: Time spent flushing consensus metadata: real 3.056s user 0.000s sys 0.000s
I1010 20:59:04.323304 3834 raft_consensus.cc:1981] T 4c179cfa32ee4128ad57d34140e5320f P f6d15ccd64ec49be8396ed78e2a88377 [term 3 FOLLOWER]: Snoozing failure detection for election timeout plus an additional 1.835s
I1010 20:59:04.323329 3834 raft_consensus.cc:391] T 4c179cfa32ee4128ad57d34140e5320f P f6d15ccd64ec49be8396ed78e2a88377 [term 3 FOLLOWER]: Starting election with config: opid_index: -1 OBSOLETE_local: false peers { permanent_uuid: "f6d15ccd64ec49be8396ed78e2a88377" member_type: VOTER last_known_addr { host: "127.6.150.2" port: 33554 } } peers { permanent_uuid: "33ef4317e50042ba95e517992caa6531" member_type: VOTER last_known_addr { host: "127.6.150.5" port: 40764 } } peers { permanent_uuid: "7f623b00f5ae4b9c8e8940692d5dfd44" member_type: VOTER last_known_addr { host: "127.6.150.7" port: 45436 } }
W1010 20:59:04.328014 3764 consensus_meta.cc:188] T 84fcfff9fdef4acf8c2b47f36330567f P b8062d66fd284035ae3bc2567bc11e7c: Time spent flushing consensus metadata: real 1.314s user 0.000s sys 0.000s
I1010 20:59:04.328038 3764 raft_consensus.cc:1981] T 84fcfff9fdef4acf8c2b47f36330567f P b8062d66fd284035ae3bc2567bc11e7c [term 4 FOLLOWER]: Snoozing failure detection for election timeout plus an additional 1.771s
I1010 20:59:04.328059 3764 raft_consensus.cc:391] T 84fcfff9fdef4acf8c2b47f36330567f P b8062d66fd284035ae3bc2567bc11e7c [term 4 FOLLOWER]: Starting election with config: opid_index: -1 OBSOLETE_local: false peers { permanent_uuid: "b8062d66fd284035ae3bc2567bc11e7c" member_type: VOTER last_known_addr { host: "127.6.150.4" port: 44055 } } peers { permanent_uuid: "1031512f5120422e9e22a0afabd78f61" member_type: VOTER last_known_addr { host: "127.6.150.1" port: 46963 } } peers { permanent_uuid: "42e94fc3adbb419591836d222d946978" member_type: VOTER last_known_addr { host: "127.6.150.8" port: 35299 } }
W1010 20:59:04.348587 3101 consensus_meta.cc:188] T 7d680e6840854bca9daef77d506408e9 P 33ef4317e50042ba95e517992caa6531: Time spent flushing consensus metadata: real 1.780s user 0.000s sys 0.000s
W1010 20:59:04.348594 2628 consensus_meta.cc:188] T 981834f5e88f4585b6420fca7ddcb289 P 1031512f5120422e9e22a0afabd78f61: Time spent flushing consensus metadata: real 1.782s user 0.000s sys 0.000s
I1010 20:59:04.348605 3101 raft_consensus.cc:1677] T 7d680e6840854bca9daef77d506408e9 P 33ef4317e50042ba95e517992caa6531 [term 4 FOLLOWER]: Leader election vote request: Granting yes vote for candidate 1380a27d6b824575a3a5e139bee139f4 in term 4.
I1010 20:59:04.348608 2628 raft_consensus.cc:1677] T 981834f5e88f4585b6420fca7ddcb289 P 1031512f5120422e9e22a0afabd78f61 [term 3 FOLLOWER]: Leader election vote request: Granting yes vote for candidate 1380a27d6b824575a3a5e139bee139f4 in term 3.
W1010 20:59:04.348618 2628 rpcz_store.cc:234] Call kudu.consensus.ConsensusService.RequestConsensusVote from 127.6.150.6:47001 (request call id 3) took 1782ms (client timeout 1819).
W1010 20:59:04.348619 3101 rpcz_store.cc:234] Call kudu.consensus.ConsensusService.RequestConsensusVote from 127.6.150.6:59112 (request call id 4) took 3325ms (client timeout 2048).
W1010 20:59:04.348629 2628 rpcz_store.cc:238] Trace: 1010 20:59:02.566134 (+ 0us) service_pool.cc:143] Inserting onto call queue 1010 20:59:02.566147 (+ 13us) service_pool.cc:202] Handling call 1010 20:59:04.348614 (+1782467us) inbound_call.cc:130] Queueing success response Metrics: {}
W1010 20:59:04.348631 3101 rpcz_store.cc:238] Trace: 1010 20:59:01.023417 (+ 0us) service_pool.cc:143] Inserting onto call queue 1010 20:59:01.023430 (+ 13us) service_pool.cc:202] Handling call 1010 20:59:04.348614 (+3325184us) inbound_call.cc:130] Queueing success response Metrics: {}
I1010 20:59:04.348687 4193 raft_consensus.cc:1981] T 7d680e6840854bca9daef77d506408e9 P 33ef4317e50042ba95e517992caa6531 [term 4 FOLLOWER]: Snoozing failure detection for election timeout plus an additional 2.128s
I1010 20:59:04.348767 4193 raft_consensus.cc:1823] T 7d680e6840854bca9daef77d506408e9 P 33ef4317e50042ba95e517992caa6531 [term 4 FOLLOWER]: Leader election lost for term 3. Reason: Vote denied by peer 1380a27d6b824575a3a5e139bee139f4 with higher term. Message: Invalid argument: T 7d680e6840854bca9daef77d506408e9 P 1380a27d6b824575a3a5e139bee139f4 [term 4 FOLLOWER]: Leader election vote request: Denying vote to candidate 33ef4317e50042ba95e517992caa6531 for earlier term 3. Current term is 4.
I1010 20:59:04.348803 3154 leader_election.cc:347] T 981834f5e88f4585b6420fca7ddcb289 P 1380a27d6b824575a3a5e139bee139f4 [CANDIDATE]: Term 3 election: Vote granted by peer 1031512f5120422e9e22a0afabd78f61
I1010 20:59:04.348814 3678 raft_consensus.cc:375] T 7d680e6840854bca9daef77d506408e9 P 33ef4317e50042ba95e517992caa6531 [term 4 FOLLOWER]: No leader contacted us within the election timeout. Triggering leader election
I1010 20:59:04.348824 3678 raft_consensus.cc:2031] T 7d680e6840854bca9daef77d506408e9 P 33ef4317e50042ba95e517992caa6531 [term 4 FOLLOWER]: Advancing to term 5
W1010 20:59:04.348949 3842 consensus_meta.cc:188] T 4c179cfa32ee4128ad57d34140e5320f P 33ef4317e50042ba95e517992caa6531: Time spent flushing consensus metadata: real 2.544s user 0.000s sys 0.000s
I1010 20:59:04.348969 3842 raft_consensus.cc:1981] T 4c179cfa32ee4128ad57d34140e5320f P 33ef4317e50042ba95e517992caa6531 [term 3 FOLLOWER]: Snoozing failure detection for election timeout plus an additional 1.857s
I1010 20:59:04.348973 2632 raft_consensus.cc:1981] T 17a4ac4e4e164cebb4d88f59511cf926 P 1031512f5120422e9e22a0afabd78f61 [term 4 FOLLOWER]: Snoozing failure detection for election timeout plus an additional 1.825s
I1010 20:59:04.349315 3678 raft_consensus.cc:1981] T 7d680e6840854bca9daef77d506408e9 P 33ef4317e50042ba95e517992caa6531 [term 5 FOLLOWER]: Snoozing failure detection for election timeout plus an additional 1.818s
I1010 20:59:04.349339 3678 raft_consensus.cc:391] T 7d680e6840854bca9daef77d506408e9 P 33ef4317e50042ba95e517992caa6531 [term 5 FOLLOWER]: Starting election with config: opid_index: -1 OBSOLETE_local: false peers { permanent_uuid: "84bde34331b94c4ea003e48f9317f792" member_type: VOTER last_known_addr { host: "127.6.150.0" port: 40113 } } peers { permanent_uuid: "33ef4317e50042ba95e517992caa6531" member_type: VOTER last_known_addr { host: "127.6.150.5" port: 40764 } } peers { permanent_uuid: "1380a27d6b824575a3a5e139bee139f4" member_type: VOTER last_known_addr { host: "127.6.150.6" port: 46774 } }
I1010 20:59:04.349822 3842 raft_consensus.cc:391] T 4c179cfa32ee4128ad57d34140e5320f P 33ef4317e50042ba95e517992caa6531 [term 3 FOLLOWER]: Starting election with config: opid_index: -1 OBSOLETE_local: false peers { permanent_uuid: "f6d15ccd64ec49be8396ed78e2a88377" member_type: VOTER last_known_addr { host: "127.6.150.2" port: 33554 } } peers { permanent_uuid: "33ef4317e50042ba95e517992caa6531" member_type: VOTER last_known_addr { host: "127.6.150.5" port: 40764 } } peers { permanent_uuid: "7f623b00f5ae4b9c8e8940692d5dfd44" member_type: VOTER last_known_addr { host: "127.6.150.7" port: 45436 } }
I1010 20:59:04.520998 3894 raft_consensus.cc:375] T efe8fb09a1234c9fb1dc99948737a894 P b8062d66fd284035ae3bc2567bc11e7c [term 3 FOLLOWER]: No leader contacted us within the election timeout. Triggering leader election
I1010 20:59:04.521013 3894 raft_consensus.cc:2031] T efe8fb09a1234c9fb1dc99948737a894 P b8062d66fd284035ae3bc2567bc11e7c [term 3 FOLLOWER]: Advancing to term 4
I1010 20:59:04.576264 3698 raft_consensus.cc:375] T efe8fb09a1234c9fb1dc99948737a894 P f6d15ccd64ec49be8396ed78e2a88377 [term 3 FOLLOWER]: No leader contacted us within the election timeout. Triggering leader election
I1010 20:59:04.576278 3698 raft_consensus.cc:2031] T efe8fb09a1234c9fb1dc99948737a894 P f6d15ccd64ec49be8396ed78e2a88377 [term 3 FOLLOWER]: Advancing to term 4
I1010 20:59:04.651278 3889 raft_consensus.cc:375] T 4c179cfa32ee4128ad57d34140e5320f P 7f623b00f5ae4b9c8e8940692d5dfd44 [term 2 FOLLOWER]: No leader contacted us within the election timeout. Triggering leader election
I1010 20:59:04.651309 3889 raft_consensus.cc:2031] T 4c179cfa32ee4128ad57d34140e5320f P 7f623b00f5ae4b9c8e8940692d5dfd44 [term 2 FOLLOWER]: Advancing to term 3
I1010 20:59:04.666074 3781 raft_consensus.cc:375] T 19f492d94e864f1ebd1c70810b0470f7 P 8de6cfa864d64c58bf4eafb689517c93 [term 3 FOLLOWER]: No leader contacted us within the election timeout. Triggering leader election
I1010 20:59:04.666088 3781 raft_consensus.cc:2031] T 19f492d94e864f1ebd1c70810b0470f7 P 8de6cfa864d64c58bf4eafb689517c93 [term 3 FOLLOWER]: Advancing to term 4
I1010 20:59:04.687403 3882 raft_consensus.cc:375] T 8da5904fd56d441ea29e61eb9d2b0b2f P b8062d66fd284035ae3bc2567bc11e7c [term 3 FOLLOWER]: No leader contacted us within the election timeout. Triggering leader election
I1010 20:59:04.687419 3882 raft_consensus.cc:2031] T 8da5904fd56d441ea29e61eb9d2b0b2f P b8062d66fd284035ae3bc2567bc11e7c [term 3 FOLLOWER]: Advancing to term 4
I1010 20:59:04.811518 2861 raft_consensus.cc:857] T 981834f5e88f4585b6420fca7ddcb289 P 8de6cfa864d64c58bf4eafb689517c93 [term 3 FOLLOWER]: Refusing update from remote peer 1380a27d6b824575a3a5e139bee139f4: Log matching property violated. Preceding OpId in replica: term: 0 index: 0. Preceding OpId from leader: term: 3 index: 1. (index mismatch)
I1010 20:59:04.811630 4228 consensus_queue.cc:652] T 981834f5e88f4585b6420fca7ddcb289 P 1380a27d6b824575a3a5e139bee139f4 [LEADER]: Connected to new peer: Peer: 8de6cfa864d64c58bf4eafb689517c93, Is new: false, Last received: 0.0, Next index: 1, Last known committed idx: 0, Last exchange result: ERROR, Needs tablet copy: false
I1010 20:59:04.811841 2628 raft_consensus.cc:857] T 981834f5e88f4585b6420fca7ddcb289 P 1031512f5120422e9e22a0afabd78f61 [term 3 FOLLOWER]: Refusing update from remote peer 1380a27d6b824575a3a5e139bee139f4: Log matching property violated. Preceding OpId in replica: term: 0 index: 0. Preceding OpId from leader: term: 3 index: 1. (index mismatch)
I1010 20:59:04.811919 4228 consensus_queue.cc:652] T 981834f5e88f4585b6420fca7ddcb289 P 1380a27d6b824575a3a5e139bee139f4 [LEADER]: Connected to new peer: Peer: 1031512f5120422e9e22a0afabd78f61, Is new: false, Last received: 0.0, Next index: 1, Last known committed idx: 0, Last exchange result: ERROR, Needs tablet copy: false
I1010 20:59:04.813426 3789 raft_consensus.cc:375] T 949b26dfeadc4de38868bf4ed994d184 P 1380a27d6b824575a3a5e139bee139f4 [term 3 FOLLOWER]: No leader contacted us within the election timeout. Triggering leader election
I1010 20:59:04.813454 3789 raft_consensus.cc:2031] T 949b26dfeadc4de38868bf4ed994d184 P 1380a27d6b824575a3a5e139bee139f4 [term 3 FOLLOWER]: Advancing to term 4
I1010 20:59:04.813905 3789 raft_consensus.cc:1981] T 949b26dfeadc4de38868bf4ed994d184 P 1380a27d6b824575a3a5e139bee139f4 [term 4 FOLLOWER]: Snoozing failure detection for election timeout plus an additional 2.059s
I1010 20:59:04.813937 3789 raft_consensus.cc:391] T 949b26dfeadc4de38868bf4ed994d184 P 1380a27d6b824575a3a5e139bee139f4 [term 4 FOLLOWER]: Starting election with config: opid_index: -1 OBSOLETE_local: false peers { permanent_uuid: "1380a27d6b824575a3a5e139bee139f4" member_type: VOTER last_known_addr { host: "127.6.150.6" port: 46774 } } peers { permanent_uuid: "b8062d66fd284035ae3bc2567bc11e7c" member_type: VOTER last_known_addr { host: "127.6.150.4" port: 44055 } } peers { permanent_uuid: "8de6cfa864d64c58bf4eafb689517c93" member_type: VOTER last_known_addr { host: "127.6.150.3" port: 40117 } }
W1010 20:59:04.940773 2514 consensus_meta.cc:188] T 7d680e6840854bca9daef77d506408e9 P 84bde34331b94c4ea003e48f9317f792: Time spent flushing consensus metadata: real 0.632s user 0.000s sys 0.000s
I1010 20:59:04.940807 2514 raft_consensus.cc:1677] T 7d680e6840854bca9daef77d506408e9 P 84bde34331b94c4ea003e48f9317f792 [term 4 FOLLOWER]: Leader election vote request: Granting yes vote for candidate 1380a27d6b824575a3a5e139bee139f4 in term 4.
W1010 20:59:04.940804 3452 consensus_meta.cc:188] T f689db1eddb54b1f85b7df38d14534b4 P 42e94fc3adbb419591836d222d946978: Time spent flushing consensus metadata: real 0.632s user 0.000s sys 0.000s
W1010 20:59:04.940835 2514 rpcz_store.cc:234] Call kudu.consensus.ConsensusService.RequestConsensusVote from 127.6.150.6:59570 (request call id 4) took 3919ms (client timeout 2048).
I1010 20:59:04.940839 3452 raft_consensus.cc:1677] T f689db1eddb54b1f85b7df38d14534b4 P 42e94fc3adbb419591836d222d946978 [term 4 FOLLOWER]: Leader election vote request: Granting yes vote for candidate 1380a27d6b824575a3a5e139bee139f4 in term 4.
W1010 20:59:04.940852 2514 rpcz_store.cc:238] Trace: 1010 20:59:01.021483 (+ 0us) service_pool.cc:143] Inserting onto call queue 1010 20:59:01.021501 (+ 18us) service_pool.cc:202] Handling call 1010 20:59:04.940830 (+3919329us) inbound_call.cc:130] Queueing success response Metrics: {}
W1010 20:59:04.940861 3452 rpcz_store.cc:234] Call kudu.consensus.ConsensusService.RequestConsensusVote from 127.6.150.6:42979 (request call id 6) took 3917ms (client timeout 1612).
W1010 20:59:04.940879 3452 rpcz_store.cc:238] Trace: 1010 20:59:01.023113 (+ 0us) service_pool.cc:143] Inserting onto call queue 1010 20:59:01.023238 (+ 125us) service_pool.cc:202] Handling call 1010 20:59:04.940856 (+3917618us) inbound_call.cc:130] Queueing success response Metrics: {}
I1010 20:59:04.940882 4194 raft_consensus.cc:1981] T 7d680e6840854bca9daef77d506408e9 P 84bde34331b94c4ea003e48f9317f792 [term 4 FOLLOWER]: Snoozing failure detection for election timeout plus an additional 1.675s
I1010 20:59:04.940932 4194 raft_consensus.cc:1823] T 7d680e6840854bca9daef77d506408e9 P 84bde34331b94c4ea003e48f9317f792 [term 4 FOLLOWER]: Leader election lost for term 3. Reason: Vote denied by peer 1380a27d6b824575a3a5e139bee139f4 with higher term. Message: Service unavailable: T 7d680e6840854bca9daef77d506408e9 P 1380a27d6b824575a3a5e139bee139f4 [term 4 FOLLOWER]: Leader election vote request: Denying vote to candidate 84bde34331b94c4ea003e48f9317f792 for term 3 because replica is already servicing an update from a current leader or another vote.
I1010 20:59:04.940943 3754 raft_consensus.cc:375] T 7d680e6840854bca9daef77d506408e9 P 84bde34331b94c4ea003e48f9317f792 [term 4 FOLLOWER]: No leader contacted us within the election timeout. Triggering leader election
I1010 20:59:04.940964 3754 raft_consensus.cc:2031] T 7d680e6840854bca9daef77d506408e9 P 84bde34331b94c4ea003e48f9317f792 [term 4 FOLLOWER]: Advancing to term 5
W1010 20:59:04.940973 3816 consensus_meta.cc:188] T 84fcfff9fdef4acf8c2b47f36330567f P 42e94fc3adbb419591836d222d946978: Time spent flushing consensus metadata: real 1.942s user 0.000s sys 0.000s
I1010 20:59:04.940984 3891 raft_consensus.cc:375] T f689db1eddb54b1f85b7df38d14534b4 P 42e94fc3adbb419591836d222d946978 [term 4 FOLLOWER]: No leader contacted us within the election timeout. Triggering leader election
I1010 20:59:04.940989 3891 raft_consensus.cc:2031] T f689db1eddb54b1f85b7df38d14534b4 P 42e94fc3adbb419591836d222d946978 [term 4 FOLLOWER]: Advancing to term 5
I1010 20:59:04.940991 3816 raft_consensus.cc:1981] T 84fcfff9fdef4acf8c2b47f36330567f P 42e94fc3adbb419591836d222d946978 [term 3 FOLLOWER]: Snoozing failure detection for election timeout plus an additional 1.512s
I1010 20:59:04.941014 3816 raft_consensus.cc:391] T 84fcfff9fdef4acf8c2b47f36330567f P 42e94fc3adbb419591836d222d946978 [term 3 FOLLOWER]: Starting election with config: opid_index: -1 OBSOLETE_local: false peers { permanent_uuid: "b8062d66fd284035ae3bc2567bc11e7c" member_type: VOTER last_known_addr { host: "127.6.150.4" port: 44055 } } peers { permanent_uuid: "1031512f5120422e9e22a0afabd78f61" member_type: VOTER last_known_addr { host: "127.6.150.1" port: 46963 } } peers { permanent_uuid: "42e94fc3adbb419591836d222d946978" member_type: VOTER last_known_addr { host: "127.6.150.8" port: 35299 } }
I1010 20:59:05.049612 3848 raft_consensus.cc:375] T 90fa7ae3643e4575a6be1c4936b6cc11 P 1380a27d6b824575a3a5e139bee139f4 [term 4 FOLLOWER]: No leader contacted us within the election timeout. Triggering leader election
I1010 20:59:05.049631 3848 raft_consensus.cc:2031] T 90fa7ae3643e4575a6be1c4936b6cc11 P 1380a27d6b824575a3a5e139bee139f4 [term 4 FOLLOWER]: Advancing to term 5
I1010 20:59:05.247915 3867 raft_consensus.cc:375] T 84fcfff9fdef4acf8c2b47f36330567f P 1031512f5120422e9e22a0afabd78f61 [term 3 FOLLOWER]: No leader contacted us within the election timeout. Triggering leader election
I1010 20:59:05.247934 3867 raft_consensus.cc:2031] T 84fcfff9fdef4acf8c2b47f36330567f P 1031512f5120422e9e22a0afabd78f61 [term 3 FOLLOWER]: Advancing to term 4
W1010 20:59:05.740854 3331 consensus_meta.cc:188] T f2289fb138ea4a5ab6c02803c4e9aa51 P 7f623b00f5ae4b9c8e8940692d5dfd44: Time spent flushing consensus metadata: real 1.426s user 0.000s sys 0.000s
W1010 20:59:05.740874 3764 consensus_meta.cc:188] T 84fcfff9fdef4acf8c2b47f36330567f P b8062d66fd284035ae3bc2567bc11e7c: Time spent flushing consensus metadata: real 1.413s user 0.000s sys 0.000s
I1010 20:59:05.740881 3331 raft_consensus.cc:1677] T f2289fb138ea4a5ab6c02803c4e9aa51 P 7f623b00f5ae4b9c8e8940692d5dfd44 [term 4 FOLLOWER]: Leader election vote request: Granting yes vote for candidate b8062d66fd284035ae3bc2567bc11e7c in term 4.
W1010 20:59:05.740898 3331 rpcz_store.cc:234] Call kudu.consensus.ConsensusService.RequestConsensusVote from 127.6.150.4:46735 (request call id 6) took 3175ms (client timeout 1503).
W1010 20:59:05.740914 3331 rpcz_store.cc:238] Trace: 1010 20:59:02.565169 (+ 0us) service_pool.cc:143] Inserting onto call queue 1010 20:59:02.565177 (+ 8us) service_pool.cc:202] Handling call 1010 20:59:05.740892 (+3175715us) inbound_call.cc:130] Queueing success response Metrics: {"tcmalloc_contention_cycles":4352}
I1010 20:59:05.740947 3337 raft_consensus.cc:1654] T f2289fb138ea4a5ab6c02803c4e9aa51 P 7f623b00f5ae4b9c8e8940692d5dfd44 [term 4 FOLLOWER]: Leader election vote request: Denying vote to candidate 42e94fc3adbb419591836d222d946978 for term 4 because replica is already servicing an update from a current leader or another vote.
I1010 20:59:05.741004 3337 rpcz_store.cc:248] Call kudu.consensus.ConsensusService.RequestConsensusVote from 127.6.150.8:39867 (request call id 4) took 1430ms. Request Metrics: {"spinlock_wait_cycles":3289008512}
I1010 20:59:05.741015 3764 leader_election.cc:223] T 84fcfff9fdef4acf8c2b47f36330567f P b8062d66fd284035ae3bc2567bc11e7c [CANDIDATE]: Term 4 election: Requesting vote from peer 1031512f5120422e9e22a0afabd78f61
I1010 20:59:05.741056 3764 leader_election.cc:223] T 84fcfff9fdef4acf8c2b47f36330567f P b8062d66fd284035ae3bc2567bc11e7c [CANDIDATE]: Term 4 election: Requesting vote from peer 42e94fc3adbb419591836d222d946978
W1010 20:59:05.741255 3334 consensus_meta.cc:188] T 17a4ac4e4e164cebb4d88f59511cf926 P 7f623b00f5ae4b9c8e8940692d5dfd44: Time spent flushing consensus metadata: real 1.426s user 0.000s sys 0.000s
I1010 20:59:05.741266 3334 raft_consensus.cc:1677] T 17a4ac4e4e164cebb4d88f59511cf926 P 7f623b00f5ae4b9c8e8940692d5dfd44 [term 4 FOLLOWER]: Leader election vote request: Granting yes vote for candidate 580cbaf7092444dfbc6fb344da88d7b6 in term 4.
W1010 20:59:05.741273 3334 rpcz_store.cc:234] Call kudu.consensus.ConsensusService.RequestConsensusVote from 127.6.150.9:42466 (request call id 24) took 1429ms (client timeout 1634).
W1010 20:59:05.741282 3334 rpcz_store.cc:238] Trace: 1010 20:59:04.311692 (+ 0us) service_pool.cc:143] Inserting onto call queue 1010 20:59:04.311706 (+ 14us) service_pool.cc:202] Handling call 1010 20:59:05.741269 (+1429563us) inbound_call.cc:130] Queueing success response Metrics: {"tcmalloc_contention_cycles":768}
I1010 20:59:05.741297 3870 raft_consensus.cc:375] T f2289fb138ea4a5ab6c02803c4e9aa51 P 7f623b00f5ae4b9c8e8940692d5dfd44 [term 4 FOLLOWER]: No leader contacted us within the election timeout. Triggering leader election
I1010 20:59:05.741302 3870 raft_consensus.cc:2031] T f2289fb138ea4a5ab6c02803c4e9aa51 P 7f623b00f5ae4b9c8e8940692d5dfd44 [term 4 FOLLOWER]: Advancing to term 5
W1010 20:59:05.741487 3834 consensus_meta.cc:188] T 4c179cfa32ee4128ad57d34140e5320f P f6d15ccd64ec49be8396ed78e2a88377: Time spent flushing consensus metadata: real 1.418s user 0.000s sys 0.000s
I1010 20:59:05.741505 3390 leader_election.cc:361] T f2289fb138ea4a5ab6c02803c4e9aa51 P 42e94fc3adbb419591836d222d946978 [CANDIDATE]: Term 4 election: Vote denied by peer 7f623b00f5ae4b9c8e8940692d5dfd44. Message: Service unavailable: T f2289fb138ea4a5ab6c02803c4e9aa51 P 7f623b00f5ae4b9c8e8940692d5dfd44 [term 4 FOLLOWER]: Leader election vote request: Denying vote to candidate 42e94fc3adbb419591836d222d946978 for term 4 because replica is already servicing an update from a current leader or another vote.
I1010 20:59:05.741518 3390 leader_election.cc:248] T f2289fb138ea4a5ab6c02803c4e9aa51 P 42e94fc3adbb419591836d222d946978 [CANDIDATE]: Term 4 election: Election decided. Result: candidate lost.
I1010 20:59:05.741566 3834 leader_election.cc:223] T 4c179cfa32ee4128ad57d34140e5320f P f6d15ccd64ec49be8396ed78e2a88377 [CANDIDATE]: Term 3 election: Requesting vote from peer 33ef4317e50042ba95e517992caa6531
I1010 20:59:05.741580 3834 leader_election.cc:223] T 4c179cfa32ee4128ad57d34140e5320f P f6d15ccd64ec49be8396ed78e2a88377 [CANDIDATE]: Term 3 election: Requesting vote from peer 7f623b00f5ae4b9c8e8940692d5dfd44
W1010 20:59:05.741595 3889 consensus_meta.cc:188] T 4c179cfa32ee4128ad57d34140e5320f P 7f623b00f5ae4b9c8e8940692d5dfd44: Time spent flushing consensus metadata: real 1.090s user 0.000s sys 0.000s
I1010 20:59:05.741621 3889 raft_consensus.cc:1981] T 4c179cfa32ee4128ad57d34140e5320f P 7f623b00f5ae4b9c8e8940692d5dfd44 [term 3 FOLLOWER]: Snoozing failure detection for election timeout plus an additional 1.910s
I1010 20:59:05.741646 3889 raft_consensus.cc:391] T 4c179cfa32ee4128ad57d34140e5320f P 7f623b00f5ae4b9c8e8940692d5dfd44 [term 3 FOLLOWER]: Starting election with config: opid_index: -1 OBSOLETE_local: false peers { permanent_uuid: "f6d15ccd64ec49be8396ed78e2a88377" member_type: VOTER last_known_addr { host: "127.6.150.2" port: 33554 } } peers { permanent_uuid: "33ef4317e50042ba95e517992caa6531" member_type: VOTER last_known_addr { host: "127.6.150.5" port: 40764 } } peers { permanent_uuid: "7f623b00f5ae4b9c8e8940692d5dfd44" member_type: VOTER last_known_addr { host: "127.6.150.7" port: 45436 } }
I1010 20:59:05.741693 3507 leader_election.cc:347] T 17a4ac4e4e164cebb4d88f59511cf926 P 580cbaf7092444dfbc6fb344da88d7b6 [CANDIDATE]: Term 4 election: Vote granted by peer 7f623b00f5ae4b9c8e8940692d5dfd44
I1010 20:59:05.741704 3507 leader_election.cc:248] T 17a4ac4e4e164cebb4d88f59511cf926 P 580cbaf7092444dfbc6fb344da88d7b6 [CANDIDATE]: Term 4 election: Election decided. Result: candidate won.
W1010 20:59:05.741729 3754 consensus_meta.cc:188] T 7d680e6840854bca9daef77d506408e9 P 84bde34331b94c4ea003e48f9317f792: Time spent flushing consensus metadata: real 0.801s user 0.000s sys 0.004s
I1010 20:59:05.741742 3870 raft_consensus.cc:1981] T f2289fb138ea4a5ab6c02803c4e9aa51 P 7f623b00f5ae4b9c8e8940692d5dfd44 [term 5 FOLLOWER]: Snoozing failure detection for election timeout plus an additional 1.946s
I1010 20:59:05.741753 3754 raft_consensus.cc:1981] T 7d680e6840854bca9daef77d506408e9 P 84bde34331b94c4ea003e48f9317f792 [term 5 FOLLOWER]: Snoozing failure detection for election timeout plus an additional 2.077s
I1010 20:59:05.741765 3870 raft_consensus.cc:391] T f2289fb138ea4a5ab6c02803c4e9aa51 P 7f623b00f5ae4b9c8e8940692d5dfd44 [term 5 FOLLOWER]: Starting election with config: opid_index: -1 OBSOLETE_local: false peers { permanent_uuid: "42e94fc3adbb419591836d222d946978" member_type: VOTER last_known_addr { host: "127.6.150.8" port: 35299 } } peers { permanent_uuid: "b8062d66fd284035ae3bc2567bc11e7c" member_type: VOTER last_known_addr { host: "127.6.150.4" port: 44055 } } peers { permanent_uuid: "7f623b00f5ae4b9c8e8940692d5dfd44" member_type: VOTER last_known_addr { host: "127.6.150.7" port: 45436 } }
I1010 20:59:05.741778 3754 raft_consensus.cc:391] T 7d680e6840854bca9daef77d506408e9 P 84bde34331b94c4ea003e48f9317f792 [term 5 FOLLOWER]: Starting election with config: opid_index: -1 OBSOLETE_local: false peers { permanent_uuid: "84bde34331b94c4ea003e48f9317f792" member_type: VOTER last_known_addr { host: "127.6.150.0" port: 40113 } } peers { permanent_uuid: "33ef4317e50042ba95e517992caa6531" member_type: VOTER last_known_addr { host: "127.6.150.5" port: 40764 } } peers { permanent_uuid: "1380a27d6b824575a3a5e139bee139f4" member_type: VOTER last_known_addr { host: "127.6.150.6" port: 46774 } }
I1010 20:59:05.741971 4240 raft_consensus.cc:1981] T f2289fb138ea4a5ab6c02803c4e9aa51 P 42e94fc3adbb419591836d222d946978 [term 4 FOLLOWER]: Snoozing failure detection for election timeout plus an additional 1.924s
W1010 20:59:05.741993 3789 consensus_meta.cc:188] T 949b26dfeadc4de38868bf4ed994d184 P 1380a27d6b824575a3a5e139bee139f4: Time spent flushing consensus metadata: real 0.928s user 0.000s sys 0.000s
I1010 20:59:05.742002 4240 raft_consensus.cc:1823] T f2289fb138ea4a5ab6c02803c4e9aa51 P 42e94fc3adbb419591836d222d946978 [term 4 FOLLOWER]: Leader election lost for term 4. Reason: None given
I1010 20:59:05.742008 4241 raft_consensus.cc:1981] T 17a4ac4e4e164cebb4d88f59511cf926 P 580cbaf7092444dfbc6fb344da88d7b6 [term 4 FOLLOWER]: Snoozing failure detection for election timeout plus an additional 1.583s
I1010 20:59:05.742019 4241 raft_consensus.cc:1861] T 17a4ac4e4e164cebb4d88f59511cf926 P 580cbaf7092444dfbc6fb344da88d7b6 [term 4 FOLLOWER]: Leader election won for term 4
I1010 20:59:05.742090 3789 leader_election.cc:223] T 949b26dfeadc4de38868bf4ed994d184 P 1380a27d6b824575a3a5e139bee139f4 [CANDIDATE]: Term 4 election: Requesting vote from peer b8062d66fd284035ae3bc2567bc11e7c
I1010 20:59:05.742106 3789 leader_election.cc:223] T 949b26dfeadc4de38868bf4ed994d184 P 1380a27d6b824575a3a5e139bee139f4 [CANDIDATE]: Term 4 election: Requesting vote from peer 8de6cfa864d64c58bf4eafb689517c93
I1010 20:59:05.742136 4241 raft_consensus.cc:467] T 17a4ac4e4e164cebb4d88f59511cf926 P 580cbaf7092444dfbc6fb344da88d7b6 [term 4 LEADER]: Becoming Leader. State: Replica: 580cbaf7092444dfbc6fb344da88d7b6, State: 1, Role: LEADER Watermarks: {Received: term: 0 index: 0 Committed: term: 0 index: 0}
I1010 20:59:05.742167 4241 consensus_queue.cc:151] T 17a4ac4e4e164cebb4d88f59511cf926 P 580cbaf7092444dfbc6fb344da88d7b6 [LEADER]: Queue going to LEADER mode. State: All replicated index: 0, Majority replicated index: 0, Committed index: 0, Last appended: 0.0, Current term: 4, Majority size: 2, State: 1, Mode: LEADER, active raft config: opid_index: -1 OBSOLETE_local: false peers { permanent_uuid: "580cbaf7092444dfbc6fb344da88d7b6" member_type: VOTER last_known_addr { host: "127.6.150.9" port: 51743 } } peers { permanent_uuid: "7f623b00f5ae4b9c8e8940692d5dfd44" member_type: VOTER last_known_addr { host: "127.6.150.7" port: 45436 } } peers { permanent_uuid: "1031512f5120422e9e22a0afabd78f61" member_type: VOTER last_known_addr { host: "127.6.150.1" port: 46963 } }
W1010 20:59:05.742169 2632 consensus_meta.cc:188] T 17a4ac4e4e164cebb4d88f59511cf926 P 1031512f5120422e9e22a0afabd78f61: Time spent flushing consensus metadata: real 1.393s user 0.000s sys 0.004s
I1010 20:59:05.742185 2632 raft_consensus.cc:1677] T 17a4ac4e4e164cebb4d88f59511cf926 P 1031512f5120422e9e22a0afabd78f61 [term 4 FOLLOWER]: Leader election vote request: Granting yes vote for candidate 580cbaf7092444dfbc6fb344da88d7b6 in term 4.
I1010 20:59:05.742183 2984 raft_consensus.cc:2031] T 949b26dfeadc4de38868bf4ed994d184 P b8062d66fd284035ae3bc2567bc11e7c [term 3 FOLLOWER]: Advancing to term 4
W1010 20:59:05.742208 2632 rpcz_store.cc:234] Call kudu.consensus.ConsensusService.RequestConsensusVote from 127.6.150.9:55298 (request call id 4) took 1431ms (client timeout 1634).
W1010 20:59:05.742238 2632 rpcz_store.cc:238] Trace: 1010 20:59:04.310730 (+ 0us) service_pool.cc:143] Inserting onto call queue 1010 20:59:04.310764 (+ 34us) service_pool.cc:202] Handling call 1010 20:59:05.742191 (+1431427us) inbound_call.cc:130] Queueing success response Metrics: {"tcmalloc_contention_cycles":768}
I1010 20:59:05.742259 2861 raft_consensus.cc:2031] T 949b26dfeadc4de38868bf4ed994d184 P 8de6cfa864d64c58bf4eafb689517c93 [term 3 FOLLOWER]: Advancing to term 4
I1010 20:59:05.742305 3505 leader_election.cc:347] T 17a4ac4e4e164cebb4d88f59511cf926 P 580cbaf7092444dfbc6fb344da88d7b6 [CANDIDATE]: Term 4 election: Vote granted by peer 1031512f5120422e9e22a0afabd78f61
W1010 20:59:05.742313 3678 consensus_meta.cc:188] T 7d680e6840854bca9daef77d506408e9 P 33ef4317e50042ba95e517992caa6531: Time spent flushing consensus metadata: real 1.393s user 0.004s sys 0.000s
I1010 20:59:05.742410 3678 leader_election.cc:223] T 7d680e6840854bca9daef77d506408e9 P 33ef4317e50042ba95e517992caa6531 [CANDIDATE]: Term 5 election: Requesting vote from peer 84bde34331b94c4ea003e48f9317f792
I1010 20:59:05.742429 3678 leader_election.cc:223] T 7d680e6840854bca9daef77d506408e9 P 33ef4317e50042ba95e517992caa6531 [CANDIDATE]: Term 5 election: Requesting vote from peer 1380a27d6b824575a3a5e139bee139f4
I1010 20:59:05.742516 3217 raft_consensus.cc:2031] T 7d680e6840854bca9daef77d506408e9 P 1380a27d6b824575a3a5e139bee139f4 [term 4 FOLLOWER]: Advancing to term 5
I1010 20:59:05.742797 2403 catalog_manager.cc:2018] T 17a4ac4e4e164cebb4d88f59511cf926 reported consensus state change: term changed from 0 to 4, leader changed from to 580cbaf7092444dfbc6fb344da88d7b6 (127.6.150.9). New consensus state: current_term: 4 leader_uuid: "580cbaf7092444dfbc6fb344da88d7b6" config { opid_index: -1 OBSOLETE_local: false peers { permanent_uuid: "580cbaf7092444dfbc6fb344da88d7b6" member_type: VOTER last_known_addr { host: "127.6.150.9" port: 51743 } } peers { permanent_uuid: "7f623b00f5ae4b9c8e8940692d5dfd44" member_type: VOTER last_known_addr { host: "127.6.150.7" port: 45436 } } peers { permanent_uuid: "1031512f5120422e9e22a0afabd78f61" member_type: VOTER last_known_addr { host: "127.6.150.1" port: 46963 } } }
W1010 20:59:05.746579 3722 consensus_meta.cc:188] T efe8fb09a1234c9fb1dc99948737a894 P 580cbaf7092444dfbc6fb344da88d7b6: Time spent flushing consensus metadata: real 1.437s user 0.000s sys 0.000s
W1010 20:59:05.746626 3891 consensus_meta.cc:188] T f689db1eddb54b1f85b7df38d14534b4 P 42e94fc3adbb419591836d222d946978: Time spent flushing consensus metadata: real 0.806s user 0.004s sys 0.000s
I1010 20:59:05.746644 3891 raft_consensus.cc:1981] T f689db1eddb54b1f85b7df38d14534b4 P 42e94fc3adbb419591836d222d946978 [term 5 FOLLOWER]: Snoozing failure detection for election timeout plus an additional 1.566s
I1010 20:59:05.746692 3722 leader_election.cc:223] T efe8fb09a1234c9fb1dc99948737a894 P 580cbaf7092444dfbc6fb344da88d7b6 [CANDIDATE]: Term 4 election: Requesting vote from peer b8062d66fd284035ae3bc2567bc11e7c
I1010 20:59:05.746706 3722 leader_election.cc:223] T efe8fb09a1234c9fb1dc99948737a894 P 580cbaf7092444dfbc6fb344da88d7b6 [CANDIDATE]: Term 4 election: Requesting vote from peer f6d15ccd64ec49be8396ed78e2a88377
W1010 20:59:05.746866 3817 consensus_meta.cc:188] T de9d164718e74d3db902ea603ab32407 P 8de6cfa864d64c58bf4eafb689517c93: Time spent flushing consensus metadata: real 1.436s user 0.000s sys 0.000s
W1010 20:59:05.746911 3848 consensus_meta.cc:188] T 90fa7ae3643e4575a6be1c4936b6cc11 P 1380a27d6b824575a3a5e139bee139f4: Time spent flushing consensus metadata: real 0.697s user 0.000s sys 0.000s
I1010 20:59:05.746934 3848 raft_consensus.cc:1981] T 90fa7ae3643e4575a6be1c4936b6cc11 P 1380a27d6b824575a3a5e139bee139f4 [term 5 FOLLOWER]: Snoozing failure detection for election timeout plus an additional 2.301s
I1010 20:59:05.746954 3817 leader_election.cc:223] T de9d164718e74d3db902ea603ab32407 P 8de6cfa864d64c58bf4eafb689517c93 [CANDIDATE]: Term 3 election: Requesting vote from peer 7f623b00f5ae4b9c8e8940692d5dfd44
