W1010 20:58:53.631647 3898 consensus_meta.cc:188] T 970154c84d6849cc83af1d9e5ad6980d P b8062d66fd284035ae3bc2567bc11e7c: Time spent flushing consensus metadata: real 1.659s user 0.000s sys 0.000s
I1010 20:58:53.631671 3898 raft_consensus.cc:1981] T 970154c84d6849cc83af1d9e5ad6980d P b8062d66fd284035ae3bc2567bc11e7c [term 2 FOLLOWER]: Snoozing failure detection for election timeout plus an additional 1.562s
I1010 20:58:53.631700 3898 raft_consensus.cc:391] T 970154c84d6849cc83af1d9e5ad6980d P b8062d66fd284035ae3bc2567bc11e7c [term 2 FOLLOWER]: Starting election with config: opid_index: -1 OBSOLETE_local: false peers { permanent_uuid: "580cbaf7092444dfbc6fb344da88d7b6" member_type: VOTER last_known_addr { host: "127.6.150.9" port: 51743 } } peers { permanent_uuid: "84bde34331b94c4ea003e48f9317f792" member_type: VOTER last_known_addr { host: "127.6.150.0" port: 40113 } } peers { permanent_uuid: "b8062d66fd284035ae3bc2567bc11e7c" member_type: VOTER last_known_addr { host: "127.6.150.4" port: 44055 } }
W1010 20:58:53.631702 3697 consensus_meta.cc:188] T 949b26dfeadc4de38868bf4ed994d184 P 8de6cfa864d64c58bf4eafb689517c93: Time spent flushing consensus metadata: real 3.015s user 0.000s sys 0.000s
I1010 20:58:53.631718 3697 raft_consensus.cc:1981] T 949b26dfeadc4de38868bf4ed994d184 P 8de6cfa864d64c58bf4eafb689517c93 [term 2 FOLLOWER]: Snoozing failure detection for election timeout plus an additional 1.569s
I1010 20:58:53.631750 3697 raft_consensus.cc:391] T 949b26dfeadc4de38868bf4ed994d184 P 8de6cfa864d64c58bf4eafb689517c93 [term 2 FOLLOWER]: Starting election with config: opid_index: -1 OBSOLETE_local: false peers { permanent_uuid: "1380a27d6b824575a3a5e139bee139f4" member_type: VOTER last_known_addr { host: "127.6.150.6" port: 46774 } } peers { permanent_uuid: "b8062d66fd284035ae3bc2567bc11e7c" member_type: VOTER last_known_addr { host: "127.6.150.4" port: 44055 } } peers { permanent_uuid: "8de6cfa864d64c58bf4eafb689517c93" member_type: VOTER last_known_addr { host: "127.6.150.3" port: 40117 } }
W1010 20:58:53.631779 3694 consensus_meta.cc:188] T 7836528275cb45aab827361611bb3bbe P 580cbaf7092444dfbc6fb344da88d7b6: Time spent flushing consensus metadata: real 3.507s user 0.000s sys 0.000s
I1010 20:58:53.631809 3694 raft_consensus.cc:1981] T 7836528275cb45aab827361611bb3bbe P 580cbaf7092444dfbc6fb344da88d7b6 [term 2 FOLLOWER]: Snoozing failure detection for election timeout plus an additional 1.564s
I1010 20:58:53.631855 3694 raft_consensus.cc:391] T 7836528275cb45aab827361611bb3bbe P 580cbaf7092444dfbc6fb344da88d7b6 [term 2 FOLLOWER]: Starting election with config: opid_index: -1 OBSOLETE_local: false peers { permanent_uuid: "580cbaf7092444dfbc6fb344da88d7b6" member_type: VOTER last_known_addr { host: "127.6.150.9" port: 51743 } } peers { permanent_uuid: "42e94fc3adbb419591836d222d946978" member_type: VOTER last_known_addr { host: "127.6.150.8" port: 35299 } } peers { permanent_uuid: "8de6cfa864d64c58bf4eafb689517c93" member_type: VOTER last_known_addr { host: "127.6.150.3" port: 40117 } }
W1010 20:58:53.632104 3779 consensus_meta.cc:188] T 90fa7ae3643e4575a6be1c4936b6cc11 P 42e94fc3adbb419591836d222d946978: Time spent flushing consensus metadata: real 1.698s user 0.000s sys 0.000s
I1010 20:58:53.632135 3779 raft_consensus.cc:1981] T 90fa7ae3643e4575a6be1c4936b6cc11 P 42e94fc3adbb419591836d222d946978 [term 3 FOLLOWER]: Snoozing failure detection for election timeout plus an additional 1.757s
I1010 20:58:53.632160 3779 raft_consensus.cc:391] T 90fa7ae3643e4575a6be1c4936b6cc11 P 42e94fc3adbb419591836d222d946978 [term 3 FOLLOWER]: Starting election with config: opid_index: -1 OBSOLETE_local: false peers { permanent_uuid: "1380a27d6b824575a3a5e139bee139f4" member_type: VOTER last_known_addr { host: "127.6.150.6" port: 46774 } } peers { permanent_uuid: "42e94fc3adbb419591836d222d946978" member_type: VOTER last_known_addr { host: "127.6.150.8" port: 35299 } } peers { permanent_uuid: "f6d15ccd64ec49be8396ed78e2a88377" member_type: VOTER last_known_addr { host: "127.6.150.2" port: 33554 } }
W1010 20:58:53.632213 3698 consensus_meta.cc:188] T efe8fb09a1234c9fb1dc99948737a894 P f6d15ccd64ec49be8396ed78e2a88377: Time spent flushing consensus metadata: real 3.223s user 0.000s sys 0.000s
I1010 20:58:53.632261 3698 raft_consensus.cc:1981] T efe8fb09a1234c9fb1dc99948737a894 P f6d15ccd64ec49be8396ed78e2a88377 [term 2 FOLLOWER]: Snoozing failure detection for election timeout plus an additional 1.608s
I1010 20:58:53.632287 3698 raft_consensus.cc:391] T efe8fb09a1234c9fb1dc99948737a894 P f6d15ccd64ec49be8396ed78e2a88377 [term 2 FOLLOWER]: Starting election with config: opid_index: -1 OBSOLETE_local: false peers { permanent_uuid: "580cbaf7092444dfbc6fb344da88d7b6" member_type: VOTER last_known_addr { host: "127.6.150.9" port: 51743 } } peers { permanent_uuid: "b8062d66fd284035ae3bc2567bc11e7c" member_type: VOTER last_known_addr { host: "127.6.150.4" port: 44055 } } peers { permanent_uuid: "f6d15ccd64ec49be8396ed78e2a88377" member_type: VOTER last_known_addr { host: "127.6.150.2" port: 33554 } }
I1010 20:58:53.632355 3737 leader_election.cc:223] T ed24ca4817744964991178277119b367 P 580cbaf7092444dfbc6fb344da88d7b6 [CANDIDATE]: Term 2 election: Requesting vote from peer 33ef4317e50042ba95e517992caa6531
I1010 20:58:53.632385 3737 leader_election.cc:223] T ed24ca4817744964991178277119b367 P 580cbaf7092444dfbc6fb344da88d7b6 [CANDIDATE]: Term 2 election: Requesting vote from peer 7f623b00f5ae4b9c8e8940692d5dfd44
I1010 20:58:53.632411 3570 raft_consensus.cc:1584] T ed24ca4817744964991178277119b367 P 580cbaf7092444dfbc6fb344da88d7b6 [term 2 FOLLOWER]: Leader election vote request: Denying vote to candidate 7f623b00f5ae4b9c8e8940692d5dfd44 for earlier term 1. Current term is 2.
W1010 20:58:53.632470 3570 rpcz_store.cc:234] Call kudu.consensus.ConsensusService.RequestConsensusVote from 127.6.150.7:48285 (request call id 2) took 3235ms (client timeout 1552).
W1010 20:58:53.632504 3570 rpcz_store.cc:238] Trace: 1010 20:58:50.397303 (+ 0us) service_pool.cc:143] Inserting onto call queue 1010 20:58:50.397312 (+ 9us) service_pool.cc:202] Handling call 1010 20:58:53.632461 (+3235149us) spinlock_profiling.cc:255] Waited 3.24 s on lock 0x44ffeb0. stack: 00000000019065e1 0000000000976813 000000000078868f 0000000000a22fbf 0000000000a23be2 0000000001911c69 00007f6cf36a4181 00007f6cf258c47c ffffffffffffffff 1010 20:58:53.632466 (+ 5us) inbound_call.cc:130] Queueing success response Metrics: {"spinlock_wait_cycles":7440698752}
I1010 20:58:53.632567 3894 leader_election.cc:223] T efe8fb09a1234c9fb1dc99948737a894 P b8062d66fd284035ae3bc2567bc11e7c [CANDIDATE]: Term 2 election: Requesting vote from peer 580cbaf7092444dfbc6fb344da88d7b6
I1010 20:58:53.632599 3894 leader_election.cc:223] T efe8fb09a1234c9fb1dc99948737a894 P b8062d66fd284035ae3bc2567bc11e7c [CANDIDATE]: Term 2 election: Requesting vote from peer f6d15ccd64ec49be8396ed78e2a88377
I1010 20:58:53.632696 3101 raft_consensus.cc:2031] T ed24ca4817744964991178277119b367 P 33ef4317e50042ba95e517992caa6531 [term 1 FOLLOWER]: Advancing to term 2
I1010 20:58:53.632758 3870 leader_election.cc:223] T f2289fb138ea4a5ab6c02803c4e9aa51 P 7f623b00f5ae4b9c8e8940692d5dfd44 [CANDIDATE]: Term 2 election: Requesting vote from peer 42e94fc3adbb419591836d222d946978
I1010 20:58:53.632766 3335 raft_consensus.cc:1609] T f2289fb138ea4a5ab6c02803c4e9aa51 P 7f623b00f5ae4b9c8e8940692d5dfd44 [term 2 FOLLOWER]: Leader election vote request: Denying vote to candidate 42e94fc3adbb419591836d222d946978 in current term 2: Already voted for candidate 7f623b00f5ae4b9c8e8940692d5dfd44 in this term.
I1010 20:58:53.632773 3870 leader_election.cc:223] T f2289fb138ea4a5ab6c02803c4e9aa51 P 7f623b00f5ae4b9c8e8940692d5dfd44 [CANDIDATE]: Term 2 election: Requesting vote from peer b8062d66fd284035ae3bc2567bc11e7c
W1010 20:58:53.632779 3761 consensus_meta.cc:188] T 7d680e6840854bca9daef77d506408e9 P 1380a27d6b824575a3a5e139bee139f4: Time spent flushing consensus metadata: real 1.702s user 0.000s sys 0.000s
W1010 20:58:53.632819 3335 rpcz_store.cc:234] Call kudu.consensus.ConsensusService.RequestConsensusVote from 127.6.150.8:39867 (request call id 2) took 3235ms (client timeout 1519).
W1010 20:58:53.632839 3335 rpcz_store.cc:238] Trace: 1010 20:58:50.397573 (+ 0us) service_pool.cc:143] Inserting onto call queue 1010 20:58:50.397626 (+ 53us) service_pool.cc:202] Handling call 1010 20:58:53.632811 (+3235185us) spinlock_profiling.cc:255] Waited 3.24 s on lock 0x42161d0. stack: 00000000019065e1 0000000000976813 000000000078868f 0000000000a22fbf 0000000000a23be2 0000000001911c69 00007f3fb2fbf181 00007f3fb1ea747c ffffffffffffffff 1010 20:58:53.632815 (+ 4us) inbound_call.cc:130] Queueing success response Metrics: {"spinlock_wait_cycles":7440793856}
W1010 20:58:53.632870 3748 consensus_meta.cc:188] T 05a5666441ec49d792222a3e8674edf7 P 1031512f5120422e9e22a0afabd78f61: Time spent flushing consensus metadata: real 1.701s user 0.000s sys 0.000s
I1010 20:58:53.632889 3738 leader_election.cc:223] T f689db1eddb54b1f85b7df38d14534b4 P f6d15ccd64ec49be8396ed78e2a88377 [CANDIDATE]: Term 2 election: Requesting vote from peer 1380a27d6b824575a3a5e139bee139f4
I1010 20:58:53.632949 3738 leader_election.cc:223] T f689db1eddb54b1f85b7df38d14534b4 P f6d15ccd64ec49be8396ed78e2a88377 [CANDIDATE]: Term 2 election: Requesting vote from peer 42e94fc3adbb419591836d222d946978
I1010 20:58:53.632982 3337 raft_consensus.cc:1654] T f2289fb138ea4a5ab6c02803c4e9aa51 P 7f623b00f5ae4b9c8e8940692d5dfd44 [term 2 FOLLOWER]: Leader election vote request: Denying vote to candidate b8062d66fd284035ae3bc2567bc11e7c for term 2 because replica is already servicing an update from a current leader or another vote.
W1010 20:58:53.633003 3337 rpcz_store.cc:234] Call kudu.consensus.ConsensusService.RequestConsensusVote from 127.6.150.4:46735 (request call id 4) took 1702ms (client timeout 1735).
W1010 20:58:53.633014 3337 rpcz_store.cc:238] Trace: 1010 20:58:51.930480 (+ 0us) service_pool.cc:143] Inserting onto call queue 1010 20:58:51.930504 (+ 24us) service_pool.cc:202] Handling call 1010 20:58:53.632999 (+1702495us) spinlock_profiling.cc:255] Waited 1.7 s on lock 0x42161d0. stack: 00000000019065e1 0000000000976852 000000000078868f 0000000000a22fbf 0000000000a23be2 0000000001911c69 00007f3fb2fbf181 00007f3fb1ea747c ffffffffffffffff 1010 20:58:53.633001 (+ 2us) inbound_call.cc:130] Queueing success response Metrics: {"spinlock_wait_cycles":3915651328}
I1010 20:58:53.633147 3753 leader_election.cc:223] T 4aa163baddb74c4998157964dd55b1f4 P 8de6cfa864d64c58bf4eafb689517c93 [CANDIDATE]: Term 2 election: Requesting vote from peer 84bde34331b94c4ea003e48f9317f792
I1010 20:58:53.633167 3753 leader_election.cc:223] T 4aa163baddb74c4998157964dd55b1f4 P 8de6cfa864d64c58bf4eafb689517c93 [CANDIDATE]: Term 2 election: Requesting vote from peer 1031512f5120422e9e22a0afabd78f61
I1010 20:58:53.633194 2862 raft_consensus.cc:1584] T 4aa163baddb74c4998157964dd55b1f4 P 8de6cfa864d64c58bf4eafb689517c93 [term 2 FOLLOWER]: Leader election vote request: Denying vote to candidate 84bde34331b94c4ea003e48f9317f792 for earlier term 1. Current term is 2.
I1010 20:58:53.633220 3748 leader_election.cc:223] T 05a5666441ec49d792222a3e8674edf7 P 1031512f5120422e9e22a0afabd78f61 [CANDIDATE]: Term 2 election: Requesting vote from peer 33ef4317e50042ba95e517992caa6531
W1010 20:58:53.633230 2862 rpcz_store.cc:234] Call kudu.consensus.ConsensusService.RequestConsensusVote from 127.6.150.0:39483 (request call id 2) took 1707ms (client timeout 1576).
I1010 20:58:53.633236 3748 leader_election.cc:223] T 05a5666441ec49d792222a3e8674edf7 P 1031512f5120422e9e22a0afabd78f61 [CANDIDATE]: Term 2 election: Requesting vote from peer f6d15ccd64ec49be8396ed78e2a88377
W1010 20:58:53.633245 2862 rpcz_store.cc:238] Trace: 1010 20:58:51.925568 (+ 0us) service_pool.cc:143] Inserting onto call queue 1010 20:58:51.925581 (+ 13us) service_pool.cc:202] Handling call 1010 20:58:53.633223 (+1707642us) spinlock_profiling.cc:255] Waited 1.71 s on lock 0x3c2deb0. stack: 00000000019065e1 0000000000976813 000000000078868f 0000000000a22fbf 0000000000a23be2 0000000001911c69 00007f9e2c5b9181 00007f9e2b4a147c ffffffffffffffff 1010 20:58:53.633226 (+ 3us) inbound_call.cc:130] Queueing success response Metrics: {"spinlock_wait_cycles":3927473920}
W1010 20:58:53.633246 3837 consensus_meta.cc:188] T 981834f5e88f4585b6420fca7ddcb289 P 1380a27d6b824575a3a5e139bee139f4: Time spent flushing consensus metadata: real 1.748s user 0.000s sys 0.000s
I1010 20:58:53.633261 3837 raft_consensus.cc:1981] T 981834f5e88f4585b6420fca7ddcb289 P 1380a27d6b824575a3a5e139bee139f4 [term 2 FOLLOWER]: Snoozing failure detection for election timeout plus an additional 1.591s
I1010 20:58:53.633289 3837 raft_consensus.cc:391] T 981834f5e88f4585b6420fca7ddcb289 P 1380a27d6b824575a3a5e139bee139f4 [term 2 FOLLOWER]: Starting election with config: opid_index: -1 OBSOLETE_local: false peers { permanent_uuid: "8de6cfa864d64c58bf4eafb689517c93" member_type: VOTER last_known_addr { host: "127.6.150.3" port: 40117 } } peers { permanent_uuid: "1031512f5120422e9e22a0afabd78f61" member_type: VOTER last_known_addr { host: "127.6.150.1" port: 46963 } } peers { permanent_uuid: "1380a27d6b824575a3a5e139bee139f4" member_type: VOTER last_known_addr { host: "127.6.150.6" port: 46774 } }
I1010 20:58:53.633303 2921 leader_election.cc:361] T f2289fb138ea4a5ab6c02803c4e9aa51 P b8062d66fd284035ae3bc2567bc11e7c [CANDIDATE]: Term 2 election: Vote denied by peer 7f623b00f5ae4b9c8e8940692d5dfd44. Message: Service unavailable: T f2289fb138ea4a5ab6c02803c4e9aa51 P 7f623b00f5ae4b9c8e8940692d5dfd44 [term 2 FOLLOWER]: Leader election vote request: Denying vote to candidate b8062d66fd284035ae3bc2567bc11e7c for term 2 because replica is already servicing an update from a current leader or another vote.
I1010 20:58:53.633431 2631 raft_consensus.cc:2031] T 4aa163baddb74c4998157964dd55b1f4 P 1031512f5120422e9e22a0afabd78f61 [term 1 FOLLOWER]: Advancing to term 2
I1010 20:58:53.633443 4052 raft_consensus.cc:1981] T 4aa163baddb74c4998157964dd55b1f4 P 8de6cfa864d64c58bf4eafb689517c93 [term 2 FOLLOWER]: Snoozing failure detection for election timeout plus an additional 1.726s
I1010 20:58:53.633466 3761 leader_election.cc:223] T 7d680e6840854bca9daef77d506408e9 P 1380a27d6b824575a3a5e139bee139f4 [CANDIDATE]: Term 3 election: Requesting vote from peer 84bde34331b94c4ea003e48f9317f792
I1010 20:58:53.633471 4052 raft_consensus.cc:1823] T 4aa163baddb74c4998157964dd55b1f4 P 8de6cfa864d64c58bf4eafb689517c93 [term 2 FOLLOWER]: Leader election lost for term 1. Reason: None given
I1010 20:58:53.633479 3761 leader_election.cc:223] T 7d680e6840854bca9daef77d506408e9 P 1380a27d6b824575a3a5e139bee139f4 [CANDIDATE]: Term 3 election: Requesting vote from peer 33ef4317e50042ba95e517992caa6531
I1010 20:58:53.633483 2865 raft_consensus.cc:1654] T 4aa163baddb74c4998157964dd55b1f4 P 8de6cfa864d64c58bf4eafb689517c93 [term 2 FOLLOWER]: Leader election vote request: Denying vote to candidate 1031512f5120422e9e22a0afabd78f61 for term 1 because replica is already servicing an update from a current leader or another vote.
W1010 20:58:53.633517 2865 rpcz_store.cc:234] Call kudu.consensus.ConsensusService.RequestConsensusVote from 127.6.150.1:58515 (request call id 2) took 1701ms (client timeout 1561).
W1010 20:58:53.633528 2865 rpcz_store.cc:238] Trace: 1010 20:58:51.932193 (+ 0us) service_pool.cc:143] Inserting onto call queue 1010 20:58:51.932210 (+ 17us) service_pool.cc:202] Handling call 1010 20:58:53.633505 (+1701295us) spinlock_profiling.cc:255] Waited 1.7 s on lock 0x3c2deb0. stack: 00000000019065e1 0000000000976852 000000000078868f 0000000000a22fbf 0000000000a23be2 0000000001911c69 00007f9e2c5b9181 00007f9e2b4a147c ffffffffffffffff 1010 20:58:53.633508 (+ 3us) inbound_call.cc:130] Queueing success response Metrics: {"spinlock_wait_cycles":3912912640}
I1010 20:58:53.633527 2628 raft_consensus.cc:1584] T 05a5666441ec49d792222a3e8674edf7 P 1031512f5120422e9e22a0afabd78f61 [term 2 FOLLOWER]: Leader election vote request: Denying vote to candidate f6d15ccd64ec49be8396ed78e2a88377 for earlier term 1. Current term is 2.
W1010 20:58:53.633582 2628 rpcz_store.cc:234] Call kudu.consensus.ConsensusService.RequestConsensusVote from 127.6.150.2:58461 (request call id 1) took 1707ms (client timeout 1623).
W1010 20:58:53.633600 2628 rpcz_store.cc:238] Trace: 1010 20:58:51.925638 (+ 0us) service_pool.cc:143] Inserting onto call queue 1010 20:58:51.925661 (+ 23us) service_pool.cc:202] Handling call 1010 20:58:53.633574 (+1707913us) spinlock_profiling.cc:255] Waited 1.71 s on lock 0x3f85c10. stack: 00000000019065e1 0000000000976813 000000000078868f 0000000000a22fbf 0000000000a23be2 0000000001911c69 00007f324f2ae181 00007f324e19647c ffffffffffffffff 1010 20:58:53.633577 (+ 3us) inbound_call.cc:130] Queueing success response Metrics: {"spinlock_wait_cycles":3927995648}
W1010 20:58:53.633643 3754 consensus_meta.cc:188] T 7d680e6840854bca9daef77d506408e9 P 84bde34331b94c4ea003e48f9317f792: Time spent flushing consensus metadata: real 1.708s user 0.000s sys 0.000s
W1010 20:58:53.633653 3715 consensus_meta.cc:188] T 95e7c143b0524a9b9ade2cfcc081e679 P 1031512f5120422e9e22a0afabd78f61: Time spent flushing consensus metadata: real 1.701s user 0.000s sys 0.000s
I1010 20:58:53.633682 2985 raft_consensus.cc:1609] T f2289fb138ea4a5ab6c02803c4e9aa51 P b8062d66fd284035ae3bc2567bc11e7c [term 2 FOLLOWER]: Leader election vote request: Denying vote to candidate 7f623b00f5ae4b9c8e8940692d5dfd44 in current term 2: Already voted for candidate b8062d66fd284035ae3bc2567bc11e7c in this term.
I1010 20:58:53.633747 3715 leader_election.cc:223] T 95e7c143b0524a9b9ade2cfcc081e679 P 1031512f5120422e9e22a0afabd78f61 [CANDIDATE]: Term 2 election: Requesting vote from peer 7f623b00f5ae4b9c8e8940692d5dfd44
I1010 20:58:53.633752 3454 raft_consensus.cc:1609] T f689db1eddb54b1f85b7df38d14534b4 P 42e94fc3adbb419591836d222d946978 [term 2 FOLLOWER]: Leader election vote request: Denying vote to candidate f6d15ccd64ec49be8396ed78e2a88377 in current term 2: Already voted for candidate 42e94fc3adbb419591836d222d946978 in this term.
I1010 20:58:53.633759 3754 leader_election.cc:223] T 7d680e6840854bca9daef77d506408e9 P 84bde34331b94c4ea003e48f9317f792 [CANDIDATE]: Term 2 election: Requesting vote from peer 33ef4317e50042ba95e517992caa6531
I1010 20:58:53.633765 3715 leader_election.cc:223] T 95e7c143b0524a9b9ade2cfcc081e679 P 1031512f5120422e9e22a0afabd78f61 [CANDIDATE]: Term 2 election: Requesting vote from peer 84bde34331b94c4ea003e48f9317f792
I1010 20:58:53.633774 3754 leader_election.cc:223] T 7d680e6840854bca9daef77d506408e9 P 84bde34331b94c4ea003e48f9317f792 [CANDIDATE]: Term 2 election: Requesting vote from peer 1380a27d6b824575a3a5e139bee139f4
I1010 20:58:53.633770 2509 raft_consensus.cc:1654] T 7d680e6840854bca9daef77d506408e9 P 84bde34331b94c4ea003e48f9317f792 [term 2 FOLLOWER]: Leader election vote request: Denying vote to candidate 1380a27d6b824575a3a5e139bee139f4 for term 3 because replica is already servicing an update from a current leader or another vote.
I1010 20:58:53.633797 3273 leader_election.cc:361] T f2289fb138ea4a5ab6c02803c4e9aa51 P 7f623b00f5ae4b9c8e8940692d5dfd44 [CANDIDATE]: Term 2 election: Vote denied by peer b8062d66fd284035ae3bc2567bc11e7c. Message: Invalid argument: T f2289fb138ea4a5ab6c02803c4e9aa51 P b8062d66fd284035ae3bc2567bc11e7c [term 2 FOLLOWER]: Leader election vote request: Denying vote to candidate 7f623b00f5ae4b9c8e8940692d5dfd44 in current term 2: Already voted for candidate b8062d66fd284035ae3bc2567bc11e7c in this term.
I1010 20:58:53.633865 2509 raft_consensus.cc:2031] T 4aa163baddb74c4998157964dd55b1f4 P 84bde34331b94c4ea003e48f9317f792 [term 1 FOLLOWER]: Advancing to term 2
I1010 20:58:53.633869 3156 leader_election.cc:361] T 7d680e6840854bca9daef77d506408e9 P 1380a27d6b824575a3a5e139bee139f4 [CANDIDATE]: Term 3 election: Vote denied by peer 84bde34331b94c4ea003e48f9317f792. Message: Service unavailable: T 7d680e6840854bca9daef77d506408e9 P 84bde34331b94c4ea003e48f9317f792 [term 2 FOLLOWER]: Leader election vote request: Denying vote to candidate 1380a27d6b824575a3a5e139bee139f4 for term 3 because replica is already servicing an update from a current leader or another vote.
I1010 20:58:53.633891 2511 raft_consensus.cc:1609] T 7d680e6840854bca9daef77d506408e9 P 84bde34331b94c4ea003e48f9317f792 [term 2 FOLLOWER]: Leader election vote request: Denying vote to candidate 1380a27d6b824575a3a5e139bee139f4 in current term 2: Already voted for candidate 84bde34331b94c4ea003e48f9317f792 in this term.
I1010 20:58:53.633894 4091 raft_consensus.cc:1981] T 7d680e6840854bca9daef77d506408e9 P 1380a27d6b824575a3a5e139bee139f4 [term 3 FOLLOWER]: Snoozing failure detection for election timeout plus an additional 1.744s
W1010 20:58:53.633898 2629 consensus_meta.cc:188] T 17a4ac4e4e164cebb4d88f59511cf926 P 1031512f5120422e9e22a0afabd78f61: Time spent flushing consensus metadata: real 1.709s user 0.000s sys 0.000s
I1010 20:58:53.633925 4091 raft_consensus.cc:1823] T 7d680e6840854bca9daef77d506408e9 P 1380a27d6b824575a3a5e139bee139f4 [term 3 FOLLOWER]: Leader election lost for term 2. Reason: None given
I1010 20:58:53.633929 2629 raft_consensus.cc:1981] T 17a4ac4e4e164cebb4d88f59511cf926 P 1031512f5120422e9e22a0afabd78f61 [term 2 FOLLOWER]: Snoozing failure detection for election timeout plus an additional 1.711s
W1010 20:58:53.633951 2511 rpcz_store.cc:234] Call kudu.consensus.ConsensusService.RequestConsensusVote from 127.6.150.6:59570 (request call id 2) took 3236ms (client timeout 1650).
W1010 20:58:53.633987 2511 rpcz_store.cc:238] Trace: 1010 20:58:50.397902 (+ 0us) service_pool.cc:143] Inserting onto call queue 1010 20:58:50.397928 (+ 26us) service_pool.cc:202] Handling call 1010 20:58:53.633940 (+3236012us) spinlock_profiling.cc:255] Waited 3.24 s on lock 0x409beb0. stack: 00000000019065e1 0000000000976813 000000000078868f 0000000000a22fbf 0000000000a23be2 0000000001911c69 00007ff4d62cf181 00007ff4d51b747c ffffffffffffffff 1010 20:58:53.633946 (+ 6us) inbound_call.cc:130] Queueing success response Metrics: {"spinlock_wait_cycles":7442623744}
I1010 20:58:53.634130 3217 raft_consensus.cc:1584] T 7d680e6840854bca9daef77d506408e9 P 1380a27d6b824575a3a5e139bee139f4 [term 3 FOLLOWER]: Leader election vote request: Denying vote to candidate 84bde34331b94c4ea003e48f9317f792 for earlier term 2. Current term is 3.
I1010 20:58:53.634141 2632 raft_consensus.cc:1584] T 95e7c143b0524a9b9ade2cfcc081e679 P 1031512f5120422e9e22a0afabd78f61 [term 2 FOLLOWER]: Leader election vote request: Denying vote to candidate 7f623b00f5ae4b9c8e8940692d5dfd44 for earlier term 1. Current term is 2.
I1010 20:58:53.634160 2509 raft_consensus.cc:1981] T 4aa163baddb74c4998157964dd55b1f4 P 84bde34331b94c4ea003e48f9317f792 [term 2 FOLLOWER]: Snoozing failure detection for election timeout plus an additional 1.702s
W1010 20:58:53.634202 2632 rpcz_store.cc:234] Call kudu.consensus.ConsensusService.RequestConsensusVote from 127.6.150.7:33193 (request call id 2) took 3239ms (client timeout 1537).
W1010 20:58:53.634222 2632 rpcz_store.cc:238] Trace: 1010 20:58:50.395041 (+ 0us) service_pool.cc:143] Inserting onto call queue 1010 20:58:50.395049 (+ 8us) service_pool.cc:202] Handling call 1010 20:58:53.634182 (+3239133us) spinlock_profiling.cc:255] Waited 3.24 s on lock 0x3f85970. stack: 00000000019065e1 0000000000976813 000000000078868f 0000000000a22fbf 0000000000a23be2 0000000001911c69 00007f324f2ae181 00007f324e19647c ffffffffffffffff 1010 20:58:53.634186 (+ 4us) inbound_call.cc:130] Queueing success response Metrics: {"spinlock_wait_cycles":7449860992}
W1010 20:58:53.634220 2447 leader_election.cc:333] T 7d680e6840854bca9daef77d506408e9 P 84bde34331b94c4ea003e48f9317f792 [CANDIDATE]: Term 2 election: Vote denied by peer 1380a27d6b824575a3a5e139bee139f4 with higher term. Message: Invalid argument: T 7d680e6840854bca9daef77d506408e9 P 1380a27d6b824575a3a5e139bee139f4 [term 3 FOLLOWER]: Leader election vote request: Denying vote to candidate 84bde34331b94c4ea003e48f9317f792 for earlier term 2. Current term is 3.
I1010 20:58:53.634227 2447 leader_election.cc:336] T 7d680e6840854bca9daef77d506408e9 P 84bde34331b94c4ea003e48f9317f792 [CANDIDATE]: Term 2 election: Cancelling election due to peer responding with higher term
I1010 20:58:53.634300 3779 leader_election.cc:223] T 90fa7ae3643e4575a6be1c4936b6cc11 P 42e94fc3adbb419591836d222d946978 [CANDIDATE]: Term 3 election: Requesting vote from peer 1380a27d6b824575a3a5e139bee139f4
I1010 20:58:53.634320 3779 leader_election.cc:223] T 90fa7ae3643e4575a6be1c4936b6cc11 P 42e94fc3adbb419591836d222d946978 [CANDIDATE]: Term 3 election: Requesting vote from peer f6d15ccd64ec49be8396ed78e2a88377
W1010 20:58:53.634398 3742 consensus_meta.cc:188] T f2289fb138ea4a5ab6c02803c4e9aa51 P 42e94fc3adbb419591836d222d946978: Time spent flushing consensus metadata: real 1.892s user 0.000s sys 0.000s
I1010 20:58:53.634416 3742 raft_consensus.cc:1981] T f2289fb138ea4a5ab6c02803c4e9aa51 P 42e94fc3adbb419591836d222d946978 [term 3 FOLLOWER]: Snoozing failure detection for election timeout plus an additional 1.614s
I1010 20:58:53.634434 3742 raft_consensus.cc:391] T f2289fb138ea4a5ab6c02803c4e9aa51 P 42e94fc3adbb419591836d222d946978 [term 3 FOLLOWER]: Starting election with config: opid_index: -1 OBSOLETE_local: false peers { permanent_uuid: "42e94fc3adbb419591836d222d946978" member_type: VOTER last_known_addr { host: "127.6.150.8" port: 35299 } } peers { permanent_uuid: "b8062d66fd284035ae3bc2567bc11e7c" member_type: VOTER last_known_addr { host: "127.6.150.4" port: 44055 } } peers { permanent_uuid: "7f623b00f5ae4b9c8e8940692d5dfd44" member_type: VOTER last_known_addr { host: "127.6.150.7" port: 45436 } }
I1010 20:58:53.634479 4107 raft_consensus.cc:1981] T 7d680e6840854bca9daef77d506408e9 P 84bde34331b94c4ea003e48f9317f792 [term 2 FOLLOWER]: Snoozing failure detection for election timeout plus an additional 1.631s
I1010 20:58:53.634487 4107 raft_consensus.cc:1823] T 7d680e6840854bca9daef77d506408e9 P 84bde34331b94c4ea003e48f9317f792 [term 2 FOLLOWER]: Leader election lost for term 2. Reason: Vote denied by peer 1380a27d6b824575a3a5e139bee139f4 with higher term. Message: Invalid argument: T 7d680e6840854bca9daef77d506408e9 P 1380a27d6b824575a3a5e139bee139f4 [term 3 FOLLOWER]: Leader election vote request: Denying vote to candidate 84bde34331b94c4ea003e48f9317f792 for earlier term 2. Current term is 3.
I1010 20:58:53.634541 3217 raft_consensus.cc:2031] T 90fa7ae3643e4575a6be1c4936b6cc11 P 1380a27d6b824575a3a5e139bee139f4 [term 2 FOLLOWER]: Advancing to term 3
I1010 20:58:53.634544 2684 leader_election.cc:361] T f689db1eddb54b1f85b7df38d14534b4 P f6d15ccd64ec49be8396ed78e2a88377 [CANDIDATE]: Term 2 election: Vote denied by peer 42e94fc3adbb419591836d222d946978. Message: Invalid argument: T f689db1eddb54b1f85b7df38d14534b4 P 42e94fc3adbb419591836d222d946978 [term 2 FOLLOWER]: Leader election vote request: Denying vote to candidate f6d15ccd64ec49be8396ed78e2a88377 in current term 2: Already voted for candidate 42e94fc3adbb419591836d222d946978 in this term.
I1010 20:58:53.634624 2747 raft_consensus.cc:1654] T f689db1eddb54b1f85b7df38d14534b4 P f6d15ccd64ec49be8396ed78e2a88377 [term 2 FOLLOWER]: Leader election vote request: Denying vote to candidate 42e94fc3adbb419591836d222d946978 for term 2 because replica is already servicing an update from a current leader or another vote.
I1010 20:58:53.634694 3451 raft_consensus.cc:1654] T 90fa7ae3643e4575a6be1c4936b6cc11 P 42e94fc3adbb419591836d222d946978 [term 3 FOLLOWER]: Leader election vote request: Denying vote to candidate f6d15ccd64ec49be8396ed78e2a88377 for term 2 because replica is already servicing an update from a current leader or another vote.
W1010 20:58:53.634704 2747 rpcz_store.cc:234] Call kudu.consensus.ConsensusService.RequestConsensusVote from 127.6.150.8:42100 (request call id 4) took 1700ms (client timeout 1605).
W1010 20:58:53.634718 2747 rpcz_store.cc:238] Trace: 1010 20:58:51.934367 (+ 0us) service_pool.cc:143] Inserting onto call queue 1010 20:58:51.934374 (+ 7us) service_pool.cc:202] Handling call 1010 20:58:53.634697 (+1700323us) spinlock_profiling.cc:255] Waited 1.7 s on lock 0x3419c10. stack: 00000000019065e1 0000000000976852 000000000078868f 0000000000a22fbf 0000000000a23be2 0000000001911c69 00007f7357684181 00007f735656c47c ffffffffffffffff 1010 20:58:53.634701 (+ 4us) inbound_call.cc:130] Queueing success response Metrics: {"spinlock_wait_cycles":3910549248}
W1010 20:58:53.634728 3451 rpcz_store.cc:234] Call kudu.consensus.ConsensusService.RequestConsensusVote from 127.6.150.2:40678 (request call id 4) took 1710ms (client timeout 1563).
I1010 20:58:53.634727 2748 raft_consensus.cc:2031] T 90fa7ae3643e4575a6be1c4936b6cc11 P f6d15ccd64ec49be8396ed78e2a88377 [term 2 FOLLOWER]: Advancing to term 3
I1010 20:58:53.634747 2746 raft_consensus.cc:1584] T f689db1eddb54b1f85b7df38d14534b4 P f6d15ccd64ec49be8396ed78e2a88377 [term 2 FOLLOWER]: Leader election vote request: Denying vote to candidate 1380a27d6b824575a3a5e139bee139f4 for earlier term 1. Current term is 2.
W1010 20:58:53.634757 3451 rpcz_store.cc:238] Trace: 1010 20:58:51.923979 (+ 0us) service_pool.cc:143] Inserting onto call queue 1010 20:58:51.923987 (+ 8us) service_pool.cc:202] Handling call 1010 20:58:53.634721 (+1710734us) spinlock_profiling.cc:255] Waited 1.71 s on lock 0x3e4f970. stack: 00000000019065e1 0000000000976852 000000000078868f 0000000000a22fbf 0000000000a23be2 0000000001911c69 00007fd760afa181 00007fd75f9e247c ffffffffffffffff 1010 20:58:53.634724 (+ 3us) inbound_call.cc:130] Queueing success response Metrics: {"spinlock_wait_cycles":3934594304}
W1010 20:58:53.634770 2746 rpcz_store.cc:234] Call kudu.consensus.ConsensusService.RequestConsensusVote from 127.6.150.6:49570 (request call id 2) took 4967ms (client timeout 1526).
W1010 20:58:53.634784 2746 rpcz_store.cc:238] Trace: 1010 20:58:48.667050 (+ 0us) service_pool.cc:143] Inserting onto call queue 1010 20:58:48.667066 (+ 16us) service_pool.cc:202] Handling call 1010 20:58:53.634765 (+4967699us) spinlock_profiling.cc:255] Waited 4.97 s on lock 0x3419c10. stack: 00000000019065e1 0000000000976813 000000000078868f 0000000000a22fbf 0000000000a23be2 0000000001911c69 00007f7357684181 00007f735656c47c ffffffffffffffff 1010 20:58:53.634768 (+ 3us) inbound_call.cc:130] Queueing success response Metrics: {"spinlock_wait_cycles":11425589504}
I1010 20:58:53.634791 4038 raft_consensus.cc:1981] T 90fa7ae3643e4575a6be1c4936b6cc11 P 42e94fc3adbb419591836d222d946978 [term 3 FOLLOWER]: Snoozing failure detection for election timeout plus an additional 1.728s
I1010 20:58:53.634806 4038 raft_consensus.cc:1823] T 90fa7ae3643e4575a6be1c4936b6cc11 P 42e94fc3adbb419591836d222d946978 [term 3 FOLLOWER]: Leader election lost for term 1. Reason: Vote denied by peer 1380a27d6b824575a3a5e139bee139f4 with higher term. Message: Invalid argument: T 90fa7ae3643e4575a6be1c4936b6cc11 P 1380a27d6b824575a3a5e139bee139f4 [term 2 FOLLOWER]: Leader election vote request: Denying vote to candidate 42e94fc3adbb419591836d222d946978 for earlier term 1. Current term is 2.
W1010 20:58:53.636016 3780 consensus_meta.cc:188] T 8da5904fd56d441ea29e61eb9d2b0b2f P 33ef4317e50042ba95e517992caa6531: Time spent flushing consensus metadata: real 1.710s user 0.000s sys 0.000s
I1010 20:58:53.636168 3780 leader_election.cc:223] T 8da5904fd56d441ea29e61eb9d2b0b2f P 33ef4317e50042ba95e517992caa6531 [CANDIDATE]: Term 2 election: Requesting vote from peer b8062d66fd284035ae3bc2567bc11e7c
I1010 20:58:53.636195 3780 leader_election.cc:223] T 8da5904fd56d441ea29e61eb9d2b0b2f P 33ef4317e50042ba95e517992caa6531 [CANDIDATE]: Term 2 election: Requesting vote from peer 84bde34331b94c4ea003e48f9317f792
I1010 20:58:53.636195 3103 raft_consensus.cc:1609] T 8da5904fd56d441ea29e61eb9d2b0b2f P 33ef4317e50042ba95e517992caa6531 [term 2 FOLLOWER]: Leader election vote request: Denying vote to candidate b8062d66fd284035ae3bc2567bc11e7c in current term 2: Already voted for candidate 33ef4317e50042ba95e517992caa6531 in this term.
W1010 20:58:53.636261 3103 rpcz_store.cc:234] Call kudu.consensus.ConsensusService.RequestConsensusVote from 127.6.150.4:56288 (request call id 2) took 1707ms (client timeout 1746).
W1010 20:58:53.636277 3103 rpcz_store.cc:238] Trace: 1010 20:58:51.929008 (+ 0us) service_pool.cc:143] Inserting onto call queue 1010 20:58:51.929014 (+ 6us) service_pool.cc:202] Handling call 1010 20:58:53.636246 (+1707232us) spinlock_profiling.cc:255] Waited 1.71 s on lock 0x4d75c10. stack: 00000000019065e1 0000000000976813 000000000078868f 0000000000a22fbf 0000000000a23be2 0000000001911c69 00007fc8aa54b181 00007fc8a943347c ffffffffffffffff 1010 20:58:53.636250 (+ 4us) inbound_call.cc:130] Queueing success response Metrics: {"spinlock_wait_cycles":3926459136}
I1010 20:58:53.636368 2918 leader_election.cc:361] T 8da5904fd56d441ea29e61eb9d2b0b2f P b8062d66fd284035ae3bc2567bc11e7c [CANDIDATE]: Term 2 election: Vote denied by peer 33ef4317e50042ba95e517992caa6531. Message: Invalid argument: T 8da5904fd56d441ea29e61eb9d2b0b2f P 33ef4317e50042ba95e517992caa6531 [term 2 FOLLOWER]: Leader election vote request: Denying vote to candidate b8062d66fd284035ae3bc2567bc11e7c in current term 2: Already voted for candidate 33ef4317e50042ba95e517992caa6531 in this term.
W1010 20:58:53.636385 3678 consensus_meta.cc:188] T 7d680e6840854bca9daef77d506408e9 P 33ef4317e50042ba95e517992caa6531: Time spent flushing consensus metadata: real 4.337s user 0.000s sys 0.000s
I1010 20:58:53.636416 2985 raft_consensus.cc:1609] T 8da5904fd56d441ea29e61eb9d2b0b2f P b8062d66fd284035ae3bc2567bc11e7c [term 2 FOLLOWER]: Leader election vote request: Denying vote to candidate 33ef4317e50042ba95e517992caa6531 in current term 2: Already voted for candidate b8062d66fd284035ae3bc2567bc11e7c in this term.
W1010 20:58:53.636450 3713 consensus_meta.cc:188] T 05a5666441ec49d792222a3e8674edf7 P 33ef4317e50042ba95e517992caa6531: Time spent flushing consensus metadata: real 1.532s user 0.000s sys 0.000s
I1010 20:58:53.636471 3713 raft_consensus.cc:1981] T 05a5666441ec49d792222a3e8674edf7 P 33ef4317e50042ba95e517992caa6531 [term 2 FOLLOWER]: Snoozing failure detection for election timeout plus an additional 1.726s
I1010 20:58:53.636498 3713 raft_consensus.cc:391] T 05a5666441ec49d792222a3e8674edf7 P 33ef4317e50042ba95e517992caa6531 [term 2 FOLLOWER]: Starting election with config: opid_index: -1 OBSOLETE_local: false peers { permanent_uuid: "33ef4317e50042ba95e517992caa6531" member_type: VOTER last_known_addr { host: "127.6.150.5" port: 40764 } } peers { permanent_uuid: "f6d15ccd64ec49be8396ed78e2a88377" member_type: VOTER last_known_addr { host: "127.6.150.2" port: 33554 } } peers { permanent_uuid: "1031512f5120422e9e22a0afabd78f61" member_type: VOTER last_known_addr { host: "127.6.150.1" port: 46963 } }
I1010 20:58:53.636525 3039 leader_election.cc:361] T 8da5904fd56d441ea29e61eb9d2b0b2f P 33ef4317e50042ba95e517992caa6531 [CANDIDATE]: Term 2 election: Vote denied by peer b8062d66fd284035ae3bc2567bc11e7c. Message: Invalid argument: T 8da5904fd56d441ea29e61eb9d2b0b2f P b8062d66fd284035ae3bc2567bc11e7c [term 2 FOLLOWER]: Leader election vote request: Denying vote to candidate 33ef4317e50042ba95e517992caa6531 in current term 2: Already voted for candidate b8062d66fd284035ae3bc2567bc11e7c in this term.
I1010 20:58:53.636451 3678 raft_consensus.cc:1981] T 7d680e6840854bca9daef77d506408e9 P 33ef4317e50042ba95e517992caa6531 [term 2 FOLLOWER]: Snoozing failure detection for election timeout plus an additional 1.668s
I1010 20:58:53.636701 3678 raft_consensus.cc:391] T 7d680e6840854bca9daef77d506408e9 P 33ef4317e50042ba95e517992caa6531 [term 2 FOLLOWER]: Starting election with config: opid_index: -1 OBSOLETE_local: false peers { permanent_uuid: "84bde34331b94c4ea003e48f9317f792" member_type: VOTER last_known_addr { host: "127.6.150.0" port: 40113 } } peers { permanent_uuid: "33ef4317e50042ba95e517992caa6531" member_type: VOTER last_known_addr { host: "127.6.150.5" port: 40764 } } peers { permanent_uuid: "1380a27d6b824575a3a5e139bee139f4" member_type: VOTER last_known_addr { host: "127.6.150.6" port: 46774 } }
I1010 20:58:53.636749 3101 raft_consensus.cc:1981] T ed24ca4817744964991178277119b367 P 33ef4317e50042ba95e517992caa6531 [term 2 FOLLOWER]: Snoozing failure detection for election timeout plus an additional 1.695s
W1010 20:58:53.646559 2921 leader_election.cc:275] T 949b26dfeadc4de38868bf4ed994d184 P b8062d66fd284035ae3bc2567bc11e7c [CANDIDATE]: Term 2 election: RPC error from VoteRequest() call to peer 8de6cfa864d64c58bf4eafb689517c93: Timed out: RequestConsensusVote RPC to 127.6.150.3:40117 timed out after 1.715s
I1010 20:58:53.646574 2921 leader_election.cc:248] T 949b26dfeadc4de38868bf4ed994d184 P b8062d66fd284035ae3bc2567bc11e7c [CANDIDATE]: Term 2 election: Election decided. Result: candidate lost.
I1010 20:58:53.646724 4108 raft_consensus.cc:1981] T 949b26dfeadc4de38868bf4ed994d184 P b8062d66fd284035ae3bc2567bc11e7c [term 2 FOLLOWER]: Snoozing failure detection for election timeout plus an additional 1.715s
I1010 20:58:53.646738 4108 raft_consensus.cc:1823] T 949b26dfeadc4de38868bf4ed994d184 P b8062d66fd284035ae3bc2567bc11e7c [term 2 FOLLOWER]: Leader election lost for term 2. Reason: None given
W1010 20:58:53.666914 2920 leader_election.cc:275] T f2289fb138ea4a5ab6c02803c4e9aa51 P b8062d66fd284035ae3bc2567bc11e7c [CANDIDATE]: Term 2 election: RPC error from VoteRequest() call to peer 42e94fc3adbb419591836d222d946978: Timed out: RequestConsensusVote RPC to 127.6.150.8:35299 timed out after 1.735s
I1010 20:58:53.666927 2920 leader_election.cc:248] T f2289fb138ea4a5ab6c02803c4e9aa51 P b8062d66fd284035ae3bc2567bc11e7c [CANDIDATE]: Term 2 election: Election decided. Result: candidate lost.
I1010 20:58:53.667057 4109 raft_consensus.cc:1981] T f2289fb138ea4a5ab6c02803c4e9aa51 P b8062d66fd284035ae3bc2567bc11e7c [term 2 FOLLOWER]: Snoozing failure detection for election timeout plus an additional 1.503s
I1010 20:58:53.667075 4109 raft_consensus.cc:1823] T f2289fb138ea4a5ab6c02803c4e9aa51 P b8062d66fd284035ae3bc2567bc11e7c [term 2 FOLLOWER]: Leader election lost for term 2. Reason: None given
W1010 20:58:53.676656 3271 leader_election.cc:275] T 17a4ac4e4e164cebb4d88f59511cf926 P 7f623b00f5ae4b9c8e8940692d5dfd44 [CANDIDATE]: Term 2 election: RPC error from VoteRequest() call to peer 1031512f5120422e9e22a0afabd78f61: Timed out: RequestConsensusVote RPC to 127.6.150.1:46963 timed out after 1.749s
I1010 20:58:53.676671 3271 leader_election.cc:248] T 17a4ac4e4e164cebb4d88f59511cf926 P 7f623b00f5ae4b9c8e8940692d5dfd44 [CANDIDATE]: Term 2 election: Election decided. Result: candidate lost.
I1010 20:58:53.676810 4110 raft_consensus.cc:1981] T 17a4ac4e4e164cebb4d88f59511cf926 P 7f623b00f5ae4b9c8e8940692d5dfd44 [term 2 FOLLOWER]: Snoozing failure detection for election timeout plus an additional 1.538s
I1010 20:58:53.676827 4110 raft_consensus.cc:1823] T 17a4ac4e4e164cebb4d88f59511cf926 P 7f623b00f5ae4b9c8e8940692d5dfd44 [term 2 FOLLOWER]: Leader election lost for term 2. Reason: None given
W1010 20:58:53.676905 2921 leader_election.cc:275] T 8da5904fd56d441ea29e61eb9d2b0b2f P b8062d66fd284035ae3bc2567bc11e7c [CANDIDATE]: Term 2 election: RPC error from VoteRequest() call to peer 84bde34331b94c4ea003e48f9317f792: Timed out: RequestConsensusVote RPC to 127.6.150.0:40113 timed out after 1.746s
I1010 20:58:53.676913 2921 leader_election.cc:248] T 8da5904fd56d441ea29e61eb9d2b0b2f P b8062d66fd284035ae3bc2567bc11e7c [CANDIDATE]: Term 2 election: Election decided. Result: candidate lost.
I1010 20:58:53.677083 4111 raft_consensus.cc:1981] T 8da5904fd56d441ea29e61eb9d2b0b2f P b8062d66fd284035ae3bc2567bc11e7c [term 2 FOLLOWER]: Snoozing failure detection for election timeout plus an additional 1.615s
I1010 20:58:53.677104 4111 raft_consensus.cc:1823] T 8da5904fd56d441ea29e61eb9d2b0b2f P b8062d66fd284035ae3bc2567bc11e7c [term 2 FOLLOWER]: Leader election lost for term 2. Reason: None given
I1010 20:58:53.739284 3842 raft_consensus.cc:375] T 4c179cfa32ee4128ad57d34140e5320f P 33ef4317e50042ba95e517992caa6531 [term 1 FOLLOWER]: No leader contacted us within the election timeout. Triggering leader election
I1010 20:58:53.739296 3842 raft_consensus.cc:2031] T 4c179cfa32ee4128ad57d34140e5320f P 33ef4317e50042ba95e517992caa6531 [term 1 FOLLOWER]: Advancing to term 2
I1010 20:58:53.786857 3869 raft_consensus.cc:375] T de9d164718e74d3db902ea603ab32407 P b8062d66fd284035ae3bc2567bc11e7c [term 2 FOLLOWER]: No leader contacted us within the election timeout. Triggering leader election
I1010 20:58:53.786875 3869 raft_consensus.cc:2031] T de9d164718e74d3db902ea603ab32407 P b8062d66fd284035ae3bc2567bc11e7c [term 2 FOLLOWER]: Advancing to term 3
W1010 20:58:54.936518 2919 consensus_peers.cc:332] T 84fcfff9fdef4acf8c2b47f36330567f P b8062d66fd284035ae3bc2567bc11e7c -> Peer 1031512f5120422e9e22a0afabd78f61 (127.6.150.1:46963): Couldn't send request to peer 1031512f5120422e9e22a0afabd78f61 for tablet 84fcfff9fdef4acf8c2b47f36330567f. Status: Timed out: UpdateConsensus RPC to 127.6.150.1:46963 timed out after 1.000s. Retrying in the next heartbeat period. Already tried 2 times.
I1010 20:58:55.002167 3870 raft_consensus.cc:375] T f2289fb138ea4a5ab6c02803c4e9aa51 P 7f623b00f5ae4b9c8e8940692d5dfd44 [term 2 FOLLOWER]: No leader contacted us within the election timeout. Triggering leader election
I1010 20:58:55.002187 3870 raft_consensus.cc:2031] T f2289fb138ea4a5ab6c02803c4e9aa51 P 7f623b00f5ae4b9c8e8940692d5dfd44 [term 2 FOLLOWER]: Advancing to term 3
W1010 20:58:55.136628 3272 leader_election.cc:275] T f2289fb138ea4a5ab6c02803c4e9aa51 P 7f623b00f5ae4b9c8e8940692d5dfd44 [CANDIDATE]: Term 2 election: RPC error from VoteRequest() call to peer 42e94fc3adbb419591836d222d946978: Timed out: RequestConsensusVote RPC to 127.6.150.8:35299 timed out after 1.503s
I1010 20:58:55.136648 3272 leader_election.cc:248] T f2289fb138ea4a5ab6c02803c4e9aa51 P 7f623b00f5ae4b9c8e8940692d5dfd44 [CANDIDATE]: Term 2 election: Election decided. Result: candidate lost.
W1010 20:58:55.156023 2447 leader_election.cc:275] T 7d680e6840854bca9daef77d506408e9 P 84bde34331b94c4ea003e48f9317f792 [CANDIDATE]: Term 2 election: RPC error from VoteRequest() call to peer 33ef4317e50042ba95e517992caa6531: Timed out: RequestConsensusVote RPC to 127.6.150.5:40764 timed out after 1.521s
W1010 20:58:55.159099 3698 consensus_meta.cc:188] T efe8fb09a1234c9fb1dc99948737a894 P f6d15ccd64ec49be8396ed78e2a88377: Time spent flushing consensus metadata: real 1.527s user 0.000s sys 0.000s
W1010 20:58:55.159101 3694 consensus_meta.cc:188] T 7836528275cb45aab827361611bb3bbe P 580cbaf7092444dfbc6fb344da88d7b6: Time spent flushing consensus metadata: real 1.527s user 0.000s sys 0.000s
W1010 20:58:55.159128 3898 consensus_meta.cc:188] T 970154c84d6849cc83af1d9e5ad6980d P b8062d66fd284035ae3bc2567bc11e7c: Time spent flushing consensus metadata: real 1.527s user 0.000s sys 0.000s
I1010 20:58:55.159482 3898 leader_election.cc:223] T 970154c84d6849cc83af1d9e5ad6980d P b8062d66fd284035ae3bc2567bc11e7c [CANDIDATE]: Term 2 election: Requesting vote from peer 580cbaf7092444dfbc6fb344da88d7b6
I1010 20:58:55.159505 3898 leader_election.cc:223] T 970154c84d6849cc83af1d9e5ad6980d P b8062d66fd284035ae3bc2567bc11e7c [CANDIDATE]: Term 2 election: Requesting vote from peer 84bde34331b94c4ea003e48f9317f792
I1010 20:58:55.159543 3698 leader_election.cc:223] T efe8fb09a1234c9fb1dc99948737a894 P f6d15ccd64ec49be8396ed78e2a88377 [CANDIDATE]: Term 2 election: Requesting vote from peer 580cbaf7092444dfbc6fb344da88d7b6
I1010 20:58:55.159561 3698 leader_election.cc:223] T efe8fb09a1234c9fb1dc99948737a894 P f6d15ccd64ec49be8396ed78e2a88377 [CANDIDATE]: Term 2 election: Requesting vote from peer b8062d66fd284035ae3bc2567bc11e7c
I1010 20:58:55.159592 3694 leader_election.cc:223] T 7836528275cb45aab827361611bb3bbe P 580cbaf7092444dfbc6fb344da88d7b6 [CANDIDATE]: Term 2 election: Requesting vote from peer 42e94fc3adbb419591836d222d946978
I1010 20:58:55.159611 3694 leader_election.cc:223] T 7836528275cb45aab827361611bb3bbe P 580cbaf7092444dfbc6fb344da88d7b6 [CANDIDATE]: Term 2 election: Requesting vote from peer 8de6cfa864d64c58bf4eafb689517c93
I1010 20:58:55.159675 4050 raft_consensus.cc:1981] T 7836528275cb45aab827361611bb3bbe P 580cbaf7092444dfbc6fb344da88d7b6 [term 2 FOLLOWER]: Snoozing failure detection for election timeout plus an additional 1.787s
I1010 20:58:55.159713 4050 raft_consensus.cc:1823] T 7836528275cb45aab827361611bb3bbe P 580cbaf7092444dfbc6fb344da88d7b6 [term 2 FOLLOWER]: Leader election lost for term 1. Reason: None given
I1010 20:58:55.159734 3569 raft_consensus.cc:1609] T 7836528275cb45aab827361611bb3bbe P 580cbaf7092444dfbc6fb344da88d7b6 [term 2 FOLLOWER]: Leader election vote request: Denying vote to candidate 42e94fc3adbb419591836d222d946978 in current term 2: Already voted for candidate 580cbaf7092444dfbc6fb344da88d7b6 in this term.
W1010 20:58:55.159764 3569 rpcz_store.cc:234] Call kudu.consensus.ConsensusService.RequestConsensusVote from 127.6.150.8:57555 (request call id 2) took 3233ms (client timeout 1673).
W1010 20:58:55.159783 3569 rpcz_store.cc:238] Trace: 1010 20:58:51.926340 (+ 0us) service_pool.cc:143] Inserting onto call queue 1010 20:58:51.926357 (+ 17us) service_pool.cc:202] Handling call 1010 20:58:55.159754 (+3233397us) spinlock_profiling.cc:255] Waited 3.23 s on lock 0x44ff970. stack: 00000000019065e1 0000000000976813 000000000078868f 0000000000a22fbf 0000000000a23be2 0000000001911c69 00007f6cf36a4181 00007f6cf258c47c ffffffffffffffff 1010 20:58:55.159759 (+ 5us) inbound_call.cc:130] Queueing success response Metrics: {"spinlock_wait_cycles":7436741504}
I1010 20:58:55.159834 3571 raft_consensus.cc:1654] T 7836528275cb45aab827361611bb3bbe P 580cbaf7092444dfbc6fb344da88d7b6 [term 2 FOLLOWER]: Leader election vote request: Denying vote to candidate 8de6cfa864d64c58bf4eafb689517c93 for term 1 because replica is already servicing an update from a current leader or another vote.
W1010 20:58:55.159862 3571 rpcz_store.cc:234] Call kudu.consensus.ConsensusService.RequestConsensusVote from 127.6.150.3:43794 (request call id 1) took 3229ms (client timeout 1535).
W1010 20:58:55.159874 3571 rpcz_store.cc:238] Trace: 1010 20:58:51.930064 (+ 0us) service_pool.cc:143] Inserting onto call queue 1010 20:58:51.930085 (+ 21us) service_pool.cc:202] Handling call 1010 20:58:55.159856 (+3229771us) spinlock_profiling.cc:255] Waited 3.23 s on lock 0x44ff970. stack: 00000000019065e1 0000000000976852 000000000078868f 0000000000a22fbf 0000000000a23be2 0000000001911c69 00007f6cf36a4181 00007f6cf258c47c ffffffffffffffff 1010 20:58:55.159858 (+ 2us) inbound_call.cc:130] Queueing success response Metrics: {"spinlock_wait_cycles":7428399488}
I1010 20:58:55.159976 2865 raft_consensus.cc:2031] T 7836528275cb45aab827361611bb3bbe P 8de6cfa864d64c58bf4eafb689517c93 [term 1 FOLLOWER]: Advancing to term 2
I1010 20:58:55.160027 2749 raft_consensus.cc:1609] T efe8fb09a1234c9fb1dc99948737a894 P f6d15ccd64ec49be8396ed78e2a88377 [term 2 FOLLOWER]: Leader election vote request: Denying vote to candidate b8062d66fd284035ae3bc2567bc11e7c in current term 2: Already voted for candidate f6d15ccd64ec49be8396ed78e2a88377 in this term.
W1010 20:58:55.160063 2749 rpcz_store.cc:234] Call kudu.consensus.ConsensusService.RequestConsensusVote from 127.6.150.4:44654 (request call id 2) took 1527ms (client timeout 1690).
I1010 20:58:55.160063 3451 raft_consensus.cc:1609] T 7836528275cb45aab827361611bb3bbe P 42e94fc3adbb419591836d222d946978 [term 2 FOLLOWER]: Leader election vote request: Denying vote to candidate 580cbaf7092444dfbc6fb344da88d7b6 in current term 2: Already voted for candidate 42e94fc3adbb419591836d222d946978 in this term.
W1010 20:58:55.160080 2749 rpcz_store.cc:238] Trace: 1010 20:58:53.632723 (+ 0us) service_pool.cc:143] Inserting onto call queue 1010 20:58:53.632732 (+ 9us) service_pool.cc:202] Handling call 1010 20:58:55.160056 (+1527324us) spinlock_profiling.cc:255] Waited 1.53 s on lock 0x34196d0. stack: 00000000019065e1 0000000000976813 000000000078868f 0000000000a22fbf 0000000000a23be2 0000000001911c69 00007f7357684181 00007f735656c47c ffffffffffffffff 1010 20:58:55.160060 (+ 4us) inbound_call.cc:130] Queueing success response Metrics: {"spinlock_wait_cycles":3512751488}
I1010 20:58:55.160147 2920 leader_election.cc:361] T efe8fb09a1234c9fb1dc99948737a894 P b8062d66fd284035ae3bc2567bc11e7c [CANDIDATE]: Term 2 election: Vote denied by peer f6d15ccd64ec49be8396ed78e2a88377. Message: Invalid argument: T efe8fb09a1234c9fb1dc99948737a894 P f6d15ccd64ec49be8396ed78e2a88377 [term 2 FOLLOWER]: Leader election vote request: Denying vote to candidate b8062d66fd284035ae3bc2567bc11e7c in current term 2: Already voted for candidate f6d15ccd64ec49be8396ed78e2a88377 in this term.
I1010 20:58:55.160197 3506 leader_election.cc:361] T 7836528275cb45aab827361611bb3bbe P 580cbaf7092444dfbc6fb344da88d7b6 [CANDIDATE]: Term 2 election: Vote denied by peer 42e94fc3adbb419591836d222d946978. Message: Invalid argument: T 7836528275cb45aab827361611bb3bbe P 42e94fc3adbb419591836d222d946978 [term 2 FOLLOWER]: Leader election vote request: Denying vote to candidate 580cbaf7092444dfbc6fb344da88d7b6 in current term 2: Already voted for candidate 42e94fc3adbb419591836d222d946978 in this term.
I1010 20:58:55.160229 2985 raft_consensus.cc:1609] T efe8fb09a1234c9fb1dc99948737a894 P b8062d66fd284035ae3bc2567bc11e7c [term 2 FOLLOWER]: Leader election vote request: Denying vote to candidate f6d15ccd64ec49be8396ed78e2a88377 in current term 2: Already voted for candidate b8062d66fd284035ae3bc2567bc11e7c in this term.
