I1010 20:59:02.561300 4067 raft_consensus.cc:1981] T 19f492d94e864f1ebd1c70810b0470f7 P 84bde34331b94c4ea003e48f9317f792 [term 3 FOLLOWER]: Snoozing failure detection for election timeout plus an additional 1.616s
I1010 20:59:02.561323 4067 raft_consensus.cc:1823] T 19f492d94e864f1ebd1c70810b0470f7 P 84bde34331b94c4ea003e48f9317f792 [term 3 FOLLOWER]: Leader election lost for term 1. Reason: Vote denied by peer 8de6cfa864d64c58bf4eafb689517c93 with higher term. Message: Invalid argument: T 19f492d94e864f1ebd1c70810b0470f7 P 8de6cfa864d64c58bf4eafb689517c93 [term 2 FOLLOWER]: Leader election vote request: Denying vote to candidate 84bde34331b94c4ea003e48f9317f792 for earlier term 1. Current term is 2.
I1010 20:59:02.561410 2865 raft_consensus.cc:1609] T 19f492d94e864f1ebd1c70810b0470f7 P 8de6cfa864d64c58bf4eafb689517c93 [term 3 FOLLOWER]: Leader election vote request: Denying vote to candidate 84bde34331b94c4ea003e48f9317f792 in current term 3: Already voted for candidate 8de6cfa864d64c58bf4eafb689517c93 in this term.
I1010 20:59:02.561534 2450 leader_election.cc:361] T 19f492d94e864f1ebd1c70810b0470f7 P 84bde34331b94c4ea003e48f9317f792 [CANDIDATE]: Term 3 election: Vote denied by peer 8de6cfa864d64c58bf4eafb689517c93. Message: Invalid argument: T 19f492d94e864f1ebd1c70810b0470f7 P 8de6cfa864d64c58bf4eafb689517c93 [term 3 FOLLOWER]: Leader election vote request: Denying vote to candidate 84bde34331b94c4ea003e48f9317f792 in current term 3: Already voted for candidate 8de6cfa864d64c58bf4eafb689517c93 in this term.
W1010 20:59:02.562552 3333 consensus_meta.cc:188] T 95e7c143b0524a9b9ade2cfcc081e679 P 7f623b00f5ae4b9c8e8940692d5dfd44: Time spent flushing consensus metadata: real 1.541s user 0.000s sys 0.000s
I1010 20:59:02.562579 3333 raft_consensus.cc:1677] T 95e7c143b0524a9b9ade2cfcc081e679 P 7f623b00f5ae4b9c8e8940692d5dfd44 [term 3 FOLLOWER]: Leader election vote request: Granting yes vote for candidate 1031512f5120422e9e22a0afabd78f61 in term 3.
W1010 20:59:02.562611 3333 rpcz_store.cc:234] Call kudu.consensus.ConsensusService.RequestConsensusVote from 127.6.150.1:46701 (request call id 4) took 2947ms (client timeout 1791).
W1010 20:59:02.562621 3333 rpcz_store.cc:238] Trace: 1010 20:58:59.614757 (+ 0us) service_pool.cc:143] Inserting onto call queue 1010 20:58:59.614778 (+ 21us) service_pool.cc:202] Handling call 1010 20:59:02.562607 (+2947829us) inbound_call.cc:130] Queueing success response Metrics: {}
I1010 20:59:02.562665 3331 raft_consensus.cc:857] T 95e7c143b0524a9b9ade2cfcc081e679 P 7f623b00f5ae4b9c8e8940692d5dfd44 [term 3 FOLLOWER]: Refusing update from remote peer 1031512f5120422e9e22a0afabd78f61: Log matching property violated. Preceding OpId in replica: term: 0 index: 0. Preceding OpId from leader: term: 3 index: 1. (index mismatch)
W1010 20:59:02.562719 3331 rpcz_store.cc:234] Call kudu.consensus.ConsensusService.UpdateConsensus from 127.6.150.1:46701 (request call id 6) took 1041ms (client timeout 1000).
W1010 20:59:02.562732 3331 rpcz_store.cc:238] Trace: 1010 20:59:01.521710 (+ 0us) service_pool.cc:143] Inserting onto call queue 1010 20:59:01.521732 (+ 22us) service_pool.cc:202] Handling call 1010 20:59:02.562650 (+1040918us) raft_consensus.cc:1068] Updating replica for 0 ops 1010 20:59:02.562695 (+ 45us) raft_consensus.cc:1270] Filling consensus response to leader. 1010 20:59:02.562713 (+ 18us) spinlock_profiling.cc:255] Waited 1.04 s on lock 0x4100a58. stack: 00000000019065e1 000000000097a767 00000000007880ea 0000000000a22fbf 0000000000a23be2 0000000001911c69 00007f3fb2fbf181 00007f3fb1ea747c ffffffffffffffff 1010 20:59:02.562716 (+ 3us) inbound_call.cc:130] Queueing success response Metrics: {"spinlock_wait_cycles":2394093952}
W1010 20:59:02.562938 3744 consensus_meta.cc:188] T de9d164718e74d3db902ea603ab32407 P 7f623b00f5ae4b9c8e8940692d5dfd44: Time spent flushing consensus metadata: real 1.541s user 0.000s sys 0.000s
I1010 20:59:02.563050 3744 raft_consensus.cc:1981] T de9d164718e74d3db902ea603ab32407 P 7f623b00f5ae4b9c8e8940692d5dfd44 [term 4 FOLLOWER]: Snoozing failure detection for election timeout plus an additional 2.094s
I1010 20:59:02.563089 3744 raft_consensus.cc:391] T de9d164718e74d3db902ea603ab32407 P 7f623b00f5ae4b9c8e8940692d5dfd44 [term 4 FOLLOWER]: Starting election with config: opid_index: -1 OBSOLETE_local: false peers { permanent_uuid: "7f623b00f5ae4b9c8e8940692d5dfd44" member_type: VOTER last_known_addr { host: "127.6.150.7" port: 45436 } } peers { permanent_uuid: "b8062d66fd284035ae3bc2567bc11e7c" member_type: VOTER last_known_addr { host: "127.6.150.4" port: 44055 } } peers { permanent_uuid: "8de6cfa864d64c58bf4eafb689517c93" member_type: VOTER last_known_addr { host: "127.6.150.3" port: 40117 } }
W1010 20:59:02.563657 3819 consensus_meta.cc:188] T 05a5666441ec49d792222a3e8674edf7 P f6d15ccd64ec49be8396ed78e2a88377: Time spent flushing consensus metadata: real 1.541s user 0.000s sys 0.000s
I1010 20:59:02.563810 3819 leader_election.cc:223] T 05a5666441ec49d792222a3e8674edf7 P f6d15ccd64ec49be8396ed78e2a88377 [CANDIDATE]: Term 3 election: Requesting vote from peer 33ef4317e50042ba95e517992caa6531
I1010 20:59:02.563824 3819 leader_election.cc:223] T 05a5666441ec49d792222a3e8674edf7 P f6d15ccd64ec49be8396ed78e2a88377 [CANDIDATE]: Term 3 election: Requesting vote from peer 1031512f5120422e9e22a0afabd78f61
I1010 20:59:02.563827 2747 raft_consensus.cc:1654] T 05a5666441ec49d792222a3e8674edf7 P f6d15ccd64ec49be8396ed78e2a88377 [term 3 FOLLOWER]: Leader election vote request: Denying vote to candidate 33ef4317e50042ba95e517992caa6531 for term 3 because replica is already servicing an update from a current leader or another vote.
W1010 20:59:02.563865 2747 rpcz_store.cc:234] Call kudu.consensus.ConsensusService.RequestConsensusVote from 127.6.150.5:40398 (request call id 5) took 1538ms (client timeout 1829).
W1010 20:59:02.563881 2747 rpcz_store.cc:238] Trace: 1010 20:59:01.024951 (+ 0us) service_pool.cc:143] Inserting onto call queue 1010 20:59:01.024959 (+ 8us) service_pool.cc:202] Handling call 1010 20:59:02.563858 (+1538899us) spinlock_profiling.cc:255] Waited 1.54 s on lock 0x37cc1d0. stack: 00000000019065e1 0000000000976852 000000000078868f 0000000000a22fbf 0000000000a23be2 0000000001911c69 00007f7357684181 00007f735656c47c ffffffffffffffff 1010 20:59:02.563861 (+ 3us) inbound_call.cc:130] Queueing success response Metrics: {"spinlock_wait_cycles":3539361024}
I1010 20:59:02.563941 2746 raft_consensus.cc:1609] T 05a5666441ec49d792222a3e8674edf7 P f6d15ccd64ec49be8396ed78e2a88377 [term 3 FOLLOWER]: Leader election vote request: Denying vote to candidate 1031512f5120422e9e22a0afabd78f61 in current term 3: Already voted for candidate f6d15ccd64ec49be8396ed78e2a88377 in this term.
I1010 20:59:02.563946 3098 raft_consensus.cc:1609] T 05a5666441ec49d792222a3e8674edf7 P 33ef4317e50042ba95e517992caa6531 [term 3 FOLLOWER]: Leader election vote request: Denying vote to candidate f6d15ccd64ec49be8396ed78e2a88377 in current term 3: Already voted for candidate 33ef4317e50042ba95e517992caa6531 in this term.
W1010 20:59:02.563971 2746 rpcz_store.cc:234] Call kudu.consensus.ConsensusService.RequestConsensusVote from 127.6.150.1:40603 (request call id 3) took 1539ms (client timeout 1792).
W1010 20:59:02.563987 2746 rpcz_store.cc:238] Trace: 1010 20:59:01.024131 (+ 0us) service_pool.cc:143] Inserting onto call queue 1010 20:59:01.024150 (+ 19us) service_pool.cc:202] Handling call 1010 20:59:02.563966 (+1539816us) spinlock_profiling.cc:255] Waited 1.54 s on lock 0x37cc1d0. stack: 00000000019065e1 0000000000976813 000000000078868f 0000000000a22fbf 0000000000a23be2 0000000001911c69 00007f7357684181 00007f735656c47c ffffffffffffffff 1010 20:59:02.563968 (+ 2us) inbound_call.cc:130] Queueing success response Metrics: {"spinlock_wait_cycles":3541439872}
W1010 20:59:02.564076 3729 consensus_meta.cc:188] T 872042177fee42c9b6c380a1b657755e P f6d15ccd64ec49be8396ed78e2a88377: Time spent flushing consensus metadata: real 2.467s user 0.000s sys 0.000s
I1010 20:59:02.564105 3729 raft_consensus.cc:1981] T 872042177fee42c9b6c380a1b657755e P f6d15ccd64ec49be8396ed78e2a88377 [term 3 FOLLOWER]: Snoozing failure detection for election timeout plus an additional 1.786s
I1010 20:59:02.564108 2628 raft_consensus.cc:1609] T 05a5666441ec49d792222a3e8674edf7 P 1031512f5120422e9e22a0afabd78f61 [term 3 FOLLOWER]: Leader election vote request: Denying vote to candidate f6d15ccd64ec49be8396ed78e2a88377 in current term 3: Already voted for candidate 1031512f5120422e9e22a0afabd78f61 in this term.
I1010 20:59:02.564127 2567 leader_election.cc:361] T 05a5666441ec49d792222a3e8674edf7 P 1031512f5120422e9e22a0afabd78f61 [CANDIDATE]: Term 3 election: Vote denied by peer f6d15ccd64ec49be8396ed78e2a88377. Message: Invalid argument: T 05a5666441ec49d792222a3e8674edf7 P f6d15ccd64ec49be8396ed78e2a88377 [term 3 FOLLOWER]: Leader election vote request: Denying vote to candidate 1031512f5120422e9e22a0afabd78f61 in current term 3: Already voted for candidate f6d15ccd64ec49be8396ed78e2a88377 in this term.
I1010 20:59:02.564138 2567 leader_election.cc:248] T 05a5666441ec49d792222a3e8674edf7 P 1031512f5120422e9e22a0afabd78f61 [CANDIDATE]: Term 3 election: Election decided. Result: candidate lost.
W1010 20:59:02.564173 2745 consensus_meta.cc:188] T 90fa7ae3643e4575a6be1c4936b6cc11 P f6d15ccd64ec49be8396ed78e2a88377: Time spent flushing consensus metadata: real 1.542s user 0.000s sys 0.000s
I1010 20:59:02.564187 2745 raft_consensus.cc:1677] T 90fa7ae3643e4575a6be1c4936b6cc11 P f6d15ccd64ec49be8396ed78e2a88377 [term 4 FOLLOWER]: Leader election vote request: Granting yes vote for candidate 1380a27d6b824575a3a5e139bee139f4 in term 4.
I1010 20:59:02.564187 2683 leader_election.cc:361] T 05a5666441ec49d792222a3e8674edf7 P f6d15ccd64ec49be8396ed78e2a88377 [CANDIDATE]: Term 3 election: Vote denied by peer 1031512f5120422e9e22a0afabd78f61. Message: Invalid argument: T 05a5666441ec49d792222a3e8674edf7 P 1031512f5120422e9e22a0afabd78f61 [term 3 FOLLOWER]: Leader election vote request: Denying vote to candidate f6d15ccd64ec49be8396ed78e2a88377 in current term 3: Already voted for candidate 1031512f5120422e9e22a0afabd78f61 in this term.
W1010 20:59:02.564205 2745 rpcz_store.cc:234] Call kudu.consensus.ConsensusService.RequestConsensusVote from 127.6.150.6:49570 (request call id 5) took 2946ms (client timeout 1875).
I1010 20:59:02.564230 2682 leader_election.cc:361] T 05a5666441ec49d792222a3e8674edf7 P f6d15ccd64ec49be8396ed78e2a88377 [CANDIDATE]: Term 3 election: Vote denied by peer 33ef4317e50042ba95e517992caa6531. Message: Invalid argument: T 05a5666441ec49d792222a3e8674edf7 P 33ef4317e50042ba95e517992caa6531 [term 3 FOLLOWER]: Leader election vote request: Denying vote to candidate f6d15ccd64ec49be8396ed78e2a88377 in current term 3: Already voted for candidate 33ef4317e50042ba95e517992caa6531 in this term.
W1010 20:59:02.564237 2745 rpcz_store.cc:238] Trace: 1010 20:58:59.617672 (+ 0us) service_pool.cc:143] Inserting onto call queue 1010 20:58:59.617681 (+ 9us) service_pool.cc:202] Handling call 1010 20:59:02.564201 (+2946520us) inbound_call.cc:130] Queueing success response Metrics: {}
I1010 20:59:02.564242 2682 leader_election.cc:248] T 05a5666441ec49d792222a3e8674edf7 P f6d15ccd64ec49be8396ed78e2a88377 [CANDIDATE]: Term 3 election: Election decided. Result: candidate lost.
I1010 20:59:02.564229 3729 raft_consensus.cc:391] T 872042177fee42c9b6c380a1b657755e P f6d15ccd64ec49be8396ed78e2a88377 [term 3 FOLLOWER]: Starting election with config: opid_index: -1 OBSOLETE_local: false peers { permanent_uuid: "8de6cfa864d64c58bf4eafb689517c93" member_type: VOTER last_known_addr { host: "127.6.150.3" port: 40117 } } peers { permanent_uuid: "f6d15ccd64ec49be8396ed78e2a88377" member_type: VOTER last_known_addr { host: "127.6.150.2" port: 33554 } } peers { permanent_uuid: "42e94fc3adbb419591836d222d946978" member_type: VOTER last_known_addr { host: "127.6.150.8" port: 35299 } }
I1010 20:59:02.564301 2748 raft_consensus.cc:1654] T 90fa7ae3643e4575a6be1c4936b6cc11 P f6d15ccd64ec49be8396ed78e2a88377 [term 4 FOLLOWER]: Leader election vote request: Denying vote to candidate 42e94fc3adbb419591836d222d946978 for term 4 because replica is already servicing an update from a current leader or another vote.
I1010 20:59:02.564401 4213 raft_consensus.cc:1981] T 05a5666441ec49d792222a3e8674edf7 P 1031512f5120422e9e22a0afabd78f61 [term 3 FOLLOWER]: Snoozing failure detection for election timeout plus an additional 1.905s
I1010 20:59:02.564410 4213 raft_consensus.cc:1823] T 05a5666441ec49d792222a3e8674edf7 P 1031512f5120422e9e22a0afabd78f61 [term 3 FOLLOWER]: Leader election lost for term 3. Reason: None given
I1010 20:59:02.564415 3763 raft_consensus.cc:375] T 90fa7ae3643e4575a6be1c4936b6cc11 P f6d15ccd64ec49be8396ed78e2a88377 [term 4 FOLLOWER]: No leader contacted us within the election timeout. Triggering leader election
I1010 20:59:02.564422 3763 raft_consensus.cc:2031] T 90fa7ae3643e4575a6be1c4936b6cc11 P f6d15ccd64ec49be8396ed78e2a88377 [term 4 FOLLOWER]: Advancing to term 5
W1010 20:59:02.564437 2748 rpcz_store.cc:234] Call kudu.consensus.ConsensusService.RequestConsensusVote from 127.6.150.8:42100 (request call id 8) took 1543ms (client timeout 2029).
W1010 20:59:02.564450 2748 rpcz_store.cc:238] Trace: 1010 20:59:01.020969 (+ 0us) service_pool.cc:143] Inserting onto call queue 1010 20:59:01.020999 (+ 30us) service_pool.cc:202] Handling call 1010 20:59:02.564421 (+1543422us) spinlock_profiling.cc:255] Waited 1.54 s on lock 0x3419eb0. stack: 00000000019065e1 0000000000976852 000000000078868f 0000000000a22fbf 0000000000a23be2 0000000001911c69 00007f7357684181 00007f735656c47c ffffffffffffffff 1010 20:59:02.564424 (+ 3us) inbound_call.cc:130] Queueing success response Metrics: {"spinlock_wait_cycles":3549565312}
I1010 20:59:02.564518 3389 leader_election.cc:361] T 90fa7ae3643e4575a6be1c4936b6cc11 P 42e94fc3adbb419591836d222d946978 [CANDIDATE]: Term 4 election: Vote denied by peer f6d15ccd64ec49be8396ed78e2a88377. Message: Service unavailable: T 90fa7ae3643e4575a6be1c4936b6cc11 P f6d15ccd64ec49be8396ed78e2a88377 [term 4 FOLLOWER]: Leader election vote request: Denying vote to candidate 42e94fc3adbb419591836d222d946978 for term 4 because replica is already servicing an update from a current leader or another vote.
I1010 20:59:02.564530 3389 leader_election.cc:248] T 90fa7ae3643e4575a6be1c4936b6cc11 P 42e94fc3adbb419591836d222d946978 [CANDIDATE]: Term 4 election: Election decided. Result: candidate lost.
I1010 20:59:02.564615 3038 leader_election.cc:361] T 05a5666441ec49d792222a3e8674edf7 P 33ef4317e50042ba95e517992caa6531 [CANDIDATE]: Term 3 election: Vote denied by peer f6d15ccd64ec49be8396ed78e2a88377. Message: Service unavailable: T 05a5666441ec49d792222a3e8674edf7 P f6d15ccd64ec49be8396ed78e2a88377 [term 3 FOLLOWER]: Leader election vote request: Denying vote to candidate 33ef4317e50042ba95e517992caa6531 for term 3 because replica is already servicing an update from a current leader or another vote.
I1010 20:59:02.564630 3038 leader_election.cc:248] T 05a5666441ec49d792222a3e8674edf7 P 33ef4317e50042ba95e517992caa6531 [CANDIDATE]: Term 3 election: Election decided. Result: candidate lost.
I1010 20:59:02.564736 4215 raft_consensus.cc:1981] T 90fa7ae3643e4575a6be1c4936b6cc11 P 42e94fc3adbb419591836d222d946978 [term 4 FOLLOWER]: Snoozing failure detection for election timeout plus an additional 2.077s
I1010 20:59:02.564780 4215 raft_consensus.cc:1823] T 90fa7ae3643e4575a6be1c4936b6cc11 P 42e94fc3adbb419591836d222d946978 [term 4 FOLLOWER]: Leader election lost for term 4. Reason: None given
I1010 20:59:02.564791 4216 raft_consensus.cc:1981] T 05a5666441ec49d792222a3e8674edf7 P 33ef4317e50042ba95e517992caa6531 [term 3 FOLLOWER]: Snoozing failure detection for election timeout plus an additional 1.818s
I1010 20:59:02.564812 4214 raft_consensus.cc:1981] T 05a5666441ec49d792222a3e8674edf7 P f6d15ccd64ec49be8396ed78e2a88377 [term 3 FOLLOWER]: Snoozing failure detection for election timeout plus an additional 1.949s
I1010 20:59:02.564826 4216 raft_consensus.cc:1823] T 05a5666441ec49d792222a3e8674edf7 P 33ef4317e50042ba95e517992caa6531 [term 3 FOLLOWER]: Leader election lost for term 3. Reason: None given
I1010 20:59:02.564833 4214 raft_consensus.cc:1823] T 05a5666441ec49d792222a3e8674edf7 P f6d15ccd64ec49be8396ed78e2a88377 [term 3 FOLLOWER]: Leader election lost for term 3. Reason: None given
W1010 20:59:02.564857 3720 consensus_meta.cc:188] T f2289fb138ea4a5ab6c02803c4e9aa51 P b8062d66fd284035ae3bc2567bc11e7c: Time spent flushing consensus metadata: real 1.371s user 0.000s sys 0.000s
I1010 20:59:02.565026 3720 leader_election.cc:223] T f2289fb138ea4a5ab6c02803c4e9aa51 P b8062d66fd284035ae3bc2567bc11e7c [CANDIDATE]: Term 4 election: Requesting vote from peer 42e94fc3adbb419591836d222d946978
I1010 20:59:02.565042 3720 leader_election.cc:223] T f2289fb138ea4a5ab6c02803c4e9aa51 P b8062d66fd284035ae3bc2567bc11e7c [CANDIDATE]: Term 4 election: Requesting vote from peer 7f623b00f5ae4b9c8e8940692d5dfd44
W1010 20:59:02.565121 3869 consensus_meta.cc:188] T de9d164718e74d3db902ea603ab32407 P b8062d66fd284035ae3bc2567bc11e7c: Time spent flushing consensus metadata: real 0.906s user 0.000s sys 0.000s
I1010 20:59:02.565140 3869 raft_consensus.cc:1981] T de9d164718e74d3db902ea603ab32407 P b8062d66fd284035ae3bc2567bc11e7c [term 4 FOLLOWER]: Snoozing failure detection for election timeout plus an additional 1.780s
I1010 20:59:02.565160 3869 raft_consensus.cc:391] T de9d164718e74d3db902ea603ab32407 P b8062d66fd284035ae3bc2567bc11e7c [term 4 FOLLOWER]: Starting election with config: opid_index: -1 OBSOLETE_local: false peers { permanent_uuid: "7f623b00f5ae4b9c8e8940692d5dfd44" member_type: VOTER last_known_addr { host: "127.6.150.7" port: 45436 } } peers { permanent_uuid: "b8062d66fd284035ae3bc2567bc11e7c" member_type: VOTER last_known_addr { host: "127.6.150.4" port: 44055 } } peers { permanent_uuid: "8de6cfa864d64c58bf4eafb689517c93" member_type: VOTER last_known_addr { host: "127.6.150.3" port: 40117 } }
I1010 20:59:02.565188 3331 raft_consensus.cc:2031] T f2289fb138ea4a5ab6c02803c4e9aa51 P 7f623b00f5ae4b9c8e8940692d5dfd44 [term 3 FOLLOWER]: Advancing to term 4
W1010 20:59:02.565206 4205 consensus_meta.cc:188] T 84fcfff9fdef4acf8c2b47f36330567f P b8062d66fd284035ae3bc2567bc11e7c: Time spent flushing consensus metadata: real 1.234s user 0.000s sys 0.000s
W1010 20:59:02.565855 3837 consensus_meta.cc:188] T 981834f5e88f4585b6420fca7ddcb289 P 1380a27d6b824575a3a5e139bee139f4: Time spent flushing consensus metadata: real 1.543s user 0.000s sys 0.000s
I1010 20:59:02.565961 3837 leader_election.cc:223] T 981834f5e88f4585b6420fca7ddcb289 P 1380a27d6b824575a3a5e139bee139f4 [CANDIDATE]: Term 3 election: Requesting vote from peer 8de6cfa864d64c58bf4eafb689517c93
I1010 20:59:02.566017 3837 leader_election.cc:223] T 981834f5e88f4585b6420fca7ddcb289 P 1380a27d6b824575a3a5e139bee139f4 [CANDIDATE]: Term 3 election: Requesting vote from peer 1031512f5120422e9e22a0afabd78f61
I1010 20:59:02.566092 2865 raft_consensus.cc:2031] T 981834f5e88f4585b6420fca7ddcb289 P 8de6cfa864d64c58bf4eafb689517c93 [term 2 FOLLOWER]: Advancing to term 3
I1010 20:59:02.566155 2628 raft_consensus.cc:2031] T 981834f5e88f4585b6420fca7ddcb289 P 1031512f5120422e9e22a0afabd78f61 [term 2 FOLLOWER]: Advancing to term 3
I1010 20:59:02.566375 2628 raft_consensus.cc:1981] T 981834f5e88f4585b6420fca7ddcb289 P 1031512f5120422e9e22a0afabd78f61 [term 3 FOLLOWER]: Snoozing failure detection for election timeout plus an additional 1.904s
W1010 20:59:02.568778 3102 consensus_meta.cc:188] T 19f492d94e864f1ebd1c70810b0470f7 P 33ef4317e50042ba95e517992caa6531: Time spent flushing consensus metadata: real 1.544s user 0.000s sys 0.000s
I1010 20:59:02.568797 3102 raft_consensus.cc:1677] T 19f492d94e864f1ebd1c70810b0470f7 P 33ef4317e50042ba95e517992caa6531 [term 3 FOLLOWER]: Leader election vote request: Granting yes vote for candidate 8de6cfa864d64c58bf4eafb689517c93 in term 3.
W1010 20:59:02.568811 3102 rpcz_store.cc:234] Call kudu.consensus.ConsensusService.RequestConsensusVote from 127.6.150.3:53121 (request call id 3) took 2951ms (client timeout 1670).
W1010 20:59:02.568821 3102 rpcz_store.cc:238] Trace: 1010 20:58:59.617304 (+ 0us) service_pool.cc:143] Inserting onto call queue 1010 20:58:59.617319 (+ 15us) service_pool.cc:202] Handling call 1010 20:59:02.568807 (+2951488us) inbound_call.cc:130] Queueing success response Metrics: {}
I1010 20:59:02.568842 3099 raft_consensus.cc:1654] T 19f492d94e864f1ebd1c70810b0470f7 P 33ef4317e50042ba95e517992caa6531 [term 3 FOLLOWER]: Leader election vote request: Denying vote to candidate 84bde34331b94c4ea003e48f9317f792 for term 3 because replica is already servicing an update from a current leader or another vote.
I1010 20:59:02.568960 2447 leader_election.cc:361] T 19f492d94e864f1ebd1c70810b0470f7 P 84bde34331b94c4ea003e48f9317f792 [CANDIDATE]: Term 3 election: Vote denied by peer 33ef4317e50042ba95e517992caa6531. Message: Service unavailable: T 19f492d94e864f1ebd1c70810b0470f7 P 33ef4317e50042ba95e517992caa6531 [term 3 FOLLOWER]: Leader election vote request: Denying vote to candidate 84bde34331b94c4ea003e48f9317f792 for term 3 because replica is already servicing an update from a current leader or another vote.
I1010 20:59:02.568974 2447 leader_election.cc:248] T 19f492d94e864f1ebd1c70810b0470f7 P 84bde34331b94c4ea003e48f9317f792 [CANDIDATE]: Term 3 election: Election decided. Result: candidate lost.
I1010 20:59:02.569005 4067 raft_consensus.cc:1981] T 19f492d94e864f1ebd1c70810b0470f7 P 84bde34331b94c4ea003e48f9317f792 [term 3 FOLLOWER]: Snoozing failure detection for election timeout plus an additional 1.852s
I1010 20:59:02.569015 4067 raft_consensus.cc:1823] T 19f492d94e864f1ebd1c70810b0470f7 P 84bde34331b94c4ea003e48f9317f792 [term 3 FOLLOWER]: Leader election lost for term 3. Reason: None given
W1010 20:59:02.569015 3101 consensus_meta.cc:188] T 7d680e6840854bca9daef77d506408e9 P 33ef4317e50042ba95e517992caa6531: Time spent flushing consensus metadata: real 1.546s user 0.000s sys 0.000s
I1010 20:59:02.569033 3101 raft_consensus.cc:1981] T 7d680e6840854bca9daef77d506408e9 P 33ef4317e50042ba95e517992caa6531 [term 4 FOLLOWER]: Snoozing failure detection for election timeout plus an additional 1.649s
W1010 20:59:02.569936 3671 consensus_meta.cc:188] T 872042177fee42c9b6c380a1b657755e P 8de6cfa864d64c58bf4eafb689517c93: Time spent flushing consensus metadata: real 1.544s user 0.000s sys 0.000s
I1010 20:59:02.570070 3671 leader_election.cc:223] T 872042177fee42c9b6c380a1b657755e P 8de6cfa864d64c58bf4eafb689517c93 [CANDIDATE]: Term 3 election: Requesting vote from peer f6d15ccd64ec49be8396ed78e2a88377
I1010 20:59:02.570099 3671 leader_election.cc:223] T 872042177fee42c9b6c380a1b657755e P 8de6cfa864d64c58bf4eafb689517c93 [CANDIDATE]: Term 3 election: Requesting vote from peer 42e94fc3adbb419591836d222d946978
I1010 20:59:02.570101 2864 raft_consensus.cc:1609] T 872042177fee42c9b6c380a1b657755e P 8de6cfa864d64c58bf4eafb689517c93 [term 3 FOLLOWER]: Leader election vote request: Denying vote to candidate 42e94fc3adbb419591836d222d946978 in current term 3: Already voted for candidate 8de6cfa864d64c58bf4eafb689517c93 in this term.
I1010 20:59:02.570219 3451 raft_consensus.cc:1609] T 872042177fee42c9b6c380a1b657755e P 42e94fc3adbb419591836d222d946978 [term 3 FOLLOWER]: Leader election vote request: Denying vote to candidate 8de6cfa864d64c58bf4eafb689517c93 in current term 3: Already voted for candidate 42e94fc3adbb419591836d222d946978 in this term.
I1010 20:59:02.570225 3390 leader_election.cc:361] T 872042177fee42c9b6c380a1b657755e P 42e94fc3adbb419591836d222d946978 [CANDIDATE]: Term 3 election: Vote denied by peer 8de6cfa864d64c58bf4eafb689517c93. Message: Invalid argument: T 872042177fee42c9b6c380a1b657755e P 8de6cfa864d64c58bf4eafb689517c93 [term 3 FOLLOWER]: Leader election vote request: Denying vote to candidate 42e94fc3adbb419591836d222d946978 in current term 3: Already voted for candidate 8de6cfa864d64c58bf4eafb689517c93 in this term.
W1010 20:59:02.570250 3697 consensus_meta.cc:188] T 949b26dfeadc4de38868bf4ed994d184 P 8de6cfa864d64c58bf4eafb689517c93: Time spent flushing consensus metadata: real 1.545s user 0.000s sys 0.000s
I1010 20:59:02.570363 2801 leader_election.cc:361] T 872042177fee42c9b6c380a1b657755e P 8de6cfa864d64c58bf4eafb689517c93 [CANDIDATE]: Term 3 election: Vote denied by peer 42e94fc3adbb419591836d222d946978. Message: Invalid argument: T 872042177fee42c9b6c380a1b657755e P 42e94fc3adbb419591836d222d946978 [term 3 FOLLOWER]: Leader election vote request: Denying vote to candidate 8de6cfa864d64c58bf4eafb689517c93 in current term 3: Already voted for candidate 42e94fc3adbb419591836d222d946978 in this term.
I1010 20:59:02.570371 3697 leader_election.cc:223] T 949b26dfeadc4de38868bf4ed994d184 P 8de6cfa864d64c58bf4eafb689517c93 [CANDIDATE]: Term 3 election: Requesting vote from peer 1380a27d6b824575a3a5e139bee139f4
I1010 20:59:02.570385 3697 leader_election.cc:223] T 949b26dfeadc4de38868bf4ed994d184 P 8de6cfa864d64c58bf4eafb689517c93 [CANDIDATE]: Term 3 election: Requesting vote from peer b8062d66fd284035ae3bc2567bc11e7c
I1010 20:59:02.570390 2861 raft_consensus.cc:1654] T 949b26dfeadc4de38868bf4ed994d184 P 8de6cfa864d64c58bf4eafb689517c93 [term 3 FOLLOWER]: Leader election vote request: Denying vote to candidate b8062d66fd284035ae3bc2567bc11e7c for term 3 because replica is already servicing an update from a current leader or another vote.
W1010 20:59:02.570436 2861 rpcz_store.cc:234] Call kudu.consensus.ConsensusService.RequestConsensusVote from 127.6.150.4:46161 (request call id 6) took 1543ms (client timeout 1836).
I1010 20:59:02.570436 2862 raft_consensus.cc:1609] T 949b26dfeadc4de38868bf4ed994d184 P 8de6cfa864d64c58bf4eafb689517c93 [term 3 FOLLOWER]: Leader election vote request: Denying vote to candidate 1380a27d6b824575a3a5e139bee139f4 in current term 3: Already voted for candidate 8de6cfa864d64c58bf4eafb689517c93 in this term.
W1010 20:59:02.570475 2861 rpcz_store.cc:238] Trace: 1010 20:59:01.027034 (+ 0us) service_pool.cc:143] Inserting onto call queue 1010 20:59:01.027044 (+ 10us) service_pool.cc:202] Handling call 1010 20:59:02.570423 (+1543379us) spinlock_profiling.cc:255] Waited 1.54 s on lock 0x3c2dc10. stack: 00000000019065e1 0000000000976852 000000000078868f 0000000000a22fbf 0000000000a23be2 0000000001911c69 00007f9e2c5b9181 00007f9e2b4a147c ffffffffffffffff 1010 20:59:02.570431 (+ 8us) inbound_call.cc:130] Queueing success response Metrics: {"spinlock_wait_cycles":3549667584}
W1010 20:59:02.570510 2862 rpcz_store.cc:234] Call kudu.consensus.ConsensusService.RequestConsensusVote from 127.6.150.6:47110 (request call id 5) took 2956ms (client timeout 1717).
W1010 20:59:02.570539 2862 rpcz_store.cc:238] Trace: 1010 20:58:59.614426 (+ 0us) service_pool.cc:143] Inserting onto call queue 1010 20:58:59.614433 (+ 7us) service_pool.cc:202] Handling call 1010 20:59:02.570491 (+2956058us) spinlock_profiling.cc:255] Waited 2.96 s on lock 0x3c2dc10. stack: 00000000019065e1 0000000000976813 000000000078868f 0000000000a22fbf 0000000000a23be2 0000000001911c69 00007f9e2c5b9181 00007f9e2b4a147c ffffffffffffffff 1010 20:59:02.570507 (+ 16us) inbound_call.cc:130] Queueing success response Metrics: {"spinlock_wait_cycles":6798716288}
I1010 20:59:02.570668 2865 raft_consensus.cc:1981] T 981834f5e88f4585b6420fca7ddcb289 P 8de6cfa864d64c58bf4eafb689517c93 [term 3 FOLLOWER]: Snoozing failure detection for election timeout plus an additional 1.958s
I1010 20:59:02.570922 3217 raft_consensus.cc:1609] T 949b26dfeadc4de38868bf4ed994d184 P 1380a27d6b824575a3a5e139bee139f4 [term 3 FOLLOWER]: Leader election vote request: Denying vote to candidate 8de6cfa864d64c58bf4eafb689517c93 in current term 3: Already voted for candidate 1380a27d6b824575a3a5e139bee139f4 in this term.
I1010 20:59:02.570947 2921 leader_election.cc:361] T 949b26dfeadc4de38868bf4ed994d184 P b8062d66fd284035ae3bc2567bc11e7c [CANDIDATE]: Term 3 election: Vote denied by peer 8de6cfa864d64c58bf4eafb689517c93. Message: Service unavailable: T 949b26dfeadc4de38868bf4ed994d184 P 8de6cfa864d64c58bf4eafb689517c93 [term 3 FOLLOWER]: Leader election vote request: Denying vote to candidate b8062d66fd284035ae3bc2567bc11e7c for term 3 because replica is already servicing an update from a current leader or another vote.
I1010 20:59:02.570956 2921 leader_election.cc:248] T 949b26dfeadc4de38868bf4ed994d184 P b8062d66fd284035ae3bc2567bc11e7c [CANDIDATE]: Term 3 election: Election decided. Result: candidate lost.
I1010 20:59:02.570955 2984 raft_consensus.cc:1609] T 949b26dfeadc4de38868bf4ed994d184 P b8062d66fd284035ae3bc2567bc11e7c [term 3 FOLLOWER]: Leader election vote request: Denying vote to candidate 8de6cfa864d64c58bf4eafb689517c93 in current term 3: Already voted for candidate b8062d66fd284035ae3bc2567bc11e7c in this term.
I1010 20:59:02.570997 2799 leader_election.cc:361] T 949b26dfeadc4de38868bf4ed994d184 P 8de6cfa864d64c58bf4eafb689517c93 [CANDIDATE]: Term 3 election: Vote denied by peer 1380a27d6b824575a3a5e139bee139f4. Message: Invalid argument: T 949b26dfeadc4de38868bf4ed994d184 P 1380a27d6b824575a3a5e139bee139f4 [term 3 FOLLOWER]: Leader election vote request: Denying vote to candidate 8de6cfa864d64c58bf4eafb689517c93 in current term 3: Already voted for candidate 1380a27d6b824575a3a5e139bee139f4 in this term.
I1010 20:59:02.571105 4217 raft_consensus.cc:1981] T 949b26dfeadc4de38868bf4ed994d184 P b8062d66fd284035ae3bc2567bc11e7c [term 3 FOLLOWER]: Snoozing failure detection for election timeout plus an additional 1.879s
I1010 20:59:02.571118 4217 raft_consensus.cc:1823] T 949b26dfeadc4de38868bf4ed994d184 P b8062d66fd284035ae3bc2567bc11e7c [term 3 FOLLOWER]: Leader election lost for term 3. Reason: None given
I1010 20:59:02.571144 2802 leader_election.cc:361] T 949b26dfeadc4de38868bf4ed994d184 P 8de6cfa864d64c58bf4eafb689517c93 [CANDIDATE]: Term 3 election: Vote denied by peer b8062d66fd284035ae3bc2567bc11e7c. Message: Invalid argument: T 949b26dfeadc4de38868bf4ed994d184 P b8062d66fd284035ae3bc2567bc11e7c [term 3 FOLLOWER]: Leader election vote request: Denying vote to candidate 8de6cfa864d64c58bf4eafb689517c93 in current term 3: Already voted for candidate b8062d66fd284035ae3bc2567bc11e7c in this term.
I1010 20:59:02.571156 2802 leader_election.cc:248] T 949b26dfeadc4de38868bf4ed994d184 P 8de6cfa864d64c58bf4eafb689517c93 [CANDIDATE]: Term 3 election: Election decided. Result: candidate lost.
I1010 20:59:02.571274 4218 raft_consensus.cc:1981] T 949b26dfeadc4de38868bf4ed994d184 P 8de6cfa864d64c58bf4eafb689517c93 [term 3 FOLLOWER]: Snoozing failure detection for election timeout plus an additional 1.942s
I1010 20:59:02.571285 4218 raft_consensus.cc:1823] T 949b26dfeadc4de38868bf4ed994d184 P 8de6cfa864d64c58bf4eafb689517c93 [term 3 FOLLOWER]: Leader election lost for term 3. Reason: None given
W1010 20:59:02.635653 3155 leader_election.cc:275] T f689db1eddb54b1f85b7df38d14534b4 P 1380a27d6b824575a3a5e139bee139f4 [CANDIDATE]: Term 4 election: RPC error from VoteRequest() call to peer 42e94fc3adbb419591836d222d946978: Timed out: RequestConsensusVote RPC to 127.6.150.8:35299 timed out after 1.612s
W1010 20:59:02.635696 3155 leader_election.cc:275] T f689db1eddb54b1f85b7df38d14534b4 P 1380a27d6b824575a3a5e139bee139f4 [CANDIDATE]: Term 4 election: RPC error from VoteRequest() call to peer f6d15ccd64ec49be8396ed78e2a88377: Timed out: RequestConsensusVote RPC to 127.6.150.2:33554 timed out after 1.612s
I1010 20:59:02.635700 3155 leader_election.cc:248] T f689db1eddb54b1f85b7df38d14534b4 P 1380a27d6b824575a3a5e139bee139f4 [CANDIDATE]: Term 4 election: Election decided. Result: candidate lost.
I1010 20:59:02.635846 4219 raft_consensus.cc:1981] T f689db1eddb54b1f85b7df38d14534b4 P 1380a27d6b824575a3a5e139bee139f4 [term 4 FOLLOWER]: Snoozing failure detection for election timeout plus an additional 2.102s
I1010 20:59:02.635867 4219 raft_consensus.cc:1823] T f689db1eddb54b1f85b7df38d14534b4 P 1380a27d6b824575a3a5e139bee139f4 [term 4 FOLLOWER]: Leader election lost for term 4. Reason: None given
I1010 20:59:02.794406 3673 raft_consensus.cc:375] T 17a4ac4e4e164cebb4d88f59511cf926 P 580cbaf7092444dfbc6fb344da88d7b6 [term 3 FOLLOWER]: No leader contacted us within the election timeout. Triggering leader election
I1010 20:59:02.794447 3673 raft_consensus.cc:2031] T 17a4ac4e4e164cebb4d88f59511cf926 P 580cbaf7092444dfbc6fb344da88d7b6 [term 3 FOLLOWER]: Advancing to term 4
I1010 20:59:02.794713 3673 raft_consensus.cc:1981] T 17a4ac4e4e164cebb4d88f59511cf926 P 580cbaf7092444dfbc6fb344da88d7b6 [term 4 FOLLOWER]: Snoozing failure detection for election timeout plus an additional 1.634s
I1010 20:59:02.794741 3673 raft_consensus.cc:391] T 17a4ac4e4e164cebb4d88f59511cf926 P 580cbaf7092444dfbc6fb344da88d7b6 [term 4 FOLLOWER]: Starting election with config: opid_index: -1 OBSOLETE_local: false peers { permanent_uuid: "580cbaf7092444dfbc6fb344da88d7b6" member_type: VOTER last_known_addr { host: "127.6.150.9" port: 51743 } } peers { permanent_uuid: "7f623b00f5ae4b9c8e8940692d5dfd44" member_type: VOTER last_known_addr { host: "127.6.150.7" port: 45436 } } peers { permanent_uuid: "1031512f5120422e9e22a0afabd78f61" member_type: VOTER last_known_addr { host: "127.6.150.1" port: 46963 } }
W1010 20:59:02.979213 3039 leader_election.cc:275] T 8da5904fd56d441ea29e61eb9d2b0b2f P 33ef4317e50042ba95e517992caa6531 [CANDIDATE]: Term 3 election: RPC error from VoteRequest() call to peer 84bde34331b94c4ea003e48f9317f792: Timed out: RequestConsensusVote RPC to 127.6.150.0:40113 timed out after 1.953s
I1010 20:59:02.979233 3039 leader_election.cc:248] T 8da5904fd56d441ea29e61eb9d2b0b2f P 33ef4317e50042ba95e517992caa6531 [CANDIDATE]: Term 3 election: Election decided. Result: candidate lost.
I1010 20:59:02.979375 4220 raft_consensus.cc:1981] T 8da5904fd56d441ea29e61eb9d2b0b2f P 33ef4317e50042ba95e517992caa6531 [term 3 FOLLOWER]: Snoozing failure detection for election timeout plus an additional 1.691s
I1010 20:59:02.979395 4220 raft_consensus.cc:1823] T 8da5904fd56d441ea29e61eb9d2b0b2f P 33ef4317e50042ba95e517992caa6531 [term 3 FOLLOWER]: Leader election lost for term 3. Reason: None given
I1010 20:59:02.998986 3816 raft_consensus.cc:371] T 84fcfff9fdef4acf8c2b47f36330567f P 42e94fc3adbb419591836d222d946978 [term 2 FOLLOWER]: Failure of leader b8062d66fd284035ae3bc2567bc11e7c detected. Triggering leader election
I1010 20:59:02.999002 3816 raft_consensus.cc:2031] T 84fcfff9fdef4acf8c2b47f36330567f P 42e94fc3adbb419591836d222d946978 [term 2 FOLLOWER]: Advancing to term 3
I1010 20:59:03.014235 3764 raft_consensus.cc:375] T 84fcfff9fdef4acf8c2b47f36330567f P b8062d66fd284035ae3bc2567bc11e7c [term 3 FOLLOWER]: No leader contacted us within the election timeout. Triggering leader election
I1010 20:59:03.014251 3764 raft_consensus.cc:2031] T 84fcfff9fdef4acf8c2b47f36330567f P b8062d66fd284035ae3bc2567bc11e7c [term 3 FOLLOWER]: Advancing to term 4
I1010 20:59:03.022110 3333 raft_consensus.cc:857] T 95e7c143b0524a9b9ade2cfcc081e679 P 7f623b00f5ae4b9c8e8940692d5dfd44 [term 3 FOLLOWER]: Refusing update from remote peer 1031512f5120422e9e22a0afabd78f61: Log matching property violated. Preceding OpId in replica: term: 0 index: 0. Preceding OpId from leader: term: 3 index: 1. (index mismatch)
I1010 20:59:03.022289 4182 consensus_queue.cc:652] T 95e7c143b0524a9b9ade2cfcc081e679 P 1031512f5120422e9e22a0afabd78f61 [LEADER]: Connected to new peer: Peer: 7f623b00f5ae4b9c8e8940692d5dfd44, Is new: false, Last received: 0.0, Next index: 1, Last known committed idx: 0, Last exchange result: ERROR, Needs tablet copy: false
W1010 20:59:03.071353 3156 leader_election.cc:275] T 7d680e6840854bca9daef77d506408e9 P 1380a27d6b824575a3a5e139bee139f4 [CANDIDATE]: Term 4 election: RPC error from VoteRequest() call to peer 84bde34331b94c4ea003e48f9317f792: Timed out: RequestConsensusVote RPC to 127.6.150.0:40113 timed out after 2.048s
W1010 20:59:03.073210 3153 leader_election.cc:275] T 7d680e6840854bca9daef77d506408e9 P 1380a27d6b824575a3a5e139bee139f4 [CANDIDATE]: Term 4 election: RPC error from VoteRequest() call to peer 33ef4317e50042ba95e517992caa6531: Timed out: RequestConsensusVote RPC to 127.6.150.5:40764 timed out after 2.048s
I1010 20:59:03.073235 3153 leader_election.cc:248] T 7d680e6840854bca9daef77d506408e9 P 1380a27d6b824575a3a5e139bee139f4 [CANDIDATE]: Term 4 election: Election decided. Result: candidate lost.
I1010 20:59:03.073438 4225 raft_consensus.cc:1981] T 7d680e6840854bca9daef77d506408e9 P 1380a27d6b824575a3a5e139bee139f4 [term 4 FOLLOWER]: Snoozing failure detection for election timeout plus an additional 1.824s
I1010 20:59:03.073453 4225 raft_consensus.cc:1823] T 7d680e6840854bca9daef77d506408e9 P 1380a27d6b824575a3a5e139bee139f4 [term 4 FOLLOWER]: Leader election lost for term 4. Reason: None given
I1010 20:59:03.146168 3817 raft_consensus.cc:375] T de9d164718e74d3db902ea603ab32407 P 8de6cfa864d64c58bf4eafb689517c93 [term 2 FOLLOWER]: No leader contacted us within the election timeout. Triggering leader election
I1010 20:59:03.146188 3817 raft_consensus.cc:2031] T de9d164718e74d3db902ea603ab32407 P 8de6cfa864d64c58bf4eafb689517c93 [term 2 FOLLOWER]: Advancing to term 3
W1010 20:59:04.068614 2920 leader_election.cc:275] T f2289fb138ea4a5ab6c02803c4e9aa51 P b8062d66fd284035ae3bc2567bc11e7c [CANDIDATE]: Term 4 election: RPC error from VoteRequest() call to peer 42e94fc3adbb419591836d222d946978: Timed out: RequestConsensusVote RPC to 127.6.150.8:35299 timed out after 1.503s
W1010 20:59:04.068768 2921 leader_election.cc:275] T f2289fb138ea4a5ab6c02803c4e9aa51 P b8062d66fd284035ae3bc2567bc11e7c [CANDIDATE]: Term 4 election: RPC error from VoteRequest() call to peer 7f623b00f5ae4b9c8e8940692d5dfd44: Timed out: RequestConsensusVote RPC to 127.6.150.7:45436 timed out after 1.503s
I1010 20:59:04.068781 2921 leader_election.cc:248] T f2289fb138ea4a5ab6c02803c4e9aa51 P b8062d66fd284035ae3bc2567bc11e7c [CANDIDATE]: Term 4 election: Election decided. Result: candidate lost.
I1010 20:59:04.068948 4226 raft_consensus.cc:1981] T f2289fb138ea4a5ab6c02803c4e9aa51 P b8062d66fd284035ae3bc2567bc11e7c [term 4 FOLLOWER]: Snoozing failure detection for election timeout plus an additional 1.817s
I1010 20:59:04.068964 4226 raft_consensus.cc:1823] T f2289fb138ea4a5ab6c02803c4e9aa51 P b8062d66fd284035ae3bc2567bc11e7c [term 4 FOLLOWER]: Leader election lost for term 4. Reason: None given
W1010 20:59:04.112087 2801 leader_election.cc:275] T 872042177fee42c9b6c380a1b657755e P 8de6cfa864d64c58bf4eafb689517c93 [CANDIDATE]: Term 3 election: RPC error from VoteRequest() call to peer f6d15ccd64ec49be8396ed78e2a88377: Timed out: RequestConsensusVote RPC to 127.6.150.2:33554 timed out after 1.541s
I1010 20:59:04.112128 2801 leader_election.cc:248] T 872042177fee42c9b6c380a1b657755e P 8de6cfa864d64c58bf4eafb689517c93 [CANDIDATE]: Term 3 election: Election decided. Result: candidate lost.
I1010 20:59:04.112347 4227 raft_consensus.cc:1981] T 872042177fee42c9b6c380a1b657755e P 8de6cfa864d64c58bf4eafb689517c93 [term 3 FOLLOWER]: Snoozing failure detection for election timeout plus an additional 1.982s
I1010 20:59:04.112365 4227 raft_consensus.cc:1823] T 872042177fee42c9b6c380a1b657755e P 8de6cfa864d64c58bf4eafb689517c93 [term 3 FOLLOWER]: Leader election lost for term 3. Reason: None given
I1010 20:59:04.297195 3722 raft_consensus.cc:375] T efe8fb09a1234c9fb1dc99948737a894 P 580cbaf7092444dfbc6fb344da88d7b6 [term 3 FOLLOWER]: No leader contacted us within the election timeout. Triggering leader election
I1010 20:59:04.297235 3722 raft_consensus.cc:2031] T efe8fb09a1234c9fb1dc99948737a894 P 580cbaf7092444dfbc6fb344da88d7b6 [term 3 FOLLOWER]: Advancing to term 4
W1010 20:59:04.308627 3673 consensus_meta.cc:188] T 17a4ac4e4e164cebb4d88f59511cf926 P 580cbaf7092444dfbc6fb344da88d7b6: Time spent flushing consensus metadata: real 1.514s user 0.000s sys 0.000s
W1010 20:59:04.308645 3717 consensus_meta.cc:188] T 8da5904fd56d441ea29e61eb9d2b0b2f P 84bde34331b94c4ea003e48f9317f792: Time spent flushing consensus metadata: real 1.748s user 0.000s sys 0.000s
W1010 20:59:04.308652 3742 consensus_meta.cc:188] T f2289fb138ea4a5ab6c02803c4e9aa51 P 42e94fc3adbb419591836d222d946978: Time spent flushing consensus metadata: real 1.748s user 0.000s sys 0.000s
W1010 20:59:04.309132 2514 consensus_meta.cc:188] T 7d680e6840854bca9daef77d506408e9 P 84bde34331b94c4ea003e48f9317f792: Time spent flushing consensus metadata: real 3.288s user 0.000s sys 0.000s
I1010 20:59:04.309150 2514 raft_consensus.cc:1981] T 7d680e6840854bca9daef77d506408e9 P 84bde34331b94c4ea003e48f9317f792 [term 4 FOLLOWER]: Snoozing failure detection for election timeout plus an additional 2.176s
W1010 20:59:04.309178 3452 consensus_meta.cc:188] T f689db1eddb54b1f85b7df38d14534b4 P 42e94fc3adbb419591836d222d946978: Time spent flushing consensus metadata: real 3.286s user 0.000s sys 0.000s
I1010 20:59:04.309195 3452 raft_consensus.cc:1981] T f689db1eddb54b1f85b7df38d14534b4 P 42e94fc3adbb419591836d222d946978 [term 4 FOLLOWER]: Snoozing failure detection for election timeout plus an additional 1.582s
I1010 20:59:04.309281 3722 raft_consensus.cc:1981] T efe8fb09a1234c9fb1dc99948737a894 P 580cbaf7092444dfbc6fb344da88d7b6 [term 4 FOLLOWER]: Snoozing failure detection for election timeout plus an additional 2.125s
I1010 20:59:04.309326 3722 raft_consensus.cc:391] T efe8fb09a1234c9fb1dc99948737a894 P 580cbaf7092444dfbc6fb344da88d7b6 [term 4 FOLLOWER]: Starting election with config: opid_index: -1 OBSOLETE_local: false peers { permanent_uuid: "580cbaf7092444dfbc6fb344da88d7b6" member_type: VOTER last_known_addr { host: "127.6.150.9" port: 51743 } } peers { permanent_uuid: "b8062d66fd284035ae3bc2567bc11e7c" member_type: VOTER last_known_addr { host: "127.6.150.4" port: 44055 } } peers { permanent_uuid: "f6d15ccd64ec49be8396ed78e2a88377" member_type: VOTER last_known_addr { host: "127.6.150.2" port: 33554 } }
W1010 20:59:04.309424 3869 consensus_meta.cc:188] T de9d164718e74d3db902ea603ab32407 P b8062d66fd284035ae3bc2567bc11e7c: Time spent flushing consensus metadata: real 1.744s user 0.000s sys 0.000s
W1010 20:59:04.309662 3729 consensus_meta.cc:188] T 872042177fee42c9b6c380a1b657755e P f6d15ccd64ec49be8396ed78e2a88377: Time spent flushing consensus metadata: real 1.745s user 0.000s sys 0.000s
W1010 20:59:04.309788 2749 consensus_meta.cc:188] T f689db1eddb54b1f85b7df38d14534b4 P f6d15ccd64ec49be8396ed78e2a88377: Time spent flushing consensus metadata: real 3.287s user 0.000s sys 0.000s
I1010 20:59:04.309844 2749 raft_consensus.cc:1981] T f689db1eddb54b1f85b7df38d14534b4 P f6d15ccd64ec49be8396ed78e2a88377 [term 4 FOLLOWER]: Snoozing failure detection for election timeout plus an additional 2.074s
I1010 20:59:04.309937 3717 leader_election.cc:223] T 8da5904fd56d441ea29e61eb9d2b0b2f P 84bde34331b94c4ea003e48f9317f792 [CANDIDATE]: Term 3 election: Requesting vote from peer b8062d66fd284035ae3bc2567bc11e7c
I1010 20:59:04.310016 3717 leader_election.cc:223] T 8da5904fd56d441ea29e61eb9d2b0b2f P 84bde34331b94c4ea003e48f9317f792 [CANDIDATE]: Term 3 election: Requesting vote from peer 33ef4317e50042ba95e517992caa6531
W1010 20:59:04.310025 2865 consensus_meta.cc:188] T 981834f5e88f4585b6420fca7ddcb289 P 8de6cfa864d64c58bf4eafb689517c93: Time spent flushing consensus metadata: real 1.739s user 0.000s sys 0.000s
I1010 20:59:04.310044 2865 raft_consensus.cc:1677] T 981834f5e88f4585b6420fca7ddcb289 P 8de6cfa864d64c58bf4eafb689517c93 [term 3 FOLLOWER]: Leader election vote request: Granting yes vote for candidate 1380a27d6b824575a3a5e139bee139f4 in term 3.
I1010 20:59:04.310051 4175 raft_consensus.cc:1981] T 8da5904fd56d441ea29e61eb9d2b0b2f P 84bde34331b94c4ea003e48f9317f792 [term 3 FOLLOWER]: Snoozing failure detection for election timeout plus an additional 1.841s
W1010 20:59:04.310065 2865 rpcz_store.cc:234] Call kudu.consensus.ConsensusService.RequestConsensusVote from 127.6.150.6:47110 (request call id 6) took 1743ms (client timeout 1819).
W1010 20:59:04.310080 2865 rpcz_store.cc:238] Trace: 1010 20:59:02.566075 (+ 0us) service_pool.cc:143] Inserting onto call queue 1010 20:59:02.566083 (+ 8us) service_pool.cc:202] Handling call 1010 20:59:04.310059 (+1743976us) inbound_call.cc:130] Queueing success response Metrics: {}
I1010 20:59:04.310084 3742 leader_election.cc:223] T f2289fb138ea4a5ab6c02803c4e9aa51 P 42e94fc3adbb419591836d222d946978 [CANDIDATE]: Term 4 election: Requesting vote from peer b8062d66fd284035ae3bc2567bc11e7c
I1010 20:59:04.310087 4175 raft_consensus.cc:1823] T 8da5904fd56d441ea29e61eb9d2b0b2f P 84bde34331b94c4ea003e48f9317f792 [term 3 FOLLOWER]: Leader election lost for term 2. Reason: None given
I1010 20:59:04.310088 3729 leader_election.cc:223] T 872042177fee42c9b6c380a1b657755e P f6d15ccd64ec49be8396ed78e2a88377 [CANDIDATE]: Term 3 election: Requesting vote from peer 8de6cfa864d64c58bf4eafb689517c93
I1010 20:59:04.310104 3742 leader_election.cc:223] T f2289fb138ea4a5ab6c02803c4e9aa51 P 42e94fc3adbb419591836d222d946978 [CANDIDATE]: Term 4 election: Requesting vote from peer 7f623b00f5ae4b9c8e8940692d5dfd44
I1010 20:59:04.310106 3729 leader_election.cc:223] T 872042177fee42c9b6c380a1b657755e P f6d15ccd64ec49be8396ed78e2a88377 [CANDIDATE]: Term 3 election: Requesting vote from peer 42e94fc3adbb419591836d222d946978
I1010 20:59:04.310106 2512 raft_consensus.cc:1654] T 8da5904fd56d441ea29e61eb9d2b0b2f P 84bde34331b94c4ea003e48f9317f792 [term 3 FOLLOWER]: Leader election vote request: Denying vote to candidate 33ef4317e50042ba95e517992caa6531 for term 3 because replica is already servicing an update from a current leader or another vote.
I1010 20:59:04.310123 3453 raft_consensus.cc:1609] T f2289fb138ea4a5ab6c02803c4e9aa51 P 42e94fc3adbb419591836d222d946978 [term 4 FOLLOWER]: Leader election vote request: Denying vote to candidate b8062d66fd284035ae3bc2567bc11e7c in current term 4: Already voted for candidate 42e94fc3adbb419591836d222d946978 in this term.
W1010 20:59:04.310153 2512 rpcz_store.cc:234] Call kudu.consensus.ConsensusService.RequestConsensusVote from 127.6.150.5:46021 (request call id 8) took 3285ms (client timeout 1953).
W1010 20:59:04.310169 3453 rpcz_store.cc:234] Call kudu.consensus.ConsensusService.RequestConsensusVote from 127.6.150.4:56561 (request call id 25) took 1745ms (client timeout 1503).
I1010 20:59:04.310178 2748 raft_consensus.cc:1654] T 872042177fee42c9b6c380a1b657755e P f6d15ccd64ec49be8396ed78e2a88377 [term 3 FOLLOWER]: Leader election vote request: Denying vote to candidate 8de6cfa864d64c58bf4eafb689517c93 for term 3 because replica is already servicing an update from a current leader or another vote.
W1010 20:59:04.310185 2512 rpcz_store.cc:238] Trace: 1010 20:59:01.025001 (+ 0us) service_pool.cc:143] Inserting onto call queue 1010 20:59:01.025092 (+ 91us) service_pool.cc:202] Handling call 1010 20:59:04.310129 (+3285037us) spinlock_profiling.cc:255] Waited 3.29 s on lock 0x409bc10. stack: 00000000019065e1 0000000000976852 000000000078868f 0000000000a22fbf 0000000000a23be2 0000000001911c69 00007ff4d62cf181 00007ff4d51b747c ffffffffffffffff 1010 20:59:04.310134 (+ 5us) inbound_call.cc:130] Queueing success response Metrics: {"spinlock_wait_cycles":7555511168}
W1010 20:59:04.310189 3453 rpcz_store.cc:238] Trace: 1010 20:59:02.565109 (+ 0us) service_pool.cc:143] Inserting onto call queue 1010 20:59:02.565145 (+ 36us) service_pool.cc:202] Handling call 1010 20:59:04.310161 (+1745016us) spinlock_profiling.cc:255] Waited 1.74 s on lock 0x3e4f6d0. stack: 00000000019065e1 0000000000976813 000000000078868f 0000000000a22fbf 0000000000a23be2 0000000001911c69 00007fd760afa181 00007fd75f9e247c ffffffffffffffff 1010 20:59:04.310165 (+ 4us) inbound_call.cc:130] Queueing success response Metrics: {"spinlock_wait_cycles":4013424000}
W1010 20:59:04.310250 2748 rpcz_store.cc:234] Call kudu.consensus.ConsensusService.RequestConsensusVote from 127.6.150.3:58643 (request call id 3) took 1740ms (client timeout 1541).
I1010 20:59:04.310251 2744 raft_consensus.cc:1609] T 872042177fee42c9b6c380a1b657755e P f6d15ccd64ec49be8396ed78e2a88377 [term 3 FOLLOWER]: Leader election vote request: Denying vote to candidate 42e94fc3adbb419591836d222d946978 in current term 3: Already voted for candidate f6d15ccd64ec49be8396ed78e2a88377 in this term.
W1010 20:59:04.310268 2748 rpcz_store.cc:238] Trace: 1010 20:59:02.570199 (+ 0us) service_pool.cc:143] Inserting onto call queue 1010 20:59:02.570204 (+ 5us) service_pool.cc:202] Handling call 1010 20:59:04.310241 (+1740037us) spinlock_profiling.cc:255] Waited 1.74 s on lock 0x3419970. stack: 00000000019065e1 0000000000976852 000000000078868f 0000000000a22fbf 0000000000a23be2 0000000001911c69 00007f7357684181 00007f735656c47c ffffffffffffffff 1010 20:59:04.310245 (+ 4us) inbound_call.cc:130] Queueing success response Metrics: {"spinlock_wait_cycles":4001899264}
W1010 20:59:04.310307 2744 rpcz_store.cc:234] Call kudu.consensus.ConsensusService.RequestConsensusVote from 127.6.150.8:42100 (request call id 9) took 1749ms (client timeout 1855).
W1010 20:59:04.310346 2744 rpcz_store.cc:238] Trace: 1010 20:59:02.560915 (+ 0us) service_pool.cc:143] Inserting onto call queue 1010 20:59:02.560924 (+ 9us) service_pool.cc:202] Handling call 1010 20:59:04.310298 (+1749374us) spinlock_profiling.cc:255] Waited 1.75 s on lock 0x3419970. stack: 00000000019065e1 0000000000976813 000000000078868f 0000000000a22fbf 0000000000a23be2 0000000001911c69 00007f7357684181 00007f735656c47c ffffffffffffffff 1010 20:59:04.310302 (+ 4us) inbound_call.cc:130] Queueing success response Metrics: {"spinlock_wait_cycles":4023411968}
