I1010 20:59:01.024731 3780 leader_election.cc:223] T 8da5904fd56d441ea29e61eb9d2b0b2f P 33ef4317e50042ba95e517992caa6531 [CANDIDATE]: Term 3 election: Requesting vote from peer b8062d66fd284035ae3bc2567bc11e7c
I1010 20:59:01.024752 3780 leader_election.cc:223] T 8da5904fd56d441ea29e61eb9d2b0b2f P 33ef4317e50042ba95e517992caa6531 [CANDIDATE]: Term 3 election: Requesting vote from peer 84bde34331b94c4ea003e48f9317f792
I1010 20:59:01.024770 3098 raft_consensus.cc:1609] T 8da5904fd56d441ea29e61eb9d2b0b2f P 33ef4317e50042ba95e517992caa6531 [term 3 FOLLOWER]: Leader election vote request: Denying vote to candidate b8062d66fd284035ae3bc2567bc11e7c in current term 3: Already voted for candidate 33ef4317e50042ba95e517992caa6531 in this term.
W1010 20:59:01.024798 3098 rpcz_store.cc:234] Call kudu.consensus.ConsensusService.RequestConsensusVote from 127.6.150.4:56288 (request call id 3) took 1413ms (client timeout 1602).
I1010 20:59:01.024822 3836 leader_election.cc:223] T 7836528275cb45aab827361611bb3bbe P 8de6cfa864d64c58bf4eafb689517c93 [CANDIDATE]: Term 3 election: Requesting vote from peer 580cbaf7092444dfbc6fb344da88d7b6
W1010 20:59:01.024826 3098 rpcz_store.cc:238] Trace: 1010 20:58:59.611461 (+ 0us) service_pool.cc:143] Inserting onto call queue 1010 20:58:59.611498 (+ 37us) service_pool.cc:202] Handling call 1010 20:59:01.024792 (+1413294us) spinlock_profiling.cc:255] Waited 1.41 s on lock 0x4d75c10. stack: 00000000019065e1 0000000000976813 000000000078868f 0000000000a22fbf 0000000000a23be2 0000000001911c69 00007fc8aa54b181 00007fc8a943347c ffffffffffffffff 1010 20:59:01.024795 (+ 3us) inbound_call.cc:130] Queueing success response Metrics: {"spinlock_wait_cycles":3250498816}
I1010 20:59:01.024837 3836 leader_election.cc:223] T 7836528275cb45aab827361611bb3bbe P 8de6cfa864d64c58bf4eafb689517c93 [CANDIDATE]: Term 3 election: Requesting vote from peer 42e94fc3adbb419591836d222d946978
I1010 20:59:01.024837 3713 leader_election.cc:223] T 05a5666441ec49d792222a3e8674edf7 P 33ef4317e50042ba95e517992caa6531 [CANDIDATE]: Term 3 election: Requesting vote from peer f6d15ccd64ec49be8396ed78e2a88377
I1010 20:59:01.024852 3713 leader_election.cc:223] T 05a5666441ec49d792222a3e8674edf7 P 33ef4317e50042ba95e517992caa6531 [CANDIDATE]: Term 3 election: Requesting vote from peer 1031512f5120422e9e22a0afabd78f61
I1010 20:59:01.024899 3099 raft_consensus.cc:1609] T 05a5666441ec49d792222a3e8674edf7 P 33ef4317e50042ba95e517992caa6531 [term 3 FOLLOWER]: Leader election vote request: Denying vote to candidate 1031512f5120422e9e22a0afabd78f61 in current term 3: Already voted for candidate 33ef4317e50042ba95e517992caa6531 in this term.
I1010 20:59:01.024898 2918 leader_election.cc:361] T 8da5904fd56d441ea29e61eb9d2b0b2f P b8062d66fd284035ae3bc2567bc11e7c [CANDIDATE]: Term 3 election: Vote denied by peer 33ef4317e50042ba95e517992caa6531. Message: Invalid argument: T 8da5904fd56d441ea29e61eb9d2b0b2f P 33ef4317e50042ba95e517992caa6531 [term 3 FOLLOWER]: Leader election vote request: Denying vote to candidate b8062d66fd284035ae3bc2567bc11e7c in current term 3: Already voted for candidate 33ef4317e50042ba95e517992caa6531 in this term.
W1010 20:59:01.024953 3867 consensus_meta.cc:188] T 84fcfff9fdef4acf8c2b47f36330567f P 1031512f5120422e9e22a0afabd78f61: Time spent flushing consensus metadata: real 1.410s user 0.000s sys 0.000s
W1010 20:59:01.024976 3102 consensus_meta.cc:188] T 19f492d94e864f1ebd1c70810b0470f7 P 33ef4317e50042ba95e517992caa6531: Time spent flushing consensus metadata: real 1.408s user 0.000s sys 0.000s
I1010 20:59:01.024997 3102 raft_consensus.cc:1981] T 19f492d94e864f1ebd1c70810b0470f7 P 33ef4317e50042ba95e517992caa6531 [term 3 FOLLOWER]: Snoozing failure detection for election timeout plus an additional 1.618s
I1010 20:59:01.025038 2983 raft_consensus.cc:1609] T 8da5904fd56d441ea29e61eb9d2b0b2f P b8062d66fd284035ae3bc2567bc11e7c [term 3 FOLLOWER]: Leader election vote request: Denying vote to candidate 33ef4317e50042ba95e517992caa6531 in current term 3: Already voted for candidate b8062d66fd284035ae3bc2567bc11e7c in this term.
I1010 20:59:01.025038 2565 leader_election.cc:361] T 05a5666441ec49d792222a3e8674edf7 P 1031512f5120422e9e22a0afabd78f61 [CANDIDATE]: Term 3 election: Vote denied by peer 33ef4317e50042ba95e517992caa6531. Message: Invalid argument: T 05a5666441ec49d792222a3e8674edf7 P 33ef4317e50042ba95e517992caa6531 [term 3 FOLLOWER]: Leader election vote request: Denying vote to candidate 1031512f5120422e9e22a0afabd78f61 in current term 3: Already voted for candidate 33ef4317e50042ba95e517992caa6531 in this term.
I1010 20:59:01.025087 2625 raft_consensus.cc:1609] T 05a5666441ec49d792222a3e8674edf7 P 1031512f5120422e9e22a0afabd78f61 [term 3 FOLLOWER]: Leader election vote request: Denying vote to candidate 33ef4317e50042ba95e517992caa6531 in current term 3: Already voted for candidate 1031512f5120422e9e22a0afabd78f61 in this term.
I1010 20:59:01.025097 3867 leader_election.cc:223] T 84fcfff9fdef4acf8c2b47f36330567f P 1031512f5120422e9e22a0afabd78f61 [CANDIDATE]: Term 3 election: Requesting vote from peer b8062d66fd284035ae3bc2567bc11e7c
I1010 20:59:01.025123 3867 leader_election.cc:223] T 84fcfff9fdef4acf8c2b47f36330567f P 1031512f5120422e9e22a0afabd78f61 [CANDIDATE]: Term 3 election: Requesting vote from peer 42e94fc3adbb419591836d222d946978
I1010 20:59:01.025122 3039 leader_election.cc:361] T 8da5904fd56d441ea29e61eb9d2b0b2f P 33ef4317e50042ba95e517992caa6531 [CANDIDATE]: Term 3 election: Vote denied by peer b8062d66fd284035ae3bc2567bc11e7c. Message: Invalid argument: T 8da5904fd56d441ea29e61eb9d2b0b2f P b8062d66fd284035ae3bc2567bc11e7c [term 3 FOLLOWER]: Leader election vote request: Denying vote to candidate 33ef4317e50042ba95e517992caa6531 in current term 3: Already voted for candidate b8062d66fd284035ae3bc2567bc11e7c in this term.
I1010 20:59:01.025141 3037 leader_election.cc:361] T 05a5666441ec49d792222a3e8674edf7 P 33ef4317e50042ba95e517992caa6531 [CANDIDATE]: Term 3 election: Vote denied by peer 1031512f5120422e9e22a0afabd78f61. Message: Invalid argument: T 05a5666441ec49d792222a3e8674edf7 P 1031512f5120422e9e22a0afabd78f61 [term 3 FOLLOWER]: Leader election vote request: Denying vote to candidate 33ef4317e50042ba95e517992caa6531 in current term 3: Already voted for candidate 1031512f5120422e9e22a0afabd78f61 in this term.
W1010 20:59:01.025491 3671 consensus_meta.cc:188] T 872042177fee42c9b6c380a1b657755e P 8de6cfa864d64c58bf4eafb689517c93: Time spent flushing consensus metadata: real 1.137s user 0.000s sys 0.000s
I1010 20:59:01.025512 3671 raft_consensus.cc:1981] T 872042177fee42c9b6c380a1b657755e P 8de6cfa864d64c58bf4eafb689517c93 [term 3 FOLLOWER]: Snoozing failure detection for election timeout plus an additional 1.541s
I1010 20:59:01.025540 3671 raft_consensus.cc:391] T 872042177fee42c9b6c380a1b657755e P 8de6cfa864d64c58bf4eafb689517c93 [term 3 FOLLOWER]: Starting election with config: opid_index: -1 OBSOLETE_local: false peers { permanent_uuid: "8de6cfa864d64c58bf4eafb689517c93" member_type: VOTER last_known_addr { host: "127.6.150.3" port: 40117 } } peers { permanent_uuid: "f6d15ccd64ec49be8396ed78e2a88377" member_type: VOTER last_known_addr { host: "127.6.150.2" port: 33554 } } peers { permanent_uuid: "42e94fc3adbb419591836d222d946978" member_type: VOTER last_known_addr { host: "127.6.150.8" port: 35299 } }
W1010 20:59:01.025596 3697 consensus_meta.cc:188] T 949b26dfeadc4de38868bf4ed994d184 P 8de6cfa864d64c58bf4eafb689517c93: Time spent flushing consensus metadata: real 2.344s user 0.000s sys 0.000s
I1010 20:59:01.025636 3697 raft_consensus.cc:1981] T 949b26dfeadc4de38868bf4ed994d184 P 8de6cfa864d64c58bf4eafb689517c93 [term 3 FOLLOWER]: Snoozing failure detection for election timeout plus an additional 1.860s
I1010 20:59:01.025662 3697 raft_consensus.cc:391] T 949b26dfeadc4de38868bf4ed994d184 P 8de6cfa864d64c58bf4eafb689517c93 [term 3 FOLLOWER]: Starting election with config: opid_index: -1 OBSOLETE_local: false peers { permanent_uuid: "1380a27d6b824575a3a5e139bee139f4" member_type: VOTER last_known_addr { host: "127.6.150.6" port: 46774 } } peers { permanent_uuid: "b8062d66fd284035ae3bc2567bc11e7c" member_type: VOTER last_known_addr { host: "127.6.150.4" port: 44055 } } peers { permanent_uuid: "8de6cfa864d64c58bf4eafb689517c93" member_type: VOTER last_known_addr { host: "127.6.150.3" port: 40117 } }
I1010 20:59:01.025825 2861 raft_consensus.cc:1609] T 7836528275cb45aab827361611bb3bbe P 8de6cfa864d64c58bf4eafb689517c93 [term 3 FOLLOWER]: Leader election vote request: Denying vote to candidate 42e94fc3adbb419591836d222d946978 in current term 3: Already voted for candidate 8de6cfa864d64c58bf4eafb689517c93 in this term.
I1010 20:59:01.025871 3453 raft_consensus.cc:1640] T 7836528275cb45aab827361611bb3bbe P 42e94fc3adbb419591836d222d946978 [term 3 LEADER]: Leader election vote request: Denying vote to candidate 8de6cfa864d64c58bf4eafb689517c93 for term 3 because replica is either leader or believes a valid leader to be alive.
W1010 20:59:01.025881 2861 rpcz_store.cc:234] Call kudu.consensus.ConsensusService.RequestConsensusVote from 127.6.150.8:60818 (request call id 5) took 1409ms (client timeout 1680).
W1010 20:59:01.025894 2861 rpcz_store.cc:238] Trace: 1010 20:58:59.616393 (+ 0us) service_pool.cc:143] Inserting onto call queue 1010 20:58:59.616423 (+ 30us) service_pool.cc:202] Handling call 1010 20:59:01.025872 (+1409449us) spinlock_profiling.cc:255] Waited 1.41 s on lock 0x3f9e710. stack: 00000000019065e1 0000000000976813 000000000078868f 0000000000a22fbf 0000000000a23be2 0000000001911c69 00007f9e2c5b9181 00007f9e2b4a147c ffffffffffffffff 1010 20:59:01.025876 (+ 4us) inbound_call.cc:130] Queueing success response Metrics: {"spinlock_wait_cycles":3241567104}
I1010 20:59:01.025928 2627 raft_consensus.cc:825] T 84fcfff9fdef4acf8c2b47f36330567f P 1031512f5120422e9e22a0afabd78f61 [term 3 FOLLOWER]: Rejecting Update request from peer b8062d66fd284035ae3bc2567bc11e7c for earlier term 2. Current term is 3. Ops: []
I1010 20:59:01.025974 2801 leader_election.cc:361] T 7836528275cb45aab827361611bb3bbe P 8de6cfa864d64c58bf4eafb689517c93 [CANDIDATE]: Term 3 election: Vote denied by peer 42e94fc3adbb419591836d222d946978. Message: Invalid argument: T 7836528275cb45aab827361611bb3bbe P 42e94fc3adbb419591836d222d946978 [term 3 LEADER]: Leader election vote request: Denying vote to candidate 8de6cfa864d64c58bf4eafb689517c93 for term 3 because replica is either leader or believes a valid leader to be alive.
W1010 20:59:01.025992 2627 rpcz_store.cc:234] Call kudu.consensus.ConsensusService.UpdateConsensus from 127.6.150.4:41994 (request call id 3) took 8591ms (client timeout 1000).
I1010 20:59:01.025996 2630 raft_consensus.cc:825] T 84fcfff9fdef4acf8c2b47f36330567f P 1031512f5120422e9e22a0afabd78f61 [term 3 FOLLOWER]: Rejecting Update request from peer b8062d66fd284035ae3bc2567bc11e7c for earlier term 2. Current term is 3. Ops: []
W1010 20:59:01.026026 2627 rpcz_store.cc:238] Trace: 1010 20:58:52.434736 (+ 0us) service_pool.cc:143] Inserting onto call queue 1010 20:58:52.434746 (+ 10us) service_pool.cc:202] Handling call 1010 20:58:56.248840 (+3814094us) raft_consensus.cc:1068] Updating replica for 0 ops 1010 20:59:01.025945 (+4777105us) raft_consensus.cc:1270] Filling consensus response to leader. 1010 20:59:01.025970 (+ 25us) spinlock_profiling.cc:255] Waited 4.78 s on lock 0x4340470. stack: 00000000019065e1 0000000000978c4a 000000000097a5b3 00000000007880ea 0000000000a22fbf 0000000000a23be2 0000000001911c69 00007f324f2ae181 00007f324e19647c ffffffffffffffff 1010 20:59:01.025984 (+ 14us) spinlock_profiling.cc:255] Waited 3.81 s on lock 0x43a2458. stack: 00000000019065e1 000000000097a767 00000000007880ea 0000000000a22fbf 0000000000a23be2 0000000001911c69 00007f324f2ae181 00007f324e19647c ffffffffffffffff 1010 20:59:01.025988 (+ 4us) inbound_call.cc:130] Queueing success response Metrics: {"spinlock_wait_cycles":19759651456}
W1010 20:59:01.026062 2630 rpcz_store.cc:234] Call kudu.consensus.ConsensusService.UpdateConsensus from 127.6.150.4:41994 (request call id 6) took 4196ms (client timeout 1000).
W1010 20:59:01.026084 2630 rpcz_store.cc:238] Trace: 1010 20:58:56.829753 (+ 0us) service_pool.cc:143] Inserting onto call queue 1010 20:58:56.829772 (+ 19us) service_pool.cc:202] Handling call 1010 20:59:01.025986 (+4196214us) raft_consensus.cc:1068] Updating replica for 0 ops 1010 20:59:01.026017 (+ 31us) raft_consensus.cc:1270] Filling consensus response to leader. 1010 20:59:01.026042 (+ 25us) spinlock_profiling.cc:255] Waited 4.2 s on lock 0x43a2458. stack: 00000000019065e1 000000000097a767 00000000007880ea 0000000000a22fbf 0000000000a23be2 0000000001911c69 00007f324f2ae181 00007f324e19647c ffffffffffffffff 1010 20:59:01.026045 (+ 3us) inbound_call.cc:130] Queueing success response Metrics: {"spinlock_wait_cycles":9651260288}
I1010 20:59:01.026083 2621 raft_consensus.cc:825] T 84fcfff9fdef4acf8c2b47f36330567f P 1031512f5120422e9e22a0afabd78f61 [term 3 FOLLOWER]: Rejecting Update request from peer b8062d66fd284035ae3bc2567bc11e7c for earlier term 2. Current term is 3. Ops: []
I1010 20:59:01.026118 2629 raft_consensus.cc:825] T 84fcfff9fdef4acf8c2b47f36330567f P 1031512f5120422e9e22a0afabd78f61 [term 3 FOLLOWER]: Rejecting Update request from peer b8062d66fd284035ae3bc2567bc11e7c for earlier term 2. Current term is 3. Ops: []
W1010 20:59:01.026124 2621 rpcz_store.cc:234] Call kudu.consensus.ConsensusService.UpdateConsensus from 127.6.150.4:41994 (request call id 7) took 2696ms (client timeout 1000).
W1010 20:59:01.026149 2621 rpcz_store.cc:238] Trace: 1010 20:58:58.329933 (+ 0us) service_pool.cc:143] Inserting onto call queue 1010 20:58:58.329958 (+ 25us) service_pool.cc:202] Handling call 1010 20:59:01.026030 (+2696072us) raft_consensus.cc:1068] Updating replica for 0 ops 1010 20:59:01.026096 (+ 66us) raft_consensus.cc:1270] Filling consensus response to leader. 1010 20:59:01.026115 (+ 19us) spinlock_profiling.cc:255] Waited 2.7 s on lock 0x43a2458. stack: 00000000019065e1 000000000097a767 00000000007880ea 0000000000a22fbf 0000000000a23be2 0000000001911c69 00007f324f2ae181 00007f324e19647c ffffffffffffffff 1010 20:59:01.026119 (+ 4us) inbound_call.cc:130] Queueing success response Metrics: {"spinlock_wait_cycles":6200920960,"tcmalloc_contention_cycles":768}
W1010 20:59:01.026154 2629 rpcz_store.cc:234] Call kudu.consensus.ConsensusService.UpdateConsensus from 127.6.150.4:41994 (request call id 8) took 1195ms (client timeout 1000).
W1010 20:59:01.026170 2629 rpcz_store.cc:238] Trace: 1010 20:58:59.830236 (+ 0us) service_pool.cc:143] Inserting onto call queue 1010 20:58:59.830257 (+ 21us) service_pool.cc:202] Handling call 1010 20:59:01.026109 (+1195852us) raft_consensus.cc:1068] Updating replica for 0 ops 1010 20:59:01.026127 (+ 18us) raft_consensus.cc:1270] Filling consensus response to leader. 1010 20:59:01.026146 (+ 19us) spinlock_profiling.cc:255] Waited 1.2 s on lock 0x43a2458. stack: 00000000019065e1 000000000097a767 00000000007880ea 0000000000a22fbf 0000000000a23be2 0000000001911c69 00007f324f2ae181 00007f324e19647c ffffffffffffffff 1010 20:59:01.026149 (+ 3us) inbound_call.cc:130] Queueing success response Metrics: {"spinlock_wait_cycles":2750432512}
I1010 20:59:01.026187 2632 raft_consensus.cc:825] T 84fcfff9fdef4acf8c2b47f36330567f P 1031512f5120422e9e22a0afabd78f61 [term 3 FOLLOWER]: Rejecting Update request from peer b8062d66fd284035ae3bc2567bc11e7c for earlier term 2. Current term is 3. Ops: []
I1010 20:59:01.026208 2628 raft_consensus.cc:825] T 84fcfff9fdef4acf8c2b47f36330567f P 1031512f5120422e9e22a0afabd78f61 [term 3 FOLLOWER]: Rejecting Update request from peer b8062d66fd284035ae3bc2567bc11e7c for earlier term 2. Current term is 3. Ops: []
W1010 20:59:01.026212 2632 rpcz_store.cc:234] Call kudu.consensus.ConsensusService.UpdateConsensus from 127.6.150.4:41994 (request call id 4) took 7091ms (client timeout 1000).
W1010 20:59:01.026224 2632 rpcz_store.cc:238] Trace: 1010 20:58:53.935065 (+ 0us) service_pool.cc:143] Inserting onto call queue 1010 20:58:53.935096 (+ 31us) service_pool.cc:202] Handling call 1010 20:59:01.026181 (+7091085us) raft_consensus.cc:1068] Updating replica for 0 ops 1010 20:59:01.026192 (+ 11us) raft_consensus.cc:1270] Filling consensus response to leader. 1010 20:59:01.026208 (+ 16us) spinlock_profiling.cc:255] Waited 7.09 s on lock 0x43a2458. stack: 00000000019065e1 000000000097a767 00000000007880ea 0000000000a22fbf 0000000000a23be2 0000000001911c69 00007f324f2ae181 00007f324e19647c ffffffffffffffff 1010 20:59:01.026210 (+ 2us) inbound_call.cc:130] Queueing success response Metrics: {"spinlock_wait_cycles":16309468416}
W1010 20:59:01.026232 2628 rpcz_store.cc:234] Call kudu.consensus.ConsensusService.UpdateConsensus from 127.6.150.4:41994 (request call id 5) took 5696ms (client timeout 1000).
W1010 20:59:01.026244 2628 rpcz_store.cc:238] Trace: 1010 20:58:55.329398 (+ 0us) service_pool.cc:143] Inserting onto call queue 1010 20:58:55.329445 (+ 47us) service_pool.cc:202] Handling call 1010 20:59:01.026202 (+5696757us) raft_consensus.cc:1068] Updating replica for 0 ops 1010 20:59:01.026214 (+ 12us) raft_consensus.cc:1270] Filling consensus response to leader. 1010 20:59:01.026226 (+ 12us) spinlock_profiling.cc:255] Waited 5.7 s on lock 0x43a2458. stack: 00000000019065e1 000000000097a767 00000000007880ea 0000000000a22fbf 0000000000a23be2 0000000001911c69 00007f324f2ae181 00007f324e19647c ffffffffffffffff 1010 20:59:01.026229 (+ 3us) inbound_call.cc:130] Queueing success response Metrics: {"spinlock_wait_cycles":13102511488}
I1010 20:59:01.026404 3805 leader_election.cc:223] T 949b26dfeadc4de38868bf4ed994d184 P b8062d66fd284035ae3bc2567bc11e7c [CANDIDATE]: Term 3 election: Requesting vote from peer 1380a27d6b824575a3a5e139bee139f4
I1010 20:59:01.026412 3453 raft_consensus.cc:1640] T 84fcfff9fdef4acf8c2b47f36330567f P 42e94fc3adbb419591836d222d946978 [term 2 FOLLOWER]: Leader election vote request: Denying vote to candidate 1031512f5120422e9e22a0afabd78f61 for term 3 because replica is either leader or believes a valid leader to be alive.
I1010 20:59:01.026414 2985 raft_consensus.cc:1609] T 949b26dfeadc4de38868bf4ed994d184 P b8062d66fd284035ae3bc2567bc11e7c [term 3 FOLLOWER]: Leader election vote request: Denying vote to candidate 1380a27d6b824575a3a5e139bee139f4 in current term 3: Already voted for candidate b8062d66fd284035ae3bc2567bc11e7c in this term.
I1010 20:59:01.026424 3805 leader_election.cc:223] T 949b26dfeadc4de38868bf4ed994d184 P b8062d66fd284035ae3bc2567bc11e7c [CANDIDATE]: Term 3 election: Requesting vote from peer 8de6cfa864d64c58bf4eafb689517c93
I1010 20:59:01.026430 3894 leader_election.cc:223] T efe8fb09a1234c9fb1dc99948737a894 P b8062d66fd284035ae3bc2567bc11e7c [CANDIDATE]: Term 3 election: Requesting vote from peer 580cbaf7092444dfbc6fb344da88d7b6
I1010 20:59:01.026443 3894 leader_election.cc:223] T efe8fb09a1234c9fb1dc99948737a894 P b8062d66fd284035ae3bc2567bc11e7c [CANDIDATE]: Term 3 election: Requesting vote from peer f6d15ccd64ec49be8396ed78e2a88377
W1010 20:59:01.026451 2985 rpcz_store.cc:234] Call kudu.consensus.ConsensusService.RequestConsensusVote from 127.6.150.6:46028 (request call id 3) took 1411ms (client timeout 1717).
W1010 20:59:01.026465 2985 rpcz_store.cc:238] Trace: 1010 20:58:59.614458 (+ 0us) service_pool.cc:143] Inserting onto call queue 1010 20:58:59.614481 (+ 23us) service_pool.cc:202] Handling call 1010 20:59:01.026445 (+1411964us) spinlock_profiling.cc:255] Waited 1.41 s on lock 0x4a3beb0. stack: 00000000019065e1 0000000000976813 000000000078868f 0000000000a22fbf 0000000000a23be2 0000000001911c69 00007fe1aafaf181 00007fe1a9e9747c ffffffffffffffff 1010 20:59:01.026447 (+ 2us) inbound_call.cc:130] Queueing success response Metrics: {"spinlock_wait_cycles":3247411072}
I1010 20:59:01.026484 2567 leader_election.cc:361] T 84fcfff9fdef4acf8c2b47f36330567f P 1031512f5120422e9e22a0afabd78f61 [CANDIDATE]: Term 3 election: Vote denied by peer 42e94fc3adbb419591836d222d946978. Message: Invalid argument: T 84fcfff9fdef4acf8c2b47f36330567f P 42e94fc3adbb419591836d222d946978 [term 2 FOLLOWER]: Leader election vote request: Denying vote to candidate 1031512f5120422e9e22a0afabd78f61 for term 3 because replica is either leader or believes a valid leader to be alive.
I1010 20:59:01.026504 3217 raft_consensus.cc:1609] T 949b26dfeadc4de38868bf4ed994d184 P 1380a27d6b824575a3a5e139bee139f4 [term 3 FOLLOWER]: Leader election vote request: Denying vote to candidate b8062d66fd284035ae3bc2567bc11e7c in current term 3: Already voted for candidate 1380a27d6b824575a3a5e139bee139f4 in this term.
I1010 20:59:01.026515 2744 raft_consensus.cc:1609] T efe8fb09a1234c9fb1dc99948737a894 P f6d15ccd64ec49be8396ed78e2a88377 [term 3 FOLLOWER]: Leader election vote request: Denying vote to candidate b8062d66fd284035ae3bc2567bc11e7c in current term 3: Already voted for candidate f6d15ccd64ec49be8396ed78e2a88377 in this term.
I1010 20:59:01.026523 3156 leader_election.cc:361] T 949b26dfeadc4de38868bf4ed994d184 P 1380a27d6b824575a3a5e139bee139f4 [CANDIDATE]: Term 3 election: Vote denied by peer b8062d66fd284035ae3bc2567bc11e7c. Message: Invalid argument: T 949b26dfeadc4de38868bf4ed994d184 P b8062d66fd284035ae3bc2567bc11e7c [term 3 FOLLOWER]: Leader election vote request: Denying vote to candidate 1380a27d6b824575a3a5e139bee139f4 in current term 3: Already voted for candidate b8062d66fd284035ae3bc2567bc11e7c in this term.
I1010 20:59:01.026562 2920 leader_election.cc:361] T efe8fb09a1234c9fb1dc99948737a894 P b8062d66fd284035ae3bc2567bc11e7c [CANDIDATE]: Term 3 election: Vote denied by peer f6d15ccd64ec49be8396ed78e2a88377. Message: Invalid argument: T efe8fb09a1234c9fb1dc99948737a894 P f6d15ccd64ec49be8396ed78e2a88377 [term 3 FOLLOWER]: Leader election vote request: Denying vote to candidate b8062d66fd284035ae3bc2567bc11e7c in current term 3: Already voted for candidate f6d15ccd64ec49be8396ed78e2a88377 in this term.
I1010 20:59:01.026564 2986 raft_consensus.cc:1609] T efe8fb09a1234c9fb1dc99948737a894 P b8062d66fd284035ae3bc2567bc11e7c [term 3 FOLLOWER]: Leader election vote request: Denying vote to candidate 580cbaf7092444dfbc6fb344da88d7b6 in current term 3: Already voted for candidate b8062d66fd284035ae3bc2567bc11e7c in this term.
I1010 20:59:01.026568 3569 raft_consensus.cc:1609] T efe8fb09a1234c9fb1dc99948737a894 P 580cbaf7092444dfbc6fb344da88d7b6 [term 3 FOLLOWER]: Leader election vote request: Denying vote to candidate f6d15ccd64ec49be8396ed78e2a88377 in current term 3: Already voted for candidate 580cbaf7092444dfbc6fb344da88d7b6 in this term.
W1010 20:59:01.026602 2986 rpcz_store.cc:234] Call kudu.consensus.ConsensusService.RequestConsensusVote from 127.6.150.9:33842 (request call id 4) took 1409ms (client timeout 1568).
W1010 20:59:01.026618 2986 rpcz_store.cc:238] Trace: 1010 20:58:59.617266 (+ 0us) service_pool.cc:143] Inserting onto call queue 1010 20:58:59.617295 (+ 29us) service_pool.cc:202] Handling call 1010 20:59:01.026596 (+1409301us) spinlock_profiling.cc:255] Waited 1.41 s on lock 0x4dbe710. stack: 00000000019065e1 0000000000976813 000000000078868f 0000000000a22fbf 0000000000a23be2 0000000001911c69 00007fe1aafaf181 00007fe1a9e9747c ffffffffffffffff 1010 20:59:01.026598 (+ 2us) inbound_call.cc:130] Queueing success response Metrics: {"spinlock_wait_cycles":3241291520}
I1010 20:59:01.026624 2685 leader_election.cc:361] T efe8fb09a1234c9fb1dc99948737a894 P f6d15ccd64ec49be8396ed78e2a88377 [CANDIDATE]: Term 3 election: Vote denied by peer 580cbaf7092444dfbc6fb344da88d7b6. Message: Invalid argument: T efe8fb09a1234c9fb1dc99948737a894 P 580cbaf7092444dfbc6fb344da88d7b6 [term 3 FOLLOWER]: Leader election vote request: Denying vote to candidate f6d15ccd64ec49be8396ed78e2a88377 in current term 3: Already voted for candidate 580cbaf7092444dfbc6fb344da88d7b6 in this term.
I1010 20:59:01.026633 2984 raft_consensus.cc:1654] T efe8fb09a1234c9fb1dc99948737a894 P b8062d66fd284035ae3bc2567bc11e7c [term 3 FOLLOWER]: Leader election vote request: Denying vote to candidate f6d15ccd64ec49be8396ed78e2a88377 for term 3 because replica is already servicing an update from a current leader or another vote.
I1010 20:59:01.026690 3390 leader_election.cc:361] T 7836528275cb45aab827361611bb3bbe P 42e94fc3adbb419591836d222d946978 [CANDIDATE]: Term 3 election: Vote denied by peer 8de6cfa864d64c58bf4eafb689517c93. Message: Invalid argument: T 7836528275cb45aab827361611bb3bbe P 8de6cfa864d64c58bf4eafb689517c93 [term 3 FOLLOWER]: Leader election vote request: Denying vote to candidate 42e94fc3adbb419591836d222d946978 in current term 3: Already voted for candidate 8de6cfa864d64c58bf4eafb689517c93 in this term.
I1010 20:59:01.026706 3569 raft_consensus.cc:1609] T 7836528275cb45aab827361611bb3bbe P 580cbaf7092444dfbc6fb344da88d7b6 [term 3 FOLLOWER]: Leader election vote request: Denying vote to candidate 8de6cfa864d64c58bf4eafb689517c93 in current term 3: Already voted for candidate 42e94fc3adbb419591836d222d946978 in this term.
I1010 20:59:01.026718 2685 leader_election.cc:361] T efe8fb09a1234c9fb1dc99948737a894 P f6d15ccd64ec49be8396ed78e2a88377 [CANDIDATE]: Term 3 election: Vote denied by peer b8062d66fd284035ae3bc2567bc11e7c. Message: Service unavailable: T efe8fb09a1234c9fb1dc99948737a894 P b8062d66fd284035ae3bc2567bc11e7c [term 3 FOLLOWER]: Leader election vote request: Denying vote to candidate f6d15ccd64ec49be8396ed78e2a88377 for term 3 because replica is already servicing an update from a current leader or another vote.
I1010 20:59:01.026727 2685 leader_election.cc:248] T efe8fb09a1234c9fb1dc99948737a894 P f6d15ccd64ec49be8396ed78e2a88377 [CANDIDATE]: Term 3 election: Election decided. Result: candidate lost.
I1010 20:59:01.026760 2918 leader_election.cc:361] T 949b26dfeadc4de38868bf4ed994d184 P b8062d66fd284035ae3bc2567bc11e7c [CANDIDATE]: Term 3 election: Vote denied by peer 1380a27d6b824575a3a5e139bee139f4. Message: Invalid argument: T 949b26dfeadc4de38868bf4ed994d184 P 1380a27d6b824575a3a5e139bee139f4 [term 3 FOLLOWER]: Leader election vote request: Denying vote to candidate b8062d66fd284035ae3bc2567bc11e7c in current term 3: Already voted for candidate 1380a27d6b824575a3a5e139bee139f4 in this term.
I1010 20:59:01.026769 2802 leader_election.cc:361] T 7836528275cb45aab827361611bb3bbe P 8de6cfa864d64c58bf4eafb689517c93 [CANDIDATE]: Term 3 election: Vote denied by peer 580cbaf7092444dfbc6fb344da88d7b6. Message: Invalid argument: T 7836528275cb45aab827361611bb3bbe P 580cbaf7092444dfbc6fb344da88d7b6 [term 3 FOLLOWER]: Leader election vote request: Denying vote to candidate 8de6cfa864d64c58bf4eafb689517c93 in current term 3: Already voted for candidate 42e94fc3adbb419591836d222d946978 in this term.
I1010 20:59:01.026777 2802 leader_election.cc:248] T 7836528275cb45aab827361611bb3bbe P 8de6cfa864d64c58bf4eafb689517c93 [CANDIDATE]: Term 3 election: Election decided. Result: candidate lost.
I1010 20:59:01.026818 3507 leader_election.cc:361] T efe8fb09a1234c9fb1dc99948737a894 P 580cbaf7092444dfbc6fb344da88d7b6 [CANDIDATE]: Term 3 election: Vote denied by peer b8062d66fd284035ae3bc2567bc11e7c. Message: Invalid argument: T efe8fb09a1234c9fb1dc99948737a894 P b8062d66fd284035ae3bc2567bc11e7c [term 3 FOLLOWER]: Leader election vote request: Denying vote to candidate 580cbaf7092444dfbc6fb344da88d7b6 in current term 3: Already voted for candidate b8062d66fd284035ae3bc2567bc11e7c in this term.
I1010 20:59:01.026826 3507 leader_election.cc:248] T efe8fb09a1234c9fb1dc99948737a894 P 580cbaf7092444dfbc6fb344da88d7b6 [CANDIDATE]: Term 3 election: Election decided. Result: candidate lost.
I1010 20:59:01.026856 2984 raft_consensus.cc:1640] T 84fcfff9fdef4acf8c2b47f36330567f P b8062d66fd284035ae3bc2567bc11e7c [term 2 LEADER]: Leader election vote request: Denying vote to candidate 1031512f5120422e9e22a0afabd78f61 for term 3 because replica is either leader or believes a valid leader to be alive.
I1010 20:59:01.026893 3569 raft_consensus.cc:1609] T efe8fb09a1234c9fb1dc99948737a894 P 580cbaf7092444dfbc6fb344da88d7b6 [term 3 FOLLOWER]: Leader election vote request: Denying vote to candidate b8062d66fd284035ae3bc2567bc11e7c in current term 3: Already voted for candidate 580cbaf7092444dfbc6fb344da88d7b6 in this term.
I1010 20:59:01.026916 4200 raft_consensus.cc:1981] T efe8fb09a1234c9fb1dc99948737a894 P 580cbaf7092444dfbc6fb344da88d7b6 [term 3 FOLLOWER]: Snoozing failure detection for election timeout plus an additional 1.721s
I1010 20:59:01.026926 4200 raft_consensus.cc:1823] T efe8fb09a1234c9fb1dc99948737a894 P 580cbaf7092444dfbc6fb344da88d7b6 [term 3 FOLLOWER]: Leader election lost for term 3. Reason: None given
I1010 20:59:01.026939 4198 raft_consensus.cc:1981] T efe8fb09a1234c9fb1dc99948737a894 P f6d15ccd64ec49be8396ed78e2a88377 [term 3 FOLLOWER]: Snoozing failure detection for election timeout plus an additional 1.564s
I1010 20:59:01.026953 4198 raft_consensus.cc:1823] T efe8fb09a1234c9fb1dc99948737a894 P f6d15ccd64ec49be8396ed78e2a88377 [term 3 FOLLOWER]: Leader election lost for term 3. Reason: None given
I1010 20:59:01.026978 2921 leader_election.cc:361] T efe8fb09a1234c9fb1dc99948737a894 P b8062d66fd284035ae3bc2567bc11e7c [CANDIDATE]: Term 3 election: Vote denied by peer 580cbaf7092444dfbc6fb344da88d7b6. Message: Invalid argument: T efe8fb09a1234c9fb1dc99948737a894 P 580cbaf7092444dfbc6fb344da88d7b6 [term 3 FOLLOWER]: Leader election vote request: Denying vote to candidate b8062d66fd284035ae3bc2567bc11e7c in current term 3: Already voted for candidate 580cbaf7092444dfbc6fb344da88d7b6 in this term.
I1010 20:59:01.026988 2921 leader_election.cc:248] T efe8fb09a1234c9fb1dc99948737a894 P b8062d66fd284035ae3bc2567bc11e7c [CANDIDATE]: Term 3 election: Election decided. Result: candidate lost.
I1010 20:59:01.027025 4199 raft_consensus.cc:1981] T 7836528275cb45aab827361611bb3bbe P 8de6cfa864d64c58bf4eafb689517c93 [term 3 FOLLOWER]: Snoozing failure detection for election timeout plus an additional 1.770s
I1010 20:59:01.027040 4199 raft_consensus.cc:1823] T 7836528275cb45aab827361611bb3bbe P 8de6cfa864d64c58bf4eafb689517c93 [term 3 FOLLOWER]: Leader election lost for term 3. Reason: None given
I1010 20:59:01.027075 4196 raft_consensus.cc:1981] T 17a4ac4e4e164cebb4d88f59511cf926 P 7f623b00f5ae4b9c8e8940692d5dfd44 [term 3 FOLLOWER]: Snoozing failure detection for election timeout plus an additional 1.662s
I1010 20:59:01.027088 4196 raft_consensus.cc:1823] T 17a4ac4e4e164cebb4d88f59511cf926 P 7f623b00f5ae4b9c8e8940692d5dfd44 [term 3 FOLLOWER]: Leader election lost for term 3. Reason: None given
I1010 20:59:01.027124 4201 raft_consensus.cc:1981] T efe8fb09a1234c9fb1dc99948737a894 P b8062d66fd284035ae3bc2567bc11e7c [term 3 FOLLOWER]: Snoozing failure detection for election timeout plus an additional 1.510s
I1010 20:59:01.027139 4201 raft_consensus.cc:1823] T efe8fb09a1234c9fb1dc99948737a894 P b8062d66fd284035ae3bc2567bc11e7c [term 3 FOLLOWER]: Leader election lost for term 3. Reason: None given
I1010 20:59:01.027153 2568 leader_election.cc:361] T 84fcfff9fdef4acf8c2b47f36330567f P 1031512f5120422e9e22a0afabd78f61 [CANDIDATE]: Term 3 election: Vote denied by peer b8062d66fd284035ae3bc2567bc11e7c. Message: Invalid argument: T 84fcfff9fdef4acf8c2b47f36330567f P b8062d66fd284035ae3bc2567bc11e7c [term 2 LEADER]: Leader election vote request: Denying vote to candidate 1031512f5120422e9e22a0afabd78f61 for term 3 because replica is either leader or believes a valid leader to be alive.
I1010 20:59:01.027163 2568 leader_election.cc:248] T 84fcfff9fdef4acf8c2b47f36330567f P 1031512f5120422e9e22a0afabd78f61 [CANDIDATE]: Term 3 election: Election decided. Result: candidate lost.
I1010 20:59:01.027289 4202 raft_consensus.cc:1981] T 84fcfff9fdef4acf8c2b47f36330567f P 1031512f5120422e9e22a0afabd78f61 [term 3 FOLLOWER]: Snoozing failure detection for election timeout plus an additional 1.541s
I1010 20:59:01.027302 4202 raft_consensus.cc:1823] T 84fcfff9fdef4acf8c2b47f36330567f P 1031512f5120422e9e22a0afabd78f61 [term 3 FOLLOWER]: Leader election lost for term 3. Reason: None given
I1010 20:59:01.193279 3720 raft_consensus.cc:375] T f2289fb138ea4a5ab6c02803c4e9aa51 P b8062d66fd284035ae3bc2567bc11e7c [term 3 FOLLOWER]: No leader contacted us within the election timeout. Triggering leader election
I1010 20:59:01.193306 3720 raft_consensus.cc:2031] T f2289fb138ea4a5ab6c02803c4e9aa51 P b8062d66fd284035ae3bc2567bc11e7c [term 3 FOLLOWER]: Advancing to term 4
I1010 20:59:01.193567 3720 raft_consensus.cc:1981] T f2289fb138ea4a5ab6c02803c4e9aa51 P b8062d66fd284035ae3bc2567bc11e7c [term 4 FOLLOWER]: Snoozing failure detection for election timeout plus an additional 1.503s
I1010 20:59:01.193603 3720 raft_consensus.cc:391] T f2289fb138ea4a5ab6c02803c4e9aa51 P b8062d66fd284035ae3bc2567bc11e7c [term 4 FOLLOWER]: Starting election with config: opid_index: -1 OBSOLETE_local: false peers { permanent_uuid: "42e94fc3adbb419591836d222d946978" member_type: VOTER last_known_addr { host: "127.6.150.8" port: 35299 } } peers { permanent_uuid: "b8062d66fd284035ae3bc2567bc11e7c" member_type: VOTER last_known_addr { host: "127.6.150.4" port: 44055 } } peers { permanent_uuid: "7f623b00f5ae4b9c8e8940692d5dfd44" member_type: VOTER last_known_addr { host: "127.6.150.7" port: 45436 } }
W1010 20:59:01.214915 2921 leader_election.cc:275] T 8da5904fd56d441ea29e61eb9d2b0b2f P b8062d66fd284035ae3bc2567bc11e7c [CANDIDATE]: Term 3 election: RPC error from VoteRequest() call to peer 84bde34331b94c4ea003e48f9317f792: Timed out: RequestConsensusVote RPC to 127.6.150.0:40113 timed out after 1.602s
I1010 20:59:01.214941 2921 leader_election.cc:248] T 8da5904fd56d441ea29e61eb9d2b0b2f P b8062d66fd284035ae3bc2567bc11e7c [CANDIDATE]: Term 3 election: Election decided. Result: candidate lost.
I1010 20:59:01.215129 4203 raft_consensus.cc:1981] T 8da5904fd56d441ea29e61eb9d2b0b2f P b8062d66fd284035ae3bc2567bc11e7c [term 3 FOLLOWER]: Snoozing failure detection for election timeout plus an additional 1.891s
I1010 20:59:01.215170 4203 raft_consensus.cc:1823] T 8da5904fd56d441ea29e61eb9d2b0b2f P b8062d66fd284035ae3bc2567bc11e7c [term 3 FOLLOWER]: Leader election lost for term 3. Reason: None given
I1010 20:59:01.267645 3834 raft_consensus.cc:375] T 4c179cfa32ee4128ad57d34140e5320f P f6d15ccd64ec49be8396ed78e2a88377 [term 2 FOLLOWER]: No leader contacted us within the election timeout. Triggering leader election
I1010 20:59:01.267663 3834 raft_consensus.cc:2031] T 4c179cfa32ee4128ad57d34140e5320f P f6d15ccd64ec49be8396ed78e2a88377 [term 2 FOLLOWER]: Advancing to term 3
W1010 20:59:01.287434 2802 leader_election.cc:275] T de9d164718e74d3db902ea603ab32407 P 8de6cfa864d64c58bf4eafb689517c93 [CANDIDATE]: Term 2 election: RPC error from VoteRequest() call to peer 7f623b00f5ae4b9c8e8940692d5dfd44: Timed out: RequestConsensusVote RPC to 127.6.150.7:45436 timed out after 1.672s
W1010 20:59:01.288445 2799 leader_election.cc:275] T 19f492d94e864f1ebd1c70810b0470f7 P 8de6cfa864d64c58bf4eafb689517c93 [CANDIDATE]: Term 3 election: RPC error from VoteRequest() call to peer 33ef4317e50042ba95e517992caa6531: Timed out: RequestConsensusVote RPC to 127.6.150.5:40764 timed out after 1.670s
W1010 20:59:01.288553 2802 leader_election.cc:275] T 19f492d94e864f1ebd1c70810b0470f7 P 8de6cfa864d64c58bf4eafb689517c93 [CANDIDATE]: Term 3 election: RPC error from VoteRequest() call to peer 84bde34331b94c4ea003e48f9317f792: Timed out: RequestConsensusVote RPC to 127.6.150.0:40113 timed out after 1.670s
I1010 20:59:01.288563 2802 leader_election.cc:248] T 19f492d94e864f1ebd1c70810b0470f7 P 8de6cfa864d64c58bf4eafb689517c93 [CANDIDATE]: Term 3 election: Election decided. Result: candidate lost.
I1010 20:59:01.288692 4204 raft_consensus.cc:1981] T 19f492d94e864f1ebd1c70810b0470f7 P 8de6cfa864d64c58bf4eafb689517c93 [term 3 FOLLOWER]: Snoozing failure detection for election timeout plus an additional 1.562s
I1010 20:59:01.288708 4204 raft_consensus.cc:1823] T 19f492d94e864f1ebd1c70810b0470f7 P 8de6cfa864d64c58bf4eafb689517c93 [term 3 FOLLOWER]: Leader election lost for term 3. Reason: None given
I1010 20:59:01.330602 2628 raft_consensus.cc:825] T 84fcfff9fdef4acf8c2b47f36330567f P 1031512f5120422e9e22a0afabd78f61 [term 3 FOLLOWER]: Rejecting Update request from peer b8062d66fd284035ae3bc2567bc11e7c for earlier term 2. Current term is 3. Ops: []
I1010 20:59:01.330709 4092 consensus_queue.cc:662] T 84fcfff9fdef4acf8c2b47f36330567f P b8062d66fd284035ae3bc2567bc11e7c [LEADER]: Peer responded invalid term: Peer: 1031512f5120422e9e22a0afabd78f61, Is new: false, Last received: 0.0, Next index: 1, Last known committed idx: 0, Last exchange result: ERROR, Needs tablet copy: false
I1010 20:59:01.330889 4205 raft_consensus.cc:2026] T 84fcfff9fdef4acf8c2b47f36330567f P b8062d66fd284035ae3bc2567bc11e7c [term 2 LEADER]: Stepping down as leader of term 2
I1010 20:59:01.330914 4205 raft_consensus.cc:502] T 84fcfff9fdef4acf8c2b47f36330567f P b8062d66fd284035ae3bc2567bc11e7c [term 2 LEADER]: Becoming Follower/Learner. State: Replica: b8062d66fd284035ae3bc2567bc11e7c, State: 1, Role: LEADER Watermarks: {Received: term: 2 index: 1 Committed: term: 2 index: 1}
I1010 20:59:01.330926 4205 consensus_queue.cc:168] T 84fcfff9fdef4acf8c2b47f36330567f P b8062d66fd284035ae3bc2567bc11e7c [NON_LEADER]: Queue going to NON_LEADER mode. State: All replicated index: 0, Majority replicated index: 1, Committed index: 1, Last appended: 2.1, Current term: 2, Majority size: -1, State: 1, Mode: NON_LEADER
I1010 20:59:01.330996 4205 consensus_peers.cc:357] T 84fcfff9fdef4acf8c2b47f36330567f P b8062d66fd284035ae3bc2567bc11e7c -> Peer 42e94fc3adbb419591836d222d946978 (127.6.150.8:35299): Closing peer: 42e94fc3adbb419591836d222d946978
I1010 20:59:01.331035 4205 consensus_peers.cc:357] T 84fcfff9fdef4acf8c2b47f36330567f P b8062d66fd284035ae3bc2567bc11e7c -> Peer 1031512f5120422e9e22a0afabd78f61 (127.6.150.1:46963): Closing peer: 1031512f5120422e9e22a0afabd78f61
I1010 20:59:01.331053 4205 raft_consensus.cc:2031] T 84fcfff9fdef4acf8c2b47f36330567f P b8062d66fd284035ae3bc2567bc11e7c [term 2 FOLLOWER]: Advancing to term 3
W1010 20:59:01.332468 3156 leader_election.cc:275] T 949b26dfeadc4de38868bf4ed994d184 P 1380a27d6b824575a3a5e139bee139f4 [CANDIDATE]: Term 3 election: RPC error from VoteRequest() call to peer 8de6cfa864d64c58bf4eafb689517c93: Timed out: RequestConsensusVote RPC to 127.6.150.3:40117 timed out after 1.717s
I1010 20:59:01.332504 3156 leader_election.cc:248] T 949b26dfeadc4de38868bf4ed994d184 P 1380a27d6b824575a3a5e139bee139f4 [CANDIDATE]: Term 3 election: Election decided. Result: candidate lost.
I1010 20:59:01.332671 4206 raft_consensus.cc:1981] T 949b26dfeadc4de38868bf4ed994d184 P 1380a27d6b824575a3a5e139bee139f4 [term 3 FOLLOWER]: Snoozing failure detection for election timeout plus an additional 1.597s
I1010 20:59:01.332695 4206 raft_consensus.cc:1823] T 949b26dfeadc4de38868bf4ed994d184 P 1380a27d6b824575a3a5e139bee139f4 [term 3 FOLLOWER]: Leader election lost for term 3. Reason: None given
W1010 20:59:01.407069 2568 leader_election.cc:275] T 95e7c143b0524a9b9ade2cfcc081e679 P 1031512f5120422e9e22a0afabd78f61 [CANDIDATE]: Term 3 election: RPC error from VoteRequest() call to peer 7f623b00f5ae4b9c8e8940692d5dfd44: Timed out: RequestConsensusVote RPC to 127.6.150.7:45436 timed out after 1.791s
W1010 20:59:01.494570 3155 leader_election.cc:275] T 90fa7ae3643e4575a6be1c4936b6cc11 P 1380a27d6b824575a3a5e139bee139f4 [CANDIDATE]: Term 4 election: RPC error from VoteRequest() call to peer f6d15ccd64ec49be8396ed78e2a88377: Timed out: RequestConsensusVote RPC to 127.6.150.2:33554 timed out after 1.875s
I1010 20:59:01.494590 3155 leader_election.cc:248] T 90fa7ae3643e4575a6be1c4936b6cc11 P 1380a27d6b824575a3a5e139bee139f4 [CANDIDATE]: Term 4 election: Election decided. Result: candidate lost.
I1010 20:59:01.494743 4207 raft_consensus.cc:1981] T 90fa7ae3643e4575a6be1c4936b6cc11 P 1380a27d6b824575a3a5e139bee139f4 [term 4 FOLLOWER]: Snoozing failure detection for election timeout plus an additional 1.862s
I1010 20:59:01.494758 4207 raft_consensus.cc:1823] T 90fa7ae3643e4575a6be1c4936b6cc11 P 1380a27d6b824575a3a5e139bee139f4 [term 4 FOLLOWER]: Leader election lost for term 4. Reason: None given
I1010 20:59:01.521935 2507 raft_consensus.cc:857] T 95e7c143b0524a9b9ade2cfcc081e679 P 84bde34331b94c4ea003e48f9317f792 [term 3 FOLLOWER]: Refusing update from remote peer 1031512f5120422e9e22a0afabd78f61: Log matching property violated. Preceding OpId in replica: term: 0 index: 0. Preceding OpId from leader: term: 3 index: 1. (index mismatch)
I1010 20:59:01.522095 4182 consensus_queue.cc:652] T 95e7c143b0524a9b9ade2cfcc081e679 P 1031512f5120422e9e22a0afabd78f61 [LEADER]: Connected to new peer: Peer: 84bde34331b94c4ea003e48f9317f792, Is new: false, Last received: 0.0, Next index: 1, Last known committed idx: 0, Last exchange result: ERROR, Needs tablet copy: false
I1010 20:59:01.522930 3569 raft_consensus.cc:857] T 7836528275cb45aab827361611bb3bbe P 580cbaf7092444dfbc6fb344da88d7b6 [term 3 FOLLOWER]: Refusing update from remote peer 42e94fc3adbb419591836d222d946978: Log matching property violated. Preceding OpId in replica: term: 0 index: 0. Preceding OpId from leader: term: 3 index: 1. (index mismatch)
I1010 20:59:01.523075 4185 consensus_queue.cc:652] T 7836528275cb45aab827361611bb3bbe P 42e94fc3adbb419591836d222d946978 [LEADER]: Connected to new peer: Peer: 580cbaf7092444dfbc6fb344da88d7b6, Is new: false, Last received: 0.0, Next index: 1, Last known committed idx: 0, Last exchange result: ERROR, Needs tablet copy: false
I1010 20:59:01.523164 2864 raft_consensus.cc:857] T 7836528275cb45aab827361611bb3bbe P 8de6cfa864d64c58bf4eafb689517c93 [term 3 FOLLOWER]: Refusing update from remote peer 42e94fc3adbb419591836d222d946978: Log matching property violated. Preceding OpId in replica: term: 0 index: 0. Preceding OpId from leader: term: 3 index: 1. (index mismatch)
I1010 20:59:01.523284 4185 consensus_queue.cc:652] T 7836528275cb45aab827361611bb3bbe P 42e94fc3adbb419591836d222d946978 [LEADER]: Connected to new peer: Peer: 8de6cfa864d64c58bf4eafb689517c93, Is new: false, Last received: 0.0, Next index: 1, Last known committed idx: 0, Last exchange result: ERROR, Needs tablet copy: false
I1010 20:59:01.659548 3869 raft_consensus.cc:375] T de9d164718e74d3db902ea603ab32407 P b8062d66fd284035ae3bc2567bc11e7c [term 3 FOLLOWER]: No leader contacted us within the election timeout. Triggering leader election
I1010 20:59:01.659561 3869 raft_consensus.cc:2031] T de9d164718e74d3db902ea603ab32407 P b8062d66fd284035ae3bc2567bc11e7c [term 3 FOLLOWER]: Advancing to term 4
I1010 20:59:01.804568 3842 raft_consensus.cc:375] T 4c179cfa32ee4128ad57d34140e5320f P 33ef4317e50042ba95e517992caa6531 [term 2 FOLLOWER]: No leader contacted us within the election timeout. Triggering leader election
I1010 20:59:01.804594 3842 raft_consensus.cc:2031] T 4c179cfa32ee4128ad57d34140e5320f P 33ef4317e50042ba95e517992caa6531 [term 2 FOLLOWER]: Advancing to term 3
W1010 20:59:02.522697 2568 consensus_peers.cc:332] T 95e7c143b0524a9b9ade2cfcc081e679 P 1031512f5120422e9e22a0afabd78f61 -> Peer 7f623b00f5ae4b9c8e8940692d5dfd44 (127.6.150.7:45436): Couldn't send request to peer 7f623b00f5ae4b9c8e8940692d5dfd44 for tablet 95e7c143b0524a9b9ade2cfcc081e679. Status: Timed out: UpdateConsensus RPC to 127.6.150.7:45436 timed out after 1.000s. Retrying in the next heartbeat period. Already tried 1 times.
W1010 20:59:02.560611 3881 consensus_meta.cc:188] T 872042177fee42c9b6c380a1b657755e P 42e94fc3adbb419591836d222d946978: Time spent flushing consensus metadata: real 1.540s user 0.000s sys 0.000s
W1010 20:59:02.560631 3815 consensus_meta.cc:188] T 19f492d94e864f1ebd1c70810b0470f7 P 84bde34331b94c4ea003e48f9317f792: Time spent flushing consensus metadata: real 1.536s user 0.000s sys 0.000s
I1010 20:59:02.560808 3881 leader_election.cc:223] T 872042177fee42c9b6c380a1b657755e P 42e94fc3adbb419591836d222d946978 [CANDIDATE]: Term 3 election: Requesting vote from peer 8de6cfa864d64c58bf4eafb689517c93
W1010 20:59:02.560811 3717 consensus_meta.cc:188] T 8da5904fd56d441ea29e61eb9d2b0b2f P 84bde34331b94c4ea003e48f9317f792: Time spent flushing consensus metadata: real 3.235s user 0.000s sys 0.000s
I1010 20:59:02.560835 3881 leader_election.cc:223] T 872042177fee42c9b6c380a1b657755e P 42e94fc3adbb419591836d222d946978 [CANDIDATE]: Term 3 election: Requesting vote from peer f6d15ccd64ec49be8396ed78e2a88377
I1010 20:59:02.560861 3717 raft_consensus.cc:1981] T 8da5904fd56d441ea29e61eb9d2b0b2f P 84bde34331b94c4ea003e48f9317f792 [term 3 FOLLOWER]: Snoozing failure detection for election timeout plus an additional 1.836s
I1010 20:59:02.560891 3717 raft_consensus.cc:391] T 8da5904fd56d441ea29e61eb9d2b0b2f P 84bde34331b94c4ea003e48f9317f792 [term 3 FOLLOWER]: Starting election with config: opid_index: -1 OBSOLETE_local: false peers { permanent_uuid: "b8062d66fd284035ae3bc2567bc11e7c" member_type: VOTER last_known_addr { host: "127.6.150.4" port: 44055 } } peers { permanent_uuid: "33ef4317e50042ba95e517992caa6531" member_type: VOTER last_known_addr { host: "127.6.150.5" port: 40764 } } peers { permanent_uuid: "84bde34331b94c4ea003e48f9317f792" member_type: VOTER last_known_addr { host: "127.6.150.0" port: 40113 } }
I1010 20:59:02.560956 3815 leader_election.cc:223] T 19f492d94e864f1ebd1c70810b0470f7 P 84bde34331b94c4ea003e48f9317f792 [CANDIDATE]: Term 3 election: Requesting vote from peer 33ef4317e50042ba95e517992caa6531
I1010 20:59:02.560992 3815 leader_election.cc:223] T 19f492d94e864f1ebd1c70810b0470f7 P 84bde34331b94c4ea003e48f9317f792 [CANDIDATE]: Term 3 election: Requesting vote from peer 8de6cfa864d64c58bf4eafb689517c93
I1010 20:59:02.561038 2510 raft_consensus.cc:1654] T 19f492d94e864f1ebd1c70810b0470f7 P 84bde34331b94c4ea003e48f9317f792 [term 3 FOLLOWER]: Leader election vote request: Denying vote to candidate 33ef4317e50042ba95e517992caa6531 for term 2 because replica is already servicing an update from a current leader or another vote.
W1010 20:59:02.561020 3742 consensus_meta.cc:188] T f2289fb138ea4a5ab6c02803c4e9aa51 P 42e94fc3adbb419591836d222d946978: Time spent flushing consensus metadata: real 2.301s user 0.000s sys 0.000s
I1010 20:59:02.561059 3742 raft_consensus.cc:1981] T f2289fb138ea4a5ab6c02803c4e9aa51 P 42e94fc3adbb419591836d222d946978 [term 4 FOLLOWER]: Snoozing failure detection for election timeout plus an additional 1.976s
W1010 20:59:02.561084 2510 rpcz_store.cc:234] Call kudu.consensus.ConsensusService.RequestConsensusVote from 127.6.150.5:46021 (request call id 6) took 4649ms (client timeout 1650).
I1010 20:59:02.561086 3742 raft_consensus.cc:391] T f2289fb138ea4a5ab6c02803c4e9aa51 P 42e94fc3adbb419591836d222d946978 [term 4 FOLLOWER]: Starting election with config: opid_index: -1 OBSOLETE_local: false peers { permanent_uuid: "42e94fc3adbb419591836d222d946978" member_type: VOTER last_known_addr { host: "127.6.150.8" port: 35299 } } peers { permanent_uuid: "b8062d66fd284035ae3bc2567bc11e7c" member_type: VOTER last_known_addr { host: "127.6.150.4" port: 44055 } } peers { permanent_uuid: "7f623b00f5ae4b9c8e8940692d5dfd44" member_type: VOTER last_known_addr { host: "127.6.150.7" port: 45436 } }
W1010 20:59:02.561120 2510 rpcz_store.cc:238] Trace: 1010 20:58:57.911951 (+ 0us) service_pool.cc:143] Inserting onto call queue 1010 20:58:57.911976 (+ 25us) service_pool.cc:202] Handling call 1010 20:59:02.561060 (+4649084us) spinlock_profiling.cc:255] Waited 4.65 s on lock 0x444c470. stack: 00000000019065e1 0000000000976852 000000000078868f 0000000000a22fbf 0000000000a23be2 0000000001911c69 00007ff4d62cf181 00007ff4d51b747c ffffffffffffffff 1010 20:59:02.561078 (+ 18us) inbound_call.cc:130] Queueing success response Metrics: {"spinlock_wait_cycles":10692762368}
I1010 20:59:02.561179 2513 raft_consensus.cc:1654] T 19f492d94e864f1ebd1c70810b0470f7 P 84bde34331b94c4ea003e48f9317f792 [term 3 FOLLOWER]: Leader election vote request: Denying vote to candidate 33ef4317e50042ba95e517992caa6531 for term 1 because replica is already servicing an update from a current leader or another vote.
I1010 20:59:02.561208 2511 raft_consensus.cc:1609] T 19f492d94e864f1ebd1c70810b0470f7 P 84bde34331b94c4ea003e48f9317f792 [term 3 FOLLOWER]: Leader election vote request: Denying vote to candidate 8de6cfa864d64c58bf4eafb689517c93 in current term 3: Already voted for candidate 84bde34331b94c4ea003e48f9317f792 in this term.
W1010 20:59:02.561223 2513 rpcz_store.cc:234] Call kudu.consensus.ConsensusService.RequestConsensusVote from 127.6.150.5:46021 (request call id 3) took 10634ms (client timeout 1553).
W1010 20:59:02.561238 2513 rpcz_store.cc:238] Trace: 1010 20:58:51.926965 (+ 0us) service_pool.cc:143] Inserting onto call queue 1010 20:58:51.926975 (+ 10us) service_pool.cc:202] Handling call 1010 20:59:02.561216 (+10634241us) spinlock_profiling.cc:255] Waited 10.6 s on lock 0x444c470. stack: 00000000019065e1 0000000000976852 000000000078868f 0000000000a22fbf 0000000000a23be2 0000000001911c69 00007ff4d62cf181 00007ff4d51b747c ffffffffffffffff 1010 20:59:02.561219 (+ 3us) inbound_call.cc:130] Queueing success response Metrics: {"spinlock_wait_cycles":24458543360}
W1010 20:59:02.561265 2511 rpcz_store.cc:234] Call kudu.consensus.ConsensusService.RequestConsensusVote from 127.6.150.3:38215 (request call id 15) took 2943ms (client timeout 1670).
W1010 20:59:02.561281 2511 rpcz_store.cc:238] Trace: 1010 20:58:59.617464 (+ 0us) service_pool.cc:143] Inserting onto call queue 1010 20:58:59.617473 (+ 9us) service_pool.cc:202] Handling call 1010 20:59:02.561245 (+2943772us) spinlock_profiling.cc:255] Waited 2.94 s on lock 0x444c470. stack: 00000000019065e1 0000000000976813 000000000078868f 0000000000a22fbf 0000000000a23be2 0000000001911c69 00007ff4d62cf181 00007ff4d51b747c ffffffffffffffff 1010 20:59:02.561250 (+ 5us) inbound_call.cc:130] Queueing success response Metrics: {"spinlock_wait_cycles":6770555648}
