W1010 20:59:15.366268 3154 consensus_peers.cc:332] T 981834f5e88f4585b6420fca7ddcb289 P 1380a27d6b824575a3a5e139bee139f4 -> Peer 1031512f5120422e9e22a0afabd78f61 (127.6.150.1:46963): Couldn't send request to peer 1031512f5120422e9e22a0afabd78f61 for tablet 981834f5e88f4585b6420fca7ddcb289. Status: Network error: Client connection negotiation failed: client connection to 127.6.150.1:46963: connect: Connection refused (error 111). Retrying in the next heartbeat period. Already tried 5 times.
W1010 20:59:15.370172 3156 consensus_peers.cc:332] T 949b26dfeadc4de38868bf4ed994d184 P 1380a27d6b824575a3a5e139bee139f4 -> Peer b8062d66fd284035ae3bc2567bc11e7c (127.6.150.4:44055): Couldn't send request to peer b8062d66fd284035ae3bc2567bc11e7c for tablet 949b26dfeadc4de38868bf4ed994d184. Status: Network error: Client connection negotiation failed: client connection to 127.6.150.4:44055: connect: Connection refused (error 111). Retrying in the next heartbeat period. Already tried 1 times.
W1010 20:59:15.409883 3156 consensus_peers.cc:332] T 981834f5e88f4585b6420fca7ddcb289 P 1380a27d6b824575a3a5e139bee139f4 -> Peer 8de6cfa864d64c58bf4eafb689517c93 (127.6.150.3:40117): Couldn't send request to peer 8de6cfa864d64c58bf4eafb689517c93 for tablet 981834f5e88f4585b6420fca7ddcb289. Status: Network error: Client connection negotiation failed: client connection to 127.6.150.3:40117: connect: Connection refused (error 111). Retrying in the next heartbeat period. Already tried 2 times.
W1010 20:59:15.450006 3038 consensus_peers.cc:332] T 4c179cfa32ee4128ad57d34140e5320f P 33ef4317e50042ba95e517992caa6531 -> Peer f6d15ccd64ec49be8396ed78e2a88377 (127.6.150.2:33554): Couldn't send request to peer f6d15ccd64ec49be8396ed78e2a88377 for tablet 4c179cfa32ee4128ad57d34140e5320f. Status: Network error: Client connection negotiation failed: client connection to 127.6.150.2:33554: connect: Connection refused (error 111). Retrying in the next heartbeat period. Already tried 4 times.
W1010 20:59:15.454735 3390 consensus_peers.cc:332] T 7836528275cb45aab827361611bb3bbe P 42e94fc3adbb419591836d222d946978 -> Peer 8de6cfa864d64c58bf4eafb689517c93 (127.6.150.3:40117): Couldn't send request to peer 8de6cfa864d64c58bf4eafb689517c93 for tablet 7836528275cb45aab827361611bb3bbe. Status: Network error: Client connection negotiation failed: client connection to 127.6.150.3:40117: connect: Connection refused (error 111). Retrying in the next heartbeat period. Already tried 2 times.
I1010 20:59:15.503482 3848 raft_consensus.cc:371] T 90fa7ae3643e4575a6be1c4936b6cc11 P 1380a27d6b824575a3a5e139bee139f4 [term 7 FOLLOWER]: Failure of leader f6d15ccd64ec49be8396ed78e2a88377 detected. Triggering leader election
I1010 20:59:15.503495 3848 raft_consensus.cc:2031] T 90fa7ae3643e4575a6be1c4936b6cc11 P 1380a27d6b824575a3a5e139bee139f4 [term 7 FOLLOWER]: Advancing to term 8
I1010 20:59:15.503890 3848 raft_consensus.cc:1981] T 90fa7ae3643e4575a6be1c4936b6cc11 P 1380a27d6b824575a3a5e139bee139f4 [term 8 FOLLOWER]: Snoozing failure detection for election timeout plus an additional 1.562s
I1010 20:59:15.503928 3848 raft_consensus.cc:391] T 90fa7ae3643e4575a6be1c4936b6cc11 P 1380a27d6b824575a3a5e139bee139f4 [term 8 FOLLOWER]: Starting election with config: opid_index: -1 OBSOLETE_local: false peers { permanent_uuid: "1380a27d6b824575a3a5e139bee139f4" member_type: VOTER last_known_addr { host: "127.6.150.6" port: 46774 } } peers { permanent_uuid: "42e94fc3adbb419591836d222d946978" member_type: VOTER last_known_addr { host: "127.6.150.8" port: 35299 } } peers { permanent_uuid: "f6d15ccd64ec49be8396ed78e2a88377" member_type: VOTER last_known_addr { host: "127.6.150.2" port: 33554 } }
I1010 20:59:15.504777 3848 leader_election.cc:223] T 90fa7ae3643e4575a6be1c4936b6cc11 P 1380a27d6b824575a3a5e139bee139f4 [CANDIDATE]: Term 8 election: Requesting vote from peer 42e94fc3adbb419591836d222d946978
I1010 20:59:15.504812 3848 leader_election.cc:223] T 90fa7ae3643e4575a6be1c4936b6cc11 P 1380a27d6b824575a3a5e139bee139f4 [CANDIDATE]: Term 8 election: Requesting vote from peer f6d15ccd64ec49be8396ed78e2a88377
W1010 20:59:15.505019 3155 leader_election.cc:275] T 90fa7ae3643e4575a6be1c4936b6cc11 P 1380a27d6b824575a3a5e139bee139f4 [CANDIDATE]: Term 8 election: RPC error from VoteRequest() call to peer f6d15ccd64ec49be8396ed78e2a88377: Network error: Client connection negotiation failed: client connection to 127.6.150.2:33554: connect: Connection refused (error 111)
I1010 20:59:15.505022 3451 raft_consensus.cc:1609] T 90fa7ae3643e4575a6be1c4936b6cc11 P 42e94fc3adbb419591836d222d946978 [term 8 FOLLOWER]: Leader election vote request: Denying vote to candidate 1380a27d6b824575a3a5e139bee139f4 in current term 8: Already voted for candidate 42e94fc3adbb419591836d222d946978 in this term.
I1010 20:59:15.505131 3155 leader_election.cc:361] T 90fa7ae3643e4575a6be1c4936b6cc11 P 1380a27d6b824575a3a5e139bee139f4 [CANDIDATE]: Term 8 election: Vote denied by peer 42e94fc3adbb419591836d222d946978. Message: Invalid argument: T 90fa7ae3643e4575a6be1c4936b6cc11 P 42e94fc3adbb419591836d222d946978 [term 8 FOLLOWER]: Leader election vote request: Denying vote to candidate 1380a27d6b824575a3a5e139bee139f4 in current term 8: Already voted for candidate 42e94fc3adbb419591836d222d946978 in this term.
I1010 20:59:15.505153 3155 leader_election.cc:248] T 90fa7ae3643e4575a6be1c4936b6cc11 P 1380a27d6b824575a3a5e139bee139f4 [CANDIDATE]: Term 8 election: Election decided. Result: candidate lost.
I1010 20:59:15.505295 4456 raft_consensus.cc:1981] T 90fa7ae3643e4575a6be1c4936b6cc11 P 1380a27d6b824575a3a5e139bee139f4 [term 8 FOLLOWER]: Snoozing failure detection for election timeout plus an additional 1.552s
I1010 20:59:15.505316 4456 raft_consensus.cc:1823] T 90fa7ae3643e4575a6be1c4936b6cc11 P 1380a27d6b824575a3a5e139bee139f4 [term 8 FOLLOWER]: Leader election lost for term 8. Reason: None given
W1010 20:59:15.574455 3271 consensus_peers.cc:332] T 2f7a8f9befa745c2969913bbbe3e6b0c P 7f623b00f5ae4b9c8e8940692d5dfd44 -> Peer 1031512f5120422e9e22a0afabd78f61 (127.6.150.1:46963): Couldn't send request to peer 1031512f5120422e9e22a0afabd78f61 for tablet 2f7a8f9befa745c2969913bbbe3e6b0c. Status: Network error: Client connection negotiation failed: client connection to 127.6.150.1:46963: connect: Connection refused (error 111). Retrying in the next heartbeat period. Already tried 5 times.
W1010 20:59:15.585202 3507 consensus_peers.cc:332] T efe8fb09a1234c9fb1dc99948737a894 P 580cbaf7092444dfbc6fb344da88d7b6 -> Peer b8062d66fd284035ae3bc2567bc11e7c (127.6.150.4:44055): Couldn't send request to peer b8062d66fd284035ae3bc2567bc11e7c for tablet efe8fb09a1234c9fb1dc99948737a894. Status: Network error: Client connection negotiation failed: client connection to 127.6.150.4:44055: connect: Connection refused (error 111). Retrying in the next heartbeat period. Already tried 1 times.
W1010 20:59:15.618418 3505 consensus_peers.cc:332] T 17a4ac4e4e164cebb4d88f59511cf926 P 580cbaf7092444dfbc6fb344da88d7b6 -> Peer 1031512f5120422e9e22a0afabd78f61 (127.6.150.1:46963): Couldn't send request to peer 1031512f5120422e9e22a0afabd78f61 for tablet 17a4ac4e4e164cebb4d88f59511cf926. Status: Network error: Client connection negotiation failed: client connection to 127.6.150.1:46963: connect: Connection refused (error 111). Retrying in the next heartbeat period. Already tried 5 times.
W1010 20:59:15.644121 3038 consensus_peers.cc:332] T 05a5666441ec49d792222a3e8674edf7 P 33ef4317e50042ba95e517992caa6531 -> Peer f6d15ccd64ec49be8396ed78e2a88377 (127.6.150.2:33554): Couldn't send request to peer f6d15ccd64ec49be8396ed78e2a88377 for tablet 05a5666441ec49d792222a3e8674edf7. Status: Network error: Client connection negotiation failed: client connection to 127.6.150.2:33554: connect: Connection refused (error 111). Retrying in the next heartbeat period. Already tried 4 times.
W1010 20:59:15.668202 3156 consensus_peers.cc:332] T 949b26dfeadc4de38868bf4ed994d184 P 1380a27d6b824575a3a5e139bee139f4 -> Peer 8de6cfa864d64c58bf4eafb689517c93 (127.6.150.3:40117): Couldn't send request to peer 8de6cfa864d64c58bf4eafb689517c93 for tablet 949b26dfeadc4de38868bf4ed994d184. Status: Network error: Client connection negotiation failed: client connection to 127.6.150.3:40117: connect: Connection refused (error 111). Retrying in the next heartbeat period. Already tried 3 times.
W1010 20:59:15.682351 3273 consensus_peers.cc:332] T f2289fb138ea4a5ab6c02803c4e9aa51 P 7f623b00f5ae4b9c8e8940692d5dfd44 -> Peer b8062d66fd284035ae3bc2567bc11e7c (127.6.150.4:44055): Couldn't send request to peer b8062d66fd284035ae3bc2567bc11e7c for tablet f2289fb138ea4a5ab6c02803c4e9aa51. Status: Network error: Client connection negotiation failed: client connection to 127.6.150.4:44055: connect: Connection refused (error 111). Retrying in the next heartbeat period. Already tried 1 times.
W1010 20:59:15.740598 3389 consensus_peers.cc:332] T f689db1eddb54b1f85b7df38d14534b4 P 42e94fc3adbb419591836d222d946978 -> Peer f6d15ccd64ec49be8396ed78e2a88377 (127.6.150.2:33554): Couldn't send request to peer f6d15ccd64ec49be8396ed78e2a88377 for tablet f689db1eddb54b1f85b7df38d14534b4. Status: Network error: Client connection negotiation failed: client connection to 127.6.150.2:33554: connect: Connection refused (error 111). Retrying in the next heartbeat period. Already tried 4 times.
W1010 20:59:15.748901 3506 consensus_peers.cc:332] T efe8fb09a1234c9fb1dc99948737a894 P 580cbaf7092444dfbc6fb344da88d7b6 -> Peer f6d15ccd64ec49be8396ed78e2a88377 (127.6.150.2:33554): Couldn't send request to peer f6d15ccd64ec49be8396ed78e2a88377 for tablet efe8fb09a1234c9fb1dc99948737a894. Status: Network error: Client connection negotiation failed: client connection to 127.6.150.2:33554: connect: Connection refused (error 111). Retrying in the next heartbeat period. Already tried 4 times.
W1010 20:59:15.762933 3039 consensus_peers.cc:332] T 7d680e6840854bca9daef77d506408e9 P 33ef4317e50042ba95e517992caa6531 -> Peer 84bde34331b94c4ea003e48f9317f792 (127.6.150.0:40113): Couldn't send request to peer 84bde34331b94c4ea003e48f9317f792 for tablet 7d680e6840854bca9daef77d506408e9. Status: Network error: Client connection negotiation failed: client connection to 127.6.150.0:40113: connect: Connection refused (error 111). Retrying in the next heartbeat period. Already tried 7 times.
W1010 20:59:15.807962 3037 consensus_peers.cc:332] T 05a5666441ec49d792222a3e8674edf7 P 33ef4317e50042ba95e517992caa6531 -> Peer 1031512f5120422e9e22a0afabd78f61 (127.6.150.1:46963): Couldn't send request to peer 1031512f5120422e9e22a0afabd78f61 for tablet 05a5666441ec49d792222a3e8674edf7. Status: Network error: Client connection negotiation failed: client connection to 127.6.150.1:46963: connect: Connection refused (error 111). Retrying in the next heartbeat period. Already tried 6 times. Cannot access memory at address 0x480186b1a9358d50 Cannot access memory at address 0x480186b1a9358d48 /tmp/run_tha_testXiwMYW/build/release/test-work/create-table-itest/3032: No such file or directory. No threads. ************************* END STACKS ***************************
I1010 20:59:15.865526 1686 external_mini_cluster-itest-base.h:49] Attempting to dump stacks of TS 6 with UUID 1380a27d6b824575a3a5e139bee139f4 and pid 3149
W1010 20:59:15.866363 3154 consensus_peers.cc:332] T 981834f5e88f4585b6420fca7ddcb289 P 1380a27d6b824575a3a5e139bee139f4 -> Peer 1031512f5120422e9e22a0afabd78f61 (127.6.150.1:46963): Couldn't send request to peer 1031512f5120422e9e22a0afabd78f61 for tablet 981834f5e88f4585b6420fca7ddcb289. Status: Network error: Client connection negotiation failed: client connection to 127.6.150.1:46963: connect: Connection refused (error 111). Retrying in the next heartbeat period. Already tried 6 times. ************************ BEGIN STACKS **************************
W1010 20:59:15.870280 3156 consensus_peers.cc:332] T 949b26dfeadc4de38868bf4ed994d184 P 1380a27d6b824575a3a5e139bee139f4 -> Peer b8062d66fd284035ae3bc2567bc11e7c (127.6.150.4:44055): Couldn't send request to peer b8062d66fd284035ae3bc2567bc11e7c for tablet 949b26dfeadc4de38868bf4ed994d184. Status: Network error: Client connection negotiation failed: client connection to 127.6.150.4:44055: connect: Connection refused (error 111). Retrying in the next heartbeat period. Already tried 2 times.
W1010 20:59:15.909967 3156 consensus_peers.cc:332] T 981834f5e88f4585b6420fca7ddcb289 P 1380a27d6b824575a3a5e139bee139f4 -> Peer 8de6cfa864d64c58bf4eafb689517c93 (127.6.150.3:40117): Couldn't send request to peer 8de6cfa864d64c58bf4eafb689517c93 for tablet 981834f5e88f4585b6420fca7ddcb289. Status: Network error: Client connection negotiation failed: client connection to 127.6.150.3:40117: connect: Connection refused (error 111). Retrying in the next heartbeat period. Already tried 3 times.
W1010 20:59:15.954869 3390 consensus_peers.cc:332] T 7836528275cb45aab827361611bb3bbe P 42e94fc3adbb419591836d222d946978 -> Peer 8de6cfa864d64c58bf4eafb689517c93 (127.6.150.3:40117): Couldn't send request to peer 8de6cfa864d64c58bf4eafb689517c93 for tablet 7836528275cb45aab827361611bb3bbe. Status: Network error: Client connection negotiation failed: client connection to 127.6.150.3:40117: connect: Connection refused (error 111). Retrying in the next heartbeat period. Already tried 3 times.
W1010 20:59:16.074759 3271 consensus_peers.cc:332] T 2f7a8f9befa745c2969913bbbe3e6b0c P 7f623b00f5ae4b9c8e8940692d5dfd44 -> Peer 1031512f5120422e9e22a0afabd78f61 (127.6.150.1:46963): Couldn't send request to peer 1031512f5120422e9e22a0afabd78f61 for tablet 2f7a8f9befa745c2969913bbbe3e6b0c. Status: Network error: Client connection negotiation failed: client connection to 127.6.150.1:46963: connect: Connection refused (error 111). Retrying in the next heartbeat period. Already tried 6 times.
W1010 20:59:16.085444 3507 consensus_peers.cc:332] T efe8fb09a1234c9fb1dc99948737a894 P 580cbaf7092444dfbc6fb344da88d7b6 -> Peer b8062d66fd284035ae3bc2567bc11e7c (127.6.150.4:44055): Couldn't send request to peer b8062d66fd284035ae3bc2567bc11e7c for tablet efe8fb09a1234c9fb1dc99948737a894. Status: Network error: Client connection negotiation failed: client connection to 127.6.150.4:44055: connect: Connection refused (error 111). Retrying in the next heartbeat period. Already tried 2 times.
W1010 20:59:16.118530 3505 consensus_peers.cc:332] T 17a4ac4e4e164cebb4d88f59511cf926 P 580cbaf7092444dfbc6fb344da88d7b6 -> Peer 1031512f5120422e9e22a0afabd78f61 (127.6.150.1:46963): Couldn't send request to peer 1031512f5120422e9e22a0afabd78f61 for tablet 17a4ac4e4e164cebb4d88f59511cf926. Status: Network error: Client connection negotiation failed: client connection to 127.6.150.1:46963: connect: Connection refused (error 111). Retrying in the next heartbeat period. Already tried 6 times.
W1010 20:59:16.145965 3504 consensus_peers.cc:332] T ed24ca4817744964991178277119b367 P 580cbaf7092444dfbc6fb344da88d7b6 -> Peer 33ef4317e50042ba95e517992caa6531 (127.6.150.5:40764): Couldn't send request to peer 33ef4317e50042ba95e517992caa6531 for tablet ed24ca4817744964991178277119b367. Status: Network error: Client connection negotiation failed: client connection to 127.6.150.5:40764: connect: Connection refused (error 111). Retrying in the next heartbeat period. Already tried 1 times.
W1010 20:59:16.168395 3156 consensus_peers.cc:332] T 949b26dfeadc4de38868bf4ed994d184 P 1380a27d6b824575a3a5e139bee139f4 -> Peer 8de6cfa864d64c58bf4eafb689517c93 (127.6.150.3:40117): Couldn't send request to peer 8de6cfa864d64c58bf4eafb689517c93 for tablet 949b26dfeadc4de38868bf4ed994d184. Status: Network error: Client connection negotiation failed: client connection to 127.6.150.3:40117: connect: Connection refused (error 111). Retrying in the next heartbeat period. Already tried 4 times.
W1010 20:59:16.182466 3273 consensus_peers.cc:332] T f2289fb138ea4a5ab6c02803c4e9aa51 P 7f623b00f5ae4b9c8e8940692d5dfd44 -> Peer b8062d66fd284035ae3bc2567bc11e7c (127.6.150.4:44055): Couldn't send request to peer b8062d66fd284035ae3bc2567bc11e7c for tablet f2289fb138ea4a5ab6c02803c4e9aa51. Status: Network error: Client connection negotiation failed: client connection to 127.6.150.4:44055: connect: Connection refused (error 111). Retrying in the next heartbeat period. Already tried 2 times.
W1010 20:59:16.240690 3389 consensus_peers.cc:332] T f689db1eddb54b1f85b7df38d14534b4 P 42e94fc3adbb419591836d222d946978 -> Peer f6d15ccd64ec49be8396ed78e2a88377 (127.6.150.2:33554): Couldn't send request to peer f6d15ccd64ec49be8396ed78e2a88377 for tablet f689db1eddb54b1f85b7df38d14534b4. Status: Network error: Client connection negotiation failed: client connection to 127.6.150.2:33554: connect: Connection refused (error 111). Retrying in the next heartbeat period. Already tried 5 times.
W1010 20:59:16.249017 3506 consensus_peers.cc:332] T efe8fb09a1234c9fb1dc99948737a894 P 580cbaf7092444dfbc6fb344da88d7b6 -> Peer f6d15ccd64ec49be8396ed78e2a88377 (127.6.150.2:33554): Couldn't send request to peer f6d15ccd64ec49be8396ed78e2a88377 for tablet efe8fb09a1234c9fb1dc99948737a894. Status: Network error: Client connection negotiation failed: client connection to 127.6.150.2:33554: connect: Connection refused (error 111). Retrying in the next heartbeat period. Already tried 5 times.
I1010 20:59:16.361501 3684 raft_consensus.cc:371] T 970154c84d6849cc83af1d9e5ad6980d P 580cbaf7092444dfbc6fb344da88d7b6 [term 2 FOLLOWER]: Failure of leader b8062d66fd284035ae3bc2567bc11e7c detected. Triggering leader election
I1010 20:59:16.361516 3684 raft_consensus.cc:2031] T 970154c84d6849cc83af1d9e5ad6980d P 580cbaf7092444dfbc6fb344da88d7b6 [term 2 FOLLOWER]: Advancing to term 3
I1010 20:59:16.361871 3684 raft_consensus.cc:1981] T 970154c84d6849cc83af1d9e5ad6980d P 580cbaf7092444dfbc6fb344da88d7b6 [term 3 FOLLOWER]: Snoozing failure detection for election timeout plus an additional 1.640s
I1010 20:59:16.361906 3684 raft_consensus.cc:391] T 970154c84d6849cc83af1d9e5ad6980d P 580cbaf7092444dfbc6fb344da88d7b6 [term 3 FOLLOWER]: Starting election with config: opid_index: -1 OBSOLETE_local: false peers { permanent_uuid: "580cbaf7092444dfbc6fb344da88d7b6" member_type: VOTER last_known_addr { host: "127.6.150.9" port: 51743 } } peers { permanent_uuid: "84bde34331b94c4ea003e48f9317f792" member_type: VOTER last_known_addr { host: "127.6.150.0" port: 40113 } } peers { permanent_uuid: "b8062d66fd284035ae3bc2567bc11e7c" member_type: VOTER last_known_addr { host: "127.6.150.4" port: 44055 } }
I1010 20:59:16.362978 3684 leader_election.cc:223] T 970154c84d6849cc83af1d9e5ad6980d P 580cbaf7092444dfbc6fb344da88d7b6 [CANDIDATE]: Term 3 election: Requesting vote from peer 84bde34331b94c4ea003e48f9317f792
I1010 20:59:16.363009 3684 leader_election.cc:223] T 970154c84d6849cc83af1d9e5ad6980d P 580cbaf7092444dfbc6fb344da88d7b6 [CANDIDATE]: Term 3 election: Requesting vote from peer b8062d66fd284035ae3bc2567bc11e7c
W1010 20:59:16.363267 3507 leader_election.cc:275] T 970154c84d6849cc83af1d9e5ad6980d P 580cbaf7092444dfbc6fb344da88d7b6 [CANDIDATE]: Term 3 election: RPC error from VoteRequest() call to peer 84bde34331b94c4ea003e48f9317f792: Network error: Client connection negotiation failed: client connection to 127.6.150.0:40113: connect: Connection refused (error 111)
W1010 20:59:16.363286 3507 leader_election.cc:275] T 970154c84d6849cc83af1d9e5ad6980d P 580cbaf7092444dfbc6fb344da88d7b6 [CANDIDATE]: Term 3 election: RPC error from VoteRequest() call to peer b8062d66fd284035ae3bc2567bc11e7c: Network error: Client connection negotiation failed: client connection to 127.6.150.4:44055: connect: Connection refused (error 111)
I1010 20:59:16.363289 3507 leader_election.cc:248] T 970154c84d6849cc83af1d9e5ad6980d P 580cbaf7092444dfbc6fb344da88d7b6 [CANDIDATE]: Term 3 election: Election decided. Result: candidate lost.
I1010 20:59:16.363369 4464 raft_consensus.cc:1981] T 970154c84d6849cc83af1d9e5ad6980d P 580cbaf7092444dfbc6fb344da88d7b6 [term 3 FOLLOWER]: Snoozing failure detection for election timeout plus an additional 1.558s
I1010 20:59:16.363390 4464 raft_consensus.cc:1823] T 970154c84d6849cc83af1d9e5ad6980d P 580cbaf7092444dfbc6fb344da88d7b6 [term 3 FOLLOWER]: Leader election lost for term 3. Reason: None given
W1010 20:59:16.366524 3154 consensus_peers.cc:332] T 981834f5e88f4585b6420fca7ddcb289 P 1380a27d6b824575a3a5e139bee139f4 -> Peer 1031512f5120422e9e22a0afabd78f61 (127.6.150.1:46963): Couldn't send request to peer 1031512f5120422e9e22a0afabd78f61 for tablet 981834f5e88f4585b6420fca7ddcb289. Status: Network error: Client connection negotiation failed: client connection to 127.6.150.1:46963: connect: Connection refused (error 111). Retrying in the next heartbeat period. Already tried 7 times.
W1010 20:59:16.370435 3156 consensus_peers.cc:332] T 949b26dfeadc4de38868bf4ed994d184 P 1380a27d6b824575a3a5e139bee139f4 -> Peer b8062d66fd284035ae3bc2567bc11e7c (127.6.150.4:44055): Couldn't send request to peer b8062d66fd284035ae3bc2567bc11e7c for tablet 949b26dfeadc4de38868bf4ed994d184. Status: Network error: Client connection negotiation failed: client connection to 127.6.150.4:44055: connect: Connection refused (error 111). Retrying in the next heartbeat period. Already tried 3 times.
W1010 20:59:16.410079 3156 consensus_peers.cc:332] T 981834f5e88f4585b6420fca7ddcb289 P 1380a27d6b824575a3a5e139bee139f4 -> Peer 8de6cfa864d64c58bf4eafb689517c93 (127.6.150.3:40117): Couldn't send request to peer 8de6cfa864d64c58bf4eafb689517c93 for tablet 981834f5e88f4585b6420fca7ddcb289. Status: Network error: Client connection negotiation failed: client connection to 127.6.150.3:40117: connect: Connection refused (error 111). Retrying in the next heartbeat period. Already tried 4 times.
W1010 20:59:16.454936 3390 consensus_peers.cc:332] T 7836528275cb45aab827361611bb3bbe P 42e94fc3adbb419591836d222d946978 -> Peer 8de6cfa864d64c58bf4eafb689517c93 (127.6.150.3:40117): Couldn't send request to peer 8de6cfa864d64c58bf4eafb689517c93 for tablet 7836528275cb45aab827361611bb3bbe. Status: Network error: Client connection negotiation failed: client connection to 127.6.150.3:40117: connect: Connection refused (error 111). Retrying in the next heartbeat period. Already tried 4 times. Cannot access memory at address 0x480186b1a9358d50 Cannot access memory at address 0x480186b1a9358d48 /tmp/run_tha_testXiwMYW/build/release/test-work/create-table-itest/3149: No such file or directory. No threads. ************************* END STACKS ***************************
I1010 20:59:16.531033 1686 external_mini_cluster-itest-base.h:49] Attempting to dump stacks of TS 7 with UUID 7f623b00f5ae4b9c8e8940692d5dfd44 and pid 3266 ************************ BEGIN STACKS **************************
W1010 20:59:16.574723 3271 consensus_peers.cc:332] T 2f7a8f9befa745c2969913bbbe3e6b0c P 7f623b00f5ae4b9c8e8940692d5dfd44 -> Peer 1031512f5120422e9e22a0afabd78f61 (127.6.150.1:46963): Couldn't send request to peer 1031512f5120422e9e22a0afabd78f61 for tablet 2f7a8f9befa745c2969913bbbe3e6b0c. Status: Network error: Client connection negotiation failed: client connection to 127.6.150.1:46963: connect: Connection refused (error 111). Retrying in the next heartbeat period. Already tried 7 times.
W1010 20:59:16.585414 3507 consensus_peers.cc:332] T efe8fb09a1234c9fb1dc99948737a894 P 580cbaf7092444dfbc6fb344da88d7b6 -> Peer b8062d66fd284035ae3bc2567bc11e7c (127.6.150.4:44055): Couldn't send request to peer b8062d66fd284035ae3bc2567bc11e7c for tablet efe8fb09a1234c9fb1dc99948737a894. Status: Network error: Client connection negotiation failed: client connection to 127.6.150.4:44055: connect: Connection refused (error 111). Retrying in the next heartbeat period. Already tried 3 times.
W1010 20:59:16.618660 3505 consensus_peers.cc:332] T 17a4ac4e4e164cebb4d88f59511cf926 P 580cbaf7092444dfbc6fb344da88d7b6 -> Peer 1031512f5120422e9e22a0afabd78f61 (127.6.150.1:46963): Couldn't send request to peer 1031512f5120422e9e22a0afabd78f61 for tablet 17a4ac4e4e164cebb4d88f59511cf926. Status: Network error: Client connection negotiation failed: client connection to 127.6.150.1:46963: connect: Connection refused (error 111). Retrying in the next heartbeat period. Already tried 7 times.
I1010 20:59:16.621855 3816 raft_consensus.cc:371] T 84fcfff9fdef4acf8c2b47f36330567f P 42e94fc3adbb419591836d222d946978 [term 4 FOLLOWER]: Failure of leader b8062d66fd284035ae3bc2567bc11e7c detected. Triggering leader election
I1010 20:59:16.621879 3816 raft_consensus.cc:2031] T 84fcfff9fdef4acf8c2b47f36330567f P 42e94fc3adbb419591836d222d946978 [term 4 FOLLOWER]: Advancing to term 5
I1010 20:59:16.622220 3816 raft_consensus.cc:1981] T 84fcfff9fdef4acf8c2b47f36330567f P 42e94fc3adbb419591836d222d946978 [term 5 FOLLOWER]: Snoozing failure detection for election timeout plus an additional 1.511s
I1010 20:59:16.622284 3816 raft_consensus.cc:391] T 84fcfff9fdef4acf8c2b47f36330567f P 42e94fc3adbb419591836d222d946978 [term 5 FOLLOWER]: Starting election with config: opid_index: -1 OBSOLETE_local: false peers { permanent_uuid: "b8062d66fd284035ae3bc2567bc11e7c" member_type: VOTER last_known_addr { host: "127.6.150.4" port: 44055 } } peers { permanent_uuid: "1031512f5120422e9e22a0afabd78f61" member_type: VOTER last_known_addr { host: "127.6.150.1" port: 46963 } } peers { permanent_uuid: "42e94fc3adbb419591836d222d946978" member_type: VOTER last_known_addr { host: "127.6.150.8" port: 35299 } }
I1010 20:59:16.622992 3816 leader_election.cc:223] T 84fcfff9fdef4acf8c2b47f36330567f P 42e94fc3adbb419591836d222d946978 [CANDIDATE]: Term 5 election: Requesting vote from peer b8062d66fd284035ae3bc2567bc11e7c
I1010 20:59:16.623013 3816 leader_election.cc:223] T 84fcfff9fdef4acf8c2b47f36330567f P 42e94fc3adbb419591836d222d946978 [CANDIDATE]: Term 5 election: Requesting vote from peer 1031512f5120422e9e22a0afabd78f61
W1010 20:59:16.623388 3388 leader_election.cc:275] T 84fcfff9fdef4acf8c2b47f36330567f P 42e94fc3adbb419591836d222d946978 [CANDIDATE]: Term 5 election: RPC error from VoteRequest() call to peer 1031512f5120422e9e22a0afabd78f61: Network error: Client connection negotiation failed: client connection to 127.6.150.1:46963: connect: Connection refused (error 111)
W1010 20:59:16.623447 3390 leader_election.cc:275] T 84fcfff9fdef4acf8c2b47f36330567f P 42e94fc3adbb419591836d222d946978 [CANDIDATE]: Term 5 election: RPC error from VoteRequest() call to peer b8062d66fd284035ae3bc2567bc11e7c: Network error: Client connection negotiation failed: client connection to 127.6.150.4:44055: connect: Connection refused (error 111)
I1010 20:59:16.623459 3390 leader_election.cc:248] T 84fcfff9fdef4acf8c2b47f36330567f P 42e94fc3adbb419591836d222d946978 [CANDIDATE]: Term 5 election: Election decided. Result: candidate lost.
I1010 20:59:16.623580 4472 raft_consensus.cc:1981] T 84fcfff9fdef4acf8c2b47f36330567f P 42e94fc3adbb419591836d222d946978 [term 5 FOLLOWER]: Snoozing failure detection for election timeout plus an additional 1.506s
I1010 20:59:16.623594 4472 raft_consensus.cc:1823] T 84fcfff9fdef4acf8c2b47f36330567f P 42e94fc3adbb419591836d222d946978 [term 5 FOLLOWER]: Leader election lost for term 5. Reason: None given
W1010 20:59:16.646070 3504 consensus_peers.cc:332] T ed24ca4817744964991178277119b367 P 580cbaf7092444dfbc6fb344da88d7b6 -> Peer 33ef4317e50042ba95e517992caa6531 (127.6.150.5:40764): Couldn't send request to peer 33ef4317e50042ba95e517992caa6531 for tablet ed24ca4817744964991178277119b367. Status: Network error: Client connection negotiation failed: client connection to 127.6.150.5:40764: connect: Connection refused (error 111). Retrying in the next heartbeat period. Already tried 2 times.
W1010 20:59:16.649685 3387 consensus_peers.cc:332] T f689db1eddb54b1f85b7df38d14534b4 P 42e94fc3adbb419591836d222d946978 -> Peer 1380a27d6b824575a3a5e139bee139f4 (127.6.150.6:46774): Couldn't send request to peer 1380a27d6b824575a3a5e139bee139f4 for tablet f689db1eddb54b1f85b7df38d14534b4. Status: Network error: Client connection negotiation failed: client connection to 127.6.150.6:46774: connect: Connection refused (error 111). Retrying in the next heartbeat period. Already tried 1 times.
W1010 20:59:16.682550 3273 consensus_peers.cc:332] T f2289fb138ea4a5ab6c02803c4e9aa51 P 7f623b00f5ae4b9c8e8940692d5dfd44 -> Peer b8062d66fd284035ae3bc2567bc11e7c (127.6.150.4:44055): Couldn't send request to peer b8062d66fd284035ae3bc2567bc11e7c for tablet f2289fb138ea4a5ab6c02803c4e9aa51. Status: Network error: Client connection negotiation failed: client connection to 127.6.150.4:44055: connect: Connection refused (error 111). Retrying in the next heartbeat period. Already tried 3 times.
W1010 20:59:16.740718 3389 consensus_peers.cc:332] T f689db1eddb54b1f85b7df38d14534b4 P 42e94fc3adbb419591836d222d946978 -> Peer f6d15ccd64ec49be8396ed78e2a88377 (127.6.150.2:33554): Couldn't send request to peer f6d15ccd64ec49be8396ed78e2a88377 for tablet f689db1eddb54b1f85b7df38d14534b4. Status: Network error: Client connection negotiation failed: client connection to 127.6.150.2:33554: connect: Connection refused (error 111). Retrying in the next heartbeat period. Already tried 6 times.
W1010 20:59:16.749115 3506 consensus_peers.cc:332] T efe8fb09a1234c9fb1dc99948737a894 P 580cbaf7092444dfbc6fb344da88d7b6 -> Peer f6d15ccd64ec49be8396ed78e2a88377 (127.6.150.2:33554): Couldn't send request to peer f6d15ccd64ec49be8396ed78e2a88377 for tablet efe8fb09a1234c9fb1dc99948737a894. Status: Network error: Client connection negotiation failed: client connection to 127.6.150.2:33554: connect: Connection refused (error 111). Retrying in the next heartbeat period. Already tried 6 times.
I1010 20:59:16.929757 3744 raft_consensus.cc:371] T de9d164718e74d3db902ea603ab32407 P 7f623b00f5ae4b9c8e8940692d5dfd44 [term 5 FOLLOWER]: Failure of leader b8062d66fd284035ae3bc2567bc11e7c detected. Triggering leader election
I1010 20:59:16.929780 3744 raft_consensus.cc:2031] T de9d164718e74d3db902ea603ab32407 P 7f623b00f5ae4b9c8e8940692d5dfd44 [term 5 FOLLOWER]: Advancing to term 6
I1010 20:59:16.930150 3744 raft_consensus.cc:1981] T de9d164718e74d3db902ea603ab32407 P 7f623b00f5ae4b9c8e8940692d5dfd44 [term 6 FOLLOWER]: Snoozing failure detection for election timeout plus an additional 1.599s
I1010 20:59:16.930188 3744 raft_consensus.cc:391] T de9d164718e74d3db902ea603ab32407 P 7f623b00f5ae4b9c8e8940692d5dfd44 [term 6 FOLLOWER]: Starting election with config: opid_index: -1 OBSOLETE_local: false peers { permanent_uuid: "7f623b00f5ae4b9c8e8940692d5dfd44" member_type: VOTER last_known_addr { host: "127.6.150.7" port: 45436 } } peers { permanent_uuid: "b8062d66fd284035ae3bc2567bc11e7c" member_type: VOTER last_known_addr { host: "127.6.150.4" port: 44055 } } peers { permanent_uuid: "8de6cfa864d64c58bf4eafb689517c93" member_type: VOTER last_known_addr { host: "127.6.150.3" port: 40117 } }
I1010 20:59:16.931062 3744 leader_election.cc:223] T de9d164718e74d3db902ea603ab32407 P 7f623b00f5ae4b9c8e8940692d5dfd44 [CANDIDATE]: Term 6 election: Requesting vote from peer b8062d66fd284035ae3bc2567bc11e7c
I1010 20:59:16.931141 3744 leader_election.cc:223] T de9d164718e74d3db902ea603ab32407 P 7f623b00f5ae4b9c8e8940692d5dfd44 [CANDIDATE]: Term 6 election: Requesting vote from peer 8de6cfa864d64c58bf4eafb689517c93
W1010 20:59:16.931438 3273 leader_election.cc:275] T de9d164718e74d3db902ea603ab32407 P 7f623b00f5ae4b9c8e8940692d5dfd44 [CANDIDATE]: Term 6 election: RPC error from VoteRequest() call to peer b8062d66fd284035ae3bc2567bc11e7c: Network error: Client connection negotiation failed: client connection to 127.6.150.4:44055: connect: Connection refused (error 111)
W1010 20:59:16.931458 3273 leader_election.cc:275] T de9d164718e74d3db902ea603ab32407 P 7f623b00f5ae4b9c8e8940692d5dfd44 [CANDIDATE]: Term 6 election: RPC error from VoteRequest() call to peer 8de6cfa864d64c58bf4eafb689517c93: Network error: Client connection negotiation failed: client connection to 127.6.150.3:40117: connect: Connection refused (error 111)
I1010 20:59:16.931462 3273 leader_election.cc:248] T de9d164718e74d3db902ea603ab32407 P 7f623b00f5ae4b9c8e8940692d5dfd44 [CANDIDATE]: Term 6 election: Election decided. Result: candidate lost.
I1010 20:59:16.931578 4473 raft_consensus.cc:1981] T de9d164718e74d3db902ea603ab32407 P 7f623b00f5ae4b9c8e8940692d5dfd44 [term 6 FOLLOWER]: Snoozing failure detection for election timeout plus an additional 1.501s
I1010 20:59:16.931607 4473 raft_consensus.cc:1823] T de9d164718e74d3db902ea603ab32407 P 7f623b00f5ae4b9c8e8940692d5dfd44 [term 6 FOLLOWER]: Leader election lost for term 6. Reason: None given
W1010 20:59:16.954991 3390 consensus_peers.cc:332] T 7836528275cb45aab827361611bb3bbe P 42e94fc3adbb419591836d222d946978 -> Peer 8de6cfa864d64c58bf4eafb689517c93 (127.6.150.3:40117): Couldn't send request to peer 8de6cfa864d64c58bf4eafb689517c93 for tablet 7836528275cb45aab827361611bb3bbe. Status: Network error: Client connection negotiation failed: client connection to 127.6.150.3:40117: connect: Connection refused (error 111). Retrying in the next heartbeat period. Already tried 5 times.
W1010 20:59:17.074822 3271 consensus_peers.cc:332] T 2f7a8f9befa745c2969913bbbe3e6b0c P 7f623b00f5ae4b9c8e8940692d5dfd44 -> Peer 1031512f5120422e9e22a0afabd78f61 (127.6.150.1:46963): Couldn't send request to peer 1031512f5120422e9e22a0afabd78f61 for tablet 2f7a8f9befa745c2969913bbbe3e6b0c. Status: Network error: Client connection negotiation failed: client connection to 127.6.150.1:46963: connect: Connection refused (error 111). Retrying in the next heartbeat period. Already tried 8 times.
W1010 20:59:17.085584 3507 consensus_peers.cc:332] T efe8fb09a1234c9fb1dc99948737a894 P 580cbaf7092444dfbc6fb344da88d7b6 -> Peer b8062d66fd284035ae3bc2567bc11e7c (127.6.150.4:44055): Couldn't send request to peer b8062d66fd284035ae3bc2567bc11e7c for tablet efe8fb09a1234c9fb1dc99948737a894. Status: Network error: Client connection negotiation failed: client connection to 127.6.150.4:44055: connect: Connection refused (error 111). Retrying in the next heartbeat period. Already tried 4 times.
W1010 20:59:17.118803 3505 consensus_peers.cc:332] T 17a4ac4e4e164cebb4d88f59511cf926 P 580cbaf7092444dfbc6fb344da88d7b6 -> Peer 1031512f5120422e9e22a0afabd78f61 (127.6.150.1:46963): Couldn't send request to peer 1031512f5120422e9e22a0afabd78f61 for tablet 17a4ac4e4e164cebb4d88f59511cf926. Status: Network error: Client connection negotiation failed: client connection to 127.6.150.1:46963: connect: Connection refused (error 111). Retrying in the next heartbeat period. Already tried 8 times.
W1010 20:59:17.146174 3504 consensus_peers.cc:332] T ed24ca4817744964991178277119b367 P 580cbaf7092444dfbc6fb344da88d7b6 -> Peer 33ef4317e50042ba95e517992caa6531 (127.6.150.5:40764): Couldn't send request to peer 33ef4317e50042ba95e517992caa6531 for tablet ed24ca4817744964991178277119b367. Status: Network error: Client connection negotiation failed: client connection to 127.6.150.5:40764: connect: Connection refused (error 111). Retrying in the next heartbeat period. Already tried 3 times.
W1010 20:59:17.149853 3387 consensus_peers.cc:332] T f689db1eddb54b1f85b7df38d14534b4 P 42e94fc3adbb419591836d222d946978 -> Peer 1380a27d6b824575a3a5e139bee139f4 (127.6.150.6:46774): Couldn't send request to peer 1380a27d6b824575a3a5e139bee139f4 for tablet f689db1eddb54b1f85b7df38d14534b4. Status: Network error: Client connection negotiation failed: client connection to 127.6.150.6:46774: connect: Connection refused (error 111). Retrying in the next heartbeat period. Already tried 2 times. Cannot access memory at address 0x480186b1a9358d50 Cannot access memory at address 0x480186b1a9358d48 /tmp/run_tha_testXiwMYW/build/release/test-work/create-table-itest/3266: No such file or directory. No threads. ************************* END STACKS ***************************
I1010 20:59:17.181597 1686 external_mini_cluster-itest-base.h:49] Attempting to dump stacks of TS 8 with UUID 42e94fc3adbb419591836d222d946978 and pid 3383 ************************ BEGIN STACKS **************************
W1010 20:59:17.234838 3507 consensus_peers.cc:332] T 17a4ac4e4e164cebb4d88f59511cf926 P 580cbaf7092444dfbc6fb344da88d7b6 -> Peer 7f623b00f5ae4b9c8e8940692d5dfd44 (127.6.150.7:45436): Couldn't send request to peer 7f623b00f5ae4b9c8e8940692d5dfd44 for tablet 17a4ac4e4e164cebb4d88f59511cf926. Status: Network error: Client connection negotiation failed: client connection to 127.6.150.7:45436: connect: Connection refused (error 111). Retrying in the next heartbeat period. Already tried 1 times.
W1010 20:59:17.240878 3389 consensus_peers.cc:332] T f689db1eddb54b1f85b7df38d14534b4 P 42e94fc3adbb419591836d222d946978 -> Peer f6d15ccd64ec49be8396ed78e2a88377 (127.6.150.2:33554): Couldn't send request to peer f6d15ccd64ec49be8396ed78e2a88377 for tablet f689db1eddb54b1f85b7df38d14534b4. Status: Network error: Client connection negotiation failed: client connection to 127.6.150.2:33554: connect: Connection refused (error 111). Retrying in the next heartbeat period. Already tried 7 times.
W1010 20:59:17.249248 3506 consensus_peers.cc:332] T efe8fb09a1234c9fb1dc99948737a894 P 580cbaf7092444dfbc6fb344da88d7b6 -> Peer f6d15ccd64ec49be8396ed78e2a88377 (127.6.150.2:33554): Couldn't send request to peer f6d15ccd64ec49be8396ed78e2a88377 for tablet efe8fb09a1234c9fb1dc99948737a894. Status: Network error: Client connection negotiation failed: client connection to 127.6.150.2:33554: connect: Connection refused (error 111). Retrying in the next heartbeat period. Already tried 7 times.
W1010 20:59:17.455198 3390 consensus_peers.cc:332] T 7836528275cb45aab827361611bb3bbe P 42e94fc3adbb419591836d222d946978 -> Peer 8de6cfa864d64c58bf4eafb689517c93 (127.6.150.3:40117): Couldn't send request to peer 8de6cfa864d64c58bf4eafb689517c93 for tablet 7836528275cb45aab827361611bb3bbe. Status: Network error: Client connection negotiation failed: client connection to 127.6.150.3:40117: connect: Connection refused (error 111). Retrying in the next heartbeat period. Already tried 6 times.
W1010 20:59:17.585595 3507 consensus_peers.cc:332] T efe8fb09a1234c9fb1dc99948737a894 P 580cbaf7092444dfbc6fb344da88d7b6 -> Peer b8062d66fd284035ae3bc2567bc11e7c (127.6.150.4:44055): Couldn't send request to peer b8062d66fd284035ae3bc2567bc11e7c for tablet efe8fb09a1234c9fb1dc99948737a894. Status: Network error: Client connection negotiation failed: client connection to 127.6.150.4:44055: connect: Connection refused (error 111). Retrying in the next heartbeat period. Already tried 5 times.
W1010 20:59:17.618917 3505 consensus_peers.cc:332] T 17a4ac4e4e164cebb4d88f59511cf926 P 580cbaf7092444dfbc6fb344da88d7b6 -> Peer 1031512f5120422e9e22a0afabd78f61 (127.6.150.1:46963): Couldn't send request to peer 1031512f5120422e9e22a0afabd78f61 for tablet 17a4ac4e4e164cebb4d88f59511cf926. Status: Network error: Client connection negotiation failed: client connection to 127.6.150.1:46963: connect: Connection refused (error 111). Retrying in the next heartbeat period. Already tried 9 times.
W1010 20:59:17.625568 3507 consensus_peers.cc:332] T ed24ca4817744964991178277119b367 P 580cbaf7092444dfbc6fb344da88d7b6 -> Peer 7f623b00f5ae4b9c8e8940692d5dfd44 (127.6.150.7:45436): Couldn't send request to peer 7f623b00f5ae4b9c8e8940692d5dfd44 for tablet ed24ca4817744964991178277119b367. Status: Network error: Client connection negotiation failed: client connection to 127.6.150.7:45436: connect: Connection refused (error 111). Retrying in the next heartbeat period. Already tried 1 times.
W1010 20:59:17.646306 3504 consensus_peers.cc:332] T ed24ca4817744964991178277119b367 P 580cbaf7092444dfbc6fb344da88d7b6 -> Peer 33ef4317e50042ba95e517992caa6531 (127.6.150.5:40764): Couldn't send request to peer 33ef4317e50042ba95e517992caa6531 for tablet ed24ca4817744964991178277119b367. Status: Network error: Client connection negotiation failed: client connection to 127.6.150.5:40764: connect: Connection refused (error 111). Retrying in the next heartbeat period. Already tried 4 times.
W1010 20:59:17.649953 3387 consensus_peers.cc:332] T f689db1eddb54b1f85b7df38d14534b4 P 42e94fc3adbb419591836d222d946978 -> Peer 1380a27d6b824575a3a5e139bee139f4 (127.6.150.6:46774): Couldn't send request to peer 1380a27d6b824575a3a5e139bee139f4 for tablet f689db1eddb54b1f85b7df38d14534b4. Status: Network error: Client connection negotiation failed: client connection to 127.6.150.6:46774: connect: Connection refused (error 111). Retrying in the next heartbeat period. Already tried 3 times.
W1010 20:59:17.734863 3507 consensus_peers.cc:332] T 17a4ac4e4e164cebb4d88f59511cf926 P 580cbaf7092444dfbc6fb344da88d7b6 -> Peer 7f623b00f5ae4b9c8e8940692d5dfd44 (127.6.150.7:45436): Couldn't send request to peer 7f623b00f5ae4b9c8e8940692d5dfd44 for tablet 17a4ac4e4e164cebb4d88f59511cf926. Status: Network error: Client connection negotiation failed: client connection to 127.6.150.7:45436: connect: Connection refused (error 111). Retrying in the next heartbeat period. Already tried 2 times.
W1010 20:59:17.740972 3389 consensus_peers.cc:332] T f689db1eddb54b1f85b7df38d14534b4 P 42e94fc3adbb419591836d222d946978 -> Peer f6d15ccd64ec49be8396ed78e2a88377 (127.6.150.2:33554): Couldn't send request to peer f6d15ccd64ec49be8396ed78e2a88377 for tablet f689db1eddb54b1f85b7df38d14534b4. Status: Network error: Client connection negotiation failed: client connection to 127.6.150.2:33554: connect: Connection refused (error 111). Retrying in the next heartbeat period. Already tried 8 times.
W1010 20:59:17.749397 3506 consensus_peers.cc:332] T efe8fb09a1234c9fb1dc99948737a894 P 580cbaf7092444dfbc6fb344da88d7b6 -> Peer f6d15ccd64ec49be8396ed78e2a88377 (127.6.150.2:33554): Couldn't send request to peer f6d15ccd64ec49be8396ed78e2a88377 for tablet efe8fb09a1234c9fb1dc99948737a894. Status: Network error: Client connection negotiation failed: client connection to 127.6.150.2:33554: connect: Connection refused (error 111). Retrying in the next heartbeat period. Already tried 8 times. Cannot access memory at address 0x480186b1a9358d50 Cannot access memory at address 0x480186b1a9358d48 /tmp/run_tha_testXiwMYW/build/release/test-work/create-table-itest/3383: No such file or directory. No threads. ************************* END STACKS ***************************
I1010 20:59:17.819550 1686 external_mini_cluster-itest-base.h:49] Attempting to dump stacks of TS 9 with UUID 580cbaf7092444dfbc6fb344da88d7b6 and pid 3500 ************************ BEGIN STACKS **************************
W1010 20:59:18.085911 3507 consensus_peers.cc:332] T efe8fb09a1234c9fb1dc99948737a894 P 580cbaf7092444dfbc6fb344da88d7b6 -> Peer b8062d66fd284035ae3bc2567bc11e7c (127.6.150.4:44055): Couldn't send request to peer b8062d66fd284035ae3bc2567bc11e7c for tablet efe8fb09a1234c9fb1dc99948737a894. Status: Network error: Client connection negotiation failed: client connection to 127.6.150.4:44055: connect: Connection refused (error 111). Retrying in the next heartbeat period. Already tried 6 times.
W1010 20:59:18.119016 3505 consensus_peers.cc:332] T 17a4ac4e4e164cebb4d88f59511cf926 P 580cbaf7092444dfbc6fb344da88d7b6 -> Peer 1031512f5120422e9e22a0afabd78f61 (127.6.150.1:46963): Couldn't send request to peer 1031512f5120422e9e22a0afabd78f61 for tablet 17a4ac4e4e164cebb4d88f59511cf926. Status: Network error: Client connection negotiation failed: client connection to 127.6.150.1:46963: connect: Connection refused (error 111). Retrying in the next heartbeat period. Already tried 10 times.
W1010 20:59:18.125679 3507 consensus_peers.cc:332] T ed24ca4817744964991178277119b367 P 580cbaf7092444dfbc6fb344da88d7b6 -> Peer 7f623b00f5ae4b9c8e8940692d5dfd44 (127.6.150.7:45436): Couldn't send request to peer 7f623b00f5ae4b9c8e8940692d5dfd44 for tablet ed24ca4817744964991178277119b367. Status: Network error: Client connection negotiation failed: client connection to 127.6.150.7:45436: connect: Connection refused (error 111). Retrying in the next heartbeat period. Already tried 2 times.
W1010 20:59:18.146347 3504 consensus_peers.cc:332] T ed24ca4817744964991178277119b367 P 580cbaf7092444dfbc6fb344da88d7b6 -> Peer 33ef4317e50042ba95e517992caa6531 (127.6.150.5:40764): Couldn't send request to peer 33ef4317e50042ba95e517992caa6531 for tablet ed24ca4817744964991178277119b367. Status: Network error: Client connection negotiation failed: client connection to 127.6.150.5:40764: connect: Connection refused (error 111). Retrying in the next heartbeat period. Already tried 5 times.
W1010 20:59:18.234874 3507 consensus_peers.cc:332] T 17a4ac4e4e164cebb4d88f59511cf926 P 580cbaf7092444dfbc6fb344da88d7b6 -> Peer 7f623b00f5ae4b9c8e8940692d5dfd44 (127.6.150.7:45436): Couldn't send request to peer 7f623b00f5ae4b9c8e8940692d5dfd44 for tablet 17a4ac4e4e164cebb4d88f59511cf926. Status: Network error: Client connection negotiation failed: client connection to 127.6.150.7:45436: connect: Connection refused (error 111). Retrying in the next heartbeat period. Already tried 3 times.
W1010 20:59:18.249565 3506 consensus_peers.cc:332] T efe8fb09a1234c9fb1dc99948737a894 P 580cbaf7092444dfbc6fb344da88d7b6 -> Peer f6d15ccd64ec49be8396ed78e2a88377 (127.6.150.2:33554): Couldn't send request to peer f6d15ccd64ec49be8396ed78e2a88377 for tablet efe8fb09a1234c9fb1dc99948737a894. Status: Network error: Client connection negotiation failed: client connection to 127.6.150.2:33554: connect: Connection refused (error 111). Retrying in the next heartbeat period. Already tried 9 times.
I1010 20:59:18.402699 4398 raft_consensus.cc:371] T 2f7a8f9befa745c2969913bbbe3e6b0c P 580cbaf7092444dfbc6fb344da88d7b6 [term 1 FOLLOWER]: Failure of leader 7f623b00f5ae4b9c8e8940692d5dfd44 detected. Triggering leader election
I1010 20:59:18.402724 4398 raft_consensus.cc:2031] T 2f7a8f9befa745c2969913bbbe3e6b0c P 580cbaf7092444dfbc6fb344da88d7b6 [term 1 FOLLOWER]: Advancing to term 2
I1010 20:59:18.403103 4398 raft_consensus.cc:1981] T 2f7a8f9befa745c2969913bbbe3e6b0c P 580cbaf7092444dfbc6fb344da88d7b6 [term 2 FOLLOWER]: Snoozing failure detection for election timeout plus an additional 1.609s
I1010 20:59:18.403131 4398 raft_consensus.cc:391] T 2f7a8f9befa745c2969913bbbe3e6b0c P 580cbaf7092444dfbc6fb344da88d7b6 [term 2 FOLLOWER]: Starting election with config: opid_index: -1 OBSOLETE_local: false peers { permanent_uuid: "580cbaf7092444dfbc6fb344da88d7b6" member_type: VOTER last_known_addr { host: "127.6.150.9" port: 51743 } } peers { permanent_uuid: "1031512f5120422e9e22a0afabd78f61" member_type: VOTER last_known_addr { host: "127.6.150.1" port: 46963 } } peers { permanent_uuid: "7f623b00f5ae4b9c8e8940692d5dfd44" member_type: VOTER last_known_addr { host: "127.6.150.7" port: 45436 } }
I1010 20:59:18.404182 4398 leader_election.cc:223] T 2f7a8f9befa745c2969913bbbe3e6b0c P 580cbaf7092444dfbc6fb344da88d7b6 [CANDIDATE]: Term 2 election: Requesting vote from peer 1031512f5120422e9e22a0afabd78f61
I1010 20:59:18.404214 4398 leader_election.cc:223] T 2f7a8f9befa745c2969913bbbe3e6b0c P 580cbaf7092444dfbc6fb344da88d7b6 [CANDIDATE]: Term 2 election: Requesting vote from peer 7f623b00f5ae4b9c8e8940692d5dfd44
W1010 20:59:18.404377 3505 leader_election.cc:275] T 2f7a8f9befa745c2969913bbbe3e6b0c P 580cbaf7092444dfbc6fb344da88d7b6 [CANDIDATE]: Term 2 election: RPC error from VoteRequest() call to peer 1031512f5120422e9e22a0afabd78f61: Network error: Client connection negotiation failed: client connection to 127.6.150.1:46963: connect: Connection refused (error 111)
W1010 20:59:18.404438 3507 leader_election.cc:275] T 2f7a8f9befa745c2969913bbbe3e6b0c P 580cbaf7092444dfbc6fb344da88d7b6 [CANDIDATE]: Term 2 election: RPC error from VoteRequest() call to peer 7f623b00f5ae4b9c8e8940692d5dfd44: Network error: Client connection negotiation failed: client connection to 127.6.150.7:45436: connect: Connection refused (error 111)
I1010 20:59:18.404456 3507 leader_election.cc:248] T 2f7a8f9befa745c2969913bbbe3e6b0c P 580cbaf7092444dfbc6fb344da88d7b6 [CANDIDATE]: Term 2 election: Election decided. Result: candidate lost.
I1010 20:59:18.404594 4486 raft_consensus.cc:1981] T 2f7a8f9befa745c2969913bbbe3e6b0c P 580cbaf7092444dfbc6fb344da88d7b6 [term 2 FOLLOWER]: Snoozing failure detection for election timeout plus an additional 1.567s
I1010 20:59:18.404613 4486 raft_consensus.cc:1823] T 2f7a8f9befa745c2969913bbbe3e6b0c P 580cbaf7092444dfbc6fb344da88d7b6 [term 2 FOLLOWER]: Leader election lost for term 2. Reason: None given Cannot access memory at address 0x480186b1a9358d50 Cannot access memory at address 0x480186b1a9358d48 /tmp/run_tha_testXiwMYW/build/release/test-work/create-table-itest/3500: No such file or directory. No threads. ************************* END STACKS ***************************
I1010 20:59:18.469269 1686 external_mini_cluster.cc:687] Killing /tmp/run_tha_testXiwMYW/build/release/bin/kudu-master with pid 2388
I1010 20:59:18.471617 1686 test_util.cc:78] -----------------------------------------------
I1010 20:59:18.471640 1686 test_util.cc:79] Had fatal failures, leaving test files at /tmp/kudutest-1000/create-table-itest.CreateTableITest.TestSpreadReplicasEvenly.1476133114077700-1686 [ FAILED ] CreateTableITest.TestSpreadReplicasEvenly (41808 ms) [ RUN ] CreateTableITest.TestCreateTableWithDeadTServers
