I0825 15:49:48.009357 7951 consensus_queue.cc:162] T f32f6e0b1f354643b6b030599a359fa6 P 401cb2671e94452f87838515c7408bdc [NON_LEADER]: Queue going to NON_LEADER mode. State: All replicated op: 0.0, Majority replicated op: 0.0, Committed index: 0.0, Last appended: 50.2, Current term: 0, Majority size: -1, State: 1, Mode: NON_LEADER
I0825 15:49:48.009557 7931 raft_consensus.cc:275] T f32f6e0b1f354643b6b030599a359fa6 P d9caa1baaef84124a4a530b35945fad3 [term 50 FOLLOWER]: Replica starting. Triggering 0 pending transactions. Active config: opid_index: -1 OBSOLETE_local: false peers { permanent_uuid: "d9caa1baaef84124a4a530b35945fad3" member_type: VOTER last_known_addr { host: "127.108.26.0" port: 37291 } } peers { permanent_uuid: "92f34d06b19146db82cf42701d2363c5" member_type: VOTER last_known_addr { host: "127.108.26.1" port: 33958 } } peers { permanent_uuid: "401cb2671e94452f87838515c7408bdc" member_type: VOTER last_known_addr { host: "127.108.26.2" port: 35954 } }
I0825 15:49:48.009598 7931 raft_consensus.cc:503] T f32f6e0b1f354643b6b030599a359fa6 P d9caa1baaef84124a4a530b35945fad3 [term 50 FOLLOWER]: Becoming Follower/Learner. State: Replica: d9caa1baaef84124a4a530b35945fad3, State: 1, Role: FOLLOWER Watermarks: {Received: term: 50 index: 2 Committed: term: 50 index: 2}
I0825 15:49:48.009619 7931 consensus_queue.cc:162] T f32f6e0b1f354643b6b030599a359fa6 P d9caa1baaef84124a4a530b35945fad3 [NON_LEADER]: Queue going to NON_LEADER mode. State: All replicated op: 0.0, Majority replicated op: 0.0, Committed index: 0.0, Last appended: 50.2, Current term: 0, Majority size: -1, State: 1, Mode: NON_LEADER
I0825 15:49:48.009624 7951 ts_tablet_manager.cc:662] T f32f6e0b1f354643b6b030599a359fa6 P 401cb2671e94452f87838515c7408bdc: Time spent starting tablet: real 0.001s user 0.001s sys 0.001s
I0825 15:49:48.009693 7951 ts_tablet_manager.cc:630] T 17aec689be0047b987494787029f6e08 P 401cb2671e94452f87838515c7408bdc: Bootstrapping tablet
I0825 15:49:48.009811 7951 tablet_bootstrap.cc:400] T 17aec689be0047b987494787029f6e08 P 401cb2671e94452f87838515c7408bdc: Bootstrap starting.
I0825 15:49:48.009860 7931 ts_tablet_manager.cc:662] T f32f6e0b1f354643b6b030599a359fa6 P d9caa1baaef84124a4a530b35945fad3: Time spent starting tablet: real 0.001s user 0.000s sys 0.001s
I0825 15:49:48.009932 7931 ts_tablet_manager.cc:630] T 17aec689be0047b987494787029f6e08 P d9caa1baaef84124a4a530b35945fad3: Bootstrapping tablet
I0825 15:49:48.010032 7931 tablet_bootstrap.cc:400] T 17aec689be0047b987494787029f6e08 P d9caa1baaef84124a4a530b35945fad3: Bootstrap starting.
I0825 15:49:48.010076 7951 tablet_bootstrap.cc:563] T 17aec689be0047b987494787029f6e08 P 401cb2671e94452f87838515c7408bdc: Time spent opening tablet: real 0.000s user 0.000s sys 0.000s
I0825 15:49:48.010074 8270 heartbeater.cc:294] Connected to a master server at 127.0.0.1:57007
I0825 15:49:48.010105 8270 heartbeater.cc:361] Registering TS with master...
I0825 15:49:48.010125 8270 heartbeater.cc:375] Master 127.0.0.1:57007 requested a full tablet report, sending...
I0825 15:49:48.010133 7951 tablet_bootstrap.cc:619] T 17aec689be0047b987494787029f6e08 P 401cb2671e94452f87838515c7408bdc: Will attempt to recover log segment /tmp/kudutest-4519/create-table-itest.CreateTableITest.TestSpreadReplicasEvenly.1472161943177725-27674/minicluster-data/ts-2/wals/17aec689be0047b987494787029f6e08/wal-000000001 to /tmp/kudutest-4519/create-table-itest.CreateTableITest.TestSpreadReplicasEvenly.1472161943177725-27674/minicluster-data/ts-2/wals/17aec689be0047b987494787029f6e08.recovery/wal-000000001
I0825 15:49:48.010144 7951 tablet_bootstrap.cc:627] T 17aec689be0047b987494787029f6e08 P 401cb2671e94452f87838515c7408bdc: Moving log directory /tmp/kudutest-4519/create-table-itest.CreateTableITest.TestSpreadReplicasEvenly.1472161943177725-27674/minicluster-data/ts-2/wals/17aec689be0047b987494787029f6e08 to recovery directory /tmp/kudutest-4519/create-table-itest.CreateTableITest.TestSpreadReplicasEvenly.1472161943177725-27674/minicluster-data/ts-2/wals/17aec689be0047b987494787029f6e08.recovery in preparation for log replay
I0825 15:49:48.010186 8267 heartbeater.cc:294] Connected to a master server at 127.0.0.1:57007
I0825 15:49:48.010210 8267 heartbeater.cc:361] Registering TS with master...
I0825 15:49:48.010236 8267 heartbeater.cc:375] Master 127.0.0.1:57007 requested a full tablet report, sending...
W0825 15:49:48.010246 7951 log_util.cc:311] Could not read footer for segment: /tmp/kudutest-4519/create-table-itest.CreateTableITest.TestSpreadReplicasEvenly.1472161943177725-27674/minicluster-data/ts-2/wals/17aec689be0047b987494787029f6e08.recovery/wal-000000001: Not found: Footer not found. Footer magic doesn't match
I0825 15:49:48.010257 7951 log_reader.cc:152] Log segment /tmp/kudutest-4519/create-table-itest.CreateTableITest.TestSpreadReplicasEvenly.1472161943177725-27674/minicluster-data/ts-2/wals/17aec689be0047b987494787029f6e08.recovery/wal-000000001 was likely left in-progress after a previous crash. Will try to rebuild footer by scanning data.
I0825 15:49:48.010279 7931 tablet_bootstrap.cc:563] T 17aec689be0047b987494787029f6e08 P d9caa1baaef84124a4a530b35945fad3: Time spent opening tablet: real 0.000s user 0.000s sys 0.000s
I0825 15:49:48.010295 7951 log_util.cc:569] Scanning /tmp/kudutest-4519/create-table-itest.CreateTableITest.TestSpreadReplicasEvenly.1472161943177725-27674/minicluster-data/ts-2/wals/17aec689be0047b987494787029f6e08.recovery/wal-000000001 for valid entry headers following offset 258...
I0825 15:49:48.010330 7931 tablet_bootstrap.cc:619] T 17aec689be0047b987494787029f6e08 P d9caa1baaef84124a4a530b35945fad3: Will attempt to recover log segment /tmp/kudutest-4519/create-table-itest.CreateTableITest.TestSpreadReplicasEvenly.1472161943177725-27674/minicluster-data/ts-0/wals/17aec689be0047b987494787029f6e08/wal-000000001 to /tmp/kudutest-4519/create-table-itest.CreateTableITest.TestSpreadReplicasEvenly.1472161943177725-27674/minicluster-data/ts-0/wals/17aec689be0047b987494787029f6e08.recovery/wal-000000001
I0825 15:49:48.010331 7905 ts_manager.cc:83] Registered new tserver permanent_uuid: "401cb2671e94452f87838515c7408bdc" instance_seqno: 1472165387943440 with Master
I0825 15:49:48.010339 7931 tablet_bootstrap.cc:627] T 17aec689be0047b987494787029f6e08 P d9caa1baaef84124a4a530b35945fad3: Moving log directory /tmp/kudutest-4519/create-table-itest.CreateTableITest.TestSpreadReplicasEvenly.1472161943177725-27674/minicluster-data/ts-0/wals/17aec689be0047b987494787029f6e08 to recovery directory /tmp/kudutest-4519/create-table-itest.CreateTableITest.TestSpreadReplicasEvenly.1472161943177725-27674/minicluster-data/ts-0/wals/17aec689be0047b987494787029f6e08.recovery in preparation for log replay
W0825 15:49:48.010432 7931 log_util.cc:311] Could not read footer for segment: /tmp/kudutest-4519/create-table-itest.CreateTableITest.TestSpreadReplicasEvenly.1472161943177725-27674/minicluster-data/ts-0/wals/17aec689be0047b987494787029f6e08.recovery/wal-000000001: Not found: Footer not found. Footer magic doesn't match
I0825 15:49:48.010431 7902 ts_manager.cc:83] Registered new tserver permanent_uuid: "d9caa1baaef84124a4a530b35945fad3" instance_seqno: 1472165387942958 with Master
I0825 15:49:48.010442 7931 log_reader.cc:152] Log segment /tmp/kudutest-4519/create-table-itest.CreateTableITest.TestSpreadReplicasEvenly.1472161943177725-27674/minicluster-data/ts-0/wals/17aec689be0047b987494787029f6e08.recovery/wal-000000001 was likely left in-progress after a previous crash. Will try to rebuild footer by scanning data.
I0825 15:49:48.010824 7931 log_util.cc:569] Scanning /tmp/kudutest-4519/create-table-itest.CreateTableITest.TestSpreadReplicasEvenly.1472161943177725-27674/minicluster-data/ts-0/wals/17aec689be0047b987494787029f6e08.recovery/wal-000000001 for valid entry headers following offset 270...
I0825 15:49:48.014313 8267 heartbeater.cc:367] Master 127.0.0.1:57007 was elected leader, sending a full tablet report...
I0825 15:49:48.043552 7913 log_util.cc:606] Found no log entry headers
I0825 15:49:48.043581 7913 log_util.cc:215] Ignoring log segment corruption in /tmp/kudutest-4519/create-table-itest.CreateTableITest.TestSpreadReplicasEvenly.1472161943177725-27674/minicluster-data/ts-1/wals/17aec689be0047b987494787029f6e08.recovery/wal-000000001 because there are no log entries following the corrupted one. The server probably crashed in the middle of writing an entry to the write-ahead log or downloaded an active log via tablet copy. Error detail: Corruption: CRC mismatch in log entry header: Log file corruption detected. Failed trying to read batch #0 at offset 246 for log segment /tmp/kudutest-4519/create-table-itest.CreateTableITest.TestSpreadReplicasEvenly.1472161943177725-27674/minicluster-data/ts-1/wals/17aec689be0047b987494787029f6e08.recovery/wal-000000001: Prior entries: [off=194 REPLICATE (1.1)] [off=194 REPLICATE (49.2)] [off=220 COMMIT (1.1)] [off=246 COMMIT (49.2)]
I0825 15:49:48.043596 7913 log_util.cc:359] Successfully rebuilt footer for segment: /tmp/kudutest-4519/create-table-itest.CreateTableITest.TestSpreadReplicasEvenly.1472161943177725-27674/minicluster-data/ts-1/wals/17aec689be0047b987494787029f6e08.recovery/wal-000000001 (valid entries through byte offset 246)
I0825 15:49:48.043676 7913 tablet.cc:853] T 17aec689be0047b987494787029f6e08 Rewinding schema during bootstrap to Schema [ 10:key[int32 NOT NULL], 11:int_val[int32 NOT NULL], 12:string_val[string NULLABLE] ]
I0825 15:49:48.044714 7913 tablet_bootstrap.cc:400] T 17aec689be0047b987494787029f6e08 P 92f34d06b19146db82cf42701d2363c5: Bootstrap replayed 1/1 log segments. Stats: ops{read=2 overwritten=0 applied=2 ignored=0} inserts{seen=0 ignored=0} mutations{seen=0 ignored=0} orphaned_commits=0. Pending: 0 replicates
I0825 15:49:48.044737 7913 tablet_bootstrap.cc:1040] T 17aec689be0047b987494787029f6e08 P 92f34d06b19146db82cf42701d2363c5: ReplayState: Previous OpId: 49.2, Committed OpId: 49.2, Pending Replicates: 0, Pending Commits: 0
I0825 15:49:48.044942 7913 tablet_bootstrap.cc:656] T 17aec689be0047b987494787029f6e08 P 92f34d06b19146db82cf42701d2363c5: Preparing to delete log recovery files and directory /tmp/kudutest-4519/create-table-itest.CreateTableITest.TestSpreadReplicasEvenly.1472161943177725-27674/minicluster-data/ts-1/wals/17aec689be0047b987494787029f6e08.recovery
I0825 15:49:48.044953 7913 tablet_bootstrap.cc:659] T 17aec689be0047b987494787029f6e08 P 92f34d06b19146db82cf42701d2363c5: Renaming log recovery dir from /tmp/kudutest-4519/create-table-itest.CreateTableITest.TestSpreadReplicasEvenly.1472161943177725-27674/minicluster-data/ts-1/wals/17aec689be0047b987494787029f6e08.recovery to /tmp/kudutest-4519/create-table-itest.CreateTableITest.TestSpreadReplicasEvenly.1472161943177725-27674/minicluster-data/ts-1/wals/17aec689be0047b987494787029f6e08.recovery-1472165388044952
I0825 15:49:48.044973 7913 tablet_bootstrap.cc:669] T 17aec689be0047b987494787029f6e08 P 92f34d06b19146db82cf42701d2363c5: Deleting all files from renamed log recovery directory /tmp/kudutest-4519/create-table-itest.CreateTableITest.TestSpreadReplicasEvenly.1472161943177725-27674/minicluster-data/ts-1/wals/17aec689be0047b987494787029f6e08.recovery-1472165388044952
I0825 15:49:48.045099 7913 tablet_bootstrap.cc:672] T 17aec689be0047b987494787029f6e08 P 92f34d06b19146db82cf42701d2363c5: Completed deletion of old log recovery files and directory /tmp/kudutest-4519/create-table-itest.CreateTableITest.TestSpreadReplicasEvenly.1472161943177725-27674/minicluster-data/ts-1/wals/17aec689be0047b987494787029f6e08.recovery-1472165388044952
I0825 15:49:48.045110 7913 tablet_bootstrap.cc:400] T 17aec689be0047b987494787029f6e08 P 92f34d06b19146db82cf42701d2363c5: Bootstrap complete.
I0825 15:49:48.051923 7913 ts_tablet_manager.cc:635] T 17aec689be0047b987494787029f6e08 P 92f34d06b19146db82cf42701d2363c5: Time spent bootstrapping tablet: real 0.056s user 0.022s sys 0.034s
I0825 15:49:48.052342 7913 raft_consensus.cc:275] T 17aec689be0047b987494787029f6e08 P 92f34d06b19146db82cf42701d2363c5 [term 49 FOLLOWER]: Replica starting. Triggering 0 pending transactions. Active config: opid_index: -1 OBSOLETE_local: false peers { permanent_uuid: "92f34d06b19146db82cf42701d2363c5" member_type: VOTER last_known_addr { host: "127.108.26.1" port: 33958 } } peers { permanent_uuid: "d9caa1baaef84124a4a530b35945fad3" member_type: VOTER last_known_addr { host: "127.108.26.0" port: 37291 } } peers { permanent_uuid: "401cb2671e94452f87838515c7408bdc" member_type: VOTER last_known_addr { host: "127.108.26.2" port: 35954 } }
I0825 15:49:48.052372 7913 raft_consensus.cc:503] T 17aec689be0047b987494787029f6e08 P 92f34d06b19146db82cf42701d2363c5 [term 49 FOLLOWER]: Becoming Follower/Learner. State: Replica: 92f34d06b19146db82cf42701d2363c5, State: 1, Role: FOLLOWER Watermarks: {Received: term: 49 index: 2 Committed: term: 49 index: 2}
I0825 15:49:48.052392 7913 consensus_queue.cc:162] T 17aec689be0047b987494787029f6e08 P 92f34d06b19146db82cf42701d2363c5 [NON_LEADER]: Queue going to NON_LEADER mode. State: All replicated op: 0.0, Majority replicated op: 0.0, Committed index: 0.0, Last appended: 49.2, Current term: 0, Majority size: -1, State: 1, Mode: NON_LEADER
I0825 15:49:48.052613 7913 ts_tablet_manager.cc:662] T 17aec689be0047b987494787029f6e08 P 92f34d06b19146db82cf42701d2363c5: Time spent starting tablet: real 0.001s user 0.000s sys 0.001s
I0825 15:49:48.052672 7913 ts_tablet_manager.cc:630] T 1f7a6bd64c604f7fada909bd575708cd P 92f34d06b19146db82cf42701d2363c5: Bootstrapping tablet
I0825 15:49:48.052772 7913 tablet_bootstrap.cc:400] T 1f7a6bd64c604f7fada909bd575708cd P 92f34d06b19146db82cf42701d2363c5: Bootstrap starting.
I0825 15:49:48.053033 7913 tablet_bootstrap.cc:563] T 1f7a6bd64c604f7fada909bd575708cd P 92f34d06b19146db82cf42701d2363c5: Time spent opening tablet: real 0.000s user 0.000s sys 0.000s
I0825 15:49:48.053104 7913 tablet_bootstrap.cc:619] T 1f7a6bd64c604f7fada909bd575708cd P 92f34d06b19146db82cf42701d2363c5: Will attempt to recover log segment /tmp/kudutest-4519/create-table-itest.CreateTableITest.TestSpreadReplicasEvenly.1472161943177725-27674/minicluster-data/ts-1/wals/1f7a6bd64c604f7fada909bd575708cd/wal-000000001 to /tmp/kudutest-4519/create-table-itest.CreateTableITest.TestSpreadReplicasEvenly.1472161943177725-27674/minicluster-data/ts-1/wals/1f7a6bd64c604f7fada909bd575708cd.recovery/wal-000000001
I0825 15:49:48.053113 7913 tablet_bootstrap.cc:627] T 1f7a6bd64c604f7fada909bd575708cd P 92f34d06b19146db82cf42701d2363c5: Moving log directory /tmp/kudutest-4519/create-table-itest.CreateTableITest.TestSpreadReplicasEvenly.1472161943177725-27674/minicluster-data/ts-1/wals/1f7a6bd64c604f7fada909bd575708cd to recovery directory /tmp/kudutest-4519/create-table-itest.CreateTableITest.TestSpreadReplicasEvenly.1472161943177725-27674/minicluster-data/ts-1/wals/1f7a6bd64c604f7fada909bd575708cd.recovery in preparation for log replay
I0825 15:49:48.053117 8219 heartbeater.cc:294] Connected to a master server at 127.0.0.1:57007
I0825 15:49:48.053134 8219 heartbeater.cc:361] Registering TS with master...
I0825 15:49:48.053151 8219 heartbeater.cc:375] Master 127.0.0.1:57007 requested a full tablet report, sending...
W0825 15:49:48.053196 7913 log_util.cc:311] Could not read footer for segment: /tmp/kudutest-4519/create-table-itest.CreateTableITest.TestSpreadReplicasEvenly.1472161943177725-27674/minicluster-data/ts-1/wals/1f7a6bd64c604f7fada909bd575708cd.recovery/wal-000000001: Not found: Footer not found. Footer magic doesn't match
I0825 15:49:48.053206 7913 log_reader.cc:152] Log segment /tmp/kudutest-4519/create-table-itest.CreateTableITest.TestSpreadReplicasEvenly.1472161943177725-27674/minicluster-data/ts-1/wals/1f7a6bd64c604f7fada909bd575708cd.recovery/wal-000000001 was likely left in-progress after a previous crash. Will try to rebuild footer by scanning data.
I0825 15:49:48.053253 7913 log_util.cc:569] Scanning /tmp/kudutest-4519/create-table-itest.CreateTableITest.TestSpreadReplicasEvenly.1472161943177725-27674/minicluster-data/ts-1/wals/1f7a6bd64c604f7fada909bd575708cd.recovery/wal-000000001 for valid entry headers following offset 270...
I0825 15:49:48.053436 7902 ts_manager.cc:83] Registered new tserver permanent_uuid: "92f34d06b19146db82cf42701d2363c5" instance_seqno: 1472165387941030 with Master
I0825 15:49:48.061758 7951 log_util.cc:606] Found no log entry headers
I0825 15:49:48.061784 7951 log_util.cc:215] Ignoring log segment corruption in /tmp/kudutest-4519/create-table-itest.CreateTableITest.TestSpreadReplicasEvenly.1472161943177725-27674/minicluster-data/ts-2/wals/17aec689be0047b987494787029f6e08.recovery/wal-000000001 because there are no log entries following the corrupted one. The server probably crashed in the middle of writing an entry to the write-ahead log or downloaded an active log via tablet copy. Error detail: Corruption: CRC mismatch in log entry header: Log file corruption detected. Failed trying to read batch #0 at offset 246 for log segment /tmp/kudutest-4519/create-table-itest.CreateTableITest.TestSpreadReplicasEvenly.1472161943177725-27674/minicluster-data/ts-2/wals/17aec689be0047b987494787029f6e08.recovery/wal-000000001: Prior entries: [off=194 REPLICATE (1.1)] [off=194 REPLICATE (49.2)] [off=220 COMMIT (1.1)] [off=246 COMMIT (49.2)]
I0825 15:49:48.061799 7951 log_util.cc:359] Successfully rebuilt footer for segment: /tmp/kudutest-4519/create-table-itest.CreateTableITest.TestSpreadReplicasEvenly.1472161943177725-27674/minicluster-data/ts-2/wals/17aec689be0047b987494787029f6e08.recovery/wal-000000001 (valid entries through byte offset 246)
I0825 15:49:48.061874 7951 tablet.cc:853] T 17aec689be0047b987494787029f6e08 Rewinding schema during bootstrap to Schema [ 10:key[int32 NOT NULL], 11:int_val[int32 NOT NULL], 12:string_val[string NULLABLE] ]
I0825 15:49:48.062700 7931 log_util.cc:606] Found no log entry headers
I0825 15:49:48.062713 7931 log_util.cc:215] Ignoring log segment corruption in /tmp/kudutest-4519/create-table-itest.CreateTableITest.TestSpreadReplicasEvenly.1472161943177725-27674/minicluster-data/ts-0/wals/17aec689be0047b987494787029f6e08.recovery/wal-000000001 because there are no log entries following the corrupted one. The server probably crashed in the middle of writing an entry to the write-ahead log or downloaded an active log via tablet copy. Error detail: Corruption: CRC mismatch in log entry header: Log file corruption detected. Failed trying to read batch #0 at offset 258 for log segment /tmp/kudutest-4519/create-table-itest.CreateTableITest.TestSpreadReplicasEvenly.1472161943177725-27674/minicluster-data/ts-0/wals/17aec689be0047b987494787029f6e08.recovery/wal-000000001: Prior entries: [off=168 REPLICATE (1.1)] [off=206 REPLICATE (49.2)] [off=232 COMMIT (1.1)] [off=258 COMMIT (49.2)]
I0825 15:49:48.062723 7931 log_util.cc:359] Successfully rebuilt footer for segment: /tmp/kudutest-4519/create-table-itest.CreateTableITest.TestSpreadReplicasEvenly.1472161943177725-27674/minicluster-data/ts-0/wals/17aec689be0047b987494787029f6e08.recovery/wal-000000001 (valid entries through byte offset 258)
I0825 15:49:48.062777 7931 tablet.cc:853] T 17aec689be0047b987494787029f6e08 Rewinding schema during bootstrap to Schema [ 10:key[int32 NOT NULL], 11:int_val[int32 NOT NULL], 12:string_val[string NULLABLE] ]
I0825 15:49:48.062959 7951 tablet_bootstrap.cc:400] T 17aec689be0047b987494787029f6e08 P 401cb2671e94452f87838515c7408bdc: Bootstrap replayed 1/1 log segments. Stats: ops{read=2 overwritten=0 applied=2 ignored=0} inserts{seen=0 ignored=0} mutations{seen=0 ignored=0} orphaned_commits=0. Pending: 0 replicates
I0825 15:49:48.062981 7951 tablet_bootstrap.cc:1040] T 17aec689be0047b987494787029f6e08 P 401cb2671e94452f87838515c7408bdc: ReplayState: Previous OpId: 49.2, Committed OpId: 49.2, Pending Replicates: 0, Pending Commits: 0
I0825 15:49:48.063194 7951 tablet_bootstrap.cc:656] T 17aec689be0047b987494787029f6e08 P 401cb2671e94452f87838515c7408bdc: Preparing to delete log recovery files and directory /tmp/kudutest-4519/create-table-itest.CreateTableITest.TestSpreadReplicasEvenly.1472161943177725-27674/minicluster-data/ts-2/wals/17aec689be0047b987494787029f6e08.recovery
I0825 15:49:48.063205 7951 tablet_bootstrap.cc:659] T 17aec689be0047b987494787029f6e08 P 401cb2671e94452f87838515c7408bdc: Renaming log recovery dir from /tmp/kudutest-4519/create-table-itest.CreateTableITest.TestSpreadReplicasEvenly.1472161943177725-27674/minicluster-data/ts-2/wals/17aec689be0047b987494787029f6e08.recovery to /tmp/kudutest-4519/create-table-itest.CreateTableITest.TestSpreadReplicasEvenly.1472161943177725-27674/minicluster-data/ts-2/wals/17aec689be0047b987494787029f6e08.recovery-1472165388063204
I0825 15:49:48.063238 7951 tablet_bootstrap.cc:669] T 17aec689be0047b987494787029f6e08 P 401cb2671e94452f87838515c7408bdc: Deleting all files from renamed log recovery directory /tmp/kudutest-4519/create-table-itest.CreateTableITest.TestSpreadReplicasEvenly.1472161943177725-27674/minicluster-data/ts-2/wals/17aec689be0047b987494787029f6e08.recovery-1472165388063204
I0825 15:49:48.063340 7951 tablet_bootstrap.cc:672] T 17aec689be0047b987494787029f6e08 P 401cb2671e94452f87838515c7408bdc: Completed deletion of old log recovery files and directory /tmp/kudutest-4519/create-table-itest.CreateTableITest.TestSpreadReplicasEvenly.1472161943177725-27674/minicluster-data/ts-2/wals/17aec689be0047b987494787029f6e08.recovery-1472165388063204
I0825 15:49:48.063352 7951 tablet_bootstrap.cc:400] T 17aec689be0047b987494787029f6e08 P 401cb2671e94452f87838515c7408bdc: Bootstrap complete.
I0825 15:49:48.063742 7931 tablet_bootstrap.cc:400] T 17aec689be0047b987494787029f6e08 P d9caa1baaef84124a4a530b35945fad3: Bootstrap replayed 1/1 log segments. Stats: ops{read=2 overwritten=0 applied=2 ignored=0} inserts{seen=0 ignored=0} mutations{seen=0 ignored=0} orphaned_commits=0. Pending: 0 replicates
I0825 15:49:48.063765 7931 tablet_bootstrap.cc:1040] T 17aec689be0047b987494787029f6e08 P d9caa1baaef84124a4a530b35945fad3: ReplayState: Previous OpId: 49.2, Committed OpId: 49.2, Pending Replicates: 0, Pending Commits: 0
I0825 15:49:48.063938 7931 tablet_bootstrap.cc:656] T 17aec689be0047b987494787029f6e08 P d9caa1baaef84124a4a530b35945fad3: Preparing to delete log recovery files and directory /tmp/kudutest-4519/create-table-itest.CreateTableITest.TestSpreadReplicasEvenly.1472161943177725-27674/minicluster-data/ts-0/wals/17aec689be0047b987494787029f6e08.recovery
I0825 15:49:48.063949 7931 tablet_bootstrap.cc:659] T 17aec689be0047b987494787029f6e08 P d9caa1baaef84124a4a530b35945fad3: Renaming log recovery dir from /tmp/kudutest-4519/create-table-itest.CreateTableITest.TestSpreadReplicasEvenly.1472161943177725-27674/minicluster-data/ts-0/wals/17aec689be0047b987494787029f6e08.recovery to /tmp/kudutest-4519/create-table-itest.CreateTableITest.TestSpreadReplicasEvenly.1472161943177725-27674/minicluster-data/ts-0/wals/17aec689be0047b987494787029f6e08.recovery-1472165388063948
I0825 15:49:48.063967 7931 tablet_bootstrap.cc:669] T 17aec689be0047b987494787029f6e08 P d9caa1baaef84124a4a530b35945fad3: Deleting all files from renamed log recovery directory /tmp/kudutest-4519/create-table-itest.CreateTableITest.TestSpreadReplicasEvenly.1472161943177725-27674/minicluster-data/ts-0/wals/17aec689be0047b987494787029f6e08.recovery-1472165388063948
I0825 15:49:48.064059 7931 tablet_bootstrap.cc:672] T 17aec689be0047b987494787029f6e08 P d9caa1baaef84124a4a530b35945fad3: Completed deletion of old log recovery files and directory /tmp/kudutest-4519/create-table-itest.CreateTableITest.TestSpreadReplicasEvenly.1472161943177725-27674/minicluster-data/ts-0/wals/17aec689be0047b987494787029f6e08.recovery-1472165388063948
I0825 15:49:48.064067 7931 tablet_bootstrap.cc:400] T 17aec689be0047b987494787029f6e08 P d9caa1baaef84124a4a530b35945fad3: Bootstrap complete.
I0825 15:49:48.072557 7951 ts_tablet_manager.cc:635] T 17aec689be0047b987494787029f6e08 P 401cb2671e94452f87838515c7408bdc: Time spent bootstrapping tablet: real 0.063s user 0.019s sys 0.043s
I0825 15:49:48.072980 7951 raft_consensus.cc:275] T 17aec689be0047b987494787029f6e08 P 401cb2671e94452f87838515c7408bdc [term 49 FOLLOWER]: Replica starting. Triggering 0 pending transactions. Active config: opid_index: -1 OBSOLETE_local: false peers { permanent_uuid: "92f34d06b19146db82cf42701d2363c5" member_type: VOTER last_known_addr { host: "127.108.26.1" port: 33958 } } peers { permanent_uuid: "d9caa1baaef84124a4a530b35945fad3" member_type: VOTER last_known_addr { host: "127.108.26.0" port: 37291 } } peers { permanent_uuid: "401cb2671e94452f87838515c7408bdc" member_type: VOTER last_known_addr { host: "127.108.26.2" port: 35954 } }
I0825 15:49:48.073012 7951 raft_consensus.cc:503] T 17aec689be0047b987494787029f6e08 P 401cb2671e94452f87838515c7408bdc [term 49 FOLLOWER]: Becoming Follower/Learner. State: Replica: 401cb2671e94452f87838515c7408bdc, State: 1, Role: FOLLOWER Watermarks: {Received: term: 49 index: 2 Committed: term: 49 index: 2}
I0825 15:49:48.073032 7951 consensus_queue.cc:162] T 17aec689be0047b987494787029f6e08 P 401cb2671e94452f87838515c7408bdc [NON_LEADER]: Queue going to NON_LEADER mode. State: All replicated op: 0.0, Majority replicated op: 0.0, Committed index: 0.0, Last appended: 49.2, Current term: 0, Majority size: -1, State: 1, Mode: NON_LEADER
I0825 15:49:48.073230 8270 heartbeater.cc:367] Master 127.0.0.1:57007 was elected leader, sending a full tablet report...
I0825 15:49:48.073249 7951 ts_tablet_manager.cc:662] T 17aec689be0047b987494787029f6e08 P 401cb2671e94452f87838515c7408bdc: Time spent starting tablet: real 0.001s user 0.001s sys 0.000s
I0825 15:49:48.073292 7951 ts_tablet_manager.cc:630] T 1f7a6bd64c604f7fada909bd575708cd P 401cb2671e94452f87838515c7408bdc: Bootstrapping tablet
I0825 15:49:48.073384 7951 tablet_bootstrap.cc:400] T 1f7a6bd64c604f7fada909bd575708cd P 401cb2671e94452f87838515c7408bdc: Bootstrap starting.
I0825 15:49:48.073401 7931 ts_tablet_manager.cc:635] T 17aec689be0047b987494787029f6e08 P d9caa1baaef84124a4a530b35945fad3: Time spent bootstrapping tablet: real 0.063s user 0.020s sys 0.042s
I0825 15:49:48.073639 7951 tablet_bootstrap.cc:563] T 1f7a6bd64c604f7fada909bd575708cd P 401cb2671e94452f87838515c7408bdc: Time spent opening tablet: real 0.000s user 0.000s sys 0.000s
I0825 15:49:48.073690 7951 tablet_bootstrap.cc:619] T 1f7a6bd64c604f7fada909bd575708cd P 401cb2671e94452f87838515c7408bdc: Will attempt to recover log segment /tmp/kudutest-4519/create-table-itest.CreateTableITest.TestSpreadReplicasEvenly.1472161943177725-27674/minicluster-data/ts-2/wals/1f7a6bd64c604f7fada909bd575708cd/wal-000000001 to /tmp/kudutest-4519/create-table-itest.CreateTableITest.TestSpreadReplicasEvenly.1472161943177725-27674/minicluster-data/ts-2/wals/1f7a6bd64c604f7fada909bd575708cd.recovery/wal-000000001
I0825 15:49:48.073699 7951 tablet_bootstrap.cc:627] T 1f7a6bd64c604f7fada909bd575708cd P 401cb2671e94452f87838515c7408bdc: Moving log directory /tmp/kudutest-4519/create-table-itest.CreateTableITest.TestSpreadReplicasEvenly.1472161943177725-27674/minicluster-data/ts-2/wals/1f7a6bd64c604f7fada909bd575708cd to recovery directory /tmp/kudutest-4519/create-table-itest.CreateTableITest.TestSpreadReplicasEvenly.1472161943177725-27674/minicluster-data/ts-2/wals/1f7a6bd64c604f7fada909bd575708cd.recovery in preparation for log replay
I0825 15:49:48.073799 7931 raft_consensus.cc:275] T 17aec689be0047b987494787029f6e08 P d9caa1baaef84124a4a530b35945fad3 [term 49 FOLLOWER]: Replica starting. Triggering 0 pending transactions. Active config: opid_index: -1 OBSOLETE_local: false peers { permanent_uuid: "92f34d06b19146db82cf42701d2363c5" member_type: VOTER last_known_addr { host: "127.108.26.1" port: 33958 } } peers { permanent_uuid: "d9caa1baaef84124a4a530b35945fad3" member_type: VOTER last_known_addr { host: "127.108.26.0" port: 37291 } } peers { permanent_uuid: "401cb2671e94452f87838515c7408bdc" member_type: VOTER last_known_addr { host: "127.108.26.2" port: 35954 } }
W0825 15:49:48.073814 7951 log_util.cc:311] Could not read footer for segment: /tmp/kudutest-4519/create-table-itest.CreateTableITest.TestSpreadReplicasEvenly.1472161943177725-27674/minicluster-data/ts-2/wals/1f7a6bd64c604f7fada909bd575708cd.recovery/wal-000000001: Not found: Footer not found. Footer magic doesn't match
I0825 15:49:48.073823 7951 log_reader.cc:152] Log segment /tmp/kudutest-4519/create-table-itest.CreateTableITest.TestSpreadReplicasEvenly.1472161943177725-27674/minicluster-data/ts-2/wals/1f7a6bd64c604f7fada909bd575708cd.recovery/wal-000000001 was likely left in-progress after a previous crash. Will try to rebuild footer by scanning data.
I0825 15:49:48.073828 7931 raft_consensus.cc:503] T 17aec689be0047b987494787029f6e08 P d9caa1baaef84124a4a530b35945fad3 [term 49 FOLLOWER]: Becoming Follower/Learner. State: Replica: d9caa1baaef84124a4a530b35945fad3, State: 1, Role: FOLLOWER Watermarks: {Received: term: 49 index: 2 Committed: term: 49 index: 2}
I0825 15:49:48.073859 7931 consensus_queue.cc:162] T 17aec689be0047b987494787029f6e08 P d9caa1baaef84124a4a530b35945fad3 [NON_LEADER]: Queue going to NON_LEADER mode. State: All replicated op: 0.0, Majority replicated op: 0.0, Committed index: 0.0, Last appended: 49.2, Current term: 0, Majority size: -1, State: 1, Mode: NON_LEADER
I0825 15:49:48.073873 7951 log_util.cc:569] Scanning /tmp/kudutest-4519/create-table-itest.CreateTableITest.TestSpreadReplicasEvenly.1472161943177725-27674/minicluster-data/ts-2/wals/1f7a6bd64c604f7fada909bd575708cd.recovery/wal-000000001 for valid entry headers following offset 258...
I0825 15:49:48.074023 7931 ts_tablet_manager.cc:662] T 17aec689be0047b987494787029f6e08 P d9caa1baaef84124a4a530b35945fad3: Time spent starting tablet: real 0.001s user 0.001s sys 0.000s
I0825 15:49:48.074043 7931 ts_tablet_manager.cc:630] T 1f7a6bd64c604f7fada909bd575708cd P d9caa1baaef84124a4a530b35945fad3: Bootstrapping tablet
I0825 15:49:48.074128 7931 tablet_bootstrap.cc:400] T 1f7a6bd64c604f7fada909bd575708cd P d9caa1baaef84124a4a530b35945fad3: Bootstrap starting.
I0825 15:49:48.074368 7931 tablet_bootstrap.cc:563] T 1f7a6bd64c604f7fada909bd575708cd P d9caa1baaef84124a4a530b35945fad3: Time spent opening tablet: real 0.000s user 0.000s sys 0.000s
I0825 15:49:48.074415 7931 tablet_bootstrap.cc:619] T 1f7a6bd64c604f7fada909bd575708cd P d9caa1baaef84124a4a530b35945fad3: Will attempt to recover log segment /tmp/kudutest-4519/create-table-itest.CreateTableITest.TestSpreadReplicasEvenly.1472161943177725-27674/minicluster-data/ts-0/wals/1f7a6bd64c604f7fada909bd575708cd/wal-000000001 to /tmp/kudutest-4519/create-table-itest.CreateTableITest.TestSpreadReplicasEvenly.1472161943177725-27674/minicluster-data/ts-0/wals/1f7a6bd64c604f7fada909bd575708cd.recovery/wal-000000001
I0825 15:49:48.074424 7931 tablet_bootstrap.cc:627] T 1f7a6bd64c604f7fada909bd575708cd P d9caa1baaef84124a4a530b35945fad3: Moving log directory /tmp/kudutest-4519/create-table-itest.CreateTableITest.TestSpreadReplicasEvenly.1472161943177725-27674/minicluster-data/ts-0/wals/1f7a6bd64c604f7fada909bd575708cd to recovery directory /tmp/kudutest-4519/create-table-itest.CreateTableITest.TestSpreadReplicasEvenly.1472161943177725-27674/minicluster-data/ts-0/wals/1f7a6bd64c604f7fada909bd575708cd.recovery in preparation for log replay
W0825 15:49:48.074520 7931 log_util.cc:311] Could not read footer for segment: /tmp/kudutest-4519/create-table-itest.CreateTableITest.TestSpreadReplicasEvenly.1472161943177725-27674/minicluster-data/ts-0/wals/1f7a6bd64c604f7fada909bd575708cd.recovery/wal-000000001: Not found: Footer not found. Footer magic doesn't match
I0825 15:49:48.074530 7931 log_reader.cc:152] Log segment /tmp/kudutest-4519/create-table-itest.CreateTableITest.TestSpreadReplicasEvenly.1472161943177725-27674/minicluster-data/ts-0/wals/1f7a6bd64c604f7fada909bd575708cd.recovery/wal-000000001 was likely left in-progress after a previous crash. Will try to rebuild footer by scanning data.
I0825 15:49:48.074568 7931 log_util.cc:569] Scanning /tmp/kudutest-4519/create-table-itest.CreateTableITest.TestSpreadReplicasEvenly.1472161943177725-27674/minicluster-data/ts-0/wals/1f7a6bd64c604f7fada909bd575708cd.recovery/wal-000000001 for valid entry headers following offset 296...
I0825 15:49:48.097137 7913 log_util.cc:606] Found no log entry headers
I0825 15:49:48.097163 7913 log_util.cc:215] Ignoring log segment corruption in /tmp/kudutest-4519/create-table-itest.CreateTableITest.TestSpreadReplicasEvenly.1472161943177725-27674/minicluster-data/ts-1/wals/1f7a6bd64c604f7fada909bd575708cd.recovery/wal-000000001 because there are no log entries following the corrupted one. The server probably crashed in the middle of writing an entry to the write-ahead log or downloaded an active log via tablet copy. Error detail: Corruption: CRC mismatch in log entry header: Log file corruption detected. Failed trying to read batch #0 at offset 258 for log segment /tmp/kudutest-4519/create-table-itest.CreateTableITest.TestSpreadReplicasEvenly.1472161943177725-27674/minicluster-data/ts-1/wals/1f7a6bd64c604f7fada909bd575708cd.recovery/wal-000000001: Prior entries: [off=168 REPLICATE (1.1)] [off=206 REPLICATE (57.2)] [off=232 COMMIT (1.1)] [off=258 COMMIT (57.2)]
I0825 15:49:48.097177 7913 log_util.cc:359] Successfully rebuilt footer for segment: /tmp/kudutest-4519/create-table-itest.CreateTableITest.TestSpreadReplicasEvenly.1472161943177725-27674/minicluster-data/ts-1/wals/1f7a6bd64c604f7fada909bd575708cd.recovery/wal-000000001 (valid entries through byte offset 258)
I0825 15:49:48.097254 7913 tablet.cc:853] T 1f7a6bd64c604f7fada909bd575708cd Rewinding schema during bootstrap to Schema [ 10:key[int32 NOT NULL], 11:int_val[int32 NOT NULL], 12:string_val[string NULLABLE] ]
I0825 15:49:48.098285 7913 tablet_bootstrap.cc:400] T 1f7a6bd64c604f7fada909bd575708cd P 92f34d06b19146db82cf42701d2363c5: Bootstrap replayed 1/1 log segments. Stats: ops{read=2 overwritten=0 applied=2 ignored=0} inserts{seen=0 ignored=0} mutations{seen=0 ignored=0} orphaned_commits=0. Pending: 0 replicates
I0825 15:49:48.098302 7913 tablet_bootstrap.cc:1040] T 1f7a6bd64c604f7fada909bd575708cd P 92f34d06b19146db82cf42701d2363c5: ReplayState: Previous OpId: 57.2, Committed OpId: 57.2, Pending Replicates: 0, Pending Commits: 0
I0825 15:49:48.098508 7913 tablet_bootstrap.cc:656] T 1f7a6bd64c604f7fada909bd575708cd P 92f34d06b19146db82cf42701d2363c5: Preparing to delete log recovery files and directory /tmp/kudutest-4519/create-table-itest.CreateTableITest.TestSpreadReplicasEvenly.1472161943177725-27674/minicluster-data/ts-1/wals/1f7a6bd64c604f7fada909bd575708cd.recovery
I0825 15:49:48.098520 7913 tablet_bootstrap.cc:659] T 1f7a6bd64c604f7fada909bd575708cd P 92f34d06b19146db82cf42701d2363c5: Renaming log recovery dir from /tmp/kudutest-4519/create-table-itest.CreateTableITest.TestSpreadReplicasEvenly.1472161943177725-27674/minicluster-data/ts-1/wals/1f7a6bd64c604f7fada909bd575708cd.recovery to /tmp/kudutest-4519/create-table-itest.CreateTableITest.TestSpreadReplicasEvenly.1472161943177725-27674/minicluster-data/ts-1/wals/1f7a6bd64c604f7fada909bd575708cd.recovery-1472165388098518
I0825 15:49:48.098537 7913 tablet_bootstrap.cc:669] T 1f7a6bd64c604f7fada909bd575708cd P 92f34d06b19146db82cf42701d2363c5: Deleting all files from renamed log recovery directory /tmp/kudutest-4519/create-table-itest.CreateTableITest.TestSpreadReplicasEvenly.1472161943177725-27674/minicluster-data/ts-1/wals/1f7a6bd64c604f7fada909bd575708cd.recovery-1472165388098518
I0825 15:49:48.098711 7913 tablet_bootstrap.cc:672] T 1f7a6bd64c604f7fada909bd575708cd P 92f34d06b19146db82cf42701d2363c5: Completed deletion of old log recovery files and directory /tmp/kudutest-4519/create-table-itest.CreateTableITest.TestSpreadReplicasEvenly.1472161943177725-27674/minicluster-data/ts-1/wals/1f7a6bd64c604f7fada909bd575708cd.recovery-1472165388098518
I0825 15:49:48.098722 7913 tablet_bootstrap.cc:400] T 1f7a6bd64c604f7fada909bd575708cd P 92f34d06b19146db82cf42701d2363c5: Bootstrap complete.
I0825 15:49:48.105147 7913 ts_tablet_manager.cc:635] T 1f7a6bd64c604f7fada909bd575708cd P 92f34d06b19146db82cf42701d2363c5: Time spent bootstrapping tablet: real 0.052s user 0.019s sys 0.033s
I0825 15:49:48.105537 7913 raft_consensus.cc:275] T 1f7a6bd64c604f7fada909bd575708cd P 92f34d06b19146db82cf42701d2363c5 [term 57 FOLLOWER]: Replica starting. Triggering 0 pending transactions. Active config: opid_index: -1 OBSOLETE_local: false peers { permanent_uuid: "401cb2671e94452f87838515c7408bdc" member_type: VOTER last_known_addr { host: "127.108.26.2" port: 35954 } } peers { permanent_uuid: "92f34d06b19146db82cf42701d2363c5" member_type: VOTER last_known_addr { host: "127.108.26.1" port: 33958 } } peers { permanent_uuid: "d9caa1baaef84124a4a530b35945fad3" member_type: VOTER last_known_addr { host: "127.108.26.0" port: 37291 } }
I0825 15:49:48.105566 7913 raft_consensus.cc:503] T 1f7a6bd64c604f7fada909bd575708cd P 92f34d06b19146db82cf42701d2363c5 [term 57 FOLLOWER]: Becoming Follower/Learner. State: Replica: 92f34d06b19146db82cf42701d2363c5, State: 1, Role: FOLLOWER Watermarks: {Received: term: 57 index: 2 Committed: term: 57 index: 2}
I0825 15:49:48.105586 7913 consensus_queue.cc:162] T 1f7a6bd64c604f7fada909bd575708cd P 92f34d06b19146db82cf42701d2363c5 [NON_LEADER]: Queue going to NON_LEADER mode. State: All replicated op: 0.0, Majority replicated op: 0.0, Committed index: 0.0, Last appended: 57.2, Current term: 0, Majority size: -1, State: 1, Mode: NON_LEADER
I0825 15:49:48.105764 8219 heartbeater.cc:367] Master 127.0.0.1:57007 was elected leader, sending a full tablet report...
I0825 15:49:48.105819 7913 ts_tablet_manager.cc:662] T 1f7a6bd64c604f7fada909bd575708cd P 92f34d06b19146db82cf42701d2363c5: Time spent starting tablet: real 0.001s user 0.000s sys 0.001s
I0825 15:49:48.121613 7951 log_util.cc:606] Found no log entry headers
I0825 15:49:48.121634 7951 log_util.cc:215] Ignoring log segment corruption in /tmp/kudutest-4519/create-table-itest.CreateTableITest.TestSpreadReplicasEvenly.1472161943177725-27674/minicluster-data/ts-2/wals/1f7a6bd64c604f7fada909bd575708cd.recovery/wal-000000001 because there are no log entries following the corrupted one. The server probably crashed in the middle of writing an entry to the write-ahead log or downloaded an active log via tablet copy. Error detail: Corruption: CRC mismatch in log entry header: Log file corruption detected. Failed trying to read batch #0 at offset 246 for log segment /tmp/kudutest-4519/create-table-itest.CreateTableITest.TestSpreadReplicasEvenly.1472161943177725-27674/minicluster-data/ts-2/wals/1f7a6bd64c604f7fada909bd575708cd.recovery/wal-000000001: Prior entries: [off=194 REPLICATE (1.1)] [off=194 REPLICATE (57.2)] [off=220 COMMIT (1.1)] [off=246 COMMIT (57.2)]
I0825 15:49:48.121646 7951 log_util.cc:359] Successfully rebuilt footer for segment: /tmp/kudutest-4519/create-table-itest.CreateTableITest.TestSpreadReplicasEvenly.1472161943177725-27674/minicluster-data/ts-2/wals/1f7a6bd64c604f7fada909bd575708cd.recovery/wal-000000001 (valid entries through byte offset 246)
I0825 15:49:48.121721 7951 tablet.cc:853] T 1f7a6bd64c604f7fada909bd575708cd Rewinding schema during bootstrap to Schema [ 10:key[int32 NOT NULL], 11:int_val[int32 NOT NULL], 12:string_val[string NULLABLE] ]
I0825 15:49:48.122763 7951 tablet_bootstrap.cc:400] T 1f7a6bd64c604f7fada909bd575708cd P 401cb2671e94452f87838515c7408bdc: Bootstrap replayed 1/1 log segments. Stats: ops{read=2 overwritten=0 applied=2 ignored=0} inserts{seen=0 ignored=0} mutations{seen=0 ignored=0} orphaned_commits=0. Pending: 0 replicates
I0825 15:49:48.122787 7951 tablet_bootstrap.cc:1040] T 1f7a6bd64c604f7fada909bd575708cd P 401cb2671e94452f87838515c7408bdc: ReplayState: Previous OpId: 57.2, Committed OpId: 57.2, Pending Replicates: 0, Pending Commits: 0
I0825 15:49:48.122979 7951 tablet_bootstrap.cc:656] T 1f7a6bd64c604f7fada909bd575708cd P 401cb2671e94452f87838515c7408bdc: Preparing to delete log recovery files and directory /tmp/kudutest-4519/create-table-itest.CreateTableITest.TestSpreadReplicasEvenly.1472161943177725-27674/minicluster-data/ts-2/wals/1f7a6bd64c604f7fada909bd575708cd.recovery
I0825 15:49:48.122989 7951 tablet_bootstrap.cc:659] T 1f7a6bd64c604f7fada909bd575708cd P 401cb2671e94452f87838515c7408bdc: Renaming log recovery dir from /tmp/kudutest-4519/create-table-itest.CreateTableITest.TestSpreadReplicasEvenly.1472161943177725-27674/minicluster-data/ts-2/wals/1f7a6bd64c604f7fada909bd575708cd.recovery to /tmp/kudutest-4519/create-table-itest.CreateTableITest.TestSpreadReplicasEvenly.1472161943177725-27674/minicluster-data/ts-2/wals/1f7a6bd64c604f7fada909bd575708cd.recovery-1472165388122988
I0825 15:49:48.123008 7951 tablet_bootstrap.cc:669] T 1f7a6bd64c604f7fada909bd575708cd P 401cb2671e94452f87838515c7408bdc: Deleting all files from renamed log recovery directory /tmp/kudutest-4519/create-table-itest.CreateTableITest.TestSpreadReplicasEvenly.1472161943177725-27674/minicluster-data/ts-2/wals/1f7a6bd64c604f7fada909bd575708cd.recovery-1472165388122988
I0825 15:49:48.123080 7931 log_util.cc:606] Found no log entry headers
I0825 15:49:48.123092 7931 log_util.cc:215] Ignoring log segment corruption in /tmp/kudutest-4519/create-table-itest.CreateTableITest.TestSpreadReplicasEvenly.1472161943177725-27674/minicluster-data/ts-0/wals/1f7a6bd64c604f7fada909bd575708cd.recovery/wal-000000001 because there are no log entries following the corrupted one. The server probably crashed in the middle of writing an entry to the write-ahead log or downloaded an active log via tablet copy. Error detail: Corruption: CRC mismatch in log entry header: Log file corruption detected. Failed trying to read batch #0 at offset 284 for log segment /tmp/kudutest-4519/create-table-itest.CreateTableITest.TestSpreadReplicasEvenly.1472161943177725-27674/minicluster-data/ts-0/wals/1f7a6bd64c604f7fada909bd575708cd.recovery/wal-000000001: Prior entries: [off=232 REPLICATE (1.1)] [off=232 REPLICATE (57.2)] [off=258 COMMIT (1.1)] [off=284 COMMIT (57.2)]
I0825 15:49:48.123097 7951 tablet_bootstrap.cc:672] T 1f7a6bd64c604f7fada909bd575708cd P 401cb2671e94452f87838515c7408bdc: Completed deletion of old log recovery files and directory /tmp/kudutest-4519/create-table-itest.CreateTableITest.TestSpreadReplicasEvenly.1472161943177725-27674/minicluster-data/ts-2/wals/1f7a6bd64c604f7fada909bd575708cd.recovery-1472165388122988
I0825 15:49:48.123101 7931 log_util.cc:359] Successfully rebuilt footer for segment: /tmp/kudutest-4519/create-table-itest.CreateTableITest.TestSpreadReplicasEvenly.1472161943177725-27674/minicluster-data/ts-0/wals/1f7a6bd64c604f7fada909bd575708cd.recovery/wal-000000001 (valid entries through byte offset 284)
I0825 15:49:48.123108 7951 tablet_bootstrap.cc:400] T 1f7a6bd64c604f7fada909bd575708cd P 401cb2671e94452f87838515c7408bdc: Bootstrap complete.
I0825 15:49:48.123149 7931 tablet.cc:853] T 1f7a6bd64c604f7fada909bd575708cd Rewinding schema during bootstrap to Schema [ 10:key[int32 NOT NULL], 11:int_val[int32 NOT NULL], 12:string_val[string NULLABLE] ]
I0825 15:49:48.123999 7931 tablet_bootstrap.cc:833] T 1f7a6bd64c604f7fada909bd575708cd P d9caa1baaef84124a4a530b35945fad3: Overwriting operations starting at: 56.1 up to: 56.1 with operation: 1.1
I0825 15:49:48.124073 7931 tablet_bootstrap.cc:400] T 1f7a6bd64c604f7fada909bd575708cd P d9caa1baaef84124a4a530b35945fad3: Bootstrap replayed 1/1 log segments. Stats: ops{read=3 overwritten=1 applied=2 ignored=0} inserts{seen=0 ignored=0} mutations{seen=0 ignored=0} orphaned_commits=0. Pending: 0 replicates
I0825 15:49:48.124099 7931 tablet_bootstrap.cc:1040] T 1f7a6bd64c604f7fada909bd575708cd P d9caa1baaef84124a4a530b35945fad3: ReplayState: Previous OpId: 57.2, Committed OpId: 57.2, Pending Replicates: 0, Pending Commits: 0
I0825 15:49:48.124272 7931 tablet_bootstrap.cc:656] T 1f7a6bd64c604f7fada909bd575708cd P d9caa1baaef84124a4a530b35945fad3: Preparing to delete log recovery files and directory /tmp/kudutest-4519/create-table-itest.CreateTableITest.TestSpreadReplicasEvenly.1472161943177725-27674/minicluster-data/ts-0/wals/1f7a6bd64c604f7fada909bd575708cd.recovery
I0825 15:49:48.124282 7931 tablet_bootstrap.cc:659] T 1f7a6bd64c604f7fada909bd575708cd P d9caa1baaef84124a4a530b35945fad3: Renaming log recovery dir from /tmp/kudutest-4519/create-table-itest.CreateTableITest.TestSpreadReplicasEvenly.1472161943177725-27674/minicluster-data/ts-0/wals/1f7a6bd64c604f7fada909bd575708cd.recovery to /tmp/kudutest-4519/create-table-itest.CreateTableITest.TestSpreadReplicasEvenly.1472161943177725-27674/minicluster-data/ts-0/wals/1f7a6bd64c604f7fada909bd575708cd.recovery-1472165388124282
I0825 15:49:48.124300 7931 tablet_bootstrap.cc:669] T 1f7a6bd64c604f7fada909bd575708cd P d9caa1baaef84124a4a530b35945fad3: Deleting all files from renamed log recovery directory /tmp/kudutest-4519/create-table-itest.CreateTableITest.TestSpreadReplicasEvenly.1472161943177725-27674/minicluster-data/ts-0/wals/1f7a6bd64c604f7fada909bd575708cd.recovery-1472165388124282
I0825 15:49:48.124382 7931 tablet_bootstrap.cc:672] T 1f7a6bd64c604f7fada909bd575708cd P d9caa1baaef84124a4a530b35945fad3: Completed deletion of old log recovery files and directory /tmp/kudutest-4519/create-table-itest.CreateTableITest.TestSpreadReplicasEvenly.1472161943177725-27674/minicluster-data/ts-0/wals/1f7a6bd64c604f7fada909bd575708cd.recovery-1472165388124282
I0825 15:49:48.124392 7931 tablet_bootstrap.cc:400] T 1f7a6bd64c604f7fada909bd575708cd P d9caa1baaef84124a4a530b35945fad3: Bootstrap complete.
I0825 15:49:48.132529 7951 ts_tablet_manager.cc:635] T 1f7a6bd64c604f7fada909bd575708cd P 401cb2671e94452f87838515c7408bdc: Time spent bootstrapping tablet: real 0.059s user 0.020s sys 0.038s
I0825 15:49:48.132972 7951 raft_consensus.cc:275] T 1f7a6bd64c604f7fada909bd575708cd P 401cb2671e94452f87838515c7408bdc [term 57 FOLLOWER]: Replica starting. Triggering 0 pending transactions. Active config: opid_index: -1 OBSOLETE_local: false peers { permanent_uuid: "401cb2671e94452f87838515c7408bdc" member_type: VOTER last_known_addr { host: "127.108.26.2" port: 35954 } } peers { permanent_uuid: "92f34d06b19146db82cf42701d2363c5" member_type: VOTER last_known_addr { host: "127.108.26.1" port: 33958 } } peers { permanent_uuid: "d9caa1baaef84124a4a530b35945fad3" member_type: VOTER last_known_addr { host: "127.108.26.0" port: 37291 } }
I0825 15:49:48.133002 7951 raft_consensus.cc:503] T 1f7a6bd64c604f7fada909bd575708cd P 401cb2671e94452f87838515c7408bdc [term 57 FOLLOWER]: Becoming Follower/Learner. State: Replica: 401cb2671e94452f87838515c7408bdc, State: 1, Role: FOLLOWER Watermarks: {Received: term: 57 index: 2 Committed: term: 57 index: 2}
I0825 15:49:48.133019 7951 consensus_queue.cc:162] T 1f7a6bd64c604f7fada909bd575708cd P 401cb2671e94452f87838515c7408bdc [NON_LEADER]: Queue going to NON_LEADER mode. State: All replicated op: 0.0, Majority replicated op: 0.0, Committed index: 0.0, Last appended: 57.2, Current term: 0, Majority size: -1, State: 1, Mode: NON_LEADER
I0825 15:49:48.133252 7951 ts_tablet_manager.cc:662] T 1f7a6bd64c604f7fada909bd575708cd P 401cb2671e94452f87838515c7408bdc: Time spent starting tablet: real 0.001s user 0.000s sys 0.002s
I0825 15:49:48.133949 7931 ts_tablet_manager.cc:635] T 1f7a6bd64c604f7fada909bd575708cd P d9caa1baaef84124a4a530b35945fad3: Time spent bootstrapping tablet: real 0.060s user 0.016s sys 0.044s
I0825 15:49:48.134367 7931 raft_consensus.cc:275] T 1f7a6bd64c604f7fada909bd575708cd P d9caa1baaef84124a4a530b35945fad3 [term 57 FOLLOWER]: Replica starting. Triggering 0 pending transactions. Active config: opid_index: -1 OBSOLETE_local: false peers { permanent_uuid: "401cb2671e94452f87838515c7408bdc" member_type: VOTER last_known_addr { host: "127.108.26.2" port: 35954 } } peers { permanent_uuid: "92f34d06b19146db82cf42701d2363c5" member_type: VOTER last_known_addr { host: "127.108.26.1" port: 33958 } } peers { permanent_uuid: "d9caa1baaef84124a4a530b35945fad3" member_type: VOTER last_known_addr { host: "127.108.26.0" port: 37291 } }
I0825 15:49:48.134394 7931 raft_consensus.cc:503] T 1f7a6bd64c604f7fada909bd575708cd P d9caa1baaef84124a4a530b35945fad3 [term 57 FOLLOWER]: Becoming Follower/Learner. State: Replica: d9caa1baaef84124a4a530b35945fad3, State: 1, Role: FOLLOWER Watermarks: {Received: term: 57 index: 2 Committed: term: 57 index: 2}
I0825 15:49:48.134420 7931 consensus_queue.cc:162] T 1f7a6bd64c604f7fada909bd575708cd P d9caa1baaef84124a4a530b35945fad3 [NON_LEADER]: Queue going to NON_LEADER mode. State: All replicated op: 0.0, Majority replicated op: 0.0, Committed index: 0.0, Last appended: 57.2, Current term: 0, Majority size: -1, State: 1, Mode: NON_LEADER
I0825 15:49:48.134629 7931 ts_tablet_manager.cc:662] T 1f7a6bd64c604f7fada909bd575708cd P d9caa1baaef84124a4a530b35945fad3: Time spent starting tablet: real 0.001s user 0.000s sys 0.000s
I0825 15:49:48.182786 7868 delta_compaction.cc:259] Starting major delta compaction for columns metadata[string NOT NULL]
I0825 15:49:48.182817 7868 delta_compaction.cc:263] Preparing to major compact delta file: 482005392666535073
I0825 15:49:48.182947 7868 multi_column_writer.cc:85] Opened CFile writer for column metadata[string NOT NULL]
I0825 15:49:48.189944 7868 delta_compaction.cc:269] Finished major delta compaction of columns metadata[string NOT NULL]
I0825 15:49:48.192095 7868 maintenance_manager.cc:353] Time spent running MajorDeltaCompactionOp(00000000000000000000000000000000): real 0.009s user 0.001s sys 0.000s
I0825 15:49:49.580644 8309 raft_consensus.cc:376] T 17aec689be0047b987494787029f6e08 P 401cb2671e94452f87838515c7408bdc [term 49 FOLLOWER]: No leader contacted us within the election timeout. Triggering leader election
I0825 15:49:49.580667 8309 raft_consensus.cc:2022] T 17aec689be0047b987494787029f6e08 P 401cb2671e94452f87838515c7408bdc [term 49 FOLLOWER]: Advancing to term 50
