I0825 15:49:49.581017 8309 raft_consensus.cc:1973] T 17aec689be0047b987494787029f6e08 P 401cb2671e94452f87838515c7408bdc [term 50 FOLLOWER]: Snoozing failure detection for election timeout plus an additional 1.581s
I0825 15:49:49.581049 8309 raft_consensus.cc:392] T 17aec689be0047b987494787029f6e08 P 401cb2671e94452f87838515c7408bdc [term 50 FOLLOWER]: Starting election with config: opid_index: -1 OBSOLETE_local: false peers { permanent_uuid: "92f34d06b19146db82cf42701d2363c5" member_type: VOTER last_known_addr { host: "127.108.26.1" port: 33958 } } peers { permanent_uuid: "d9caa1baaef84124a4a530b35945fad3" member_type: VOTER last_known_addr { host: "127.108.26.0" port: 37291 } } peers { permanent_uuid: "401cb2671e94452f87838515c7408bdc" member_type: VOTER last_known_addr { host: "127.108.26.2" port: 35954 } }
I0825 15:49:49.581310 8309 leader_election.cc:223] T 17aec689be0047b987494787029f6e08 P 401cb2671e94452f87838515c7408bdc [CANDIDATE]: Term 50 election: Requesting vote from peer 92f34d06b19146db82cf42701d2363c5
I0825 15:49:49.581344 8309 leader_election.cc:223] T 17aec689be0047b987494787029f6e08 P 401cb2671e94452f87838515c7408bdc [CANDIDATE]: Term 50 election: Requesting vote from peer d9caa1baaef84124a4a530b35945fad3
I0825 15:49:49.582447 8090 raft_consensus.cc:2022] T 17aec689be0047b987494787029f6e08 P 92f34d06b19146db82cf42701d2363c5 [term 49 FOLLOWER]: Advancing to term 50
I0825 15:49:49.582451 8151 raft_consensus.cc:2022] T 17aec689be0047b987494787029f6e08 P d9caa1baaef84124a4a530b35945fad3 [term 49 FOLLOWER]: Advancing to term 50
I0825 15:49:49.582797 8151 raft_consensus.cc:1973] T 17aec689be0047b987494787029f6e08 P d9caa1baaef84124a4a530b35945fad3 [term 50 FOLLOWER]: Snoozing failure detection for election timeout plus an additional 1.506s
I0825 15:49:49.582809 8090 raft_consensus.cc:1973] T 17aec689be0047b987494787029f6e08 P 92f34d06b19146db82cf42701d2363c5 [term 50 FOLLOWER]: Snoozing failure detection for election timeout plus an additional 1.544s
I0825 15:49:49.583122 8151 raft_consensus.cc:1679] T 17aec689be0047b987494787029f6e08 P d9caa1baaef84124a4a530b35945fad3 [term 50 FOLLOWER]: Leader election vote request: Granting yes vote for candidate 401cb2671e94452f87838515c7408bdc in term 50.
I0825 15:49:49.583149 8090 raft_consensus.cc:1679] T 17aec689be0047b987494787029f6e08 P 92f34d06b19146db82cf42701d2363c5 [term 50 FOLLOWER]: Leader election vote request: Granting yes vote for candidate 401cb2671e94452f87838515c7408bdc in term 50.
I0825 15:49:49.583246 7914 leader_election.cc:347] T 17aec689be0047b987494787029f6e08 P 401cb2671e94452f87838515c7408bdc [CANDIDATE]: Term 50 election: Vote granted by peer d9caa1baaef84124a4a530b35945fad3
I0825 15:49:49.583261 7914 leader_election.cc:248] T 17aec689be0047b987494787029f6e08 P 401cb2671e94452f87838515c7408bdc [CANDIDATE]: Term 50 election: Election decided. Result: candidate won.
I0825 15:49:49.583283 7920 leader_election.cc:347] T 17aec689be0047b987494787029f6e08 P 401cb2671e94452f87838515c7408bdc [CANDIDATE]: Term 50 election: Vote granted by peer 92f34d06b19146db82cf42701d2363c5
I0825 15:49:49.583420 8330 raft_consensus.cc:1973] T 17aec689be0047b987494787029f6e08 P 401cb2671e94452f87838515c7408bdc [term 50 FOLLOWER]: Snoozing failure detection for election timeout plus an additional 1.557s
I0825 15:49:49.583441 8330 raft_consensus.cc:1863] T 17aec689be0047b987494787029f6e08 P 401cb2671e94452f87838515c7408bdc [term 50 FOLLOWER]: Leader election won for term 50
I0825 15:49:49.583694 8330 raft_consensus.cc:468] T 17aec689be0047b987494787029f6e08 P 401cb2671e94452f87838515c7408bdc [term 50 LEADER]: Becoming Leader. State: Replica: 401cb2671e94452f87838515c7408bdc, State: 1, Role: LEADER Watermarks: {Received: term: 49 index: 2 Committed: term: 49 index: 2}
I0825 15:49:49.583786 8330 consensus_queue.cc:145] T 17aec689be0047b987494787029f6e08 P 401cb2671e94452f87838515c7408bdc [LEADER]: Queue going to LEADER mode. State: All replicated op: 0.0, Majority replicated op: 49.2, Committed index: 49.2, Last appended: 49.2, Current term: 50, Majority size: 2, State: 1, Mode: LEADER, active raft config: opid_index: -1 OBSOLETE_local: false peers { permanent_uuid: "92f34d06b19146db82cf42701d2363c5" member_type: VOTER last_known_addr { host: "127.108.26.1" port: 33958 } } peers { permanent_uuid: "d9caa1baaef84124a4a530b35945fad3" member_type: VOTER last_known_addr { host: "127.108.26.0" port: 37291 } } peers { permanent_uuid: "401cb2671e94452f87838515c7408bdc" member_type: VOTER last_known_addr { host: "127.108.26.2" port: 35954 } }
W0825 15:49:49.584823 8334 raft_consensus_state.cc:543] T 17aec689be0047b987494787029f6e08 P 401cb2671e94452f87838515c7408bdc [term 50 LEADER]: Can't advance the committed index across term boundaries until operations from the current term are replicated. Last committed operation was: term: 49 index: 2, New majority replicated is: term: 49 index: 2, Current term is: 50
I0825 15:49:49.584913 7902 catalog_manager.cc:2018] T 17aec689be0047b987494787029f6e08 reported consensus state change: term changed from 49 to 50, leader changed from d9caa1baaef84124a4a530b35945fad3 (127.108.26.0) to 401cb2671e94452f87838515c7408bdc (127.108.26.2). New consensus state: current_term: 50 leader_uuid: "401cb2671e94452f87838515c7408bdc" config { opid_index: -1 OBSOLETE_local: false peers { permanent_uuid: "92f34d06b19146db82cf42701d2363c5" member_type: VOTER last_known_addr { host: "127.108.26.1" port: 33958 } } peers { permanent_uuid: "d9caa1baaef84124a4a530b35945fad3" member_type: VOTER last_known_addr { host: "127.108.26.0" port: 37291 } } peers { permanent_uuid: "401cb2671e94452f87838515c7408bdc" member_type: VOTER last_known_addr { host: "127.108.26.2" port: 35954 } } }
I0825 15:49:49.615257 8279 raft_consensus.cc:376] T f32f6e0b1f354643b6b030599a359fa6 P 92f34d06b19146db82cf42701d2363c5 [term 50 FOLLOWER]: No leader contacted us within the election timeout. Triggering leader election
I0825 15:49:49.615274 8279 raft_consensus.cc:2022] T f32f6e0b1f354643b6b030599a359fa6 P 92f34d06b19146db82cf42701d2363c5 [term 50 FOLLOWER]: Advancing to term 51
I0825 15:49:49.615509 8279 raft_consensus.cc:1973] T f32f6e0b1f354643b6b030599a359fa6 P 92f34d06b19146db82cf42701d2363c5 [term 51 FOLLOWER]: Snoozing failure detection for election timeout plus an additional 1.646s
I0825 15:49:49.615541 8279 raft_consensus.cc:392] T f32f6e0b1f354643b6b030599a359fa6 P 92f34d06b19146db82cf42701d2363c5 [term 51 FOLLOWER]: Starting election with config: opid_index: -1 OBSOLETE_local: false peers { permanent_uuid: "d9caa1baaef84124a4a530b35945fad3" member_type: VOTER last_known_addr { host: "127.108.26.0" port: 37291 } } peers { permanent_uuid: "92f34d06b19146db82cf42701d2363c5" member_type: VOTER last_known_addr { host: "127.108.26.1" port: 33958 } } peers { permanent_uuid: "401cb2671e94452f87838515c7408bdc" member_type: VOTER last_known_addr { host: "127.108.26.2" port: 35954 } }
I0825 15:49:49.615945 8279 leader_election.cc:223] T f32f6e0b1f354643b6b030599a359fa6 P 92f34d06b19146db82cf42701d2363c5 [CANDIDATE]: Term 51 election: Requesting vote from peer d9caa1baaef84124a4a530b35945fad3
I0825 15:49:49.615990 8279 leader_election.cc:223] T f32f6e0b1f354643b6b030599a359fa6 P 92f34d06b19146db82cf42701d2363c5 [CANDIDATE]: Term 51 election: Requesting vote from peer 401cb2671e94452f87838515c7408bdc
I0825 15:49:49.616873 8151 raft_consensus.cc:2022] T f32f6e0b1f354643b6b030599a359fa6 P d9caa1baaef84124a4a530b35945fad3 [term 50 FOLLOWER]: Advancing to term 51
I0825 15:49:49.616950 8170 raft_consensus.cc:2022] T f32f6e0b1f354643b6b030599a359fa6 P 401cb2671e94452f87838515c7408bdc [term 50 FOLLOWER]: Advancing to term 51
I0825 15:49:49.617198 8151 raft_consensus.cc:1973] T f32f6e0b1f354643b6b030599a359fa6 P d9caa1baaef84124a4a530b35945fad3 [term 51 FOLLOWER]: Snoozing failure detection for election timeout plus an additional 1.550s
I0825 15:49:49.617281 8170 raft_consensus.cc:1973] T f32f6e0b1f354643b6b030599a359fa6 P 401cb2671e94452f87838515c7408bdc [term 51 FOLLOWER]: Snoozing failure detection for election timeout plus an additional 1.617s
I0825 15:49:49.617491 8170 raft_consensus.cc:1679] T f32f6e0b1f354643b6b030599a359fa6 P 401cb2671e94452f87838515c7408bdc [term 51 FOLLOWER]: Leader election vote request: Granting yes vote for candidate 92f34d06b19146db82cf42701d2363c5 in term 51.
I0825 15:49:49.617507 8151 raft_consensus.cc:1679] T f32f6e0b1f354643b6b030599a359fa6 P d9caa1baaef84124a4a530b35945fad3 [term 51 FOLLOWER]: Leader election vote request: Granting yes vote for candidate 92f34d06b19146db82cf42701d2363c5 in term 51.
I0825 15:49:49.617655 7889 leader_election.cc:347] T f32f6e0b1f354643b6b030599a359fa6 P 92f34d06b19146db82cf42701d2363c5 [CANDIDATE]: Term 51 election: Vote granted by peer 401cb2671e94452f87838515c7408bdc
I0825 15:49:49.617689 7889 leader_election.cc:248] T f32f6e0b1f354643b6b030599a359fa6 P 92f34d06b19146db82cf42701d2363c5 [CANDIDATE]: Term 51 election: Election decided. Result: candidate won.
I0825 15:49:49.617705 7886 leader_election.cc:347] T f32f6e0b1f354643b6b030599a359fa6 P 92f34d06b19146db82cf42701d2363c5 [CANDIDATE]: Term 51 election: Vote granted by peer d9caa1baaef84124a4a530b35945fad3
I0825 15:49:49.617913 8340 raft_consensus.cc:1973] T f32f6e0b1f354643b6b030599a359fa6 P 92f34d06b19146db82cf42701d2363c5 [term 51 FOLLOWER]: Snoozing failure detection for election timeout plus an additional 1.578s
I0825 15:49:49.617943 8340 raft_consensus.cc:1863] T f32f6e0b1f354643b6b030599a359fa6 P 92f34d06b19146db82cf42701d2363c5 [term 51 FOLLOWER]: Leader election won for term 51
I0825 15:49:49.618177 8340 raft_consensus.cc:468] T f32f6e0b1f354643b6b030599a359fa6 P 92f34d06b19146db82cf42701d2363c5 [term 51 LEADER]: Becoming Leader. State: Replica: 92f34d06b19146db82cf42701d2363c5, State: 1, Role: LEADER Watermarks: {Received: term: 50 index: 2 Committed: term: 50 index: 2}
I0825 15:49:49.618252 8340 consensus_queue.cc:145] T f32f6e0b1f354643b6b030599a359fa6 P 92f34d06b19146db82cf42701d2363c5 [LEADER]: Queue going to LEADER mode. State: All replicated op: 0.0, Majority replicated op: 50.2, Committed index: 50.2, Last appended: 50.2, Current term: 51, Majority size: 2, State: 1, Mode: LEADER, active raft config: opid_index: -1 OBSOLETE_local: false peers { permanent_uuid: "d9caa1baaef84124a4a530b35945fad3" member_type: VOTER last_known_addr { host: "127.108.26.0" port: 37291 } } peers { permanent_uuid: "92f34d06b19146db82cf42701d2363c5" member_type: VOTER last_known_addr { host: "127.108.26.1" port: 33958 } } peers { permanent_uuid: "401cb2671e94452f87838515c7408bdc" member_type: VOTER last_known_addr { host: "127.108.26.2" port: 35954 } }
W0825 15:49:49.619187 8344 raft_consensus_state.cc:543] T f32f6e0b1f354643b6b030599a359fa6 P 92f34d06b19146db82cf42701d2363c5 [term 51 LEADER]: Can't advance the committed index across term boundaries until operations from the current term are replicated. Last committed operation was: term: 50 index: 2, New majority replicated is: term: 50 index: 2, Current term is: 51
I0825 15:49:49.619201 7902 catalog_manager.cc:2018] T f32f6e0b1f354643b6b030599a359fa6 reported consensus state change: term changed from 50 to 51. New consensus state: current_term: 51 leader_uuid: "92f34d06b19146db82cf42701d2363c5" config { opid_index: -1 OBSOLETE_local: false peers { permanent_uuid: "d9caa1baaef84124a4a530b35945fad3" member_type: VOTER last_known_addr { host: "127.108.26.0" port: 37291 } } peers { permanent_uuid: "92f34d06b19146db82cf42701d2363c5" member_type: VOTER last_known_addr { host: "127.108.26.1" port: 33958 } } peers { permanent_uuid: "401cb2671e94452f87838515c7408bdc" member_type: VOTER last_known_addr { host: "127.108.26.2" port: 35954 } } }
I0825 15:49:49.707619 8324 raft_consensus.cc:376] T 1f7a6bd64c604f7fada909bd575708cd P d9caa1baaef84124a4a530b35945fad3 [term 57 FOLLOWER]: No leader contacted us within the election timeout. Triggering leader election
I0825 15:49:49.707633 8324 raft_consensus.cc:2022] T 1f7a6bd64c604f7fada909bd575708cd P d9caa1baaef84124a4a530b35945fad3 [term 57 FOLLOWER]: Advancing to term 58
I0825 15:49:49.707824 8324 raft_consensus.cc:1973] T 1f7a6bd64c604f7fada909bd575708cd P d9caa1baaef84124a4a530b35945fad3 [term 58 FOLLOWER]: Snoozing failure detection for election timeout plus an additional 1.520s
I0825 15:49:49.707851 8324 raft_consensus.cc:392] T 1f7a6bd64c604f7fada909bd575708cd P d9caa1baaef84124a4a530b35945fad3 [term 58 FOLLOWER]: Starting election with config: opid_index: -1 OBSOLETE_local: false peers { permanent_uuid: "401cb2671e94452f87838515c7408bdc" member_type: VOTER last_known_addr { host: "127.108.26.2" port: 35954 } } peers { permanent_uuid: "92f34d06b19146db82cf42701d2363c5" member_type: VOTER last_known_addr { host: "127.108.26.1" port: 33958 } } peers { permanent_uuid: "d9caa1baaef84124a4a530b35945fad3" member_type: VOTER last_known_addr { host: "127.108.26.0" port: 37291 } }
I0825 15:49:49.708204 8324 leader_election.cc:223] T 1f7a6bd64c604f7fada909bd575708cd P d9caa1baaef84124a4a530b35945fad3 [CANDIDATE]: Term 58 election: Requesting vote from peer 401cb2671e94452f87838515c7408bdc
I0825 15:49:49.708235 8324 leader_election.cc:223] T 1f7a6bd64c604f7fada909bd575708cd P d9caa1baaef84124a4a530b35945fad3 [CANDIDATE]: Term 58 election: Requesting vote from peer 92f34d06b19146db82cf42701d2363c5
I0825 15:49:49.709020 8170 raft_consensus.cc:2022] T 1f7a6bd64c604f7fada909bd575708cd P 401cb2671e94452f87838515c7408bdc [term 57 FOLLOWER]: Advancing to term 58
I0825 15:49:49.709334 8090 raft_consensus.cc:2022] T 1f7a6bd64c604f7fada909bd575708cd P 92f34d06b19146db82cf42701d2363c5 [term 57 FOLLOWER]: Advancing to term 58
I0825 15:49:49.709465 8170 raft_consensus.cc:1973] T 1f7a6bd64c604f7fada909bd575708cd P 401cb2671e94452f87838515c7408bdc [term 58 FOLLOWER]: Snoozing failure detection for election timeout plus an additional 1.519s
I0825 15:49:49.709641 8090 raft_consensus.cc:1973] T 1f7a6bd64c604f7fada909bd575708cd P 92f34d06b19146db82cf42701d2363c5 [term 58 FOLLOWER]: Snoozing failure detection for election timeout plus an additional 1.595s
I0825 15:49:49.709744 8170 raft_consensus.cc:1679] T 1f7a6bd64c604f7fada909bd575708cd P 401cb2671e94452f87838515c7408bdc [term 58 FOLLOWER]: Leader election vote request: Granting yes vote for candidate d9caa1baaef84124a4a530b35945fad3 in term 58.
I0825 15:49:49.709880 7904 leader_election.cc:347] T 1f7a6bd64c604f7fada909bd575708cd P d9caa1baaef84124a4a530b35945fad3 [CANDIDATE]: Term 58 election: Vote granted by peer 401cb2671e94452f87838515c7408bdc
I0825 15:49:49.709902 7904 leader_election.cc:248] T 1f7a6bd64c604f7fada909bd575708cd P d9caa1baaef84124a4a530b35945fad3 [CANDIDATE]: Term 58 election: Election decided. Result: candidate won.
I0825 15:49:49.709930 8090 raft_consensus.cc:1679] T 1f7a6bd64c604f7fada909bd575708cd P 92f34d06b19146db82cf42701d2363c5 [term 58 FOLLOWER]: Leader election vote request: Granting yes vote for candidate d9caa1baaef84124a4a530b35945fad3 in term 58.
I0825 15:49:49.710067 8349 raft_consensus.cc:1973] T 1f7a6bd64c604f7fada909bd575708cd P d9caa1baaef84124a4a530b35945fad3 [term 58 FOLLOWER]: Snoozing failure detection for election timeout plus an additional 1.535s
I0825 15:49:49.710069 7904 leader_election.cc:347] T 1f7a6bd64c604f7fada909bd575708cd P d9caa1baaef84124a4a530b35945fad3 [CANDIDATE]: Term 58 election: Vote granted by peer 92f34d06b19146db82cf42701d2363c5
I0825 15:49:49.710096 8349 raft_consensus.cc:1863] T 1f7a6bd64c604f7fada909bd575708cd P d9caa1baaef84124a4a530b35945fad3 [term 58 FOLLOWER]: Leader election won for term 58
I0825 15:49:49.710322 8349 raft_consensus.cc:468] T 1f7a6bd64c604f7fada909bd575708cd P d9caa1baaef84124a4a530b35945fad3 [term 58 LEADER]: Becoming Leader. State: Replica: d9caa1baaef84124a4a530b35945fad3, State: 1, Role: LEADER Watermarks: {Received: term: 57 index: 2 Committed: term: 57 index: 2}
I0825 15:49:49.710372 8349 consensus_queue.cc:145] T 1f7a6bd64c604f7fada909bd575708cd P d9caa1baaef84124a4a530b35945fad3 [LEADER]: Queue going to LEADER mode. State: All replicated op: 0.0, Majority replicated op: 57.2, Committed index: 57.2, Last appended: 57.2, Current term: 58, Majority size: 2, State: 1, Mode: LEADER, active raft config: opid_index: -1 OBSOLETE_local: false peers { permanent_uuid: "401cb2671e94452f87838515c7408bdc" member_type: VOTER last_known_addr { host: "127.108.26.2" port: 35954 } } peers { permanent_uuid: "92f34d06b19146db82cf42701d2363c5" member_type: VOTER last_known_addr { host: "127.108.26.1" port: 33958 } } peers { permanent_uuid: "d9caa1baaef84124a4a530b35945fad3" member_type: VOTER last_known_addr { host: "127.108.26.0" port: 37291 } }
W0825 15:49:49.711109 8353 raft_consensus_state.cc:543] T 1f7a6bd64c604f7fada909bd575708cd P d9caa1baaef84124a4a530b35945fad3 [term 58 LEADER]: Can't advance the committed index across term boundaries until operations from the current term are replicated. Last committed operation was: term: 57 index: 2, New majority replicated is: term: 57 index: 2, Current term is: 58
I0825 15:49:49.711241 7902 catalog_manager.cc:2018] T 1f7a6bd64c604f7fada909bd575708cd reported consensus state change: term changed from 57 to 58, leader changed from 92f34d06b19146db82cf42701d2363c5 (127.108.26.1) to d9caa1baaef84124a4a530b35945fad3 (127.108.26.0). New consensus state: current_term: 58 leader_uuid: "d9caa1baaef84124a4a530b35945fad3" config { opid_index: -1 OBSOLETE_local: false peers { permanent_uuid: "401cb2671e94452f87838515c7408bdc" member_type: VOTER last_known_addr { host: "127.108.26.2" port: 35954 } } peers { permanent_uuid: "92f34d06b19146db82cf42701d2363c5" member_type: VOTER last_known_addr { host: "127.108.26.1" port: 33958 } } peers { permanent_uuid: "d9caa1baaef84124a4a530b35945fad3" member_type: VOTER last_known_addr { host: "127.108.26.0" port: 37291 } } }
I0825 15:49:50.084664 8090 raft_consensus.cc:873] T 17aec689be0047b987494787029f6e08 P 92f34d06b19146db82cf42701d2363c5 [term 50 FOLLOWER]: Refusing update from remote peer 401cb2671e94452f87838515c7408bdc: Log matching property violated. Preceding OpId in replica: term: 49 index: 2. Preceding OpId from leader: term: 50 index: 3. (index mismatch)
I0825 15:49:50.084766 8151 raft_consensus.cc:873] T 17aec689be0047b987494787029f6e08 P d9caa1baaef84124a4a530b35945fad3 [term 50 FOLLOWER]: Refusing update from remote peer 401cb2671e94452f87838515c7408bdc: Log matching property violated. Preceding OpId in replica: term: 49 index: 2. Preceding OpId from leader: term: 50 index: 3. (index mismatch)
I0825 15:49:50.084906 8354 consensus_queue.cc:590] T 17aec689be0047b987494787029f6e08 P 401cb2671e94452f87838515c7408bdc [LEADER]: Connected to new peer: Peer: 92f34d06b19146db82cf42701d2363c5, Is new: false, Last received: 49.2, Next index: 3, Last known committed idx: 2, Last exchange result: ERROR, Needs tablet copy: false
I0825 15:49:50.085001 8330 consensus_queue.cc:590] T 17aec689be0047b987494787029f6e08 P 401cb2671e94452f87838515c7408bdc [LEADER]: Connected to new peer: Peer: d9caa1baaef84124a4a530b35945fad3, Is new: false, Last received: 49.2, Next index: 3, Last known committed idx: 2, Last exchange result: ERROR, Needs tablet copy: false
I0825 15:49:50.086093 8357 raft_consensus_state.cc:536] T 17aec689be0047b987494787029f6e08 P 401cb2671e94452f87838515c7408bdc [term 50 LEADER]: Advanced the committed_index across terms. Last committed operation was: term: 49 index: 2 New committed index is: term: 50 index: 3
I0825 15:49:50.119021 8151 raft_consensus.cc:873] T f32f6e0b1f354643b6b030599a359fa6 P d9caa1baaef84124a4a530b35945fad3 [term 51 FOLLOWER]: Refusing update from remote peer 92f34d06b19146db82cf42701d2363c5: Log matching property violated. Preceding OpId in replica: term: 50 index: 2. Preceding OpId from leader: term: 51 index: 3. (index mismatch)
I0825 15:49:50.119232 8358 consensus_queue.cc:590] T f32f6e0b1f354643b6b030599a359fa6 P 92f34d06b19146db82cf42701d2363c5 [LEADER]: Connected to new peer: Peer: d9caa1baaef84124a4a530b35945fad3, Is new: false, Last received: 50.2, Next index: 3, Last known committed idx: 2, Last exchange result: ERROR, Needs tablet copy: false
I0825 15:49:50.119253 8170 raft_consensus.cc:873] T f32f6e0b1f354643b6b030599a359fa6 P 401cb2671e94452f87838515c7408bdc [term 51 FOLLOWER]: Refusing update from remote peer 92f34d06b19146db82cf42701d2363c5: Log matching property violated. Preceding OpId in replica: term: 50 index: 2. Preceding OpId from leader: term: 51 index: 3. (index mismatch)
I0825 15:49:50.119463 8340 consensus_queue.cc:590] T f32f6e0b1f354643b6b030599a359fa6 P 92f34d06b19146db82cf42701d2363c5 [LEADER]: Connected to new peer: Peer: 401cb2671e94452f87838515c7408bdc, Is new: false, Last received: 50.2, Next index: 3, Last known committed idx: 2, Last exchange result: ERROR, Needs tablet copy: false
I0825 15:49:50.120162 8361 raft_consensus_state.cc:536] T f32f6e0b1f354643b6b030599a359fa6 P 92f34d06b19146db82cf42701d2363c5 [term 51 LEADER]: Advanced the committed_index across terms. Last committed operation was: term: 50 index: 2 New committed index is: term: 51 index: 3
I0825 15:49:50.211328 8170 raft_consensus.cc:873] T 1f7a6bd64c604f7fada909bd575708cd P 401cb2671e94452f87838515c7408bdc [term 58 FOLLOWER]: Refusing update from remote peer d9caa1baaef84124a4a530b35945fad3: Log matching property violated. Preceding OpId in replica: term: 57 index: 2. Preceding OpId from leader: term: 58 index: 3. (index mismatch)
I0825 15:49:50.211375 8090 raft_consensus.cc:873] T 1f7a6bd64c604f7fada909bd575708cd P 92f34d06b19146db82cf42701d2363c5 [term 58 FOLLOWER]: Refusing update from remote peer d9caa1baaef84124a4a530b35945fad3: Log matching property violated. Preceding OpId in replica: term: 57 index: 2. Preceding OpId from leader: term: 58 index: 3. (index mismatch)
I0825 15:49:50.211593 8362 consensus_queue.cc:590] T 1f7a6bd64c604f7fada909bd575708cd P d9caa1baaef84124a4a530b35945fad3 [LEADER]: Connected to new peer: Peer: 401cb2671e94452f87838515c7408bdc, Is new: false, Last received: 57.2, Next index: 3, Last known committed idx: 2, Last exchange result: ERROR, Needs tablet copy: false
I0825 15:49:50.211625 8349 consensus_queue.cc:590] T 1f7a6bd64c604f7fada909bd575708cd P d9caa1baaef84124a4a530b35945fad3 [LEADER]: Connected to new peer: Peer: 92f34d06b19146db82cf42701d2363c5, Is new: false, Last received: 57.2, Next index: 3, Last known committed idx: 2, Last exchange result: ERROR, Needs tablet copy: false
I0825 15:49:50.212695 8365 raft_consensus_state.cc:536] T 1f7a6bd64c604f7fada909bd575708cd P d9caa1baaef84124a4a530b35945fad3 [term 58 LEADER]: Advanced the committed_index across terms. Last committed operation was: term: 57 index: 2 New committed index is: term: 58 index: 3
I0825 15:51:48.242246 7868 delta_tracker.cc:450] Flushing 36 deltas from DMS 1...
I0825 15:51:48.243278 7868 delta_tracker.cc:402] Flushed delta block: 3974257638276197288 ts range: [6029989429292994560, 6029989439713271808]
I0825 15:51:48.243321 7868 delta_tracker.cc:409] Reopened delta block for read: 3974257638276197288
I0825 15:51:48.244725 7868 maintenance_manager.cc:353] Time spent running FlushDeltaMemStoresOp(00000000000000000000000000000000): real 0.003s user 0.001s sys 0.000s