[dinesh@ve0518 debug]$ ./start-master.sh && ./start-tserver0.sh && ./start-tserver1.sh && ./start-tserver2.sh [dinesh@ve0518 debug]$
I0825 15:49:47.924329 7860 mem_tracker.cc:138] MemTracker: hard memory limit is 75.496170 GB
I0825 15:49:47.924409 7860 mem_tracker.cc:140] MemTracker: soft memory limit is 45.297703 GB
I0825 15:49:47.926229 7864 mem_tracker.cc:138] MemTracker: hard memory limit is 75.496170 GB
I0825 15:49:47.926300 7864 mem_tracker.cc:140] MemTracker: soft memory limit is 45.297703 GB
I0825 15:49:47.926425 7860 master_main.cc:58] Initializing master server...
I0825 15:49:47.926435 7862 mem_tracker.cc:138] MemTracker: hard memory limit is 75.496170 GB
I0825 15:49:47.926519 7862 mem_tracker.cc:140] MemTracker: soft memory limit is 45.297703 GB
I0825 15:49:47.926641 7860 hybrid_clock.cc:177] HybridClock initialized. Resolution in nanos?: 1 Wait times tolerance adjustment: 1.0005 Current error: 457876
I0825 15:49:47.927808 7866 mem_tracker.cc:138] MemTracker: hard memory limit is 75.496170 GB
I0825 15:49:47.927887 7866 mem_tracker.cc:140] MemTracker: soft memory limit is 45.297703 GB
I0825 15:49:47.928891 7864 tablet_server_main.cc:54] Initializing tablet server...
I0825 15:49:47.929143 7862 tablet_server_main.cc:54] Initializing tablet server...
I0825 15:49:47.929208 7864 hybrid_clock.cc:177] HybridClock initialized. Resolution in nanos?: 1 Wait times tolerance adjustment: 1.0005 Current error: 457876
I0825 15:49:47.929522 7862 hybrid_clock.cc:177] HybridClock initialized. Resolution in nanos?: 1 Wait times tolerance adjustment: 1.0005 Current error: 457876
I0825 15:49:47.930109 7866 tablet_server_main.cc:54] Initializing tablet server...
I0825 15:49:47.930109 7860 fs_manager.cc:243] Opened local filesystem: /tmp/kudutest-4519/create-table-itest.CreateTableITest.TestSpreadReplicasEvenly.1472161943177725-27674/minicluster-data/master-0 uuid: "3b313b752ce844209ce84009c91c94df" format_stamp: "Formatted at 2016-08-25 21:52:23 on ve0518.halxg.cloudera.com"
I0825 15:49:47.930469 7866 hybrid_clock.cc:177] HybridClock initialized. Resolution in nanos?: 1 Wait times tolerance adjustment: 1.0005 Current error: 457876
I0825 15:49:47.931610 7864 fs_manager.cc:243] Opened local filesystem: /tmp/kudutest-4519/create-table-itest.CreateTableITest.TestSpreadReplicasEvenly.1472161943177725-27674/minicluster-data/ts-1 uuid: "92f34d06b19146db82cf42701d2363c5" format_stamp: "Formatted at 2016-08-25 21:52:23 on ve0518.halxg.cloudera.com"
I0825 15:49:47.932102 7862 fs_manager.cc:243] Opened local filesystem: /tmp/kudutest-4519/create-table-itest.CreateTableITest.TestSpreadReplicasEvenly.1472161943177725-27674/minicluster-data/ts-0 uuid: "d9caa1baaef84124a4a530b35945fad3" format_stamp: "Formatted at 2016-08-25 21:52:23 on ve0518.halxg.cloudera.com"
I0825 15:49:47.932307 7860 master_main.cc:61] Starting Master server...
I0825 15:49:47.932883 7866 fs_manager.cc:243] Opened local filesystem: /tmp/kudutest-4519/create-table-itest.CreateTableITest.TestSpreadReplicasEvenly.1472161943177725-27674/minicluster-data/ts-2 uuid: "401cb2671e94452f87838515c7408bdc" format_stamp: "Formatted at 2016-08-25 21:52:23 on ve0518.halxg.cloudera.com"
I0825 15:49:47.933531 7864 ts_tablet_manager.cc:606] Loading metadata for tablet f32f6e0b1f354643b6b030599a359fa6
I0825 15:49:47.933840 7864 ts_tablet_manager.cc:606] Loading metadata for tablet 17aec689be0047b987494787029f6e08
I0825 15:49:47.933964 7864 ts_tablet_manager.cc:606] Loading metadata for tablet 1f7a6bd64c604f7fada909bd575708cd
I0825 15:49:47.934123 7864 ts_tablet_manager.cc:764] Registered tablet f32f6e0b1f354643b6b030599a359fa6
I0825 15:49:47.934221 7862 ts_tablet_manager.cc:606] Loading metadata for tablet f32f6e0b1f354643b6b030599a359fa6
I0825 15:49:47.934278 7864 ts_tablet_manager.cc:764] Registered tablet 17aec689be0047b987494787029f6e08
I0825 15:49:47.934310 7864 ts_tablet_manager.cc:764] Registered tablet 1f7a6bd64c604f7fada909bd575708cd
I0825 15:49:47.934355 7913 ts_tablet_manager.cc:630] T f32f6e0b1f354643b6b030599a359fa6 P 92f34d06b19146db82cf42701d2363c5: Bootstrapping tablet
I0825 15:49:47.934432 7864 tablet_server_main.cc:57] Starting tablet server...
I0825 15:49:47.934526 7913 tablet_bootstrap.cc:400] T f32f6e0b1f354643b6b030599a359fa6 P 92f34d06b19146db82cf42701d2363c5: Bootstrap starting.
I0825 15:49:47.934545 7862 ts_tablet_manager.cc:606] Loading metadata for tablet 17aec689be0047b987494787029f6e08
I0825 15:49:47.934721 7862 ts_tablet_manager.cc:606] Loading metadata for tablet 1f7a6bd64c604f7fada909bd575708cd
I0825 15:49:47.934901 7862 ts_tablet_manager.cc:764] Registered tablet f32f6e0b1f354643b6b030599a359fa6
I0825 15:49:47.934907 7913 tablet_bootstrap.cc:563] T f32f6e0b1f354643b6b030599a359fa6 P 92f34d06b19146db82cf42701d2363c5: Time spent opening tablet: real 0.000s user 0.000s sys 0.000s
I0825 15:49:47.934962 7866 ts_tablet_manager.cc:606] Loading metadata for tablet f32f6e0b1f354643b6b030599a359fa6
I0825 15:49:47.934993 7913 tablet_bootstrap.cc:619] T f32f6e0b1f354643b6b030599a359fa6 P 92f34d06b19146db82cf42701d2363c5: Will attempt to recover log segment /tmp/kudutest-4519/create-table-itest.CreateTableITest.TestSpreadReplicasEvenly.1472161943177725-27674/minicluster-data/ts-1/wals/f32f6e0b1f354643b6b030599a359fa6/wal-000000001 to /tmp/kudutest-4519/create-table-itest.CreateTableITest.TestSpreadReplicasEvenly.1472161943177725-27674/minicluster-data/ts-1/wals/f32f6e0b1f354643b6b030599a359fa6.recovery/wal-000000001
I0825 15:49:47.935009 7913 tablet_bootstrap.cc:627] T f32f6e0b1f354643b6b030599a359fa6 P 92f34d06b19146db82cf42701d2363c5: Moving log directory /tmp/kudutest-4519/create-table-itest.CreateTableITest.TestSpreadReplicasEvenly.1472161943177725-27674/minicluster-data/ts-1/wals/f32f6e0b1f354643b6b030599a359fa6 to recovery directory /tmp/kudutest-4519/create-table-itest.CreateTableITest.TestSpreadReplicasEvenly.1472161943177725-27674/minicluster-data/ts-1/wals/f32f6e0b1f354643b6b030599a359fa6.recovery in preparation for log replay
I0825 15:49:47.935062 7862 ts_tablet_manager.cc:764] Registered tablet 17aec689be0047b987494787029f6e08
I0825 15:49:47.935098 7862 ts_tablet_manager.cc:764] Registered tablet 1f7a6bd64c604f7fada909bd575708cd
I0825 15:49:47.935140 7931 ts_tablet_manager.cc:630] T f32f6e0b1f354643b6b030599a359fa6 P d9caa1baaef84124a4a530b35945fad3: Bootstrapping tablet
W0825 15:49:47.935184 7913 log_util.cc:311] Could not read footer for segment: /tmp/kudutest-4519/create-table-itest.CreateTableITest.TestSpreadReplicasEvenly.1472161943177725-27674/minicluster-data/ts-1/wals/f32f6e0b1f354643b6b030599a359fa6.recovery/wal-000000001: Not found: Footer not found. Footer magic doesn't match
I0825 15:49:47.935195 7913 log_reader.cc:152] Log segment /tmp/kudutest-4519/create-table-itest.CreateTableITest.TestSpreadReplicasEvenly.1472161943177725-27674/minicluster-data/ts-1/wals/f32f6e0b1f354643b6b030599a359fa6.recovery/wal-000000001 was likely left in-progress after a previous crash. Will try to rebuild footer by scanning data.
I0825 15:49:47.935225 7862 tablet_server_main.cc:57] Starting tablet server...
I0825 15:49:47.935250 7866 ts_tablet_manager.cc:606] Loading metadata for tablet 17aec689be0047b987494787029f6e08
I0825 15:49:47.935343 7931 tablet_bootstrap.cc:400] T f32f6e0b1f354643b6b030599a359fa6 P d9caa1baaef84124a4a530b35945fad3: Bootstrap starting.
I0825 15:49:47.935405 7866 ts_tablet_manager.cc:606] Loading metadata for tablet 1f7a6bd64c604f7fada909bd575708cd
I0825 15:49:47.935580 7866 ts_tablet_manager.cc:764] Registered tablet f32f6e0b1f354643b6b030599a359fa6
I0825 15:49:47.935744 7866 ts_tablet_manager.cc:764] Registered tablet 17aec689be0047b987494787029f6e08
I0825 15:49:47.935789 7866 ts_tablet_manager.cc:764] Registered tablet 1f7a6bd64c604f7fada909bd575708cd
I0825 15:49:47.935843 7951 ts_tablet_manager.cc:630] T f32f6e0b1f354643b6b030599a359fa6 P 401cb2671e94452f87838515c7408bdc: Bootstrapping tablet
I0825 15:49:47.935853 7931 tablet_bootstrap.cc:563] T f32f6e0b1f354643b6b030599a359fa6 P d9caa1baaef84124a4a530b35945fad3: Time spent opening tablet: real 0.000s user 0.000s sys 0.000s
I0825 15:49:47.935915 7866 tablet_server_main.cc:57] Starting tablet server...
I0825 15:49:47.935961 7931 tablet_bootstrap.cc:619] T f32f6e0b1f354643b6b030599a359fa6 P d9caa1baaef84124a4a530b35945fad3: Will attempt to recover log segment /tmp/kudutest-4519/create-table-itest.CreateTableITest.TestSpreadReplicasEvenly.1472161943177725-27674/minicluster-data/ts-0/wals/f32f6e0b1f354643b6b030599a359fa6/wal-000000001 to /tmp/kudutest-4519/create-table-itest.CreateTableITest.TestSpreadReplicasEvenly.1472161943177725-27674/minicluster-data/ts-0/wals/f32f6e0b1f354643b6b030599a359fa6.recovery/wal-000000001
I0825 15:49:47.935978 7931 tablet_bootstrap.cc:627] T f32f6e0b1f354643b6b030599a359fa6 P d9caa1baaef84124a4a530b35945fad3: Moving log directory /tmp/kudutest-4519/create-table-itest.CreateTableITest.TestSpreadReplicasEvenly.1472161943177725-27674/minicluster-data/ts-0/wals/f32f6e0b1f354643b6b030599a359fa6 to recovery directory /tmp/kudutest-4519/create-table-itest.CreateTableITest.TestSpreadReplicasEvenly.1472161943177725-27674/minicluster-data/ts-0/wals/f32f6e0b1f354643b6b030599a359fa6.recovery in preparation for log replay
I0825 15:49:47.936027 7951 tablet_bootstrap.cc:400] T f32f6e0b1f354643b6b030599a359fa6 P 401cb2671e94452f87838515c7408bdc: Bootstrap starting.
W0825 15:49:47.936159 7931 log_util.cc:311] Could not read footer for segment: /tmp/kudutest-4519/create-table-itest.CreateTableITest.TestSpreadReplicasEvenly.1472161943177725-27674/minicluster-data/ts-0/wals/f32f6e0b1f354643b6b030599a359fa6.recovery/wal-000000001: Not found: Footer not found. Footer magic doesn't match
I0825 15:49:47.936177 7931 log_reader.cc:152] Log segment /tmp/kudutest-4519/create-table-itest.CreateTableITest.TestSpreadReplicasEvenly.1472161943177725-27674/minicluster-data/ts-0/wals/f32f6e0b1f354643b6b030599a359fa6.recovery/wal-000000001 was likely left in-progress after a previous crash. Will try to rebuild footer by scanning data.
I0825 15:49:47.936381 7860 rpc_server.cc:164] RPC server started. Bound to: 127.0.0.1:57007
I0825 15:49:47.936432 7951 tablet_bootstrap.cc:563] T f32f6e0b1f354643b6b030599a359fa6 P 401cb2671e94452f87838515c7408bdc: Time spent opening tablet: real 0.000s user 0.000s sys 0.000s
I0825 15:49:47.936472 7860 webserver.cc:122] Starting webserver on localhost:0
I0825 15:49:47.936480 7860 webserver.cc:133] Document root disabled
I0825 15:49:47.936542 7951 tablet_bootstrap.cc:619] T f32f6e0b1f354643b6b030599a359fa6 P 401cb2671e94452f87838515c7408bdc: Will attempt to recover log segment /tmp/kudutest-4519/create-table-itest.CreateTableITest.TestSpreadReplicasEvenly.1472161943177725-27674/minicluster-data/ts-2/wals/f32f6e0b1f354643b6b030599a359fa6/wal-000000001 to /tmp/kudutest-4519/create-table-itest.CreateTableITest.TestSpreadReplicasEvenly.1472161943177725-27674/minicluster-data/ts-2/wals/f32f6e0b1f354643b6b030599a359fa6.recovery/wal-000000001
I0825 15:49:47.936563 7951 tablet_bootstrap.cc:627] T f32f6e0b1f354643b6b030599a359fa6 P 401cb2671e94452f87838515c7408bdc: Moving log directory /tmp/kudutest-4519/create-table-itest.CreateTableITest.TestSpreadReplicasEvenly.1472161943177725-27674/minicluster-data/ts-2/wals/f32f6e0b1f354643b6b030599a359fa6 to recovery directory /tmp/kudutest-4519/create-table-itest.CreateTableITest.TestSpreadReplicasEvenly.1472161943177725-27674/minicluster-data/ts-2/wals/f32f6e0b1f354643b6b030599a359fa6.recovery in preparation for log replay
I0825 15:49:47.936744 7913 log_util.cc:569] Scanning /tmp/kudutest-4519/create-table-itest.CreateTableITest.TestSpreadReplicasEvenly.1472161943177725-27674/minicluster-data/ts-1/wals/f32f6e0b1f354643b6b030599a359fa6.recovery/wal-000000001 for valid entry headers following offset 270...
I0825 15:49:47.936759 7860 net_util.cc:195] Address 127.0.0.1:0 for localhost:0 duplicates an earlier resolved entry.
W0825 15:49:47.936784 7951 log_util.cc:311] Could not read footer for segment: /tmp/kudutest-4519/create-table-itest.CreateTableITest.TestSpreadReplicasEvenly.1472161943177725-27674/minicluster-data/ts-2/wals/f32f6e0b1f354643b6b030599a359fa6.recovery/wal-000000001: Not found: Footer not found. Footer magic doesn't match
I0825 15:49:47.936800 7951 log_reader.cc:152] Log segment /tmp/kudutest-4519/create-table-itest.CreateTableITest.TestSpreadReplicasEvenly.1472161943177725-27674/minicluster-data/ts-2/wals/f32f6e0b1f354643b6b030599a359fa6.recovery/wal-000000001 was likely left in-progress after a previous crash. Will try to rebuild footer by scanning data.
I0825 15:49:47.936874 7860 webserver.cc:217] Webserver started. Bound to: http://127.0.0.1:50834/
I0825 15:49:47.937036 7860 server_base.cc:238] Dumped server information to /tmp/kudutest-4519/create-table-itest.CreateTableITest.TestSpreadReplicasEvenly.1472161943177725-27674/minicluster-data/master-0/info.pb
I0825 15:49:47.937743 8006 tablet_bootstrap.cc:400] T 00000000000000000000000000000000 P 3b313b752ce844209ce84009c91c94df: Bootstrap starting.
I0825 15:49:47.938019 7931 log_util.cc:569] Scanning /tmp/kudutest-4519/create-table-itest.CreateTableITest.TestSpreadReplicasEvenly.1472161943177725-27674/minicluster-data/ts-0/wals/f32f6e0b1f354643b6b030599a359fa6.recovery/wal-000000001 for valid entry headers following offset 296...
I0825 15:49:47.938573 7951 log_util.cc:569] Scanning /tmp/kudutest-4519/create-table-itest.CreateTableITest.TestSpreadReplicasEvenly.1472161943177725-27674/minicluster-data/ts-2/wals/f32f6e0b1f354643b6b030599a359fa6.recovery/wal-000000001 for valid entry headers following offset 258...
I0825 15:49:47.938618 8006 tablet_bootstrap.cc:563] T 00000000000000000000000000000000 P 3b313b752ce844209ce84009c91c94df: Time spent opening tablet: real 0.001s user 0.000s sys 0.000s
I0825 15:49:47.938693 8006 tablet_bootstrap.cc:619] T 00000000000000000000000000000000 P 3b313b752ce844209ce84009c91c94df: Will attempt to recover log segment /tmp/kudutest-4519/create-table-itest.CreateTableITest.TestSpreadReplicasEvenly.1472161943177725-27674/minicluster-data/master-0/wals/00000000000000000000000000000000/wal-000000001 to /tmp/kudutest-4519/create-table-itest.CreateTableITest.TestSpreadReplicasEvenly.1472161943177725-27674/minicluster-data/master-0/wals/00000000000000000000000000000000.recovery/wal-000000001
I0825 15:49:47.938722 8006 tablet_bootstrap.cc:627] T 00000000000000000000000000000000 P 3b313b752ce844209ce84009c91c94df: Moving log directory /tmp/kudutest-4519/create-table-itest.CreateTableITest.TestSpreadReplicasEvenly.1472161943177725-27674/minicluster-data/master-0/wals/00000000000000000000000000000000 to recovery directory /tmp/kudutest-4519/create-table-itest.CreateTableITest.TestSpreadReplicasEvenly.1472161943177725-27674/minicluster-data/master-0/wals/00000000000000000000000000000000.recovery in preparation for log replay
W0825 15:49:47.938849 8006 log_util.cc:311] Could not read footer for segment: /tmp/kudutest-4519/create-table-itest.CreateTableITest.TestSpreadReplicasEvenly.1472161943177725-27674/minicluster-data/master-0/wals/00000000000000000000000000000000.recovery/wal-000000001: Not found: Footer not found. Footer magic doesn't match
I0825 15:49:47.938860 8006 log_reader.cc:152] Log segment /tmp/kudutest-4519/create-table-itest.CreateTableITest.TestSpreadReplicasEvenly.1472161943177725-27674/minicluster-data/master-0/wals/00000000000000000000000000000000.recovery/wal-000000001 was likely left in-progress after a previous crash. Will try to rebuild footer by scanning data.
I0825 15:49:47.940827 8006 log_util.cc:569] Scanning /tmp/kudutest-4519/create-table-itest.CreateTableITest.TestSpreadReplicasEvenly.1472161943177725-27674/minicluster-data/master-0/wals/00000000000000000000000000000000.recovery/wal-000000001 for valid entry headers following offset 43110...
I0825 15:49:47.942782 7864 rpc_server.cc:164] RPC server started. Bound to: 127.108.26.1:33958
I0825 15:49:47.942874 7864 webserver.cc:122] Starting webserver on 127.108.26.1:0
I0825 15:49:47.942880 7864 webserver.cc:133] Document root disabled
I0825 15:49:47.943022 7864 webserver.cc:217] Webserver started. Bound to: http://127.108.26.1:41575/
I0825 15:49:47.943152 7864 server_base.cc:238] Dumped server information to /tmp/kudutest-4519/create-table-itest.CreateTableITest.TestSpreadReplicasEvenly.1472161943177725-27674/minicluster-data/ts-1/info.pb
I0825 15:49:47.943294 7864 tablet_server_main.cc:60] Tablet server successfully started.
I0825 15:49:47.944677 8219 heartbeater.cc:294] Connected to a master server at 127.0.0.1:57007
I0825 15:49:47.944696 8219 heartbeater.cc:361] Registering TS with master...
I0825 15:49:47.944720 8219 heartbeater.cc:375] Master 127.0.0.1:57007 requested a full tablet report, sending...
I0825 15:49:47.944906 7862 rpc_server.cc:164] RPC server started. Bound to: 127.108.26.0:37291
I0825 15:49:47.945008 7862 webserver.cc:122] Starting webserver on 127.108.26.0:0
I0825 15:49:47.945014 7862 webserver.cc:133] Document root disabled
W0825 15:49:47.945051 8219 heartbeater.cc:455] Failed to heartbeat to 127.0.0.1:57007: Service unavailable: Catalog manager is not initialized. State: 1
I0825 15:49:47.945068 8219 heartbeater.cc:361] Registering TS with master...
I0825 15:49:47.945081 8219 heartbeater.cc:375] Master 127.0.0.1:57007 requested a full tablet report, sending...
I0825 15:49:47.945194 7862 webserver.cc:217] Webserver started. Bound to: http://127.108.26.0:38938/
W0825 15:49:47.945313 8219 heartbeater.cc:455] Failed to heartbeat to 127.0.0.1:57007: Service unavailable: Catalog manager is not initialized. State: 1
I0825 15:49:47.945312 7866 rpc_server.cc:164] RPC server started. Bound to: 127.108.26.2:35954
I0825 15:49:47.945329 8219 heartbeater.cc:361] Registering TS with master...
I0825 15:49:47.945343 8219 heartbeater.cc:375] Master 127.0.0.1:57007 requested a full tablet report, sending...
I0825 15:49:47.945363 7862 server_base.cc:238] Dumped server information to /tmp/kudutest-4519/create-table-itest.CreateTableITest.TestSpreadReplicasEvenly.1472161943177725-27674/minicluster-data/ts-0/info.pb
I0825 15:49:47.945410 7866 webserver.cc:122] Starting webserver on 127.108.26.2:0
I0825 15:49:47.945417 7866 webserver.cc:133] Document root disabled
I0825 15:49:47.945515 7862 tablet_server_main.cc:60] Tablet server successfully started.
W0825 15:49:47.945572 8219 heartbeater.cc:455] Failed to heartbeat to 127.0.0.1:57007: Service unavailable: Catalog manager is not initialized. State: 1
I0825 15:49:47.945577 7866 webserver.cc:217] Webserver started. Bound to: http://127.108.26.2:33225/
W0825 15:49:47.945582 8219 heartbeater.cc:325] Failed 3 heartbeats in a row: no longer allowing fast heartbeat attempts.
I0825 15:49:47.945739 7866 server_base.cc:238] Dumped server information to /tmp/kudutest-4519/create-table-itest.CreateTableITest.TestSpreadReplicasEvenly.1472161943177725-27674/minicluster-data/ts-2/info.pb
I0825 15:49:47.945973 7866 tablet_server_main.cc:60] Tablet server successfully started.
I0825 15:49:47.946547 8267 heartbeater.cc:294] Connected to a master server at 127.0.0.1:57007
I0825 15:49:47.946570 8267 heartbeater.cc:361] Registering TS with master...
I0825 15:49:47.946589 8267 heartbeater.cc:375] Master 127.0.0.1:57007 requested a full tablet report, sending...
I0825 15:49:47.946808 8270 heartbeater.cc:294] Connected to a master server at 127.0.0.1:57007
I0825 15:49:47.946825 8270 heartbeater.cc:361] Registering TS with master...
I0825 15:49:47.946841 8270 heartbeater.cc:375] Master 127.0.0.1:57007 requested a full tablet report, sending...
W0825 15:49:47.946920 8267 heartbeater.cc:455] Failed to heartbeat to 127.0.0.1:57007: Service unavailable: Catalog manager is not initialized. State: 1
I0825 15:49:47.946943 8267 heartbeater.cc:361] Registering TS with master...
I0825 15:49:47.946959 8267 heartbeater.cc:375] Master 127.0.0.1:57007 requested a full tablet report, sending...
W0825 15:49:47.947077 8270 heartbeater.cc:455] Failed to heartbeat to 127.0.0.1:57007: Service unavailable: Catalog manager is not initialized. State: 1
I0825 15:49:47.947093 8270 heartbeater.cc:361] Registering TS with master...
I0825 15:49:47.947105 8270 heartbeater.cc:375] Master 127.0.0.1:57007 requested a full tablet report, sending...
W0825 15:49:47.947227 8267 heartbeater.cc:455] Failed to heartbeat to 127.0.0.1:57007: Service unavailable: Catalog manager is not initialized. State: 1
I0825 15:49:47.947243 8267 heartbeater.cc:361] Registering TS with master...
I0825 15:49:47.947257 8267 heartbeater.cc:375] Master 127.0.0.1:57007 requested a full tablet report, sending...
W0825 15:49:47.947322 8270 heartbeater.cc:455] Failed to heartbeat to 127.0.0.1:57007: Service unavailable: Catalog manager is not initialized. State: 1
I0825 15:49:47.947337 8270 heartbeater.cc:361] Registering TS with master...
I0825 15:49:47.947348 8270 heartbeater.cc:375] Master 127.0.0.1:57007 requested a full tablet report, sending...
W0825 15:49:47.947474 8267 heartbeater.cc:455] Failed to heartbeat to 127.0.0.1:57007: Service unavailable: Catalog manager is not initialized. State: 1
W0825 15:49:47.947484 8267 heartbeater.cc:325] Failed 3 heartbeats in a row: no longer allowing fast heartbeat attempts.
W0825 15:49:47.947542 8270 heartbeater.cc:455] Failed to heartbeat to 127.0.0.1:57007: Service unavailable: Catalog manager is not initialized. State: 1
W0825 15:49:47.947551 8270 heartbeater.cc:325] Failed 3 heartbeats in a row: no longer allowing fast heartbeat attempts.
I0825 15:49:47.986500 7913 log_util.cc:606] Found no log entry headers
I0825 15:49:47.986531 7913 log_util.cc:215] Ignoring log segment corruption in /tmp/kudutest-4519/create-table-itest.CreateTableITest.TestSpreadReplicasEvenly.1472161943177725-27674/minicluster-data/ts-1/wals/f32f6e0b1f354643b6b030599a359fa6.recovery/wal-000000001 because there are no log entries following the corrupted one. The server probably crashed in the middle of writing an entry to the write-ahead log or downloaded an active log via tablet copy. Error detail: Corruption: CRC mismatch in log entry header: Log file corruption detected. Failed trying to read batch #0 at offset 258 for log segment /tmp/kudutest-4519/create-table-itest.CreateTableITest.TestSpreadReplicasEvenly.1472161943177725-27674/minicluster-data/ts-1/wals/f32f6e0b1f354643b6b030599a359fa6.recovery/wal-000000001: Prior entries: [off=168 REPLICATE (1.1)] [off=206 REPLICATE (50.2)] [off=232 COMMIT (1.1)] [off=258 COMMIT (50.2)]
I0825 15:49:47.986549 7913 log_util.cc:359] Successfully rebuilt footer for segment: /tmp/kudutest-4519/create-table-itest.CreateTableITest.TestSpreadReplicasEvenly.1472161943177725-27674/minicluster-data/ts-1/wals/f32f6e0b1f354643b6b030599a359fa6.recovery/wal-000000001 (valid entries through byte offset 258)
I0825 15:49:47.986690 7913 tablet.cc:853] T f32f6e0b1f354643b6b030599a359fa6 Rewinding schema during bootstrap to Schema [ 10:key[int32 NOT NULL], 11:int_val[int32 NOT NULL], 12:string_val[string NULLABLE] ]
I0825 15:49:47.987092 7913 log.cc:349] Log is configured to *not* fsync() on all Append() calls
I0825 15:49:47.988082 7913 tablet_bootstrap.cc:400] T f32f6e0b1f354643b6b030599a359fa6 P 92f34d06b19146db82cf42701d2363c5: Bootstrap replayed 1/1 log segments. Stats: ops{read=2 overwritten=0 applied=2 ignored=0} inserts{seen=0 ignored=0} mutations{seen=0 ignored=0} orphaned_commits=0. Pending: 0 replicates
I0825 15:49:47.988101 7913 tablet_bootstrap.cc:1040] T f32f6e0b1f354643b6b030599a359fa6 P 92f34d06b19146db82cf42701d2363c5: ReplayState: Previous OpId: 50.2, Committed OpId: 50.2, Pending Replicates: 0, Pending Commits: 0
I0825 15:49:47.988339 7913 tablet_bootstrap.cc:656] T f32f6e0b1f354643b6b030599a359fa6 P 92f34d06b19146db82cf42701d2363c5: Preparing to delete log recovery files and directory /tmp/kudutest-4519/create-table-itest.CreateTableITest.TestSpreadReplicasEvenly.1472161943177725-27674/minicluster-data/ts-1/wals/f32f6e0b1f354643b6b030599a359fa6.recovery
I0825 15:49:47.988350 7913 tablet_bootstrap.cc:659] T f32f6e0b1f354643b6b030599a359fa6 P 92f34d06b19146db82cf42701d2363c5: Renaming log recovery dir from /tmp/kudutest-4519/create-table-itest.CreateTableITest.TestSpreadReplicasEvenly.1472161943177725-27674/minicluster-data/ts-1/wals/f32f6e0b1f354643b6b030599a359fa6.recovery to /tmp/kudutest-4519/create-table-itest.CreateTableITest.TestSpreadReplicasEvenly.1472161943177725-27674/minicluster-data/ts-1/wals/f32f6e0b1f354643b6b030599a359fa6.recovery-1472165387988349
I0825 15:49:47.988368 7913 tablet_bootstrap.cc:669] T f32f6e0b1f354643b6b030599a359fa6 P 92f34d06b19146db82cf42701d2363c5: Deleting all files from renamed log recovery directory /tmp/kudutest-4519/create-table-itest.CreateTableITest.TestSpreadReplicasEvenly.1472161943177725-27674/minicluster-data/ts-1/wals/f32f6e0b1f354643b6b030599a359fa6.recovery-1472165387988349
I0825 15:49:47.988518 7913 tablet_bootstrap.cc:672] T f32f6e0b1f354643b6b030599a359fa6 P 92f34d06b19146db82cf42701d2363c5: Completed deletion of old log recovery files and directory /tmp/kudutest-4519/create-table-itest.CreateTableITest.TestSpreadReplicasEvenly.1472161943177725-27674/minicluster-data/ts-1/wals/f32f6e0b1f354643b6b030599a359fa6.recovery-1472165387988349
I0825 15:49:47.988529 7913 tablet_bootstrap.cc:400] T f32f6e0b1f354643b6b030599a359fa6 P 92f34d06b19146db82cf42701d2363c5: Bootstrap complete.
I0825 15:49:47.989346 8006 log_util.cc:606] Found no log entry headers
I0825 15:49:47.989365 8006 log_util.cc:215] Ignoring log segment corruption in /tmp/kudutest-4519/create-table-itest.CreateTableITest.TestSpreadReplicasEvenly.1472161943177725-27674/minicluster-data/master-0/wals/00000000000000000000000000000000.recovery/wal-000000001 because there are no log entries following the corrupted one. The server probably crashed in the middle of writing an entry to the write-ahead log or downloaded an active log via tablet copy. Error detail: Corruption: CRC mismatch in log entry header: Log file corruption detected. Failed trying to read batch #0 at offset 43098 for log segment /tmp/kudutest-4519/create-table-itest.CreateTableITest.TestSpreadReplicasEvenly.1472161943177725-27674/minicluster-data/master-0/wals/00000000000000000000000000000000.recovery/wal-000000001: Prior entries: [off=42480 REPLICATE (0.74)] [off=42516 COMMIT (0.74)] [off=43062 REPLICATE (0.75)] [off=43098 COMMIT (0.75)]
I0825 15:49:47.989377 8006 log_util.cc:359] Successfully rebuilt footer for segment: /tmp/kudutest-4519/create-table-itest.CreateTableITest.TestSpreadReplicasEvenly.1472161943177725-27674/minicluster-data/master-0/wals/00000000000000000000000000000000.recovery/wal-000000001 (valid entries through byte offset 43098)
I0825 15:49:47.989487 8006 tablet.cc:853] T 00000000000000000000000000000000 Rewinding schema during bootstrap to Schema [ 10:entry_type[int8 NOT NULL], 11:entry_id[string NOT NULL], 12:metadata[string NOT NULL] ]
I0825 15:49:47.989821 8006 log.cc:349] Log is configured to *not* fsync() on all Append() calls
I0825 15:49:47.995164 7913 ts_tablet_manager.cc:635] T f32f6e0b1f354643b6b030599a359fa6 P 92f34d06b19146db82cf42701d2363c5: Time spent bootstrapping tablet: real 0.061s user 0.022s sys 0.037s
I0825 15:49:47.995616 7913 raft_consensus.cc:275] T f32f6e0b1f354643b6b030599a359fa6 P 92f34d06b19146db82cf42701d2363c5 [term 50 FOLLOWER]: Replica starting. Triggering 0 pending transactions. Active config: opid_index: -1 OBSOLETE_local: false peers { permanent_uuid: "d9caa1baaef84124a4a530b35945fad3" member_type: VOTER last_known_addr { host: "127.108.26.0" port: 37291 } } peers { permanent_uuid: "92f34d06b19146db82cf42701d2363c5" member_type: VOTER last_known_addr { host: "127.108.26.1" port: 33958 } } peers { permanent_uuid: "401cb2671e94452f87838515c7408bdc" member_type: VOTER last_known_addr { host: "127.108.26.2" port: 35954 } }
I0825 15:49:47.995662 7913 raft_consensus.cc:503] T f32f6e0b1f354643b6b030599a359fa6 P 92f34d06b19146db82cf42701d2363c5 [term 50 FOLLOWER]: Becoming Follower/Learner. State: Replica: 92f34d06b19146db82cf42701d2363c5, State: 1, Role: FOLLOWER Watermarks: {Received: term: 50 index: 2 Committed: term: 50 index: 2}
I0825 15:49:47.995684 7913 consensus_queue.cc:162] T f32f6e0b1f354643b6b030599a359fa6 P 92f34d06b19146db82cf42701d2363c5 [NON_LEADER]: Queue going to NON_LEADER mode. State: All replicated op: 0.0, Majority replicated op: 0.0, Committed index: 0.0, Last appended: 50.2, Current term: 0, Majority size: -1, State: 1, Mode: NON_LEADER
I0825 15:49:47.995921 7913 ts_tablet_manager.cc:662] T f32f6e0b1f354643b6b030599a359fa6 P 92f34d06b19146db82cf42701d2363c5: Time spent starting tablet: real 0.001s user 0.000s sys 0.001s
I0825 15:49:47.995954 7913 ts_tablet_manager.cc:630] T 17aec689be0047b987494787029f6e08 P 92f34d06b19146db82cf42701d2363c5: Bootstrapping tablet
I0825 15:49:47.996035 7951 log_util.cc:606] Found no log entry headers
I0825 15:49:47.996058 7951 log_util.cc:215] Ignoring log segment corruption in /tmp/kudutest-4519/create-table-itest.CreateTableITest.TestSpreadReplicasEvenly.1472161943177725-27674/minicluster-data/ts-2/wals/f32f6e0b1f354643b6b030599a359fa6.recovery/wal-000000001 because there are no log entries following the corrupted one. The server probably crashed in the middle of writing an entry to the write-ahead log or downloaded an active log via tablet copy. Error detail: Corruption: CRC mismatch in log entry header: Log file corruption detected. Failed trying to read batch #0 at offset 246 for log segment /tmp/kudutest-4519/create-table-itest.CreateTableITest.TestSpreadReplicasEvenly.1472161943177725-27674/minicluster-data/ts-2/wals/f32f6e0b1f354643b6b030599a359fa6.recovery/wal-000000001: Prior entries: [off=194 REPLICATE (1.1)] [off=194 REPLICATE (50.2)] [off=220 COMMIT (1.1)] [off=246 COMMIT (50.2)]
I0825 15:49:47.996059 7913 tablet_bootstrap.cc:400] T 17aec689be0047b987494787029f6e08 P 92f34d06b19146db82cf42701d2363c5: Bootstrap starting.
I0825 15:49:47.996073 7951 log_util.cc:359] Successfully rebuilt footer for segment: /tmp/kudutest-4519/create-table-itest.CreateTableITest.TestSpreadReplicasEvenly.1472161943177725-27674/minicluster-data/ts-2/wals/f32f6e0b1f354643b6b030599a359fa6.recovery/wal-000000001 (valid entries through byte offset 246)
I0825 15:49:47.996181 7951 tablet.cc:853] T f32f6e0b1f354643b6b030599a359fa6 Rewinding schema during bootstrap to Schema [ 10:key[int32 NOT NULL], 11:int_val[int32 NOT NULL], 12:string_val[string NULLABLE] ]
I0825 15:49:47.996310 7913 tablet_bootstrap.cc:563] T 17aec689be0047b987494787029f6e08 P 92f34d06b19146db82cf42701d2363c5: Time spent opening tablet: real 0.000s user 0.000s sys 0.000s
I0825 15:49:47.996336 8219 heartbeater.cc:294] Connected to a master server at 127.0.0.1:57007
I0825 15:49:47.996354 8219 heartbeater.cc:361] Registering TS with master...
I0825 15:49:47.996358 7913 tablet_bootstrap.cc:619] T 17aec689be0047b987494787029f6e08 P 92f34d06b19146db82cf42701d2363c5: Will attempt to recover log segment /tmp/kudutest-4519/create-table-itest.CreateTableITest.TestSpreadReplicasEvenly.1472161943177725-27674/minicluster-data/ts-1/wals/17aec689be0047b987494787029f6e08/wal-000000001 to /tmp/kudutest-4519/create-table-itest.CreateTableITest.TestSpreadReplicasEvenly.1472161943177725-27674/minicluster-data/ts-1/wals/17aec689be0047b987494787029f6e08.recovery/wal-000000001
I0825 15:49:47.996366 7913 tablet_bootstrap.cc:627] T 17aec689be0047b987494787029f6e08 P 92f34d06b19146db82cf42701d2363c5: Moving log directory /tmp/kudutest-4519/create-table-itest.CreateTableITest.TestSpreadReplicasEvenly.1472161943177725-27674/minicluster-data/ts-1/wals/17aec689be0047b987494787029f6e08 to recovery directory /tmp/kudutest-4519/create-table-itest.CreateTableITest.TestSpreadReplicasEvenly.1472161943177725-27674/minicluster-data/ts-1/wals/17aec689be0047b987494787029f6e08.recovery in preparation for log replay
I0825 15:49:47.996373 8219 heartbeater.cc:375] Master 127.0.0.1:57007 requested a full tablet report, sending...
W0825 15:49:47.996469 7913 log_util.cc:311] Could not read footer for segment: /tmp/kudutest-4519/create-table-itest.CreateTableITest.TestSpreadReplicasEvenly.1472161943177725-27674/minicluster-data/ts-1/wals/17aec689be0047b987494787029f6e08.recovery/wal-000000001: Not found: Footer not found. Footer magic doesn't match
I0825 15:49:47.996480 7913 log_reader.cc:152] Log segment /tmp/kudutest-4519/create-table-itest.CreateTableITest.TestSpreadReplicasEvenly.1472161943177725-27674/minicluster-data/ts-1/wals/17aec689be0047b987494787029f6e08.recovery/wal-000000001 was likely left in-progress after a previous crash. Will try to rebuild footer by scanning data.
I0825 15:49:47.996521 7913 log_util.cc:569] Scanning /tmp/kudutest-4519/create-table-itest.CreateTableITest.TestSpreadReplicasEvenly.1472161943177725-27674/minicluster-data/ts-1/wals/17aec689be0047b987494787029f6e08.recovery/wal-000000001 for valid entry headers following offset 258...
I0825 15:49:47.996548 7931 log_util.cc:606] Found no log entry headers
I0825 15:49:47.996567 7931 log_util.cc:215] Ignoring log segment corruption in /tmp/kudutest-4519/create-table-itest.CreateTableITest.TestSpreadReplicasEvenly.1472161943177725-27674/minicluster-data/ts-0/wals/f32f6e0b1f354643b6b030599a359fa6.recovery/wal-000000001 because there are no log entries following the corrupted one. The server probably crashed in the middle of writing an entry to the write-ahead log or downloaded an active log via tablet copy. Error detail: Corruption: CRC mismatch in log entry header: Log file corruption detected. Failed trying to read batch #0 at offset 284 for log segment /tmp/kudutest-4519/create-table-itest.CreateTableITest.TestSpreadReplicasEvenly.1472161943177725-27674/minicluster-data/ts-0/wals/f32f6e0b1f354643b6b030599a359fa6.recovery/wal-000000001: Prior entries: [off=232 REPLICATE (1.1)] [off=232 REPLICATE (50.2)] [off=258 COMMIT (1.1)] [off=284 COMMIT (50.2)]
I0825 15:49:47.996577 8006 tablet_bootstrap.cc:400] T 00000000000000000000000000000000 P 3b313b752ce844209ce84009c91c94df: Bootstrap replayed 1/1 log segments. Stats: ops{read=75 overwritten=0 applied=75 ignored=74} inserts{seen=0 ignored=0} mutations{seen=0 ignored=0} orphaned_commits=0. Pending: 0 replicates
I0825 15:49:47.996716 7931 log_util.cc:359] Successfully rebuilt footer for segment: /tmp/kudutest-4519/create-table-itest.CreateTableITest.TestSpreadReplicasEvenly.1472161943177725-27674/minicluster-data/ts-0/wals/f32f6e0b1f354643b6b030599a359fa6.recovery/wal-000000001 (valid entries through byte offset 284)
W0825 15:49:47.996721 8219 heartbeater.cc:455] Failed to heartbeat to 127.0.0.1:57007: Service unavailable: Catalog manager is not initialized. State: 1
I0825 15:49:47.996580 7951 log.cc:349] Log is configured to *not* fsync() on all Append() calls
I0825 15:49:47.996736 8006 tablet_bootstrap.cc:1040] T 00000000000000000000000000000000 P 3b313b752ce844209ce84009c91c94df: ReplayState: Previous OpId: 0.75, Committed OpId: 0.75, Pending Replicates: 0, Pending Commits: 0
I0825 15:49:47.996799 7931 tablet.cc:853] T f32f6e0b1f354643b6b030599a359fa6 Rewinding schema during bootstrap to Schema [ 10:key[int32 NOT NULL], 11:int_val[int32 NOT NULL], 12:string_val[string NULLABLE] ]
I0825 15:49:47.996984 8006 tablet_bootstrap.cc:656] T 00000000000000000000000000000000 P 3b313b752ce844209ce84009c91c94df: Preparing to delete log recovery files and directory /tmp/kudutest-4519/create-table-itest.CreateTableITest.TestSpreadReplicasEvenly.1472161943177725-27674/minicluster-data/master-0/wals/00000000000000000000000000000000.recovery
I0825 15:49:47.996995 8006 tablet_bootstrap.cc:659] T 00000000000000000000000000000000 P 3b313b752ce844209ce84009c91c94df: Renaming log recovery dir from /tmp/kudutest-4519/create-table-itest.CreateTableITest.TestSpreadReplicasEvenly.1472161943177725-27674/minicluster-data/master-0/wals/00000000000000000000000000000000.recovery to /tmp/kudutest-4519/create-table-itest.CreateTableITest.TestSpreadReplicasEvenly.1472161943177725-27674/minicluster-data/master-0/wals/00000000000000000000000000000000.recovery-1472165387996994
I0825 15:49:47.997030 8006 tablet_bootstrap.cc:669] T 00000000000000000000000000000000 P 3b313b752ce844209ce84009c91c94df: Deleting all files from renamed log recovery directory /tmp/kudutest-4519/create-table-itest.CreateTableITest.TestSpreadReplicasEvenly.1472161943177725-27674/minicluster-data/master-0/wals/00000000000000000000000000000000.recovery-1472165387996994
I0825 15:49:47.997156 8006 tablet_bootstrap.cc:672] T 00000000000000000000000000000000 P 3b313b752ce844209ce84009c91c94df: Completed deletion of old log recovery files and directory /tmp/kudutest-4519/create-table-itest.CreateTableITest.TestSpreadReplicasEvenly.1472161943177725-27674/minicluster-data/master-0/wals/00000000000000000000000000000000.recovery-1472165387996994
I0825 15:49:47.997160 7931 log.cc:349] Log is configured to *not* fsync() on all Append() calls
I0825 15:49:47.997167 8006 tablet_bootstrap.cc:400] T 00000000000000000000000000000000 P 3b313b752ce844209ce84009c91c94df: Bootstrap complete.
I0825 15:49:47.997699 7951 tablet_bootstrap.cc:400] T f32f6e0b1f354643b6b030599a359fa6 P 401cb2671e94452f87838515c7408bdc: Bootstrap replayed 1/1 log segments. Stats: ops{read=2 overwritten=0 applied=2 ignored=0} inserts{seen=0 ignored=0} mutations{seen=0 ignored=0} orphaned_commits=0. Pending: 0 replicates
I0825 15:49:47.997720 7951 tablet_bootstrap.cc:1040] T f32f6e0b1f354643b6b030599a359fa6 P 401cb2671e94452f87838515c7408bdc: ReplayState: Previous OpId: 50.2, Committed OpId: 50.2, Pending Replicates: 0, Pending Commits: 0
I0825 15:49:47.998000 7931 tablet_bootstrap.cc:833] T f32f6e0b1f354643b6b030599a359fa6 P d9caa1baaef84124a4a530b35945fad3: Overwriting operations starting at: 49.1 up to: 49.1 with operation: 1.1
I0825 15:49:47.998029 7951 tablet_bootstrap.cc:656] T f32f6e0b1f354643b6b030599a359fa6 P 401cb2671e94452f87838515c7408bdc: Preparing to delete log recovery files and directory /tmp/kudutest-4519/create-table-itest.CreateTableITest.TestSpreadReplicasEvenly.1472161943177725-27674/minicluster-data/ts-2/wals/f32f6e0b1f354643b6b030599a359fa6.recovery
I0825 15:49:47.998042 7951 tablet_bootstrap.cc:659] T f32f6e0b1f354643b6b030599a359fa6 P 401cb2671e94452f87838515c7408bdc: Renaming log recovery dir from /tmp/kudutest-4519/create-table-itest.CreateTableITest.TestSpreadReplicasEvenly.1472161943177725-27674/minicluster-data/ts-2/wals/f32f6e0b1f354643b6b030599a359fa6.recovery to /tmp/kudutest-4519/create-table-itest.CreateTableITest.TestSpreadReplicasEvenly.1472161943177725-27674/minicluster-data/ts-2/wals/f32f6e0b1f354643b6b030599a359fa6.recovery-1472165387998041
I0825 15:49:47.998077 7951 tablet_bootstrap.cc:669] T f32f6e0b1f354643b6b030599a359fa6 P 401cb2671e94452f87838515c7408bdc: Deleting all files from renamed log recovery directory /tmp/kudutest-4519/create-table-itest.CreateTableITest.TestSpreadReplicasEvenly.1472161943177725-27674/minicluster-data/ts-2/wals/f32f6e0b1f354643b6b030599a359fa6.recovery-1472165387998041
I0825 15:49:47.998102 7931 tablet_bootstrap.cc:400] T f32f6e0b1f354643b6b030599a359fa6 P d9caa1baaef84124a4a530b35945fad3: Bootstrap replayed 1/1 log segments. Stats: ops{read=3 overwritten=1 applied=2 ignored=0} inserts{seen=0 ignored=0} mutations{seen=0 ignored=0} orphaned_commits=0. Pending: 0 replicates
I0825 15:49:47.998121 7931 tablet_bootstrap.cc:1040] T f32f6e0b1f354643b6b030599a359fa6 P d9caa1baaef84124a4a530b35945fad3: ReplayState: Previous OpId: 50.2, Committed OpId: 50.2, Pending Replicates: 0, Pending Commits: 0
I0825 15:49:47.998208 7951 tablet_bootstrap.cc:672] T f32f6e0b1f354643b6b030599a359fa6 P 401cb2671e94452f87838515c7408bdc: Completed deletion of old log recovery files and directory /tmp/kudutest-4519/create-table-itest.CreateTableITest.TestSpreadReplicasEvenly.1472161943177725-27674/minicluster-data/ts-2/wals/f32f6e0b1f354643b6b030599a359fa6.recovery-1472165387998041
I0825 15:49:47.998221 7951 tablet_bootstrap.cc:400] T f32f6e0b1f354643b6b030599a359fa6 P 401cb2671e94452f87838515c7408bdc: Bootstrap complete.
I0825 15:49:47.998342 7931 tablet_bootstrap.cc:656] T f32f6e0b1f354643b6b030599a359fa6 P d9caa1baaef84124a4a530b35945fad3: Preparing to delete log recovery files and directory /tmp/kudutest-4519/create-table-itest.CreateTableITest.TestSpreadReplicasEvenly.1472161943177725-27674/minicluster-data/ts-0/wals/f32f6e0b1f354643b6b030599a359fa6.recovery
I0825 15:49:47.998365 7931 tablet_bootstrap.cc:659] T f32f6e0b1f354643b6b030599a359fa6 P d9caa1baaef84124a4a530b35945fad3: Renaming log recovery dir from /tmp/kudutest-4519/create-table-itest.CreateTableITest.TestSpreadReplicasEvenly.1472161943177725-27674/minicluster-data/ts-0/wals/f32f6e0b1f354643b6b030599a359fa6.recovery to /tmp/kudutest-4519/create-table-itest.CreateTableITest.TestSpreadReplicasEvenly.1472161943177725-27674/minicluster-data/ts-0/wals/f32f6e0b1f354643b6b030599a359fa6.recovery-1472165387998353
I0825 15:49:47.998386 7931 tablet_bootstrap.cc:669] T f32f6e0b1f354643b6b030599a359fa6 P d9caa1baaef84124a4a530b35945fad3: Deleting all files from renamed log recovery directory /tmp/kudutest-4519/create-table-itest.CreateTableITest.TestSpreadReplicasEvenly.1472161943177725-27674/minicluster-data/ts-0/wals/f32f6e0b1f354643b6b030599a359fa6.recovery-1472165387998353
I0825 15:49:47.998492 7931 tablet_bootstrap.cc:672] T f32f6e0b1f354643b6b030599a359fa6 P d9caa1baaef84124a4a530b35945fad3: Completed deletion of old log recovery files and directory /tmp/kudutest-4519/create-table-itest.CreateTableITest.TestSpreadReplicasEvenly.1472161943177725-27674/minicluster-data/ts-0/wals/f32f6e0b1f354643b6b030599a359fa6.recovery-1472165387998353
I0825 15:49:47.998503 7931 tablet_bootstrap.cc:400] T f32f6e0b1f354643b6b030599a359fa6 P d9caa1baaef84124a4a530b35945fad3: Bootstrap complete.
I0825 15:49:48.004494 8006 raft_consensus.cc:275] T 00000000000000000000000000000000 P 3b313b752ce844209ce84009c91c94df [term 1 FOLLOWER]: Replica starting. Triggering 0 pending transactions. Active config: opid_index: -1 OBSOLETE_local: true peers { permanent_uuid: "3b313b752ce844209ce84009c91c94df" member_type: VOTER }
I0825 15:49:48.004539 8006 raft_consensus.cc:503] T 00000000000000000000000000000000 P 3b313b752ce844209ce84009c91c94df [term 1 FOLLOWER]: Becoming Follower/Learner. State: Replica: 3b313b752ce844209ce84009c91c94df, State: 1, Role: FOLLOWER Watermarks: {Received: term: 0 index: 75 Committed: term: 0 index: 75}
I0825 15:49:48.004559 8006 consensus_queue.cc:162] T 00000000000000000000000000000000 P 3b313b752ce844209ce84009c91c94df [NON_LEADER]: Queue going to NON_LEADER mode. State: All replicated op: 0.0, Majority replicated op: 0.0, Committed index: 0.0, Last appended: 0.75, Current term: 0, Majority size: -1, State: 1, Mode: NON_LEADER
I0825 15:49:48.004570 8006 raft_consensus.cc:320] T 00000000000000000000000000000000 P 3b313b752ce844209ce84009c91c94df [term 1 FOLLOWER]: Only one voter in the Raft config. Triggering election immediately
I0825 15:49:48.004575 8006 raft_consensus.cc:376] T 00000000000000000000000000000000 P 3b313b752ce844209ce84009c91c94df [term 1 FOLLOWER]: No leader contacted us within the election timeout. Triggering leader election
I0825 15:49:48.004581 8006 raft_consensus.cc:2022] T 00000000000000000000000000000000 P 3b313b752ce844209ce84009c91c94df [term 1 FOLLOWER]: Advancing to term 2
I0825 15:49:48.004766 8006 raft_consensus.cc:1973] T 00000000000000000000000000000000 P 3b313b752ce844209ce84009c91c94df [term 2 FOLLOWER]: Snoozing failure detection for election timeout plus an additional 1.682s
I0825 15:49:48.004791 8006 raft_consensus.cc:392] T 00000000000000000000000000000000 P 3b313b752ce844209ce84009c91c94df [term 2 FOLLOWER]: Starting election with config: opid_index: -1 OBSOLETE_local: true peers { permanent_uuid: "3b313b752ce844209ce84009c91c94df" member_type: VOTER }
I0825 15:49:48.004947 8006 leader_election.cc:248] T 00000000000000000000000000000000 P 3b313b752ce844209ce84009c91c94df [CANDIDATE]: Term 2 election: Election decided. Result: candidate won.
I0825 15:49:48.005177 8286 raft_consensus.cc:1973] T 00000000000000000000000000000000 P 3b313b752ce844209ce84009c91c94df [term 2 FOLLOWER]: Snoozing failure detection for election timeout plus an additional 1.805s
I0825 15:49:48.005213 8286 raft_consensus.cc:1863] T 00000000000000000000000000000000 P 3b313b752ce844209ce84009c91c94df [term 2 FOLLOWER]: Leader election won for term 2
I0825 15:49:48.005460 8286 raft_consensus.cc:468] T 00000000000000000000000000000000 P 3b313b752ce844209ce84009c91c94df [term 2 LEADER]: Becoming Leader. State: Replica: 3b313b752ce844209ce84009c91c94df, State: 1, Role: LEADER Watermarks: {Received: term: 0 index: 75 Committed: term: 0 index: 75}
I0825 15:49:48.005516 8286 consensus_queue.cc:145] T 00000000000000000000000000000000 P 3b313b752ce844209ce84009c91c94df [LEADER]: Queue going to LEADER mode. State: All replicated op: 0.0, Majority replicated op: 0.75, Committed index: 0.75, Last appended: 0.75, Current term: 2, Majority size: 1, State: 1, Mode: LEADER, active raft config: opid_index: -1 OBSOLETE_local: true peers { permanent_uuid: "3b313b752ce844209ce84009c91c94df" member_type: VOTER }
I0825 15:49:48.005674 8006 sys_catalog.cc:255] T 00000000000000000000000000000000 P 3b313b752ce844209ce84009c91c94df [sys.catalog]: SysCatalogTable state changed. Reason: Started TabletPeer. Latest consensus state: current_term: 2 leader_uuid: "3b313b752ce844209ce84009c91c94df" config { opid_index: -1 OBSOLETE_local: true peers { permanent_uuid: "3b313b752ce844209ce84009c91c94df" member_type: VOTER } }
I0825 15:49:48.005687 8006 sys_catalog.cc:258] T 00000000000000000000000000000000 P 3b313b752ce844209ce84009c91c94df [sys.catalog]: This master's current role is: LEADER
I0825 15:49:48.005697 8287 sys_catalog.cc:255] T 00000000000000000000000000000000 P 3b313b752ce844209ce84009c91c94df [sys.catalog]: SysCatalogTable state changed. Reason: RaftConsensus started. Latest consensus state: current_term: 2 leader_uuid: "3b313b752ce844209ce84009c91c94df" config { opid_index: -1 OBSOLETE_local: true peers { permanent_uuid: "3b313b752ce844209ce84009c91c94df" member_type: VOTER } }
I0825 15:49:48.005705 8288 sys_catalog.cc:255] T 00000000000000000000000000000000 P 3b313b752ce844209ce84009c91c94df [sys.catalog]: SysCatalogTable state changed. Reason: New leader 3b313b752ce844209ce84009c91c94df. Latest consensus state: current_term: 2 leader_uuid: "3b313b752ce844209ce84009c91c94df" config { opid_index: -1 OBSOLETE_local: true peers { permanent_uuid: "3b313b752ce844209ce84009c91c94df" member_type: VOTER } }
I0825 15:49:48.005733 8287 sys_catalog.cc:258] T 00000000000000000000000000000000 P 3b313b752ce844209ce84009c91c94df [sys.catalog]: This master's current role is: LEADER
I0825 15:49:48.005755 8288 sys_catalog.cc:258] T 00000000000000000000000000000000 P 3b313b752ce844209ce84009c91c94df [sys.catalog]: This master's current role is: LEADER
I0825 15:49:48.006042 8290 raft_consensus_state.cc:536] T 00000000000000000000000000000000 P 3b313b752ce844209ce84009c91c94df [term 2 LEADER]: Advanced the committed_index across terms. Last committed operation was: term: 0 index: 75 New committed index is: term: 2 index: 76
I0825 15:49:48.006067 8006 sys_catalog.cc:333] T 00000000000000000000000000000000 P 3b313b752ce844209ce84009c91c94df [sys.catalog]: configured and running, proceeding with master startup.
I0825 15:49:48.006078 8289 catalog_manager.cc:660] Loading table and tablet metadata into memory...
W0825 15:49:48.006153 8291 catalog_manager.cc:365] Catalog manager background task thread going to sleep: Service unavailable: Catalog manager is not initialized. State: 1
I0825 15:49:48.006186 7860 master_main.cc:64] Master server successfully started.
I0825 15:49:48.007199 8289 catalog_manager.cc:227] Loaded metadata for table test-table [id=162312d1479340109aec6ff77ce314f1]
I0825 15:49:48.007673 8289 catalog_manager.cc:277] Loaded metadata for tablet 17aec689be0047b987494787029f6e08 (table test-table [id=162312d1479340109aec6ff77ce314f1])
I0825 15:49:48.007782 8289 catalog_manager.cc:277] Loaded metadata for tablet 1f7a6bd64c604f7fada909bd575708cd (table test-table [id=162312d1479340109aec6ff77ce314f1])
I0825 15:49:48.007870 8289 catalog_manager.cc:277] Loaded metadata for tablet f32f6e0b1f354643b6b030599a359fa6 (table test-table [id=162312d1479340109aec6ff77ce314f1])
I0825 15:49:48.008683 7951 ts_tablet_manager.cc:635] T f32f6e0b1f354643b6b030599a359fa6 P 401cb2671e94452f87838515c7408bdc: Time spent bootstrapping tablet: real 0.073s user 0.023s sys 0.048s
I0825 15:49:48.009021 7931 ts_tablet_manager.cc:635] T f32f6e0b1f354643b6b030599a359fa6 P d9caa1baaef84124a4a530b35945fad3: Time spent bootstrapping tablet: real 0.074s user 0.023s sys 0.050s
I0825 15:49:48.009287 7951 raft_consensus.cc:275] T f32f6e0b1f354643b6b030599a359fa6 P 401cb2671e94452f87838515c7408bdc [term 50 FOLLOWER]: Replica starting. Triggering 0 pending transactions. Active config: opid_index: -1 OBSOLETE_local: false peers { permanent_uuid: "d9caa1baaef84124a4a530b35945fad3" member_type: VOTER last_known_addr { host: "127.108.26.0" port: 37291 } } peers { permanent_uuid: "92f34d06b19146db82cf42701d2363c5" member_type: VOTER last_known_addr { host: "127.108.26.1" port: 33958 } } peers { permanent_uuid: "401cb2671e94452f87838515c7408bdc" member_type: VOTER last_known_addr { host: "127.108.26.2" port: 35954 } }
I0825 15:49:48.009333 7951 raft_consensus.cc:503] T f32f6e0b1f354643b6b030599a359fa6 P 401cb2671e94452f87838515c7408bdc [term 50 FOLLOWER]: Becoming Follower/Learner. State: Replica: 401cb2671e94452f87838515c7408bdc, State: 1, Role: FOLLOWER Watermarks: {Received: term: 50 index: 2 Committed: term: 50 index: 2}
